2025-11-22 02:03:12.337 67580 INFO tempest.lib.common.rest_client [req-5d98e996-a5e5-4b35-82d4-260a67e53019 req-5d98e996-a5e5-4b35-82d4-260a67e53019 ] Request (SecurityGroupRulesTestJSON:test_security_group_rules_list): 200 POST http://10.180.1.21/compute/v2.1/os-security-group-rules 3.320s
2025-11-22 02:03:12.373 67588 INFO tempest.lib.common.rest_client [req-3aac14ba-6fbe-4eff-8b20-88d2fbf98128 req-3aac14ba-6fbe-4eff-8b20-88d2fbf98128 ] Request (ImagesMetadataNegativeTestJSON:test_update_nonexistent_image_metadata): 404 POST http://10.180.1.21/compute/v2.1/images/82e9bc34-73db-45ee-9221-7ff93f5e54a2/metadata 3.216s
2025-11-22 02:03:12.409 67574 INFO tempest.lib.common.rest_client [req-f86a40c1-c595-4bc4-9e69-df617e27f88a req-f86a40c1-c595-4bc4-9e69-df617e27f88a ] Request (QuotasAdminTestV257:test_get_updated_quotas): 201 POST http://10.180.1.21/identity/v3/users 0.137s
2025-11-22 02:03:12.488 67579 INFO tempest.lib.common.rest_client [req-c3848e79-85db-4de7-8d77-08fb01033042 req-c3848e79-85db-4de7-8d77-08fb01033042 ] Request (FloatingIPsNegativeTestJSON:tearDownClass): 204 DELETE http://10.180.1.21/networking/v2.0/security-groups/0cb8681c-d0d1-44a1-8330-50158e571e55 0.296s
2025-11-22 02:03:12.493 67592 INFO tempest.lib.common.rest_client [req-c0f399af-d8b7-46fe-8569-17e7850390be req-c0f399af-d8b7-46fe-8569-17e7850390be ] Request (FlavorsExtraSpecsTestJSON:setUpClass): 201 POST http://10.180.1.21/identity/v3/users 0.190s
2025-11-22 02:03:12.506 67542 INFO tempest.lib.common.rest_client [req-4cfae9fc-3d5e-4cfa-b7a8-4fee5a566a37 req-4cfae9fc-3d5e-4cfa-b7a8-4fee5a566a37 ] Request (ServersAdmin275Test:setUpClass): 201 POST http://10.180.1.21/identity/v3/auth/tokens 0.187s
2025-11-22 02:03:12.536 67574 INFO tempest.lib.common.rest_client [req-c85c0ffc-b342-4c28-a516-fae06048eb80 req-c85c0ffc-b342-4c28-a516-fae06048eb80 ] Request (QuotasAdminTestV257:test_get_updated_quotas): 200 GET http://10.180.1.21/identity/v3/domains?name=Default 0.126s
2025-11-22 02:03:12.569 67588 INFO tempest.lib.common.rest_client [req-be4ecc73-bf25-4cd6-8a04-c7b2387094fa req-be4ecc73-bf25-4cd6-8a04-c7b2387094fa ] Request (ImagesMetadataNegativeTestJSON:tearDownClass): 204 DELETE http://10.180.1.21/identity/v3/users/9cf4a8995dad482d966e78e9cfa57ed1 0.194s
2025-11-22 02:03:12.570 67588 INFO tempest.lib.common.dynamic_creds [-] Deleting project and security group for project: eda7497a7c104137a9a5a71ba7f53bb1
2025-11-22 02:03:12.633 67579 INFO tempest.lib.common.rest_client [req-cdd5cced-5838-45ec-9132-40033ca94236 req-cdd5cced-5838-45ec-9132-40033ca94236 ] Request (FloatingIPsNegativeTestJSON:tearDownClass): 204 DELETE http://10.180.1.21/identity/v3/projects/ab107ec9f0f54443b2ad774f5b7d85a5 0.144s
2025-11-22 02:03:12.657 67592 INFO tempest.lib.common.rest_client [req-020da829-3b71-42d4-84db-6c7014106f9d req-020da829-3b71-42d4-84db-6c7014106f9d ] Request (FlavorsExtraSpecsTestJSON:setUpClass): 200 GET http://10.180.1.21/identity/v3/roles 0.163s
2025-11-22 02:03:12.657 67542 INFO tempest.lib.common.rest_client [req-57880141-bdf4-440c-bdcf-32139b10d6c4 req-57880141-bdf4-440c-bdcf-32139b10d6c4 ] Request (ServersAdmin275Test:setUpClass): 201 POST http://10.180.1.21/identity/v3/auth/tokens 0.147s
2025-11-22 02:03:12.682 67579 INFO tempest.lib.common.rest_client [req-d7282837-1375-4e23-9b25-40854ac7f2e0 req-d7282837-1375-4e23-9b25-40854ac7f2e0 ] Request (ListImagesTestJSON:setUpClass): 201 POST http://10.180.1.21/identity/v3/auth/tokens 0.047s
2025-11-22 02:03:12.682 67562 INFO tempest.lib.common.rest_client [req-61f3f80e-a028-4343-935a-d8ff7d3ae7d7 req-61f3f80e-a028-4343-935a-d8ff7d3ae7d7 ] Request (AttachInterfacesV270Test:tearDownClass): 200 GET http://10.180.1.21/compute/v2.1/servers/25c3597f-fb3a-41b3-91d8-922fc62439ea 3.358s
2025-11-22 02:03:12.682 67588 INFO tempest.lib.common.rest_client [req-2eb1b016-036d-439a-8e92-c8fac07619f0 req-2eb1b016-036d-439a-8e92-c8fac07619f0 ] Request (ImagesMetadataNegativeTestJSON:tearDownClass): 201 POST http://10.180.1.21/identity/v3/auth/tokens 0.112s
2025-11-22 02:03:12.710 67542 INFO tempest.lib.common.rest_client [req-7ea1d3b4-c812-499c-a697-7031df8c3ec8 req-7ea1d3b4-c812-499c-a697-7031df8c3ec8 ] Request (ServersAdmin275Test:setUpClass): 200 GET http://10.180.1.21/identity/v3/domains?name=Default 0.052s
2025-11-22 02:03:12.715 67592 INFO tempest.lib.common.rest_client [req-fb638c28-012e-4f62-a6a1-47960b685a94 req-fb638c28-012e-4f62-a6a1-47960b685a94 ] Request (FlavorsExtraSpecsTestJSON:setUpClass): 204 PUT http://10.180.1.21/identity/v3/projects/f99503c933a54207b3143aacc4d6a68f/users/70d5907f942c40c3b407210c4790185e/roles/7bb35df508054b3eabc2f62faf98aa90 0.057s
2025-11-22 02:03:12.745 67554 INFO tempest.lib.common.rest_client [req-39bc947d-372c-4e28-9619-7f19d97e6d6d req-39bc947d-372c-4e28-9619-7f19d97e6d6d ] Request (ListImageFiltersTestJSON:setUpClass): 200 GET http://10.180.1.21/compute/v2.1/servers/e2d1dd6e-39e5-44a7-b280-82845b436243 3.619s
2025-11-22 02:03:12.767 67579 INFO tempest.lib.common.rest_client [req-903b4044-48a4-4e2f-9e5e-e293a0422fa8 req-903b4044-48a4-4e2f-9e5e-e293a0422fa8 ] Request (ListImagesTestJSON:setUpClass): 201 POST http://10.180.1.21/identity/v3/auth/tokens 0.083s
2025-11-22 02:03:12.769 67542 INFO tempest.lib.common.rest_client [req-f821d37f-f8c6-4fc7-9475-4b310ff16f3e req-f821d37f-f8c6-4fc7-9475-4b310ff16f3e ] Request (ServersAdmin275Test:setUpClass): 201 POST http://10.180.1.21/identity/v3/projects 0.059s
2025-11-22 02:03:12.811 67592 INFO tempest.lib.common.rest_client [req-43ab04fc-2109-4a0a-b149-88972a4b7bf4 req-43ab04fc-2109-4a0a-b149-88972a4b7bf4 ] Request (FlavorsExtraSpecsTestJSON:setUpClass): 200 GET http://10.180.1.21/identity/v3/roles 0.095s
2025-11-22 02:03:12.820 67579 INFO tempest.lib.common.rest_client [req-fd495eba-659c-4a67-9aef-5b3aec96dff4 req-fd495eba-659c-4a67-9aef-5b3aec96dff4 ] Request (ListImagesTestJSON:setUpClass): 200 GET http://10.180.1.21/identity/v3/domains?name=Default 0.052s
2025-11-22 02:03:12.835 67592 INFO tempest.lib.common.rest_client [req-657c36cb-4a1f-4e9f-90f2-17db29536624 req-657c36cb-4a1f-4e9f-90f2-17db29536624 ] Request (FlavorsExtraSpecsTestJSON:setUpClass): 204 PUT http://10.180.1.21/identity/v3/projects/f99503c933a54207b3143aacc4d6a68f/users/70d5907f942c40c3b407210c4790185e/roles/7bb35df508054b3eabc2f62faf98aa90 0.024s
2025-11-22 02:03:12.835 67592 INFO tempest.lib.common.dynamic_creds [-] Dynamic test user 70d5907f942c40c3b407210c4790185e is created with scope project and roles: ['admin']
2025-11-22 02:03:12.836 67592 INFO tempest.lib.common.dynamic_creds [-] Acquired dynamic creds: credentials: Credentials: {'domain_id': 'default', 'domain_name': 'Default', 'username': 'tempest-FlavorsExtraSpecsTestJSON-1366628051-project-admin', 'project_domain_id': 'default', 'project_domain_name': 'Default', 'project_id': 'f99503c933a54207b3143aacc4d6a68f', 'project_name': 'tempest-FlavorsExtraSpecsTestJSON-1366628051', 'tenant_id': 'f99503c933a54207b3143aacc4d6a68f', 'tenant_name': 'tempest-FlavorsExtraSpecsTestJSON-1366628051', 'user_domain_id': 'default', 'user_domain_name': 'Default', 'user_id': '70d5907f942c40c3b407210c4790185e', 'system': None}, Network: None, Subnet: None, Router: None
2025-11-22 02:03:12.836 67592 INFO tempest.lib.common.dynamic_creds [-] Created isolated network resources for: credentials: Credentials: {'domain_id': 'default', 'domain_name': 'Default', 'username': 'tempest-FlavorsExtraSpecsTestJSON-1366628051-project-admin', 'project_domain_id': 'default', 'project_domain_name': 'Default', 'project_id': 'f99503c933a54207b3143aacc4d6a68f', 'project_name': 'tempest-FlavorsExtraSpecsTestJSON-1366628051', 'tenant_id': 'f99503c933a54207b3143aacc4d6a68f', 'tenant_name': 'tempest-FlavorsExtraSpecsTestJSON-1366628051', 'user_domain_id': 'default', 'user_domain_name': 'Default', 'user_id': '70d5907f942c40c3b407210c4790185e', 'system': None}, Network: None, Subnet: None, Router: None
2025-11-22 02:03:12.838 67542 INFO tempest.lib.common.rest_client [req-9b4422bc-0ff6-42fe-93f5-050e63e9b6cf req-9b4422bc-0ff6-42fe-93f5-050e63e9b6cf ] Request (ServersAdmin275Test:setUpClass): 201 POST http://10.180.1.21/identity/v3/users 0.068s
2025-11-22 02:03:12.910 67579 INFO tempest.lib.common.rest_client [req-3aee4338-7058-44ba-9c71-1f7b15aa2ed3 req-3aee4338-7058-44ba-9c71-1f7b15aa2ed3 ] Request (ListImagesTestJSON:setUpClass): 201 POST http://10.180.1.21/identity/v3/projects 0.090s
2025-11-22 02:03:12.933 67592 INFO tempest.lib.common.rest_client [req-394b5bf4-37c5-420d-92e1-2b376cce4c3e req-394b5bf4-37c5-420d-92e1-2b376cce4c3e ] Request (FlavorsExtraSpecsTestJSON:setUpClass): 201 POST http://10.180.1.21/identity/v3/auth/tokens 0.095s
2025-11-22 02:03:12.969 67542 INFO tempest.lib.common.rest_client [req-a8121dbd-71fc-4e5d-bd39-caead4a50269 req-a8121dbd-71fc-4e5d-bd39-caead4a50269 ] Request (ServersAdmin275Test:setUpClass): 200 GET http://10.180.1.21/identity/v3/roles 0.130s
2025-11-22 02:03:13.000 67579 INFO tempest.lib.common.rest_client [req-13b754f3-13e2-45ae-a031-0f8b948e84f9 req-13b754f3-13e2-45ae-a031-0f8b948e84f9 ] Request (ListImagesTestJSON:setUpClass): 201 POST http://10.180.1.21/identity/v3/users 0.089s
2025-11-22 02:03:13.029 67542 INFO tempest.lib.common.rest_client [req-6764dce3-004d-43fa-8b9c-0a357221ef50 req-6764dce3-004d-43fa-8b9c-0a357221ef50 ] Request (ServersAdmin275Test:setUpClass): 204 PUT http://10.180.1.21/identity/v3/projects/71e1fb2124f745fe9cc55e6dd1e5d7ef/users/2d70b2ac7690431cb20e5e75765ed495/roles/107f7f4324ee4d2592292187c983cd98 0.059s
2025-11-22 02:03:13.029 67542 INFO tempest.lib.common.dynamic_creds [-] Dynamic test user 2d70b2ac7690431cb20e5e75765ed495 is created with scope project and roles: ['member']
2025-11-22 02:03:13.030 67542 INFO tempest.lib.common.dynamic_creds [-] Acquired dynamic creds: credentials: Credentials: {'domain_id': 'default', 'domain_name': 'Default', 'username': 'tempest-ServersAdmin275Test-57829446-project-member', 'project_domain_id': 'default', 'project_domain_name': 'Default', 'project_id': '71e1fb2124f745fe9cc55e6dd1e5d7ef', 'project_name': 'tempest-ServersAdmin275Test-57829446', 'tenant_id': '71e1fb2124f745fe9cc55e6dd1e5d7ef', 'tenant_name': 'tempest-ServersAdmin275Test-57829446', 'user_domain_id': 'default', 'user_domain_name': 'Default', 'user_id': '2d70b2ac7690431cb20e5e75765ed495', 'system': None}, Network: None, Subnet: None, Router: None
2025-11-22 02:03:13.030 67542 INFO tempest.lib.common.dynamic_creds [-] Created isolated network resources for: credentials: Credentials: {'domain_id': 'default', 'domain_name': 'Default', 'username': 'tempest-ServersAdmin275Test-57829446-project-member', 'project_domain_id': 'default', 'project_domain_name': 'Default', 'project_id': '71e1fb2124f745fe9cc55e6dd1e5d7ef', 'project_name': 'tempest-ServersAdmin275Test-57829446', 'tenant_id': '71e1fb2124f745fe9cc55e6dd1e5d7ef', 'tenant_name': 'tempest-ServersAdmin275Test-57829446', 'user_domain_id': 'default', 'user_domain_name': 'Default', 'user_id': '2d70b2ac7690431cb20e5e75765ed495', 'system': None}, Network: None, Subnet: None, Router: None
2025-11-22 02:03:13.086 67579 INFO tempest.lib.common.rest_client [req-04743388-abe0-4965-896f-eb2df86a2a8b req-04743388-abe0-4965-896f-eb2df86a2a8b ] Request (ListImagesTestJSON:setUpClass): 200 GET http://10.180.1.21/identity/v3/roles 0.086s
2025-11-22 02:03:13.116 67579 INFO tempest.lib.common.rest_client [req-2c51441e-6fcf-4da8-b10b-8b998dce2ec1 req-2c51441e-6fcf-4da8-b10b-8b998dce2ec1 ] Request (ListImagesTestJSON:setUpClass): 204 PUT http://10.180.1.21/identity/v3/projects/3f1b6355221e40ab8f86bf5eedec2cf5/users/a8e729384de94853a698e6f41e7cb26d/roles/107f7f4324ee4d2592292187c983cd98 0.029s
2025-11-22 02:03:13.116 67579 INFO tempest.lib.common.dynamic_creds [-] Dynamic test user a8e729384de94853a698e6f41e7cb26d is created with scope project and roles: ['member']
2025-11-22 02:03:13.117 67579 INFO tempest.lib.common.dynamic_creds [-] Acquired dynamic creds: credentials: Credentials: {'domain_id': 'default', 'domain_name': 'Default', 'username': 'tempest-ListImagesTestJSON-971428541-project-member', 'project_domain_id': 'default', 'project_domain_name': 'Default', 'project_id': '3f1b6355221e40ab8f86bf5eedec2cf5', 'project_name': 'tempest-ListImagesTestJSON-971428541', 'tenant_id': '3f1b6355221e40ab8f86bf5eedec2cf5', 'tenant_name': 'tempest-ListImagesTestJSON-971428541', 'user_domain_id': 'default', 'user_domain_name': 'Default', 'user_id': 'a8e729384de94853a698e6f41e7cb26d', 'system': None}, Network: None, Subnet: None, Router: None
2025-11-22 02:03:13.117 67579 INFO tempest.lib.common.dynamic_creds [-] Created isolated network resources for: credentials: Credentials: {'domain_id': 'default', 'domain_name': 'Default', 'username': 'tempest-ListImagesTestJSON-971428541-project-member', 'project_domain_id': 'default', 'project_domain_name': 'Default', 'project_id': '3f1b6355221e40ab8f86bf5eedec2cf5', 'project_name': 'tempest-ListImagesTestJSON-971428541', 'tenant_id': '3f1b6355221e40ab8f86bf5eedec2cf5', 'tenant_name': 'tempest-ListImagesTestJSON-971428541', 'user_domain_id': 'default', 'user_domain_name': 'Default', 'user_id': 'a8e729384de94853a698e6f41e7cb26d', 'system': None}, Network: None, Subnet: None, Router: None
2025-11-22 02:03:13.143 67588 INFO tempest.lib.common.rest_client [req-37c6c403-5554-4da0-b8c1-259b6367de2f req-37c6c403-5554-4da0-b8c1-259b6367de2f ] Request (ImagesMetadataNegativeTestJSON:tearDownClass): 200 GET http://10.180.1.21/networking/v2.0/security-groups?tenant_id=eda7497a7c104137a9a5a71ba7f53bb1&name=default 0.460s
2025-11-22 02:03:13.145 67542 INFO tempest.lib.common.rest_client [req-c605bbfa-2b3a-4941-a5d3-029a2171c1a0 req-c605bbfa-2b3a-4941-a5d3-029a2171c1a0 ] Request (ServersAdmin275Test:setUpClass): 201 POST http://10.180.1.21/identity/v3/auth/tokens 0.110s
2025-11-22 02:03:13.167 67536 INFO tempest.lib.common.rest_client [req-991d3d24-f783-479c-9657-73eff4e9e317 req-991d3d24-f783-479c-9657-73eff4e9e317 ] Request (DeleteServersTestJSON:test_delete_active_server): 200 GET http://10.180.1.21/compute/v2.1/servers/04ac224a-15f5-4bf8-9ecb-f8f94ad0b99d 3.762s
2025-11-22 02:03:13.179 67536 INFO tempest.common.waiters [-] State transition "BUILD/scheduling" ==> "BUILD/None" after 5 second wait
2025-11-22 02:03:13.188 67532 INFO tempest.lib.common.rest_client [req-dd3366ec-5cc4-4d0e-b922-db88dda447ae req-dd3366ec-5cc4-4d0e-b922-db88dda447ae ] Request (FlavorsAccessNegativeTestJSON:test_flavor_non_admin_remove): 200 POST http://10.180.1.21/compute/v2.1/flavors 3.563s
2025-11-22 02:03:13.198 67579 INFO tempest.lib.common.rest_client [req-fe0310c4-e363-41b7-b5be-93d4fbd4a191 req-fe0310c4-e363-41b7-b5be-93d4fbd4a191 ] Request (ListImagesTestJSON:setUpClass): 201 POST http://10.180.1.21/identity/v3/auth/tokens 0.074s
2025-11-22 02:03:13.207 67542 INFO tempest.lib.common.rest_client [req-35714841-2954-48fc-b17d-1ad4333a9f4f req-35714841-2954-48fc-b17d-1ad4333a9f4f ] Request (ServersAdmin275Test:setUpClass): 201 POST http://10.180.1.21/identity/v3/projects 0.061s
2025-11-22 02:03:13.269 67542 INFO tempest.lib.common.rest_client [req-e54b5298-3fa7-47d9-84e1-32d21556fd2f req-e54b5298-3fa7-47d9-84e1-32d21556fd2f ] Request (ServersAdmin275Test:setUpClass): 201 POST http://10.180.1.21/identity/v3/users 0.062s
2025-11-22 02:03:13.292 67542 INFO tempest.lib.common.rest_client [req-6236ac64-15e4-4a64-b752-9f3d36682ad7 req-6236ac64-15e4-4a64-b752-9f3d36682ad7 ] Request (ServersAdmin275Test:setUpClass): 200 GET http://10.180.1.21/identity/v3/roles 0.023s
2025-11-22 02:03:13.327 67542 INFO tempest.lib.common.rest_client [req-8f06ad54-f18c-4b99-8dd9-31e35e9dfa6f req-8f06ad54-f18c-4b99-8dd9-31e35e9dfa6f ] Request (ServersAdmin275Test:setUpClass): 204 PUT http://10.180.1.21/identity/v3/projects/906d128a3633420bb7cd63eff7bc57f9/users/6beb6577f4a341aebb8ca016d289b341/roles/7bb35df508054b3eabc2f62faf98aa90 0.034s
2025-11-22 02:03:13.335 67588 INFO tempest.lib.common.rest_client [req-f83f95b2-3899-4de3-946c-ab0481c62ecf req-f83f95b2-3899-4de3-946c-ab0481c62ecf ] Request (ImagesMetadataNegativeTestJSON:tearDownClass): 204 DELETE http://10.180.1.21/networking/v2.0/security-groups/1c5c23e5-7fc8-4072-9613-c6c2514a5361 0.191s
2025-11-22 02:03:13.373 67546 INFO tempest.lib.common.rest_client [req-ff23207d-fbe5-4350-8e92-aa41159bfebb req-ff23207d-fbe5-4350-8e92-aa41159bfebb ] Request (MigrationsAdminTest:test_list_migrations_in_flavor_resize_situation): 200 GET http://10.180.1.21/compute/v2.1/servers/f1c91bbd-e2cc-43cc-8de0-2d8ec2624b29 3.823s
2025-11-22 02:03:13.392 67576 INFO tempest.lib.common.rest_client [req-4de1d269-ce08-496c-a7dd-d079965023d9 req-4de1d269-ce08-496c-a7dd-d079965023d9 ] Request (InstanceActionsV221TestJSON:test_get_list_deleted_instance_actions): 200 GET http://10.180.1.21/compute/v2.1/servers/312f616d-fcb8-46db-bad9-28dd1d22d2a7 3.719s
2025-11-22 02:03:13.399 67542 INFO tempest.lib.common.rest_client [req-f6008fd4-52b1-4735-afb1-7570c052c650 req-f6008fd4-52b1-4735-afb1-7570c052c650 ] Request (ServersAdmin275Test:setUpClass): 200 GET http://10.180.1.21/identity/v3/roles 0.071s
2025-11-22 02:03:13.421 67542 INFO tempest.lib.common.rest_client [req-85ddf45e-b987-4ca2-b41f-8438dc0a97d8 req-85ddf45e-b987-4ca2-b41f-8438dc0a97d8 ] Request (ServersAdmin275Test:setUpClass): 204 PUT http://10.180.1.21/identity/v3/projects/906d128a3633420bb7cd63eff7bc57f9/users/6beb6577f4a341aebb8ca016d289b341/roles/7bb35df508054b3eabc2f62faf98aa90 0.021s
2025-11-22 02:03:13.421 67542 INFO tempest.lib.common.dynamic_creds [-] Dynamic test user 6beb6577f4a341aebb8ca016d289b341 is created with scope project and roles: ['admin']
2025-11-22 02:03:13.421 67542 INFO tempest.lib.common.dynamic_creds [-] Acquired dynamic creds: credentials: Credentials: {'domain_id': 'default', 'domain_name': 'Default', 'username': 'tempest-ServersAdmin275Test-117748243-project-admin', 'project_domain_id': 'default', 'project_domain_name': 'Default', 'project_id': '906d128a3633420bb7cd63eff7bc57f9', 'project_name': 'tempest-ServersAdmin275Test-117748243', 'tenant_id': '906d128a3633420bb7cd63eff7bc57f9', 'tenant_name': 'tempest-ServersAdmin275Test-117748243', 'user_domain_id': 'default', 'user_domain_name': 'Default', 'user_id': '6beb6577f4a341aebb8ca016d289b341', 'system': None}, Network: None, Subnet: None, Router: None
2025-11-22 02:03:13.421 67542 INFO tempest.lib.common.dynamic_creds [-] Created isolated network resources for: credentials: Credentials: {'domain_id': 'default', 'domain_name': 'Default', 'username': 'tempest-ServersAdmin275Test-117748243-project-admin', 'project_domain_id': 'default', 'project_domain_name': 'Default', 'project_id': '906d128a3633420bb7cd63eff7bc57f9', 'project_name': 'tempest-ServersAdmin275Test-117748243', 'tenant_id': '906d128a3633420bb7cd63eff7bc57f9', 'tenant_name': 'tempest-ServersAdmin275Test-117748243', 'user_domain_id': 'default', 'user_domain_name': 'Default', 'user_id': '6beb6577f4a341aebb8ca016d289b341', 'system': None}, Network: None, Subnet: None, Router: None
2025-11-22 02:03:13.462 67588 INFO tempest.lib.common.rest_client [req-fda0e541-1332-4811-ab47-070968d60e86 req-fda0e541-1332-4811-ab47-070968d60e86 ] Request (ImagesMetadataNegativeTestJSON:tearDownClass): 204 DELETE http://10.180.1.21/identity/v3/projects/eda7497a7c104137a9a5a71ba7f53bb1 0.127s
2025-11-22 02:03:13.517 67542 INFO tempest.lib.common.rest_client [req-d5512b65-6e0b-4d87-b1d5-fbdb2e0b2262 req-d5512b65-6e0b-4d87-b1d5-fbdb2e0b2262 ] Request (ServersAdmin275Test:setUpClass): 201 POST http://10.180.1.21/identity/v3/auth/tokens 0.093s
2025-11-22 02:03:13.524 67588 INFO tempest.lib.common.rest_client [req-437f3de8-d0f3-4b1b-9b26-fd4c0d111c7f req-437f3de8-d0f3-4b1b-9b26-fd4c0d111c7f ] Request (ListImageFiltersNegativeTestJSON:setUpClass): 201 POST http://10.180.1.21/identity/v3/auth/tokens 0.060s
2025-11-22 02:03:13.550 67534 INFO tempest.lib.common.rest_client [req-e2c8738a-c776-410b-b646-4ff5340b746f req-e2c8738a-c776-410b-b646-4ff5340b746f ] Request (ServerDiagnosticsNegativeTest:tearDownClass): 200 GET http://10.180.1.21/compute/v2.1/servers/7625a6d6-081e-432f-9955-ecb5622791f2 3.794s
2025-11-22 02:03:13.556 67588 INFO tempest.lib.common.rest_client [req-48776c8a-3bce-484d-b5f2-8430a18ff7ed req-48776c8a-3bce-484d-b5f2-8430a18ff7ed ] Request (ListImageFiltersNegativeTestJSON:setUpClass): 201 POST http://10.180.1.21/identity/v3/auth/tokens 0.029s
2025-11-22 02:03:13.557 67534 INFO tempest.common.waiters [-] State transition "ACTIVE/deleting" ==> "DELETED/None" after 5 second wait
2025-11-22 02:03:13.585 67542 INFO tempest.lib.common.rest_client [req-2f7c9a71-42a0-441b-b5dc-8a046f811781 req-2f7c9a71-42a0-441b-b5dc-8a046f811781 ] Request (ServersAdmin275Test:test_rebuild_update_server_275): 201 POST http://10.180.1.21/identity/v3/auth/tokens 0.063s
2025-11-22 02:03:13.586 67542 INFO tempest.lib.common.fixed_network [-] (ServersAdmin275Test:test_rebuild_update_server_275) Found network None available for tenant
2025-11-22 02:03:13.605 67548 INFO tempest.lib.common.rest_client [req-2e3870ce-0617-4ee8-9706-824c0e0f1523 req-2e3870ce-0617-4ee8-9706-824c0e0f1523 ] Request (ServersWithSpecificFlavorTestJSON:test_verify_created_server_ephemeral_disk): 200 GET http://10.180.1.21/compute/v2.1/servers/cc8328df-00d0-4e09-a50a-9edceff79856 3.783s
2025-11-22 02:03:13.610 67588 INFO tempest.lib.common.rest_client [req-2cf2cbb5-b3e1-4c6e-9312-8e79097a293e req-2cf2cbb5-b3e1-4c6e-9312-8e79097a293e ] Request (ListImageFiltersNegativeTestJSON:setUpClass): 200 GET http://10.180.1.21/identity/v3/domains?name=Default 0.054s
2025-11-22 02:03:13.613 67548 INFO tempest.common.waiters [-] State transition "BUILD/None" ==> "BUILD/spawning" after 14 second wait
2025-11-22 02:03:13.641 67588 INFO tempest.lib.common.rest_client [req-45cdf53f-125c-4a27-bc83-83a086e63996 req-45cdf53f-125c-4a27-bc83-83a086e63996 ] Request (ListImageFiltersNegativeTestJSON:setUpClass): 201 POST http://10.180.1.21/identity/v3/projects 0.030s
2025-11-22 02:03:13.697 67584 INFO tempest.lib.common.rest_client [req-714f604b-b1aa-40bf-b2f6-5ab7ec83f0a8 req-714f604b-b1aa-40bf-b2f6-5ab7ec83f0a8 ] Request (InstanceActionsNegativeTestJSON:tearDownClass): 200 GET http://10.180.1.21/compute/v2.1/servers/cb81ddad-f3c0-4c2a-be9e-7384a9bb385f 3.536s
2025-11-22 02:03:13.717 67588 INFO tempest.lib.common.rest_client [req-699fe342-772b-448b-9562-fb45dc2644ca req-699fe342-772b-448b-9562-fb45dc2644ca ] Request (ListImageFiltersNegativeTestJSON:setUpClass): 201 POST http://10.180.1.21/identity/v3/users 0.075s
2025-11-22 02:03:13.736 67550 WARNING tempest.lib.common.ssh [-] Failed to establish authenticated ssh connection to cirros@10.180.180.191 ([Errno None] Unable to connect to port 22 on 10.180.180.191). Number attempts: 3. Retry after 4 seconds.: paramiko.ssh_exception.NoValidConnectionsError: [Errno None] Unable to connect to port 22 on 10.180.180.191
2025-11-22 02:03:13.742 67588 INFO tempest.lib.common.rest_client [req-f0a24cad-f840-4bb7-a3b2-a7382e7c6b5a req-f0a24cad-f840-4bb7-a3b2-a7382e7c6b5a ] Request (ListImageFiltersNegativeTestJSON:setUpClass): 200 GET http://10.180.1.21/identity/v3/roles 0.025s
2025-11-22 02:03:13.759 67586 INFO tempest.lib.common.rest_client [req-9d585c6f-a1ed-4386-90ec-ff520f8f8a2b req-9d585c6f-a1ed-4386-90ec-ff520f8f8a2b ] Request (FlavorsV2TestJSON:test_list_flavors_with_detail): 200 GET http://10.180.1.21/compute/v2.1/flavors/detail 3.584s
2025-11-22 02:03:13.776 67588 INFO tempest.lib.common.rest_client [req-8b3d3d83-cd93-4c2b-8cbe-fa7185ad4773 req-8b3d3d83-cd93-4c2b-8cbe-fa7185ad4773 ] Request (ListImageFiltersNegativeTestJSON:setUpClass): 204 PUT http://10.180.1.21/identity/v3/projects/54922f405a8649838a425188294f50de/users/c5eaabf2263c4dfc99cc9c9254b51dbb/roles/107f7f4324ee4d2592292187c983cd98 0.033s
2025-11-22 02:03:13.776 67588 INFO tempest.lib.common.dynamic_creds [-] Dynamic test user c5eaabf2263c4dfc99cc9c9254b51dbb is created with scope project and roles: ['member']
2025-11-22 02:03:13.776 67588 INFO tempest.lib.common.dynamic_creds [-] Acquired dynamic creds: credentials: Credentials: {'domain_id': 'default', 'domain_name': 'Default', 'username': 'tempest-ListImageFiltersNegativeTestJSON-1204209929-project-member', 'project_domain_id': 'default', 'project_domain_name': 'Default', 'project_id': '54922f405a8649838a425188294f50de', 'project_name': 'tempest-ListImageFiltersNegativeTestJSON-1204209929', 'tenant_id': '54922f405a8649838a425188294f50de', 'tenant_name': 'tempest-ListImageFiltersNegativeTestJSON-1204209929', 'user_domain_id': 'default', 'user_domain_name': 'Default', 'user_id': 'c5eaabf2263c4dfc99cc9c9254b51dbb', 'system': None}, Network: None, Subnet: None, Router: None
2025-11-22 02:03:13.776 67588 INFO tempest.lib.common.dynamic_creds [-] Created isolated network resources for: credentials: Credentials: {'domain_id': 'default', 'domain_name': 'Default', 'username': 'tempest-ListImageFiltersNegativeTestJSON-1204209929-project-member', 'project_domain_id': 'default', 'project_domain_name': 'Default', 'project_id': '54922f405a8649838a425188294f50de', 'project_name': 'tempest-ListImageFiltersNegativeTestJSON-1204209929', 'tenant_id': '54922f405a8649838a425188294f50de', 'tenant_name': 'tempest-ListImageFiltersNegativeTestJSON-1204209929', 'user_domain_id': 'default', 'user_domain_name': 'Default', 'user_id': 'c5eaabf2263c4dfc99cc9c9254b51dbb', 'system': None}, Network: None, Subnet: None, Router: None
2025-11-22 02:03:13.794 67568 INFO tempest.lib.common.rest_client [req-0faf0991-e530-41df-9ccc-7200efb7245e req-0faf0991-e530-41df-9ccc-7200efb7245e ] Request (AggregatesAdminNegativeTestJSON:test_aggregate_create_with_existent_aggregate_name): 200 POST http://10.180.1.21/compute/v2.1/os-aggregates 3.601s
2025-11-22 02:03:13.814 67594 INFO tempest.lib.common.rest_client [req-21c88c9b-f9fd-4543-abf5-55f07542d74a req-21c88c9b-f9fd-4543-abf5-55f07542d74a ] Request (FlavorsAdminTestJSON:_run_cleanups): 200 GET http://10.180.1.21/compute/v2.1/flavors/detail 3.621s
2025-11-22 02:03:13.853 67588 INFO tempest.lib.common.rest_client [req-1e2b6b8d-fe37-4ad6-98c0-0644f7f96bf4 req-1e2b6b8d-fe37-4ad6-98c0-0644f7f96bf4 ] Request (ListImageFiltersNegativeTestJSON:setUpClass): 201 POST http://10.180.1.21/identity/v3/auth/tokens 0.072s
2025-11-22 02:03:13.897 67582 INFO tempest.lib.common.rest_client [req-4397dfe3-ec69-42ee-a1f6-061373cdb794 req-4397dfe3-ec69-42ee-a1f6-061373cdb794 ] Request (SecurityGroupsTestAdminJSON:test_list_security_groups_list_all_tenants_filter): 200 POST http://10.180.1.21/compute/v2.1/os-security-groups 3.761s
2025-11-22 02:03:13.898 67572 WARNING tempest.lib.common.ssh [-] Failed to establish authenticated ssh connection to cirros@10.180.180.205 ([Errno None] Unable to connect to port 22 on 10.180.180.205). Number attempts: 2. Retry after 3 seconds.: paramiko.ssh_exception.NoValidConnectionsError: [Errno None] Unable to connect to port 22 on 10.180.180.205
2025-11-22 02:03:13.979 67564 INFO tempest.lib.common.rest_client [req-2670d7c7-34a2-4cc3-8148-84cd6df28fc5 req-2670d7c7-34a2-4cc3-8148-84cd6df28fc5 ] Request (MultipleCreateTestJSON:test_multiple_create): 200 GET http://10.180.1.21/compute/v2.1/servers/c092a6ee-8fd4-449a-b901-aea5fb422b81 3.380s
2025-11-22 02:03:13.994 67570 INFO tempest.lib.common.rest_client [req-84cf9b20-c53a-4fc1-8c36-cadd685d993d req-84cf9b20-c53a-4fc1-8c36-cadd685d993d ] Request (VolumesAdminNegativeTest:tearDownClass): 200 GET http://10.180.1.21/compute/v2.1/servers/a627a2ca-9895-4e9b-93b8-1aa05728ecf3 2.993s
2025-11-22 02:03:14.003 67570 INFO tempest.common.waiters [-] State transition "ACTIVE/deleting" ==> "DELETED/None" after 4 second wait
2025-11-22 02:03:14.061 67540 INFO tempest.lib.common.rest_client [req-9b859b34-bb66-44e9-bf1e-cc6f6f3a960c req-9b859b34-bb66-44e9-bf1e-cc6f6f3a960c ] Request (ServerRescueNegativeTestJSON:setUpClass): 200 GET http://10.180.1.21/compute/v2.1/servers/b5b3410a-e702-4005-8d01-ad65453531ed 2.254s
2025-11-22 02:03:14.124 67552 INFO tempest.lib.common.rest_client [req-a8fd66d3-cfa5-4ce7-b2a5-8b5105e9f567 req-a8fd66d3-cfa5-4ce7-b2a5-8b5105e9f567 ] Request (KeyPairsNegativeTestJSON:test_create_keypair_invalid_name): 400 POST http://10.180.1.21/compute/v2.1/os-keypairs 2.889s
2025-11-22 02:03:14.245 67538 INFO tempest.lib.common.rest_client [req-69760a64-91b8-4fdf-a0c5-bd078e2e9484 req-69760a64-91b8-4fdf-a0c5-bd078e2e9484 ] Request (FlavorsV2NegativeTest:test_boot_with_low_ram): 400 POST http://10.180.1.21/compute/v2.1/servers 2.276s
2025-11-22 02:03:14.249 67556 INFO tempest.lib.common.rest_client [req-934583ef-49fa-4f1c-9e18-b40609eb70df req-934583ef-49fa-4f1c-9e18-b40609eb70df ] Request (ServerExternalEventsTest:test_create_server_external_events): 200 GET http://10.180.1.21/compute/v2.1/servers/4161b11e-8cbb-4817-a986-2ac59ca6c7be 2.014s
2025-11-22 02:03:14.259 67556 INFO tempest.common.waiters [-] State transition "BUILD/spawning" ==> "ACTIVE/None" after 23 second wait
2025-11-22 02:03:14.308 67538 INFO tempest.lib.common.rest_client [req-cc5fa1a0-560e-4c00-8ee9-495c340d389f req-cc5fa1a0-560e-4c00-8ee9-495c340d389f ] Request (FlavorsV2NegativeTest:_run_cleanups): 204 DELETE http://10.180.1.21/image/v2/images/726bdc03-b36c-4131-8f4c-eb3a8c8bdf9b 0.063s
2025-11-22 02:03:14.416 67580 INFO tempest.lib.common.rest_client [req-6fb0c52b-f32f-460d-addb-1fc19ecbaaea req-6fb0c52b-f32f-460d-addb-1fc19ecbaaea ] Request (SecurityGroupRulesTestJSON:test_security_group_rules_list): 200 POST http://10.180.1.21/compute/v2.1/os-security-group-rules 2.076s
2025-11-22 02:03:14.428 67574 INFO tempest.lib.common.rest_client [req-c7c608e3-c7da-4f63-9ed9-6156f15684a0 req-c7c608e3-c7da-4f63-9ed9-6156f15684a0 ] Request (QuotasAdminTestV257:test_get_updated_quotas): 200 PUT http://10.180.1.21/compute/v2.1/os-quota-sets/f5207c9217dc4ddf994f6bacf71aab35?user_id=4563aad2cfba4be9a09cf237f3880962 1.892s
2025-11-22 02:03:14.470 67538 INFO tempest.lib.common.rest_client [req-e3797f74-ef8a-4f0e-ad69-9899ff73a173 req-e3797f74-ef8a-4f0e-ad69-9899ff73a173 ] Request (FlavorsV2NegativeTest:tearDownClass): 204 DELETE http://10.180.1.21/identity/v3/users/aaf054b793554bea99ea2ebabe61705b 0.160s
2025-11-22 02:03:14.470 67538 INFO tempest.lib.common.dynamic_creds [-] Deleting project and security group for project: 0a61f21dace5462c927d746c4f5caa57
2025-11-22 02:03:14.490 67544 INFO tempest.lib.common.rest_client [req-1c3ff46f-8070-4e5a-9b16-57b6328ce4fc req-1c3ff46f-8070-4e5a-9b16-57b6328ce4fc ] Request (ServersAdminNegativeTestJSON:setUpClass): 200 GET http://10.180.1.21/compute/v2.1/servers/2ab48446-80fb-4e82-93b6-02f561641a23 1.879s
2025-11-22 02:03:14.529 67538 INFO tempest.lib.common.rest_client [req-b7fa91b2-b406-446c-bb4f-0a13c3ec1ac1 req-b7fa91b2-b406-446c-bb4f-0a13c3ec1ac1 ] Request (FlavorsV2NegativeTest:tearDownClass): 201 POST http://10.180.1.21/identity/v3/auth/tokens 0.059s
2025-11-22 02:03:14.570 67592 INFO tempest.lib.common.rest_client [req-b3553395-b254-49c4-bec6-e3d1e5ccf9b6 req-b3553395-b254-49c4-bec6-e3d1e5ccf9b6 ] Request (FlavorsExtraSpecsTestJSON:setUpClass): 200 POST http://10.180.1.21/compute/v2.1/flavors 1.636s
2025-11-22 02:03:14.675 67560 WARNING tempest.lib.common.ssh [-] Failed to establish authenticated ssh connection to cirros@10.180.180.216 ([Errno None] Unable to connect to port 22 on 10.180.180.216). Number attempts: 1. Retry after 2 seconds.: paramiko.ssh_exception.NoValidConnectionsError: [Errno None] Unable to connect to port 22 on 10.180.180.216
2025-11-22 02:03:14.687 67558 INFO tempest.lib.common.rest_client [req-1d4c6826-a045-471b-ac45-e12bf4ab2a81 req-1d4c6826-a045-471b-ac45-e12bf4ab2a81 ] Request (ListServersNegativeTestJSON:setUpClass): 200 GET http://10.180.1.21/compute/v2.1/servers/29f99443-7ccb-4b9e-ba8d-197625f1eab3 1.647s
2025-11-22 02:03:14.695 67558 INFO tempest.common.waiters [-] State transition "BUILD/spawning" ==> "ACTIVE/None" after 12 second wait
2025-11-22 02:03:14.717 67538 INFO tempest.lib.common.rest_client [req-4192b056-bc1f-48d8-b722-a8215d580111 req-4192b056-bc1f-48d8-b722-a8215d580111 ] Request (FlavorsV2NegativeTest:tearDownClass): 200 GET http://10.180.1.21/networking/v2.0/security-groups?tenant_id=0a61f21dace5462c927d746c4f5caa57&name=default 0.188s
2025-11-22 02:03:14.734 67532 INFO tempest.lib.common.rest_client [req-4fdb5d2f-014f-4f72-b5bf-d9f0b064d130 req-4fdb5d2f-014f-4f72-b5bf-d9f0b064d130 ] Request (FlavorsAccessNegativeTestJSON:test_flavor_non_admin_remove): 200 POST http://10.180.1.21/compute/v2.1/flavors/346308931/action 1.543s
2025-11-22 02:03:14.811 67579 INFO tempest.lib.common.rest_client [req-894c5737-55db-4a64-817c-701839306b9a req-894c5737-55db-4a64-817c-701839306b9a ] Request (ListImagesTestJSON:test_get_image): 200 GET http://10.180.1.21/compute/v2.1/images/61e8a607-c34b-4f36-83c6-bcb78891efe9 1.612s
2025-11-22 02:03:14.812 67538 INFO tempest.lib.common.rest_client [req-3db7532f-4a18-4ee4-b916-df1665518bab req-3db7532f-4a18-4ee4-b916-df1665518bab ] Request (FlavorsV2NegativeTest:tearDownClass): 204 DELETE http://10.180.1.21/networking/v2.0/security-groups/22059afa-66b6-4f09-9031-93552cff643f 0.094s
2025-11-22 02:03:14.894 67538 INFO tempest.lib.common.rest_client [req-451a520c-8083-4407-8644-0fa749860ff6 req-451a520c-8083-4407-8644-0fa749860ff6 ] Request (FlavorsV2NegativeTest:tearDownClass): 204 DELETE http://10.180.1.21/identity/v3/projects/0a61f21dace5462c927d746c4f5caa57 0.081s
2025-11-22 02:03:14.899 67562 INFO tempest.lib.common.rest_client [req-7dc56234-e4fd-4d18-8673-6e8dcaabd540 req-7dc56234-e4fd-4d18-8673-6e8dcaabd540 ] Request (AttachInterfacesV270Test:tearDownClass): 200 GET http://10.180.1.21/compute/v2.1/servers/25c3597f-fb3a-41b3-91d8-922fc62439ea 1.204s
2025-11-22 02:03:14.917 67542 INFO tempest.lib.common.rest_client [req-638b4370-24c8-4d16-92c9-15f31b90533b req-638b4370-24c8-4d16-92c9-15f31b90533b ] Request (ServersAdmin275Test:test_rebuild_update_server_275): 202 POST http://10.180.1.21/compute/v2.1/servers 1.331s
2025-11-22 02:03:14.934 67586 INFO tempest.lib.common.rest_client [req-d111c79b-78ec-41ee-ace6-308e2ae031fd req-d111c79b-78ec-41ee-ace6-308e2ae031fd ] Request (FlavorsV2TestJSON:test_list_flavors_with_detail): 200 GET http://10.180.1.21/compute/v2.1/flavors/42 1.169s
2025-11-22 02:03:14.953 67568 INFO tempest.lib.common.rest_client [req-b9ab0760-68a6-48ff-9e4c-c0c754a42494 req-b9ab0760-68a6-48ff-9e4c-c0c754a42494 ] Request (AggregatesAdminNegativeTestJSON:test_aggregate_create_with_existent_aggregate_name): 409 POST http://10.180.1.21/compute/v2.1/os-aggregates 1.157s
2025-11-22 02:03:14.980 67594 INFO tempest.lib.common.rest_client [req-c74432a0-4fb9-4928-8a75-4366e598f837 req-c74432a0-4fb9-4928-8a75-4366e598f837 ] Request (FlavorsAdminTestJSON:test_create_list_flavor_without_extra_data): 200 POST http://10.180.1.21/compute/v2.1/flavors 1.160s
2025-11-22 02:03:14.997 67538 INFO tempest.lib.common.rest_client [req-6e2a0829-e46c-4f44-bc2e-0882a40615e2 req-6e2a0829-e46c-4f44-bc2e-0882a40615e2 ] Request (FloatingIPsAssociationNegativeTestJSON:setUpClass): 201 POST http://10.180.1.21/identity/v3/auth/tokens 0.101s
2025-11-22 02:03:15.019 67554 INFO tempest.lib.common.rest_client [req-d9c6a1e9-df54-49f0-87e0-7bdb4d490edd req-d9c6a1e9-df54-49f0-87e0-7bdb4d490edd ] Request (ListImageFiltersTestJSON:setUpClass): 200 GET http://10.180.1.21/compute/v2.1/servers/e2d1dd6e-39e5-44a7-b280-82845b436243 1.264s
2025-11-22 02:03:15.074 67586 INFO tempest.lib.common.rest_client [req-c2099746-0131-4dd2-a57c-dd33c82d8092 req-c2099746-0131-4dd2-a57c-dd33c82d8092 ] Request (FlavorsV2TestJSON:tearDownClass): 204 DELETE http://10.180.1.21/identity/v3/users/fcbe36b7f16d4a82894ca32da05066c4 0.134s
2025-11-22 02:03:15.074 67586 INFO tempest.lib.common.dynamic_creds [-] Deleting project and security group for project: 87cbb974f4d843109535941ff378e840
2025-11-22 02:03:15.142 67538 INFO tempest.lib.common.rest_client [req-16f88272-c18e-4eed-9b64-85ac0f4058a0 req-16f88272-c18e-4eed-9b64-85ac0f4058a0 ] Request (FloatingIPsAssociationNegativeTestJSON:setUpClass): 201 POST http://10.180.1.21/identity/v3/auth/tokens 0.142s
2025-11-22 02:03:15.167 67586 INFO tempest.lib.common.rest_client [req-92ecced7-82cf-4946-859b-4f9f69df3ad2 req-92ecced7-82cf-4946-859b-4f9f69df3ad2 ] Request (FlavorsV2TestJSON:tearDownClass): 201 POST http://10.180.1.21/identity/v3/auth/tokens 0.093s
2025-11-22 02:03:15.179 67588 INFO tempest.lib.common.rest_client [req-31f6e482-2952-4596-840a-bd6dcf6b1739 req-31f6e482-2952-4596-840a-bd6dcf6b1739 ] Request (ListImageFiltersNegativeTestJSON:test_get_nonexistent_image): 404 GET http://10.180.1.21/compute/v2.1/images/e92702fa-27a9-4aa6-820f-70d68df22bb8 1.324s
2025-11-22 02:03:15.189 67582 INFO tempest.lib.common.rest_client [req-313ea847-4e22-431f-89c2-349ab4432d26 req-313ea847-4e22-431f-89c2-349ab4432d26 ] Request (SecurityGroupsTestAdminJSON:test_list_security_groups_list_all_tenants_filter): 200 POST http://10.180.1.21/compute/v2.1/os-security-groups 1.287s
2025-11-22 02:03:15.219 67552 INFO tempest.lib.common.rest_client [req-68e6e543-edc3-47e1-ad52-a890b23119b8 req-68e6e543-edc3-47e1-ad52-a890b23119b8 ] Request (KeyPairsNegativeTestJSON:test_create_keypair_when_public_key_bits_exceeds_maximum): 400 POST http://10.180.1.21/compute/v2.1/os-keypairs 1.093s
2025-11-22 02:03:15.253 67588 INFO tempest.lib.common.rest_client [req-8f018349-e55f-45a9-9de7-69d9ab932844 req-8f018349-e55f-45a9-9de7-69d9ab932844 ] Request (ListImageFiltersNegativeTestJSON:tearDownClass): 204 DELETE http://10.180.1.21/identity/v3/users/c5eaabf2263c4dfc99cc9c9254b51dbb 0.072s
2025-11-22 02:03:15.253 67588 INFO tempest.lib.common.dynamic_creds [-] Deleting project and security group for project: 54922f405a8649838a425188294f50de
2025-11-22 02:03:15.311 67536 INFO tempest.lib.common.rest_client [req-b5e8f7a5-d141-483b-9de2-c7678f821083 req-b5e8f7a5-d141-483b-9de2-c7678f821083 ] Request (DeleteServersTestJSON:test_delete_active_server): 200 GET http://10.180.1.21/compute/v2.1/servers/04ac224a-15f5-4bf8-9ecb-f8f94ad0b99d 1.130s
2025-11-22 02:03:15.356 67538 INFO tempest.lib.common.rest_client [req-fb1e5d87-22e9-44e7-8d92-fd31b1cd77b8 req-fb1e5d87-22e9-44e7-8d92-fd31b1cd77b8 ] Request (FloatingIPsAssociationNegativeTestJSON:setUpClass): 200 GET http://10.180.1.21/identity/v3/domains?name=Default 0.214s
2025-11-22 02:03:15.390 67588 INFO tempest.lib.common.rest_client [req-07487d3c-21d3-42b3-a8d6-99e2183c32a7 req-07487d3c-21d3-42b3-a8d6-99e2183c32a7 ] Request (ListImageFiltersNegativeTestJSON:tearDownClass): 201 POST http://10.180.1.21/identity/v3/auth/tokens 0.136s
2025-11-22 02:03:15.437 67538 INFO tempest.lib.common.rest_client [req-454f7cfc-e144-4df6-85bd-2e5aa7faaa85 req-454f7cfc-e144-4df6-85bd-2e5aa7faaa85 ] Request (FloatingIPsAssociationNegativeTestJSON:setUpClass): 201 POST http://10.180.1.21/identity/v3/projects 0.081s
2025-11-22 02:03:15.486 67586 INFO tempest.lib.common.rest_client [req-1ac09b88-b61d-4ee8-ae6c-04e3afc5494f req-1ac09b88-b61d-4ee8-ae6c-04e3afc5494f ] Request (FlavorsV2TestJSON:tearDownClass): 200 GET http://10.180.1.21/networking/v2.0/security-groups?tenant_id=87cbb974f4d843109535941ff378e840&name=default 0.318s
2025-11-22 02:03:15.504 67556 INFO tempest.lib.common.rest_client [req-fa723771-33e9-4f7b-9175-f6cf9010bdee req-fa723771-33e9-4f7b-9175-f6cf9010bdee ] Request (ServerExternalEventsTest:test_create_server_external_events): 200 POST http://10.180.1.21/compute/v2.1/os-server-external-events 1.244s
2025-11-22 02:03:15.512 67538 INFO tempest.lib.common.rest_client [req-5be9eae1-f4e3-45d3-bf9c-4d9e16d8c458 req-5be9eae1-f4e3-45d3-bf9c-4d9e16d8c458 ] Request (FloatingIPsAssociationNegativeTestJSON:setUpClass): 201 POST http://10.180.1.21/identity/v3/users 0.074s
2025-11-22 02:03:15.522 67546 INFO tempest.lib.common.rest_client [req-fe612e72-a758-4c7d-b075-7c249d08c8be req-fe612e72-a758-4c7d-b075-7c249d08c8be ] Request (MigrationsAdminTest:test_list_migrations_in_flavor_resize_situation): 200 GET http://10.180.1.21/compute/v2.1/servers/f1c91bbd-e2cc-43cc-8de0-2d8ec2624b29 1.138s
2025-11-22 02:03:15.538 67538 INFO tempest.lib.common.rest_client [req-4aa084d2-571f-4b40-a870-ccb51e51e1e9 req-4aa084d2-571f-4b40-a870-ccb51e51e1e9 ] Request (FloatingIPsAssociationNegativeTestJSON:setUpClass): 200 GET http://10.180.1.21/identity/v3/roles 0.024s
2025-11-22 02:03:15.572 67538 INFO tempest.lib.common.rest_client [req-44593e00-55c5-423f-8163-934f8c7e7b46 req-44593e00-55c5-423f-8163-934f8c7e7b46 ] Request (FloatingIPsAssociationNegativeTestJSON:setUpClass): 204 PUT http://10.180.1.21/identity/v3/projects/039cf09ff3b3473aa4a657fbb3928860/users/15a648b51bf84ddfae0ad0bba6e1df68/roles/107f7f4324ee4d2592292187c983cd98 0.034s
2025-11-22 02:03:15.573 67538 INFO tempest.lib.common.dynamic_creds [-] Dynamic test user 15a648b51bf84ddfae0ad0bba6e1df68 is created with scope project and roles: ['member']
2025-11-22 02:03:15.573 67538 INFO tempest.lib.common.dynamic_creds [-] Acquired dynamic creds: credentials: Credentials: {'domain_id': 'default', 'domain_name': 'Default', 'username': 'tempest-FloatingIPsAssociationNegativeTestJSON-1190054813-project-member', 'project_domain_id': 'default', 'project_domain_name': 'Default', 'project_id': '039cf09ff3b3473aa4a657fbb3928860', 'project_name': 'tempest-FloatingIPsAssociationNegativeTestJSON-1190054813', 'tenant_id': '039cf09ff3b3473aa4a657fbb3928860', 'tenant_name': 'tempest-FloatingIPsAssociationNegativeTestJSON-1190054813', 'user_domain_id': 'default', 'user_domain_name': 'Default', 'user_id': '15a648b51bf84ddfae0ad0bba6e1df68', 'system': None}, Network: None, Subnet: None, Router: None
2025-11-22 02:03:15.621 67586 INFO tempest.lib.common.rest_client [req-5d65baa6-289e-47c7-8822-204734f7c434 req-5d65baa6-289e-47c7-8822-204734f7c434 ] Request (FlavorsV2TestJSON:tearDownClass): 204 DELETE http://10.180.1.21/networking/v2.0/security-groups/e99819ed-3508-4b25-8c28-851af6c8bd9a 0.135s
2025-11-22 02:03:15.639 67538 INFO tempest.lib.common.rest_client [req-0973c606-9f32-4321-938a-d16aafd38bfe req-0973c606-9f32-4321-938a-d16aafd38bfe ] Request (FloatingIPsAssociationNegativeTestJSON:setUpClass): 201 POST http://10.180.1.21/identity/v3/auth/tokens 0.065s
2025-11-22 02:03:15.670 67588 INFO tempest.lib.common.rest_client [req-d23bbbdf-d9be-47c1-9499-8e89e8a50184 req-d23bbbdf-d9be-47c1-9499-8e89e8a50184 ] Request (ListImageFiltersNegativeTestJSON:tearDownClass): 200 GET http://10.180.1.21/networking/v2.0/security-groups?tenant_id=54922f405a8649838a425188294f50de&name=default 0.279s
2025-11-22 02:03:15.701 67580 INFO tempest.lib.common.rest_client [req-999fc673-df09-4d07-997f-ccf50c88e8d3 req-999fc673-df09-4d07-997f-ccf50c88e8d3 ] Request (SecurityGroupRulesTestJSON:test_security_group_rules_list): 200 GET http://10.180.1.21/compute/v2.1/os-security-groups/387f86b3-012e-41f6-82c0-c1c79e7a3324 1.282s
2025-11-22 02:03:15.716 67586 INFO tempest.lib.common.rest_client [req-30be7b83-d83f-404f-b18c-dd2c775d50c5 req-30be7b83-d83f-404f-b18c-dd2c775d50c5 ] Request (FlavorsV2TestJSON:tearDownClass): 204 DELETE http://10.180.1.21/identity/v3/projects/87cbb974f4d843109535941ff378e840 0.094s
2025-11-22 02:03:15.720 67576 INFO tempest.lib.common.rest_client [req-975dc0c0-0ac3-4603-9361-5dc258aefca7 req-975dc0c0-0ac3-4603-9361-5dc258aefca7 ] Request (InstanceActionsV221TestJSON:test_get_list_deleted_instance_actions): 200 GET http://10.180.1.21/compute/v2.1/servers/312f616d-fcb8-46db-bad9-28dd1d22d2a7 1.318s
2025-11-22 02:03:15.804 67588 INFO tempest.lib.common.rest_client [req-d50b059d-048e-4142-a09c-82a35299c69f req-d50b059d-048e-4142-a09c-82a35299c69f ] Request (ListImageFiltersNegativeTestJSON:tearDownClass): 204 DELETE http://10.180.1.21/networking/v2.0/security-groups/4a35384a-447f-4407-8de9-6e12c4c4d122 0.133s
2025-11-22 02:03:15.830 67586 INFO tempest.lib.common.rest_client [req-35b853e5-ff07-473b-a3e6-e8efb84e9590 req-35b853e5-ff07-473b-a3e6-e8efb84e9590 ] Request (ServerTagsTestJSON:setUpClass): 201 POST http://10.180.1.21/identity/v3/auth/tokens 0.112s
2025-11-22 02:03:15.852 67574 INFO tempest.lib.common.rest_client [req-e0525694-1e10-431f-8607-918f9d603582 req-e0525694-1e10-431f-8607-918f9d603582 ] Request (QuotasAdminTestV257:test_get_updated_quotas): 200 GET http://10.180.1.21/compute/v2.1/os-quota-sets/f5207c9217dc4ddf994f6bacf71aab35?user_id=4563aad2cfba4be9a09cf237f3880962 1.422s
2025-11-22 02:03:15.862 67586 INFO tempest.lib.common.rest_client [req-1a72ba2d-1041-4e9f-accb-8e5c969e5567 req-1a72ba2d-1041-4e9f-accb-8e5c969e5567 ] Request (ServerTagsTestJSON:setUpClass): 201 POST http://10.180.1.21/identity/v3/auth/tokens 0.029s
2025-11-22 02:03:15.880 67592 INFO tempest.lib.common.rest_client [req-90c44590-f70f-49ce-b530-1868344ff624 req-90c44590-f70f-49ce-b530-1868344ff624 ] Request (FlavorsExtraSpecsTestJSON:test_flavor_non_admin_get_all_keys): 200 POST http://10.180.1.21/compute/v2.1/flavors/2094054757/os-extra_specs 1.307s
2025-11-22 02:03:15.907 67588 INFO tempest.lib.common.rest_client [req-3666b925-916b-4b59-8f13-399069c5119a req-3666b925-916b-4b59-8f13-399069c5119a ] Request (ListImageFiltersNegativeTestJSON:tearDownClass): 204 DELETE http://10.180.1.21/identity/v3/projects/54922f405a8649838a425188294f50de 0.103s
2025-11-22 02:03:15.940 67574 INFO tempest.lib.common.rest_client [req-989cf3d7-b175-4ee6-bd73-8d1834136f9b req-989cf3d7-b175-4ee6-bd73-8d1834136f9b ] Request (QuotasAdminTestV257:_run_cleanups): 204 DELETE http://10.180.1.21/identity/v3/users/4563aad2cfba4be9a09cf237f3880962 0.086s
2025-11-22 02:03:15.943 67534 INFO tempest.lib.common.rest_client [req-c9ad5d6c-de67-47fa-b959-cba91fb6e3cd req-c9ad5d6c-de67-47fa-b959-cba91fb6e3cd ] Request (ServerDiagnosticsNegativeTest:tearDownClass): 200 GET http://10.180.1.21/compute/v2.1/servers/7625a6d6-081e-432f-9955-ecb5622791f2 1.385s
2025-11-22 02:03:16.027 67588 INFO tempest.lib.common.rest_client [req-3961d8a1-220d-41c4-9ee6-256576f18a25 req-3961d8a1-220d-41c4-9ee6-256576f18a25 ] Request (SecurityGroupRulesNegativeTestJSON:setUpClass): 201 POST http://10.180.1.21/identity/v3/auth/tokens 0.118s
2025-11-22 02:03:16.047 67538 INFO tempest.lib.common.rest_client [req-5ccf86ca-4e35-4e66-877e-b96d4dd185a1 req-5ccf86ca-4e35-4e66-877e-b96d4dd185a1 ] Request (FloatingIPsAssociationNegativeTestJSON:setUpClass): 201 POST http://10.180.1.21/networking/v2.0/networks 0.405s
2025-11-22 02:03:16.133 67574 INFO tempest.lib.common.rest_client [req-523681d8-069c-4a95-9d80-f0a1a8c8eedc req-523681d8-069c-4a95-9d80-f0a1a8c8eedc ] Request (QuotasAdminTestV257:_run_cleanups): 204 DELETE http://10.180.1.21/identity/v3/projects/f5207c9217dc4ddf994f6bacf71aab35 0.192s
2025-11-22 02:03:16.144 67548 INFO tempest.lib.common.rest_client [req-2376b363-52c1-4c70-a6da-33765d0e829f req-2376b363-52c1-4c70-a6da-33765d0e829f ] Request (ServersWithSpecificFlavorTestJSON:test_verify_created_server_ephemeral_disk): 200 GET http://10.180.1.21/compute/v2.1/servers/cc8328df-00d0-4e09-a50a-9edceff79856 1.529s
2025-11-22 02:03:16.171 67586 INFO tempest.lib.common.rest_client [req-5ac3b8a2-ce6f-4514-846d-af44971bf9ec req-5ac3b8a2-ce6f-4514-846d-af44971bf9ec ] Request (ServerTagsTestJSON:setUpClass): 200 GET http://10.180.1.21/identity/v3/domains?name=Default 0.309s
2025-11-22 02:03:16.203 67558 INFO tempest.lib.common.rest_client [req-28b32dee-d396-4595-8bb7-d7dcbcace8b3 req-28b32dee-d396-4595-8bb7-d7dcbcace8b3 ] Request (ListServersNegativeTestJSON:setUpClass): 200 GET http://10.180.1.21/compute/v2.1/servers/2cf830e5-c6f5-4204-b218-440bd3b356ee 1.505s
2025-11-22 02:03:16.211 67532 INFO tempest.lib.common.rest_client [req-09195d47-cdbf-4851-b310-f8008b61fd02 req-09195d47-cdbf-4851-b310-f8008b61fd02 ] Request (FlavorsAccessNegativeTestJSON:test_flavor_non_admin_remove): 403 POST http://10.180.1.21/compute/v2.1/flavors/346308931/action 1.474s
2025-11-22 02:03:16.213 67588 INFO tempest.lib.common.rest_client [req-ac2c52c5-b992-43e7-8731-4bb071be48aa req-ac2c52c5-b992-43e7-8731-4bb071be48aa ] Request (SecurityGroupRulesNegativeTestJSON:setUpClass): 201 POST http://10.180.1.21/identity/v3/auth/tokens 0.183s
2025-11-22 02:03:16.286 67579 INFO tempest.lib.common.rest_client [req-764fc559-1ad0-4122-bb73-84cf76ea274a req-764fc559-1ad0-4122-bb73-84cf76ea274a ] Request (ListImagesTestJSON:test_list_images): 200 GET http://10.180.1.21/compute/v2.1/images 1.470s
2025-11-22 02:03:16.292 67574 INFO tempest.lib.common.rest_client [req-e76d8d14-5522-4bc8-8023-49ccff974e1f req-e76d8d14-5522-4bc8-8023-49ccff974e1f ] Request (QuotasAdminTestV257:tearDownClass): 204 DELETE http://10.180.1.21/identity/v3/users/a2457a57b4f34237bbd4de64b9e578de 0.151s
2025-11-22 02:03:16.330 67538 INFO tempest.lib.common.rest_client [req-08e57869-743d-41e8-9f00-52575c7cf06e req-08e57869-743d-41e8-9f00-52575c7cf06e ] Request (FloatingIPsAssociationNegativeTestJSON:setUpClass): 201 POST http://10.180.1.21/networking/v2.0/subnets 0.282s
2025-11-22 02:03:16.355 67584 INFO tempest.lib.common.rest_client [req-5a881ebd-9d81-405f-9846-6235dae2c0cc req-5a881ebd-9d81-405f-9846-6235dae2c0cc ] Request (InstanceActionsNegativeTestJSON:tearDownClass): 200 GET http://10.180.1.21/compute/v2.1/servers/cb81ddad-f3c0-4c2a-be9e-7384a9bb385f 1.650s
2025-11-22 02:03:16.355 67566 INFO tempest.lib.common.rest_client [req-eb611ece-8fc3-4c57-8623-119fc247b752 req-eb611ece-8fc3-4c57-8623-119fc247b752 ] Request (QuotasAdminTestV236:test_get_updated_quotas): 200 GET http://10.180.1.21/identity/v3/domains?name=Default 0.184s
2025-11-22 02:03:16.364 67584 INFO tempest.common.waiters [-] State transition "ACTIVE/deleting" ==> "DELETED/None" after 3 second wait
2025-11-22 02:03:16.378 67586 INFO tempest.lib.common.rest_client [req-896f785b-b322-4037-ade7-d3e6f5e28c5a req-896f785b-b322-4037-ade7-d3e6f5e28c5a ] Request (ServerTagsTestJSON:setUpClass): 201 POST http://10.180.1.21/identity/v3/projects 0.206s
