2025-11-22 02:04:38.127 67588 INFO tempest.lib.common.rest_client [req-2f3c25cd-e4ff-4d54-adfa-2d48ac8828f4 req-2f3c25cd-e4ff-4d54-adfa-2d48ac8828f4 ] Request (SecurityGroupRulesNegativeTestJSON:tearDownClass): 204 DELETE http://10.180.1.21/networking/v2.0/networks/dcd89ab0-7079-4e7a-8200-da30651c2557 0.322s
2025-11-22 02:04:38.162 67540 INFO tempest.lib.common.rest_client [req-c6af2d1d-95a3-4598-8d8f-bda94d6b3392 req-c6af2d1d-95a3-4598-8d8f-bda94d6b3392 ] Request (ServerRescueNegativeTestJSON:test_rescued_vm_attach_volume): 200 GET http://10.180.1.21/compute/v2.1/servers/171dfa95-f26b-4153-a2c5-2898a5ddf2da 2.410s
2025-11-22 02:04:38.183 67582 INFO tempest.lib.common.rest_client [req-bd142789-9cde-4c20-a98d-f5c0fac5a459 req-bd142789-9cde-4c20-a98d-f5c0fac5a459 ] Request (TenantUsagesTestJSON:tearDownClass): 200 GET http://10.180.1.21/compute/v2.1/servers/1489825a-d989-4b4a-a808-79e3f8e10dcd 2.349s
2025-11-22 02:04:38.278 67588 INFO tempest.lib.common.rest_client [req-8cdd37d5-8d66-48a1-acd4-169282cfe534 req-8cdd37d5-8d66-48a1-acd4-169282cfe534 ] Request (SecurityGroupRulesNegativeTestJSON:tearDownClass): 204 DELETE http://10.180.1.21/identity/v3/users/3581848aefb843d8a9223a630c176af8 0.151s
2025-11-22 02:04:38.278 67588 INFO tempest.lib.common.dynamic_creds [-] Deleting project and security group for project: e18e2abf85c84fc498b5e0ee7ab10182
2025-11-22 02:04:38.422 67576 WARNING tempest.lib.common.ssh [-] Failed to establish authenticated ssh connection to cirros@10.180.180.194 ([Errno None] Unable to connect to port 22 on 10.180.180.194). Number attempts: 2. Retry after 3 seconds.: paramiko.ssh_exception.NoValidConnectionsError: [Errno None] Unable to connect to port 22 on 10.180.180.194
2025-11-22 02:04:38.425 67562 WARNING tempest.lib.common.ssh [-] Failed to establish authenticated ssh connection to cirros@10.180.180.254 ([Errno None] Unable to connect to port 22 on 10.180.180.254). Number attempts: 1. Retry after 2 seconds.: paramiko.ssh_exception.NoValidConnectionsError: [Errno None] Unable to connect to port 22 on 10.180.180.254
2025-11-22 02:04:38.751 67588 INFO tempest.lib.common.rest_client [req-1384da77-f0c1-429b-bc75-74a62207c431 req-1384da77-f0c1-429b-bc75-74a62207c431 ] Request (SecurityGroupRulesNegativeTestJSON:tearDownClass): 200 GET http://10.180.1.21/networking/v2.0/security-groups?tenant_id=e18e2abf85c84fc498b5e0ee7ab10182&name=default 0.473s
2025-11-22 02:04:38.768 67560 INFO tempest.lib.common.rest_client [req-76848bdc-232a-4f4e-8b55-4e9094707115 req-76848bdc-232a-4f4e-8b55-4e9094707115 ] Request (ServerActionsTestOtherB:test_create_backup): 200 GET http://10.180.1.21/image/v2/images/ce1329eb-6913-44f9-9158-ae3b5acdae1a 0.021s
2025-11-22 02:04:38.784 67574 INFO tempest.lib.common.rest_client [req-4a394fbb-5b1c-49f4-bfe6-8b5e180f832a req-4a394fbb-5b1c-49f4-bfe6-8b5e180f832a ] Request (ServersNegativeTestMultiTenantJSON:setUpClass): 200 GET http://10.180.1.21/compute/v2.1/servers/6589e734-e36c-4d1f-9d6f-7b9235b8c6a5 2.881s
2025-11-22 02:04:38.791 67574 INFO tempest.common.waiters [-] State transition "BUILD/spawning" ==> "ACTIVE/None" after 30 second wait
2025-11-22 02:04:38.893 67552 INFO tempest.lib.common.rest_client [req-2df193d2-0824-404a-a603-ce28f1bc1c9e req-2df193d2-0824-404a-a603-ce28f1bc1c9e ] Request (ServersV294TestFqdnHostnames:setUpClass): 200 GET http://10.180.1.21/compute/v2.1/servers/ccdf4a15-6af7-4bd0-b5d7-9dd5e7915c8e 2.978s
2025-11-22 02:04:38.903 67552 INFO tempest.common.waiters [-] State transition "BUILD/spawning" ==> "ACTIVE/None" after 30 second wait
2025-11-22 02:04:38.996 67588 INFO tempest.lib.common.rest_client [req-7bc4cd3b-4a0e-49b5-b0b6-bec0da063b6a req-7bc4cd3b-4a0e-49b5-b0b6-bec0da063b6a ] Request (SecurityGroupRulesNegativeTestJSON:tearDownClass): 204 DELETE http://10.180.1.21/networking/v2.0/security-groups/68d6b3e8-faf9-4a01-a9ce-3cee4455493e 0.244s
2025-11-22 02:04:39.048 67590 INFO tempest.lib.common.rest_client [req-b2432b92-6ca0-4683-b05b-f054b7b1f677 req-b2432b92-6ca0-4683-b05b-f054b7b1f677 ] Request (ServersAdminTestJSON:setUpClass): 200 GET http://10.180.1.21/compute/v2.1/servers/77ece561-8ec9-4e0b-a70a-996f47203ab3 3.087s
2025-11-22 02:04:39.133 67588 INFO tempest.lib.common.rest_client [req-d268f460-d938-4086-a9d7-ea1fc12c294a req-d268f460-d938-4086-a9d7-ea1fc12c294a ] Request (SecurityGroupRulesNegativeTestJSON:tearDownClass): 204 DELETE http://10.180.1.21/identity/v3/projects/e18e2abf85c84fc498b5e0ee7ab10182 0.136s
2025-11-22 02:04:39.148 67536 INFO tempest.lib.common.rest_client [req-f8eaa868-4db8-483f-aecc-7c38c4b3116b req-f8eaa868-4db8-483f-aecc-7c38c4b3116b ] Request (DeleteServersTestJSON:test_delete_server_while_in_attached_volume): 200 GET http://10.180.1.21/compute/v2.1/servers/f427073a-cfcc-4a42-a698-51a59d60796a 3.116s
2025-11-22 02:04:39.158 67536 INFO tempest.common.waiters [-] State transition "BUILD/scheduling" ==> "BUILD/None" after 11 second wait
2025-11-22 02:04:39.199 67592 INFO tempest.lib.common.rest_client [req-f33e717e-b701-42a1-acfe-461197e29591 req-f33e717e-b701-42a1-acfe-461197e29591 ] Request (ServersTestFqdnHostnames:test_create_server_with_fqdn_name): 200 GET http://10.180.1.21/compute/v2.1/servers/fd4e8dd6-1438-4668-9dcf-a9228d15d076 3.082s
2025-11-22 02:04:39.351 67534 INFO tempest.lib.common.rest_client [req-25879155-0c70-4e66-abf4-2d5ea8e68b54 req-25879155-0c70-4e66-abf4-2d5ea8e68b54 ] Request (ServerAddressesNegativeTestJSON:setUpClass): 200 GET http://10.180.1.21/compute/v2.1/servers/48336ad8-569d-4c34-9fa0-a7aeeccda707 3.033s
2025-11-22 02:04:39.432 67584 INFO tempest.lib.common.rest_client [req-b95f671c-7cae-496b-b6cb-aac42ddabb7c req-b95f671c-7cae-496b-b6cb-aac42ddabb7c ] Request (ServerRescueTestJSONUnderV235:setUpClass): 200 GET http://10.180.1.21/compute/v2.1/servers/f3bbd38e-71b2-4ecc-aeb7-1b41d81f4b25 3.189s
2025-11-22 02:04:39.476 67542 INFO tempest.lib.common.rest_client [req-9eec9ba0-db1d-4ac9-9708-bf4496a4260c req-9eec9ba0-db1d-4ac9-9708-bf4496a4260c ] Request (ServersAdmin275Test:_run_cleanups): 200 GET http://10.180.1.21/compute/v2.1/servers/3b421e22-6ee9-457f-bffe-fbcf815fc8ab 3.077s
2025-11-22 02:04:39.489 67542 INFO tempest.common.waiters [-] State transition "REBUILD/rebuild_spawning" ==> "ACTIVE/None" after 19 second wait
2025-11-22 02:04:39.551 67572 INFO tempest.lib.common.rest_client [req-175fb2e6-2347-49be-8255-6e7d78251b9a req-175fb2e6-2347-49be-8255-6e7d78251b9a ] Request (VolumesAssistedSnapshotsTest:tearDownClass): 200 GET http://10.180.1.21/compute/v2.1/servers/41cc6889-4517-4132-a107-c828d5d42570 3.043s
2025-11-22 02:04:39.738 67556 INFO tempest.lib.common.rest_client [req-5fd4a8f2-ef99-4824-a9b6-587f19f0c69d req-5fd4a8f2-ef99-4824-a9b6-587f19f0c69d ] Request (ImagesOneServerNegativeTestJSON:setUpClass): 200 GET http://10.180.1.21/compute/v2.1/servers/2b860cca-5ca5-4fa1-ba7e-4288bebb36ad 2.993s
2025-11-22 02:04:39.745 67556 INFO tempest.common.waiters [-] State transition "BUILD/block_device_mapping" ==> "BUILD/spawning" after 25 second wait
2025-11-22 02:04:39.756 67570 INFO tempest.lib.common.rest_client [req-412fc569-dcb6-4d53-b0f3-eb85e8c7b6ef req-412fc569-dcb6-4d53-b0f3-eb85e8c7b6ef ] Request (FloatingIPsAssociationTestJSON:setUpClass): 200 GET http://10.180.1.21/compute/v2.1/servers/3d1cf0ea-5d2f-4de3-b414-26a68ef256cd 2.795s
2025-11-22 02:04:39.764 67570 INFO tempest.common.waiters [-] State transition "BUILD/None" ==> "BUILD/spawning" after 25 second wait
2025-11-22 02:04:39.797 67560 INFO tempest.lib.common.rest_client [req-d1e65ad0-dfbf-4963-b085-1f7e7a294412 req-d1e65ad0-dfbf-4963-b085-1f7e7a294412 ] Request (ServerActionsTestOtherB:test_create_backup): 200 GET http://10.180.1.21/image/v2/images/ce1329eb-6913-44f9-9158-ae3b5acdae1a 0.026s
2025-11-22 02:04:39.846 67586 INFO tempest.lib.common.rest_client [req-c5b674a0-68b9-4123-9baa-b52f32c438bd req-c5b674a0-68b9-4123-9baa-b52f32c438bd ] Request (ServerTagsTestJSON:test_delete_all_tags): 201 PUT http://10.180.1.21/compute/v2.1/servers/0941c726-44e5-4467-9433-3b05e6a1de55/tags/tempest-tag-765184455 2.552s
2025-11-22 02:04:39.868 67544 INFO tempest.lib.common.rest_client [req-ea1aff74-6d04-4165-a92c-cff8df05af45 req-ea1aff74-6d04-4165-a92c-cff8df05af45 ] Request (ServersAdminNegativeTestJSON:test_resize_server_using_overlimit_ram): 200 POST http://10.180.1.21/compute/v2.1/flavors 2.549s
2025-11-22 02:04:39.891 67558 INFO tempest.lib.common.rest_client [req-a4b408be-b627-4e12-a519-e2a22fc2f152 req-a4b408be-b627-4e12-a519-e2a22fc2f152 ] Request (ListServersNegativeTestJSON:tearDownClass): 404 DELETE http://10.180.1.21/compute/v2.1/servers/863f9617-51d8-4a79-9c6a-9d412a660672 2.493s
2025-11-22 02:04:39.927 67538 INFO tempest.lib.common.rest_client [req-12805c6a-03d1-42ce-ba8f-c183e8a43269 req-12805c6a-03d1-42ce-ba8f-c183e8a43269 ] Request (FloatingIPsAssociationNegativeTestJSON:test_dissociate_nonexistent_floating_ip): 404 POST http://10.180.1.21/compute/v2.1/servers/567832a6-ac56-49aa-84f5-cd9a0e4253aa/action 2.361s
2025-11-22 02:04:39.962 67594 INFO tempest.lib.common.rest_client [req-3e62e773-b075-48bb-afb4-690324854341 req-3e62e773-b075-48bb-afb4-690324854341 ] Request (FlavorsAdminTestJSON:test_list_non_public_flavor): 200 GET http://10.180.1.21/compute/v2.1/flavors/detail 2.374s
2025-11-22 02:04:40.052 67550 INFO tempest.lib.common.rest_client [req-5b995341-2174-4688-9901-cf4e70582a85 req-5b995341-2174-4688-9901-cf4e70582a85 ] Request (InstanceActionsTestJSON:setUpClass): 200 GET http://10.180.1.21/compute/v2.1/servers/738d33de-5e8a-4bec-bf8d-f0a810cfabb9 1.951s
2025-11-22 02:04:40.116 67564 INFO tempest.lib.common.rest_client [req-0984eb44-27c8-461e-b66f-154ee59f2a92 req-0984eb44-27c8-461e-b66f-154ee59f2a92 ] Request (MultipleCreateTestJSON:test_multiple_create_with_reservation_return): 200 GET http://10.180.1.21/compute/v2.1/servers/0ddb75eb-9096-410a-bc29-48877b208426 1.880s
2025-11-22 02:04:40.170 67546 INFO tempest.lib.common.rest_client [req-c41be773-a9d8-4bfb-8dd0-654b1abeb3df req-c41be773-a9d8-4bfb-8dd0-654b1abeb3df ] Request (MigrationsAdminTest:test_resize_server_revert_deleted_flavor): 200 GET http://10.180.1.21/compute/v2.1/servers/6fe094cb-12e3-4db3-b697-b1685c0a99c1 1.613s
2025-11-22 02:04:40.226 67568 INFO tempest.lib.common.rest_client [req-d2195ea6-13ab-4d84-8008-fcde53f6a35a req-d2195ea6-13ab-4d84-8008-fcde53f6a35a ] Request (DeleteServersAdminTestJSON:test_admin_delete_servers_of_others): 200 GET http://10.180.1.21/compute/v2.1/servers/a26d4d7a-58f0-4ab9-9567-024210c40042 1.568s
2025-11-22 02:04:40.237 67568 INFO tempest.common.waiters [-] State transition "BUILD/scheduling" ==> "BUILD/None" after 9 second wait
2025-11-22 02:04:40.300 67566 INFO tempest.lib.common.rest_client [req-4f1a9e91-395e-42cb-b3dd-971064e60dfc req-4f1a9e91-395e-42cb-b3dd-971064e60dfc ] Request (ServersListShow298Test:test_list_show_update_rebuild_server_298): 200 GET http://10.180.1.21/compute/v2.1/servers/f8e9e2d0-c65d-4a27-b5c3-f7f3b678d1ff 1.620s
2025-11-22 02:04:40.311 67566 INFO tempest.common.waiters [-] State transition "REBUILD/rebuilding" ==> "REBUILD/rebuild_spawning" after 3 second wait
2025-11-22 02:04:40.325 67554 INFO tempest.lib.common.rest_client [req-3de42fe8-6d1f-410f-be7d-df775305f101 req-3de42fe8-6d1f-410f-be7d-df775305f101 ] Request (ListImageFiltersTestJSON:setUpClass): 202 POST http://10.180.1.21/compute/v2.1/servers/331e14e8-c6ac-4d16-bcb5-0ae0d0a468e8/action 3.144s
2025-11-22 02:04:40.363 67532 INFO tempest.lib.common.rest_client [req-26c782c5-8f6f-4795-9172-e060f73cb03a req-26c782c5-8f6f-4795-9172-e060f73cb03a ] Request (ServersTestMultiNic:test_verify_duplicate_network_nics): 200 GET http://10.180.1.21/compute/v2.1/servers/84c23dc3-049b-4f12-bde4-ffe9123a0453 1.649s
2025-11-22 02:04:40.505 67552 INFO tempest.lib.common.rest_client [req-6777d3cb-8111-4bd7-b744-d8979f489440 req-6777d3cb-8111-4bd7-b744-d8979f489440 ] Request (ServersV294TestFqdnHostnames:setUpClass): 200 GET http://10.180.1.21/compute/v2.1/servers/ccdf4a15-6af7-4bd0-b5d7-9dd5e7915c8e/os-interface 1.602s
2025-11-22 02:04:40.525 67574 INFO tempest.lib.common.rest_client [req-15f242e3-5e62-4da1-ac0f-52c57006cde3 req-15f242e3-5e62-4da1-ac0f-52c57006cde3 ] Request (ServersNegativeTestMultiTenantJSON:setUp): 200 GET http://10.180.1.21/compute/v2.1/servers/6589e734-e36c-4d1f-9d6f-7b9235b8c6a5 1.733s
2025-11-22 02:04:40.712 67582 INFO tempest.lib.common.rest_client [req-54bea696-2ca4-4b6f-893f-fb47d15ff47e req-54bea696-2ca4-4b6f-893f-fb47d15ff47e ] Request (TenantUsagesTestJSON:tearDownClass): 200 GET http://10.180.1.21/compute/v2.1/servers/1489825a-d989-4b4a-a808-79e3f8e10dcd 1.520s
2025-11-22 02:04:40.723 67582 INFO tempest.common.waiters [-] State transition "ACTIVE/deleting" ==> "DELETED/None" after 2 second wait
2025-11-22 02:04:40.816 67560 INFO tempest.lib.common.rest_client [req-2abcc017-60d1-4bb4-940a-0974e5c44d17 req-2abcc017-60d1-4bb4-940a-0974e5c44d17 ] Request (ServerActionsTestOtherB:test_create_backup): 200 GET http://10.180.1.21/image/v2/images/ce1329eb-6913-44f9-9158-ae3b5acdae1a 0.019s
2025-11-22 02:04:40.817 67542 INFO tempest.lib.common.rest_client [req-b713ae29-1af2-45ee-94ca-c14d08f508aa req-b713ae29-1af2-45ee-94ca-c14d08f508aa ] Request (ServersAdmin275Test:tearDownClass): 204 DELETE http://10.180.1.21/compute/v2.1/servers/3b421e22-6ee9-457f-bffe-fbcf815fc8ab 1.325s
2025-11-22 02:04:40.832 67540 INFO tempest.lib.common.rest_client [req-69f8495f-6f7e-43bb-b433-280b9b402e42 req-69f8495f-6f7e-43bb-b433-280b9b402e42 ] Request (ServerRescueNegativeTestJSON:test_rescued_vm_attach_volume): 200 GET http://10.180.1.21/compute/v2.1/servers/171dfa95-f26b-4153-a2c5-2898a5ddf2da 1.661s
2025-11-22 02:04:40.893 67586 INFO tempest.lib.common.rest_client [req-ba1042ef-fd39-4737-a6a4-ed74645e8db0 req-ba1042ef-fd39-4737-a6a4-ed74645e8db0 ] Request (ServerTagsTestJSON:test_delete_all_tags): 201 PUT http://10.180.1.21/compute/v2.1/servers/0941c726-44e5-4467-9433-3b05e6a1de55/tags/tempest-tag-1599963694 1.046s
2025-11-22 02:04:40.999 67558 INFO tempest.lib.common.rest_client [req-baa59d6c-6f44-4bab-88ce-75a6d4761425 req-baa59d6c-6f44-4bab-88ce-75a6d4761425 ] Request (ListServersNegativeTestJSON:tearDownClass): 204 DELETE http://10.180.1.21/compute/v2.1/servers/2cf830e5-c6f5-4204-b218-440bd3b356ee 1.107s
2025-11-22 02:04:41.011 67544 INFO tempest.lib.common.rest_client [req-16bd9136-c019-4a77-9262-e9c76d42acb1 req-16bd9136-c019-4a77-9262-e9c76d42acb1 ] Request (ServersAdminNegativeTestJSON:test_resize_server_using_overlimit_ram): 403 POST http://10.180.1.21/compute/v2.1/servers/2ab48446-80fb-4e82-93b6-02f561641a23/action 1.141s
2025-11-22 02:04:41.035 67594 INFO tempest.lib.common.rest_client [req-06d944ae-a41f-4cb3-a184-c7dadac5728d req-06d944ae-a41f-4cb3-a184-c7dadac5728d ] Request (FlavorsAdminTestJSON:_run_cleanups): 202 DELETE http://10.180.1.21/compute/v2.1/flavors/514628796 1.067s
2025-11-22 02:04:41.079 67552 INFO tempest.lib.common.rest_client [req-743d39c3-8263-41d9-b7ba-b89cbeb0f90e req-743d39c3-8263-41d9-b7ba-b89cbeb0f90e ] Request (ServersV294TestFqdnHostnames:setUpClass): 200 PUT http://10.180.1.21/networking/v2.0/floatingips/156fcafb-e431-4e80-aac3-049a9804520a 0.570s
2025-11-22 02:04:41.112 67538 INFO tempest.lib.common.rest_client [req-7f897fd2-943a-407c-9efe-b449807235cd req-7f897fd2-943a-407c-9efe-b449807235cd ] Request (FloatingIPsAssociationNegativeTestJSON:tearDownClass): 204 DELETE http://10.180.1.21/compute/v2.1/servers/567832a6-ac56-49aa-84f5-cd9a0e4253aa 1.184s
2025-11-22 02:04:41.117 67590 INFO tempest.lib.common.rest_client [req-e4bfb560-f31b-4a3a-9b3a-c7d5e1334196 req-e4bfb560-f31b-4a3a-9b3a-c7d5e1334196 ] Request (ServersAdminTestJSON:setUpClass): 200 GET http://10.180.1.21/compute/v2.1/servers/77ece561-8ec9-4e0b-a70a-996f47203ab3 1.059s
2025-11-22 02:04:41.127 67590 INFO tempest.common.waiters [-] State transition "BUILD/None" ==> "BUILD/networking" after 25 second wait
2025-11-22 02:04:41.182 67536 INFO tempest.lib.common.rest_client [req-102a54db-558b-4ea6-859a-a68ae09c1468 req-102a54db-558b-4ea6-859a-a68ae09c1468 ] Request (DeleteServersTestJSON:test_delete_server_while_in_attached_volume): 200 GET http://10.180.1.21/compute/v2.1/servers/f427073a-cfcc-4a42-a698-51a59d60796a 1.023s
2025-11-22 02:04:41.198 67592 INFO tempest.lib.common.rest_client [req-f3299f26-3e85-47b8-85ef-9581b56a27b3 req-f3299f26-3e85-47b8-85ef-9581b56a27b3 ] Request (ServersTestFqdnHostnames:test_create_server_with_fqdn_name): 200 GET http://10.180.1.21/compute/v2.1/servers/fd4e8dd6-1438-4668-9dcf-a9228d15d076 0.991s
2025-11-22 02:04:41.231 67554 INFO tempest.lib.common.rest_client [req-8a79bdeb-c251-4aed-ac97-671bfcb3f88a req-8a79bdeb-c251-4aed-ac97-671bfcb3f88a ] Request (ListImageFiltersTestJSON:setUpClass): 200 GET http://10.180.1.21/compute/v2.1/images/7d39a3ec-ad6d-4219-a165-4436a481404f 0.905s
2025-11-22 02:04:41.261 67534 INFO tempest.lib.common.rest_client [req-a1432f44-8e94-4627-93c3-035c041f53a2 req-a1432f44-8e94-4627-93c3-035c041f53a2 ] Request (ServerAddressesNegativeTestJSON:setUpClass): 200 GET http://10.180.1.21/compute/v2.1/servers/48336ad8-569d-4c34-9fa0-a7aeeccda707 0.901s
2025-11-22 02:04:41.396 67584 INFO tempest.lib.common.rest_client [req-533ef6e1-3d5f-4020-be00-e6096629b34e req-533ef6e1-3d5f-4020-be00-e6096629b34e ] Request (ServerRescueTestJSONUnderV235:setUpClass): 200 GET http://10.180.1.21/compute/v2.1/servers/f3bbd38e-71b2-4ecc-aeb7-1b41d81f4b25 0.954s
2025-11-22 02:04:41.429 67574 INFO tempest.lib.common.rest_client [req-f66da63f-6d10-461c-80f7-a798d3aa0cdf req-f66da63f-6d10-461c-80f7-a798d3aa0cdf ] Request (ServersNegativeTestMultiTenantJSON:test_delete_a_server_of_another_tenant): 404 DELETE http://10.180.1.21/compute/v2.1/servers/6589e734-e36c-4d1f-9d6f-7b9235b8c6a5 0.895s
2025-11-22 02:04:41.480 67572 INFO tempest.lib.common.rest_client [req-559c1ebe-4bdb-41e6-97d9-91a8fa2c7a8e req-559c1ebe-4bdb-41e6-97d9-91a8fa2c7a8e ] Request (VolumesAssistedSnapshotsTest:tearDownClass): 200 GET http://10.180.1.21/compute/v2.1/servers/41cc6889-4517-4132-a107-c828d5d42570 0.920s
2025-11-22 02:04:41.495 67562 WARNING tempest.lib.common.ssh [-] Failed to establish authenticated ssh connection to cirros@10.180.180.254 ([Errno None] Unable to connect to port 22 on 10.180.180.254). Number attempts: 2. Retry after 3 seconds.: paramiko.ssh_exception.NoValidConnectionsError: [Errno None] Unable to connect to port 22 on 10.180.180.254
2025-11-22 02:04:41.582 67556 INFO tempest.lib.common.rest_client [req-a2bcdf6a-19fb-4c68-8bf7-f5ed4c25cc6c req-a2bcdf6a-19fb-4c68-8bf7-f5ed4c25cc6c ] Request (ImagesOneServerNegativeTestJSON:setUpClass): 200 GET http://10.180.1.21/compute/v2.1/servers/2b860cca-5ca5-4fa1-ba7e-4288bebb36ad 0.831s
2025-11-22 02:04:41.684 67570 INFO tempest.lib.common.rest_client [req-2752834e-79c4-4331-b2ec-166d0eda97fe req-2752834e-79c4-4331-b2ec-166d0eda97fe ] Request (FloatingIPsAssociationTestJSON:setUpClass): 200 GET http://10.180.1.21/compute/v2.1/servers/3d1cf0ea-5d2f-4de3-b414-26a68ef256cd 0.917s
2025-11-22 02:04:41.711 67542 INFO tempest.lib.common.rest_client [req-df7019cd-9bf6-4c4c-a9b0-70a0b5315693 req-df7019cd-9bf6-4c4c-a9b0-70a0b5315693 ] Request (ServersAdmin275Test:tearDownClass): 200 GET http://10.180.1.21/compute/v2.1/servers/3b421e22-6ee9-457f-bffe-fbcf815fc8ab 0.893s
2025-11-22 02:04:41.755 67586 INFO tempest.lib.common.rest_client [req-b355fd48-ba80-402f-a727-b9ae48ae9597 req-b355fd48-ba80-402f-a727-b9ae48ae9597 ] Request (ServerTagsTestJSON:test_delete_all_tags): 204 DELETE http://10.180.1.21/compute/v2.1/servers/0941c726-44e5-4467-9433-3b05e6a1de55/tags 0.857s
2025-11-22 02:04:41.788 67544 INFO tempest.lib.common.rest_client [req-4936a1e5-cfad-46f8-a3d7-7dfecfd62c85 req-4936a1e5-cfad-46f8-a3d7-7dfecfd62c85 ] Request (ServersAdminNegativeTestJSON:_run_cleanups): 202 DELETE http://10.180.1.21/compute/v2.1/flavors/299301372 0.776s
2025-11-22 02:04:41.824 67594 INFO tempest.lib.common.rest_client [req-8a680e82-37d3-4441-bc0a-04d043b03b23 req-8a680e82-37d3-4441-bc0a-04d043b03b23 ] Request (FlavorsAdminTestJSON:_run_cleanups): 200 GET http://10.180.1.21/compute/v2.1/flavors/detail 0.787s
2025-11-22 02:04:41.852 67558 INFO tempest.lib.common.rest_client [req-068277f3-1d62-4256-99c0-c80fb06c49a2 req-068277f3-1d62-4256-99c0-c80fb06c49a2 ] Request (ListServersNegativeTestJSON:tearDownClass): 204 DELETE http://10.180.1.21/compute/v2.1/servers/29f99443-7ccb-4b9e-ba8d-197625f1eab3 0.852s
2025-11-22 02:04:41.855 67560 INFO tempest.lib.common.rest_client [req-a059caa0-e886-4f30-9c89-75f2852aa005 req-a059caa0-e886-4f30-9c89-75f2852aa005 ] Request (ServerActionsTestOtherB:test_create_backup): 200 GET http://10.180.1.21/image/v2/images/ce1329eb-6913-44f9-9158-ae3b5acdae1a 0.037s
2025-11-22 02:04:41.910 67550 INFO tempest.lib.common.rest_client [req-94e4ef43-5694-441e-a8fc-b06f7acf14ac req-94e4ef43-5694-441e-a8fc-b06f7acf14ac ] Request (InstanceActionsTestJSON:setUpClass): 200 GET http://10.180.1.21/compute/v2.1/servers/738d33de-5e8a-4bec-bf8d-f0a810cfabb9 0.847s
2025-11-22 02:04:42.082 67552 INFO tempest.lib.common.rest_client [req-382c99d2-b3bd-4a91-a802-6d1606866362 req-382c99d2-b3bd-4a91-a802-6d1606866362 ] Request (ServersV294TestFqdnHostnames:setUpClass): 200 GET http://10.180.1.21/compute/v2.1/servers/ccdf4a15-6af7-4bd0-b5d7-9dd5e7915c8e 1.003s
2025-11-22 02:04:42.098 67552 INFO tempest.api.compute.base [-] Attempting to verify tagged devices in server ccdf4a15-6af7-4bd0-b5d7-9dd5e7915c8e via the metadata service: http://169.254.169.254/openstack/latest/meta_data.json
2025-11-22 02:04:42.099 67552 INFO tempest.lib.common.ssh [-] Creating ssh connection to '10.180.180.215:22' as 'cirros' with public key authentication
2025-11-22 02:04:42.105 67538 INFO tempest.lib.common.rest_client [req-f7d3ffc1-d605-4d37-b7cc-13183152e5fd req-f7d3ffc1-d605-4d37-b7cc-13183152e5fd ] Request (FloatingIPsAssociationNegativeTestJSON:tearDownClass): 200 GET http://10.180.1.21/compute/v2.1/servers/567832a6-ac56-49aa-84f5-cd9a0e4253aa 0.993s
2025-11-22 02:04:42.163 67564 INFO tempest.lib.common.rest_client [req-9c231592-186e-4a81-8d27-0de630979acf req-9c231592-186e-4a81-8d27-0de630979acf ] Request (MultipleCreateTestJSON:test_multiple_create_with_reservation_return): 200 GET http://10.180.1.21/compute/v2.1/servers/0ddb75eb-9096-410a-bc29-48877b208426 1.037s
2025-11-22 02:04:42.184 67546 INFO tempest.lib.common.rest_client [req-107a4c5a-36ee-4a81-9c84-104e30492cd4 req-107a4c5a-36ee-4a81-9c84-104e30492cd4 ] Request (MigrationsAdminTest:test_resize_server_revert_deleted_flavor): 200 GET http://10.180.1.21/compute/v2.1/servers/6fe094cb-12e3-4db3-b697-b1685c0a99c1 1.006s
2025-11-22 02:04:42.233 67568 INFO tempest.lib.common.rest_client [req-6f3fdc82-3d62-4d9d-abd4-39db60a45668 req-6f3fdc82-3d62-4d9d-abd4-39db60a45668 ] Request (DeleteServersAdminTestJSON:test_admin_delete_servers_of_others): 200 GET http://10.180.1.21/compute/v2.1/servers/a26d4d7a-58f0-4ab9-9567-024210c40042 0.995s
2025-11-22 02:04:42.263 67566 INFO tempest.lib.common.rest_client [req-091abc47-597e-4b81-a275-d2fed9f9166b req-091abc47-597e-4b81-a275-d2fed9f9166b ] Request (ServersListShow298Test:test_list_show_update_rebuild_server_298): 200 GET http://10.180.1.21/compute/v2.1/servers/f8e9e2d0-c65d-4a27-b5c3-f7f3b678d1ff 0.950s
2025-11-22 02:04:42.308 67532 INFO tempest.lib.common.rest_client [req-c9e53670-d9cb-40d1-b29c-11cd60ba2648 req-c9e53670-d9cb-40d1-b29c-11cd60ba2648 ] Request (ServersTestMultiNic:test_verify_duplicate_network_nics): 200 GET http://10.180.1.21/compute/v2.1/servers/84c23dc3-049b-4f12-bde4-ffe9123a0453 0.934s
2025-11-22 02:04:42.393 67574 INFO tempest.lib.common.rest_client [req-011ca79a-524f-46bb-953f-5191cb27095e req-011ca79a-524f-46bb-953f-5191cb27095e ] Request (ServersNegativeTestMultiTenantJSON:setUp): 200 GET http://10.180.1.21/compute/v2.1/servers/6589e734-e36c-4d1f-9d6f-7b9235b8c6a5 0.962s
2025-11-22 02:04:42.412 67586 INFO tempest.lib.common.rest_client [req-aee74fde-19ba-4fc3-91c9-b19acb275f8d req-aee74fde-19ba-4fc3-91c9-b19acb275f8d ] Request (ServerTagsTestJSON:test_delete_all_tags): 200 GET http://10.180.1.21/compute/v2.1/servers/0941c726-44e5-4467-9433-3b05e6a1de55/tags 0.656s
2025-11-22 02:04:42.430 67582 INFO tempest.lib.common.rest_client [req-28045035-6e66-4ee7-8009-86316108933e req-28045035-6e66-4ee7-8009-86316108933e ] Request (TenantUsagesTestJSON:tearDownClass): 200 GET http://10.180.1.21/compute/v2.1/servers/1489825a-d989-4b4a-a808-79e3f8e10dcd 0.704s
2025-11-22 02:04:42.443 67544 INFO tempest.lib.common.rest_client [req-8e823e2f-a1c7-46e8-85b6-e465d8062a5e req-8e823e2f-a1c7-46e8-85b6-e465d8062a5e ] Request (ServersAdminNegativeTestJSON:_run_cleanups): 200 GET http://10.180.1.21/compute/v2.1/flavors/detail 0.655s
2025-11-22 02:04:42.468 67594 INFO tempest.lib.common.rest_client [req-b398da71-2eeb-48bf-a6c0-1349b2a39ed1 req-b398da71-2eeb-48bf-a6c0-1349b2a39ed1 ] Request (FlavorsAdminTestJSON:test_list_public_flavor_with_other_user): 200 POST http://10.180.1.21/compute/v2.1/flavors 0.633s
2025-11-22 02:04:42.504 67558 INFO tempest.lib.common.rest_client [req-cd51625e-b7d2-4129-9c83-94be375a48c2 req-cd51625e-b7d2-4129-9c83-94be375a48c2 ] Request (ListServersNegativeTestJSON:tearDownClass): 404 GET http://10.180.1.21/compute/v2.1/servers/863f9617-51d8-4a79-9c6a-9d412a660672 0.651s
2025-11-22 02:04:42.635 67540 INFO tempest.lib.common.rest_client [req-efdf3ef9-2bed-407f-b8b2-9ff6930cc5e5 req-efdf3ef9-2bed-407f-b8b2-9ff6930cc5e5 ] Request (ServerRescueNegativeTestJSON:test_rescued_vm_attach_volume): 200 GET http://10.180.1.21/compute/v2.1/servers/171dfa95-f26b-4153-a2c5-2898a5ddf2da 0.795s
2025-11-22 02:04:42.643 67540 INFO tempest.common.waiters [-] State transition "ACTIVE/rescuing" ==> "RESCUE/None" after 8 second wait
2025-11-22 02:04:42.735 67536 INFO tempest.lib.common.rest_client [req-fc1d030e-87d7-4a6c-a0c2-836b19269b8b req-fc1d030e-87d7-4a6c-a0c2-836b19269b8b ] Request (DeleteServersTestJSON:test_delete_server_while_in_attached_volume): 200 GET http://10.180.1.21/compute/v2.1/servers/f427073a-cfcc-4a42-a698-51a59d60796a 0.540s
2025-11-22 02:04:42.763 67590 INFO tempest.lib.common.rest_client [req-b3c85edf-0495-4d10-8461-bacfad2f19b1 req-b3c85edf-0495-4d10-8461-bacfad2f19b1 ] Request (ServersAdminTestJSON:setUpClass): 200 GET http://10.180.1.21/compute/v2.1/servers/77ece561-8ec9-4e0b-a70a-996f47203ab3 0.635s
2025-11-22 02:04:42.771 67590 INFO tempest.common.waiters [-] State transition "BUILD/networking" ==> "BUILD/block_device_mapping" after 26 second wait
2025-11-22 02:04:42.790 67592 INFO tempest.lib.common.rest_client [req-541aefad-1448-4ccc-8ada-149612c6fef2 req-541aefad-1448-4ccc-8ada-149612c6fef2 ] Request (ServersTestFqdnHostnames:test_create_server_with_fqdn_name): 200 GET http://10.180.1.21/compute/v2.1/servers/fd4e8dd6-1438-4668-9dcf-a9228d15d076 0.583s
2025-11-22 02:04:42.803 67554 INFO tempest.lib.common.rest_client [req-641e5783-bd4b-4df7-9b5a-dd5ccbf069c1 req-641e5783-bd4b-4df7-9b5a-dd5ccbf069c1 ] Request (ListImageFiltersTestJSON:setUpClass): 200 GET http://10.180.1.21/compute/v2.1/images/7d39a3ec-ad6d-4219-a165-4436a481404f 0.566s
2025-11-22 02:04:42.823 67574 INFO tempest.lib.common.rest_client [req-14ecfe9e-f865-4a7b-ba71-725e0267ec71 req-14ecfe9e-f865-4a7b-ba71-725e0267ec71 ] Request (ServersNegativeTestMultiTenantJSON:test_update_server_of_another_tenant): 404 PUT http://10.180.1.21/compute/v2.1/servers/6589e734-e36c-4d1f-9d6f-7b9235b8c6a5 0.421s
2025-11-22 02:04:42.848 67534 INFO tempest.lib.common.rest_client [req-88ed4765-c46d-4991-9d16-8adafd58e991 req-88ed4765-c46d-4991-9d16-8adafd58e991 ] Request (ServerAddressesNegativeTestJSON:setUpClass): 200 GET http://10.180.1.21/compute/v2.1/servers/48336ad8-569d-4c34-9fa0-a7aeeccda707 0.577s
2025-11-22 02:04:42.871 67560 INFO tempest.lib.common.rest_client [req-e372a547-be9b-438d-95fd-478b437a3075 req-e372a547-be9b-438d-95fd-478b437a3075 ] Request (ServerActionsTestOtherB:test_create_backup): 200 GET http://10.180.1.21/image/v2/images/ce1329eb-6913-44f9-9158-ae3b5acdae1a 0.015s
2025-11-22 02:04:42.900 67586 INFO tempest.lib.common.rest_client [req-f0a0ca07-a274-45cb-837c-8e38d41d07c2 req-f0a0ca07-a274-45cb-837c-8e38d41d07c2 ] Request (ServerTagsTestJSON:_run_cleanups): 204 DELETE http://10.180.1.21/compute/v2.1/servers/0941c726-44e5-4467-9433-3b05e6a1de55/tags 0.486s
2025-11-22 02:04:42.973 67584 INFO tempest.lib.common.rest_client [req-c9b7516f-489b-46a8-8a34-20655e25b04f req-c9b7516f-489b-46a8-8a34-20655e25b04f ] Request (ServerRescueTestJSONUnderV235:setUpClass): 200 GET http://10.180.1.21/compute/v2.1/servers/f3bbd38e-71b2-4ecc-aeb7-1b41d81f4b25 0.564s
2025-11-22 02:04:43.012 67594 INFO tempest.lib.common.rest_client [req-3e535da2-287b-44aa-983d-289f6f1dc96c req-3e535da2-287b-44aa-983d-289f6f1dc96c ] Request (FlavorsAdminTestJSON:test_list_public_flavor_with_other_user): 200 GET http://10.180.1.21/compute/v2.1/flavors/detail 0.540s
2025-11-22 02:04:43.042 67544 INFO tempest.lib.common.rest_client [req-fe144cc2-5d03-4a0c-89b9-e191a6eaeea0 req-fe144cc2-5d03-4a0c-89b9-e191a6eaeea0 ] Request (ServersAdminNegativeTestJSON:test_resize_server_using_overlimit_vcpus): 200 GET http://10.180.1.21/compute/v2.1/os-quota-sets/b86500e82f104236bbd2bbabcb83eec1 0.590s
2025-11-22 02:04:43.097 67572 INFO tempest.lib.common.rest_client [req-4195507c-ba05-4f91-8a95-c04ea1df1144 req-4195507c-ba05-4f91-8a95-c04ea1df1144 ] Request (VolumesAssistedSnapshotsTest:tearDownClass): 200 GET http://10.180.1.21/compute/v2.1/servers/41cc6889-4517-4132-a107-c828d5d42570 0.605s
2025-11-22 02:04:43.361 67558 INFO tempest.lib.common.rest_client [req-fce9cc6a-981b-4347-ab13-965ed4982858 req-fce9cc6a-981b-4347-ab13-965ed4982858 ] Request (ListServersNegativeTestJSON:tearDownClass): 200 GET http://10.180.1.21/compute/v2.1/servers/2cf830e5-c6f5-4204-b218-440bd3b356ee 0.856s
2025-11-22 02:04:43.393 67540 INFO tempest.lib.common.rest_client [req-90f8475f-12ab-4f47-a794-82bf5f5d95a1 req-90f8475f-12ab-4f47-a794-82bf5f5d95a1 ] Request (ServerRescueNegativeTestJSON:test_rescued_vm_attach_volume): 409 POST http://10.180.1.21/compute/v2.1/servers/171dfa95-f26b-4153-a2c5-2898a5ddf2da/os-volume_attachments 0.750s
2025-11-22 02:04:43.525 67556 INFO tempest.lib.common.rest_client [req-c99d3816-58c1-4771-be62-59524f739779 req-c99d3816-58c1-4771-be62-59524f739779 ] Request (ImagesOneServerNegativeTestJSON:setUpClass): 200 GET http://10.180.1.21/compute/v2.1/servers/2b860cca-5ca5-4fa1-ba7e-4288bebb36ad 0.933s
2025-11-22 02:04:43.896 67560 INFO tempest.lib.common.rest_client [req-3ffd3f40-946f-418a-abb6-afd6b05e8a84 req-3ffd3f40-946f-418a-abb6-afd6b05e8a84 ] Request (ServerActionsTestOtherB:test_create_backup): 200 GET http://10.180.1.21/image/v2/images/ce1329eb-6913-44f9-9158-ae3b5acdae1a 0.023s
2025-11-22 02:04:44.000 67542 INFO tempest.lib.common.rest_client [req-2b736581-a2ce-4949-b334-d7ff9fda4093 req-2b736581-a2ce-4949-b334-d7ff9fda4093 ] Request (ServersAdmin275Test:tearDownClass): 200 GET http://10.180.1.21/compute/v2.1/servers/3b421e22-6ee9-457f-bffe-fbcf815fc8ab 1.264s
2025-11-22 02:04:44.050 67570 INFO tempest.lib.common.rest_client [req-5dca2615-a7e4-4f3b-a1ad-6743332f1934 req-5dca2615-a7e4-4f3b-a1ad-6743332f1934 ] Request (FloatingIPsAssociationTestJSON:setUpClass): 200 GET http://10.180.1.21/compute/v2.1/servers/3d1cf0ea-5d2f-4de3-b414-26a68ef256cd 1.349s
2025-11-22 02:04:44.139 67586 INFO tempest.lib.common.rest_client [req-41cf8914-193a-42e5-b10b-1793afe3d52f req-41cf8914-193a-42e5-b10b-1793afe3d52f ] Request (ServerTagsTestJSON:test_update_all_tags): 201 PUT http://10.180.1.21/compute/v2.1/servers/0941c726-44e5-4467-9433-3b05e6a1de55/tags/tempest-tag-1265530995 1.238s
2025-11-22 02:04:44.159 67574 INFO tempest.lib.common.rest_client [req-c7659dd4-1798-4d34-b330-50332b8daaff req-c7659dd4-1798-4d34-b330-50332b8daaff ] Request (ServersNegativeTestMultiTenantJSON:tearDownClass): 204 DELETE http://10.180.1.21/compute/v2.1/servers/6589e734-e36c-4d1f-9d6f-7b9235b8c6a5 1.334s
2025-11-22 02:04:44.188 67594 INFO tempest.lib.common.rest_client [req-8101041c-5114-4545-bd21-bf35203f91e1 req-8101041c-5114-4545-bd21-bf35203f91e1 ] Request (FlavorsAdminTestJSON:_run_cleanups): 202 DELETE http://10.180.1.21/compute/v2.1/flavors/1833896743 1.167s
2025-11-22 02:04:44.210 67550 INFO tempest.lib.common.rest_client [req-ce1f7a34-2c96-4d2f-ba42-a49eef52b384 req-ce1f7a34-2c96-4d2f-ba42-a49eef52b384 ] Request (InstanceActionsTestJSON:setUpClass): 200 GET http://10.180.1.21/compute/v2.1/servers/738d33de-5e8a-4bec-bf8d-f0a810cfabb9 1.287s
2025-11-22 02:04:44.214 67544 INFO tempest.lib.common.rest_client [req-be9f9242-0c88-4c4b-bab5-e58f5aa5a5d8 req-be9f9242-0c88-4c4b-bab5-e58f5aa5a5d8 ] Request (ServersAdminNegativeTestJSON:test_resize_server_using_overlimit_vcpus): 200 POST http://10.180.1.21/compute/v2.1/flavors 1.166s
2025-11-22 02:04:44.220 67550 INFO tempest.common.waiters [-] State transition "BUILD/None" ==> "BUILD/networking" after 26 second wait
2025-11-22 02:04:44.281 67538 INFO tempest.lib.common.rest_client [req-67481829-3384-48b4-8caa-dc743208905f req-67481829-3384-48b4-8caa-dc743208905f ] Request (FloatingIPsAssociationNegativeTestJSON:tearDownClass): 200 GET http://10.180.1.21/compute/v2.1/servers/567832a6-ac56-49aa-84f5-cd9a0e4253aa 1.163s
2025-11-22 02:04:44.282 67564 INFO tempest.lib.common.rest_client [req-fa1ec37f-e252-4fe3-99e1-d648a958cf81 req-fa1ec37f-e252-4fe3-99e1-d648a958cf81 ] Request (MultipleCreateTestJSON:test_multiple_create_with_reservation_return): 200 GET http://10.180.1.21/compute/v2.1/servers/0ddb75eb-9096-410a-bc29-48877b208426 1.109s
2025-11-22 02:04:44.354 67546 INFO tempest.lib.common.rest_client [req-f949a8aa-7671-4526-b37d-40550982a812 req-f949a8aa-7671-4526-b37d-40550982a812 ] Request (MigrationsAdminTest:test_resize_server_revert_deleted_flavor): 200 GET http://10.180.1.21/compute/v2.1/servers/6fe094cb-12e3-4db3-b697-b1685c0a99c1 1.161s
2025-11-22 02:04:44.355 67568 INFO tempest.lib.common.rest_client [req-27f407d6-e46b-4437-a4d7-59f1a1c0bc37 req-27f407d6-e46b-4437-a4d7-59f1a1c0bc37 ] Request (DeleteServersAdminTestJSON:test_admin_delete_servers_of_others): 200 GET http://10.180.1.21/compute/v2.1/servers/a26d4d7a-58f0-4ab9-9567-024210c40042 1.111s
2025-11-22 02:04:44.420 67532 INFO tempest.lib.common.rest_client [req-92c13ad3-41a1-403c-ac63-a3e348518736 req-92c13ad3-41a1-403c-ac63-a3e348518736 ] Request (ServersTestMultiNic:test_verify_duplicate_network_nics): 200 GET http://10.180.1.21/compute/v2.1/servers/84c23dc3-049b-4f12-bde4-ffe9123a0453 1.097s
2025-11-22 02:04:44.427 67532 INFO tempest.common.waiters [-] State transition "BUILD/scheduling" ==> "BUILD/None" after 13 second wait
2025-11-22 02:04:44.428 67566 INFO tempest.lib.common.rest_client [req-6f018420-c4e5-48dd-a3a8-6f6feeb519d9 req-6f018420-c4e5-48dd-a3a8-6f6feeb519d9 ] Request (ServersListShow298Test:test_list_show_update_rebuild_server_298): 200 GET http://10.180.1.21/compute/v2.1/servers/f8e9e2d0-c65d-4a27-b5c3-f7f3b678d1ff 1.150s
2025-11-22 02:04:44.485 67540 INFO tempest.lib.common.rest_client [req-3100986e-3508-4c2d-8a03-16bd6ea3e701 req-3100986e-3508-4c2d-8a03-16bd6ea3e701 ] Request (ServerRescueNegativeTestJSON:_run_cleanups): 202 POST http://10.180.1.21/compute/v2.1/servers/171dfa95-f26b-4153-a2c5-2898a5ddf2da/action 1.091s
2025-11-22 02:04:44.495 67582 INFO tempest.lib.common.rest_client [req-60a735e5-5902-4de9-80d0-a9fda70e2b12 req-60a735e5-5902-4de9-80d0-a9fda70e2b12 ] Request (TenantUsagesTestJSON:tearDownClass): 200 GET http://10.180.1.21/compute/v2.1/servers/1489825a-d989-4b4a-a808-79e3f8e10dcd 1.046s
2025-11-22 02:04:44.572 67536 INFO tempest.lib.common.rest_client [req-12e51ba1-769b-4972-9e8a-ebf515ece23b req-12e51ba1-769b-4972-9e8a-ebf515ece23b ] Request (DeleteServersTestJSON:test_delete_server_while_in_attached_volume): 200 GET http://10.180.1.21/compute/v2.1/servers/f427073a-cfcc-4a42-a698-51a59d60796a 0.829s
2025-11-22 02:04:44.638 67592 INFO tempest.lib.common.rest_client [req-e91d0849-fa05-4ec5-b1db-e5e032c2d208 req-e91d0849-fa05-4ec5-b1db-e5e032c2d208 ] Request (ServersTestFqdnHostnames:test_create_server_with_fqdn_name): 200 GET http://10.180.1.21/compute/v2.1/servers/fd4e8dd6-1438-4668-9dcf-a9228d15d076 0.836s
2025-11-22 02:04:44.646 67590 INFO tempest.lib.common.rest_client [req-852bfd1e-9787-4c1f-bb5e-538eac541027 req-852bfd1e-9787-4c1f-bb5e-538eac541027 ] Request (ServersAdminTestJSON:setUpClass): 200 GET http://10.180.1.21/compute/v2.1/servers/77ece561-8ec9-4e0b-a70a-996f47203ab3 0.873s
2025-11-22 02:04:44.654 67590 INFO tempest.common.waiters [-] State transition "BUILD/block_device_mapping" ==> "BUILD/spawning" after 28 second wait
2025-11-22 02:04:44.685 67554 INFO tempest.lib.common.rest_client [req-1cd40a2a-fac8-4d19-9185-e13fdb353621 req-1cd40a2a-fac8-4d19-9185-e13fdb353621 ] Request (ListImageFiltersTestJSON:setUpClass): 200 GET http://10.180.1.21/compute/v2.1/images/7d39a3ec-ad6d-4219-a165-4436a481404f 0.876s
2025-11-22 02:04:44.722 67534 INFO tempest.lib.common.rest_client [req-6c88cb76-9a96-49e4-88e0-9643c6770999 req-6c88cb76-9a96-49e4-88e0-9643c6770999 ] Request (ServerAddressesNegativeTestJSON:setUpClass): 200 GET http://10.180.1.21/compute/v2.1/servers/48336ad8-569d-4c34-9fa0-a7aeeccda707 0.865s
2025-11-22 02:04:44.878 67572 INFO tempest.lib.common.rest_client [req-defe248b-4614-4f9f-bb8b-61d275c2d388 req-defe248b-4614-4f9f-bb8b-61d275c2d388 ] Request (VolumesAssistedSnapshotsTest:tearDownClass): 200 GET http://10.180.1.21/compute/v2.1/servers/41cc6889-4517-4132-a107-c828d5d42570 0.770s
2025-11-22 02:04:44.918 67560 INFO tempest.lib.common.rest_client [req-edba4aca-9df3-4cd3-b185-23eea1bed46b req-edba4aca-9df3-4cd3-b185-23eea1bed46b ] Request (ServerActionsTestOtherB:test_create_backup): 200 GET http://10.180.1.21/image/v2/images/ce1329eb-6913-44f9-9158-ae3b5acdae1a 0.020s
2025-11-22 02:04:44.956 67586 INFO tempest.lib.common.rest_client [req-6423e71f-4d4a-49b2-9151-987f186e47f1 req-6423e71f-4d4a-49b2-9151-987f186e47f1 ] Request (ServerTagsTestJSON:test_update_all_tags): 201 PUT http://10.180.1.21/compute/v2.1/servers/0941c726-44e5-4467-9433-3b05e6a1de55/tags/tempest-tag-1037894232 0.816s
2025-11-22 02:04:45.001 67562 WARNING tempest.lib.common.ssh [-] Failed to establish authenticated ssh connection to cirros@10.180.180.254 ([Errno None] Unable to connect to port 22 on 10.180.180.254). Number attempts: 3. Retry after 4 seconds.: paramiko.ssh_exception.NoValidConnectionsError: [Errno None] Unable to connect to port 22 on 10.180.180.254
2025-11-22 02:04:45.014 67548 WARNING tempest.lib.common.ssh [-] Failed to establish authenticated ssh connection to cirros@10.180.180.183 ([Errno None] Unable to connect to port 22 on 10.180.180.183). Number attempts: 9. Retry after 10 seconds.: paramiko.ssh_exception.NoValidConnectionsError: [Errno None] Unable to connect to port 22 on 10.180.180.183
2025-11-22 02:04:45.014 67576 WARNING tempest.lib.common.ssh [-] Failed to establish authenticated ssh connection to cirros@10.180.180.194 ([Errno None] Unable to connect to port 22 on 10.180.180.194). Number attempts: 3. Retry after 4 seconds.: paramiko.ssh_exception.NoValidConnectionsError: [Errno None] Unable to connect to port 22 on 10.180.180.194
2025-11-22 02:04:45.148 67584 INFO tempest.lib.common.rest_client [req-0294ab06-adc6-441e-98fe-282c0760d47e req-0294ab06-adc6-441e-98fe-282c0760d47e ] Request (ServerRescueTestJSONUnderV235:setUpClass): 200 GET http://10.180.1.21/compute/v2.1/servers/f3bbd38e-71b2-4ecc-aeb7-1b41d81f4b25 1.167s
2025-11-22 02:04:45.180 67594 INFO tempest.lib.common.rest_client [req-d1140b54-1e6c-477d-8086-bdd39c445f80 req-d1140b54-1e6c-477d-8086-bdd39c445f80 ] Request (FlavorsAdminTestJSON:_run_cleanups): 200 GET http://10.180.1.21/compute/v2.1/flavors/detail 0.992s
2025-11-22 02:04:45.211 67552 WARNING tempest.lib.common.ssh [-] Failed to establish authenticated ssh connection to cirros@10.180.180.215 ([Errno None] Unable to connect to port 22 on 10.180.180.215). Number attempts: 1. Retry after 2 seconds.: paramiko.ssh_exception.NoValidConnectionsError: [Errno None] Unable to connect to port 22 on 10.180.180.215
2025-11-22 02:04:45.255 67574 INFO tempest.lib.common.rest_client [req-37fdec96-29d2-4b16-848e-61cc024d39dc req-37fdec96-29d2-4b16-848e-61cc024d39dc ] Request (ServersNegativeTestMultiTenantJSON:tearDownClass): 200 GET http://10.180.1.21/compute/v2.1/servers/6589e734-e36c-4d1f-9d6f-7b9235b8c6a5 1.095s
2025-11-22 02:04:45.377 67558 INFO tempest.lib.common.rest_client [req-f673b5e5-96c5-4685-a844-1baf4ed19d47 req-f673b5e5-96c5-4685-a844-1baf4ed19d47 ] Request (ListServersNegativeTestJSON:tearDownClass): 200 GET http://10.180.1.21/compute/v2.1/servers/2cf830e5-c6f5-4204-b218-440bd3b356ee 1.005s
2025-11-22 02:04:45.386 67594 INFO tempest.lib.common.rest_client [req-cd411f5f-f092-46f1-8f0c-553b4e062b82 req-cd411f5f-f092-46f1-8f0c-553b4e062b82 ] Request (FlavorsAdminTestJSON:tearDownClass): 204 DELETE http://10.180.1.21/identity/v3/users/531e27f909b642e5856cc292212a51ec 0.198s
2025-11-22 02:04:45.393 67544 INFO tempest.lib.common.rest_client [req-1f6e4831-8fd7-41ba-a5a9-5196421a73da req-1f6e4831-8fd7-41ba-a5a9-5196421a73da ] Request (ServersAdminNegativeTestJSON:test_resize_server_using_overlimit_vcpus): 403 POST http://10.180.1.21/compute/v2.1/servers/2ab48446-80fb-4e82-93b6-02f561641a23/action 1.173s
2025-11-22 02:04:45.396 67558 INFO tempest.common.waiters [-] State transition "ACTIVE/deleting" ==> "DELETED/None" after 2 second wait
2025-11-22 02:04:45.577 67594 INFO tempest.lib.common.rest_client [req-229648df-fe85-4f74-8018-dd8c55620e6b req-229648df-fe85-4f74-8018-dd8c55620e6b ] Request (FlavorsAdminTestJSON:tearDownClass): 204 DELETE http://10.180.1.21/identity/v3/users/40edeb21daf54425840df4e94adc21ed 0.190s
2025-11-22 02:04:45.578 67594 INFO tempest.lib.common.dynamic_creds [-] Deleting project and security group for project: e987740a7d6644e98b03222d13b8bd38
2025-11-22 02:04:45.666 67594 INFO tempest.lib.common.rest_client [req-ee13ec4e-172a-4b82-a39d-5415ba0eff36 req-ee13ec4e-172a-4b82-a39d-5415ba0eff36 ] Request (FlavorsAdminTestJSON:tearDownClass): 201 POST http://10.180.1.21/identity/v3/auth/tokens 0.088s
2025-11-22 02:04:45.701 67540 INFO tempest.lib.common.rest_client [req-8e660b6b-b464-4aeb-bcb5-287ee550fa9a req-8e660b6b-b464-4aeb-bcb5-287ee550fa9a ] Request (ServerRescueNegativeTestJSON:_run_cleanups): 200 GET http://10.180.1.21/compute/v2.1/servers/171dfa95-f26b-4153-a2c5-2898a5ddf2da 1.215s
2025-11-22 02:04:45.729 67556 INFO tempest.lib.common.rest_client [req-4e188545-1282-4576-a3ca-36b82cd325ad req-4e188545-1282-4576-a3ca-36b82cd325ad ] Request (ImagesOneServerNegativeTestJSON:setUpClass): 200 GET http://10.180.1.21/compute/v2.1/servers/2b860cca-5ca5-4fa1-ba7e-4288bebb36ad 1.196s
2025-11-22 02:04:45.804 67586 INFO tempest.lib.common.rest_client [req-247c0ba5-8969-434b-892a-9f93b4bb1d26 req-247c0ba5-8969-434b-892a-9f93b4bb1d26 ] Request (ServerTagsTestJSON:test_update_all_tags): 200 PUT http://10.180.1.21/compute/v2.1/servers/0941c726-44e5-4467-9433-3b05e6a1de55/tags 0.847s
2025-11-22 02:04:45.943 67560 INFO tempest.lib.common.rest_client [req-3b52ff35-20f7-4506-aaee-bbd94466a8a6 req-3b52ff35-20f7-4506-aaee-bbd94466a8a6 ] Request (ServerActionsTestOtherB:test_create_backup): 200 GET http://10.180.1.21/image/v2/images/ce1329eb-6913-44f9-9158-ae3b5acdae1a 0.024s
2025-11-22 02:04:45.978 67594 INFO tempest.lib.common.rest_client [req-998f6114-3820-4a0f-8a7e-d97e84ed924b req-998f6114-3820-4a0f-8a7e-d97e84ed924b ] Request (FlavorsAdminTestJSON:tearDownClass): 200 GET http://10.180.1.21/networking/v2.0/security-groups?tenant_id=e987740a7d6644e98b03222d13b8bd38&name=default 0.311s
2025-11-22 02:04:46.006 67542 INFO tempest.lib.common.rest_client [req-7a4ccd91-0532-49e5-9f67-e373b11f5377 req-7a4ccd91-0532-49e5-9f67-e373b11f5377 ] Request (ServersAdmin275Test:tearDownClass): 200 GET http://10.180.1.21/compute/v2.1/servers/3b421e22-6ee9-457f-bffe-fbcf815fc8ab 0.991s
2025-11-22 02:04:46.016 67542 INFO tempest.common.waiters [-] State transition "ACTIVE/deleting" ==> "DELETED/None" after 5 second wait
2025-11-22 02:04:46.187 67594 INFO tempest.lib.common.rest_client [req-c25bc8d2-267a-4690-a5e0-06a4ac1acd49 req-c25bc8d2-267a-4690-a5e0-06a4ac1acd49 ] Request (FlavorsAdminTestJSON:tearDownClass): 204 DELETE http://10.180.1.21/networking/v2.0/security-groups/987c67dd-915d-458b-bc39-2567f37b72b1 0.209s
2025-11-22 02:04:46.251 67594 INFO tempest.lib.common.rest_client [req-0d88af6c-c493-4226-a541-88715c1cbc70 req-0d88af6c-c493-4226-a541-88715c1cbc70 ] Request (FlavorsAdminTestJSON:tearDownClass): 204 DELETE http://10.180.1.21/identity/v3/projects/e987740a7d6644e98b03222d13b8bd38 0.064s
2025-11-22 02:04:46.252 67594 INFO tempest.lib.common.dynamic_creds [-] Deleting project and security group for project: f2b8142d864643f39ca93501f233ad3f
2025-11-22 02:04:46.308 67570 INFO tempest.lib.common.rest_client [req-f1b72863-2d12-497c-bb65-de836cd000ed req-f1b72863-2d12-497c-bb65-de836cd000ed ] Request (FloatingIPsAssociationTestJSON:setUpClass): 200 GET http://10.180.1.21/compute/v2.1/servers/3d1cf0ea-5d2f-4de3-b414-26a68ef256cd 1.245s
2025-11-22 02:04:46.439 67594 INFO tempest.lib.common.rest_client [req-d039269e-4ac8-4a22-98f3-0555d6f940b7 req-d039269e-4ac8-4a22-98f3-0555d6f940b7 ] Request (FlavorsAdminTestJSON:tearDownClass): 200 GET http://10.180.1.21/networking/v2.0/security-groups?tenant_id=f2b8142d864643f39ca93501f233ad3f&name=default 0.187s
2025-11-22 02:04:46.476 67550 INFO tempest.lib.common.rest_client [req-bf7aac88-077e-45c3-8aa0-cdc039433af9 req-bf7aac88-077e-45c3-8aa0-cdc039433af9 ] Request (InstanceActionsTestJSON:setUpClass): 200 GET http://10.180.1.21/compute/v2.1/servers/738d33de-5e8a-4bec-bf8d-f0a810cfabb9 1.255s
2025-11-22 02:04:46.483 67550 INFO tempest.common.waiters [-] State transition "BUILD/networking" ==> "BUILD/spawning" after 28 second wait
2025-11-22 02:04:46.573 67564 INFO tempest.lib.common.rest_client [req-502c003f-ab9e-48e6-8428-b300e82d6c2f req-502c003f-ab9e-48e6-8428-b300e82d6c2f ] Request (MultipleCreateTestJSON:test_multiple_create_with_reservation_return): 200 GET http://10.180.1.21/compute/v2.1/servers/0ddb75eb-9096-410a-bc29-48877b208426 1.283s
2025-11-22 02:04:46.745 67594 INFO tempest.lib.common.rest_client [req-34bd1b66-b0b6-4f57-ad4c-0fce901e14e1 req-34bd1b66-b0b6-4f57-ad4c-0fce901e14e1 ] Request (FlavorsAdminTestJSON:tearDownClass): 204 DELETE http://10.180.1.21/networking/v2.0/security-groups/b1f51bb0-39fe-4c9f-abfb-3ccbce11ff80 0.305s
2025-11-22 02:04:46.806 67538 INFO tempest.lib.common.rest_client [req-72664492-61b7-4e30-bc45-51e309eca720 req-72664492-61b7-4e30-bc45-51e309eca720 ] Request (FloatingIPsAssociationNegativeTestJSON:tearDownClass): 200 GET http://10.180.1.21/compute/v2.1/servers/567832a6-ac56-49aa-84f5-cd9a0e4253aa 1.515s
2025-11-22 02:04:46.815 67538 INFO tempest.common.waiters [-] State transition "ACTIVE/deleting" ==> "DELETED/None" after 4 second wait
2025-11-22 02:04:46.858 67568 INFO tempest.lib.common.rest_client [req-1e4d3669-98e9-4648-a81f-edac228ec7ba req-1e4d3669-98e9-4648-a81f-edac228ec7ba ] Request (DeleteServersAdminTestJSON:test_admin_delete_servers_of_others): 200 GET http://10.180.1.21/compute/v2.1/servers/a26d4d7a-58f0-4ab9-9567-024210c40042 1.494s
2025-11-22 02:04:46.863 67594 INFO tempest.lib.common.rest_client [req-fb432af9-d92c-425b-93eb-e9b2aec9b883 req-fb432af9-d92c-425b-93eb-e9b2aec9b883 ] Request (FlavorsAdminTestJSON:tearDownClass): 204 DELETE http://10.180.1.21/identity/v3/projects/f2b8142d864643f39ca93501f233ad3f 0.117s
2025-11-22 02:04:46.883 67544 INFO tempest.lib.common.rest_client [req-ac2a51da-2ddc-4ba9-8cdc-b8afd20f062a req-ac2a51da-2ddc-4ba9-8cdc-b8afd20f062a ] Request (ServersAdminNegativeTestJSON:_run_cleanups): 202 DELETE http://10.180.1.21/compute/v2.1/flavors/1454722003 1.489s
2025-11-22 02:04:46.946 67594 INFO tempest.lib.common.rest_client [req-b1c3be96-f632-4ff0-b31a-6b2973184ea0 req-b1c3be96-f632-4ff0-b31a-6b2973184ea0 ] Request (QuotaClassesAdminTestJSON:setUpClass): 201 POST http://10.180.1.21/identity/v3/auth/tokens 0.081s
2025-11-22 02:04:46.968 67546 INFO tempest.lib.common.rest_client [req-794040ce-34f0-45ea-87bd-c3f3a8dfc1ab req-794040ce-34f0-45ea-87bd-c3f3a8dfc1ab ] Request (MigrationsAdminTest:test_resize_server_revert_deleted_flavor): 200 GET http://10.180.1.21/compute/v2.1/servers/6fe094cb-12e3-4db3-b697-b1685c0a99c1 1.603s
2025-11-22 02:04:46.985 67532 INFO tempest.lib.common.rest_client [req-2dfd514e-c567-43bd-9d02-904bf01307fe req-2dfd514e-c567-43bd-9d02-904bf01307fe ] Request (ServersTestMultiNic:test_verify_duplicate_network_nics): 200 GET http://10.180.1.21/compute/v2.1/servers/84c23dc3-049b-4f12-bde4-ffe9123a0453 1.557s
2025-11-22 02:04:47.001 67594 INFO tempest.lib.common.rest_client [req-5b9b2315-d989-4c3b-998d-3a6145c21b30 req-5b9b2315-d989-4c3b-998d-3a6145c21b30 ] Request (QuotaClassesAdminTestJSON:setUpClass): 201 POST http://10.180.1.21/identity/v3/auth/tokens 0.051s
2025-11-22 02:04:47.035 67594 INFO tempest.lib.common.rest_client [req-3f6a56ff-4f3d-44a9-805f-6e10bf5991c4 req-3f6a56ff-4f3d-44a9-805f-6e10bf5991c4 ] Request (QuotaClassesAdminTestJSON:setUpClass): 200 GET http://10.180.1.21/identity/v3/domains?name=Default 0.034s
2025-11-22 02:04:47.051 67560 INFO tempest.lib.common.rest_client [req-d71b98db-0532-4e9a-9876-c995db7cda43 req-d71b98db-0532-4e9a-9876-c995db7cda43 ] Request (ServerActionsTestOtherB:test_create_backup): 200 GET http://10.180.1.21/image/v2/images/ce1329eb-6913-44f9-9158-ae3b5acdae1a 0.107s
2025-11-22 02:04:47.068 67594 INFO tempest.lib.common.rest_client [req-020e8450-651f-4ac4-9f3b-c1fedc9a6a8f req-020e8450-651f-4ac4-9f3b-c1fedc9a6a8f ] Request (QuotaClassesAdminTestJSON:setUpClass): 201 POST http://10.180.1.21/identity/v3/projects 0.032s
