2025-11-22 03:32:57.871 66357 INFO tempest.lib.common.dynamic_creds [-] Created isolated network resources for: credentials: Credentials: {'domain_id': 'default', 'domain_name': 'Default', 'username': 'tempest-ServersTestMultiNic-1308312640-project-member', 'project_domain_id': 'default', 'project_domain_name': 'Default', 'project_id': '977d47eb6c224ad9949c3f3a5c7414d4', 'project_name': 'tempest-ServersTestMultiNic-1308312640', 'tenant_id': '977d47eb6c224ad9949c3f3a5c7414d4', 'tenant_name': 'tempest-ServersTestMultiNic-1308312640', 'user_domain_id': 'default', 'user_domain_name': 'Default', 'user_id': '8de93c30e592488f88508d7d6f6ce028', 'system': None}, Network: {'id': '0cff056a-f332-4237-9b41-7326c8f2dc64', 'name': 'tempest-ServersTestMultiNic-2138989770-network', 'tenant_id': '977d47eb6c224ad9949c3f3a5c7414d4', 'project_id': '977d47eb6c224ad9949c3f3a5c7414d4', 'admin_state_up': True, 'mtu': 8950, 'status': 'ACTIVE', 'subnets': [], 'shared': False, 'port_security_enabled': True, 'router:external': False, 'provider:network_type': 'vlan', 'provider:physical_network': 'default', 'provider:segmentation_id': 342, 'availability_zone_hints': [], 'availability_zones': [], 'ipv4_address_scope': None, 'ipv6_address_scope': None, 'description': '', 'tags': [], 'created_at': '2025-11-22T03:32:54Z', 'updated_at': '2025-11-22T03:32:54Z', 'revision_number': 1}, Subnet: {'id': 'bcf6b897-ea6b-4f71-baa2-51654f9b7a33', 'name': 'tempest-ServersTestMultiNic-2138989770-subnet', 'tenant_id': '977d47eb6c224ad9949c3f3a5c7414d4', 'network_id': '0cff056a-f332-4237-9b41-7326c8f2dc64', 'ip_version': 4, 'subnetpool_id': None, 'enable_dhcp': True, 'ipv6_ra_mode': None, 'ipv6_address_mode': None, 'gateway_ip': '192.168.128.1', 'cidr': '192.168.128.0/28', 'allocation_pools': [{'start': '192.168.128.2', 'end': '192.168.128.14'}], 'host_routes': [], 'dns_nameservers': [], 'description': '', 'router:external': False, 'service_types': [], 'tags': [], 'created_at': '2025-11-22T03:32:55Z', 'updated_at': '2025-11-22T03:32:55Z', 'revision_number': 0, 'project_id': '977d47eb6c224ad9949c3f3a5c7414d4'}, Router: {'id': 'edc68b88-3cd6-4c04-bb81-12872fb22ef4', 'name': 'tempest-ServersTestMultiNic-2138989770-router', 'tenant_id': '977d47eb6c224ad9949c3f3a5c7414d4', 'admin_state_up': True, 'status': 'ACTIVE', 'external_gateway_info': {'network_id': '276b7a30-ce64-47b8-b54b-e42ad0a61595', 'external_fixed_ips': [{'subnet_id': '03e9682e-35e4-4a44-84b9-ac5a387484af', 'ip_address': '10.180.180.161'}], 'enable_snat': True}, 'description': '', 'availability_zones': [], 'distributed': False, 'ha': False, 'availability_zone_hints': [], 'routes': [], 'flavor_id': None, 'tags': [], 'created_at': '2025-11-22T03:32:55Z', 'updated_at': '2025-11-22T03:32:56Z', 'revision_number': 2, 'project_id': '977d47eb6c224ad9949c3f3a5c7414d4'}
2025-11-22 03:32:57.988 66357 INFO tempest.lib.common.rest_client [req-23d55202-056e-49d5-8135-6d37f6a41a7d req-23d55202-056e-49d5-8135-6d37f6a41a7d ] Request (ServersTestMultiNic:setUpClass): 201 POST http://10.180.1.21/identity/v3/auth/tokens 0.113s
2025-11-22 03:32:58.001 66361 INFO tempest.lib.common.rest_client [req-ee77b202-e34f-4c39-a207-b9d48f5db01b req-ee77b202-e34f-4c39-a207-b9d48f5db01b ] Request (FloatingIPsAssociationNegativeTestJSON:tearDownClass): 204 DELETE http://10.180.1.21/networking/v2.0/security-groups/4b19a464-262b-473d-9f50-535013bda763 0.357s
2025-11-22 03:32:58.088 66365 INFO tempest.lib.common.rest_client [req-ffaaba46-90a4-468d-b1e8-011375ac91a1 req-ffaaba46-90a4-468d-b1e8-011375ac91a1 ] Request (ServersWithSpecificFlavorTestJSON:test_verify_created_server_ephemeral_disk): 200 GET http://10.180.1.21/compute/v2.1/servers/e9e7a0bc-f2a3-42a1-bc37-13720a961b56 3.709s
2025-11-22 03:32:58.152 66361 INFO tempest.lib.common.rest_client [req-2d86a10e-422f-45c2-9a0e-24ff21040c02 req-2d86a10e-422f-45c2-9a0e-24ff21040c02 ] Request (FloatingIPsAssociationNegativeTestJSON:tearDownClass): 204 DELETE http://10.180.1.21/identity/v3/projects/529be7acdd4e492296e034ab4c520bbd 0.151s
2025-11-22 03:32:58.221 66361 INFO tempest.lib.common.rest_client [req-909c9fbb-bab1-4fdd-8688-9c21b2983dc2 req-909c9fbb-bab1-4fdd-8688-9c21b2983dc2 ] Request (ImagesOneServerTestJSON:setUpClass): 201 POST http://10.180.1.21/identity/v3/auth/tokens 0.067s
2025-11-22 03:32:58.262 66361 INFO tempest.lib.common.rest_client [req-284fa403-7646-4861-8788-61f2af43ed7f req-284fa403-7646-4861-8788-61f2af43ed7f ] Request (ImagesOneServerTestJSON:setUpClass): 201 POST http://10.180.1.21/identity/v3/auth/tokens 0.038s
2025-11-22 03:32:58.301 66361 INFO tempest.lib.common.rest_client [req-04f8258f-e431-4d3c-8115-fe4a9db78a0d req-04f8258f-e431-4d3c-8115-fe4a9db78a0d ] Request (ImagesOneServerTestJSON:setUpClass): 200 GET http://10.180.1.21/identity/v3/domains?name=Default 0.038s
2025-11-22 03:32:58.332 66361 INFO tempest.lib.common.rest_client [req-2081397d-828a-4191-a4bf-fb6f9619c524 req-2081397d-828a-4191-a4bf-fb6f9619c524 ] Request (ImagesOneServerTestJSON:setUpClass): 201 POST http://10.180.1.21/identity/v3/projects 0.030s
2025-11-22 03:32:58.405 66357 INFO tempest.lib.common.rest_client [req-b18dacd3-6882-4941-9cce-2127d539d56e req-b18dacd3-6882-4941-9cce-2127d539d56e ] Request (ServersTestMultiNic:test_verify_duplicate_network_nics): 201 POST http://10.180.1.21/networking/v2.0/networks 0.414s
2025-11-22 03:32:58.418 66360 INFO paramiko.transport [-] Connected (version 2.0, client dropbear_2020.81)
2025-11-22 03:32:58.424 66361 INFO tempest.lib.common.rest_client [req-ed4e158a-89ad-409e-9835-90c8f05ccf70 req-ed4e158a-89ad-409e-9835-90c8f05ccf70 ] Request (ImagesOneServerTestJSON:setUpClass): 201 POST http://10.180.1.21/identity/v3/users 0.091s
2025-11-22 03:32:58.453 66337 INFO tempest.lib.common.rest_client [req-0d50aa7d-ec91-4df8-b23a-c3473246f9aa req-0d50aa7d-ec91-4df8-b23a-c3473246f9aa ] Request (ServersAdminTestJSON:_run_cleanups): 200 GET http://10.180.1.21/compute/v2.1/servers/ecc645e7-d1f9-4d1c-b6db-5835c528d775 4.107s
2025-11-22 03:32:58.453 66361 INFO tempest.lib.common.rest_client [req-7dad6689-32f0-40ad-a928-b4bc918f50fd req-7dad6689-32f0-40ad-a928-b4bc918f50fd ] Request (ImagesOneServerTestJSON:setUpClass): 200 GET http://10.180.1.21/identity/v3/roles 0.028s
2025-11-22 03:32:58.464 66337 INFO tempest.common.waiters [-] State transition "REBUILD/rebuild_spawning" ==> "ACTIVE/None" after 11 second wait
2025-11-22 03:32:58.472 66382 INFO tempest.lib.common.rest_client [req-c0240229-ee1e-4ec0-9b7a-ae041051553a req-c0240229-ee1e-4ec0-9b7a-ae041051553a ] Request (InstanceActionsNegativeTestJSON:setUpClass): 200 GET http://10.180.1.21/compute/v2.1/servers/f0c7b8fd-adb9-47a4-b0d1-0108dde923f0 4.047s
2025-11-22 03:32:58.520 66361 INFO tempest.lib.common.rest_client [req-5f678248-9ec0-494e-b8f5-aa3364980964 req-5f678248-9ec0-494e-b8f5-aa3364980964 ] Request (ImagesOneServerTestJSON:setUpClass): 204 PUT http://10.180.1.21/identity/v3/projects/614d54ceef724bd88e35cf703caa7cd7/users/be33549ccb2248d1b069cd425194e1d4/roles/561d41370c8e474a85b926a2492f2479 0.066s
2025-11-22 03:32:58.520 66361 INFO tempest.lib.common.dynamic_creds [-] Dynamic test user be33549ccb2248d1b069cd425194e1d4 is created with scope project and roles: ['member']
2025-11-22 03:32:58.520 66361 INFO tempest.lib.common.dynamic_creds [-] Acquired dynamic creds: credentials: Credentials: {'domain_id': 'default', 'domain_name': 'Default', 'username': 'tempest-ImagesOneServerTestJSON-468614391-project-member', 'project_domain_id': 'default', 'project_domain_name': 'Default', 'project_id': '614d54ceef724bd88e35cf703caa7cd7', 'project_name': 'tempest-ImagesOneServerTestJSON-468614391', 'tenant_id': '614d54ceef724bd88e35cf703caa7cd7', 'tenant_name': 'tempest-ImagesOneServerTestJSON-468614391', 'user_domain_id': 'default', 'user_domain_name': 'Default', 'user_id': 'be33549ccb2248d1b069cd425194e1d4', 'system': None}, Network: None, Subnet: None, Router: None
2025-11-22 03:32:58.522 66360 INFO paramiko.transport [-] Authentication (publickey) successful!
2025-11-22 03:32:58.522 66360 INFO tempest.lib.common.ssh [-] ssh connection to cirros@10.180.180.249 successfully created
2025-11-22 03:32:58.597 66361 INFO tempest.lib.common.rest_client [req-f551248c-f250-4674-ada0-b0cb65eab0ee req-f551248c-f250-4674-ada0-b0cb65eab0ee ] Request (ImagesOneServerTestJSON:setUpClass): 201 POST http://10.180.1.21/identity/v3/auth/tokens 0.077s
2025-11-22 03:32:58.721 66357 INFO tempest.lib.common.rest_client [req-8bcb0496-57f6-47fa-8cf5-8cf763f85931 req-8bcb0496-57f6-47fa-8cf5-8cf763f85931 ] Request (ServersTestMultiNic:test_verify_duplicate_network_nics): 201 POST http://10.180.1.21/networking/v2.0/subnets 0.315s
2025-11-22 03:32:58.753 66353 INFO tempest.lib.common.rest_client [req-9b7df1ec-2ecd-4dcb-bb57-accfac6c2bce req-9b7df1ec-2ecd-4dcb-bb57-accfac6c2bce ] Request (MultipleCreateTestJSON:test_multiple_create): 200 GET http://10.180.1.21/compute/v2.1/servers/804b95d0-772c-47d1-9fa7-260074759a77 4.303s
2025-11-22 03:32:58.768 66375 INFO tempest.lib.common.rest_client [req-20ec3d08-185d-470c-9e03-5795a7289f08 req-20ec3d08-185d-470c-9e03-5795a7289f08 ] Request (ListServersNegativeTestJSON:setUpClass): 200 GET http://10.180.1.21/compute/v2.1/servers/bc4f9746-14ee-46fd-ae5a-2a61a64602f5 4.064s
2025-11-22 03:32:59.058 66361 INFO tempest.lib.common.rest_client [req-9e39eef1-2228-4170-be02-133ed3ae2acb req-9e39eef1-2228-4170-be02-133ed3ae2acb ] Request (ImagesOneServerTestJSON:setUpClass): 201 POST http://10.180.1.21/networking/v2.0/networks 0.460s
2025-11-22 03:32:59.160 66357 INFO tempest.lib.common.rest_client [req-638d2b8c-27d8-4311-a729-581c984afa5b req-638d2b8c-27d8-4311-a729-581c984afa5b ] Request (ServersTestMultiNic:test_verify_duplicate_network_nics): 201 POST http://10.180.1.21/networking/v2.0/networks 0.437s
2025-11-22 03:32:59.194 66371 INFO tempest.lib.common.rest_client [req-7375f900-bbd6-4ea9-b3a9-7c73110b8c99 req-7375f900-bbd6-4ea9-b3a9-7c73110b8c99 ] Request (DeleteServersTestJSON:test_delete_server_while_in_attached_volume): 200 GET http://10.180.1.21/compute/v2.1/servers/dcffbd1b-1386-4ddf-a622-9186038fc273 4.288s
2025-11-22 03:32:59.222 66355 INFO tempest.lib.common.rest_client [req-bbd2c414-594f-4ab5-9b43-d1624a74efe7 req-bbd2c414-594f-4ab5-9b43-d1624a74efe7 ] Request (ServerTagsTestJSON:tearDownClass): 200 GET http://10.180.1.21/compute/v2.1/servers/a7a4518b-c5d6-440b-9e98-95c5942a7de1 4.273s
2025-11-22 03:32:59.233 66355 INFO tempest.common.waiters [-] State transition "ACTIVE/deleting" ==> "DELETED/None" after 6 second wait
2025-11-22 03:32:59.423 66361 INFO tempest.lib.common.rest_client [req-4017a3c2-95d5-408b-96d8-22306bed550c req-4017a3c2-95d5-408b-96d8-22306bed550c ] Request (ImagesOneServerTestJSON:setUpClass): 201 POST http://10.180.1.21/networking/v2.0/subnets 0.364s
2025-11-22 03:32:59.545 66331 INFO tempest.lib.common.rest_client [req-7d218f09-8a8d-4343-8f82-e334638dff27 req-7d218f09-8a8d-4343-8f82-e334638dff27 ] Request (ServersAaction247Test:tearDownClass): 200 GET http://10.180.1.21/compute/v2.1/servers/9c7cb999-a949-4e08-ae2e-cb14824eea0b 4.135s
2025-11-22 03:32:59.648 66357 INFO tempest.lib.common.rest_client [req-69ce9564-f611-4dc0-92a8-d0dd39666d6e req-69ce9564-f611-4dc0-92a8-d0dd39666d6e ] Request (ServersTestMultiNic:test_verify_duplicate_network_nics): 201 POST http://10.180.1.21/networking/v2.0/subnets 0.488s
2025-11-22 03:32:59.730 66363 INFO tempest.lib.common.rest_client [req-b789a7e3-e695-4d36-b20e-409c892e222e req-b789a7e3-e695-4d36-b20e-409c892e222e ] Request (ServerActionsTestOtherA:setUp): 200 GET http://10.180.1.21/compute/v2.1/servers/836b67a1-e5e1-4803-a750-506af6a22fc9 4.746s
2025-11-22 03:32:59.748 66357 INFO tempest.lib.common.rest_client [req-7dd3ee79-f205-49ee-a906-9e63875849d0 req-7dd3ee79-f205-49ee-a906-9e63875849d0 ] Request (ServersTestMultiNic:test_verify_duplicate_network_nics): 201 POST http://10.180.1.21/identity/v3/auth/tokens 0.092s
2025-11-22 03:32:59.749 66357 INFO tempest.lib.common.fixed_network [-] (ServersTestMultiNic:test_verify_duplicate_network_nics) Found network {'id': '0cff056a-f332-4237-9b41-7326c8f2dc64', 'name': 'tempest-ServersTestMultiNic-2138989770-network', 'tenant_id': '977d47eb6c224ad9949c3f3a5c7414d4', 'project_id': '977d47eb6c224ad9949c3f3a5c7414d4', 'admin_state_up': True, 'mtu': 8950, 'status': 'ACTIVE', 'subnets': [], 'shared': False, 'port_security_enabled': True, 'router:external': False, 'provider:network_type': 'vlan', 'provider:physical_network': 'default', 'provider:segmentation_id': 342, 'availability_zone_hints': [], 'availability_zones': [], 'ipv4_address_scope': None, 'ipv6_address_scope': None, 'description': '', 'tags': [], 'created_at': '2025-11-22T03:32:54Z', 'updated_at': '2025-11-22T03:32:54Z', 'revision_number': 1} available for tenant
2025-11-22 03:32:59.756 66345 INFO tempest.lib.common.rest_client [req-e1291a39-cf38-4ca7-ab3e-6dc320a38dc6 req-e1291a39-cf38-4ca7-ab3e-6dc320a38dc6 ] Request (ServerShowV257Test:test_rebuild_server): 200 GET http://10.180.1.21/compute/v2.1/servers/a4e7880d-1569-491e-acff-2cdffec981af 4.302s
2025-11-22 03:32:59.770 66345 INFO tempest.common.waiters [-] State transition "REBUILD/rebuild_spawning" ==> "ACTIVE/None" after 12 second wait
2025-11-22 03:32:59.836 66363 INFO tempest.lib.common.rest_client [req-f9c47700-b901-490d-9c7d-4318bb647b72 req-f9c47700-b901-490d-9c7d-4318bb647b72 ] Request (ServerActionsTestOtherA:test_rebuild_server_in_stop_state): 201 POST http://10.180.1.21/identity/v3/auth/tokens 0.089s
2025-11-22 03:32:59.836 66363 INFO tempest.lib.common.fixed_network [-] (ServerActionsTestOtherA:test_rebuild_server_in_stop_state) Found network {'id': '6fed0f81-7458-4058-912d-c53e30dc5e98', 'name': 'tempest-ServerActionsTestOtherA-548756589-network', 'tenant_id': '89300743ada64b348ab266269b499f22', 'project_id': '89300743ada64b348ab266269b499f22', 'admin_state_up': True, 'mtu': 8950, 'status': 'ACTIVE', 'subnets': [], 'shared': False, 'port_security_enabled': True, 'router:external': False, 'provider:network_type': 'vlan', 'provider:physical_network': 'default', 'provider:segmentation_id': 885, 'availability_zone_hints': [], 'availability_zones': [], 'ipv4_address_scope': None, 'ipv6_address_scope': None, 'description': '', 'tags': [], 'created_at': '2025-11-22T03:30:42Z', 'updated_at': '2025-11-22T03:30:42Z', 'revision_number': 1} available for tenant
2025-11-22 03:33:00.216 66349 WARNING tempest.lib.common.ssh [-] Failed to establish authenticated ssh connection to cirros@10.180.180.156 ([Errno None] Unable to connect to port 22 on 10.180.180.156). Number attempts: 4. Retry after 5 seconds.: paramiko.ssh_exception.NoValidConnectionsError: [Errno None] Unable to connect to port 22 on 10.180.180.156
2025-11-22 03:33:00.349 66361 INFO tempest.lib.common.rest_client [req-25bb8dda-7f55-43f8-83b0-22834bdd47c2 req-25bb8dda-7f55-43f8-83b0-22834bdd47c2 ] Request (ImagesOneServerTestJSON:setUpClass): 201 POST http://10.180.1.21/networking/v2.0/routers 0.926s
2025-11-22 03:33:00.385 66339 INFO tempest.lib.common.rest_client [req-a04b80d9-1b8a-476d-8e89-5e8fbed5f297 req-a04b80d9-1b8a-476d-8e89-5e8fbed5f297 ] Request (ListImageFiltersTestJSON:tearDownClass): 200 GET http://10.180.1.21/compute/v2.1/servers/358d37e2-1180-40a4-9108-0a3cb617ac96 4.706s
2025-11-22 03:33:00.395 66385 INFO tempest.lib.common.rest_client [req-8d82878a-a707-4de2-bb5d-5262aa430e1a req-8d82878a-a707-4de2-bb5d-5262aa430e1a ] Request (ServerShowV254Test:test_rebuild_server): 200 GET http://10.180.1.21/compute/v2.1/servers/5d17e541-901a-48ed-b5a1-cf554240f105 4.682s
2025-11-22 03:33:00.410 66385 INFO tempest.common.waiters [-] State transition "REBUILD/rebuilding" ==> "REBUILD/rebuild_spawning" after 8 second wait
2025-11-22 03:33:00.677 66374 INFO tempest.lib.common.rest_client [req-22bdf7b5-6018-4bf5-8c7c-1c14c5e18798 req-22bdf7b5-6018-4bf5-8c7c-1c14c5e18798 ] Request (ServerMetadataTestJSON:tearDownClass): 200 GET http://10.180.1.21/compute/v2.1/servers/7920eeed-577d-4ee6-8dab-69ead7c42706 4.610s
2025-11-22 03:33:00.684 66351 INFO tempest.lib.common.rest_client [req-37a78c74-8ea8-45e7-abb0-db39df8c1150 req-37a78c74-8ea8-45e7-abb0-db39df8c1150 ] Request (MigrationsAdminTest:test_list_migrations_in_flavor_resize_situation): 202 POST http://10.180.1.21/compute/v2.1/servers/b6f9926b-da45-40cd-8fe3-60a9b3d4dc91/action 4.614s
2025-11-22 03:33:01.329 66361 INFO tempest.lib.common.rest_client [req-c0345cb1-a99d-48b0-ae7b-1141be6eabf3 req-c0345cb1-a99d-48b0-ae7b-1141be6eabf3 ] Request (ImagesOneServerTestJSON:setUpClass): 200 PUT http://10.180.1.21/networking/v2.0/routers/be9f3b2f-e34c-4da7-a1df-c57acf378c8d/add_router_interface 0.979s
2025-11-22 03:33:01.329 66361 INFO tempest.lib.common.dynamic_creds [-] Created isolated network resources for: credentials: Credentials: {'domain_id': 'default', 'domain_name': 'Default', 'username': 'tempest-ImagesOneServerTestJSON-468614391-project-member', 'project_domain_id': 'default', 'project_domain_name': 'Default', 'project_id': '614d54ceef724bd88e35cf703caa7cd7', 'project_name': 'tempest-ImagesOneServerTestJSON-468614391', 'tenant_id': '614d54ceef724bd88e35cf703caa7cd7', 'tenant_name': 'tempest-ImagesOneServerTestJSON-468614391', 'user_domain_id': 'default', 'user_domain_name': 'Default', 'user_id': 'be33549ccb2248d1b069cd425194e1d4', 'system': None}, Network: {'id': 'bef668de-ff00-4fba-adcb-370f8569a062', 'name': 'tempest-ImagesOneServerTestJSON-320156736-network', 'tenant_id': '614d54ceef724bd88e35cf703caa7cd7', 'project_id': '614d54ceef724bd88e35cf703caa7cd7', 'admin_state_up': True, 'mtu': 8950, 'status': 'ACTIVE', 'subnets': [], 'shared': False, 'port_security_enabled': True, 'router:external': False, 'provider:network_type': 'vlan', 'provider:physical_network': 'default', 'provider:segmentation_id': 758, 'availability_zone_hints': [], 'availability_zones': [], 'ipv4_address_scope': None, 'ipv6_address_scope': None, 'description': '', 'tags': [], 'created_at': '2025-11-22T03:32:58Z', 'updated_at': '2025-11-22T03:32:58Z', 'revision_number': 1}, Subnet: {'id': '35abb221-8a23-4689-925d-431ef0e6013b', 'name': 'tempest-ImagesOneServerTestJSON-320156736-subnet', 'tenant_id': '614d54ceef724bd88e35cf703caa7cd7', 'network_id': 'bef668de-ff00-4fba-adcb-370f8569a062', 'ip_version': 4, 'subnetpool_id': None, 'enable_dhcp': True, 'ipv6_ra_mode': None, 'ipv6_address_mode': None, 'gateway_ip': '192.168.128.1', 'cidr': '192.168.128.0/28', 'allocation_pools': [{'start': '192.168.128.2', 'end': '192.168.128.14'}], 'host_routes': [], 'dns_nameservers': [], 'description': '', 'router:external': False, 'service_types': [], 'tags': [], 'created_at': '2025-11-22T03:32:59Z', 'updated_at': '2025-11-22T03:32:59Z', 'revision_number': 0, 'project_id': '614d54ceef724bd88e35cf703caa7cd7'}, Router: {'id': 'be9f3b2f-e34c-4da7-a1df-c57acf378c8d', 'name': 'tempest-ImagesOneServerTestJSON-320156736-router', 'tenant_id': '614d54ceef724bd88e35cf703caa7cd7', 'admin_state_up': True, 'status': 'ACTIVE', 'external_gateway_info': {'network_id': '276b7a30-ce64-47b8-b54b-e42ad0a61595', 'external_fixed_ips': [{'subnet_id': '03e9682e-35e4-4a44-84b9-ac5a387484af', 'ip_address': '10.180.180.155'}], 'enable_snat': True}, 'description': '', 'availability_zones': [], 'distributed': False, 'ha': False, 'availability_zone_hints': [], 'routes': [], 'flavor_id': None, 'tags': [], 'created_at': '2025-11-22T03:32:59Z', 'updated_at': '2025-11-22T03:33:00Z', 'revision_number': 2, 'project_id': '614d54ceef724bd88e35cf703caa7cd7'}
2025-11-22 03:33:01.397 66333 INFO tempest.lib.common.rest_client [req-2b699e60-98c4-498e-8cfe-117eca1f1064 req-2b699e60-98c4-498e-8cfe-117eca1f1064 ] Request (FloatingIPsAssociationTestJSON:tearDownClass): 200 GET http://10.180.1.21/compute/v2.1/servers/db876e0c-b706-4118-8ed5-5be7d4c97929 5.310s
2025-11-22 03:33:01.415 66378 INFO tempest.lib.common.rest_client [req-24001e7e-f8a8-4354-b871-d01b55577613 req-24001e7e-f8a8-4354-b871-d01b55577613 ] Request (ServersNegativeTestMultiTenantJSON:setUpClass): 200 GET http://10.180.1.21/compute/v2.1/servers/abe9a8eb-88e2-4da0-a84f-0ed8c0e97117 4.817s
2025-11-22 03:33:01.435 66361 INFO tempest.lib.common.rest_client [req-dee40b95-9e22-4d4f-a35b-8af155ed0fe5 req-dee40b95-9e22-4d4f-a35b-8af155ed0fe5 ] Request (ImagesOneServerTestJSON:setUpClass): 201 POST http://10.180.1.21/identity/v3/auth/tokens 0.103s
2025-11-22 03:33:01.466 66369 INFO tempest.lib.common.rest_client [req-dda90e25-4c3c-4521-b2af-22c407a0a7e4 req-dda90e25-4c3c-4521-b2af-22c407a0a7e4 ] Request (ImagesTestJSON:test_create_server_from_snapshot): 200 GET http://10.180.1.21/compute/v2.1/images/5e4528af-5c0e-4fc1-ac17-792e6adb0122 4.353s
2025-11-22 03:33:01.485 66361 INFO tempest.lib.common.rest_client [req-51515363-c22f-498c-bd23-261caacc0641 req-51515363-c22f-498c-bd23-261caacc0641 ] Request (ImagesOneServerTestJSON:setUpClass): 201 POST http://10.180.1.21/identity/v3/auth/tokens 0.043s
2025-11-22 03:33:01.485 66361 INFO tempest.lib.common.fixed_network [-] (ImagesOneServerTestJSON:setUpClass) Found network {'id': 'bef668de-ff00-4fba-adcb-370f8569a062', 'name': 'tempest-ImagesOneServerTestJSON-320156736-network', 'tenant_id': '614d54ceef724bd88e35cf703caa7cd7', 'project_id': '614d54ceef724bd88e35cf703caa7cd7', 'admin_state_up': True, 'mtu': 8950, 'status': 'ACTIVE', 'subnets': [], 'shared': False, 'port_security_enabled': True, 'router:external': False, 'provider:network_type': 'vlan', 'provider:physical_network': 'default', 'provider:segmentation_id': 758, 'availability_zone_hints': [], 'availability_zones': [], 'ipv4_address_scope': None, 'ipv6_address_scope': None, 'description': '', 'tags': [], 'created_at': '2025-11-22T03:32:58Z', 'updated_at': '2025-11-22T03:32:58Z', 'revision_number': 1} available for tenant
2025-11-22 03:33:01.634 66367 INFO tempest.lib.common.rest_client [req-4d305ab9-9856-4c36-8e29-c739dc2a6187 req-4d305ab9-9856-4c36-8e29-c739dc2a6187 ] Request (SecurityGroupsTestJSON:test_server_security_groups): 200 GET http://10.180.1.21/compute/v2.1/servers/725c4bf0-ab9b-48cb-9638-0758a06e86ea 4.566s
2025-11-22 03:33:01.718 66389 INFO tempest.lib.common.rest_client [req-6b227903-7906-471c-9717-c33d41d0bb5c req-6b227903-7906-471c-9717-c33d41d0bb5c ] Request (ServersListShow298Test:test_list_show_update_rebuild_server_298): 202 POST http://10.180.1.21/compute/v2.1/servers 4.493s
2025-11-22 03:33:01.827 66393 INFO tempest.lib.common.rest_client [req-031ff00d-628b-45ce-8d57-7791c0ffa921 req-031ff00d-628b-45ce-8d57-7791c0ffa921 ] Request (AttachVolumeTestJSON:test_attach_detach_volume): 200 GET http://10.180.1.21/compute/v2.1/servers/be6b8c2b-2f75-4d82-907b-5e1486992605 4.145s
2025-11-22 03:33:01.834 66393 INFO tempest.common.waiters [-] State transition "BUILD/None" ==> "BUILD/spawning" after 36 second wait
2025-11-22 03:33:01.836 66343 INFO tempest.lib.common.rest_client [req-469401b2-70dc-41d0-a679-f77612cc4488 req-469401b2-70dc-41d0-a679-f77612cc4488 ] Request (ServerMetadataNegativeTestJSON:tearDownClass): 200 GET http://10.180.1.21/compute/v2.1/servers/b2ade356-7f5c-46bf-afbd-8e55aaf68b00 4.128s
2025-11-22 03:33:01.979 66387 INFO tempest.lib.common.rest_client [req-baa847f4-f222-4b5e-b8eb-1d17347db8e8 req-baa847f4-f222-4b5e-b8eb-1d17347db8e8 ] Request (ServersAdminNegativeTestJSON:tearDownClass): 200 GET http://10.180.1.21/compute/v2.1/servers/1f718f63-a0fd-4c55-9ccc-d89d897891b2 3.851s
2025-11-22 03:33:02.008 66347 INFO tempest.lib.common.rest_client [req-911ad1fc-5fdb-4b59-a629-6fda53bdb10a req-911ad1fc-5fdb-4b59-a629-6fda53bdb10a ] Request (ImagesOneServerNegativeTestJSON:_run_cleanups): 200 GET http://10.180.1.21/compute/v2.1/servers/34b565a1-0170-4548-88a9-a7619dad8d60 3.955s
2025-11-22 03:33:02.019 66347 INFO tempest.common.waiters [-] State transition "BUILD/None" ==> "BUILD/spawning" after 37 second wait
2025-11-22 03:33:02.069 66337 INFO tempest.lib.common.rest_client [req-78e82023-8b10-4978-a4ca-3232c8da3d53 req-78e82023-8b10-4978-a4ca-3232c8da3d53 ] Request (ServersAdminTestJSON:test_reset_state_server): 202 POST http://10.180.1.21/compute/v2.1/servers/ecc645e7-d1f9-4d1c-b6db-5835c528d775/action 3.602s
2025-11-22 03:33:02.114 66360 INFO tempest.lib.common.rest_client [req-556e052d-1451-4a3f-a14d-435bbac6bb2b req-556e052d-1451-4a3f-a14d-435bbac6bb2b ] Request (ServersTestManualDisk:test_list_servers): 200 GET http://10.180.1.21/compute/v2.1/servers 3.583s
2025-11-22 03:33:02.148 66341 INFO tempest.lib.common.rest_client [req-2d1b1e2c-d214-4fa7-b670-e20941f28581 req-2d1b1e2c-d214-4fa7-b670-e20941f28581 ] Request (ListServerFiltersTestJSON:tearDownClass): 200 GET http://10.180.1.21/compute/v2.1/servers/d1a2eddf-ae3a-40a8-a037-82728574cb0d 3.521s
2025-11-22 03:33:02.178 66335 INFO tempest.lib.common.rest_client [req-eae9b7bd-9104-45ab-b909-50564b8eda55 req-eae9b7bd-9104-45ab-b909-50564b8eda55 ] Request (ServerDiskConfigTestJSON:test_rebuild_server_with_auto_disk_config): 200 GET http://10.180.1.21/compute/v2.1/servers/9cce03ad-7648-47fc-9772-a0e7ad3564f0 3.499s
2025-11-22 03:33:02.207 66365 INFO tempest.lib.common.rest_client [req-442a382e-1408-4f50-a5d7-77c8c9e371a7 req-442a382e-1408-4f50-a5d7-77c8c9e371a7 ] Request (ServersWithSpecificFlavorTestJSON:test_verify_created_server_ephemeral_disk): 200 GET http://10.180.1.21/compute/v2.1/servers/e9e7a0bc-f2a3-42a1-bc37-13720a961b56 3.111s
2025-11-22 03:33:02.215 66365 INFO tempest.common.waiters [-] State transition "BUILD/None" ==> "BUILD/networking" after 37 second wait
2025-11-22 03:33:02.263 66382 INFO tempest.lib.common.rest_client [req-f400a6d6-a62d-4d29-92be-136d002ece53 req-f400a6d6-a62d-4d29-92be-136d002ece53 ] Request (InstanceActionsNegativeTestJSON:setUpClass): 200 GET http://10.180.1.21/compute/v2.1/servers/f0c7b8fd-adb9-47a4-b0d1-0108dde923f0 2.779s
2025-11-22 03:33:02.368 66353 INFO tempest.lib.common.rest_client [req-c7fa00dd-7e17-4d2f-8b7b-6317b7e775f6 req-c7fa00dd-7e17-4d2f-8b7b-6317b7e775f6 ] Request (MultipleCreateTestJSON:test_multiple_create): 200 GET http://10.180.1.21/compute/v2.1/servers/804b95d0-772c-47d1-9fa7-260074759a77 2.601s
2025-11-22 03:33:02.493 66345 INFO tempest.lib.common.rest_client [req-54b03a3d-9875-410e-bb68-433a0b1e471d req-54b03a3d-9875-410e-bb68-433a0b1e471d ] Request (ServerShowV257Test:tearDownClass): 204 DELETE http://10.180.1.21/compute/v2.1/servers/a4e7880d-1569-491e-acff-2cdffec981af 2.717s
2025-11-22 03:33:02.626 66375 INFO tempest.lib.common.rest_client [req-86d99b94-7848-4a94-8d24-63a755a334f2 req-86d99b94-7848-4a94-8d24-63a755a334f2 ] Request (ListServersNegativeTestJSON:setUpClass): 200 GET http://10.180.1.21/compute/v2.1/servers/bc4f9746-14ee-46fd-ae5a-2a61a64602f5 2.843s
2025-11-22 03:33:02.936 66357 INFO tempest.lib.common.rest_client [req-744088f7-b69d-4b3c-b1e1-f53be97fe8d0 req-744088f7-b69d-4b3c-b1e1-f53be97fe8d0 ] Request (ServersTestMultiNic:test_verify_duplicate_network_nics): 202 POST http://10.180.1.21/compute/v2.1/servers 3.186s
2025-11-22 03:33:03.041 66371 INFO tempest.lib.common.rest_client [req-e99c423d-1d0a-4099-8c57-ada97ca96d33 req-e99c423d-1d0a-4099-8c57-ada97ca96d33 ] Request (DeleteServersTestJSON:test_delete_server_while_in_attached_volume): 200 GET http://10.180.1.21/compute/v2.1/servers/dcffbd1b-1386-4ddf-a622-9186038fc273 2.835s
2025-11-22 03:33:03.067 66363 INFO tempest.lib.common.rest_client [req-ebd78903-ca0d-4f6c-ac3f-698040b2c6cc req-ebd78903-ca0d-4f6c-ac3f-698040b2c6cc ] Request (ServerActionsTestOtherA:test_rebuild_server_in_stop_state): 202 POST http://10.180.1.21/compute/v2.1/servers 3.231s
2025-11-22 03:33:03.145 66331 INFO tempest.lib.common.rest_client [req-d5fcace9-a6a9-4f59-9430-0ada47d10a7e req-d5fcace9-a6a9-4f59-9430-0ada47d10a7e ] Request (ServersAaction247Test:tearDownClass): 200 GET http://10.180.1.21/compute/v2.1/servers/9c7cb999-a949-4e08-ae2e-cb14824eea0b 2.583s
2025-11-22 03:33:03.195 66355 INFO tempest.lib.common.rest_client [req-44bce2a7-4676-48ab-9c71-591472ebae63 req-44bce2a7-4676-48ab-9c71-591472ebae63 ] Request (ServerTagsTestJSON:tearDownClass): 200 GET http://10.180.1.21/compute/v2.1/servers/a7a4518b-c5d6-440b-9e98-95c5942a7de1 2.961s
2025-11-22 03:33:03.329 66339 INFO tempest.lib.common.rest_client [req-e953ab0f-423b-45d2-aae8-6747ab646a73 req-e953ab0f-423b-45d2-aae8-6747ab646a73 ] Request (ListImageFiltersTestJSON:tearDownClass): 200 GET http://10.180.1.21/compute/v2.1/servers/358d37e2-1180-40a4-9108-0a3cb617ac96 1.934s
2025-11-22 03:33:03.354 66351 INFO tempest.lib.common.rest_client [req-f0bbf770-1532-46f3-8096-87fd328a4426 req-f0bbf770-1532-46f3-8096-87fd328a4426 ] Request (MigrationsAdminTest:test_list_migrations_in_flavor_resize_situation): 200 GET http://10.180.1.21/compute/v2.1/servers/b6f9926b-da45-40cd-8fe3-60a9b3d4dc91 2.669s
2025-11-22 03:33:03.401 66385 INFO tempest.lib.common.rest_client [req-d8bcbcb3-9c59-445d-a5cd-4a1bf8ad247f req-d8bcbcb3-9c59-445d-a5cd-4a1bf8ad247f ] Request (ServerShowV254Test:test_rebuild_server): 200 GET http://10.180.1.21/compute/v2.1/servers/5d17e541-901a-48ed-b5a1-cf554240f105 1.990s
2025-11-22 03:33:03.410 66385 INFO tempest.common.waiters [-] State transition "REBUILD/rebuild_spawning" ==> "ACTIVE/None" after 11 second wait
2025-11-22 03:33:03.502 66374 INFO tempest.lib.common.rest_client [req-53943f63-fda6-41ad-b654-d724882f52e9 req-53943f63-fda6-41ad-b654-d724882f52e9 ] Request (ServerMetadataTestJSON:tearDownClass): 200 GET http://10.180.1.21/compute/v2.1/servers/7920eeed-577d-4ee6-8dab-69ead7c42706 1.813s
2025-11-22 03:33:03.630 66389 INFO tempest.lib.common.rest_client [req-0db910bf-8efb-437c-a062-d9115d4a0b07 req-0db910bf-8efb-437c-a062-d9115d4a0b07 ] Request (ServersListShow298Test:test_list_show_update_rebuild_server_298): 200 GET http://10.180.1.21/compute/v2.1/servers/d096f28a-1d66-4679-a229-0f63e3e3819a 1.910s
2025-11-22 03:33:03.743 66383 INFO paramiko.transport [-] Connected (version 2.0, client dropbear_2020.81)
2025-11-22 03:33:03.809 66337 INFO tempest.lib.common.rest_client [req-a23b8316-a9b1-40b6-9018-f5bdcb7ff1d3 req-a23b8316-a9b1-40b6-9018-f5bdcb7ff1d3 ] Request (ServersAdminTestJSON:test_reset_state_server): 200 GET http://10.180.1.21/compute/v2.1/servers/ecc645e7-d1f9-4d1c-b6db-5835c528d775 1.739s
2025-11-22 03:33:03.856 66383 INFO paramiko.transport [-] Authentication (publickey) successful!
2025-11-22 03:33:03.856 66383 INFO tempest.lib.common.ssh [-] ssh connection to cirros@10.180.180.217 successfully created
2025-11-22 03:33:03.897 66361 INFO tempest.lib.common.rest_client [req-70aba8c8-5d08-4cb3-91d8-bed0ba8689f0 req-70aba8c8-5d08-4cb3-91d8-bed0ba8689f0 ] Request (ImagesOneServerTestJSON:setUpClass): 202 POST http://10.180.1.21/compute/v2.1/servers 2.411s
2025-11-22 03:33:03.983 66333 INFO tempest.lib.common.rest_client [req-d109b0f0-4f22-4218-acff-d743aceb2291 req-d109b0f0-4f22-4218-acff-d743aceb2291 ] Request (FloatingIPsAssociationTestJSON:tearDownClass): 200 GET http://10.180.1.21/compute/v2.1/servers/db876e0c-b706-4118-8ed5-5be7d4c97929 1.564s
2025-11-22 03:33:04.006 66360 INFO tempest.lib.common.rest_client [req-8deb1528-d0b6-4b3f-876a-497ae5a4776b req-8deb1528-d0b6-4b3f-876a-497ae5a4776b ] Request (ServersTestManualDisk:test_list_servers_with_detail): 200 GET http://10.180.1.21/compute/v2.1/servers/detail 1.888s
2025-11-22 03:33:04.056 66378 INFO tempest.lib.common.rest_client [req-983def3a-58c4-4efe-98ce-114f7f87fef5 req-983def3a-58c4-4efe-98ce-114f7f87fef5 ] Request (ServersNegativeTestMultiTenantJSON:setUpClass): 200 GET http://10.180.1.21/compute/v2.1/servers/abe9a8eb-88e2-4da0-a84f-0ed8c0e97117 1.633s
2025-11-22 03:33:04.062 66369 INFO tempest.lib.common.rest_client [req-34f3bd2c-2d2b-483d-b12e-ac32ebf2a308 req-34f3bd2c-2d2b-483d-b12e-ac32ebf2a308 ] Request (ImagesTestJSON:test_create_server_from_snapshot): 200 GET http://10.180.1.21/compute/v2.1/images/5e4528af-5c0e-4fc1-ac17-792e6adb0122 1.592s
2025-11-22 03:33:04.144 66345 INFO tempest.lib.common.rest_client [req-c9570413-6523-4fae-bf49-c99ba225ea18 req-c9570413-6523-4fae-bf49-c99ba225ea18 ] Request (ServerShowV257Test:tearDownClass): 200 GET http://10.180.1.21/compute/v2.1/servers/a4e7880d-1569-491e-acff-2cdffec981af 1.638s
2025-11-22 03:33:04.164 66367 INFO tempest.lib.common.rest_client [req-44e62d43-ca00-465c-862b-62b75a0c90ad req-44e62d43-ca00-465c-862b-62b75a0c90ad ] Request (SecurityGroupsTestJSON:test_server_security_groups): 200 GET http://10.180.1.21/compute/v2.1/servers/725c4bf0-ab9b-48cb-9638-0758a06e86ea 1.522s
2025-11-22 03:33:04.283 66343 INFO tempest.lib.common.rest_client [req-aa1db30f-4d02-4e54-a7dd-1997bc85291f req-aa1db30f-4d02-4e54-a7dd-1997bc85291f ] Request (ServerMetadataNegativeTestJSON:tearDownClass): 200 GET http://10.180.1.21/compute/v2.1/servers/b2ade356-7f5c-46bf-afbd-8e55aaf68b00 1.439s
2025-11-22 03:33:04.323 66393 INFO tempest.lib.common.rest_client [req-08163c9d-3622-4f0f-90c9-5854d2f0d314 req-08163c9d-3622-4f0f-90c9-5854d2f0d314 ] Request (AttachVolumeTestJSON:test_attach_detach_volume): 200 GET http://10.180.1.21/compute/v2.1/servers/be6b8c2b-2f75-4d82-907b-5e1486992605 1.488s
2025-11-22 03:33:04.352 66357 INFO tempest.lib.common.rest_client [req-8e021872-0a52-45c2-bfa4-fdc2b70510ed req-8e021872-0a52-45c2-bfa4-fdc2b70510ed ] Request (ServersTestMultiNic:test_verify_duplicate_network_nics): 200 GET http://10.180.1.21/compute/v2.1/servers/e367fb69-c6e3-4ebf-bd6f-298fbc8846c5 1.415s
2025-11-22 03:33:04.385 66387 INFO tempest.lib.common.rest_client [req-1da666aa-0deb-493e-b197-b7c0e19a80e0 req-1da666aa-0deb-493e-b197-b7c0e19a80e0 ] Request (ServersAdminNegativeTestJSON:tearDownClass): 200 GET http://10.180.1.21/compute/v2.1/servers/1f718f63-a0fd-4c55-9ccc-d89d897891b2 1.398s
2025-11-22 03:33:04.441 66363 INFO tempest.lib.common.rest_client [req-695468e8-8c2a-4eaf-a8e9-20f7e0cf5695 req-695468e8-8c2a-4eaf-a8e9-20f7e0cf5695 ] Request (ServerActionsTestOtherA:test_rebuild_server_in_stop_state): 200 GET http://10.180.1.21/compute/v2.1/servers/839a307a-ae21-42a6-8101-54043b7722eb 1.368s
2025-11-22 03:33:04.476 66347 INFO tempest.lib.common.rest_client [req-336c6bdd-8d7a-45a9-995c-e82f5b381d97 req-336c6bdd-8d7a-45a9-995c-e82f5b381d97 ] Request (ImagesOneServerNegativeTestJSON:_run_cleanups): 200 GET http://10.180.1.21/compute/v2.1/servers/34b565a1-0170-4548-88a9-a7619dad8d60 1.455s
2025-11-22 03:33:04.529 66341 INFO tempest.lib.common.rest_client [req-9ce95960-f99e-47a7-9bb2-5687b2df0135 req-9ce95960-f99e-47a7-9bb2-5687b2df0135 ] Request (ListServerFiltersTestJSON:tearDownClass): 200 GET http://10.180.1.21/compute/v2.1/servers/d1a2eddf-ae3a-40a8-a037-82728574cb0d 1.372s
2025-11-22 03:33:04.547 66335 INFO tempest.lib.common.rest_client [req-6df412d7-bbcd-44aa-b5dd-b7f74feef43b req-6df412d7-bbcd-44aa-b5dd-b7f74feef43b ] Request (ServerDiskConfigTestJSON:test_rebuild_server_with_auto_disk_config): 200 GET http://10.180.1.21/compute/v2.1/servers/9cce03ad-7648-47fc-9772-a0e7ad3564f0 1.361s
2025-11-22 03:33:04.612 66382 INFO tempest.lib.common.rest_client [req-7d6019bb-475c-49cb-8d26-2c5cd81c3811 req-7d6019bb-475c-49cb-8d26-2c5cd81c3811 ] Request (InstanceActionsNegativeTestJSON:setUpClass): 200 GET http://10.180.1.21/compute/v2.1/servers/f0c7b8fd-adb9-47a4-b0d1-0108dde923f0 1.336s
2025-11-22 03:33:04.666 66353 INFO tempest.lib.common.rest_client [req-792bb5db-3194-4b0c-a9ed-a835a8484676 req-792bb5db-3194-4b0c-a9ed-a835a8484676 ] Request (MultipleCreateTestJSON:test_multiple_create): 200 GET http://10.180.1.21/compute/v2.1/servers/804b95d0-772c-47d1-9fa7-260074759a77 1.286s
2025-11-22 03:33:04.686 66385 INFO tempest.lib.common.rest_client [req-316e3ae3-445c-482b-a985-bb91b415d3d4 req-316e3ae3-445c-482b-a985-bb91b415d3d4 ] Request (ServerShowV254Test:_run_cleanups): 204 DELETE http://10.180.1.21/compute/v2.1/os-keypairs/tempest-ServerShowV254Test-keypair-1331152821 1.275s
2025-11-22 03:33:04.706 66365 INFO tempest.lib.common.rest_client [req-3885a997-192f-4294-b074-438e1260e0b5 req-3885a997-192f-4294-b074-438e1260e0b5 ] Request (ServersWithSpecificFlavorTestJSON:test_verify_created_server_ephemeral_disk): 200 GET http://10.180.1.21/compute/v2.1/servers/e9e7a0bc-f2a3-42a1-bc37-13720a961b56 1.490s
2025-11-22 03:33:04.717 66365 INFO tempest.common.waiters [-] State transition "BUILD/networking" ==> "BUILD/spawning" after 39 second wait
2025-11-22 03:33:04.755 66375 INFO tempest.lib.common.rest_client [req-50d4d51e-2686-401f-a08e-c6413bb15f47 req-50d4d51e-2686-401f-a08e-c6413bb15f47 ] Request (ListServersNegativeTestJSON:setUpClass): 200 GET http://10.180.1.21/compute/v2.1/servers/bc4f9746-14ee-46fd-ae5a-2a61a64602f5 1.119s
2025-11-22 03:33:04.775 66337 INFO tempest.lib.common.rest_client [req-19baf407-bea1-4e53-9c21-1cf9c1f3fe16 req-19baf407-bea1-4e53-9c21-1cf9c1f3fe16 ] Request (ServersAdminTestJSON:test_reset_state_server): 202 POST http://10.180.1.21/compute/v2.1/servers/ecc645e7-d1f9-4d1c-b6db-5835c528d775/action 0.956s
2025-11-22 03:33:04.829 66361 INFO tempest.lib.common.rest_client [req-f241b99c-92e4-4101-b83f-0b644811e13c req-f241b99c-92e4-4101-b83f-0b644811e13c ] Request (ImagesOneServerTestJSON:setUpClass): 200 GET http://10.180.1.21/compute/v2.1/servers/391f8715-5c70-4a3a-a2b3-3acc26a45123 0.930s
2025-11-22 03:33:04.840 66383 INFO tempest.lib.common.rest_client [req-4812e356-56f9-487f-9fd0-0809a233eaa6 req-4812e356-56f9-487f-9fd0-0809a233eaa6 ] Request (ServersTestFqdnHostnames:tearDownClass): 204 DELETE http://10.180.1.21/compute/v2.1/servers/95312658-67dd-4612-a5b0-d1932c40c4a5 0.966s
2025-11-22 03:33:04.843 66360 INFO tempest.lib.common.rest_client [req-76526c7f-c2d4-47ff-8e31-4eccde693241 req-76526c7f-c2d4-47ff-8e31-4eccde693241 ] Request (ServersTestManualDisk:test_verify_created_server_vcpus): 200 GET http://10.180.1.21/compute/v2.1/flavors/42 0.828s
2025-11-22 03:33:04.846 66360 INFO tempest.lib.common.ssh [-] Creating ssh connection to '10.180.180.249:22' as 'cirros' with public key authentication
2025-11-22 03:33:04.850 66360 INFO paramiko.transport [-] Connected (version 2.0, client dropbear_2020.81)
2025-11-22 03:33:04.866 66371 INFO tempest.lib.common.rest_client [req-bb2a02a4-abd1-4c39-a590-7581121d9ac1 req-bb2a02a4-abd1-4c39-a590-7581121d9ac1 ] Request (DeleteServersTestJSON:test_delete_server_while_in_attached_volume): 404 GET http://10.180.1.21/compute/v2.1/servers/dcffbd1b-1386-4ddf-a622-9186038fc273 0.815s
2025-11-22 03:33:04.899 66371 INFO tempest.lib.common.rest_client [req-cb6f8435-f8c4-4322-b3f8-bfb185603862 req-cb6f8435-f8c4-4322-b3f8-bfb185603862 ] Request (DeleteServersTestJSON:test_delete_server_while_in_attached_volume): 200 GET http://10.180.1.21/volume/v3/volumes/23524d13-860a-4c34-b336-776c8ffb2042 0.033s
2025-11-22 03:33:04.905 66371 INFO tempest.common.waiters [-] volume 23524d13-860a-4c34-b336-776c8ffb2042 reached available after waiting for 0.905735 seconds
2025-11-22 03:33:04.910 66360 INFO paramiko.transport [-] Authentication (publickey) successful!
2025-11-22 03:33:04.911 66360 INFO tempest.lib.common.ssh [-] ssh connection to cirros@10.180.180.249 successfully created
2025-11-22 03:33:04.933 66331 INFO tempest.lib.common.rest_client [req-6683c0a8-9471-4b11-992b-112373a85a99 req-6683c0a8-9471-4b11-992b-112373a85a99 ] Request (ServersAaction247Test:tearDownClass): 200 GET http://10.180.1.21/compute/v2.1/servers/9c7cb999-a949-4e08-ae2e-cb14824eea0b 0.774s
2025-11-22 03:33:04.935 66355 INFO tempest.lib.common.rest_client [req-05a93036-48be-4815-bd95-f99c03c91383 req-05a93036-48be-4815-bd95-f99c03c91383 ] Request (ServerTagsTestJSON:tearDownClass): 200 GET http://10.180.1.21/compute/v2.1/servers/a7a4518b-c5d6-440b-9e98-95c5942a7de1 0.729s
2025-11-22 03:33:04.936 66371 INFO tempest.lib.common.rest_client [req-9bff6c52-e3b5-4b03-8d10-54efbf84dea0 req-9bff6c52-e3b5-4b03-8d10-54efbf84dea0 ] Request (DeleteServersTestJSON:_run_cleanups): 200 GET http://10.180.1.21/volume/v3/volumes/23524d13-860a-4c34-b336-776c8ffb2042 0.030s
2025-11-22 03:33:05.006 66339 INFO tempest.lib.common.rest_client [req-4cde13b1-3cdd-412b-be6c-e1822d59f537 req-4cde13b1-3cdd-412b-be6c-e1822d59f537 ] Request (ListImageFiltersTestJSON:tearDownClass): 200 GET http://10.180.1.21/compute/v2.1/servers/358d37e2-1180-40a4-9108-0a3cb617ac96 0.667s
2025-11-22 03:33:05.064 66374 INFO tempest.lib.common.rest_client [req-77427d24-7a31-4959-a365-3c1b2e3ce253 req-77427d24-7a31-4959-a365-3c1b2e3ce253 ] Request (ServerMetadataTestJSON:tearDownClass): 200 GET http://10.180.1.21/compute/v2.1/servers/7920eeed-577d-4ee6-8dab-69ead7c42706 0.551s
2025-11-22 03:33:05.073 66351 INFO tempest.lib.common.rest_client [req-84d3d5ed-2d81-4df6-8a6d-481f462311ea req-84d3d5ed-2d81-4df6-8a6d-481f462311ea ] Request (MigrationsAdminTest:test_list_migrations_in_flavor_resize_situation): 200 GET http://10.180.1.21/compute/v2.1/servers/b6f9926b-da45-40cd-8fe3-60a9b3d4dc91 0.708s
2025-11-22 03:33:05.128 66389 INFO tempest.lib.common.rest_client [req-ce32d084-6226-4611-a2cc-e59322195284 req-ce32d084-6226-4611-a2cc-e59322195284 ] Request (ServersListShow298Test:test_list_show_update_rebuild_server_298): 200 GET http://10.180.1.21/compute/v2.1/servers/d096f28a-1d66-4679-a229-0f63e3e3819a 0.482s
2025-11-22 03:33:05.156 66385 INFO tempest.lib.common.rest_client [req-7981d4e9-6224-413d-979a-55dc69bffb69 req-7981d4e9-6224-413d-979a-55dc69bffb69 ] Request (ServerShowV254Test:tearDownClass): 204 DELETE http://10.180.1.21/compute/v2.1/servers/5d17e541-901a-48ed-b5a1-cf554240f105 0.462s
2025-11-22 03:33:05.246 66337 INFO tempest.lib.common.rest_client [req-e63d72fc-5166-4d3c-8b2e-1a5bbbebc4c9 req-e63d72fc-5166-4d3c-8b2e-1a5bbbebc4c9 ] Request (ServersAdminTestJSON:test_reset_state_server): 200 GET http://10.180.1.21/compute/v2.1/servers/ecc645e7-d1f9-4d1c-b6db-5835c528d775 0.471s
2025-11-22 03:33:05.316 66383 INFO tempest.lib.common.rest_client [req-a167dfcd-53f9-4f96-9ba3-667d9d8a148b req-a167dfcd-53f9-4f96-9ba3-667d9d8a148b ] Request (ServersTestFqdnHostnames:tearDownClass): 200 GET http://10.180.1.21/compute/v2.1/servers/95312658-67dd-4612-a5b0-d1932c40c4a5 0.475s
2025-11-22 03:33:05.325 66360 INFO tempest.lib.common.rest_client [req-080e2da8-4413-40c4-9971-d631ba83c80a req-080e2da8-4413-40c4-9971-d631ba83c80a ] Request (ServersTestManualDisk:tearDownClass): 204 DELETE http://10.180.1.21/compute/v2.1/servers/5ff8047c-ee56-476a-bab7-3922e4ad8003 0.403s
2025-11-22 03:33:05.336 66371 INFO tempest.lib.common.rest_client [req-a0a78648-449a-4582-92fe-0b7dccb7f6f2 req-a0a78648-449a-4582-92fe-0b7dccb7f6f2 ] Request (DeleteServersTestJSON:_run_cleanups): 404 GET http://10.180.1.21/compute/v2.1/servers/dcffbd1b-1386-4ddf-a622-9186038fc273/os-volume_attachments 0.393s
2025-11-22 03:33:05.366 66371 INFO tempest.lib.common.rest_client [req-dcef5653-b7b7-4e91-95ef-15f742fe8499 req-dcef5653-b7b7-4e91-95ef-15f742fe8499 ] Request (DeleteServersTestJSON:_run_cleanups): 200 GET http://10.180.1.21/volume/v3/volumes/23524d13-860a-4c34-b336-776c8ffb2042 0.030s
2025-11-22 03:33:05.373 66371 INFO tempest.common.waiters [-] volume 23524d13-860a-4c34-b336-776c8ffb2042 reached available after waiting for 0.373237 seconds
2025-11-22 03:33:05.373 66369 INFO tempest.lib.common.rest_client [req-3a718ae9-9b96-4725-a67a-48daea9dd81f req-3a718ae9-9b96-4725-a67a-48daea9dd81f ] Request (ImagesTestJSON:test_create_server_from_snapshot): 200 GET http://10.180.1.21/compute/v2.1/images/5e4528af-5c0e-4fc1-ac17-792e6adb0122 0.307s
2025-11-22 03:33:05.385 66333 INFO tempest.lib.common.rest_client [req-730121ea-89af-4f05-8cc3-1f7c7aa913e7 req-730121ea-89af-4f05-8cc3-1f7c7aa913e7 ] Request (FloatingIPsAssociationTestJSON:tearDownClass): 200 GET http://10.180.1.21/compute/v2.1/servers/db876e0c-b706-4118-8ed5-5be7d4c97929 0.390s
2025-11-22 03:33:05.426 66378 INFO tempest.lib.common.rest_client [req-94309ccd-1c4e-471b-8e3e-e890ffd71433 req-94309ccd-1c4e-471b-8e3e-e890ffd71433 ] Request (ServersNegativeTestMultiTenantJSON:setUpClass): 200 GET http://10.180.1.21/compute/v2.1/servers/abe9a8eb-88e2-4da0-a84f-0ed8c0e97117 0.359s
2025-11-22 03:33:05.437 66385 INFO tempest.lib.common.rest_client [req-2c318a3d-b082-4199-b4d7-e3dbb89c1a6f req-2c318a3d-b082-4199-b4d7-e3dbb89c1a6f ] Request (ServerShowV254Test:tearDownClass): 200 GET http://10.180.1.21/compute/v2.1/servers/5d17e541-901a-48ed-b5a1-cf554240f105 0.281s
2025-11-22 03:33:05.442 66371 INFO tempest.lib.common.rest_client [req-2678183b-f784-4e44-a160-858424aae54b req-2678183b-f784-4e44-a160-858424aae54b ] Request (DeleteServersTestJSON:test_delete_server_while_in_building_state): 201 POST http://10.180.1.21/identity/v3/auth/tokens 0.066s
2025-11-22 03:33:05.443 66371 INFO tempest.lib.common.fixed_network [-] (DeleteServersTestJSON:test_delete_server_while_in_building_state) Found network {'id': '1e368590-0060-4ae5-98b3-473ded4d1c9d', 'name': 'tempest-DeleteServersTestJSON-91998457-network', 'tenant_id': '0621c7972ce94ada85614a788f5f6302', 'project_id': '0621c7972ce94ada85614a788f5f6302', 'admin_state_up': True, 'mtu': 8950, 'status': 'ACTIVE', 'subnets': [], 'shared': False, 'port_security_enabled': True, 'router:external': False, 'provider:network_type': 'vlan', 'provider:physical_network': 'default', 'provider:segmentation_id': 478, 'availability_zone_hints': [], 'availability_zones': [], 'ipv4_address_scope': None, 'ipv6_address_scope': None, 'description': '', 'tags': [], 'created_at': '2025-11-22T03:30:04Z', 'updated_at': '2025-11-22T03:30:04Z', 'revision_number': 1} available for tenant
2025-11-22 03:33:05.497 66345 INFO tempest.lib.common.rest_client [req-625092ee-3fe6-4fc2-a28b-82ef1c9c4e57 req-625092ee-3fe6-4fc2-a28b-82ef1c9c4e57 ] Request (ServerShowV257Test:tearDownClass): 200 GET http://10.180.1.21/compute/v2.1/servers/a4e7880d-1569-491e-acff-2cdffec981af 0.339s
2025-11-22 03:33:05.508 66367 INFO tempest.lib.common.rest_client [req-1c46b1d9-feed-46a7-bb98-0d05b6213137 req-1c46b1d9-feed-46a7-bb98-0d05b6213137 ] Request (SecurityGroupsTestJSON:test_server_security_groups): 200 GET http://10.180.1.21/compute/v2.1/servers/725c4bf0-ab9b-48cb-9638-0758a06e86ea 0.334s
2025-11-22 03:33:05.588 66337 INFO tempest.lib.common.rest_client [req-3c095bb2-d1b2-4e6c-a3a6-309c60b49ad3 req-3c095bb2-d1b2-4e6c-a3a6-309c60b49ad3 ] Request (ServersAdminTestJSON:tearDownClass): 204 DELETE http://10.180.1.21/compute/v2.1/servers/eeb54305-cddf-4ff6-9816-c11e8923aea6 0.333s
2025-11-22 03:33:05.600 66343 INFO tempest.lib.common.rest_client [req-701a766c-f661-41a3-9691-ee0f14b40db5 req-701a766c-f661-41a3-9691-ee0f14b40db5 ] Request (ServerMetadataNegativeTestJSON:tearDownClass): 200 GET http://10.180.1.21/compute/v2.1/servers/b2ade356-7f5c-46bf-afbd-8e55aaf68b00 0.308s
2025-11-22 03:33:05.727 66349 WARNING tempest.lib.common.ssh [-] Failed to establish authenticated ssh connection to cirros@10.180.180.156 ([Errno None] Unable to connect to port 22 on 10.180.180.156). Number attempts: 5. Retry after 6 seconds.: paramiko.ssh_exception.NoValidConnectionsError: [Errno None] Unable to connect to port 22 on 10.180.180.156
2025-11-22 03:33:05.728 66360 INFO tempest.lib.common.rest_client [req-81b892f7-fe5e-4f21-a6ea-0262408639f6 req-81b892f7-fe5e-4f21-a6ea-0262408639f6 ] Request (ServersTestManualDisk:tearDownClass): 200 GET http://10.180.1.21/compute/v2.1/servers/5ff8047c-ee56-476a-bab7-3922e4ad8003 0.403s
2025-11-22 03:33:05.732 66393 INFO tempest.lib.common.rest_client [req-5da73856-71c2-4fff-95c8-695e0a2b381e req-5da73856-71c2-4fff-95c8-695e0a2b381e ] Request (AttachVolumeTestJSON:test_attach_detach_volume): 200 GET http://10.180.1.21/compute/v2.1/servers/be6b8c2b-2f75-4d82-907b-5e1486992605 0.397s
2025-11-22 03:33:05.771 66369 INFO tempest.lib.common.rest_client [req-c23b363f-ef98-462c-aa27-c37f8076297f req-c23b363f-ef98-462c-aa27-c37f8076297f ] Request (ImagesTestJSON:test_create_server_from_snapshot): 200 GET http://10.180.1.21/compute/v2.1/images/5e4528af-5c0e-4fc1-ac17-792e6adb0122 0.394s
2025-11-22 03:33:05.829 66357 INFO tempest.lib.common.rest_client [req-a654cdf3-80a3-4ca2-8fe5-ba22395cea27 req-a654cdf3-80a3-4ca2-8fe5-ba22395cea27 ] Request (ServersTestMultiNic:test_verify_duplicate_network_nics): 200 GET http://10.180.1.21/compute/v2.1/servers/e367fb69-c6e3-4ebf-bd6f-298fbc8846c5 0.469s
2025-11-22 03:33:05.845 66387 INFO tempest.lib.common.rest_client [req-f0070536-f774-4110-809f-3925d81fcfbb req-f0070536-f774-4110-809f-3925d81fcfbb ] Request (ServersAdminNegativeTestJSON:tearDownClass): 200 GET http://10.180.1.21/compute/v2.1/servers/1f718f63-a0fd-4c55-9ccc-d89d897891b2 0.452s
2025-11-22 03:33:05.858 66369 INFO tempest.lib.common.rest_client [req-1094ba10-0079-4973-a601-53b78fa1adaf req-1094ba10-0079-4973-a601-53b78fa1adaf ] Request (ImagesTestJSON:test_create_server_from_snapshot): 201 POST http://10.180.1.21/identity/v3/auth/tokens 0.075s
2025-11-22 03:33:05.859 66369 INFO tempest.lib.common.fixed_network [-] (ImagesTestJSON:test_create_server_from_snapshot) Found network {'id': '9cc5a8d2-8f96-432c-8dda-b76a6f7b1b83', 'name': 'tempest-ImagesTestJSON-821420644-network', 'tenant_id': 'b7479b38af7c414d9ab516169fc116dc', 'project_id': 'b7479b38af7c414d9ab516169fc116dc', 'admin_state_up': True, 'mtu': 8950, 'status': 'ACTIVE', 'subnets': [], 'shared': False, 'port_security_enabled': True, 'router:external': False, 'provider:network_type': 'vlan', 'provider:physical_network': 'default', 'provider:segmentation_id': 210, 'availability_zone_hints': [], 'availability_zones': [], 'ipv4_address_scope': None, 'ipv6_address_scope': None, 'description': '', 'tags': [], 'created_at': '2025-11-22T03:29:24Z', 'updated_at': '2025-11-22T03:29:24Z', 'revision_number': 1} available for tenant
2025-11-22 03:33:05.911 66363 INFO tempest.lib.common.rest_client [req-30b8e834-f7a4-4743-b818-2e4511f5a7c1 req-30b8e834-f7a4-4743-b818-2e4511f5a7c1 ] Request (ServerActionsTestOtherA:test_rebuild_server_in_stop_state): 200 GET http://10.180.1.21/compute/v2.1/servers/839a307a-ae21-42a6-8101-54043b7722eb 0.461s
