2025-11-22 03:31:02.902 66383 INFO tempest.lib.common.rest_client [req-da52aa5f-f4ee-4dbc-8170-eea05c5584e8 req-da52aa5f-f4ee-4dbc-8170-eea05c5584e8 ] Request (ServersTestFqdnHostnames:setUpClass): 204 PUT http://10.180.1.21/identity/v3/projects/c2b5c5e3f6d74695bd9f2669155ca1bb/users/981f781b6bcd407eba4f61e98b0ffc32/roles/561d41370c8e474a85b926a2492f2479 0.030s
2025-11-22 03:31:02.902 66383 INFO tempest.lib.common.dynamic_creds [-] Dynamic test user 981f781b6bcd407eba4f61e98b0ffc32 is created with scope project and roles: ['member']
2025-11-22 03:31:02.902 66383 INFO tempest.lib.common.dynamic_creds [-] Acquired dynamic creds: credentials: Credentials: {'domain_id': 'default', 'domain_name': 'Default', 'username': 'tempest-ServersTestFqdnHostnames-1718908810-project-member', 'project_domain_id': 'default', 'project_domain_name': 'Default', 'project_id': 'c2b5c5e3f6d74695bd9f2669155ca1bb', 'project_name': 'tempest-ServersTestFqdnHostnames-1718908810', 'tenant_id': 'c2b5c5e3f6d74695bd9f2669155ca1bb', 'tenant_name': 'tempest-ServersTestFqdnHostnames-1718908810', 'user_domain_id': 'default', 'user_domain_name': 'Default', 'user_id': '981f781b6bcd407eba4f61e98b0ffc32', 'system': None}, Network: None, Subnet: None, Router: None
2025-11-22 03:31:02.971 66383 INFO tempest.lib.common.rest_client [req-362cbec9-cff8-4556-a6c8-fcc7d3d8131b req-362cbec9-cff8-4556-a6c8-fcc7d3d8131b ] Request (ServersTestFqdnHostnames:setUpClass): 201 POST http://10.180.1.21/identity/v3/auth/tokens 0.068s
2025-11-22 03:31:03.041 66335 INFO tempest.lib.common.rest_client [req-e37411bb-48fc-422f-a11b-76bc007dd678 req-e37411bb-48fc-422f-a11b-76bc007dd678 ] Request (DeleteServersAdminTestJSON:test_delete_server_while_in_error_state): 200 GET http://10.180.1.21/compute/v2.1/servers/4110db70-e306-4d35-8054-4b9de6f46e7a 6.911s
2025-11-22 03:31:03.051 66335 INFO tempest.common.waiters [-] State transition "BUILD/spawning" ==> "ACTIVE/None" after 25 second wait
2025-11-22 03:31:03.292 66383 INFO tempest.lib.common.rest_client [req-80c77d50-e7a2-4980-90dd-9bb9a96ca891 req-80c77d50-e7a2-4980-90dd-9bb9a96ca891 ] Request (ServersTestFqdnHostnames:setUpClass): 201 POST http://10.180.1.21/networking/v2.0/networks 0.320s
2025-11-22 03:31:03.324 66337 INFO tempest.lib.common.rest_client [req-1b2fba75-74bc-4aa0-937a-f516f81213f1 req-1b2fba75-74bc-4aa0-937a-f516f81213f1 ] Request (ServersAdminTestJSON:test_create_server_with_scheduling_hint): 200 GET http://10.180.1.21/compute/v2.1/servers/51206bff-a257-4f16-97df-5f959c253127 7.047s
2025-11-22 03:31:03.331 66337 INFO tempest.common.waiters [-] State transition "BUILD/spawning" ==> "ACTIVE/None" after 29 second wait
2025-11-22 03:31:03.397 66391 INFO tempest.lib.common.rest_client [req-26fd2fda-c80e-4905-ada8-898fdd10a03a req-26fd2fda-c80e-4905-ada8-898fdd10a03a ] Request (VolumesGetTestJSON:tearDownClass): 202 DELETE http://10.180.1.21/compute/v2.1/os-volumes/fba8ff72-2f6d-410e-826c-6ccb750a735c 6.866s
2025-11-22 03:31:03.398 66337 INFO tempest.lib.common.rest_client [req-7e242325-954f-4f2c-8686-5c86b5354f05 req-7e242325-954f-4f2c-8686-5c86b5354f05 ] Request (ServersAdminTestJSON:test_inject_network_info): 201 POST http://10.180.1.21/identity/v3/auth/tokens 0.061s
2025-11-22 03:31:03.399 66337 INFO tempest.lib.common.fixed_network [-] (ServersAdminTestJSON:test_inject_network_info) Found network {'id': 'b07dfdf7-7d84-407f-a32d-c4c915df223e', 'name': 'tempest-ServersAdminTestJSON-468716700-network', 'tenant_id': '81a50aee7806472099fe696701dacbe2', 'project_id': '81a50aee7806472099fe696701dacbe2', 'admin_state_up': True, 'mtu': 8950, 'status': 'ACTIVE', 'subnets': [], 'shared': False, 'port_security_enabled': True, 'router:external': False, 'provider:network_type': 'vlan', 'provider:physical_network': 'default', 'provider:segmentation_id': 913, 'availability_zone_hints': [], 'availability_zones': [], 'ipv4_address_scope': None, 'ipv6_address_scope': None, 'description': '', 'tags': [], 'created_at': '2025-11-22T03:29:32Z', 'updated_at': '2025-11-22T03:29:32Z', 'revision_number': 1} available for tenant
2025-11-22 03:31:03.517 66339 INFO tempest.lib.common.rest_client [req-18c9187c-3d3a-43a6-b725-c6f3026d0ff9 req-18c9187c-3d3a-43a6-b725-c6f3026d0ff9 ] Request (ListImageFiltersTestJSON:setUpClass): 202 POST http://10.180.1.21/compute/v2.1/servers/85358d03-f54e-437b-b0e9-b1b8d20b54c4/action 7.033s
2025-11-22 03:31:03.523 66385 INFO tempest.lib.common.rest_client [req-d068221a-1036-456c-b7c3-edd4f967d68d req-d068221a-1036-456c-b7c3-edd4f967d68d ] Request (AggregatesAdminNegativeTestJSON:test_aggregate_list_as_user): 403 GET http://10.180.1.21/compute/v2.1/os-aggregates 6.724s
2025-11-22 03:31:03.577 66383 INFO tempest.lib.common.rest_client [req-03537ec3-4f62-44b0-a80d-189c124ac4f3 req-03537ec3-4f62-44b0-a80d-189c124ac4f3 ] Request (ServersTestFqdnHostnames:setUpClass): 201 POST http://10.180.1.21/networking/v2.0/subnets 0.285s
2025-11-22 03:31:03.590 66389 INFO tempest.lib.common.rest_client [req-6ea4a6de-2535-4fb4-bdbe-2f5a61165dce req-6ea4a6de-2535-4fb4-bdbe-2f5a61165dce ] Request (ServerGroupTestJSON:test_create_delete_server_group_with_anti_affinity_policy): 200 POST http://10.180.1.21/compute/v2.1/os-server-groups 6.778s
2025-11-22 03:31:03.614 66351 INFO tempest.lib.common.rest_client [req-21c083d6-0014-4d37-ab46-325afcf23eb3 req-21c083d6-0014-4d37-ab46-325afcf23eb3 ] Request (FlavorsAdminTestJSON:test_is_public_string_variations): 200 POST http://10.180.1.21/compute/v2.1/flavors 6.774s
2025-11-22 03:31:03.622 66331 INFO tempest.lib.common.rest_client [req-f4b63d91-8f53-43e5-b44f-ae0379b12e3b req-f4b63d91-8f53-43e5-b44f-ae0379b12e3b ] Request (InstanceActionsTestJSON:tearDownClass): 200 GET http://10.180.1.21/compute/v2.1/servers/bd9d64c6-9a88-4172-ad2b-3ed87b91f9a9 6.928s
2025-11-22 03:31:03.746 66360 INFO tempest.lib.common.rest_client [req-16b1db56-0f8b-43e1-afa0-bd7e55cb8c86 req-16b1db56-0f8b-43e1-afa0-bd7e55cb8c86 ] Request (TenantUsagesNegativeTestJSON:test_get_usage_tenant_with_empty_tenant_id): 404 GET http://10.180.1.21/compute/v2.1/os-simple-tenant-usage/?start=2025-11-21T03%3A30%3A57.366086&end=2025-11-23T03%3A30%3A57.366086 6.379s
2025-11-22 03:31:03.747 66360 WARNING tempest.lib.common.rest_client [-] Deprecated: "tenant_id" property is deprecated for removal, use "project_id" instead
2025-11-22 03:31:03.768 66375 INFO tempest.lib.common.rest_client [req-bc5f3747-6485-4ffb-9c07-a2ea35593e1a req-bc5f3747-6485-4ffb-9c07-a2ea35593e1a ] Request (FlavorsAccessNegativeTestJSON:_run_cleanups): 200 GET http://10.180.1.21/compute/v2.1/flavors/detail 6.240s
2025-11-22 03:31:03.833 66365 WARNING tempest.lib.common.ssh [-] Failed to establish authenticated ssh connection to cirros@10.180.180.214 ([Errno None] Unable to connect to port 22 on 10.180.180.214). Number attempts: 4. Retry after 5 seconds.: paramiko.ssh_exception.NoValidConnectionsError: [Errno None] Unable to connect to port 22 on 10.180.180.214
2025-11-22 03:31:03.845 66375 INFO tempest.lib.common.rest_client [req-e1c00b2c-e728-4e4e-ac80-3dc91f551b4d req-e1c00b2c-e728-4e4e-ac80-3dc91f551b4d ] Request (FlavorsAccessNegativeTestJSON:tearDownClass): 204 DELETE http://10.180.1.21/identity/v3/users/124b68d278fc47128c6e2a3114cf720d 0.070s
2025-11-22 03:31:03.941 66375 INFO tempest.lib.common.rest_client [req-3d40e346-715d-427b-86a4-3e30ba988288 req-3d40e346-715d-427b-86a4-3e30ba988288 ] Request (FlavorsAccessNegativeTestJSON:tearDownClass): 204 DELETE http://10.180.1.21/identity/v3/users/99882bf50bf840c9b9b93eae0f0d282e 0.095s
2025-11-22 03:31:04.029 66375 INFO tempest.lib.common.rest_client [req-f6fab478-b7f0-438c-99c4-079f2fff5fed req-f6fab478-b7f0-438c-99c4-079f2fff5fed ] Request (FlavorsAccessNegativeTestJSON:tearDownClass): 204 DELETE http://10.180.1.21/identity/v3/users/62cdca824be94010bec7e5ccca80a56a 0.088s
2025-11-22 03:31:04.030 66375 INFO tempest.lib.common.dynamic_creds [-] Deleting project and security group for project: 2bace4c0bd624ede9f03059a87cf5573
2025-11-22 03:31:04.093 66375 INFO tempest.lib.common.rest_client [req-5187ea25-adc4-4563-83cf-42a0fd39d35b req-5187ea25-adc4-4563-83cf-42a0fd39d35b ] Request (FlavorsAccessNegativeTestJSON:tearDownClass): 201 POST http://10.180.1.21/identity/v3/auth/tokens 0.063s
2025-11-22 03:31:04.328 66383 INFO tempest.lib.common.rest_client [req-6408f9ee-dedd-4bab-8f59-76a6e415dd82 req-6408f9ee-dedd-4bab-8f59-76a6e415dd82 ] Request (ServersTestFqdnHostnames:setUpClass): 201 POST http://10.180.1.21/networking/v2.0/routers 0.750s
2025-11-22 03:31:04.397 66393 INFO tempest.lib.common.rest_client [req-c29f8f12-983a-44da-a9ca-395d8604d1a6 req-c29f8f12-983a-44da-a9ca-395d8604d1a6 ] Request (ServerAddressesTestJSON:setUpClass): 200 GET http://10.180.1.21/compute/v2.1/servers/f819f6a7-3390-4316-9323-7c0109b6c237 7.366s
2025-11-22 03:31:04.565 66382 INFO tempest.lib.common.rest_client [req-478e23ad-cfa7-4e1c-8579-551f3bef3dc0 req-478e23ad-cfa7-4e1c-8579-551f3bef3dc0 ] Request (VolumesAssistedSnapshotsTest:test_volume_assisted_snapshot_create_delete): 200 POST http://10.180.1.21/compute/v2.1/os-assisted-volume-snapshots 5.677s
2025-11-22 03:31:04.635 66375 INFO tempest.lib.common.rest_client [req-c69c41d4-4124-42ae-b4ec-acb84917be37 req-c69c41d4-4124-42ae-b4ec-acb84917be37 ] Request (FlavorsAccessNegativeTestJSON:tearDownClass): 200 GET http://10.180.1.21/networking/v2.0/security-groups?tenant_id=2bace4c0bd624ede9f03059a87cf5573&name=default 0.542s
2025-11-22 03:31:04.700 66387 INFO tempest.lib.common.rest_client [req-fc1b0009-856f-408e-9bed-5b995ff2796a req-fc1b0009-856f-408e-9bed-5b995ff2796a ] Request (ServersAdminNegativeTestJSON:test_migrate_server_invalid_state): 200 GET http://10.180.1.21/compute/v2.1/servers/c29d5f04-bcba-407e-aa0c-7a50284593fd 6.184s
2025-11-22 03:31:04.708 66387 INFO tempest.common.waiters [-] State transition "BUILD/networking" ==> "BUILD/spawning" after 24 second wait
2025-11-22 03:31:04.725 66341 INFO tempest.lib.common.rest_client [req-41ff488b-dd00-43f2-a33d-03760dea4c09 req-41ff488b-dd00-43f2-a33d-03760dea4c09 ] Request (ListServerFiltersTestJSON:setUpClass): 200 GET http://10.180.1.21/compute/v2.1/servers/d1a2eddf-ae3a-40a8-a037-82728574cb0d 5.519s
2025-11-22 03:31:04.809 66375 INFO tempest.lib.common.rest_client [req-d4c5c6ac-a75d-4490-bd8d-ca42049332b5 req-d4c5c6ac-a75d-4490-bd8d-ca42049332b5 ] Request (FlavorsAccessNegativeTestJSON:tearDownClass): 204 DELETE http://10.180.1.21/networking/v2.0/security-groups/157b8b20-2f12-4f79-b1bc-9f5cbd72d4ce 0.173s
2025-11-22 03:31:04.850 66353 INFO tempest.lib.common.rest_client [req-6ba272bf-90c7-47c2-a3db-64259f02a8e4 req-6ba272bf-90c7-47c2-a3db-64259f02a8e4 ] Request (QuotasAdminTestJSON:test_get_updated_quotas): 200 GET http://10.180.1.21/compute/v2.1/os-quota-sets/2e4c590100aa4b16a7fc799f780703d1/detail 5.345s
2025-11-22 03:31:04.884 66353 INFO tempest.lib.common.rest_client [req-9185ff32-0a74-485b-a44c-728bf8d011c8 req-9185ff32-0a74-485b-a44c-728bf8d011c8 ] Request (QuotasAdminTestJSON:test_get_updated_quotas): 200 GET http://10.180.1.21/identity/v3/domains?name=Default 0.026s
2025-11-22 03:31:04.891 66375 INFO tempest.lib.common.rest_client [req-56ad18fe-b5cb-4855-8796-8a04b41080a6 req-56ad18fe-b5cb-4855-8796-8a04b41080a6 ] Request (FlavorsAccessNegativeTestJSON:tearDownClass): 204 DELETE http://10.180.1.21/identity/v3/projects/2bace4c0bd624ede9f03059a87cf5573 0.081s
2025-11-22 03:31:04.891 66375 INFO tempest.lib.common.dynamic_creds [-] Deleting project and security group for project: eb2693f776e6464ba6c037312cb37c9f
2025-11-22 03:31:04.941 66353 INFO tempest.lib.common.rest_client [req-91b3ded5-b68a-4f17-9d12-1e9f4e18634a req-91b3ded5-b68a-4f17-9d12-1e9f4e18634a ] Request (QuotasAdminTestJSON:test_get_updated_quotas): 201 POST http://10.180.1.21/identity/v3/users 0.056s
2025-11-22 03:31:04.973 66353 INFO tempest.lib.common.rest_client [req-9ea888e9-03d6-43c0-92e3-135811839a5f req-9ea888e9-03d6-43c0-92e3-135811839a5f ] Request (QuotasAdminTestJSON:test_get_updated_quotas): 200 GET http://10.180.1.21/identity/v3/domains?name=Default 0.032s
2025-11-22 03:31:05.144 66375 INFO tempest.lib.common.rest_client [req-83e5afe1-a727-4409-87fa-0b71002864fb req-83e5afe1-a727-4409-87fa-0b71002864fb ] Request (FlavorsAccessNegativeTestJSON:tearDownClass): 200 GET http://10.180.1.21/networking/v2.0/security-groups?tenant_id=eb2693f776e6464ba6c037312cb37c9f&name=default 0.253s
2025-11-22 03:31:05.403 66383 INFO tempest.lib.common.rest_client [req-186c103f-d407-4a16-8478-a3dec0e21112 req-186c103f-d407-4a16-8478-a3dec0e21112 ] Request (ServersTestFqdnHostnames:setUpClass): 200 PUT http://10.180.1.21/networking/v2.0/routers/64ca2b0a-6fe8-48a4-823f-918ecf67c145/add_router_interface 1.075s
2025-11-22 03:31:05.403 66383 INFO tempest.lib.common.dynamic_creds [-] Created isolated network resources for: credentials: Credentials: {'domain_id': 'default', 'domain_name': 'Default', 'username': 'tempest-ServersTestFqdnHostnames-1718908810-project-member', 'project_domain_id': 'default', 'project_domain_name': 'Default', 'project_id': 'c2b5c5e3f6d74695bd9f2669155ca1bb', 'project_name': 'tempest-ServersTestFqdnHostnames-1718908810', 'tenant_id': 'c2b5c5e3f6d74695bd9f2669155ca1bb', 'tenant_name': 'tempest-ServersTestFqdnHostnames-1718908810', 'user_domain_id': 'default', 'user_domain_name': 'Default', 'user_id': '981f781b6bcd407eba4f61e98b0ffc32', 'system': None}, Network: {'id': 'f251baf7-9456-4709-a2df-d6aff36277bf', 'name': 'tempest-ServersTestFqdnHostnames-932088409-network', 'tenant_id': 'c2b5c5e3f6d74695bd9f2669155ca1bb', 'project_id': 'c2b5c5e3f6d74695bd9f2669155ca1bb', 'admin_state_up': True, 'mtu': 8950, 'status': 'ACTIVE', 'subnets': [], 'shared': False, 'port_security_enabled': True, 'router:external': False, 'provider:network_type': 'vlan', 'provider:physical_network': 'default', 'provider:segmentation_id': 741, 'availability_zone_hints': [], 'availability_zones': [], 'ipv4_address_scope': None, 'ipv6_address_scope': None, 'description': '', 'tags': [], 'created_at': '2025-11-22T03:31:03Z', 'updated_at': '2025-11-22T03:31:03Z', 'revision_number': 1}, Subnet: {'id': '082dff42-1b3a-407d-a998-2d4e0dfda334', 'name': 'tempest-ServersTestFqdnHostnames-932088409-subnet', 'tenant_id': 'c2b5c5e3f6d74695bd9f2669155ca1bb', 'network_id': 'f251baf7-9456-4709-a2df-d6aff36277bf', 'ip_version': 4, 'subnetpool_id': None, 'enable_dhcp': True, 'ipv6_ra_mode': None, 'ipv6_address_mode': None, 'gateway_ip': '192.168.128.1', 'cidr': '192.168.128.0/28', 'allocation_pools': [{'start': '192.168.128.2', 'end': '192.168.128.14'}], 'host_routes': [], 'dns_nameservers': [], 'description': '', 'router:external': False, 'service_types': [], 'tags': [], 'created_at': '2025-11-22T03:31:03Z', 'updated_at': '2025-11-22T03:31:03Z', 'revision_number': 0, 'project_id': 'c2b5c5e3f6d74695bd9f2669155ca1bb'}, Router: {'id': '64ca2b0a-6fe8-48a4-823f-918ecf67c145', 'name': 'tempest-ServersTestFqdnHostnames-932088409-router', 'tenant_id': 'c2b5c5e3f6d74695bd9f2669155ca1bb', 'admin_state_up': True, 'status': 'ACTIVE', 'external_gateway_info': {'network_id': '276b7a30-ce64-47b8-b54b-e42ad0a61595', 'external_fixed_ips': [{'subnet_id': '03e9682e-35e4-4a44-84b9-ac5a387484af', 'ip_address': '10.180.180.248'}], 'enable_snat': True}, 'description': '', 'availability_zones': [], 'distributed': False, 'ha': False, 'availability_zone_hints': [], 'routes': [], 'flavor_id': None, 'tags': [], 'created_at': '2025-11-22T03:31:03Z', 'updated_at': '2025-11-22T03:31:04Z', 'revision_number': 2, 'project_id': 'c2b5c5e3f6d74695bd9f2669155ca1bb'}
2025-11-22 03:31:05.482 66383 INFO tempest.lib.common.rest_client [req-22789d28-a35b-4bca-97ec-373460f64853 req-22789d28-a35b-4bca-97ec-373460f64853 ] Request (ServersTestFqdnHostnames:setUpClass): 201 POST http://10.180.1.21/identity/v3/auth/tokens 0.074s
2025-11-22 03:31:05.487 66343 INFO tempest.lib.common.rest_client [req-b59ceb13-51c7-46e1-8a61-17ed9d3a805e req-b59ceb13-51c7-46e1-8a61-17ed9d3a805e ] Request (SecurityGroupRulesTestJSON:tearDownClass): 202 DELETE http://10.180.1.21/compute/v2.1/os-security-groups/1ab49a3e-d652-4770-8c56-28af1d341e7b 5.663s
2025-11-22 03:31:05.596 66375 INFO tempest.lib.common.rest_client [req-20601f9d-7d49-4ad8-9ddd-f008be495c74 req-20601f9d-7d49-4ad8-9ddd-f008be495c74 ] Request (FlavorsAccessNegativeTestJSON:tearDownClass): 204 DELETE http://10.180.1.21/networking/v2.0/security-groups/f7138864-efe2-4c2a-a114-d1c18462b936 0.451s
2025-11-22 03:31:05.682 66371 INFO tempest.lib.common.rest_client [req-d0c96d1d-fb00-4fad-bb8e-69e374a918cd req-d0c96d1d-fb00-4fad-bb8e-69e374a918cd ] Request (DeleteServersTestJSON:test_delete_active_server): 200 GET http://10.180.1.21/compute/v2.1/servers/a184488e-5cc8-48c9-a3eb-a758dc046494 5.393s
2025-11-22 03:31:05.725 66375 INFO tempest.lib.common.rest_client [req-ca544ed4-02ee-4c13-bc7e-b16416292cee req-ca544ed4-02ee-4c13-bc7e-b16416292cee ] Request (FlavorsAccessNegativeTestJSON:tearDownClass): 204 DELETE http://10.180.1.21/identity/v3/projects/eb2693f776e6464ba6c037312cb37c9f 0.128s
2025-11-22 03:31:05.725 66375 INFO tempest.lib.common.dynamic_creds [-] Deleting project and security group for project: 1803958a702347a0a281048599673ea9
2025-11-22 03:31:05.868 66375 INFO tempest.lib.common.rest_client [req-27ce557f-5ea1-46cb-b75b-8490f1c27c4e req-27ce557f-5ea1-46cb-b75b-8490f1c27c4e ] Request (FlavorsAccessNegativeTestJSON:tearDownClass): 200 GET http://10.180.1.21/networking/v2.0/security-groups?tenant_id=1803958a702347a0a281048599673ea9&name=default 0.142s
2025-11-22 03:31:05.983 66378 INFO tempest.lib.common.rest_client [req-92be1a24-865c-4d55-97ae-735b1e903bb7 req-92be1a24-865c-4d55-97ae-735b1e903bb7 ] Request (ImagesNegativeTestJSON:test_create_image_from_deleted_server): 202 POST http://10.180.1.21/compute/v2.1/servers 6.634s
2025-11-22 03:31:06.073 66367 INFO tempest.lib.common.rest_client [req-1588e8fa-2c66-4bb0-aeb8-8aef0d2b28b0 req-1588e8fa-2c66-4bb0-aeb8-8aef0d2b28b0 ] Request (SecurityGroupsTestJSON:test_list_security_groups_by_server): 200 POST http://10.180.1.21/compute/v2.1/os-security-groups 5.368s
2025-11-22 03:31:06.082 66347 INFO tempest.lib.common.rest_client [req-8e87fabb-4932-422b-9090-ebdd53403853 req-8e87fabb-4932-422b-9090-ebdd53403853 ] Request (ImagesOneServerNegativeTestJSON:test_create_image_specify_metadata_over_limits): 400 POST http://10.180.1.21/compute/v2.1/servers/f84c9cd5-da98-4325-902c-1f1e410e6796/action 4.770s
2025-11-22 03:31:06.177 66375 INFO tempest.lib.common.rest_client [req-aaccb2b2-372a-498e-ab45-de42efdf5746 req-aaccb2b2-372a-498e-ab45-de42efdf5746 ] Request (FlavorsAccessNegativeTestJSON:tearDownClass): 204 DELETE http://10.180.1.21/networking/v2.0/security-groups/c863c094-637f-44f1-8241-11acc3d7eba6 0.309s
2025-11-22 03:31:06.287 66363 INFO tempest.lib.common.rest_client [req-3c426a85-f7f0-4c08-bd3a-bad5fffe293d req-3c426a85-f7f0-4c08-bd3a-bad5fffe293d ] Request (ServerActionsTestOtherA:setUpClass): 200 GET http://10.180.1.21/compute/v2.1/servers/836b67a1-e5e1-4803-a750-506af6a22fc9 4.111s
2025-11-22 03:31:06.294 66375 INFO tempest.lib.common.rest_client [req-614ec114-847a-4d30-90c3-ad2bed68a101 req-614ec114-847a-4d30-90c3-ad2bed68a101 ] Request (FlavorsAccessNegativeTestJSON:tearDownClass): 204 DELETE http://10.180.1.21/identity/v3/projects/1803958a702347a0a281048599673ea9 0.116s
2025-11-22 03:31:06.394 66375 INFO tempest.lib.common.rest_client [req-acf8af0e-78a9-4c2f-923c-7ea31d83e33e req-acf8af0e-78a9-4c2f-923c-7ea31d83e33e ] Request (InstanceUsageAuditLogNegativeTestJSON:setUpClass): 201 POST http://10.180.1.21/identity/v3/auth/tokens 0.098s
2025-11-22 03:31:06.439 66369 INFO tempest.lib.common.rest_client [req-1fceab8e-7536-441c-ab20-d835aee8e5cf req-1fceab8e-7536-441c-ab20-d835aee8e5cf ] Request (ImagesTestJSON:test_create_image_from_suspended_server): 200 GET http://10.180.1.21/compute/v2.1/servers/429beadd-d1ad-4122-84a5-6fde2d7902c2 5.147s
2025-11-22 03:31:06.448 66369 INFO tempest.common.waiters [-] State transition "BUILD/networking" ==> "BUILD/spawning" after 25 second wait
2025-11-22 03:31:06.453 66375 INFO tempest.lib.common.rest_client [req-fadbd061-12b9-4ae6-b265-30f0a93e9133 req-fadbd061-12b9-4ae6-b265-30f0a93e9133 ] Request (InstanceUsageAuditLogNegativeTestJSON:setUpClass): 201 POST http://10.180.1.21/identity/v3/auth/tokens 0.056s
2025-11-22 03:31:06.493 66349 INFO tempest.lib.common.rest_client [req-be4b89e7-4c79-4035-bc7f-0a9894411235 req-be4b89e7-4c79-4035-bc7f-0a9894411235 ] Request (ImagesDeleteNegativeTestJSON:test_delete_image_blank_id): 404 DELETE http://10.180.1.21/compute/v2.1/images/ 3.608s
2025-11-22 03:31:06.496 66375 INFO tempest.lib.common.rest_client [req-b5d458fe-af7b-47e8-bc34-753ed5596928 req-b5d458fe-af7b-47e8-bc34-753ed5596928 ] Request (InstanceUsageAuditLogNegativeTestJSON:setUpClass): 200 GET http://10.180.1.21/identity/v3/domains?name=Default 0.043s
2025-11-22 03:31:06.551 66375 INFO tempest.lib.common.rest_client [req-25793fb2-3110-4dd2-be96-740c38571223 req-25793fb2-3110-4dd2-be96-740c38571223 ] Request (InstanceUsageAuditLogNegativeTestJSON:setUpClass): 201 POST http://10.180.1.21/identity/v3/projects 0.054s
2025-11-22 03:31:06.562 66335 INFO tempest.lib.common.rest_client [req-40362e36-8d43-460a-9ea6-bb6c9ff8b2ea req-40362e36-8d43-460a-9ea6-bb6c9ff8b2ea ] Request (DeleteServersAdminTestJSON:test_delete_server_while_in_error_state): 202 POST http://10.180.1.21/compute/v2.1/servers/4110db70-e306-4d35-8054-4b9de6f46e7a/action 3.510s
2025-11-22 03:31:06.588 66374 INFO tempest.lib.common.rest_client [req-34d5eda9-60c8-4c52-b325-369c7c6256de req-34d5eda9-60c8-4c52-b325-369c7c6256de ] Request (ServerAddressesNegativeTestJSON:tearDownClass): 200 GET http://10.180.1.21/compute/v2.1/servers/ab2b7d7a-2f5a-4e6f-8b0e-39d9bcd0b5f7 3.338s
2025-11-22 03:31:06.622 66333 INFO tempest.lib.common.rest_client [req-561801f4-78e6-45f2-a734-53f2a908dd1a req-561801f4-78e6-45f2-a734-53f2a908dd1a ] Request (FloatingIPsAssociationTestJSON:test_associate_already_associated_floating_ip): 200 GET http://10.180.1.21/compute/v2.1/servers/324c4201-a6d8-4432-a992-728c1abe29d6 3.260s
2025-11-22 03:31:06.633 66391 INFO tempest.lib.common.rest_client [req-c3c17aac-03d1-4bd1-9adb-2faed348ab20 req-c3c17aac-03d1-4bd1-9adb-2faed348ab20 ] Request (VolumesGetTestJSON:tearDownClass): 404 GET http://10.180.1.21/compute/v2.1/os-volumes/fba8ff72-2f6d-410e-826c-6ccb750a735c 3.236s
2025-11-22 03:31:06.651 66375 INFO tempest.lib.common.rest_client [req-aa4cc939-8038-4dab-b1d1-344966dcf001 req-aa4cc939-8038-4dab-b1d1-344966dcf001 ] Request (InstanceUsageAuditLogNegativeTestJSON:setUpClass): 201 POST http://10.180.1.21/identity/v3/users 0.099s
2025-11-22 03:31:06.676 66375 INFO tempest.lib.common.rest_client [req-a59bf09a-f77c-4a78-acbc-39abc6c8368e req-a59bf09a-f77c-4a78-acbc-39abc6c8368e ] Request (InstanceUsageAuditLogNegativeTestJSON:setUpClass): 200 GET http://10.180.1.21/identity/v3/roles 0.022s
2025-11-22 03:31:06.710 66391 INFO tempest.lib.common.rest_client [req-6ad20b20-5a83-4a3f-9f83-3f626c0ce7e7 req-6ad20b20-5a83-4a3f-9f83-3f626c0ce7e7 ] Request (VolumesGetTestJSON:tearDownClass): 204 DELETE http://10.180.1.21/identity/v3/users/989c0c9c16ae4a408067f536268a94ad 0.076s
2025-11-22 03:31:06.711 66391 INFO tempest.lib.common.dynamic_creds [-] Deleting project and security group for project: 0fbbedfd1b9a463e92dcd173bf08201b
2025-11-22 03:31:06.713 66361 INFO tempest.lib.common.rest_client [req-903cc0de-9325-45bd-a648-bbe850c6b7fc req-903cc0de-9325-45bd-a648-bbe850c6b7fc ] Request (FloatingIPsAssociationNegativeTestJSON:setUpClass): 200 GET http://10.180.1.21/compute/v2.1/servers/2131baf3-24b8-4cff-9821-bfb25e44ef3f 3.252s
2025-11-22 03:31:06.746 66375 INFO tempest.lib.common.rest_client [req-0a240eb7-d1ad-48bd-af2a-6e39f412a6ef req-0a240eb7-d1ad-48bd-af2a-6e39f412a6ef ] Request (InstanceUsageAuditLogNegativeTestJSON:setUpClass): 204 PUT http://10.180.1.21/identity/v3/projects/248da0c9c4cd4ed4a8b32cc9dc29cdd7/users/bbd43df5e1b04eaca2da2ca494e19573/roles/561d41370c8e474a85b926a2492f2479 0.070s
2025-11-22 03:31:06.747 66375 INFO tempest.lib.common.dynamic_creds [-] Dynamic test user bbd43df5e1b04eaca2da2ca494e19573 is created with scope project and roles: ['member']
2025-11-22 03:31:06.747 66375 INFO tempest.lib.common.dynamic_creds [-] Acquired dynamic creds: credentials: Credentials: {'domain_id': 'default', 'domain_name': 'Default', 'username': 'tempest-InstanceUsageAuditLogNegativeTestJSON-1796756543-project-member', 'project_domain_id': 'default', 'project_domain_name': 'Default', 'project_id': '248da0c9c4cd4ed4a8b32cc9dc29cdd7', 'project_name': 'tempest-InstanceUsageAuditLogNegativeTestJSON-1796756543', 'tenant_id': '248da0c9c4cd4ed4a8b32cc9dc29cdd7', 'tenant_name': 'tempest-InstanceUsageAuditLogNegativeTestJSON-1796756543', 'user_domain_id': 'default', 'user_domain_name': 'Default', 'user_id': 'bbd43df5e1b04eaca2da2ca494e19573', 'system': None}, Network: None, Subnet: None, Router: None
2025-11-22 03:31:06.747 66375 INFO tempest.lib.common.dynamic_creds [-] Created isolated network resources for: credentials: Credentials: {'domain_id': 'default', 'domain_name': 'Default', 'username': 'tempest-InstanceUsageAuditLogNegativeTestJSON-1796756543-project-member', 'project_domain_id': 'default', 'project_domain_name': 'Default', 'project_id': '248da0c9c4cd4ed4a8b32cc9dc29cdd7', 'project_name': 'tempest-InstanceUsageAuditLogNegativeTestJSON-1796756543', 'tenant_id': '248da0c9c4cd4ed4a8b32cc9dc29cdd7', 'tenant_name': 'tempest-InstanceUsageAuditLogNegativeTestJSON-1796756543', 'user_domain_id': 'default', 'user_domain_name': 'Default', 'user_id': 'bbd43df5e1b04eaca2da2ca494e19573', 'system': None}, Network: None, Subnet: None, Router: None
2025-11-22 03:31:06.763 66339 INFO tempest.lib.common.rest_client [req-a33971d6-c975-4396-a512-fefbeb3bd577 req-a33971d6-c975-4396-a512-fefbeb3bd577 ] Request (ListImageFiltersTestJSON:setUpClass): 200 GET http://10.180.1.21/compute/v2.1/images/6cc03cb7-6776-4f8b-8aac-6694fb3d6982 3.244s
2025-11-22 03:31:06.781 66391 INFO tempest.lib.common.rest_client [req-4128ea09-532b-4760-885f-2029b2bd1426 req-4128ea09-532b-4760-885f-2029b2bd1426 ] Request (VolumesGetTestJSON:tearDownClass): 201 POST http://10.180.1.21/identity/v3/auth/tokens 0.070s
2025-11-22 03:31:06.792 66385 INFO tempest.lib.common.rest_client [req-6add9f51-c436-4605-96e7-1af8f34eade8 req-6add9f51-c436-4605-96e7-1af8f34eade8 ] Request (AggregatesAdminNegativeTestJSON:test_aggregate_remove_host_as_user): 200 POST http://10.180.1.21/compute/v2.1/os-aggregates 3.268s
2025-11-22 03:31:06.847 66375 INFO tempest.lib.common.rest_client [req-6e10ed25-c149-488b-8da9-59a5504d4248 req-6e10ed25-c149-488b-8da9-59a5504d4248 ] Request (InstanceUsageAuditLogNegativeTestJSON:setUpClass): 201 POST http://10.180.1.21/identity/v3/auth/tokens 0.096s
2025-11-22 03:31:06.912 66375 INFO tempest.lib.common.rest_client [req-fda63bdc-8efc-4a8f-9837-587862d6d380 req-fda63bdc-8efc-4a8f-9837-587862d6d380 ] Request (InstanceUsageAuditLogNegativeTestJSON:setUpClass): 201 POST http://10.180.1.21/identity/v3/projects 0.064s
2025-11-22 03:31:06.979 66375 INFO tempest.lib.common.rest_client [req-a577dca2-627a-409b-ad05-eefb91ab820a req-a577dca2-627a-409b-ad05-eefb91ab820a ] Request (InstanceUsageAuditLogNegativeTestJSON:setUpClass): 201 POST http://10.180.1.21/identity/v3/users 0.067s
2025-11-22 03:31:07.010 66375 INFO tempest.lib.common.rest_client [req-6876666a-e8c7-410e-a540-41482d2b5ba2 req-6876666a-e8c7-410e-a540-41482d2b5ba2 ] Request (InstanceUsageAuditLogNegativeTestJSON:setUpClass): 200 GET http://10.180.1.21/identity/v3/roles 0.030s
2025-11-22 03:31:07.015 66391 INFO tempest.lib.common.rest_client [req-d869cee4-01c6-4803-a7e8-dfb1b4be155e req-d869cee4-01c6-4803-a7e8-dfb1b4be155e ] Request (VolumesGetTestJSON:tearDownClass): 200 GET http://10.180.1.21/networking/v2.0/security-groups?tenant_id=0fbbedfd1b9a463e92dcd173bf08201b&name=default 0.233s
2025-11-22 03:31:07.043 66375 INFO tempest.lib.common.rest_client [req-a7bbe142-781d-43b7-ba95-f40ca1562536 req-a7bbe142-781d-43b7-ba95-f40ca1562536 ] Request (InstanceUsageAuditLogNegativeTestJSON:setUpClass): 204 PUT http://10.180.1.21/identity/v3/projects/dfbf0961fcd94e49a4aaf419fa8a6a43/users/3645be19174e49299a9df9034180d750/roles/54c31a1d6de04e0897bfbc6c8927dd19 0.032s
2025-11-22 03:31:07.116 66375 INFO tempest.lib.common.rest_client [req-e16049d0-a867-4479-bab5-4739fddfd5b9 req-e16049d0-a867-4479-bab5-4739fddfd5b9 ] Request (InstanceUsageAuditLogNegativeTestJSON:setUpClass): 200 GET http://10.180.1.21/identity/v3/roles 0.073s
2025-11-22 03:31:07.145 66375 INFO tempest.lib.common.rest_client [req-c989006e-684d-4c8a-9af4-58f121fe604b req-c989006e-684d-4c8a-9af4-58f121fe604b ] Request (InstanceUsageAuditLogNegativeTestJSON:setUpClass): 204 PUT http://10.180.1.21/identity/v3/projects/dfbf0961fcd94e49a4aaf419fa8a6a43/users/3645be19174e49299a9df9034180d750/roles/54c31a1d6de04e0897bfbc6c8927dd19 0.028s
2025-11-22 03:31:07.145 66375 INFO tempest.lib.common.dynamic_creds [-] Dynamic test user 3645be19174e49299a9df9034180d750 is created with scope project and roles: ['admin']
2025-11-22 03:31:07.145 66375 INFO tempest.lib.common.dynamic_creds [-] Acquired dynamic creds: credentials: Credentials: {'domain_id': 'default', 'domain_name': 'Default', 'username': 'tempest-InstanceUsageAuditLogNegativeTestJSON-1262451290-project-admin', 'project_domain_id': 'default', 'project_domain_name': 'Default', 'project_id': 'dfbf0961fcd94e49a4aaf419fa8a6a43', 'project_name': 'tempest-InstanceUsageAuditLogNegativeTestJSON-1262451290', 'tenant_id': 'dfbf0961fcd94e49a4aaf419fa8a6a43', 'tenant_name': 'tempest-InstanceUsageAuditLogNegativeTestJSON-1262451290', 'user_domain_id': 'default', 'user_domain_name': 'Default', 'user_id': '3645be19174e49299a9df9034180d750', 'system': None}, Network: None, Subnet: None, Router: None
2025-11-22 03:31:07.146 66375 INFO tempest.lib.common.dynamic_creds [-] Created isolated network resources for: credentials: Credentials: {'domain_id': 'default', 'domain_name': 'Default', 'username': 'tempest-InstanceUsageAuditLogNegativeTestJSON-1262451290-project-admin', 'project_domain_id': 'default', 'project_domain_name': 'Default', 'project_id': 'dfbf0961fcd94e49a4aaf419fa8a6a43', 'project_name': 'tempest-InstanceUsageAuditLogNegativeTestJSON-1262451290', 'tenant_id': 'dfbf0961fcd94e49a4aaf419fa8a6a43', 'tenant_name': 'tempest-InstanceUsageAuditLogNegativeTestJSON-1262451290', 'user_domain_id': 'default', 'user_domain_name': 'Default', 'user_id': '3645be19174e49299a9df9034180d750', 'system': None}, Network: None, Subnet: None, Router: None
2025-11-22 03:31:07.223 66391 INFO tempest.lib.common.rest_client [req-893b0271-4358-4780-8688-739697e62f96 req-893b0271-4358-4780-8688-739697e62f96 ] Request (VolumesGetTestJSON:tearDownClass): 204 DELETE http://10.180.1.21/networking/v2.0/security-groups/04e29003-3f65-4ad4-b524-cf226f354d2d 0.208s
2025-11-22 03:31:07.285 66357 INFO tempest.lib.common.rest_client [req-6176f441-42fe-4f9e-ba09-96c0797d0eab req-6176f441-42fe-4f9e-ba09-96c0797d0eab ] Request (VolumesAdminNegativeTest:test_update_attached_volume_with_nonexistent_volume_in_uri): 200 GET http://10.180.1.21/compute/v2.1/servers/2c431607-3454-49b7-8946-b41834e22baf 3.726s
2025-11-22 03:31:07.302 66375 INFO tempest.lib.common.rest_client [req-db0e88cd-7e3d-4fad-9668-8c7cf510a7fb req-db0e88cd-7e3d-4fad-9668-8c7cf510a7fb ] Request (InstanceUsageAuditLogNegativeTestJSON:setUpClass): 201 POST http://10.180.1.21/identity/v3/auth/tokens 0.153s
2025-11-22 03:31:07.300 66357 INFO tempest.common.waiters [-] State transition "BUILD/None" ==> "BUILD/spawning" after 21 second wait
2025-11-22 03:31:07.328 66389 INFO tempest.lib.common.rest_client [req-824b4749-89f4-4a9e-9793-48f5a95e7e30 req-824b4749-89f4-4a9e-9793-48f5a95e7e30 ] Request (ServerGroupTestJSON:test_create_delete_server_group_with_anti_affinity_policy): 204 DELETE http://10.180.1.21/compute/v2.1/os-server-groups/32ac008f-719e-4647-b07c-e7ba98dad182 3.736s
2025-11-22 03:31:07.340 66337 INFO tempest.lib.common.rest_client [req-437eb38d-4ad7-4ee5-b4ac-82eb270423d7 req-437eb38d-4ad7-4ee5-b4ac-82eb270423d7 ] Request (ServersAdminTestJSON:test_inject_network_info): 202 POST http://10.180.1.21/compute/v2.1/servers 3.940s
2025-11-22 03:31:07.350 66360 INFO tempest.lib.common.rest_client [req-683bc9c8-9da4-4e2a-b983-21ce6d2f0531 req-683bc9c8-9da4-4e2a-b983-21ce6d2f0531 ] Request (TenantUsagesNegativeTestJSON:test_get_usage_tenant_with_invalid_date): 400 GET http://10.180.1.21/compute/v2.1/os-simple-tenant-usage/a77960fc25ef49ff9a7c46da598dfb0a?start=2025-11-23T03%3A30%3A57.366086&end=2025-11-21T03%3A30%3A57.366086 3.602s
2025-11-22 03:31:07.373 66351 INFO tempest.lib.common.rest_client [req-6dbb8c97-3006-49b9-a53c-3f8aa303dbdf req-6dbb8c97-3006-49b9-a53c-3f8aa303dbdf ] Request (FlavorsAdminTestJSON:test_is_public_string_variations): 200 POST http://10.180.1.21/compute/v2.1/flavors 3.756s
2025-11-22 03:31:07.404 66382 INFO tempest.lib.common.rest_client [req-6b458cb2-5ed4-4fa2-ba7f-0617938684be req-6b458cb2-5ed4-4fa2-ba7f-0617938684be ] Request (VolumesAssistedSnapshotsTest:test_volume_assisted_snapshot_create_delete): 204 DELETE http://10.180.1.21/compute/v2.1/os-assisted-volume-snapshots/None?delete_info=%7B%22volume_id%22%3A+%2235f6e325-a4aa-469b-860f-afa259faf991%22%7D 2.839s
2025-11-22 03:31:07.429 66391 INFO tempest.lib.common.rest_client [req-e989a5f4-3f1c-424e-864c-3223e785983d req-e989a5f4-3f1c-424e-864c-3223e785983d ] Request (VolumesGetTestJSON:tearDownClass): 204 DELETE http://10.180.1.21/identity/v3/projects/0fbbedfd1b9a463e92dcd173bf08201b 0.205s
2025-11-22 03:31:07.448 66345 INFO paramiko.transport [-] Connected (version 2.0, client dropbear_2020.81)
2025-11-22 03:31:07.454 66382 INFO tempest.lib.common.rest_client [req-72d00777-5bd6-4fec-8e3a-5b857b65f89e req-72d00777-5bd6-4fec-8e3a-5b857b65f89e ] Request (VolumesAssistedSnapshotsTest:_run_cleanups): 200 GET http://10.180.1.21/volume/v3/volumes/35f6e325-a4aa-469b-860f-afa259faf991 0.048s
2025-11-22 03:31:07.485 66331 INFO tempest.lib.common.rest_client [req-fa0a4fb0-e46b-4c0e-af15-e52557594f6b req-fa0a4fb0-e46b-4c0e-af15-e52557594f6b ] Request (InstanceActionsTestJSON:tearDownClass): 200 GET http://10.180.1.21/compute/v2.1/servers/bd9d64c6-9a88-4172-ad2b-3ed87b91f9a9 2.855s
2025-11-22 03:31:07.564 66345 INFO paramiko.transport [-] Authentication (publickey) successful!
2025-11-22 03:31:07.565 66345 INFO tempest.lib.common.ssh [-] ssh connection to cirros@10.180.180.211 successfully created
2025-11-22 03:31:07.567 66393 INFO tempest.lib.common.rest_client [req-1807eb0a-8c75-4077-ae26-95954702c66c req-1807eb0a-8c75-4077-ae26-95954702c66c ] Request (ServerAddressesTestJSON:setUpClass): 200 GET http://10.180.1.21/compute/v2.1/servers/f819f6a7-3390-4316-9323-7c0109b6c237 2.161s
2025-11-22 03:31:07.665 66353 INFO tempest.lib.common.rest_client [req-1a131f0e-130e-4049-8b3d-59c425f5c76f req-1a131f0e-130e-4049-8b3d-59c425f5c76f ] Request (QuotasAdminTestJSON:test_get_updated_quotas): 200 PUT http://10.180.1.21/compute/v2.1/os-quota-sets/2e4c590100aa4b16a7fc799f780703d1?user_id=049828f4cc194f7a8f51a9f19c6ca05e 2.691s
2025-11-22 03:31:07.695 66383 INFO tempest.lib.common.rest_client [req-978aab94-d468-4eb0-b7a2-606d7bb90c92 req-978aab94-d468-4eb0-b7a2-606d7bb90c92 ] Request (ServersTestFqdnHostnames:test_create_server_with_fqdn_name): 200 POST http://10.180.1.21/compute/v2.1/os-keypairs 2.210s
2025-11-22 03:31:07.803 66343 INFO tempest.lib.common.rest_client [req-11dcb32c-114e-4c82-8706-ee295d2137fc req-11dcb32c-114e-4c82-8706-ee295d2137fc ] Request (SecurityGroupRulesTestJSON:tearDownClass): 202 DELETE http://10.180.1.21/compute/v2.1/os-security-groups/6c41f7cd-3d5f-4696-ae05-c910def2a3c1 2.315s
2025-11-22 03:31:07.804 66383 INFO tempest.lib.common.rest_client [req-9007e8af-42db-4b75-a30a-91872c32c46c req-9007e8af-42db-4b75-a30a-91872c32c46c ] Request (ServersTestFqdnHostnames:test_create_server_with_fqdn_name): 201 POST http://10.180.1.21/networking/v2.0/security-groups 0.107s
2025-11-22 03:31:07.861 66341 INFO tempest.lib.common.rest_client [req-2cbeaa2c-14fd-47b7-96c2-c994c5f50692 req-2cbeaa2c-14fd-47b7-96c2-c994c5f50692 ] Request (ListServerFiltersTestJSON:setUpClass): 200 GET http://10.180.1.21/compute/v2.1/servers/d1a2eddf-ae3a-40a8-a037-82728574cb0d 2.119s
2025-11-22 03:31:07.893 66387 INFO tempest.lib.common.rest_client [req-2f504cc6-0a63-44be-9d26-c1cd77fbddb9 req-2f504cc6-0a63-44be-9d26-c1cd77fbddb9 ] Request (ServersAdminNegativeTestJSON:test_migrate_server_invalid_state): 200 GET http://10.180.1.21/compute/v2.1/servers/c29d5f04-bcba-407e-aa0c-7a50284593fd 2.184s
2025-11-22 03:31:07.928 66383 INFO tempest.lib.common.rest_client [req-390c5dd5-b91c-4e0b-8028-731db509df2b req-390c5dd5-b91c-4e0b-8028-731db509df2b ] Request (ServersTestFqdnHostnames:test_create_server_with_fqdn_name): 201 POST http://10.180.1.21/networking/v2.0/security-group-rules 0.124s
2025-11-22 03:31:07.950 66378 INFO tempest.lib.common.rest_client [req-df233c79-84df-4be7-b602-4ff605828773 req-df233c79-84df-4be7-b602-4ff605828773 ] Request (ImagesNegativeTestJSON:test_create_image_from_deleted_server): 200 GET http://10.180.1.21/compute/v2.1/servers/9e8bf8f2-b4c9-4984-984c-0f2af28603f3 1.965s
2025-11-22 03:31:08.015 66367 INFO tempest.lib.common.rest_client [req-26d4c25a-7d43-4737-a15f-3d96f3853e2b req-26d4c25a-7d43-4737-a15f-3d96f3853e2b ] Request (SecurityGroupsTestJSON:test_list_security_groups_by_server): 200 POST http://10.180.1.21/compute/v2.1/os-security-groups 1.938s
2025-11-22 03:31:08.035 66383 INFO tempest.lib.common.rest_client [req-dd459f9e-89a9-4630-ae36-7d548e379dca req-dd459f9e-89a9-4630-ae36-7d548e379dca ] Request (ServersTestFqdnHostnames:test_create_server_with_fqdn_name): 201 POST http://10.180.1.21/networking/v2.0/security-group-rules 0.106s
2025-11-22 03:31:08.037 66349 INFO tempest.lib.common.rest_client [req-83f538cb-b854-4ef4-90d0-292569ac9729 req-83f538cb-b854-4ef4-90d0-292569ac9729 ] Request (ImagesDeleteNegativeTestJSON:test_delete_image_negative_image_id): 404 DELETE http://10.180.1.21/compute/v2.1/images/-1 1.543s
2025-11-22 03:31:08.111 66367 INFO tempest.lib.common.rest_client [req-be46f4d8-6117-4238-ae2c-5bdfb3c8ada2 req-be46f4d8-6117-4238-ae2c-5bdfb3c8ada2 ] Request (SecurityGroupsTestJSON:test_list_security_groups_by_server): 201 POST http://10.180.1.21/identity/v3/auth/tokens 0.089s
2025-11-22 03:31:08.111 66367 INFO tempest.lib.common.fixed_network [-] (SecurityGroupsTestJSON:test_list_security_groups_by_server) Found network {'id': '0e6fe9ab-9ab5-4280-87a1-60e0c737956a', 'name': 'tempest-SecurityGroupsTestJSON-1149969462-network', 'tenant_id': 'b8825d643e4349409ea9d0471495f10c', 'project_id': 'b8825d643e4349409ea9d0471495f10c', 'admin_state_up': True, 'mtu': 8950, 'status': 'ACTIVE', 'subnets': [], 'shared': False, 'port_security_enabled': True, 'router:external': False, 'provider:network_type': 'vlan', 'provider:physical_network': 'default', 'provider:segmentation_id': 415, 'availability_zone_hints': [], 'availability_zones': [], 'ipv4_address_scope': None, 'ipv6_address_scope': None, 'description': '', 'tags': [], 'created_at': '2025-11-22T03:30:56Z', 'updated_at': '2025-11-22T03:30:56Z', 'revision_number': 1} available for tenant
2025-11-22 03:31:08.133 66347 INFO tempest.lib.common.rest_client [req-3ff59a3f-bd0b-404b-ab1f-d1646bfbb09a req-3ff59a3f-bd0b-404b-ab1f-d1646bfbb09a ] Request (ImagesOneServerNegativeTestJSON:tearDown): 200 GET http://10.180.1.21/compute/v2.1/servers/f84c9cd5-da98-4325-902c-1f1e410e6796 2.050s
2025-11-22 03:31:08.156 66371 INFO tempest.lib.common.rest_client [req-6c79f0cc-6148-44f9-9b09-0d056d79f378 req-6c79f0cc-6148-44f9-9b09-0d056d79f378 ] Request (DeleteServersTestJSON:test_delete_active_server): 404 GET http://10.180.1.21/compute/v2.1/servers/a184488e-5cc8-48c9-a3eb-a758dc046494 1.459s
2025-11-22 03:31:08.249 66335 INFO tempest.lib.common.rest_client [req-6c5de83f-1e0c-4df5-9591-ad7b68616ee4 req-6c5de83f-1e0c-4df5-9591-ad7b68616ee4 ] Request (DeleteServersAdminTestJSON:test_delete_server_while_in_error_state): 200 GET http://10.180.1.21/compute/v2.1/servers/4110db70-e306-4d35-8054-4b9de6f46e7a 1.687s
2025-11-22 03:31:08.264 66371 INFO tempest.lib.common.rest_client [req-05e62ce8-b898-4dbf-9c20-691853d6257d req-05e62ce8-b898-4dbf-9c20-691853d6257d ] Request (DeleteServersTestJSON:test_delete_server_while_in_attached_volume): 201 POST http://10.180.1.21/identity/v3/auth/tokens 0.102s
2025-11-22 03:31:08.265 66371 INFO tempest.lib.common.fixed_network [-] (DeleteServersTestJSON:test_delete_server_while_in_attached_volume) Found network {'id': '1e368590-0060-4ae5-98b3-473ded4d1c9d', 'name': 'tempest-DeleteServersTestJSON-91998457-network', 'tenant_id': '0621c7972ce94ada85614a788f5f6302', 'project_id': '0621c7972ce94ada85614a788f5f6302', 'admin_state_up': True, 'mtu': 8950, 'status': 'ACTIVE', 'subnets': [], 'shared': False, 'port_security_enabled': True, 'router:external': False, 'provider:network_type': 'vlan', 'provider:physical_network': 'default', 'provider:segmentation_id': 478, 'availability_zone_hints': [], 'availability_zones': [], 'ipv4_address_scope': None, 'ipv6_address_scope': None, 'description': '', 'tags': [], 'created_at': '2025-11-22T03:30:04Z', 'updated_at': '2025-11-22T03:30:04Z', 'revision_number': 1} available for tenant
2025-11-22 03:31:08.301 66385 INFO tempest.lib.common.rest_client [req-78afb5eb-8b01-4007-b4ce-8512f72881bc req-78afb5eb-8b01-4007-b4ce-8512f72881bc ] Request (AggregatesAdminNegativeTestJSON:test_aggregate_remove_host_as_user): 200 POST http://10.180.1.21/compute/v2.1/os-aggregates/7/action 1.507s
2025-11-22 03:31:08.316 66363 INFO tempest.lib.common.rest_client [req-5fa89592-4f63-4e85-b4f4-2c0b1128e64d req-5fa89592-4f63-4e85-b4f4-2c0b1128e64d ] Request (ServerActionsTestOtherA:setUpClass): 200 GET http://10.180.1.21/compute/v2.1/servers/836b67a1-e5e1-4803-a750-506af6a22fc9 1.018s
2025-11-22 03:31:08.333 66389 INFO tempest.lib.common.rest_client [req-7eefa8ef-7cd4-4c2a-a153-3100dc0ac254 req-7eefa8ef-7cd4-4c2a-a153-3100dc0ac254 ] Request (ServerGroupTestJSON:test_create_delete_server_group_with_anti_affinity_policy): 200 GET http://10.180.1.21/compute/v2.1/os-server-groups 1.005s
2025-11-22 03:31:08.429 66337 INFO tempest.lib.common.rest_client [req-30c701a7-19fb-416f-a9ea-4f3816c2d499 req-30c701a7-19fb-416f-a9ea-4f3816c2d499 ] Request (ServersAdminTestJSON:test_inject_network_info): 200 GET http://10.180.1.21/compute/v2.1/servers/eeb54305-cddf-4ff6-9816-c11e8923aea6 1.088s
2025-11-22 03:31:08.436 66375 INFO tempest.lib.common.rest_client [req-8ed7dc36-fab5-44f6-b140-94874aad1e06 req-8ed7dc36-fab5-44f6-b140-94874aad1e06 ] Request (InstanceUsageAuditLogNegativeTestJSON:test_get_instance_usage_audit_logs_with_invalid_time): 400 GET http://10.180.1.21/compute/v2.1/os-instance_usage_audit_log/invalid_time 1.131s
2025-11-22 03:31:08.452 66389 INFO tempest.lib.common.rest_client [req-b1d23524-5a9d-4045-ba71-2836599bf0bf req-b1d23524-5a9d-4045-ba71-2836599bf0bf ] Request (ServerGroupTestJSON:test_create_server_with_scheduler_hint_group): 201 POST http://10.180.1.21/identity/v3/auth/tokens 0.109s
2025-11-22 03:31:08.452 66389 INFO tempest.lib.common.fixed_network [-] (ServerGroupTestJSON:test_create_server_with_scheduler_hint_group) Found network {'id': 'c1442e11-f9ab-47b3-83cd-219a7fbdd61e', 'name': 'tempest-ServerGroupTestJSON-496944950-network', 'tenant_id': '2f7a11428f8f40eca0e0a8e1fc397ced', 'project_id': '2f7a11428f8f40eca0e0a8e1fc397ced', 'admin_state_up': True, 'mtu': 8950, 'status': 'ACTIVE', 'subnets': [], 'shared': False, 'port_security_enabled': True, 'router:external': False, 'provider:network_type': 'vlan', 'provider:physical_network': 'default', 'provider:segmentation_id': 759, 'availability_zone_hints': [], 'availability_zones': [], 'ipv4_address_scope': None, 'ipv6_address_scope': None, 'description': '', 'tags': [], 'created_at': '2025-11-22T03:30:22Z', 'updated_at': '2025-11-22T03:30:22Z', 'revision_number': 1} available for tenant
2025-11-22 03:31:08.465 66351 INFO tempest.lib.common.rest_client [req-8b23103e-bbd0-4104-b8e4-5b842da2e8c1 req-8b23103e-bbd0-4104-b8e4-5b842da2e8c1 ] Request (FlavorsAdminTestJSON:test_is_public_string_variations): 200 GET http://10.180.1.21/compute/v2.1/flavors/detail?is_public=f 1.088s
2025-11-22 03:31:08.529 66360 INFO tempest.lib.common.rest_client [req-d251a7b8-9143-44ef-8972-2841ab2f6b1c req-d251a7b8-9143-44ef-8972-2841ab2f6b1c ] Request (TenantUsagesNegativeTestJSON:test_list_usage_all_tenants_with_non_admin_user): 403 GET http://10.180.1.21/compute/v2.1/os-simple-tenant-usage?start=2025-11-21T03%3A30%3A57.366086&end=2025-11-23T03%3A30%3A57.366086&detailed=1 1.175s
2025-11-22 03:31:08.595 66383 INFO tempest.lib.common.rest_client [req-132e9d8c-3c51-4bcb-9229-699360c2b7ac req-132e9d8c-3c51-4bcb-9229-699360c2b7ac ] Request (ServersTestFqdnHostnames:test_create_server_with_fqdn_name): 201 POST http://10.180.1.21/networking/v2.0/floatingips 0.559s
2025-11-22 03:31:08.614 66369 INFO tempest.lib.common.rest_client [req-4d6c3833-e78c-49fc-8649-ecfc493d0344 req-4d6c3833-e78c-49fc-8649-ecfc493d0344 ] Request (ImagesTestJSON:test_create_image_from_suspended_server): 200 GET http://10.180.1.21/compute/v2.1/servers/429beadd-d1ad-4122-84a5-6fde2d7902c2 1.164s
2025-11-22 03:31:08.654 66360 INFO tempest.lib.common.rest_client [req-0f562055-98f5-4634-9df7-08e521acf3c5 req-0f562055-98f5-4634-9df7-08e521acf3c5 ] Request (TenantUsagesNegativeTestJSON:tearDownClass): 204 DELETE http://10.180.1.21/identity/v3/users/86903ae1c79143de85d6e82c4ee05dac 0.122s
2025-11-22 03:31:08.673 66383 INFO tempest.lib.common.rest_client [req-e0b73420-214f-44ac-8526-a28ec6127135 req-e0b73420-214f-44ac-8526-a28ec6127135 ] Request (ServersTestFqdnHostnames:test_create_server_with_fqdn_name): 201 POST http://10.180.1.21/identity/v3/auth/tokens 0.075s
2025-11-22 03:31:08.673 66383 INFO tempest.lib.common.fixed_network [-] (ServersTestFqdnHostnames:test_create_server_with_fqdn_name) Found network {'id': 'f251baf7-9456-4709-a2df-d6aff36277bf', 'name': 'tempest-ServersTestFqdnHostnames-932088409-network', 'tenant_id': 'c2b5c5e3f6d74695bd9f2669155ca1bb', 'project_id': 'c2b5c5e3f6d74695bd9f2669155ca1bb', 'admin_state_up': True, 'mtu': 8950, 'status': 'ACTIVE', 'subnets': [], 'shared': False, 'port_security_enabled': True, 'router:external': False, 'provider:network_type': 'vlan', 'provider:physical_network': 'default', 'provider:segmentation_id': 741, 'availability_zone_hints': [], 'availability_zones': [], 'ipv4_address_scope': None, 'ipv6_address_scope': None, 'description': '', 'tags': [], 'created_at': '2025-11-22T03:31:03Z', 'updated_at': '2025-11-22T03:31:03Z', 'revision_number': 1} available for tenant
2025-11-22 03:31:08.717 66382 INFO tempest.lib.common.rest_client [req-b4a04e72-6690-44bb-b67d-c174ae569355 req-b4a04e72-6690-44bb-b67d-c174ae569355 ] Request (VolumesAssistedSnapshotsTest:_run_cleanups): 202 DELETE http://10.180.1.21/compute/v2.1/servers/b29986ea-9c13-4d23-a7b1-ee537d20702a/os-volume_attachments/35f6e325-a4aa-469b-860f-afa259faf991 1.254s
2025-11-22 03:31:08.747 66345 INFO tempest.lib.common.rest_client [req-cb086b20-070e-435b-a222-44c9e90e6684 req-cb086b20-070e-435b-a222-44c9e90e6684 ] Request (ServersTestJSON:test_list_servers): 200 GET http://10.180.1.21/compute/v2.1/servers 1.171s
2025-11-22 03:31:08.789 66360 INFO tempest.lib.common.rest_client [req-5ba8c060-091e-43b2-859a-38f2f50f255f req-5ba8c060-091e-43b2-859a-38f2f50f255f ] Request (TenantUsagesNegativeTestJSON:tearDownClass): 204 DELETE http://10.180.1.21/identity/v3/users/be4e5ade267f4223892f9b39407ad920 0.135s
2025-11-22 03:31:08.789 66360 INFO tempest.lib.common.dynamic_creds [-] Deleting project and security group for project: 8fc7a13659fb4d9ba88fccc66979096a
2025-11-22 03:31:08.805 66374 INFO tempest.lib.common.rest_client [req-15d2d34f-9f49-4c71-9ec5-ba8192af2f67 req-15d2d34f-9f49-4c71-9ec5-ba8192af2f67 ] Request (ServerAddressesNegativeTestJSON:tearDownClass): 200 GET http://10.180.1.21/compute/v2.1/servers/ab2b7d7a-2f5a-4e6f-8b0e-39d9bcd0b5f7 1.204s
2025-11-22 03:31:08.817 66333 INFO tempest.lib.common.rest_client [req-9c24e3d2-3531-4b44-b4ed-c6cefcff2e71 req-9c24e3d2-3531-4b44-b4ed-c6cefcff2e71 ] Request (FloatingIPsAssociationTestJSON:test_associate_already_associated_floating_ip): 200 GET http://10.180.1.21/compute/v2.1/servers/324c4201-a6d8-4432-a992-728c1abe29d6 1.181s
2025-11-22 03:31:08.854 66360 INFO tempest.lib.common.rest_client [req-b7df59c7-a723-4f3a-adc6-39c70d278652 req-b7df59c7-a723-4f3a-adc6-39c70d278652 ] Request (TenantUsagesNegativeTestJSON:tearDownClass): 201 POST http://10.180.1.21/identity/v3/auth/tokens 0.064s
2025-11-22 03:31:08.866 66361 INFO tempest.lib.common.rest_client [req-00b01e3e-04ee-4c50-b0fb-a120dee3f794 req-00b01e3e-04ee-4c50-b0fb-a120dee3f794 ] Request (FloatingIPsAssociationNegativeTestJSON:setUpClass): 200 GET http://10.180.1.21/compute/v2.1/servers/2131baf3-24b8-4cff-9821-bfb25e44ef3f 1.140s
2025-11-22 03:31:08.905 66339 INFO tempest.lib.common.rest_client [req-43e92b5b-94a1-401f-9db6-d834937e5331 req-43e92b5b-94a1-401f-9db6-d834937e5331 ] Request (ListImageFiltersTestJSON:setUpClass): 200 GET http://10.180.1.21/compute/v2.1/images/6cc03cb7-6776-4f8b-8aac-6694fb3d6982 1.137s
2025-11-22 03:31:08.934 66353 INFO tempest.lib.common.rest_client [req-265886b4-4421-4a8c-86c8-dec768127f71 req-265886b4-4421-4a8c-86c8-dec768127f71 ] Request (QuotasAdminTestJSON:test_get_updated_quotas): 200 GET http://10.180.1.21/compute/v2.1/os-quota-sets/2e4c590100aa4b16a7fc799f780703d1?user_id=049828f4cc194f7a8f51a9f19c6ca05e 1.264s
2025-11-22 03:31:08.953 66349 INFO tempest.lib.common.rest_client [req-d08fc36d-014e-45e5-87b0-b2e410317d98 req-d08fc36d-014e-45e5-87b0-b2e410317d98 ] Request (ImagesDeleteNegativeTestJSON:test_delete_image_non_hex_string_id): 404 DELETE http://10.180.1.21/compute/v2.1/images/bc74fa7f-e915-4ee4-aab8-0f1260cfbe5j 0.914s
