2025-11-12 18:16:52.785 65656 INFO tempest.lib.common.dynamic_creds [-] Created isolated network resources for: credentials: Credentials: {'domain_id': 'default', 'domain_name': 'Default', 'username': 'tempest-FlavorsAccessTestJSON-375227696-project-admin', 'project_domain_id': 'default', 'project_domain_name': 'Default', 'project_id': '37b5fbdfb0d24624bdbaa63720341b00', 'project_name': 'tempest-FlavorsAccessTestJSON-375227696', 'tenant_id': '37b5fbdfb0d24624bdbaa63720341b00', 'tenant_name': 'tempest-FlavorsAccessTestJSON-375227696', 'user_domain_id': 'default', 'user_domain_name': 'Default', 'user_id': '464c056b594c49d9a37fe54d7aaabe4e', 'system': None}, Network: None, Subnet: None, Router: None
2025-11-12 18:16:52.834 65664 INFO tempest.lib.common.rest_client [req-d6a71ae8-5709-4e6f-a463-ac7e3d7ff29b req-d6a71ae8-5709-4e6f-a463-ac7e3d7ff29b ] Request (HostsAdminNegativeTestJSON:setUpClass): 204 PUT http://10.180.1.21/identity/v3/projects/f6adaf2e093a40d9b019d0eac329cc80/users/9fc91c209e1a413a9949d2cd5d13ae7b/roles/9cf40fd2f075439e954f6b89f8bd20db 0.597s
2025-11-12 18:16:52.834 65664 INFO tempest.lib.common.dynamic_creds [-] Dynamic test user 9fc91c209e1a413a9949d2cd5d13ae7b is created with scope project and roles: ['admin']
2025-11-12 18:16:52.834 65664 INFO tempest.lib.common.dynamic_creds [-] Acquired dynamic creds: credentials: Credentials: {'domain_id': 'default', 'domain_name': 'Default', 'username': 'tempest-HostsAdminNegativeTestJSON-506640771-project-admin', 'project_domain_id': 'default', 'project_domain_name': 'Default', 'project_id': 'f6adaf2e093a40d9b019d0eac329cc80', 'project_name': 'tempest-HostsAdminNegativeTestJSON-506640771', 'tenant_id': 'f6adaf2e093a40d9b019d0eac329cc80', 'tenant_name': 'tempest-HostsAdminNegativeTestJSON-506640771', 'user_domain_id': 'default', 'user_domain_name': 'Default', 'user_id': '9fc91c209e1a413a9949d2cd5d13ae7b', 'system': None}, Network: None, Subnet: None, Router: None
2025-11-12 18:16:52.834 65664 INFO tempest.lib.common.dynamic_creds [-] Created isolated network resources for: credentials: Credentials: {'domain_id': 'default', 'domain_name': 'Default', 'username': 'tempest-HostsAdminNegativeTestJSON-506640771-project-admin', 'project_domain_id': 'default', 'project_domain_name': 'Default', 'project_id': 'f6adaf2e093a40d9b019d0eac329cc80', 'project_name': 'tempest-HostsAdminNegativeTestJSON-506640771', 'tenant_id': 'f6adaf2e093a40d9b019d0eac329cc80', 'tenant_name': 'tempest-HostsAdminNegativeTestJSON-506640771', 'user_domain_id': 'default', 'user_domain_name': 'Default', 'user_id': '9fc91c209e1a413a9949d2cd5d13ae7b', 'system': None}, Network: None, Subnet: None, Router: None
2025-11-12 18:16:52.837 65715 INFO tempest.lib.common.rest_client [req-548f8c34-c4b9-4326-b31a-7c3796dbc89a req-548f8c34-c4b9-4326-b31a-7c3796dbc89a ] Request (QuotasAdminTestV236:setUpClass): 204 PUT http://10.180.1.21/identity/v3/projects/fd73be3a14014a248b4da74e92a7241a/users/40250c6e72044ad7a37202d80d4279e6/roles/9cf40fd2f075439e954f6b89f8bd20db 0.595s
2025-11-12 18:16:52.838 65715 INFO tempest.lib.common.dynamic_creds [-] Dynamic test user 40250c6e72044ad7a37202d80d4279e6 is created with scope project and roles: ['admin']
2025-11-12 18:16:52.838 65715 INFO tempest.lib.common.dynamic_creds [-] Acquired dynamic creds: credentials: Credentials: {'domain_id': 'default', 'domain_name': 'Default', 'username': 'tempest-QuotasAdminTestV236-1782623281-project-admin', 'project_domain_id': 'default', 'project_domain_name': 'Default', 'project_id': 'fd73be3a14014a248b4da74e92a7241a', 'project_name': 'tempest-QuotasAdminTestV236-1782623281', 'tenant_id': 'fd73be3a14014a248b4da74e92a7241a', 'tenant_name': 'tempest-QuotasAdminTestV236-1782623281', 'user_domain_id': 'default', 'user_domain_name': 'Default', 'user_id': '40250c6e72044ad7a37202d80d4279e6', 'system': None}, Network: None, Subnet: None, Router: None
2025-11-12 18:16:52.838 65715 INFO tempest.lib.common.dynamic_creds [-] Created isolated network resources for: credentials: Credentials: {'domain_id': 'default', 'domain_name': 'Default', 'username': 'tempest-QuotasAdminTestV236-1782623281-project-admin', 'project_domain_id': 'default', 'project_domain_name': 'Default', 'project_id': 'fd73be3a14014a248b4da74e92a7241a', 'project_name': 'tempest-QuotasAdminTestV236-1782623281', 'tenant_id': 'fd73be3a14014a248b4da74e92a7241a', 'tenant_name': 'tempest-QuotasAdminTestV236-1782623281', 'user_domain_id': 'default', 'user_domain_name': 'Default', 'user_id': '40250c6e72044ad7a37202d80d4279e6', 'system': None}, Network: None, Subnet: None, Router: None
2025-11-12 18:16:52.906 65676 INFO tempest.lib.common.rest_client [req-579011c5-d849-49b5-bd6c-b18089213afe req-579011c5-d849-49b5-bd6c-b18089213afe ] Request (ServersWithSpecificFlavorTestJSON:setUpClass): 201 POST http://10.180.1.21/identity/v3/projects 0.591s
2025-11-12 18:16:52.937 65660 INFO tempest.lib.common.rest_client [req-4900711b-e15f-46eb-993e-0167d837fe52 req-4900711b-e15f-46eb-993e-0167d837fe52 ] Request (FlavorsV261TestJSON:tearDownClass): 204 DELETE http://10.180.1.21/identity/v3/projects/3dd600dbe5d54619afd2016119853043 0.654s
2025-11-12 18:16:52.937 65660 INFO tempest.lib.common.dynamic_creds [-] Deleting project and security group for project: a04147e9a9a44acbbf856d456e107539
2025-11-12 18:16:52.956 65704 INFO tempest.lib.common.rest_client [req-335ad732-5927-4e21-b890-3f24d7504133 req-335ad732-5927-4e21-b890-3f24d7504133 ] Request (ServerDiagnosticsNegativeTest:setUpClass): 204 PUT http://10.180.1.21/identity/v3/projects/20817b0cd5144ee9bba138087019d88a/users/24471976ee8747aa96229a48800c5e6d/roles/9cf40fd2f075439e954f6b89f8bd20db 0.631s
2025-11-12 18:16:52.957 65704 INFO tempest.lib.common.dynamic_creds [-] Dynamic test user 24471976ee8747aa96229a48800c5e6d is created with scope project and roles: ['admin']
2025-11-12 18:16:52.957 65704 INFO tempest.lib.common.dynamic_creds [-] Acquired dynamic creds: credentials: Credentials: {'domain_id': 'default', 'domain_name': 'Default', 'username': 'tempest-ServerDiagnosticsNegativeTest-1919881994-project-admin', 'project_domain_id': 'default', 'project_domain_name': 'Default', 'project_id': '20817b0cd5144ee9bba138087019d88a', 'project_name': 'tempest-ServerDiagnosticsNegativeTest-1919881994', 'tenant_id': '20817b0cd5144ee9bba138087019d88a', 'tenant_name': 'tempest-ServerDiagnosticsNegativeTest-1919881994', 'user_domain_id': 'default', 'user_domain_name': 'Default', 'user_id': '24471976ee8747aa96229a48800c5e6d', 'system': None}, Network: None, Subnet: None, Router: None
2025-11-12 18:16:52.957 65704 INFO tempest.lib.common.dynamic_creds [-] Created isolated network resources for: credentials: Credentials: {'domain_id': 'default', 'domain_name': 'Default', 'username': 'tempest-ServerDiagnosticsNegativeTest-1919881994-project-admin', 'project_domain_id': 'default', 'project_domain_name': 'Default', 'project_id': '20817b0cd5144ee9bba138087019d88a', 'project_name': 'tempest-ServerDiagnosticsNegativeTest-1919881994', 'tenant_id': '20817b0cd5144ee9bba138087019d88a', 'tenant_name': 'tempest-ServerDiagnosticsNegativeTest-1919881994', 'user_domain_id': 'default', 'user_domain_name': 'Default', 'user_id': '24471976ee8747aa96229a48800c5e6d', 'system': None}, Network: None, Subnet: None, Router: None
2025-11-12 18:16:53.004 65670 INFO tempest.lib.common.rest_client [req-cdc08c14-5900-4b45-906d-5fe5c0daf8e5 req-cdc08c14-5900-4b45-906d-5fe5c0daf8e5 ] Request (ServerDiagnosticsTest:setUpClass): 201 POST http://10.180.1.21/identity/v3/auth/tokens 0.670s
2025-11-12 18:16:53.009 65692 INFO tempest.lib.common.rest_client [req-e3a1da70-ba75-4f7b-8ea9-6f185fcc0755 req-e3a1da70-ba75-4f7b-8ea9-6f185fcc0755 ] Request (AZAdminV2TestJSON:setUpClass): 204 PUT http://10.180.1.21/identity/v3/projects/158f5f3ae48f4777a7d79265a43bb27c/users/89b4ddaf58d84bb18d0049ada607ab57/roles/9cf40fd2f075439e954f6b89f8bd20db 0.637s
2025-11-12 18:16:53.010 65692 INFO tempest.lib.common.dynamic_creds [-] Dynamic test user 89b4ddaf58d84bb18d0049ada607ab57 is created with scope project and roles: ['admin']
2025-11-12 18:16:53.010 65692 INFO tempest.lib.common.dynamic_creds [-] Acquired dynamic creds: credentials: Credentials: {'domain_id': 'default', 'domain_name': 'Default', 'username': 'tempest-AZAdminV2TestJSON-160080255-project-admin', 'project_domain_id': 'default', 'project_domain_name': 'Default', 'project_id': '158f5f3ae48f4777a7d79265a43bb27c', 'project_name': 'tempest-AZAdminV2TestJSON-160080255', 'tenant_id': '158f5f3ae48f4777a7d79265a43bb27c', 'tenant_name': 'tempest-AZAdminV2TestJSON-160080255', 'user_domain_id': 'default', 'user_domain_name': 'Default', 'user_id': '89b4ddaf58d84bb18d0049ada607ab57', 'system': None}, Network: None, Subnet: None, Router: None
2025-11-12 18:16:53.010 65692 INFO tempest.lib.common.dynamic_creds [-] Created isolated network resources for: credentials: Credentials: {'domain_id': 'default', 'domain_name': 'Default', 'username': 'tempest-AZAdminV2TestJSON-160080255-project-admin', 'project_domain_id': 'default', 'project_domain_name': 'Default', 'project_id': '158f5f3ae48f4777a7d79265a43bb27c', 'project_name': 'tempest-AZAdminV2TestJSON-160080255', 'tenant_id': '158f5f3ae48f4777a7d79265a43bb27c', 'tenant_name': 'tempest-AZAdminV2TestJSON-160080255', 'user_domain_id': 'default', 'user_domain_name': 'Default', 'user_id': '89b4ddaf58d84bb18d0049ada607ab57', 'system': None}, Network: None, Subnet: None, Router: None
2025-11-12 18:16:53.027 65674 INFO tempest.lib.common.rest_client [req-a812f8f7-49df-4eb1-aceb-5afbcba918a2 req-a812f8f7-49df-4eb1-aceb-5afbcba918a2 ] Request (ImagesOneServerTestJSON:setUpClass): 201 POST http://10.180.1.21/networking/v2.0/routers 1.052s
2025-11-12 18:16:53.031 65698 INFO tempest.lib.common.rest_client [req-2e0b00d1-776d-4e04-a652-e4ba39d613e5 req-2e0b00d1-776d-4e04-a652-e4ba39d613e5 ] Request (ServersAdminTestJSON:setUpClass): 201 POST http://10.180.1.21/networking/v2.0/routers 1.210s
2025-11-12 18:16:53.062 65680 INFO tempest.lib.common.rest_client [req-89448012-d8ea-4f74-a495-9e10b04c30a2 req-89448012-d8ea-4f74-a495-9e10b04c30a2 ] Request (HypervisorAdminV228Test:setUpClass): 204 PUT http://10.180.1.21/identity/v3/projects/12fd7514c72942ad976d6f16d30c4438/users/e8fc5a6f8865433ea7f014ed6f2d01c1/roles/9cf40fd2f075439e954f6b89f8bd20db 0.671s
2025-11-12 18:16:53.062 65680 INFO tempest.lib.common.dynamic_creds [-] Dynamic test user e8fc5a6f8865433ea7f014ed6f2d01c1 is created with scope project and roles: ['admin']
2025-11-12 18:16:53.063 65680 INFO tempest.lib.common.dynamic_creds [-] Acquired dynamic creds: credentials: Credentials: {'domain_id': 'default', 'domain_name': 'Default', 'username': 'tempest-HypervisorAdminV228Test-419574469-project-admin', 'project_domain_id': 'default', 'project_domain_name': 'Default', 'project_id': '12fd7514c72942ad976d6f16d30c4438', 'project_name': 'tempest-HypervisorAdminV228Test-419574469', 'tenant_id': '12fd7514c72942ad976d6f16d30c4438', 'tenant_name': 'tempest-HypervisorAdminV228Test-419574469', 'user_domain_id': 'default', 'user_domain_name': 'Default', 'user_id': 'e8fc5a6f8865433ea7f014ed6f2d01c1', 'system': None}, Network: None, Subnet: None, Router: None
2025-11-12 18:16:53.063 65680 INFO tempest.lib.common.dynamic_creds [-] Created isolated network resources for: credentials: Credentials: {'domain_id': 'default', 'domain_name': 'Default', 'username': 'tempest-HypervisorAdminV228Test-419574469-project-admin', 'project_domain_id': 'default', 'project_domain_name': 'Default', 'project_id': '12fd7514c72942ad976d6f16d30c4438', 'project_name': 'tempest-HypervisorAdminV228Test-419574469', 'tenant_id': '12fd7514c72942ad976d6f16d30c4438', 'tenant_name': 'tempest-HypervisorAdminV228Test-419574469', 'user_domain_id': 'default', 'user_domain_name': 'Default', 'user_id': 'e8fc5a6f8865433ea7f014ed6f2d01c1', 'system': None}, Network: None, Subnet: None, Router: None
2025-11-12 18:16:53.079 65668 INFO tempest.lib.common.rest_client [req-2c10bd2b-3475-4afb-9a53-d33d345793a5 req-2c10bd2b-3475-4afb-9a53-d33d345793a5 ] Request (HypervisorAdminUnderV252Test:setUpClass): 204 PUT http://10.180.1.21/identity/v3/projects/56e95bb8590d406c9172f273237055be/users/1626f90c96434b5dac583c6cb042bd86/roles/9cf40fd2f075439e954f6b89f8bd20db 0.691s
2025-11-12 18:16:53.079 65668 INFO tempest.lib.common.dynamic_creds [-] Dynamic test user 1626f90c96434b5dac583c6cb042bd86 is created with scope project and roles: ['admin']
2025-11-12 18:16:53.079 65668 INFO tempest.lib.common.dynamic_creds [-] Acquired dynamic creds: credentials: Credentials: {'domain_id': 'default', 'domain_name': 'Default', 'username': 'tempest-HypervisorAdminUnderV252Test-414388302-project-admin', 'project_domain_id': 'default', 'project_domain_name': 'Default', 'project_id': '56e95bb8590d406c9172f273237055be', 'project_name': 'tempest-HypervisorAdminUnderV252Test-414388302', 'tenant_id': '56e95bb8590d406c9172f273237055be', 'tenant_name': 'tempest-HypervisorAdminUnderV252Test-414388302', 'user_domain_id': 'default', 'user_domain_name': 'Default', 'user_id': '1626f90c96434b5dac583c6cb042bd86', 'system': None}, Network: None, Subnet: None, Router: None
2025-11-12 18:16:53.079 65668 INFO tempest.lib.common.dynamic_creds [-] Created isolated network resources for: credentials: Credentials: {'domain_id': 'default', 'domain_name': 'Default', 'username': 'tempest-HypervisorAdminUnderV252Test-414388302-project-admin', 'project_domain_id': 'default', 'project_domain_name': 'Default', 'project_id': '56e95bb8590d406c9172f273237055be', 'project_name': 'tempest-HypervisorAdminUnderV252Test-414388302', 'tenant_id': '56e95bb8590d406c9172f273237055be', 'tenant_name': 'tempest-HypervisorAdminUnderV252Test-414388302', 'user_domain_id': 'default', 'user_domain_name': 'Default', 'user_id': '1626f90c96434b5dac583c6cb042bd86', 'system': None}, Network: None, Subnet: None, Router: None
2025-11-12 18:16:53.166 65652 INFO tempest.lib.common.rest_client [req-a3b9d306-6586-423b-8997-1d0b3fd7d276 req-a3b9d306-6586-423b-8997-1d0b3fd7d276 ] Request (HostsAdminTestJSON:setUpClass): 204 PUT http://10.180.1.21/identity/v3/projects/e18b1226e9bb49c894df97122c7cd40d/users/f29ecd84c13846fcb824630436e9716e/roles/9cf40fd2f075439e954f6b89f8bd20db 0.762s
2025-11-12 18:16:53.166 65652 INFO tempest.lib.common.dynamic_creds [-] Dynamic test user f29ecd84c13846fcb824630436e9716e is created with scope project and roles: ['admin']
2025-11-12 18:16:53.167 65652 INFO tempest.lib.common.dynamic_creds [-] Acquired dynamic creds: credentials: Credentials: {'domain_id': 'default', 'domain_name': 'Default', 'username': 'tempest-HostsAdminTestJSON-358146356-project-admin', 'project_domain_id': 'default', 'project_domain_name': 'Default', 'project_id': 'e18b1226e9bb49c894df97122c7cd40d', 'project_name': 'tempest-HostsAdminTestJSON-358146356', 'tenant_id': 'e18b1226e9bb49c894df97122c7cd40d', 'tenant_name': 'tempest-HostsAdminTestJSON-358146356', 'user_domain_id': 'default', 'user_domain_name': 'Default', 'user_id': 'f29ecd84c13846fcb824630436e9716e', 'system': None}, Network: None, Subnet: None, Router: None
2025-11-12 18:16:53.168 65652 INFO tempest.lib.common.dynamic_creds [-] Created isolated network resources for: credentials: Credentials: {'domain_id': 'default', 'domain_name': 'Default', 'username': 'tempest-HostsAdminTestJSON-358146356-project-admin', 'project_domain_id': 'default', 'project_domain_name': 'Default', 'project_id': 'e18b1226e9bb49c894df97122c7cd40d', 'project_name': 'tempest-HostsAdminTestJSON-358146356', 'tenant_id': 'e18b1226e9bb49c894df97122c7cd40d', 'tenant_name': 'tempest-HostsAdminTestJSON-358146356', 'user_domain_id': 'default', 'user_domain_name': 'Default', 'user_id': 'f29ecd84c13846fcb824630436e9716e', 'system': None}, Network: None, Subnet: None, Router: None
2025-11-12 18:16:53.172 65654 INFO tempest.lib.common.rest_client [req-191e0825-8e41-416a-860b-684a697768dc req-191e0825-8e41-416a-860b-684a697768dc ] Request (QuotasSecurityGroupAdminNegativeTest:setUpClass): 201 POST http://10.180.1.21/identity/v3/auth/tokens 0.747s
2025-11-12 18:16:53.175 65654 WARNING tempest.lib.common.rest_client [-] Deprecated: "tenant_id" property is deprecated for removal, use "project_id" instead
2025-11-12 18:16:53.192 65712 INFO tempest.lib.common.rest_client [req-cb421b3d-b415-44a1-afad-27fca306b302 req-cb421b3d-b415-44a1-afad-27fca306b302 ] Request (SecurityGroupRulesNegativeTestJSON:setUpClass): 201 POST http://10.180.1.21/networking/v2.0/subnets 1.166s
2025-11-12 18:16:53.233 65694 INFO tempest.lib.common.rest_client [req-2b477e8d-145f-4972-ada8-c9e96cd98b94 req-2b477e8d-145f-4972-ada8-c9e96cd98b94 ] Request (ServersAdmin275Test:setUpClass): 204 PUT http://10.180.1.21/identity/v3/projects/a1f487fa4f67484db0a7c0efaae1ef86/users/2f1749debdcf4b38a7be5e088243d692/roles/f93eda7683ce43fa845345595d606a64 0.764s
2025-11-12 18:16:53.233 65694 INFO tempest.lib.common.dynamic_creds [-] Dynamic test user 2f1749debdcf4b38a7be5e088243d692 is created with scope project and roles: ['member']
2025-11-12 18:16:53.233 65694 INFO tempest.lib.common.dynamic_creds [-] Acquired dynamic creds: credentials: Credentials: {'domain_id': 'default', 'domain_name': 'Default', 'username': 'tempest-ServersAdmin275Test-345246114-project-member', 'project_domain_id': 'default', 'project_domain_name': 'Default', 'project_id': 'a1f487fa4f67484db0a7c0efaae1ef86', 'project_name': 'tempest-ServersAdmin275Test-345246114', 'tenant_id': 'a1f487fa4f67484db0a7c0efaae1ef86', 'tenant_name': 'tempest-ServersAdmin275Test-345246114', 'user_domain_id': 'default', 'user_domain_name': 'Default', 'user_id': '2f1749debdcf4b38a7be5e088243d692', 'system': None}, Network: None, Subnet: None, Router: None
2025-11-12 18:16:53.233 65694 INFO tempest.lib.common.dynamic_creds [-] Created isolated network resources for: credentials: Credentials: {'domain_id': 'default', 'domain_name': 'Default', 'username': 'tempest-ServersAdmin275Test-345246114-project-member', 'project_domain_id': 'default', 'project_domain_name': 'Default', 'project_id': 'a1f487fa4f67484db0a7c0efaae1ef86', 'project_name': 'tempest-ServersAdmin275Test-345246114', 'tenant_id': 'a1f487fa4f67484db0a7c0efaae1ef86', 'tenant_name': 'tempest-ServersAdmin275Test-345246114', 'user_domain_id': 'default', 'user_domain_name': 'Default', 'user_id': '2f1749debdcf4b38a7be5e088243d692', 'system': None}, Network: None, Subnet: None, Router: None
2025-11-12 18:16:53.241 65696 INFO tempest.lib.common.rest_client [req-e0f5167c-5177-42ee-9d0e-0d47fd77c978 req-e0f5167c-5177-42ee-9d0e-0d47fd77c978 ] Request (FlavorsExtraSpecsTestJSON:setUpClass): 201 POST http://10.180.1.21/identity/v3/auth/tokens 0.752s
2025-11-12 18:16:53.289 65686 INFO tempest.lib.common.rest_client [req-abe8466d-5380-4b95-8c2a-ab890a0aa39c req-abe8466d-5380-4b95-8c2a-ab890a0aa39c ] Request (QuotasAdminTestJSON:test_delete_quota): 200 GET http://10.180.1.21/identity/v3/domains?name=Default 0.768s
2025-11-12 18:16:53.310 65658 INFO tempest.lib.common.rest_client [req-298ef25c-91a3-414a-97f9-59cee9a79dbb req-298ef25c-91a3-414a-97f9-59cee9a79dbb ] Request (QuotasAdminNegativeTest:setUpClass): 201 POST http://10.180.1.21/identity/v3/auth/tokens 0.722s
2025-11-12 18:16:53.311 65658 WARNING tempest.lib.common.rest_client [-] Deprecated: "tenant_id" property is deprecated for removal, use "project_id" instead
2025-11-12 18:16:53.383 65700 INFO tempest.lib.common.rest_client [req-eb82b09a-c409-4829-8c40-bd9dda2b24aa req-eb82b09a-c409-4829-8c40-bd9dda2b24aa ] Request (InstanceUsageAuditLogNegativeTestJSON:setUpClass): 201 POST http://10.180.1.21/identity/v3/auth/tokens 0.719s
2025-11-12 18:16:53.441 65690 INFO tempest.lib.common.rest_client [req-5a90306b-40a3-471f-93dd-076b200cdf42 req-5a90306b-40a3-471f-93dd-076b200cdf42 ] Request (TenantUsagesNegativeTestJSON:test_get_usage_tenant_with_empty_tenant_id): 404 GET http://10.180.1.21/compute/v2.1/os-simple-tenant-usage/?start=2025-11-11T18%3A16%3A50.734183&end=2025-11-13T18%3A16%3A50.734183 2.706s
2025-11-12 18:16:53.445 65656 INFO tempest.lib.common.rest_client [req-b06c8ed0-8a31-414a-a867-26aa8c0dbaf0 req-b06c8ed0-8a31-414a-a867-26aa8c0dbaf0 ] Request (FlavorsAccessTestJSON:setUpClass): 201 POST http://10.180.1.21/identity/v3/auth/tokens 0.656s
2025-11-12 18:16:53.448 65690 WARNING tempest.lib.common.rest_client [-] Deprecated: "tenant_id" property is deprecated for removal, use "project_id" instead
2025-11-12 18:16:53.448 65656 WARNING tempest.lib.common.rest_client [-] Deprecated: "tenant_id" property is deprecated for removal, use "project_id" instead
2025-11-12 18:16:53.506 65664 INFO tempest.lib.common.rest_client [req-b4ce7bc3-e1a4-400e-b1de-b9e3763909f5 req-b4ce7bc3-e1a4-400e-b1de-b9e3763909f5 ] Request (HostsAdminNegativeTestJSON:setUpClass): 201 POST http://10.180.1.21/identity/v3/auth/tokens 0.665s
2025-11-12 18:16:53.516 65715 INFO tempest.lib.common.rest_client [req-e7a81da8-9183-4577-b25f-d73f6ac260b7 req-e7a81da8-9183-4577-b25f-d73f6ac260b7 ] Request (QuotasAdminTestV236:setUpClass): 201 POST http://10.180.1.21/identity/v3/auth/tokens 0.674s
2025-11-12 18:16:53.517 65715 WARNING tempest.lib.common.rest_client [-] Deprecated: "tenant_id" property is deprecated for removal, use "project_id" instead
2025-11-12 18:16:53.575 65676 INFO tempest.lib.common.rest_client [req-bf5df362-c12b-48ed-af7b-21a6fa9e8590 req-bf5df362-c12b-48ed-af7b-21a6fa9e8590 ] Request (ServersWithSpecificFlavorTestJSON:setUpClass): 201 POST http://10.180.1.21/identity/v3/users 0.669s
2025-11-12 18:16:53.589 65704 INFO tempest.lib.common.rest_client [req-bcc7fa51-d77c-4934-a907-05d74efb88c0 req-bcc7fa51-d77c-4934-a907-05d74efb88c0 ] Request (ServerDiagnosticsNegativeTest:setUpClass): 201 POST http://10.180.1.21/identity/v3/auth/tokens 0.628s
2025-11-12 18:16:53.632 65670 INFO tempest.lib.common.rest_client [req-47ce7c6f-7ec3-486d-875a-abafa8cada61 req-47ce7c6f-7ec3-486d-875a-abafa8cada61 ] Request (ServerDiagnosticsTest:test_get_server_diagnostics): 201 POST http://10.180.1.21/identity/v3/auth/tokens 0.625s
2025-11-12 18:16:53.633 65670 INFO tempest.lib.common.fixed_network [-] (ServerDiagnosticsTest:test_get_server_diagnostics) Found network None available for tenant
2025-11-12 18:16:53.656 65692 INFO tempest.lib.common.rest_client [req-c4271dbc-2b3a-4e81-b72a-55c5b6e51cb6 req-c4271dbc-2b3a-4e81-b72a-55c5b6e51cb6 ] Request (AZAdminV2TestJSON:setUpClass): 201 POST http://10.180.1.21/identity/v3/auth/tokens 0.644s
2025-11-12 18:16:53.680 65672 INFO tempest.lib.common.rest_client [req-89d87b28-394d-4900-94d8-3bb3d9fe739b req-89d87b28-394d-4900-94d8-3bb3d9fe739b ] Request (VolumesAssistedSnapshotsTest:setUpClass): 201 POST http://10.180.1.21/networking/v2.0/routers 1.542s
2025-11-12 18:16:53.714 65680 INFO tempest.lib.common.rest_client [req-a1bfb71c-46c9-4569-8c11-b4277bd49b61 req-a1bfb71c-46c9-4569-8c11-b4277bd49b61 ] Request (HypervisorAdminV228Test:setUpClass): 201 POST http://10.180.1.21/identity/v3/auth/tokens 0.647s
2025-11-12 18:16:53.761 65668 INFO tempest.lib.common.rest_client [req-b35693d6-c822-4562-a5a1-b920f88ae598 req-b35693d6-c822-4562-a5a1-b920f88ae598 ] Request (HypervisorAdminUnderV252Test:setUpClass): 201 POST http://10.180.1.21/identity/v3/auth/tokens 0.678s
2025-11-12 18:16:53.797 65652 INFO tempest.lib.common.rest_client [req-a9a5cdb7-4408-4022-8c3c-7f0348ac7103 req-a9a5cdb7-4408-4022-8c3c-7f0348ac7103 ] Request (HostsAdminTestJSON:setUpClass): 201 POST http://10.180.1.21/identity/v3/auth/tokens 0.627s
2025-11-12 18:16:53.806 65706 INFO tempest.lib.common.rest_client [req-3ea3a266-8bf9-4ce8-8c08-91d4cd37b019 req-3ea3a266-8bf9-4ce8-8c08-91d4cd37b019 ] Request (ServersTestManualDisk:setUpClass): 201 POST http://10.180.1.21/networking/v2.0/security-group-rules 1.563s
2025-11-12 18:16:53.826 65688 INFO tempest.lib.common.rest_client [req-bcabd8b8-8cb9-4b91-96cc-c29ab3844ca2 req-bcabd8b8-8cb9-4b91-96cc-c29ab3844ca2 ] Request (ImagesOneServerNegativeTestJSON:setUpClass): 201 POST http://10.180.1.21/networking/v2.0/routers 1.639s
2025-11-12 18:16:53.844 65654 INFO tempest.lib.common.rest_client [req-7577aa72-759a-4228-830c-9dc539fcd8dc req-7577aa72-759a-4228-830c-9dc539fcd8dc ] Request (QuotasSecurityGroupAdminNegativeTest:tearDownClass): 204 DELETE http://10.180.1.21/identity/v3/users/aca3c7a1eecf4cd0b25189806457439e 0.662s
2025-11-12 18:16:53.885 65694 INFO tempest.lib.common.rest_client [req-77742a24-2e1c-4e73-b016-90865e586d6c req-77742a24-2e1c-4e73-b016-90865e586d6c ] Request (ServersAdmin275Test:setUpClass): 201 POST http://10.180.1.21/identity/v3/auth/tokens 0.645s
2025-11-12 18:16:53.911 65660 INFO tempest.lib.common.rest_client [req-cf5a2f31-db3c-4e41-8233-a48edcc1a33b req-cf5a2f31-db3c-4e41-8233-a48edcc1a33b ] Request (FlavorsV261TestJSON:tearDownClass): 200 GET http://10.180.1.21/networking/v2.0/security-groups?tenant_id=a04147e9a9a44acbbf856d456e107539&name=default 0.974s
2025-11-12 18:16:53.969 65702 INFO tempest.lib.common.rest_client [req-a997cdae-680a-42c7-947e-9280889d8a6e req-a997cdae-680a-42c7-947e-9280889d8a6e ] Request (ImagesDeleteNegativeTestJSON:test_delete_image_negative_image_id): 404 DELETE http://10.180.1.21/compute/v2.1/images/-1 3.458s
2025-11-12 18:16:54.004 65710 INFO tempest.lib.common.rest_client [req-fd7bd8c8-9687-4e3b-81cd-f0e0bc02ae28 req-fd7bd8c8-9687-4e3b-81cd-f0e0bc02ae28 ] Request (FlavorsAdminTestJSON:test_create_flavor_using_string_ram): 200 POST http://10.180.1.21/compute/v2.1/flavors 2.773s
2025-11-12 18:16:54.015 65676 INFO tempest.lib.common.rest_client [req-f7c4f9b1-4eea-4855-895e-c29b87224539 req-f7c4f9b1-4eea-4855-895e-c29b87224539 ] Request (ServersWithSpecificFlavorTestJSON:setUpClass): 200 GET http://10.180.1.21/identity/v3/roles 0.439s
2025-11-12 18:16:54.043 65704 INFO tempest.lib.common.rest_client [req-42abd771-ccd0-41fc-85d6-ed6b9c7391fc req-42abd771-ccd0-41fc-85d6-ed6b9c7391fc ] Request (ServerDiagnosticsNegativeTest:test_get_server_diagnostics_by_non_admin): 201 POST http://10.180.1.21/identity/v3/auth/tokens 0.451s
2025-11-12 18:16:54.044 65704 INFO tempest.lib.common.fixed_network [-] (ServerDiagnosticsNegativeTest:test_get_server_diagnostics_by_non_admin) Found network None available for tenant
2025-11-12 18:16:54.080 65654 INFO tempest.lib.common.rest_client [req-f406cc9c-287f-40db-afed-a7f1d1ff9084 req-f406cc9c-287f-40db-afed-a7f1d1ff9084 ] Request (QuotasSecurityGroupAdminNegativeTest:tearDownClass): 204 DELETE http://10.180.1.21/identity/v3/users/2f0674b7d6f8405ca200eb1d0f39254c 0.236s
2025-11-12 18:16:54.081 65654 INFO tempest.lib.common.dynamic_creds [-] Deleting project and security group for project: e2dbaee1a2c541a4a03c9dd272c16ba9
2025-11-12 18:16:54.105 65694 INFO tempest.lib.common.rest_client [req-20f1f4ac-aacd-432e-853c-206ed787091d req-20f1f4ac-aacd-432e-853c-206ed787091d ] Request (ServersAdmin275Test:setUpClass): 201 POST http://10.180.1.21/identity/v3/projects 0.220s
2025-11-12 18:16:54.238 65683 INFO tempest.lib.common.rest_client [req-90f85625-c1f5-4eca-b685-b24f3bdf85c4 req-90f85625-c1f5-4eca-b685-b24f3bdf85c4 ] Request (AZAdminNegativeTestJSON:test_get_availability_zone_list_detail_with_non_admin_user): 403 GET http://10.180.1.21/compute/v2.1/os-availability-zone/detail 2.107s
2025-11-12 18:16:54.241 65678 INFO tempest.lib.common.rest_client [req-b847daeb-ed9a-44a6-8fe3-e18ad7fe19dd req-b847daeb-ed9a-44a6-8fe3-e18ad7fe19dd ] Request (FlavorsExtraSpecsNegativeTestJSON:setUpClass): 200 POST http://10.180.1.21/compute/v2.1/flavors 2.188s
2025-11-12 18:16:54.300 65654 INFO tempest.lib.common.rest_client [req-562c3092-72e2-4840-a353-890323f053d0 req-562c3092-72e2-4840-a353-890323f053d0 ] Request (QuotasSecurityGroupAdminNegativeTest:tearDownClass): 201 POST http://10.180.1.21/identity/v3/auth/tokens 0.219s
2025-11-12 18:16:54.307 65676 INFO tempest.lib.common.rest_client [req-f4e3ffac-e285-4511-898d-ab3fc4967486 req-f4e3ffac-e285-4511-898d-ab3fc4967486 ] Request (ServersWithSpecificFlavorTestJSON:setUpClass): 204 PUT http://10.180.1.21/identity/v3/projects/d3f2ae8c6b154867a854f097084c43f5/users/cc33f31330c74a80b867b4d637661296/roles/9cf40fd2f075439e954f6b89f8bd20db 0.291s
2025-11-12 18:16:54.326 65708 INFO tempest.lib.common.rest_client [req-bb8e1fa8-fa13-4b71-bc19-a443766ceb20 req-bb8e1fa8-fa13-4b71-bc19-a443766ceb20 ] Request (AggregatesAdminNegativeTestJSON:test_aggregate_add_existent_host): 409 POST http://10.180.1.21/compute/v2.1/os-aggregates/1/action 1.584s
2025-11-12 18:16:54.366 65694 INFO tempest.lib.common.rest_client [req-0076886f-ee81-4eb8-b9a5-ebb1b204b0a8 req-0076886f-ee81-4eb8-b9a5-ebb1b204b0a8 ] Request (ServersAdmin275Test:setUpClass): 201 POST http://10.180.1.21/identity/v3/users 0.261s
2025-11-12 18:16:54.436 65683 INFO tempest.lib.common.rest_client [req-31e891c3-8536-48a9-a82b-7f2c78c98824 req-31e891c3-8536-48a9-a82b-7f2c78c98824 ] Request (AZAdminNegativeTestJSON:tearDownClass): 204 DELETE http://10.180.1.21/identity/v3/users/3c79f53d53884156bec8d6fdf48db03d 0.186s
2025-11-12 18:16:54.443 65666 INFO tempest.lib.common.rest_client [req-942f3ada-db62-43d6-b845-23bd037cbd7f req-942f3ada-db62-43d6-b845-23bd037cbd7f ] Request (InstanceUsageAuditLogTestJSON:test_get_instance_usage_audit_log): 200 GET http://10.180.1.21/compute/v2.1/os-instance_usage_audit_log/2025-11-12%2018%3A16%3A52 2.137s
2025-11-12 18:16:54.476 65676 INFO tempest.lib.common.rest_client [req-ded4bd6d-5864-4ffb-88aa-7aa68a8fe17b req-ded4bd6d-5864-4ffb-88aa-7aa68a8fe17b ] Request (ServersWithSpecificFlavorTestJSON:setUpClass): 200 GET http://10.180.1.21/identity/v3/roles 0.169s
2025-11-12 18:16:54.544 65694 INFO tempest.lib.common.rest_client [req-98b9d640-fd82-4843-b58c-a4063a587ead req-98b9d640-fd82-4843-b58c-a4063a587ead ] Request (ServersAdmin275Test:setUpClass): 200 GET http://10.180.1.21/identity/v3/roles 0.177s
2025-11-12 18:16:54.577 65684 INFO tempest.lib.common.rest_client [req-4ba31d89-3abb-4af0-be24-456ce2d398cd req-4ba31d89-3abb-4af0-be24-456ce2d398cd ] Request (FlavorsV255TestJSON:test_crud_flavor): 200 POST http://10.180.1.21/compute/v2.1/flavors 1.826s
2025-11-12 18:16:54.647 65683 INFO tempest.lib.common.rest_client [req-46f5f3d7-fd69-461f-ac35-e19ba86855d6 req-46f5f3d7-fd69-461f-ac35-e19ba86855d6 ] Request (AZAdminNegativeTestJSON:tearDownClass): 204 DELETE http://10.180.1.21/identity/v3/users/9f5d5ecc21744cae944479ea63093760 0.211s
2025-11-12 18:16:54.648 65683 INFO tempest.lib.common.dynamic_creds [-] Deleting project and security group for project: 4eede339b7264464a089701a02b73dc2
2025-11-12 18:16:54.657 65696 INFO tempest.lib.common.rest_client [req-b56c42bc-aef9-4be9-886f-19418c847f31 req-b56c42bc-aef9-4be9-886f-19418c847f31 ] Request (FlavorsExtraSpecsTestJSON:setUpClass): 200 POST http://10.180.1.21/compute/v2.1/flavors 1.414s
2025-11-12 18:16:54.695 65676 INFO tempest.lib.common.rest_client [req-67cf6ccd-4d71-4c2a-a45e-223e42fb1e34 req-67cf6ccd-4d71-4c2a-a45e-223e42fb1e34 ] Request (ServersWithSpecificFlavorTestJSON:setUpClass): 204 PUT http://10.180.1.21/identity/v3/projects/d3f2ae8c6b154867a854f097084c43f5/users/cc33f31330c74a80b867b4d637661296/roles/9cf40fd2f075439e954f6b89f8bd20db 0.219s
2025-11-12 18:16:54.696 65676 INFO tempest.lib.common.dynamic_creds [-] Dynamic test user cc33f31330c74a80b867b4d637661296 is created with scope project and roles: ['admin']
2025-11-12 18:16:54.696 65676 INFO tempest.lib.common.dynamic_creds [-] Acquired dynamic creds: credentials: Credentials: {'domain_id': 'default', 'domain_name': 'Default', 'username': 'tempest-ServersWithSpecificFlavorTestJSON-1083048925-project-admin', 'project_domain_id': 'default', 'project_domain_name': 'Default', 'project_id': 'd3f2ae8c6b154867a854f097084c43f5', 'project_name': 'tempest-ServersWithSpecificFlavorTestJSON-1083048925', 'tenant_id': 'd3f2ae8c6b154867a854f097084c43f5', 'tenant_name': 'tempest-ServersWithSpecificFlavorTestJSON-1083048925', 'user_domain_id': 'default', 'user_domain_name': 'Default', 'user_id': 'cc33f31330c74a80b867b4d637661296', 'system': None}, Network: None, Subnet: None, Router: None
2025-11-12 18:16:54.739 65674 INFO tempest.lib.common.rest_client [req-ed56c437-7cde-4859-8651-7b186d99c892 req-ed56c437-7cde-4859-8651-7b186d99c892 ] Request (ImagesOneServerTestJSON:setUpClass): 200 PUT http://10.180.1.21/networking/v2.0/routers/b7821056-90c8-4eb0-a172-f0a949d2243a/add_router_interface 1.711s
2025-11-12 18:16:54.739 65674 INFO tempest.lib.common.dynamic_creds [-] Created isolated network resources for: credentials: Credentials: {'domain_id': 'default', 'domain_name': 'Default', 'username': 'tempest-ImagesOneServerTestJSON-870847150-project-member', 'project_domain_id': 'default', 'project_domain_name': 'Default', 'project_id': 'b831fe7da4ad4cec8d193aedea9c03aa', 'project_name': 'tempest-ImagesOneServerTestJSON-870847150', 'tenant_id': 'b831fe7da4ad4cec8d193aedea9c03aa', 'tenant_name': 'tempest-ImagesOneServerTestJSON-870847150', 'user_domain_id': 'default', 'user_domain_name': 'Default', 'user_id': '2238b799f4ae419e9e7d6a38b4559f16', 'system': None}, Network: {'id': 'bf81d84f-d1b9-4e72-bc36-e00d80e942d3', 'name': 'tempest-ImagesOneServerTestJSON-2103479695-network', 'tenant_id': 'b831fe7da4ad4cec8d193aedea9c03aa', 'project_id': 'b831fe7da4ad4cec8d193aedea9c03aa', 'admin_state_up': True, 'mtu': 8950, 'status': 'ACTIVE', 'subnets': [], 'shared': False, 'port_security_enabled': True, 'router:external': False, 'provider:network_type': 'vlan', 'provider:physical_network': 'default', 'provider:segmentation_id': 784, 'availability_zone_hints': [], 'availability_zones': [], 'ipv4_address_scope': None, 'ipv6_address_scope': None, 'description': '', 'tags': [], 'created_at': '2025-11-12T18:16:50Z', 'updated_at': '2025-11-12T18:16:50Z', 'revision_number': 1}, Subnet: {'id': '55465dc2-43a7-4825-ac5c-ed76023b21db', 'name': 'tempest-ImagesOneServerTestJSON-2103479695-subnet', 'tenant_id': 'b831fe7da4ad4cec8d193aedea9c03aa', 'network_id': 'bf81d84f-d1b9-4e72-bc36-e00d80e942d3', 'ip_version': 4, 'subnetpool_id': None, 'enable_dhcp': True, 'ipv6_ra_mode': None, 'ipv6_address_mode': None, 'gateway_ip': '192.168.128.1', 'cidr': '192.168.128.0/28', 'allocation_pools': [{'start': '192.168.128.2', 'end': '192.168.128.14'}], 'host_routes': [], 'dns_nameservers': [], 'description': '', 'router:external': False, 'service_types': [], 'tags': [], 'created_at': '2025-11-12T18:16:51Z', 'updated_at': '2025-11-12T18:16:51Z', 'revision_number': 0, 'project_id': 'b831fe7da4ad4cec8d193aedea9c03aa'}, Router: {'id': 'b7821056-90c8-4eb0-a172-f0a949d2243a', 'name': 'tempest-ImagesOneServerTestJSON-2103479695-router', 'tenant_id': 'b831fe7da4ad4cec8d193aedea9c03aa', 'admin_state_up': True, 'status': 'ACTIVE', 'external_gateway_info': {'network_id': '4bee3b2c-ad2c-4cee-954c-2241022e68f9', 'external_fixed_ips': [{'subnet_id': '93836fa3-06ed-4b6a-90b4-5a45301f3bf8', 'ip_address': '10.180.180.224'}], 'enable_snat': True}, 'description': '', 'availability_zones': [], 'distributed': False, 'ha': False, 'availability_zone_hints': [], 'routes': [], 'flavor_id': None, 'tags': [], 'created_at': '2025-11-12T18:16:52Z', 'updated_at': '2025-11-12T18:16:52Z', 'revision_number': 2, 'project_id': 'b831fe7da4ad4cec8d193aedea9c03aa'}
2025-11-12 18:16:54.765 65694 INFO tempest.lib.common.rest_client [req-9f913090-5e10-4138-a113-2600b1f33e26 req-9f913090-5e10-4138-a113-2600b1f33e26 ] Request (ServersAdmin275Test:setUpClass): 204 PUT http://10.180.1.21/identity/v3/projects/68a806ad8a2c4c24ad96ad07b0b98fdb/users/095d41fc6ceb4bf99710705bd3acd906/roles/9cf40fd2f075439e954f6b89f8bd20db 0.221s
2025-11-12 18:16:54.833 65683 INFO tempest.lib.common.rest_client [req-03b1bae1-83a6-42df-a978-6426a105f51b req-03b1bae1-83a6-42df-a978-6426a105f51b ] Request (AZAdminNegativeTestJSON:tearDownClass): 201 POST http://10.180.1.21/identity/v3/auth/tokens 0.185s
2025-11-12 18:16:54.845 65698 INFO tempest.lib.common.rest_client [req-3f7ea5db-0055-4ed2-9006-158e6a3fec8b req-3f7ea5db-0055-4ed2-9006-158e6a3fec8b ] Request (ServersAdminTestJSON:setUpClass): 200 PUT http://10.180.1.21/networking/v2.0/routers/9317854e-afbc-41d2-b129-e3ee395fc8f4/add_router_interface 1.814s
2025-11-12 18:16:54.846 65698 INFO tempest.lib.common.dynamic_creds [-] Created isolated network resources for: credentials: Credentials: {'domain_id': 'default', 'domain_name': 'Default', 'username': 'tempest-ServersAdminTestJSON-924880444-project-member', 'project_domain_id': 'default', 'project_domain_name': 'Default', 'project_id': 'db2d55881c84400d80855b71902463dd', 'project_name': 'tempest-ServersAdminTestJSON-924880444', 'tenant_id': 'db2d55881c84400d80855b71902463dd', 'tenant_name': 'tempest-ServersAdminTestJSON-924880444', 'user_domain_id': 'default', 'user_domain_name': 'Default', 'user_id': 'af162e88813442e4aed1790d37d410d3', 'system': None}, Network: {'id': '2c0674c6-3141-4208-b2c4-50bc1249a7c4', 'name': 'tempest-ServersAdminTestJSON-1428167255-network', 'tenant_id': 'db2d55881c84400d80855b71902463dd', 'project_id': 'db2d55881c84400d80855b71902463dd', 'admin_state_up': True, 'mtu': 8950, 'status': 'ACTIVE', 'subnets': [], 'shared': False, 'port_security_enabled': True, 'router:external': False, 'provider:network_type': 'vlan', 'provider:physical_network': 'default', 'provider:segmentation_id': 458, 'availability_zone_hints': [], 'availability_zones': [], 'ipv4_address_scope': None, 'ipv6_address_scope': None, 'description': '', 'tags': [], 'created_at': '2025-11-12T18:16:49Z', 'updated_at': '2025-11-12T18:16:49Z', 'revision_number': 1}, Subnet: {'id': '8fd736c2-5131-483c-ab6f-b5bd3c5da545', 'name': 'tempest-ServersAdminTestJSON-1428167255-subnet', 'tenant_id': 'db2d55881c84400d80855b71902463dd', 'network_id': '2c0674c6-3141-4208-b2c4-50bc1249a7c4', 'ip_version': 4, 'subnetpool_id': None, 'enable_dhcp': True, 'ipv6_ra_mode': None, 'ipv6_address_mode': None, 'gateway_ip': '192.168.128.1', 'cidr': '192.168.128.0/28', 'allocation_pools': [{'start': '192.168.128.2', 'end': '192.168.128.14'}], 'host_routes': [], 'dns_nameservers': [], 'description': '', 'router:external': False, 'service_types': [], 'tags': [], 'created_at': '2025-11-12T18:16:51Z', 'updated_at': '2025-11-12T18:16:51Z', 'revision_number': 0, 'project_id': 'db2d55881c84400d80855b71902463dd'}, Router: {'id': '9317854e-afbc-41d2-b129-e3ee395fc8f4', 'name': 'tempest-ServersAdminTestJSON-1428167255-router', 'tenant_id': 'db2d55881c84400d80855b71902463dd', 'admin_state_up': True, 'status': 'ACTIVE', 'external_gateway_info': {'network_id': '4bee3b2c-ad2c-4cee-954c-2241022e68f9', 'external_fixed_ips': [{'subnet_id': '93836fa3-06ed-4b6a-90b4-5a45301f3bf8', 'ip_address': '10.180.180.193'}], 'enable_snat': True}, 'description': '', 'availability_zones': [], 'distributed': False, 'ha': False, 'availability_zone_hints': [], 'routes': [], 'flavor_id': None, 'tags': [], 'created_at': '2025-11-12T18:16:52Z', 'updated_at': '2025-11-12T18:16:52Z', 'revision_number': 2, 'project_id': 'db2d55881c84400d80855b71902463dd'}
2025-11-12 18:16:54.893 65674 INFO tempest.lib.common.rest_client [req-374e2f4b-6e96-4d63-a778-1c65e2866b9e req-374e2f4b-6e96-4d63-a778-1c65e2866b9e ] Request (ImagesOneServerTestJSON:setUpClass): 201 POST http://10.180.1.21/identity/v3/auth/tokens 0.148s
2025-11-12 18:16:54.913 65694 INFO tempest.lib.common.rest_client [req-89f01ae9-5b56-4be8-a95a-bc71a8bfce8f req-89f01ae9-5b56-4be8-a95a-bc71a8bfce8f ] Request (ServersAdmin275Test:setUpClass): 200 GET http://10.180.1.21/identity/v3/roles 0.147s
2025-11-12 18:16:54.937 65674 INFO tempest.lib.common.rest_client [req-d12c1168-5800-4852-b2d1-fcca15c20896 req-d12c1168-5800-4852-b2d1-fcca15c20896 ] Request (ImagesOneServerTestJSON:setUpClass): 201 POST http://10.180.1.21/identity/v3/auth/tokens 0.039s
2025-11-12 18:16:54.938 65674 INFO tempest.lib.common.fixed_network [-] (ImagesOneServerTestJSON:setUpClass) Found network {'id': 'bf81d84f-d1b9-4e72-bc36-e00d80e942d3', 'name': 'tempest-ImagesOneServerTestJSON-2103479695-network', 'tenant_id': 'b831fe7da4ad4cec8d193aedea9c03aa', 'project_id': 'b831fe7da4ad4cec8d193aedea9c03aa', 'admin_state_up': True, 'mtu': 8950, 'status': 'ACTIVE', 'subnets': [], 'shared': False, 'port_security_enabled': True, 'router:external': False, 'provider:network_type': 'vlan', 'provider:physical_network': 'default', 'provider:segmentation_id': 784, 'availability_zone_hints': [], 'availability_zones': [], 'ipv4_address_scope': None, 'ipv6_address_scope': None, 'description': '', 'tags': [], 'created_at': '2025-11-12T18:16:50Z', 'updated_at': '2025-11-12T18:16:50Z', 'revision_number': 1} available for tenant
2025-11-12 18:16:54.952 65694 INFO tempest.lib.common.rest_client [req-533a76c2-9ec3-44ec-b76e-920c40bcd5c3 req-533a76c2-9ec3-44ec-b76e-920c40bcd5c3 ] Request (ServersAdmin275Test:setUpClass): 204 PUT http://10.180.1.21/identity/v3/projects/68a806ad8a2c4c24ad96ad07b0b98fdb/users/095d41fc6ceb4bf99710705bd3acd906/roles/9cf40fd2f075439e954f6b89f8bd20db 0.038s
2025-11-12 18:16:54.952 65694 INFO tempest.lib.common.dynamic_creds [-] Dynamic test user 095d41fc6ceb4bf99710705bd3acd906 is created with scope project and roles: ['admin']
2025-11-12 18:16:54.952 65694 INFO tempest.lib.common.dynamic_creds [-] Acquired dynamic creds: credentials: Credentials: {'domain_id': 'default', 'domain_name': 'Default', 'username': 'tempest-ServersAdmin275Test-1674320602-project-admin', 'project_domain_id': 'default', 'project_domain_name': 'Default', 'project_id': '68a806ad8a2c4c24ad96ad07b0b98fdb', 'project_name': 'tempest-ServersAdmin275Test-1674320602', 'tenant_id': '68a806ad8a2c4c24ad96ad07b0b98fdb', 'tenant_name': 'tempest-ServersAdmin275Test-1674320602', 'user_domain_id': 'default', 'user_domain_name': 'Default', 'user_id': '095d41fc6ceb4bf99710705bd3acd906', 'system': None}, Network: None, Subnet: None, Router: None
2025-11-12 18:16:54.953 65694 INFO tempest.lib.common.dynamic_creds [-] Created isolated network resources for: credentials: Credentials: {'domain_id': 'default', 'domain_name': 'Default', 'username': 'tempest-ServersAdmin275Test-1674320602-project-admin', 'project_domain_id': 'default', 'project_domain_name': 'Default', 'project_id': '68a806ad8a2c4c24ad96ad07b0b98fdb', 'project_name': 'tempest-ServersAdmin275Test-1674320602', 'tenant_id': '68a806ad8a2c4c24ad96ad07b0b98fdb', 'tenant_name': 'tempest-ServersAdmin275Test-1674320602', 'user_domain_id': 'default', 'user_domain_name': 'Default', 'user_id': '095d41fc6ceb4bf99710705bd3acd906', 'system': None}, Network: None, Subnet: None, Router: None
2025-11-12 18:16:54.984 65698 INFO tempest.lib.common.rest_client [req-152782c5-49e0-4e6e-9b87-6ec121ba1a36 req-152782c5-49e0-4e6e-9b87-6ec121ba1a36 ] Request (ServersAdminTestJSON:setUpClass): 201 POST http://10.180.1.21/identity/v3/auth/tokens 0.133s
2025-11-12 18:16:55.048 65686 INFO tempest.lib.common.rest_client [req-7f421d90-1968-44b6-ab5a-0debf43fa21f req-7f421d90-1968-44b6-ab5a-0debf43fa21f ] Request (QuotasAdminTestJSON:test_delete_quota): 200 GET http://10.180.1.21/compute/v2.1/os-quota-sets/c9762cdca1204d88b30eac72a396c766 1.758s
2025-11-12 18:16:55.062 65694 INFO tempest.lib.common.rest_client [req-e2fd178f-53b4-48f0-9748-cdde1d5083f3 req-e2fd178f-53b4-48f0-9748-cdde1d5083f3 ] Request (ServersAdmin275Test:setUpClass): 201 POST http://10.180.1.21/identity/v3/auth/tokens 0.107s
2025-11-12 18:16:55.093 65698 INFO tempest.lib.common.rest_client [req-7d2e932d-798d-4f83-9ca6-ba2d825caa54 req-7d2e932d-798d-4f83-9ca6-ba2d825caa54 ] Request (ServersAdminTestJSON:setUpClass): 201 POST http://10.180.1.21/identity/v3/projects 0.108s
2025-11-12 18:16:55.164 65658 INFO tempest.lib.common.rest_client [req-053ed4d1-c3a6-43c2-866b-e6550a6900eb req-053ed4d1-c3a6-43c2-866b-e6550a6900eb ] Request (QuotasAdminNegativeTest:test_create_server_when_cpu_quota_is_full): 200 GET http://10.180.1.21/compute/v2.1/os-quota-sets/5c43b7cccc764df6aa0aa880d3c49923 1.852s
2025-11-12 18:16:55.178 65690 INFO tempest.lib.common.rest_client [req-f722002b-68b7-44d0-af5d-1500629abc29 req-f722002b-68b7-44d0-af5d-1500629abc29 ] Request (TenantUsagesNegativeTestJSON:test_get_usage_tenant_with_invalid_date): 400 GET http://10.180.1.21/compute/v2.1/os-simple-tenant-usage/c8406c18565b4234be1fc8bdf0afac5b?start=2025-11-13T18%3A16%3A50.734183&end=2025-11-11T18%3A16%3A50.734183 1.729s
2025-11-12 18:16:55.192 65700 INFO tempest.lib.common.rest_client [req-dea6f7ff-852e-4df1-accf-342051c052e2 req-dea6f7ff-852e-4df1-accf-342051c052e2 ] Request (InstanceUsageAuditLogNegativeTestJSON:test_get_instance_usage_audit_logs_with_invalid_time): 400 GET http://10.180.1.21/compute/v2.1/os-instance_usage_audit_log/invalid_time 1.808s
2025-11-12 18:16:55.220 65694 INFO tempest.lib.common.rest_client [req-f5300ce9-5c53-471f-a03a-23d2ea552482 req-f5300ce9-5c53-471f-a03a-23d2ea552482 ] Request (ServersAdmin275Test:test_rebuild_update_server_275): 201 POST http://10.180.1.21/identity/v3/auth/tokens 0.152s
2025-11-12 18:16:55.224 65694 INFO tempest.lib.common.fixed_network [-] (ServersAdmin275Test:test_rebuild_update_server_275) Found network None available for tenant
2025-11-12 18:16:55.232 65698 INFO tempest.lib.common.rest_client [req-47feac35-a400-4a0d-aea4-d01a456d7b66 req-47feac35-a400-4a0d-aea4-d01a456d7b66 ] Request (ServersAdminTestJSON:setUpClass): 201 POST http://10.180.1.21/identity/v3/users 0.138s
2025-11-12 18:16:55.300 65698 INFO tempest.lib.common.rest_client [req-a9dd8f56-b3cb-47fb-a4f4-8361dea6c6dd req-a9dd8f56-b3cb-47fb-a4f4-8361dea6c6dd ] Request (ServersAdminTestJSON:setUpClass): 200 GET http://10.180.1.21/identity/v3/roles 0.067s
2025-11-12 18:16:55.323 65664 INFO tempest.lib.common.rest_client [req-077cfea9-61d0-4cc5-ac4e-b023129d1ba2 req-077cfea9-61d0-4cc5-ac4e-b023129d1ba2 ] Request (HostsAdminNegativeTestJSON:setUpClass): 200 GET http://10.180.1.21/compute/v2.1/os-hosts 1.816s
2025-11-12 18:16:55.328 65656 INFO tempest.lib.common.rest_client [req-5de9dbd2-7834-44fa-8d18-7055f79e7d0b req-5de9dbd2-7834-44fa-8d18-7055f79e7d0b ] Request (FlavorsAccessTestJSON:test_flavor_access_add_remove): 200 POST http://10.180.1.21/compute/v2.1/flavors 1.879s
2025-11-12 18:16:55.331 65698 INFO tempest.lib.common.rest_client [req-d9c04c2c-3c43-4e88-849f-871c7b43090c req-d9c04c2c-3c43-4e88-849f-871c7b43090c ] Request (ServersAdminTestJSON:setUpClass): 204 PUT http://10.180.1.21/identity/v3/projects/54841a58005a4a218bb3ebc098c2b66a/users/6540a50c4bef4a7b9ab5c584640a0078/roles/9cf40fd2f075439e954f6b89f8bd20db 0.030s
2025-11-12 18:16:55.382 65698 INFO tempest.lib.common.rest_client [req-1bf418f8-9ac0-498c-af44-dad003909cf4 req-1bf418f8-9ac0-498c-af44-dad003909cf4 ] Request (ServersAdminTestJSON:setUpClass): 200 GET http://10.180.1.21/identity/v3/roles 0.050s
2025-11-12 18:16:55.442 65698 INFO tempest.lib.common.rest_client [req-a04a2b7b-5860-4e4a-bc5f-4f02ce3a0cba req-a04a2b7b-5860-4e4a-bc5f-4f02ce3a0cba ] Request (ServersAdminTestJSON:setUpClass): 204 PUT http://10.180.1.21/identity/v3/projects/54841a58005a4a218bb3ebc098c2b66a/users/6540a50c4bef4a7b9ab5c584640a0078/roles/9cf40fd2f075439e954f6b89f8bd20db 0.059s
2025-11-12 18:16:55.442 65698 INFO tempest.lib.common.dynamic_creds [-] Dynamic test user 6540a50c4bef4a7b9ab5c584640a0078 is created with scope project and roles: ['admin']
2025-11-12 18:16:55.442 65698 INFO tempest.lib.common.dynamic_creds [-] Acquired dynamic creds: credentials: Credentials: {'domain_id': 'default', 'domain_name': 'Default', 'username': 'tempest-ServersAdminTestJSON-1613416204-project-admin', 'project_domain_id': 'default', 'project_domain_name': 'Default', 'project_id': '54841a58005a4a218bb3ebc098c2b66a', 'project_name': 'tempest-ServersAdminTestJSON-1613416204', 'tenant_id': '54841a58005a4a218bb3ebc098c2b66a', 'tenant_name': 'tempest-ServersAdminTestJSON-1613416204', 'user_domain_id': 'default', 'user_domain_name': 'Default', 'user_id': '6540a50c4bef4a7b9ab5c584640a0078', 'system': None}, Network: None, Subnet: None, Router: None
2025-11-12 18:16:55.463 65692 INFO tempest.lib.common.rest_client [req-e90bcd02-0d3b-4cc4-b6b6-c17c39f88ba8 req-e90bcd02-0d3b-4cc4-b6b6-c17c39f88ba8 ] Request (AZAdminV2TestJSON:test_get_availability_zone_list): 200 GET http://10.180.1.21/compute/v2.1/os-availability-zone 1.805s
2025-11-12 18:16:55.594 65680 INFO tempest.lib.common.rest_client [req-025bb405-1299-4e18-9221-13ee51ce8e4a req-025bb405-1299-4e18-9221-13ee51ce8e4a ] Request (HypervisorAdminV228Test:test_get_list_hypervisor_details): 200 GET http://10.180.1.21/compute/v2.1/os-hypervisors 1.878s
2025-11-12 18:16:55.677 65672 INFO tempest.lib.common.rest_client [req-5973abd0-a982-4f5c-bc8c-00cd11160284 req-5973abd0-a982-4f5c-bc8c-00cd11160284 ] Request (VolumesAssistedSnapshotsTest:setUpClass): 200 PUT http://10.180.1.21/networking/v2.0/routers/e2888026-6cc3-4223-bbc7-58c77ed2ca45/add_router_interface 1.996s
