2025-11-12 18:18:40.065 65692 INFO tempest.lib.common.rest_client [req-3447fd75-7240-4fef-90bf-cc425a1e6623 req-3447fd75-7240-4fef-90bf-cc425a1e6623 ] Request (MigrationsAdminTest:test_list_migrations_in_flavor_resize_situation): 200 GET http://10.180.1.21/compute/v2.1/servers/62d71892-4111-4f33-9361-7b3d97905014 4.423s
2025-11-12 18:18:40.076 65692 INFO tempest.common.waiters [-] State transition "RESIZE/resize_migrating" ==> "RESIZE/resize_migrated" after 30 second wait
2025-11-12 18:18:40.100 65656 INFO tempest.lib.common.rest_client [req-ef2efadf-67d6-40a1-ae49-b84555a4490e req-ef2efadf-67d6-40a1-ae49-b84555a4490e ] Request (FloatingIPsAssociationNegativeTestJSON:test_associate_ip_to_server_with_floating_ip): 200 POST http://10.180.1.21/compute/v2.1/os-floating-ips 4.903s
2025-11-12 18:18:40.128 65654 INFO tempest.lib.common.rest_client [req-c186e5dc-b1aa-4fe1-b205-3cf29dce6501 req-c186e5dc-b1aa-4fe1-b205-3cf29dce6501 ] Request (ServersTestMultiNic:_run_cleanups): 204 DELETE http://10.180.1.21/networking/v2.0/networks/466a0aae-029b-4d47-a71c-69658da4dea1 0.360s
2025-11-12 18:18:40.289 65654 INFO tempest.lib.common.rest_client [req-59b314f5-7c70-49fa-9c15-4ca481022f27 req-59b314f5-7c70-49fa-9c15-4ca481022f27 ] Request (ServersTestMultiNic:_run_cleanups): 204 DELETE http://10.180.1.21/networking/v2.0/subnets/f54fca8c-78e3-4d90-acc4-c6339ac70855 0.160s
2025-11-12 18:18:40.297 65662 INFO tempest.lib.common.rest_client [req-f11f0397-4897-4033-a829-2e5add0a2f84 req-f11f0397-4897-4033-a829-2e5add0a2f84 ] Request (SecurityGroupRulesTestJSON:test_security_group_rules_create): 200 POST http://10.180.1.21/compute/v2.1/os-security-group-rules 4.575s
2025-11-12 18:18:40.339 65658 INFO tempest.lib.common.rest_client [req-296749e5-1d40-462d-87af-3d948685651f req-296749e5-1d40-462d-87af-3d948685651f ] Request (ImagesMetadataTestJSON:test_set_image_metadata_item): 200 PUT http://10.180.1.21/compute/v2.1/images/aab09afc-cdd3-4e88-b2ce-9008033b96d3/metadata/os_version 4.642s
2025-11-12 18:18:40.343 65683 INFO tempest.lib.common.rest_client [req-0c65e6fe-6bb6-48f7-8be4-a914fff6aa44 req-0c65e6fe-6bb6-48f7-8be4-a914fff6aa44 ] Request (ServicesAdminNegativeV253TestJSON:test_get_service_by_invalid_params): 200 GET http://10.180.1.21/compute/v2.1/os-services?xxx=nova-compute 4.589s
2025-11-12 18:18:40.364 65710 INFO tempest.lib.common.rest_client [req-b783f588-787f-489c-9a66-d1daa73990cb req-b783f588-787f-489c-9a66-d1daa73990cb ] Request (FlavorsAdminTestJSON:test_is_public_string_variations): 200 GET http://10.180.1.21/compute/v2.1/flavors/detail?is_public=0 4.131s
2025-11-12 18:18:40.454 65704 INFO tempest.lib.common.rest_client [req-47defa40-26cf-4c13-8db4-1a3ee55e0f20 req-47defa40-26cf-4c13-8db4-1a3ee55e0f20 ] Request (ServerExternalEventsTest:tearDownClass): 200 GET http://10.180.1.21/compute/v2.1/servers/4346b822-31f5-4f9f-90d4-f449eb2fc043 4.204s
2025-11-12 18:18:40.462 65704 INFO tempest.common.waiters [-] State transition "ACTIVE/deleting" ==> "DELETED/None" after 5 second wait
2025-11-12 18:18:40.530 65686 INFO tempest.lib.common.rest_client [req-a57f2267-26f8-4340-a60d-6ff721bcf13a req-a57f2267-26f8-4340-a60d-6ff721bcf13a ] Request (AttachInterfacesTestJSON:test_create_list_show_delete_interfaces_by_fixed_ip): 200 GET http://10.180.1.21/compute/v2.1/servers/b0d1ea8f-6f51-4113-b764-8f7700e79be3 4.137s
2025-11-12 18:18:40.542 65672 INFO tempest.lib.common.rest_client [req-323ccd0b-e777-4fdd-8ab3-fc3b1731c99f req-323ccd0b-e777-4fdd-8ab3-fc3b1731c99f ] Request (VolumesAssistedSnapshotsTest:test_volume_assisted_snapshot_create_delete): 200 POST http://10.180.1.21/compute/v2.1/os-assisted-volume-snapshots 4.404s
2025-11-12 18:18:40.607 65696 INFO tempest.lib.common.rest_client [req-b2488ef0-79f3-40f3-b2f7-d79fa890c2d6 req-b2488ef0-79f3-40f3-b2f7-d79fa890c2d6 ] Request (ImagesNegativeTestJSON:test_create_image_from_deleted_server): 200 GET http://10.180.1.21/compute/v2.1/servers/2dd48f37-e321-4e3d-9049-c834b6ae8f02 3.391s
2025-11-12 18:18:40.658 65654 INFO tempest.lib.common.rest_client [req-8466b1f6-1bd8-40bd-8785-392ea762d1a7 req-8466b1f6-1bd8-40bd-8785-392ea762d1a7 ] Request (ServersTestMultiNic:_run_cleanups): 204 DELETE http://10.180.1.21/networking/v2.0/networks/4c6c922d-d12f-45ab-a686-dc7814540e2b 0.369s
2025-11-12 18:18:40.727 65694 INFO tempest.lib.common.rest_client [req-dcb2e4af-27a1-420e-a6c2-7e644a4597b8 req-dcb2e4af-27a1-420e-a6c2-7e644a4597b8 ] Request (TenantUsagesTestJSON:setUpClass): 200 GET http://10.180.1.21/compute/v2.1/servers/99f51f35-5de2-4a45-9e7d-cc3706c5fe59 3.506s
2025-11-12 18:18:40.808 65654 INFO tempest.lib.common.rest_client [req-879de4e0-55f0-45b8-bfe0-8205e984814d req-879de4e0-55f0-45b8-bfe0-8205e984814d ] Request (ServersTestMultiNic:test_verify_multiple_nics_order): 201 POST http://10.180.1.21/networking/v2.0/networks 0.149s
2025-11-12 18:18:40.876 65678 INFO tempest.lib.common.rest_client [req-334e64ab-5412-4c06-b28c-0de810f8534c req-334e64ab-5412-4c06-b28c-0de810f8534c ] Request (VolumesAdminNegativeTest:tearDownClass): 200 GET http://10.180.1.21/compute/v2.1/servers/5273839d-1f96-4273-8f6b-f8d3ab9ab00b 3.139s
2025-11-12 18:18:40.922 65660 INFO tempest.lib.common.rest_client [req-8f13237f-16ec-4b3b-9c77-1cc709bf785a req-8f13237f-16ec-4b3b-9c77-1cc709bf785a ] Request (KeyPairsNegativeTestJSON:test_create_keypair_with_long_keynames): 400 POST http://10.180.1.21/compute/v2.1/os-keypairs 2.858s
2025-11-12 18:18:40.956 65708 INFO tempest.lib.common.rest_client [req-79b07268-d33e-4e3f-b17c-77b6262895ab req-79b07268-d33e-4e3f-b17c-77b6262895ab ] Request (AggregatesAdminNegativeTestJSON:test_aggregate_remove_nonexistent_host): 404 POST http://10.180.1.21/compute/v2.1/os-aggregates/8/action 2.855s
2025-11-12 18:18:41.089 65670 INFO tempest.lib.common.rest_client [req-010d21fd-15c8-429b-927a-a051a6a753c0 req-010d21fd-15c8-429b-927a-a051a6a753c0 ] Request (FloatingIPsAssociationTestJSON:test_associate_already_associated_floating_ip): 200 GET http://10.180.1.21/compute/v2.1/servers/508e4351-8cab-4623-a2a2-8ecdb8c341c8 2.969s
2025-11-12 18:18:41.121 65684 INFO tempest.lib.common.rest_client [req-8a7c8e01-250a-4043-a675-b6bfe29b6047 req-8a7c8e01-250a-4043-a675-b6bfe29b6047 ] Request (AttachVolumeNegativeTest:test_attach_attached_volume_to_different_server): 202 POST http://10.180.1.21/compute/v2.1/servers 4.705s
2025-11-12 18:18:41.128 65654 INFO tempest.lib.common.rest_client [req-62014d30-06b9-47d1-ae99-30a72422a3f4 req-62014d30-06b9-47d1-ae99-30a72422a3f4 ] Request (ServersTestMultiNic:test_verify_multiple_nics_order): 201 POST http://10.180.1.21/networking/v2.0/subnets 0.319s
2025-11-12 18:18:41.184 65688 INFO tempest.lib.common.rest_client [req-f2c9e47b-758a-419c-9202-f577bb83a45e req-f2c9e47b-758a-419c-9202-f577bb83a45e ] Request (ImagesOneServerNegativeTestJSON:_run_cleanups): 204 DELETE http://10.180.1.21/compute/v2.1/servers/846f1b6a-6e22-4929-9415-515b7c5cd9fa 2.188s
2025-11-12 18:18:41.196 65698 INFO tempest.lib.common.rest_client [req-317a25ad-b193-4fa7-aa05-42186f7bf934 req-317a25ad-b193-4fa7-aa05-42186f7bf934 ] Request (ServersAdminTestJSON:test_inject_network_info): 200 GET http://10.180.1.21/compute/v2.1/servers/2e9dfebd-836c-4673-94b5-0a578f053219 2.180s
2025-11-12 18:18:41.247 65666 INFO tempest.lib.common.rest_client [req-be4a3421-a53f-4e21-8762-820fb8976ba9 req-be4a3421-a53f-4e21-8762-820fb8976ba9 ] Request (DeleteServersTestJSON:test_delete_server_while_in_attached_volume): 200 GET http://10.180.1.21/compute/v2.1/servers/78b31871-cdc5-4fef-b89a-b3f41515bd7d 2.207s
2025-11-12 18:18:41.288 65654 INFO tempest.lib.common.rest_client [req-b3ea9708-4892-4b83-9634-de7a39b87a62 req-b3ea9708-4892-4b83-9634-de7a39b87a62 ] Request (ServersTestMultiNic:test_verify_multiple_nics_order): 201 POST http://10.180.1.21/networking/v2.0/networks 0.160s
2025-11-12 18:18:41.438 65674 INFO tempest.lib.common.rest_client [req-7b4fc4df-6c9b-48f5-a3ed-2e4be1962fdb req-7b4fc4df-6c9b-48f5-a3ed-2e4be1962fdb ] Request (ImagesOneServerTestJSON:test_create_image_specify_multibyte_character_image_name): 200 GET http://10.180.1.21/compute/v2.1/servers/b4161468-26ae-46a0-8bca-ff2ebcfde23e 2.388s
2025-11-12 18:18:41.543 65654 INFO tempest.lib.common.rest_client [req-7a173569-a983-42c9-b9f9-89fbfc363204 req-7a173569-a983-42c9-b9f9-89fbfc363204 ] Request (ServersTestMultiNic:test_verify_multiple_nics_order): 201 POST http://10.180.1.21/networking/v2.0/subnets 0.254s
2025-11-12 18:18:41.623 65654 INFO tempest.lib.common.rest_client [req-2985a994-e6a6-4d4c-9a6e-2f2268ec2648 req-2985a994-e6a6-4d4c-9a6e-2f2268ec2648 ] Request (ServersTestMultiNic:test_verify_multiple_nics_order): 201 POST http://10.180.1.21/identity/v3/auth/tokens 0.075s
2025-11-12 18:18:41.623 65654 INFO tempest.lib.common.fixed_network [-] (ServersTestMultiNic:test_verify_multiple_nics_order) Found network {'id': '1bad2ed8-a0cd-4747-9f68-f682b6e078be', 'name': 'tempest-ServersTestMultiNic-108244575-network', 'tenant_id': 'b1c6f8822769491aac564d7e10d03d44', 'project_id': 'b1c6f8822769491aac564d7e10d03d44', 'admin_state_up': True, 'mtu': 8950, 'status': 'ACTIVE', 'subnets': [], 'shared': False, 'port_security_enabled': True, 'router:external': False, 'provider:network_type': 'vlan', 'provider:physical_network': 'default', 'provider:segmentation_id': 236, 'availability_zone_hints': [], 'availability_zones': [], 'ipv4_address_scope': None, 'ipv6_address_scope': None, 'description': '', 'tags': [], 'created_at': '2025-11-12T18:16:59Z', 'updated_at': '2025-11-12T18:16:59Z', 'revision_number': 1} available for tenant
2025-11-12 18:18:41.723 65702 INFO tempest.lib.common.rest_client [req-cc77d365-a812-4e99-89ec-fe980a914a22 req-cc77d365-a812-4e99-89ec-fe980a914a22 ] Request (ServersTestJSON:tearDownClass): 200 GET http://10.180.1.21/compute/v2.1/servers/912addb8-2384-48c7-b3e7-38f9ef2422c8 2.583s
2025-11-12 18:18:41.856 65680 INFO tempest.lib.common.rest_client [req-3c0f165e-d9fa-4d4f-9033-d19983dcb409 req-3c0f165e-d9fa-4d4f-9033-d19983dcb409 ] Request (ServerGroupTestJSON:setUp): 200 POST http://10.180.1.21/compute/v2.1/os-server-groups 2.161s
2025-11-12 18:18:41.894 65652 INFO tempest.lib.common.rest_client [req-4fa27190-7207-430a-8956-5e8ca37c055e req-4fa27190-7207-430a-8956-5e8ca37c055e ] Request (InstanceActionsNegativeTestJSON:setUpClass): 202 POST http://10.180.1.21/compute/v2.1/servers 2.834s
2025-11-12 18:18:42.064 65712 INFO tempest.lib.common.rest_client [req-6b7edb13-c92a-42cd-bfb0-23fdcb090667 req-6b7edb13-c92a-42cd-bfb0-23fdcb090667 ] Request (ServerShowV257Test:test_rebuild_server): 200 GET http://10.180.1.21/compute/v2.1/servers/e0cc8202-2ef3-4f99-b403-cf5d4408debc 1.904s
2025-11-12 18:18:42.137 65668 INFO tempest.lib.common.rest_client [req-5a2833c9-aff1-4521-ac54-79bd13c1a837 req-5a2833c9-aff1-4521-ac54-79bd13c1a837 ] Request (ServersAdminNegativeTestJSON:test_migrate_server_invalid_state): 200 GET http://10.180.1.21/compute/v2.1/servers/496c1470-9fe4-46a9-b8d8-75e7d0246af3 1.895s
2025-11-12 18:18:42.146 65668 INFO tempest.common.waiters [-] State transition "BUILD/None" ==> "BUILD/networking" after 20 second wait
2025-11-12 18:18:42.157 65690 INFO tempest.lib.common.rest_client [req-4a88bf76-f9ac-4fb6-abaa-0082d5dc8dbe req-4a88bf76-f9ac-4fb6-abaa-0082d5dc8dbe ] Request (InstanceActionsV221TestJSON:test_get_list_deleted_instance_actions): 404 GET http://10.180.1.21/compute/v2.1/servers/91d15cb7-98b3-436c-b0f6-d899f7f95754 1.885s
2025-11-12 18:18:42.277 65662 INFO tempest.lib.common.rest_client [req-fbf8584e-1b66-4b40-991e-e28851de21b6 req-fbf8584e-1b66-4b40-991e-e28851de21b6 ] Request (SecurityGroupRulesTestJSON:test_security_group_rules_create_with_optional_cidr): 200 POST http://10.180.1.21/compute/v2.1/os-security-groups 1.975s
2025-11-12 18:18:42.351 65715 INFO tempest.lib.common.rest_client [req-e341896f-25d2-4c97-b3f0-5908099f3403 req-e341896f-25d2-4c97-b3f0-5908099f3403 ] Request (ServersListShow296Test:test_list_show_update_rebuild_server_296): 200 GET http://10.180.1.21/compute/v2.1/servers/ad76f2d4-bf0a-4457-b893-1d5d4e6f62a6 2.025s
2025-11-12 18:18:42.367 65715 INFO tempest.common.waiters [-] State transition "BUILD/spawning" ==> "ACTIVE/None" after 28 second wait
2025-11-12 18:18:42.398 65658 INFO tempest.lib.common.rest_client [req-77a00229-b711-457c-ab70-09e32609f40a req-77a00229-b711-457c-ab70-09e32609f40a ] Request (ImagesMetadataTestJSON:test_set_image_metadata_item): 200 GET http://10.180.1.21/compute/v2.1/images/aab09afc-cdd3-4e88-b2ce-9008033b96d3/metadata 2.058s
2025-11-12 18:18:42.443 65683 INFO tempest.lib.common.rest_client [req-443dc86d-6488-4a85-8aa0-92d80a5b5377 req-443dc86d-6488-4a85-8aa0-92d80a5b5377 ] Request (ServicesAdminNegativeV253TestJSON:test_get_service_by_invalid_service_and_valid_host): 200 GET http://10.180.1.21/compute/v2.1/os-services 2.096s
2025-11-12 18:18:42.466 65710 INFO tempest.lib.common.rest_client [req-3afa3e5e-cb79-416a-9ebb-2f6e6f4f11bf req-3afa3e5e-cb79-416a-9ebb-2f6e6f4f11bf ] Request (FlavorsAdminTestJSON:test_is_public_string_variations): 200 GET http://10.180.1.21/compute/v2.1/flavors/detail?is_public=t 2.097s
2025-11-12 18:18:42.637 65664 INFO tempest.lib.common.rest_client [req-7ac9f698-f535-4494-9735-d4e4535a85f4 req-7ac9f698-f535-4494-9735-d4e4535a85f4 ] Request (ListServerFiltersTestJSON:setUpClass): 200 GET http://10.180.1.21/compute/v2.1/servers/d521dcb1-f35d-4c93-8ad9-2920ffe546c3 2.178s
2025-11-12 18:18:42.663 65672 INFO tempest.lib.common.rest_client [req-6f1ab27a-07b5-48a6-b791-835aeb1feb78 req-6f1ab27a-07b5-48a6-b791-835aeb1feb78 ] Request (VolumesAssistedSnapshotsTest:test_volume_assisted_snapshot_create_delete): 204 DELETE http://10.180.1.21/compute/v2.1/os-assisted-volume-snapshots/None?delete_info=%7B%22volume_id%22%3A+%22beb9f955-2287-4471-ad50-69cc5e051562%22%7D 2.121s
2025-11-12 18:18:42.709 65672 INFO tempest.lib.common.rest_client [req-32c298c1-71d9-42ab-b476-497f3f93bfec req-32c298c1-71d9-42ab-b476-497f3f93bfec ] Request (VolumesAssistedSnapshotsTest:_run_cleanups): 200 GET http://10.180.1.21/volume/v3/volumes/beb9f955-2287-4471-ad50-69cc5e051562 0.045s
2025-11-12 18:18:42.763 65700 INFO tempest.lib.common.rest_client [req-30015466-059c-4212-a48e-78371474c18f req-30015466-059c-4212-a48e-78371474c18f ] Request (ServersListShow2100Test:tearDownClass): 200 GET http://10.180.1.21/compute/v2.1/servers/9b5789c6-c1de-4fce-9878-f78673392849 1.946s
2025-11-12 18:18:42.811 65660 INFO tempest.lib.common.rest_client [req-584ddb7a-c647-4107-918a-9e5433a1140a req-584ddb7a-c647-4107-918a-9e5433a1140a ] Request (KeyPairsNegativeTestJSON:test_keypair_create_with_invalid_pub_key): 400 POST http://10.180.1.21/compute/v2.1/os-keypairs 1.887s
2025-11-12 18:18:42.851 65708 INFO tempest.lib.common.rest_client [req-61da82fe-4e12-4126-99b8-f90e184cc4de req-61da82fe-4e12-4126-99b8-f90e184cc4de ] Request (AggregatesAdminNegativeTestJSON:_run_cleanups): 200 DELETE http://10.180.1.21/compute/v2.1/os-aggregates/8 1.894s
2025-11-12 18:18:42.959 65708 INFO tempest.lib.common.rest_client [req-7f1f0a4a-2427-4ead-b871-c3525108b5d6 req-7f1f0a4a-2427-4ead-b871-c3525108b5d6 ] Request (AggregatesAdminNegativeTestJSON:tearDownClass): 204 DELETE http://10.180.1.21/identity/v3/users/26b462a011eb41ec85d7d5ea9b0635e8 0.105s
2025-11-12 18:18:43.083 65708 INFO tempest.lib.common.rest_client [req-d2dc1e78-2aa3-4d7e-8606-1321ff6ac9b4 req-d2dc1e78-2aa3-4d7e-8606-1321ff6ac9b4 ] Request (AggregatesAdminNegativeTestJSON:tearDownClass): 204 DELETE http://10.180.1.21/identity/v3/users/503c7625a1334d4589b7a2d89688dd1c 0.124s
2025-11-12 18:18:43.084 65708 INFO tempest.lib.common.dynamic_creds [-] Deleting project and security group for project: adb4bb0c89024408b6273c7508c85d9a
2025-11-12 18:18:43.087 65692 INFO tempest.lib.common.rest_client [req-0ced86ce-b20f-4f25-830b-3a3dfa3d5e43 req-0ced86ce-b20f-4f25-830b-3a3dfa3d5e43 ] Request (MigrationsAdminTest:test_list_migrations_in_flavor_resize_situation): 200 GET http://10.180.1.21/compute/v2.1/servers/62d71892-4111-4f33-9361-7b3d97905014 2.009s
2025-11-12 18:18:43.095 65692 INFO tempest.common.waiters [-] State transition "RESIZE/resize_migrated" ==> "RESIZE/resize_finish" after 33 second wait
2025-11-12 18:18:43.151 65656 INFO tempest.lib.common.rest_client [req-af1eaca5-87c1-42b9-ad22-a9272db51536 req-af1eaca5-87c1-42b9-ad22-a9272db51536 ] Request (FloatingIPsAssociationNegativeTestJSON:test_associate_ip_to_server_with_floating_ip): 202 POST http://10.180.1.21/compute/v2.1/servers/0f241f7a-6ea2-4aa8-971a-7235e32b28ed/action 3.047s
2025-11-12 18:18:43.160 65684 INFO tempest.lib.common.rest_client [req-3d5a26f1-48ef-4c93-abea-5f542d262826 req-3d5a26f1-48ef-4c93-abea-5f542d262826 ] Request (AttachVolumeNegativeTest:test_attach_attached_volume_to_different_server): 200 GET http://10.180.1.21/compute/v2.1/servers/de1b9ea8-142c-425a-8c28-50e3000302e3 2.038s
2025-11-12 18:18:43.165 65708 INFO tempest.lib.common.rest_client [req-7022ad17-1953-46e9-b3ac-cfa3b1a2a43c req-7022ad17-1953-46e9-b3ac-cfa3b1a2a43c ] Request (AggregatesAdminNegativeTestJSON:tearDownClass): 201 POST http://10.180.1.21/identity/v3/auth/tokens 0.081s
2025-11-12 18:18:43.355 65674 INFO tempest.lib.common.rest_client [req-21e82596-6c1b-417c-abe8-efc93e58737d req-21e82596-6c1b-417c-abe8-efc93e58737d ] Request (ImagesOneServerTestJSON:tearDownClass): 204 DELETE http://10.180.1.21/compute/v2.1/images/85769703-bd3d-42b4-a87b-bcf1cdef3936 1.908s
2025-11-12 18:18:43.368 65708 INFO tempest.lib.common.rest_client [req-57f7af74-2c72-49c4-ae1e-7e313b8019b3 req-57f7af74-2c72-49c4-ae1e-7e313b8019b3 ] Request (AggregatesAdminNegativeTestJSON:tearDownClass): 200 GET http://10.180.1.21/networking/v2.0/security-groups?tenant_id=adb4bb0c89024408b6273c7508c85d9a&name=default 0.203s
2025-11-12 18:18:43.492 65708 INFO tempest.lib.common.rest_client [req-1fcfa988-1640-4016-b767-e3183d360e22 req-1fcfa988-1640-4016-b767-e3183d360e22 ] Request (AggregatesAdminNegativeTestJSON:tearDownClass): 204 DELETE http://10.180.1.21/networking/v2.0/security-groups/33244a5e-601f-4726-8452-eb842280f0cf 0.123s
2025-11-12 18:18:43.532 65688 INFO tempest.lib.common.rest_client [req-a33432dd-1422-465e-abd3-e5bbb47fc5d1 req-a33432dd-1422-465e-abd3-e5bbb47fc5d1 ] Request (ImagesOneServerNegativeTestJSON:_run_cleanups): 200 GET http://10.180.1.21/compute/v2.1/servers/846f1b6a-6e22-4929-9415-515b7c5cd9fa 2.346s
2025-11-12 18:18:43.546 65704 INFO tempest.lib.common.rest_client [req-06f8d3ea-d250-49d4-ae80-97dc3bb9c266 req-06f8d3ea-d250-49d4-ae80-97dc3bb9c266 ] Request (ServerExternalEventsTest:tearDownClass): 200 GET http://10.180.1.21/compute/v2.1/servers/4346b822-31f5-4f9f-90d4-f449eb2fc043 2.083s
2025-11-12 18:18:43.589 65686 INFO tempest.lib.common.rest_client [req-97da6457-caaf-4c84-a330-7ad994a06669 req-97da6457-caaf-4c84-a330-7ad994a06669 ] Request (AttachInterfacesTestJSON:test_create_list_show_delete_interfaces_by_fixed_ip): 200 GET http://10.180.1.21/compute/v2.1/servers/b0d1ea8f-6f51-4113-b764-8f7700e79be3 2.050s
2025-11-12 18:18:43.592 65708 INFO tempest.lib.common.rest_client [req-d0504b9b-b047-4ace-ac57-4d3dce743b5f req-d0504b9b-b047-4ace-ac57-4d3dce743b5f ] Request (AggregatesAdminNegativeTestJSON:tearDownClass): 204 DELETE http://10.180.1.21/identity/v3/projects/adb4bb0c89024408b6273c7508c85d9a 0.099s
2025-11-12 18:18:43.592 65708 INFO tempest.lib.common.dynamic_creds [-] Deleting project and security group for project: bfe89574706d40b6bae676c57e5ece6e
2025-11-12 18:18:43.816 65696 INFO tempest.lib.common.rest_client [req-a9a295c4-67f0-400b-9281-443fca3e6d03 req-a9a295c4-67f0-400b-9281-443fca3e6d03 ] Request (ImagesNegativeTestJSON:test_create_image_from_deleted_server): 200 GET http://10.180.1.21/compute/v2.1/servers/2dd48f37-e321-4e3d-9049-c834b6ae8f02 2.193s
2025-11-12 18:18:43.946 65708 INFO tempest.lib.common.rest_client [req-b50565cf-d311-4c43-9538-32c41fc34704 req-b50565cf-d311-4c43-9538-32c41fc34704 ] Request (AggregatesAdminNegativeTestJSON:tearDownClass): 200 GET http://10.180.1.21/networking/v2.0/security-groups?tenant_id=bfe89574706d40b6bae676c57e5ece6e&name=default 0.354s
2025-11-12 18:18:44.015 65694 INFO tempest.lib.common.rest_client [req-db3df5f8-cd15-402b-b689-4c2de4ceb6d6 req-db3df5f8-cd15-402b-b689-4c2de4ceb6d6 ] Request (TenantUsagesTestJSON:setUpClass): 200 GET http://10.180.1.21/compute/v2.1/servers/99f51f35-5de2-4a45-9e7d-cc3706c5fe59 2.279s
2025-11-12 18:18:44.084 65680 INFO tempest.lib.common.rest_client [req-48e8329a-0883-4ec6-aeca-1cecac145018 req-48e8329a-0883-4ec6-aeca-1cecac145018 ] Request (ServerGroupTestJSON:test_create_delete_multiple_server_groups_with_same_name_policy): 200 POST http://10.180.1.21/compute/v2.1/os-server-groups 2.226s
2025-11-12 18:18:44.116 65708 INFO tempest.lib.common.rest_client [req-852568f8-a0aa-42a4-9435-029cef41177a req-852568f8-a0aa-42a4-9435-029cef41177a ] Request (AggregatesAdminNegativeTestJSON:tearDownClass): 204 DELETE http://10.180.1.21/networking/v2.0/security-groups/77ac1fff-8483-4c74-a319-7f6376e294eb 0.169s
2025-11-12 18:18:44.227 65678 INFO tempest.lib.common.rest_client [req-da25e9db-89fb-4a7e-bcdd-b275ddb71924 req-da25e9db-89fb-4a7e-bcdd-b275ddb71924 ] Request (VolumesAdminNegativeTest:tearDownClass): 200 GET http://10.180.1.21/compute/v2.1/servers/5273839d-1f96-4273-8f6b-f8d3ab9ab00b 2.341s
2025-11-12 18:18:44.248 65708 INFO tempest.lib.common.rest_client [req-6dc499a3-62c9-41f4-9232-079baa2b033e req-6dc499a3-62c9-41f4-9232-079baa2b033e ] Request (AggregatesAdminNegativeTestJSON:tearDownClass): 204 DELETE http://10.180.1.21/identity/v3/projects/bfe89574706d40b6bae676c57e5ece6e 0.131s
2025-11-12 18:18:44.300 65652 INFO tempest.lib.common.rest_client [req-130e0691-33ca-4f6c-bc51-f898a06745dc req-130e0691-33ca-4f6c-bc51-f898a06745dc ] Request (InstanceActionsNegativeTestJSON:setUpClass): 200 GET http://10.180.1.21/compute/v2.1/servers/5c6bb79e-93f1-4a99-b170-91b619f2fba7 2.404s
2025-11-12 18:18:44.341 65708 INFO tempest.lib.common.rest_client [req-4591aa79-cd03-4611-862f-f0ee800d8ad8 req-4591aa79-cd03-4611-862f-f0ee800d8ad8 ] Request (ServicesAdminNegativeTestJSON:setUpClass): 201 POST http://10.180.1.21/identity/v3/auth/tokens 0.092s
2025-11-12 18:18:44.364 65670 INFO tempest.lib.common.rest_client [req-b69c2e94-191e-499c-b081-6d1ef7890350 req-b69c2e94-191e-499c-b081-6d1ef7890350 ] Request (FloatingIPsAssociationTestJSON:test_associate_already_associated_floating_ip): 200 GET http://10.180.1.21/compute/v2.1/servers/508e4351-8cab-4623-a2a2-8ecdb8c341c8 2.264s
2025-11-12 18:18:44.375 65708 INFO tempest.lib.common.rest_client [req-b26caa35-1124-4b24-95d1-ef9d9f82b99d req-b26caa35-1124-4b24-95d1-ef9d9f82b99d ] Request (ServicesAdminNegativeTestJSON:setUpClass): 201 POST http://10.180.1.21/identity/v3/auth/tokens 0.029s
2025-11-12 18:18:44.400 65708 INFO tempest.lib.common.rest_client [req-1e093496-b9b6-4666-a9ea-000e6f86c4a8 req-1e093496-b9b6-4666-a9ea-000e6f86c4a8 ] Request (ServicesAdminNegativeTestJSON:setUpClass): 200 GET http://10.180.1.21/identity/v3/domains?name=Default 0.024s
2025-11-12 18:18:44.421 65690 INFO tempest.lib.common.rest_client [req-5d48001c-8be1-4c04-9ecb-cef836e9ee43 req-5d48001c-8be1-4c04-9ecb-cef836e9ee43 ] Request (InstanceActionsV221TestJSON:test_get_list_deleted_instance_actions): 200 GET http://10.180.1.21/compute/v2.1/servers/91d15cb7-98b3-436c-b0f6-d899f7f95754/os-instance-actions 2.263s
2025-11-12 18:18:44.432 65708 INFO tempest.lib.common.rest_client [req-cf2cd8ce-4e97-4fdc-a3bf-ca3b99e5ab9a req-cf2cd8ce-4e97-4fdc-a3bf-ca3b99e5ab9a ] Request (ServicesAdminNegativeTestJSON:setUpClass): 201 POST http://10.180.1.21/identity/v3/projects 0.031s
2025-11-12 18:18:44.473 65698 INFO tempest.lib.common.rest_client [req-0099439f-d47e-425c-b4a5-eb22726b257e req-0099439f-d47e-425c-b4a5-eb22726b257e ] Request (ServersAdminTestJSON:test_inject_network_info): 200 GET http://10.180.1.21/compute/v2.1/servers/2e9dfebd-836c-4673-94b5-0a578f053219 2.264s
2025-11-12 18:18:44.516 65708 INFO tempest.lib.common.rest_client [req-cda4a87c-667d-4bd0-89dc-f63f81445c9c req-cda4a87c-667d-4bd0-89dc-f63f81445c9c ] Request (ServicesAdminNegativeTestJSON:setUpClass): 201 POST http://10.180.1.21/identity/v3/users 0.083s
2025-11-12 18:18:44.531 65654 INFO tempest.lib.common.rest_client [req-9359475f-3551-4d76-8dea-5f5689c770ad req-9359475f-3551-4d76-8dea-5f5689c770ad ] Request (ServersTestMultiNic:test_verify_multiple_nics_order): 202 POST http://10.180.1.21/compute/v2.1/servers 2.907s
2025-11-12 18:18:44.546 65708 INFO tempest.lib.common.rest_client [req-1e5be717-3225-4123-9214-cfa3e50c3a89 req-1e5be717-3225-4123-9214-cfa3e50c3a89 ] Request (ServicesAdminNegativeTestJSON:setUpClass): 200 GET http://10.180.1.21/identity/v3/roles 0.030s
2025-11-12 18:18:44.551 65666 INFO tempest.lib.common.rest_client [req-41dfd54e-28cb-4c39-81d4-1579da819b11 req-41dfd54e-28cb-4c39-81d4-1579da819b11 ] Request (DeleteServersTestJSON:test_delete_server_while_in_attached_volume): 200 GET http://10.180.1.21/compute/v2.1/servers/78b31871-cdc5-4fef-b89a-b3f41515bd7d 2.289s
2025-11-12 18:18:44.583 65708 INFO tempest.lib.common.rest_client [req-73ae30df-f821-41c2-9733-a942d6970c74 req-73ae30df-f821-41c2-9733-a942d6970c74 ] Request (ServicesAdminNegativeTestJSON:setUpClass): 204 PUT http://10.180.1.21/identity/v3/projects/f57e024475f146d199b02e25019acfa4/users/d4d36f05020b4b5db957c0e66f6fd186/roles/f93eda7683ce43fa845345595d606a64 0.036s
2025-11-12 18:18:44.583 65708 INFO tempest.lib.common.dynamic_creds [-] Dynamic test user d4d36f05020b4b5db957c0e66f6fd186 is created with scope project and roles: ['member']
2025-11-12 18:18:44.583 65708 INFO tempest.lib.common.dynamic_creds [-] Acquired dynamic creds: credentials: Credentials: {'domain_id': 'default', 'domain_name': 'Default', 'username': 'tempest-ServicesAdminNegativeTestJSON-1832565039-project-member', 'project_domain_id': 'default', 'project_domain_name': 'Default', 'project_id': 'f57e024475f146d199b02e25019acfa4', 'project_name': 'tempest-ServicesAdminNegativeTestJSON-1832565039', 'tenant_id': 'f57e024475f146d199b02e25019acfa4', 'tenant_name': 'tempest-ServicesAdminNegativeTestJSON-1832565039', 'user_domain_id': 'default', 'user_domain_name': 'Default', 'user_id': 'd4d36f05020b4b5db957c0e66f6fd186', 'system': None}, Network: None, Subnet: None, Router: None
2025-11-12 18:18:44.583 65708 INFO tempest.lib.common.dynamic_creds [-] Created isolated network resources for: credentials: Credentials: {'domain_id': 'default', 'domain_name': 'Default', 'username': 'tempest-ServicesAdminNegativeTestJSON-1832565039-project-member', 'project_domain_id': 'default', 'project_domain_name': 'Default', 'project_id': 'f57e024475f146d199b02e25019acfa4', 'project_name': 'tempest-ServicesAdminNegativeTestJSON-1832565039', 'tenant_id': 'f57e024475f146d199b02e25019acfa4', 'tenant_name': 'tempest-ServicesAdminNegativeTestJSON-1832565039', 'user_domain_id': 'default', 'user_domain_name': 'Default', 'user_id': 'd4d36f05020b4b5db957c0e66f6fd186', 'system': None}, Network: None, Subnet: None, Router: None
2025-11-12 18:18:44.682 65662 INFO tempest.lib.common.rest_client [req-13ffeb8f-729e-45a9-9758-7cbd5dd65692 req-13ffeb8f-729e-45a9-9758-7cbd5dd65692 ] Request (SecurityGroupRulesTestJSON:test_security_group_rules_create_with_optional_cidr): 200 POST http://10.180.1.21/compute/v2.1/os-security-group-rules 2.400s
2025-11-12 18:18:44.689 65708 INFO tempest.lib.common.rest_client [req-35ba670f-096e-45eb-a208-0e9817c87ee7 req-35ba670f-096e-45eb-a208-0e9817c87ee7 ] Request (ServicesAdminNegativeTestJSON:setUpClass): 201 POST http://10.180.1.21/identity/v3/auth/tokens 0.102s
2025-11-12 18:18:44.800 65708 INFO tempest.lib.common.rest_client [req-365a994b-d55d-405a-ae12-6bd882f80fc4 req-365a994b-d55d-405a-ae12-6bd882f80fc4 ] Request (ServicesAdminNegativeTestJSON:setUpClass): 201 POST http://10.180.1.21/identity/v3/projects 0.110s
2025-11-12 18:18:44.905 65708 INFO tempest.lib.common.rest_client [req-fd65bcb1-d2d0-4a3f-aa01-6d55ce698734 req-fd65bcb1-d2d0-4a3f-aa01-6d55ce698734 ] Request (ServicesAdminNegativeTestJSON:setUpClass): 201 POST http://10.180.1.21/identity/v3/users 0.104s
2025-11-12 18:18:44.930 65708 INFO tempest.lib.common.rest_client [req-a9fe60f8-c4fa-41ea-86f3-2e56097f1923 req-a9fe60f8-c4fa-41ea-86f3-2e56097f1923 ] Request (ServicesAdminNegativeTestJSON:setUpClass): 200 GET http://10.180.1.21/identity/v3/roles 0.025s
2025-11-12 18:18:44.988 65708 INFO tempest.lib.common.rest_client [req-23aaf953-1c38-49cd-bba2-50742ca79f0d req-23aaf953-1c38-49cd-bba2-50742ca79f0d ] Request (ServicesAdminNegativeTestJSON:setUpClass): 204 PUT http://10.180.1.21/identity/v3/projects/671fee910273433fa9c45302270da621/users/42818050a0da4ed5808075395989d571/roles/9cf40fd2f075439e954f6b89f8bd20db 0.057s
2025-11-12 18:18:45.000 65658 INFO tempest.lib.common.rest_client [req-ced1fe4a-0e94-4ef2-b6ed-6f2be86cb012 req-ced1fe4a-0e94-4ef2-b6ed-6f2be86cb012 ] Request (ImagesMetadataTestJSON:setUp): 200 PUT http://10.180.1.21/compute/v2.1/images/aab09afc-cdd3-4e88-b2ce-9008033b96d3/metadata 2.600s
2025-11-12 18:18:45.020 65715 INFO tempest.lib.common.rest_client [req-ee0dd648-70d7-4734-b5d6-c8c80991b11f req-ee0dd648-70d7-4734-b5d6-c8c80991b11f ] Request (ServersListShow296Test:test_list_show_update_rebuild_server_296): 200 GET http://10.180.1.21/compute/v2.1/servers/detail 2.652s
2025-11-12 18:18:45.028 65683 INFO tempest.lib.common.rest_client [req-c5da0df7-aa1f-4f5f-80a9-7d9143575c9c req-c5da0df7-aa1f-4f5f-80a9-7d9143575c9c ] Request (ServicesAdminNegativeV253TestJSON:test_get_service_by_invalid_service_and_valid_host): 200 GET http://10.180.1.21/compute/v2.1/os-services?host=devstack&binary=xxx 2.582s
2025-11-12 18:18:45.052 65710 INFO tempest.lib.common.rest_client [req-464b6669-5b60-423e-9e5b-ead435e46356 req-464b6669-5b60-423e-9e5b-ead435e46356 ] Request (FlavorsAdminTestJSON:test_is_public_string_variations): 200 GET http://10.180.1.21/compute/v2.1/flavors/detail?is_public=true 2.581s
2025-11-12 18:18:45.072 65708 INFO tempest.lib.common.rest_client [req-65d9772e-8065-4ac7-b805-e86ee20a2974 req-65d9772e-8065-4ac7-b805-e86ee20a2974 ] Request (ServicesAdminNegativeTestJSON:setUpClass): 200 GET http://10.180.1.21/identity/v3/roles 0.083s
2025-11-12 18:18:45.097 65708 INFO tempest.lib.common.rest_client [req-51b79532-1de4-48bc-a9ff-53e5bb13521d req-51b79532-1de4-48bc-a9ff-53e5bb13521d ] Request (ServicesAdminNegativeTestJSON:setUpClass): 204 PUT http://10.180.1.21/identity/v3/projects/671fee910273433fa9c45302270da621/users/42818050a0da4ed5808075395989d571/roles/9cf40fd2f075439e954f6b89f8bd20db 0.025s
2025-11-12 18:18:45.098 65708 INFO tempest.lib.common.dynamic_creds [-] Dynamic test user 42818050a0da4ed5808075395989d571 is created with scope project and roles: ['admin']
2025-11-12 18:18:45.098 65708 INFO tempest.lib.common.dynamic_creds [-] Acquired dynamic creds: credentials: Credentials: {'domain_id': 'default', 'domain_name': 'Default', 'username': 'tempest-ServicesAdminNegativeTestJSON-1931241598-project-admin', 'project_domain_id': 'default', 'project_domain_name': 'Default', 'project_id': '671fee910273433fa9c45302270da621', 'project_name': 'tempest-ServicesAdminNegativeTestJSON-1931241598', 'tenant_id': '671fee910273433fa9c45302270da621', 'tenant_name': 'tempest-ServicesAdminNegativeTestJSON-1931241598', 'user_domain_id': 'default', 'user_domain_name': 'Default', 'user_id': '42818050a0da4ed5808075395989d571', 'system': None}, Network: None, Subnet: None, Router: None
2025-11-12 18:18:45.099 65708 INFO tempest.lib.common.dynamic_creds [-] Created isolated network resources for: credentials: Credentials: {'domain_id': 'default', 'domain_name': 'Default', 'username': 'tempest-ServicesAdminNegativeTestJSON-1931241598-project-admin', 'project_domain_id': 'default', 'project_domain_name': 'Default', 'project_id': '671fee910273433fa9c45302270da621', 'project_name': 'tempest-ServicesAdminNegativeTestJSON-1931241598', 'tenant_id': '671fee910273433fa9c45302270da621', 'tenant_name': 'tempest-ServicesAdminNegativeTestJSON-1931241598', 'user_domain_id': 'default', 'user_domain_name': 'Default', 'user_id': '42818050a0da4ed5808075395989d571', 'system': None}, Network: None, Subnet: None, Router: None
2025-11-12 18:18:45.154 65702 INFO tempest.lib.common.rest_client [req-935ad76c-bf58-4966-8c30-77b78a1b1018 req-935ad76c-bf58-4966-8c30-77b78a1b1018 ] Request (ServersTestJSON:tearDownClass): 200 GET http://10.180.1.21/compute/v2.1/servers/912addb8-2384-48c7-b3e7-38f9ef2422c8 2.417s
2025-11-12 18:18:45.163 65702 INFO tempest.common.waiters [-] State transition "ACTIVE/deleting" ==> "DELETED/None" after 4 second wait
2025-11-12 18:18:45.168 65660 INFO tempest.lib.common.rest_client [req-2dd5df59-dec0-43f2-a255-bf6e97e20c1b req-2dd5df59-dec0-43f2-a255-bf6e97e20c1b ] Request (KeyPairsNegativeTestJSON:test_keypair_delete_nonexistent_key): 404 DELETE http://10.180.1.21/compute/v2.1/os-keypairs/tempest-keypair-non-existent-1554896330 2.355s
2025-11-12 18:18:45.209 65708 INFO tempest.lib.common.rest_client [req-510607db-7c72-4e33-8bd5-8e640744969a req-510607db-7c72-4e33-8bd5-8e640744969a ] Request (ServicesAdminNegativeTestJSON:setUpClass): 201 POST http://10.180.1.21/identity/v3/auth/tokens 0.107s
2025-11-12 18:18:45.237 65672 INFO tempest.lib.common.rest_client [req-28ceea4b-7f79-4176-846f-542506a550b3 req-28ceea4b-7f79-4176-846f-542506a550b3 ] Request (VolumesAssistedSnapshotsTest:_run_cleanups): 202 DELETE http://10.180.1.21/compute/v2.1/servers/1ae5ad42-e2f4-4cc5-b304-1268e65b60a8/os-volume_attachments/beb9f955-2287-4471-ad50-69cc5e051562 2.518s
2025-11-12 18:18:45.280 65712 INFO tempest.lib.common.rest_client [req-7b35ff41-e513-470d-81af-87e8908ad60b req-7b35ff41-e513-470d-81af-87e8908ad60b ] Request (ServerShowV257Test:test_rebuild_server): 200 GET http://10.180.1.21/compute/v2.1/servers/e0cc8202-2ef3-4f99-b403-cf5d4408debc 2.201s
2025-11-12 18:18:45.338 65660 INFO tempest.lib.common.rest_client [req-9459d4d2-ede0-4e15-b9af-cb36b360a4ed req-9459d4d2-ede0-4e15-b9af-cb36b360a4ed ] Request (KeyPairsNegativeTestJSON:tearDownClass): 204 DELETE http://10.180.1.21/identity/v3/users/4cfdccdd9457460ba359192976b66ebe 0.169s
2025-11-12 18:18:45.339 65660 INFO tempest.lib.common.dynamic_creds [-] Deleting project and security group for project: 1a351ff025da44e79db4cbe02415fac8
2025-11-12 18:18:45.407 65668 INFO tempest.lib.common.rest_client [req-7913f7a3-3f50-4f26-8b28-d110e08ced25 req-7913f7a3-3f50-4f26-8b28-d110e08ced25 ] Request (ServersAdminNegativeTestJSON:test_migrate_server_invalid_state): 200 GET http://10.180.1.21/compute/v2.1/servers/496c1470-9fe4-46a9-b8d8-75e7d0246af3 2.260s
2025-11-12 18:18:45.418 65668 INFO tempest.common.waiters [-] State transition "BUILD/networking" ==> "BUILD/spawning" after 23 second wait
2025-11-12 18:18:45.419 65660 INFO tempest.lib.common.rest_client [req-72faf81e-9e59-4429-9434-1b260a30730a req-72faf81e-9e59-4429-9434-1b260a30730a ] Request (KeyPairsNegativeTestJSON:tearDownClass): 201 POST http://10.180.1.21/identity/v3/auth/tokens 0.080s
2025-11-12 18:18:45.427 65674 INFO tempest.lib.common.rest_client [req-df72bfb5-9d2c-4f06-a2a9-e2eb33f0c020 req-df72bfb5-9d2c-4f06-a2a9-e2eb33f0c020 ] Request (ImagesOneServerTestJSON:tearDownClass): 404 DELETE http://10.180.1.21/compute/v2.1/images/09a6a6f5-b2f5-4287-9bc9-8468656dbabf 2.072s
2025-11-12 18:18:45.535 65676 WARNING tempest.lib.common.ssh [-] Failed to establish authenticated ssh connection to cirros@10.180.180.186 ([Errno None] Unable to connect to port 22 on 10.180.180.186). Number attempts: 6. Retry after 7 seconds.: paramiko.ssh_exception.NoValidConnectionsError: [Errno None] Unable to connect to port 22 on 10.180.180.186
2025-11-12 18:18:45.939 65660 INFO tempest.lib.common.rest_client [req-8373bd69-bfb4-414e-b8c9-c173e6947efe req-8373bd69-bfb4-414e-b8c9-c173e6947efe ] Request (KeyPairsNegativeTestJSON:tearDownClass): 200 GET http://10.180.1.21/networking/v2.0/security-groups?tenant_id=1a351ff025da44e79db4cbe02415fac8&name=default 0.519s
2025-11-12 18:18:46.213 65660 INFO tempest.lib.common.rest_client [req-32c17d5c-a349-4f28-ae80-f8a3fae5f373 req-32c17d5c-a349-4f28-ae80-f8a3fae5f373 ] Request (KeyPairsNegativeTestJSON:tearDownClass): 204 DELETE http://10.180.1.21/networking/v2.0/security-groups/60726608-48e0-4354-a3e1-20dc6e7d7187 0.273s
2025-11-12 18:18:46.259 65664 INFO tempest.lib.common.rest_client [req-183cf1b6-896a-46d8-a760-285f0b853323 req-183cf1b6-896a-46d8-a760-285f0b853323 ] Request (ListServerFiltersTestJSON:setUpClass): 200 GET http://10.180.1.21/compute/v2.1/servers/d521dcb1-f35d-4c93-8ad9-2920ffe546c3 2.614s
2025-11-12 18:18:46.270 65664 INFO tempest.common.waiters [-] State transition "BUILD/spawning" ==> "ACTIVE/None" after 32 second wait
2025-11-12 18:18:46.315 65660 INFO tempest.lib.common.rest_client [req-fbd180cb-52fa-4bdf-a760-826ef929b5b1 req-fbd180cb-52fa-4bdf-a760-826ef929b5b1 ] Request (KeyPairsNegativeTestJSON:tearDownClass): 204 DELETE http://10.180.1.21/identity/v3/projects/1a351ff025da44e79db4cbe02415fac8 0.102s
2025-11-12 18:18:46.384 65660 INFO tempest.lib.common.rest_client [req-e987a703-a611-4374-8f12-188820bddc4f req-e987a703-a611-4374-8f12-188820bddc4f ] Request (SecurityGroupsTestJSON:setUpClass): 201 POST http://10.180.1.21/identity/v3/auth/tokens 0.067s
2025-11-12 18:18:46.395 65656 INFO tempest.lib.common.rest_client [req-167011de-720b-4f15-a510-826363b1847a req-167011de-720b-4f15-a510-826363b1847a ] Request (FloatingIPsAssociationNegativeTestJSON:test_associate_ip_to_server_with_floating_ip): 200 POST http://10.180.1.21/compute/v2.1/os-floating-ips 3.243s
2025-11-12 18:18:46.415 65660 INFO tempest.lib.common.rest_client [req-0bbb9d97-5fab-46e0-99e2-6b3c0fba72e7 req-0bbb9d97-5fab-46e0-99e2-6b3c0fba72e7 ] Request (SecurityGroupsTestJSON:setUpClass): 201 POST http://10.180.1.21/identity/v3/auth/tokens 0.029s
2025-11-12 18:18:46.448 65660 INFO tempest.lib.common.rest_client [req-c830eada-f6d9-4ea1-9fab-87a780449cd5 req-c830eada-f6d9-4ea1-9fab-87a780449cd5 ] Request (SecurityGroupsTestJSON:setUpClass): 200 GET http://10.180.1.21/identity/v3/domains?name=Default 0.032s
2025-11-12 18:18:46.477 65660 INFO tempest.lib.common.rest_client [req-334a8b75-c213-4bfe-a532-e68bfdcc1bbc req-334a8b75-c213-4bfe-a532-e68bfdcc1bbc ] Request (SecurityGroupsTestJSON:setUpClass): 201 POST http://10.180.1.21/identity/v3/projects 0.028s
2025-11-12 18:18:46.477 65680 INFO tempest.lib.common.rest_client [req-13286fd9-b871-458f-a99e-8126a4a86fbe req-13286fd9-b871-458f-a99e-8126a4a86fbe ] Request (ServerGroupTestJSON:test_create_delete_multiple_server_groups_with_same_name_policy): 200 POST http://10.180.1.21/compute/v2.1/os-server-groups 2.391s
2025-11-12 18:18:46.493 65700 INFO tempest.lib.common.rest_client [req-a40039cd-a966-47f8-aec3-da410a7dabd9 req-a40039cd-a966-47f8-aec3-da410a7dabd9 ] Request (ServersListShow2100Test:tearDownClass): 200 GET http://10.180.1.21/compute/v2.1/servers/9b5789c6-c1de-4fce-9878-f78673392849 2.714s
2025-11-12 18:18:46.547 65660 INFO tempest.lib.common.rest_client [req-a14f8b22-2bf6-44b9-92d7-9088a94f7901 req-a14f8b22-2bf6-44b9-92d7-9088a94f7901 ] Request (SecurityGroupsTestJSON:setUpClass): 201 POST http://10.180.1.21/identity/v3/users 0.069s
2025-11-12 18:18:46.568 65660 INFO tempest.lib.common.rest_client [req-5287f474-0002-4bea-b78e-720a0f8a7c85 req-5287f474-0002-4bea-b78e-720a0f8a7c85 ] Request (SecurityGroupsTestJSON:setUpClass): 200 GET http://10.180.1.21/identity/v3/roles 0.021s
2025-11-12 18:18:46.605 65660 INFO tempest.lib.common.rest_client [req-76938f0b-5845-4db5-a1ed-f69247e4865b req-76938f0b-5845-4db5-a1ed-f69247e4865b ] Request (SecurityGroupsTestJSON:setUpClass): 204 PUT http://10.180.1.21/identity/v3/projects/fbe685959f634936b467bbe5e39da563/users/cb9d433eacb54af8978db6f6a10645a4/roles/f93eda7683ce43fa845345595d606a64 0.036s
2025-11-12 18:18:46.605 65660 INFO tempest.lib.common.dynamic_creds [-] Dynamic test user cb9d433eacb54af8978db6f6a10645a4 is created with scope project and roles: ['member']
2025-11-12 18:18:46.605 65660 INFO tempest.lib.common.dynamic_creds [-] Acquired dynamic creds: credentials: Credentials: {'domain_id': 'default', 'domain_name': 'Default', 'username': 'tempest-SecurityGroupsTestJSON-1128812153-project-member', 'project_domain_id': 'default', 'project_domain_name': 'Default', 'project_id': 'fbe685959f634936b467bbe5e39da563', 'project_name': 'tempest-SecurityGroupsTestJSON-1128812153', 'tenant_id': 'fbe685959f634936b467bbe5e39da563', 'tenant_name': 'tempest-SecurityGroupsTestJSON-1128812153', 'user_domain_id': 'default', 'user_domain_name': 'Default', 'user_id': 'cb9d433eacb54af8978db6f6a10645a4', 'system': None}, Network: None, Subnet: None, Router: None
2025-11-12 18:18:46.640 65684 INFO tempest.lib.common.rest_client [req-78a14728-3716-4920-8ab5-10ba1bdf9689 req-78a14728-3716-4920-8ab5-10ba1bdf9689 ] Request (AttachVolumeNegativeTest:test_attach_attached_volume_to_different_server): 200 GET http://10.180.1.21/compute/v2.1/servers/de1b9ea8-142c-425a-8c28-50e3000302e3 2.464s
2025-11-12 18:18:46.655 65690 INFO tempest.lib.common.rest_client [req-ada04e79-81f2-48d8-a36c-0e175dcda41b req-ada04e79-81f2-48d8-a36c-0e175dcda41b ] Request (InstanceActionsV221TestJSON:tearDownClass): 404 DELETE http://10.180.1.21/compute/v2.1/servers/91d15cb7-98b3-436c-b0f6-d899f7f95754 2.229s
2025-11-12 18:18:46.667 65660 INFO tempest.lib.common.rest_client [req-4de1e16e-62d1-4d92-abca-a21059be4635 req-4de1e16e-62d1-4d92-abca-a21059be4635 ] Request (SecurityGroupsTestJSON:setUpClass): 201 POST http://10.180.1.21/identity/v3/auth/tokens 0.062s
2025-11-12 18:18:46.739 65692 INFO tempest.lib.common.rest_client [req-ab83a0ce-27ae-423e-8674-3b0a6f7c7072 req-ab83a0ce-27ae-423e-8674-3b0a6f7c7072 ] Request (MigrationsAdminTest:test_list_migrations_in_flavor_resize_situation): 200 GET http://10.180.1.21/compute/v2.1/servers/62d71892-4111-4f33-9361-7b3d97905014 2.643s
2025-11-12 18:18:46.746 65692 INFO tempest.common.waiters [-] State transition "RESIZE/resize_finish" ==> "VERIFY_RESIZE/None" after 36 second wait
2025-11-12 18:18:47.010 65660 INFO tempest.lib.common.rest_client [req-2707912b-d548-4be3-88f7-0a57864e4f75 req-2707912b-d548-4be3-88f7-0a57864e4f75 ] Request (SecurityGroupsTestJSON:setUpClass): 201 POST http://10.180.1.21/networking/v2.0/networks 0.342s
2025-11-12 18:18:47.034 65654 INFO tempest.lib.common.rest_client [req-fcf1aa0e-0ea7-42e1-a33a-55fca2a7a565 req-fcf1aa0e-0ea7-42e1-a33a-55fca2a7a565 ] Request (ServersTestMultiNic:test_verify_multiple_nics_order): 200 GET http://10.180.1.21/compute/v2.1/servers/ff2e87ad-78ba-48f9-bacb-4b374eba1049 2.501s
2025-11-12 18:18:47.153 65688 INFO tempest.lib.common.rest_client [req-6b206311-203d-4165-8b91-26b97ae69b5e req-6b206311-203d-4165-8b91-26b97ae69b5e ] Request (ImagesOneServerNegativeTestJSON:_run_cleanups): 200 GET http://10.180.1.21/compute/v2.1/servers/846f1b6a-6e22-4929-9415-515b7c5cd9fa 2.613s
2025-11-12 18:18:47.161 65688 INFO tempest.common.waiters [-] State transition "ACTIVE/deleting" ==> "DELETED/None" after 4 second wait
2025-11-12 18:18:47.294 65660 INFO tempest.lib.common.rest_client [req-bbfa1445-9f57-48f0-9b21-ac228f72d96b req-bbfa1445-9f57-48f0-9b21-ac228f72d96b ] Request (SecurityGroupsTestJSON:setUpClass): 201 POST http://10.180.1.21/networking/v2.0/subnets 0.284s
2025-11-12 18:18:47.348 65704 INFO tempest.lib.common.rest_client [req-08efb097-0dd5-4e9b-933c-8bceb4d65b99 req-08efb097-0dd5-4e9b-933c-8bceb4d65b99 ] Request (ServerExternalEventsTest:tearDownClass): 200 GET http://10.180.1.21/compute/v2.1/servers/4346b822-31f5-4f9f-90d4-f449eb2fc043 2.794s
2025-11-12 18:18:47.710 65662 INFO tempest.lib.common.rest_client [req-29faae9c-a0e9-4535-8f34-6f9b1a843d6b req-29faae9c-a0e9-4535-8f34-6f9b1a843d6b ] Request (SecurityGroupRulesTestJSON:test_security_group_rules_create_with_optional_group_id): 200 POST http://10.180.1.21/compute/v2.1/os-security-groups 3.022s
2025-11-12 18:18:47.751 65686 INFO tempest.lib.common.rest_client [req-396ff218-8e04-4a41-a33b-aefc4f7cbc0a req-396ff218-8e04-4a41-a33b-aefc4f7cbc0a ] Request (AttachInterfacesTestJSON:test_create_list_show_delete_interfaces_by_fixed_ip): 200 GET http://10.180.1.21/compute/v2.1/servers/b0d1ea8f-6f51-4113-b764-8f7700e79be3 3.149s
2025-11-12 18:18:47.762 65686 INFO tempest.common.waiters [-] State transition "BUILD/None" ==> "BUILD/spawning" after 23 second wait
2025-11-12 18:18:47.783 65696 INFO tempest.lib.common.rest_client [req-a482f9dc-7b89-41a2-92f9-7df01a020fad req-a482f9dc-7b89-41a2-92f9-7df01a020fad ] Request (ImagesNegativeTestJSON:test_create_image_from_deleted_server): 200 GET http://10.180.1.21/compute/v2.1/servers/2dd48f37-e321-4e3d-9049-c834b6ae8f02 2.957s
2025-11-12 18:18:47.793 65696 INFO tempest.common.waiters [-] State transition "BUILD/None" ==> "BUILD/networking" after 23 second wait
2025-11-12 18:18:47.859 65694 INFO tempest.lib.common.rest_client [req-6d701b80-60c6-4eb9-93ed-6d82c6cf2094 req-6d701b80-60c6-4eb9-93ed-6d82c6cf2094 ] Request (TenantUsagesTestJSON:setUpClass): 200 GET http://10.180.1.21/compute/v2.1/servers/99f51f35-5de2-4a45-9e7d-cc3706c5fe59 2.837s
2025-11-12 18:18:47.877 65683 INFO tempest.lib.common.rest_client [req-79bba9c9-c9b0-4ca4-a0ee-b990b6a03ef0 req-79bba9c9-c9b0-4ca4-a0ee-b990b6a03ef0 ] Request (ServicesAdminNegativeV253TestJSON:test_get_service_with_valid_service_and_invalid_host): 200 GET http://10.180.1.21/compute/v2.1/os-services 2.846s
2025-11-12 18:18:47.961 65715 INFO tempest.lib.common.rest_client [req-35d49647-8bf7-4e03-a278-9dd20b51fda7 req-35d49647-8bf7-4e03-a278-9dd20b51fda7 ] Request (ServersListShow296Test:test_list_show_update_rebuild_server_296): 200 GET http://10.180.1.21/compute/v2.1/servers/ad76f2d4-bf0a-4457-b893-1d5d4e6f62a6 2.928s
2025-11-12 18:18:47.993 65710 INFO tempest.lib.common.rest_client [req-af78464f-0ac8-4ffd-a875-afe01f86f19c req-af78464f-0ac8-4ffd-a875-afe01f86f19c ] Request (FlavorsAdminTestJSON:test_is_public_string_variations): 200 GET http://10.180.1.21/compute/v2.1/flavors/detail?is_public=yes 2.932s
2025-11-12 18:18:48.002 65658 INFO tempest.lib.common.rest_client [req-bed3fa7f-7dbb-4f55-99b9-5afda20e217d req-bed3fa7f-7dbb-4f55-99b9-5afda20e217d ] Request (ImagesMetadataTestJSON:test_update_image_metadata): 200 POST http://10.180.1.21/compute/v2.1/images/aab09afc-cdd3-4e88-b2ce-9008033b96d3/metadata 3.001s
2025-11-12 18:18:48.127 65708 INFO tempest.lib.common.rest_client [req-1587d2f1-2d1e-47d5-8e52-6444a8bace2b req-1587d2f1-2d1e-47d5-8e52-6444a8bace2b ] Request (ServicesAdminNegativeTestJSON:test_get_service_by_invalid_params): 200 GET http://10.180.1.21/compute/v2.1/os-services 2.916s
2025-11-12 18:18:48.159 65672 INFO tempest.lib.common.rest_client [req-56fe0401-f1f5-4f6d-9e86-8bfd8f6c9c22 req-56fe0401-f1f5-4f6d-9e86-8bfd8f6c9c22 ] Request (VolumesAssistedSnapshotsTest:_run_cleanups): 200 GET http://10.180.1.21/compute/v2.1/servers/1ae5ad42-e2f4-4cc5-b304-1268e65b60a8/os-volume_attachments 2.921s
2025-11-12 18:18:48.178 65660 INFO tempest.lib.common.rest_client [req-2bc650ed-7304-46a3-a4db-30d15aa6089e req-2bc650ed-7304-46a3-a4db-30d15aa6089e ] Request (SecurityGroupsTestJSON:setUpClass): 201 POST http://10.180.1.21/networking/v2.0/routers 0.883s
2025-11-12 18:18:48.201 65678 INFO tempest.lib.common.rest_client [req-fe57cf2d-7b88-4c70-96a1-6a5ffd0ab9d7 req-fe57cf2d-7b88-4c70-96a1-6a5ffd0ab9d7 ] Request (VolumesAdminNegativeTest:tearDownClass): 200 GET http://10.180.1.21/compute/v2.1/servers/5273839d-1f96-4273-8f6b-f8d3ab9ab00b 2.965s
2025-11-12 18:18:48.383 65652 INFO tempest.lib.common.rest_client [req-1ef3c384-4890-4436-a318-628498b3a39e req-1ef3c384-4890-4436-a318-628498b3a39e ] Request (InstanceActionsNegativeTestJSON:setUpClass): 200 GET http://10.180.1.21/compute/v2.1/servers/5c6bb79e-93f1-4a99-b170-91b619f2fba7 3.067s
2025-11-12 18:18:48.390 65652 INFO tempest.common.waiters [-] State transition "BUILD/scheduling" ==> "BUILD/None" after 4 second wait
2025-11-12 18:18:48.397 65670 INFO tempest.lib.common.rest_client [req-b41f0813-1eec-4ef6-83fb-cb5ddfd19931 req-b41f0813-1eec-4ef6-83fb-cb5ddfd19931 ] Request (FloatingIPsAssociationTestJSON:test_associate_already_associated_floating_ip): 200 GET http://10.180.1.21/compute/v2.1/servers/508e4351-8cab-4623-a2a2-8ecdb8c341c8 3.024s
2025-11-12 18:18:48.497 65674 INFO tempest.lib.common.rest_client [req-c895df99-8879-4a8b-84eb-d953069ff7e1 req-c895df99-8879-4a8b-84eb-d953069ff7e1 ] Request (ImagesOneServerTestJSON:tearDownClass): 204 DELETE http://10.180.1.21/compute/v2.1/servers/b4161468-26ae-46a0-8bca-ff2ebcfde23e 3.070s
2025-11-12 18:18:48.970 65660 INFO tempest.lib.common.rest_client [req-3493a6b3-f5e3-490a-a262-1bf4f17027eb req-3493a6b3-f5e3-490a-a262-1bf4f17027eb ] Request (SecurityGroupsTestJSON:setUpClass): 200 PUT http://10.180.1.21/networking/v2.0/routers/52e72525-470f-4f8b-9186-a221faca4ecf/add_router_interface 0.791s
