2025-11-12 18:20:56.685 65680 INFO tempest.lib.common.rest_client [req-05d5b48b-99e9-48ed-900c-3fb69bbba426 req-05d5b48b-99e9-48ed-900c-3fb69bbba426 ] Request (ServerGroupTestJSON:tearDownClass): 200 PUT http://10.180.1.21/networking/v2.0/routers/ed487db6-ad0f-48cf-9254-72648033864c/remove_router_interface 0.730s
2025-11-12 18:20:56.699 65684 INFO tempest.lib.common.rest_client [req-24c100a6-d2a6-4b3e-8cad-ebb095bdfcc4 req-24c100a6-d2a6-4b3e-8cad-ebb095bdfcc4 ] Request (AttachVolumeNegativeTest:test_attach_attached_volume_to_different_server): 200 GET http://10.180.1.21/compute/v2.1/servers/8f70b884-099a-4521-b282-50c62cb722d9 0.071s
2025-11-12 18:20:56.755 65660 INFO tempest.lib.common.rest_client [req-d1ae730e-3cba-4de9-9b9c-b406fb62207d req-d1ae730e-3cba-4de9-9b9c-b406fb62207d ] Request (SecurityGroupsTestJSON:test_server_security_groups): 200 GET http://10.180.1.21/compute/v2.1/servers/cd1f45db-f824-425f-a840-3a58ccd5c032 0.065s
2025-11-12 18:20:56.835 65656 INFO tempest.lib.common.rest_client [req-39a9478d-9a20-46a4-84a4-43a0e8220504 req-39a9478d-9a20-46a4-84a4-43a0e8220504 ] Request (ListServersNegativeTestJSON:setUpClass): 200 GET http://10.180.1.21/compute/v2.1/servers/6d42f4ce-3232-4d1c-a339-a082fa189e72 0.136s
2025-11-12 18:20:56.851 65672 INFO tempest.lib.common.rest_client [req-a912cc65-3612-4d3d-9d2e-2fa0ccf2e4da req-a912cc65-3612-4d3d-9d2e-2fa0ccf2e4da ] Request (ServerPasswordTestJSON:tearDownClass): 200 GET http://10.180.1.21/compute/v2.1/servers/865a19ec-8f76-4480-af4c-355077d98ed0 0.088s
2025-11-12 18:20:56.899 65678 INFO tempest.lib.common.rest_client [req-9c77a16e-8aae-4c59-b296-32060c769045 req-9c77a16e-8aae-4c59-b296-32060c769045 ] Request (ImagesTestJSON:test_create_image_from_suspended_server): 200 GET http://10.180.1.21/compute/v2.1/servers/f231c788-a7f5-4b58-baed-397c4e1fa04a 0.136s
2025-11-12 18:20:56.917 65666 INFO tempest.lib.common.rest_client [req-a702b9c3-a730-4791-8858-f907e6cd0bd4 req-a702b9c3-a730-4791-8858-f907e6cd0bd4 ] Request (DeleteServersTestJSON:test_delete_server_while_in_shelved_state): 200 GET http://10.180.1.21/compute/v2.1/servers/84354604-ca0e-4ccf-89f8-9b6523470cdc 0.086s
2025-11-12 18:20:56.978 65686 INFO tempest.lib.common.rest_client [req-a5e7e80e-eb6b-4d43-8f7d-852a0e178fe5 req-a5e7e80e-eb6b-4d43-8f7d-852a0e178fe5 ] Request (AttachInterfacesTestJSON:_run_cleanups): 200 GET http://10.180.1.21/compute/v2.1/servers/b0d1ea8f-6f51-4113-b764-8f7700e79be3 0.119s
2025-11-12 18:20:57.004 65654 INFO tempest.lib.common.rest_client [req-b87063e4-9675-4698-a12b-578cf8920dfc req-b87063e4-9675-4698-a12b-578cf8920dfc ] Request (ServerActionsTestOtherB:setUpClass): 200 GET http://10.180.1.21/compute/v2.1/servers/b30282c6-11e8-417e-b30f-857094b38840 0.101s
2025-11-12 18:20:57.060 65670 INFO tempest.lib.common.rest_client [req-4de2ba61-b112-4aab-bb77-8855fbd28014 req-4de2ba61-b112-4aab-bb77-8855fbd28014 ] Request (FloatingIPsAssociationTestJSON:tearDownClass): 200 GET http://10.180.1.21/compute/v2.1/servers/b938eeac-91f0-4f4d-a9cf-b00555ddd163 0.092s
2025-11-12 18:20:57.143 65680 INFO tempest.lib.common.rest_client [req-551c560a-fb11-4439-8c72-26a4c6f66f72 req-551c560a-fb11-4439-8c72-26a4c6f66f72 ] Request (ServerGroupTestJSON:tearDownClass): 204 DELETE http://10.180.1.21/networking/v2.0/routers/ed487db6-ad0f-48cf-9254-72648033864c 0.457s
2025-11-12 18:20:57.266 65674 INFO tempest.lib.common.rest_client [req-67fc73b7-5185-4867-9cce-70bba9e40300 req-67fc73b7-5185-4867-9cce-70bba9e40300 ] Request (AttachInterfacesV270Test:tearDownClass): 200 GET http://10.180.1.21/compute/v2.1/servers/dc5a382a-294f-4af8-a960-d8d9749a4164 0.089s
2025-11-12 18:20:57.270 65680 INFO tempest.lib.common.rest_client [req-9da9381d-729b-4ae0-9995-92f716617de7 req-9da9381d-729b-4ae0-9995-92f716617de7 ] Request (ServerGroupTestJSON:tearDownClass): 204 DELETE http://10.180.1.21/networking/v2.0/subnets/e863c015-fa26-44e1-bb4d-b549bd582233 0.126s
2025-11-12 18:20:57.276 65664 INFO tempest.lib.common.rest_client [req-8b1c4c1a-ad92-4ac8-b41e-22df3f26bd06 req-8b1c4c1a-ad92-4ac8-b41e-22df3f26bd06 ] Request (ListServerFiltersTestJSON:tearDownClass): 200 GET http://10.180.1.21/compute/v2.1/servers/c2ff00e4-6dc9-466e-8dcd-ee370811ac25 0.093s
2025-11-12 18:20:57.330 65706 INFO tempest.lib.common.rest_client [req-75484877-40e4-4f6f-894a-e3e67aec620f req-75484877-40e4-4f6f-894a-e3e67aec620f ] Request (ServersTestManualDisk:tearDownClass): 200 GET http://10.180.1.21/compute/v2.1/servers/ee03bd01-90a3-4936-89d1-6b1c3a756046 0.086s
2025-11-12 18:20:57.376 65658 INFO tempest.lib.common.rest_client [req-9e2d6c12-b015-4b30-878c-bc56a43e627f req-9e2d6c12-b015-4b30-878c-bc56a43e627f ] Request (ServerMetadataNegativeTestJSON:tearDownClass): 404 GET http://10.180.1.21/compute/v2.1/servers/cc673459-09ea-436e-9d2a-0f7b8bcd582b 0.023s
2025-11-12 18:20:57.524 65680 INFO tempest.lib.common.rest_client [req-23873d24-f999-4370-8ebd-c2c3e460bfb9 req-23873d24-f999-4370-8ebd-c2c3e460bfb9 ] Request (ServerGroupTestJSON:tearDownClass): 204 DELETE http://10.180.1.21/networking/v2.0/networks/a7c410b2-5288-4271-a589-e33b37991b7f 0.254s
2025-11-12 18:20:57.546 65708 INFO tempest.lib.common.rest_client [req-75978147-ce98-4551-b491-2a461788aefb req-75978147-ce98-4551-b491-2a461788aefb ] Request (InstanceActionsTestJSON:setUpClass): 200 GET http://10.180.1.21/compute/v2.1/servers/c2af5d80-8249-4e65-bb08-f55916fc2279 0.152s
2025-11-12 18:20:57.571 65688 INFO tempest.lib.common.rest_client [req-f2499055-218e-48e0-8763-067ca920bad2 req-f2499055-218e-48e0-8763-067ca920bad2 ] Request (ImagesOneServerNegativeTestJSON:_run_cleanups): 200 GET http://10.180.1.21/compute/v2.1/servers/740be696-a0b8-4faf-8992-1565bdefe454 0.070s
2025-11-12 18:20:57.645 65680 INFO tempest.lib.common.rest_client [req-d8fdd1d8-fe03-46fe-8378-4c8ee8e82542 req-d8fdd1d8-fe03-46fe-8378-4c8ee8e82542 ] Request (ServerGroupTestJSON:tearDownClass): 204 DELETE http://10.180.1.21/identity/v3/users/037d4b1134e64e21a0d69638a8e14e6f 0.121s
2025-11-12 18:20:57.645 65680 INFO tempest.lib.common.dynamic_creds [-] Deleting project and security group for project: c3885c3ec97e4ae28ae96db239c51619
2025-11-12 18:20:57.647 65700 INFO tempest.lib.common.rest_client [req-d3349d48-809c-45cd-ab8a-81f01495db08 req-d3349d48-809c-45cd-ab8a-81f01495db08 ] Request (ServersTestJSON:test_create_server_with_ipv6_addr_only): 200 GET http://10.180.1.21/compute/v2.1/servers/5ea31b52-7c99-4a74-9d8b-e4a302f6b744 0.061s
2025-11-12 18:20:57.674 65680 INFO tempest.lib.common.rest_client [req-9c4c1791-8508-4327-b09e-d03687ce8f1e req-9c4c1791-8508-4327-b09e-d03687ce8f1e ] Request (ServerGroupTestJSON:tearDownClass): 200 GET http://10.180.1.21/networking/v2.0/security-groups?tenant_id=c3885c3ec97e4ae28ae96db239c51619&name=default 0.028s
2025-11-12 18:20:57.696 65698 INFO tempest.lib.common.rest_client [req-1ab4328f-2105-4a20-90fe-468a074ab510 req-1ab4328f-2105-4a20-90fe-468a074ab510 ] Request (ServersAdminTestJSON:tearDownClass): 200 GET http://10.180.1.21/compute/v2.1/servers/cf52407e-e3ea-40da-aca0-983267d5d080 0.083s
2025-11-12 18:20:57.702 65698 INFO tempest.common.waiters [-] State transition "ACTIVE/deleting" ==> "DELETED/None" after 4 second wait
2025-11-12 18:20:57.786 65680 INFO tempest.lib.common.rest_client [req-fb6b771c-4038-4586-b92e-c65816722e9d req-fb6b771c-4038-4586-b92e-c65816722e9d ] Request (ServerGroupTestJSON:tearDownClass): 204 DELETE http://10.180.1.21/networking/v2.0/security-groups/f9f0d805-d19d-4d02-8041-7c712170c227 0.112s
2025-11-12 18:20:57.811 65692 INFO tempest.lib.common.rest_client [req-5b517fd1-8149-4e01-bbe6-48cb9648d6ef req-5b517fd1-8149-4e01-bbe6-48cb9648d6ef ] Request (MigrationsAdminTest:test_resize_server_revert_deleted_flavor): 200 GET http://10.180.1.21/compute/v2.1/servers/26bd75a1-d8b1-491b-a308-ff6b1a779c7b 0.168s
2025-11-12 18:20:57.824 65684 INFO tempest.lib.common.rest_client [req-aa2338e5-a27f-4a93-a7a5-2c0caff8c267 req-aa2338e5-a27f-4a93-a7a5-2c0caff8c267 ] Request (AttachVolumeNegativeTest:test_attach_attached_volume_to_different_server): 200 GET http://10.180.1.21/compute/v2.1/servers/8f70b884-099a-4521-b282-50c62cb722d9 0.114s
2025-11-12 18:20:57.874 65660 INFO tempest.lib.common.rest_client [req-4fc01d1e-64fb-452e-bf11-b1fd992eaf59 req-4fc01d1e-64fb-452e-bf11-b1fd992eaf59 ] Request (SecurityGroupsTestJSON:test_server_security_groups): 200 GET http://10.180.1.21/compute/v2.1/servers/cd1f45db-f824-425f-a840-3a58ccd5c032 0.108s
2025-11-12 18:20:57.907 65680 INFO tempest.lib.common.rest_client [req-ae063596-dfb6-4050-ae07-0e353945cd8b req-ae063596-dfb6-4050-ae07-0e353945cd8b ] Request (ServerGroupTestJSON:tearDownClass): 204 DELETE http://10.180.1.21/identity/v3/projects/c3885c3ec97e4ae28ae96db239c51619 0.120s
2025-11-12 18:20:57.965 65672 INFO tempest.lib.common.rest_client [req-0cfdf4e4-27c4-4e20-992a-dd32b344fe7b req-0cfdf4e4-27c4-4e20-992a-dd32b344fe7b ] Request (ServerPasswordTestJSON:tearDownClass): 200 GET http://10.180.1.21/compute/v2.1/servers/865a19ec-8f76-4480-af4c-355077d98ed0 0.106s
2025-11-12 18:20:58.013 65656 INFO tempest.lib.common.rest_client [req-ace4efe1-96c6-4a03-a859-399123d91207 req-ace4efe1-96c6-4a03-a859-399123d91207 ] Request (ListServersNegativeTestJSON:setUpClass): 200 GET http://10.180.1.21/compute/v2.1/servers/6d42f4ce-3232-4d1c-a339-a082fa189e72 0.166s
2025-11-12 18:20:58.025 65656 INFO tempest.common.waiters [-] State transition "BUILD/spawning" ==> "ACTIVE/None" after 8 second wait
2025-11-12 18:20:58.042 65678 INFO tempest.lib.common.rest_client [req-9052b9e3-1b14-42fb-b7d5-e089917d3fb4 req-9052b9e3-1b14-42fb-b7d5-e089917d3fb4 ] Request (ImagesTestJSON:test_create_image_from_suspended_server): 200 GET http://10.180.1.21/compute/v2.1/servers/f231c788-a7f5-4b58-baed-397c4e1fa04a 0.133s
2025-11-12 18:20:58.071 65666 INFO tempest.lib.common.rest_client [req-0f101d84-17f4-4029-8ff9-b878149461df req-0f101d84-17f4-4029-8ff9-b878149461df ] Request (DeleteServersTestJSON:test_delete_server_while_in_shelved_state): 200 GET http://10.180.1.21/compute/v2.1/servers/84354604-ca0e-4ccf-89f8-9b6523470cdc 0.145s
2025-11-12 18:20:58.110 65686 INFO tempest.lib.common.rest_client [req-987fb7e3-73a3-49db-8ad1-3821865134c9 req-987fb7e3-73a3-49db-8ad1-3821865134c9 ] Request (AttachInterfacesTestJSON:_run_cleanups): 200 GET http://10.180.1.21/compute/v2.1/servers/b0d1ea8f-6f51-4113-b764-8f7700e79be3 0.117s
2025-11-12 18:20:58.123 65654 INFO tempest.lib.common.rest_client [req-33de73be-d5bd-48d4-9648-c76df40aaa18 req-33de73be-d5bd-48d4-9648-c76df40aaa18 ] Request (ServerActionsTestOtherB:setUpClass): 200 GET http://10.180.1.21/compute/v2.1/servers/b30282c6-11e8-417e-b30f-857094b38840 0.110s
2025-11-12 18:20:58.155 65658 INFO tempest.lib.common.rest_client [req-99632bce-d59b-4508-98e3-1c212a28f720 req-99632bce-d59b-4508-98e3-1c212a28f720 ] Request (ServerMetadataNegativeTestJSON:tearDownClass): 200 PUT http://10.180.1.21/networking/v2.0/routers/5b75540c-a8c5-4f09-a15d-d3b74d7aff6e/remove_router_interface 0.778s
2025-11-12 18:20:58.199 65670 INFO tempest.lib.common.rest_client [req-32b66a94-6043-4423-bd0b-0f28a111f0b1 req-32b66a94-6043-4423-bd0b-0f28a111f0b1 ] Request (FloatingIPsAssociationTestJSON:tearDownClass): 200 GET http://10.180.1.21/compute/v2.1/servers/b938eeac-91f0-4f4d-a9cf-b00555ddd163 0.131s
2025-11-12 18:20:58.221 65656 INFO tempest.lib.common.rest_client [req-a6bbac8b-b7bd-45d7-aa66-4397051cb40e req-a6bbac8b-b7bd-45d7-aa66-4397051cb40e ] Request (ListServersNegativeTestJSON:setUpClass): 200 GET http://10.180.1.21/compute/v2.1/servers/f0e6bf30-e839-4ba9-97c7-e97e6b399c5d 0.195s
2025-11-12 18:20:58.324 65656 INFO tempest.lib.common.rest_client [req-8604ee86-a7ce-4c27-bd46-bc1e89ab8300 req-8604ee86-a7ce-4c27-bd46-bc1e89ab8300 ] Request (ListServersNegativeTestJSON:setUpClass): 204 DELETE http://10.180.1.21/compute/v2.1/servers/429d1e3c-a600-4b45-939c-b082ae43a312 0.095s
2025-11-12 18:20:58.345 65674 INFO tempest.lib.common.rest_client [req-c39b04fc-87da-4532-a968-0904a58f15dc req-c39b04fc-87da-4532-a968-0904a58f15dc ] Request (AttachInterfacesV270Test:tearDownClass): 200 GET http://10.180.1.21/compute/v2.1/servers/dc5a382a-294f-4af8-a960-d8d9749a4164 0.068s
2025-11-12 18:20:58.391 65664 INFO tempest.lib.common.rest_client [req-fcf2dcf5-5989-4950-a770-85429cff096d req-fcf2dcf5-5989-4950-a770-85429cff096d ] Request (ListServerFiltersTestJSON:tearDownClass): 200 GET http://10.180.1.21/compute/v2.1/servers/c2ff00e4-6dc9-466e-8dcd-ee370811ac25 0.106s
2025-11-12 18:20:58.456 65656 INFO tempest.lib.common.rest_client [req-3c0fd821-e925-4d04-8621-514183fb99ac req-3c0fd821-e925-4d04-8621-514183fb99ac ] Request (ListServersNegativeTestJSON:setUpClass): 200 GET http://10.180.1.21/compute/v2.1/servers/429d1e3c-a600-4b45-939c-b082ae43a312 0.132s
2025-11-12 18:20:58.470 65706 INFO tempest.lib.common.rest_client [req-6c6a8c5e-317c-4f88-b525-99bb22a38674 req-6c6a8c5e-317c-4f88-b525-99bb22a38674 ] Request (ServersTestManualDisk:tearDownClass): 200 GET http://10.180.1.21/compute/v2.1/servers/ee03bd01-90a3-4936-89d1-6b1c3a756046 0.132s
2025-11-12 18:20:58.538 65658 INFO tempest.lib.common.rest_client [req-3b1362ae-57fb-40be-8481-eace71f79074 req-3b1362ae-57fb-40be-8481-eace71f79074 ] Request (ServerMetadataNegativeTestJSON:tearDownClass): 204 DELETE http://10.180.1.21/networking/v2.0/routers/5b75540c-a8c5-4f09-a15d-d3b74d7aff6e 0.382s
2025-11-12 18:20:58.611 65708 INFO tempest.lib.common.rest_client [req-4d170500-e5c8-4cb8-9a77-19657d3d897a req-4d170500-e5c8-4cb8-9a77-19657d3d897a ] Request (InstanceActionsTestJSON:setUpClass): 200 GET http://10.180.1.21/compute/v2.1/servers/c2af5d80-8249-4e65-bb08-f55916fc2279 0.054s
2025-11-12 18:20:58.644 65688 INFO tempest.lib.common.rest_client [req-10596282-9aea-46b5-9859-44fd9937afac req-10596282-9aea-46b5-9859-44fd9937afac ] Request (ImagesOneServerNegativeTestJSON:_run_cleanups): 200 GET http://10.180.1.21/compute/v2.1/servers/740be696-a0b8-4faf-8992-1565bdefe454 0.065s
2025-11-12 18:20:58.672 65658 INFO tempest.lib.common.rest_client [req-91c2489e-15ac-4fc1-a380-cb3670ddb89c req-91c2489e-15ac-4fc1-a380-cb3670ddb89c ] Request (ServerMetadataNegativeTestJSON:tearDownClass): 204 DELETE http://10.180.1.21/networking/v2.0/subnets/ec9055ff-3dbf-4558-8014-c8e2bc1cb4e7 0.134s
2025-11-12 18:20:58.718 65700 INFO tempest.lib.common.rest_client [req-4061e9e6-58b5-42d4-bd2d-02be4e657171 req-4061e9e6-58b5-42d4-bd2d-02be4e657171 ] Request (ServersTestJSON:test_create_server_with_ipv6_addr_only): 200 GET http://10.180.1.21/compute/v2.1/servers/5ea31b52-7c99-4a74-9d8b-e4a302f6b744 0.063s
2025-11-12 18:20:58.770 65698 INFO tempest.lib.common.rest_client [req-86a7d8a2-411b-4365-8028-818ea8d33348 req-86a7d8a2-411b-4365-8028-818ea8d33348 ] Request (ServersAdminTestJSON:tearDownClass): 200 GET http://10.180.1.21/compute/v2.1/servers/cf52407e-e3ea-40da-aca0-983267d5d080 0.066s
2025-11-12 18:20:58.877 65704 WARNING tempest.lib.common.ssh [-] Failed to establish authenticated ssh connection to cirros@10.180.180.179 ([Errno None] Unable to connect to port 22 on 10.180.180.179). Number attempts: 5. Retry after 6 seconds.: paramiko.ssh_exception.NoValidConnectionsError: [Errno None] Unable to connect to port 22 on 10.180.180.179
2025-11-12 18:20:58.879 65692 INFO tempest.lib.common.rest_client [req-fbfa8fcc-34c5-41e1-911b-60fc73a18ddf req-fbfa8fcc-34c5-41e1-911b-60fc73a18ddf ] Request (MigrationsAdminTest:test_resize_server_revert_deleted_flavor): 200 GET http://10.180.1.21/compute/v2.1/servers/26bd75a1-d8b1-491b-a308-ff6b1a779c7b 0.061s
2025-11-12 18:20:58.890 65684 INFO tempest.lib.common.rest_client [req-7c1b03b2-499a-49a9-bde5-9bde5be44b89 req-7c1b03b2-499a-49a9-bde5-9bde5be44b89 ] Request (AttachVolumeNegativeTest:test_attach_attached_volume_to_different_server): 200 GET http://10.180.1.21/compute/v2.1/servers/8f70b884-099a-4521-b282-50c62cb722d9 0.058s
2025-11-12 18:20:58.929 65658 INFO tempest.lib.common.rest_client [req-99d0e7f8-ab27-46a3-9c3e-8cf3fd26f838 req-99d0e7f8-ab27-46a3-9c3e-8cf3fd26f838 ] Request (ServerMetadataNegativeTestJSON:tearDownClass): 204 DELETE http://10.180.1.21/networking/v2.0/networks/0923e178-fb6d-4e12-9f3e-09125f4b4409 0.256s
2025-11-12 18:20:58.947 65660 INFO tempest.lib.common.rest_client [req-5efd8db3-9ba8-4abb-b2df-40ccd87adb74 req-5efd8db3-9ba8-4abb-b2df-40ccd87adb74 ] Request (SecurityGroupsTestJSON:test_server_security_groups): 200 GET http://10.180.1.21/compute/v2.1/servers/cd1f45db-f824-425f-a840-3a58ccd5c032 0.062s
2025-11-12 18:20:59.049 65658 INFO tempest.lib.common.rest_client [req-6b2577be-2d50-4a7f-a118-f1d049d1162e req-6b2577be-2d50-4a7f-a118-f1d049d1162e ] Request (ServerMetadataNegativeTestJSON:tearDownClass): 204 DELETE http://10.180.1.21/identity/v3/users/71cb8914148a48b099dce18f2c865861 0.119s
2025-11-12 18:20:59.050 65658 INFO tempest.lib.common.dynamic_creds [-] Deleting project and security group for project: 5371720599854a2c8abef783a6042ba9
2025-11-12 18:20:59.051 65672 INFO tempest.lib.common.rest_client [req-783d29c5-fc5a-42f0-9424-ba148508b518 req-783d29c5-fc5a-42f0-9424-ba148508b518 ] Request (ServerPasswordTestJSON:tearDownClass): 200 GET http://10.180.1.21/compute/v2.1/servers/865a19ec-8f76-4480-af4c-355077d98ed0 0.072s
2025-11-12 18:20:59.083 65658 INFO tempest.lib.common.rest_client [req-74efad12-c4cf-4632-af9d-b1ad1e3f4dac req-74efad12-c4cf-4632-af9d-b1ad1e3f4dac ] Request (ServerMetadataNegativeTestJSON:tearDownClass): 200 GET http://10.180.1.21/networking/v2.0/security-groups?tenant_id=5371720599854a2c8abef783a6042ba9&name=default 0.032s
2025-11-12 18:20:59.105 65678 INFO tempest.lib.common.rest_client [req-9c9ba578-4d05-47f6-a5a8-ff6037386158 req-9c9ba578-4d05-47f6-a5a8-ff6037386158 ] Request (ImagesTestJSON:test_create_image_from_suspended_server): 200 GET http://10.180.1.21/compute/v2.1/servers/f231c788-a7f5-4b58-baed-397c4e1fa04a 0.054s
2025-11-12 18:20:59.137 65666 INFO tempest.lib.common.rest_client [req-ba2ac4b7-443f-4c08-893c-e4f3bdfce3dc req-ba2ac4b7-443f-4c08-893c-e4f3bdfce3dc ] Request (DeleteServersTestJSON:test_delete_server_while_in_shelved_state): 200 GET http://10.180.1.21/compute/v2.1/servers/84354604-ca0e-4ccf-89f8-9b6523470cdc 0.053s
2025-11-12 18:20:59.178 65658 INFO tempest.lib.common.rest_client [req-f9817f26-e1c1-4231-abc2-f2216c688dec req-f9817f26-e1c1-4231-abc2-f2216c688dec ] Request (ServerMetadataNegativeTestJSON:tearDownClass): 204 DELETE http://10.180.1.21/networking/v2.0/security-groups/d3126e1d-4505-4011-8b21-58be8b27b60d 0.095s
2025-11-12 18:20:59.186 65654 INFO tempest.lib.common.rest_client [req-984d8359-bc3d-4742-9b55-2aa6e1a9785e req-984d8359-bc3d-4742-9b55-2aa6e1a9785e ] Request (ServerActionsTestOtherB:setUpClass): 200 GET http://10.180.1.21/compute/v2.1/servers/b30282c6-11e8-417e-b30f-857094b38840 0.056s
2025-11-12 18:20:59.198 65686 INFO tempest.lib.common.rest_client [req-de3eb0a2-dc0e-4d5a-a4b3-ff1dafe4550e req-de3eb0a2-dc0e-4d5a-a4b3-ff1dafe4550e ] Request (AttachInterfacesTestJSON:_run_cleanups): 200 GET http://10.180.1.21/compute/v2.1/servers/b0d1ea8f-6f51-4113-b764-8f7700e79be3 0.079s
2025-11-12 18:20:59.265 65658 INFO tempest.lib.common.rest_client [req-a32ff2ca-adcf-48fa-894a-a10044e02467 req-a32ff2ca-adcf-48fa-894a-a10044e02467 ] Request (ServerMetadataNegativeTestJSON:tearDownClass): 204 DELETE http://10.180.1.21/identity/v3/projects/5371720599854a2c8abef783a6042ba9 0.086s
2025-11-12 18:20:59.267 65670 INFO tempest.lib.common.rest_client [req-ada69335-915d-46b9-bcf2-2f71fcbfe4b9 req-ada69335-915d-46b9-bcf2-2f71fcbfe4b9 ] Request (FloatingIPsAssociationTestJSON:tearDownClass): 200 GET http://10.180.1.21/compute/v2.1/servers/b938eeac-91f0-4f4d-a9cf-b00555ddd163 0.059s
2025-11-12 18:20:59.320 65658 INFO tempest.lib.common.rest_client [req-950da7a3-6451-421e-bd0e-4e1ba8b220e3 req-950da7a3-6451-421e-bd0e-4e1ba8b220e3 ] Request (AttachVolumeTestJSON:setUpClass): 201 POST http://10.180.1.21/identity/v3/auth/tokens 0.053s
2025-11-12 18:20:59.350 65658 INFO tempest.lib.common.rest_client [req-3b9ca05c-06b1-4d78-95a6-3a60cdfc37b0 req-3b9ca05c-06b1-4d78-95a6-3a60cdfc37b0 ] Request (AttachVolumeTestJSON:setUpClass): 201 POST http://10.180.1.21/identity/v3/auth/tokens 0.027s
2025-11-12 18:20:59.377 65658 INFO tempest.lib.common.rest_client [req-9ec9bba5-03ed-4687-a677-bad9c8113b6e req-9ec9bba5-03ed-4687-a677-bad9c8113b6e ] Request (AttachVolumeTestJSON:setUpClass): 200 GET http://10.180.1.21/identity/v3/domains?name=Default 0.026s
2025-11-12 18:20:59.403 65658 INFO tempest.lib.common.rest_client [req-72dfcb82-ba9e-4492-a5ca-503155fa3565 req-72dfcb82-ba9e-4492-a5ca-503155fa3565 ] Request (AttachVolumeTestJSON:setUpClass): 201 POST http://10.180.1.21/identity/v3/projects 0.026s
2025-11-12 18:20:59.427 65674 INFO tempest.lib.common.rest_client [req-eab34490-9ccf-4acc-90f4-d51bcc15fad7 req-eab34490-9ccf-4acc-90f4-d51bcc15fad7 ] Request (AttachInterfacesV270Test:tearDownClass): 200 GET http://10.180.1.21/compute/v2.1/servers/dc5a382a-294f-4af8-a960-d8d9749a4164 0.072s
2025-11-12 18:20:59.465 65658 INFO tempest.lib.common.rest_client [req-203bda4d-4e74-4327-809c-09b95db45e03 req-203bda4d-4e74-4327-809c-09b95db45e03 ] Request (AttachVolumeTestJSON:setUpClass): 201 POST http://10.180.1.21/identity/v3/users 0.061s
2025-11-12 18:20:59.467 65664 INFO tempest.lib.common.rest_client [req-71a3e7f2-416d-4f50-87b4-98e469386bdc req-71a3e7f2-416d-4f50-87b4-98e469386bdc ] Request (ListServerFiltersTestJSON:tearDownClass): 200 GET http://10.180.1.21/compute/v2.1/servers/c2ff00e4-6dc9-466e-8dcd-ee370811ac25 0.066s
2025-11-12 18:20:59.490 65658 INFO tempest.lib.common.rest_client [req-ab9cc5f1-b64c-40b2-bd10-f19268f3aa9b req-ab9cc5f1-b64c-40b2-bd10-f19268f3aa9b ] Request (AttachVolumeTestJSON:setUpClass): 200 GET http://10.180.1.21/identity/v3/roles 0.024s
2025-11-12 18:20:59.518 65658 INFO tempest.lib.common.rest_client [req-81677805-d5ec-4131-b8fa-b49e7b633bb6 req-81677805-d5ec-4131-b8fa-b49e7b633bb6 ] Request (AttachVolumeTestJSON:setUpClass): 204 PUT http://10.180.1.21/identity/v3/projects/164e9cb9eed54e12a5b4e8f9bf117878/users/586ddc21b10e42e5842dda9af379624e/roles/f93eda7683ce43fa845345595d606a64 0.027s
2025-11-12 18:20:59.518 65658 INFO tempest.lib.common.dynamic_creds [-] Dynamic test user 586ddc21b10e42e5842dda9af379624e is created with scope project and roles: ['member']
2025-11-12 18:20:59.518 65658 INFO tempest.lib.common.dynamic_creds [-] Acquired dynamic creds: credentials: Credentials: {'domain_id': 'default', 'domain_name': 'Default', 'username': 'tempest-AttachVolumeTestJSON-261419108-project-member', 'project_domain_id': 'default', 'project_domain_name': 'Default', 'project_id': '164e9cb9eed54e12a5b4e8f9bf117878', 'project_name': 'tempest-AttachVolumeTestJSON-261419108', 'tenant_id': '164e9cb9eed54e12a5b4e8f9bf117878', 'tenant_name': 'tempest-AttachVolumeTestJSON-261419108', 'user_domain_id': 'default', 'user_domain_name': 'Default', 'user_id': '586ddc21b10e42e5842dda9af379624e', 'system': None}, Network: None, Subnet: None, Router: None
2025-11-12 18:20:59.557 65706 INFO tempest.lib.common.rest_client [req-d3b7d92f-588c-4793-bb24-07230b48651f req-d3b7d92f-588c-4793-bb24-07230b48651f ] Request (ServersTestManualDisk:tearDownClass): 200 GET http://10.180.1.21/compute/v2.1/servers/ee03bd01-90a3-4936-89d1-6b1c3a756046 0.075s
2025-11-12 18:20:59.584 65658 INFO tempest.lib.common.rest_client [req-7753c0dc-37f2-497e-974e-e56effd5603a req-7753c0dc-37f2-497e-974e-e56effd5603a ] Request (AttachVolumeTestJSON:setUpClass): 201 POST http://10.180.1.21/identity/v3/auth/tokens 0.065s
2025-11-12 18:20:59.620 65656 INFO tempest.lib.common.rest_client [req-bd855e21-ea39-4d63-9643-b19ae1e8c0a7 req-bd855e21-ea39-4d63-9643-b19ae1e8c0a7 ] Request (ListServersNegativeTestJSON:setUpClass): 200 GET http://10.180.1.21/compute/v2.1/servers/429d1e3c-a600-4b45-939c-b082ae43a312 0.156s
2025-11-12 18:20:59.692 65708 INFO tempest.lib.common.rest_client [req-84e97627-7757-43f7-9922-f09a4518b3ad req-84e97627-7757-43f7-9922-f09a4518b3ad ] Request (InstanceActionsTestJSON:setUpClass): 200 GET http://10.180.1.21/compute/v2.1/servers/c2af5d80-8249-4e65-bb08-f55916fc2279 0.074s
2025-11-12 18:20:59.699 65708 INFO tempest.common.waiters [-] State transition "BUILD/None" ==> "BUILD/networking" after 57 second wait
2025-11-12 18:20:59.713 65688 INFO tempest.lib.common.rest_client [req-c94de141-847a-49d4-ac84-417ded49072b req-c94de141-847a-49d4-ac84-417ded49072b ] Request (ImagesOneServerNegativeTestJSON:_run_cleanups): 200 GET http://10.180.1.21/compute/v2.1/servers/740be696-a0b8-4faf-8992-1565bdefe454 0.061s
2025-11-12 18:20:59.742 65676 WARNING tempest.lib.common.ssh [-] Failed to establish authenticated ssh connection to cirros@10.180.180.186 ([Errno None] Unable to connect to port 22 on 10.180.180.186). Number attempts: 4. Retry after 5 seconds.: paramiko.ssh_exception.NoValidConnectionsError: [Errno None] Unable to connect to port 22 on 10.180.180.186
2025-11-12 18:20:59.804 65700 INFO tempest.lib.common.rest_client [req-3c155f13-e2b8-47df-a78b-aedb54e1ae64 req-3c155f13-e2b8-47df-a78b-aedb54e1ae64 ] Request (ServersTestJSON:test_create_server_with_ipv6_addr_only): 200 GET http://10.180.1.21/compute/v2.1/servers/5ea31b52-7c99-4a74-9d8b-e4a302f6b744 0.076s
2025-11-12 18:20:59.829 65658 INFO tempest.lib.common.rest_client [req-fd05a736-00cb-4550-9fc7-b73514a72bce req-fd05a736-00cb-4550-9fc7-b73514a72bce ] Request (AttachVolumeTestJSON:setUpClass): 201 POST http://10.180.1.21/networking/v2.0/networks 0.245s
2025-11-12 18:20:59.851 65698 INFO tempest.lib.common.rest_client [req-4f484c77-8629-40ae-97d1-96390b604e5e req-4f484c77-8629-40ae-97d1-96390b604e5e ] Request (ServersAdminTestJSON:tearDownClass): 200 GET http://10.180.1.21/compute/v2.1/servers/cf52407e-e3ea-40da-aca0-983267d5d080 0.073s
2025-11-12 18:21:00.032 65658 INFO tempest.lib.common.rest_client [req-d54469b7-a584-40bb-800c-926982fed30e req-d54469b7-a584-40bb-800c-926982fed30e ] Request (AttachVolumeTestJSON:setUpClass): 201 POST http://10.180.1.21/networking/v2.0/subnets 0.203s
2025-11-12 18:21:00.060 65692 INFO tempest.lib.common.rest_client [req-7cbbafc7-d4b9-4767-9317-5f968553d4ad req-7cbbafc7-d4b9-4767-9317-5f968553d4ad ] Request (MigrationsAdminTest:test_resize_server_revert_deleted_flavor): 200 GET http://10.180.1.21/compute/v2.1/servers/26bd75a1-d8b1-491b-a308-ff6b1a779c7b 0.173s
2025-11-12 18:21:00.074 65684 INFO tempest.lib.common.rest_client [req-dbc45e71-6c10-4227-b71d-6e118a45f79d req-dbc45e71-6c10-4227-b71d-6e118a45f79d ] Request (AttachVolumeNegativeTest:test_attach_attached_volume_to_different_server): 200 GET http://10.180.1.21/compute/v2.1/servers/8f70b884-099a-4521-b282-50c62cb722d9 0.175s
2025-11-12 18:21:00.212 65660 INFO tempest.lib.common.rest_client [req-2142d233-6ac3-4356-a82f-5036e8105913 req-2142d233-6ac3-4356-a82f-5036e8105913 ] Request (SecurityGroupsTestJSON:test_server_security_groups): 200 GET http://10.180.1.21/compute/v2.1/servers/cd1f45db-f824-425f-a840-3a58ccd5c032 0.257s
2025-11-12 18:21:00.224 65672 INFO tempest.lib.common.rest_client [req-ac6ff818-3f49-4c0b-bd67-b836834c64ab req-ac6ff818-3f49-4c0b-bd67-b836834c64ab ] Request (ServerPasswordTestJSON:tearDownClass): 200 GET http://10.180.1.21/compute/v2.1/servers/865a19ec-8f76-4480-af4c-355077d98ed0 0.163s
2025-11-12 18:21:00.741 65658 INFO tempest.lib.common.rest_client [req-88adf59f-45a1-4e99-86e9-31ec5b7f3b24 req-88adf59f-45a1-4e99-86e9-31ec5b7f3b24 ] Request (AttachVolumeTestJSON:setUpClass): 201 POST http://10.180.1.21/networking/v2.0/routers 0.708s
2025-11-12 18:21:00.763 65678 INFO tempest.lib.common.rest_client [req-1c4c8b18-a304-4dd9-90cf-bfd4b4f1b2e4 req-1c4c8b18-a304-4dd9-90cf-bfd4b4f1b2e4 ] Request (ImagesTestJSON:test_create_image_from_suspended_server): 200 GET http://10.180.1.21/compute/v2.1/servers/f231c788-a7f5-4b58-baed-397c4e1fa04a 0.645s
2025-11-12 18:21:00.781 65666 INFO tempest.lib.common.rest_client [req-796d8098-04dd-4d03-9f88-13b3e0673d62 req-796d8098-04dd-4d03-9f88-13b3e0673d62 ] Request (DeleteServersTestJSON:test_delete_server_while_in_shelved_state): 200 GET http://10.180.1.21/compute/v2.1/servers/84354604-ca0e-4ccf-89f8-9b6523470cdc 0.633s
2025-11-12 18:21:01.685 65658 INFO tempest.lib.common.rest_client [req-e48eff4e-72c5-4aea-804f-49f25810dece req-e48eff4e-72c5-4aea-804f-49f25810dece ] Request (AttachVolumeTestJSON:setUpClass): 200 PUT http://10.180.1.21/networking/v2.0/routers/7a7acb03-d24b-4efc-9e1c-e29fa865fc75/add_router_interface 0.944s
2025-11-12 18:21:01.685 65658 INFO tempest.lib.common.dynamic_creds [-] Created isolated network resources for: credentials: Credentials: {'domain_id': 'default', 'domain_name': 'Default', 'username': 'tempest-AttachVolumeTestJSON-261419108-project-member', 'project_domain_id': 'default', 'project_domain_name': 'Default', 'project_id': '164e9cb9eed54e12a5b4e8f9bf117878', 'project_name': 'tempest-AttachVolumeTestJSON-261419108', 'tenant_id': '164e9cb9eed54e12a5b4e8f9bf117878', 'tenant_name': 'tempest-AttachVolumeTestJSON-261419108', 'user_domain_id': 'default', 'user_domain_name': 'Default', 'user_id': '586ddc21b10e42e5842dda9af379624e', 'system': None}, Network: {'id': 'daecbbf0-ca8f-4c51-a5ed-b78a12ce3726', 'name': 'tempest-AttachVolumeTestJSON-1409739576-network', 'tenant_id': '164e9cb9eed54e12a5b4e8f9bf117878', 'project_id': '164e9cb9eed54e12a5b4e8f9bf117878', 'admin_state_up': True, 'mtu': 8950, 'status': 'ACTIVE', 'subnets': [], 'shared': False, 'port_security_enabled': True, 'router:external': False, 'provider:network_type': 'vlan', 'provider:physical_network': 'default', 'provider:segmentation_id': 764, 'availability_zone_hints': [], 'availability_zones': [], 'ipv4_address_scope': None, 'ipv6_address_scope': None, 'description': '', 'tags': [], 'created_at': '2025-11-12T18:20:59Z', 'updated_at': '2025-11-12T18:20:59Z', 'revision_number': 1}, Subnet: {'id': '6a61cb53-b2c6-481e-8825-328c09565c4c', 'name': 'tempest-AttachVolumeTestJSON-1409739576-subnet', 'tenant_id': '164e9cb9eed54e12a5b4e8f9bf117878', 'network_id': 'daecbbf0-ca8f-4c51-a5ed-b78a12ce3726', 'ip_version': 4, 'subnetpool_id': None, 'enable_dhcp': True, 'ipv6_ra_mode': None, 'ipv6_address_mode': None, 'gateway_ip': '192.168.128.1', 'cidr': '192.168.128.0/28', 'allocation_pools': [{'start': '192.168.128.2', 'end': '192.168.128.14'}], 'host_routes': [], 'dns_nameservers': [], 'description': '', 'router:external': False, 'service_types': [], 'tags': [], 'created_at': '2025-11-12T18:20:59Z', 'updated_at': '2025-11-12T18:20:59Z', 'revision_number': 0, 'project_id': '164e9cb9eed54e12a5b4e8f9bf117878'}, Router: {'id': '7a7acb03-d24b-4efc-9e1c-e29fa865fc75', 'name': 'tempest-AttachVolumeTestJSON-1409739576-router', 'tenant_id': '164e9cb9eed54e12a5b4e8f9bf117878', 'admin_state_up': True, 'status': 'ACTIVE', 'external_gateway_info': {'network_id': '4bee3b2c-ad2c-4cee-954c-2241022e68f9', 'external_fixed_ips': [{'subnet_id': '93836fa3-06ed-4b6a-90b4-5a45301f3bf8', 'ip_address': '10.180.180.196'}], 'enable_snat': True}, 'description': '', 'availability_zones': [], 'distributed': False, 'ha': False, 'availability_zone_hints': [], 'routes': [], 'flavor_id': None, 'tags': [], 'created_at': '2025-11-12T18:21:00Z', 'updated_at': '2025-11-12T18:21:00Z', 'revision_number': 2, 'project_id': '164e9cb9eed54e12a5b4e8f9bf117878'}
2025-11-12 18:21:01.710 65654 INFO tempest.lib.common.rest_client [req-9289f5f9-8e0c-4da3-a182-2eadfe4e4a4c req-9289f5f9-8e0c-4da3-a182-2eadfe4e4a4c ] Request (ServerActionsTestOtherB:setUpClass): 200 GET http://10.180.1.21/compute/v2.1/servers/b30282c6-11e8-417e-b30f-857094b38840 1.515s
2025-11-12 18:21:01.725 65686 INFO tempest.lib.common.rest_client [req-7fcbbbbf-5c43-4e1a-8c1d-21ff0d3c3488 req-7fcbbbbf-5c43-4e1a-8c1d-21ff0d3c3488 ] Request (AttachInterfacesTestJSON:_run_cleanups): 200 GET http://10.180.1.21/compute/v2.1/servers/b0d1ea8f-6f51-4113-b764-8f7700e79be3 1.518s
2025-11-12 18:21:01.785 65658 INFO tempest.lib.common.rest_client [req-0fb7ea3e-e3e7-404e-9e35-bd9d3a559c34 req-0fb7ea3e-e3e7-404e-9e35-bd9d3a559c34 ] Request (AttachVolumeTestJSON:setUpClass): 201 POST http://10.180.1.21/identity/v3/auth/tokens 0.094s
2025-11-12 18:21:01.818 65662 INFO paramiko.transport [-] Connected (version 2.0, client dropbear_2020.81)
2025-11-12 18:21:01.830 65670 INFO tempest.lib.common.rest_client [req-f6b85eb7-e70b-4722-ae23-460ed16d8958 req-f6b85eb7-e70b-4722-ae23-460ed16d8958 ] Request (FloatingIPsAssociationTestJSON:tearDownClass): 200 GET http://10.180.1.21/compute/v2.1/servers/b938eeac-91f0-4f4d-a9cf-b00555ddd163 1.555s
2025-11-12 18:21:01.847 65674 INFO tempest.lib.common.rest_client [req-bc9a25b6-d1f3-4eed-b55e-89000a166231 req-bc9a25b6-d1f3-4eed-b55e-89000a166231 ] Request (AttachInterfacesV270Test:tearDownClass): 200 GET http://10.180.1.21/compute/v2.1/servers/dc5a382a-294f-4af8-a960-d8d9749a4164 1.409s
2025-11-12 18:21:01.912 65664 INFO tempest.lib.common.rest_client [req-112fd691-4d00-4790-9fd3-9c1a48517269 req-112fd691-4d00-4790-9fd3-9c1a48517269 ] Request (ListServerFiltersTestJSON:tearDownClass): 200 GET http://10.180.1.21/compute/v2.1/servers/c2ff00e4-6dc9-466e-8dcd-ee370811ac25 1.438s
2025-11-12 18:21:01.928 65662 INFO paramiko.transport [-] Authentication (publickey) successful!
2025-11-12 18:21:01.929 65662 INFO tempest.lib.common.ssh [-] ssh connection to cirros@10.180.180.184 successfully created
2025-11-12 18:21:01.940 65706 INFO tempest.lib.common.rest_client [req-2650cacb-f803-4ba7-9200-f17a3ead31f7 req-2650cacb-f803-4ba7-9200-f17a3ead31f7 ] Request (ServersTestManualDisk:tearDownClass): 200 GET http://10.180.1.21/compute/v2.1/servers/ee03bd01-90a3-4936-89d1-6b1c3a756046 1.372s
2025-11-12 18:21:01.990 65656 INFO tempest.lib.common.rest_client [req-3e2430d0-e90e-4ac4-b4f7-363c4bb45d07 req-3e2430d0-e90e-4ac4-b4f7-363c4bb45d07 ] Request (ListServersNegativeTestJSON:setUpClass): 200 GET http://10.180.1.21/compute/v2.1/servers/429d1e3c-a600-4b45-939c-b082ae43a312 1.362s
2025-11-12 18:21:02.068 65688 INFO tempest.lib.common.rest_client [req-60bffd6b-10ce-49f9-8689-e4c1a95c295c req-60bffd6b-10ce-49f9-8689-e4c1a95c295c ] Request (ImagesOneServerNegativeTestJSON:_run_cleanups): 200 GET http://10.180.1.21/compute/v2.1/servers/740be696-a0b8-4faf-8992-1565bdefe454 1.346s
2025-11-12 18:21:02.132 65700 INFO tempest.lib.common.rest_client [req-d9d5a28c-a0f1-4c05-9af5-03d7a18e3319 req-d9d5a28c-a0f1-4c05-9af5-03d7a18e3319 ] Request (ServersTestJSON:test_create_server_with_ipv6_addr_only): 200 GET http://10.180.1.21/compute/v2.1/servers/5ea31b52-7c99-4a74-9d8b-e4a302f6b744 1.319s
2025-11-12 18:21:02.149 65708 INFO tempest.lib.common.rest_client [req-861f8b80-f1a7-47aa-8ce1-7c2859badc89 req-861f8b80-f1a7-47aa-8ce1-7c2859badc89 ] Request (InstanceActionsTestJSON:setUpClass): 200 GET http://10.180.1.21/compute/v2.1/servers/c2af5d80-8249-4e65-bb08-f55916fc2279 1.448s
2025-11-12 18:21:02.157 65708 INFO tempest.common.waiters [-] State transition "BUILD/networking" ==> "BUILD/spawning" after 60 second wait
2025-11-12 18:21:02.205 65698 INFO tempest.lib.common.rest_client [req-d5431f73-1a67-4d8f-8ce1-d792802c67d1 req-d5431f73-1a67-4d8f-8ce1-d792802c67d1 ] Request (ServersAdminTestJSON:tearDownClass): 200 GET http://10.180.1.21/compute/v2.1/servers/cf52407e-e3ea-40da-aca0-983267d5d080 1.340s
2025-11-12 18:21:02.214 65692 INFO tempest.lib.common.rest_client [req-2e88d743-20a2-4737-9e5a-ac587160d4f4 req-2e88d743-20a2-4737-9e5a-ac587160d4f4 ] Request (MigrationsAdminTest:test_resize_server_revert_deleted_flavor): 200 GET http://10.180.1.21/compute/v2.1/servers/26bd75a1-d8b1-491b-a308-ff6b1a779c7b 1.142s
2025-11-12 18:21:02.260 65684 INFO tempest.lib.common.rest_client [req-d554de89-d978-4cf0-8231-dda672b39be9 req-d554de89-d978-4cf0-8231-dda672b39be9 ] Request (AttachVolumeNegativeTest:test_attach_attached_volume_to_different_server): 200 GET http://10.180.1.21/compute/v2.1/servers/8f70b884-099a-4521-b282-50c62cb722d9 1.179s
2025-11-12 18:21:02.273 65660 INFO tempest.lib.common.rest_client [req-8a98532d-6ba0-474d-b89e-2b1ac4156c20 req-8a98532d-6ba0-474d-b89e-2b1ac4156c20 ] Request (SecurityGroupsTestJSON:test_server_security_groups): 200 GET http://10.180.1.21/compute/v2.1/servers/cd1f45db-f824-425f-a840-3a58ccd5c032 1.054s
2025-11-12 18:21:02.342 65672 INFO tempest.lib.common.rest_client [req-950f24ce-ed80-4a25-b34f-31e7f2bddd74 req-950f24ce-ed80-4a25-b34f-31e7f2bddd74 ] Request (ServerPasswordTestJSON:tearDownClass): 200 GET http://10.180.1.21/compute/v2.1/servers/865a19ec-8f76-4480-af4c-355077d98ed0 1.110s
2025-11-12 18:21:02.353 65678 INFO tempest.lib.common.rest_client [req-81d9eeb6-ab9f-4761-ae95-dc238d6e1379 req-81d9eeb6-ab9f-4761-ae95-dc238d6e1379 ] Request (ImagesTestJSON:test_create_image_from_suspended_server): 200 GET http://10.180.1.21/compute/v2.1/servers/f231c788-a7f5-4b58-baed-397c4e1fa04a 0.581s
2025-11-12 18:21:02.412 65666 INFO tempest.lib.common.rest_client [req-884ee4af-333c-43e7-bc5b-8f2011e2a570 req-884ee4af-333c-43e7-bc5b-8f2011e2a570 ] Request (DeleteServersTestJSON:test_delete_server_while_in_shelved_state): 200 GET http://10.180.1.21/compute/v2.1/servers/84354604-ca0e-4ccf-89f8-9b6523470cdc 0.619s
2025-11-12 18:21:02.570 65662 INFO tempest.lib.common.rest_client [req-69f6f6ee-71a1-40b0-922f-df628057963e req-69f6f6ee-71a1-40b0-922f-df628057963e ] Request (ServersTestFqdnHostnames:tearDownClass): 204 DELETE http://10.180.1.21/compute/v2.1/servers/4a5700e8-a42e-4505-b502-3373498e50c9 0.633s
2025-11-12 18:21:02.588 65658 INFO tempest.lib.common.rest_client [req-336e1806-a823-475e-adc3-efdf67aa7c4a req-336e1806-a823-475e-adc3-efdf67aa7c4a ] Request (ValidationResourcesFixture:setUp): 200 POST http://10.180.1.21/compute/v2.1/os-keypairs 0.801s
2025-11-12 18:21:02.705 65658 INFO tempest.lib.common.rest_client [req-16242336-92ce-40c6-93d5-418397995e8a req-16242336-92ce-40c6-93d5-418397995e8a ] Request (ValidationResourcesFixture:setUp): 201 POST http://10.180.1.21/networking/v2.0/security-groups 0.115s
2025-11-12 18:21:02.718 65662 INFO tempest.lib.common.rest_client [req-ffa412ae-4df7-4e46-b2c9-e661a010c7c1 req-ffa412ae-4df7-4e46-b2c9-e661a010c7c1 ] Request (ServersTestFqdnHostnames:tearDownClass): 200 GET http://10.180.1.21/compute/v2.1/servers/4a5700e8-a42e-4505-b502-3373498e50c9 0.148s
2025-11-12 18:21:02.783 65654 INFO tempest.lib.common.rest_client [req-cb74f478-c3f1-4f94-8aef-beecc291b90f req-cb74f478-c3f1-4f94-8aef-beecc291b90f ] Request (ServerActionsTestOtherB:setUpClass): 200 GET http://10.180.1.21/compute/v2.1/servers/b30282c6-11e8-417e-b30f-857094b38840 0.058s
2025-11-12 18:21:02.796 65686 INFO tempest.lib.common.rest_client [req-0236ff4d-185d-4b5d-b5e6-04cbfbd8fba1 req-0236ff4d-185d-4b5d-b5e6-04cbfbd8fba1 ] Request (AttachInterfacesTestJSON:_run_cleanups): 200 GET http://10.180.1.21/compute/v2.1/servers/b0d1ea8f-6f51-4113-b764-8f7700e79be3 0.062s
2025-11-12 18:21:02.799 65658 INFO tempest.lib.common.rest_client [req-3f1feba8-b928-4b3b-b3de-83681c29e690 req-3f1feba8-b928-4b3b-b3de-83681c29e690 ] Request (ValidationResourcesFixture:setUp): 201 POST http://10.180.1.21/networking/v2.0/security-group-rules 0.093s
2025-11-12 18:21:02.899 65658 INFO tempest.lib.common.rest_client [req-a38d337a-9aee-4112-9239-5a143b149395 req-a38d337a-9aee-4112-9239-5a143b149395 ] Request (ValidationResourcesFixture:setUp): 201 POST http://10.180.1.21/networking/v2.0/security-group-rules 0.100s
2025-11-12 18:21:02.922 65670 INFO tempest.lib.common.rest_client [req-c979be9a-f750-4929-8408-996b645acd48 req-c979be9a-f750-4929-8408-996b645acd48 ] Request (FloatingIPsAssociationTestJSON:tearDownClass): 200 GET http://10.180.1.21/compute/v2.1/servers/b938eeac-91f0-4f4d-a9cf-b00555ddd163 0.081s
2025-11-12 18:21:02.945 65674 INFO tempest.lib.common.rest_client [req-01eac736-0de3-4245-a873-f9feb1940d5e req-01eac736-0de3-4245-a873-f9feb1940d5e ] Request (AttachInterfacesV270Test:tearDownClass): 200 GET http://10.180.1.21/compute/v2.1/servers/dc5a382a-294f-4af8-a960-d8d9749a4164 0.089s
2025-11-12 18:21:03.035 65664 INFO tempest.lib.common.rest_client [req-e57429d2-1b4e-4c84-a9a1-2e8b7d31221f req-e57429d2-1b4e-4c84-a9a1-2e8b7d31221f ] Request (ListServerFiltersTestJSON:tearDownClass): 200 GET http://10.180.1.21/compute/v2.1/servers/c2ff00e4-6dc9-466e-8dcd-ee370811ac25 0.109s
2025-11-12 18:21:03.048 65706 INFO tempest.lib.common.rest_client [req-91ce0ccc-0088-4f0d-b4d1-516b58bc1486 req-91ce0ccc-0088-4f0d-b4d1-516b58bc1486 ] Request (ServersTestManualDisk:tearDownClass): 200 GET http://10.180.1.21/compute/v2.1/servers/ee03bd01-90a3-4936-89d1-6b1c3a756046 0.094s
2025-11-12 18:21:03.074 65690 WARNING tempest.lib.common.ssh [-] Failed to establish authenticated ssh connection to cirros@10.180.180.167 ([Errno None] Unable to connect to port 22 on 10.180.180.167). Number attempts: 7. Retry after 8 seconds.: paramiko.ssh_exception.NoValidConnectionsError: [Errno None] Unable to connect to port 22 on 10.180.180.167
2025-11-12 18:21:03.102 65656 INFO tempest.lib.common.rest_client [req-9e94a23f-504d-4c98-b106-f1e39fa272e7 req-9e94a23f-504d-4c98-b106-f1e39fa272e7 ] Request (ListServersNegativeTestJSON:setUpClass): 200 GET http://10.180.1.21/compute/v2.1/servers/429d1e3c-a600-4b45-939c-b082ae43a312 0.098s
2025-11-12 18:21:03.108 65656 INFO tempest.common.waiters [-] State transition "ACTIVE/deleting" ==> "DELETED/None" after 5 second wait
2025-11-12 18:21:03.148 65688 INFO tempest.lib.common.rest_client [req-43d4e0b2-ffad-44fe-b27c-d1a07645d1dd req-43d4e0b2-ffad-44fe-b27c-d1a07645d1dd ] Request (ImagesOneServerNegativeTestJSON:_run_cleanups): 200 GET http://10.180.1.21/compute/v2.1/servers/740be696-a0b8-4faf-8992-1565bdefe454 0.068s
2025-11-12 18:21:03.199 65700 INFO tempest.lib.common.rest_client [req-1fa40c02-b6fb-4a33-8f10-17cc055867f0 req-1fa40c02-b6fb-4a33-8f10-17cc055867f0 ] Request (ServersTestJSON:test_create_server_with_ipv6_addr_only): 200 GET http://10.180.1.21/compute/v2.1/servers/5ea31b52-7c99-4a74-9d8b-e4a302f6b744 0.058s
2025-11-12 18:21:03.267 65708 INFO tempest.lib.common.rest_client [req-b6853dac-31a7-402e-91bd-51a12312939a req-b6853dac-31a7-402e-91bd-51a12312939a ] Request (InstanceActionsTestJSON:setUpClass): 200 GET http://10.180.1.21/compute/v2.1/servers/c2af5d80-8249-4e65-bb08-f55916fc2279 0.109s
2025-11-12 18:21:03.289 65698 INFO tempest.lib.common.rest_client [req-25ca39e2-f540-4b73-8da9-5a3b0d980395 req-25ca39e2-f540-4b73-8da9-5a3b0d980395 ] Request (ServersAdminTestJSON:tearDownClass): 200 GET http://10.180.1.21/compute/v2.1/servers/cf52407e-e3ea-40da-aca0-983267d5d080 0.074s
2025-11-12 18:21:03.326 65692 INFO tempest.lib.common.rest_client [req-3d7207e4-afa4-4b38-b152-28e3f75f49b3 req-3d7207e4-afa4-4b38-b152-28e3f75f49b3 ] Request (MigrationsAdminTest:test_resize_server_revert_deleted_flavor): 200 GET http://10.180.1.21/compute/v2.1/servers/26bd75a1-d8b1-491b-a308-ff6b1a779c7b 0.103s
2025-11-12 18:21:03.349 65684 INFO tempest.lib.common.rest_client [req-7a3ef21f-e542-4619-badb-612ebb97e95f req-7a3ef21f-e542-4619-badb-612ebb97e95f ] Request (AttachVolumeNegativeTest:test_attach_attached_volume_to_different_server): 200 GET http://10.180.1.21/compute/v2.1/servers/8f70b884-099a-4521-b282-50c62cb722d9 0.080s
2025-11-12 18:21:03.384 65658 INFO tempest.lib.common.rest_client [req-130927b7-a6ac-40e6-aff7-922375a74fa1 req-130927b7-a6ac-40e6-aff7-922375a74fa1 ] Request (ValidationResourcesFixture:setUp): 201 POST http://10.180.1.21/networking/v2.0/floatingips 0.484s
2025-11-12 18:21:03.389 65660 INFO tempest.lib.common.rest_client [req-24497a80-a17f-4770-950b-dc822f9ea32b req-24497a80-a17f-4770-950b-dc822f9ea32b ] Request (SecurityGroupsTestJSON:test_server_security_groups): 200 GET http://10.180.1.21/compute/v2.1/servers/cd1f45db-f824-425f-a840-3a58ccd5c032 0.098s
2025-11-12 18:21:03.419 65658 INFO tempest.lib.common.rest_client [req-984cb564-f3ec-4373-ae98-ca600773f224 req-984cb564-f3ec-4373-ae98-ca600773f224 ] Request (AttachVolumeTestJSON:test_attach_detach_volume): 201 POST http://10.180.1.21/identity/v3/auth/tokens 0.031s
2025-11-12 18:21:03.419 65658 INFO tempest.lib.common.fixed_network [-] (AttachVolumeTestJSON:test_attach_detach_volume) Found network {'id': 'daecbbf0-ca8f-4c51-a5ed-b78a12ce3726', 'name': 'tempest-AttachVolumeTestJSON-1409739576-network', 'tenant_id': '164e9cb9eed54e12a5b4e8f9bf117878', 'project_id': '164e9cb9eed54e12a5b4e8f9bf117878', 'admin_state_up': True, 'mtu': 8950, 'status': 'ACTIVE', 'subnets': [], 'shared': False, 'port_security_enabled': True, 'router:external': False, 'provider:network_type': 'vlan', 'provider:physical_network': 'default', 'provider:segmentation_id': 764, 'availability_zone_hints': [], 'availability_zones': [], 'ipv4_address_scope': None, 'ipv6_address_scope': None, 'description': '', 'tags': [], 'created_at': '2025-11-12T18:20:59Z', 'updated_at': '2025-11-12T18:20:59Z', 'revision_number': 1} available for tenant
2025-11-12 18:21:03.427 65672 INFO tempest.lib.common.rest_client [req-739acbca-6dda-46cf-abc0-aa495049b60b req-739acbca-6dda-46cf-abc0-aa495049b60b ] Request (ServerPasswordTestJSON:tearDownClass): 200 GET http://10.180.1.21/compute/v2.1/servers/865a19ec-8f76-4480-af4c-355077d98ed0 0.070s
2025-11-12 18:21:03.446 65678 INFO tempest.lib.common.rest_client [req-ec88c378-32b6-4ffc-b75d-d2a1c87992ba req-ec88c378-32b6-4ffc-b75d-d2a1c87992ba ] Request (ImagesTestJSON:test_create_image_from_suspended_server): 200 GET http://10.180.1.21/compute/v2.1/servers/f231c788-a7f5-4b58-baed-397c4e1fa04a 0.078s
2025-11-12 18:21:03.496 65666 INFO tempest.lib.common.rest_client [req-e6f3c7e6-1abd-4ed3-beb4-fdeda3ae05b6 req-e6f3c7e6-1abd-4ed3-beb4-fdeda3ae05b6 ] Request (DeleteServersTestJSON:test_delete_server_while_in_shelved_state): 200 GET http://10.180.1.21/compute/v2.1/servers/84354604-ca0e-4ccf-89f8-9b6523470cdc 0.076s
2025-11-12 18:21:03.785 65658 INFO tempest.lib.common.rest_client [req-ead7f112-2983-405a-8d07-b40f9124d338 req-ead7f112-2983-405a-8d07-b40f9124d338 ] Request (AttachVolumeTestJSON:test_attach_detach_volume): 202 POST http://10.180.1.21/compute/v2.1/servers 0.365s
2025-11-12 18:21:03.833 65658 INFO tempest.lib.common.rest_client [req-fb922998-24cb-424c-9d46-128d2744046c req-fb922998-24cb-424c-9d46-128d2744046c ] Request (AttachVolumeTestJSON:test_attach_detach_volume): 200 GET http://10.180.1.21/compute/v2.1/servers/e47eaf42-deda-44fa-b256-b0a8c5717536 0.046s
2025-11-12 18:21:03.865 65662 INFO tempest.lib.common.rest_client [req-f2206f32-42da-43f7-b023-1890d8771bd1 req-f2206f32-42da-43f7-b023-1890d8771bd1 ] Request (ServersTestFqdnHostnames:tearDownClass): 200 GET http://10.180.1.21/compute/v2.1/servers/4a5700e8-a42e-4505-b502-3373498e50c9 0.138s
2025-11-12 18:21:03.891 65654 INFO tempest.lib.common.rest_client [req-4e328eaa-49fc-4b0f-8bc7-985fdbe14e67 req-4e328eaa-49fc-4b0f-8bc7-985fdbe14e67 ] Request (ServerActionsTestOtherB:setUpClass): 200 GET http://10.180.1.21/compute/v2.1/servers/b30282c6-11e8-417e-b30f-857094b38840 0.097s
2025-11-12 18:21:03.930 65686 INFO tempest.lib.common.rest_client [req-7b6bd978-ba59-4976-be98-79c09c33dfda req-7b6bd978-ba59-4976-be98-79c09c33dfda ] Request (AttachInterfacesTestJSON:_run_cleanups): 200 GET http://10.180.1.21/compute/v2.1/servers/b0d1ea8f-6f51-4113-b764-8f7700e79be3 0.126s
2025-11-12 18:21:04.034 65670 INFO tempest.lib.common.rest_client [req-94720a90-8392-4797-902f-2abdc6947ced req-94720a90-8392-4797-902f-2abdc6947ced ] Request (FloatingIPsAssociationTestJSON:tearDownClass): 200 GET http://10.180.1.21/compute/v2.1/servers/b938eeac-91f0-4f4d-a9cf-b00555ddd163 0.104s
2025-11-12 18:21:04.036 65674 INFO tempest.lib.common.rest_client [req-657c1167-682f-4beb-92e1-7c00d56bdb92 req-657c1167-682f-4beb-92e1-7c00d56bdb92 ] Request (AttachInterfacesV270Test:tearDownClass): 200 GET http://10.180.1.21/compute/v2.1/servers/dc5a382a-294f-4af8-a960-d8d9749a4164 0.076s
2025-11-12 18:21:04.082 65706 INFO tempest.lib.common.rest_client [req-c9b889d3-a8a6-4570-8427-77f96839f9b0 req-c9b889d3-a8a6-4570-8427-77f96839f9b0 ] Request (ServersTestManualDisk:tearDownClass): 404 GET http://10.180.1.21/compute/v2.1/servers/ee03bd01-90a3-4936-89d1-6b1c3a756046 0.027s
2025-11-12 18:21:04.108 65706 INFO tempest.lib.common.rest_client [req-2b494d98-45bc-49a8-8b8c-96308a440858 req-2b494d98-45bc-49a8-8b8c-96308a440858 ] Request (ServersTestManualDisk:tearDownClass): 202 DELETE http://10.180.1.21/compute/v2.1/os-keypairs/tempest-keypair-1351996663 0.026s
2025-11-12 18:21:04.135 65664 INFO tempest.lib.common.rest_client [req-a331af5c-23da-4d36-9716-26d62ecd6d05 req-a331af5c-23da-4d36-9716-26d62ecd6d05 ] Request (ListServerFiltersTestJSON:tearDownClass): 200 GET http://10.180.1.21/compute/v2.1/servers/c2ff00e4-6dc9-466e-8dcd-ee370811ac25 0.090s
2025-11-12 18:21:04.189 65656 INFO tempest.lib.common.rest_client [req-8e5cd0ac-5085-442a-be45-539fa97b3b33 req-8e5cd0ac-5085-442a-be45-539fa97b3b33 ] Request (ListServersNegativeTestJSON:setUpClass): 200 GET http://10.180.1.21/compute/v2.1/servers/429d1e3c-a600-4b45-939c-b082ae43a312 0.079s
2025-11-12 18:21:04.213 65706 INFO tempest.lib.common.rest_client [req-365c49a7-0b81-4111-a30e-2ff44cbf7702 req-365c49a7-0b81-4111-a30e-2ff44cbf7702 ] Request (ServersTestManualDisk:tearDownClass): 204 DELETE http://10.180.1.21/networking/v2.0/security-groups/7d7678a2-8649-4500-8ca9-cca6e9f549f6 0.104s
2025-11-12 18:21:04.224 65706 INFO tempest.lib.common.rest_client [req-e2d5f083-e2bd-4775-bec5-dbcba30fdfd6 req-e2d5f083-e2bd-4775-bec5-dbcba30fdfd6 ] Request (ServersTestManualDisk:tearDownClass): 404 GET http://10.180.1.21/networking/v2.0/security-groups/7d7678a2-8649-4500-8ca9-cca6e9f549f6 0.010s
2025-11-12 18:21:04.233 65688 INFO tempest.lib.common.rest_client [req-513dd13b-ca83-4a23-8101-4c1c56a60e36 req-513dd13b-ca83-4a23-8101-4c1c56a60e36 ] Request (ImagesOneServerNegativeTestJSON:_run_cleanups): 200 GET http://10.180.1.21/compute/v2.1/servers/740be696-a0b8-4faf-8992-1565bdefe454 0.077s
