2025-11-12 18:18:17.042 65684 INFO tempest.lib.common.rest_client [req-4bf3b7ca-84c8-4b02-bfe8-9e728104f8f2 req-4bf3b7ca-84c8-4b02-bfe8-9e728104f8f2 ] Request (KeyPairsV2TestJSON:test_keypairs_create_list_delete): 200 POST http://10.180.1.21/compute/v2.1/os-keypairs 2.752s
2025-11-12 18:18:17.073 65708 INFO tempest.lib.common.rest_client [req-a1903c62-70da-49a7-8a65-09a9009a1daa req-a1903c62-70da-49a7-8a65-09a9009a1daa ] Request (AggregatesAdminNegativeTestJSON:_run_cleanups): 200 DELETE http://10.180.1.21/compute/v2.1/os-aggregates/6 2.688s
2025-11-12 18:18:17.159 65712 INFO tempest.lib.common.rest_client [req-0793fbe3-e603-4bd4-9477-f2f7873b9fcf req-0793fbe3-e603-4bd4-9477-f2f7873b9fcf ] Request (SecurityGroupRulesNegativeTestJSON:tearDownClass): 202 DELETE http://10.180.1.21/compute/v2.1/os-security-groups/ceec888e-6c46-4719-91d4-f0d4c4a7d72b 3.002s
2025-11-12 18:18:17.460 65678 INFO tempest.lib.common.rest_client [req-98b61d58-eefc-4693-9cd2-4327e81e2ffe req-98b61d58-eefc-4693-9cd2-4327e81e2ffe ] Request (VolumesAdminNegativeTest:test_update_attached_volume_with_nonexistent_volume_in_uri): 404 PUT http://10.180.1.21/compute/v2.1/servers/5273839d-1f96-4273-8f6b-f8d3ab9ab00b/os-volume_attachments/c1ac3ec3-c509-4c07-9fa7-eb76ab8c1ce7 2.946s
2025-11-12 18:18:17.470 65686 INFO tempest.lib.common.rest_client [req-3f785cda-7456-4071-8da1-881261ab45d2 req-3f785cda-7456-4071-8da1-881261ab45d2 ] Request (ValidationResourcesFixture:setUp): 201 POST http://10.180.1.21/networking/v2.0/floatingips 0.788s
2025-11-12 18:18:17.518 65678 INFO tempest.lib.common.rest_client [req-616286cf-7ba2-4e5f-8334-f62340508d00 req-616286cf-7ba2-4e5f-8334-f62340508d00 ] Request (VolumesAdminNegativeTest:tearDownClass): 202 DELETE http://10.180.1.21/volume/v3/volumes/8e9a5172-3e28-427f-ac7e-2b8e801e2ebe 0.056s
2025-11-12 18:18:17.554 65686 INFO tempest.lib.common.rest_client [req-376d2f10-26e1-43d5-910f-3e26c766d935 req-376d2f10-26e1-43d5-910f-3e26c766d935 ] Request (AttachInterfacesTestJSON:test_create_list_show_delete_interfaces_by_fixed_ip): 201 POST http://10.180.1.21/identity/v3/auth/tokens 0.080s
2025-11-12 18:18:17.554 65678 INFO tempest.lib.common.rest_client [req-704fab1e-45c5-4b42-8829-130bf9711e67 req-704fab1e-45c5-4b42-8829-130bf9711e67 ] Request (VolumesAdminNegativeTest:tearDownClass): 200 GET http://10.180.1.21/volume/v3/volumes/8e9a5172-3e28-427f-ac7e-2b8e801e2ebe 0.036s
2025-11-12 18:18:17.555 65686 INFO tempest.lib.common.fixed_network [-] (AttachInterfacesTestJSON:test_create_list_show_delete_interfaces_by_fixed_ip) Found network {'id': '92f9c2b9-6d6e-4a1a-850f-cac7ee17b608', 'name': 'tempest-AttachInterfacesTestJSON-1119915545-network', 'tenant_id': '9294a46ef2db4971af3ba5c282ccdacc', 'project_id': '9294a46ef2db4971af3ba5c282ccdacc', 'admin_state_up': True, 'mtu': 8950, 'status': 'ACTIVE', 'subnets': [], 'shared': False, 'port_security_enabled': True, 'router:external': False, 'provider:network_type': 'vlan', 'provider:physical_network': 'default', 'provider:segmentation_id': 427, 'availability_zone_hints': [], 'availability_zones': [], 'ipv4_address_scope': None, 'ipv6_address_scope': None, 'description': '', 'tags': [], 'created_at': '2025-11-12T18:18:10Z', 'updated_at': '2025-11-12T18:18:10Z', 'revision_number': 1} available for tenant
2025-11-12 18:18:17.566 65660 INFO tempest.lib.common.rest_client [req-6a94b370-790f-4c17-8d63-4b806bbfb681 req-6a94b370-790f-4c17-8d63-4b806bbfb681 ] Request (QuotaClassesAdminTestJSON:tearDownClass): 204 DELETE http://10.180.1.21/networking/v2.0/security-groups/4cce4f0c-5fb9-4f48-a272-658a30a407cf 0.532s
2025-11-12 18:18:17.595 65672 WARNING tempest.lib.common.ssh [-] Failed to establish authenticated ssh connection to cirros@10.180.180.138 ([Errno None] Unable to connect to port 22 on 10.180.180.138). Number attempts: 5. Retry after 6 seconds.: paramiko.ssh_exception.NoValidConnectionsError: [Errno None] Unable to connect to port 22 on 10.180.180.138
2025-11-12 18:18:17.679 65660 INFO tempest.lib.common.rest_client [req-3f36debd-917a-4028-b859-fe2634f297df req-3f36debd-917a-4028-b859-fe2634f297df ] Request (QuotaClassesAdminTestJSON:tearDownClass): 204 DELETE http://10.180.1.21/identity/v3/projects/426e501dffab48338d68570bf49e617a 0.112s
2025-11-12 18:18:17.679 65660 INFO tempest.lib.common.dynamic_creds [-] Deleting project and security group for project: 8008fb6d38a842b1a9ddf7d03d2c9370
2025-11-12 18:18:18.006 65660 INFO tempest.lib.common.rest_client [req-f5b04ec1-1e8f-49e2-9ab4-c8045e77c1f9 req-f5b04ec1-1e8f-49e2-9ab4-c8045e77c1f9 ] Request (QuotaClassesAdminTestJSON:tearDownClass): 200 GET http://10.180.1.21/networking/v2.0/security-groups?tenant_id=8008fb6d38a842b1a9ddf7d03d2c9370&name=default 0.327s
2025-11-12 18:18:18.052 65690 INFO tempest.lib.common.rest_client [req-2fe13d30-4f69-4fd0-88a5-4befe4f225e0 req-2fe13d30-4f69-4fd0-88a5-4befe4f225e0 ] Request (InstanceActionsV221TestJSON:test_get_list_deleted_instance_actions): 200 GET http://10.180.1.21/compute/v2.1/servers/91d15cb7-98b3-436c-b0f6-d899f7f95754 3.423s
2025-11-12 18:18:18.268 65696 INFO tempest.lib.common.rest_client [req-2a9475b4-0733-4e02-9d6d-7df7c5c02bb4 req-2a9475b4-0733-4e02-9d6d-7df7c5c02bb4 ] Request (ImagesNegativeTestJSON:setUpClass): 200 PUT http://10.180.1.21/networking/v2.0/routers/324db0b8-797b-44a2-8ebe-9d767dfb8b0f/add_router_interface 1.305s
2025-11-12 18:18:18.268 65696 INFO tempest.lib.common.dynamic_creds [-] Created isolated network resources for: credentials: Credentials: {'domain_id': 'default', 'domain_name': 'Default', 'username': 'tempest-ImagesNegativeTestJSON-1874292415-project-member', 'project_domain_id': 'default', 'project_domain_name': 'Default', 'project_id': '11728364553f40dd8613360628151a3c', 'project_name': 'tempest-ImagesNegativeTestJSON-1874292415', 'tenant_id': '11728364553f40dd8613360628151a3c', 'tenant_name': 'tempest-ImagesNegativeTestJSON-1874292415', 'user_domain_id': 'default', 'user_domain_name': 'Default', 'user_id': 'ea080b15d9bf4791b8c473916615dbfb', 'system': None}, Network: {'id': '3b209687-bef3-41ba-b2ff-fa01e9116e7c', 'name': 'tempest-ImagesNegativeTestJSON-1318872608-network', 'tenant_id': '11728364553f40dd8613360628151a3c', 'project_id': '11728364553f40dd8613360628151a3c', 'admin_state_up': True, 'mtu': 8950, 'status': 'ACTIVE', 'subnets': [], 'shared': False, 'port_security_enabled': True, 'router:external': False, 'provider:network_type': 'vlan', 'provider:physical_network': 'default', 'provider:segmentation_id': 662, 'availability_zone_hints': [], 'availability_zones': [], 'ipv4_address_scope': None, 'ipv6_address_scope': None, 'description': '', 'tags': [], 'created_at': '2025-11-12T18:18:15Z', 'updated_at': '2025-11-12T18:18:15Z', 'revision_number': 1}, Subnet: {'id': 'f2fab96a-945c-4d4c-9f76-991e15521574', 'name': 'tempest-ImagesNegativeTestJSON-1318872608-subnet', 'tenant_id': '11728364553f40dd8613360628151a3c', 'network_id': '3b209687-bef3-41ba-b2ff-fa01e9116e7c', 'ip_version': 4, 'subnetpool_id': None, 'enable_dhcp': True, 'ipv6_ra_mode': None, 'ipv6_address_mode': None, 'gateway_ip': '192.168.128.1', 'cidr': '192.168.128.0/28', 'allocation_pools': [{'start': '192.168.128.2', 'end': '192.168.128.14'}], 'host_routes': [], 'dns_nameservers': [], 'description': '', 'router:external': False, 'service_types': [], 'tags': [], 'created_at': '2025-11-12T18:18:15Z', 'updated_at': '2025-11-12T18:18:15Z', 'revision_number': 0, 'project_id': '11728364553f40dd8613360628151a3c'}, Router: {'id': '324db0b8-797b-44a2-8ebe-9d767dfb8b0f', 'name': 'tempest-ImagesNegativeTestJSON-1318872608-router', 'tenant_id': '11728364553f40dd8613360628151a3c', 'admin_state_up': True, 'status': 'ACTIVE', 'external_gateway_info': {'network_id': '4bee3b2c-ad2c-4cee-954c-2241022e68f9', 'external_fixed_ips': [{'subnet_id': '93836fa3-06ed-4b6a-90b4-5a45301f3bf8', 'ip_address': '10.180.180.146'}], 'enable_snat': True}, 'description': '', 'availability_zones': [], 'distributed': False, 'ha': False, 'availability_zone_hints': [], 'routes': [], 'flavor_id': None, 'tags': [], 'created_at': '2025-11-12T18:18:15Z', 'updated_at': '2025-11-12T18:18:16Z', 'revision_number': 2, 'project_id': '11728364553f40dd8613360628151a3c'}
2025-11-12 18:18:18.397 65696 INFO tempest.lib.common.rest_client [req-e92cbd36-8794-4b4e-9899-aad57f0f5643 req-e92cbd36-8794-4b4e-9899-aad57f0f5643 ] Request (ImagesNegativeTestJSON:setUpClass): 201 POST http://10.180.1.21/identity/v3/auth/tokens 0.120s
2025-11-12 18:18:18.401 65660 INFO tempest.lib.common.rest_client [req-7640b3b7-c9a8-4b99-9cb0-2fd06a303c90 req-7640b3b7-c9a8-4b99-9cb0-2fd06a303c90 ] Request (QuotaClassesAdminTestJSON:tearDownClass): 204 DELETE http://10.180.1.21/networking/v2.0/security-groups/dc659a23-7821-4b41-b016-d0d14abe3c2f 0.394s
2025-11-12 18:18:18.445 65696 INFO tempest.lib.common.rest_client [req-b11e0558-e003-4fd2-9d09-726829b1e14d req-b11e0558-e003-4fd2-9d09-726829b1e14d ] Request (ImagesNegativeTestJSON:test_create_image_from_deleted_server): 201 POST http://10.180.1.21/identity/v3/auth/tokens 0.041s
2025-11-12 18:18:18.445 65696 INFO tempest.lib.common.fixed_network [-] (ImagesNegativeTestJSON:test_create_image_from_deleted_server) Found network {'id': '3b209687-bef3-41ba-b2ff-fa01e9116e7c', 'name': 'tempest-ImagesNegativeTestJSON-1318872608-network', 'tenant_id': '11728364553f40dd8613360628151a3c', 'project_id': '11728364553f40dd8613360628151a3c', 'admin_state_up': True, 'mtu': 8950, 'status': 'ACTIVE', 'subnets': [], 'shared': False, 'port_security_enabled': True, 'router:external': False, 'provider:network_type': 'vlan', 'provider:physical_network': 'default', 'provider:segmentation_id': 662, 'availability_zone_hints': [], 'availability_zones': [], 'ipv4_address_scope': None, 'ipv6_address_scope': None, 'description': '', 'tags': [], 'created_at': '2025-11-12T18:18:15Z', 'updated_at': '2025-11-12T18:18:15Z', 'revision_number': 1} available for tenant
2025-11-12 18:18:18.540 65715 INFO tempest.lib.common.rest_client [req-3f404618-f4b3-41ec-b6ee-230cbcc8c469 req-3f404618-f4b3-41ec-b6ee-230cbcc8c469 ] Request (ServersListShow296Test:test_list_show_update_rebuild_server_296): 200 GET http://10.180.1.21/compute/v2.1/servers/ad76f2d4-bf0a-4457-b893-1d5d4e6f62a6 3.431s
2025-11-12 18:18:18.586 65660 INFO tempest.lib.common.rest_client [req-d72ebc35-e614-4b8e-8263-57efcf10def6 req-d72ebc35-e614-4b8e-8263-57efcf10def6 ] Request (QuotaClassesAdminTestJSON:tearDownClass): 204 DELETE http://10.180.1.21/identity/v3/projects/8008fb6d38a842b1a9ddf7d03d2c9370 0.185s
2025-11-12 18:18:18.594 65678 INFO tempest.lib.common.rest_client [req-c2473e88-0f72-4e24-95af-6fc7197fc542 req-c2473e88-0f72-4e24-95af-6fc7197fc542 ] Request (VolumesAdminNegativeTest:tearDownClass): 404 GET http://10.180.1.21/volume/v3/volumes/8e9a5172-3e28-427f-ac7e-2b8e801e2ebe 0.032s
2025-11-12 18:18:18.662 65666 INFO tempest.lib.common.rest_client [req-cb1699f9-c0cb-4602-93c9-c0ef67cab39d req-cb1699f9-c0cb-4602-93c9-c0ef67cab39d ] Request (DeleteServersTestJSON:test_delete_active_server): 200 GET http://10.180.1.21/compute/v2.1/servers/02f0279d-e58a-4dc8-a4b7-ef6cf396b40c 3.453s
2025-11-12 18:18:18.667 65660 INFO tempest.lib.common.rest_client [req-6b8e160d-a56e-4084-b8cd-299566513fd5 req-6b8e160d-a56e-4084-b8cd-299566513fd5 ] Request (KeyPairsNegativeTestJSON:setUpClass): 201 POST http://10.180.1.21/identity/v3/auth/tokens 0.078s
2025-11-12 18:18:18.716 65660 INFO tempest.lib.common.rest_client [req-aeec79ae-bd4e-45eb-9413-40f70b944516 req-aeec79ae-bd4e-45eb-9413-40f70b944516 ] Request (KeyPairsNegativeTestJSON:setUpClass): 201 POST http://10.180.1.21/identity/v3/auth/tokens 0.044s
2025-11-12 18:18:18.743 65660 INFO tempest.lib.common.rest_client [req-23fa9957-f6d2-4fa3-8e09-cb9f4866ebfb req-23fa9957-f6d2-4fa3-8e09-cb9f4866ebfb ] Request (KeyPairsNegativeTestJSON:setUpClass): 200 GET http://10.180.1.21/identity/v3/domains?name=Default 0.026s
2025-11-12 18:18:18.795 65660 INFO tempest.lib.common.rest_client [req-c4f73ca3-5985-4751-8139-32dfa15fad41 req-c4f73ca3-5985-4751-8139-32dfa15fad41 ] Request (KeyPairsNegativeTestJSON:setUpClass): 201 POST http://10.180.1.21/identity/v3/projects 0.051s
2025-11-12 18:18:18.829 65664 INFO tempest.lib.common.rest_client [req-69a85152-2eec-460f-a767-03c13a6e35e1 req-69a85152-2eec-460f-a767-03c13a6e35e1 ] Request (ListServerFiltersTestJSON:setUpClass): 200 GET http://10.180.1.21/compute/v2.1/servers/d521dcb1-f35d-4c93-8ad9-2920ffe546c3 3.551s
2025-11-12 18:18:18.866 65668 INFO tempest.lib.common.rest_client [req-db41077b-9fae-4ec0-ae05-0afe6675e8ab req-db41077b-9fae-4ec0-ae05-0afe6675e8ab ] Request (ServersAdminNegativeTestJSON:test_migrate_server_invalid_state): 202 POST http://10.180.1.21/compute/v2.1/servers 4.133s
2025-11-12 18:18:18.881 65710 INFO tempest.lib.common.rest_client [req-3708d2d3-7895-4b35-b1b8-8eaaf3a284c3 req-3708d2d3-7895-4b35-b1b8-8eaaf3a284c3 ] Request (FlavorsAdminTestJSON:test_create_server_with_non_public_flavor): 400 POST http://10.180.1.21/compute/v2.1/servers 3.494s
2025-11-12 18:18:18.892 65660 INFO tempest.lib.common.rest_client [req-6ff473c3-6014-44f6-8af3-4b25363b9699 req-6ff473c3-6014-44f6-8af3-4b25363b9699 ] Request (KeyPairsNegativeTestJSON:setUpClass): 201 POST http://10.180.1.21/identity/v3/users 0.097s
2025-11-12 18:18:18.911 65706 WARNING tempest.lib.common.ssh [-] Failed to establish authenticated ssh connection to cirros@10.180.180.130 ([Errno None] Unable to connect to port 22 on 10.180.180.130). Number attempts: 5. Retry after 6 seconds.: paramiko.ssh_exception.NoValidConnectionsError: [Errno None] Unable to connect to port 22 on 10.180.180.130
2025-11-12 18:18:18.927 65660 INFO tempest.lib.common.rest_client [req-b8da24b2-b582-4cd2-923a-f4e2904c1b52 req-b8da24b2-b582-4cd2-923a-f4e2904c1b52 ] Request (KeyPairsNegativeTestJSON:setUpClass): 200 GET http://10.180.1.21/identity/v3/roles 0.034s
2025-11-12 18:18:18.971 65660 INFO tempest.lib.common.rest_client [req-d6d14c2a-ed73-4a9a-9147-7cecbeeb8840 req-d6d14c2a-ed73-4a9a-9147-7cecbeeb8840 ] Request (KeyPairsNegativeTestJSON:setUpClass): 204 PUT http://10.180.1.21/identity/v3/projects/1a351ff025da44e79db4cbe02415fac8/users/4cfdccdd9457460ba359192976b66ebe/roles/f93eda7683ce43fa845345595d606a64 0.043s
2025-11-12 18:18:18.971 65660 INFO tempest.lib.common.dynamic_creds [-] Dynamic test user 4cfdccdd9457460ba359192976b66ebe is created with scope project and roles: ['member']
2025-11-12 18:18:18.971 65660 INFO tempest.lib.common.dynamic_creds [-] Acquired dynamic creds: credentials: Credentials: {'domain_id': 'default', 'domain_name': 'Default', 'username': 'tempest-KeyPairsNegativeTestJSON-1770872249-project-member', 'project_domain_id': 'default', 'project_domain_name': 'Default', 'project_id': '1a351ff025da44e79db4cbe02415fac8', 'project_name': 'tempest-KeyPairsNegativeTestJSON-1770872249', 'tenant_id': '1a351ff025da44e79db4cbe02415fac8', 'tenant_name': 'tempest-KeyPairsNegativeTestJSON-1770872249', 'user_domain_id': 'default', 'user_domain_name': 'Default', 'user_id': '4cfdccdd9457460ba359192976b66ebe', 'system': None}, Network: None, Subnet: None, Router: None
2025-11-12 18:18:18.971 65660 INFO tempest.lib.common.dynamic_creds [-] Created isolated network resources for: credentials: Credentials: {'domain_id': 'default', 'domain_name': 'Default', 'username': 'tempest-KeyPairsNegativeTestJSON-1770872249-project-member', 'project_domain_id': 'default', 'project_domain_name': 'Default', 'project_id': '1a351ff025da44e79db4cbe02415fac8', 'project_name': 'tempest-KeyPairsNegativeTestJSON-1770872249', 'tenant_id': '1a351ff025da44e79db4cbe02415fac8', 'tenant_name': 'tempest-KeyPairsNegativeTestJSON-1770872249', 'user_domain_id': 'default', 'user_domain_name': 'Default', 'user_id': '4cfdccdd9457460ba359192976b66ebe', 'system': None}, Network: None, Subnet: None, Router: None
2025-11-12 18:18:19.018 65683 INFO tempest.lib.common.rest_client [req-f78f6ef7-b301-4786-98cb-4df3ca8e6c66 req-f78f6ef7-b301-4786-98cb-4df3ca8e6c66 ] Request (ServerDiagnosticsV248Test:tearDownClass): 200 GET http://10.180.1.21/compute/v2.1/servers/04f82d94-45da-47cd-83ba-3217cddaed76 3.629s
2025-11-12 18:18:19.052 65688 INFO tempest.lib.common.rest_client [req-4b16ba2a-8a02-4328-834f-58c3ded049f6 req-4b16ba2a-8a02-4328-834f-58c3ded049f6 ] Request (ImagesOneServerNegativeTestJSON:tearDown): 200 GET http://10.180.1.21/compute/v2.1/servers/846f1b6a-6e22-4929-9415-515b7c5cd9fa 3.689s
2025-11-12 18:18:19.071 65660 INFO tempest.lib.common.rest_client [req-32ff5f37-3e25-47db-8c54-2eb00e3c6037 req-32ff5f37-3e25-47db-8c54-2eb00e3c6037 ] Request (KeyPairsNegativeTestJSON:setUpClass): 201 POST http://10.180.1.21/identity/v3/auth/tokens 0.094s
2025-11-12 18:18:19.103 65700 INFO tempest.lib.common.rest_client [req-de538722-524a-4e6a-818e-bf68737c143c req-de538722-524a-4e6a-818e-bf68737c143c ] Request (ServersListShow2100Test:test_list_show_rebuild_update_server_2100): 200 GET http://10.180.1.21/compute/v2.1/servers/9b5789c6-c1de-4fce-9878-f78673392849 3.686s
2025-11-12 18:18:19.124 65654 INFO tempest.lib.common.rest_client [req-5350cc43-a424-4ed1-be59-7c0178326a09 req-5350cc43-a424-4ed1-be59-7c0178326a09 ] Request (ServersTestMultiNic:_run_cleanups): 200 GET http://10.180.1.21/compute/v2.1/servers/ef46410e-9adb-481c-9e7a-2ab15a4910ba 3.614s
2025-11-12 18:18:19.230 65692 INFO tempest.lib.common.rest_client [req-050d8219-1588-448f-96ab-fe613dd7a789 req-050d8219-1588-448f-96ab-fe613dd7a789 ] Request (MigrationsAdminTest:test_list_migrations_in_flavor_resize_situation): 200 GET http://10.180.1.21/compute/v2.1/servers/62d71892-4111-4f33-9361-7b3d97905014 3.687s
2025-11-12 18:18:19.256 65698 INFO tempest.lib.common.rest_client [req-114c8238-dcf4-4bcd-bf05-af02822732ce req-114c8238-dcf4-4bcd-bf05-af02822732ce ] Request (ServersAdminTestJSON:test_create_server_with_scheduling_hint): 200 GET http://10.180.1.21/compute/v2.1/servers/cf52407e-e3ea-40da-aca0-983267d5d080 3.373s
2025-11-12 18:18:19.323 65694 INFO tempest.lib.common.rest_client [req-706ac150-d07a-4a8d-ab4f-7722840e431c req-706ac150-d07a-4a8d-ab4f-7722840e431c ] Request (ServersAdmin275Test:tearDownClass): 200 GET http://10.180.1.21/compute/v2.1/servers/28dc2acb-0389-4564-a10f-97b6de2de736 3.298s
2025-11-12 18:18:19.352 65704 INFO tempest.lib.common.rest_client [req-a30ef1d1-aa0e-4a53-bb26-47c5e71c5263 req-a30ef1d1-aa0e-4a53-bb26-47c5e71c5263 ] Request (ServerExternalEventsTest:test_create_server_external_events): 200 GET http://10.180.1.21/compute/v2.1/servers/4346b822-31f5-4f9f-90d4-f449eb2fc043 3.439s
2025-11-12 18:18:19.373 65674 INFO tempest.lib.common.rest_client [req-fedfe1b9-4165-47ad-858d-0a356e7659a4 req-fedfe1b9-4165-47ad-858d-0a356e7659a4 ] Request (ImagesOneServerTestJSON:test_create_image_specify_multibyte_character_image_name): 200 GET http://10.180.1.21/compute/v2.1/images/85769703-bd3d-42b4-a87b-bcf1cdef3936 3.194s
2025-11-12 18:18:19.632 65670 INFO tempest.lib.common.rest_client [req-dcc3847b-2666-494c-a613-d876e23208af req-dcc3847b-2666-494c-a613-d876e23208af ] Request (FloatingIPsAssociationTestJSON:setUpClass): 200 GET http://10.180.1.21/compute/v2.1/servers/b938eeac-91f0-4f4d-a9cf-b00555ddd163 3.267s
2025-11-12 18:18:19.640 65670 INFO tempest.common.waiters [-] State transition "BUILD/networking" ==> "BUILD/spawning" after 14 second wait
2025-11-12 18:18:19.667 65656 INFO tempest.lib.common.rest_client [req-d37c1614-4507-486e-85fb-91e25b0fc84b req-d37c1614-4507-486e-85fb-91e25b0fc84b ] Request (FloatingIPsAssociationNegativeTestJSON:setUpClass): 200 GET http://10.180.1.21/compute/v2.1/servers/0f241f7a-6ea2-4aa8-971a-7235e32b28ed 3.180s
2025-11-12 18:18:19.675 65656 INFO tempest.common.waiters [-] State transition "BUILD/None" ==> "BUILD/spawning" after 12 second wait
2025-11-12 18:18:19.742 65676 WARNING tempest.lib.common.ssh [-] Failed to establish authenticated ssh connection to cirros@10.180.180.186 ([Errno None] Unable to connect to port 22 on 10.180.180.186). Number attempts: 3. Retry after 4 seconds.: paramiko.ssh_exception.NoValidConnectionsError: [Errno None] Unable to connect to port 22 on 10.180.180.186
2025-11-12 18:18:19.894 65662 INFO tempest.lib.common.rest_client [req-df17bd89-0d62-4a15-af0f-bbd225e0cdfd req-df17bd89-0d62-4a15-af0f-bbd225e0cdfd ] Request (QuotasAdminTestV257:test_get_updated_quotas): 200 PUT http://10.180.1.21/compute/v2.1/os-quota-sets/e3a4faa87780410d9307e4fa82b992e4 3.299s
2025-11-12 18:18:19.947 65658 INFO tempest.lib.common.rest_client [req-118c1eb3-ec36-4e13-8b36-aea2dc360811 req-118c1eb3-ec36-4e13-8b36-aea2dc360811 ] Request (ImagesMetadataTestJSON:test_get_image_metadata_item): 200 GET http://10.180.1.21/compute/v2.1/images/aab09afc-cdd3-4e88-b2ce-9008033b96d3/metadata/os_distro 2.955s
2025-11-12 18:18:19.999 65684 INFO tempest.lib.common.rest_client [req-d4f808f0-a4ff-44aa-a55c-3cfdba2f5a58 req-d4f808f0-a4ff-44aa-a55c-3cfdba2f5a58 ] Request (KeyPairsV2TestJSON:test_keypairs_create_list_delete): 200 POST http://10.180.1.21/compute/v2.1/os-keypairs 2.954s
2025-11-12 18:18:20.013 65708 INFO tempest.lib.common.rest_client [req-c5bf34e1-b3d7-4cb4-b775-de8e35fc4de2 req-c5bf34e1-b3d7-4cb4-b775-de8e35fc4de2 ] Request (AggregatesAdminNegativeTestJSON:test_aggregate_get_details_with_invalid_id): 404 GET http://10.180.1.21/compute/v2.1/os-aggregates/-1 2.938s
2025-11-12 18:18:20.266 65712 INFO tempest.lib.common.rest_client [req-8c73f6a9-46ae-4079-9e51-595afe136253 req-8c73f6a9-46ae-4079-9e51-595afe136253 ] Request (SecurityGroupRulesNegativeTestJSON:tearDownClass): 202 DELETE http://10.180.1.21/compute/v2.1/os-security-groups/23a77dcd-1339-48c3-9aab-1033469279e5 3.106s
2025-11-12 18:18:20.437 65702 WARNING tempest.lib.common.ssh [-] Failed to establish authenticated ssh connection to cirros@10.180.180.144 ([Errno None] Unable to connect to port 22 on 10.180.180.144). Number attempts: 4. Retry after 5 seconds.: paramiko.ssh_exception.NoValidConnectionsError: [Errno None] Unable to connect to port 22 on 10.180.180.144
2025-11-12 18:18:20.518 65680 INFO tempest.lib.common.rest_client [req-5696dab2-dcc6-40c8-9164-b44e08af126a req-5696dab2-dcc6-40c8-9164-b44e08af126a ] Request (FloatingIPDetailsTestJSON:_run_cleanups): 202 DELETE http://10.180.1.21/compute/v2.1/os-floating-ips/52e4d57c-e9d8-4a2e-a939-9387db21c068 3.799s
2025-11-12 18:18:21.380 65712 INFO tempest.lib.common.rest_client [req-af89ca26-e156-41a1-abd6-e8a8e484d383 req-af89ca26-e156-41a1-abd6-e8a8e484d383 ] Request (SecurityGroupRulesNegativeTestJSON:tearDownClass): 200 PUT http://10.180.1.21/networking/v2.0/routers/00df154e-1355-4704-91b7-65e3390086e1/remove_router_interface 1.113s
2025-11-12 18:18:21.899 65712 INFO tempest.lib.common.rest_client [req-0a00cb2d-0876-4132-add4-5bb25986de05 req-0a00cb2d-0876-4132-add4-5bb25986de05 ] Request (SecurityGroupRulesNegativeTestJSON:tearDownClass): 204 DELETE http://10.180.1.21/networking/v2.0/routers/00df154e-1355-4704-91b7-65e3390086e1 0.519s
2025-11-12 18:18:22.313 65712 INFO tempest.lib.common.rest_client [req-b31534e1-d9df-4015-8840-b2a5f6312147 req-b31534e1-d9df-4015-8840-b2a5f6312147 ] Request (SecurityGroupRulesNegativeTestJSON:tearDownClass): 204 DELETE http://10.180.1.21/networking/v2.0/subnets/d78c2f0e-25f1-4032-af51-8b2d0cb852ac 0.413s
2025-11-12 18:18:22.475 65686 INFO tempest.lib.common.rest_client [req-7fc0122a-2540-49cb-a756-2e3b17da3084 req-7fc0122a-2540-49cb-a756-2e3b17da3084 ] Request (AttachInterfacesTestJSON:test_create_list_show_delete_interfaces_by_fixed_ip): 202 POST http://10.180.1.21/compute/v2.1/servers 4.919s
2025-11-12 18:18:22.569 65678 INFO tempest.lib.common.rest_client [req-7cea66b5-0090-4e16-804a-41b309e4ea80 req-7cea66b5-0090-4e16-804a-41b309e4ea80 ] Request (VolumesAdminNegativeTest:tearDownClass): 204 DELETE http://10.180.1.21/compute/v2.1/servers/5273839d-1f96-4273-8f6b-f8d3ab9ab00b 3.974s
2025-11-12 18:18:22.686 65712 INFO tempest.lib.common.rest_client [req-e2618e8e-0b20-448d-8ad2-3ad495f5bbef req-e2618e8e-0b20-448d-8ad2-3ad495f5bbef ] Request (SecurityGroupRulesNegativeTestJSON:tearDownClass): 204 DELETE http://10.180.1.21/networking/v2.0/networks/9a78946c-385b-4f40-a01d-aade21997bae 0.372s
2025-11-12 18:18:22.811 65696 INFO tempest.lib.common.rest_client [req-8591a291-24dc-46d0-82df-0c585831aab8 req-8591a291-24dc-46d0-82df-0c585831aab8 ] Request (ImagesNegativeTestJSON:test_create_image_from_deleted_server): 202 POST http://10.180.1.21/compute/v2.1/servers 4.365s
2025-11-12 18:18:22.816 65668 INFO tempest.lib.common.rest_client [req-be942a50-b891-47d1-b5d5-6166087789d4 req-be942a50-b891-47d1-b5d5-6166087789d4 ] Request (ServersAdminNegativeTestJSON:test_migrate_server_invalid_state): 200 GET http://10.180.1.21/compute/v2.1/servers/496c1470-9fe4-46a9-b8d8-75e7d0246af3 3.946s
2025-11-12 18:18:22.879 65710 INFO tempest.lib.common.rest_client [req-09b5dfa3-fbaa-4ded-b05b-51d1f9bebbda req-09b5dfa3-fbaa-4ded-b05b-51d1f9bebbda ] Request (FlavorsAdminTestJSON:_run_cleanups): 202 DELETE http://10.180.1.21/compute/v2.1/flavors/1944354348 3.997s
2025-11-12 18:18:22.904 65712 INFO tempest.lib.common.rest_client [req-4a306966-87fa-4420-888c-141be0fc4b7a req-4a306966-87fa-4420-888c-141be0fc4b7a ] Request (SecurityGroupRulesNegativeTestJSON:tearDownClass): 204 DELETE http://10.180.1.21/identity/v3/users/e2f5727229db4951a6b7ab9a8e1179b1 0.218s
2025-11-12 18:18:22.905 65712 INFO tempest.lib.common.dynamic_creds [-] Deleting project and security group for project: 1a36675c374d432b9c7f020b1a554cf4
2025-11-12 18:18:23.003 65712 INFO tempest.lib.common.rest_client [req-17226162-7f91-4517-a57d-a5c0b5cfe8eb req-17226162-7f91-4517-a57d-a5c0b5cfe8eb ] Request (SecurityGroupRulesNegativeTestJSON:tearDownClass): 200 GET http://10.180.1.21/networking/v2.0/security-groups?tenant_id=1a36675c374d432b9c7f020b1a554cf4&name=default 0.098s
2025-11-12 18:18:23.036 65690 INFO tempest.lib.common.rest_client [req-30a35cff-e6fc-4125-b3e8-232e5d34835b req-30a35cff-e6fc-4125-b3e8-232e5d34835b ] Request (InstanceActionsV221TestJSON:test_get_list_deleted_instance_actions): 200 GET http://10.180.1.21/compute/v2.1/servers/91d15cb7-98b3-436c-b0f6-d899f7f95754 3.962s
2025-11-12 18:18:23.045 65690 INFO tempest.common.waiters [-] State transition "ACTIVE/deleting" ==> "DELETED/None" after 5 second wait
2025-11-12 18:18:23.065 65688 INFO tempest.lib.common.rest_client [req-b1d86765-46f2-419b-b952-22150acd0caf req-b1d86765-46f2-419b-b952-22150acd0caf ] Request (ImagesOneServerNegativeTestJSON:setUp): 200 GET http://10.180.1.21/compute/v2.1/servers/846f1b6a-6e22-4929-9415-515b7c5cd9fa 4.003s
2025-11-12 18:18:23.176 65715 INFO tempest.lib.common.rest_client [req-301857f8-fc94-447c-83c3-80a5003d24de req-301857f8-fc94-447c-83c3-80a5003d24de ] Request (ServersListShow296Test:test_list_show_update_rebuild_server_296): 200 GET http://10.180.1.21/compute/v2.1/servers/ad76f2d4-bf0a-4457-b893-1d5d4e6f62a6 3.620s
2025-11-12 18:18:23.188 65660 INFO tempest.lib.common.rest_client [req-4e3f2b2a-2fe2-4b1a-a122-7a6f6f1f490f req-4e3f2b2a-2fe2-4b1a-a122-7a6f6f1f490f ] Request (KeyPairsNegativeTestJSON:test_create_keypair_invalid_name): 400 POST http://10.180.1.21/compute/v2.1/os-keypairs 4.115s
2025-11-12 18:18:23.189 65712 INFO tempest.lib.common.rest_client [req-0d9c167b-ea8b-4bd0-83d1-eac10911d3f6 req-0d9c167b-ea8b-4bd0-83d1-eac10911d3f6 ] Request (SecurityGroupRulesNegativeTestJSON:tearDownClass): 204 DELETE http://10.180.1.21/networking/v2.0/security-groups/46a2d2de-9cf0-4091-a068-bf90971a01bb 0.185s
2025-11-12 18:18:23.256 65664 INFO tempest.lib.common.rest_client [req-b4e04b92-041c-4eed-bfc2-935edf6f07e3 req-b4e04b92-041c-4eed-bfc2-935edf6f07e3 ] Request (ListServerFiltersTestJSON:setUpClass): 200 GET http://10.180.1.21/compute/v2.1/servers/d521dcb1-f35d-4c93-8ad9-2920ffe546c3 3.414s
2025-11-12 18:18:23.260 65666 INFO tempest.lib.common.rest_client [req-c041e81f-6e5a-489c-92b8-16ad32709479 req-c041e81f-6e5a-489c-92b8-16ad32709479 ] Request (DeleteServersTestJSON:test_delete_active_server): 200 GET http://10.180.1.21/compute/v2.1/servers/02f0279d-e58a-4dc8-a4b7-ef6cf396b40c 3.589s
2025-11-12 18:18:23.370 65662 INFO tempest.lib.common.rest_client [req-6d6f49cb-0f28-41eb-9faf-0947a1451233 req-6d6f49cb-0f28-41eb-9faf-0947a1451233 ] Request (QuotasAdminTestV257:test_get_updated_quotas): 200 GET http://10.180.1.21/compute/v2.1/os-quota-sets/e3a4faa87780410d9307e4fa82b992e4/detail 3.474s
2025-11-12 18:18:23.387 65684 INFO tempest.lib.common.rest_client [req-8bd42b30-4ab5-4e41-b3e3-54e45d71bb77 req-8bd42b30-4ab5-4e41-b3e3-54e45d71bb77 ] Request (KeyPairsV2TestJSON:test_keypairs_create_list_delete): 200 GET http://10.180.1.21/compute/v2.1/os-keypairs 3.386s
2025-11-12 18:18:23.394 65708 INFO tempest.lib.common.rest_client [req-8e4006b4-1693-4927-8aff-0fa42f9dc986 req-8e4006b4-1693-4927-8aff-0fa42f9dc986 ] Request (AggregatesAdminNegativeTestJSON:test_aggregate_list_as_user): 403 GET http://10.180.1.21/compute/v2.1/os-aggregates 3.379s
2025-11-12 18:18:23.417 65662 INFO tempest.lib.common.rest_client [req-fbc2ce7a-1ed6-4d87-9a98-c8e9f937b072 req-fbc2ce7a-1ed6-4d87-9a98-c8e9f937b072 ] Request (QuotasAdminTestV257:test_get_updated_quotas): 200 GET http://10.180.1.21/identity/v3/domains?name=Default 0.040s
2025-11-12 18:18:23.422 65683 INFO tempest.lib.common.rest_client [req-fa789c38-b470-4320-828d-68c1171541dd req-fa789c38-b470-4320-828d-68c1171541dd ] Request (ServerDiagnosticsV248Test:tearDownClass): 404 GET http://10.180.1.21/compute/v2.1/servers/04f82d94-45da-47cd-83ba-3217cddaed76 3.389s
2025-11-12 18:18:23.440 65658 INFO tempest.lib.common.rest_client [req-f89616be-109b-4cfc-aa73-301b2b5b53be req-f89616be-109b-4cfc-aa73-301b2b5b53be ] Request (ImagesMetadataTestJSON:setUp): 200 PUT http://10.180.1.21/compute/v2.1/images/aab09afc-cdd3-4e88-b2ce-9008033b96d3/metadata 3.489s
2025-11-12 18:18:23.453 65662 INFO tempest.lib.common.rest_client [req-1b65351c-8ab5-4fe1-8810-539c8b6a11c2 req-1b65351c-8ab5-4fe1-8810-539c8b6a11c2 ] Request (QuotasAdminTestV257:test_get_updated_quotas): 201 POST http://10.180.1.21/identity/v3/users 0.036s
2025-11-12 18:18:23.481 65712 INFO tempest.lib.common.rest_client [req-4a49b6e4-d97e-484f-b334-1730400e243d req-4a49b6e4-d97e-484f-b334-1730400e243d ] Request (SecurityGroupRulesNegativeTestJSON:tearDownClass): 204 DELETE http://10.180.1.21/identity/v3/projects/1a36675c374d432b9c7f020b1a554cf4 0.290s
2025-11-12 18:18:23.482 65712 INFO tempest.test [-] raised in ServerBootFromVolumeStableRescueTest.setUpClass. Invoking tearDownClass.
2025-11-12 18:18:23.483 65712 INFO tempest.test [-] raised in ServerStableDeviceRescueTestIDE.setUpClass. Invoking tearDownClass.
2025-11-12 18:18:23.525 65700 INFO tempest.lib.common.rest_client [req-c223e183-fb17-4910-96a3-76793d5078c8 req-c223e183-fb17-4910-96a3-76793d5078c8 ] Request (ServersListShow2100Test:test_list_show_rebuild_update_server_2100): 200 GET http://10.180.1.21/compute/v2.1/servers/9b5789c6-c1de-4fce-9878-f78673392849 3.406s
2025-11-12 18:18:23.543 65662 INFO tempest.lib.common.rest_client [req-dfeafd89-e188-4d19-9811-25e4ca3e255a req-dfeafd89-e188-4d19-9811-25e4ca3e255a ] Request (QuotasAdminTestV257:test_get_updated_quotas): 200 GET http://10.180.1.21/identity/v3/domains?name=Default 0.088s
2025-11-12 18:18:23.547 65654 INFO tempest.lib.common.rest_client [req-a812cddd-43a0-436d-a320-45069c42ce48 req-a812cddd-43a0-436d-a320-45069c42ce48 ] Request (ServersTestMultiNic:_run_cleanups): 200 GET http://10.180.1.21/compute/v2.1/servers/ef46410e-9adb-481c-9e7a-2ab15a4910ba 3.416s
2025-11-12 18:18:23.578 65683 INFO tempest.lib.common.rest_client [req-eefe9faf-2aa7-4cba-b39e-ea78238406b5 req-eefe9faf-2aa7-4cba-b39e-ea78238406b5 ] Request (ServerDiagnosticsV248Test:tearDownClass): 204 DELETE http://10.180.1.21/identity/v3/users/0a339a71517e418b99ab1b4f3371cb24 0.156s
2025-11-12 18:18:23.597 65712 INFO tempest.lib.common.rest_client [req-291025d9-1bab-4e71-9da8-1dc13f29f373 req-291025d9-1bab-4e71-9da8-1dc13f29f373 ] Request (ServerShowV257Test:setUpClass): 201 POST http://10.180.1.21/identity/v3/auth/tokens 0.112s
2025-11-12 18:18:23.637 65712 INFO tempest.lib.common.rest_client [req-6c67c592-592d-4e2c-93ee-d2a0576d228c req-6c67c592-592d-4e2c-93ee-d2a0576d228c ] Request (ServerShowV257Test:setUpClass): 201 POST http://10.180.1.21/identity/v3/auth/tokens 0.037s
2025-11-12 18:18:23.666 65692 INFO tempest.lib.common.rest_client [req-e59f3a12-05be-4bb7-abdc-f71dbebd7e69 req-e59f3a12-05be-4bb7-abdc-f71dbebd7e69 ] Request (MigrationsAdminTest:test_list_migrations_in_flavor_resize_situation): 200 GET http://10.180.1.21/compute/v2.1/servers/62d71892-4111-4f33-9361-7b3d97905014 3.428s
2025-11-12 18:18:23.670 65712 INFO tempest.lib.common.rest_client [req-232ac559-40c2-4062-8d58-68a263ae3740 req-232ac559-40c2-4062-8d58-68a263ae3740 ] Request (ServerShowV257Test:setUpClass): 200 GET http://10.180.1.21/identity/v3/domains?name=Default 0.032s
2025-11-12 18:18:23.702 65683 INFO tempest.lib.common.rest_client [req-973ef20e-2d31-4df9-8f3d-7b036464687d req-973ef20e-2d31-4df9-8f3d-7b036464687d ] Request (ServerDiagnosticsV248Test:tearDownClass): 204 DELETE http://10.180.1.21/identity/v3/users/63d4a168c33343b2a6eb20e36ba61abe 0.123s
2025-11-12 18:18:23.702 65683 INFO tempest.lib.common.dynamic_creds [-] Deleting project and security group for project: 00cdc55cd163454c923fb9fb5dab934c
2025-11-12 18:18:23.718 65698 INFO tempest.lib.common.rest_client [req-04540686-a7e4-4b9c-a227-d673110e5d81 req-04540686-a7e4-4b9c-a227-d673110e5d81 ] Request (ServersAdminTestJSON:test_create_server_with_scheduling_hint): 200 GET http://10.180.1.21/compute/v2.1/servers/cf52407e-e3ea-40da-aca0-983267d5d080 3.454s
2025-11-12 18:18:23.728 65698 INFO tempest.common.waiters [-] State transition "BUILD/spawning" ==> "ACTIVE/None" after 18 second wait
2025-11-12 18:18:23.755 65712 INFO tempest.lib.common.rest_client [req-b0a24a28-ca88-49ab-b4e4-494bd4e882cc req-b0a24a28-ca88-49ab-b4e4-494bd4e882cc ] Request (ServerShowV257Test:setUpClass): 201 POST http://10.180.1.21/identity/v3/projects 0.083s
2025-11-12 18:18:23.767 65694 INFO tempest.lib.common.rest_client [req-f71bd89b-d010-4bb3-86b1-9c40a7777576 req-f71bd89b-d010-4bb3-86b1-9c40a7777576 ] Request (ServersAdmin275Test:tearDownClass): 200 GET http://10.180.1.21/compute/v2.1/servers/28dc2acb-0389-4564-a10f-97b6de2de736 3.428s
2025-11-12 18:18:23.775 65683 INFO tempest.lib.common.rest_client [req-ea832a51-eeba-478a-a167-e9ce47c83f16 req-ea832a51-eeba-478a-a167-e9ce47c83f16 ] Request (ServerDiagnosticsV248Test:tearDownClass): 201 POST http://10.180.1.21/identity/v3/auth/tokens 0.072s
2025-11-12 18:18:23.812 65674 INFO tempest.lib.common.rest_client [req-429d128a-6d06-47e3-8789-3b797bdd202c req-429d128a-6d06-47e3-8789-3b797bdd202c ] Request (ImagesOneServerTestJSON:test_create_image_specify_multibyte_character_image_name): 200 GET http://10.180.1.21/compute/v2.1/images/85769703-bd3d-42b4-a87b-bcf1cdef3936 3.432s
2025-11-12 18:18:23.842 65698 INFO tempest.lib.common.rest_client [req-8dceb642-5f42-40c5-bce8-a8c793fdf5cb req-8dceb642-5f42-40c5-bce8-a8c793fdf5cb ] Request (ServersAdminTestJSON:test_inject_network_info): 201 POST http://10.180.1.21/identity/v3/auth/tokens 0.101s
2025-11-12 18:18:23.843 65698 INFO tempest.lib.common.fixed_network [-] (ServersAdminTestJSON:test_inject_network_info) Found network {'id': '2c0674c6-3141-4208-b2c4-50bc1249a7c4', 'name': 'tempest-ServersAdminTestJSON-1428167255-network', 'tenant_id': 'db2d55881c84400d80855b71902463dd', 'project_id': 'db2d55881c84400d80855b71902463dd', 'admin_state_up': True, 'mtu': 8950, 'status': 'ACTIVE', 'subnets': [], 'shared': False, 'port_security_enabled': True, 'router:external': False, 'provider:network_type': 'vlan', 'provider:physical_network': 'default', 'provider:segmentation_id': 458, 'availability_zone_hints': [], 'availability_zones': [], 'ipv4_address_scope': None, 'ipv6_address_scope': None, 'description': '', 'tags': [], 'created_at': '2025-11-12T18:16:49Z', 'updated_at': '2025-11-12T18:16:49Z', 'revision_number': 1} available for tenant
2025-11-12 18:18:23.892 65712 INFO tempest.lib.common.rest_client [req-0b03b430-9679-461c-ba24-39f540c4e36b req-0b03b430-9679-461c-ba24-39f540c4e36b ] Request (ServerShowV257Test:setUpClass): 201 POST http://10.180.1.21/identity/v3/users 0.136s
2025-11-12 18:18:23.920 65712 INFO tempest.lib.common.rest_client [req-af4bfe23-e78f-43a9-9299-b0344e7eabc2 req-af4bfe23-e78f-43a9-9299-b0344e7eabc2 ] Request (ServerShowV257Test:setUpClass): 200 GET http://10.180.1.21/identity/v3/roles 0.027s
2025-11-12 18:18:23.960 65712 INFO tempest.lib.common.rest_client [req-57237610-ace3-4a75-808b-bdb1d8baacbd req-57237610-ace3-4a75-808b-bdb1d8baacbd ] Request (ServerShowV257Test:setUpClass): 204 PUT http://10.180.1.21/identity/v3/projects/9c58dedfbc4240449ac45546e2dd29da/users/7c2d6d1966b84005a6826352bef99316/roles/f93eda7683ce43fa845345595d606a64 0.039s
2025-11-12 18:18:23.961 65712 INFO tempest.lib.common.dynamic_creds [-] Dynamic test user 7c2d6d1966b84005a6826352bef99316 is created with scope project and roles: ['member']
2025-11-12 18:18:23.961 65712 INFO tempest.lib.common.dynamic_creds [-] Acquired dynamic creds: credentials: Credentials: {'domain_id': 'default', 'domain_name': 'Default', 'username': 'tempest-ServerShowV257Test-825507531-project-member', 'project_domain_id': 'default', 'project_domain_name': 'Default', 'project_id': '9c58dedfbc4240449ac45546e2dd29da', 'project_name': 'tempest-ServerShowV257Test-825507531', 'tenant_id': '9c58dedfbc4240449ac45546e2dd29da', 'tenant_name': 'tempest-ServerShowV257Test-825507531', 'user_domain_id': 'default', 'user_domain_name': 'Default', 'user_id': '7c2d6d1966b84005a6826352bef99316', 'system': None}, Network: None, Subnet: None, Router: None
2025-11-12 18:18:23.961 65712 INFO tempest.lib.common.dynamic_creds [-] Created isolated network resources for: credentials: Credentials: {'domain_id': 'default', 'domain_name': 'Default', 'username': 'tempest-ServerShowV257Test-825507531-project-member', 'project_domain_id': 'default', 'project_domain_name': 'Default', 'project_id': '9c58dedfbc4240449ac45546e2dd29da', 'project_name': 'tempest-ServerShowV257Test-825507531', 'tenant_id': '9c58dedfbc4240449ac45546e2dd29da', 'tenant_name': 'tempest-ServerShowV257Test-825507531', 'user_domain_id': 'default', 'user_domain_name': 'Default', 'user_id': '7c2d6d1966b84005a6826352bef99316', 'system': None}, Network: None, Subnet: None, Router: None
2025-11-12 18:18:23.971 65704 INFO tempest.lib.common.rest_client [req-b475222e-0711-4bb0-853e-559de551bbaa req-b475222e-0711-4bb0-853e-559de551bbaa ] Request (ServerExternalEventsTest:test_create_server_external_events): 200 GET http://10.180.1.21/compute/v2.1/servers/4346b822-31f5-4f9f-90d4-f449eb2fc043 3.608s
2025-11-12 18:18:24.046 65683 INFO tempest.lib.common.rest_client [req-48258826-1c3b-487a-b6fb-f9402d3ef3e4 req-48258826-1c3b-487a-b6fb-f9402d3ef3e4 ] Request (ServerDiagnosticsV248Test:tearDownClass): 200 GET http://10.180.1.21/networking/v2.0/security-groups?tenant_id=00cdc55cd163454c923fb9fb5dab934c&name=default 0.270s
2025-11-12 18:18:24.059 65712 INFO tempest.lib.common.rest_client [req-5213bdc1-ba1a-4fcd-8b28-3f5aa4eed2a2 req-5213bdc1-ba1a-4fcd-8b28-3f5aa4eed2a2 ] Request (ServerShowV257Test:setUpClass): 201 POST http://10.180.1.21/identity/v3/auth/tokens 0.092s
2025-11-12 18:18:24.098 65712 INFO tempest.lib.common.rest_client [req-1894f5ed-61e9-4dbf-a639-89eef15fb457 req-1894f5ed-61e9-4dbf-a639-89eef15fb457 ] Request (ServerShowV257Test:test_rebuild_server): 201 POST http://10.180.1.21/identity/v3/auth/tokens 0.035s
2025-11-12 18:18:24.099 65712 INFO tempest.lib.common.fixed_network [-] (ServerShowV257Test:test_rebuild_server) Found network None available for tenant
2025-11-12 18:18:24.105 65672 INFO paramiko.transport [-] Connected (version 2.0, client dropbear_2020.81)
2025-11-12 18:18:24.178 65680 INFO tempest.lib.common.rest_client [req-1a2312cb-9a56-46b3-852a-c4e113063d41 req-1a2312cb-9a56-46b3-852a-c4e113063d41 ] Request (FloatingIPDetailsTestJSON:test_list_floating_ips): 200 GET http://10.180.1.21/compute/v2.1/os-floating-ips 3.658s
2025-11-12 18:18:24.187 65683 INFO tempest.lib.common.rest_client [req-4ab6244c-e960-40b0-9816-d62f76273b2a req-4ab6244c-e960-40b0-9816-d62f76273b2a ] Request (ServerDiagnosticsV248Test:tearDownClass): 204 DELETE http://10.180.1.21/networking/v2.0/security-groups/f0c48648-3122-4503-8046-b9a01cdbf2a5 0.141s
2025-11-12 18:18:24.215 65672 INFO paramiko.transport [-] Authentication (publickey) successful!
2025-11-12 18:18:24.217 65670 INFO tempest.lib.common.rest_client [req-918303c7-724f-427f-addd-3eac5c227561 req-918303c7-724f-427f-addd-3eac5c227561 ] Request (FloatingIPsAssociationTestJSON:setUpClass): 200 GET http://10.180.1.21/compute/v2.1/servers/b938eeac-91f0-4f4d-a9cf-b00555ddd163 3.575s
2025-11-12 18:18:24.219 65672 INFO tempest.lib.common.ssh [-] ssh connection to cirros@10.180.180.138 successfully created
2025-11-12 18:18:24.312 65683 INFO tempest.lib.common.rest_client [req-87f978a1-9cbe-4b1f-8341-2a12ba194869 req-87f978a1-9cbe-4b1f-8341-2a12ba194869 ] Request (ServerDiagnosticsV248Test:tearDownClass): 204 DELETE http://10.180.1.21/identity/v3/projects/00cdc55cd163454c923fb9fb5dab934c 0.124s
2025-11-12 18:18:24.312 65683 INFO tempest.lib.common.dynamic_creds [-] Deleting project and security group for project: 64737c730a1c40e08fc5f63a2fef6c98
2025-11-12 18:18:24.324 65656 INFO tempest.lib.common.rest_client [req-8084dc43-5901-426a-bf74-9745681946ca req-8084dc43-5901-426a-bf74-9745681946ca ] Request (FloatingIPsAssociationNegativeTestJSON:setUpClass): 200 GET http://10.180.1.21/compute/v2.1/servers/0f241f7a-6ea2-4aa8-971a-7235e32b28ed 3.647s
2025-11-12 18:18:24.345 65686 INFO tempest.lib.common.rest_client [req-2bdaed66-8576-452d-a29b-fc10712ed2b0 req-2bdaed66-8576-452d-a29b-fc10712ed2b0 ] Request (AttachInterfacesTestJSON:test_create_list_show_delete_interfaces_by_fixed_ip): 200 GET http://10.180.1.21/compute/v2.1/servers/b0d1ea8f-6f51-4113-b764-8f7700e79be3 1.868s
2025-11-12 18:18:24.433 65683 INFO tempest.lib.common.rest_client [req-7d4c0c8c-143b-40f8-b2e7-684838716dc3 req-7d4c0c8c-143b-40f8-b2e7-684838716dc3 ] Request (ServerDiagnosticsV248Test:tearDownClass): 200 GET http://10.180.1.21/networking/v2.0/security-groups?tenant_id=64737c730a1c40e08fc5f63a2fef6c98&name=default 0.120s
2025-11-12 18:18:24.458 65696 INFO tempest.lib.common.rest_client [req-49607f34-7d51-475c-beea-60a2f26629dc req-49607f34-7d51-475c-beea-60a2f26629dc ] Request (ImagesNegativeTestJSON:test_create_image_from_deleted_server): 200 GET http://10.180.1.21/compute/v2.1/servers/2dd48f37-e321-4e3d-9049-c834b6ae8f02 1.641s
2025-11-12 18:18:24.484 65678 INFO tempest.lib.common.rest_client [req-20e3ab71-fc52-4deb-8292-c148bd876257 req-20e3ab71-fc52-4deb-8292-c148bd876257 ] Request (VolumesAdminNegativeTest:tearDownClass): 200 GET http://10.180.1.21/compute/v2.1/servers/5273839d-1f96-4273-8f6b-f8d3ab9ab00b 1.914s
2025-11-12 18:18:24.490 65710 INFO tempest.lib.common.rest_client [req-a80e9380-e78a-4831-88d6-dc63c5044e4a req-a80e9380-e78a-4831-88d6-dc63c5044e4a ] Request (FlavorsAdminTestJSON:_run_cleanups): 200 GET http://10.180.1.21/compute/v2.1/flavors/detail 1.610s
2025-11-12 18:18:24.534 65660 INFO tempest.lib.common.rest_client [req-5eea8d3e-a6ef-48da-a77b-19f3001e0d62 req-5eea8d3e-a6ef-48da-a77b-19f3001e0d62 ] Request (KeyPairsNegativeTestJSON:test_create_keypair_when_public_key_bits_exceeds_maximum): 400 POST http://10.180.1.21/compute/v2.1/os-keypairs 1.343s
2025-11-12 18:18:24.560 65684 INFO tempest.lib.common.rest_client [req-2be597cd-d3f2-4e62-9f83-54f058574e24 req-2be597cd-d3f2-4e62-9f83-54f058574e24 ] Request (KeyPairsV2TestJSON:_run_cleanups): 202 DELETE http://10.180.1.21/compute/v2.1/os-keypairs/tempest-KeyPairsV2TestJSON-keypair-1339104862 1.172s
2025-11-12 18:18:24.575 65683 INFO tempest.lib.common.rest_client [req-3a8bfa01-0ef3-4ede-afa1-fa8954949de1 req-3a8bfa01-0ef3-4ede-afa1-fa8954949de1 ] Request (ServerDiagnosticsV248Test:tearDownClass): 204 DELETE http://10.180.1.21/networking/v2.0/security-groups/ec7539b5-3d08-43b9-b004-41571b17899c 0.142s
2025-11-12 18:18:24.586 65708 INFO tempest.lib.common.rest_client [req-a62e0601-6701-47c6-a4d4-b9292e9af38b req-a62e0601-6701-47c6-a4d4-b9292e9af38b ] Request (AggregatesAdminNegativeTestJSON:test_aggregate_remove_host_as_user): 200 POST http://10.180.1.21/compute/v2.1/os-aggregates 1.189s
2025-11-12 18:18:24.691 65683 INFO tempest.lib.common.rest_client [req-18257f78-cdf3-4b86-9ee9-9f0909a07752 req-18257f78-cdf3-4b86-9ee9-9f0909a07752 ] Request (ServerDiagnosticsV248Test:tearDownClass): 204 DELETE http://10.180.1.21/identity/v3/projects/64737c730a1c40e08fc5f63a2fef6c98 0.116s
2025-11-12 18:18:24.791 65683 INFO tempest.lib.common.rest_client [req-2a585842-de94-4fb6-8892-d5c8c64c13b5 req-2a585842-de94-4fb6-8892-d5c8c64c13b5 ] Request (ServicesAdminNegativeV253TestJSON:setUpClass): 201 POST http://10.180.1.21/identity/v3/auth/tokens 0.097s
2025-11-12 18:18:24.929 65683 INFO tempest.lib.common.rest_client [req-2387ee48-1c6b-430a-9c5a-7a8a1905bfd4 req-2387ee48-1c6b-430a-9c5a-7a8a1905bfd4 ] Request (ServicesAdminNegativeV253TestJSON:setUpClass): 201 POST http://10.180.1.21/identity/v3/auth/tokens 0.134s
2025-11-12 18:18:25.024 65683 INFO tempest.lib.common.rest_client [req-98d20350-9c36-4f49-8c28-3a73631189a5 req-98d20350-9c36-4f49-8c28-3a73631189a5 ] Request (ServicesAdminNegativeV253TestJSON:setUpClass): 200 GET http://10.180.1.21/identity/v3/domains?name=Default 0.094s
2025-11-12 18:18:25.062 65683 INFO tempest.lib.common.rest_client [req-859fdfff-2986-414d-9f90-bd3de9119d65 req-859fdfff-2986-414d-9f90-bd3de9119d65 ] Request (ServicesAdminNegativeV253TestJSON:setUpClass): 201 POST http://10.180.1.21/identity/v3/projects 0.037s
2025-11-12 18:18:25.089 65658 INFO tempest.lib.common.rest_client [req-9828940c-a98a-4530-91a7-7ed60340e3e4 req-9828940c-a98a-4530-91a7-7ed60340e3e4 ] Request (ImagesMetadataTestJSON:test_list_image_metadata): 200 GET http://10.180.1.21/compute/v2.1/images/aab09afc-cdd3-4e88-b2ce-9008033b96d3/metadata 1.648s
2025-11-12 18:18:25.124 65688 INFO tempest.lib.common.rest_client [req-da198aa1-97c5-4ece-a38d-ef61da3b0161 req-da198aa1-97c5-4ece-a38d-ef61da3b0161 ] Request (ImagesOneServerNegativeTestJSON:test_create_second_image_when_first_image_is_being_saved): 202 POST http://10.180.1.21/compute/v2.1/servers/846f1b6a-6e22-4929-9415-515b7c5cd9fa/action 2.048s
2025-11-12 18:18:25.165 65683 INFO tempest.lib.common.rest_client [req-2d5194ee-ed57-4fc1-9137-972ba7ba99f0 req-2d5194ee-ed57-4fc1-9137-972ba7ba99f0 ] Request (ServicesAdminNegativeV253TestJSON:setUpClass): 201 POST http://10.180.1.21/identity/v3/users 0.102s
2025-11-12 18:18:25.197 65683 INFO tempest.lib.common.rest_client [req-f0d1a088-b058-4ddc-b413-97343c853ce8 req-f0d1a088-b058-4ddc-b413-97343c853ce8 ] Request (ServicesAdminNegativeV253TestJSON:setUpClass): 200 GET http://10.180.1.21/identity/v3/roles 0.032s
2025-11-12 18:18:25.204 65668 INFO tempest.lib.common.rest_client [req-8e543e49-a557-453f-a860-56205099984a req-8e543e49-a557-453f-a860-56205099984a ] Request (ServersAdminNegativeTestJSON:test_migrate_server_invalid_state): 200 GET http://10.180.1.21/compute/v2.1/servers/496c1470-9fe4-46a9-b8d8-75e7d0246af3 1.374s
2025-11-12 18:18:25.239 65683 INFO tempest.lib.common.rest_client [req-73f68ebc-973e-44c9-b595-36bd0363ee7f req-73f68ebc-973e-44c9-b595-36bd0363ee7f ] Request (ServicesAdminNegativeV253TestJSON:setUpClass): 204 PUT http://10.180.1.21/identity/v3/projects/6bf364fae06d46369a30968e7ad9cd89/users/5431d2c49ec84252965b6769953c34ae/roles/f93eda7683ce43fa845345595d606a64 0.041s
2025-11-12 18:18:25.239 65683 INFO tempest.lib.common.dynamic_creds [-] Dynamic test user 5431d2c49ec84252965b6769953c34ae is created with scope project and roles: ['member']
2025-11-12 18:18:25.240 65683 INFO tempest.lib.common.dynamic_creds [-] Acquired dynamic creds: credentials: Credentials: {'domain_id': 'default', 'domain_name': 'Default', 'username': 'tempest-ServicesAdminNegativeV253TestJSON-1957962729-project-member', 'project_domain_id': 'default', 'project_domain_name': 'Default', 'project_id': '6bf364fae06d46369a30968e7ad9cd89', 'project_name': 'tempest-ServicesAdminNegativeV253TestJSON-1957962729', 'tenant_id': '6bf364fae06d46369a30968e7ad9cd89', 'tenant_name': 'tempest-ServicesAdminNegativeV253TestJSON-1957962729', 'user_domain_id': 'default', 'user_domain_name': 'Default', 'user_id': '5431d2c49ec84252965b6769953c34ae', 'system': None}, Network: None, Subnet: None, Router: None
2025-11-12 18:18:25.240 65683 INFO tempest.lib.common.dynamic_creds [-] Created isolated network resources for: credentials: Credentials: {'domain_id': 'default', 'domain_name': 'Default', 'username': 'tempest-ServicesAdminNegativeV253TestJSON-1957962729-project-member', 'project_domain_id': 'default', 'project_domain_name': 'Default', 'project_id': '6bf364fae06d46369a30968e7ad9cd89', 'project_name': 'tempest-ServicesAdminNegativeV253TestJSON-1957962729', 'tenant_id': '6bf364fae06d46369a30968e7ad9cd89', 'tenant_name': 'tempest-ServicesAdminNegativeV253TestJSON-1957962729', 'user_domain_id': 'default', 'user_domain_name': 'Default', 'user_id': '5431d2c49ec84252965b6769953c34ae', 'system': None}, Network: None, Subnet: None, Router: None
2025-11-12 18:18:25.337 65683 INFO tempest.lib.common.rest_client [req-781feae2-639c-4822-9207-cb92d5f1c134 req-781feae2-639c-4822-9207-cb92d5f1c134 ] Request (ServicesAdminNegativeV253TestJSON:setUpClass): 201 POST http://10.180.1.21/identity/v3/auth/tokens 0.090s
2025-11-12 18:18:25.383 65662 INFO tempest.lib.common.rest_client [req-ad3fe6c4-e779-479e-8f4b-098a74d1573e req-ad3fe6c4-e779-479e-8f4b-098a74d1573e ] Request (QuotasAdminTestV257:test_get_updated_quotas): 200 PUT http://10.180.1.21/compute/v2.1/os-quota-sets/e3a4faa87780410d9307e4fa82b992e4?user_id=bd31592bd3b840ddaf5606b0a50bf6b6 1.840s
