2025-11-12 18:21:04.263 65700 INFO tempest.lib.common.rest_client [req-deb573fc-c0c4-42b6-b49e-182531fb20db req-deb573fc-c0c4-42b6-b49e-182531fb20db ] Request (ServersTestJSON:test_create_server_with_ipv6_addr_only): 200 GET http://10.180.1.21/compute/v2.1/servers/5ea31b52-7c99-4a74-9d8b-e4a302f6b744 0.057s
2025-11-12 18:21:04.370 65698 INFO tempest.lib.common.rest_client [req-05957ced-f54f-47d7-be03-bf5d767608f0 req-05957ced-f54f-47d7-be03-bf5d767608f0 ] Request (ServersAdminTestJSON:tearDownClass): 200 GET http://10.180.1.21/compute/v2.1/servers/cf52407e-e3ea-40da-aca0-983267d5d080 0.072s
2025-11-12 18:21:04.405 65708 INFO tempest.lib.common.rest_client [req-2019181b-e125-423a-94e0-3cd0731d7a5c req-2019181b-e125-423a-94e0-3cd0731d7a5c ] Request (InstanceActionsTestJSON:setUpClass): 200 GET http://10.180.1.21/compute/v2.1/servers/c2af5d80-8249-4e65-bb08-f55916fc2279 0.130s
2025-11-12 18:21:04.476 65692 INFO tempest.lib.common.rest_client [req-0caba46f-85c9-4a20-9d0a-c5a39b685a06 req-0caba46f-85c9-4a20-9d0a-c5a39b685a06 ] Request (MigrationsAdminTest:test_resize_server_revert_deleted_flavor): 200 GET http://10.180.1.21/compute/v2.1/servers/26bd75a1-d8b1-491b-a308-ff6b1a779c7b 0.140s
2025-11-12 18:21:04.477 65706 INFO tempest.lib.common.rest_client [req-a72df74d-db00-4549-b943-ee325232a6bc req-a72df74d-db00-4549-b943-ee325232a6bc ] Request (ServersTestManualDisk:tearDownClass): 204 DELETE http://10.180.1.21/networking/v2.0/floatingips/bf03ccd2-5595-4b0d-9404-f0d24ac604ab 0.252s
2025-11-12 18:21:04.489 65684 INFO tempest.lib.common.rest_client [req-8f6e943d-873d-4eb3-b93a-52e6f28c4f13 req-8f6e943d-873d-4eb3-b93a-52e6f28c4f13 ] Request (AttachVolumeNegativeTest:test_attach_attached_volume_to_different_server): 200 GET http://10.180.1.21/compute/v2.1/servers/8f70b884-099a-4521-b282-50c62cb722d9 0.132s
2025-11-12 18:21:04.534 65660 INFO tempest.lib.common.rest_client [req-46447069-7610-4610-bb2b-6822f450dd92 req-46447069-7610-4610-bb2b-6822f450dd92 ] Request (SecurityGroupsTestJSON:test_server_security_groups): 200 GET http://10.180.1.21/compute/v2.1/servers/cd1f45db-f824-425f-a840-3a58ccd5c032 0.135s
2025-11-12 18:21:04.563 65672 INFO tempest.lib.common.rest_client [req-6d7d6a59-0fac-4e76-9980-052a6ed23286 req-6d7d6a59-0fac-4e76-9980-052a6ed23286 ] Request (ServerPasswordTestJSON:tearDownClass): 200 GET http://10.180.1.21/compute/v2.1/servers/865a19ec-8f76-4480-af4c-355077d98ed0 0.128s
2025-11-12 18:21:04.588 65678 INFO tempest.lib.common.rest_client [req-4739015e-ba84-4902-a7e1-35c26fd130a1 req-4739015e-ba84-4902-a7e1-35c26fd130a1 ] Request (ImagesTestJSON:test_create_image_from_suspended_server): 200 GET http://10.180.1.21/compute/v2.1/servers/f231c788-a7f5-4b58-baed-397c4e1fa04a 0.132s
2025-11-12 18:21:04.619 65666 INFO tempest.lib.common.rest_client [req-8df48b29-632c-48ab-a29f-bb05babca16d req-8df48b29-632c-48ab-a29f-bb05babca16d ] Request (DeleteServersTestJSON:test_delete_server_while_in_shelved_state): 200 GET http://10.180.1.21/compute/v2.1/servers/84354604-ca0e-4ccf-89f8-9b6523470cdc 0.115s
2025-11-12 18:21:05.253 65706 INFO tempest.lib.common.rest_client [req-27a648e2-954c-494e-bf41-d4f2fce4e15f req-27a648e2-954c-494e-bf41-d4f2fce4e15f ] Request (ServersTestManualDisk:tearDownClass): 200 PUT http://10.180.1.21/networking/v2.0/routers/b531a23a-63d0-4f7b-9888-f3c4ea7bf183/remove_router_interface 0.776s
2025-11-12 18:21:05.296 65662 INFO tempest.lib.common.rest_client [req-7262ae72-db1c-4930-b4de-696be338dfb0 req-7262ae72-db1c-4930-b4de-696be338dfb0 ] Request (ServersTestFqdnHostnames:tearDownClass): 200 GET http://10.180.1.21/compute/v2.1/servers/4a5700e8-a42e-4505-b502-3373498e50c9 0.423s
2025-11-12 18:21:05.304 65658 INFO tempest.lib.common.rest_client [req-d6a5ab87-d204-4d52-9800-53d6159bf35c req-d6a5ab87-d204-4d52-9800-53d6159bf35c ] Request (AttachVolumeTestJSON:test_attach_detach_volume): 200 GET http://10.180.1.21/compute/v2.1/servers/e47eaf42-deda-44fa-b256-b0a8c5717536 0.463s
2025-11-12 18:21:05.376 65654 INFO tempest.lib.common.rest_client [req-c6e380df-7dc1-4f17-b8dd-14c7c39a23c1 req-c6e380df-7dc1-4f17-b8dd-14c7c39a23c1 ] Request (ServerActionsTestOtherB:setUpClass): 200 GET http://10.180.1.21/compute/v2.1/servers/b30282c6-11e8-417e-b30f-857094b38840 0.478s
2025-11-12 18:21:05.389 65704 WARNING tempest.lib.common.ssh [-] Failed to establish authenticated ssh connection to cirros@10.180.180.179 ([Errno None] Unable to connect to port 22 on 10.180.180.179). Number attempts: 6. Retry after 7 seconds.: paramiko.ssh_exception.NoValidConnectionsError: [Errno None] Unable to connect to port 22 on 10.180.180.179
2025-11-12 18:21:05.404 65686 INFO tempest.lib.common.rest_client [req-2744bbdb-cf19-410b-b181-2fa9a9529911 req-2744bbdb-cf19-410b-b181-2fa9a9529911 ] Request (AttachInterfacesTestJSON:_run_cleanups): 200 GET http://10.180.1.21/compute/v2.1/servers/b0d1ea8f-6f51-4113-b764-8f7700e79be3 0.465s
2025-11-12 18:21:05.455 65670 INFO tempest.lib.common.rest_client [req-8df9da9b-25af-4e02-a0b5-105063f5c7db req-8df9da9b-25af-4e02-a0b5-105063f5c7db ] Request (FloatingIPsAssociationTestJSON:tearDownClass): 200 GET http://10.180.1.21/compute/v2.1/servers/b938eeac-91f0-4f4d-a9cf-b00555ddd163 0.412s
2025-11-12 18:21:05.499 65674 INFO tempest.lib.common.rest_client [req-99bb11ee-9305-4d0c-85d5-2677fccc3278 req-99bb11ee-9305-4d0c-85d5-2677fccc3278 ] Request (AttachInterfacesV270Test:tearDownClass): 200 GET http://10.180.1.21/compute/v2.1/servers/dc5a382a-294f-4af8-a960-d8d9749a4164 0.453s
2025-11-12 18:21:05.548 65664 INFO tempest.lib.common.rest_client [req-17e6066e-f55e-4974-a3ec-d755b80f2b9c req-17e6066e-f55e-4974-a3ec-d755b80f2b9c ] Request (ListServerFiltersTestJSON:tearDownClass): 200 GET http://10.180.1.21/compute/v2.1/servers/c2ff00e4-6dc9-466e-8dcd-ee370811ac25 0.405s
2025-11-12 18:21:05.602 65656 INFO tempest.lib.common.rest_client [req-fe03f2fa-6b5b-491a-9203-c04d044e4986 req-fe03f2fa-6b5b-491a-9203-c04d044e4986 ] Request (ListServersNegativeTestJSON:setUpClass): 200 GET http://10.180.1.21/compute/v2.1/servers/429d1e3c-a600-4b45-939c-b082ae43a312 0.402s
2025-11-12 18:21:05.621 65688 INFO tempest.lib.common.rest_client [req-0e00c8ed-7c2b-4578-8f1a-178025d02891 req-0e00c8ed-7c2b-4578-8f1a-178025d02891 ] Request (ImagesOneServerNegativeTestJSON:_run_cleanups): 200 GET http://10.180.1.21/compute/v2.1/servers/740be696-a0b8-4faf-8992-1565bdefe454 0.380s
2025-11-12 18:21:05.664 65700 INFO tempest.lib.common.rest_client [req-8a89357a-ece0-4b3f-be83-f5a59a0b0a2b req-8a89357a-ece0-4b3f-be83-f5a59a0b0a2b ] Request (ServersTestJSON:test_create_server_with_ipv6_addr_only): 200 GET http://10.180.1.21/compute/v2.1/servers/5ea31b52-7c99-4a74-9d8b-e4a302f6b744 0.393s
2025-11-12 18:21:05.682 65706 INFO tempest.lib.common.rest_client [req-295d9971-a5df-48dc-b00f-ef156c729db3 req-295d9971-a5df-48dc-b00f-ef156c729db3 ] Request (ServersTestManualDisk:tearDownClass): 204 DELETE http://10.180.1.21/networking/v2.0/routers/b531a23a-63d0-4f7b-9888-f3c4ea7bf183 0.428s
2025-11-12 18:21:05.688 65698 INFO tempest.lib.common.rest_client [req-7013c006-7366-4e52-9b72-7d3d030c2e9c req-7013c006-7366-4e52-9b72-7d3d030c2e9c ] Request (ServersAdminTestJSON:tearDownClass): 200 GET http://10.180.1.21/compute/v2.1/servers/cf52407e-e3ea-40da-aca0-983267d5d080 0.309s
2025-11-12 18:21:05.811 65692 INFO tempest.lib.common.rest_client [req-d8fa53b1-6a9b-4e45-b377-a10e84802866 req-d8fa53b1-6a9b-4e45-b377-a10e84802866 ] Request (MigrationsAdminTest:test_resize_server_revert_deleted_flavor): 200 GET http://10.180.1.21/compute/v2.1/servers/26bd75a1-d8b1-491b-a308-ff6b1a779c7b 0.321s
2025-11-12 18:21:05.842 65708 INFO tempest.lib.common.rest_client [req-6ac12653-ce63-417d-86c7-ffd6429798b6 req-6ac12653-ce63-417d-86c7-ffd6429798b6 ] Request (InstanceActionsTestJSON:setUpClass): 200 GET http://10.180.1.21/compute/v2.1/servers/c2af5d80-8249-4e65-bb08-f55916fc2279 0.426s
2025-11-12 18:21:05.860 65706 INFO tempest.lib.common.rest_client [req-6ae22f60-e8a4-497e-bc9b-b49af7117f17 req-6ae22f60-e8a4-497e-bc9b-b49af7117f17 ] Request (ServersTestManualDisk:tearDownClass): 204 DELETE http://10.180.1.21/networking/v2.0/subnets/ee5c8b8d-3df0-4abc-a530-11a70c08a409 0.178s
2025-11-12 18:21:05.875 65684 INFO tempest.lib.common.rest_client [req-69b9579f-bd94-437a-9160-402f71978d18 req-69b9579f-bd94-437a-9160-402f71978d18 ] Request (AttachVolumeNegativeTest:test_attach_attached_volume_to_different_server): 200 GET http://10.180.1.21/compute/v2.1/servers/8f70b884-099a-4521-b282-50c62cb722d9 0.376s
2025-11-12 18:21:05.894 65660 INFO tempest.lib.common.rest_client [req-1646f7e8-d3be-4fb6-836b-f2a79f283be9 req-1646f7e8-d3be-4fb6-836b-f2a79f283be9 ] Request (SecurityGroupsTestJSON:test_server_security_groups): 200 GET http://10.180.1.21/compute/v2.1/servers/cd1f45db-f824-425f-a840-3a58ccd5c032 0.348s
2025-11-12 18:21:05.948 65672 INFO tempest.lib.common.rest_client [req-e8c0869d-e319-4787-a18b-d969939aa447 req-e8c0869d-e319-4787-a18b-d969939aa447 ] Request (ServerPasswordTestJSON:tearDownClass): 200 GET http://10.180.1.21/compute/v2.1/servers/865a19ec-8f76-4480-af4c-355077d98ed0 0.377s
2025-11-12 18:21:06.029 65678 INFO tempest.lib.common.rest_client [req-1e2c03ae-51af-4a85-bf71-b62c3311cd63 req-1e2c03ae-51af-4a85-bf71-b62c3311cd63 ] Request (ImagesTestJSON:test_create_image_from_suspended_server): 200 GET http://10.180.1.21/compute/v2.1/servers/f231c788-a7f5-4b58-baed-397c4e1fa04a 0.432s
2025-11-12 18:21:06.038 65666 INFO tempest.lib.common.rest_client [req-0ce72dc1-9784-4ebd-bb29-523566d31b79 req-0ce72dc1-9784-4ebd-bb29-523566d31b79 ] Request (DeleteServersTestJSON:test_delete_server_while_in_shelved_state): 200 GET http://10.180.1.21/compute/v2.1/servers/84354604-ca0e-4ccf-89f8-9b6523470cdc 0.409s
2025-11-12 18:21:06.220 65706 INFO tempest.lib.common.rest_client [req-b7327a48-acc4-4654-a286-9ad121da4d71 req-b7327a48-acc4-4654-a286-9ad121da4d71 ] Request (ServersTestManualDisk:tearDownClass): 204 DELETE http://10.180.1.21/networking/v2.0/networks/d0b2b7a3-5269-4406-8ccd-67853d416e2a 0.359s
2025-11-12 18:21:06.299 65706 INFO tempest.lib.common.rest_client [req-7ec7ed3e-1906-4fa5-9c49-11a594cd01a6 req-7ec7ed3e-1906-4fa5-9c49-11a594cd01a6 ] Request (ServersTestManualDisk:tearDownClass): 204 DELETE http://10.180.1.21/identity/v3/users/91a27f22261a47d28c1a14a66a770743 0.079s
2025-11-12 18:21:06.300 65706 INFO tempest.lib.common.dynamic_creds [-] Deleting project and security group for project: fc03587cf4ab45debf408439a24f95bb
2025-11-12 18:21:06.329 65706 INFO tempest.lib.common.rest_client [req-1ae2dda6-c031-448f-b61b-07e99693b53c req-1ae2dda6-c031-448f-b61b-07e99693b53c ] Request (ServersTestManualDisk:tearDownClass): 200 GET http://10.180.1.21/networking/v2.0/security-groups?tenant_id=fc03587cf4ab45debf408439a24f95bb&name=default 0.029s
2025-11-12 18:21:06.384 65658 INFO tempest.lib.common.rest_client [req-2e74d5f3-d08c-4c4b-a58c-c3f0c99ec879 req-2e74d5f3-d08c-4c4b-a58c-c3f0c99ec879 ] Request (AttachVolumeTestJSON:test_attach_detach_volume): 200 GET http://10.180.1.21/compute/v2.1/servers/e47eaf42-deda-44fa-b256-b0a8c5717536 0.064s
2025-11-12 18:21:06.395 65658 INFO tempest.common.waiters [-] State transition "BUILD/scheduling" ==> "BUILD/None" after 3 second wait
2025-11-12 18:21:06.397 65662 INFO tempest.lib.common.rest_client [req-0a2aa66c-b736-4fbb-8cd8-b6c8cd76a5f4 req-0a2aa66c-b736-4fbb-8cd8-b6c8cd76a5f4 ] Request (ServersTestFqdnHostnames:tearDownClass): 200 GET http://10.180.1.21/compute/v2.1/servers/4a5700e8-a42e-4505-b502-3373498e50c9 0.085s
2025-11-12 18:21:06.416 65706 INFO tempest.lib.common.rest_client [req-6ade46f3-1462-4dd9-b683-92a1c4b03a6e req-6ade46f3-1462-4dd9-b683-92a1c4b03a6e ] Request (ServersTestManualDisk:tearDownClass): 204 DELETE http://10.180.1.21/networking/v2.0/security-groups/92c56353-9426-433c-8c69-8c2a4df1da58 0.087s
2025-11-12 18:21:06.446 65654 INFO tempest.lib.common.rest_client [req-5855b8df-0131-408d-8125-e68334d73e93 req-5855b8df-0131-408d-8125-e68334d73e93 ] Request (ServerActionsTestOtherB:setUpClass): 200 GET http://10.180.1.21/compute/v2.1/servers/b30282c6-11e8-417e-b30f-857094b38840 0.061s
2025-11-12 18:21:06.491 65670 INFO tempest.lib.common.rest_client [req-38844758-31c3-4543-8ef4-5ebc0777ba39 req-38844758-31c3-4543-8ef4-5ebc0777ba39 ] Request (FloatingIPsAssociationTestJSON:tearDownClass): 404 GET http://10.180.1.21/compute/v2.1/servers/b938eeac-91f0-4f4d-a9cf-b00555ddd163 0.026s
2025-11-12 18:21:06.497 65686 INFO tempest.lib.common.rest_client [req-11ddc195-45bf-4518-8849-4808c68e190e req-11ddc195-45bf-4518-8849-4808c68e190e ] Request (AttachInterfacesTestJSON:_run_cleanups): 200 GET http://10.180.1.21/compute/v2.1/servers/b0d1ea8f-6f51-4113-b764-8f7700e79be3 0.084s
2025-11-12 18:21:06.513 65706 INFO tempest.lib.common.rest_client [req-44d79d75-71f8-4e4f-a88e-5d1e51775a4f req-44d79d75-71f8-4e4f-a88e-5d1e51775a4f ] Request (ServersTestManualDisk:tearDownClass): 204 DELETE http://10.180.1.21/identity/v3/projects/fc03587cf4ab45debf408439a24f95bb 0.096s
2025-11-12 18:21:06.583 65706 INFO tempest.lib.common.rest_client [req-9f4553d5-d1ef-473d-b2e4-791f0f78abdb req-9f4553d5-d1ef-473d-b2e4-791f0f78abdb ] Request (QuotasTestJSON:setUpClass): 201 POST http://10.180.1.21/identity/v3/auth/tokens 0.068s
2025-11-12 18:21:06.602 65674 INFO tempest.lib.common.rest_client [req-75f14909-666d-4cac-914d-9fcd5ee49c1a req-75f14909-666d-4cac-914d-9fcd5ee49c1a ] Request (AttachInterfacesV270Test:tearDownClass): 200 GET http://10.180.1.21/compute/v2.1/servers/dc5a382a-294f-4af8-a960-d8d9749a4164 0.091s
2025-11-12 18:21:06.617 65706 INFO tempest.lib.common.rest_client [req-be176eee-fe05-46bc-9584-6121b94d97c5 req-be176eee-fe05-46bc-9584-6121b94d97c5 ] Request (QuotasTestJSON:setUpClass): 201 POST http://10.180.1.21/identity/v3/auth/tokens 0.031s
2025-11-12 18:21:06.620 65664 INFO tempest.lib.common.rest_client [req-003e22b6-cbbf-4ad5-8050-aa6467b087a1 req-003e22b6-cbbf-4ad5-8050-aa6467b087a1 ] Request (ListServerFiltersTestJSON:tearDownClass): 200 GET http://10.180.1.21/compute/v2.1/servers/c2ff00e4-6dc9-466e-8dcd-ee370811ac25 0.063s
2025-11-12 18:21:06.655 65706 INFO tempest.lib.common.rest_client [req-cc4444e4-90ab-4212-a269-605de24319a2 req-cc4444e4-90ab-4212-a269-605de24319a2 ] Request (QuotasTestJSON:setUpClass): 200 GET http://10.180.1.21/identity/v3/domains?name=Default 0.037s
2025-11-12 18:21:06.686 65656 INFO tempest.lib.common.rest_client [req-dc96eb25-c04e-49cc-a43f-631d45ea6fec req-dc96eb25-c04e-49cc-a43f-631d45ea6fec ] Request (ListServersNegativeTestJSON:setUpClass): 200 GET http://10.180.1.21/compute/v2.1/servers/429d1e3c-a600-4b45-939c-b082ae43a312 0.075s
2025-11-12 18:21:06.687 65706 INFO tempest.lib.common.rest_client [req-b1765c83-4a3f-4df4-a580-12e80412bb1d req-b1765c83-4a3f-4df4-a580-12e80412bb1d ] Request (QuotasTestJSON:setUpClass): 201 POST http://10.180.1.21/identity/v3/projects 0.032s
2025-11-12 18:21:06.703 65688 INFO tempest.lib.common.rest_client [req-a2d4ca96-8a50-4676-abfa-fa504251e1c7 req-a2d4ca96-8a50-4676-abfa-fa504251e1c7 ] Request (ImagesOneServerNegativeTestJSON:_run_cleanups): 200 GET http://10.180.1.21/compute/v2.1/servers/740be696-a0b8-4faf-8992-1565bdefe454 0.071s
2025-11-12 18:21:06.740 65700 INFO tempest.lib.common.rest_client [req-1561a37d-674e-4f83-92b6-30a941fcdc9e req-1561a37d-674e-4f83-92b6-30a941fcdc9e ] Request (ServersTestJSON:test_create_server_with_ipv6_addr_only): 200 GET http://10.180.1.21/compute/v2.1/servers/5ea31b52-7c99-4a74-9d8b-e4a302f6b744 0.068s
2025-11-12 18:21:06.751 65706 INFO tempest.lib.common.rest_client [req-68d518a5-129d-44ec-a6d0-abfb02898528 req-68d518a5-129d-44ec-a6d0-abfb02898528 ] Request (QuotasTestJSON:setUpClass): 201 POST http://10.180.1.21/identity/v3/users 0.063s
2025-11-12 18:21:06.763 65698 INFO tempest.lib.common.rest_client [req-de0c6b03-0c1a-432f-bd8a-53b9548d3d5e req-de0c6b03-0c1a-432f-bd8a-53b9548d3d5e ] Request (ServersAdminTestJSON:tearDownClass): 200 GET http://10.180.1.21/compute/v2.1/servers/cf52407e-e3ea-40da-aca0-983267d5d080 0.066s
2025-11-12 18:21:06.779 65706 INFO tempest.lib.common.rest_client [req-fa98adf1-c5d5-4fe6-b9c2-8423948b7456 req-fa98adf1-c5d5-4fe6-b9c2-8423948b7456 ] Request (QuotasTestJSON:setUpClass): 200 GET http://10.180.1.21/identity/v3/roles 0.028s
2025-11-12 18:21:06.814 65706 INFO tempest.lib.common.rest_client [req-9f02e1ed-667e-4600-9516-effe00ab1a83 req-9f02e1ed-667e-4600-9516-effe00ab1a83 ] Request (QuotasTestJSON:setUpClass): 204 PUT http://10.180.1.21/identity/v3/projects/b1fcb1d7d29c45f68147942dd74b0088/users/3df77439ae584cb18ba53b10ddecbf0e/roles/f93eda7683ce43fa845345595d606a64 0.034s
2025-11-12 18:21:06.814 65706 INFO tempest.lib.common.dynamic_creds [-] Dynamic test user 3df77439ae584cb18ba53b10ddecbf0e is created with scope project and roles: ['member']
2025-11-12 18:21:06.814 65706 INFO tempest.lib.common.dynamic_creds [-] Acquired dynamic creds: credentials: Credentials: {'domain_id': 'default', 'domain_name': 'Default', 'username': 'tempest-QuotasTestJSON-187268192-project-member', 'project_domain_id': 'default', 'project_domain_name': 'Default', 'project_id': 'b1fcb1d7d29c45f68147942dd74b0088', 'project_name': 'tempest-QuotasTestJSON-187268192', 'tenant_id': 'b1fcb1d7d29c45f68147942dd74b0088', 'tenant_name': 'tempest-QuotasTestJSON-187268192', 'user_domain_id': 'default', 'user_domain_name': 'Default', 'user_id': '3df77439ae584cb18ba53b10ddecbf0e', 'system': None}, Network: None, Subnet: None, Router: None
2025-11-12 18:21:06.814 65706 INFO tempest.lib.common.dynamic_creds [-] Created isolated network resources for: credentials: Credentials: {'domain_id': 'default', 'domain_name': 'Default', 'username': 'tempest-QuotasTestJSON-187268192-project-member', 'project_domain_id': 'default', 'project_domain_name': 'Default', 'project_id': 'b1fcb1d7d29c45f68147942dd74b0088', 'project_name': 'tempest-QuotasTestJSON-187268192', 'tenant_id': 'b1fcb1d7d29c45f68147942dd74b0088', 'tenant_name': 'tempest-QuotasTestJSON-187268192', 'user_domain_id': 'default', 'user_domain_name': 'Default', 'user_id': '3df77439ae584cb18ba53b10ddecbf0e', 'system': None}, Network: None, Subnet: None, Router: None
2025-11-12 18:21:06.896 65692 INFO tempest.lib.common.rest_client [req-e91518df-4e7d-4804-998f-82556ac2b368 req-e91518df-4e7d-4804-998f-82556ac2b368 ] Request (MigrationsAdminTest:test_resize_server_revert_deleted_flavor): 200 GET http://10.180.1.21/compute/v2.1/servers/26bd75a1-d8b1-491b-a308-ff6b1a779c7b 0.076s
2025-11-12 18:21:06.945 65706 INFO tempest.lib.common.rest_client [req-a6c8f207-06da-4164-bd98-1dc7c8e17b53 req-a6c8f207-06da-4164-bd98-1dc7c8e17b53 ] Request (QuotasTestJSON:setUpClass): 201 POST http://10.180.1.21/identity/v3/auth/tokens 0.126s
2025-11-12 18:21:06.945 65706 WARNING tempest.lib.common.rest_client [-] Deprecated: "tenant_id" property is deprecated for removal, use "project_id" instead
2025-11-12 18:21:06.967 65684 INFO tempest.lib.common.rest_client [req-747926fc-fec1-40b4-b720-5af65fbba659 req-747926fc-fec1-40b4-b720-5af65fbba659 ] Request (AttachVolumeNegativeTest:test_attach_attached_volume_to_different_server): 200 GET http://10.180.1.21/compute/v2.1/servers/8f70b884-099a-4521-b282-50c62cb722d9 0.083s
2025-11-12 18:21:07.003 65708 INFO tempest.lib.common.rest_client [req-767837fd-cb33-464d-95dc-ce770dd5f98b req-767837fd-cb33-464d-95dc-ce770dd5f98b ] Request (InstanceActionsTestJSON:setUpClass): 200 GET http://10.180.1.21/compute/v2.1/servers/c2af5d80-8249-4e65-bb08-f55916fc2279 0.153s
2025-11-12 18:21:07.053 65660 INFO tempest.lib.common.rest_client [req-a475b650-2012-49b6-b950-d76b1a33f16c req-a475b650-2012-49b6-b950-d76b1a33f16c ] Request (SecurityGroupsTestJSON:test_server_security_groups): 200 GET http://10.180.1.21/compute/v2.1/servers/cd1f45db-f824-425f-a840-3a58ccd5c032 0.150s
2025-11-12 18:21:07.121 65706 INFO tempest.lib.common.rest_client [req-c82f89d0-03cd-457d-9c28-41c921d4f871 req-c82f89d0-03cd-457d-9c28-41c921d4f871 ] Request (QuotasTestJSON:test_compare_tenant_quotas_with_default_quotas): 200 GET http://10.180.1.21/compute/v2.1/os-quota-sets/b1fcb1d7d29c45f68147942dd74b0088/defaults 0.174s
2025-11-12 18:21:07.124 65672 INFO tempest.lib.common.rest_client [req-da24412b-3e80-44bd-98a1-a1fdada5e4e2 req-da24412b-3e80-44bd-98a1-a1fdada5e4e2 ] Request (ServerPasswordTestJSON:tearDownClass): 200 GET http://10.180.1.21/compute/v2.1/servers/865a19ec-8f76-4480-af4c-355077d98ed0 0.165s
2025-11-12 18:21:07.174 65666 INFO tempest.lib.common.rest_client [req-833a607f-3120-427e-8605-668ff67c68ea req-833a607f-3120-427e-8605-668ff67c68ea ] Request (DeleteServersTestJSON:test_delete_server_while_in_shelved_state): 200 GET http://10.180.1.21/compute/v2.1/servers/84354604-ca0e-4ccf-89f8-9b6523470cdc 0.127s
2025-11-12 18:21:07.188 65678 INFO tempest.lib.common.rest_client [req-116e5d2b-c81a-4903-aaa0-5cdcea506dec req-116e5d2b-c81a-4903-aaa0-5cdcea506dec ] Request (ImagesTestJSON:test_create_image_from_suspended_server): 200 GET http://10.180.1.21/compute/v2.1/servers/f231c788-a7f5-4b58-baed-397c4e1fa04a 0.151s
2025-11-12 18:21:07.214 65706 INFO tempest.lib.common.rest_client [req-7f8d35ff-36dc-4bce-8d2a-b979818ab217 req-7f8d35ff-36dc-4bce-8d2a-b979818ab217 ] Request (QuotasTestJSON:test_compare_tenant_quotas_with_default_quotas): 200 GET http://10.180.1.21/compute/v2.1/os-quota-sets/b1fcb1d7d29c45f68147942dd74b0088 0.091s
2025-11-12 18:21:07.253 65706 INFO tempest.lib.common.rest_client [req-7c0bdbfd-2b32-4a92-9f24-47fe3be4b321 req-7c0bdbfd-2b32-4a92-9f24-47fe3be4b321 ] Request (QuotasTestJSON:test_get_default_quotas): 200 GET http://10.180.1.21/compute/v2.1/os-quota-sets/b1fcb1d7d29c45f68147942dd74b0088/defaults 0.036s
2025-11-12 18:21:07.291 65706 INFO tempest.lib.common.rest_client [req-a183d40c-44cc-4421-a305-5b3efc239274 req-a183d40c-44cc-4421-a305-5b3efc239274 ] Request (QuotasTestJSON:test_get_quotas): 200 GET http://10.180.1.21/compute/v2.1/os-quota-sets/b1fcb1d7d29c45f68147942dd74b0088 0.035s
2025-11-12 18:21:07.303 65670 INFO tempest.lib.common.rest_client [req-b79176c8-ac9b-47c7-9940-7c982dda5f71 req-b79176c8-ac9b-47c7-9940-7c982dda5f71 ] Request (FloatingIPsAssociationTestJSON:tearDownClass): 200 PUT http://10.180.1.21/networking/v2.0/routers/fa761e16-ac42-4433-925d-c2d60ed2b173/remove_router_interface 0.812s
2025-11-12 18:21:07.336 65706 INFO tempest.lib.common.rest_client [req-53a9ea77-b3c9-4524-97cd-075c15bcd86b req-53a9ea77-b3c9-4524-97cd-075c15bcd86b ] Request (QuotasTestJSON:test_get_quotas): 200 GET http://10.180.1.21/compute/v2.1/os-quota-sets/b1fcb1d7d29c45f68147942dd74b0088?user_id=3df77439ae584cb18ba53b10ddecbf0e 0.042s
2025-11-12 18:21:07.458 65706 INFO tempest.lib.common.rest_client [req-49536ad0-11df-4a1a-927c-a3fc9f20bcd8 req-49536ad0-11df-4a1a-927c-a3fc9f20bcd8 ] Request (QuotasTestJSON:tearDownClass): 204 DELETE http://10.180.1.21/identity/v3/users/3df77439ae584cb18ba53b10ddecbf0e 0.115s
2025-11-12 18:21:07.458 65706 INFO tempest.lib.common.dynamic_creds [-] Deleting project and security group for project: b1fcb1d7d29c45f68147942dd74b0088
2025-11-12 18:21:07.474 65658 INFO tempest.lib.common.rest_client [req-1491b00f-8213-4b8a-9c76-a1a212fff7ec req-1491b00f-8213-4b8a-9c76-a1a212fff7ec ] Request (AttachVolumeTestJSON:test_attach_detach_volume): 200 GET http://10.180.1.21/compute/v2.1/servers/e47eaf42-deda-44fa-b256-b0a8c5717536 0.078s
2025-11-12 18:21:07.487 65662 INFO tempest.lib.common.rest_client [req-48ccffaf-7149-4576-88b5-6a95f0810fde req-48ccffaf-7149-4576-88b5-6a95f0810fde ] Request (ServersTestFqdnHostnames:tearDownClass): 200 GET http://10.180.1.21/compute/v2.1/servers/4a5700e8-a42e-4505-b502-3373498e50c9 0.082s
2025-11-12 18:21:07.494 65662 INFO tempest.common.waiters [-] State transition "ACTIVE/deleting" ==> "DELETED/None" after 5 second wait
2025-11-12 18:21:07.519 65706 INFO tempest.lib.common.rest_client [req-1bd6421a-1b00-4d59-adc8-8417b5f5f010 req-1bd6421a-1b00-4d59-adc8-8417b5f5f010 ] Request (QuotasTestJSON:tearDownClass): 201 POST http://10.180.1.21/identity/v3/auth/tokens 0.060s
2025-11-12 18:21:07.531 65654 INFO tempest.lib.common.rest_client [req-b0dc9358-cbdf-4951-924c-5b575ee606f3 req-b0dc9358-cbdf-4951-924c-5b575ee606f3 ] Request (ServerActionsTestOtherB:setUpClass): 200 GET http://10.180.1.21/compute/v2.1/servers/b30282c6-11e8-417e-b30f-857094b38840 0.077s
2025-11-12 18:21:07.684 65706 INFO tempest.lib.common.rest_client [req-94df96f3-739f-4418-aa6b-0c4939d5f13c req-94df96f3-739f-4418-aa6b-0c4939d5f13c ] Request (QuotasTestJSON:tearDownClass): 200 GET http://10.180.1.21/networking/v2.0/security-groups?tenant_id=b1fcb1d7d29c45f68147942dd74b0088&name=default 0.165s
2025-11-12 18:21:07.706 65686 INFO tempest.lib.common.rest_client [req-beda7730-1f84-4e9d-8529-3ced1ffc2ebb req-beda7730-1f84-4e9d-8529-3ced1ffc2ebb ] Request (AttachInterfacesTestJSON:_run_cleanups): 200 GET http://10.180.1.21/compute/v2.1/servers/b0d1ea8f-6f51-4113-b764-8f7700e79be3 0.201s
2025-11-12 18:21:07.721 65670 INFO tempest.lib.common.rest_client [req-b94aa26f-2ad3-4dab-8f0a-47ffa0e848c9 req-b94aa26f-2ad3-4dab-8f0a-47ffa0e848c9 ] Request (FloatingIPsAssociationTestJSON:tearDownClass): 204 DELETE http://10.180.1.21/networking/v2.0/routers/fa761e16-ac42-4433-925d-c2d60ed2b173 0.417s
2025-11-12 18:21:07.722 65674 INFO tempest.lib.common.rest_client [req-0b66e5bb-592f-489e-87fd-10f70f88b859 req-0b66e5bb-592f-489e-87fd-10f70f88b859 ] Request (AttachInterfacesV270Test:tearDownClass): 200 GET http://10.180.1.21/compute/v2.1/servers/dc5a382a-294f-4af8-a960-d8d9749a4164 0.111s
2025-11-12 18:21:07.786 65706 INFO tempest.lib.common.rest_client [req-001115d3-ec89-4a4f-88d3-915891f7d335 req-001115d3-ec89-4a4f-88d3-915891f7d335 ] Request (QuotasTestJSON:tearDownClass): 204 DELETE http://10.180.1.21/networking/v2.0/security-groups/304e97a7-bd36-4f58-893c-52e4b6d21f0a 0.101s
2025-11-12 18:21:07.806 65664 INFO tempest.lib.common.rest_client [req-3b7bf8d0-e672-4765-b35a-48fc24ed4895 req-3b7bf8d0-e672-4765-b35a-48fc24ed4895 ] Request (ListServerFiltersTestJSON:tearDownClass): 200 GET http://10.180.1.21/compute/v2.1/servers/c2ff00e4-6dc9-466e-8dcd-ee370811ac25 0.172s
2025-11-12 18:21:07.824 65656 INFO tempest.lib.common.rest_client [req-a2175aec-c6b9-4832-b219-85fc8fffbb0d req-a2175aec-c6b9-4832-b219-85fc8fffbb0d ] Request (ListServersNegativeTestJSON:setUpClass): 200 GET http://10.180.1.21/compute/v2.1/servers/429d1e3c-a600-4b45-939c-b082ae43a312 0.131s
2025-11-12 18:21:07.864 65670 INFO tempest.lib.common.rest_client [req-95008ecc-ff7c-44e5-b433-a4c5e26260ba req-95008ecc-ff7c-44e5-b433-a4c5e26260ba ] Request (FloatingIPsAssociationTestJSON:tearDownClass): 204 DELETE http://10.180.1.21/networking/v2.0/subnets/75f8d62b-f6f3-4990-bfcc-6f8c8523cfb5 0.143s
2025-11-12 18:21:07.870 65706 INFO tempest.lib.common.rest_client [req-7b7d8d9f-1c78-4c5b-b8f4-bafb349b0aad req-7b7d8d9f-1c78-4c5b-b8f4-bafb349b0aad ] Request (QuotasTestJSON:tearDownClass): 204 DELETE http://10.180.1.21/identity/v3/projects/b1fcb1d7d29c45f68147942dd74b0088 0.084s
2025-11-12 18:21:07.888 65700 INFO tempest.lib.common.rest_client [req-c367e3c2-c15a-403c-98a5-fabf4234bc79 req-c367e3c2-c15a-403c-98a5-fabf4234bc79 ] Request (ServersTestJSON:test_create_server_with_ipv6_addr_only): 200 GET http://10.180.1.21/compute/v2.1/servers/5ea31b52-7c99-4a74-9d8b-e4a302f6b744 0.141s
2025-11-12 18:21:07.902 65688 INFO tempest.lib.common.rest_client [req-cd12ed6b-7fe7-454d-9b99-a77aba38f2b1 req-cd12ed6b-7fe7-454d-9b99-a77aba38f2b1 ] Request (ImagesOneServerNegativeTestJSON:_run_cleanups): 200 GET http://10.180.1.21/compute/v2.1/servers/740be696-a0b8-4faf-8992-1565bdefe454 0.191s
2025-11-12 18:21:07.981 65698 INFO tempest.lib.common.rest_client [req-199a5ad5-9f48-4208-8d86-9724898af467 req-199a5ad5-9f48-4208-8d86-9724898af467 ] Request (ServersAdminTestJSON:tearDownClass): 200 GET http://10.180.1.21/compute/v2.1/servers/cf52407e-e3ea-40da-aca0-983267d5d080 0.208s
2025-11-12 18:21:08.001 65692 INFO tempest.lib.common.rest_client [req-bd8d1e48-7be2-4f61-a273-58388964bac5 req-bd8d1e48-7be2-4f61-a273-58388964bac5 ] Request (MigrationsAdminTest:test_resize_server_revert_deleted_flavor): 200 GET http://10.180.1.21/compute/v2.1/servers/26bd75a1-d8b1-491b-a308-ff6b1a779c7b 0.094s
2025-11-12 18:21:08.051 65684 INFO tempest.lib.common.rest_client [req-0b5dc81d-8ed5-4107-8ba9-6e30671e693c req-0b5dc81d-8ed5-4107-8ba9-6e30671e693c ] Request (AttachVolumeNegativeTest:test_attach_attached_volume_to_different_server): 200 GET http://10.180.1.21/compute/v2.1/servers/8f70b884-099a-4521-b282-50c62cb722d9 0.075s
2025-11-12 18:21:08.212 65660 INFO tempest.lib.common.rest_client [req-14878575-0354-4820-a130-c37379acb3f6 req-14878575-0354-4820-a130-c37379acb3f6 ] Request (SecurityGroupsTestJSON:test_server_security_groups): 200 GET http://10.180.1.21/compute/v2.1/servers/cd1f45db-f824-425f-a840-3a58ccd5c032 0.151s
2025-11-12 18:21:08.250 65708 INFO tempest.lib.common.rest_client [req-58d4a2e1-d366-429a-9b2c-079f1c802d5a req-58d4a2e1-d366-429a-9b2c-079f1c802d5a ] Request (InstanceActionsTestJSON:setUpClass): 200 GET http://10.180.1.21/compute/v2.1/servers/c2af5d80-8249-4e65-bb08-f55916fc2279 0.238s
2025-11-12 18:21:08.284 65672 INFO tempest.lib.common.rest_client [req-f2702a82-c87e-4bda-bc9e-3f1a1a3d3b97 req-f2702a82-c87e-4bda-bc9e-3f1a1a3d3b97 ] Request (ServerPasswordTestJSON:tearDownClass): 200 GET http://10.180.1.21/compute/v2.1/servers/865a19ec-8f76-4480-af4c-355077d98ed0 0.146s
2025-11-12 18:21:08.316 65666 INFO tempest.lib.common.rest_client [req-efdca76f-4c7d-4932-952b-33412843357f req-efdca76f-4c7d-4932-952b-33412843357f ] Request (DeleteServersTestJSON:test_delete_server_while_in_shelved_state): 200 GET http://10.180.1.21/compute/v2.1/servers/84354604-ca0e-4ccf-89f8-9b6523470cdc 0.133s
2025-11-12 18:21:08.318 65676 WARNING tempest.lib.common.ssh [-] Failed to establish authenticated ssh connection to cirros@10.180.180.186 ([Errno None] Unable to connect to port 22 on 10.180.180.186). Number attempts: 5. Retry after 6 seconds.: paramiko.ssh_exception.NoValidConnectionsError: [Errno None] Unable to connect to port 22 on 10.180.180.186
2025-11-12 18:21:08.339 65678 INFO tempest.lib.common.rest_client [req-6e32edca-41ca-4e35-acf5-c1c2947ee4e5 req-6e32edca-41ca-4e35-acf5-c1c2947ee4e5 ] Request (ImagesTestJSON:test_create_image_from_suspended_server): 200 GET http://10.180.1.21/compute/v2.1/servers/f231c788-a7f5-4b58-baed-397c4e1fa04a 0.143s
2025-11-12 18:21:08.551 65658 INFO tempest.lib.common.rest_client [req-9a79f6c4-9517-4671-885a-aff7d22e8727 req-9a79f6c4-9517-4671-885a-aff7d22e8727 ] Request (AttachVolumeTestJSON:test_attach_detach_volume): 200 GET http://10.180.1.21/compute/v2.1/servers/e47eaf42-deda-44fa-b256-b0a8c5717536 0.069s
2025-11-12 18:21:08.565 65662 INFO tempest.lib.common.rest_client [req-4a1bac47-d5b3-42f1-92d3-fa8fea6aa65a req-4a1bac47-d5b3-42f1-92d3-fa8fea6aa65a ] Request (ServersTestFqdnHostnames:tearDownClass): 200 GET http://10.180.1.21/compute/v2.1/servers/4a5700e8-a42e-4505-b502-3373498e50c9 0.070s
2025-11-12 18:21:08.598 65670 INFO tempest.lib.common.rest_client [req-97e0415d-37e7-446f-b6b6-106961e95a62 req-97e0415d-37e7-446f-b6b6-106961e95a62 ] Request (FloatingIPsAssociationTestJSON:tearDownClass): 204 DELETE http://10.180.1.21/networking/v2.0/networks/78dcf5d5-9a5c-48e1-8ac4-cb2cddbaaae6 0.734s
2025-11-12 18:21:08.600 65654 INFO tempest.lib.common.rest_client [req-0d530dee-6fb5-4b8d-8ea0-8c002699c01c req-0d530dee-6fb5-4b8d-8ea0-8c002699c01c ] Request (ServerActionsTestOtherB:setUpClass): 200 GET http://10.180.1.21/compute/v2.1/servers/b30282c6-11e8-417e-b30f-857094b38840 0.059s
2025-11-12 18:21:08.713 65670 INFO tempest.lib.common.rest_client [req-8c8cde84-875e-49aa-97c3-635676fa1d11 req-8c8cde84-875e-49aa-97c3-635676fa1d11 ] Request (FloatingIPsAssociationTestJSON:tearDownClass): 204 DELETE http://10.180.1.21/identity/v3/users/27e3319cbb3b4082b4f72367b7276a08 0.115s
2025-11-12 18:21:08.713 65670 INFO tempest.lib.common.dynamic_creds [-] Deleting project and security group for project: 8198714475ce4a318f7d68089fb5f0e9
2025-11-12 18:21:08.745 65670 INFO tempest.lib.common.rest_client [req-d5fbae34-4cbe-4a8a-ac64-a510fd907264 req-d5fbae34-4cbe-4a8a-ac64-a510fd907264 ] Request (FloatingIPsAssociationTestJSON:tearDownClass): 200 GET http://10.180.1.21/networking/v2.0/security-groups?tenant_id=8198714475ce4a318f7d68089fb5f0e9&name=default 0.031s
2025-11-12 18:21:08.789 65686 INFO tempest.lib.common.rest_client [req-f3ce2a85-f241-4140-8b64-896a8848da9b req-f3ce2a85-f241-4140-8b64-896a8848da9b ] Request (AttachInterfacesTestJSON:_run_cleanups): 200 GET http://10.180.1.21/compute/v2.1/servers/b0d1ea8f-6f51-4113-b764-8f7700e79be3 0.075s
2025-11-12 18:21:08.823 65670 INFO tempest.lib.common.rest_client [req-41018a6f-e7c1-4945-8815-d70df19b053d req-41018a6f-e7c1-4945-8815-d70df19b053d ] Request (FloatingIPsAssociationTestJSON:tearDownClass): 204 DELETE http://10.180.1.21/networking/v2.0/security-groups/a2c907ab-7037-4411-bd8f-bf32468ede01 0.078s
2025-11-12 18:21:08.844 65674 INFO tempest.lib.common.rest_client [req-30523ef5-1e2e-4903-aa65-a92ca5cd3f39 req-30523ef5-1e2e-4903-aa65-a92ca5cd3f39 ] Request (AttachInterfacesV270Test:tearDownClass): 200 GET http://10.180.1.21/compute/v2.1/servers/dc5a382a-294f-4af8-a960-d8d9749a4164 0.111s
2025-11-12 18:21:08.876 65664 INFO tempest.lib.common.rest_client [req-171ef19e-c733-4e13-8792-cdb4ad23520c req-171ef19e-c733-4e13-8792-cdb4ad23520c ] Request (ListServerFiltersTestJSON:tearDownClass): 200 GET http://10.180.1.21/compute/v2.1/servers/c2ff00e4-6dc9-466e-8dcd-ee370811ac25 0.061s
2025-11-12 18:21:08.898 65656 INFO tempest.lib.common.rest_client [req-e387027e-8865-43c9-a572-8502fa916788 req-e387027e-8865-43c9-a572-8502fa916788 ] Request (ListServersNegativeTestJSON:setUpClass): 200 GET http://10.180.1.21/compute/v2.1/servers/429d1e3c-a600-4b45-939c-b082ae43a312 0.065s
2025-11-12 18:21:08.923 65670 INFO tempest.lib.common.rest_client [req-632de9c5-727f-457e-a5be-b31ccd3e5d47 req-632de9c5-727f-457e-a5be-b31ccd3e5d47 ] Request (FloatingIPsAssociationTestJSON:tearDownClass): 204 DELETE http://10.180.1.21/identity/v3/projects/8198714475ce4a318f7d68089fb5f0e9 0.099s
2025-11-12 18:21:08.967 65700 INFO tempest.lib.common.rest_client [req-3fce9356-ee11-4074-ad60-9fd42b056f0c req-3fce9356-ee11-4074-ad60-9fd42b056f0c ] Request (ServersTestJSON:test_create_server_with_ipv6_addr_only): 200 GET http://10.180.1.21/compute/v2.1/servers/5ea31b52-7c99-4a74-9d8b-e4a302f6b744 0.070s
2025-11-12 18:21:09.012 65670 INFO tempest.lib.common.rest_client [req-66d2cf73-d840-40d7-9fc7-11f49502989e req-66d2cf73-d840-40d7-9fc7-11f49502989e ] Request (ListImageFiltersTestJSON:setUpClass): 201 POST http://10.180.1.21/identity/v3/auth/tokens 0.087s
2025-11-12 18:21:09.039 65670 INFO tempest.lib.common.rest_client [req-ebe9094a-6796-44e7-a702-c2fc609f35f3 req-ebe9094a-6796-44e7-a702-c2fc609f35f3 ] Request (ListImageFiltersTestJSON:setUpClass): 201 POST http://10.180.1.21/identity/v3/auth/tokens 0.025s
2025-11-12 18:21:09.044 65688 INFO tempest.lib.common.rest_client [req-55c887a5-6a71-4220-85a7-5d8c833eb33f req-55c887a5-6a71-4220-85a7-5d8c833eb33f ] Request (ImagesOneServerNegativeTestJSON:_run_cleanups): 200 GET http://10.180.1.21/compute/v2.1/servers/740be696-a0b8-4faf-8992-1565bdefe454 0.135s
2025-11-12 18:21:09.051 65698 INFO tempest.lib.common.rest_client [req-5cffd69c-2540-4ee8-9a35-e8b554522d17 req-5cffd69c-2540-4ee8-9a35-e8b554522d17 ] Request (ServersAdminTestJSON:tearDownClass): 200 GET http://10.180.1.21/compute/v2.1/servers/cf52407e-e3ea-40da-aca0-983267d5d080 0.060s
2025-11-12 18:21:09.072 65670 INFO tempest.lib.common.rest_client [req-8b15291c-f90c-49a0-9031-c89c12da34a4 req-8b15291c-f90c-49a0-9031-c89c12da34a4 ] Request (ListImageFiltersTestJSON:setUpClass): 200 GET http://10.180.1.21/identity/v3/domains?name=Default 0.033s
2025-11-12 18:21:09.100 65670 INFO tempest.lib.common.rest_client [req-63987a77-7848-4d38-9e1f-6fca8dda11c0 req-63987a77-7848-4d38-9e1f-6fca8dda11c0 ] Request (ListImageFiltersTestJSON:setUpClass): 201 POST http://10.180.1.21/identity/v3/projects 0.027s
2025-11-12 18:21:09.158 65670 INFO tempest.lib.common.rest_client [req-f7e9cc7c-7bba-4f79-89e3-96d33c971855 req-f7e9cc7c-7bba-4f79-89e3-96d33c971855 ] Request (ListImageFiltersTestJSON:setUpClass): 201 POST http://10.180.1.21/identity/v3/users 0.058s
2025-11-12 18:21:09.162 65684 INFO tempest.lib.common.rest_client [req-efb8a51e-d429-4c61-ab8e-1c9f9386e03d req-efb8a51e-d429-4c61-ab8e-1c9f9386e03d ] Request (AttachVolumeNegativeTest:test_attach_attached_volume_to_different_server): 200 GET http://10.180.1.21/compute/v2.1/servers/8f70b884-099a-4521-b282-50c62cb722d9 0.101s
2025-11-12 18:21:09.182 65670 INFO tempest.lib.common.rest_client [req-d2a54463-8021-4414-bccd-f0a66c7c0b09 req-d2a54463-8021-4414-bccd-f0a66c7c0b09 ] Request (ListImageFiltersTestJSON:setUpClass): 200 GET http://10.180.1.21/identity/v3/roles 0.023s
2025-11-12 18:21:09.194 65692 INFO tempest.lib.common.rest_client [req-8c1220cc-1d19-47b0-94f3-743561e9502c req-8c1220cc-1d19-47b0-94f3-743561e9502c ] Request (MigrationsAdminTest:test_resize_server_revert_deleted_flavor): 200 GET http://10.180.1.21/compute/v2.1/servers/26bd75a1-d8b1-491b-a308-ff6b1a779c7b 0.186s
2025-11-12 18:21:09.202 65692 INFO tempest.common.waiters [-] State transition "BUILD/None" ==> "BUILD/networking" after 65 second wait
2025-11-12 18:21:09.213 65670 INFO tempest.lib.common.rest_client [req-ecdfd4cf-0c64-48d6-93b7-1ad1382895af req-ecdfd4cf-0c64-48d6-93b7-1ad1382895af ] Request (ListImageFiltersTestJSON:setUpClass): 204 PUT http://10.180.1.21/identity/v3/projects/177d2a2c853d4b5b96609987bb5396f7/users/07ecbf6a23554558bf3afa7e307566d0/roles/f93eda7683ce43fa845345595d606a64 0.030s
2025-11-12 18:21:09.213 65670 INFO tempest.lib.common.dynamic_creds [-] Dynamic test user 07ecbf6a23554558bf3afa7e307566d0 is created with scope project and roles: ['member']
2025-11-12 18:21:09.213 65670 INFO tempest.lib.common.dynamic_creds [-] Acquired dynamic creds: credentials: Credentials: {'domain_id': 'default', 'domain_name': 'Default', 'username': 'tempest-ListImageFiltersTestJSON-1050915077-project-member', 'project_domain_id': 'default', 'project_domain_name': 'Default', 'project_id': '177d2a2c853d4b5b96609987bb5396f7', 'project_name': 'tempest-ListImageFiltersTestJSON-1050915077', 'tenant_id': '177d2a2c853d4b5b96609987bb5396f7', 'tenant_name': 'tempest-ListImageFiltersTestJSON-1050915077', 'user_domain_id': 'default', 'user_domain_name': 'Default', 'user_id': '07ecbf6a23554558bf3afa7e307566d0', 'system': None}, Network: None, Subnet: None, Router: None
2025-11-12 18:21:09.213 65670 INFO tempest.lib.common.dynamic_creds [-] Created isolated network resources for: credentials: Credentials: {'domain_id': 'default', 'domain_name': 'Default', 'username': 'tempest-ListImageFiltersTestJSON-1050915077-project-member', 'project_domain_id': 'default', 'project_domain_name': 'Default', 'project_id': '177d2a2c853d4b5b96609987bb5396f7', 'project_name': 'tempest-ListImageFiltersTestJSON-1050915077', 'tenant_id': '177d2a2c853d4b5b96609987bb5396f7', 'tenant_name': 'tempest-ListImageFiltersTestJSON-1050915077', 'user_domain_id': 'default', 'user_domain_name': 'Default', 'user_id': '07ecbf6a23554558bf3afa7e307566d0', 'system': None}, Network: None, Subnet: None, Router: None
2025-11-12 18:21:09.274 65660 INFO tempest.lib.common.rest_client [req-8c177b0b-8468-4b55-8ef0-c404a4578330 req-8c177b0b-8468-4b55-8ef0-c404a4578330 ] Request (SecurityGroupsTestJSON:test_server_security_groups): 200 GET http://10.180.1.21/compute/v2.1/servers/cd1f45db-f824-425f-a840-3a58ccd5c032 0.051s
2025-11-12 18:21:09.285 65670 INFO tempest.lib.common.rest_client [req-14b16c73-9f31-4550-a339-b06f7d2c65fc req-14b16c73-9f31-4550-a339-b06f7d2c65fc ] Request (ListImageFiltersTestJSON:setUpClass): 201 POST http://10.180.1.21/identity/v3/auth/tokens 0.068s
2025-11-12 18:21:09.353 65672 INFO tempest.lib.common.rest_client [req-0985501f-4647-4fce-9e08-4a82b304236b req-0985501f-4647-4fce-9e08-4a82b304236b ] Request (ServerPasswordTestJSON:tearDownClass): 200 GET http://10.180.1.21/compute/v2.1/servers/865a19ec-8f76-4480-af4c-355077d98ed0 0.060s
2025-11-12 18:21:09.374 65708 INFO tempest.lib.common.rest_client [req-959b4a09-4288-4d5a-8601-1ad162dbeac8 req-959b4a09-4288-4d5a-8601-1ad162dbeac8 ] Request (InstanceActionsTestJSON:setUpClass): 200 GET http://10.180.1.21/compute/v2.1/servers/c2af5d80-8249-4e65-bb08-f55916fc2279 0.110s
2025-11-12 18:21:09.381 65708 INFO tempest.common.waiters [-] State transition "BUILD/spawning" ==> "ACTIVE/None" after 67 second wait
2025-11-12 18:21:09.404 65666 INFO tempest.lib.common.rest_client [req-2fd1f17f-07f0-4678-a2ae-a28b8481c3b1 req-2fd1f17f-07f0-4678-a2ae-a28b8481c3b1 ] Request (DeleteServersTestJSON:test_delete_server_while_in_shelved_state): 200 GET http://10.180.1.21/compute/v2.1/servers/84354604-ca0e-4ccf-89f8-9b6523470cdc 0.078s
2025-11-12 18:21:09.426 65678 INFO tempest.lib.common.rest_client [req-89287d71-4886-4789-bf62-43121ace358f req-89287d71-4886-4789-bf62-43121ace358f ] Request (ImagesTestJSON:test_create_image_from_suspended_server): 200 GET http://10.180.1.21/compute/v2.1/servers/f231c788-a7f5-4b58-baed-397c4e1fa04a 0.079s
2025-11-12 18:21:09.438 65708 INFO tempest.lib.common.rest_client [req-7a3d9f68-4730-48e2-8e30-67ea8fcfd6a0 req-7a3d9f68-4730-48e2-8e30-67ea8fcfd6a0 ] Request (InstanceActionsTestJSON:test_get_instance_action): 200 GET http://10.180.1.21/compute/v2.1/servers/c2af5d80-8249-4e65-bb08-f55916fc2279/os-instance-actions/req-4bc0d7f3-9ac4-4714-8649-745bade927c1 0.056s
2025-11-12 18:21:09.507 65708 INFO tempest.lib.common.rest_client [req-6152cc5e-bec8-4e29-85a6-0816bd411a14 req-6152cc5e-bec8-4e29-85a6-0816bd411a14 ] Request (InstanceActionsTestJSON:test_list_instance_actions): 202 POST http://10.180.1.21/compute/v2.1/servers/c2af5d80-8249-4e65-bb08-f55916fc2279/action 0.065s
2025-11-12 18:21:09.601 65708 INFO tempest.lib.common.rest_client [req-69465050-3bd0-422c-86aa-1918af527384 req-69465050-3bd0-422c-86aa-1918af527384 ] Request (InstanceActionsTestJSON:test_list_instance_actions): 200 GET http://10.180.1.21/compute/v2.1/servers/c2af5d80-8249-4e65-bb08-f55916fc2279 0.094s
2025-11-12 18:21:09.615 65658 INFO tempest.lib.common.rest_client [req-241bfdee-f9f1-4b45-b05f-d25a234095f9 req-241bfdee-f9f1-4b45-b05f-d25a234095f9 ] Request (AttachVolumeTestJSON:test_attach_detach_volume): 200 GET http://10.180.1.21/compute/v2.1/servers/e47eaf42-deda-44fa-b256-b0a8c5717536 0.053s
2025-11-12 18:21:09.668 65662 INFO tempest.lib.common.rest_client [req-83916370-fc74-47d0-8b9f-4cc3802f03f4 req-83916370-fc74-47d0-8b9f-4cc3802f03f4 ] Request (ServersTestFqdnHostnames:tearDownClass): 200 GET http://10.180.1.21/compute/v2.1/servers/4a5700e8-a42e-4505-b502-3373498e50c9 0.092s
2025-11-12 18:21:09.669 65670 INFO tempest.lib.common.rest_client [req-5f27985f-fe8e-4960-a690-e10a73bacf9b req-5f27985f-fe8e-4960-a690-e10a73bacf9b ] Request (ListImageFiltersTestJSON:setUpClass): 201 POST http://10.180.1.21/image/v2/images 0.383s
2025-11-12 18:21:09.680 65654 INFO tempest.lib.common.rest_client [req-765f15e3-f3b9-475f-9b62-f7af0b28b6ff req-765f15e3-f3b9-475f-9b62-f7af0b28b6ff ] Request (ServerActionsTestOtherB:setUpClass): 200 GET http://10.180.1.21/compute/v2.1/servers/b30282c6-11e8-417e-b30f-857094b38840 0.070s
2025-11-12 18:21:09.864 65686 INFO tempest.lib.common.rest_client [req-e1d63747-3598-4d29-aa1c-57643b950ff5 req-e1d63747-3598-4d29-aa1c-57643b950ff5 ] Request (AttachInterfacesTestJSON:_run_cleanups): 200 GET http://10.180.1.21/compute/v2.1/servers/b0d1ea8f-6f51-4113-b764-8f7700e79be3 0.067s
2025-11-12 18:21:09.915 65674 INFO tempest.lib.common.rest_client [req-68a641f3-dd8d-4333-994b-fc2b19c304b8 req-68a641f3-dd8d-4333-994b-fc2b19c304b8 ] Request (AttachInterfacesV270Test:tearDownClass): 200 GET http://10.180.1.21/compute/v2.1/servers/dc5a382a-294f-4af8-a960-d8d9749a4164 0.061s
2025-11-12 18:21:09.946 65664 INFO tempest.lib.common.rest_client [req-82ca3eab-812d-408b-8dfb-39947a0907b7 req-82ca3eab-812d-408b-8dfb-39947a0907b7 ] Request (ListServerFiltersTestJSON:tearDownClass): 200 GET http://10.180.1.21/compute/v2.1/servers/c2ff00e4-6dc9-466e-8dcd-ee370811ac25 0.061s
2025-11-12 18:21:09.973 65656 INFO tempest.lib.common.rest_client [req-d0882174-3496-4127-a97a-3e5eb33deafd req-d0882174-3496-4127-a97a-3e5eb33deafd ] Request (ListServersNegativeTestJSON:setUpClass): 200 GET http://10.180.1.21/compute/v2.1/servers/429d1e3c-a600-4b45-939c-b082ae43a312 0.067s
2025-11-12 18:21:10.040 65700 INFO tempest.lib.common.rest_client [req-7be27338-84a6-47af-8212-4acf1bd88687 req-7be27338-84a6-47af-8212-4acf1bd88687 ] Request (ServersTestJSON:test_create_server_with_ipv6_addr_only): 200 GET http://10.180.1.21/compute/v2.1/servers/5ea31b52-7c99-4a74-9d8b-e4a302f6b744 0.062s
2025-11-12 18:21:10.114 65688 INFO tempest.lib.common.rest_client [req-53b0988e-34fc-4e8e-9eac-531ea4a39ade req-53b0988e-34fc-4e8e-9eac-531ea4a39ade ] Request (ImagesOneServerNegativeTestJSON:_run_cleanups): 200 GET http://10.180.1.21/compute/v2.1/servers/740be696-a0b8-4faf-8992-1565bdefe454 0.061s
2025-11-12 18:21:10.127 65698 INFO tempest.lib.common.rest_client [req-ef7ff7d7-8f1e-4f29-98ab-374fceadabde req-ef7ff7d7-8f1e-4f29-98ab-374fceadabde ] Request (ServersAdminTestJSON:tearDownClass): 200 GET http://10.180.1.21/compute/v2.1/servers/cf52407e-e3ea-40da-aca0-983267d5d080 0.068s
2025-11-12 18:21:10.229 65684 INFO tempest.lib.common.rest_client [req-b8eaf1a4-68a1-4436-bf2e-10913ccc4e81 req-b8eaf1a4-68a1-4436-bf2e-10913ccc4e81 ] Request (AttachVolumeNegativeTest:test_attach_attached_volume_to_different_server): 200 GET http://10.180.1.21/compute/v2.1/servers/8f70b884-099a-4521-b282-50c62cb722d9 0.059s
2025-11-12 18:21:10.309 65692 INFO tempest.lib.common.rest_client [req-c41fe90c-3ffe-4708-b0f6-98b51694649d req-c41fe90c-3ffe-4708-b0f6-98b51694649d ] Request (MigrationsAdminTest:test_resize_server_revert_deleted_flavor): 200 GET http://10.180.1.21/compute/v2.1/servers/26bd75a1-d8b1-491b-a308-ff6b1a779c7b 0.105s
2025-11-12 18:21:10.315 65692 INFO tempest.common.waiters [-] State transition "BUILD/networking" ==> "BUILD/spawning" after 66 second wait
2025-11-12 18:21:10.334 65660 INFO tempest.lib.common.rest_client [req-8c48ceb0-54bf-4166-871c-380ef68b9455 req-8c48ceb0-54bf-4166-871c-380ef68b9455 ] Request (SecurityGroupsTestJSON:test_server_security_groups): 200 GET http://10.180.1.21/compute/v2.1/servers/cd1f45db-f824-425f-a840-3a58ccd5c032 0.052s
2025-11-12 18:21:10.418 65672 INFO tempest.lib.common.rest_client [req-4d8ed928-b06a-4c6a-aced-961bc747804b req-4d8ed928-b06a-4c6a-aced-961bc747804b ] Request (ServerPasswordTestJSON:tearDownClass): 200 GET http://10.180.1.21/compute/v2.1/servers/865a19ec-8f76-4480-af4c-355077d98ed0 0.055s
2025-11-12 18:21:10.465 65666 INFO tempest.lib.common.rest_client [req-4df8f757-f82b-42f0-b786-6679a2d5f7fd req-4df8f757-f82b-42f0-b786-6679a2d5f7fd ] Request (DeleteServersTestJSON:test_delete_server_while_in_shelved_state): 200 GET http://10.180.1.21/compute/v2.1/servers/84354604-ca0e-4ccf-89f8-9b6523470cdc 0.050s
2025-11-12 18:21:10.481 65678 INFO tempest.lib.common.rest_client [req-1e67af93-5a48-4b26-ae5d-290e0de355db req-1e67af93-5a48-4b26-ae5d-290e0de355db ] Request (ImagesTestJSON:test_create_image_from_suspended_server): 200 GET http://10.180.1.21/compute/v2.1/servers/f231c788-a7f5-4b58-baed-397c4e1fa04a 0.047s
2025-11-12 18:21:10.707 65658 INFO tempest.lib.common.rest_client [req-6b6deec8-a3bf-417e-ae5d-6012f06e9599 req-6b6deec8-a3bf-417e-ae5d-6012f06e9599 ] Request (AttachVolumeTestJSON:test_attach_detach_volume): 200 GET http://10.180.1.21/compute/v2.1/servers/e47eaf42-deda-44fa-b256-b0a8c5717536 0.084s
2025-11-12 18:21:10.727 65708 INFO tempest.lib.common.rest_client [req-8460a29a-41d6-47da-86b8-85a42380accc req-8460a29a-41d6-47da-86b8-85a42380accc ] Request (InstanceActionsTestJSON:test_list_instance_actions): 200 GET http://10.180.1.21/compute/v2.1/servers/c2af5d80-8249-4e65-bb08-f55916fc2279 0.117s
2025-11-12 18:21:10.766 65662 INFO tempest.lib.common.rest_client [req-6d5193fa-c3d9-4fad-bb3c-cc3e9ad32ec2 req-6d5193fa-c3d9-4fad-bb3c-cc3e9ad32ec2 ] Request (ServersTestFqdnHostnames:tearDownClass): 200 GET http://10.180.1.21/compute/v2.1/servers/4a5700e8-a42e-4505-b502-3373498e50c9 0.090s
2025-11-12 18:21:10.780 65654 INFO tempest.lib.common.rest_client [req-c8a8cd20-831f-4f78-8428-45711ff20a9e req-c8a8cd20-831f-4f78-8428-45711ff20a9e ] Request (ServerActionsTestOtherB:setUpClass): 200 GET http://10.180.1.21/compute/v2.1/servers/b30282c6-11e8-417e-b30f-857094b38840 0.092s
2025-11-12 18:21:10.933 65686 INFO tempest.lib.common.rest_client [req-4f03a9a8-d095-4697-aeea-02b86875b399 req-4f03a9a8-d095-4697-aeea-02b86875b399 ] Request (AttachInterfacesTestJSON:_run_cleanups): 200 GET http://10.180.1.21/compute/v2.1/servers/b0d1ea8f-6f51-4113-b764-8f7700e79be3 0.061s
2025-11-12 18:21:11.000 65674 INFO tempest.lib.common.rest_client [req-627f40c4-e2af-46be-acfb-7bc7b11b59c4 req-627f40c4-e2af-46be-acfb-7bc7b11b59c4 ] Request (AttachInterfacesV270Test:tearDownClass): 200 GET http://10.180.1.21/compute/v2.1/servers/dc5a382a-294f-4af8-a960-d8d9749a4164 0.073s
2025-11-12 18:21:11.025 65664 INFO tempest.lib.common.rest_client [req-dc16d76d-6dcb-46ba-a19c-c852c1b3b80b req-dc16d76d-6dcb-46ba-a19c-c852c1b3b80b ] Request (ListServerFiltersTestJSON:tearDownClass): 200 GET http://10.180.1.21/compute/v2.1/servers/c2ff00e4-6dc9-466e-8dcd-ee370811ac25 0.071s
2025-11-12 18:21:11.059 65656 INFO tempest.lib.common.rest_client [req-c8ec6197-3b00-401c-9609-6463a484924d req-c8ec6197-3b00-401c-9609-6463a484924d ] Request (ListServersNegativeTestJSON:setUpClass): 200 GET http://10.180.1.21/compute/v2.1/servers/429d1e3c-a600-4b45-939c-b082ae43a312 0.078s
