2025-11-12 18:20:33.793 65684 INFO tempest.lib.common.rest_client [req-c06d1594-842c-4129-9873-e2e79a30ed8f req-c06d1594-842c-4129-9873-e2e79a30ed8f ] Request (AttachVolumeNegativeTest:test_attach_attached_volume_to_different_server): 200 GET http://10.180.1.21/compute/v2.1/servers/8f70b884-099a-4521-b282-50c62cb722d9 0.396s
2025-11-12 18:20:33.835 65666 INFO tempest.lib.common.rest_client [req-ff5b8fa0-f7ab-4c3b-94a7-a3de0af0115f req-ff5b8fa0-f7ab-4c3b-94a7-a3de0af0115f ] Request (DeleteServersTestJSON:test_delete_server_while_in_building_state): 200 GET http://10.180.1.21/compute/v2.1/servers/a7d98ae4-9e5c-43e3-aae6-6c8cdb82a4d2 0.364s
2025-11-12 18:20:33.864 65674 INFO tempest.lib.common.rest_client [req-cabed324-c722-43ae-8f7f-783516a1b9ef req-cabed324-c722-43ae-8f7f-783516a1b9ef ] Request (AttachInterfacesV270Test:test_create_get_list_interfaces): 200 GET http://10.180.1.21/compute/v2.1/servers/dc5a382a-294f-4af8-a960-d8d9749a4164 0.399s
2025-11-12 18:20:33.893 65656 INFO tempest.lib.common.rest_client [req-22f82aa5-0071-4996-a209-4e0e16abacc0 req-22f82aa5-0071-4996-a209-4e0e16abacc0 ] Request (ListServersNegativeTestJSON:setUpClass): 200 GET http://10.180.1.21/compute/v2.1/servers/429d1e3c-a600-4b45-939c-b082ae43a312 0.421s
2025-11-12 18:20:33.932 65668 INFO tempest.lib.common.rest_client [req-731c4e80-68cc-439d-8878-6d367d6305d5 req-731c4e80-68cc-439d-8878-6d367d6305d5 ] Request (ServersAdminNegativeTestJSON:tearDownClass): 200 GET http://10.180.1.21/compute/v2.1/servers/44f67a06-8265-48e1-bd8f-f954afbb3f0f 0.395s
2025-11-12 18:20:33.977 65664 INFO tempest.lib.common.rest_client [req-13e7f7aa-6945-4d39-bc5d-adfe9555a178 req-13e7f7aa-6945-4d39-bc5d-adfe9555a178 ] Request (ListServerFiltersTestJSON:tearDownClass): 200 GET http://10.180.1.21/compute/v2.1/servers/d521dcb1-f35d-4c93-8ad9-2920ffe546c3 0.432s
2025-11-12 18:20:33.998 65706 INFO tempest.lib.common.rest_client [req-bb956a11-a1a0-4b9d-be96-e294623ee09c req-bb956a11-a1a0-4b9d-be96-e294623ee09c ] Request (ServersTestManualDisk:tearDownClass): 200 GET http://10.180.1.21/compute/v2.1/servers/ee03bd01-90a3-4936-89d1-6b1c3a756046 0.386s
2025-11-12 18:20:34.049 65670 INFO tempest.lib.common.rest_client [req-a9f81f8f-d444-484d-804d-075f217863a8 req-a9f81f8f-d444-484d-804d-075f217863a8 ] Request (FloatingIPsAssociationTestJSON:tearDownClass): 200 GET http://10.180.1.21/compute/v2.1/servers/b938eeac-91f0-4f4d-a9cf-b00555ddd163 0.430s
2025-11-12 18:20:34.105 65688 INFO tempest.lib.common.rest_client [req-f276b513-44d7-49e8-8872-a05543f21cb7 req-f276b513-44d7-49e8-8872-a05543f21cb7 ] Request (ImagesOneServerNegativeTestJSON:_run_cleanups): 204 DELETE http://10.180.1.21/compute/v2.1/servers/740be696-a0b8-4faf-8992-1565bdefe454 0.446s
2025-11-12 18:20:34.163 65672 INFO tempest.lib.common.rest_client [req-46987625-09d7-4975-b9e0-89ea3489ef73 req-46987625-09d7-4975-b9e0-89ea3489ef73 ] Request (ServerPasswordTestJSON:setUpClass): 200 GET http://10.180.1.21/compute/v2.1/servers/865a19ec-8f76-4480-af4c-355077d98ed0 0.359s
2025-11-12 18:20:34.266 65666 INFO tempest.lib.common.rest_client [req-1d045dcb-2f78-4510-b6d3-9f7d3f4b201b req-1d045dcb-2f78-4510-b6d3-9f7d3f4b201b ] Request (DeleteServersTestJSON:test_delete_server_while_in_building_state): 204 DELETE http://10.180.1.21/compute/v2.1/servers/a7d98ae4-9e5c-43e3-aae6-6c8cdb82a4d2 0.423s
2025-11-12 18:20:34.271 65662 WARNING tempest.lib.common.ssh [-] Failed to establish authenticated ssh connection to cirros@10.180.180.184 ([Errno None] Unable to connect to port 22 on 10.180.180.184). Number attempts: 2. Retry after 3 seconds.: paramiko.ssh_exception.NoValidConnectionsError: [Errno None] Unable to connect to port 22 on 10.180.180.184
2025-11-12 18:20:34.285 65704 INFO tempest.lib.common.rest_client [req-5597fed3-9810-4848-81a9-3f8345009d2e req-5597fed3-9810-4848-81a9-3f8345009d2e ] Request (ServerActionsTestJSON:setUpClass): 200 GET http://10.180.1.21/compute/v2.1/servers/f97cc544-bd70-4132-a9b0-2cc36f9c5c0c 0.425s
2025-11-12 18:20:34.293 65704 INFO tempest.common.waiters [-] State transition "BUILD/spawning" ==> "ACTIVE/None" after 41 second wait
2025-11-12 18:20:34.355 65698 INFO tempest.lib.common.rest_client [req-5e411775-b90a-47aa-95c5-2040281b3be0 req-5e411775-b90a-47aa-95c5-2040281b3be0 ] Request (ServersAdminTestJSON:tearDownClass): 200 GET http://10.180.1.21/compute/v2.1/servers/2e9dfebd-836c-4673-94b5-0a578f053219 0.280s
2025-11-12 18:20:34.357 65658 INFO tempest.lib.common.rest_client [req-8552c970-d45f-4bfe-b901-cd2d72369af5 req-8552c970-d45f-4bfe-b901-cd2d72369af5 ] Request (ServerMetadataNegativeTestJSON:tearDownClass): 200 GET http://10.180.1.21/compute/v2.1/servers/cc673459-09ea-436e-9d2a-0f7b8bcd582b 0.463s
2025-11-12 18:20:34.380 65666 INFO tempest.lib.common.rest_client [req-d02b425e-c6f0-4624-935a-8bdaed981757 req-d02b425e-c6f0-4624-935a-8bdaed981757 ] Request (DeleteServersTestJSON:test_delete_server_while_in_building_state): 404 GET http://10.180.1.21/compute/v2.1/servers/a7d98ae4-9e5c-43e3-aae6-6c8cdb82a4d2 0.114s
2025-11-12 18:20:34.418 65666 INFO tempest.lib.common.rest_client [req-9769ef3c-fc18-43f7-9d8b-44046b1642c7 req-9769ef3c-fc18-43f7-9d8b-44046b1642c7 ] Request (DeleteServersTestJSON:test_delete_server_while_in_shelved_state): 201 POST http://10.180.1.21/identity/v3/auth/tokens 0.034s
2025-11-12 18:20:34.419 65666 INFO tempest.lib.common.fixed_network [-] (DeleteServersTestJSON:test_delete_server_while_in_shelved_state) Found network {'id': 'dc089830-c743-43dc-8349-ec56fb8dc4d3', 'name': 'tempest-DeleteServersTestJSON-902298496-network', 'tenant_id': '77c38ed3e2664310b70996ca9740537e', 'project_id': '77c38ed3e2664310b70996ca9740537e', 'admin_state_up': True, 'mtu': 8950, 'status': 'ACTIVE', 'subnets': [], 'shared': False, 'port_security_enabled': True, 'router:external': False, 'provider:network_type': 'vlan', 'provider:physical_network': 'default', 'provider:segmentation_id': 40, 'availability_zone_hints': [], 'availability_zones': [], 'ipv4_address_scope': None, 'ipv6_address_scope': None, 'description': '', 'tags': [], 'created_at': '2025-11-12T18:17:19Z', 'updated_at': '2025-11-12T18:17:19Z', 'revision_number': 1} available for tenant
2025-11-12 18:20:34.454 65704 INFO tempest.lib.common.rest_client [req-9261540c-9805-4b06-9699-b35aa1c4f440 req-9261540c-9805-4b06-9699-b35aa1c4f440 ] Request (ServerActionsTestJSON:setUpClass): 200 GET http://10.180.1.21/compute/v2.1/servers/f97cc544-bd70-4132-a9b0-2cc36f9c5c0c/os-interface 0.160s
2025-11-12 18:20:34.496 65688 INFO tempest.lib.common.rest_client [req-268e4e4e-915e-40a2-b9e6-6aada2ebc831 req-268e4e4e-915e-40a2-b9e6-6aada2ebc831 ] Request (ImagesOneServerNegativeTestJSON:_run_cleanups): 200 GET http://10.180.1.21/compute/v2.1/servers/740be696-a0b8-4faf-8992-1565bdefe454 0.390s
2025-11-12 18:20:34.576 65676 INFO tempest.lib.common.rest_client [req-9b409e53-5073-4d09-bf0f-9e4de1aa6989 req-9b409e53-5073-4d09-bf0f-9e4de1aa6989 ] Request (ServersWithSpecificFlavorTestJSON:test_verify_created_server_ephemeral_disk): 200 GET http://10.180.1.21/compute/v2.1/servers/0da76875-29b9-44f7-aa4f-06b43c8d72bb 0.214s
2025-11-12 18:20:34.649 65708 INFO tempest.lib.common.rest_client [req-ac72e78e-4255-49e5-8454-53d2514ff3b6 req-ac72e78e-4255-49e5-8454-53d2514ff3b6 ] Request (InstanceActionsTestJSON:setUpClass): 200 GET http://10.180.1.21/compute/v2.1/servers/c2af5d80-8249-4e65-bb08-f55916fc2279 0.228s
2025-11-12 18:20:34.758 65700 INFO tempest.lib.common.rest_client [req-10b16159-a1f9-4c5a-aac4-fe14d9434673 req-10b16159-a1f9-4c5a-aac4-fe14d9434673 ] Request (ServersTestJSON:test_create_server_with_ipv6_addr_only): 200 GET http://10.180.1.21/compute/v2.1/servers/5ea31b52-7c99-4a74-9d8b-e4a302f6b744 0.282s
2025-11-12 18:20:34.814 65692 INFO tempest.lib.common.rest_client [req-582b852f-f9be-4a38-849c-26a7d3697361 req-582b852f-f9be-4a38-849c-26a7d3697361 ] Request (MigrationsAdminTest:test_resize_server_revert_deleted_flavor): 200 GET http://10.180.1.21/compute/v2.1/servers/26bd75a1-d8b1-491b-a308-ff6b1a779c7b 0.275s
2025-11-12 18:20:34.883 65666 INFO tempest.lib.common.rest_client [req-285f740e-b8a8-4c31-bcdb-a3e6e41ed814 req-285f740e-b8a8-4c31-bcdb-a3e6e41ed814 ] Request (DeleteServersTestJSON:test_delete_server_while_in_shelved_state): 202 POST http://10.180.1.21/compute/v2.1/servers 0.463s
2025-11-12 18:20:34.935 65680 INFO tempest.lib.common.rest_client [req-0bd60259-89a2-4021-8082-a4e61bd54e5e req-0bd60259-89a2-4021-8082-a4e61bd54e5e ] Request (ServerGroupTestJSON:_run_cleanups): 200 GET http://10.180.1.21/compute/v2.1/servers/b6ac65c5-569e-4dcf-84f9-ad2762e9dc51 0.391s
2025-11-12 18:20:35.001 65654 INFO tempest.lib.common.rest_client [req-a39ba0d6-a724-43ee-a7ed-9b7548a88871 req-a39ba0d6-a724-43ee-a7ed-9b7548a88871 ] Request (ServersTestMultiNic:_run_cleanups): 200 GET http://10.180.1.21/compute/v2.1/servers/ff2e87ad-78ba-48f9-bacb-4b374eba1049 0.358s
2025-11-12 18:20:35.058 65660 INFO tempest.lib.common.rest_client [req-2eda3850-923e-4ff1-95e4-b63867baf5e9 req-2eda3850-923e-4ff1-95e4-b63867baf5e9 ] Request (SecurityGroupsTestJSON:test_server_security_groups): 200 GET http://10.180.1.21/compute/v2.1/servers/cd1f45db-f824-425f-a840-3a58ccd5c032 0.367s
2025-11-12 18:20:35.088 65704 INFO tempest.lib.common.rest_client [req-154e5844-d6e1-4881-865a-ecd07320a6a7 req-154e5844-d6e1-4881-865a-ecd07320a6a7 ] Request (ServerActionsTestJSON:setUpClass): 200 PUT http://10.180.1.21/networking/v2.0/floatingips/4aa15dfc-abb8-4f06-b069-ff680cd42e6d 0.631s
2025-11-12 18:20:35.090 65704 INFO tempest.lib.common.ssh [-] Creating ssh connection to '10.180.180.179:22' as 'cirros' with public key authentication
2025-11-12 18:20:35.124 65686 INFO tempest.lib.common.rest_client [req-11c83fd9-423a-4692-be37-693227b9bfbc req-11c83fd9-423a-4692-be37-693227b9bfbc ] Request (AttachInterfacesTestJSON:_run_cleanups): 200 GET http://10.180.1.21/compute/v2.1/servers/b0d1ea8f-6f51-4113-b764-8f7700e79be3 0.415s
2025-11-12 18:20:35.135 65686 INFO tempest.common.waiters [-] State transition "ACTIVE/deleting" ==> "DELETED/None" after 5 second wait
2025-11-12 18:20:35.138 65678 INFO tempest.lib.common.rest_client [req-6d0bacef-cad3-416c-9975-ef2cd3c91abf req-6d0bacef-cad3-416c-9975-ef2cd3c91abf ] Request (ImagesTestJSON:test_create_image_from_suspended_server): 200 GET http://10.180.1.21/compute/v2.1/servers/f231c788-a7f5-4b58-baed-397c4e1fa04a 0.394s
2025-11-12 18:20:35.151 65652 INFO tempest.lib.common.rest_client [req-d498537d-5916-462c-930a-20e11193dac5 req-d498537d-5916-462c-930a-20e11193dac5 ] Request (InstanceActionsNegativeTestJSON:tearDownClass): 404 GET http://10.180.1.21/compute/v2.1/servers/5c6bb79e-93f1-4a99-b170-91b619f2fba7 0.371s
2025-11-12 18:20:35.153 65678 INFO tempest.common.waiters [-] State transition "BUILD/scheduling" ==> "BUILD/None" after 14 second wait
2025-11-12 18:20:35.214 65684 INFO tempest.lib.common.rest_client [req-632dae76-3f97-4adc-8560-e5ebd32208bd req-632dae76-3f97-4adc-8560-e5ebd32208bd ] Request (AttachVolumeNegativeTest:test_attach_attached_volume_to_different_server): 200 GET http://10.180.1.21/compute/v2.1/servers/8f70b884-099a-4521-b282-50c62cb722d9 0.414s
2025-11-12 18:20:35.262 65666 INFO tempest.lib.common.rest_client [req-54b7f412-347e-4f08-9b96-59592d433a3f req-54b7f412-347e-4f08-9b96-59592d433a3f ] Request (DeleteServersTestJSON:test_delete_server_while_in_shelved_state): 200 GET http://10.180.1.21/compute/v2.1/servers/84354604-ca0e-4ccf-89f8-9b6523470cdc 0.378s
2025-11-12 18:20:35.298 65674 INFO tempest.lib.common.rest_client [req-ac5f9315-ed3d-48e4-8efb-4baf7aad8d0f req-ac5f9315-ed3d-48e4-8efb-4baf7aad8d0f ] Request (AttachInterfacesV270Test:test_create_get_list_interfaces): 200 GET http://10.180.1.21/compute/v2.1/servers/dc5a382a-294f-4af8-a960-d8d9749a4164 0.424s
2025-11-12 18:20:35.370 65668 INFO tempest.lib.common.rest_client [req-7f2ec66f-713b-4174-8193-0ff83b1c73c6 req-7f2ec66f-713b-4174-8193-0ff83b1c73c6 ] Request (ServersAdminNegativeTestJSON:tearDownClass): 200 GET http://10.180.1.21/compute/v2.1/servers/44f67a06-8265-48e1-bd8f-f954afbb3f0f 0.430s
2025-11-12 18:20:35.440 65664 INFO tempest.lib.common.rest_client [req-eb67811d-62be-41b8-97ac-768e85038118 req-eb67811d-62be-41b8-97ac-768e85038118 ] Request (ListServerFiltersTestJSON:tearDownClass): 200 GET http://10.180.1.21/compute/v2.1/servers/d521dcb1-f35d-4c93-8ad9-2920ffe546c3 0.454s
2025-11-12 18:20:35.663 65656 INFO tempest.lib.common.rest_client [req-d167db77-ac26-471d-84cc-c5321b17c72f req-d167db77-ac26-471d-84cc-c5321b17c72f ] Request (ListServersNegativeTestJSON:setUpClass): 200 GET http://10.180.1.21/compute/v2.1/servers/429d1e3c-a600-4b45-939c-b082ae43a312 0.761s
2025-11-12 18:20:35.749 65670 INFO tempest.lib.common.rest_client [req-37d73919-ffc8-425c-9f9f-b39ebda58242 req-37d73919-ffc8-425c-9f9f-b39ebda58242 ] Request (FloatingIPsAssociationTestJSON:tearDownClass): 200 GET http://10.180.1.21/compute/v2.1/servers/b938eeac-91f0-4f4d-a9cf-b00555ddd163 0.692s
2025-11-12 18:20:35.868 65706 INFO tempest.lib.common.rest_client [req-4253d867-81f1-4379-baa4-97756a5e69f2 req-4253d867-81f1-4379-baa4-97756a5e69f2 ] Request (ServersTestManualDisk:tearDownClass): 200 GET http://10.180.1.21/compute/v2.1/servers/ee03bd01-90a3-4936-89d1-6b1c3a756046 0.862s
2025-11-12 18:20:35.894 65672 INFO tempest.lib.common.rest_client [req-e6e6cff8-393e-4bda-9c9b-adc1f84a5fb1 req-e6e6cff8-393e-4bda-9c9b-adc1f84a5fb1 ] Request (ServerPasswordTestJSON:setUpClass): 200 GET http://10.180.1.21/compute/v2.1/servers/865a19ec-8f76-4480-af4c-355077d98ed0 0.722s
2025-11-12 18:20:35.935 65690 WARNING tempest.lib.common.ssh [-] Failed to establish authenticated ssh connection to cirros@10.180.180.167 ([Errno None] Unable to connect to port 22 on 10.180.180.167). Number attempts: 3. Retry after 4 seconds.: paramiko.ssh_exception.NoValidConnectionsError: [Errno None] Unable to connect to port 22 on 10.180.180.167
2025-11-12 18:20:35.940 65698 INFO tempest.lib.common.rest_client [req-f4fe0d21-b66b-4e86-8dd4-2ccc57508fb0 req-f4fe0d21-b66b-4e86-8dd4-2ccc57508fb0 ] Request (ServersAdminTestJSON:tearDownClass): 200 GET http://10.180.1.21/compute/v2.1/servers/2e9dfebd-836c-4673-94b5-0a578f053219 0.578s
2025-11-12 18:20:35.963 65658 INFO tempest.lib.common.rest_client [req-28b7639c-b018-4309-b776-62dccc3ad56c req-28b7639c-b018-4309-b776-62dccc3ad56c ] Request (ServerMetadataNegativeTestJSON:tearDownClass): 200 GET http://10.180.1.21/compute/v2.1/servers/cc673459-09ea-436e-9d2a-0f7b8bcd582b 0.598s
2025-11-12 18:20:35.995 65652 INFO tempest.lib.common.rest_client [req-c3260016-c560-4119-94fd-cf863eb5e0f7 req-c3260016-c560-4119-94fd-cf863eb5e0f7 ] Request (InstanceActionsNegativeTestJSON:tearDownClass): 200 PUT http://10.180.1.21/networking/v2.0/routers/3c4147bd-484c-4f92-a677-c5d08ad6ba3b/remove_router_interface 0.844s
2025-11-12 18:20:36.064 65688 INFO tempest.lib.common.rest_client [req-14f7cd05-3458-46eb-aaf3-fa28d43ecdf6 req-14f7cd05-3458-46eb-aaf3-fa28d43ecdf6 ] Request (ImagesOneServerNegativeTestJSON:_run_cleanups): 200 GET http://10.180.1.21/compute/v2.1/servers/740be696-a0b8-4faf-8992-1565bdefe454 0.559s
2025-11-12 18:20:36.096 65676 INFO tempest.lib.common.rest_client [req-d208a1ad-b0bf-4a1f-867c-cec524e5a371 req-d208a1ad-b0bf-4a1f-867c-cec524e5a371 ] Request (ServersWithSpecificFlavorTestJSON:test_verify_created_server_ephemeral_disk): 200 GET http://10.180.1.21/compute/v2.1/servers/0da76875-29b9-44f7-aa4f-06b43c8d72bb 0.510s
2025-11-12 18:20:36.125 65708 INFO tempest.lib.common.rest_client [req-0cba0871-0061-4441-9e64-f01ff9755a56 req-0cba0871-0061-4441-9e64-f01ff9755a56 ] Request (InstanceActionsTestJSON:setUpClass): 200 GET http://10.180.1.21/compute/v2.1/servers/c2af5d80-8249-4e65-bb08-f55916fc2279 0.464s
2025-11-12 18:20:36.187 65700 INFO tempest.lib.common.rest_client [req-196f7fed-0c43-43a1-8f3d-464784d93cb9 req-196f7fed-0c43-43a1-8f3d-464784d93cb9 ] Request (ServersTestJSON:test_create_server_with_ipv6_addr_only): 200 GET http://10.180.1.21/compute/v2.1/servers/5ea31b52-7c99-4a74-9d8b-e4a302f6b744 0.420s
2025-11-12 18:20:36.201 65692 INFO tempest.lib.common.rest_client [req-5deac416-a6c5-41eb-97d4-e1ef98cab64f req-5deac416-a6c5-41eb-97d4-e1ef98cab64f ] Request (MigrationsAdminTest:test_resize_server_revert_deleted_flavor): 200 GET http://10.180.1.21/compute/v2.1/servers/26bd75a1-d8b1-491b-a308-ff6b1a779c7b 0.374s
2025-11-12 18:20:36.269 65654 INFO tempest.lib.common.rest_client [req-f5e61ab9-c7d9-4108-bf47-b95669ac1ad7 req-f5e61ab9-c7d9-4108-bf47-b95669ac1ad7 ] Request (ServersTestMultiNic:_run_cleanups): 200 GET http://10.180.1.21/compute/v2.1/servers/ff2e87ad-78ba-48f9-bacb-4b374eba1049 0.256s
2025-11-12 18:20:36.288 65680 INFO tempest.lib.common.rest_client [req-efa9ccac-2064-4f60-a4f7-91d3e9b8b247 req-efa9ccac-2064-4f60-a4f7-91d3e9b8b247 ] Request (ServerGroupTestJSON:_run_cleanups): 200 GET http://10.180.1.21/compute/v2.1/servers/b6ac65c5-569e-4dcf-84f9-ad2762e9dc51 0.340s
2025-11-12 18:20:36.411 65660 INFO tempest.lib.common.rest_client [req-dd2b0e84-9a0c-430f-8234-8cb3c1af28f3 req-dd2b0e84-9a0c-430f-8234-8cb3c1af28f3 ] Request (SecurityGroupsTestJSON:test_server_security_groups): 200 GET http://10.180.1.21/compute/v2.1/servers/cd1f45db-f824-425f-a840-3a58ccd5c032 0.338s
2025-11-12 18:20:36.422 65686 INFO tempest.lib.common.rest_client [req-9696d570-903c-47b0-b48f-57a4bd0bf9cd req-9696d570-903c-47b0-b48f-57a4bd0bf9cd ] Request (AttachInterfacesTestJSON:_run_cleanups): 200 GET http://10.180.1.21/compute/v2.1/servers/b0d1ea8f-6f51-4113-b764-8f7700e79be3 0.286s
2025-11-12 18:20:36.591 65652 INFO tempest.lib.common.rest_client [req-1cd68f74-6d23-48ba-b693-de7dbe9fbc76 req-1cd68f74-6d23-48ba-b693-de7dbe9fbc76 ] Request (InstanceActionsNegativeTestJSON:tearDownClass): 204 DELETE http://10.180.1.21/networking/v2.0/routers/3c4147bd-484c-4f92-a677-c5d08ad6ba3b 0.595s
2025-11-12 18:20:36.621 65684 INFO tempest.lib.common.rest_client [req-2af07b41-c768-4e7f-8584-24fec71590ba req-2af07b41-c768-4e7f-8584-24fec71590ba ] Request (AttachVolumeNegativeTest:test_attach_attached_volume_to_different_server): 200 GET http://10.180.1.21/compute/v2.1/servers/8f70b884-099a-4521-b282-50c62cb722d9 0.392s
2025-11-12 18:20:36.633 65678 INFO tempest.lib.common.rest_client [req-9ef4fd77-0c40-4b91-915b-a5be78f9751a req-9ef4fd77-0c40-4b91-915b-a5be78f9751a ] Request (ImagesTestJSON:test_create_image_from_suspended_server): 200 GET http://10.180.1.21/compute/v2.1/servers/f231c788-a7f5-4b58-baed-397c4e1fa04a 0.479s
2025-11-12 18:20:36.684 65666 INFO tempest.lib.common.rest_client [req-f8ee2c9e-deac-40a3-8c19-a5f1608d4a8d req-f8ee2c9e-deac-40a3-8c19-a5f1608d4a8d ] Request (DeleteServersTestJSON:test_delete_server_while_in_shelved_state): 200 GET http://10.180.1.21/compute/v2.1/servers/84354604-ca0e-4ccf-89f8-9b6523470cdc 0.412s
2025-11-12 18:20:36.734 65652 INFO tempest.lib.common.rest_client [req-49b7f1eb-4082-424d-b73f-718c64d9975d req-49b7f1eb-4082-424d-b73f-718c64d9975d ] Request (InstanceActionsNegativeTestJSON:tearDownClass): 204 DELETE http://10.180.1.21/networking/v2.0/subnets/227e0bcb-41b5-4593-86d8-f36a7a172a01 0.142s
2025-11-12 18:20:36.752 65668 INFO tempest.lib.common.rest_client [req-c433f6cf-1e80-4a8e-8017-8458d6ee3792 req-c433f6cf-1e80-4a8e-8017-8458d6ee3792 ] Request (ServersAdminNegativeTestJSON:tearDownClass): 200 GET http://10.180.1.21/compute/v2.1/servers/44f67a06-8265-48e1-bd8f-f954afbb3f0f 0.370s
2025-11-12 18:20:36.774 65674 INFO tempest.lib.common.rest_client [req-b0098584-cd28-44e4-9243-afdd3671bc2d req-b0098584-cd28-44e4-9243-afdd3671bc2d ] Request (AttachInterfacesV270Test:test_create_get_list_interfaces): 200 GET http://10.180.1.21/compute/v2.1/servers/dc5a382a-294f-4af8-a960-d8d9749a4164 0.463s
2025-11-12 18:20:36.819 65664 INFO tempest.lib.common.rest_client [req-85130886-1224-4e79-b774-7385d891890d req-85130886-1224-4e79-b774-7385d891890d ] Request (ListServerFiltersTestJSON:tearDownClass): 200 GET http://10.180.1.21/compute/v2.1/servers/d521dcb1-f35d-4c93-8ad9-2920ffe546c3 0.368s
2025-11-12 18:20:36.834 65656 INFO tempest.lib.common.rest_client [req-072b5fd4-01c8-43bd-8f78-d65836b2daf6 req-072b5fd4-01c8-43bd-8f78-d65836b2daf6 ] Request (ListServersNegativeTestJSON:setUpClass): 200 GET http://10.180.1.21/compute/v2.1/servers/429d1e3c-a600-4b45-939c-b082ae43a312 0.161s
2025-11-12 18:20:36.911 65670 INFO tempest.lib.common.rest_client [req-160b736d-5628-44c3-9e9c-162ebc8b8496 req-160b736d-5628-44c3-9e9c-162ebc8b8496 ] Request (FloatingIPsAssociationTestJSON:tearDownClass): 200 GET http://10.180.1.21/compute/v2.1/servers/b938eeac-91f0-4f4d-a9cf-b00555ddd163 0.153s
2025-11-12 18:20:36.963 65706 INFO tempest.lib.common.rest_client [req-e7cfb129-5afd-4c15-b4bf-6386e559b6b9 req-e7cfb129-5afd-4c15-b4bf-6386e559b6b9 ] Request (ServersTestManualDisk:tearDownClass): 200 GET http://10.180.1.21/compute/v2.1/servers/ee03bd01-90a3-4936-89d1-6b1c3a756046 0.086s
2025-11-12 18:20:37.049 65652 INFO tempest.lib.common.rest_client [req-2a4bd986-7d15-4a54-8cf5-b6aec9834f82 req-2a4bd986-7d15-4a54-8cf5-b6aec9834f82 ] Request (InstanceActionsNegativeTestJSON:tearDownClass): 204 DELETE http://10.180.1.21/networking/v2.0/networks/66abad5f-038b-4344-b49a-1c5cd6485d5a 0.313s
2025-11-12 18:20:37.057 65698 INFO tempest.lib.common.rest_client [req-abcdeee1-d69f-49c5-81a9-d31232faf733 req-abcdeee1-d69f-49c5-81a9-d31232faf733 ] Request (ServersAdminTestJSON:tearDownClass): 200 GET http://10.180.1.21/compute/v2.1/servers/2e9dfebd-836c-4673-94b5-0a578f053219 0.108s
2025-11-12 18:20:37.082 65672 INFO tempest.lib.common.rest_client [req-37815808-ad81-464f-964b-f047d9844248 req-37815808-ad81-464f-964b-f047d9844248 ] Request (ServerPasswordTestJSON:setUpClass): 200 GET http://10.180.1.21/compute/v2.1/servers/865a19ec-8f76-4480-af4c-355077d98ed0 0.177s
2025-11-12 18:20:37.119 65658 INFO tempest.lib.common.rest_client [req-396b0716-3d1d-42ef-99b0-a699f255eb06 req-396b0716-3d1d-42ef-99b0-a699f255eb06 ] Request (ServerMetadataNegativeTestJSON:tearDownClass): 200 GET http://10.180.1.21/compute/v2.1/servers/cc673459-09ea-436e-9d2a-0f7b8bcd582b 0.147s
2025-11-12 18:20:37.156 65688 INFO tempest.lib.common.rest_client [req-6d83a558-7844-4c3f-9238-d05224d226ff req-6d83a558-7844-4c3f-9238-d05224d226ff ] Request (ImagesOneServerNegativeTestJSON:_run_cleanups): 200 GET http://10.180.1.21/compute/v2.1/servers/740be696-a0b8-4faf-8992-1565bdefe454 0.079s
2025-11-12 18:20:37.177 65652 INFO tempest.lib.common.rest_client [req-5ce2a683-fe38-4f97-8f64-990073b82ad5 req-5ce2a683-fe38-4f97-8f64-990073b82ad5 ] Request (InstanceActionsNegativeTestJSON:tearDownClass): 204 DELETE http://10.180.1.21/identity/v3/users/d5b5b3e2ab934d778c20f07477c54972 0.128s
2025-11-12 18:20:37.177 65652 INFO tempest.lib.common.dynamic_creds [-] Deleting project and security group for project: f3cda154c52148e5ad39614750a7dc30
2025-11-12 18:20:37.207 65652 INFO tempest.lib.common.rest_client [req-f540f162-c92f-41c3-ab31-2e76b5600b66 req-f540f162-c92f-41c3-ab31-2e76b5600b66 ] Request (InstanceActionsNegativeTestJSON:tearDownClass): 200 GET http://10.180.1.21/networking/v2.0/security-groups?tenant_id=f3cda154c52148e5ad39614750a7dc30&name=default 0.029s
2025-11-12 18:20:37.227 65708 INFO tempest.lib.common.rest_client [req-e2d777c5-a592-4d3e-84fb-057e0c54016e req-e2d777c5-a592-4d3e-84fb-057e0c54016e ] Request (InstanceActionsTestJSON:setUpClass): 200 GET http://10.180.1.21/compute/v2.1/servers/c2af5d80-8249-4e65-bb08-f55916fc2279 0.089s
2025-11-12 18:20:37.272 65676 INFO tempest.lib.common.rest_client [req-ec9cc58b-35fd-4d1e-838a-94f5e4005e50 req-ec9cc58b-35fd-4d1e-838a-94f5e4005e50 ] Request (ServersWithSpecificFlavorTestJSON:test_verify_created_server_ephemeral_disk): 200 GET http://10.180.1.21/compute/v2.1/servers/0da76875-29b9-44f7-aa4f-06b43c8d72bb 0.165s
2025-11-12 18:20:37.288 65700 INFO tempest.lib.common.rest_client [req-3ee94153-c923-46c4-a2fd-f37938d23de0 req-3ee94153-c923-46c4-a2fd-f37938d23de0 ] Request (ServersTestJSON:test_create_server_with_ipv6_addr_only): 200 GET http://10.180.1.21/compute/v2.1/servers/5ea31b52-7c99-4a74-9d8b-e4a302f6b744 0.092s
2025-11-12 18:20:37.314 65652 INFO tempest.lib.common.rest_client [req-b49fc760-f919-4484-8eff-b029cf9f692b req-b49fc760-f919-4484-8eff-b029cf9f692b ] Request (InstanceActionsNegativeTestJSON:tearDownClass): 204 DELETE http://10.180.1.21/networking/v2.0/security-groups/c17ad0d1-d1ba-4f96-9dda-d32e674f9c86 0.106s
2025-11-12 18:20:37.314 65654 INFO tempest.lib.common.rest_client [req-98d26eab-b476-45e6-bb04-620da547a448 req-98d26eab-b476-45e6-bb04-620da547a448 ] Request (ServersTestMultiNic:_run_cleanups): 404 GET http://10.180.1.21/compute/v2.1/servers/ff2e87ad-78ba-48f9-bacb-4b374eba1049 0.030s
2025-11-12 18:20:37.331 65692 INFO tempest.lib.common.rest_client [req-e7221b2a-a691-45c0-8097-78df4754e2c7 req-e7221b2a-a691-45c0-8097-78df4754e2c7 ] Request (MigrationsAdminTest:test_resize_server_revert_deleted_flavor): 200 GET http://10.180.1.21/compute/v2.1/servers/26bd75a1-d8b1-491b-a308-ff6b1a779c7b 0.115s
2025-11-12 18:20:37.386 65680 INFO tempest.lib.common.rest_client [req-298be940-ce9d-462e-8041-fc648e2c595c req-298be940-ce9d-462e-8041-fc648e2c595c ] Request (ServerGroupTestJSON:_run_cleanups): 200 GET http://10.180.1.21/compute/v2.1/servers/b6ac65c5-569e-4dcf-84f9-ad2762e9dc51 0.087s
2025-11-12 18:20:37.431 65652 INFO tempest.lib.common.rest_client [req-f4293d6a-f16d-4426-9cc5-10928cb37b95 req-f4293d6a-f16d-4426-9cc5-10928cb37b95 ] Request (InstanceActionsNegativeTestJSON:tearDownClass): 204 DELETE http://10.180.1.21/identity/v3/projects/f3cda154c52148e5ad39614750a7dc30 0.117s
2025-11-12 18:20:37.491 65654 INFO tempest.lib.common.rest_client [req-f482afe5-1226-44b3-a97c-dbf9d59c764c req-f482afe5-1226-44b3-a97c-dbf9d59c764c ] Request (ServersTestMultiNic:_run_cleanups): 204 DELETE http://10.180.1.21/networking/v2.0/subnets/74184b37-3b2b-49c4-986f-cfddce33d3a1 0.176s
2025-11-12 18:20:37.494 65660 INFO tempest.lib.common.rest_client [req-af41bb2b-7588-46fb-80cb-a6cb53694611 req-af41bb2b-7588-46fb-80cb-a6cb53694611 ] Request (SecurityGroupsTestJSON:test_server_security_groups): 200 GET http://10.180.1.21/compute/v2.1/servers/cd1f45db-f824-425f-a840-3a58ccd5c032 0.068s
2025-11-12 18:20:37.779 65662 WARNING tempest.lib.common.ssh [-] Failed to establish authenticated ssh connection to cirros@10.180.180.184 ([Errno None] Unable to connect to port 22 on 10.180.180.184). Number attempts: 3. Retry after 4 seconds.: paramiko.ssh_exception.NoValidConnectionsError: [Errno None] Unable to connect to port 22 on 10.180.180.184
2025-11-12 18:20:37.785 65654 INFO tempest.lib.common.rest_client [req-141b8315-336f-4917-8ef4-e725e41a0638 req-141b8315-336f-4917-8ef4-e725e41a0638 ] Request (ServersTestMultiNic:_run_cleanups): 204 DELETE http://10.180.1.21/networking/v2.0/networks/05db54e7-7861-4050-acde-95f39e5fece7 0.294s
2025-11-12 18:20:37.841 65684 INFO tempest.lib.common.rest_client [req-d2a48be2-c2c4-417d-83e4-b451ed5201b3 req-d2a48be2-c2c4-417d-83e4-b451ed5201b3 ] Request (AttachVolumeNegativeTest:test_attach_attached_volume_to_different_server): 200 GET http://10.180.1.21/compute/v2.1/servers/8f70b884-099a-4521-b282-50c62cb722d9 0.211s
2025-11-12 18:20:38.001 65686 INFO tempest.lib.common.rest_client [req-31b11be2-3eca-4fd9-83e3-4ce4df6db728 req-31b11be2-3eca-4fd9-83e3-4ce4df6db728 ] Request (AttachInterfacesTestJSON:_run_cleanups): 200 GET http://10.180.1.21/compute/v2.1/servers/b0d1ea8f-6f51-4113-b764-8f7700e79be3 0.565s
2025-11-12 18:20:38.036 65654 INFO tempest.lib.common.rest_client [req-3e5d4e55-6904-4723-ab50-98efeb137e14 req-3e5d4e55-6904-4723-ab50-98efeb137e14 ] Request (ServersTestMultiNic:_run_cleanups): 204 DELETE http://10.180.1.21/networking/v2.0/subnets/d7f4a1ab-db66-4a0f-a703-2d3d49c663b0 0.250s
2025-11-12 18:20:38.056 65678 INFO tempest.lib.common.rest_client [req-6d4fc4d9-49c5-423a-9cf4-486b96368c80 req-6d4fc4d9-49c5-423a-9cf4-486b96368c80 ] Request (ImagesTestJSON:test_create_image_from_suspended_server): 200 GET http://10.180.1.21/compute/v2.1/servers/f231c788-a7f5-4b58-baed-397c4e1fa04a 0.406s
2025-11-12 18:20:38.119 65666 INFO tempest.lib.common.rest_client [req-7ebb0d69-fadc-4702-b92c-065f96acc757 req-7ebb0d69-fadc-4702-b92c-065f96acc757 ] Request (DeleteServersTestJSON:test_delete_server_while_in_shelved_state): 200 GET http://10.180.1.21/compute/v2.1/servers/84354604-ca0e-4ccf-89f8-9b6523470cdc 0.425s
2025-11-12 18:20:38.169 65668 INFO tempest.lib.common.rest_client [req-c641698e-b9d1-4f92-b2bb-05f55642e894 req-c641698e-b9d1-4f92-b2bb-05f55642e894 ] Request (ServersAdminNegativeTestJSON:tearDownClass): 200 GET http://10.180.1.21/compute/v2.1/servers/44f67a06-8265-48e1-bd8f-f954afbb3f0f 0.405s
2025-11-12 18:20:38.243 65674 INFO tempest.lib.common.rest_client [req-8fdf5a67-4f76-42d2-83b8-b3d03ca62ff2 req-8fdf5a67-4f76-42d2-83b8-b3d03ca62ff2 ] Request (AttachInterfacesV270Test:test_create_get_list_interfaces): 200 GET http://10.180.1.21/compute/v2.1/servers/dc5a382a-294f-4af8-a960-d8d9749a4164 0.457s
2025-11-12 18:20:38.255 65664 INFO tempest.lib.common.rest_client [req-51bfd0d4-2e3e-42a1-8120-e50e62535c94 req-51bfd0d4-2e3e-42a1-8120-e50e62535c94 ] Request (ListServerFiltersTestJSON:tearDownClass): 200 GET http://10.180.1.21/compute/v2.1/servers/d521dcb1-f35d-4c93-8ad9-2920ffe546c3 0.428s
2025-11-12 18:20:38.291 65654 INFO tempest.lib.common.rest_client [req-0f434af2-b485-4b5e-9689-03a55c78be09 req-0f434af2-b485-4b5e-9689-03a55c78be09 ] Request (ServersTestMultiNic:_run_cleanups): 204 DELETE http://10.180.1.21/networking/v2.0/networks/bb842f74-7337-478c-8192-46baa1e1e74f 0.255s
2025-11-12 18:20:38.299 65656 INFO tempest.lib.common.rest_client [req-aaf70c0a-f954-4df7-8db9-9d72ecd8c9f0 req-aaf70c0a-f954-4df7-8db9-9d72ecd8c9f0 ] Request (ListServersNegativeTestJSON:setUpClass): 200 GET http://10.180.1.21/compute/v2.1/servers/429d1e3c-a600-4b45-939c-b082ae43a312 0.454s
2025-11-12 18:20:38.316 65670 INFO tempest.lib.common.rest_client [req-023f7791-5900-40ed-aac5-701d3ced434b req-023f7791-5900-40ed-aac5-701d3ced434b ] Request (FloatingIPsAssociationTestJSON:tearDownClass): 200 GET http://10.180.1.21/compute/v2.1/servers/b938eeac-91f0-4f4d-a9cf-b00555ddd163 0.395s
2025-11-12 18:20:38.369 65706 INFO tempest.lib.common.rest_client [req-6d787283-5296-41a1-bc93-df4134525e02 req-6d787283-5296-41a1-bc93-df4134525e02 ] Request (ServersTestManualDisk:tearDownClass): 200 GET http://10.180.1.21/compute/v2.1/servers/ee03bd01-90a3-4936-89d1-6b1c3a756046 0.397s
2025-11-12 18:20:38.383 65698 INFO tempest.lib.common.rest_client [req-c0e21c95-75b9-41aa-a51a-a66381b9fd9c req-c0e21c95-75b9-41aa-a51a-a66381b9fd9c ] Request (ServersAdminTestJSON:tearDownClass): 200 GET http://10.180.1.21/compute/v2.1/servers/2e9dfebd-836c-4673-94b5-0a578f053219 0.317s
2025-11-12 18:20:38.448 65658 INFO tempest.lib.common.rest_client [req-1ed6ca52-6f1c-411c-aead-f9c7a3ecf899 req-1ed6ca52-6f1c-411c-aead-f9c7a3ecf899 ] Request (ServerMetadataNegativeTestJSON:tearDownClass): 200 GET http://10.180.1.21/compute/v2.1/servers/cc673459-09ea-436e-9d2a-0f7b8bcd582b 0.320s
2025-11-12 18:20:38.483 65672 INFO tempest.lib.common.rest_client [req-5ac5b0b3-05cd-4728-833d-100750c0a07d req-5ac5b0b3-05cd-4728-833d-100750c0a07d ] Request (ServerPasswordTestJSON:setUpClass): 200 GET http://10.180.1.21/compute/v2.1/servers/865a19ec-8f76-4480-af4c-355077d98ed0 0.391s
2025-11-12 18:20:38.513 65688 INFO tempest.lib.common.rest_client [req-cca77ea8-24fd-4864-858d-6f189442a27e req-cca77ea8-24fd-4864-858d-6f189442a27e ] Request (ImagesOneServerNegativeTestJSON:_run_cleanups): 200 GET http://10.180.1.21/compute/v2.1/servers/740be696-a0b8-4faf-8992-1565bdefe454 0.348s
2025-11-12 18:20:38.520 65688 INFO tempest.common.waiters [-] State transition "ACTIVE/deleting" ==> "DELETED/None" after 4 second wait
2025-11-12 18:20:38.537 65708 INFO tempest.lib.common.rest_client [req-b960f558-3598-455b-b21d-e4107c82fd49 req-b960f558-3598-455b-b21d-e4107c82fd49 ] Request (InstanceActionsTestJSON:setUpClass): 200 GET http://10.180.1.21/compute/v2.1/servers/c2af5d80-8249-4e65-bb08-f55916fc2279 0.300s
2025-11-12 18:20:38.554 65654 INFO tempest.lib.common.rest_client [req-7d5fb68f-0d47-4dc4-b7ab-3b69724dbc61 req-7d5fb68f-0d47-4dc4-b7ab-3b69724dbc61 ] Request (ServersTestMultiNic:tearDownClass): 404 DELETE http://10.180.1.21/compute/v2.1/servers/ff2e87ad-78ba-48f9-bacb-4b374eba1049 0.262s
2025-11-12 18:20:38.607 65700 INFO tempest.lib.common.rest_client [req-3e5a4a52-5f6e-4091-b444-b9cb8111fbff req-3e5a4a52-5f6e-4091-b444-b9cb8111fbff ] Request (ServersTestJSON:test_create_server_with_ipv6_addr_only): 200 GET http://10.180.1.21/compute/v2.1/servers/5ea31b52-7c99-4a74-9d8b-e4a302f6b744 0.308s
2025-11-12 18:20:38.614 65676 INFO tempest.lib.common.rest_client [req-f42aa89f-5745-45c1-8bf4-2782c8f74e97 req-f42aa89f-5745-45c1-8bf4-2782c8f74e97 ] Request (ServersWithSpecificFlavorTestJSON:test_verify_created_server_ephemeral_disk): 200 GET http://10.180.1.21/compute/v2.1/servers/0da76875-29b9-44f7-aa4f-06b43c8d72bb 0.331s
2025-11-12 18:20:38.628 65676 INFO tempest.common.waiters [-] State transition "BUILD/spawning" ==> "ACTIVE/None" after 44 second wait
2025-11-12 18:20:38.659 65692 INFO tempest.lib.common.rest_client [req-f1e17916-2c1e-4500-8667-0cbe354caa63 req-f1e17916-2c1e-4500-8667-0cbe354caa63 ] Request (MigrationsAdminTest:test_resize_server_revert_deleted_flavor): 200 GET http://10.180.1.21/compute/v2.1/servers/26bd75a1-d8b1-491b-a308-ff6b1a779c7b 0.319s
2025-11-12 18:20:38.674 65680 INFO tempest.lib.common.rest_client [req-1aad9c34-f0b4-49e6-a2e8-fa90b3e435db req-1aad9c34-f0b4-49e6-a2e8-fa90b3e435db ] Request (ServerGroupTestJSON:_run_cleanups): 200 GET http://10.180.1.21/compute/v2.1/servers/b6ac65c5-569e-4dcf-84f9-ad2762e9dc51 0.279s
2025-11-12 18:20:38.693 65654 INFO tempest.lib.common.rest_client [req-36a327ac-c2e7-4766-891d-d1d483bff8cc req-36a327ac-c2e7-4766-891d-d1d483bff8cc ] Request (ServersTestMultiNic:tearDownClass): 404 GET http://10.180.1.21/compute/v2.1/servers/ff2e87ad-78ba-48f9-bacb-4b374eba1049 0.139s
2025-11-12 18:20:38.709 65660 INFO tempest.lib.common.rest_client [req-b5620e5e-ceb1-4999-b9d3-59d2c7c88069 req-b5620e5e-ceb1-4999-b9d3-59d2c7c88069 ] Request (SecurityGroupsTestJSON:test_server_security_groups): 200 GET http://10.180.1.21/compute/v2.1/servers/cd1f45db-f824-425f-a840-3a58ccd5c032 0.206s
2025-11-12 18:20:38.727 65654 INFO tempest.lib.common.rest_client [req-60236c95-7949-4b43-adfe-49e6fca43583 req-60236c95-7949-4b43-adfe-49e6fca43583 ] Request (ServersTestMultiNic:tearDownClass): 404 DELETE http://10.180.1.21/compute/v2.1/servers/ef46410e-9adb-481c-9e7a-2ab15a4910ba 0.033s
2025-11-12 18:20:38.750 65654 INFO tempest.lib.common.rest_client [req-8dce00d9-484c-4bff-ad03-37d1cb72e358 req-8dce00d9-484c-4bff-ad03-37d1cb72e358 ] Request (ServersTestMultiNic:tearDownClass): 404 GET http://10.180.1.21/compute/v2.1/servers/ef46410e-9adb-481c-9e7a-2ab15a4910ba 0.022s
2025-11-12 18:20:38.797 65676 INFO tempest.lib.common.rest_client [req-ed1d0fa9-5271-472b-90c3-e396d90d8a8c req-ed1d0fa9-5271-472b-90c3-e396d90d8a8c ] Request (ServersWithSpecificFlavorTestJSON:test_verify_created_server_ephemeral_disk): 200 GET http://10.180.1.21/compute/v2.1/servers/0da76875-29b9-44f7-aa4f-06b43c8d72bb/os-interface 0.169s
2025-11-12 18:20:39.334 65676 INFO tempest.lib.common.rest_client [req-2c982db9-e4e6-4d28-9870-f1d55a2de55e req-2c982db9-e4e6-4d28-9870-f1d55a2de55e ] Request (ServersWithSpecificFlavorTestJSON:test_verify_created_server_ephemeral_disk): 200 PUT http://10.180.1.21/networking/v2.0/floatingips/d6d2533f-aaeb-4716-8c29-0771909239ff 0.535s
2025-11-12 18:20:39.363 65684 INFO tempest.lib.common.rest_client [req-ba4d46b7-9b83-4cb0-a7ff-f0a3ab7ab1a7 req-ba4d46b7-9b83-4cb0-a7ff-f0a3ab7ab1a7 ] Request (AttachVolumeNegativeTest:test_attach_attached_volume_to_different_server): 200 GET http://10.180.1.21/compute/v2.1/servers/8f70b884-099a-4521-b282-50c62cb722d9 0.512s
2025-11-12 18:20:39.376 65686 INFO tempest.lib.common.rest_client [req-cc87a6ab-2ea6-412b-9c3d-a6ac6a4b927f req-cc87a6ab-2ea6-412b-9c3d-a6ac6a4b927f ] Request (AttachInterfacesTestJSON:_run_cleanups): 200 GET http://10.180.1.21/compute/v2.1/servers/b0d1ea8f-6f51-4113-b764-8f7700e79be3 0.365s
2025-11-12 18:20:39.436 65678 INFO tempest.lib.common.rest_client [req-df96a775-c944-4c8f-9b4d-0d3b8a0baeb5 req-df96a775-c944-4c8f-9b4d-0d3b8a0baeb5 ] Request (ImagesTestJSON:test_create_image_from_suspended_server): 200 GET http://10.180.1.21/compute/v2.1/servers/f231c788-a7f5-4b58-baed-397c4e1fa04a 0.367s
2025-11-12 18:20:39.448 65666 INFO tempest.lib.common.rest_client [req-23f10a0b-cbe2-4799-98d3-bb678e6883f6 req-23f10a0b-cbe2-4799-98d3-bb678e6883f6 ] Request (DeleteServersTestJSON:test_delete_server_while_in_shelved_state): 200 GET http://10.180.1.21/compute/v2.1/servers/84354604-ca0e-4ccf-89f8-9b6523470cdc 0.320s
2025-11-12 18:20:39.489 65654 INFO tempest.lib.common.rest_client [req-cdde456b-27a3-42c5-b6fd-ca3d363996dd req-cdde456b-27a3-42c5-b6fd-ca3d363996dd ] Request (ServersTestMultiNic:tearDownClass): 200 PUT http://10.180.1.21/networking/v2.0/routers/ade774f8-451e-42e0-9f6a-90bbcaa12519/remove_router_interface 0.739s
2025-11-12 18:20:39.518 65668 INFO tempest.lib.common.rest_client [req-ea1908da-06c3-41cf-b329-cd9448ef9703 req-ea1908da-06c3-41cf-b329-cd9448ef9703 ] Request (ServersAdminNegativeTestJSON:tearDownClass): 200 GET http://10.180.1.21/compute/v2.1/servers/44f67a06-8265-48e1-bd8f-f954afbb3f0f 0.339s
2025-11-12 18:20:39.564 65674 INFO tempest.lib.common.rest_client [req-f110f16b-80b2-481a-a80b-9e234c20846f req-f110f16b-80b2-481a-a80b-9e234c20846f ] Request (AttachInterfacesV270Test:test_create_get_list_interfaces): 200 GET http://10.180.1.21/compute/v2.1/servers/dc5a382a-294f-4af8-a960-d8d9749a4164 0.307s
2025-11-12 18:20:39.607 65664 INFO tempest.lib.common.rest_client [req-2f81c83b-1020-4937-9ffb-cdf135c01ef8 req-2f81c83b-1020-4937-9ffb-cdf135c01ef8 ] Request (ListServerFiltersTestJSON:tearDownClass): 200 GET http://10.180.1.21/compute/v2.1/servers/d521dcb1-f35d-4c93-8ad9-2920ffe546c3 0.343s
2025-11-12 18:20:39.658 65656 INFO tempest.lib.common.rest_client [req-68b59f02-2065-4b17-a785-1fb4c40d0f4c req-68b59f02-2065-4b17-a785-1fb4c40d0f4c ] Request (ListServersNegativeTestJSON:setUpClass): 200 GET http://10.180.1.21/compute/v2.1/servers/429d1e3c-a600-4b45-939c-b082ae43a312 0.350s
2025-11-12 18:20:39.667 65656 INFO tempest.common.waiters [-] State transition "BUILD/None" ==> "BUILD/networking" after 36 second wait
2025-11-12 18:20:39.694 65670 INFO tempest.lib.common.rest_client [req-7e82b96c-f819-4329-9d1f-832b98b5aed4 req-7e82b96c-f819-4329-9d1f-832b98b5aed4 ] Request (FloatingIPsAssociationTestJSON:tearDownClass): 200 GET http://10.180.1.21/compute/v2.1/servers/b938eeac-91f0-4f4d-a9cf-b00555ddd163 0.367s
2025-11-12 18:20:39.770 65676 INFO tempest.lib.common.rest_client [req-bb229779-4117-4c20-8158-3b12db2539c7 req-bb229779-4117-4c20-8158-3b12db2539c7 ] Request (ServersWithSpecificFlavorTestJSON:test_verify_created_server_ephemeral_disk): 200 GET http://10.180.1.21/compute/v2.1/servers/0da76875-29b9-44f7-aa4f-06b43c8d72bb 0.435s
2025-11-12 18:20:39.778 65676 INFO tempest.lib.common.ssh [-] Creating ssh connection to '10.180.180.186:22' as 'cirros' with public key authentication
2025-11-12 18:20:39.801 65706 INFO tempest.lib.common.rest_client [req-3e3567ac-a570-4f20-ad47-5fb005ae13e8 req-3e3567ac-a570-4f20-ad47-5fb005ae13e8 ] Request (ServersTestManualDisk:tearDownClass): 200 GET http://10.180.1.21/compute/v2.1/servers/ee03bd01-90a3-4936-89d1-6b1c3a756046 0.423s
2025-11-12 18:20:39.837 65698 INFO tempest.lib.common.rest_client [req-270361ae-abf0-4809-97f0-b8c5b3e5e0ed req-270361ae-abf0-4809-97f0-b8c5b3e5e0ed ] Request (ServersAdminTestJSON:tearDownClass): 200 GET http://10.180.1.21/compute/v2.1/servers/2e9dfebd-836c-4673-94b5-0a578f053219 0.444s
2025-11-12 18:20:39.878 65658 INFO tempest.lib.common.rest_client [req-b3d0bf46-a04d-436f-8379-33a3fbb96b8d req-b3d0bf46-a04d-436f-8379-33a3fbb96b8d ] Request (ServerMetadataNegativeTestJSON:tearDownClass): 200 GET http://10.180.1.21/compute/v2.1/servers/cc673459-09ea-436e-9d2a-0f7b8bcd582b 0.422s
2025-11-12 18:20:39.916 65654 INFO tempest.lib.common.rest_client [req-5b152e08-f983-43bd-a193-931db1914d9a req-5b152e08-f983-43bd-a193-931db1914d9a ] Request (ServersTestMultiNic:tearDownClass): 204 DELETE http://10.180.1.21/networking/v2.0/routers/ade774f8-451e-42e0-9f6a-90bbcaa12519 0.426s
2025-11-12 18:20:39.951 65672 INFO tempest.lib.common.rest_client [req-d065c612-c400-4951-b909-bd8ecc78adb5 req-d065c612-c400-4951-b909-bd8ecc78adb5 ] Request (ServerPasswordTestJSON:setUpClass): 200 GET http://10.180.1.21/compute/v2.1/servers/865a19ec-8f76-4480-af4c-355077d98ed0 0.460s
2025-11-12 18:20:39.962 65672 INFO tempest.common.waiters [-] State transition "BUILD/spawning" ==> "ACTIVE/None" after 40 second wait
2025-11-12 18:20:39.963 65688 INFO tempest.lib.common.rest_client [req-b356b95b-bf8b-4054-bf58-cc6ba8397b7e req-b356b95b-bf8b-4054-bf58-cc6ba8397b7e ] Request (ImagesOneServerNegativeTestJSON:_run_cleanups): 200 GET http://10.180.1.21/compute/v2.1/servers/740be696-a0b8-4faf-8992-1565bdefe454 0.440s
2025-11-12 18:20:39.970 65676 WARNING tempest.lib.common.ssh [-] Failed to establish authenticated ssh connection to cirros@10.180.180.186 ([Errno None] Unable to connect to port 22 on 10.180.180.186). Number attempts: 1. Retry after 2 seconds.: paramiko.ssh_exception.NoValidConnectionsError: [Errno None] Unable to connect to port 22 on 10.180.180.186
2025-11-12 18:20:40.027 65708 INFO tempest.lib.common.rest_client [req-b360fe08-b0f5-4130-a43f-c05add59088b req-b360fe08-b0f5-4130-a43f-c05add59088b ] Request (InstanceActionsTestJSON:setUpClass): 200 GET http://10.180.1.21/compute/v2.1/servers/c2af5d80-8249-4e65-bb08-f55916fc2279 0.480s
2025-11-12 18:20:40.046 65700 INFO tempest.lib.common.rest_client [req-15fb055b-d630-45b5-a9e3-bd92b0caefff req-15fb055b-d630-45b5-a9e3-bd92b0caefff ] Request (ServersTestJSON:test_create_server_with_ipv6_addr_only): 200 GET http://10.180.1.21/compute/v2.1/servers/5ea31b52-7c99-4a74-9d8b-e4a302f6b744 0.428s
2025-11-12 18:20:40.106 65654 INFO tempest.lib.common.rest_client [req-63483462-f065-46c9-8835-a73efcb9192f req-63483462-f065-46c9-8835-a73efcb9192f ] Request (ServersTestMultiNic:tearDownClass): 204 DELETE http://10.180.1.21/networking/v2.0/subnets/ad4a1f4f-77a3-4598-a96f-c9cc9a192470 0.190s
2025-11-12 18:20:40.118 65692 INFO tempest.lib.common.rest_client [req-5cf04a1e-ac08-43d4-8cc8-02ec66e737ff req-5cf04a1e-ac08-43d4-8cc8-02ec66e737ff ] Request (MigrationsAdminTest:test_resize_server_revert_deleted_flavor): 200 GET http://10.180.1.21/compute/v2.1/servers/26bd75a1-d8b1-491b-a308-ff6b1a779c7b 0.452s
2025-11-12 18:20:40.134 65680 INFO tempest.lib.common.rest_client [req-e92800fd-cc56-4563-8f7d-d3bf55700106 req-e92800fd-cc56-4563-8f7d-d3bf55700106 ] Request (ServerGroupTestJSON:_run_cleanups): 200 GET http://10.180.1.21/compute/v2.1/servers/b6ac65c5-569e-4dcf-84f9-ad2762e9dc51 0.452s
2025-11-12 18:20:40.189 65672 INFO tempest.lib.common.rest_client [req-85447b41-e229-4c64-9464-b2401b4ae88f req-85447b41-e229-4c64-9464-b2401b4ae88f ] Request (ServerPasswordTestJSON:test_delete_server_password): 204 DELETE http://10.180.1.21/compute/v2.1/servers/865a19ec-8f76-4480-af4c-355077d98ed0/os-server-password 0.225s
2025-11-12 18:20:40.219 65672 INFO tempest.lib.common.rest_client [req-751fc090-2075-4505-8762-ce5bf6014627 req-751fc090-2075-4505-8762-ce5bf6014627 ] Request (ServerPasswordTestJSON:test_get_server_password): 200 GET http://10.180.1.21/compute/v2.1/servers/865a19ec-8f76-4480-af4c-355077d98ed0/os-server-password 0.028s
2025-11-12 18:20:40.225 65704 WARNING tempest.lib.common.ssh [-] Failed to establish authenticated ssh connection to cirros@10.180.180.179 ([Errno None] Unable to connect to port 22 on 10.180.180.179). Number attempts: 1. Retry after 2 seconds.: paramiko.ssh_exception.NoValidConnectionsError: [Errno None] Unable to connect to port 22 on 10.180.180.179
2025-11-12 18:20:40.306 65672 INFO tempest.lib.common.rest_client [req-b72a36b3-6a49-4309-a1b1-804f6efe9cc1 req-b72a36b3-6a49-4309-a1b1-804f6efe9cc1 ] Request (ServerPasswordTestJSON:tearDownClass): 204 DELETE http://10.180.1.21/compute/v2.1/servers/865a19ec-8f76-4480-af4c-355077d98ed0 0.086s
2025-11-12 18:20:40.413 65654 INFO tempest.lib.common.rest_client [req-793656f4-da64-4fc7-ba65-5e9414e93a44 req-793656f4-da64-4fc7-ba65-5e9414e93a44 ] Request (ServersTestMultiNic:tearDownClass): 204 DELETE http://10.180.1.21/networking/v2.0/networks/1bad2ed8-a0cd-4747-9f68-f682b6e078be 0.306s
2025-11-12 18:20:40.440 65660 INFO tempest.lib.common.rest_client [req-91ea7426-7130-4016-ad81-8f245a437ae1 req-91ea7426-7130-4016-ad81-8f245a437ae1 ] Request (SecurityGroupsTestJSON:test_server_security_groups): 200 GET http://10.180.1.21/compute/v2.1/servers/cd1f45db-f824-425f-a840-3a58ccd5c032 0.723s
2025-11-12 18:20:40.452 65660 INFO tempest.common.waiters [-] State transition "BUILD/scheduling" ==> "BUILD/None" after 19 second wait
2025-11-12 18:20:40.528 65684 INFO tempest.lib.common.rest_client [req-d186fd34-f8c1-417a-929b-22109288e7aa req-d186fd34-f8c1-417a-929b-22109288e7aa ] Request (AttachVolumeNegativeTest:test_attach_attached_volume_to_different_server): 200 GET http://10.180.1.21/compute/v2.1/servers/8f70b884-099a-4521-b282-50c62cb722d9 0.154s
2025-11-12 18:20:40.538 65684 INFO tempest.common.waiters [-] State transition "BUILD/scheduling" ==> "BUILD/None" after 9 second wait
2025-11-12 18:20:40.564 65672 INFO tempest.lib.common.rest_client [req-52f75fca-d727-403b-8ba4-76a01715cd1a req-52f75fca-d727-403b-8ba4-76a01715cd1a ] Request (ServerPasswordTestJSON:tearDownClass): 200 GET http://10.180.1.21/compute/v2.1/servers/865a19ec-8f76-4480-af4c-355077d98ed0 0.257s
2025-11-12 18:20:40.595 65654 INFO tempest.lib.common.rest_client [req-0c557458-7aef-4ed7-b2b8-33404650d112 req-0c557458-7aef-4ed7-b2b8-33404650d112 ] Request (ServersTestMultiNic:tearDownClass): 204 DELETE http://10.180.1.21/identity/v3/users/27b5cc07f57844eda8e2dbcf0ed3f48e 0.182s
2025-11-12 18:20:40.596 65654 INFO tempest.lib.common.dynamic_creds [-] Deleting project and security group for project: b1c6f8822769491aac564d7e10d03d44
2025-11-12 18:20:40.644 65654 INFO tempest.lib.common.rest_client [req-8e589c32-7f42-4914-b650-3cf26b2716d2 req-8e589c32-7f42-4914-b650-3cf26b2716d2 ] Request (ServersTestMultiNic:tearDownClass): 200 GET http://10.180.1.21/networking/v2.0/security-groups?tenant_id=b1c6f8822769491aac564d7e10d03d44&name=default 0.048s
2025-11-12 18:20:40.669 65686 INFO tempest.lib.common.rest_client [req-b619109a-bbeb-4f42-9406-fe5979fd490c req-b619109a-bbeb-4f42-9406-fe5979fd490c ] Request (AttachInterfacesTestJSON:_run_cleanups): 200 GET http://10.180.1.21/compute/v2.1/servers/b0d1ea8f-6f51-4113-b764-8f7700e79be3 0.284s
2025-11-12 18:20:40.716 65678 INFO tempest.lib.common.rest_client [req-f7a499a9-015c-47f7-b930-eac795e265bf req-f7a499a9-015c-47f7-b930-eac795e265bf ] Request (ImagesTestJSON:test_create_image_from_suspended_server): 200 GET http://10.180.1.21/compute/v2.1/servers/f231c788-a7f5-4b58-baed-397c4e1fa04a 0.270s
2025-11-12 18:20:40.803 65654 INFO tempest.lib.common.rest_client [req-840b09e2-0a04-498e-9e8c-186791d19abb req-840b09e2-0a04-498e-9e8c-186791d19abb ] Request (ServersTestMultiNic:tearDownClass): 204 DELETE http://10.180.1.21/networking/v2.0/security-groups/f23819da-eeaa-4fa5-8c79-9eebe98f9640 0.158s
2025-11-12 18:20:40.859 65666 INFO tempest.lib.common.rest_client [req-f6885860-e0ff-4802-a613-c0584b2f957a req-f6885860-e0ff-4802-a613-c0584b2f957a ] Request (DeleteServersTestJSON:test_delete_server_while_in_shelved_state): 200 GET http://10.180.1.21/compute/v2.1/servers/84354604-ca0e-4ccf-89f8-9b6523470cdc 0.400s
2025-11-12 18:20:40.876 65668 INFO tempest.lib.common.rest_client [req-eab97af9-0a0b-4973-b509-b0f508186481 req-eab97af9-0a0b-4973-b509-b0f508186481 ] Request (ServersAdminNegativeTestJSON:tearDownClass): 200 GET http://10.180.1.21/compute/v2.1/servers/44f67a06-8265-48e1-bd8f-f954afbb3f0f 0.345s
2025-11-12 18:20:40.921 65654 INFO tempest.lib.common.rest_client [req-5c1737eb-37f8-4667-9ce6-07ec7dc561e6 req-5c1737eb-37f8-4667-9ce6-07ec7dc561e6 ] Request (ServersTestMultiNic:tearDownClass): 204 DELETE http://10.180.1.21/identity/v3/projects/b1c6f8822769491aac564d7e10d03d44 0.118s
2025-11-12 18:20:41.010 65654 INFO tempest.lib.common.rest_client [req-41ba6577-1260-419a-b823-1c78e80fd626 req-41ba6577-1260-419a-b823-1c78e80fd626 ] Request (ServerActionsTestOtherB:setUpClass): 201 POST http://10.180.1.21/identity/v3/auth/tokens 0.086s
2025-11-12 18:20:41.053 65654 INFO tempest.lib.common.rest_client [req-114bfcb7-b39c-4680-839c-79ee5c2c4e9a req-114bfcb7-b39c-4680-839c-79ee5c2c4e9a ] Request (ServerActionsTestOtherB:setUpClass): 201 POST http://10.180.1.21/identity/v3/auth/tokens 0.040s
2025-11-12 18:20:41.068 65664 INFO tempest.lib.common.rest_client [req-563cc6f7-361d-40f8-b0a6-d925b3e6cbe1 req-563cc6f7-361d-40f8-b0a6-d925b3e6cbe1 ] Request (ListServerFiltersTestJSON:tearDownClass): 200 GET http://10.180.1.21/compute/v2.1/servers/d521dcb1-f35d-4c93-8ad9-2920ffe546c3 0.448s
2025-11-12 18:20:41.082 65654 INFO tempest.lib.common.rest_client [req-dd78aa97-2c1b-4779-a17b-d2e51408e76b req-dd78aa97-2c1b-4779-a17b-d2e51408e76b ] Request (ServerActionsTestOtherB:setUpClass): 200 GET http://10.180.1.21/identity/v3/domains?name=Default 0.029s
2025-11-12 18:20:41.101 65674 INFO tempest.lib.common.rest_client [req-c184ea01-2b2b-44b1-9e74-3e0042dd14c8 req-c184ea01-2b2b-44b1-9e74-3e0042dd14c8 ] Request (AttachInterfacesV270Test:test_create_get_list_interfaces): 200 GET http://10.180.1.21/compute/v2.1/servers/dc5a382a-294f-4af8-a960-d8d9749a4164 0.524s
2025-11-12 18:20:41.110 65674 INFO tempest.common.waiters [-] State transition "BUILD/spawning" ==> "ACTIVE/None" after 40 second wait
