2025-11-22 00:34:20.146 66651 INFO tempest.lib.common.dynamic_creds [-] Acquired dynamic creds: credentials: Credentials: {'domain_id': 'default', 'domain_name': 'Default', 'username': 'tempest-AttachVolumeNegativeTest-2115014450-project-member', 'project_domain_id': 'default', 'project_domain_name': 'Default', 'project_id': 'b8538eccf1cf432a8e15021fbfed280f', 'project_name': 'tempest-AttachVolumeNegativeTest-2115014450', 'tenant_id': 'b8538eccf1cf432a8e15021fbfed280f', 'tenant_name': 'tempest-AttachVolumeNegativeTest-2115014450', 'user_domain_id': 'default', 'user_domain_name': 'Default', 'user_id': 'f04ac1d7a9e14023a9db7cb6a20b6fcb', 'system': None}, Network: None, Subnet: None, Router: None
2025-11-22 00:34:20.170 66667 INFO tempest.lib.common.rest_client [req-82908cca-c8f3-498d-bf0a-bd42156326d5 req-82908cca-c8f3-498d-bf0a-bd42156326d5 ] Request (FloatingIPsAssociationNegativeTestJSON:_run_cleanups): 202 DELETE http://10.180.1.21/compute/v2.1/os-floating-ips/65be9de1-58ad-4e7f-ad4b-03db9cb530d6 5.563s
2025-11-22 00:34:20.198 66647 INFO tempest.lib.common.rest_client [req-188fe919-cb0f-4935-a3d3-5c48ca2b5116 req-188fe919-cb0f-4935-a3d3-5c48ca2b5116 ] Request (FlavorsAdminTestJSON:test_create_server_with_non_public_flavor): 200 POST http://10.180.1.21/compute/v2.1/flavors 5.473s
2025-11-22 00:34:20.218 66651 INFO tempest.lib.common.rest_client [req-a8ad8f96-4cef-4bca-bb80-5d235f8e17a7 req-a8ad8f96-4cef-4bca-bb80-5d235f8e17a7 ] Request (AttachVolumeNegativeTest:setUpClass): 201 POST http://10.180.1.21/identity/v3/auth/tokens 0.071s
2025-11-22 00:34:20.688 66651 INFO tempest.lib.common.rest_client [req-cb21de58-5782-402e-a3b3-31953edf092a req-cb21de58-5782-402e-a3b3-31953edf092a ] Request (AttachVolumeNegativeTest:setUpClass): 201 POST http://10.180.1.21/networking/v2.0/networks 0.469s
2025-11-22 00:34:20.835 66627 INFO tempest.lib.common.rest_client [req-70252cdb-fb0f-44a3-9a1f-5c3bd55919ac req-70252cdb-fb0f-44a3-9a1f-5c3bd55919ac ] Request (AttachVolumeTestJSON:test_attach_detach_volume): 200 GET http://10.180.1.21/volume/v3/volumes/83b573b2-c8bb-4f25-94fd-528f733164a0 0.042s
2025-11-22 00:34:20.862 66629 INFO tempest.lib.common.rest_client [req-6e1e8b87-92bf-4070-8db1-3aa4ba54521b req-6e1e8b87-92bf-4070-8db1-3aa4ba54521b ] Request (AttachInterfacesUnderV243Test:test_add_remove_fixed_ip): 202 POST http://10.180.1.21/compute/v2.1/servers 6.153s
2025-11-22 00:34:20.894 66633 INFO tempest.lib.common.rest_client [req-e2b923d4-60c8-412a-8967-043d1f9bf1d0 req-e2b923d4-60c8-412a-8967-043d1f9bf1d0 ] Request (MigrationsAdminTest:test_resize_server_revert_deleted_flavor): 200 POST http://10.180.1.21/compute/v2.1/flavors 6.025s
2025-11-22 00:34:20.941 66613 INFO tempest.lib.common.rest_client [req-b2da6fa5-7039-432d-9b62-3e12d5633700 req-b2da6fa5-7039-432d-9b62-3e12d5633700 ] Request (ServersAdminTestJSON:test_list_servers_by_admin): 200 GET http://10.180.1.21/compute/v2.1/servers/detail 6.025s
2025-11-22 00:34:20.978 66651 INFO tempest.lib.common.rest_client [req-3e8222d3-7e98-421f-8cce-774a94f5f1a7 req-3e8222d3-7e98-421f-8cce-774a94f5f1a7 ] Request (AttachVolumeNegativeTest:setUpClass): 201 POST http://10.180.1.21/networking/v2.0/subnets 0.289s
2025-11-22 00:34:20.990 66669 INFO tempest.lib.common.rest_client [req-4e5e661f-e9e8-47fb-b987-7fb6ab6e5f8a req-4e5e661f-e9e8-47fb-b987-7fb6ab6e5f8a ] Request (ServersTestMultiNic:test_verify_multiple_nics_order): 200 GET http://10.180.1.21/compute/v2.1/servers/f38c8786-416a-4444-aa5b-3cfed315c083/ips 5.824s
2025-11-22 00:34:21.054 66635 INFO tempest.lib.common.rest_client [req-f55c98c1-c4be-4d73-899d-cdf071c3d67b req-f55c98c1-c4be-4d73-899d-cdf071c3d67b ] Request (ImagesMetadataTestJSON:setUpClass): 204 PUT http://10.180.1.21/image/v2/images/e1a8bdc4-7e32-4928-8da5-ee4b439e965c/file 0.980s
2025-11-22 00:34:21.120 66621 INFO tempest.lib.common.rest_client [req-67ed1a3c-8573-4685-ac9a-3aa9fa700b69 req-67ed1a3c-8573-4685-ac9a-3aa9fa700b69 ] Request (ServersWithSpecificFlavorTestJSON:test_verify_created_server_ephemeral_disk): 200 GET http://10.180.1.21/compute/v2.1/servers/b9a364c9-ef81-45da-a004-cd5667b40244 5.518s
2025-11-22 00:34:21.130 66617 INFO tempest.lib.common.rest_client [req-46fd9ad1-a627-47e9-bf07-2971bc692c47 req-46fd9ad1-a627-47e9-bf07-2971bc692c47 ] Request (ServerActionsV293TestJSON:setUpClass): 200 GET http://10.180.1.21/volume/v3/volumes/a21c3ed7-29a7-4f27-994b-c5c607ba4b81 0.038s
2025-11-22 00:34:21.132 66665 INFO tempest.lib.common.rest_client [req-5bdd6629-1f38-4a46-9560-6b10ca2e75ac req-5bdd6629-1f38-4a46-9560-6b10ca2e75ac ] Request (AggregatesAdminNegativeTestJSON:test_aggregate_get_details_with_invalid_id): 404 GET http://10.180.1.21/compute/v2.1/os-aggregates/-1 5.504s
2025-11-22 00:34:21.192 66639 INFO tempest.lib.common.rest_client [req-407815a7-6541-4453-8725-fc871d17cf0d req-407815a7-6541-4453-8725-fc871d17cf0d ] Request (FloatingIPsAssociationTestJSON:setUpClass): 200 POST http://10.180.1.21/compute/v2.1/os-floating-ips 6.331s
2025-11-22 00:34:21.232 66655 INFO tempest.lib.common.rest_client [req-15c3a6ef-088a-4ce5-a33d-c8dc9796a47d req-15c3a6ef-088a-4ce5-a33d-c8dc9796a47d ] Request (DeleteServersAdminTestJSON:tearDownClass): 404 GET http://10.180.1.21/compute/v2.1/servers/bb6012b3-3e72-405c-882a-c8bf7c6e5289 3.881s
2025-11-22 00:34:21.293 66639 INFO tempest.lib.common.rest_client [req-d70b5df8-8b1b-4249-bbe2-bd80d23c4be7 req-d70b5df8-8b1b-4249-bbe2-bd80d23c4be7 ] Request (FloatingIPsAssociationTestJSON:test_associate_already_associated_floating_ip): 201 POST http://10.180.1.21/identity/v3/auth/tokens 0.095s
2025-11-22 00:34:21.293 66639 INFO tempest.lib.common.fixed_network [-] (FloatingIPsAssociationTestJSON:test_associate_already_associated_floating_ip) Found network {'id': '327442e7-c2be-4ddf-8a9b-a36e9e29b58b', 'name': 'tempest-FloatingIPsAssociationTestJSON-1446007583-network', 'tenant_id': '2a75d9413dff4ad59d3c28749e2f53c0', 'project_id': '2a75d9413dff4ad59d3c28749e2f53c0', 'admin_state_up': True, 'mtu': 8950, 'status': 'ACTIVE', 'subnets': [], 'shared': False, 'port_security_enabled': True, 'router:external': False, 'provider:network_type': 'vlan', 'provider:physical_network': 'default', 'provider:segmentation_id': 896, 'availability_zone_hints': [], 'availability_zones': [], 'ipv4_address_scope': None, 'ipv6_address_scope': None, 'description': '', 'tags': [], 'created_at': '2025-11-22T00:33:48Z', 'updated_at': '2025-11-22T00:33:48Z', 'revision_number': 1} available for tenant
2025-11-22 00:34:21.379 66643 INFO tempest.lib.common.rest_client [req-c938282d-a4e1-4682-9f2f-94dc9e9b6c80 req-c938282d-a4e1-4682-9f2f-94dc9e9b6c80 ] Request (SecurityGroupRulesNegativeTestJSON:tearDownClass): 202 DELETE http://10.180.1.21/compute/v2.1/os-security-groups/e1953bff-575b-4c5f-8726-701513c43fbd 4.599s
2025-11-22 00:34:21.482 66655 INFO tempest.lib.common.rest_client [req-759a11d0-978d-4e2d-9a56-237dec341495 req-759a11d0-978d-4e2d-9a56-237dec341495 ] Request (DeleteServersAdminTestJSON:tearDownClass): 204 DELETE http://10.180.1.21/identity/v3/users/f1e026faf5e04271b752fbed0cce1074 0.249s
2025-11-22 00:34:21.504 66653 INFO tempest.lib.common.rest_client [req-4fc9fdb4-991d-4c69-958e-fe42e9b3407b req-4fc9fdb4-991d-4c69-958e-fe42e9b3407b ] Request (ServerMetadataTestJSON:setUp): 200 PUT http://10.180.1.21/compute/v2.1/servers/8f4ee749-488c-4b68-8beb-1dbc29c2bea3/metadata 3.526s
2025-11-22 00:34:21.639 66645 INFO tempest.lib.common.rest_client [req-c36c008f-7b3b-462b-8b02-99bf89993e91 req-c36c008f-7b3b-462b-8b02-99bf89993e91 ] Request (ImagesOneServerNegativeTestJSON:test_create_second_image_when_first_image_is_being_saved): 204 DELETE http://10.180.1.21/compute/v2.1/images/506d956b-7562-40ce-a450-b1594324665a 3.543s
2025-11-22 00:34:21.654 66655 INFO tempest.lib.common.rest_client [req-9a7d6266-8b5d-448b-8230-9c3c7f0b24b7 req-9a7d6266-8b5d-448b-8230-9c3c7f0b24b7 ] Request (DeleteServersAdminTestJSON:tearDownClass): 204 DELETE http://10.180.1.21/identity/v3/users/52f81df16d6b42819ae7399fce2eb388 0.171s
2025-11-22 00:34:21.654 66655 INFO tempest.lib.common.dynamic_creds [-] Deleting project and security group for project: 417d874f61cd4e2cbb3db6f2e868f4d1
2025-11-22 00:34:21.706 66607 INFO tempest.lib.common.rest_client [req-7b797907-76fe-4f23-a263-d34ff08934a0 req-7b797907-76fe-4f23-a263-d34ff08934a0 ] Request (InstanceActionsTestJSON:test_list_instance_actions): 200 GET http://10.180.1.21/compute/v2.1/servers/5d1e0ae1-0f6c-4329-afc9-3aee93af24eb 3.746s
2025-11-22 00:34:21.715 66607 INFO tempest.common.waiters [-] State transition "HARD_REBOOT/rebooting_hard" ==> "ACTIVE/None" after 5 second wait
2025-11-22 00:34:21.737 66631 INFO tempest.lib.common.rest_client [req-b5a6873a-02ac-4021-bdbf-fd079b664149 req-b5a6873a-02ac-4021-bdbf-fd079b664149 ] Request (TenantUsagesTestJSON:tearDownClass): 404 GET http://10.180.1.21/compute/v2.1/servers/507d72d1-6471-4593-954d-428338b26d4c 3.412s
2025-11-22 00:34:21.742 66655 INFO tempest.lib.common.rest_client [req-7092067f-3378-4794-b060-c036ab24069b req-7092067f-3378-4794-b060-c036ab24069b ] Request (DeleteServersAdminTestJSON:tearDownClass): 201 POST http://10.180.1.21/identity/v3/auth/tokens 0.088s
2025-11-22 00:34:21.901 66627 INFO tempest.lib.common.rest_client [req-137d0f32-e9db-47c6-86f5-0d13703c9c7a req-137d0f32-e9db-47c6-86f5-0d13703c9c7a ] Request (AttachVolumeTestJSON:test_attach_detach_volume): 200 GET http://10.180.1.21/volume/v3/volumes/83b573b2-c8bb-4f25-94fd-528f733164a0 0.055s
2025-11-22 00:34:21.907 66631 INFO tempest.lib.common.rest_client [req-e3a14967-887d-4a73-b5af-2781b310312d req-e3a14967-887d-4a73-b5af-2781b310312d ] Request (TenantUsagesTestJSON:tearDownClass): 204 DELETE http://10.180.1.21/identity/v3/users/9e07f106090e437d80a4b335d23b4057 0.169s
2025-11-22 00:34:21.996 66655 INFO tempest.lib.common.rest_client [req-d522209e-eee5-41f0-8ac4-c55ad5691a73 req-d522209e-eee5-41f0-8ac4-c55ad5691a73 ] Request (DeleteServersAdminTestJSON:tearDownClass): 200 GET http://10.180.1.21/networking/v2.0/security-groups?tenant_id=417d874f61cd4e2cbb3db6f2e868f4d1&name=default 0.253s
2025-11-22 00:34:22.009 66651 INFO tempest.lib.common.rest_client [req-797e96b7-9fdc-401a-929c-78f0b6a9fd19 req-797e96b7-9fdc-401a-929c-78f0b6a9fd19 ] Request (AttachVolumeNegativeTest:setUpClass): 201 POST http://10.180.1.21/networking/v2.0/routers 1.030s
2025-11-22 00:34:22.073 66631 INFO tempest.lib.common.rest_client [req-0820b135-312c-4576-9507-39b9e9ff1495 req-0820b135-312c-4576-9507-39b9e9ff1495 ] Request (TenantUsagesTestJSON:tearDownClass): 204 DELETE http://10.180.1.21/identity/v3/users/ce062f43f8d642b787aaf4e492d3ab90 0.165s
2025-11-22 00:34:22.073 66631 INFO tempest.lib.common.dynamic_creds [-] Deleting project and security group for project: a38eb086667244fba3b1fe8634985330
2025-11-22 00:34:22.141 66631 INFO tempest.lib.common.rest_client [req-0bcc80ff-e537-4026-bf9d-c3da8a2bb3bb req-0bcc80ff-e537-4026-bf9d-c3da8a2bb3bb ] Request (TenantUsagesTestJSON:tearDownClass): 201 POST http://10.180.1.21/identity/v3/auth/tokens 0.067s
2025-11-22 00:34:22.184 66617 INFO tempest.lib.common.rest_client [req-e21084c0-b90b-437f-855e-cadceddd9307 req-e21084c0-b90b-437f-855e-cadceddd9307 ] Request (ServerActionsV293TestJSON:setUpClass): 200 GET http://10.180.1.21/volume/v3/volumes/a21c3ed7-29a7-4f27-994b-c5c607ba4b81 0.042s
2025-11-22 00:34:22.208 66655 INFO tempest.lib.common.rest_client [req-3a833fdd-d9b3-4314-9164-ef890a80e474 req-3a833fdd-d9b3-4314-9164-ef890a80e474 ] Request (DeleteServersAdminTestJSON:tearDownClass): 204 DELETE http://10.180.1.21/networking/v2.0/security-groups/c75a1a19-1520-4848-97a9-51b05052beb2 0.211s
2025-11-22 00:34:22.315 66655 INFO tempest.lib.common.rest_client [req-e65a8e64-4314-4e93-861f-6a7baf2b3731 req-e65a8e64-4314-4e93-861f-6a7baf2b3731 ] Request (DeleteServersAdminTestJSON:tearDownClass): 204 DELETE http://10.180.1.21/identity/v3/projects/417d874f61cd4e2cbb3db6f2e868f4d1 0.107s
2025-11-22 00:34:22.315 66655 INFO tempest.lib.common.dynamic_creds [-] Deleting project and security group for project: 02fff87e173f4b4cacd3fabe467d6dfe
2025-11-22 00:34:22.709 66641 INFO tempest.lib.common.rest_client [req-29c6e3db-7166-48da-99fd-79f4a2ed07ed req-29c6e3db-7166-48da-99fd-79f4a2ed07ed ] Request (ServerActionsTestOtherA:test_rebuild_server_in_stop_state): 200 GET http://10.180.1.21/compute/v2.1/servers/55a5b214-a17c-4a98-9d67-447bc0fe00bd 4.112s
2025-11-22 00:34:22.717 66641 INFO tempest.common.waiters [-] State transition "BUILD/spawning" ==> "ACTIVE/None" after 16 second wait
2025-11-22 00:34:22.870 66619 INFO tempest.lib.common.rest_client [req-db886346-31e5-4b68-9d1e-479302a61aad req-db886346-31e5-4b68-9d1e-479302a61aad ] Request (ImagesOneServerTestJSON:tearDownClass): 204 DELETE http://10.180.1.21/compute/v2.1/images/3872df69-93ee-4fb5-87c5-768029ee751a 4.020s
2025-11-22 00:34:22.950 66627 INFO tempest.lib.common.rest_client [req-7c3bfaef-5bfe-4c3f-81b1-5a33c5602e69 req-7c3bfaef-5bfe-4c3f-81b1-5a33c5602e69 ] Request (AttachVolumeTestJSON:test_attach_detach_volume): 200 GET http://10.180.1.21/volume/v3/volumes/83b573b2-c8bb-4f25-94fd-528f733164a0 0.041s
2025-11-22 00:34:23.080 66631 INFO tempest.lib.common.rest_client [req-9cc9f871-d134-47e8-be2c-9e63f038f35e req-9cc9f871-d134-47e8-be2c-9e63f038f35e ] Request (TenantUsagesTestJSON:tearDownClass): 200 GET http://10.180.1.21/networking/v2.0/security-groups?tenant_id=a38eb086667244fba3b1fe8634985330&name=default 0.939s
2025-11-22 00:34:23.137 66651 INFO tempest.lib.common.rest_client [req-e2f8cd58-436c-41dc-b36a-7ab2645bc248 req-e2f8cd58-436c-41dc-b36a-7ab2645bc248 ] Request (AttachVolumeNegativeTest:setUpClass): 200 PUT http://10.180.1.21/networking/v2.0/routers/5ea992d5-e1b2-46d2-a678-9623e23f7644/add_router_interface 1.127s
2025-11-22 00:34:23.137 66651 INFO tempest.lib.common.dynamic_creds [-] Created isolated network resources for: credentials: Credentials: {'domain_id': 'default', 'domain_name': 'Default', 'username': 'tempest-AttachVolumeNegativeTest-2115014450-project-member', 'project_domain_id': 'default', 'project_domain_name': 'Default', 'project_id': 'b8538eccf1cf432a8e15021fbfed280f', 'project_name': 'tempest-AttachVolumeNegativeTest-2115014450', 'tenant_id': 'b8538eccf1cf432a8e15021fbfed280f', 'tenant_name': 'tempest-AttachVolumeNegativeTest-2115014450', 'user_domain_id': 'default', 'user_domain_name': 'Default', 'user_id': 'f04ac1d7a9e14023a9db7cb6a20b6fcb', 'system': None}, Network: {'id': 'a70afeae-b868-4546-b403-e840945c18d2', 'name': 'tempest-AttachVolumeNegativeTest-2132026196-network', 'tenant_id': 'b8538eccf1cf432a8e15021fbfed280f', 'project_id': 'b8538eccf1cf432a8e15021fbfed280f', 'admin_state_up': True, 'mtu': 8950, 'status': 'ACTIVE', 'subnets': [], 'shared': False, 'port_security_enabled': True, 'router:external': False, 'provider:network_type': 'vlan', 'provider:physical_network': 'default', 'provider:segmentation_id': 796, 'availability_zone_hints': [], 'availability_zones': [], 'ipv4_address_scope': None, 'ipv6_address_scope': None, 'description': '', 'tags': [], 'created_at': '2025-11-22T00:34:20Z', 'updated_at': '2025-11-22T00:34:20Z', 'revision_number': 1}, Subnet: {'id': 'bf36899d-c9b0-46a5-8f81-d5b92d666d17', 'name': 'tempest-AttachVolumeNegativeTest-2132026196-subnet', 'tenant_id': 'b8538eccf1cf432a8e15021fbfed280f', 'network_id': 'a70afeae-b868-4546-b403-e840945c18d2', 'ip_version': 4, 'subnetpool_id': None, 'enable_dhcp': True, 'ipv6_ra_mode': None, 'ipv6_address_mode': None, 'gateway_ip': '192.168.128.1', 'cidr': '192.168.128.0/28', 'allocation_pools': [{'start': '192.168.128.2', 'end': '192.168.128.14'}], 'host_routes': [], 'dns_nameservers': [], 'description': '', 'router:external': False, 'service_types': [], 'tags': [], 'created_at': '2025-11-22T00:34:20Z', 'updated_at': '2025-11-22T00:34:20Z', 'revision_number': 0, 'project_id': 'b8538eccf1cf432a8e15021fbfed280f'}, Router: {'id': '5ea992d5-e1b2-46d2-a678-9623e23f7644', 'name': 'tempest-AttachVolumeNegativeTest-2132026196-router', 'tenant_id': 'b8538eccf1cf432a8e15021fbfed280f', 'admin_state_up': True, 'status': 'ACTIVE', 'external_gateway_info': {'network_id': '71f1fe10-751f-4706-902b-2c26e71d7515', 'external_fixed_ips': [{'subnet_id': '6b3f9673-6099-4769-9e8e-3eacf4773a65', 'ip_address': '10.180.180.226'}], 'enable_snat': True}, 'description': '', 'availability_zones': [], 'distributed': False, 'ha': False, 'availability_zone_hints': [], 'routes': [], 'flavor_id': None, 'tags': [], 'created_at': '2025-11-22T00:34:21Z', 'updated_at': '2025-11-22T00:34:21Z', 'revision_number': 2, 'project_id': 'b8538eccf1cf432a8e15021fbfed280f'}
2025-11-22 00:34:23.220 66655 INFO tempest.lib.common.rest_client [req-5a7d4d48-df9b-40e9-9e8b-2c1820a732d0 req-5a7d4d48-df9b-40e9-9e8b-2c1820a732d0 ] Request (DeleteServersAdminTestJSON:tearDownClass): 200 GET http://10.180.1.21/networking/v2.0/security-groups?tenant_id=02fff87e173f4b4cacd3fabe467d6dfe&name=default 0.904s
2025-11-22 00:34:23.221 66617 INFO tempest.lib.common.rest_client [req-c9cad84f-610f-48e2-b7f6-a2f41416df94 req-c9cad84f-610f-48e2-b7f6-a2f41416df94 ] Request (ServerActionsV293TestJSON:setUpClass): 200 GET http://10.180.1.21/volume/v3/volumes/a21c3ed7-29a7-4f27-994b-c5c607ba4b81 0.028s
2025-11-22 00:34:23.241 66651 INFO tempest.lib.common.rest_client [req-bb67e7c4-d577-418a-92bb-0b2642b46cd0 req-bb67e7c4-d577-418a-92bb-0b2642b46cd0 ] Request (AttachVolumeNegativeTest:setUpClass): 201 POST http://10.180.1.21/identity/v3/auth/tokens 0.099s
2025-11-22 00:34:23.392 66631 INFO tempest.lib.common.rest_client [req-0caf9321-f181-49e8-83b6-23a10dc9ee4f req-0caf9321-f181-49e8-83b6-23a10dc9ee4f ] Request (TenantUsagesTestJSON:tearDownClass): 204 DELETE http://10.180.1.21/networking/v2.0/security-groups/ac387fba-d8ec-48e0-a43b-9edabd4331bf 0.311s
2025-11-22 00:34:23.467 66631 INFO tempest.lib.common.rest_client [req-7f6b18b7-607b-439c-ad08-7f2c4123b1ca req-7f6b18b7-607b-439c-ad08-7f2c4123b1ca ] Request (TenantUsagesTestJSON:tearDownClass): 204 DELETE http://10.180.1.21/identity/v3/projects/a38eb086667244fba3b1fe8634985330 0.075s
2025-11-22 00:34:23.467 66631 INFO tempest.lib.common.dynamic_creds [-] Deleting project and security group for project: 37fc93b8a3fa4a5ea26d36489a0cfae2
2025-11-22 00:34:23.538 66655 INFO tempest.lib.common.rest_client [req-712f42cc-9879-47fd-9f70-9c225906ff4b req-712f42cc-9879-47fd-9f70-9c225906ff4b ] Request (DeleteServersAdminTestJSON:tearDownClass): 204 DELETE http://10.180.1.21/networking/v2.0/security-groups/b528ecfc-d955-452a-bd2b-fa3b933ebadd 0.317s
2025-11-22 00:34:23.595 66611 INFO tempest.lib.common.rest_client [req-706da791-964b-4079-9905-6b9225906b1e req-706da791-964b-4079-9905-6b9225906b1e ] Request (ServersTestBootFromVolume:tearDownClass): 200 GET http://10.180.1.21/compute/v2.1/servers/197e6457-4e8d-4f51-9342-2c3b790a1f9a 4.600s
2025-11-22 00:34:23.605 66625 INFO tempest.lib.common.rest_client [req-4eb95e90-8d4e-4471-a5b0-01a36ff37e88 req-4eb95e90-8d4e-4471-a5b0-01a36ff37e88 ] Request (ServerMetadataNegativeTestJSON:test_server_create_metadata_key_too_long): 400 POST http://10.180.1.21/compute/v2.1/servers 4.597s
2025-11-22 00:34:23.629 66660 INFO tempest.lib.common.rest_client [req-b8735951-ccc9-42ab-ad51-e9918e822ac7 req-b8735951-ccc9-42ab-ad51-e9918e822ac7 ] Request (ServerGroupTestJSON:test_create_delete_multiple_server_groups_with_same_name_policy): 200 GET http://10.180.1.21/compute/v2.1/os-server-groups 4.608s
2025-11-22 00:34:23.668 66657 INFO tempest.lib.common.rest_client [req-28113366-c2ea-4d98-9dd6-6667acfff959 req-28113366-c2ea-4d98-9dd6-6667acfff959 ] Request (ServerDiagnosticsTest:test_get_server_diagnostics): 202 POST http://10.180.1.21/compute/v2.1/servers 5.546s
2025-11-22 00:34:23.669 66631 INFO tempest.lib.common.rest_client [req-7ef696dd-2bda-456a-a210-2278781975d5 req-7ef696dd-2bda-456a-a210-2278781975d5 ] Request (TenantUsagesTestJSON:tearDownClass): 200 GET http://10.180.1.21/networking/v2.0/security-groups?tenant_id=37fc93b8a3fa4a5ea26d36489a0cfae2&name=default 0.201s
2025-11-22 00:34:23.705 66625 INFO tempest.lib.common.rest_client [req-5402ff73-a1b2-4234-ada5-d830fda9031d req-5402ff73-a1b2-4234-ada5-d830fda9031d ] Request (ServerMetadataNegativeTestJSON:test_server_create_metadata_key_too_long): 201 POST http://10.180.1.21/identity/v3/auth/tokens 0.097s
2025-11-22 00:34:23.705 66625 INFO tempest.lib.common.fixed_network [-] (ServerMetadataNegativeTestJSON:test_server_create_metadata_key_too_long) Found network {'id': '961d364e-e7b8-4698-90c2-6b0a6143d2d1', 'name': 'tempest-ServerMetadataNegativeTestJSON-2146209023-network', 'tenant_id': '59518244104e465cac636874cd1ff3f3', 'project_id': '59518244104e465cac636874cd1ff3f3', 'admin_state_up': True, 'mtu': 8950, 'status': 'ACTIVE', 'subnets': [], 'shared': False, 'port_security_enabled': True, 'router:external': False, 'provider:network_type': 'vlan', 'provider:physical_network': 'default', 'provider:segmentation_id': 428, 'availability_zone_hints': [], 'availability_zones': [], 'ipv4_address_scope': None, 'ipv6_address_scope': None, 'description': '', 'tags': [], 'created_at': '2025-11-22T00:33:07Z', 'updated_at': '2025-11-22T00:33:07Z', 'revision_number': 1} available for tenant
2025-11-22 00:34:23.722 66655 INFO tempest.lib.common.rest_client [req-c0f0239e-3ee3-4b55-b656-f2d7d6d27d75 req-c0f0239e-3ee3-4b55-b656-f2d7d6d27d75 ] Request (DeleteServersAdminTestJSON:tearDownClass): 204 DELETE http://10.180.1.21/identity/v3/projects/02fff87e173f4b4cacd3fabe467d6dfe 0.183s
2025-11-22 00:34:23.779 66631 INFO tempest.lib.common.rest_client [req-aec5bf10-6655-4cce-ab32-4ea6ba5a2b45 req-aec5bf10-6655-4cce-ab32-4ea6ba5a2b45 ] Request (TenantUsagesTestJSON:tearDownClass): 204 DELETE http://10.180.1.21/networking/v2.0/security-groups/e46060bb-78aa-40b3-b9be-6067eb5058a6 0.110s
2025-11-22 00:34:23.802 66655 INFO tempest.lib.common.rest_client [req-e3bb49e7-f1ad-4b9c-ba70-73007db6f851 req-e3bb49e7-f1ad-4b9c-ba70-73007db6f851 ] Request (KeyPairsV2TestJSON:setUpClass): 201 POST http://10.180.1.21/identity/v3/auth/tokens 0.078s
2025-11-22 00:34:23.840 66655 INFO tempest.lib.common.rest_client [req-ff3d3936-3330-47e2-8f56-dde946203ddd req-ff3d3936-3330-47e2-8f56-dde946203ddd ] Request (KeyPairsV2TestJSON:setUpClass): 201 POST http://10.180.1.21/identity/v3/auth/tokens 0.033s
2025-11-22 00:34:23.866 66655 INFO tempest.lib.common.rest_client [req-9645485f-c169-429e-af13-ebbd950f201c req-9645485f-c169-429e-af13-ebbd950f201c ] Request (KeyPairsV2TestJSON:setUpClass): 200 GET http://10.180.1.21/identity/v3/domains?name=Default 0.026s
2025-11-22 00:34:23.892 66655 INFO tempest.lib.common.rest_client [req-f9c42b00-42ae-47bb-b1e3-a3b830c845d4 req-f9c42b00-42ae-47bb-b1e3-a3b830c845d4 ] Request (KeyPairsV2TestJSON:setUpClass): 201 POST http://10.180.1.21/identity/v3/projects 0.026s
2025-11-22 00:34:23.915 66631 INFO tempest.lib.common.rest_client [req-ae10b6bf-ecb1-4ef7-b78c-73815bb652db req-ae10b6bf-ecb1-4ef7-b78c-73815bb652db ] Request (TenantUsagesTestJSON:tearDownClass): 204 DELETE http://10.180.1.21/identity/v3/projects/37fc93b8a3fa4a5ea26d36489a0cfae2 0.135s
2025-11-22 00:34:23.940 66615 INFO tempest.lib.common.rest_client [req-74e066db-bdf1-4557-8895-5bd076226484 req-74e066db-bdf1-4557-8895-5bd076226484 ] Request (ImagesTestJSON:test_create_image_from_stopped_server): 200 GET http://10.180.1.21/compute/v2.1/servers/e6339fcc-205c-4379-909f-95aafb0b925d 4.885s
2025-11-22 00:34:23.949 66615 INFO tempest.common.waiters [-] State transition "BUILD/block_device_mapping" ==> "BUILD/spawning" after 11 second wait
2025-11-22 00:34:23.977 66649 INFO tempest.lib.common.rest_client [req-d0dc5be0-6d35-4f0e-b0c8-43e2a739aa54 req-d0dc5be0-6d35-4f0e-b0c8-43e2a739aa54 ] Request (ImagesNegativeTestJSON:test_create_image_from_deleted_server): 200 GET http://10.180.1.21/compute/v2.1/servers/c8f9c4af-4b1c-41fd-b96e-6f77eef1ff8f 4.537s
2025-11-22 00:34:23.988 66649 INFO tempest.common.waiters [-] State transition "BUILD/None" ==> "BUILD/spawning" after 10 second wait
2025-11-22 00:34:23.991 66655 INFO tempest.lib.common.rest_client [req-00ed80a4-76cf-4276-8b7d-f4c7bbe66e11 req-00ed80a4-76cf-4276-8b7d-f4c7bbe66e11 ] Request (KeyPairsV2TestJSON:setUpClass): 201 POST http://10.180.1.21/identity/v3/users 0.098s
2025-11-22 00:34:23.997 66631 INFO tempest.lib.common.rest_client [req-965a077c-6c64-4b3e-b700-58f3806cfa83 req-965a077c-6c64-4b3e-b700-58f3806cfa83 ] Request (ServersTestManualDisk:setUpClass): 201 POST http://10.180.1.21/identity/v3/auth/tokens 0.080s
2025-11-22 00:34:24.009 66627 INFO tempest.lib.common.rest_client [req-fbae08ae-b2e5-4130-a3e1-b115e84da339 req-fbae08ae-b2e5-4130-a3e1-b115e84da339 ] Request (AttachVolumeTestJSON:test_attach_detach_volume): 200 GET http://10.180.1.21/volume/v3/volumes/83b573b2-c8bb-4f25-94fd-528f733164a0 0.051s
2025-11-22 00:34:24.025 66655 INFO tempest.lib.common.rest_client [req-5a86bf40-e93d-4127-abf1-0c7f09b79cda req-5a86bf40-e93d-4127-abf1-0c7f09b79cda ] Request (KeyPairsV2TestJSON:setUpClass): 200 GET http://10.180.1.21/identity/v3/roles 0.034s
2025-11-22 00:34:24.029 66623 INFO tempest.lib.common.rest_client [req-949678f1-1b2e-42c2-840d-2bf7148d80e7 req-949678f1-1b2e-42c2-840d-2bf7148d80e7 ] Request (ServersNegativeTestJSON:setUpClass): 200 GET http://10.180.1.21/compute/v2.1/servers/de2ca9ff-849a-4dd6-89f1-b3e9ee82d5d6 4.422s
2025-11-22 00:34:24.028 66609 INFO tempest.lib.common.rest_client [req-64b07dd9-1f03-4408-9cab-dc292bd2b1cb req-64b07dd9-1f03-4408-9cab-dc292bd2b1cb ] Request (ServersAdminNegativeTestJSON:_run_cleanups): 200 GET http://10.180.1.21/compute/v2.1/flavors/detail 4.274s
2025-11-22 00:34:24.037 66667 INFO tempest.lib.common.rest_client [req-5a0e74d2-363b-425b-a848-96bee35b18ae req-5a0e74d2-363b-425b-a848-96bee35b18ae ] Request (FloatingIPsAssociationNegativeTestJSON:test_associate_ip_to_server_without_passing_floating_ip): 400 POST http://10.180.1.21/compute/v2.1/servers/945c913f-f968-4c87-a909-62ba5d44bcf3/action 3.865s
2025-11-22 00:34:24.044 66631 INFO tempest.lib.common.rest_client [req-e1ac1cdc-cee3-444c-8ec5-f7d77f0e2680 req-e1ac1cdc-cee3-444c-8ec5-f7d77f0e2680 ] Request (ServersTestManualDisk:setUpClass): 201 POST http://10.180.1.21/identity/v3/auth/tokens 0.044s
2025-11-22 00:34:24.060 66647 INFO tempest.lib.common.rest_client [req-c2e21b48-be7e-4e3f-b2b2-bfeabff6ddf8 req-c2e21b48-be7e-4e3f-b2b2-bfeabff6ddf8 ] Request (FlavorsAdminTestJSON:test_create_server_with_non_public_flavor): 400 POST http://10.180.1.21/compute/v2.1/servers 3.857s
2025-11-22 00:34:24.072 66655 INFO tempest.lib.common.rest_client [req-d97ad22e-9529-4d6b-9f30-fff76a893217 req-d97ad22e-9529-4d6b-9f30-fff76a893217 ] Request (KeyPairsV2TestJSON:setUpClass): 204 PUT http://10.180.1.21/identity/v3/projects/1ed46ab313d145f2b8a515e060f805a8/users/960b4bad18c942c7a10fefad314c972d/roles/b734ad432d9a49e480b085769798b5d3 0.046s
2025-11-22 00:34:24.072 66655 INFO tempest.lib.common.dynamic_creds [-] Dynamic test user 960b4bad18c942c7a10fefad314c972d is created with scope project and roles: ['member']
2025-11-22 00:34:24.073 66655 INFO tempest.lib.common.dynamic_creds [-] Acquired dynamic creds: credentials: Credentials: {'domain_id': 'default', 'domain_name': 'Default', 'username': 'tempest-KeyPairsV2TestJSON-337137501-project-member', 'project_domain_id': 'default', 'project_domain_name': 'Default', 'project_id': '1ed46ab313d145f2b8a515e060f805a8', 'project_name': 'tempest-KeyPairsV2TestJSON-337137501', 'tenant_id': '1ed46ab313d145f2b8a515e060f805a8', 'tenant_name': 'tempest-KeyPairsV2TestJSON-337137501', 'user_domain_id': 'default', 'user_domain_name': 'Default', 'user_id': '960b4bad18c942c7a10fefad314c972d', 'system': None}, Network: None, Subnet: None, Router: None
2025-11-22 00:34:24.073 66655 INFO tempest.lib.common.dynamic_creds [-] Created isolated network resources for: credentials: Credentials: {'domain_id': 'default', 'domain_name': 'Default', 'username': 'tempest-KeyPairsV2TestJSON-337137501-project-member', 'project_domain_id': 'default', 'project_domain_name': 'Default', 'project_id': '1ed46ab313d145f2b8a515e060f805a8', 'project_name': 'tempest-KeyPairsV2TestJSON-337137501', 'tenant_id': '1ed46ab313d145f2b8a515e060f805a8', 'tenant_name': 'tempest-KeyPairsV2TestJSON-337137501', 'user_domain_id': 'default', 'user_domain_name': 'Default', 'user_id': '960b4bad18c942c7a10fefad314c972d', 'system': None}, Network: None, Subnet: None, Router: None
2025-11-22 00:34:24.076 66637 INFO tempest.lib.common.rest_client [req-59966a4a-f02a-49ff-a001-d214a312e2f5 req-59966a4a-f02a-49ff-a001-d214a312e2f5 ] Request (KeyPairsV22TestJSON:test_keypairs_create_list_delete): 201 POST http://10.180.1.21/compute/v2.1/os-keypairs 4.267s
2025-11-22 00:34:24.085 66631 INFO tempest.lib.common.rest_client [req-6ef4349d-ff6e-48c5-9471-fab123353c5d req-6ef4349d-ff6e-48c5-9471-fab123353c5d ] Request (ServersTestManualDisk:setUpClass): 200 GET http://10.180.1.21/identity/v3/domains?name=Default 0.040s
2025-11-22 00:34:24.091 66633 INFO tempest.lib.common.rest_client [req-67401a54-4325-47a7-a013-c9c684fb837a req-67401a54-4325-47a7-a013-c9c684fb837a ] Request (MigrationsAdminTest:test_resize_server_revert_deleted_flavor): 200 GET http://10.180.1.21/compute/v2.1/flavors/42/os-extra_specs 3.193s
2025-11-22 00:34:24.132 66629 INFO tempest.lib.common.rest_client [req-ffa6ee3e-2b0f-467a-8def-bddb94e8cbb3 req-ffa6ee3e-2b0f-467a-8def-bddb94e8cbb3 ] Request (AttachInterfacesUnderV243Test:test_add_remove_fixed_ip): 200 GET http://10.180.1.21/compute/v2.1/servers/b2221047-0316-47b1-b4a3-e0c426504f92 3.268s
2025-11-22 00:34:24.154 66631 INFO tempest.lib.common.rest_client [req-0264753c-e9a9-4fbe-a207-13749a091c56 req-0264753c-e9a9-4fbe-a207-13749a091c56 ] Request (ServersTestManualDisk:setUpClass): 201 POST http://10.180.1.21/identity/v3/projects 0.068s
2025-11-22 00:34:24.175 66655 INFO tempest.lib.common.rest_client [req-db2a47d9-6495-4916-ad64-66a52510cb6b req-db2a47d9-6495-4916-ad64-66a52510cb6b ] Request (KeyPairsV2TestJSON:setUpClass): 201 POST http://10.180.1.21/identity/v3/auth/tokens 0.098s
2025-11-22 00:34:24.224 66631 INFO tempest.lib.common.rest_client [req-4cd9c87e-f122-4a54-b780-ae6111f1a995 req-4cd9c87e-f122-4a54-b780-ae6111f1a995 ] Request (ServersTestManualDisk:setUpClass): 201 POST http://10.180.1.21/identity/v3/users 0.069s
2025-11-22 00:34:24.245 66669 INFO tempest.lib.common.rest_client [req-f25ee51f-d417-40a0-997d-af961359ed2b req-f25ee51f-d417-40a0-997d-af961359ed2b ] Request (ServersTestMultiNic:_run_cleanups): 204 DELETE http://10.180.1.21/compute/v2.1/servers/f38c8786-416a-4444-aa5b-3cfed315c083 3.253s
2025-11-22 00:34:24.268 66631 INFO tempest.lib.common.rest_client [req-f2643daf-ac28-40fd-a738-d453a577f5ee req-f2643daf-ac28-40fd-a738-d453a577f5ee ] Request (ServersTestManualDisk:setUpClass): 200 GET http://10.180.1.21/identity/v3/roles 0.044s
2025-11-22 00:34:24.278 66617 INFO tempest.lib.common.rest_client [req-867ee83c-2369-454f-93c3-48ecaad372c2 req-867ee83c-2369-454f-93c3-48ecaad372c2 ] Request (ServerActionsV293TestJSON:setUpClass): 200 GET http://10.180.1.21/volume/v3/volumes/a21c3ed7-29a7-4f27-994b-c5c607ba4b81 0.046s
2025-11-22 00:34:24.298 66635 INFO tempest.lib.common.rest_client [req-717f4adf-3cb8-4871-b9bf-f8780f4fa66f req-717f4adf-3cb8-4871-b9bf-f8780f4fa66f ] Request (ImagesMetadataTestJSON:setUpClass): 200 GET http://10.180.1.21/compute/v2.1/images/e1a8bdc4-7e32-4928-8da5-ee4b439e965c 3.244s
2025-11-22 00:34:24.318 66631 INFO tempest.lib.common.rest_client [req-978fb817-af5b-4ab0-b6ea-c79bf22f359c req-978fb817-af5b-4ab0-b6ea-c79bf22f359c ] Request (ServersTestManualDisk:setUpClass): 204 PUT http://10.180.1.21/identity/v3/projects/963b019eb83d4e95a56f6d9562d25527/users/46e78e05cbf04342b42eaf562bd500d1/roles/b734ad432d9a49e480b085769798b5d3 0.049s
2025-11-22 00:34:24.319 66631 INFO tempest.lib.common.dynamic_creds [-] Dynamic test user 46e78e05cbf04342b42eaf562bd500d1 is created with scope project and roles: ['member']
2025-11-22 00:34:24.319 66631 INFO tempest.lib.common.dynamic_creds [-] Acquired dynamic creds: credentials: Credentials: {'domain_id': 'default', 'domain_name': 'Default', 'username': 'tempest-ServersTestManualDisk-581166345-project-member', 'project_domain_id': 'default', 'project_domain_name': 'Default', 'project_id': '963b019eb83d4e95a56f6d9562d25527', 'project_name': 'tempest-ServersTestManualDisk-581166345', 'tenant_id': '963b019eb83d4e95a56f6d9562d25527', 'tenant_name': 'tempest-ServersTestManualDisk-581166345', 'user_domain_id': 'default', 'user_domain_name': 'Default', 'user_id': '46e78e05cbf04342b42eaf562bd500d1', 'system': None}, Network: None, Subnet: None, Router: None
2025-11-22 00:34:24.399 66665 INFO tempest.lib.common.rest_client [req-4bf45a95-7548-463b-b0ad-951918dc8978 req-4bf45a95-7548-463b-b0ad-951918dc8978 ] Request (AggregatesAdminNegativeTestJSON:test_aggregate_list_as_user): 403 GET http://10.180.1.21/compute/v2.1/os-aggregates 3.265s
2025-11-22 00:34:24.430 66631 INFO tempest.lib.common.rest_client [req-9903d4c3-2898-46f4-86d2-34c3aff6d10f req-9903d4c3-2898-46f4-86d2-34c3aff6d10f ] Request (ServersTestManualDisk:setUpClass): 201 POST http://10.180.1.21/identity/v3/auth/tokens 0.111s
2025-11-22 00:34:24.783 66631 INFO tempest.lib.common.rest_client [req-488dfb7c-2af6-4dd8-a8a9-d30652cfe163 req-488dfb7c-2af6-4dd8-a8a9-d30652cfe163 ] Request (ServersTestManualDisk:setUpClass): 201 POST http://10.180.1.21/networking/v2.0/networks 0.352s
2025-11-22 00:34:24.856 66613 INFO tempest.lib.common.rest_client [req-3a9fd3e7-4a89-444e-a83a-38c70b8b6007 req-3a9fd3e7-4a89-444e-a83a-38c70b8b6007 ] Request (ServersAdminTestJSON:test_list_servers_by_admin_with_all_tenants): 200 GET http://10.180.1.21/compute/v2.1/servers/detail?all_tenants= 3.903s
2025-11-22 00:34:24.890 66613 WARNING tempest.lib.common.rest_client [-] Deprecated: "tenant_id" property is deprecated for removal, use "project_id" instead
2025-11-22 00:34:25.062 66627 INFO tempest.lib.common.rest_client [req-79c03f73-fc5c-4d6e-9831-7003657bddd3 req-79c03f73-fc5c-4d6e-9831-7003657bddd3 ] Request (AttachVolumeTestJSON:test_attach_detach_volume): 200 GET http://10.180.1.21/volume/v3/volumes/83b573b2-c8bb-4f25-94fd-528f733164a0 0.039s
2025-11-22 00:34:25.094 66631 INFO tempest.lib.common.rest_client [req-cf083800-8b4a-43bc-8a84-a3f0aeb3711f req-cf083800-8b4a-43bc-8a84-a3f0aeb3711f ] Request (ServersTestManualDisk:setUpClass): 201 POST http://10.180.1.21/networking/v2.0/subnets 0.310s
2025-11-22 00:34:25.331 66617 INFO tempest.lib.common.rest_client [req-6baab5cf-4f7a-4439-a6a4-2156286e90ae req-6baab5cf-4f7a-4439-a6a4-2156286e90ae ] Request (ServerActionsV293TestJSON:setUpClass): 200 GET http://10.180.1.21/volume/v3/volumes/a21c3ed7-29a7-4f27-994b-c5c607ba4b81 0.044s
2025-11-22 00:34:25.662 66643 INFO tempest.lib.common.rest_client [req-58e8225c-3b75-434c-a98a-a40a74e7c39a req-58e8225c-3b75-434c-a98a-a40a74e7c39a ] Request (SecurityGroupRulesNegativeTestJSON:tearDownClass): 202 DELETE http://10.180.1.21/compute/v2.1/os-security-groups/819b422b-c983-414e-a3bc-883fa33edda3 4.283s
2025-11-22 00:34:25.728 66653 INFO tempest.lib.common.rest_client [req-a524e5d4-d5a9-448c-9865-c5c27fce374a req-a524e5d4-d5a9-448c-9865-c5c27fce374a ] Request (ServerMetadataTestJSON:test_delete_server_metadata_item): 204 DELETE http://10.180.1.21/compute/v2.1/servers/8f4ee749-488c-4b68-8beb-1dbc29c2bea3/metadata/key1 4.223s
2025-11-22 00:34:26.113 66627 INFO tempest.lib.common.rest_client [req-33e60221-e8e6-4d72-ac77-bd41b801f91c req-33e60221-e8e6-4d72-ac77-bd41b801f91c ] Request (AttachVolumeTestJSON:test_attach_detach_volume): 200 GET http://10.180.1.21/volume/v3/volumes/83b573b2-c8bb-4f25-94fd-528f733164a0 0.041s
2025-11-22 00:34:26.296 66631 INFO tempest.lib.common.rest_client [req-bccb03bb-fcbd-4a87-88eb-84df20700a78 req-bccb03bb-fcbd-4a87-88eb-84df20700a78 ] Request (ServersTestManualDisk:setUpClass): 201 POST http://10.180.1.21/networking/v2.0/routers 1.202s
2025-11-22 00:34:26.383 66617 INFO tempest.lib.common.rest_client [req-a34b764d-c9d1-4515-a081-8f7251c8fbee req-a34b764d-c9d1-4515-a081-8f7251c8fbee ] Request (ServerActionsV293TestJSON:setUpClass): 200 GET http://10.180.1.21/volume/v3/volumes/a21c3ed7-29a7-4f27-994b-c5c607ba4b81 0.033s
2025-11-22 00:34:27.176 66627 INFO tempest.lib.common.rest_client [req-bb4bb7f0-edb1-4fc7-9b87-aa095346c452 req-bb4bb7f0-edb1-4fc7-9b87-aa095346c452 ] Request (AttachVolumeTestJSON:test_attach_detach_volume): 200 GET http://10.180.1.21/volume/v3/volumes/83b573b2-c8bb-4f25-94fd-528f733164a0 0.056s
2025-11-22 00:34:27.183 66627 INFO tempest.common.waiters [-] Attachment 30dc8348-1de0-4eed-886e-111abdc9818f created for volume 83b573b2-c8bb-4f25-94fd-528f733164a0 to server e9c9b705-224c-477d-84d2-322487b0cbba after waiting for 8.183637 seconds
2025-11-22 00:34:27.219 66627 INFO tempest.lib.common.rest_client [req-20bac810-5e9e-4d65-bc9f-37d3be4d1960 req-20bac810-5e9e-4d65-bc9f-37d3be4d1960 ] Request (AttachVolumeTestJSON:test_attach_detach_volume): 200 GET http://10.180.1.21/volume/v3/volumes/83b573b2-c8bb-4f25-94fd-528f733164a0 0.035s
2025-11-22 00:34:27.227 66627 INFO tempest.common.waiters [-] volume 83b573b2-c8bb-4f25-94fd-528f733164a0 reached in-use after waiting for 0.227321 seconds
2025-11-22 00:34:27.445 66617 INFO tempest.lib.common.rest_client [req-3ff9b5d0-f4c3-4082-8242-df65efde16f9 req-3ff9b5d0-f4c3-4082-8242-df65efde16f9 ] Request (ServerActionsV293TestJSON:setUpClass): 200 GET http://10.180.1.21/volume/v3/volumes/a21c3ed7-29a7-4f27-994b-c5c607ba4b81 0.051s
2025-11-22 00:34:27.484 66645 INFO tempest.lib.common.rest_client [req-96f34667-4ff5-413b-9513-887857ccc42c req-96f34667-4ff5-413b-9513-887857ccc42c ] Request (ImagesOneServerNegativeTestJSON:tearDown): 200 GET http://10.180.1.21/compute/v2.1/servers/bafc22d8-3e4d-426a-8dbf-3649bd7f3fca 5.845s
2025-11-22 00:34:27.488 66631 INFO tempest.lib.common.rest_client [req-86a49bbd-6c6b-4b2d-a46e-ed07ed421349 req-86a49bbd-6c6b-4b2d-a46e-ed07ed421349 ] Request (ServersTestManualDisk:setUpClass): 200 PUT http://10.180.1.21/networking/v2.0/routers/333dc5c4-62c7-47b4-a2e3-622b84b17d54/add_router_interface 1.191s
2025-11-22 00:34:27.488 66631 INFO tempest.lib.common.dynamic_creds [-] Created isolated network resources for: credentials: Credentials: {'domain_id': 'default', 'domain_name': 'Default', 'username': 'tempest-ServersTestManualDisk-581166345-project-member', 'project_domain_id': 'default', 'project_domain_name': 'Default', 'project_id': '963b019eb83d4e95a56f6d9562d25527', 'project_name': 'tempest-ServersTestManualDisk-581166345', 'tenant_id': '963b019eb83d4e95a56f6d9562d25527', 'tenant_name': 'tempest-ServersTestManualDisk-581166345', 'user_domain_id': 'default', 'user_domain_name': 'Default', 'user_id': '46e78e05cbf04342b42eaf562bd500d1', 'system': None}, Network: {'id': '5f9d9d09-1097-4824-bff4-47cb7c7475bd', 'name': 'tempest-ServersTestManualDisk-1287262073-network', 'tenant_id': '963b019eb83d4e95a56f6d9562d25527', 'project_id': '963b019eb83d4e95a56f6d9562d25527', 'admin_state_up': True, 'mtu': 8950, 'status': 'ACTIVE', 'subnets': [], 'shared': False, 'port_security_enabled': True, 'router:external': False, 'provider:network_type': 'vlan', 'provider:physical_network': 'default', 'provider:segmentation_id': 76, 'availability_zone_hints': [], 'availability_zones': [], 'ipv4_address_scope': None, 'ipv6_address_scope': None, 'description': '', 'tags': [], 'created_at': '2025-11-22T00:34:24Z', 'updated_at': '2025-11-22T00:34:24Z', 'revision_number': 1}, Subnet: {'id': '72e52826-e6c3-4f5a-8237-fc5c7c8d32b9', 'name': 'tempest-ServersTestManualDisk-1287262073-subnet', 'tenant_id': '963b019eb83d4e95a56f6d9562d25527', 'network_id': '5f9d9d09-1097-4824-bff4-47cb7c7475bd', 'ip_version': 4, 'subnetpool_id': None, 'enable_dhcp': True, 'ipv6_ra_mode': None, 'ipv6_address_mode': None, 'gateway_ip': '192.168.128.1', 'cidr': '192.168.128.0/28', 'allocation_pools': [{'start': '192.168.128.2', 'end': '192.168.128.14'}], 'host_routes': [], 'dns_nameservers': [], 'description': '', 'router:external': False, 'service_types': [], 'tags': [], 'created_at': '2025-11-22T00:34:24Z', 'updated_at': '2025-11-22T00:34:24Z', 'revision_number': 0, 'project_id': '963b019eb83d4e95a56f6d9562d25527'}, Router: {'id': '333dc5c4-62c7-47b4-a2e3-622b84b17d54', 'name': 'tempest-ServersTestManualDisk-1287262073-router', 'tenant_id': '963b019eb83d4e95a56f6d9562d25527', 'admin_state_up': True, 'status': 'ACTIVE', 'external_gateway_info': {'network_id': '71f1fe10-751f-4706-902b-2c26e71d7515', 'external_fixed_ips': [{'subnet_id': '6b3f9673-6099-4769-9e8e-3eacf4773a65', 'ip_address': '10.180.180.210'}], 'enable_snat': True}, 'description': '', 'availability_zones': [], 'distributed': False, 'ha': False, 'availability_zone_hints': [], 'routes': [], 'flavor_id': None, 'tags': [], 'created_at': '2025-11-22T00:34:25Z', 'updated_at': '2025-11-22T00:34:25Z', 'revision_number': 2, 'project_id': '963b019eb83d4e95a56f6d9562d25527'}
2025-11-22 00:34:27.553 66607 INFO tempest.lib.common.rest_client [req-a93b5eb7-6df6-4ba4-bde5-f8cfc30a38a7 req-a93b5eb7-6df6-4ba4-bde5-f8cfc30a38a7 ] Request (InstanceActionsTestJSON:test_list_instance_actions): 200 GET http://10.180.1.21/compute/v2.1/servers/5d1e0ae1-0f6c-4329-afc9-3aee93af24eb/os-instance-actions 5.836s
2025-11-22 00:34:27.555 66639 INFO tempest.lib.common.rest_client [req-7bb7471d-b159-41b8-9a2f-f3e942843602 req-7bb7471d-b159-41b8-9a2f-f3e942843602 ] Request (FloatingIPsAssociationTestJSON:test_associate_already_associated_floating_ip): 202 POST http://10.180.1.21/compute/v2.1/servers 6.261s
2025-11-22 00:34:27.633 66631 INFO tempest.lib.common.rest_client [req-da700479-210e-489b-b434-0fe9bbb38ac4 req-da700479-210e-489b-b434-0fe9bbb38ac4 ] Request (ServersTestManualDisk:setUpClass): 201 POST http://10.180.1.21/identity/v3/auth/tokens 0.141s
2025-11-22 00:34:27.700 66621 INFO tempest.lib.common.rest_client [req-5fda46bf-84ad-42b0-ae50-c6e57f8fa459 req-5fda46bf-84ad-42b0-ae50-c6e57f8fa459 ] Request (ServersWithSpecificFlavorTestJSON:test_verify_created_server_ephemeral_disk): 200 GET http://10.180.1.21/compute/v2.1/servers/b9a364c9-ef81-45da-a004-cd5667b40244 5.568s
2025-11-22 00:34:27.728 66619 INFO tempest.lib.common.rest_client [req-4dc18696-92cf-4cd8-b4b6-a2060e9a6dee req-4dc18696-92cf-4cd8-b4b6-a2060e9a6dee ] Request (ImagesOneServerTestJSON:tearDownClass): 404 DELETE http://10.180.1.21/compute/v2.1/images/a3fa66b4-73f1-4a20-b748-5b85f34bb8f8 4.858s
2025-11-22 00:34:27.819 66641 INFO tempest.lib.common.rest_client [req-aebf9971-9f34-46c0-9f1a-5fee0389daaf req-aebf9971-9f34-46c0-9f1a-5fee0389daaf ] Request (ServerActionsTestOtherA:test_rebuild_server_in_stop_state): 200 GET http://10.180.1.21/compute/v2.1/servers/55a5b214-a17c-4a98-9d67-447bc0fe00bd 5.101s
2025-11-22 00:34:27.864 66660 INFO tempest.lib.common.rest_client [req-3bb656a5-cfd7-40a7-adfd-1268b9a57bfa req-3bb656a5-cfd7-40a7-adfd-1268b9a57bfa ] Request (ServerGroupTestJSON:test_create_delete_multiple_server_groups_with_same_name_policy): 204 DELETE http://10.180.1.21/compute/v2.1/os-server-groups/6063a2d8-7dc8-4458-884e-1880007c619e 4.233s
2025-11-22 00:34:27.916 66651 INFO tempest.lib.common.rest_client [req-114cd0e8-d4d5-485c-ac05-a7035c38f46f req-114cd0e8-d4d5-485c-ac05-a7035c38f46f ] Request (ValidationResourcesFixture:setUp): 200 POST http://10.180.1.21/compute/v2.1/os-keypairs 4.672s
2025-11-22 00:34:27.922 66625 INFO tempest.lib.common.rest_client [req-aa55430f-1378-4d16-a2db-0126d4b59958 req-aa55430f-1378-4d16-a2db-0126d4b59958 ] Request (ServerMetadataNegativeTestJSON:test_server_create_metadata_key_too_long): 400 POST http://10.180.1.21/compute/v2.1/servers 4.216s
2025-11-22 00:34:27.943 66657 INFO tempest.lib.common.rest_client [req-09caee97-ae48-4b60-91e5-b5c1953ce246 req-09caee97-ae48-4b60-91e5-b5c1953ce246 ] Request (ServerDiagnosticsTest:test_get_server_diagnostics): 200 GET http://10.180.1.21/compute/v2.1/servers/70ef0578-430c-402e-845a-ea9c858d3b56 4.271s
2025-11-22 00:34:28.063 66625 INFO tempest.lib.common.rest_client [req-e055e6cc-0b2e-40f8-9e62-ee5528c033a3 req-e055e6cc-0b2e-40f8-9e62-ee5528c033a3 ] Request (ServerMetadataNegativeTestJSON:test_server_create_metadata_key_too_long): 201 POST http://10.180.1.21/identity/v3/auth/tokens 0.138s
2025-11-22 00:34:28.064 66625 INFO tempest.lib.common.fixed_network [-] (ServerMetadataNegativeTestJSON:test_server_create_metadata_key_too_long) Found network {'id': '961d364e-e7b8-4698-90c2-6b0a6143d2d1', 'name': 'tempest-ServerMetadataNegativeTestJSON-2146209023-network', 'tenant_id': '59518244104e465cac636874cd1ff3f3', 'project_id': '59518244104e465cac636874cd1ff3f3', 'admin_state_up': True, 'mtu': 8950, 'status': 'ACTIVE', 'subnets': [], 'shared': False, 'port_security_enabled': True, 'router:external': False, 'provider:network_type': 'vlan', 'provider:physical_network': 'default', 'provider:segmentation_id': 428, 'availability_zone_hints': [], 'availability_zones': [], 'ipv4_address_scope': None, 'ipv6_address_scope': None, 'description': '', 'tags': [], 'created_at': '2025-11-22T00:33:07Z', 'updated_at': '2025-11-22T00:33:07Z', 'revision_number': 1} available for tenant
2025-11-22 00:34:28.079 66651 INFO tempest.lib.common.rest_client [req-978ea185-ef81-479d-af0f-29cf0c3b4c97 req-978ea185-ef81-479d-af0f-29cf0c3b4c97 ] Request (ValidationResourcesFixture:setUp): 201 POST http://10.180.1.21/networking/v2.0/security-groups 0.157s
2025-11-22 00:34:28.098 66609 INFO tempest.lib.common.rest_client [req-f1e635fa-9896-4ad3-9bc9-3708a12fca26 req-f1e635fa-9896-4ad3-9bc9-3708a12fca26 ] Request (ServersAdminNegativeTestJSON:test_resize_server_using_overlimit_vcpus): 200 GET http://10.180.1.21/compute/v2.1/os-quota-sets/b19e5581ab344d1fba0f7ebba13af11a 4.061s
2025-11-22 00:34:28.114 66647 INFO tempest.lib.common.rest_client [req-d3b279cc-a359-4c11-930c-fdacb0a2b416 req-d3b279cc-a359-4c11-930c-fdacb0a2b416 ] Request (FlavorsAdminTestJSON:_run_cleanups): 202 DELETE http://10.180.1.21/compute/v2.1/flavors/171518059 4.053s
2025-11-22 00:34:28.125 66637 INFO tempest.lib.common.rest_client [req-356587e5-b7f1-4c2d-8c5d-70b2902f6471 req-356587e5-b7f1-4c2d-8c5d-70b2902f6471 ] Request (KeyPairsV22TestJSON:test_keypairs_create_list_delete): 200 GET http://10.180.1.21/compute/v2.1/os-keypairs 4.048s
2025-11-22 00:34:28.169 66633 INFO tempest.lib.common.rest_client [req-3e6440c5-94b9-4c3d-8163-de125df5bdbd req-3e6440c5-94b9-4c3d-8163-de125df5bdbd ] Request (MigrationsAdminTest:test_resize_server_revert_deleted_flavor): 200 POST http://10.180.1.21/compute/v2.1/flavors/07bcf9ab-5d82-4567-bc64-2fc71f8617c7/os-extra_specs 4.076s
2025-11-22 00:34:28.225 66661 WARNING tempest.lib.common.ssh [-] Failed to establish authenticated ssh connection to cirros@10.180.180.162 ([Errno None] Unable to connect to port 22 on 10.180.180.162). Number attempts: 9. Retry after 10 seconds.: paramiko.ssh_exception.NoValidConnectionsError: [Errno None] Unable to connect to port 22 on 10.180.180.162
2025-11-22 00:34:28.262 66651 INFO tempest.lib.common.rest_client [req-0dd42b18-18e3-491e-8735-ac2228d6c7be req-0dd42b18-18e3-491e-8735-ac2228d6c7be ] Request (ValidationResourcesFixture:setUp): 201 POST http://10.180.1.21/networking/v2.0/security-group-rules 0.182s
2025-11-22 00:34:28.283 66633 INFO tempest.lib.common.rest_client [req-8ef11ead-d468-4516-8915-ad69aa5cb23a req-8ef11ead-d468-4516-8915-ad69aa5cb23a ] Request (MigrationsAdminTest:test_resize_server_revert_deleted_flavor): 201 POST http://10.180.1.21/identity/v3/auth/tokens 0.107s
2025-11-22 00:34:28.284 66633 INFO tempest.lib.common.fixed_network [-] (MigrationsAdminTest:test_resize_server_revert_deleted_flavor) Found network None available for tenant
2025-11-22 00:34:28.284 66667 INFO tempest.lib.common.rest_client [req-49826c27-019e-4843-9d9b-64d24d5d3209 req-49826c27-019e-4843-9d9b-64d24d5d3209 ] Request (FloatingIPsAssociationNegativeTestJSON:test_associate_nonexistent_floating_ip): 404 POST http://10.180.1.21/compute/v2.1/servers/945c913f-f968-4c87-a909-62ba5d44bcf3/action 4.245s
2025-11-22 00:34:28.318 66655 INFO tempest.lib.common.rest_client [req-fd75edca-ed17-420f-beb2-eaf581d875b1 req-fd75edca-ed17-420f-beb2-eaf581d875b1 ] Request (KeyPairsV2TestJSON:test_get_keypair_detail): 200 POST http://10.180.1.21/compute/v2.1/os-keypairs 4.140s
2025-11-22 00:34:28.496 66651 INFO tempest.lib.common.rest_client [req-5b97eaf6-769d-4b6c-be03-f776dc7f658a req-5b97eaf6-769d-4b6c-be03-f776dc7f658a ] Request (ValidationResourcesFixture:setUp): 201 POST http://10.180.1.21/networking/v2.0/security-group-rules 0.233s
2025-11-22 00:34:28.497 66617 INFO tempest.lib.common.rest_client [req-3bd31222-6f8f-4286-af7a-42f11f340bef req-3bd31222-6f8f-4286-af7a-42f11f340bef ] Request (ServerActionsV293TestJSON:setUpClass): 200 GET http://10.180.1.21/volume/v3/volumes/a21c3ed7-29a7-4f27-994b-c5c607ba4b81 0.042s
2025-11-22 00:34:28.557 66669 INFO tempest.lib.common.rest_client [req-c71a5313-1ff4-4932-94c0-a25bd78f3c81 req-c71a5313-1ff4-4932-94c0-a25bd78f3c81 ] Request (ServersTestMultiNic:_run_cleanups): 200 GET http://10.180.1.21/compute/v2.1/servers/f38c8786-416a-4444-aa5b-3cfed315c083 4.311s
2025-11-22 00:34:28.599 66665 INFO tempest.lib.common.rest_client [req-0e4ab023-0d0b-4413-a770-e78ba152de4f req-0e4ab023-0d0b-4413-a770-e78ba152de4f ] Request (AggregatesAdminNegativeTestJSON:test_aggregate_remove_host_as_user): 200 POST http://10.180.1.21/compute/v2.1/os-aggregates 4.198s
2025-11-22 00:34:28.659 66635 INFO tempest.lib.common.rest_client [req-1a6b9547-df8c-4072-aad5-5addf3c960c1 req-1a6b9547-df8c-4072-aad5-5addf3c960c1 ] Request (ImagesMetadataTestJSON:setUp): 200 PUT http://10.180.1.21/compute/v2.1/images/e1a8bdc4-7e32-4928-8da5-ee4b439e965c/metadata 4.354s
