2025-11-22 00:36:28.143 66631 INFO tempest.lib.common.rest_client [req-9091cc10-f505-49f2-b3e3-ec982cefc16b req-9091cc10-f505-49f2-b3e3-ec982cefc16b ] Request (ServersTestManualDisk:tearDownClass): 204 DELETE http://10.180.1.21/networking/v2.0/security-groups/288676f3-a7e9-4d5b-9cd8-cf5d1cddcd00 0.098s
2025-11-22 00:36:28.166 66661 INFO tempest.lib.common.rest_client [req-8eb0c7fe-bea7-4c09-9a67-c0824c24e077 req-8eb0c7fe-bea7-4c09-9a67-c0824c24e077 ] Request (VolumesAssistedSnapshotsTest:tearDownClass): 200 GET http://10.180.1.21/compute/v2.1/servers/a97ef002-ffed-4d29-8e65-505a5596a7d7 0.539s
2025-11-22 00:36:28.184 66609 INFO tempest.lib.common.rest_client [req-90e4e725-4056-4d6b-ae38-734d8459f899 req-90e4e725-4056-4d6b-ae38-734d8459f899 ] Request (ServerPasswordTestJSON:setUpClass): 200 GET http://10.180.1.21/compute/v2.1/servers/91dd0eb9-b11d-47a1-96e9-49ec74cca049 0.537s
2025-11-22 00:36:28.227 66641 INFO tempest.lib.common.rest_client [req-b7592dff-90b1-49c0-9826-98036ef01709 req-b7592dff-90b1-49c0-9826-98036ef01709 ] Request (ServerActionsTestOtherA:test_rebuild_server_with_volume_attached): 200 GET http://10.180.1.21/compute/v2.1/servers/d2716138-830f-44cf-86da-e74007392e95 0.429s
2025-11-22 00:36:28.232 66631 INFO tempest.lib.common.rest_client [req-d2836b20-886b-43f8-9ac2-5e1ac4bed7de req-d2836b20-886b-43f8-9ac2-5e1ac4bed7de ] Request (ServersTestManualDisk:tearDownClass): 204 DELETE http://10.180.1.21/identity/v3/projects/963b019eb83d4e95a56f6d9562d25527 0.088s
2025-11-22 00:36:28.257 66655 INFO tempest.lib.common.rest_client [req-fc1dfcc4-aa18-4708-ac22-ac47aff90da1 req-fc1dfcc4-aa18-4708-ac22-ac47aff90da1 ] Request (AttachInterfacesV270Test:tearDownClass): 200 GET http://10.180.1.21/compute/v2.1/servers/4d6a4ac9-ab10-4767-84fe-1399b8a072d5 0.432s
2025-11-22 00:36:28.268 66607 INFO tempest.lib.common.rest_client [req-f0e54d57-d1ae-4a3e-9d2a-dee42114a146 req-f0e54d57-d1ae-4a3e-9d2a-dee42114a146 ] Request (ServersListShow298Test:tearDownClass): 200 GET http://10.180.1.21/networking/v2.0/security-groups?tenant_id=1a0a3293cc7f48e4934c2b9f40254df6&name=default 0.301s
2025-11-22 00:36:28.286 66643 INFO tempest.lib.common.rest_client [req-79288249-1e0a-49f4-8afc-d4e4510ab833 req-79288249-1e0a-49f4-8afc-d4e4510ab833 ] Request (ListServerFiltersTestJSON:setUpClass): 200 GET http://10.180.1.21/compute/v2.1/servers/67e58d35-c3d3-40fa-9401-269c184102c5 0.240s
2025-11-22 00:36:28.310 66631 INFO tempest.lib.common.rest_client [req-7a8e774c-805e-4fa7-a614-9f94551209fc req-7a8e774c-805e-4fa7-a614-9f94551209fc ] Request (AttachVolumeShelveTestJSON:setUpClass): 201 POST http://10.180.1.21/identity/v3/auth/tokens 0.076s
2025-11-22 00:36:28.320 66669 INFO tempest.lib.common.rest_client [req-eb83f0bd-4228-4239-8b05-34d34699cbd4 req-eb83f0bd-4228-4239-8b05-34d34699cbd4 ] Request (MultipleCreateTestJSON:_run_cleanups): 200 GET http://10.180.1.21/compute/v2.1/servers/296d2602-572f-4c8f-9bc5-94286ff9dec1 0.175s
2025-11-22 00:36:28.341 66631 INFO tempest.lib.common.rest_client [req-43100914-2995-4390-a614-07e06d13276a req-43100914-2995-4390-a614-07e06d13276a ] Request (AttachVolumeShelveTestJSON:setUpClass): 201 POST http://10.180.1.21/identity/v3/auth/tokens 0.028s
2025-11-22 00:36:28.344 66611 INFO tempest.lib.common.rest_client [req-19fab148-f4e8-4bab-bb66-be2156943cf5 req-19fab148-f4e8-4bab-bb66-be2156943cf5 ] Request (ServerDiskConfigTestJSON:test_rebuild_server_with_manual_disk_config): 200 GET http://10.180.1.21/compute/v2.1/servers/ab36aba0-919a-48fa-99ee-a5e3833ad3fe 0.156s
2025-11-22 00:36:28.357 66607 INFO tempest.lib.common.rest_client [req-4302a287-4e86-4d97-b97a-8312c443fbe9 req-4302a287-4e86-4d97-b97a-8312c443fbe9 ] Request (ServersListShow298Test:tearDownClass): 204 DELETE http://10.180.1.21/networking/v2.0/security-groups/246bab2d-49a0-406c-a75b-b5133c5465d5 0.088s
2025-11-22 00:36:28.371 66631 INFO tempest.lib.common.rest_client [req-48dac8c8-a3d5-4c55-bcae-3d59dbdba99f req-48dac8c8-a3d5-4c55-bcae-3d59dbdba99f ] Request (AttachVolumeShelveTestJSON:setUpClass): 200 GET http://10.180.1.21/identity/v3/domains?name=Default 0.030s
2025-11-22 00:36:28.372 66625 INFO tempest.lib.common.rest_client [req-e6a3bcfe-2a7f-47ec-a60a-941802743772 req-e6a3bcfe-2a7f-47ec-a60a-941802743772 ] Request (ServersNegativeTestMultiTenantJSON:setUpClass): 200 GET http://10.180.1.21/compute/v2.1/servers/ab44c963-4841-40f9-9057-c4d7771bd873 0.051s
2025-11-22 00:36:28.399 66631 INFO tempest.lib.common.rest_client [req-5aeaf314-560c-4a7a-b40b-01c7005516c2 req-5aeaf314-560c-4a7a-b40b-01c7005516c2 ] Request (AttachVolumeShelveTestJSON:setUpClass): 201 POST http://10.180.1.21/identity/v3/projects 0.026s
2025-11-22 00:36:28.413 66607 INFO tempest.lib.common.rest_client [req-2314b017-d9ac-4f22-bdd4-fe45f000cb61 req-2314b017-d9ac-4f22-bdd4-fe45f000cb61 ] Request (ServersListShow298Test:tearDownClass): 204 DELETE http://10.180.1.21/identity/v3/projects/1a0a3293cc7f48e4934c2b9f40254df6 0.055s
2025-11-22 00:36:28.475 66631 INFO tempest.lib.common.rest_client [req-d757d654-0cd7-4973-8977-750b039972d7 req-d757d654-0cd7-4973-8977-750b039972d7 ] Request (AttachVolumeShelveTestJSON:setUpClass): 201 POST http://10.180.1.21/identity/v3/users 0.075s
2025-11-22 00:36:28.535 66667 INFO tempest.lib.common.rest_client [req-ebe874e6-d160-47b6-9af9-60451815f291 req-ebe874e6-d160-47b6-9af9-60451815f291 ] Request (ServersAaction247Test:tearDownClass): 200 GET http://10.180.1.21/compute/v2.1/servers/c623871a-81d8-41d5-bd10-9cfe12bba842 0.077s
2025-11-22 00:36:28.580 66629 INFO tempest.lib.common.rest_client [req-b44e8e5f-e62c-4817-b288-9251ca5d0b06 req-b44e8e5f-e62c-4817-b288-9251ca5d0b06 ] Request (AttachInterfacesUnderV243Test:test_add_remove_fixed_ip): 200 GET http://10.180.1.21/compute/v2.1/servers/b2221047-0316-47b1-b4a3-e0c426504f92/ips 0.094s
2025-11-22 00:36:28.586 66631 INFO tempest.lib.common.rest_client [req-c84e1fb4-e97f-4e0c-8b19-1b49c4f32827 req-c84e1fb4-e97f-4e0c-8b19-1b49c4f32827 ] Request (AttachVolumeShelveTestJSON:setUpClass): 200 GET http://10.180.1.21/identity/v3/roles 0.110s
2025-11-22 00:36:28.607 66623 INFO tempest.lib.common.rest_client [req-07f0aedf-28a4-4969-8e10-ee30c9f3764b req-07f0aedf-28a4-4969-8e10-ee30c9f3764b ] Request (ServersNegativeTestJSON:tearDown): 200 GET http://10.180.1.21/compute/v2.1/servers/79cf2e95-2bbe-42e2-8d44-c592189bcdfc 0.175s
2025-11-22 00:36:28.617 66631 INFO tempest.lib.common.rest_client [req-a337f29c-10c5-4e31-ab12-c73f6e5d200f req-a337f29c-10c5-4e31-ab12-c73f6e5d200f ] Request (AttachVolumeShelveTestJSON:setUpClass): 204 PUT http://10.180.1.21/identity/v3/projects/2540046e06954850b36f90fb905271dd/users/b0290ceaaae84f459d73a47da8522c53/roles/b734ad432d9a49e480b085769798b5d3 0.029s
2025-11-22 00:36:28.617 66631 INFO tempest.lib.common.dynamic_creds [-] Dynamic test user b0290ceaaae84f459d73a47da8522c53 is created with scope project and roles: ['member']
2025-11-22 00:36:28.618 66631 INFO tempest.lib.common.dynamic_creds [-] Acquired dynamic creds: credentials: Credentials: {'domain_id': 'default', 'domain_name': 'Default', 'username': 'tempest-AttachVolumeShelveTestJSON-1499715640-project-member', 'project_domain_id': 'default', 'project_domain_name': 'Default', 'project_id': '2540046e06954850b36f90fb905271dd', 'project_name': 'tempest-AttachVolumeShelveTestJSON-1499715640', 'tenant_id': '2540046e06954850b36f90fb905271dd', 'tenant_name': 'tempest-AttachVolumeShelveTestJSON-1499715640', 'user_domain_id': 'default', 'user_domain_name': 'Default', 'user_id': 'b0290ceaaae84f459d73a47da8522c53', 'system': None}, Network: None, Subnet: None, Router: None
2025-11-22 00:36:28.654 66651 INFO tempest.lib.common.rest_client [req-7a07ffa4-e522-455d-9901-938fec6e0d13 req-7a07ffa4-e522-455d-9901-938fec6e0d13 ] Request (AttachVolumeNegativeTest:test_attach_attached_volume_to_different_server): 200 GET http://10.180.1.21/compute/v2.1/servers/706e02ee-d1b9-40cc-bfbb-53fa0a478cca 0.082s
2025-11-22 00:36:28.699 66631 INFO tempest.lib.common.rest_client [req-136f6ac7-c9b4-40ac-9fe1-f72bb9cff6c6 req-136f6ac7-c9b4-40ac-9fe1-f72bb9cff6c6 ] Request (AttachVolumeShelveTestJSON:setUpClass): 201 POST http://10.180.1.21/identity/v3/auth/tokens 0.081s
2025-11-22 00:36:28.725 66629 INFO tempest.lib.common.rest_client [req-3aa4d1c4-dd83-44fa-aecd-25d6cdde0f18 req-3aa4d1c4-dd83-44fa-aecd-25d6cdde0f18 ] Request (AttachInterfacesUnderV243Test:test_add_remove_fixed_ip): 200 GET http://10.180.1.21/compute/v2.1/servers/b2221047-0316-47b1-b4a3-e0c426504f92 0.143s
2025-11-22 00:36:28.770 66629 INFO tempest.lib.common.rest_client [req-169cebd5-13a7-4ce7-a6bf-6b84c2726415 req-169cebd5-13a7-4ce7-a6bf-6b84c2726415 ] Request (AttachInterfacesUnderV243Test:test_add_remove_fixed_ip): 202 POST http://10.180.1.21/compute/v2.1/servers/b2221047-0316-47b1-b4a3-e0c426504f92/action 0.035s
2025-11-22 00:36:28.776 66613 INFO tempest.lib.common.rest_client [req-691b42bf-8b60-49e6-9a9f-3e4a4d48ff55 req-691b42bf-8b60-49e6-9a9f-3e4a4d48ff55 ] Request (ServersAdminTestJSON:tearDownClass): 200 GET http://10.180.1.21/compute/v2.1/servers/8547366b-2c27-4119-8843-d70a6020abbf 0.084s
2025-11-22 00:36:28.803 66629 INFO tempest.lib.common.rest_client [req-11a0b101-3010-4592-b6ce-6218d0bf306d req-11a0b101-3010-4592-b6ce-6218d0bf306d ] Request (AttachInterfacesUnderV243Test:test_add_remove_fixed_ip): 200 GET http://10.180.1.21/compute/v2.1/servers/b2221047-0316-47b1-b4a3-e0c426504f92/ips 0.031s
2025-11-22 00:36:28.935 66639 INFO tempest.lib.common.rest_client [req-d07c53dc-6ab2-4456-8d6d-78dbf9466e9c req-d07c53dc-6ab2-4456-8d6d-78dbf9466e9c ] Request (FloatingIPsAssociationTestJSON:tearDownClass): 200 GET http://10.180.1.21/compute/v2.1/servers/d9ec4161-e86d-4028-833a-00356f0e98c2 0.122s
2025-11-22 00:36:28.956 66649 INFO tempest.lib.common.rest_client [req-7ec0b1a5-5df8-414e-b956-46fa72f7aa9f req-7ec0b1a5-5df8-414e-b956-46fa72f7aa9f ] Request (ListServersNegativeTestJSON:setUpClass): 200 GET http://10.180.1.21/compute/v2.1/servers/884af928-7c63-425d-bb73-fed9575f9dca 0.170s
2025-11-22 00:36:28.979 66631 INFO tempest.lib.common.rest_client [req-de194607-93d1-4294-b91a-9ec3fec083e2 req-de194607-93d1-4294-b91a-9ec3fec083e2 ] Request (AttachVolumeShelveTestJSON:setUpClass): 201 POST http://10.180.1.21/networking/v2.0/networks 0.279s
2025-11-22 00:36:28.999 66645 INFO tempest.lib.common.rest_client [req-247161b9-60dd-4c6f-b286-4d82b1640cd4 req-247161b9-60dd-4c6f-b286-4d82b1640cd4 ] Request (ImagesOneServerNegativeTestJSON:_run_cleanups): 200 GET http://10.180.1.21/compute/v2.1/servers/e170ef19-c842-4a46-b033-d29c40887ed9 0.133s
2025-11-22 00:36:29.007 66645 INFO tempest.common.waiters [-] State transition "ACTIVE/deleting" ==> "DELETED/None" after 4 second wait
2025-11-22 00:36:29.029 66627 INFO tempest.lib.common.rest_client [req-68afbb3d-3442-4219-b2d4-48cd00ab3749 req-68afbb3d-3442-4219-b2d4-48cd00ab3749 ] Request (AttachVolumeTestJSON:_run_cleanups): 200 GET http://10.180.1.21/compute/v2.1/servers/e9c9b705-224c-477d-84d2-322487b0cbba 0.144s
2025-11-22 00:36:29.041 66615 INFO tempest.lib.common.rest_client [req-8edb4c37-8088-4f05-83b4-d6e0e8837980 req-8edb4c37-8088-4f05-83b4-d6e0e8837980 ] Request (ImagesTestJSON:test_create_image_from_suspended_server): 200 GET http://10.180.1.21/compute/v2.1/images/12a15554-95ba-49bd-b848-02a8ff09f199 0.106s
2025-11-22 00:36:29.123 66635 INFO tempest.lib.common.rest_client [req-ed0b82f1-0de7-40de-8f2b-8084511157a4 req-ed0b82f1-0de7-40de-8f2b-8084511157a4 ] Request (ListImageFiltersTestJSON:setUpClass): 200 GET http://10.180.1.21/compute/v2.1/servers/cfd4609c-6369-4195-98b8-d3a2d7bff9a0 0.087s
2025-11-22 00:36:29.143 66633 INFO tempest.lib.common.rest_client [req-5623695e-e1bd-406a-924b-113e3c095349 req-5623695e-e1bd-406a-924b-113e3c095349 ] Request (MigrationsAdminTest:test_resize_server_revert_deleted_flavor): 200 GET http://10.180.1.21/compute/v2.1/servers/8d859fa6-7772-4899-8d3a-be75805b7f2f 0.125s
2025-11-22 00:36:29.158 66631 INFO tempest.lib.common.rest_client [req-8221d380-47e5-47f2-8a38-b2e86237c34d req-8221d380-47e5-47f2-8a38-b2e86237c34d ] Request (AttachVolumeShelveTestJSON:setUpClass): 201 POST http://10.180.1.21/networking/v2.0/subnets 0.179s
2025-11-22 00:36:29.261 66661 INFO tempest.lib.common.rest_client [req-3e447bcb-bd3d-4ab4-bb53-492b31eb487e req-3e447bcb-bd3d-4ab4-bb53-492b31eb487e ] Request (VolumesAssistedSnapshotsTest:tearDownClass): 200 GET http://10.180.1.21/compute/v2.1/servers/a97ef002-ffed-4d29-8e65-505a5596a7d7 0.083s
2025-11-22 00:36:29.272 66609 INFO tempest.lib.common.rest_client [req-363503c1-e91f-4b49-a769-ba94700ef2a7 req-363503c1-e91f-4b49-a769-ba94700ef2a7 ] Request (ServerPasswordTestJSON:setUpClass): 200 GET http://10.180.1.21/compute/v2.1/servers/91dd0eb9-b11d-47a1-96e9-49ec74cca049 0.076s
2025-11-22 00:36:29.351 66641 INFO tempest.lib.common.rest_client [req-57828c63-51d3-4034-a9e8-be3286721fe0 req-57828c63-51d3-4034-a9e8-be3286721fe0 ] Request (ServerActionsTestOtherA:test_rebuild_server_with_volume_attached): 200 GET http://10.180.1.21/compute/v2.1/servers/d2716138-830f-44cf-86da-e74007392e95 0.112s
2025-11-22 00:36:29.368 66655 INFO tempest.lib.common.rest_client [req-d67b434d-0d8e-4bf8-86ed-9f2167f01710 req-d67b434d-0d8e-4bf8-86ed-9f2167f01710 ] Request (AttachInterfacesV270Test:tearDownClass): 200 GET http://10.180.1.21/compute/v2.1/servers/4d6a4ac9-ab10-4767-84fe-1399b8a072d5 0.101s
2025-11-22 00:36:29.412 66643 INFO tempest.lib.common.rest_client [req-875e393b-5dda-436c-9c4b-0fb30d69a117 req-875e393b-5dda-436c-9c4b-0fb30d69a117 ] Request (ListServerFiltersTestJSON:setUpClass): 200 GET http://10.180.1.21/compute/v2.1/servers/67e58d35-c3d3-40fa-9401-269c184102c5 0.117s
2025-11-22 00:36:29.439 66669 INFO tempest.lib.common.rest_client [req-83e6eb30-2cab-4747-99a5-ad963ed94874 req-83e6eb30-2cab-4747-99a5-ad963ed94874 ] Request (MultipleCreateTestJSON:_run_cleanups): 200 GET http://10.180.1.21/compute/v2.1/servers/296d2602-572f-4c8f-9bc5-94286ff9dec1 0.111s
2025-11-22 00:36:29.554 66611 INFO tempest.lib.common.rest_client [req-e4e0d4bb-99be-4880-b687-a2b5da0e6806 req-e4e0d4bb-99be-4880-b687-a2b5da0e6806 ] Request (ServerDiskConfigTestJSON:test_rebuild_server_with_manual_disk_config): 200 GET http://10.180.1.21/compute/v2.1/servers/ab36aba0-919a-48fa-99ee-a5e3833ad3fe 0.202s
2025-11-22 00:36:29.566 66625 INFO tempest.lib.common.rest_client [req-cf3e3ec1-571e-4e18-bce1-e411bab3f155 req-cf3e3ec1-571e-4e18-bce1-e411bab3f155 ] Request (ServersNegativeTestMultiTenantJSON:setUpClass): 200 GET http://10.180.1.21/compute/v2.1/servers/ab44c963-4841-40f9-9057-c4d7771bd873 0.185s
2025-11-22 00:36:29.914 66667 INFO tempest.lib.common.rest_client [req-b5b9b64c-b655-4e0e-b2db-6437e1cc163d req-b5b9b64c-b655-4e0e-b2db-6437e1cc163d ] Request (ServersAaction247Test:tearDownClass): 200 GET http://10.180.1.21/compute/v2.1/servers/c623871a-81d8-41d5-bd10-9cfe12bba842 0.362s
2025-11-22 00:36:29.993 66651 INFO tempest.lib.common.rest_client [req-b97e545c-e917-48ab-8041-87fa6be1d9cd req-b97e545c-e917-48ab-8041-87fa6be1d9cd ] Request (AttachVolumeNegativeTest:test_attach_attached_volume_to_different_server): 200 GET http://10.180.1.21/compute/v2.1/servers/706e02ee-d1b9-40cc-bfbb-53fa0a478cca 0.329s
2025-11-22 00:36:30.026 66623 INFO tempest.lib.common.rest_client [req-cf821275-0919-41ea-badd-2223c4a1a106 req-cf821275-0919-41ea-badd-2223c4a1a106 ] Request (ServersNegativeTestJSON:tearDown): 200 GET http://10.180.1.21/compute/v2.1/servers/79cf2e95-2bbe-42e2-8d44-c592189bcdfc 0.409s
2025-11-22 00:36:30.030 66631 INFO tempest.lib.common.rest_client [req-f6fa892b-cc24-401c-9140-5da5dc273d7c req-f6fa892b-cc24-401c-9140-5da5dc273d7c ] Request (AttachVolumeShelveTestJSON:setUpClass): 201 POST http://10.180.1.21/networking/v2.0/routers 0.871s
2025-11-22 00:36:30.063 66629 INFO tempest.lib.common.rest_client [req-be82e740-665a-497a-b2cd-c8a63048d52c req-be82e740-665a-497a-b2cd-c8a63048d52c ] Request (AttachInterfacesUnderV243Test:test_add_remove_fixed_ip): 200 GET http://10.180.1.21/compute/v2.1/servers/b2221047-0316-47b1-b4a3-e0c426504f92/ips 0.259s
2025-11-22 00:36:30.078 66613 INFO tempest.lib.common.rest_client [req-9eb85124-a9c2-4083-a2c0-f1bd64ae87c3 req-9eb85124-a9c2-4083-a2c0-f1bd64ae87c3 ] Request (ServersAdminTestJSON:tearDownClass): 200 GET http://10.180.1.21/compute/v2.1/servers/8547366b-2c27-4119-8843-d70a6020abbf 0.293s
2025-11-22 00:36:30.598 66639 INFO tempest.lib.common.rest_client [req-7198a7ee-8357-4875-a5ae-53feae08b429 req-7198a7ee-8357-4875-a5ae-53feae08b429 ] Request (FloatingIPsAssociationTestJSON:tearDownClass): 200 GET http://10.180.1.21/compute/v2.1/servers/d9ec4161-e86d-4028-833a-00356f0e98c2 0.655s
2025-11-22 00:36:30.688 66665 WARNING tempest.lib.common.ssh [-] Failed to establish authenticated ssh connection to cirros@10.180.180.187 ([Errno None] Unable to connect to port 22 on 10.180.180.187). Number attempts: 8. Retry after 9 seconds.: paramiko.ssh_exception.NoValidConnectionsError: [Errno None] Unable to connect to port 22 on 10.180.180.187
2025-11-22 00:36:30.972 66631 INFO tempest.lib.common.rest_client [req-d5328bf0-f215-446e-9e7a-08e54bdc9bd7 req-d5328bf0-f215-446e-9e7a-08e54bdc9bd7 ] Request (AttachVolumeShelveTestJSON:setUpClass): 200 PUT http://10.180.1.21/networking/v2.0/routers/0676788a-8c8a-4f85-982d-ea00741d5220/add_router_interface 0.942s
2025-11-22 00:36:30.972 66631 INFO tempest.lib.common.dynamic_creds [-] Created isolated network resources for: credentials: Credentials: {'domain_id': 'default', 'domain_name': 'Default', 'username': 'tempest-AttachVolumeShelveTestJSON-1499715640-project-member', 'project_domain_id': 'default', 'project_domain_name': 'Default', 'project_id': '2540046e06954850b36f90fb905271dd', 'project_name': 'tempest-AttachVolumeShelveTestJSON-1499715640', 'tenant_id': '2540046e06954850b36f90fb905271dd', 'tenant_name': 'tempest-AttachVolumeShelveTestJSON-1499715640', 'user_domain_id': 'default', 'user_domain_name': 'Default', 'user_id': 'b0290ceaaae84f459d73a47da8522c53', 'system': None}, Network: {'id': '78af3d3f-e4b2-4d70-840b-408bdbe87c84', 'name': 'tempest-AttachVolumeShelveTestJSON-984334748-network', 'tenant_id': '2540046e06954850b36f90fb905271dd', 'project_id': '2540046e06954850b36f90fb905271dd', 'admin_state_up': True, 'mtu': 8950, 'status': 'ACTIVE', 'subnets': [], 'shared': False, 'port_security_enabled': True, 'router:external': False, 'provider:network_type': 'vlan', 'provider:physical_network': 'default', 'provider:segmentation_id': 206, 'availability_zone_hints': [], 'availability_zones': [], 'ipv4_address_scope': None, 'ipv6_address_scope': None, 'description': '', 'tags': [], 'created_at': '2025-11-22T00:36:28Z', 'updated_at': '2025-11-22T00:36:28Z', 'revision_number': 1}, Subnet: {'id': '9c889182-51ac-4919-9a58-1f1f8427fb65', 'name': 'tempest-AttachVolumeShelveTestJSON-984334748-subnet', 'tenant_id': '2540046e06954850b36f90fb905271dd', 'network_id': '78af3d3f-e4b2-4d70-840b-408bdbe87c84', 'ip_version': 4, 'subnetpool_id': None, 'enable_dhcp': True, 'ipv6_ra_mode': None, 'ipv6_address_mode': None, 'gateway_ip': '192.168.128.1', 'cidr': '192.168.128.0/28', 'allocation_pools': [{'start': '192.168.128.2', 'end': '192.168.128.14'}], 'host_routes': [], 'dns_nameservers': [], 'description': '', 'router:external': False, 'service_types': [], 'tags': [], 'created_at': '2025-11-22T00:36:29Z', 'updated_at': '2025-11-22T00:36:29Z', 'revision_number': 0, 'project_id': '2540046e06954850b36f90fb905271dd'}, Router: {'id': '0676788a-8c8a-4f85-982d-ea00741d5220', 'name': 'tempest-AttachVolumeShelveTestJSON-984334748-router', 'tenant_id': '2540046e06954850b36f90fb905271dd', 'admin_state_up': True, 'status': 'ACTIVE', 'external_gateway_info': {'network_id': '71f1fe10-751f-4706-902b-2c26e71d7515', 'external_fixed_ips': [{'subnet_id': '6b3f9673-6099-4769-9e8e-3eacf4773a65', 'ip_address': '10.180.180.248'}], 'enable_snat': True}, 'description': '', 'availability_zones': [], 'distributed': False, 'ha': False, 'availability_zone_hints': [], 'routes': [], 'flavor_id': None, 'tags': [], 'created_at': '2025-11-22T00:36:29Z', 'updated_at': '2025-11-22T00:36:29Z', 'revision_number': 2, 'project_id': '2540046e06954850b36f90fb905271dd'}
2025-11-22 00:36:30.996 66645 INFO tempest.lib.common.rest_client [req-d3958d4c-4808-4c86-ab42-0073339f0358 req-d3958d4c-4808-4c86-ab42-0073339f0358 ] Request (ImagesOneServerNegativeTestJSON:_run_cleanups): 200 GET http://10.180.1.21/compute/v2.1/servers/e170ef19-c842-4a46-b033-d29c40887ed9 0.987s
2025-11-22 00:36:31.024 66649 INFO tempest.lib.common.rest_client [req-09ad3e99-2f37-4037-90a7-7634d53fa0bf req-09ad3e99-2f37-4037-90a7-7634d53fa0bf ] Request (ListServersNegativeTestJSON:setUpClass): 200 GET http://10.180.1.21/compute/v2.1/servers/884af928-7c63-425d-bb73-fed9575f9dca 1.059s
2025-11-22 00:36:31.031 66649 INFO tempest.common.waiters [-] State transition "BUILD/spawning" ==> "ACTIVE/None" after 7 second wait
2025-11-22 00:36:31.064 66615 INFO tempest.lib.common.rest_client [req-52a4e7ab-18bb-4794-b4f8-3e01f5641f71 req-52a4e7ab-18bb-4794-b4f8-3e01f5641f71 ] Request (ImagesTestJSON:test_create_image_from_suspended_server): 200 GET http://10.180.1.21/compute/v2.1/images/12a15554-95ba-49bd-b848-02a8ff09f199 1.018s
2025-11-22 00:36:31.078 66627 INFO tempest.lib.common.rest_client [req-a5a1b551-11e7-48df-b5fa-ea29725438f0 req-a5a1b551-11e7-48df-b5fa-ea29725438f0 ] Request (AttachVolumeTestJSON:_run_cleanups): 200 GET http://10.180.1.21/compute/v2.1/servers/e9c9b705-224c-477d-84d2-322487b0cbba 1.039s
2025-11-22 00:36:31.087 66631 INFO tempest.lib.common.rest_client [req-1399fb52-cdf5-44e9-8eca-6155aeab073d req-1399fb52-cdf5-44e9-8eca-6155aeab073d ] Request (AttachVolumeShelveTestJSON:setUpClass): 201 POST http://10.180.1.21/identity/v3/auth/tokens 0.110s
2025-11-22 00:36:31.124 66635 INFO tempest.lib.common.rest_client [req-c118bd0b-a436-418d-8bb7-9401fbbf9f83 req-c118bd0b-a436-418d-8bb7-9401fbbf9f83 ] Request (ListImageFiltersTestJSON:setUpClass): 200 GET http://10.180.1.21/compute/v2.1/servers/cfd4609c-6369-4195-98b8-d3a2d7bff9a0 0.990s
2025-11-22 00:36:31.216 66661 INFO tempest.lib.common.rest_client [req-804e7f21-e715-4041-a036-b90b26eac366 req-804e7f21-e715-4041-a036-b90b26eac366 ] Request (VolumesAssistedSnapshotsTest:tearDownClass): 200 GET http://10.180.1.21/compute/v2.1/servers/a97ef002-ffed-4d29-8e65-505a5596a7d7 0.944s
2025-11-22 00:36:31.242 66633 INFO tempest.lib.common.rest_client [req-23a8e3fe-676c-4c7f-a385-62d3549fc8b4 req-23a8e3fe-676c-4c7f-a385-62d3549fc8b4 ] Request (MigrationsAdminTest:test_resize_server_revert_deleted_flavor): 200 GET http://10.180.1.21/compute/v2.1/servers/8d859fa6-7772-4899-8d3a-be75805b7f2f 1.090s
2025-11-22 00:36:31.286 66609 INFO tempest.lib.common.rest_client [req-68044cbc-1761-41de-a0ab-5dc5d3865f59 req-68044cbc-1761-41de-a0ab-5dc5d3865f59 ] Request (ServerPasswordTestJSON:setUpClass): 200 GET http://10.180.1.21/compute/v2.1/servers/91dd0eb9-b11d-47a1-96e9-49ec74cca049 0.998s
2025-11-22 00:36:31.295 66609 INFO tempest.common.waiters [-] State transition "BUILD/scheduling" ==> "BUILD/None" after 6 second wait
2025-11-22 00:36:31.338 66641 INFO tempest.lib.common.rest_client [req-1b893314-a9eb-4962-8746-755bf17b6f56 req-1b893314-a9eb-4962-8746-755bf17b6f56 ] Request (ServerActionsTestOtherA:test_rebuild_server_with_volume_attached): 200 GET http://10.180.1.21/compute/v2.1/servers/d2716138-830f-44cf-86da-e74007392e95 0.973s
2025-11-22 00:36:31.354 66655 INFO tempest.lib.common.rest_client [req-a973388b-72ad-40e4-bc2e-59f4d07dcdb2 req-a973388b-72ad-40e4-bc2e-59f4d07dcdb2 ] Request (AttachInterfacesV270Test:tearDownClass): 200 GET http://10.180.1.21/compute/v2.1/servers/4d6a4ac9-ab10-4767-84fe-1399b8a072d5 0.974s
2025-11-22 00:36:31.397 66643 INFO tempest.lib.common.rest_client [req-2738b2de-37c4-41fb-9c0a-885ec03c265b req-2738b2de-37c4-41fb-9c0a-885ec03c265b ] Request (ListServerFiltersTestJSON:setUpClass): 200 GET http://10.180.1.21/compute/v2.1/servers/67e58d35-c3d3-40fa-9401-269c184102c5 0.977s
2025-11-22 00:36:31.418 66669 INFO tempest.lib.common.rest_client [req-481eef54-e690-4324-b714-7655a06eab3f req-481eef54-e690-4324-b714-7655a06eab3f ] Request (MultipleCreateTestJSON:_run_cleanups): 200 GET http://10.180.1.21/compute/v2.1/servers/296d2602-572f-4c8f-9bc5-94286ff9dec1 0.969s
2025-11-22 00:36:31.464 66611 INFO tempest.lib.common.rest_client [req-3f5969b1-7863-494d-975d-120bdef85326 req-3f5969b1-7863-494d-975d-120bdef85326 ] Request (ServerDiskConfigTestJSON:test_rebuild_server_with_manual_disk_config): 200 GET http://10.180.1.21/compute/v2.1/servers/ab36aba0-919a-48fa-99ee-a5e3833ad3fe 0.903s
2025-11-22 00:36:31.492 66625 INFO tempest.lib.common.rest_client [req-762500fa-2931-41fb-a5bb-09d83430892d req-762500fa-2931-41fb-a5bb-09d83430892d ] Request (ServersNegativeTestMultiTenantJSON:setUpClass): 200 GET http://10.180.1.21/compute/v2.1/servers/ab44c963-4841-40f9-9057-c4d7771bd873 0.918s
2025-11-22 00:36:31.545 66667 INFO tempest.lib.common.rest_client [req-76bb1765-9008-433a-85c3-d4a71da1d54f req-76bb1765-9008-433a-85c3-d4a71da1d54f ] Request (ServersAaction247Test:tearDownClass): 200 GET http://10.180.1.21/compute/v2.1/servers/c623871a-81d8-41d5-bd10-9cfe12bba842 0.621s
2025-11-22 00:36:31.559 66651 INFO tempest.lib.common.rest_client [req-f201b465-5aa8-4600-bd83-619d24997ca2 req-f201b465-5aa8-4600-bd83-619d24997ca2 ] Request (AttachVolumeNegativeTest:test_attach_attached_volume_to_different_server): 200 GET http://10.180.1.21/compute/v2.1/servers/706e02ee-d1b9-40cc-bfbb-53fa0a478cca 0.558s
2025-11-22 00:36:31.633 66649 INFO tempest.lib.common.rest_client [req-2e6e229e-f432-4de1-8c95-eace9c9f53d5 req-2e6e229e-f432-4de1-8c95-eace9c9f53d5 ] Request (ListServersNegativeTestJSON:setUpClass): 204 DELETE http://10.180.1.21/compute/v2.1/servers/25fa5c96-d526-4c42-b447-365882281244 0.601s
2025-11-22 00:36:31.668 66629 INFO tempest.lib.common.rest_client [req-8283b767-d742-4fb2-8edf-2892b218cd55 req-8283b767-d742-4fb2-8edf-2892b218cd55 ] Request (AttachInterfacesUnderV243Test:test_add_remove_fixed_ip): 200 GET http://10.180.1.21/compute/v2.1/servers/b2221047-0316-47b1-b4a3-e0c426504f92/ips 0.600s
2025-11-22 00:36:31.718 66623 INFO tempest.lib.common.rest_client [req-5decaa88-f818-43c2-8916-5361e4876ef3 req-5decaa88-f818-43c2-8916-5361e4876ef3 ] Request (ServersNegativeTestJSON:tearDown): 200 GET http://10.180.1.21/compute/v2.1/servers/79cf2e95-2bbe-42e2-8d44-c592189bcdfc 0.683s
2025-11-22 00:36:31.736 66613 INFO tempest.lib.common.rest_client [req-711a411d-9fca-44da-9e7b-8f3c8a523932 req-711a411d-9fca-44da-9e7b-8f3c8a523932 ] Request (ServersAdminTestJSON:tearDownClass): 200 GET http://10.180.1.21/compute/v2.1/servers/8547366b-2c27-4119-8843-d70a6020abbf 0.649s
2025-11-22 00:36:31.823 66639 INFO tempest.lib.common.rest_client [req-88a31984-ec06-482c-b8ee-f8e178e0e36c req-88a31984-ec06-482c-b8ee-f8e178e0e36c ] Request (FloatingIPsAssociationTestJSON:tearDownClass): 200 GET http://10.180.1.21/compute/v2.1/servers/d9ec4161-e86d-4028-833a-00356f0e98c2 0.213s
2025-11-22 00:36:31.841 66631 INFO tempest.lib.common.rest_client [req-6bc98055-14df-4721-a8ec-ece5138f108c req-6bc98055-14df-4721-a8ec-ece5138f108c ] Request (ValidationResourcesFixture:setUp): 201 POST http://10.180.1.21/compute/v2.1/os-keypairs 0.752s
2025-11-22 00:36:31.925 66629 INFO tempest.lib.common.rest_client [req-3761c969-0fa2-4613-8378-8290e1ac739c req-3761c969-0fa2-4613-8378-8290e1ac739c ] Request (AttachInterfacesUnderV243Test:_run_cleanups): 204 DELETE http://10.180.1.21/compute/v2.1/servers/b2221047-0316-47b1-b4a3-e0c426504f92 0.255s
2025-11-22 00:36:31.965 66631 INFO tempest.lib.common.rest_client [req-0e9edab8-fa2c-4e04-8f68-d72721614e76 req-0e9edab8-fa2c-4e04-8f68-d72721614e76 ] Request (ValidationResourcesFixture:setUp): 201 POST http://10.180.1.21/networking/v2.0/security-groups 0.122s
2025-11-22 00:36:32.191 66631 INFO tempest.lib.common.rest_client [req-6c2e3ebc-8af9-44ae-8980-e7f69b674376 req-6c2e3ebc-8af9-44ae-8980-e7f69b674376 ] Request (ValidationResourcesFixture:setUp): 201 POST http://10.180.1.21/networking/v2.0/security-group-rules 0.225s
2025-11-22 00:36:32.225 66649 INFO tempest.lib.common.rest_client [req-022d16be-d1e2-44bf-a517-030954b567b1 req-022d16be-d1e2-44bf-a517-030954b567b1 ] Request (ListServersNegativeTestJSON:setUpClass): 200 GET http://10.180.1.21/compute/v2.1/servers/25fa5c96-d526-4c42-b447-365882281244 0.591s
2025-11-22 00:36:32.249 66629 INFO tempest.lib.common.rest_client [req-5c0a4cfe-2c3c-46dd-a6a0-59aba7f013e0 req-5c0a4cfe-2c3c-46dd-a6a0-59aba7f013e0 ] Request (AttachInterfacesUnderV243Test:_run_cleanups): 200 GET http://10.180.1.21/compute/v2.1/servers/b2221047-0316-47b1-b4a3-e0c426504f92 0.324s
2025-11-22 00:36:32.305 66615 INFO tempest.lib.common.rest_client [req-fbf50af6-bc32-475e-bf44-03129f94f93b req-fbf50af6-bc32-475e-bf44-03129f94f93b ] Request (ImagesTestJSON:test_create_image_from_suspended_server): 200 GET http://10.180.1.21/compute/v2.1/images/12a15554-95ba-49bd-b848-02a8ff09f199 0.237s
2025-11-22 00:36:32.349 66645 INFO tempest.lib.common.rest_client [req-392729f4-1f80-4a9a-be35-e5c80a88c4d7 req-392729f4-1f80-4a9a-be35-e5c80a88c4d7 ] Request (ImagesOneServerNegativeTestJSON:_run_cleanups): 200 GET http://10.180.1.21/compute/v2.1/servers/e170ef19-c842-4a46-b033-d29c40887ed9 0.344s
2025-11-22 00:36:32.354 66631 INFO tempest.lib.common.rest_client [req-a7f61aa0-5b99-425e-9d9e-dc500ae572aa req-a7f61aa0-5b99-425e-9d9e-dc500ae572aa ] Request (ValidationResourcesFixture:setUp): 201 POST http://10.180.1.21/networking/v2.0/security-group-rules 0.162s
2025-11-22 00:36:32.412 66627 INFO tempest.lib.common.rest_client [req-552c7be0-b34a-4ad7-be21-8bf34c8497a8 req-552c7be0-b34a-4ad7-be21-8bf34c8497a8 ] Request (AttachVolumeTestJSON:_run_cleanups): 200 GET http://10.180.1.21/compute/v2.1/servers/e9c9b705-224c-477d-84d2-322487b0cbba 0.324s
2025-11-22 00:36:32.428 66635 INFO tempest.lib.common.rest_client [req-78a07b3d-8ed6-4cf7-8acf-8ef6e023a8a1 req-78a07b3d-8ed6-4cf7-8acf-8ef6e023a8a1 ] Request (ListImageFiltersTestJSON:setUpClass): 200 GET http://10.180.1.21/compute/v2.1/servers/cfd4609c-6369-4195-98b8-d3a2d7bff9a0 0.295s
2025-11-22 00:36:32.438 66635 INFO tempest.common.waiters [-] State transition "BUILD/None" ==> "BUILD/networking" after 63 second wait
2025-11-22 00:36:32.576 66661 INFO tempest.lib.common.rest_client [req-e537771a-a1ba-49a6-bcdf-4aad46495168 req-e537771a-a1ba-49a6-bcdf-4aad46495168 ] Request (VolumesAssistedSnapshotsTest:tearDownClass): 200 GET http://10.180.1.21/compute/v2.1/servers/a97ef002-ffed-4d29-8e65-505a5596a7d7 0.349s
2025-11-22 00:36:32.668 66633 INFO tempest.lib.common.rest_client [req-3c0456ea-e1c5-4dca-8a07-fc73ae275955 req-3c0456ea-e1c5-4dca-8a07-fc73ae275955 ] Request (MigrationsAdminTest:test_resize_server_revert_deleted_flavor): 200 GET http://10.180.1.21/compute/v2.1/servers/8d859fa6-7772-4899-8d3a-be75805b7f2f 0.415s
2025-11-22 00:36:32.726 66609 INFO tempest.lib.common.rest_client [req-8686d3da-f365-4738-9a80-9161394fc75c req-8686d3da-f365-4738-9a80-9161394fc75c ] Request (ServerPasswordTestJSON:setUpClass): 200 GET http://10.180.1.21/compute/v2.1/servers/91dd0eb9-b11d-47a1-96e9-49ec74cca049 0.430s
2025-11-22 00:36:32.766 66641 INFO tempest.lib.common.rest_client [req-0468f499-f2d4-4ec3-84b2-2a17b7498df3 req-0468f499-f2d4-4ec3-84b2-2a17b7498df3 ] Request (ServerActionsTestOtherA:test_rebuild_server_with_volume_attached): 200 GET http://10.180.1.21/compute/v2.1/servers/d2716138-830f-44cf-86da-e74007392e95 0.419s
2025-11-22 00:36:32.833 66621 WARNING tempest.lib.common.ssh [-] Failed to establish authenticated ssh connection to cirros@10.180.180.196 ([Errno None] Unable to connect to port 22 on 10.180.180.196). Number attempts: 11. Retry after 12 seconds.: paramiko.ssh_exception.NoValidConnectionsError: [Errno None] Unable to connect to port 22 on 10.180.180.196
2025-11-22 00:36:32.859 66631 INFO tempest.lib.common.rest_client [req-150530b1-9bf1-474f-9eaa-4b0fc184b333 req-150530b1-9bf1-474f-9eaa-4b0fc184b333 ] Request (ValidationResourcesFixture:setUp): 201 POST http://10.180.1.21/networking/v2.0/floatingips 0.505s
2025-11-22 00:36:32.893 66631 INFO tempest.lib.common.rest_client [req-4a554d75-4d36-447b-8d8b-0862519d02db req-4a554d75-4d36-447b-8d8b-0862519d02db ] Request (AttachVolumeShelveTestJSON:test_attach_volume_shelved_or_offload_server): 201 POST http://10.180.1.21/identity/v3/auth/tokens 0.031s
2025-11-22 00:36:32.894 66631 INFO tempest.lib.common.fixed_network [-] (AttachVolumeShelveTestJSON:test_attach_volume_shelved_or_offload_server) Found network {'id': '78af3d3f-e4b2-4d70-840b-408bdbe87c84', 'name': 'tempest-AttachVolumeShelveTestJSON-984334748-network', 'tenant_id': '2540046e06954850b36f90fb905271dd', 'project_id': '2540046e06954850b36f90fb905271dd', 'admin_state_up': True, 'mtu': 8950, 'status': 'ACTIVE', 'subnets': [], 'shared': False, 'port_security_enabled': True, 'router:external': False, 'provider:network_type': 'vlan', 'provider:physical_network': 'default', 'provider:segmentation_id': 206, 'availability_zone_hints': [], 'availability_zones': [], 'ipv4_address_scope': None, 'ipv6_address_scope': None, 'description': '', 'tags': [], 'created_at': '2025-11-22T00:36:28Z', 'updated_at': '2025-11-22T00:36:28Z', 'revision_number': 1} available for tenant
2025-11-22 00:36:32.922 66655 INFO tempest.lib.common.rest_client [req-9ff041d8-d773-488f-bf17-707163216009 req-9ff041d8-d773-488f-bf17-707163216009 ] Request (AttachInterfacesV270Test:tearDownClass): 200 GET http://10.180.1.21/compute/v2.1/servers/4d6a4ac9-ab10-4767-84fe-1399b8a072d5 0.558s
2025-11-22 00:36:32.944 66643 INFO tempest.lib.common.rest_client [req-d37184fe-c1a4-4d59-928d-d98fafc8747c req-d37184fe-c1a4-4d59-928d-d98fafc8747c ] Request (ListServerFiltersTestJSON:setUpClass): 200 GET http://10.180.1.21/compute/v2.1/servers/67e58d35-c3d3-40fa-9401-269c184102c5 0.538s
2025-11-22 00:36:32.993 66669 INFO tempest.lib.common.rest_client [req-79e07eb5-f9d6-40e3-ad56-6cc07d6416cd req-79e07eb5-f9d6-40e3-ad56-6cc07d6416cd ] Request (MultipleCreateTestJSON:_run_cleanups): 200 GET http://10.180.1.21/compute/v2.1/servers/296d2602-572f-4c8f-9bc5-94286ff9dec1 0.563s
2025-11-22 00:36:33.076 66611 INFO tempest.lib.common.rest_client [req-2a7333fb-62dc-41c7-97a4-12f424e6108f req-2a7333fb-62dc-41c7-97a4-12f424e6108f ] Request (ServerDiskConfigTestJSON:test_rebuild_server_with_manual_disk_config): 200 GET http://10.180.1.21/compute/v2.1/servers/ab36aba0-919a-48fa-99ee-a5e3833ad3fe 0.603s
2025-11-22 00:36:33.084 66625 INFO tempest.lib.common.rest_client [req-25a91779-726a-4747-b83c-1ea78ff4acaf req-25a91779-726a-4747-b83c-1ea78ff4acaf ] Request (ServersNegativeTestMultiTenantJSON:setUpClass): 200 GET http://10.180.1.21/compute/v2.1/servers/ab44c963-4841-40f9-9057-c4d7771bd873 0.582s
2025-11-22 00:36:33.154 66651 INFO tempest.lib.common.rest_client [req-67d54ff0-6600-454c-9eff-bd7ce38f7bf6 req-67d54ff0-6600-454c-9eff-bd7ce38f7bf6 ] Request (AttachVolumeNegativeTest:test_attach_attached_volume_to_different_server): 200 GET http://10.180.1.21/compute/v2.1/servers/706e02ee-d1b9-40cc-bfbb-53fa0a478cca 0.587s
2025-11-22 00:36:33.175 66667 INFO tempest.lib.common.rest_client [req-939f22e2-8d77-46e2-bd80-972cec311e2d req-939f22e2-8d77-46e2-bd80-972cec311e2d ] Request (ServersAaction247Test:tearDownClass): 200 GET http://10.180.1.21/compute/v2.1/servers/c623871a-81d8-41d5-bd10-9cfe12bba842 0.621s
2025-11-22 00:36:33.183 66619 WARNING tempest.lib.common.ssh [-] Failed to establish authenticated ssh connection to cirros@10.180.180.219 ([Errno None] Unable to connect to port 22 on 10.180.180.219). Number attempts: 5. Retry after 6 seconds.: paramiko.ssh_exception.NoValidConnectionsError: [Errno None] Unable to connect to port 22 on 10.180.180.219
2025-11-22 00:36:33.275 66613 INFO tempest.lib.common.rest_client [req-3ccd356a-7bc8-4c6e-9ac1-834a50f8d775 req-3ccd356a-7bc8-4c6e-9ac1-834a50f8d775 ] Request (ServersAdminTestJSON:tearDownClass): 200 GET http://10.180.1.21/compute/v2.1/servers/8547366b-2c27-4119-8843-d70a6020abbf 0.530s
2025-11-22 00:36:33.301 66623 INFO tempest.lib.common.rest_client [req-216febf3-001b-4e0e-a9ea-7949630cb7dd req-216febf3-001b-4e0e-a9ea-7949630cb7dd ] Request (ServersNegativeTestJSON:tearDown): 200 GET http://10.180.1.21/compute/v2.1/servers/79cf2e95-2bbe-42e2-8d44-c592189bcdfc 0.574s
2025-11-22 00:36:33.357 66639 INFO tempest.lib.common.rest_client [req-32736c88-62a9-447f-83a0-9ea6a86e543e req-32736c88-62a9-447f-83a0-9ea6a86e543e ] Request (FloatingIPsAssociationTestJSON:tearDownClass): 200 GET http://10.180.1.21/compute/v2.1/servers/d9ec4161-e86d-4028-833a-00356f0e98c2 0.526s
2025-11-22 00:36:33.578 66617 WARNING tempest.lib.common.ssh [-] Failed to establish authenticated ssh connection to cirros@10.180.180.212 ([Errno None] Unable to connect to port 22 on 10.180.180.212). Number attempts: 9. Retry after 10 seconds.: paramiko.ssh_exception.NoValidConnectionsError: [Errno None] Unable to connect to port 22 on 10.180.180.212
2025-11-22 00:36:33.600 66649 INFO tempest.lib.common.rest_client [req-b8ff52ea-c04b-43eb-9e6e-ae9c5039b5a6 req-b8ff52ea-c04b-43eb-9e6e-ae9c5039b5a6 ] Request (ListServersNegativeTestJSON:setUpClass): 200 GET http://10.180.1.21/compute/v2.1/servers/25fa5c96-d526-4c42-b447-365882281244 0.368s
2025-11-22 00:36:33.899 66629 INFO tempest.lib.common.rest_client [req-c2d8a40d-2566-4c9d-bd9b-a717a6b4d397 req-c2d8a40d-2566-4c9d-bd9b-a717a6b4d397 ] Request (AttachInterfacesUnderV243Test:_run_cleanups): 200 GET http://10.180.1.21/compute/v2.1/servers/b2221047-0316-47b1-b4a3-e0c426504f92 0.636s
2025-11-22 00:36:33.946 66615 INFO tempest.lib.common.rest_client [req-00e45a50-0a63-4fd9-86ec-33adacd480a2 req-00e45a50-0a63-4fd9-86ec-33adacd480a2 ] Request (ImagesTestJSON:test_create_image_from_suspended_server): 200 GET http://10.180.1.21/compute/v2.1/images/12a15554-95ba-49bd-b848-02a8ff09f199 0.633s
2025-11-22 00:36:34.014 66645 INFO tempest.lib.common.rest_client [req-95f8ec72-633f-40ea-97fd-5ef7ec4aca1e req-95f8ec72-633f-40ea-97fd-5ef7ec4aca1e ] Request (ImagesOneServerNegativeTestJSON:_run_cleanups): 200 GET http://10.180.1.21/compute/v2.1/servers/e170ef19-c842-4a46-b033-d29c40887ed9 0.651s
2025-11-22 00:36:34.022 66631 INFO tempest.lib.common.rest_client [req-61dd488a-7af3-4a6a-b3eb-9e186b488af1 req-61dd488a-7af3-4a6a-b3eb-9e186b488af1 ] Request (AttachVolumeShelveTestJSON:test_attach_volume_shelved_or_offload_server): 202 POST http://10.180.1.21/compute/v2.1/servers 1.127s
2025-11-22 00:36:34.134 66627 INFO tempest.lib.common.rest_client [req-175a42d7-ddcb-4537-92c9-8ab52f444a13 req-175a42d7-ddcb-4537-92c9-8ab52f444a13 ] Request (AttachVolumeTestJSON:_run_cleanups): 200 GET http://10.180.1.21/compute/v2.1/servers/e9c9b705-224c-477d-84d2-322487b0cbba 0.712s
2025-11-22 00:36:34.195 66635 INFO tempest.lib.common.rest_client [req-9f3c9d03-6c34-4c65-9616-8ed703cee3b4 req-9f3c9d03-6c34-4c65-9616-8ed703cee3b4 ] Request (ListImageFiltersTestJSON:setUpClass): 200 GET http://10.180.1.21/compute/v2.1/servers/cfd4609c-6369-4195-98b8-d3a2d7bff9a0 0.755s
2025-11-22 00:36:34.206 66635 INFO tempest.common.waiters [-] State transition "BUILD/networking" ==> "BUILD/spawning" after 65 second wait
2025-11-22 00:36:34.717 66661 INFO tempest.lib.common.rest_client [req-66cc4eac-5ae2-47d9-a885-3aac0a0ab8ad req-66cc4eac-5ae2-47d9-a885-3aac0a0ab8ad ] Request (VolumesAssistedSnapshotsTest:tearDownClass): 200 GET http://10.180.1.21/compute/v2.1/servers/a97ef002-ffed-4d29-8e65-505a5596a7d7 1.132s
2025-11-22 00:36:34.813 66609 INFO tempest.lib.common.rest_client [req-8c927ac3-aa3d-4a98-85e7-1ea5b2e8188f req-8c927ac3-aa3d-4a98-85e7-1ea5b2e8188f ] Request (ServerPasswordTestJSON:setUpClass): 200 GET http://10.180.1.21/compute/v2.1/servers/91dd0eb9-b11d-47a1-96e9-49ec74cca049 1.078s
2025-11-22 00:36:34.824 66633 INFO tempest.lib.common.rest_client [req-d9bba7a3-f846-4873-b98e-9a7ecf8dd312 req-d9bba7a3-f846-4873-b98e-9a7ecf8dd312 ] Request (MigrationsAdminTest:test_resize_server_revert_deleted_flavor): 200 GET http://10.180.1.21/compute/v2.1/servers/8d859fa6-7772-4899-8d3a-be75805b7f2f 1.142s
2025-11-22 00:36:34.884 66641 INFO tempest.lib.common.rest_client [req-6a8ef7fd-2bbc-4629-90aa-72133a25d095 req-6a8ef7fd-2bbc-4629-90aa-72133a25d095 ] Request (ServerActionsTestOtherA:test_rebuild_server_with_volume_attached): 200 GET http://10.180.1.21/compute/v2.1/servers/d2716138-830f-44cf-86da-e74007392e95 1.110s
2025-11-22 00:36:34.911 66655 INFO tempest.lib.common.rest_client [req-01a2b8d6-b978-47a0-b67e-616db52fc4b8 req-01a2b8d6-b978-47a0-b67e-616db52fc4b8 ] Request (AttachInterfacesV270Test:tearDownClass): 200 GET http://10.180.1.21/compute/v2.1/servers/4d6a4ac9-ab10-4767-84fe-1399b8a072d5 0.976s
2025-11-22 00:36:34.955 66643 INFO tempest.lib.common.rest_client [req-add05630-f96c-411b-8e8a-eeb4dfa1a28d req-add05630-f96c-411b-8e8a-eeb4dfa1a28d ] Request (ListServerFiltersTestJSON:setUpClass): 200 GET http://10.180.1.21/compute/v2.1/servers/67e58d35-c3d3-40fa-9401-269c184102c5 1.003s
2025-11-22 00:36:34.982 66669 INFO tempest.lib.common.rest_client [req-c7d939d9-b03d-4b54-a807-56d8629e4572 req-c7d939d9-b03d-4b54-a807-56d8629e4572 ] Request (MultipleCreateTestJSON:_run_cleanups): 200 GET http://10.180.1.21/compute/v2.1/servers/296d2602-572f-4c8f-9bc5-94286ff9dec1 0.977s
2025-11-22 00:36:35.013 66631 INFO tempest.lib.common.rest_client [req-97b98643-e777-41a7-b70d-719a294cba42 req-97b98643-e777-41a7-b70d-719a294cba42 ] Request (AttachVolumeShelveTestJSON:test_attach_volume_shelved_or_offload_server): 200 GET http://10.180.1.21/compute/v2.1/servers/f48f59e9-9b63-41b9-b33a-14bc70fe93dd 0.990s
2025-11-22 00:36:35.034 66611 INFO tempest.lib.common.rest_client [req-7721a1fe-9be7-448f-af52-dfd59ad0e014 req-7721a1fe-9be7-448f-af52-dfd59ad0e014 ] Request (ServerDiskConfigTestJSON:test_rebuild_server_with_manual_disk_config): 200 GET http://10.180.1.21/compute/v2.1/servers/ab36aba0-919a-48fa-99ee-a5e3833ad3fe 0.948s
2025-11-22 00:36:35.073 66625 INFO tempest.lib.common.rest_client [req-94cdc9a5-8c4c-4849-9232-2ec56a0f3b8a req-94cdc9a5-8c4c-4849-9232-2ec56a0f3b8a ] Request (ServersNegativeTestMultiTenantJSON:setUpClass): 200 GET http://10.180.1.21/compute/v2.1/servers/ab44c963-4841-40f9-9057-c4d7771bd873 0.973s
2025-11-22 00:36:35.081 66625 INFO tempest.common.waiters [-] State transition "BUILD/None" ==> "BUILD/networking" after 60 second wait
2025-11-22 00:36:35.087 66651 INFO tempest.lib.common.rest_client [req-9482be3d-17ac-4180-86f9-9bf8504a0985 req-9482be3d-17ac-4180-86f9-9bf8504a0985 ] Request (AttachVolumeNegativeTest:test_attach_attached_volume_to_different_server): 200 GET http://10.180.1.21/compute/v2.1/servers/706e02ee-d1b9-40cc-bfbb-53fa0a478cca 0.924s
2025-11-22 00:36:35.134 66667 INFO tempest.lib.common.rest_client [req-a9bb44f6-834f-49ef-a82b-87ec1ddf0c62 req-a9bb44f6-834f-49ef-a82b-87ec1ddf0c62 ] Request (ServersAaction247Test:tearDownClass): 200 GET http://10.180.1.21/compute/v2.1/servers/c623871a-81d8-41d5-bd10-9cfe12bba842 0.948s
2025-11-22 00:36:35.144 66613 INFO tempest.lib.common.rest_client [req-80458437-5508-4e18-9851-8593466e5679 req-80458437-5508-4e18-9851-8593466e5679 ] Request (ServersAdminTestJSON:tearDownClass): 200 GET http://10.180.1.21/compute/v2.1/servers/8547366b-2c27-4119-8843-d70a6020abbf 0.856s
2025-11-22 00:36:35.203 66639 INFO tempest.lib.common.rest_client [req-aea07d69-86a2-4428-9078-d9d440133185 req-aea07d69-86a2-4428-9078-d9d440133185 ] Request (FloatingIPsAssociationTestJSON:tearDownClass): 200 GET http://10.180.1.21/compute/v2.1/servers/d9ec4161-e86d-4028-833a-00356f0e98c2 0.837s
2025-11-22 00:36:35.260 66623 INFO tempest.lib.common.rest_client [req-eddc3de3-2b4f-483f-a0b8-572034ebd474 req-eddc3de3-2b4f-483f-a0b8-572034ebd474 ] Request (ServersNegativeTestJSON:tearDown): 200 GET http://10.180.1.21/compute/v2.1/servers/79cf2e95-2bbe-42e2-8d44-c592189bcdfc 0.949s
2025-11-22 00:36:35.285 66649 INFO tempest.lib.common.rest_client [req-a35f29bc-e4ed-45ca-9e69-8151252c5939 req-a35f29bc-e4ed-45ca-9e69-8151252c5939 ] Request (ListServersNegativeTestJSON:setUpClass): 200 GET http://10.180.1.21/compute/v2.1/servers/25fa5c96-d526-4c42-b447-365882281244 0.674s
2025-11-22 00:36:35.322 66615 INFO tempest.lib.common.rest_client [req-a289b392-9c26-4cad-a847-303fcc727c30 req-a289b392-9c26-4cad-a847-303fcc727c30 ] Request (ImagesTestJSON:test_create_image_from_suspended_server): 200 GET http://10.180.1.21/compute/v2.1/images/12a15554-95ba-49bd-b848-02a8ff09f199 0.372s
2025-11-22 00:36:35.344 66629 INFO tempest.lib.common.rest_client [req-e74d7cfd-8f3d-41b9-87cc-c70e187cd317 req-e74d7cfd-8f3d-41b9-87cc-c70e187cd317 ] Request (AttachInterfacesUnderV243Test:_run_cleanups): 200 GET http://10.180.1.21/compute/v2.1/servers/b2221047-0316-47b1-b4a3-e0c426504f92 0.436s
2025-11-22 00:36:35.399 66645 INFO tempest.lib.common.rest_client [req-59671a59-6806-4979-aa22-4bdf5ee92957 req-59671a59-6806-4979-aa22-4bdf5ee92957 ] Request (ImagesOneServerNegativeTestJSON:_run_cleanups): 200 GET http://10.180.1.21/compute/v2.1/servers/e170ef19-c842-4a46-b033-d29c40887ed9 0.375s
2025-11-22 00:36:35.409 66627 INFO tempest.lib.common.rest_client [req-a6de8d8a-2239-4299-aa4f-cfe8fe4a0225 req-a6de8d8a-2239-4299-aa4f-cfe8fe4a0225 ] Request (AttachVolumeTestJSON:_run_cleanups): 200 GET http://10.180.1.21/compute/v2.1/servers/e9c9b705-224c-477d-84d2-322487b0cbba 0.267s
2025-11-22 00:36:35.513 66635 INFO tempest.lib.common.rest_client [req-56f19595-5fcb-4c76-a25d-5f12a60366de req-56f19595-5fcb-4c76-a25d-5f12a60366de ] Request (ListImageFiltersTestJSON:setUpClass): 200 GET http://10.180.1.21/compute/v2.1/servers/cfd4609c-6369-4195-98b8-d3a2d7bff9a0 0.305s
2025-11-22 00:36:35.802 66661 INFO tempest.lib.common.rest_client [req-9c76707c-86ee-4788-b936-b39c9733d438 req-9c76707c-86ee-4788-b936-b39c9733d438 ] Request (VolumesAssistedSnapshotsTest:tearDownClass): 200 GET http://10.180.1.21/compute/v2.1/servers/a97ef002-ffed-4d29-8e65-505a5596a7d7 0.076s
2025-11-22 00:36:35.919 66609 INFO tempest.lib.common.rest_client [req-7f383379-faec-4603-bad7-1d0d19f2fd2a req-7f383379-faec-4603-bad7-1d0d19f2fd2a ] Request (ServerPasswordTestJSON:setUpClass): 200 GET http://10.180.1.21/compute/v2.1/servers/91dd0eb9-b11d-47a1-96e9-49ec74cca049 0.094s
2025-11-22 00:36:36.034 66641 INFO tempest.lib.common.rest_client [req-be95799e-2ba5-4db9-9148-4d83ca721b00 req-be95799e-2ba5-4db9-9148-4d83ca721b00 ] Request (ServerActionsTestOtherA:test_rebuild_server_with_volume_attached): 200 GET http://10.180.1.21/compute/v2.1/servers/d2716138-830f-44cf-86da-e74007392e95 0.141s
2025-11-22 00:36:36.070 66633 INFO tempest.lib.common.rest_client [req-81d7719a-8883-4295-9fdb-033b36ceb69e req-81d7719a-8883-4295-9fdb-033b36ceb69e ] Request (MigrationsAdminTest:test_resize_server_revert_deleted_flavor): 200 GET http://10.180.1.21/compute/v2.1/servers/8d859fa6-7772-4899-8d3a-be75805b7f2f 0.236s
2025-11-22 00:36:36.138 66655 INFO tempest.lib.common.rest_client [req-63115e94-327e-42c8-be8d-c4729d341eaf req-63115e94-327e-42c8-be8d-c4729d341eaf ] Request (AttachInterfacesV270Test:tearDownClass): 200 GET http://10.180.1.21/compute/v2.1/servers/4d6a4ac9-ab10-4767-84fe-1399b8a072d5 0.211s
2025-11-22 00:36:36.179 66643 INFO tempest.lib.common.rest_client [req-f5a952a4-ae32-442b-812c-b54b328e97e9 req-f5a952a4-ae32-442b-812c-b54b328e97e9 ] Request (ListServerFiltersTestJSON:setUpClass): 200 GET http://10.180.1.21/compute/v2.1/servers/67e58d35-c3d3-40fa-9401-269c184102c5 0.214s
2025-11-22 00:36:36.253 66669 INFO tempest.lib.common.rest_client [req-ea07e9a1-ce1c-4c3e-b4ac-c4710466f7e1 req-ea07e9a1-ce1c-4c3e-b4ac-c4710466f7e1 ] Request (MultipleCreateTestJSON:_run_cleanups): 200 GET http://10.180.1.21/compute/v2.1/servers/296d2602-572f-4c8f-9bc5-94286ff9dec1 0.262s
2025-11-22 00:36:36.300 66631 INFO tempest.lib.common.rest_client [req-10ad5671-3925-458e-b757-80431aa8d8df req-10ad5671-3925-458e-b757-80431aa8d8df ] Request (AttachVolumeShelveTestJSON:test_attach_volume_shelved_or_offload_server): 200 GET http://10.180.1.21/compute/v2.1/servers/f48f59e9-9b63-41b9-b33a-14bc70fe93dd 0.278s
2025-11-22 00:36:36.377 66611 INFO tempest.lib.common.rest_client [req-88f1a32b-1304-4d08-9646-9efae20dce10 req-88f1a32b-1304-4d08-9646-9efae20dce10 ] Request (ServerDiskConfigTestJSON:test_rebuild_server_with_manual_disk_config): 200 GET http://10.180.1.21/compute/v2.1/servers/ab36aba0-919a-48fa-99ee-a5e3833ad3fe 0.335s
2025-11-22 00:36:36.496 66651 INFO tempest.lib.common.rest_client [req-d7355c26-5676-41e6-8b1f-a7b993807a5f req-d7355c26-5676-41e6-8b1f-a7b993807a5f ] Request (AttachVolumeNegativeTest:test_attach_attached_volume_to_different_server): 200 GET http://10.180.1.21/compute/v2.1/servers/706e02ee-d1b9-40cc-bfbb-53fa0a478cca 0.401s
2025-11-22 00:36:36.518 66625 INFO tempest.lib.common.rest_client [req-ca9e044f-dbd1-4384-88c8-688cb2228f37 req-ca9e044f-dbd1-4384-88c8-688cb2228f37 ] Request (ServersNegativeTestMultiTenantJSON:setUpClass): 200 GET http://10.180.1.21/compute/v2.1/servers/ab44c963-4841-40f9-9057-c4d7771bd873 0.435s
2025-11-22 00:36:36.526 66625 INFO tempest.common.waiters [-] State transition "BUILD/networking" ==> "BUILD/block_device_mapping" after 61 second wait
2025-11-22 00:36:36.574 66667 INFO tempest.lib.common.rest_client [req-610ed8a9-ea7f-4461-9925-1d9426e984db req-610ed8a9-ea7f-4461-9925-1d9426e984db ] Request (ServersAaction247Test:tearDownClass): 200 GET http://10.180.1.21/compute/v2.1/servers/c623871a-81d8-41d5-bd10-9cfe12bba842 0.430s
2025-11-22 00:36:36.587 66613 INFO tempest.lib.common.rest_client [req-ca4dd052-632c-4b6c-bebc-cf3d5e652248 req-ca4dd052-632c-4b6c-bebc-cf3d5e652248 ] Request (ServersAdminTestJSON:tearDownClass): 200 GET http://10.180.1.21/compute/v2.1/servers/8547366b-2c27-4119-8843-d70a6020abbf 0.434s
