2025-11-22 00:32:36.171 66660 INFO tempest.lib.common.rest_client [req-fc78f6a8-dc48-4d66-838f-23a18df794ea req-fc78f6a8-dc48-4d66-838f-23a18df794ea ] Request (NetworksTest:tearDownClass): 204 DELETE http://10.180.1.21/identity/v3/projects/2d2c13543ffc41c1985579eadd8a54e4 0.084s
2025-11-22 00:32:36.171 66660 INFO tempest.lib.common.dynamic_creds [-] Deleting project and security group for project: b490058f8b034820b815813f61343b64
2025-11-22 00:32:36.194 66661 INFO tempest.lib.common.rest_client [req-9f643a4b-b160-47be-90f8-9d6bab8b3036 req-9f643a4b-b160-47be-90f8-9d6bab8b3036 ] Request (VolumesAssistedSnapshotsTest:test_volume_assisted_snapshot_create_delete): 201 POST http://10.180.1.21/networking/v2.0/security-group-rules 0.275s
2025-11-22 00:32:36.338 66625 INFO tempest.lib.common.rest_client [req-f9eefdaf-dace-4038-8ad2-e4028a6d70b1 req-f9eefdaf-dace-4038-8ad2-e4028a6d70b1 ] Request (ServicesAdminTestJSON:tearDownClass): 204 DELETE http://10.180.1.21/networking/v2.0/security-groups/778f6276-e338-489a-8018-199b7ae0bf6b 0.336s
2025-11-22 00:32:36.444 66660 INFO tempest.lib.common.rest_client [req-2c658be6-dee1-4edd-a20b-299740ec8e86 req-2c658be6-dee1-4edd-a20b-299740ec8e86 ] Request (NetworksTest:tearDownClass): 200 GET http://10.180.1.21/networking/v2.0/security-groups?tenant_id=b490058f8b034820b815813f61343b64&name=default 0.273s
2025-11-22 00:32:36.447 66625 INFO tempest.lib.common.rest_client [req-9ad2c9b2-5781-4c76-9851-254106046aec req-9ad2c9b2-5781-4c76-9851-254106046aec ] Request (ServicesAdminTestJSON:tearDownClass): 204 DELETE http://10.180.1.21/identity/v3/projects/a46da87443be407587b64a4ea124e266 0.109s
2025-11-22 00:32:36.516 66625 INFO tempest.lib.common.rest_client [req-3d37d054-854a-4e90-b5a9-cf182fb0b54f req-3d37d054-854a-4e90-b5a9-cf182fb0b54f ] Request (ServerGroup264TestJSON:setUpClass): 201 POST http://10.180.1.21/identity/v3/auth/tokens 0.067s
2025-11-22 00:32:36.558 66625 INFO tempest.lib.common.rest_client [req-9e003fa2-853d-473f-b489-7e64f4553cf1 req-9e003fa2-853d-473f-b489-7e64f4553cf1 ] Request (ServerGroup264TestJSON:setUpClass): 201 POST http://10.180.1.21/identity/v3/auth/tokens 0.038s
2025-11-22 00:32:36.573 66639 INFO tempest.lib.common.rest_client [req-e3dd78a1-85cd-4949-bd72-3df0a1ac5fa9 req-e3dd78a1-85cd-4949-bd72-3df0a1ac5fa9 ] Request (VolumesAdminNegativeTest:test_update_attached_volume_with_nonexistent_volume_in_uri): 202 POST http://10.180.1.21/compute/v2.1/servers 6.719s
2025-11-22 00:32:36.588 66625 INFO tempest.lib.common.rest_client [req-1c72b8c1-c503-47af-8dd4-541783e0464e req-1c72b8c1-c503-47af-8dd4-541783e0464e ] Request (ServerGroup264TestJSON:setUpClass): 200 GET http://10.180.1.21/identity/v3/domains?name=Default 0.029s
2025-11-22 00:32:36.596 66647 INFO tempest.lib.common.rest_client [req-95d7c1e6-5439-4e9d-af5c-bb1c1044de25 req-95d7c1e6-5439-4e9d-af5c-bb1c1044de25 ] Request (FlavorsAdminTestJSON:_run_cleanups): 202 DELETE http://10.180.1.21/compute/v2.1/flavors/1406941570 4.153s
2025-11-22 00:32:36.639 66625 INFO tempest.lib.common.rest_client [req-12673133-b047-40c0-93a9-1d19781d6919 req-12673133-b047-40c0-93a9-1d19781d6919 ] Request (ServerGroup264TestJSON:setUpClass): 201 POST http://10.180.1.21/identity/v3/projects 0.050s
2025-11-22 00:32:36.748 66625 INFO tempest.lib.common.rest_client [req-bdf8ba2a-6473-47f3-b9fb-8bf4019c67c9 req-bdf8ba2a-6473-47f3-b9fb-8bf4019c67c9 ] Request (ServerGroup264TestJSON:setUpClass): 201 POST http://10.180.1.21/identity/v3/users 0.108s
2025-11-22 00:32:36.780 66625 INFO tempest.lib.common.rest_client [req-3866dfc2-6568-4384-a0d1-4240b94dd0c3 req-3866dfc2-6568-4384-a0d1-4240b94dd0c3 ] Request (ServerGroup264TestJSON:setUpClass): 200 GET http://10.180.1.21/identity/v3/roles 0.031s
2025-11-22 00:32:36.814 66625 INFO tempest.lib.common.rest_client [req-9856a0bd-7611-48d2-a662-f650f7305c61 req-9856a0bd-7611-48d2-a662-f650f7305c61 ] Request (ServerGroup264TestJSON:setUpClass): 204 PUT http://10.180.1.21/identity/v3/projects/bf965d2d96754b6295a972e9e32489fa/users/e203400efa2c4c12ad2aa583c0eacfc2/roles/b734ad432d9a49e480b085769798b5d3 0.034s
2025-11-22 00:32:36.814 66625 INFO tempest.lib.common.dynamic_creds [-] Dynamic test user e203400efa2c4c12ad2aa583c0eacfc2 is created with scope project and roles: ['member']
2025-11-22 00:32:36.815 66625 INFO tempest.lib.common.dynamic_creds [-] Acquired dynamic creds: credentials: Credentials: {'domain_id': 'default', 'domain_name': 'Default', 'username': 'tempest-ServerGroup264TestJSON-468893605-project-member', 'project_domain_id': 'default', 'project_domain_name': 'Default', 'project_id': 'bf965d2d96754b6295a972e9e32489fa', 'project_name': 'tempest-ServerGroup264TestJSON-468893605', 'tenant_id': 'bf965d2d96754b6295a972e9e32489fa', 'tenant_name': 'tempest-ServerGroup264TestJSON-468893605', 'user_domain_id': 'default', 'user_domain_name': 'Default', 'user_id': 'e203400efa2c4c12ad2aa583c0eacfc2', 'system': None}, Network: None, Subnet: None, Router: None
2025-11-22 00:32:36.849 66661 INFO tempest.lib.common.rest_client [req-96825c59-9a2f-4270-ae70-94a74d4382de req-96825c59-9a2f-4270-ae70-94a74d4382de ] Request (VolumesAssistedSnapshotsTest:test_volume_assisted_snapshot_create_delete): 201 POST http://10.180.1.21/networking/v2.0/floatingips 0.654s
2025-11-22 00:32:36.901 66625 INFO tempest.lib.common.rest_client [req-d99bfd97-0a7a-48e6-bfda-1fa785ffb556 req-d99bfd97-0a7a-48e6-bfda-1fa785ffb556 ] Request (ServerGroup264TestJSON:setUpClass): 201 POST http://10.180.1.21/identity/v3/auth/tokens 0.086s
2025-11-22 00:32:36.931 66661 INFO tempest.lib.common.rest_client [req-999a7d0e-2034-4f61-ac92-f7a172a2d6e5 req-999a7d0e-2034-4f61-ac92-f7a172a2d6e5 ] Request (VolumesAssistedSnapshotsTest:test_volume_assisted_snapshot_create_delete): 201 POST http://10.180.1.21/identity/v3/auth/tokens 0.076s
2025-11-22 00:32:36.932 66661 INFO tempest.lib.common.fixed_network [-] (VolumesAssistedSnapshotsTest:test_volume_assisted_snapshot_create_delete) Found network {'id': 'c0b597b8-6d8e-4829-b0a8-7a2518446967', 'name': 'tempest-VolumesAssistedSnapshotsTest-727663672-network', 'tenant_id': 'ff4090af4ed240aaaf997d2dfe61c05d', 'project_id': 'ff4090af4ed240aaaf997d2dfe61c05d', 'admin_state_up': True, 'mtu': 8950, 'status': 'ACTIVE', 'subnets': [], 'shared': False, 'port_security_enabled': True, 'router:external': False, 'provider:network_type': 'vlan', 'provider:physical_network': 'default', 'provider:segmentation_id': 66, 'availability_zone_hints': [], 'availability_zones': [], 'ipv4_address_scope': None, 'ipv6_address_scope': None, 'description': '', 'tags': [], 'created_at': '2025-11-22T00:32:09Z', 'updated_at': '2025-11-22T00:32:09Z', 'revision_number': 1} available for tenant
2025-11-22 00:32:36.957 66611 INFO tempest.lib.common.rest_client [req-0b2a5d8f-5983-4c67-ab07-fd814950fc67 req-0b2a5d8f-5983-4c67-ab07-fd814950fc67 ] Request (ServersTestBootFromVolume:setUpClass): 200 GET http://10.180.1.21/volume/v3/volumes/8cf9f8ba-0189-4c1f-9053-e54678b23c7e 0.033s
2025-11-22 00:32:37.002 66660 INFO tempest.lib.common.rest_client [req-de25619f-1175-4dc0-86d6-f921a96dd87b req-de25619f-1175-4dc0-86d6-f921a96dd87b ] Request (NetworksTest:tearDownClass): 204 DELETE http://10.180.1.21/networking/v2.0/security-groups/58dda55c-21f0-4d4f-9205-985c4dcffe64 0.557s
2025-11-22 00:32:37.057 66669 INFO tempest.lib.common.rest_client [req-3fd99283-7c10-4a9c-8dd6-98653a869f0d req-3fd99283-7c10-4a9c-8dd6-98653a869f0d ] Request (ServersTestMultiNic:test_verify_duplicate_network_nics): 200 GET http://10.180.1.21/compute/v2.1/servers/1d0b613c-c338-497e-93ee-4246f2b031c9 3.824s
2025-11-22 00:32:37.079 66660 INFO tempest.lib.common.rest_client [req-f7b8f82d-6c37-4963-9706-039508818536 req-f7b8f82d-6c37-4963-9706-039508818536 ] Request (NetworksTest:tearDownClass): 204 DELETE http://10.180.1.21/identity/v3/projects/b490058f8b034820b815813f61343b64 0.077s
2025-11-22 00:32:37.221 66660 INFO tempest.lib.common.rest_client [req-07c727d3-3243-479f-8240-1f59a2e04d8a req-07c727d3-3243-479f-8240-1f59a2e04d8a ] Request (SecurityGroupsTestAdminJSON:setUpClass): 201 POST http://10.180.1.21/identity/v3/auth/tokens 0.139s
2025-11-22 00:32:37.259 66660 INFO tempest.lib.common.rest_client [req-91fef327-ee4d-4d08-bf96-388a0d793cac req-91fef327-ee4d-4d08-bf96-388a0d793cac ] Request (SecurityGroupsTestAdminJSON:setUpClass): 201 POST http://10.180.1.21/identity/v3/auth/tokens 0.033s
2025-11-22 00:32:37.294 66660 INFO tempest.lib.common.rest_client [req-062117cc-ab57-45a5-ab75-499b27894b71 req-062117cc-ab57-45a5-ab75-499b27894b71 ] Request (SecurityGroupsTestAdminJSON:setUpClass): 200 GET http://10.180.1.21/identity/v3/domains?name=Default 0.033s
2025-11-22 00:32:37.331 66660 INFO tempest.lib.common.rest_client [req-67207abe-5b3f-4763-b031-8ad13c1e7815 req-67207abe-5b3f-4763-b031-8ad13c1e7815 ] Request (SecurityGroupsTestAdminJSON:setUpClass): 201 POST http://10.180.1.21/identity/v3/projects 0.036s
2025-11-22 00:32:37.431 66660 INFO tempest.lib.common.rest_client [req-05e170d6-09d2-4dc1-80b0-9411904e1cc9 req-05e170d6-09d2-4dc1-80b0-9411904e1cc9 ] Request (SecurityGroupsTestAdminJSON:setUpClass): 201 POST http://10.180.1.21/identity/v3/users 0.100s
2025-11-22 00:32:37.452 66625 INFO tempest.lib.common.rest_client [req-5176ca0a-d69c-4e21-acb4-5e07faef1ff0 req-5176ca0a-d69c-4e21-acb4-5e07faef1ff0 ] Request (ServerGroup264TestJSON:setUpClass): 201 POST http://10.180.1.21/networking/v2.0/networks 0.551s
2025-11-22 00:32:37.457 66660 INFO tempest.lib.common.rest_client [req-3ea79e81-9762-452e-a58c-437bc6d3a2ab req-3ea79e81-9762-452e-a58c-437bc6d3a2ab ] Request (SecurityGroupsTestAdminJSON:setUpClass): 200 GET http://10.180.1.21/identity/v3/roles 0.024s
2025-11-22 00:32:37.496 66660 INFO tempest.lib.common.rest_client [req-7c860f01-129e-40d5-8fbb-03a94a884405 req-7c860f01-129e-40d5-8fbb-03a94a884405 ] Request (SecurityGroupsTestAdminJSON:setUpClass): 204 PUT http://10.180.1.21/identity/v3/projects/ea096055f20e4968a67c877313fe293c/users/5a66009d8f734686b87710115367fbd6/roles/b734ad432d9a49e480b085769798b5d3 0.039s
2025-11-22 00:32:37.497 66660 INFO tempest.lib.common.dynamic_creds [-] Dynamic test user 5a66009d8f734686b87710115367fbd6 is created with scope project and roles: ['member']
2025-11-22 00:32:37.497 66660 INFO tempest.lib.common.dynamic_creds [-] Acquired dynamic creds: credentials: Credentials: {'domain_id': 'default', 'domain_name': 'Default', 'username': 'tempest-SecurityGroupsTestAdminJSON-249298848-project-member', 'project_domain_id': 'default', 'project_domain_name': 'Default', 'project_id': 'ea096055f20e4968a67c877313fe293c', 'project_name': 'tempest-SecurityGroupsTestAdminJSON-249298848', 'tenant_id': 'ea096055f20e4968a67c877313fe293c', 'tenant_name': 'tempest-SecurityGroupsTestAdminJSON-249298848', 'user_domain_id': 'default', 'user_domain_name': 'Default', 'user_id': '5a66009d8f734686b87710115367fbd6', 'system': None}, Network: None, Subnet: None, Router: None
2025-11-22 00:32:37.497 66660 INFO tempest.lib.common.dynamic_creds [-] Created isolated network resources for: credentials: Credentials: {'domain_id': 'default', 'domain_name': 'Default', 'username': 'tempest-SecurityGroupsTestAdminJSON-249298848-project-member', 'project_domain_id': 'default', 'project_domain_name': 'Default', 'project_id': 'ea096055f20e4968a67c877313fe293c', 'project_name': 'tempest-SecurityGroupsTestAdminJSON-249298848', 'tenant_id': 'ea096055f20e4968a67c877313fe293c', 'tenant_name': 'tempest-SecurityGroupsTestAdminJSON-249298848', 'user_domain_id': 'default', 'user_domain_name': 'Default', 'user_id': '5a66009d8f734686b87710115367fbd6', 'system': None}, Network: None, Subnet: None, Router: None
2025-11-22 00:32:37.598 66660 INFO tempest.lib.common.rest_client [req-ce39000c-75b1-4f07-a163-97d1b43bd1cf req-ce39000c-75b1-4f07-a163-97d1b43bd1cf ] Request (SecurityGroupsTestAdminJSON:setUpClass): 201 POST http://10.180.1.21/identity/v3/auth/tokens 0.097s
2025-11-22 00:32:37.677 66660 INFO tempest.lib.common.rest_client [req-0872a40a-0bcb-4587-85aa-d3906e4a78b2 req-0872a40a-0bcb-4587-85aa-d3906e4a78b2 ] Request (SecurityGroupsTestAdminJSON:setUpClass): 201 POST http://10.180.1.21/identity/v3/projects 0.078s
2025-11-22 00:32:37.742 66660 INFO tempest.lib.common.rest_client [req-3688d4ee-daf9-469b-aa9d-1c04753741ad req-3688d4ee-daf9-469b-aa9d-1c04753741ad ] Request (SecurityGroupsTestAdminJSON:setUpClass): 201 POST http://10.180.1.21/identity/v3/users 0.064s
2025-11-22 00:32:37.763 66660 INFO tempest.lib.common.rest_client [req-ecc38796-002e-42c3-aa88-bdcd01677e0f req-ecc38796-002e-42c3-aa88-bdcd01677e0f ] Request (SecurityGroupsTestAdminJSON:setUpClass): 200 GET http://10.180.1.21/identity/v3/roles 0.021s
2025-11-22 00:32:37.805 66660 INFO tempest.lib.common.rest_client [req-5dfc2fa2-334d-4c35-9717-15cb3ab45d43 req-5dfc2fa2-334d-4c35-9717-15cb3ab45d43 ] Request (SecurityGroupsTestAdminJSON:setUpClass): 204 PUT http://10.180.1.21/identity/v3/projects/8c273c807bf24484938a989b0bde85a6/users/dcc363e2779d44e7b822e870de10ee02/roles/80854a4f68bd4dc1a5a883994f705218 0.042s
2025-11-22 00:32:37.828 66625 INFO tempest.lib.common.rest_client [req-c786e694-8332-42ef-b8d0-de6a2fff307e req-c786e694-8332-42ef-b8d0-de6a2fff307e ] Request (ServerGroup264TestJSON:setUpClass): 201 POST http://10.180.1.21/networking/v2.0/subnets 0.371s
2025-11-22 00:32:37.888 66660 INFO tempest.lib.common.rest_client [req-16c97aeb-16a6-467c-b554-360fb82d06be req-16c97aeb-16a6-467c-b554-360fb82d06be ] Request (SecurityGroupsTestAdminJSON:setUpClass): 200 GET http://10.180.1.21/identity/v3/roles 0.083s
2025-11-22 00:32:37.922 66660 INFO tempest.lib.common.rest_client [req-2daff11d-a9ce-423d-aa18-19a7ce093aa6 req-2daff11d-a9ce-423d-aa18-19a7ce093aa6 ] Request (SecurityGroupsTestAdminJSON:setUpClass): 204 PUT http://10.180.1.21/identity/v3/projects/8c273c807bf24484938a989b0bde85a6/users/dcc363e2779d44e7b822e870de10ee02/roles/80854a4f68bd4dc1a5a883994f705218 0.033s
2025-11-22 00:32:37.922 66660 INFO tempest.lib.common.dynamic_creds [-] Dynamic test user dcc363e2779d44e7b822e870de10ee02 is created with scope project and roles: ['admin']
2025-11-22 00:32:37.922 66660 INFO tempest.lib.common.dynamic_creds [-] Acquired dynamic creds: credentials: Credentials: {'domain_id': 'default', 'domain_name': 'Default', 'username': 'tempest-SecurityGroupsTestAdminJSON-1552792800-project-admin', 'project_domain_id': 'default', 'project_domain_name': 'Default', 'project_id': '8c273c807bf24484938a989b0bde85a6', 'project_name': 'tempest-SecurityGroupsTestAdminJSON-1552792800', 'tenant_id': '8c273c807bf24484938a989b0bde85a6', 'tenant_name': 'tempest-SecurityGroupsTestAdminJSON-1552792800', 'user_domain_id': 'default', 'user_domain_name': 'Default', 'user_id': 'dcc363e2779d44e7b822e870de10ee02', 'system': None}, Network: None, Subnet: None, Router: None
2025-11-22 00:32:37.922 66660 INFO tempest.lib.common.dynamic_creds [-] Created isolated network resources for: credentials: Credentials: {'domain_id': 'default', 'domain_name': 'Default', 'username': 'tempest-SecurityGroupsTestAdminJSON-1552792800-project-admin', 'project_domain_id': 'default', 'project_domain_name': 'Default', 'project_id': '8c273c807bf24484938a989b0bde85a6', 'project_name': 'tempest-SecurityGroupsTestAdminJSON-1552792800', 'tenant_id': '8c273c807bf24484938a989b0bde85a6', 'tenant_name': 'tempest-SecurityGroupsTestAdminJSON-1552792800', 'user_domain_id': 'default', 'user_domain_name': 'Default', 'user_id': 'dcc363e2779d44e7b822e870de10ee02', 'system': None}, Network: None, Subnet: None, Router: None
2025-11-22 00:32:37.996 66611 INFO tempest.lib.common.rest_client [req-fbf3913f-c27e-487e-8a70-ce385b13f48f req-fbf3913f-c27e-487e-8a70-ce385b13f48f ] Request (ServersTestBootFromVolume:setUpClass): 200 GET http://10.180.1.21/volume/v3/volumes/8cf9f8ba-0189-4c1f-9053-e54678b23c7e 0.031s
2025-11-22 00:32:38.023 66660 INFO tempest.lib.common.rest_client [req-a2698cde-8645-4a11-8593-faccb6f064bd req-a2698cde-8645-4a11-8593-faccb6f064bd ] Request (SecurityGroupsTestAdminJSON:setUpClass): 201 POST http://10.180.1.21/identity/v3/auth/tokens 0.095s
2025-11-22 00:32:38.291 66613 INFO tempest.lib.common.rest_client [req-b215aec1-b135-41cb-b587-10475420a416 req-b215aec1-b135-41cb-b587-10475420a416 ] Request (ServersAdminTestJSON:setUpClass): 202 POST http://10.180.1.21/compute/v2.1/servers 5.916s
2025-11-22 00:32:38.353 66623 INFO tempest.lib.common.rest_client [req-79699443-fd2d-4141-9788-3c6124af4edd req-79699443-fd2d-4141-9788-3c6124af4edd ] Request (KeyPairsNegativeTestJSON:test_create_keypair_with_duplicate_name): 200 POST http://10.180.1.21/compute/v2.1/os-keypairs 5.064s
2025-11-22 00:32:38.392 66665 INFO tempest.lib.common.rest_client [req-653db675-d21e-473a-8f68-f0decae83d5d req-653db675-d21e-473a-8f68-f0decae83d5d ] Request (AggregatesAdminNegativeTestJSON:_run_cleanups): 200 DELETE http://10.180.1.21/compute/v2.1/os-aggregates/1 4.781s
2025-11-22 00:32:38.460 66643 INFO tempest.lib.common.rest_client [req-2154e39c-48fe-4e7d-abab-894424644436 req-2154e39c-48fe-4e7d-abab-894424644436 ] Request (QuotaClassesAdmin257Test:_run_cleanups): 200 PUT http://10.180.1.21/compute/v2.1/os-quota-class-sets/default 4.835s
2025-11-22 00:32:38.491 66629 INFO tempest.lib.common.rest_client [req-10c9b3e0-3bfd-4ebd-9b80-230b80e3e98d req-10c9b3e0-3bfd-4ebd-9b80-230b80e3e98d ] Request (FlavorMetadataValidation:_run_cleanups): 200 GET http://10.180.1.21/compute/v2.1/flavors/detail 4.846s
2025-11-22 00:32:38.518 66637 INFO tempest.lib.common.rest_client [req-73d87b16-c42d-4d69-86a0-83622119f636 req-73d87b16-c42d-4d69-86a0-83622119f636 ] Request (FlavorsV261TestJSON:_run_cleanups): 202 DELETE http://10.180.1.21/compute/v2.1/flavors/1432489321 4.817s
2025-11-22 00:32:38.537 66615 INFO tempest.lib.common.rest_client [req-abb6b47e-89af-4d66-8662-5e05313589ab req-abb6b47e-89af-4d66-8662-5e05313589ab ] Request (HypervisorAdminTestJSON:test_get_hypervisor_stats): 200 GET http://10.180.1.21/compute/v2.1/os-hypervisors/statistics 4.815s
2025-11-22 00:32:38.571 66667 INFO tempest.lib.common.rest_client [req-ce358a20-f266-44a0-82c3-216965b5b663 req-ce358a20-f266-44a0-82c3-216965b5b663 ] Request (FlavorsV255TestJSON:test_crud_flavor): 200 GET http://10.180.1.21/compute/v2.1/flavors/detail 4.741s
2025-11-22 00:32:38.574 66663 INFO tempest.lib.common.rest_client [req-b9aee053-3850-4e85-94bd-37a5213393c0 req-b9aee053-3850-4e85-94bd-37a5213393c0 ] Request (FlavorsExtraSpecsNegativeTestJSON:test_flavor_non_admin_unset_keys): 403 DELETE http://10.180.1.21/compute/v2.1/flavors/1639279092/os-extra_specs/hw:numa_nodes 4.725s
2025-11-22 00:32:38.602 66653 INFO tempest.lib.common.rest_client [req-1dfcf78e-c86b-4eb1-96d7-c866fe879026 req-1dfcf78e-c86b-4eb1-96d7-c866fe879026 ] Request (FlavorsAccessTestJSON:test_flavor_access_add_remove): 200 GET http://10.180.1.21/compute/v2.1/flavors/detail 4.653s
2025-11-22 00:32:38.616 66643 INFO tempest.lib.common.rest_client [req-33d5a8c5-d6e5-4517-8193-e308d2a1e422 req-33d5a8c5-d6e5-4517-8193-e308d2a1e422 ] Request (QuotaClassesAdmin257Test:tearDownClass): 204 DELETE http://10.180.1.21/identity/v3/users/55ccddc4485a4c6180be92921c1501d0 0.146s
2025-11-22 00:32:38.631 66621 INFO tempest.lib.common.rest_client [req-40722961-a2d9-4eb6-9951-56ec21d2b3e5 req-40722961-a2d9-4eb6-9951-56ec21d2b3e5 ] Request (ServersWithSpecificFlavorTestJSON:test_verify_created_server_ephemeral_disk): 200 POST http://10.180.1.21/compute/v2.1/flavors/1190585717/os-extra_specs 4.668s
2025-11-22 00:32:38.636 66607 INFO tempest.lib.common.rest_client [req-4ee0c460-ca4e-4116-af45-12a4aa2d475b req-4ee0c460-ca4e-4116-af45-12a4aa2d475b ] Request (HostsAdminNegativeTestJSON:test_show_host_detail_with_non_admin_user): 403 GET http://10.180.1.21/compute/v2.1/os-hosts/devstack 4.634s
2025-11-22 00:32:38.651 66629 INFO tempest.lib.common.rest_client [req-a022239d-71a2-46a7-a970-355f2c181387 req-a022239d-71a2-46a7-a970-355f2c181387 ] Request (FlavorMetadataValidation:tearDownClass): 204 DELETE http://10.180.1.21/identity/v3/users/de5dd76f196c46a78181b5baa27db3f5 0.141s
2025-11-22 00:32:38.742 66631 INFO tempest.lib.common.rest_client [req-e25db745-5512-4f61-8100-15687d74d401 req-e25db745-5512-4f61-8100-15687d74d401 ] Request (QuotasAdminTestV257:test_get_updated_quotas): 200 GET http://10.180.1.21/identity/v3/domains?name=Default 0.211s
2025-11-22 00:32:38.790 66615 INFO tempest.lib.common.rest_client [req-3c205c29-b81c-46f1-8e9c-03d86aadac11 req-3c205c29-b81c-46f1-8e9c-03d86aadac11 ] Request (HypervisorAdminTestJSON:tearDownClass): 204 DELETE http://10.180.1.21/identity/v3/users/681bb64f1ba44b60a55ee8a6b0e5d849 0.247s
2025-11-22 00:32:38.811 66643 INFO tempest.lib.common.rest_client [req-a80c4425-8575-4bc8-8495-ab1ac33f27eb req-a80c4425-8575-4bc8-8495-ab1ac33f27eb ] Request (QuotaClassesAdmin257Test:tearDownClass): 204 DELETE http://10.180.1.21/identity/v3/users/10619f794e6b48d7a895a573f7846ff1 0.193s
2025-11-22 00:32:38.811 66643 INFO tempest.lib.common.dynamic_creds [-] Deleting project and security group for project: ed39ecb8b8c44cd1927148e8ec93eab4
2025-11-22 00:32:38.908 66625 INFO tempest.lib.common.rest_client [req-63486d23-d747-4161-8f1d-bb0b7192923e req-63486d23-d747-4161-8f1d-bb0b7192923e ] Request (ServerGroup264TestJSON:setUpClass): 201 POST http://10.180.1.21/networking/v2.0/routers 1.078s
2025-11-22 00:32:38.914 66631 INFO tempest.lib.common.rest_client [req-cf353a25-a4a3-49ca-b810-03157a0732ef req-cf353a25-a4a3-49ca-b810-03157a0732ef ] Request (QuotasAdminTestV257:test_get_updated_quotas): 201 POST http://10.180.1.21/identity/v3/projects 0.171s
2025-11-22 00:32:38.967 66629 INFO tempest.lib.common.rest_client [req-71625b1b-37b9-403c-8a83-06058a9936d9 req-71625b1b-37b9-403c-8a83-06058a9936d9 ] Request (FlavorMetadataValidation:tearDownClass): 204 DELETE http://10.180.1.21/identity/v3/users/c573dfbae84941fc9c1e0bb25790b15b 0.315s
2025-11-22 00:32:38.967 66629 INFO tempest.lib.common.dynamic_creds [-] Deleting project and security group for project: f80b29ab5b3a49e58e00356fb50a5683
2025-11-22 00:32:39.030 66643 INFO tempest.lib.common.rest_client [req-ddfdc1e2-4d52-4e96-a60b-bf89f435a4e1 req-ddfdc1e2-4d52-4e96-a60b-bf89f435a4e1 ] Request (QuotaClassesAdmin257Test:tearDownClass): 201 POST http://10.180.1.21/identity/v3/auth/tokens 0.218s
2025-11-22 00:32:39.042 66611 INFO tempest.lib.common.rest_client [req-733d52bf-e13a-46de-aa12-0bc82443781b req-733d52bf-e13a-46de-aa12-0bc82443781b ] Request (ServersTestBootFromVolume:setUpClass): 200 GET http://10.180.1.21/volume/v3/volumes/8cf9f8ba-0189-4c1f-9053-e54678b23c7e 0.037s
2025-11-22 00:32:39.058 66615 INFO tempest.lib.common.rest_client [req-43ddd5e5-3f42-49e6-90cd-46ba181d9d31 req-43ddd5e5-3f42-49e6-90cd-46ba181d9d31 ] Request (HypervisorAdminTestJSON:tearDownClass): 204 DELETE http://10.180.1.21/identity/v3/users/f14f1bc2c20247f0bb62ce0c4d7acc6b 0.267s
2025-11-22 00:32:39.058 66615 INFO tempest.lib.common.dynamic_creds [-] Deleting project and security group for project: e68473e1fbc3401e9990a0f6e90a64f0
2025-11-22 00:32:39.129 66629 INFO tempest.lib.common.rest_client [req-7de83675-9359-4c45-b9b7-918537f0a51d req-7de83675-9359-4c45-b9b7-918537f0a51d ] Request (FlavorMetadataValidation:tearDownClass): 201 POST http://10.180.1.21/identity/v3/auth/tokens 0.161s
2025-11-22 00:32:39.143 66631 INFO tempest.lib.common.rest_client [req-536c8260-169c-4e7f-aa3b-80a4d6478e59 req-536c8260-169c-4e7f-aa3b-80a4d6478e59 ] Request (QuotasAdminTestV257:test_get_updated_quotas): 200 GET http://10.180.1.21/identity/v3/domains?name=Default 0.228s
2025-11-22 00:32:39.162 66615 INFO tempest.lib.common.rest_client [req-e26850ff-653d-40c3-a972-be4c577275cf req-e26850ff-653d-40c3-a972-be4c577275cf ] Request (HypervisorAdminTestJSON:tearDownClass): 201 POST http://10.180.1.21/identity/v3/auth/tokens 0.103s
2025-11-22 00:32:39.815 66625 INFO tempest.lib.common.rest_client [req-e57b5337-263b-4a8b-aaa8-f95f3f1052c2 req-e57b5337-263b-4a8b-aaa8-f95f3f1052c2 ] Request (ServerGroup264TestJSON:setUpClass): 200 PUT http://10.180.1.21/networking/v2.0/routers/6233e024-661b-4bcf-8202-8d421834f9fd/add_router_interface 0.906s
2025-11-22 00:32:39.815 66625 INFO tempest.lib.common.dynamic_creds [-] Created isolated network resources for: credentials: Credentials: {'domain_id': 'default', 'domain_name': 'Default', 'username': 'tempest-ServerGroup264TestJSON-468893605-project-member', 'project_domain_id': 'default', 'project_domain_name': 'Default', 'project_id': 'bf965d2d96754b6295a972e9e32489fa', 'project_name': 'tempest-ServerGroup264TestJSON-468893605', 'tenant_id': 'bf965d2d96754b6295a972e9e32489fa', 'tenant_name': 'tempest-ServerGroup264TestJSON-468893605', 'user_domain_id': 'default', 'user_domain_name': 'Default', 'user_id': 'e203400efa2c4c12ad2aa583c0eacfc2', 'system': None}, Network: {'id': 'e7be32bd-d47a-4db7-9a64-17aaa1357e95', 'name': 'tempest-ServerGroup264TestJSON-2140119203-network', 'tenant_id': 'bf965d2d96754b6295a972e9e32489fa', 'project_id': 'bf965d2d96754b6295a972e9e32489fa', 'admin_state_up': True, 'mtu': 8950, 'status': 'ACTIVE', 'subnets': [], 'shared': False, 'port_security_enabled': True, 'router:external': False, 'provider:network_type': 'vlan', 'provider:physical_network': 'default', 'provider:segmentation_id': 663, 'availability_zone_hints': [], 'availability_zones': [], 'ipv4_address_scope': None, 'ipv6_address_scope': None, 'description': '', 'tags': [], 'created_at': '2025-11-22T00:32:37Z', 'updated_at': '2025-11-22T00:32:37Z', 'revision_number': 1}, Subnet: {'id': 'e5a92b96-fb03-4b4d-981b-e813ca43e4c4', 'name': 'tempest-ServerGroup264TestJSON-2140119203-subnet', 'tenant_id': 'bf965d2d96754b6295a972e9e32489fa', 'network_id': 'e7be32bd-d47a-4db7-9a64-17aaa1357e95', 'ip_version': 4, 'subnetpool_id': None, 'enable_dhcp': True, 'ipv6_ra_mode': None, 'ipv6_address_mode': None, 'gateway_ip': '192.168.128.1', 'cidr': '192.168.128.0/28', 'allocation_pools': [{'start': '192.168.128.2', 'end': '192.168.128.14'}], 'host_routes': [], 'dns_nameservers': [], 'description': '', 'router:external': False, 'service_types': [], 'tags': [], 'created_at': '2025-11-22T00:32:37Z', 'updated_at': '2025-11-22T00:32:37Z', 'revision_number': 0, 'project_id': 'bf965d2d96754b6295a972e9e32489fa'}, Router: {'id': '6233e024-661b-4bcf-8202-8d421834f9fd', 'name': 'tempest-ServerGroup264TestJSON-2140119203-router', 'tenant_id': 'bf965d2d96754b6295a972e9e32489fa', 'admin_state_up': True, 'status': 'ACTIVE', 'external_gateway_info': {'network_id': '71f1fe10-751f-4706-902b-2c26e71d7515', 'external_fixed_ips': [{'subnet_id': '6b3f9673-6099-4769-9e8e-3eacf4773a65', 'ip_address': '10.180.180.209'}], 'enable_snat': True}, 'description': '', 'availability_zones': [], 'distributed': False, 'ha': False, 'availability_zone_hints': [], 'routes': [], 'flavor_id': None, 'tags': [], 'created_at': '2025-11-22T00:32:38Z', 'updated_at': '2025-11-22T00:32:38Z', 'revision_number': 2, 'project_id': 'bf965d2d96754b6295a972e9e32489fa'}
2025-11-22 00:32:39.898 66625 INFO tempest.lib.common.rest_client [req-170cdac1-bfca-417d-8d87-49357ecffdaf req-170cdac1-bfca-417d-8d87-49357ecffdaf ] Request (ServerGroup264TestJSON:setUpClass): 201 POST http://10.180.1.21/identity/v3/auth/tokens 0.079s
2025-11-22 00:32:39.916 66655 INFO tempest.lib.common.rest_client [req-40357702-3867-4e16-8327-ab96ca2f4ffc req-40357702-3867-4e16-8327-ab96ca2f4ffc ] Request (DeleteServersAdminTestJSON:test_admin_delete_servers_of_others): 200 GET http://10.180.1.21/compute/v2.1/servers/bb6012b3-3e72-405c-882a-c8bf7c6e5289 5.735s
2025-11-22 00:32:39.965 66645 INFO tempest.lib.common.rest_client [req-cbffde5b-3064-4265-991b-3b90d3a9aa5f req-cbffde5b-3064-4265-991b-3b90d3a9aa5f ] Request (ImagesOneServerNegativeTestJSON:setUpClass): 202 POST http://10.180.1.21/compute/v2.1/servers 6.706s
2025-11-22 00:32:39.991 66657 INFO tempest.lib.common.rest_client [req-a67dd04c-30d4-410c-ba43-8feb1cfa736f req-a67dd04c-30d4-410c-ba43-8feb1cfa736f ] Request (FlavorsAccessNegativeTestJSON:_run_cleanups): 200 GET http://10.180.1.21/compute/v2.1/flavors/detail 5.204s
2025-11-22 00:32:40.089 66611 INFO tempest.lib.common.rest_client [req-3b573af2-80f1-4bb2-9df1-6a4780860844 req-3b573af2-80f1-4bb2-9df1-6a4780860844 ] Request (ServersTestBootFromVolume:setUpClass): 200 GET http://10.180.1.21/volume/v3/volumes/8cf9f8ba-0189-4c1f-9053-e54678b23c7e 0.039s
2025-11-22 00:32:40.105 66643 INFO tempest.lib.common.rest_client [req-5cde8758-140c-4237-b63b-81d0e2338b9e req-5cde8758-140c-4237-b63b-81d0e2338b9e ] Request (QuotaClassesAdmin257Test:tearDownClass): 200 GET http://10.180.1.21/networking/v2.0/security-groups?tenant_id=ed39ecb8b8c44cd1927148e8ec93eab4&name=default 1.075s
2025-11-22 00:32:40.230 66629 INFO tempest.lib.common.rest_client [req-7ae3b8ca-e0d8-475b-9f67-fb0565aeeaff req-7ae3b8ca-e0d8-475b-9f67-fb0565aeeaff ] Request (FlavorMetadataValidation:tearDownClass): 200 GET http://10.180.1.21/networking/v2.0/security-groups?tenant_id=f80b29ab5b3a49e58e00356fb50a5683&name=default 1.101s
2025-11-22 00:32:40.386 66615 INFO tempest.lib.common.rest_client [req-81fc8ebe-8c67-435c-b165-8fc8d26ed1a3 req-81fc8ebe-8c67-435c-b165-8fc8d26ed1a3 ] Request (HypervisorAdminTestJSON:tearDownClass): 200 GET http://10.180.1.21/networking/v2.0/security-groups?tenant_id=e68473e1fbc3401e9990a0f6e90a64f0&name=default 1.224s
2025-11-22 00:32:40.565 66651 INFO tempest.lib.common.rest_client [req-5d08d423-4007-46f4-97a7-c39a1f0c75d5 req-5d08d423-4007-46f4-97a7-c39a1f0c75d5 ] Request (ServerDiagnosticsV248Test:test_get_server_diagnostics): 200 GET http://10.180.1.21/compute/v2.1/servers/2926863f-497d-4ac2-88bc-232ea15cc7b9 5.751s
2025-11-22 00:32:40.573 66651 INFO tempest.common.waiters [-] State transition "BUILD/spawning" ==> "ACTIVE/None" after 13 second wait
2025-11-22 00:32:40.665 66643 INFO tempest.lib.common.rest_client [req-ee255dda-61f3-4db4-8ab8-615b5ff85416 req-ee255dda-61f3-4db4-8ab8-615b5ff85416 ] Request (QuotaClassesAdmin257Test:tearDownClass): 204 DELETE http://10.180.1.21/networking/v2.0/security-groups/29bd213e-3789-40d2-bf4c-538bf0fbf006 0.557s
2025-11-22 00:32:40.773 66643 INFO tempest.lib.common.rest_client [req-0c0a16e1-c7e7-496f-b646-900a6648144f req-0c0a16e1-c7e7-496f-b646-900a6648144f ] Request (QuotaClassesAdmin257Test:tearDownClass): 204 DELETE http://10.180.1.21/identity/v3/projects/ed39ecb8b8c44cd1927148e8ec93eab4 0.107s
2025-11-22 00:32:40.773 66643 INFO tempest.lib.common.dynamic_creds [-] Deleting project and security group for project: de07c963f79848b1b28bb32f0727641b
2025-11-22 00:32:40.773 66629 INFO tempest.lib.common.rest_client [req-3fe020d5-74e8-4fbb-91ec-93e0e421e898 req-3fe020d5-74e8-4fbb-91ec-93e0e421e898 ] Request (FlavorMetadataValidation:tearDownClass): 204 DELETE http://10.180.1.21/networking/v2.0/security-groups/d29eb77d-a102-471a-90ee-b26b34fe2053 0.542s
2025-11-22 00:32:40.807 66615 INFO tempest.lib.common.rest_client [req-423485d3-aee7-4912-a2b8-380f3bc43f82 req-423485d3-aee7-4912-a2b8-380f3bc43f82 ] Request (HypervisorAdminTestJSON:tearDownClass): 204 DELETE http://10.180.1.21/networking/v2.0/security-groups/e04a15e1-ee1b-4b88-93ee-387347b64837 0.421s
2025-11-22 00:32:40.842 66635 INFO tempest.lib.common.rest_client [req-4487eccc-6ad3-4bb0-b5e3-97069adc2bce req-4487eccc-6ad3-4bb0-b5e3-97069adc2bce ] Request (ServerExternalEventsTest:test_create_server_external_events): 200 GET http://10.180.1.21/compute/v2.1/servers/679937ae-c96d-4764-ad43-2f6891d627fc 6.537s
2025-11-22 00:32:40.852 66635 INFO tempest.common.waiters [-] State transition "BUILD/networking" ==> "BUILD/spawning" after 7 second wait
2025-11-22 00:32:40.888 66629 INFO tempest.lib.common.rest_client [req-a6c9fa16-f321-427b-be38-25d1b57f4b15 req-a6c9fa16-f321-427b-be38-25d1b57f4b15 ] Request (FlavorMetadataValidation:tearDownClass): 204 DELETE http://10.180.1.21/identity/v3/projects/f80b29ab5b3a49e58e00356fb50a5683 0.115s
2025-11-22 00:32:40.889 66629 INFO tempest.lib.common.dynamic_creds [-] Deleting project and security group for project: bf515a9692354473a879ee883be0c479
2025-11-22 00:32:40.997 66615 INFO tempest.lib.common.rest_client [req-ec2d6a88-f288-46a4-84c5-d8fdaf44c5b4 req-ec2d6a88-f288-46a4-84c5-d8fdaf44c5b4 ] Request (HypervisorAdminTestJSON:tearDownClass): 204 DELETE http://10.180.1.21/identity/v3/projects/e68473e1fbc3401e9990a0f6e90a64f0 0.189s
2025-11-22 00:32:40.999 66615 INFO tempest.lib.common.dynamic_creds [-] Deleting project and security group for project: e47fdc20013d4435bac57723ab8340ef
2025-11-22 00:32:41.008 66643 INFO tempest.lib.common.rest_client [req-c89f4510-ac51-446e-9b17-b467d5712c6c req-c89f4510-ac51-446e-9b17-b467d5712c6c ] Request (QuotaClassesAdmin257Test:tearDownClass): 200 GET http://10.180.1.21/networking/v2.0/security-groups?tenant_id=de07c963f79848b1b28bb32f0727641b&name=default 0.234s
2025-11-22 00:32:41.128 66611 INFO tempest.lib.common.rest_client [req-00ba554f-6fbe-4743-b30b-728822704c88 req-00ba554f-6fbe-4743-b30b-728822704c88 ] Request (ServersTestBootFromVolume:setUpClass): 200 GET http://10.180.1.21/volume/v3/volumes/8cf9f8ba-0189-4c1f-9053-e54678b23c7e 0.028s
2025-11-22 00:32:41.148 66619 INFO tempest.lib.common.rest_client [req-b7643f68-2488-47dd-9924-6a10a1673218 req-b7643f68-2488-47dd-9924-6a10a1673218 ] Request (ImagesOneServerTestJSON:setUpClass): 200 GET http://10.180.1.21/compute/v2.1/servers/4378393d-150b-4d3c-96e5-4aa2ad9d789e 5.914s
2025-11-22 00:32:41.149 66627 INFO tempest.lib.common.rest_client [req-b974b2f1-ad93-48fe-94a6-380a74265705 req-b974b2f1-ad93-48fe-94a6-380a74265705 ] Request (TestVersions:test_get_version_details): 200 GET http://10.180.1.21/compute/v2/ 5.019s
2025-11-22 00:32:41.156 66629 INFO tempest.lib.common.rest_client [req-18047432-1542-4c3e-a1d6-3448e630917b req-18047432-1542-4c3e-a1d6-3448e630917b ] Request (FlavorMetadataValidation:tearDownClass): 200 GET http://10.180.1.21/networking/v2.0/security-groups?tenant_id=bf515a9692354473a879ee883be0c479&name=default 0.267s
2025-11-22 00:32:41.161 66619 INFO tempest.common.waiters [-] State transition "BUILD/None" ==> "BUILD/spawning" after 7 second wait
2025-11-22 00:32:41.242 66615 INFO tempest.lib.common.rest_client [req-b241fd0a-73ee-479b-97f1-4b68123e7aa3 req-b241fd0a-73ee-479b-97f1-4b68123e7aa3 ] Request (HypervisorAdminTestJSON:tearDownClass): 200 GET http://10.180.1.21/networking/v2.0/security-groups?tenant_id=e47fdc20013d4435bac57723ab8340ef&name=default 0.243s
2025-11-22 00:32:41.250 66643 INFO tempest.lib.common.rest_client [req-9e3a767a-d48b-4c40-88af-f30504ddea08 req-9e3a767a-d48b-4c40-88af-f30504ddea08 ] Request (QuotaClassesAdmin257Test:tearDownClass): 204 DELETE http://10.180.1.21/networking/v2.0/security-groups/9b17fcc7-ee03-42ef-b9e2-edef256654ba 0.242s
2025-11-22 00:32:41.409 66643 INFO tempest.lib.common.rest_client [req-afba7530-a971-4c11-a19d-e2e84b34af9a req-afba7530-a971-4c11-a19d-e2e84b34af9a ] Request (QuotaClassesAdmin257Test:tearDownClass): 204 DELETE http://10.180.1.21/identity/v3/projects/de07c963f79848b1b28bb32f0727641b 0.157s
2025-11-22 00:32:41.426 66629 INFO tempest.lib.common.rest_client [req-dec7550f-e267-477c-962f-5cdc6dd338d2 req-dec7550f-e267-477c-962f-5cdc6dd338d2 ] Request (FlavorMetadataValidation:tearDownClass): 204 DELETE http://10.180.1.21/networking/v2.0/security-groups/c3423942-5f31-4da8-8cbe-250eec10f7ff 0.269s
2025-11-22 00:32:41.498 66643 INFO tempest.lib.common.rest_client [req-9d2dacad-a8b7-45ae-8fe6-a7684b6fe793 req-9d2dacad-a8b7-45ae-8fe6-a7684b6fe793 ] Request (SecurityGroupRulesNegativeTestJSON:setUpClass): 201 POST http://10.180.1.21/identity/v3/auth/tokens 0.088s
2025-11-22 00:32:41.565 66629 INFO tempest.lib.common.rest_client [req-c06012b1-a6df-4827-84d4-4028e5c5be75 req-c06012b1-a6df-4827-84d4-4028e5c5be75 ] Request (FlavorMetadataValidation:tearDownClass): 204 DELETE http://10.180.1.21/identity/v3/projects/bf515a9692354473a879ee883be0c479 0.139s
2025-11-22 00:32:41.591 66643 INFO tempest.lib.common.rest_client [req-886e9e4f-c6c4-40be-b5a8-1d87b6780fb7 req-886e9e4f-c6c4-40be-b5a8-1d87b6780fb7 ] Request (SecurityGroupRulesNegativeTestJSON:setUpClass): 201 POST http://10.180.1.21/identity/v3/auth/tokens 0.088s
2025-11-22 00:32:41.602 66629 INFO tempest.lib.common.rest_client [req-ca2c32d3-72a9-4b78-8631-d1e478754bae req-ca2c32d3-72a9-4b78-8631-d1e478754bae ] Request (KeyPairsV210TestJSON:setUpClass): 201 POST http://10.180.1.21/identity/v3/auth/tokens 0.034s
2025-11-22 00:32:41.623 66643 INFO tempest.lib.common.rest_client [req-02285648-6b65-4460-926e-959f273e713d req-02285648-6b65-4460-926e-959f273e713d ] Request (SecurityGroupRulesNegativeTestJSON:setUpClass): 200 GET http://10.180.1.21/identity/v3/domains?name=Default 0.030s
2025-11-22 00:32:41.640 66615 INFO tempest.lib.common.rest_client [req-54c04928-6eba-4093-bc03-cb78860cb9af req-54c04928-6eba-4093-bc03-cb78860cb9af ] Request (HypervisorAdminTestJSON:tearDownClass): 204 DELETE http://10.180.1.21/networking/v2.0/security-groups/8b4337ad-d4e1-4195-9358-8b681590baa9 0.397s
2025-11-22 00:32:41.643 66629 INFO tempest.lib.common.rest_client [req-ccda811c-db6c-47f2-8411-2a50c531ff48 req-ccda811c-db6c-47f2-8411-2a50c531ff48 ] Request (KeyPairsV210TestJSON:setUpClass): 201 POST http://10.180.1.21/identity/v3/auth/tokens 0.036s
2025-11-22 00:32:41.661 66643 INFO tempest.lib.common.rest_client [req-2a344d92-a74e-4ef1-aebb-70661ca51faa req-2a344d92-a74e-4ef1-aebb-70661ca51faa ] Request (SecurityGroupRulesNegativeTestJSON:setUpClass): 201 POST http://10.180.1.21/identity/v3/projects 0.037s
2025-11-22 00:32:41.709 66615 INFO tempest.lib.common.rest_client [req-bc52400f-426c-4177-8e74-95246aec0257 req-bc52400f-426c-4177-8e74-95246aec0257 ] Request (HypervisorAdminTestJSON:tearDownClass): 204 DELETE http://10.180.1.21/identity/v3/projects/e47fdc20013d4435bac57723ab8340ef 0.069s
2025-11-22 00:32:41.768 66629 INFO tempest.lib.common.rest_client [req-51b45ffe-38b9-41a8-8d17-aabcb9fcc110 req-51b45ffe-38b9-41a8-8d17-aabcb9fcc110 ] Request (KeyPairsV210TestJSON:setUpClass): 200 GET http://10.180.1.21/identity/v3/domains?name=Default 0.125s
2025-11-22 00:32:41.770 66633 INFO tempest.lib.common.rest_client [req-1e02712d-b944-4d67-bf1b-f0999b41c65a req-1e02712d-b944-4d67-bf1b-f0999b41c65a ] Request (MigrationsAdminTest:test_list_migrations_in_flavor_resize_situation): 200 GET http://10.180.1.21/compute/v2.1/servers/f1c91bb3-f1ff-4491-88a5-aff3c9efdb3e 5.477s
2025-11-22 00:32:41.785 66633 INFO tempest.common.waiters [-] State transition "BUILD/None" ==> "BUILD/spawning" after 6 second wait
2025-11-22 00:32:41.795 66643 INFO tempest.lib.common.rest_client [req-6bf6f2d0-bb56-47d2-ad12-50e0314d6c22 req-6bf6f2d0-bb56-47d2-ad12-50e0314d6c22 ] Request (SecurityGroupRulesNegativeTestJSON:setUpClass): 201 POST http://10.180.1.21/identity/v3/users 0.133s
2025-11-22 00:32:41.803 66615 INFO tempest.lib.common.rest_client [req-e99bdfb4-0894-4d9b-99ca-6ffdcb9cf143 req-e99bdfb4-0894-4d9b-99ca-6ffdcb9cf143 ] Request (QuotasAdminNegativeTest:setUpClass): 201 POST http://10.180.1.21/identity/v3/auth/tokens 0.091s
2025-11-22 00:32:41.821 66643 INFO tempest.lib.common.rest_client [req-9afdab83-4503-4a8a-b2bf-82dead41c523 req-9afdab83-4503-4a8a-b2bf-82dead41c523 ] Request (SecurityGroupRulesNegativeTestJSON:setUpClass): 200 GET http://10.180.1.21/identity/v3/roles 0.026s
2025-11-22 00:32:41.830 66629 INFO tempest.lib.common.rest_client [req-ab5d6117-ff5d-4d0c-a414-8a9f1cbedfc9 req-ab5d6117-ff5d-4d0c-a414-8a9f1cbedfc9 ] Request (KeyPairsV210TestJSON:setUpClass): 201 POST http://10.180.1.21/identity/v3/projects 0.061s
2025-11-22 00:32:41.892 66615 INFO tempest.lib.common.rest_client [req-ce20842d-1ca3-4385-8166-3333786b0bf2 req-ce20842d-1ca3-4385-8166-3333786b0bf2 ] Request (QuotasAdminNegativeTest:setUpClass): 201 POST http://10.180.1.21/identity/v3/auth/tokens 0.084s
2025-11-22 00:32:41.910 66643 INFO tempest.lib.common.rest_client [req-e2dc10c9-b534-4ce6-92eb-0cd22ba46878 req-e2dc10c9-b534-4ce6-92eb-0cd22ba46878 ] Request (SecurityGroupRulesNegativeTestJSON:setUpClass): 204 PUT http://10.180.1.21/identity/v3/projects/499d3412adc64abfa92cf336fc7be0f1/users/3f8162faef6f45c4bbd182fa88c124df/roles/b734ad432d9a49e480b085769798b5d3 0.088s
2025-11-22 00:32:41.910 66643 INFO tempest.lib.common.dynamic_creds [-] Dynamic test user 3f8162faef6f45c4bbd182fa88c124df is created with scope project and roles: ['member']
2025-11-22 00:32:41.911 66643 INFO tempest.lib.common.dynamic_creds [-] Acquired dynamic creds: credentials: Credentials: {'domain_id': 'default', 'domain_name': 'Default', 'username': 'tempest-SecurityGroupRulesNegativeTestJSON-1831164248-project-member', 'project_domain_id': 'default', 'project_domain_name': 'Default', 'project_id': '499d3412adc64abfa92cf336fc7be0f1', 'project_name': 'tempest-SecurityGroupRulesNegativeTestJSON-1831164248', 'tenant_id': '499d3412adc64abfa92cf336fc7be0f1', 'tenant_name': 'tempest-SecurityGroupRulesNegativeTestJSON-1831164248', 'user_domain_id': 'default', 'user_domain_name': 'Default', 'user_id': '3f8162faef6f45c4bbd182fa88c124df', 'system': None}, Network: None, Subnet: None, Router: None
2025-11-22 00:32:41.920 66629 INFO tempest.lib.common.rest_client [req-16d97295-9c78-4c11-a79a-7e0415a35e04 req-16d97295-9c78-4c11-a79a-7e0415a35e04 ] Request (KeyPairsV210TestJSON:setUpClass): 201 POST http://10.180.1.21/identity/v3/users 0.089s
2025-11-22 00:32:41.954 66639 INFO tempest.lib.common.rest_client [req-94765667-d7a5-4ac5-9842-ac6022ad973a req-94765667-d7a5-4ac5-9842-ac6022ad973a ] Request (VolumesAdminNegativeTest:test_update_attached_volume_with_nonexistent_volume_in_uri): 200 GET http://10.180.1.21/compute/v2.1/servers/6dfe0cb0-e91a-41ca-a119-e9d9245dfc19 5.378s
2025-11-22 00:32:41.965 66615 INFO tempest.lib.common.rest_client [req-2f872d1c-1bc2-4fc0-88cd-deebf94739b7 req-2f872d1c-1bc2-4fc0-88cd-deebf94739b7 ] Request (QuotasAdminNegativeTest:setUpClass): 200 GET http://10.180.1.21/identity/v3/domains?name=Default 0.073s
2025-11-22 00:32:41.982 66643 INFO tempest.lib.common.rest_client [req-0dc8a277-c7b6-4da9-8db4-29cdc62aa562 req-0dc8a277-c7b6-4da9-8db4-29cdc62aa562 ] Request (SecurityGroupRulesNegativeTestJSON:setUpClass): 201 POST http://10.180.1.21/identity/v3/auth/tokens 0.071s
2025-11-22 00:32:41.986 66629 INFO tempest.lib.common.rest_client [req-c9e5507e-c0fb-4a90-9e49-2b1828b10c47 req-c9e5507e-c0fb-4a90-9e49-2b1828b10c47 ] Request (KeyPairsV210TestJSON:setUpClass): 200 GET http://10.180.1.21/identity/v3/roles 0.066s
2025-11-22 00:32:41.989 66647 INFO tempest.lib.common.rest_client [req-81a2a60f-77f2-4494-8f34-66e4bf1bf85c req-81a2a60f-77f2-4494-8f34-66e4bf1bf85c ] Request (FlavorsAdminTestJSON:_run_cleanups): 200 GET http://10.180.1.21/compute/v2.1/flavors/detail 5.392s
2025-11-22 00:32:42.013 66615 INFO tempest.lib.common.rest_client [req-234d8eef-f2f1-47c9-bf39-523ae6c1fccc req-234d8eef-f2f1-47c9-bf39-523ae6c1fccc ] Request (QuotasAdminNegativeTest:setUpClass): 201 POST http://10.180.1.21/identity/v3/projects 0.048s
2025-11-22 00:32:42.018 66629 INFO tempest.lib.common.rest_client [req-62e75753-bfe1-4275-96bf-239301979e3f req-62e75753-bfe1-4275-96bf-239301979e3f ] Request (KeyPairsV210TestJSON:setUpClass): 204 PUT http://10.180.1.21/identity/v3/projects/6b6b7ba8ce194c2793b5eec522af4975/users/b4f7be0fcec84cc3b0e98f88afbe613b/roles/b734ad432d9a49e480b085769798b5d3 0.031s
2025-11-22 00:32:42.019 66629 INFO tempest.lib.common.dynamic_creds [-] Dynamic test user b4f7be0fcec84cc3b0e98f88afbe613b is created with scope project and roles: ['member']
2025-11-22 00:32:42.019 66629 INFO tempest.lib.common.dynamic_creds [-] Acquired dynamic creds: credentials: Credentials: {'domain_id': 'default', 'domain_name': 'Default', 'username': 'tempest-KeyPairsV210TestJSON-2116090270-project-member', 'project_domain_id': 'default', 'project_domain_name': 'Default', 'project_id': '6b6b7ba8ce194c2793b5eec522af4975', 'project_name': 'tempest-KeyPairsV210TestJSON-2116090270', 'tenant_id': '6b6b7ba8ce194c2793b5eec522af4975', 'tenant_name': 'tempest-KeyPairsV210TestJSON-2116090270', 'user_domain_id': 'default', 'user_domain_name': 'Default', 'user_id': 'b4f7be0fcec84cc3b0e98f88afbe613b', 'system': None}, Network: None, Subnet: None, Router: None
2025-11-22 00:32:42.019 66629 INFO tempest.lib.common.dynamic_creds [-] Created isolated network resources for: credentials: Credentials: {'domain_id': 'default', 'domain_name': 'Default', 'username': 'tempest-KeyPairsV210TestJSON-2116090270-project-member', 'project_domain_id': 'default', 'project_domain_name': 'Default', 'project_id': '6b6b7ba8ce194c2793b5eec522af4975', 'project_name': 'tempest-KeyPairsV210TestJSON-2116090270', 'tenant_id': '6b6b7ba8ce194c2793b5eec522af4975', 'tenant_name': 'tempest-KeyPairsV210TestJSON-2116090270', 'user_domain_id': 'default', 'user_domain_name': 'Default', 'user_id': 'b4f7be0fcec84cc3b0e98f88afbe613b', 'system': None}, Network: None, Subnet: None, Router: None
2025-11-22 00:32:42.108 66629 INFO tempest.lib.common.rest_client [req-b1e0645e-9847-48e0-82f4-784de0e4a87a req-b1e0645e-9847-48e0-82f4-784de0e4a87a ] Request (KeyPairsV210TestJSON:setUpClass): 201 POST http://10.180.1.21/identity/v3/auth/tokens 0.086s
2025-11-22 00:32:42.108 66615 INFO tempest.lib.common.rest_client [req-8e2bd87c-4eaf-4525-a33a-56d1ac7141e5 req-8e2bd87c-4eaf-4525-a33a-56d1ac7141e5 ] Request (QuotasAdminNegativeTest:setUpClass): 201 POST http://10.180.1.21/identity/v3/users 0.094s
2025-11-22 00:32:42.137 66629 INFO tempest.lib.common.rest_client [req-086351ea-4560-4377-b7f4-73af3080f8ea req-086351ea-4560-4377-b7f4-73af3080f8ea ] Request (KeyPairsV210TestJSON:setUpClass): 201 POST http://10.180.1.21/identity/v3/projects 0.028s
2025-11-22 00:32:42.175 66641 INFO tempest.lib.common.rest_client [req-b3ed54c3-d12f-4655-87b9-c0d2bbf7ecbd req-b3ed54c3-d12f-4655-87b9-c0d2bbf7ecbd ] Request (ServerActionsTestOtherA:setUpClass): 202 POST http://10.180.1.21/compute/v2.1/servers 6.352s
2025-11-22 00:32:42.178 66611 INFO tempest.lib.common.rest_client [req-41f78633-8cf0-4ef1-ab7f-ed59ebc404d5 req-41f78633-8cf0-4ef1-ab7f-ed59ebc404d5 ] Request (ServersTestBootFromVolume:setUpClass): 200 GET http://10.180.1.21/volume/v3/volumes/8cf9f8ba-0189-4c1f-9053-e54678b23c7e 0.039s
2025-11-22 00:32:42.195 66615 INFO tempest.lib.common.rest_client [req-2f5a5c3d-2ffe-4a42-8152-4e9d2c102b13 req-2f5a5c3d-2ffe-4a42-8152-4e9d2c102b13 ] Request (QuotasAdminNegativeTest:setUpClass): 200 GET http://10.180.1.21/identity/v3/roles 0.087s
2025-11-22 00:32:42.211 66629 INFO tempest.lib.common.rest_client [req-335d3eeb-6495-4c80-9aef-3bf2c2d8af55 req-335d3eeb-6495-4c80-9aef-3bf2c2d8af55 ] Request (KeyPairsV210TestJSON:setUpClass): 201 POST http://10.180.1.21/identity/v3/users 0.073s
2025-11-22 00:32:42.224 66615 INFO tempest.lib.common.rest_client [req-44657ef2-ad1c-460e-b09c-05a3df2ac4a1 req-44657ef2-ad1c-460e-b09c-05a3df2ac4a1 ] Request (QuotasAdminNegativeTest:setUpClass): 204 PUT http://10.180.1.21/identity/v3/projects/b1d0db6aab694b31ac2ac10ee3ac7286/users/9d264ae25512438c89189f4aec250f04/roles/b734ad432d9a49e480b085769798b5d3 0.028s
2025-11-22 00:32:42.224 66615 INFO tempest.lib.common.dynamic_creds [-] Dynamic test user 9d264ae25512438c89189f4aec250f04 is created with scope project and roles: ['member']
2025-11-22 00:32:42.224 66615 INFO tempest.lib.common.dynamic_creds [-] Acquired dynamic creds: credentials: Credentials: {'domain_id': 'default', 'domain_name': 'Default', 'username': 'tempest-QuotasAdminNegativeTest-475912462-project-member', 'project_domain_id': 'default', 'project_domain_name': 'Default', 'project_id': 'b1d0db6aab694b31ac2ac10ee3ac7286', 'project_name': 'tempest-QuotasAdminNegativeTest-475912462', 'tenant_id': 'b1d0db6aab694b31ac2ac10ee3ac7286', 'tenant_name': 'tempest-QuotasAdminNegativeTest-475912462', 'user_domain_id': 'default', 'user_domain_name': 'Default', 'user_id': '9d264ae25512438c89189f4aec250f04', 'system': None}, Network: None, Subnet: None, Router: None
2025-11-22 00:32:42.225 66615 INFO tempest.lib.common.dynamic_creds [-] Created isolated network resources for: credentials: Credentials: {'domain_id': 'default', 'domain_name': 'Default', 'username': 'tempest-QuotasAdminNegativeTest-475912462-project-member', 'project_domain_id': 'default', 'project_domain_name': 'Default', 'project_id': 'b1d0db6aab694b31ac2ac10ee3ac7286', 'project_name': 'tempest-QuotasAdminNegativeTest-475912462', 'tenant_id': 'b1d0db6aab694b31ac2ac10ee3ac7286', 'tenant_name': 'tempest-QuotasAdminNegativeTest-475912462', 'user_domain_id': 'default', 'user_domain_name': 'Default', 'user_id': '9d264ae25512438c89189f4aec250f04', 'system': None}, Network: None, Subnet: None, Router: None
2025-11-22 00:32:42.230 66629 INFO tempest.lib.common.rest_client [req-ec19a455-df7d-4205-9b11-f18e134c6f8a req-ec19a455-df7d-4205-9b11-f18e134c6f8a ] Request (KeyPairsV210TestJSON:setUpClass): 200 GET http://10.180.1.21/identity/v3/roles 0.019s
2025-11-22 00:32:42.306 66629 INFO tempest.lib.common.rest_client [req-1792df17-cd4c-4edf-9ec6-932e8958fccc req-1792df17-cd4c-4edf-9ec6-932e8958fccc ] Request (KeyPairsV210TestJSON:setUpClass): 204 PUT http://10.180.1.21/identity/v3/projects/86c87c9fb2794de2bd1f1b33f7244579/users/8c518176f25b46f5b6b0911f4a800dd0/roles/80854a4f68bd4dc1a5a883994f705218 0.076s
2025-11-22 00:32:42.343 66615 INFO tempest.lib.common.rest_client [req-2a7654c4-dc0d-4129-a5ed-39471108306a req-2a7654c4-dc0d-4129-a5ed-39471108306a ] Request (QuotasAdminNegativeTest:setUpClass): 201 POST http://10.180.1.21/identity/v3/auth/tokens 0.115s
2025-11-22 00:32:42.391 66629 INFO tempest.lib.common.rest_client [req-b2becf3e-5563-4156-9bbb-076b47e8222a req-b2becf3e-5563-4156-9bbb-076b47e8222a ] Request (KeyPairsV210TestJSON:setUpClass): 200 GET http://10.180.1.21/identity/v3/roles 0.084s
