2025-11-22 00:33:30.012 66639 INFO tempest.lib.common.rest_client [req-9f62cbba-cf70-4988-a299-899ca0712e0b req-9f62cbba-cf70-4988-a299-899ca0712e0b ] Request (VolumesAdminNegativeTest:tearDownClass): 200 GET http://10.180.1.21/compute/v2.1/servers/6dfe0cb0-e91a-41ca-a119-e9d9245dfc19 8.169s
2025-11-22 00:33:30.020 66639 INFO tempest.common.waiters [-] State transition "ACTIVE/deleting" ==> "DELETED/None" after 10 second wait
2025-11-22 00:33:30.242 66653 INFO tempest.lib.common.rest_client [req-2a4557ea-6afb-40ea-ae0b-88748cb97ef0 req-2a4557ea-6afb-40ea-ae0b-88748cb97ef0 ] Request (QuotasAdminTestV236:test_get_updated_quotas): 200 PUT http://10.180.1.21/compute/v2.1/os-quota-sets/031ba2a0eac94114beeb3e1b147b7e92 7.858s
2025-11-22 00:33:30.373 66651 INFO tempest.lib.common.rest_client [req-c71b59fe-53a4-4c3d-a16b-35640c8eb1fc req-c71b59fe-53a4-4c3d-a16b-35640c8eb1fc ] Request (FloatingIPsNegativeTestJSON:setUpClass): 201 POST http://10.180.1.21/networking/v2.0/networks 0.485s
2025-11-22 00:33:30.417 66645 INFO tempest.lib.common.rest_client [req-8ae18493-6f0a-429a-b414-454a1b93beb1 req-8ae18493-6f0a-429a-b414-454a1b93beb1 ] Request (ImagesOneServerNegativeTestJSON:tearDown): 200 GET http://10.180.1.21/compute/v2.1/servers/bafc22d8-3e4d-426a-8dbf-3649bd7f3fca 8.564s
2025-11-22 00:33:30.646 66651 INFO tempest.lib.common.rest_client [req-ad0f0247-89bc-445d-971f-3fd027056525 req-ad0f0247-89bc-445d-971f-3fd027056525 ] Request (FloatingIPsNegativeTestJSON:setUpClass): 201 POST http://10.180.1.21/networking/v2.0/subnets 0.272s
2025-11-22 00:33:30.714 66631 INFO tempest.lib.common.rest_client [req-2c2e0deb-0f81-4e28-bfc1-fbee0f006c91 req-2c2e0deb-0f81-4e28-bfc1-fbee0f006c91 ] Request (TenantUsagesTestJSON:setUpClass): 200 GET http://10.180.1.21/compute/v2.1/servers/507d72d1-6471-4593-954d-428338b26d4c 7.979s
2025-11-22 00:33:30.723 66631 INFO tempest.common.waiters [-] State transition "BUILD/None" ==> "BUILD/spawning" after 15 second wait
2025-11-22 00:33:30.726 66637 INFO tempest.lib.common.rest_client [req-9c3a37ad-af46-4588-a19c-90ec9e82a8fc req-9c3a37ad-af46-4588-a19c-90ec9e82a8fc ] Request (FloatingIPDetailsNegativeTestJSON:test_get_nonexistent_floating_ip_details): 404 GET http://10.180.1.21/compute/v2.1/os-floating-ips/b5d7cd56-868f-4695-967d-4b1764017434 7.456s
2025-11-22 00:33:30.760 66665 INFO tempest.lib.common.rest_client [req-c3523f75-d490-4277-96a6-88902f3350b5 req-c3523f75-d490-4277-96a6-88902f3350b5 ] Request (AggregatesAdminNegativeTestJSON:test_aggregate_create_with_existent_aggregate_name): 200 POST http://10.180.1.21/compute/v2.1/os-aggregates 7.132s
2025-11-22 00:33:30.787 66649 INFO tempest.lib.common.rest_client [req-5b0c80d8-d194-4340-a4ec-8db3b1b909f3 req-5b0c80d8-d194-4340-a4ec-8db3b1b909f3 ] Request (ServicesAdminNegativeV253TestJSON:test_get_service_by_invalid_params): 200 GET http://10.180.1.21/compute/v2.1/os-services?xxx=nova-compute 7.135s
2025-11-22 00:33:30.800 66607 INFO tempest.lib.common.rest_client [req-a3554a7d-c2a8-4642-875a-1a47ba3ea6ad req-a3554a7d-c2a8-4642-875a-1a47ba3ea6ad ] Request (HostsAdminNegativeTestJSON:test_update_nonexistent_host): 404 PUT http://10.180.1.21/compute/v2.1/os-hosts/nonexistent_hostname 7.142s
2025-11-22 00:33:30.873 66607 INFO tempest.lib.common.rest_client [req-6e17515b-1feb-4191-bc5a-bfe49f83c318 req-6e17515b-1feb-4191-bc5a-bfe49f83c318 ] Request (HostsAdminNegativeTestJSON:tearDownClass): 204 DELETE http://10.180.1.21/identity/v3/users/cad00680c62845daa7d9c038cf70b8ed 0.071s
2025-11-22 00:33:30.996 66607 INFO tempest.lib.common.rest_client [req-269f418a-a95b-4ed9-91b6-6f9b7eee36f1 req-269f418a-a95b-4ed9-91b6-6f9b7eee36f1 ] Request (HostsAdminNegativeTestJSON:tearDownClass): 204 DELETE http://10.180.1.21/identity/v3/users/9b7fb4d5837548a789218ec3ad82cb06 0.122s
2025-11-22 00:33:30.996 66607 INFO tempest.lib.common.dynamic_creds [-] Deleting project and security group for project: 016d9a376eaa4b9f8cbf981d01d23443
2025-11-22 00:33:31.009 66621 WARNING tempest.lib.common.ssh [-] Failed to establish authenticated ssh connection to cirros@10.180.180.196 ([Errno None] Unable to connect to port 22 on 10.180.180.196). Number attempts: 2. Retry after 3 seconds.: paramiko.ssh_exception.NoValidConnectionsError: [Errno None] Unable to connect to port 22 on 10.180.180.196
2025-11-22 00:33:31.063 66607 INFO tempest.lib.common.rest_client [req-2b6b22fc-2097-4f13-bff0-c45e9d86bd0b req-2b6b22fc-2097-4f13-bff0-c45e9d86bd0b ] Request (HostsAdminNegativeTestJSON:tearDownClass): 201 POST http://10.180.1.21/identity/v3/auth/tokens 0.067s
2025-11-22 00:33:31.576 66651 INFO tempest.lib.common.rest_client [req-6bf1d5f7-1fcf-4205-ac88-f9349cb04c87 req-6bf1d5f7-1fcf-4205-ac88-f9349cb04c87 ] Request (FloatingIPsNegativeTestJSON:setUpClass): 201 POST http://10.180.1.21/networking/v2.0/routers 0.929s
2025-11-22 00:33:31.785 66663 INFO tempest.lib.common.rest_client [req-7717cbe9-937a-4cfb-a808-0e94ffbce1b9 req-7717cbe9-937a-4cfb-a808-0e94ffbce1b9 ] Request (ServerDiagnosticsNegativeTest:test_get_server_diagnostics_by_non_admin): 200 GET http://10.180.1.21/compute/v2.1/servers/0b50a7c3-1331-4686-ae54-2f3dde5525d5 8.165s
2025-11-22 00:33:32.124 66607 INFO tempest.lib.common.rest_client [req-88304182-cf0c-4b62-9102-ffb817f71cd9 req-88304182-cf0c-4b62-9102-ffb817f71cd9 ] Request (HostsAdminNegativeTestJSON:tearDownClass): 200 GET http://10.180.1.21/networking/v2.0/security-groups?tenant_id=016d9a376eaa4b9f8cbf981d01d23443&name=default 1.061s
2025-11-22 00:33:32.417 66637 INFO tempest.lib.common.rest_client [req-002a375c-1ffa-44ca-8af1-3097203c8597 req-002a375c-1ffa-44ca-8af1-3097203c8597 ] Request (FloatingIPDetailsNegativeTestJSON:tearDownClass): 200 PUT http://10.180.1.21/networking/v2.0/routers/d42dd28d-1a24-4448-a1c3-23dec6db40b5/remove_router_interface 1.689s
2025-11-22 00:33:32.651 66607 INFO tempest.lib.common.rest_client [req-7baca896-6234-4b65-8c05-2c9f6818b94b req-7baca896-6234-4b65-8c05-2c9f6818b94b ] Request (HostsAdminNegativeTestJSON:tearDownClass): 204 DELETE http://10.180.1.21/networking/v2.0/security-groups/6007ee9d-ed82-460b-be3f-cd902537365d 0.526s
2025-11-22 00:33:32.745 66607 INFO tempest.lib.common.rest_client [req-0b3774bc-ac31-4104-bb02-3d0daa04f2f2 req-0b3774bc-ac31-4104-bb02-3d0daa04f2f2 ] Request (HostsAdminNegativeTestJSON:tearDownClass): 204 DELETE http://10.180.1.21/identity/v3/projects/016d9a376eaa4b9f8cbf981d01d23443 0.093s
2025-11-22 00:33:32.745 66607 INFO tempest.lib.common.dynamic_creds [-] Deleting project and security group for project: d6d21eba84314921b5d3bea9b2711bd7
2025-11-22 00:33:32.980 66651 INFO tempest.lib.common.rest_client [req-7f6137b4-3ddd-4c97-bddf-3ff10eb5fc9a req-7f6137b4-3ddd-4c97-bddf-3ff10eb5fc9a ] Request (FloatingIPsNegativeTestJSON:setUpClass): 200 PUT http://10.180.1.21/networking/v2.0/routers/4261ee83-5024-4793-96c0-b38d6bd04a90/add_router_interface 1.404s
2025-11-22 00:33:32.980 66651 INFO tempest.lib.common.dynamic_creds [-] Created isolated network resources for: credentials: Credentials: {'domain_id': 'default', 'domain_name': 'Default', 'username': 'tempest-FloatingIPsNegativeTestJSON-1084419288-project-member', 'project_domain_id': 'default', 'project_domain_name': 'Default', 'project_id': 'afb91e7bc2f34ffa95c160302ef852f6', 'project_name': 'tempest-FloatingIPsNegativeTestJSON-1084419288', 'tenant_id': 'afb91e7bc2f34ffa95c160302ef852f6', 'tenant_name': 'tempest-FloatingIPsNegativeTestJSON-1084419288', 'user_domain_id': 'default', 'user_domain_name': 'Default', 'user_id': '5f2e19a8d4d44488a28123f1cd682ea6', 'system': None}, Network: {'id': 'e697bd00-dbb3-408c-aa0a-1c09befb97ea', 'name': 'tempest-FloatingIPsNegativeTestJSON-1201749433-network', 'tenant_id': 'afb91e7bc2f34ffa95c160302ef852f6', 'project_id': 'afb91e7bc2f34ffa95c160302ef852f6', 'admin_state_up': True, 'mtu': 8950, 'status': 'ACTIVE', 'subnets': [], 'shared': False, 'port_security_enabled': True, 'router:external': False, 'provider:network_type': 'vlan', 'provider:physical_network': 'default', 'provider:segmentation_id': 592, 'availability_zone_hints': [], 'availability_zones': [], 'ipv4_address_scope': None, 'ipv6_address_scope': None, 'description': '', 'tags': [], 'created_at': '2025-11-22T00:33:30Z', 'updated_at': '2025-11-22T00:33:30Z', 'revision_number': 1}, Subnet: {'id': 'cbce2021-e7c0-4211-8aaf-f0105d42e33e', 'name': 'tempest-FloatingIPsNegativeTestJSON-1201749433-subnet', 'tenant_id': 'afb91e7bc2f34ffa95c160302ef852f6', 'network_id': 'e697bd00-dbb3-408c-aa0a-1c09befb97ea', 'ip_version': 4, 'subnetpool_id': None, 'enable_dhcp': True, 'ipv6_ra_mode': None, 'ipv6_address_mode': None, 'gateway_ip': '192.168.128.1', 'cidr': '192.168.128.0/28', 'allocation_pools': [{'start': '192.168.128.2', 'end': '192.168.128.14'}], 'host_routes': [], 'dns_nameservers': [], 'description': '', 'router:external': False, 'service_types': [], 'tags': [], 'created_at': '2025-11-22T00:33:30Z', 'updated_at': '2025-11-22T00:33:30Z', 'revision_number': 0, 'project_id': 'afb91e7bc2f34ffa95c160302ef852f6'}, Router: {'id': '4261ee83-5024-4793-96c0-b38d6bd04a90', 'name': 'tempest-FloatingIPsNegativeTestJSON-1201749433-router', 'tenant_id': 'afb91e7bc2f34ffa95c160302ef852f6', 'admin_state_up': True, 'status': 'ACTIVE', 'external_gateway_info': {'network_id': '71f1fe10-751f-4706-902b-2c26e71d7515', 'external_fixed_ips': [{'subnet_id': '6b3f9673-6099-4769-9e8e-3eacf4773a65', 'ip_address': '10.180.180.209'}], 'enable_snat': True}, 'description': '', 'availability_zones': [], 'distributed': False, 'ha': False, 'availability_zone_hints': [], 'routes': [], 'flavor_id': None, 'tags': [], 'created_at': '2025-11-22T00:33:30Z', 'updated_at': '2025-11-22T00:33:31Z', 'revision_number': 2, 'project_id': 'afb91e7bc2f34ffa95c160302ef852f6'}
2025-11-22 00:33:33.087 66651 INFO tempest.lib.common.rest_client [req-570c59dd-c08a-4685-904f-844e52dafb8c req-570c59dd-c08a-4685-904f-844e52dafb8c ] Request (FloatingIPsNegativeTestJSON:setUpClass): 201 POST http://10.180.1.21/identity/v3/auth/tokens 0.102s
2025-11-22 00:33:33.155 66637 INFO tempest.lib.common.rest_client [req-b7e99034-5678-4f66-817f-7129e62d1374 req-b7e99034-5678-4f66-817f-7129e62d1374 ] Request (FloatingIPDetailsNegativeTestJSON:tearDownClass): 204 DELETE http://10.180.1.21/networking/v2.0/routers/d42dd28d-1a24-4448-a1c3-23dec6db40b5 0.737s
2025-11-22 00:33:33.447 66607 INFO tempest.lib.common.rest_client [req-f915be22-4b01-4bd3-adbb-e958d373f60b req-f915be22-4b01-4bd3-adbb-e958d373f60b ] Request (HostsAdminNegativeTestJSON:tearDownClass): 200 GET http://10.180.1.21/networking/v2.0/security-groups?tenant_id=d6d21eba84314921b5d3bea9b2711bd7&name=default 0.702s
2025-11-22 00:33:33.577 66637 INFO tempest.lib.common.rest_client [req-e3d1434c-e664-433a-a901-a8a16b6fccc5 req-e3d1434c-e664-433a-a901-a8a16b6fccc5 ] Request (FloatingIPDetailsNegativeTestJSON:tearDownClass): 204 DELETE http://10.180.1.21/networking/v2.0/subnets/012b9900-cb41-4ae7-b2f2-01f5b033abd0 0.422s
2025-11-22 00:33:33.656 66607 INFO tempest.lib.common.rest_client [req-d882de1f-beb3-428e-8102-b14b57005aac req-d882de1f-beb3-428e-8102-b14b57005aac ] Request (HostsAdminNegativeTestJSON:tearDownClass): 204 DELETE http://10.180.1.21/networking/v2.0/security-groups/6941cb02-07ba-4a7f-b650-bac9f53032c7 0.208s
2025-11-22 00:33:33.722 66641 WARNING tempest.lib.common.ssh [-] Failed to establish authenticated ssh connection to cirros@10.180.180.251 ([Errno None] Unable to connect to port 22 on 10.180.180.251). Number attempts: 4. Retry after 5 seconds.: paramiko.ssh_exception.NoValidConnectionsError: [Errno None] Unable to connect to port 22 on 10.180.180.251
2025-11-22 00:33:33.771 66623 INFO tempest.lib.common.rest_client [req-fd1009e9-d853-4119-83d1-2fa4d3bbb01b req-fd1009e9-d853-4119-83d1-2fa4d3bbb01b ] Request (ServersNegativeTestJSON:setUpClass): 202 POST http://10.180.1.21/compute/v2.1/servers 8.530s
2025-11-22 00:33:33.774 66607 INFO tempest.lib.common.rest_client [req-f58f510c-4483-4600-a047-d8e3a158643e req-f58f510c-4483-4600-a047-d8e3a158643e ] Request (HostsAdminNegativeTestJSON:tearDownClass): 204 DELETE http://10.180.1.21/identity/v3/projects/d6d21eba84314921b5d3bea9b2711bd7 0.117s
2025-11-22 00:33:33.775 66607 INFO tempest.test [-] raised in TestVolumeSwap.setUpClass. Invoking tearDownClass.
2025-11-22 00:33:33.846 66607 INFO tempest.lib.common.rest_client [req-58b941d1-ad19-4317-a02c-5d8f74b916ca req-58b941d1-ad19-4317-a02c-5d8f74b916ca ] Request (InstanceActionsTestJSON:setUpClass): 201 POST http://10.180.1.21/identity/v3/auth/tokens 0.065s
2025-11-22 00:33:33.896 66637 INFO tempest.lib.common.rest_client [req-4735cbf0-7d7c-40a5-a160-8a27f210df73 req-4735cbf0-7d7c-40a5-a160-8a27f210df73 ] Request (FloatingIPDetailsNegativeTestJSON:tearDownClass): 204 DELETE http://10.180.1.21/networking/v2.0/networks/9ad04de5-7467-4874-a74c-7aee51051087 0.318s
2025-11-22 00:33:33.908 66635 INFO tempest.lib.common.rest_client [req-fe44fe27-4165-4109-aec2-45d9ee82320e req-fe44fe27-4165-4109-aec2-45d9ee82320e ] Request (FloatingIPDetailsTestJSON:setUpClass): 200 POST http://10.180.1.21/compute/v2.1/os-floating-ips 8.512s
2025-11-22 00:33:33.964 66607 INFO tempest.lib.common.rest_client [req-8466d17a-0d15-403d-ae8c-2d42904ab0b4 req-8466d17a-0d15-403d-ae8c-2d42904ab0b4 ] Request (InstanceActionsTestJSON:setUpClass): 201 POST http://10.180.1.21/identity/v3/auth/tokens 0.115s
2025-11-22 00:33:33.968 66657 INFO tempest.lib.common.rest_client [req-23600e48-da97-4a29-aff9-1b1aff4cbd07 req-23600e48-da97-4a29-aff9-1b1aff4cbd07 ] Request (FlavorsAccessNegativeTestJSON:test_flavor_non_admin_remove): 200 POST http://10.180.1.21/compute/v2.1/flavors/468752027/action 8.511s
2025-11-22 00:33:34.043 66607 INFO tempest.lib.common.rest_client [req-4b125eec-429f-4d11-b6b6-ce4de89539a8 req-4b125eec-429f-4d11-b6b6-ce4de89539a8 ] Request (InstanceActionsTestJSON:setUpClass): 200 GET http://10.180.1.21/identity/v3/domains?name=Default 0.078s
2025-11-22 00:33:34.127 66637 INFO tempest.lib.common.rest_client [req-cb825bf3-2872-4988-88e9-cb2293e89e4d req-cb825bf3-2872-4988-88e9-cb2293e89e4d ] Request (FloatingIPDetailsNegativeTestJSON:tearDownClass): 204 DELETE http://10.180.1.21/identity/v3/users/0b68b28d7c9e48b09b97e16a51ed0bc3 0.230s
2025-11-22 00:33:34.127 66637 INFO tempest.lib.common.dynamic_creds [-] Deleting project and security group for project: db4d7e5482af47118127be3a1604bdc5
2025-11-22 00:33:34.136 66607 INFO tempest.lib.common.rest_client [req-a93c8975-d444-4d79-a853-ef63498e878f req-a93c8975-d444-4d79-a853-ef63498e878f ] Request (InstanceActionsTestJSON:setUpClass): 201 POST http://10.180.1.21/identity/v3/projects 0.092s
2025-11-22 00:33:34.153 66660 INFO tempest.lib.common.rest_client [req-6cf02226-8022-47f9-88f5-8a3fcfb69215 req-6cf02226-8022-47f9-88f5-8a3fcfb69215 ] Request (SecurityGroupsTestAdminJSON:_run_cleanups): 202 DELETE http://10.180.1.21/compute/v2.1/os-security-groups/4086b8ae-5613-4978-acdc-f64a0b161f4a 8.265s
2025-11-22 00:33:34.219 66611 INFO tempest.lib.common.rest_client [req-4014b079-3e0f-4fda-9f65-fdcc697b11a9 req-4014b079-3e0f-4fda-9f65-fdcc697b11a9 ] Request (ServersTestBootFromVolume:setUpClass): 200 GET http://10.180.1.21/compute/v2.1/servers/197e6457-4e8d-4f51-9342-2c3b790a1f9a/os-interface 8.238s
2025-11-22 00:33:34.246 66637 INFO tempest.lib.common.rest_client [req-1b8dfbf0-dcd2-4096-8c8e-cd94c73de2ca req-1b8dfbf0-dcd2-4096-8c8e-cd94c73de2ca ] Request (FloatingIPDetailsNegativeTestJSON:tearDownClass): 200 GET http://10.180.1.21/networking/v2.0/security-groups?tenant_id=db4d7e5482af47118127be3a1604bdc5&name=default 0.118s
2025-11-22 00:33:34.269 66607 INFO tempest.lib.common.rest_client [req-32fa4de2-6957-4d77-93c2-aa23991a7c23 req-32fa4de2-6957-4d77-93c2-aa23991a7c23 ] Request (InstanceActionsTestJSON:setUpClass): 201 POST http://10.180.1.21/identity/v3/users 0.132s
2025-11-22 00:33:34.288 66607 INFO tempest.lib.common.rest_client [req-11c78888-7905-46a8-b931-d96bf86b5cfe req-11c78888-7905-46a8-b931-d96bf86b5cfe ] Request (InstanceActionsTestJSON:setUpClass): 200 GET http://10.180.1.21/identity/v3/roles 0.019s
2025-11-22 00:33:34.347 66607 INFO tempest.lib.common.rest_client [req-7aaab2e0-0adf-4228-9ee4-fdc0346047b8 req-7aaab2e0-0adf-4228-9ee4-fdc0346047b8 ] Request (InstanceActionsTestJSON:setUpClass): 204 PUT http://10.180.1.21/identity/v3/projects/157f747f8df54db3972b1477952ee3fb/users/cfcab18733934bb3a3adc8b635f9c8d7/roles/b734ad432d9a49e480b085769798b5d3 0.058s
2025-11-22 00:33:34.347 66607 INFO tempest.lib.common.dynamic_creds [-] Dynamic test user cfcab18733934bb3a3adc8b635f9c8d7 is created with scope project and roles: ['member']
2025-11-22 00:33:34.347 66607 INFO tempest.lib.common.dynamic_creds [-] Acquired dynamic creds: credentials: Credentials: {'domain_id': 'default', 'domain_name': 'Default', 'username': 'tempest-InstanceActionsTestJSON-129002573-project-member', 'project_domain_id': 'default', 'project_domain_name': 'Default', 'project_id': '157f747f8df54db3972b1477952ee3fb', 'project_name': 'tempest-InstanceActionsTestJSON-129002573', 'tenant_id': '157f747f8df54db3972b1477952ee3fb', 'tenant_name': 'tempest-InstanceActionsTestJSON-129002573', 'user_domain_id': 'default', 'user_domain_name': 'Default', 'user_id': 'cfcab18733934bb3a3adc8b635f9c8d7', 'system': None}, Network: None, Subnet: None, Router: None
2025-11-22 00:33:34.428 66607 INFO tempest.lib.common.rest_client [req-c788023d-ea63-4e6c-a2ce-bc2a15ba1f1d req-c788023d-ea63-4e6c-a2ce-bc2a15ba1f1d ] Request (InstanceActionsTestJSON:setUpClass): 201 POST http://10.180.1.21/identity/v3/auth/tokens 0.080s
2025-11-22 00:33:34.438 66615 INFO tempest.lib.common.rest_client [req-31d185a6-bd1d-4463-bd50-2426a4a5ba1f req-31d185a6-bd1d-4463-bd50-2426a4a5ba1f ] Request (QuotasAdminNegativeTest:test_create_server_when_memory_quota_is_full): 200 GET http://10.180.1.21/compute/v2.1/os-quota-sets/b1d0db6aab694b31ac2ac10ee3ac7286 8.303s
2025-11-22 00:33:34.485 66619 INFO tempest.lib.common.rest_client [req-fb8c3819-e6e5-4546-9688-d3b8fd84a55c req-fb8c3819-e6e5-4546-9688-d3b8fd84a55c ] Request (ImagesOneServerTestJSON:test_create_delete_image): 200 GET http://10.180.1.21/compute/v2.1/flavors/42 7.347s
2025-11-22 00:33:34.779 66637 INFO tempest.lib.common.rest_client [req-cf8bd874-547f-4eb5-b81b-00c2205be91f req-cf8bd874-547f-4eb5-b81b-00c2205be91f ] Request (FloatingIPDetailsNegativeTestJSON:tearDownClass): 204 DELETE http://10.180.1.21/networking/v2.0/security-groups/0eb26fe6-1f6e-421c-9692-5b8144ca42ba 0.533s
2025-11-22 00:33:34.849 66637 INFO tempest.lib.common.rest_client [req-3439c0c8-cb82-4ada-83ba-2e5ec5f34bfb req-3439c0c8-cb82-4ada-83ba-2e5ec5f34bfb ] Request (FloatingIPDetailsNegativeTestJSON:tearDownClass): 204 DELETE http://10.180.1.21/identity/v3/projects/db4d7e5482af47118127be3a1604bdc5 0.070s
2025-11-22 00:33:34.888 66611 INFO tempest.lib.common.rest_client [req-ebed8b38-1c95-4547-9fa8-0588ed004698 req-ebed8b38-1c95-4547-9fa8-0588ed004698 ] Request (ServersTestBootFromVolume:setUpClass): 200 PUT http://10.180.1.21/networking/v2.0/floatingips/1b202118-52a2-4f4c-bec7-377e8fd08430 0.667s
2025-11-22 00:33:34.910 66669 INFO tempest.lib.common.rest_client [req-02f64ef8-c71d-4ed5-bb31-02dc20aab76b req-02f64ef8-c71d-4ed5-bb31-02dc20aab76b ] Request (ServersTestMultiNic:_run_cleanups): 200 GET http://10.180.1.21/compute/v2.1/servers/1d0b613c-c338-497e-93ee-4246f2b031c9 7.268s
2025-11-22 00:33:34.918 66669 INFO tempest.common.waiters [-] State transition "ACTIVE/deleting" ==> "DELETED/None" after 8 second wait
2025-11-22 00:33:34.925 66637 INFO tempest.lib.common.rest_client [req-2913f498-5e8f-438f-8e35-4abae6dd3989 req-2913f498-5e8f-438f-8e35-4abae6dd3989 ] Request (KeyPairsV22TestJSON:setUpClass): 201 POST http://10.180.1.21/identity/v3/auth/tokens 0.074s
2025-11-22 00:33:34.962 66637 INFO tempest.lib.common.rest_client [req-7d98d725-9a33-4eff-be08-1c0a632ff0d7 req-7d98d725-9a33-4eff-be08-1c0a632ff0d7 ] Request (KeyPairsV22TestJSON:setUpClass): 201 POST http://10.180.1.21/identity/v3/auth/tokens 0.034s
2025-11-22 00:33:34.991 66637 INFO tempest.lib.common.rest_client [req-86d9a74e-292e-4a8e-bc01-f3c2a68dfeec req-86d9a74e-292e-4a8e-bc01-f3c2a68dfeec ] Request (KeyPairsV22TestJSON:setUpClass): 200 GET http://10.180.1.21/identity/v3/domains?name=Default 0.029s
2025-11-22 00:33:35.032 66637 INFO tempest.lib.common.rest_client [req-00f834d8-a13c-4d0c-a95d-5a92c36b092f req-00f834d8-a13c-4d0c-a95d-5a92c36b092f ] Request (KeyPairsV22TestJSON:setUpClass): 201 POST http://10.180.1.21/identity/v3/projects 0.041s
2025-11-22 00:33:35.134 66637 INFO tempest.lib.common.rest_client [req-a291f7cc-7a49-4349-bc76-31c477d1af25 req-a291f7cc-7a49-4349-bc76-31c477d1af25 ] Request (KeyPairsV22TestJSON:setUpClass): 201 POST http://10.180.1.21/identity/v3/users 0.100s
2025-11-22 00:33:35.161 66607 INFO tempest.lib.common.rest_client [req-48d1a643-6d31-419f-b1d2-a94ca0e28286 req-48d1a643-6d31-419f-b1d2-a94ca0e28286 ] Request (InstanceActionsTestJSON:setUpClass): 201 POST http://10.180.1.21/networking/v2.0/networks 0.731s
2025-11-22 00:33:35.164 66637 INFO tempest.lib.common.rest_client [req-12dec155-51d3-47c8-86b2-2cdbe577170a req-12dec155-51d3-47c8-86b2-2cdbe577170a ] Request (KeyPairsV22TestJSON:setUpClass): 200 GET http://10.180.1.21/identity/v3/roles 0.029s
2025-11-22 00:33:35.216 66637 INFO tempest.lib.common.rest_client [req-7f734a3c-5f82-423d-923f-58367903d4af req-7f734a3c-5f82-423d-923f-58367903d4af ] Request (KeyPairsV22TestJSON:setUpClass): 204 PUT http://10.180.1.21/identity/v3/projects/937ca18ffe1c471388523fc673862152/users/406cc30e6fe945d0b9bcc3955f261c93/roles/b734ad432d9a49e480b085769798b5d3 0.050s
2025-11-22 00:33:35.216 66637 INFO tempest.lib.common.dynamic_creds [-] Dynamic test user 406cc30e6fe945d0b9bcc3955f261c93 is created with scope project and roles: ['member']
2025-11-22 00:33:35.217 66637 INFO tempest.lib.common.dynamic_creds [-] Acquired dynamic creds: credentials: Credentials: {'domain_id': 'default', 'domain_name': 'Default', 'username': 'tempest-KeyPairsV22TestJSON-1263097669-project-member', 'project_domain_id': 'default', 'project_domain_name': 'Default', 'project_id': '937ca18ffe1c471388523fc673862152', 'project_name': 'tempest-KeyPairsV22TestJSON-1263097669', 'tenant_id': '937ca18ffe1c471388523fc673862152', 'tenant_name': 'tempest-KeyPairsV22TestJSON-1263097669', 'user_domain_id': 'default', 'user_domain_name': 'Default', 'user_id': '406cc30e6fe945d0b9bcc3955f261c93', 'system': None}, Network: None, Subnet: None, Router: None
2025-11-22 00:33:35.217 66637 INFO tempest.lib.common.dynamic_creds [-] Created isolated network resources for: credentials: Credentials: {'domain_id': 'default', 'domain_name': 'Default', 'username': 'tempest-KeyPairsV22TestJSON-1263097669-project-member', 'project_domain_id': 'default', 'project_domain_name': 'Default', 'project_id': '937ca18ffe1c471388523fc673862152', 'project_name': 'tempest-KeyPairsV22TestJSON-1263097669', 'tenant_id': '937ca18ffe1c471388523fc673862152', 'tenant_name': 'tempest-KeyPairsV22TestJSON-1263097669', 'user_domain_id': 'default', 'user_domain_name': 'Default', 'user_id': '406cc30e6fe945d0b9bcc3955f261c93', 'system': None}, Network: None, Subnet: None, Router: None
2025-11-22 00:33:35.297 66661 WARNING tempest.lib.common.ssh [-] Failed to establish authenticated ssh connection to cirros@10.180.180.162 ([Errno None] Unable to connect to port 22 on 10.180.180.162). Number attempts: 4. Retry after 5 seconds.: paramiko.ssh_exception.NoValidConnectionsError: [Errno None] Unable to connect to port 22 on 10.180.180.162
2025-11-22 00:33:35.304 66609 INFO tempest.lib.common.rest_client [req-bb344035-be98-4a19-80da-9038c955df55 req-bb344035-be98-4a19-80da-9038c955df55 ] Request (ServersAdminNegativeTestJSON:test_migrate_server_invalid_state): 200 GET http://10.180.1.21/compute/v2.1/servers/2cbcf86f-4d50-4d4c-967c-71c5d4cdf80f 9.233s
2025-11-22 00:33:35.323 66637 INFO tempest.lib.common.rest_client [req-ec328360-39d8-4ebc-8ba7-0a22828622e4 req-ec328360-39d8-4ebc-8ba7-0a22828622e4 ] Request (KeyPairsV22TestJSON:setUpClass): 201 POST http://10.180.1.21/identity/v3/auth/tokens 0.102s
2025-11-22 00:33:35.593 66607 INFO tempest.lib.common.rest_client [req-c187ab45-281a-422d-ba56-2294bb995865 req-c187ab45-281a-422d-ba56-2294bb995865 ] Request (InstanceActionsTestJSON:setUpClass): 201 POST http://10.180.1.21/networking/v2.0/subnets 0.432s
2025-11-22 00:33:35.720 66633 INFO tempest.lib.common.rest_client [req-c0722fb8-3dde-41b4-91b8-70fe2ea6f00a req-c0722fb8-3dde-41b4-91b8-70fe2ea6f00a ] Request (MigrationsAdminTest:test_list_migrations_in_flavor_resize_situation): 200 GET http://10.180.1.21/compute/v2.1/servers/f1c91bb3-f1ff-4491-88a5-aff3c9efdb3e 7.616s
2025-11-22 00:33:35.727 66633 INFO tempest.common.waiters [-] State transition "RESIZE/resize_migrated" ==> "VERIFY_RESIZE/None" after 29 second wait
2025-11-22 00:33:36.495 66607 INFO tempest.lib.common.rest_client [req-3ea8845e-d6f0-4413-98a4-d16ac94094a2 req-3ea8845e-d6f0-4413-98a4-d16ac94094a2 ] Request (InstanceActionsTestJSON:setUpClass): 201 POST http://10.180.1.21/networking/v2.0/routers 0.901s
2025-11-22 00:33:36.591 66667 INFO tempest.lib.common.rest_client [req-cf57af50-18bd-432d-aaa2-bdf85514b958 req-cf57af50-18bd-432d-aaa2-bdf85514b958 ] Request (FloatingIPsAssociationNegativeTestJSON:setUpClass): 200 GET http://10.180.1.21/compute/v2.1/servers/945c913f-f968-4c87-a909-62ba5d44bcf3 7.738s
2025-11-22 00:33:36.596 66629 INFO tempest.lib.common.rest_client [req-47370e3e-dfbd-4c45-aaf7-35d41064a6ef req-47370e3e-dfbd-4c45-aaf7-35d41064a6ef ] Request (SecurityGroupsNegativeTestJSON:test_delete_nonexistent_security_group): 404 DELETE http://10.180.1.21/compute/v2.1/os-security-groups/91a1085d-909e-497f-b442-3e6862dd6962 7.306s
2025-11-22 00:33:36.601 66667 INFO tempest.common.waiters [-] State transition "BUILD/spawning" ==> "ACTIVE/None" after 24 second wait
2025-11-22 00:33:36.629 66647 INFO tempest.lib.common.rest_client [req-d256c2e7-451a-40c4-ac0d-0a81c8dcd442 req-d256c2e7-451a-40c4-ac0d-0a81c8dcd442 ] Request (FlavorsAdminTestJSON:_run_cleanups): 200 GET http://10.180.1.21/compute/v2.1/flavors/detail 7.074s
2025-11-22 00:33:36.782 66643 INFO tempest.lib.common.rest_client [req-288abe82-4715-424f-a9bc-696f0e5d6fef req-288abe82-4715-424f-a9bc-696f0e5d6fef ] Request (SecurityGroupRulesNegativeTestJSON:test_create_security_group_rule_with_invalid_ip_protocol): 400 POST http://10.180.1.21/compute/v2.1/os-security-group-rules 7.037s
2025-11-22 00:33:36.869 66627 INFO tempest.lib.common.rest_client [req-eac73ff9-bbaf-49a3-99f0-77092baa88af req-eac73ff9-bbaf-49a3-99f0-77092baa88af ] Request (AttachVolumeTestJSON:test_attach_detach_volume): 200 GET http://10.180.1.21/compute/v2.1/servers/e9c9b705-224c-477d-84d2-322487b0cbba 7.469s
2025-11-22 00:33:36.877 66627 INFO tempest.common.waiters [-] State transition "BUILD/spawning" ==> "ACTIVE/None" after 24 second wait
2025-11-22 00:33:36.909 66653 INFO tempest.lib.common.rest_client [req-1bd5b531-2fb2-4347-a266-a50736d9cf02 req-1bd5b531-2fb2-4347-a266-a50736d9cf02 ] Request (QuotasAdminTestV236:test_get_updated_quotas): 200 GET http://10.180.1.21/compute/v2.1/os-quota-sets/031ba2a0eac94114beeb3e1b147b7e92/detail 6.665s
2025-11-22 00:33:36.945 66653 INFO tempest.lib.common.rest_client [req-5f8aca9d-f5d9-459c-90e0-1aaa53c76eb5 req-5f8aca9d-f5d9-459c-90e0-1aaa53c76eb5 ] Request (QuotasAdminTestV236:test_get_updated_quotas): 200 GET http://10.180.1.21/identity/v3/domains?name=Default 0.030s
2025-11-22 00:33:36.978 66653 INFO tempest.lib.common.rest_client [req-81d2682f-f586-49fa-b468-52f106a335b6 req-81d2682f-f586-49fa-b468-52f106a335b6 ] Request (QuotasAdminTestV236:test_get_updated_quotas): 201 POST http://10.180.1.21/identity/v3/users 0.033s
2025-11-22 00:33:37.009 66653 INFO tempest.lib.common.rest_client [req-44a25b7d-14ee-44d7-b40d-d7bd6ee1477c req-44a25b7d-14ee-44d7-b40d-d7bd6ee1477c ] Request (QuotasAdminTestV236:test_get_updated_quotas): 200 GET http://10.180.1.21/identity/v3/domains?name=Default 0.030s
2025-11-22 00:33:37.110 66655 INFO tempest.lib.common.rest_client [req-94466c55-0fea-4304-a5d5-33bdd004cdad req-94466c55-0fea-4304-a5d5-33bdd004cdad ] Request (DeleteServersAdminTestJSON:test_delete_server_while_in_error_state): 200 GET http://10.180.1.21/compute/v2.1/servers/7cb3b047-11ba-45cb-a016-b18833a4b8c9 6.704s
2025-11-22 00:33:37.121 66655 INFO tempest.common.waiters [-] State transition "BUILD/spawning" ==> "ACTIVE/None" after 25 second wait
2025-11-22 00:33:37.141 66645 INFO tempest.lib.common.rest_client [req-25e39b58-7fd0-4b0d-b584-6e394ce58c81 req-25e39b58-7fd0-4b0d-b584-6e394ce58c81 ] Request (ImagesOneServerNegativeTestJSON:setUp): 200 GET http://10.180.1.21/compute/v2.1/servers/bafc22d8-3e4d-426a-8dbf-3649bd7f3fca 6.715s
2025-11-22 00:33:37.382 66625 INFO tempest.lib.common.rest_client [req-8092dcec-282a-471b-8ac1-81ad11d591d9 req-8092dcec-282a-471b-8ac1-81ad11d591d9 ] Request (ServerMetadataNegativeTestJSON:setUpClass): 200 GET http://10.180.1.21/compute/v2.1/servers/f7801e02-8a6e-42ee-9555-f34034611f52 6.868s
2025-11-22 00:33:37.398 66665 INFO tempest.lib.common.rest_client [req-106d5e4e-3c3d-464e-aff5-9a67396a985e req-106d5e4e-3c3d-464e-aff5-9a67396a985e ] Request (AggregatesAdminNegativeTestJSON:test_aggregate_create_with_existent_aggregate_name): 409 POST http://10.180.1.21/compute/v2.1/os-aggregates 6.636s
2025-11-22 00:33:37.403 66625 INFO tempest.common.waiters [-] State transition "BUILD/networking" ==> "BUILD/spawning" after 17 second wait
2025-11-22 00:33:37.410 66613 INFO tempest.lib.common.rest_client [req-198dc335-a868-410e-a026-28a5bdebc714 req-198dc335-a868-410e-a026-28a5bdebc714 ] Request (ServersAdminTestJSON:test_create_server_with_scheduling_hint): 200 GET http://10.180.1.21/compute/v2.1/servers/8547366b-2c27-4119-8843-d70a6020abbf 6.863s
2025-11-22 00:33:37.424 66649 INFO tempest.lib.common.rest_client [req-17b3a3ed-bd0c-4e7e-a9da-163273731c5b req-17b3a3ed-bd0c-4e7e-a9da-163273731c5b ] Request (ServicesAdminNegativeV253TestJSON:test_get_service_by_invalid_service_and_valid_host): 200 GET http://10.180.1.21/compute/v2.1/os-services 6.627s
2025-11-22 00:33:37.442 66639 INFO tempest.lib.common.rest_client [req-107a8834-8f95-4e6e-9385-3de1e3dba9b0 req-107a8834-8f95-4e6e-9385-3de1e3dba9b0 ] Request (VolumesAdminNegativeTest:tearDownClass): 404 GET http://10.180.1.21/compute/v2.1/servers/6dfe0cb0-e91a-41ca-a119-e9d9245dfc19 6.420s
2025-11-22 00:33:37.472 66607 INFO tempest.lib.common.rest_client [req-52c83545-c656-40ff-8808-ecb99e849545 req-52c83545-c656-40ff-8808-ecb99e849545 ] Request (InstanceActionsTestJSON:setUpClass): 200 PUT http://10.180.1.21/networking/v2.0/routers/12aec673-e5e1-4f40-b2a3-c8bec9913e4b/add_router_interface 0.976s
2025-11-22 00:33:37.472 66607 INFO tempest.lib.common.dynamic_creds [-] Created isolated network resources for: credentials: Credentials: {'domain_id': 'default', 'domain_name': 'Default', 'username': 'tempest-InstanceActionsTestJSON-129002573-project-member', 'project_domain_id': 'default', 'project_domain_name': 'Default', 'project_id': '157f747f8df54db3972b1477952ee3fb', 'project_name': 'tempest-InstanceActionsTestJSON-129002573', 'tenant_id': '157f747f8df54db3972b1477952ee3fb', 'tenant_name': 'tempest-InstanceActionsTestJSON-129002573', 'user_domain_id': 'default', 'user_domain_name': 'Default', 'user_id': 'cfcab18733934bb3a3adc8b635f9c8d7', 'system': None}, Network: {'id': 'bd48c3e1-68fe-46fb-be00-964b02aa8ff5', 'name': 'tempest-InstanceActionsTestJSON-1821904406-network', 'tenant_id': '157f747f8df54db3972b1477952ee3fb', 'project_id': '157f747f8df54db3972b1477952ee3fb', 'admin_state_up': True, 'mtu': 8950, 'status': 'ACTIVE', 'subnets': [], 'shared': False, 'port_security_enabled': True, 'router:external': False, 'provider:network_type': 'vlan', 'provider:physical_network': 'default', 'provider:segmentation_id': 968, 'availability_zone_hints': [], 'availability_zones': [], 'ipv4_address_scope': None, 'ipv6_address_scope': None, 'description': '', 'tags': [], 'created_at': '2025-11-22T00:33:35Z', 'updated_at': '2025-11-22T00:33:35Z', 'revision_number': 1}, Subnet: {'id': '159c24a2-aca9-465b-9442-2a66a7dd7342', 'name': 'tempest-InstanceActionsTestJSON-1821904406-subnet', 'tenant_id': '157f747f8df54db3972b1477952ee3fb', 'network_id': 'bd48c3e1-68fe-46fb-be00-964b02aa8ff5', 'ip_version': 4, 'subnetpool_id': None, 'enable_dhcp': True, 'ipv6_ra_mode': None, 'ipv6_address_mode': None, 'gateway_ip': '192.168.128.1', 'cidr': '192.168.128.0/28', 'allocation_pools': [{'start': '192.168.128.2', 'end': '192.168.128.14'}], 'host_routes': [], 'dns_nameservers': [], 'description': '', 'router:external': False, 'service_types': [], 'tags': [], 'created_at': '2025-11-22T00:33:35Z', 'updated_at': '2025-11-22T00:33:35Z', 'revision_number': 0, 'project_id': '157f747f8df54db3972b1477952ee3fb'}, Router: {'id': '12aec673-e5e1-4f40-b2a3-c8bec9913e4b', 'name': 'tempest-InstanceActionsTestJSON-1821904406-router', 'tenant_id': '157f747f8df54db3972b1477952ee3fb', 'admin_state_up': True, 'status': 'ACTIVE', 'external_gateway_info': {'network_id': '71f1fe10-751f-4706-902b-2c26e71d7515', 'external_fixed_ips': [{'subnet_id': '6b3f9673-6099-4769-9e8e-3eacf4773a65', 'ip_address': '10.180.180.237'}], 'enable_snat': True}, 'description': '', 'availability_zones': [], 'distributed': False, 'ha': False, 'availability_zone_hints': [], 'routes': [], 'flavor_id': None, 'tags': [], 'created_at': '2025-11-22T00:33:35Z', 'updated_at': '2025-11-22T00:33:36Z', 'revision_number': 2, 'project_id': '157f747f8df54db3972b1477952ee3fb'}
2025-11-22 00:33:37.597 66607 INFO tempest.lib.common.rest_client [req-2bb98feb-2f37-4244-bd1a-287919129a6e req-2bb98feb-2f37-4244-bd1a-287919129a6e ] Request (InstanceActionsTestJSON:setUpClass): 201 POST http://10.180.1.21/identity/v3/auth/tokens 0.120s
2025-11-22 00:33:37.603 66621 WARNING tempest.lib.common.ssh [-] Failed to establish authenticated ssh connection to cirros@10.180.180.196 ([Errno None] Unable to connect to port 22 on 10.180.180.196). Number attempts: 3. Retry after 4 seconds.: paramiko.ssh_exception.NoValidConnectionsError: [Errno None] Unable to connect to port 22 on 10.180.180.196
2025-11-22 00:33:37.606 66631 INFO tempest.lib.common.rest_client [req-b9b7fdbb-afe1-4a8f-b47e-8a2771728c2f req-b9b7fdbb-afe1-4a8f-b47e-8a2771728c2f ] Request (TenantUsagesTestJSON:setUpClass): 200 GET http://10.180.1.21/compute/v2.1/servers/507d72d1-6471-4593-954d-428338b26d4c 5.882s
2025-11-22 00:33:37.628 66663 INFO tempest.lib.common.rest_client [req-df809ad1-d244-4316-81a8-66f15c4a6547 req-df809ad1-d244-4316-81a8-66f15c4a6547 ] Request (ServerDiagnosticsNegativeTest:test_get_server_diagnostics_by_non_admin): 200 GET http://10.180.1.21/compute/v2.1/servers/0b50a7c3-1331-4686-ae54-2f3dde5525d5 4.831s
2025-11-22 00:33:37.644 66663 INFO tempest.common.waiters [-] State transition "BUILD/None" ==> "BUILD/spawning" after 6 second wait
2025-11-22 00:33:37.652 66607 INFO tempest.lib.common.rest_client [req-f6609568-de0f-45de-a57b-817fec64970b req-f6609568-de0f-45de-a57b-817fec64970b ] Request (InstanceActionsTestJSON:setUpClass): 201 POST http://10.180.1.21/identity/v3/auth/tokens 0.049s
2025-11-22 00:33:37.652 66607 INFO tempest.lib.common.fixed_network [-] (InstanceActionsTestJSON:setUpClass) Found network {'id': 'bd48c3e1-68fe-46fb-be00-964b02aa8ff5', 'name': 'tempest-InstanceActionsTestJSON-1821904406-network', 'tenant_id': '157f747f8df54db3972b1477952ee3fb', 'project_id': '157f747f8df54db3972b1477952ee3fb', 'admin_state_up': True, 'mtu': 8950, 'status': 'ACTIVE', 'subnets': [], 'shared': False, 'port_security_enabled': True, 'router:external': False, 'provider:network_type': 'vlan', 'provider:physical_network': 'default', 'provider:segmentation_id': 968, 'availability_zone_hints': [], 'availability_zones': [], 'ipv4_address_scope': None, 'ipv6_address_scope': None, 'description': '', 'tags': [], 'created_at': '2025-11-22T00:33:35Z', 'updated_at': '2025-11-22T00:33:35Z', 'revision_number': 1} available for tenant
2025-11-22 00:33:37.700 66623 INFO tempest.lib.common.rest_client [req-9f17ab3a-2591-4837-9de9-880f9ae6776e req-9f17ab3a-2591-4837-9de9-880f9ae6776e ] Request (ServersNegativeTestJSON:setUpClass): 200 GET http://10.180.1.21/compute/v2.1/servers/79cf2e95-2bbe-42e2-8d44-c592189bcdfc 3.927s
2025-11-22 00:33:37.758 66651 INFO tempest.lib.common.rest_client [req-553da4e2-ce56-404f-851e-491a8daf2b1d req-553da4e2-ce56-404f-851e-491a8daf2b1d ] Request (FloatingIPsNegativeTestJSON:setUpClass): 200 GET http://10.180.1.21/compute/v2.1/os-floating-ips 4.670s
2025-11-22 00:33:37.765 66657 INFO tempest.lib.common.rest_client [req-2699ba42-82a7-4b4c-8898-b79ceda2cb31 req-2699ba42-82a7-4b4c-8898-b79ceda2cb31 ] Request (FlavorsAccessNegativeTestJSON:test_flavor_non_admin_remove): 403 POST http://10.180.1.21/compute/v2.1/flavors/468752027/action 3.796s
2025-11-22 00:33:38.292 66639 INFO tempest.lib.common.rest_client [req-90fe9a94-47f8-494f-a901-13988de9efca req-90fe9a94-47f8-494f-a901-13988de9efca ] Request (VolumesAdminNegativeTest:tearDownClass): 200 PUT http://10.180.1.21/networking/v2.0/routers/06099706-8358-4b5c-9a46-acbe5f71894b/remove_router_interface 0.849s
2025-11-22 00:33:38.368 66660 INFO tempest.lib.common.rest_client [req-81cadd1a-da12-4354-b0b6-a328c31b52c2 req-81cadd1a-da12-4354-b0b6-a328c31b52c2 ] Request (SecurityGroupsTestAdminJSON:_run_cleanups): 202 DELETE http://10.180.1.21/compute/v2.1/os-security-groups/cfa8b956-0f67-4839-90e1-9e1e2eb9363d 4.214s
2025-11-22 00:33:38.544 66660 INFO tempest.lib.common.rest_client [req-05db255e-0ff2-4da9-8bcc-28016a931fbd req-05db255e-0ff2-4da9-8bcc-28016a931fbd ] Request (SecurityGroupsTestAdminJSON:tearDownClass): 204 DELETE http://10.180.1.21/identity/v3/users/5a66009d8f734686b87710115367fbd6 0.173s
2025-11-22 00:33:38.584 66615 INFO tempest.lib.common.rest_client [req-64a65c1a-cda8-4194-a4a3-b2df41fd0224 req-64a65c1a-cda8-4194-a4a3-b2df41fd0224 ] Request (QuotasAdminNegativeTest:test_create_server_when_memory_quota_is_full): 200 PUT http://10.180.1.21/compute/v2.1/os-quota-sets/b1d0db6aab694b31ac2ac10ee3ac7286 4.144s
2025-11-22 00:33:38.603 66635 INFO tempest.lib.common.rest_client [req-7b6c4690-fc5e-4a90-8422-f37dfe9bebc3 req-7b6c4690-fc5e-4a90-8422-f37dfe9bebc3 ] Request (FloatingIPDetailsTestJSON:setUpClass): 200 POST http://10.180.1.21/compute/v2.1/os-floating-ips 4.693s
2025-11-22 00:33:38.672 66615 INFO tempest.lib.common.rest_client [req-412a4c7a-0865-4d37-9b7e-60aab92fa7e4 req-412a4c7a-0865-4d37-9b7e-60aab92fa7e4 ] Request (QuotasAdminNegativeTest:test_create_server_when_memory_quota_is_full): 201 POST http://10.180.1.21/identity/v3/auth/tokens 0.081s
2025-11-22 00:33:38.672 66615 INFO tempest.lib.common.fixed_network [-] (QuotasAdminNegativeTest:test_create_server_when_memory_quota_is_full) Found network None available for tenant
2025-11-22 00:33:38.695 66660 INFO tempest.lib.common.rest_client [req-54ac7fb2-46b8-485b-8e31-e99ee7e1c86c req-54ac7fb2-46b8-485b-8e31-e99ee7e1c86c ] Request (SecurityGroupsTestAdminJSON:tearDownClass): 204 DELETE http://10.180.1.21/identity/v3/users/dcc363e2779d44e7b822e870de10ee02 0.151s
2025-11-22 00:33:38.696 66660 INFO tempest.lib.common.dynamic_creds [-] Deleting project and security group for project: 8c273c807bf24484938a989b0bde85a6
2025-11-22 00:33:38.747 66619 INFO tempest.lib.common.rest_client [req-d33ee860-b779-41f3-8dcf-fb3e58aa5764 req-d33ee860-b779-41f3-8dcf-fb3e58aa5764 ] Request (ImagesOneServerTestJSON:test_create_delete_image): 204 DELETE http://10.180.1.21/compute/v2.1/images/a3fa66b4-73f1-4a20-b748-5b85f34bb8f8 4.259s
2025-11-22 00:33:38.794 66660 INFO tempest.lib.common.rest_client [req-f835c463-c431-42da-b289-8fcfd30a478c req-f835c463-c431-42da-b289-8fcfd30a478c ] Request (SecurityGroupsTestAdminJSON:tearDownClass): 201 POST http://10.180.1.21/identity/v3/auth/tokens 0.098s
2025-11-22 00:33:38.914 66611 INFO tempest.lib.common.rest_client [req-9b493530-7ba2-438b-adbc-dfc69ac334e0 req-9b493530-7ba2-438b-adbc-dfc69ac334e0 ] Request (ServersTestBootFromVolume:setUpClass): 200 GET http://10.180.1.21/compute/v2.1/servers/197e6457-4e8d-4f51-9342-2c3b790a1f9a 4.025s
2025-11-22 00:33:38.923 66611 INFO tempest.lib.common.ssh [-] Creating ssh connection to '10.180.180.186:22' as 'cirros' with public key authentication
2025-11-22 00:33:38.925 66639 INFO tempest.lib.common.rest_client [req-5f397974-693b-4ba5-93cb-845b92e47430 req-5f397974-693b-4ba5-93cb-845b92e47430 ] Request (VolumesAdminNegativeTest:tearDownClass): 204 DELETE http://10.180.1.21/networking/v2.0/routers/06099706-8358-4b5c-9a46-acbe5f71894b 0.633s
2025-11-22 00:33:38.930 66611 WARNING tempest.lib.common.ssh [-] Failed to establish authenticated ssh connection to cirros@10.180.180.186 ([Errno None] Unable to connect to port 22 on 10.180.180.186). Number attempts: 1. Retry after 2 seconds.: paramiko.ssh_exception.NoValidConnectionsError: [Errno None] Unable to connect to port 22 on 10.180.180.186
2025-11-22 00:33:38.968 66609 INFO tempest.lib.common.rest_client [req-31c63707-5f36-4cf1-9545-387083e79d6e req-31c63707-5f36-4cf1-9545-387083e79d6e ] Request (ServersAdminNegativeTestJSON:test_migrate_server_invalid_state): 409 POST http://10.180.1.21/compute/v2.1/servers/2cbcf86f-4d50-4d4c-967c-71c5d4cdf80f/action 3.657s
2025-11-22 00:33:39.001 66660 INFO tempest.lib.common.rest_client [req-d16297b2-da78-474d-b9a8-3a10d706e593 req-d16297b2-da78-474d-b9a8-3a10d706e593 ] Request (SecurityGroupsTestAdminJSON:tearDownClass): 200 GET http://10.180.1.21/networking/v2.0/security-groups?tenant_id=8c273c807bf24484938a989b0bde85a6&name=default 0.207s
2025-11-22 00:33:39.046 66633 INFO tempest.lib.common.rest_client [req-b4ccaa27-47d0-44ec-9819-75eac3cdfadb req-b4ccaa27-47d0-44ec-9819-75eac3cdfadb ] Request (MigrationsAdminTest:test_list_migrations_in_flavor_resize_situation): 204 POST http://10.180.1.21/compute/v2.1/servers/f1c91bb3-f1ff-4491-88a5-aff3c9efdb3e/action 3.317s
2025-11-22 00:33:39.059 66637 INFO tempest.lib.common.rest_client [req-1b1c5558-8f33-44e8-8ca5-2e2a185cf339 req-1b1c5558-8f33-44e8-8ca5-2e2a185cf339 ] Request (KeyPairsV22TestJSON:test_get_keypair_detail): 201 POST http://10.180.1.21/compute/v2.1/os-keypairs 3.734s
2025-11-22 00:33:39.067 66669 INFO tempest.lib.common.rest_client [req-a9fbc0b0-06ab-42c8-ae38-c4185bb4f08e req-a9fbc0b0-06ab-42c8-ae38-c4185bb4f08e ] Request (ServersTestMultiNic:_run_cleanups): 404 GET http://10.180.1.21/compute/v2.1/servers/1d0b613c-c338-497e-93ee-4246f2b031c9 3.149s
2025-11-22 00:33:39.071 66629 INFO tempest.lib.common.rest_client [req-4cf48ddb-883c-442d-af4b-b154656df499 req-4cf48ddb-883c-442d-af4b-b154656df499 ] Request (SecurityGroupsNegativeTestJSON:test_delete_security_group_without_passing_id): 404 DELETE http://10.180.1.21/compute/v2.1/os-security-groups/ 2.470s
2025-11-22 00:33:39.115 66647 INFO tempest.lib.common.rest_client [req-4afa00f5-8e4b-43c7-97fc-37da757eef5e req-4afa00f5-8e4b-43c7-97fc-37da757eef5e ] Request (FlavorsAdminTestJSON:test_create_flavor_with_uuid_id): 200 POST http://10.180.1.21/compute/v2.1/flavors 2.473s
2025-11-22 00:33:39.163 66660 INFO tempest.lib.common.rest_client [req-662ec66b-5336-48c2-94aa-84bb1a59c1e5 req-662ec66b-5336-48c2-94aa-84bb1a59c1e5 ] Request (SecurityGroupsTestAdminJSON:tearDownClass): 204 DELETE http://10.180.1.21/networking/v2.0/security-groups/08261dbd-462d-4513-8f11-52705c8ed396 0.161s
2025-11-22 00:33:39.183 66639 INFO tempest.lib.common.rest_client [req-d87e5e81-df9c-4196-a9a2-535e53a6722e req-d87e5e81-df9c-4196-a9a2-535e53a6722e ] Request (VolumesAdminNegativeTest:tearDownClass): 204 DELETE http://10.180.1.21/networking/v2.0/subnets/823401c9-1c5c-4564-8bc5-01d257ccfecf 0.257s
2025-11-22 00:33:39.228 66641 WARNING tempest.lib.common.ssh [-] Failed to establish authenticated ssh connection to cirros@10.180.180.251 ([Errno None] Unable to connect to port 22 on 10.180.180.251). Number attempts: 5. Retry after 6 seconds.: paramiko.ssh_exception.NoValidConnectionsError: [Errno None] Unable to connect to port 22 on 10.180.180.251
2025-11-22 00:33:39.257 66660 INFO tempest.lib.common.rest_client [req-35af685c-6177-4d44-8b30-156810fbf2c3 req-35af685c-6177-4d44-8b30-156810fbf2c3 ] Request (SecurityGroupsTestAdminJSON:tearDownClass): 204 DELETE http://10.180.1.21/identity/v3/projects/8c273c807bf24484938a989b0bde85a6 0.094s
2025-11-22 00:33:39.257 66660 INFO tempest.lib.common.dynamic_creds [-] Deleting project and security group for project: ea096055f20e4968a67c877313fe293c
2025-11-22 00:33:39.314 66669 INFO tempest.lib.common.rest_client [req-ebe8aca0-afb5-448f-a764-b1d8435386b6 req-ebe8aca0-afb5-448f-a764-b1d8435386b6 ] Request (ServersTestMultiNic:_run_cleanups): 204 DELETE http://10.180.1.21/networking/v2.0/subnets/029cf0ed-22c1-42b0-bb41-cb6e15f2e301 0.246s
2025-11-22 00:33:39.360 66643 INFO tempest.lib.common.rest_client [req-87643bd8-5e9d-4003-bfee-608e0fdc6452 req-87643bd8-5e9d-4003-bfee-608e0fdc6452 ] Request (SecurityGroupRulesNegativeTestJSON:test_create_security_group_rule_with_invalid_port_range): 200 POST http://10.180.1.21/compute/v2.1/os-security-groups 2.576s
2025-11-22 00:33:39.705 66639 INFO tempest.lib.common.rest_client [req-6f2b5663-516a-468d-8019-28ddefbeae59 req-6f2b5663-516a-468d-8019-28ddefbeae59 ] Request (VolumesAdminNegativeTest:tearDownClass): 204 DELETE http://10.180.1.21/networking/v2.0/networks/f6930f72-69a0-4745-be11-cefae97baedc 0.522s
2025-11-22 00:33:39.785 66660 INFO tempest.lib.common.rest_client [req-6258cefb-10f9-4ee1-b9d3-c2a124c74e5c req-6258cefb-10f9-4ee1-b9d3-c2a124c74e5c ] Request (SecurityGroupsTestAdminJSON:tearDownClass): 200 GET http://10.180.1.21/networking/v2.0/security-groups?tenant_id=ea096055f20e4968a67c877313fe293c&name=default 0.527s
2025-11-22 00:33:40.021 66627 INFO tempest.lib.common.rest_client [req-23231087-434e-492b-878f-e2b63621fb42 req-23231087-434e-492b-878f-e2b63621fb42 ] Request (AttachVolumeTestJSON:test_attach_detach_volume): 200 GET http://10.180.1.21/compute/v2.1/servers/e9c9b705-224c-477d-84d2-322487b0cbba/os-interface 3.144s
2025-11-22 00:33:40.085 66669 INFO tempest.lib.common.rest_client [req-e0f90cf9-9819-4652-85cf-73b2a512f6a7 req-e0f90cf9-9819-4652-85cf-73b2a512f6a7 ] Request (ServersTestMultiNic:_run_cleanups): 204 DELETE http://10.180.1.21/networking/v2.0/networks/b342d882-205e-4cd8-bc16-6653aaff6703 0.771s
2025-11-22 00:33:40.182 66660 INFO tempest.lib.common.rest_client [req-a7f49c5a-f3c5-4a52-8288-bd2accfce831 req-a7f49c5a-f3c5-4a52-8288-bd2accfce831 ] Request (SecurityGroupsTestAdminJSON:tearDownClass): 204 DELETE http://10.180.1.21/networking/v2.0/security-groups/0b654dba-2d73-4537-83ab-8f1fe8c16dae 0.396s
2025-11-22 00:33:40.248 66653 INFO tempest.lib.common.rest_client [req-7c31f19e-39ca-4bcb-a293-09ac7e693e60 req-7c31f19e-39ca-4bcb-a293-09ac7e693e60 ] Request (QuotasAdminTestV236:test_get_updated_quotas): 200 PUT http://10.180.1.21/compute/v2.1/os-quota-sets/031ba2a0eac94114beeb3e1b147b7e92?user_id=dca23132dba74ef9bbc311e1e32184e1 3.239s
2025-11-22 00:33:40.345 66660 INFO tempest.lib.common.rest_client [req-df02395e-1335-4bd0-8930-e5b1e807205b req-df02395e-1335-4bd0-8930-e5b1e807205b ] Request (SecurityGroupsTestAdminJSON:tearDownClass): 204 DELETE http://10.180.1.21/identity/v3/projects/ea096055f20e4968a67c877313fe293c 0.162s
2025-11-22 00:33:40.348 66655 INFO tempest.lib.common.rest_client [req-b52757cc-6715-4ca3-a1b0-e4ae20a3a985 req-b52757cc-6715-4ca3-a1b0-e4ae20a3a985 ] Request (DeleteServersAdminTestJSON:test_delete_server_while_in_error_state): 202 POST http://10.180.1.21/compute/v2.1/servers/7cb3b047-11ba-45cb-a016-b18833a4b8c9/action 3.227s
2025-11-22 00:33:40.355 66645 INFO tempest.lib.common.rest_client [req-d902d45e-2942-490c-a981-46a19ac97c19 req-d902d45e-2942-490c-a981-46a19ac97c19 ] Request (ImagesOneServerNegativeTestJSON:test_create_image_specify_metadata_over_limits): 400 POST http://10.180.1.21/compute/v2.1/servers/bafc22d8-3e4d-426a-8dbf-3649bd7f3fca/action 3.205s
2025-11-22 00:33:40.411 66665 INFO tempest.lib.common.rest_client [req-46b2dd5c-29c0-4c4f-9b53-96abcfa381f9 req-46b2dd5c-29c0-4c4f-9b53-96abcfa381f9 ] Request (AggregatesAdminNegativeTestJSON:_run_cleanups): 200 DELETE http://10.180.1.21/compute/v2.1/os-aggregates/4 3.012s
2025-11-22 00:33:40.437 66649 INFO tempest.lib.common.rest_client [req-00aec337-9b78-4d1c-b04c-cca09577206b req-00aec337-9b78-4d1c-b04c-cca09577206b ] Request (ServicesAdminNegativeV253TestJSON:test_get_service_by_invalid_service_and_valid_host): 200 GET http://10.180.1.21/compute/v2.1/os-services?host=devstack&binary=xxx 3.009s
2025-11-22 00:33:40.460 66660 INFO tempest.lib.common.rest_client [req-68321e2e-d82d-44ce-85c9-ce4963b4765a req-68321e2e-d82d-44ce-85c9-ce4963b4765a ] Request (ListImagesTestJSON:setUpClass): 201 POST http://10.180.1.21/identity/v3/auth/tokens 0.114s
2025-11-22 00:33:40.514 66660 INFO tempest.lib.common.rest_client [req-dee25b15-6cf1-4e39-adc1-57cd3c239475 req-dee25b15-6cf1-4e39-adc1-57cd3c239475 ] Request (ListImagesTestJSON:setUpClass): 201 POST http://10.180.1.21/identity/v3/auth/tokens 0.047s
2025-11-22 00:33:40.550 66660 INFO tempest.lib.common.rest_client [req-c7ab678e-d05f-4ffa-b711-3993dcb78a0d req-c7ab678e-d05f-4ffa-b711-3993dcb78a0d ] Request (ListImagesTestJSON:setUpClass): 200 GET http://10.180.1.21/identity/v3/domains?name=Default 0.036s
2025-11-22 00:33:40.594 66660 INFO tempest.lib.common.rest_client [req-c80c5b5c-d5a4-4f56-9737-e8aa3586f96c req-c80c5b5c-d5a4-4f56-9737-e8aa3586f96c ] Request (ListImagesTestJSON:setUpClass): 201 POST http://10.180.1.21/identity/v3/projects 0.042s
2025-11-22 00:33:40.696 66660 INFO tempest.lib.common.rest_client [req-79901044-ce39-4c00-bf95-f4afef87d283 req-79901044-ce39-4c00-bf95-f4afef87d283 ] Request (ListImagesTestJSON:setUpClass): 201 POST http://10.180.1.21/identity/v3/users 0.101s
