2025-11-22 00:35:52.887 66649 INFO tempest.lib.common.rest_client [req-b9acbb02-d7d9-44e7-8510-51bb1d02fa6a req-b9acbb02-d7d9-44e7-8510-51bb1d02fa6a ] Request (ListServersNegativeTestJSON:setUpClass): 200 GET http://10.180.1.21/compute/v2.1/servers/25fa5c96-d526-4c42-b447-365882281244 0.083s
2025-11-22 00:35:52.940 66613 INFO tempest.lib.common.rest_client [req-5bbe1552-1c35-4a1c-9e73-1cc2449836b0 req-5bbe1552-1c35-4a1c-9e73-1cc2449836b0 ] Request (ServersAdminTestJSON:tearDownClass): 200 GET http://10.180.1.21/compute/v2.1/servers/0082ba28-7fa4-4872-bc5d-c9bae7cd6f43 0.105s
2025-11-22 00:35:52.955 66619 INFO tempest.lib.common.rest_client [req-81e80fc1-cbc2-42a1-9028-f4d55a6c494e req-81e80fc1-cbc2-42a1-9028-f4d55a6c494e ] Request (ServersTestJSON:setUpClass): 200 GET http://10.180.1.21/compute/v2.1/servers/d9612cfc-3174-4a52-bafc-48988f3f6a07 0.067s
2025-11-22 00:35:53.154 66629 WARNING tempest.lib.common.ssh [-] Failed to establish authenticated ssh connection to cirros@10.180.180.135 ([Errno None] Unable to connect to port 22 on 10.180.180.135). Number attempts: 8. Retry after 9 seconds.: paramiko.ssh_exception.NoValidConnectionsError: [Errno None] Unable to connect to port 22 on 10.180.180.135
2025-11-22 00:35:53.247 66655 INFO tempest.lib.common.rest_client [req-c3dd0082-0610-4168-be59-d1fbd3d0eca1 req-c3dd0082-0610-4168-be59-d1fbd3d0eca1 ] Request (AttachInterfacesV270Test:test_create_get_list_interfaces): 200 GET http://10.180.1.21/compute/v2.1/servers/4d6a4ac9-ab10-4767-84fe-1399b8a072d5 0.096s
2025-11-22 00:35:53.261 66625 INFO tempest.lib.common.rest_client [req-54e2a859-2054-4de7-b764-4c330f241e8d req-54e2a859-2054-4de7-b764-4c330f241e8d ] Request (ServersNegativeTestMultiTenantJSON:setUpClass): 200 GET http://10.180.1.21/compute/v2.1/servers/ab44c963-4841-40f9-9057-c4d7771bd873 0.058s
2025-11-22 00:35:53.338 66607 INFO tempest.lib.common.rest_client [req-f0ab7275-c3dd-4223-b043-e95153c19091 req-f0ab7275-c3dd-4223-b043-e95153c19091 ] Request (ServersListShow298Test:tearDownClass): 200 GET http://10.180.1.21/compute/v2.1/servers/71e8b57e-72d8-437e-91d6-ca4c2cac9377 0.078s
2025-11-22 00:35:53.391 66651 INFO tempest.lib.common.rest_client [req-c8278dd1-2614-460b-87be-c9f24a9139d6 req-c8278dd1-2614-460b-87be-c9f24a9139d6 ] Request (AttachVolumeNegativeTest:test_attach_attached_volume_to_different_server): 200 GET http://10.180.1.21/compute/v2.1/servers/706e02ee-d1b9-40cc-bfbb-53fa0a478cca 0.082s
2025-11-22 00:35:53.619 66633 INFO tempest.lib.common.rest_client [req-e3745b7d-b562-469b-8aeb-1352be9a38e5 req-e3745b7d-b562-469b-8aeb-1352be9a38e5 ] Request (MigrationsAdminTest:test_resize_server_revert_deleted_flavor): 200 GET http://10.180.1.21/compute/v2.1/servers/8d859fa6-7772-4899-8d3a-be75805b7f2f 0.194s
2025-11-22 00:35:53.642 66653 INFO tempest.lib.common.rest_client [req-6317dbb3-c17e-4ebe-99a2-a5b32460aab4 req-6317dbb3-c17e-4ebe-99a2-a5b32460aab4 ] Request (ServerMetadataTestJSON:tearDownClass): 200 GET http://10.180.1.21/compute/v2.1/servers/8f4ee749-488c-4b68-8beb-1dbc29c2bea3 0.372s
2025-11-22 00:35:53.743 66631 INFO tempest.lib.common.rest_client [req-6e6a4df9-db7c-43d8-8d73-91e78505b08a req-6e6a4df9-db7c-43d8-8d73-91e78505b08a ] Request (ServersTestManualDisk:tearDownClass): 200 GET http://10.180.1.21/compute/v2.1/servers/382e2934-9ec1-4647-bc93-f7f6b2c02885 0.230s
2025-11-22 00:35:53.774 66669 INFO tempest.lib.common.rest_client [req-6f7e1cb3-75b2-4fec-9f13-12b7be5a5134 req-6f7e1cb3-75b2-4fec-9f13-12b7be5a5134 ] Request (MultipleCreateTestJSON:test_multiple_create): 200 GET http://10.180.1.21/compute/v2.1/servers/a0e00acd-e019-4228-a74c-72db1b021ec1 0.303s
2025-11-22 00:35:53.822 66639 INFO tempest.lib.common.rest_client [req-bdca2192-1905-4458-bb12-f99eca1d8910 req-bdca2192-1905-4458-bb12-f99eca1d8910 ] Request (FloatingIPsAssociationTestJSON:tearDownClass): 200 GET http://10.180.1.21/compute/v2.1/servers/5d1a7fa8-0c77-4e29-b2e2-49a04c355eee 0.243s
2025-11-22 00:35:53.906 66643 INFO tempest.lib.common.rest_client [req-b094a452-56f1-463d-88b1-db370c2f3b11 req-b094a452-56f1-463d-88b1-db370c2f3b11 ] Request (InstanceActionsV221TestJSON:test_get_list_deleted_instance_actions): 200 GET http://10.180.1.21/compute/v2.1/servers/4a6214d2-1b40-491f-9f74-5829e78ac0eb 0.255s
2025-11-22 00:35:53.936 66623 INFO tempest.lib.common.rest_client [req-7887a83b-3201-44ea-86fa-af4f68edcec7 req-7887a83b-3201-44ea-86fa-af4f68edcec7 ] Request (ServersNegativeTestJSON:test_shelve_shelved_server): 200 GET http://10.180.1.21/compute/v2.1/servers/79cf2e95-2bbe-42e2-8d44-c592189bcdfc 0.338s
2025-11-22 00:35:53.943 66623 INFO tempest.common.waiters [-] State transition "ACTIVE/shelving" ==> "ACTIVE/shelving_image_pending_upload" after 2 second wait
2025-11-22 00:35:53.963 66645 INFO tempest.lib.common.rest_client [req-6cae5d96-9efc-4994-ac98-7c09a4507f7f req-6cae5d96-9efc-4994-ac98-7c09a4507f7f ] Request (ImagesOneServerNegativeTestJSON:_run_cleanups): 200 GET http://10.180.1.21/compute/v2.1/servers/e170ef19-c842-4a46-b033-d29c40887ed9 0.302s
2025-11-22 00:35:53.991 66635 INFO tempest.lib.common.rest_client [req-efcf3a08-18a2-49c4-abb7-9ef89dc32330 req-efcf3a08-18a2-49c4-abb7-9ef89dc32330 ] Request (ListImageFiltersTestJSON:setUpClass): 200 GET http://10.180.1.21/compute/v2.1/servers/cfd4609c-6369-4195-98b8-d3a2d7bff9a0 0.293s
2025-11-22 00:35:54.028 66609 INFO tempest.lib.common.rest_client [req-be627f3b-3efb-46f7-bbfd-8466c8503a74 req-be627f3b-3efb-46f7-bbfd-8466c8503a74 ] Request (ServersAdminNegativeTestJSON:tearDownClass): 200 GET http://10.180.1.21/compute/v2.1/servers/36d4c8b2-cf02-4b04-aa4a-fb17ad78fc76 0.304s
2025-11-22 00:35:54.049 66641 INFO tempest.lib.common.rest_client [req-b434099d-3218-4295-8b1f-869ebd0cc87b req-b434099d-3218-4295-8b1f-869ebd0cc87b ] Request (ServerActionsTestOtherA:test_rebuild_server_with_volume_attached): 200 GET http://10.180.1.21/compute/v2.1/servers/d2716138-830f-44cf-86da-e74007392e95 0.295s
2025-11-22 00:35:54.087 66615 INFO tempest.lib.common.rest_client [req-603ef897-cd09-4b66-a3f4-b26ed05bfbd8 req-603ef897-cd09-4b66-a3f4-b26ed05bfbd8 ] Request (ImagesTestJSON:test_create_image_from_suspended_server): 200 GET http://10.180.1.21/compute/v2.1/servers/fcab72b3-b7d6-4ba0-8770-5dcb2b77115e 0.301s
2025-11-22 00:35:54.102 66611 INFO tempest.lib.common.rest_client [req-5027100d-106c-4e62-8a17-2de096e74b1d req-5027100d-106c-4e62-8a17-2de096e74b1d ] Request (ServerDiskConfigTestJSON:test_rebuild_server_with_manual_disk_config): 200 GET http://10.180.1.21/compute/v2.1/servers/ab36aba0-919a-48fa-99ee-a5e3833ad3fe 0.267s
2025-11-22 00:35:54.146 66667 INFO tempest.lib.common.rest_client [req-6be56aaa-1b15-49de-a7d1-04269f39d7ad req-6be56aaa-1b15-49de-a7d1-04269f39d7ad ] Request (ServersAaction247Test:test_create_backup): 200 GET http://10.180.1.21/compute/v2.1/servers/c623871a-81d8-41d5-bd10-9cfe12bba842 0.301s
2025-11-22 00:35:54.164 66660 INFO tempest.lib.common.rest_client [req-9bd6ee76-e208-4407-87d1-151e9fc8a46f req-9bd6ee76-e208-4407-87d1-151e9fc8a46f ] Request (ServerGroupTestJSON:_run_cleanups): 200 GET http://10.180.1.21/compute/v2.1/servers/5b6f97e3-43e1-45a2-ae5e-233f0b1ba4e4 0.272s
2025-11-22 00:35:54.199 66649 INFO tempest.lib.common.rest_client [req-6aa2fd6e-a476-4e41-9562-e6b686ab898c req-6aa2fd6e-a476-4e41-9562-e6b686ab898c ] Request (ListServersNegativeTestJSON:setUpClass): 200 GET http://10.180.1.21/compute/v2.1/servers/25fa5c96-d526-4c42-b447-365882281244 0.304s
2025-11-22 00:35:54.224 66613 INFO tempest.lib.common.rest_client [req-125a3119-81a8-4d2b-b5e2-76a0c1282bad req-125a3119-81a8-4d2b-b5e2-76a0c1282bad ] Request (ServersAdminTestJSON:tearDownClass): 200 GET http://10.180.1.21/compute/v2.1/servers/0082ba28-7fa4-4872-bc5d-c9bae7cd6f43 0.276s
2025-11-22 00:35:54.251 66619 INFO tempest.lib.common.rest_client [req-6bd89e3b-f391-453e-8706-724829e6c9cc req-6bd89e3b-f391-453e-8706-724829e6c9cc ] Request (ServersTestJSON:setUpClass): 200 GET http://10.180.1.21/compute/v2.1/servers/d9612cfc-3174-4a52-bafc-48988f3f6a07 0.287s
2025-11-22 00:35:54.318 66625 INFO tempest.lib.common.rest_client [req-500d28e7-5ea6-4671-bce2-fcebedb51b6a req-500d28e7-5ea6-4671-bce2-fcebedb51b6a ] Request (ServersNegativeTestMultiTenantJSON:setUpClass): 200 GET http://10.180.1.21/compute/v2.1/servers/ab44c963-4841-40f9-9057-c4d7771bd873 0.050s
2025-11-22 00:35:54.357 66655 INFO tempest.lib.common.rest_client [req-b528960a-93f3-4d08-862c-c73d229c3ac7 req-b528960a-93f3-4d08-862c-c73d229c3ac7 ] Request (AttachInterfacesV270Test:test_create_get_list_interfaces): 200 GET http://10.180.1.21/compute/v2.1/servers/4d6a4ac9-ab10-4767-84fe-1399b8a072d5 0.099s
2025-11-22 00:35:54.417 66607 INFO tempest.lib.common.rest_client [req-7fcba9a2-390d-4b74-ae39-6595df07b74d req-7fcba9a2-390d-4b74-ae39-6595df07b74d ] Request (ServersListShow298Test:tearDownClass): 200 GET http://10.180.1.21/compute/v2.1/servers/71e8b57e-72d8-437e-91d6-ca4c2cac9377 0.067s
2025-11-22 00:35:54.462 66651 INFO tempest.lib.common.rest_client [req-58371691-e472-49ec-9432-450070623e06 req-58371691-e472-49ec-9432-450070623e06 ] Request (AttachVolumeNegativeTest:test_attach_attached_volume_to_different_server): 200 GET http://10.180.1.21/compute/v2.1/servers/706e02ee-d1b9-40cc-bfbb-53fa0a478cca 0.061s
2025-11-22 00:35:54.718 66653 INFO tempest.lib.common.rest_client [req-ae6cffb6-fe60-478b-9778-686e5f0af1ce req-ae6cffb6-fe60-478b-9778-686e5f0af1ce ] Request (ServerMetadataTestJSON:tearDownClass): 200 GET http://10.180.1.21/compute/v2.1/servers/8f4ee749-488c-4b68-8beb-1dbc29c2bea3 0.063s
2025-11-22 00:35:54.741 66633 INFO tempest.lib.common.rest_client [req-19640e1c-0d97-4026-a09c-590b3c3ac92c req-19640e1c-0d97-4026-a09c-590b3c3ac92c ] Request (MigrationsAdminTest:test_resize_server_revert_deleted_flavor): 200 GET http://10.180.1.21/compute/v2.1/servers/8d859fa6-7772-4899-8d3a-be75805b7f2f 0.114s
2025-11-22 00:35:54.748 66633 INFO tempest.common.waiters [-] State transition "RESIZE/resize_prep" ==> "RESIZE/resize_migrating" after 41 second wait
2025-11-22 00:35:54.817 66631 INFO tempest.lib.common.rest_client [req-ab911293-49d0-4514-ac82-e6c8f425bb6b req-ab911293-49d0-4514-ac82-e6c8f425bb6b ] Request (ServersTestManualDisk:tearDownClass): 200 GET http://10.180.1.21/compute/v2.1/servers/382e2934-9ec1-4647-bc93-f7f6b2c02885 0.064s
2025-11-22 00:35:54.886 66669 INFO tempest.lib.common.rest_client [req-1b0686ba-d7fe-4cab-bdfe-a600daf729ae req-1b0686ba-d7fe-4cab-bdfe-a600daf729ae ] Request (MultipleCreateTestJSON:test_multiple_create): 200 GET http://10.180.1.21/compute/v2.1/servers/a0e00acd-e019-4228-a74c-72db1b021ec1 0.104s
2025-11-22 00:35:54.895 66639 INFO tempest.lib.common.rest_client [req-5e70a08e-9b5a-47a4-b806-e4abc9f1071c req-5e70a08e-9b5a-47a4-b806-e4abc9f1071c ] Request (FloatingIPsAssociationTestJSON:tearDownClass): 200 GET http://10.180.1.21/compute/v2.1/servers/5d1a7fa8-0c77-4e29-b2e2-49a04c355eee 0.064s
2025-11-22 00:35:54.993 66643 INFO tempest.lib.common.rest_client [req-47251def-b689-49e0-947d-5c38d7ab3af6 req-47251def-b689-49e0-947d-5c38d7ab3af6 ] Request (InstanceActionsV221TestJSON:test_get_list_deleted_instance_actions): 200 GET http://10.180.1.21/compute/v2.1/servers/4a6214d2-1b40-491f-9f74-5829e78ac0eb 0.077s
2025-11-22 00:35:55.047 66645 INFO tempest.lib.common.rest_client [req-6d1e73ab-f1fb-45a3-9e33-98df3efc61d0 req-6d1e73ab-f1fb-45a3-9e33-98df3efc61d0 ] Request (ImagesOneServerNegativeTestJSON:_run_cleanups): 200 GET http://10.180.1.21/compute/v2.1/servers/e170ef19-c842-4a46-b033-d29c40887ed9 0.075s
2025-11-22 00:35:55.098 66635 INFO tempest.lib.common.rest_client [req-e322633a-2916-4685-9c61-24aff0a80c97 req-e322633a-2916-4685-9c61-24aff0a80c97 ] Request (ListImageFiltersTestJSON:setUpClass): 200 GET http://10.180.1.21/compute/v2.1/servers/cfd4609c-6369-4195-98b8-d3a2d7bff9a0 0.099s
2025-11-22 00:35:55.104 66623 INFO tempest.lib.common.rest_client [req-67d472e1-2bc2-4bc4-b062-ba7d1caeee23 req-67d472e1-2bc2-4bc4-b062-ba7d1caeee23 ] Request (ServersNegativeTestJSON:test_shelve_shelved_server): 200 GET http://10.180.1.21/compute/v2.1/servers/79cf2e95-2bbe-42e2-8d44-c592189bcdfc 0.160s
2025-11-22 00:35:55.116 66623 INFO tempest.common.waiters [-] State transition "ACTIVE/shelving_image_pending_upload" ==> "ACTIVE/shelving_image_uploading" after 4 second wait
2025-11-22 00:35:55.157 66641 INFO tempest.lib.common.rest_client [req-cbf6f1a4-8ca5-4955-8c3c-e56b52324795 req-cbf6f1a4-8ca5-4955-8c3c-e56b52324795 ] Request (ServerActionsTestOtherA:test_rebuild_server_with_volume_attached): 200 GET http://10.180.1.21/compute/v2.1/servers/d2716138-830f-44cf-86da-e74007392e95 0.100s
2025-11-22 00:35:55.161 66609 INFO tempest.lib.common.rest_client [req-3831f88c-ef9e-4d5d-b352-83cd00cade89 req-3831f88c-ef9e-4d5d-b352-83cd00cade89 ] Request (ServersAdminNegativeTestJSON:tearDownClass): 200 GET http://10.180.1.21/compute/v2.1/servers/36d4c8b2-cf02-4b04-aa4a-fb17ad78fc76 0.125s
2025-11-22 00:35:55.206 66615 INFO tempest.lib.common.rest_client [req-9a643ebf-42eb-4e6f-950b-e7d59fa2632e req-9a643ebf-42eb-4e6f-950b-e7d59fa2632e ] Request (ImagesTestJSON:test_create_image_from_suspended_server): 200 GET http://10.180.1.21/compute/v2.1/servers/fcab72b3-b7d6-4ba0-8770-5dcb2b77115e 0.111s
2025-11-22 00:35:55.221 66611 INFO tempest.lib.common.rest_client [req-847a3bd8-7a6b-4543-8a13-132cc92177cf req-847a3bd8-7a6b-4543-8a13-132cc92177cf ] Request (ServerDiskConfigTestJSON:test_rebuild_server_with_manual_disk_config): 200 GET http://10.180.1.21/compute/v2.1/servers/ab36aba0-919a-48fa-99ee-a5e3833ad3fe 0.111s
2025-11-22 00:35:55.257 66667 INFO tempest.lib.common.rest_client [req-c0248893-957b-4141-acad-3396bc85a4e3 req-c0248893-957b-4141-acad-3396bc85a4e3 ] Request (ServersAaction247Test:test_create_backup): 200 GET http://10.180.1.21/compute/v2.1/servers/c623871a-81d8-41d5-bd10-9cfe12bba842 0.101s
2025-11-22 00:35:55.278 66660 INFO tempest.lib.common.rest_client [req-e8f80451-5d39-4dd2-b233-ebbded70c170 req-e8f80451-5d39-4dd2-b233-ebbded70c170 ] Request (ServerGroupTestJSON:_run_cleanups): 200 GET http://10.180.1.21/compute/v2.1/servers/5b6f97e3-43e1-45a2-ae5e-233f0b1ba4e4 0.104s
2025-11-22 00:35:55.303 66649 INFO tempest.lib.common.rest_client [req-6505de93-ed07-4879-ba36-f48999f0e8d8 req-6505de93-ed07-4879-ba36-f48999f0e8d8 ] Request (ListServersNegativeTestJSON:setUpClass): 200 GET http://10.180.1.21/compute/v2.1/servers/25fa5c96-d526-4c42-b447-365882281244 0.096s
2025-11-22 00:35:55.328 66613 INFO tempest.lib.common.rest_client [req-02a922b6-26b7-4547-b971-76e9c900d036 req-02a922b6-26b7-4547-b971-76e9c900d036 ] Request (ServersAdminTestJSON:tearDownClass): 200 GET http://10.180.1.21/compute/v2.1/servers/0082ba28-7fa4-4872-bc5d-c9bae7cd6f43 0.095s
2025-11-22 00:35:55.354 66619 INFO tempest.lib.common.rest_client [req-c454f72c-0bdd-4a8e-9a9e-38bc5c214fd8 req-c454f72c-0bdd-4a8e-9a9e-38bc5c214fd8 ] Request (ServersTestJSON:setUpClass): 200 GET http://10.180.1.21/compute/v2.1/servers/d9612cfc-3174-4a52-bafc-48988f3f6a07 0.097s
2025-11-22 00:35:55.361 66619 INFO tempest.common.waiters [-] State transition "BUILD/None" ==> "BUILD/networking" after 44 second wait
2025-11-22 00:35:55.374 66625 INFO tempest.lib.common.rest_client [req-adf0f67c-f691-4204-b3b2-9c7215aa6c06 req-adf0f67c-f691-4204-b3b2-9c7215aa6c06 ] Request (ServersNegativeTestMultiTenantJSON:setUpClass): 200 GET http://10.180.1.21/compute/v2.1/servers/ab44c963-4841-40f9-9057-c4d7771bd873 0.048s
2025-11-22 00:35:55.488 66655 INFO tempest.lib.common.rest_client [req-9cf3c60e-929b-4111-93d7-ae9628060142 req-9cf3c60e-929b-4111-93d7-ae9628060142 ] Request (AttachInterfacesV270Test:test_create_get_list_interfaces): 200 GET http://10.180.1.21/compute/v2.1/servers/4d6a4ac9-ab10-4767-84fe-1399b8a072d5 0.120s
2025-11-22 00:35:55.497 66655 INFO tempest.common.waiters [-] State transition "BUILD/spawning" ==> "ACTIVE/None" after 45 second wait
2025-11-22 00:35:55.528 66607 INFO tempest.lib.common.rest_client [req-208f7c4a-809b-4af6-bf8a-0d408e35465e req-208f7c4a-809b-4af6-bf8a-0d408e35465e ] Request (ServersListShow298Test:tearDownClass): 200 GET http://10.180.1.21/compute/v2.1/servers/71e8b57e-72d8-437e-91d6-ca4c2cac9377 0.097s
2025-11-22 00:35:55.554 66661 INFO paramiko.transport [-] Connected (version 2.0, client dropbear_2020.81)
2025-11-22 00:35:55.564 66651 INFO tempest.lib.common.rest_client [req-88b95aa3-7499-48a5-abed-3421833a66e3 req-88b95aa3-7499-48a5-abed-3421833a66e3 ] Request (AttachVolumeNegativeTest:test_attach_attached_volume_to_different_server): 200 GET http://10.180.1.21/compute/v2.1/servers/706e02ee-d1b9-40cc-bfbb-53fa0a478cca 0.093s
2025-11-22 00:35:55.662 66661 INFO paramiko.transport [-] Authentication (publickey) successful!
2025-11-22 00:35:55.662 66661 INFO tempest.lib.common.ssh [-] ssh connection to cirros@10.180.180.162 successfully created
2025-11-22 00:35:57.324 66661 INFO tempest.lib.common.rest_client [req-df990f01-0816-4120-b67e-2595daf9e4b2 req-df990f01-0816-4120-b67e-2595daf9e4b2 ] Request (VolumesAssistedSnapshotsTest:test_volume_assisted_snapshot_create_delete): 200 POST http://10.180.1.21/compute/v2.1/servers/a97ef002-ffed-4d29-8e65-505a5596a7d7/os-volume_attachments 1.661s
2025-11-22 00:35:57.347 66653 INFO tempest.lib.common.rest_client [req-c1b0ad94-b118-4ed3-ac5e-ffc43f42e734 req-c1b0ad94-b118-4ed3-ac5e-ffc43f42e734 ] Request (ServerMetadataTestJSON:tearDownClass): 404 GET http://10.180.1.21/compute/v2.1/servers/8f4ee749-488c-4b68-8beb-1dbc29c2bea3 1.621s
2025-11-22 00:35:57.360 66661 INFO tempest.lib.common.rest_client [req-c4973be6-ef4f-4b9d-8494-cb6fcf7e1609 req-c4973be6-ef4f-4b9d-8494-cb6fcf7e1609 ] Request (VolumesAssistedSnapshotsTest:test_volume_assisted_snapshot_create_delete): 200 GET http://10.180.1.21/volume/v3/volumes/1380464f-60c6-4094-a894-1cac1b6b0a1e 0.035s
2025-11-22 00:35:57.559 66633 INFO tempest.lib.common.rest_client [req-9f7f40f5-82e4-41f4-9f60-7971f9bc0905 req-9f7f40f5-82e4-41f4-9f60-7971f9bc0905 ] Request (MigrationsAdminTest:test_resize_server_revert_deleted_flavor): 200 GET http://10.180.1.21/compute/v2.1/servers/8d859fa6-7772-4899-8d3a-be75805b7f2f 1.811s
2025-11-22 00:35:57.641 66631 INFO tempest.lib.common.rest_client [req-9dd6ff3f-e1be-4a8e-9442-b90f4d72ad9e req-9dd6ff3f-e1be-4a8e-9442-b90f4d72ad9e ] Request (ServersTestManualDisk:tearDownClass): 200 GET http://10.180.1.21/compute/v2.1/servers/382e2934-9ec1-4647-bc93-f7f6b2c02885 1.816s
2025-11-22 00:35:57.700 66627 WARNING tempest.lib.common.ssh [-] Failed to establish authenticated ssh connection to cirros@10.180.180.215 ([Errno None] Unable to connect to port 22 on 10.180.180.215). Number attempts: 1. Retry after 2 seconds.: paramiko.ssh_exception.NoValidConnectionsError: [Errno None] Unable to connect to port 22 on 10.180.180.215
2025-11-22 00:35:57.790 66669 INFO tempest.lib.common.rest_client [req-1be0b0f4-9d21-47e3-a16c-d45bee468fa9 req-1be0b0f4-9d21-47e3-a16c-d45bee468fa9 ] Request (MultipleCreateTestJSON:test_multiple_create): 200 GET http://10.180.1.21/compute/v2.1/servers/a0e00acd-e019-4228-a74c-72db1b021ec1 1.894s
2025-11-22 00:35:57.813 66639 INFO tempest.lib.common.rest_client [req-cbbacfe1-7236-4d7d-bd3b-71fa32140322 req-cbbacfe1-7236-4d7d-bd3b-71fa32140322 ] Request (FloatingIPsAssociationTestJSON:tearDownClass): 404 GET http://10.180.1.21/compute/v2.1/servers/5d1a7fa8-0c77-4e29-b2e2-49a04c355eee 1.909s
2025-11-22 00:35:57.901 66643 INFO tempest.lib.common.rest_client [req-d284fb22-c092-432a-a0b5-0583c2cb9a44 req-d284fb22-c092-432a-a0b5-0583c2cb9a44 ] Request (InstanceActionsV221TestJSON:test_get_list_deleted_instance_actions): 200 GET http://10.180.1.21/compute/v2.1/servers/4a6214d2-1b40-491f-9f74-5829e78ac0eb 1.898s
2025-11-22 00:35:57.971 66645 INFO tempest.lib.common.rest_client [req-102acb3d-d3fd-4e0c-b0e5-762c5bdc0e54 req-102acb3d-d3fd-4e0c-b0e5-762c5bdc0e54 ] Request (ImagesOneServerNegativeTestJSON:_run_cleanups): 200 GET http://10.180.1.21/compute/v2.1/servers/e170ef19-c842-4a46-b033-d29c40887ed9 1.915s
2025-11-22 00:35:58.033 66635 INFO tempest.lib.common.rest_client [req-67a8541f-b17d-42d0-9e74-0a2574ec4c82 req-67a8541f-b17d-42d0-9e74-0a2574ec4c82 ] Request (ListImageFiltersTestJSON:setUpClass): 200 GET http://10.180.1.21/compute/v2.1/servers/cfd4609c-6369-4195-98b8-d3a2d7bff9a0 1.928s
2025-11-22 00:35:58.080 66655 INFO tempest.lib.common.rest_client [req-1cc49ea4-b86e-4dbd-bf7a-b6430f92dd79 req-1cc49ea4-b86e-4dbd-bf7a-b6430f92dd79 ] Request (AttachInterfacesV270Test:test_create_get_list_interfaces): 400 POST http://10.180.1.21/compute/v2.1/servers/4d6a4ac9-ab10-4767-84fe-1399b8a072d5/os-interface 2.582s
2025-11-22 00:35:58.148 66665 WARNING tempest.lib.common.ssh [-] Failed to establish authenticated ssh connection to cirros@10.180.180.187 ([Errno None] Unable to connect to port 22 on 10.180.180.187). Number attempts: 4. Retry after 5 seconds.: paramiko.ssh_exception.NoValidConnectionsError: [Errno None] Unable to connect to port 22 on 10.180.180.187
2025-11-22 00:35:58.160 66623 INFO tempest.lib.common.rest_client [req-35e2c5e8-371a-44fd-ae18-49f161835c21 req-35e2c5e8-371a-44fd-ae18-49f161835c21 ] Request (ServersNegativeTestJSON:test_shelve_shelved_server): 200 GET http://10.180.1.21/compute/v2.1/servers/79cf2e95-2bbe-42e2-8d44-c592189bcdfc 2.043s
2025-11-22 00:35:58.180 66641 INFO tempest.lib.common.rest_client [req-6ff3916b-bfbf-4577-ab2d-6b30dea9a06f req-6ff3916b-bfbf-4577-ab2d-6b30dea9a06f ] Request (ServerActionsTestOtherA:test_rebuild_server_with_volume_attached): 200 GET http://10.180.1.21/compute/v2.1/servers/d2716138-830f-44cf-86da-e74007392e95 2.013s
2025-11-22 00:35:58.240 66609 INFO tempest.lib.common.rest_client [req-601de06d-7d4a-4727-8a8b-b9b92753fad5 req-601de06d-7d4a-4727-8a8b-b9b92753fad5 ] Request (ServersAdminNegativeTestJSON:tearDownClass): 200 GET http://10.180.1.21/compute/v2.1/servers/36d4c8b2-cf02-4b04-aa4a-fb17ad78fc76 2.071s
2025-11-22 00:35:58.254 66615 INFO tempest.lib.common.rest_client [req-31f76a22-9f38-4a4a-a9ab-6463f5560ac7 req-31f76a22-9f38-4a4a-a9ab-6463f5560ac7 ] Request (ImagesTestJSON:test_create_image_from_suspended_server): 200 GET http://10.180.1.21/compute/v2.1/servers/fcab72b3-b7d6-4ba0-8770-5dcb2b77115e 2.040s
2025-11-22 00:35:58.321 66611 INFO tempest.lib.common.rest_client [req-596ebb61-7d36-4e65-bb64-ba27a58261ad req-596ebb61-7d36-4e65-bb64-ba27a58261ad ] Request (ServerDiskConfigTestJSON:test_rebuild_server_with_manual_disk_config): 200 GET http://10.180.1.21/compute/v2.1/servers/ab36aba0-919a-48fa-99ee-a5e3833ad3fe 2.092s
2025-11-22 00:35:58.339 66667 INFO tempest.lib.common.rest_client [req-6b82de32-ac90-4bb7-b7cc-f9ac56d832bc req-6b82de32-ac90-4bb7-b7cc-f9ac56d832bc ] Request (ServersAaction247Test:test_create_backup): 200 GET http://10.180.1.21/compute/v2.1/servers/c623871a-81d8-41d5-bd10-9cfe12bba842 2.072s
2025-11-22 00:35:58.348 66653 INFO tempest.lib.common.rest_client [req-8162e1f9-d084-4029-a0ee-637d40255196 req-8162e1f9-d084-4029-a0ee-637d40255196 ] Request (ServerMetadataTestJSON:tearDownClass): 200 PUT http://10.180.1.21/networking/v2.0/routers/a343b394-4307-4fd0-a515-5e0cc9fa4cd6/remove_router_interface 1.000s
2025-11-22 00:35:58.351 66667 INFO tempest.common.waiters [-] State transition "BUILD/None" ==> "BUILD/networking" after 45 second wait
2025-11-22 00:35:58.407 66649 INFO tempest.lib.common.rest_client [req-f8a1b8a7-9ced-453a-95cd-6a6e45fecd7b req-f8a1b8a7-9ced-453a-95cd-6a6e45fecd7b ] Request (ListServersNegativeTestJSON:setUpClass): 200 GET http://10.180.1.21/compute/v2.1/servers/25fa5c96-d526-4c42-b447-365882281244 2.096s
2025-11-22 00:35:58.416 66661 INFO tempest.lib.common.rest_client [req-3f5d0cec-f0fe-4e5d-84bf-e52bd90c657c req-3f5d0cec-f0fe-4e5d-84bf-e52bd90c657c ] Request (VolumesAssistedSnapshotsTest:test_volume_assisted_snapshot_create_delete): 200 GET http://10.180.1.21/volume/v3/volumes/1380464f-60c6-4094-a894-1cac1b6b0a1e 0.046s
2025-11-22 00:35:58.421 66660 INFO tempest.lib.common.rest_client [req-f3349fe9-6b2e-469b-ba48-65cbad04577b req-f3349fe9-6b2e-469b-ba48-65cbad04577b ] Request (ServerGroupTestJSON:_run_cleanups): 200 GET http://10.180.1.21/compute/v2.1/servers/5b6f97e3-43e1-45a2-ae5e-233f0b1ba4e4 2.135s
2025-11-22 00:35:58.576 66613 INFO tempest.lib.common.rest_client [req-69e016f4-89b9-46bc-9916-b176b24e8441 req-69e016f4-89b9-46bc-9916-b176b24e8441 ] Request (ServersAdminTestJSON:tearDownClass): 200 GET http://10.180.1.21/compute/v2.1/servers/0082ba28-7fa4-4872-bc5d-c9bae7cd6f43 2.240s
2025-11-22 00:35:58.636 66619 INFO tempest.lib.common.rest_client [req-efb0fb9e-4beb-4fe2-a1b0-f78156166ed2 req-efb0fb9e-4beb-4fe2-a1b0-f78156166ed2 ] Request (ServersTestJSON:setUpClass): 200 GET http://10.180.1.21/compute/v2.1/servers/d9612cfc-3174-4a52-bafc-48988f3f6a07 2.273s
2025-11-22 00:35:58.646 66619 INFO tempest.common.waiters [-] State transition "BUILD/networking" ==> "BUILD/spawning" after 47 second wait
2025-11-22 00:35:58.719 66625 INFO tempest.lib.common.rest_client [req-59e93ed6-a571-48db-b96e-14a948ac8e3a req-59e93ed6-a571-48db-b96e-14a948ac8e3a ] Request (ServersNegativeTestMultiTenantJSON:setUpClass): 200 GET http://10.180.1.21/compute/v2.1/servers/ab44c963-4841-40f9-9057-c4d7771bd873 2.336s
2025-11-22 00:35:58.790 66607 INFO tempest.lib.common.rest_client [req-3d6caf5d-e721-4abf-abcc-d46ffaab8187 req-3d6caf5d-e721-4abf-abcc-d46ffaab8187 ] Request (ServersListShow298Test:tearDownClass): 200 GET http://10.180.1.21/compute/v2.1/servers/71e8b57e-72d8-437e-91d6-ca4c2cac9377 2.249s
2025-11-22 00:35:58.810 66607 INFO tempest.common.waiters [-] State transition "ACTIVE/deleting" ==> "DELETED/None" after 6 second wait
2025-11-22 00:35:58.810 66651 INFO tempest.lib.common.rest_client [req-2ad5c48a-bf72-4e72-aba4-135a9375faa6 req-2ad5c48a-bf72-4e72-aba4-135a9375faa6 ] Request (AttachVolumeNegativeTest:test_attach_attached_volume_to_different_server): 200 GET http://10.180.1.21/compute/v2.1/servers/706e02ee-d1b9-40cc-bfbb-53fa0a478cca 2.238s
2025-11-22 00:35:58.936 66655 INFO tempest.lib.common.rest_client [req-8418fb7b-ff2f-4f24-b22a-b449119601e2 req-8418fb7b-ff2f-4f24-b22a-b449119601e2 ] Request (AttachInterfacesV270Test:tearDownClass): 204 DELETE http://10.180.1.21/compute/v2.1/servers/4d6a4ac9-ab10-4767-84fe-1399b8a072d5 0.854s
2025-11-22 00:35:59.016 66653 INFO tempest.lib.common.rest_client [req-82d16512-d5f2-4e26-ad4c-9cf432d85f30 req-82d16512-d5f2-4e26-ad4c-9cf432d85f30 ] Request (ServerMetadataTestJSON:tearDownClass): 204 DELETE http://10.180.1.21/networking/v2.0/routers/a343b394-4307-4fd0-a515-5e0cc9fa4cd6 0.667s
2025-11-22 00:35:59.148 66633 INFO tempest.lib.common.rest_client [req-baa34e53-d53d-4693-8898-38841d8b1448 req-baa34e53-d53d-4693-8898-38841d8b1448 ] Request (MigrationsAdminTest:test_resize_server_revert_deleted_flavor): 200 GET http://10.180.1.21/compute/v2.1/servers/8d859fa6-7772-4899-8d3a-be75805b7f2f 0.578s
2025-11-22 00:35:59.171 66653 INFO tempest.lib.common.rest_client [req-fe1077cf-ed57-434e-a09f-caffaada16a2 req-fe1077cf-ed57-434e-a09f-caffaada16a2 ] Request (ServerMetadataTestJSON:tearDownClass): 204 DELETE http://10.180.1.21/networking/v2.0/subnets/1f435713-1662-4742-9163-6b8473eb8c28 0.154s
2025-11-22 00:35:59.391 66639 INFO tempest.lib.common.rest_client [req-5414a011-35a9-41ee-8034-eff8bc6dd19f req-5414a011-35a9-41ee-8034-eff8bc6dd19f ] Request (FloatingIPsAssociationTestJSON:tearDownClass): 202 DELETE http://10.180.1.21/compute/v2.1/os-floating-ips/f09ffeb0-7498-40a3-9021-676bd789b79a 1.578s
2025-11-22 00:35:59.437 66631 INFO tempest.lib.common.rest_client [req-926552c8-9783-49c7-bf20-79140b824e2d req-926552c8-9783-49c7-bf20-79140b824e2d ] Request (ServersTestManualDisk:tearDownClass): 200 GET http://10.180.1.21/compute/v2.1/servers/382e2934-9ec1-4647-bc93-f7f6b2c02885 0.783s
2025-11-22 00:35:59.490 66661 INFO tempest.lib.common.rest_client [req-87bae323-0a71-401b-ade4-c243038cb390 req-87bae323-0a71-401b-ade4-c243038cb390 ] Request (VolumesAssistedSnapshotsTest:test_volume_assisted_snapshot_create_delete): 200 GET http://10.180.1.21/volume/v3/volumes/1380464f-60c6-4094-a894-1cac1b6b0a1e 0.060s
2025-11-22 00:35:59.505 66653 INFO tempest.lib.common.rest_client [req-e6a697d9-5a0c-41b1-b1a0-77cfe4016b14 req-e6a697d9-5a0c-41b1-b1a0-77cfe4016b14 ] Request (ServerMetadataTestJSON:tearDownClass): 204 DELETE http://10.180.1.21/networking/v2.0/networks/9892b123-77b9-4fcf-aeb7-7dd78e4594e8 0.333s
2025-11-22 00:35:59.534 66643 INFO tempest.lib.common.rest_client [req-c5f810fa-220c-41a0-80bf-c2e5aeed4712 req-c5f810fa-220c-41a0-80bf-c2e5aeed4712 ] Request (InstanceActionsV221TestJSON:test_get_list_deleted_instance_actions): 200 GET http://10.180.1.21/compute/v2.1/servers/4a6214d2-1b40-491f-9f74-5829e78ac0eb 0.624s
2025-11-22 00:35:59.627 66669 INFO tempest.lib.common.rest_client [req-697fcc04-d6cc-4628-9b5d-662ad3ae1307 req-697fcc04-d6cc-4628-9b5d-662ad3ae1307 ] Request (MultipleCreateTestJSON:test_multiple_create): 200 GET http://10.180.1.21/compute/v2.1/servers/a0e00acd-e019-4228-a74c-72db1b021ec1 0.829s
2025-11-22 00:35:59.641 66669 INFO tempest.common.waiters [-] State transition "BUILD/spawning" ==> "ACTIVE/None" after 47 second wait
2025-11-22 00:35:59.671 66653 INFO tempest.lib.common.rest_client [req-af80c565-ec35-44aa-9257-fe190dd4b55f req-af80c565-ec35-44aa-9257-fe190dd4b55f ] Request (ServerMetadataTestJSON:tearDownClass): 204 DELETE http://10.180.1.21/identity/v3/users/e7379989b80f4197a85cfc97aed4efe8 0.165s
2025-11-22 00:35:59.671 66653 INFO tempest.lib.common.dynamic_creds [-] Deleting project and security group for project: 605bbb3ed4f549e594aa117b961776f9
2025-11-22 00:35:59.706 66645 INFO tempest.lib.common.rest_client [req-08a9f5a7-6484-49a7-92fd-a08bb2d9476d req-08a9f5a7-6484-49a7-92fd-a08bb2d9476d ] Request (ImagesOneServerNegativeTestJSON:_run_cleanups): 200 GET http://10.180.1.21/compute/v2.1/servers/e170ef19-c842-4a46-b033-d29c40887ed9 0.726s
2025-11-22 00:35:59.713 66653 INFO tempest.lib.common.rest_client [req-9f963fc7-323e-453a-9859-5bb6f6ac33d0 req-9f963fc7-323e-453a-9859-5bb6f6ac33d0 ] Request (ServerMetadataTestJSON:tearDownClass): 200 GET http://10.180.1.21/networking/v2.0/security-groups?tenant_id=605bbb3ed4f549e594aa117b961776f9&name=default 0.042s
2025-11-22 00:35:59.741 66655 INFO tempest.lib.common.rest_client [req-e8794d9d-3bbf-43dc-a193-691c7c699aa9 req-e8794d9d-3bbf-43dc-a193-691c7c699aa9 ] Request (AttachInterfacesV270Test:tearDownClass): 200 GET http://10.180.1.21/compute/v2.1/servers/4d6a4ac9-ab10-4767-84fe-1399b8a072d5 0.804s
2025-11-22 00:35:59.777 66635 INFO tempest.lib.common.rest_client [req-a3abfde1-2592-4189-85bc-893de355d68f req-a3abfde1-2592-4189-85bc-893de355d68f ] Request (ListImageFiltersTestJSON:setUpClass): 200 GET http://10.180.1.21/compute/v2.1/servers/cfd4609c-6369-4195-98b8-d3a2d7bff9a0 0.735s
2025-11-22 00:35:59.790 66635 INFO tempest.common.waiters [-] State transition "BUILD/scheduling" ==> "BUILD/None" after 30 second wait
2025-11-22 00:35:59.839 66653 INFO tempest.lib.common.rest_client [req-340c85fb-cdaa-48fb-beab-89b98dae66a5 req-340c85fb-cdaa-48fb-beab-89b98dae66a5 ] Request (ServerMetadataTestJSON:tearDownClass): 204 DELETE http://10.180.1.21/networking/v2.0/security-groups/537b70fb-6671-4667-8302-800e70248c58 0.125s
2025-11-22 00:35:59.866 66641 INFO tempest.lib.common.rest_client [req-ce48d279-430f-497b-b699-4f3df75a70f4 req-ce48d279-430f-497b-b699-4f3df75a70f4 ] Request (ServerActionsTestOtherA:test_rebuild_server_with_volume_attached): 200 GET http://10.180.1.21/compute/v2.1/servers/d2716138-830f-44cf-86da-e74007392e95 0.674s
2025-11-22 00:35:59.912 66623 INFO tempest.lib.common.rest_client [req-b704f417-6c25-4f54-83da-0dfd6309a473 req-b704f417-6c25-4f54-83da-0dfd6309a473 ] Request (ServersNegativeTestJSON:test_shelve_shelved_server): 200 GET http://10.180.1.21/compute/v2.1/servers/79cf2e95-2bbe-42e2-8d44-c592189bcdfc 0.740s
2025-11-22 00:35:59.946 66609 INFO tempest.lib.common.rest_client [req-cb33c1ab-6030-4f7b-8ae4-9279171a5bb6 req-cb33c1ab-6030-4f7b-8ae4-9279171a5bb6 ] Request (ServersAdminNegativeTestJSON:tearDownClass): 200 GET http://10.180.1.21/compute/v2.1/servers/36d4c8b2-cf02-4b04-aa4a-fb17ad78fc76 0.694s
2025-11-22 00:35:59.963 66653 INFO tempest.lib.common.rest_client [req-8078919c-812e-4b38-8704-c3d216e9603e req-8078919c-812e-4b38-8704-c3d216e9603e ] Request (ServerMetadataTestJSON:tearDownClass): 204 DELETE http://10.180.1.21/identity/v3/projects/605bbb3ed4f549e594aa117b961776f9 0.124s
2025-11-22 00:35:59.965 66653 INFO tempest.test [-] raised in AttachVolumeMultiAttachTest.setUpClass. Invoking tearDownClass.
2025-11-22 00:35:59.987 66615 INFO tempest.lib.common.rest_client [req-7c2e6b75-add0-45bf-b2a0-b88f9c6876d4 req-7c2e6b75-add0-45bf-b2a0-b88f9c6876d4 ] Request (ImagesTestJSON:test_create_image_from_suspended_server): 200 GET http://10.180.1.21/compute/v2.1/servers/fcab72b3-b7d6-4ba0-8770-5dcb2b77115e 0.721s
2025-11-22 00:36:00.026 66611 INFO tempest.lib.common.rest_client [req-3b3b28bf-6e4d-4097-891f-62f984817bae req-3b3b28bf-6e4d-4097-891f-62f984817bae ] Request (ServerDiskConfigTestJSON:test_rebuild_server_with_manual_disk_config): 200 GET http://10.180.1.21/compute/v2.1/servers/ab36aba0-919a-48fa-99ee-a5e3833ad3fe 0.694s
2025-11-22 00:36:00.067 66667 INFO tempest.lib.common.rest_client [req-a371738d-773d-41da-a31a-a71778745752 req-a371738d-773d-41da-a31a-a71778745752 ] Request (ServersAaction247Test:test_create_backup): 200 GET http://10.180.1.21/compute/v2.1/servers/c623871a-81d8-41d5-bd10-9cfe12bba842 0.715s
2025-11-22 00:36:00.080 66667 INFO tempest.common.waiters [-] State transition "BUILD/networking" ==> "BUILD/spawning" after 47 second wait
2025-11-22 00:36:00.147 66649 INFO tempest.lib.common.rest_client [req-f97f1e24-8f1d-4dcd-aa8f-235f2edef91e req-f97f1e24-8f1d-4dcd-aa8f-235f2edef91e ] Request (ListServersNegativeTestJSON:setUpClass): 200 GET http://10.180.1.21/compute/v2.1/servers/25fa5c96-d526-4c42-b447-365882281244 0.729s
2025-11-22 00:36:00.166 66639 INFO tempest.lib.common.rest_client [req-48f6ebfa-2627-460b-9868-cebe4ff88fd5 req-48f6ebfa-2627-460b-9868-cebe4ff88fd5 ] Request (FloatingIPsAssociationTestJSON:tearDownClass): 204 DELETE http://10.180.1.21/compute/v2.1/servers/d9ec4161-e86d-4028-833a-00356f0e98c2 0.774s
2025-11-22 00:36:00.204 66627 WARNING tempest.lib.common.ssh [-] Failed to establish authenticated ssh connection to cirros@10.180.180.215 ([Errno None] Unable to connect to port 22 on 10.180.180.215). Number attempts: 2. Retry after 3 seconds.: paramiko.ssh_exception.NoValidConnectionsError: [Errno None] Unable to connect to port 22 on 10.180.180.215
2025-11-22 00:36:00.240 66660 INFO tempest.lib.common.rest_client [req-5bc51b2d-ca42-4db6-8896-2b89b979f574 req-5bc51b2d-ca42-4db6-8896-2b89b979f574 ] Request (ServerGroupTestJSON:_run_cleanups): 200 GET http://10.180.1.21/compute/v2.1/servers/5b6f97e3-43e1-45a2-ae5e-233f0b1ba4e4 0.805s
2025-11-22 00:36:00.251 66613 INFO tempest.lib.common.rest_client [req-80b610ba-0c42-453d-92ed-3f03b994197e req-80b610ba-0c42-453d-92ed-3f03b994197e ] Request (ServersAdminTestJSON:tearDownClass): 200 GET http://10.180.1.21/compute/v2.1/servers/0082ba28-7fa4-4872-bc5d-c9bae7cd6f43 0.661s
2025-11-22 00:36:00.368 66669 INFO tempest.lib.common.rest_client [req-f5c762d1-2c73-419f-a534-29c5051c9708 req-f5c762d1-2c73-419f-a534-29c5051c9708 ] Request (MultipleCreateTestJSON:test_multiple_create): 200 GET http://10.180.1.21/compute/v2.1/servers/296d2602-572f-4c8f-9bc5-94286ff9dec1 0.726s
2025-11-22 00:36:00.370 66619 INFO tempest.lib.common.rest_client [req-191f291f-7bce-4759-ae1c-3c296945027a req-191f291f-7bce-4759-ae1c-3c296945027a ] Request (ServersTestJSON:setUpClass): 200 GET http://10.180.1.21/compute/v2.1/servers/d9612cfc-3174-4a52-bafc-48988f3f6a07 0.722s
2025-11-22 00:36:00.425 66625 INFO tempest.lib.common.rest_client [req-b07a4ba5-4267-4a23-b6f9-c08eed433cf9 req-b07a4ba5-4267-4a23-b6f9-c08eed433cf9 ] Request (ServersNegativeTestMultiTenantJSON:setUpClass): 200 GET http://10.180.1.21/compute/v2.1/servers/ab44c963-4841-40f9-9057-c4d7771bd873 0.697s
2025-11-22 00:36:00.454 66607 INFO tempest.lib.common.rest_client [req-9178238c-7a54-45e7-b6bd-c4f42e94081c req-9178238c-7a54-45e7-b6bd-c4f42e94081c ] Request (ServersListShow298Test:tearDownClass): 200 GET http://10.180.1.21/compute/v2.1/servers/71e8b57e-72d8-437e-91d6-ca4c2cac9377 0.644s
2025-11-22 00:36:00.500 66651 INFO tempest.lib.common.rest_client [req-3ea60ba3-393f-4568-8c65-dab54e48c85c req-3ea60ba3-393f-4568-8c65-dab54e48c85c ] Request (AttachVolumeNegativeTest:test_attach_attached_volume_to_different_server): 200 GET http://10.180.1.21/compute/v2.1/servers/706e02ee-d1b9-40cc-bfbb-53fa0a478cca 0.680s
2025-11-22 00:36:00.534 66661 INFO tempest.lib.common.rest_client [req-f48433d4-1f3a-467b-aa95-104d9095567a req-f48433d4-1f3a-467b-aa95-104d9095567a ] Request (VolumesAssistedSnapshotsTest:test_volume_assisted_snapshot_create_delete): 200 GET http://10.180.1.21/volume/v3/volumes/1380464f-60c6-4094-a894-1cac1b6b0a1e 0.034s
2025-11-22 00:36:00.585 66633 INFO tempest.lib.common.rest_client [req-ddd3b5c1-e321-404b-8650-e7e39e969a49 req-ddd3b5c1-e321-404b-8650-e7e39e969a49 ] Request (MigrationsAdminTest:test_resize_server_revert_deleted_flavor): 200 GET http://10.180.1.21/compute/v2.1/servers/8d859fa6-7772-4899-8d3a-be75805b7f2f 0.423s
2025-11-22 00:36:00.712 66669 INFO tempest.lib.common.rest_client [req-ce35fc46-9647-4865-9597-3521e54dafc0 req-ce35fc46-9647-4865-9597-3521e54dafc0 ] Request (MultipleCreateTestJSON:_run_cleanups): 204 DELETE http://10.180.1.21/compute/v2.1/servers/296d2602-572f-4c8f-9bc5-94286ff9dec1 0.337s
2025-11-22 00:36:00.783 66631 INFO tempest.lib.common.rest_client [req-5337d10b-4bef-4f38-82f3-42954674de46 req-5337d10b-4bef-4f38-82f3-42954674de46 ] Request (ServersTestManualDisk:tearDownClass): 200 GET http://10.180.1.21/compute/v2.1/servers/382e2934-9ec1-4647-bc93-f7f6b2c02885 0.337s
2025-11-22 00:36:00.850 66643 INFO tempest.lib.common.rest_client [req-8f0b58d3-4858-487f-b42f-bb44ba1ee11a req-8f0b58d3-4858-487f-b42f-bb44ba1ee11a ] Request (InstanceActionsV221TestJSON:test_get_list_deleted_instance_actions): 200 GET http://10.180.1.21/compute/v2.1/servers/4a6214d2-1b40-491f-9f74-5829e78ac0eb 0.303s
2025-11-22 00:36:00.919 66669 INFO tempest.lib.common.rest_client [req-ef4cece5-fff3-4464-b7c5-88fd5234a573 req-ef4cece5-fff3-4464-b7c5-88fd5234a573 ] Request (MultipleCreateTestJSON:_run_cleanups): 204 DELETE http://10.180.1.21/compute/v2.1/servers/a0e00acd-e019-4228-a74c-72db1b021ec1 0.207s
2025-11-22 00:36:00.922 66639 INFO tempest.lib.common.rest_client [req-28d7dd97-eb85-41ff-b134-1c46c07a06c0 req-28d7dd97-eb85-41ff-b134-1c46c07a06c0 ] Request (FloatingIPsAssociationTestJSON:tearDownClass): 200 GET http://10.180.1.21/compute/v2.1/servers/d9ec4161-e86d-4028-833a-00356f0e98c2 0.755s
2025-11-22 00:36:00.974 66645 INFO tempest.lib.common.rest_client [req-8fd5621f-4dea-4477-a33d-836b14a96ebe req-8fd5621f-4dea-4477-a33d-836b14a96ebe ] Request (ImagesOneServerNegativeTestJSON:_run_cleanups): 200 GET http://10.180.1.21/compute/v2.1/servers/e170ef19-c842-4a46-b033-d29c40887ed9 0.259s
2025-11-22 00:36:00.981 66645 INFO tempest.common.waiters [-] State transition "BUILD/None" ==> "BUILD/networking" after 46 second wait
2025-11-22 00:36:01.027 66635 INFO tempest.lib.common.rest_client [req-92c670b7-5860-4ff8-a1b7-02fae9d3ca9d req-92c670b7-5860-4ff8-a1b7-02fae9d3ca9d ] Request (ListImageFiltersTestJSON:setUpClass): 200 GET http://10.180.1.21/compute/v2.1/servers/cfd4609c-6369-4195-98b8-d3a2d7bff9a0 0.234s
2025-11-22 00:36:01.047 66655 INFO tempest.lib.common.rest_client [req-ea4a9a8d-ffd7-4717-8adc-9261721bdc9a req-ea4a9a8d-ffd7-4717-8adc-9261721bdc9a ] Request (AttachInterfacesV270Test:tearDownClass): 200 GET http://10.180.1.21/compute/v2.1/servers/4d6a4ac9-ab10-4767-84fe-1399b8a072d5 0.295s
2025-11-22 00:36:01.098 66641 INFO tempest.lib.common.rest_client [req-22799e11-efd9-4c62-b82b-5f87045987b4 req-22799e11-efd9-4c62-b82b-5f87045987b4 ] Request (ServerActionsTestOtherA:test_rebuild_server_with_volume_attached): 200 GET http://10.180.1.21/compute/v2.1/servers/d2716138-830f-44cf-86da-e74007392e95 0.223s
2025-11-22 00:36:01.158 66669 INFO tempest.lib.common.rest_client [req-72a07bfd-f740-4ae5-8e4e-e877f07518fe req-72a07bfd-f740-4ae5-8e4e-e877f07518fe ] Request (MultipleCreateTestJSON:_run_cleanups): 200 GET http://10.180.1.21/compute/v2.1/servers/296d2602-572f-4c8f-9bc5-94286ff9dec1 0.238s
2025-11-22 00:36:01.181 66609 INFO tempest.lib.common.rest_client [req-d1cebf9c-9b4e-4c75-a224-35752d73664a req-d1cebf9c-9b4e-4c75-a224-35752d73664a ] Request (ServersAdminNegativeTestJSON:tearDownClass): 404 GET http://10.180.1.21/compute/v2.1/servers/36d4c8b2-cf02-4b04-aa4a-fb17ad78fc76 0.226s
2025-11-22 00:36:01.297 66623 INFO tempest.lib.common.rest_client [req-4d8c5036-193c-4fca-aa9c-5c831f8a715c req-4d8c5036-193c-4fca-aa9c-5c831f8a715c ] Request (ServersNegativeTestJSON:test_shelve_shelved_server): 200 GET http://10.180.1.21/compute/v2.1/servers/79cf2e95-2bbe-42e2-8d44-c592189bcdfc 0.375s
2025-11-22 00:36:01.311 66615 INFO tempest.lib.common.rest_client [req-bcd9bf66-54a4-4edd-bedb-042f35a101cf req-bcd9bf66-54a4-4edd-bedb-042f35a101cf ] Request (ImagesTestJSON:test_create_image_from_suspended_server): 200 GET http://10.180.1.21/compute/v2.1/servers/fcab72b3-b7d6-4ba0-8770-5dcb2b77115e 0.316s
2025-11-22 00:36:01.442 66609 INFO tempest.lib.common.rest_client [req-304300aa-43cb-41fe-a788-9e557c06f74b req-304300aa-43cb-41fe-a788-9e557c06f74b ] Request (ServersAdminNegativeTestJSON:tearDownClass): 204 DELETE http://10.180.1.21/identity/v3/users/ff75d134462d44cca0d314283ac357df 0.260s
2025-11-22 00:36:01.504 66611 INFO tempest.lib.common.rest_client [req-d3d44ffc-de46-4e18-b06c-eca8b698b18a req-d3d44ffc-de46-4e18-b06c-eca8b698b18a ] Request (ServerDiskConfigTestJSON:test_rebuild_server_with_manual_disk_config): 200 GET http://10.180.1.21/compute/v2.1/servers/ab36aba0-919a-48fa-99ee-a5e3833ad3fe 0.467s
2025-11-22 00:36:01.514 66667 INFO tempest.lib.common.rest_client [req-893d36c2-941c-4607-b09d-bf8daacaeaa1 req-893d36c2-941c-4607-b09d-bf8daacaeaa1 ] Request (ServersAaction247Test:test_create_backup): 200 GET http://10.180.1.21/compute/v2.1/servers/c623871a-81d8-41d5-bd10-9cfe12bba842 0.432s
2025-11-22 00:36:01.578 66649 INFO tempest.lib.common.rest_client [req-587c69d8-c0f2-4075-827f-75b79dd86f40 req-587c69d8-c0f2-4075-827f-75b79dd86f40 ] Request (ListServersNegativeTestJSON:setUpClass): 200 GET http://10.180.1.21/compute/v2.1/servers/25fa5c96-d526-4c42-b447-365882281244 0.419s
2025-11-22 00:36:01.589 66661 INFO tempest.lib.common.rest_client [req-6e1c4969-2bbb-4e87-a517-b50a29490143 req-6e1c4969-2bbb-4e87-a517-b50a29490143 ] Request (VolumesAssistedSnapshotsTest:test_volume_assisted_snapshot_create_delete): 200 GET http://10.180.1.21/volume/v3/volumes/1380464f-60c6-4094-a894-1cac1b6b0a1e 0.048s
2025-11-22 00:36:01.636 66609 INFO tempest.lib.common.rest_client [req-c9b95870-64c1-4718-bd9c-bf1c2a419269 req-c9b95870-64c1-4718-bd9c-bf1c2a419269 ] Request (ServersAdminNegativeTestJSON:tearDownClass): 204 DELETE http://10.180.1.21/identity/v3/users/56def2f137844470a0763ea423d8c36c 0.193s
2025-11-22 00:36:01.636 66609 INFO tempest.lib.common.dynamic_creds [-] Deleting project and security group for project: 48a57f7f33f743d78b1930ac412d0a7c
2025-11-22 00:36:01.654 66660 INFO tempest.lib.common.rest_client [req-6c727e12-fe39-42d5-9d34-7eef6096495d req-6c727e12-fe39-42d5-9d34-7eef6096495d ] Request (ServerGroupTestJSON:_run_cleanups): 200 GET http://10.180.1.21/compute/v2.1/servers/5b6f97e3-43e1-45a2-ae5e-233f0b1ba4e4 0.402s
2025-11-22 00:36:01.708 66613 INFO tempest.lib.common.rest_client [req-df62015f-c247-4312-87ce-33c1a356f3a1 req-df62015f-c247-4312-87ce-33c1a356f3a1 ] Request (ServersAdminTestJSON:tearDownClass): 200 GET http://10.180.1.21/compute/v2.1/servers/0082ba28-7fa4-4872-bc5d-c9bae7cd6f43 0.445s
2025-11-22 00:36:01.730 66609 INFO tempest.lib.common.rest_client [req-25e8f9f8-2e92-4763-a230-7e4aec5a14b1 req-25e8f9f8-2e92-4763-a230-7e4aec5a14b1 ] Request (ServersAdminNegativeTestJSON:tearDownClass): 201 POST http://10.180.1.21/identity/v3/auth/tokens 0.093s
2025-11-22 00:36:01.874 66625 INFO tempest.lib.common.rest_client [req-a0de37e8-cbe2-4756-8f03-f4018deeacb5 req-a0de37e8-cbe2-4756-8f03-f4018deeacb5 ] Request (ServersNegativeTestMultiTenantJSON:setUpClass): 200 GET http://10.180.1.21/compute/v2.1/servers/ab44c963-4841-40f9-9057-c4d7771bd873 0.435s
2025-11-22 00:36:01.883 66625 INFO tempest.common.waiters [-] State transition "BUILD/scheduling" ==> "BUILD/None" after 26 second wait
2025-11-22 00:36:01.903 66619 INFO tempest.lib.common.rest_client [req-3b383606-414d-4ae8-be21-3fbf1f328197 req-3b383606-414d-4ae8-be21-3fbf1f328197 ] Request (ServersTestJSON:setUpClass): 200 GET http://10.180.1.21/compute/v2.1/servers/d9612cfc-3174-4a52-bafc-48988f3f6a07 0.525s
2025-11-22 00:36:01.920 66609 INFO tempest.lib.common.rest_client [req-9cfb871e-a1c6-4084-ad88-4071b79c2ae9 req-9cfb871e-a1c6-4084-ad88-4071b79c2ae9 ] Request (ServersAdminNegativeTestJSON:tearDownClass): 200 GET http://10.180.1.21/networking/v2.0/security-groups?tenant_id=48a57f7f33f743d78b1930ac412d0a7c&name=default 0.190s
2025-11-22 00:36:01.921 66617 WARNING tempest.lib.common.ssh [-] Failed to establish authenticated ssh connection to cirros@10.180.180.212 ([Errno None] Unable to connect to port 22 on 10.180.180.212). Number attempts: 6. Retry after 7 seconds.: paramiko.ssh_exception.NoValidConnectionsError: [Errno None] Unable to connect to port 22 on 10.180.180.212
2025-11-22 00:36:02.109 66609 INFO tempest.lib.common.rest_client [req-04bd4aab-8689-4b2a-bedd-447d68d3618c req-04bd4aab-8689-4b2a-bedd-447d68d3618c ] Request (ServersAdminNegativeTestJSON:tearDownClass): 204 DELETE http://10.180.1.21/networking/v2.0/security-groups/b88bd9ce-ec78-440a-84ff-c3b66b3496c8 0.188s
2025-11-22 00:36:02.143 66607 INFO tempest.lib.common.rest_client [req-d0c2f0b9-7b6a-4619-817b-97dc30c29a90 req-d0c2f0b9-7b6a-4619-817b-97dc30c29a90 ] Request (ServersListShow298Test:tearDownClass): 200 GET http://10.180.1.21/compute/v2.1/servers/71e8b57e-72d8-437e-91d6-ca4c2cac9377 0.675s
2025-11-22 00:36:02.162 66651 INFO tempest.lib.common.rest_client [req-6d3cea37-cb2b-4baa-aa61-878aab9c9819 req-6d3cea37-cb2b-4baa-aa61-878aab9c9819 ] Request (AttachVolumeNegativeTest:test_attach_attached_volume_to_different_server): 200 GET http://10.180.1.21/compute/v2.1/servers/706e02ee-d1b9-40cc-bfbb-53fa0a478cca 0.650s
2025-11-22 00:36:02.230 66609 INFO tempest.lib.common.rest_client [req-876da235-f1fa-4886-a9d0-423593f58f24 req-876da235-f1fa-4886-a9d0-423593f58f24 ] Request (ServersAdminNegativeTestJSON:tearDownClass): 204 DELETE http://10.180.1.21/identity/v3/projects/48a57f7f33f743d78b1930ac412d0a7c 0.120s
2025-11-22 00:36:02.230 66609 INFO tempest.lib.common.dynamic_creds [-] Deleting project and security group for project: b19e5581ab344d1fba0f7ebba13af11a
2025-11-22 00:36:02.278 66631 INFO tempest.lib.common.rest_client [req-515fff0c-f4e8-4b94-8f76-6a2b266c6bdc req-515fff0c-f4e8-4b94-8f76-6a2b266c6bdc ] Request (ServersTestManualDisk:tearDownClass): 200 GET http://10.180.1.21/compute/v2.1/servers/382e2934-9ec1-4647-bc93-f7f6b2c02885 0.485s
2025-11-22 00:36:02.309 66643 INFO tempest.lib.common.rest_client [req-c8364fe7-5a47-4969-b434-6d65465c6a2b req-c8364fe7-5a47-4969-b434-6d65465c6a2b ] Request (InstanceActionsV221TestJSON:test_get_list_deleted_instance_actions): 404 GET http://10.180.1.21/compute/v2.1/servers/4a6214d2-1b40-491f-9f74-5829e78ac0eb 0.447s
2025-11-22 00:36:02.341 66609 INFO tempest.lib.common.rest_client [req-df590a1d-1d7d-48c1-a1ee-7e5965bd8cb8 req-df590a1d-1d7d-48c1-a1ee-7e5965bd8cb8 ] Request (ServersAdminNegativeTestJSON:tearDownClass): 200 GET http://10.180.1.21/networking/v2.0/security-groups?tenant_id=b19e5581ab344d1fba0f7ebba13af11a&name=default 0.111s
2025-11-22 00:36:02.381 66633 INFO tempest.lib.common.rest_client [req-626a8cd3-eb7b-42da-9450-73c920132b2c req-626a8cd3-eb7b-42da-9450-73c920132b2c ] Request (MigrationsAdminTest:test_resize_server_revert_deleted_flavor): 200 GET http://10.180.1.21/compute/v2.1/servers/8d859fa6-7772-4899-8d3a-be75805b7f2f 0.787s
2025-11-22 00:36:02.390 66633 INFO tempest.common.waiters [-] State transition "RESIZE/resize_migrating" ==> "RESIZE/resize_migrated" after 49 second wait
2025-11-22 00:36:02.539 66609 INFO tempest.lib.common.rest_client [req-cc755a30-221f-415c-9165-18733fbe6035 req-cc755a30-221f-415c-9165-18733fbe6035 ] Request (ServersAdminNegativeTestJSON:tearDownClass): 204 DELETE http://10.180.1.21/networking/v2.0/security-groups/2fa52796-2d9d-44c0-a450-6cfd8ac2ba30 0.197s
2025-11-22 00:36:02.636 66661 INFO tempest.lib.common.rest_client [req-3782882a-72b9-4f75-a07a-eb0316dda593 req-3782882a-72b9-4f75-a07a-eb0316dda593 ] Request (VolumesAssistedSnapshotsTest:test_volume_assisted_snapshot_create_delete): 200 GET http://10.180.1.21/volume/v3/volumes/1380464f-60c6-4094-a894-1cac1b6b0a1e 0.038s
2025-11-22 00:36:02.665 66629 WARNING tempest.lib.common.ssh [-] Failed to establish authenticated ssh connection to cirros@10.180.180.135 ([Errno None] Unable to connect to port 22 on 10.180.180.135). Number attempts: 9. Retry after 10 seconds.: paramiko.ssh_exception.NoValidConnectionsError: [Errno None] Unable to connect to port 22 on 10.180.180.135
2025-11-22 00:36:02.665 66609 INFO tempest.lib.common.rest_client [req-c3772c0a-191c-4ccd-8f9e-b51b7fbeadd8 req-c3772c0a-191c-4ccd-8f9e-b51b7fbeadd8 ] Request (ServersAdminNegativeTestJSON:tearDownClass): 204 DELETE http://10.180.1.21/identity/v3/projects/b19e5581ab344d1fba0f7ebba13af11a 0.125s
2025-11-22 00:36:02.728 66609 INFO tempest.lib.common.rest_client [req-83de13f7-c3ad-4915-a4cd-bd40b69404e1 req-83de13f7-c3ad-4915-a4cd-bd40b69404e1 ] Request (TenantUsagesNegativeTestJSON:setUpClass): 201 POST http://10.180.1.21/identity/v3/auth/tokens 0.060s
