2025-11-22 00:36:44.096 66617 WARNING tempest.lib.common.ssh [-] Failed to establish authenticated ssh connection to cirros@10.180.180.212 ([Errno None] Unable to connect to port 22 on 10.180.180.212). Number attempts: 10. Retry after 11 seconds.: paramiko.ssh_exception.NoValidConnectionsError: [Errno None] Unable to connect to port 22 on 10.180.180.212
2025-11-22 00:36:44.128 66655 INFO tempest.lib.common.rest_client [req-8775c8a1-855b-4a59-8760-80e79ff25c0d req-8775c8a1-855b-4a59-8760-80e79ff25c0d ] Request (ServerRescueNegativeTestJSON:setUpClass): 201 POST http://10.180.1.21/identity/v3/auth/tokens 0.033s
2025-11-22 00:36:44.129 66655 INFO tempest.lib.common.fixed_network [-] (ServerRescueNegativeTestJSON:setUpClass) Found network {'id': '3e54e861-72cb-4781-abb4-a7d413506e6f', 'name': 'tempest-ServerRescueNegativeTestJSON-1645446191-network', 'tenant_id': '794c0171e0ba4ec39140d263a0966a7d', 'project_id': '794c0171e0ba4ec39140d263a0966a7d', 'admin_state_up': True, 'mtu': 8950, 'status': 'ACTIVE', 'subnets': [], 'shared': False, 'port_security_enabled': True, 'router:external': False, 'provider:network_type': 'vlan', 'provider:physical_network': 'default', 'provider:segmentation_id': 152, 'availability_zone_hints': [], 'availability_zones': [], 'ipv4_address_scope': None, 'ipv6_address_scope': None, 'description': '', 'tags': [], 'created_at': '2025-11-22T00:36:41Z', 'updated_at': '2025-11-22T00:36:41Z', 'revision_number': 1} available for tenant
2025-11-22 00:36:44.276 66669 INFO tempest.lib.common.rest_client [req-866da17a-8383-4085-8fe1-193b22e048e1 req-866da17a-8383-4085-8fe1-193b22e048e1 ] Request (MultipleCreateTestJSON:_run_cleanups): 200 GET http://10.180.1.21/compute/v2.1/servers/a0e00acd-e019-4228-a74c-72db1b021ec1 1.050s
2025-11-22 00:36:44.324 66635 INFO tempest.lib.common.rest_client [req-f7ebdda0-3ecc-4efe-a076-97a9c58f750f req-f7ebdda0-3ecc-4efe-a076-97a9c58f750f ] Request (ListImageFiltersTestJSON:setUpClass): 200 GET http://10.180.1.21/compute/v2.1/servers/09899d6b-599d-486a-a238-4f2fa2e2544e 1.177s
2025-11-22 00:36:44.385 66667 INFO tempest.lib.common.rest_client [req-0a497d5f-94c1-4f90-8928-2fa166bd772a req-0a497d5f-94c1-4f90-8928-2fa166bd772a ] Request (ServersAaction247Test:tearDownClass): 200 GET http://10.180.1.21/compute/v2.1/servers/c623871a-81d8-41d5-bd10-9cfe12bba842 1.122s
2025-11-22 00:36:44.400 66665 INFO tempest.lib.common.rest_client [req-d6eef1a8-f88f-43b2-bd12-1c09bd6d9c80 req-d6eef1a8-f88f-43b2-bd12-1c09bd6d9c80 ] Request (ServersTestFqdnHostnames:tearDownClass): 200 GET http://10.180.1.21/compute/v2.1/servers/132992d9-4e76-4b76-b8e2-f3ed2934ab81 1.072s
2025-11-22 00:36:44.438 66615 INFO tempest.lib.common.rest_client [req-1b26e4fb-b80c-47d0-8904-6615aee81904 req-1b26e4fb-b80c-47d0-8904-6615aee81904 ] Request (ImagesTestJSON:test_create_server_from_snapshot): 200 GET http://10.180.1.21/compute/v2.1/servers/99b760ba-0efb-44c2-ab92-f98c26721f71 1.007s
2025-11-22 00:36:44.447 66615 INFO tempest.common.waiters [-] State transition "BUILD/scheduling" ==> "BUILD/None" after 6 second wait
2025-11-22 00:36:44.519 66625 INFO tempest.lib.common.rest_client [req-b72f3270-0f26-4216-b6c0-cc6deddb796a req-b72f3270-0f26-4216-b6c0-cc6deddb796a ] Request (ServersNegativeTestMultiTenantJSON:setUpClass): 200 GET http://10.180.1.21/compute/v2.1/servers/ab44c963-4841-40f9-9057-c4d7771bd873 1.027s
2025-11-22 00:36:44.537 66613 INFO tempest.lib.common.rest_client [req-23fb9059-ac90-4ab4-b42a-f49369395cc8 req-23fb9059-ac90-4ab4-b42a-f49369395cc8 ] Request (ServersAdminTestJSON:tearDownClass): 200 GET http://10.180.1.21/compute/v2.1/servers/8547366b-2c27-4119-8843-d70a6020abbf 0.902s
2025-11-22 00:36:44.606 66649 INFO tempest.lib.common.rest_client [req-19ac40d5-2a12-40ce-8ac7-19fc81d17a64 req-19ac40d5-2a12-40ce-8ac7-19fc81d17a64 ] Request (ListServersNegativeTestJSON:setUpClass): 200 GET http://10.180.1.21/compute/v2.1/servers/25fa5c96-d526-4c42-b447-365882281244 0.922s
2025-11-22 00:36:44.624 66645 INFO tempest.lib.common.rest_client [req-490fbd08-a725-4784-9333-2b39f07295b4 req-490fbd08-a725-4784-9333-2b39f07295b4 ] Request (ImagesOneServerNegativeTestJSON:_run_cleanups): 200 GET http://10.180.1.21/compute/v2.1/servers/e170ef19-c842-4a46-b033-d29c40887ed9 0.895s
2025-11-22 00:36:44.689 66629 INFO tempest.lib.common.rest_client [req-1268dd5e-6cfd-48b6-bdbb-2146c3ff3450 req-1268dd5e-6cfd-48b6-bdbb-2146c3ff3450 ] Request (AttachInterfacesUnderV243Test:_run_cleanups): 200 GET http://10.180.1.21/compute/v2.1/servers/b2221047-0316-47b1-b4a3-e0c426504f92 0.831s
2025-11-22 00:36:44.751 66623 INFO tempest.lib.common.rest_client [req-3ae28866-ee3f-43b0-9a97-014a6d16617f req-3ae28866-ee3f-43b0-9a97-014a6d16617f ] Request (ServersNegativeTestJSON:tearDown): 200 GET http://10.180.1.21/compute/v2.1/servers/79cf2e95-2bbe-42e2-8d44-c592189bcdfc 0.869s
2025-11-22 00:36:44.780 66627 INFO tempest.lib.common.rest_client [req-e5c3b3d0-6759-4923-84ed-234352a3086f req-e5c3b3d0-6759-4923-84ed-234352a3086f ] Request (AttachVolumeTestJSON:_run_cleanups): 200 GET http://10.180.1.21/compute/v2.1/servers/e9c9b705-224c-477d-84d2-322487b0cbba 0.847s
2025-11-22 00:36:44.847 66661 INFO tempest.lib.common.rest_client [req-bc8d29ef-0d58-495b-b9a6-5c4062300afe req-bc8d29ef-0d58-495b-b9a6-5c4062300afe ] Request (VolumesAssistedSnapshotsTest:tearDownClass): 200 GET http://10.180.1.21/compute/v2.1/servers/a97ef002-ffed-4d29-8e65-505a5596a7d7 0.889s
2025-11-22 00:36:44.871 66609 INFO tempest.lib.common.rest_client [req-4b4e9f43-0133-4226-99d7-38742ff430a7 req-4b4e9f43-0133-4226-99d7-38742ff430a7 ] Request (ServerPasswordTestJSON:setUpClass): 200 GET http://10.180.1.21/compute/v2.1/servers/91dd0eb9-b11d-47a1-96e9-49ec74cca049 0.883s
2025-11-22 00:36:44.931 66639 INFO tempest.lib.common.rest_client [req-b72d581c-e9cf-440f-aaef-1c33d3ced6e2 req-b72d581c-e9cf-440f-aaef-1c33d3ced6e2 ] Request (DeleteServersTestJSON:setUpClass): 201 POST http://10.180.1.21/networking/v2.0/routers 1.162s
2025-11-22 00:36:44.933 66641 INFO tempest.lib.common.rest_client [req-26dd425f-0ac6-497f-b02d-389387a97324 req-26dd425f-0ac6-497f-b02d-389387a97324 ] Request (ServerActionsTestOtherA:test_rebuild_server_with_volume_attached): 200 GET http://10.180.1.21/compute/v2.1/servers/d2716138-830f-44cf-86da-e74007392e95 0.904s
2025-11-22 00:36:44.945 66643 INFO tempest.lib.common.rest_client [req-23b3a2ed-b778-4163-baed-b0444dcc84a1 req-23b3a2ed-b778-4163-baed-b0444dcc84a1 ] Request (ListServerFiltersTestJSON:setUpClass): 200 GET http://10.180.1.21/compute/v2.1/servers/67e58d35-c3d3-40fa-9401-269c184102c5 0.823s
2025-11-22 00:36:45.002 66631 INFO tempest.lib.common.rest_client [req-cf74e0cd-32b9-4a83-81f8-4bd76cc17d35 req-cf74e0cd-32b9-4a83-81f8-4bd76cc17d35 ] Request (AttachVolumeShelveTestJSON:test_attach_volume_shelved_or_offload_server): 200 GET http://10.180.1.21/compute/v2.1/servers/f48f59e9-9b63-41b9-b33a-14bc70fe93dd 0.788s
2025-11-22 00:36:45.015 66631 INFO tempest.common.waiters [-] State transition "BUILD/scheduling" ==> "BUILD/None" after 10 second wait
2025-11-22 00:36:45.474 66655 INFO tempest.lib.common.rest_client [req-461dcf9f-085a-4835-8e2c-f6ee67b43cda req-461dcf9f-085a-4835-8e2c-f6ee67b43cda ] Request (ServerRescueNegativeTestJSON:setUpClass): 202 POST http://10.180.1.21/compute/v2.1/servers 1.344s
2025-11-22 00:36:45.662 66633 INFO tempest.lib.common.rest_client [req-8c73bb4b-1fcc-41f8-a70c-3d5f905affcd req-8c73bb4b-1fcc-41f8-a70c-3d5f905affcd ] Request (MigrationsAdminTest:test_resize_server_revert_deleted_flavor): 200 GET http://10.180.1.21/compute/v2.1/servers/8d859fa6-7772-4899-8d3a-be75805b7f2f 1.122s
2025-11-22 00:36:45.727 66611 INFO tempest.lib.common.rest_client [req-352c0490-e965-4314-a98b-979dc036ce81 req-352c0490-e965-4314-a98b-979dc036ce81 ] Request (ServerDiskConfigTestJSON:test_rebuild_server_with_manual_disk_config): 200 GET http://10.180.1.21/compute/v2.1/servers/ab36aba0-919a-48fa-99ee-a5e3833ad3fe 1.092s
2025-11-22 00:36:45.728 66635 INFO tempest.lib.common.rest_client [req-e580cb11-dc25-4215-8f95-51bef495ceba req-e580cb11-dc25-4215-8f95-51bef495ceba ] Request (ListImageFiltersTestJSON:setUpClass): 202 POST http://10.180.1.21/compute/v2.1/servers/09899d6b-599d-486a-a238-4f2fa2e2544e/action 1.397s
2025-11-22 00:36:45.756 66669 INFO tempest.lib.common.rest_client [req-25d5c68f-107a-4688-973b-9a4c8373632b req-25d5c68f-107a-4688-973b-9a4c8373632b ] Request (MultipleCreateTestJSON:_run_cleanups): 404 GET http://10.180.1.21/compute/v2.1/servers/a0e00acd-e019-4228-a74c-72db1b021ec1 0.464s
2025-11-22 00:36:45.786 66651 INFO tempest.lib.common.rest_client [req-64859ed5-c1e2-4c0e-b09b-769479f6e434 req-64859ed5-c1e2-4c0e-b09b-769479f6e434 ] Request (AttachVolumeNegativeTest:test_attach_attached_volume_to_different_server): 200 GET http://10.180.1.21/compute/v2.1/servers/706e02ee-d1b9-40cc-bfbb-53fa0a478cca 0.976s
2025-11-22 00:36:45.842 66669 INFO tempest.lib.common.rest_client [req-01e4a680-e1ba-445c-a7cc-a9cb734f2058 req-01e4a680-e1ba-445c-a7cc-a9cb734f2058 ] Request (MultipleCreateTestJSON:test_multiple_create_with_reservation_return): 201 POST http://10.180.1.21/identity/v3/auth/tokens 0.080s
2025-11-22 00:36:45.842 66669 INFO tempest.lib.common.fixed_network [-] (MultipleCreateTestJSON:test_multiple_create_with_reservation_return) Found network {'id': '453c5af3-06a8-4e54-bfc3-0d137e3c507f', 'name': 'tempest-MultipleCreateTestJSON-770898087-network', 'tenant_id': 'd18904f4959d45d09889ca9184bbe26d', 'project_id': 'd18904f4959d45d09889ca9184bbe26d', 'admin_state_up': True, 'mtu': 8950, 'status': 'ACTIVE', 'subnets': [], 'shared': False, 'port_security_enabled': True, 'router:external': False, 'provider:network_type': 'vlan', 'provider:physical_network': 'default', 'provider:segmentation_id': 781, 'availability_zone_hints': [], 'availability_zones': [], 'ipv4_address_scope': None, 'ipv6_address_scope': None, 'description': '', 'tags': [], 'created_at': '2025-11-22T00:35:03Z', 'updated_at': '2025-11-22T00:35:03Z', 'revision_number': 1} available for tenant
2025-11-22 00:36:45.847 66667 INFO tempest.lib.common.rest_client [req-3c6bb18c-2300-462a-86d3-4cbc7ef6bc55 req-3c6bb18c-2300-462a-86d3-4cbc7ef6bc55 ] Request (ServersAaction247Test:tearDownClass): 200 GET http://10.180.1.21/compute/v2.1/servers/c623871a-81d8-41d5-bd10-9cfe12bba842 0.453s
2025-11-22 00:36:45.864 66665 INFO tempest.lib.common.rest_client [req-ee674d8c-3a95-4f3a-935e-e5707438d834 req-ee674d8c-3a95-4f3a-935e-e5707438d834 ] Request (ServersTestFqdnHostnames:tearDownClass): 200 GET http://10.180.1.21/compute/v2.1/servers/132992d9-4e76-4b76-b8e2-f3ed2934ab81 0.454s
2025-11-22 00:36:45.872 66665 INFO tempest.common.waiters [-] State transition "ACTIVE/deleting" ==> "DELETED/None" after 3 second wait
2025-11-22 00:36:45.902 66615 INFO tempest.lib.common.rest_client [req-5889ddbe-3bbb-409d-8c40-6cfdf83fabb7 req-5889ddbe-3bbb-409d-8c40-6cfdf83fabb7 ] Request (ImagesTestJSON:test_create_server_from_snapshot): 200 GET http://10.180.1.21/compute/v2.1/servers/99b760ba-0efb-44c2-ab92-f98c26721f71 0.454s
2025-11-22 00:36:45.914 66655 INFO tempest.lib.common.rest_client [req-301612c0-9b5b-4a59-857b-575edec16500 req-301612c0-9b5b-4a59-857b-575edec16500 ] Request (ServerRescueNegativeTestJSON:setUpClass): 200 GET http://10.180.1.21/compute/v2.1/servers/b5c2847c-e134-4d94-8f16-7037e66d5f15 0.438s
2025-11-22 00:36:45.958 66655 INFO tempest.lib.common.rest_client [req-ebaaeb99-b5bb-4e39-9574-e34fd41f5f70 req-ebaaeb99-b5bb-4e39-9574-e34fd41f5f70 ] Request (ServerRescueNegativeTestJSON:setUpClass): 201 POST http://10.180.1.21/identity/v3/auth/tokens 0.031s
2025-11-22 00:36:45.958 66655 INFO tempest.lib.common.fixed_network [-] (ServerRescueNegativeTestJSON:setUpClass) Found network {'id': '3e54e861-72cb-4781-abb4-a7d413506e6f', 'name': 'tempest-ServerRescueNegativeTestJSON-1645446191-network', 'tenant_id': '794c0171e0ba4ec39140d263a0966a7d', 'project_id': '794c0171e0ba4ec39140d263a0966a7d', 'admin_state_up': True, 'mtu': 8950, 'status': 'ACTIVE', 'subnets': [], 'shared': False, 'port_security_enabled': True, 'router:external': False, 'provider:network_type': 'vlan', 'provider:physical_network': 'default', 'provider:segmentation_id': 152, 'availability_zone_hints': [], 'availability_zones': [], 'ipv4_address_scope': None, 'ipv6_address_scope': None, 'description': '', 'tags': [], 'created_at': '2025-11-22T00:36:41Z', 'updated_at': '2025-11-22T00:36:41Z', 'revision_number': 1} available for tenant
2025-11-22 00:36:45.994 66613 INFO tempest.lib.common.rest_client [req-77630e96-5bed-40e7-b64a-11c9ffe36333 req-77630e96-5bed-40e7-b64a-11c9ffe36333 ] Request (ServersAdminTestJSON:tearDownClass): 200 GET http://10.180.1.21/compute/v2.1/servers/8547366b-2c27-4119-8843-d70a6020abbf 0.447s
2025-11-22 00:36:46.014 66639 INFO tempest.lib.common.rest_client [req-4470c827-2d48-4bfe-a9a6-fcd15a43a60b req-4470c827-2d48-4bfe-a9a6-fcd15a43a60b ] Request (DeleteServersTestJSON:setUpClass): 200 PUT http://10.180.1.21/networking/v2.0/routers/98dfd8a9-2bbf-4336-a893-dea12ef4fa77/add_router_interface 1.083s
2025-11-22 00:36:46.014 66639 INFO tempest.lib.common.dynamic_creds [-] Created isolated network resources for: credentials: Credentials: {'domain_id': 'default', 'domain_name': 'Default', 'username': 'tempest-DeleteServersTestJSON-841320046-project-member', 'project_domain_id': 'default', 'project_domain_name': 'Default', 'project_id': 'f53137805c154d2086b51325c3a9253f', 'project_name': 'tempest-DeleteServersTestJSON-841320046', 'tenant_id': 'f53137805c154d2086b51325c3a9253f', 'tenant_name': 'tempest-DeleteServersTestJSON-841320046', 'user_domain_id': 'default', 'user_domain_name': 'Default', 'user_id': '60277c811ce9458fb03ad066c4a8491d', 'system': None}, Network: {'id': '44080ab8-6044-486f-a484-dad40f96a2f6', 'name': 'tempest-DeleteServersTestJSON-597480698-network', 'tenant_id': 'f53137805c154d2086b51325c3a9253f', 'project_id': 'f53137805c154d2086b51325c3a9253f', 'admin_state_up': True, 'mtu': 8950, 'status': 'ACTIVE', 'subnets': [], 'shared': False, 'port_security_enabled': True, 'router:external': False, 'provider:network_type': 'vlan', 'provider:physical_network': 'default', 'provider:segmentation_id': 41, 'availability_zone_hints': [], 'availability_zones': [], 'ipv4_address_scope': None, 'ipv6_address_scope': None, 'description': '', 'tags': [], 'created_at': '2025-11-22T00:36:43Z', 'updated_at': '2025-11-22T00:36:43Z', 'revision_number': 1}, Subnet: {'id': '3403fb1c-cebe-4944-89b7-e77d7ffbf061', 'name': 'tempest-DeleteServersTestJSON-597480698-subnet', 'tenant_id': 'f53137805c154d2086b51325c3a9253f', 'network_id': '44080ab8-6044-486f-a484-dad40f96a2f6', 'ip_version': 4, 'subnetpool_id': None, 'enable_dhcp': True, 'ipv6_ra_mode': None, 'ipv6_address_mode': None, 'gateway_ip': '192.168.128.1', 'cidr': '192.168.128.0/28', 'allocation_pools': [{'start': '192.168.128.2', 'end': '192.168.128.14'}], 'host_routes': [], 'dns_nameservers': [], 'description': '', 'router:external': False, 'service_types': [], 'tags': [], 'created_at': '2025-11-22T00:36:43Z', 'updated_at': '2025-11-22T00:36:43Z', 'revision_number': 0, 'project_id': 'f53137805c154d2086b51325c3a9253f'}, Router: {'id': '98dfd8a9-2bbf-4336-a893-dea12ef4fa77', 'name': 'tempest-DeleteServersTestJSON-597480698-router', 'tenant_id': 'f53137805c154d2086b51325c3a9253f', 'admin_state_up': True, 'status': 'ACTIVE', 'external_gateway_info': {'network_id': '71f1fe10-751f-4706-902b-2c26e71d7515', 'external_fixed_ips': [{'subnet_id': '6b3f9673-6099-4769-9e8e-3eacf4773a65', 'ip_address': '10.180.180.210'}], 'enable_snat': True}, 'description': '', 'availability_zones': [], 'distributed': False, 'ha': False, 'availability_zone_hints': [], 'routes': [], 'flavor_id': None, 'tags': [], 'created_at': '2025-11-22T00:36:44Z', 'updated_at': '2025-11-22T00:36:44Z', 'revision_number': 2, 'project_id': 'f53137805c154d2086b51325c3a9253f'}
2025-11-22 00:36:46.025 66625 INFO tempest.lib.common.rest_client [req-ed5717ca-16e5-4d02-9523-13228de69761 req-ed5717ca-16e5-4d02-9523-13228de69761 ] Request (ServersNegativeTestMultiTenantJSON:setUpClass): 200 GET http://10.180.1.21/compute/v2.1/servers/ab44c963-4841-40f9-9057-c4d7771bd873 0.492s
2025-11-22 00:36:46.032 66625 INFO tempest.common.waiters [-] State transition "BUILD/spawning" ==> "ACTIVE/None" after 71 second wait
2025-11-22 00:36:46.074 66649 INFO tempest.lib.common.rest_client [req-16fc178c-7932-4ff4-9411-016fe151f817 req-16fc178c-7932-4ff4-9411-016fe151f817 ] Request (ListServersNegativeTestJSON:setUpClass): 200 GET http://10.180.1.21/compute/v2.1/servers/25fa5c96-d526-4c42-b447-365882281244 0.453s
2025-11-22 00:36:46.115 66645 INFO tempest.lib.common.rest_client [req-5c11422c-cb31-4a1e-a3cc-07658ce8e17f req-5c11422c-cb31-4a1e-a3cc-07658ce8e17f ] Request (ImagesOneServerNegativeTestJSON:_run_cleanups): 200 GET http://10.180.1.21/compute/v2.1/servers/e170ef19-c842-4a46-b033-d29c40887ed9 0.480s
2025-11-22 00:36:46.136 66639 INFO tempest.lib.common.rest_client [req-08070507-dece-46ee-89da-590d286d94e4 req-08070507-dece-46ee-89da-590d286d94e4 ] Request (DeleteServersTestJSON:setUpClass): 201 POST http://10.180.1.21/identity/v3/auth/tokens 0.118s
2025-11-22 00:36:46.156 66635 INFO tempest.lib.common.rest_client [req-6bd5e832-6ba0-4aa5-9a85-1a7d5b5ed89c req-6bd5e832-6ba0-4aa5-9a85-1a7d5b5ed89c ] Request (ListImageFiltersTestJSON:setUpClass): 200 GET http://10.180.1.21/compute/v2.1/images/d9bde649-881f-4a43-8b72-b7355ddb8f30 0.424s
2025-11-22 00:36:46.159 66629 INFO tempest.lib.common.rest_client [req-436972e2-0e84-44cb-8e93-a0cb2ad3e1e1 req-436972e2-0e84-44cb-8e93-a0cb2ad3e1e1 ] Request (AttachInterfacesUnderV243Test:_run_cleanups): 200 GET http://10.180.1.21/compute/v2.1/servers/b2221047-0316-47b1-b4a3-e0c426504f92 0.461s
2025-11-22 00:36:46.189 66639 INFO tempest.lib.common.rest_client [req-ba866e1d-00f0-4f11-b4aa-2a186811b20f req-ba866e1d-00f0-4f11-b4aa-2a186811b20f ] Request (DeleteServersTestJSON:test_delete_active_server): 201 POST http://10.180.1.21/identity/v3/auth/tokens 0.047s
2025-11-22 00:36:46.189 66639 INFO tempest.lib.common.fixed_network [-] (DeleteServersTestJSON:test_delete_active_server) Found network {'id': '44080ab8-6044-486f-a484-dad40f96a2f6', 'name': 'tempest-DeleteServersTestJSON-597480698-network', 'tenant_id': 'f53137805c154d2086b51325c3a9253f', 'project_id': 'f53137805c154d2086b51325c3a9253f', 'admin_state_up': True, 'mtu': 8950, 'status': 'ACTIVE', 'subnets': [], 'shared': False, 'port_security_enabled': True, 'router:external': False, 'provider:network_type': 'vlan', 'provider:physical_network': 'default', 'provider:segmentation_id': 41, 'availability_zone_hints': [], 'availability_zones': [], 'ipv4_address_scope': None, 'ipv6_address_scope': None, 'description': '', 'tags': [], 'created_at': '2025-11-22T00:36:43Z', 'updated_at': '2025-11-22T00:36:43Z', 'revision_number': 1} available for tenant
2025-11-22 00:36:46.227 66627 INFO tempest.lib.common.rest_client [req-c654cb6a-5215-49f2-90b3-24ca87d94560 req-c654cb6a-5215-49f2-90b3-24ca87d94560 ] Request (AttachVolumeTestJSON:_run_cleanups): 200 GET http://10.180.1.21/compute/v2.1/servers/e9c9b705-224c-477d-84d2-322487b0cbba 0.437s
2025-11-22 00:36:46.330 66623 INFO tempest.lib.common.rest_client [req-cf4291b7-db31-4fc9-9e9b-ffd85677e4be req-cf4291b7-db31-4fc9-9e9b-ffd85677e4be ] Request (ServersNegativeTestJSON:tearDown): 200 GET http://10.180.1.21/compute/v2.1/servers/79cf2e95-2bbe-42e2-8d44-c592189bcdfc 0.565s
2025-11-22 00:36:46.389 66661 INFO tempest.lib.common.rest_client [req-ba8ab1d8-2a09-4ca6-b40f-2368caa64f0e req-ba8ab1d8-2a09-4ca6-b40f-2368caa64f0e ] Request (VolumesAssistedSnapshotsTest:tearDownClass): 200 GET http://10.180.1.21/compute/v2.1/servers/a97ef002-ffed-4d29-8e65-505a5596a7d7 0.526s
2025-11-22 00:36:46.438 66609 INFO tempest.lib.common.rest_client [req-0391b345-42d0-41c4-be41-09dacdd11aeb req-0391b345-42d0-41c4-be41-09dacdd11aeb ] Request (ServerPasswordTestJSON:setUpClass): 200 GET http://10.180.1.21/compute/v2.1/servers/91dd0eb9-b11d-47a1-96e9-49ec74cca049 0.557s
2025-11-22 00:36:46.496 66641 INFO tempest.lib.common.rest_client [req-a9d844d1-e535-4677-bf9a-00b272cc813e req-a9d844d1-e535-4677-bf9a-00b272cc813e ] Request (ServerActionsTestOtherA:test_rebuild_server_with_volume_attached): 200 GET http://10.180.1.21/compute/v2.1/servers/d2716138-830f-44cf-86da-e74007392e95 0.553s
2025-11-22 00:36:46.559 66643 INFO tempest.lib.common.rest_client [req-4257f907-d019-4ec2-a051-624a4cd11370 req-4257f907-d019-4ec2-a051-624a4cd11370 ] Request (ListServerFiltersTestJSON:setUpClass): 200 GET http://10.180.1.21/compute/v2.1/servers/67e58d35-c3d3-40fa-9401-269c184102c5 0.606s
2025-11-22 00:36:46.585 66669 INFO tempest.lib.common.rest_client [req-cff92a69-e46a-4ce8-9279-5282e96c0302 req-cff92a69-e46a-4ce8-9279-5282e96c0302 ] Request (MultipleCreateTestJSON:test_multiple_create_with_reservation_return): 202 POST http://10.180.1.21/compute/v2.1/servers 0.742s
2025-11-22 00:36:46.658 66631 INFO tempest.lib.common.rest_client [req-b16dffea-4d2d-4438-ac51-afedfd6f6693 req-b16dffea-4d2d-4438-ac51-afedfd6f6693 ] Request (AttachVolumeShelveTestJSON:test_attach_volume_shelved_or_offload_server): 200 GET http://10.180.1.21/compute/v2.1/servers/f48f59e9-9b63-41b9-b33a-14bc70fe93dd 0.641s
2025-11-22 00:36:46.786 66625 INFO tempest.lib.common.rest_client [req-591cadf2-5185-4f48-a58b-20ef5d9e288e req-591cadf2-5185-4f48-a58b-20ef5d9e288e ] Request (ServersNegativeTestMultiTenantJSON:setUp): 200 GET http://10.180.1.21/compute/v2.1/servers/ab44c963-4841-40f9-9057-c4d7771bd873 0.752s
2025-11-22 00:36:46.932 66655 INFO tempest.lib.common.rest_client [req-a744179f-2238-4090-b833-409696746586 req-a744179f-2238-4090-b833-409696746586 ] Request (ServerRescueNegativeTestJSON:setUpClass): 202 POST http://10.180.1.21/compute/v2.1/servers 0.973s
2025-11-22 00:36:46.975 66669 INFO tempest.lib.common.rest_client [req-4a34baf2-f0d3-42b3-858c-0e4d530deb88 req-4a34baf2-f0d3-42b3-858c-0e4d530deb88 ] Request (MultipleCreateTestJSON:test_multiple_create_with_reservation_return): 200 GET http://10.180.1.21/compute/v2.1/servers 0.390s
2025-11-22 00:36:47.125 66633 INFO tempest.lib.common.rest_client [req-3a6b63bc-29f2-4e82-8b6a-2e1d2d9e03ad req-3a6b63bc-29f2-4e82-8b6a-2e1d2d9e03ad ] Request (MigrationsAdminTest:test_resize_server_revert_deleted_flavor): 200 GET http://10.180.1.21/compute/v2.1/servers/8d859fa6-7772-4899-8d3a-be75805b7f2f 0.451s
2025-11-22 00:36:47.159 66639 INFO tempest.lib.common.rest_client [req-664760d7-09c6-4fdc-9050-9f325e6ca1df req-664760d7-09c6-4fdc-9050-9f325e6ca1df ] Request (DeleteServersTestJSON:test_delete_active_server): 202 POST http://10.180.1.21/compute/v2.1/servers 0.968s
2025-11-22 00:36:47.204 66619 INFO paramiko.transport [-] Connected (version 2.0, client dropbear_2020.81)
2025-11-22 00:36:47.219 66611 INFO tempest.lib.common.rest_client [req-22df9088-83e2-4eb7-8e8f-b83270f0838e req-22df9088-83e2-4eb7-8e8f-b83270f0838e ] Request (ServerDiskConfigTestJSON:test_rebuild_server_with_manual_disk_config): 200 GET http://10.180.1.21/compute/v2.1/servers/ab36aba0-919a-48fa-99ee-a5e3833ad3fe 0.483s
2025-11-22 00:36:47.278 66619 INFO paramiko.transport [-] Authentication (publickey) successful!
2025-11-22 00:36:47.278 66619 INFO tempest.lib.common.ssh [-] ssh connection to cirros@10.180.180.219 successfully created
2025-11-22 00:36:47.292 66651 INFO tempest.lib.common.rest_client [req-ec3439ff-7357-4bba-a4ec-508cecccdf7a req-ec3439ff-7357-4bba-a4ec-508cecccdf7a ] Request (AttachVolumeNegativeTest:test_attach_attached_volume_to_different_server): 200 GET http://10.180.1.21/compute/v2.1/servers/706e02ee-d1b9-40cc-bfbb-53fa0a478cca 0.492s
2025-11-22 00:36:47.293 66625 INFO tempest.lib.common.rest_client [req-2a4a77a9-a057-4934-abd9-51b3a9ab7234 req-2a4a77a9-a057-4934-abd9-51b3a9ab7234 ] Request (ServersNegativeTestMultiTenantJSON:test_delete_a_server_of_another_tenant): 404 DELETE http://10.180.1.21/compute/v2.1/servers/ab44c963-4841-40f9-9057-c4d7771bd873 0.499s
2025-11-22 00:36:47.402 66665 INFO tempest.lib.common.rest_client [req-6d53821a-afa9-477f-a31a-e1b9eec9e6f2 req-6d53821a-afa9-477f-a31a-e1b9eec9e6f2 ] Request (ServersTestFqdnHostnames:tearDownClass): 200 GET http://10.180.1.21/compute/v2.1/servers/132992d9-4e76-4b76-b8e2-f3ed2934ab81 0.528s
2025-11-22 00:36:47.416 66667 INFO tempest.lib.common.rest_client [req-d2d330f9-2d38-4d6e-a633-484ccdda241d req-d2d330f9-2d38-4d6e-a633-484ccdda241d ] Request (ServersAaction247Test:tearDownClass): 200 GET http://10.180.1.21/compute/v2.1/servers/c623871a-81d8-41d5-bd10-9cfe12bba842 0.559s
2025-11-22 00:36:47.468 66655 INFO tempest.lib.common.rest_client [req-60f8e80a-9c70-4ce6-be1a-c3024b30bca7 req-60f8e80a-9c70-4ce6-be1a-c3024b30bca7 ] Request (ServerRescueNegativeTestJSON:setUpClass): 200 GET http://10.180.1.21/compute/v2.1/servers/6f5df947-00cd-4253-afaf-b75e43ee17a3 0.534s
2025-11-22 00:36:47.490 66615 INFO tempest.lib.common.rest_client [req-71558778-e90e-4962-a0ff-4abdb25672f0 req-71558778-e90e-4962-a0ff-4abdb25672f0 ] Request (ImagesTestJSON:test_create_server_from_snapshot): 200 GET http://10.180.1.21/compute/v2.1/servers/99b760ba-0efb-44c2-ab92-f98c26721f71 0.578s
2025-11-22 00:36:47.542 66669 INFO tempest.lib.common.rest_client [req-95c4b67c-f9dc-46a5-ad44-132157a6c96e req-95c4b67c-f9dc-46a5-ad44-132157a6c96e ] Request (MultipleCreateTestJSON:test_multiple_create_with_reservation_return): 200 GET http://10.180.1.21/compute/v2.1/servers/46ec1b8f-a841-4bfd-bd0d-039f36e8ef9c 0.565s
2025-11-22 00:36:47.606 66613 INFO tempest.lib.common.rest_client [req-dfbad3cb-7866-4a2a-be5d-379f412b02e4 req-dfbad3cb-7866-4a2a-be5d-379f412b02e4 ] Request (ServersAdminTestJSON:tearDownClass): 200 GET http://10.180.1.21/compute/v2.1/servers/8547366b-2c27-4119-8843-d70a6020abbf 0.599s
2025-11-22 00:36:47.648 66649 INFO tempest.lib.common.rest_client [req-26388831-05a1-4c07-b62f-807af39179d9 req-26388831-05a1-4c07-b62f-807af39179d9 ] Request (ListServersNegativeTestJSON:setUpClass): 200 GET http://10.180.1.21/compute/v2.1/servers/25fa5c96-d526-4c42-b447-365882281244 0.564s
2025-11-22 00:36:47.718 66635 INFO tempest.lib.common.rest_client [req-47142fc0-51e6-472b-82d7-6ee980ad6972 req-47142fc0-51e6-472b-82d7-6ee980ad6972 ] Request (ListImageFiltersTestJSON:setUpClass): 200 GET http://10.180.1.21/compute/v2.1/images/d9bde649-881f-4a43-8b72-b7355ddb8f30 0.558s
2025-11-22 00:36:47.730 66645 INFO tempest.lib.common.rest_client [req-fb3002ae-6538-4d99-95a8-a33e601f3adc req-fb3002ae-6538-4d99-95a8-a33e601f3adc ] Request (ImagesOneServerNegativeTestJSON:_run_cleanups): 200 GET http://10.180.1.21/compute/v2.1/servers/e170ef19-c842-4a46-b033-d29c40887ed9 0.605s
2025-11-22 00:36:47.785 66639 INFO tempest.lib.common.rest_client [req-549383ff-f0fe-4925-92f4-800b796470e4 req-549383ff-f0fe-4925-92f4-800b796470e4 ] Request (DeleteServersTestJSON:test_delete_active_server): 200 GET http://10.180.1.21/compute/v2.1/servers/b42a9d1c-2176-4d6e-a873-61a6805c5d6a 0.622s
2025-11-22 00:36:47.845 66629 INFO tempest.lib.common.rest_client [req-9b082284-968b-4123-92ac-6cafcdba721d req-9b082284-968b-4123-92ac-6cafcdba721d ] Request (AttachInterfacesUnderV243Test:_run_cleanups): 200 GET http://10.180.1.21/compute/v2.1/servers/b2221047-0316-47b1-b4a3-e0c426504f92 0.674s
2025-11-22 00:36:47.872 66627 INFO tempest.lib.common.rest_client [req-72286c30-fcd1-42aa-b70e-d0d5ea9c0b68 req-72286c30-fcd1-42aa-b70e-d0d5ea9c0b68 ] Request (AttachVolumeTestJSON:_run_cleanups): 200 GET http://10.180.1.21/compute/v2.1/servers/e9c9b705-224c-477d-84d2-322487b0cbba 0.637s
2025-11-22 00:36:47.924 66619 INFO tempest.lib.common.rest_client [req-48dca4d0-b80b-418c-9a6c-be461bebafa9 req-48dca4d0-b80b-418c-9a6c-be461bebafa9 ] Request (ServersTestJSON:test_list_servers): 200 GET http://10.180.1.21/compute/v2.1/servers 0.637s
2025-11-22 00:36:48.082 66625 INFO tempest.lib.common.rest_client [req-7bd27c1d-de48-48bd-8214-3c348c24a4d8 req-7bd27c1d-de48-48bd-8214-3c348c24a4d8 ] Request (ServersNegativeTestMultiTenantJSON:setUp): 200 GET http://10.180.1.21/compute/v2.1/servers/ab44c963-4841-40f9-9057-c4d7771bd873 0.787s
2025-11-22 00:36:48.111 66623 INFO tempest.lib.common.rest_client [req-eb2c9354-fc08-4251-afb4-0155e093bc29 req-eb2c9354-fc08-4251-afb4-0155e093bc29 ] Request (ServersNegativeTestJSON:tearDown): 200 GET http://10.180.1.21/compute/v2.1/servers/79cf2e95-2bbe-42e2-8d44-c592189bcdfc 0.772s
2025-11-22 00:36:48.148 66661 INFO tempest.lib.common.rest_client [req-f0d4661f-3e6b-414d-ba0b-6c81ca38646c req-f0d4661f-3e6b-414d-ba0b-6c81ca38646c ] Request (VolumesAssistedSnapshotsTest:tearDownClass): 200 GET http://10.180.1.21/compute/v2.1/servers/a97ef002-ffed-4d29-8e65-505a5596a7d7 0.751s
2025-11-22 00:36:48.165 66609 INFO tempest.lib.common.rest_client [req-09ff9c80-4f15-45bf-a8a4-6500b59dede4 req-09ff9c80-4f15-45bf-a8a4-6500b59dede4 ] Request (ServerPasswordTestJSON:setUpClass): 200 GET http://10.180.1.21/compute/v2.1/servers/91dd0eb9-b11d-47a1-96e9-49ec74cca049 0.719s
2025-11-22 00:36:48.259 66643 INFO tempest.lib.common.rest_client [req-7abd5ef8-d474-4a85-a0cf-f3936a1e35e6 req-7abd5ef8-d474-4a85-a0cf-f3936a1e35e6 ] Request (ListServerFiltersTestJSON:setUpClass): 200 GET http://10.180.1.21/compute/v2.1/servers/67e58d35-c3d3-40fa-9401-269c184102c5 0.686s
2025-11-22 00:36:48.281 66641 INFO tempest.lib.common.rest_client [req-50326bb6-6200-4c36-95b6-e579c5e82cbc req-50326bb6-6200-4c36-95b6-e579c5e82cbc ] Request (ServerActionsTestOtherA:test_rebuild_server_with_volume_attached): 200 GET http://10.180.1.21/compute/v2.1/servers/d2716138-830f-44cf-86da-e74007392e95 0.775s
2025-11-22 00:36:48.289 66641 INFO tempest.common.waiters [-] State transition "BUILD/None" ==> "BUILD/block_device_mapping" after 65 second wait
2025-11-22 00:36:48.313 66631 INFO tempest.lib.common.rest_client [req-1fd664a2-1a1a-4a3c-acdf-e8fcc36f4035 req-1fd664a2-1a1a-4a3c-acdf-e8fcc36f4035 ] Request (AttachVolumeShelveTestJSON:test_attach_volume_shelved_or_offload_server): 200 GET http://10.180.1.21/compute/v2.1/servers/f48f59e9-9b63-41b9-b33a-14bc70fe93dd 0.643s
2025-11-22 00:36:48.333 66625 INFO tempest.lib.common.rest_client [req-1a6213f6-7922-41d3-a08b-ac339f7ae2ba req-1a6213f6-7922-41d3-a08b-ac339f7ae2ba ] Request (ServersNegativeTestMultiTenantJSON:test_update_server_of_another_tenant): 404 PUT http://10.180.1.21/compute/v2.1/servers/ab44c963-4841-40f9-9057-c4d7771bd873 0.242s
2025-11-22 00:36:48.450 66621 WARNING tempest.lib.common.ssh [-] Failed to establish authenticated ssh connection to cirros@10.180.180.196 ([Errno None] Unable to connect to port 22 on 10.180.180.196). Number attempts: 12. Retry after 13 seconds.: paramiko.ssh_exception.NoValidConnectionsError: [Errno None] Unable to connect to port 22 on 10.180.180.196
2025-11-22 00:36:48.484 66619 INFO tempest.lib.common.rest_client [req-1fe105bd-6d1b-44ba-bf66-7970053bb99b req-1fe105bd-6d1b-44ba-bf66-7970053bb99b ] Request (ServersTestJSON:test_list_servers_with_detail): 200 GET http://10.180.1.21/compute/v2.1/servers/detail 0.554s
2025-11-22 00:36:48.527 66633 INFO tempest.lib.common.rest_client [req-43336c97-0ab5-4dea-acb3-638d20c3d3ca req-43336c97-0ab5-4dea-acb3-638d20c3d3ca ] Request (MigrationsAdminTest:test_resize_server_revert_deleted_flavor): 200 GET http://10.180.1.21/compute/v2.1/servers/8d859fa6-7772-4899-8d3a-be75805b7f2f 0.389s
2025-11-22 00:36:48.554 66611 INFO tempest.lib.common.rest_client [req-f54175ef-0058-4933-ab76-1a22355d648a req-f54175ef-0058-4933-ab76-1a22355d648a ] Request (ServerDiskConfigTestJSON:test_rebuild_server_with_manual_disk_config): 200 GET http://10.180.1.21/compute/v2.1/servers/ab36aba0-919a-48fa-99ee-a5e3833ad3fe 0.324s
2025-11-22 00:36:48.580 66651 INFO tempest.lib.common.rest_client [req-52a3c5a8-ebcc-457d-b289-4633e32f6cae req-52a3c5a8-ebcc-457d-b289-4633e32f6cae ] Request (AttachVolumeNegativeTest:test_attach_attached_volume_to_different_server): 200 GET http://10.180.1.21/compute/v2.1/servers/706e02ee-d1b9-40cc-bfbb-53fa0a478cca 0.275s
2025-11-22 00:36:48.633 66625 INFO tempest.lib.common.rest_client [req-d59a36c3-ad96-404b-9362-cf4891f05e8a req-d59a36c3-ad96-404b-9362-cf4891f05e8a ] Request (ServersNegativeTestMultiTenantJSON:tearDownClass): 204 DELETE http://10.180.1.21/compute/v2.1/servers/ab44c963-4841-40f9-9057-c4d7771bd873 0.298s
2025-11-22 00:36:48.650 66665 INFO tempest.lib.common.rest_client [req-2e3f2e15-f569-4c29-a673-a30df5e67666 req-2e3f2e15-f569-4c29-a673-a30df5e67666 ] Request (ServersTestFqdnHostnames:tearDownClass): 200 GET http://10.180.1.21/compute/v2.1/servers/132992d9-4e76-4b76-b8e2-f3ed2934ab81 0.239s
2025-11-22 00:36:48.715 66667 INFO tempest.lib.common.rest_client [req-2480d860-4cb6-4027-b3cd-8d1e179104b7 req-2480d860-4cb6-4027-b3cd-8d1e179104b7 ] Request (ServersAaction247Test:tearDownClass): 200 GET http://10.180.1.21/compute/v2.1/servers/c623871a-81d8-41d5-bd10-9cfe12bba842 0.290s
2025-11-22 00:36:48.723 66655 INFO tempest.lib.common.rest_client [req-22c7136b-a3cd-4d4b-bef9-263fa6ccb774 req-22c7136b-a3cd-4d4b-bef9-263fa6ccb774 ] Request (ServerRescueNegativeTestJSON:setUpClass): 200 GET http://10.180.1.21/compute/v2.1/servers/6f5df947-00cd-4253-afaf-b75e43ee17a3 0.241s
2025-11-22 00:36:48.730 66619 INFO tempest.lib.common.rest_client [req-b4716ee6-e9cc-4ce9-a5af-15119ab19f59 req-b4716ee6-e9cc-4ce9-a5af-15119ab19f59 ] Request (ServersTestJSON:test_verify_created_server_vcpus): 200 GET http://10.180.1.21/compute/v2.1/flavors/42 0.235s
2025-11-22 00:36:48.732 66619 INFO tempest.lib.common.ssh [-] Creating ssh connection to '10.180.180.219:22' as 'cirros' with public key authentication
2025-11-22 00:36:48.736 66619 INFO paramiko.transport [-] Connected (version 2.0, client dropbear_2020.81)
2025-11-22 00:36:48.774 66615 INFO tempest.lib.common.rest_client [req-20d489c9-6e14-42a2-ba98-e809b1cf54f8 req-20d489c9-6e14-42a2-ba98-e809b1cf54f8 ] Request (ImagesTestJSON:test_create_server_from_snapshot): 200 GET http://10.180.1.21/compute/v2.1/servers/99b760ba-0efb-44c2-ab92-f98c26721f71 0.276s
2025-11-22 00:36:48.786 66669 INFO tempest.lib.common.rest_client [req-829b0ae0-0fef-4c60-9ddb-1856d6ab2223 req-829b0ae0-0fef-4c60-9ddb-1856d6ab2223 ] Request (MultipleCreateTestJSON:test_multiple_create_with_reservation_return): 200 GET http://10.180.1.21/compute/v2.1/servers/46ec1b8f-a841-4bfd-bd0d-039f36e8ef9c 0.231s
2025-11-22 00:36:48.801 66619 INFO paramiko.transport [-] Authentication (publickey) successful!
2025-11-22 00:36:48.801 66619 INFO tempest.lib.common.ssh [-] ssh connection to cirros@10.180.180.219 successfully created
2025-11-22 00:36:48.836 66613 INFO tempest.lib.common.rest_client [req-fba69255-4c58-4d5e-b27b-e131a8c20650 req-fba69255-4c58-4d5e-b27b-e131a8c20650 ] Request (ServersAdminTestJSON:tearDownClass): 200 GET http://10.180.1.21/compute/v2.1/servers/8547366b-2c27-4119-8843-d70a6020abbf 0.215s
2025-11-22 00:36:48.908 66625 INFO tempest.lib.common.rest_client [req-266278c9-0d5c-40d3-a4b2-dc8321642681 req-266278c9-0d5c-40d3-a4b2-dc8321642681 ] Request (ServersNegativeTestMultiTenantJSON:tearDownClass): 200 GET http://10.180.1.21/compute/v2.1/servers/ab44c963-4841-40f9-9057-c4d7771bd873 0.275s
2025-11-22 00:36:48.927 66649 INFO tempest.lib.common.rest_client [req-05b646ce-e84c-40e4-a26b-e04f3cb0fbe3 req-05b646ce-e84c-40e4-a26b-e04f3cb0fbe3 ] Request (ListServersNegativeTestJSON:setUpClass): 200 GET http://10.180.1.21/compute/v2.1/servers/25fa5c96-d526-4c42-b447-365882281244 0.264s
2025-11-22 00:36:48.951 66635 INFO tempest.lib.common.rest_client [req-d7efd1eb-5dba-4457-9711-7d5840f822a4 req-d7efd1eb-5dba-4457-9711-7d5840f822a4 ] Request (ListImageFiltersTestJSON:setUpClass): 200 GET http://10.180.1.21/compute/v2.1/images/d9bde649-881f-4a43-8b72-b7355ddb8f30 0.228s
2025-11-22 00:36:48.989 66645 INFO tempest.lib.common.rest_client [req-68bb49f1-2252-432d-abc0-d9594d1e53be req-68bb49f1-2252-432d-abc0-d9594d1e53be ] Request (ImagesOneServerNegativeTestJSON:_run_cleanups): 200 GET http://10.180.1.21/compute/v2.1/servers/e170ef19-c842-4a46-b033-d29c40887ed9 0.246s
2025-11-22 00:36:49.006 66639 INFO tempest.lib.common.rest_client [req-d04ffe26-095e-4827-8605-9377bc15f9c8 req-d04ffe26-095e-4827-8605-9377bc15f9c8 ] Request (DeleteServersTestJSON:test_delete_active_server): 200 GET http://10.180.1.21/compute/v2.1/servers/b42a9d1c-2176-4d6e-a873-61a6805c5d6a 0.210s
2025-11-22 00:36:49.068 66629 INFO tempest.lib.common.rest_client [req-6c389812-a11c-4d86-9539-ad714c159033 req-6c389812-a11c-4d86-9539-ad714c159033 ] Request (AttachInterfacesUnderV243Test:_run_cleanups): 200 GET http://10.180.1.21/compute/v2.1/servers/b2221047-0316-47b1-b4a3-e0c426504f92 0.209s
2025-11-22 00:36:49.068 66619 INFO tempest.lib.common.rest_client [req-ea1b37db-dacc-4eca-84e9-0b1f3bc2090a req-ea1b37db-dacc-4eca-84e9-0b1f3bc2090a ] Request (ServersTestJSON:tearDownClass): 204 DELETE http://10.180.1.21/compute/v2.1/servers/d9612cfc-3174-4a52-bafc-48988f3f6a07 0.259s
2025-11-22 00:36:49.151 66627 INFO tempest.lib.common.rest_client [req-2600289e-2a02-4779-902e-f69165bc9f31 req-2600289e-2a02-4779-902e-f69165bc9f31 ] Request (AttachVolumeTestJSON:_run_cleanups): 200 GET http://10.180.1.21/compute/v2.1/servers/e9c9b705-224c-477d-84d2-322487b0cbba 0.271s
2025-11-22 00:36:49.175 66619 INFO tempest.lib.common.rest_client [req-cb3c39b7-bf76-4e9f-9d3d-4c7eed2a60d3 req-cb3c39b7-bf76-4e9f-9d3d-4c7eed2a60d3 ] Request (ServersTestJSON:tearDownClass): 200 GET http://10.180.1.21/compute/v2.1/servers/d9612cfc-3174-4a52-bafc-48988f3f6a07 0.106s
2025-11-22 00:36:49.227 66661 INFO tempest.lib.common.rest_client [req-ea754ccd-e500-4b41-81e4-b0414721c55c req-ea754ccd-e500-4b41-81e4-b0414721c55c ] Request (VolumesAssistedSnapshotsTest:tearDownClass): 200 GET http://10.180.1.21/compute/v2.1/servers/a97ef002-ffed-4d29-8e65-505a5596a7d7 0.069s
2025-11-22 00:36:49.248 66623 INFO tempest.lib.common.rest_client [req-e8cb5761-6a84-4766-b122-0bdf31f54ba6 req-e8cb5761-6a84-4766-b122-0bdf31f54ba6 ] Request (ServersNegativeTestJSON:tearDown): 200 GET http://10.180.1.21/compute/v2.1/servers/79cf2e95-2bbe-42e2-8d44-c592189bcdfc 0.127s
2025-11-22 00:36:49.272 66609 INFO tempest.lib.common.rest_client [req-44b176ac-700f-4fde-b6df-87ad54163a53 req-44b176ac-700f-4fde-b6df-87ad54163a53 ] Request (ServerPasswordTestJSON:setUpClass): 200 GET http://10.180.1.21/compute/v2.1/servers/91dd0eb9-b11d-47a1-96e9-49ec74cca049 0.099s
2025-11-22 00:36:49.321 66643 INFO tempest.lib.common.rest_client [req-14f5b461-9692-4896-a899-a0bc11b66ae7 req-14f5b461-9692-4896-a899-a0bc11b66ae7 ] Request (ListServerFiltersTestJSON:setUpClass): 200 GET http://10.180.1.21/compute/v2.1/servers/67e58d35-c3d3-40fa-9401-269c184102c5 0.048s
2025-11-22 00:36:49.383 66641 INFO tempest.lib.common.rest_client [req-d6ee491c-e6db-495a-9bca-567a0cb65d31 req-d6ee491c-e6db-495a-9bca-567a0cb65d31 ] Request (ServerActionsTestOtherA:test_rebuild_server_with_volume_attached): 200 GET http://10.180.1.21/compute/v2.1/servers/d2716138-830f-44cf-86da-e74007392e95 0.093s
2025-11-22 00:36:49.390 66641 INFO tempest.common.waiters [-] State transition "BUILD/block_device_mapping" ==> "BUILD/spawning" after 66 second wait
2025-11-22 00:36:49.396 66631 INFO tempest.lib.common.rest_client [req-edfc44ad-5f10-440b-bc70-e45f870068b5 req-edfc44ad-5f10-440b-bc70-e45f870068b5 ] Request (AttachVolumeShelveTestJSON:test_attach_volume_shelved_or_offload_server): 200 GET http://10.180.1.21/compute/v2.1/servers/f48f59e9-9b63-41b9-b33a-14bc70fe93dd 0.073s
2025-11-22 00:36:49.622 66611 INFO tempest.lib.common.rest_client [req-66906d9f-953f-42f2-8e31-13e9dbdfb2d5 req-66906d9f-953f-42f2-8e31-13e9dbdfb2d5 ] Request (ServerDiskConfigTestJSON:test_rebuild_server_with_manual_disk_config): 200 GET http://10.180.1.21/compute/v2.1/servers/ab36aba0-919a-48fa-99ee-a5e3833ad3fe 0.059s
2025-11-22 00:36:49.629 66611 INFO tempest.common.waiters [-] State transition "BUILD/None" ==> "BUILD/networking" after 63 second wait
2025-11-22 00:36:49.659 66633 INFO tempest.lib.common.rest_client [req-f2646760-a7df-4ee7-81ed-e43a30ebb8c9 req-f2646760-a7df-4ee7-81ed-e43a30ebb8c9 ] Request (MigrationsAdminTest:test_resize_server_revert_deleted_flavor): 200 GET http://10.180.1.21/compute/v2.1/servers/8d859fa6-7772-4899-8d3a-be75805b7f2f 0.124s
2025-11-22 00:36:49.676 66651 INFO tempest.lib.common.rest_client [req-177a7b79-485b-4fc7-af53-8feda9ae7a2e req-177a7b79-485b-4fc7-af53-8feda9ae7a2e ] Request (AttachVolumeNegativeTest:test_attach_attached_volume_to_different_server): 200 GET http://10.180.1.21/compute/v2.1/servers/706e02ee-d1b9-40cc-bfbb-53fa0a478cca 0.088s
2025-11-22 00:36:49.721 66665 INFO tempest.lib.common.rest_client [req-4dd1e7e1-4951-4b2d-97e5-3f85dae7d373 req-4dd1e7e1-4951-4b2d-97e5-3f85dae7d373 ] Request (ServersTestFqdnHostnames:tearDownClass): 200 GET http://10.180.1.21/compute/v2.1/servers/132992d9-4e76-4b76-b8e2-f3ed2934ab81 0.062s
2025-11-22 00:36:49.788 66655 INFO tempest.lib.common.rest_client [req-f0d80201-1c4e-45d2-978e-eaf9619993ac req-f0d80201-1c4e-45d2-978e-eaf9619993ac ] Request (ServerRescueNegativeTestJSON:setUpClass): 200 GET http://10.180.1.21/compute/v2.1/servers/6f5df947-00cd-4253-afaf-b75e43ee17a3 0.056s
2025-11-22 00:36:49.790 66667 INFO tempest.lib.common.rest_client [req-96462b35-cc97-4ada-bb88-a564236f59e0 req-96462b35-cc97-4ada-bb88-a564236f59e0 ] Request (ServersAaction247Test:tearDownClass): 200 GET http://10.180.1.21/compute/v2.1/servers/c623871a-81d8-41d5-bd10-9cfe12bba842 0.066s
2025-11-22 00:36:49.841 66615 INFO tempest.lib.common.rest_client [req-b74978cd-8e48-41ab-997c-10fc46ba5229 req-b74978cd-8e48-41ab-997c-10fc46ba5229 ] Request (ImagesTestJSON:test_create_server_from_snapshot): 200 GET http://10.180.1.21/compute/v2.1/servers/99b760ba-0efb-44c2-ab92-f98c26721f71 0.059s
2025-11-22 00:36:49.856 66669 INFO tempest.lib.common.rest_client [req-c68c0b1d-d33b-4397-b437-f37cd3eef39d req-c68c0b1d-d33b-4397-b437-f37cd3eef39d ] Request (MultipleCreateTestJSON:test_multiple_create_with_reservation_return): 200 GET http://10.180.1.21/compute/v2.1/servers/46ec1b8f-a841-4bfd-bd0d-039f36e8ef9c 0.061s
2025-11-22 00:36:49.915 66613 INFO tempest.lib.common.rest_client [req-1829fca9-3abe-4bfe-b9e6-a05939c15d29 req-1829fca9-3abe-4bfe-b9e6-a05939c15d29 ] Request (ServersAdminTestJSON:tearDownClass): 200 GET http://10.180.1.21/compute/v2.1/servers/8547366b-2c27-4119-8843-d70a6020abbf 0.067s
2025-11-22 00:36:50.020 66649 INFO tempest.lib.common.rest_client [req-22f350fb-dd20-45a7-9c1c-44fb75031dfa req-22f350fb-dd20-45a7-9c1c-44fb75031dfa ] Request (ListServersNegativeTestJSON:setUpClass): 200 GET http://10.180.1.21/compute/v2.1/servers/25fa5c96-d526-4c42-b447-365882281244 0.080s
2025-11-22 00:36:50.063 66635 INFO tempest.lib.common.rest_client [req-4b62f236-9ad4-4e67-8e49-4ba27e01f816 req-4b62f236-9ad4-4e67-8e49-4ba27e01f816 ] Request (ListImageFiltersTestJSON:setUpClass): 200 GET http://10.180.1.21/compute/v2.1/images/d9bde649-881f-4a43-8b72-b7355ddb8f30 0.108s
2025-11-22 00:36:50.082 66625 INFO tempest.lib.common.rest_client [req-53b12afe-d85c-47ab-80c3-e16a30e807f2 req-53b12afe-d85c-47ab-80c3-e16a30e807f2 ] Request (ServersNegativeTestMultiTenantJSON:tearDownClass): 200 GET http://10.180.1.21/compute/v2.1/servers/ab44c963-4841-40f9-9057-c4d7771bd873 0.163s
2025-11-22 00:36:50.144 66639 INFO tempest.lib.common.rest_client [req-7ad8637d-d4f1-4f83-afa9-b95d8bd9d7fe req-7ad8637d-d4f1-4f83-afa9-b95d8bd9d7fe ] Request (DeleteServersTestJSON:test_delete_active_server): 200 GET http://10.180.1.21/compute/v2.1/servers/b42a9d1c-2176-4d6e-a873-61a6805c5d6a 0.130s
2025-11-22 00:36:50.163 66645 INFO tempest.lib.common.rest_client [req-0ecfac34-fc2f-43f8-9afb-2b6a3524d965 req-0ecfac34-fc2f-43f8-9afb-2b6a3524d965 ] Request (ImagesOneServerNegativeTestJSON:_run_cleanups): 200 GET http://10.180.1.21/compute/v2.1/servers/e170ef19-c842-4a46-b033-d29c40887ed9 0.164s
2025-11-22 00:36:50.219 66629 INFO tempest.lib.common.rest_client [req-d95d21d2-fe7b-4a71-9895-ee25f09afcab req-d95d21d2-fe7b-4a71-9895-ee25f09afcab ] Request (AttachInterfacesUnderV243Test:_run_cleanups): 200 GET http://10.180.1.21/compute/v2.1/servers/b2221047-0316-47b1-b4a3-e0c426504f92 0.143s
2025-11-22 00:36:50.243 66627 INFO tempest.lib.common.rest_client [req-3967f2bb-10b0-4182-823d-1a72df7fe795 req-3967f2bb-10b0-4182-823d-1a72df7fe795 ] Request (AttachVolumeTestJSON:_run_cleanups): 200 GET http://10.180.1.21/compute/v2.1/servers/e9c9b705-224c-477d-84d2-322487b0cbba 0.084s
2025-11-22 00:36:50.356 66661 INFO tempest.lib.common.rest_client [req-1324cb4d-4c70-4e30-af65-19e8c7f5cc30 req-1324cb4d-4c70-4e30-af65-19e8c7f5cc30 ] Request (VolumesAssistedSnapshotsTest:tearDownClass): 200 GET http://10.180.1.21/compute/v2.1/servers/a97ef002-ffed-4d29-8e65-505a5596a7d7 0.120s
2025-11-22 00:36:50.388 66619 INFO tempest.lib.common.rest_client [req-71fd8c72-cc4a-4b7c-b0a4-7bcef288f7e2 req-71fd8c72-cc4a-4b7c-b0a4-7bcef288f7e2 ] Request (ServersTestJSON:tearDownClass): 200 GET http://10.180.1.21/compute/v2.1/servers/d9612cfc-3174-4a52-bafc-48988f3f6a07 0.205s
2025-11-22 00:36:50.468 66609 INFO tempest.lib.common.rest_client [req-769f10e2-072d-4b5d-8b51-840cd1a65793 req-769f10e2-072d-4b5d-8b51-840cd1a65793 ] Request (ServerPasswordTestJSON:setUpClass): 200 GET http://10.180.1.21/compute/v2.1/servers/91dd0eb9-b11d-47a1-96e9-49ec74cca049 0.188s
2025-11-22 00:36:50.492 66623 INFO tempest.lib.common.rest_client [req-9a2513f8-6b7c-4cf7-b0cf-2d8335a42ada req-9a2513f8-6b7c-4cf7-b0cf-2d8335a42ada ] Request (ServersNegativeTestJSON:tearDown): 200 GET http://10.180.1.21/compute/v2.1/servers/79cf2e95-2bbe-42e2-8d44-c592189bcdfc 0.235s
2025-11-22 00:36:50.551 66643 INFO tempest.lib.common.rest_client [req-eceeb902-b7f8-44d8-b3da-05cf0863d60c req-eceeb902-b7f8-44d8-b3da-05cf0863d60c ] Request (ListServerFiltersTestJSON:setUpClass): 200 GET http://10.180.1.21/compute/v2.1/servers/67e58d35-c3d3-40fa-9401-269c184102c5 0.222s
2025-11-22 00:36:50.647 66631 INFO tempest.lib.common.rest_client [req-dc9e74ce-1c06-4730-9ae8-33859275f187 req-dc9e74ce-1c06-4730-9ae8-33859275f187 ] Request (AttachVolumeShelveTestJSON:test_attach_volume_shelved_or_offload_server): 200 GET http://10.180.1.21/compute/v2.1/servers/f48f59e9-9b63-41b9-b33a-14bc70fe93dd 0.240s
2025-11-22 00:36:50.677 66641 INFO tempest.lib.common.rest_client [req-b6d985af-7171-4df7-9835-49974dba035d req-b6d985af-7171-4df7-9835-49974dba035d ] Request (ServerActionsTestOtherA:test_rebuild_server_with_volume_attached): 200 GET http://10.180.1.21/compute/v2.1/servers/d2716138-830f-44cf-86da-e74007392e95 0.286s
2025-11-22 00:36:50.886 66611 INFO tempest.lib.common.rest_client [req-7477fa57-b118-4bb5-8d87-f9cd1dcecab4 req-7477fa57-b118-4bb5-8d87-f9cd1dcecab4 ] Request (ServerDiskConfigTestJSON:test_rebuild_server_with_manual_disk_config): 200 GET http://10.180.1.21/compute/v2.1/servers/ab36aba0-919a-48fa-99ee-a5e3833ad3fe 0.256s
2025-11-22 00:36:50.893 66611 INFO tempest.common.waiters [-] State transition "BUILD/networking" ==> "BUILD/block_device_mapping" after 64 second wait
2025-11-22 00:36:50.969 66633 INFO tempest.lib.common.rest_client [req-69bcc13d-3dfe-4910-803d-a2b3d3507fc6 req-69bcc13d-3dfe-4910-803d-a2b3d3507fc6 ] Request (MigrationsAdminTest:test_resize_server_revert_deleted_flavor): 200 GET http://10.180.1.21/compute/v2.1/servers/8d859fa6-7772-4899-8d3a-be75805b7f2f 0.302s
2025-11-22 00:36:51.205 66651 INFO tempest.lib.common.rest_client [req-d871c240-7002-4ebc-9629-a3b89e8e8108 req-d871c240-7002-4ebc-9629-a3b89e8e8108 ] Request (AttachVolumeNegativeTest:test_attach_attached_volume_to_different_server): 200 GET http://10.180.1.21/compute/v2.1/servers/706e02ee-d1b9-40cc-bfbb-53fa0a478cca 0.521s
2025-11-22 00:36:51.221 66665 INFO tempest.lib.common.rest_client [req-7c8f99f0-c708-4c4f-b93d-b08700356b18 req-7c8f99f0-c708-4c4f-b93d-b08700356b18 ] Request (ServersTestFqdnHostnames:tearDownClass): 200 GET http://10.180.1.21/compute/v2.1/servers/132992d9-4e76-4b76-b8e2-f3ed2934ab81 0.491s
2025-11-22 00:36:51.265 66655 INFO tempest.lib.common.rest_client [req-aab9953a-c7c9-4213-a61a-56695a09f3b3 req-aab9953a-c7c9-4213-a61a-56695a09f3b3 ] Request (ServerRescueNegativeTestJSON:setUpClass): 200 GET http://10.180.1.21/compute/v2.1/servers/6f5df947-00cd-4253-afaf-b75e43ee17a3 0.469s
2025-11-22 00:36:51.725 66667 INFO tempest.lib.common.rest_client [req-fd24292d-3f77-4138-a02e-da0b1598d7cb req-fd24292d-3f77-4138-a02e-da0b1598d7cb ] Request (ServersAaction247Test:tearDownClass): 200 GET http://10.180.1.21/compute/v2.1/servers/c623871a-81d8-41d5-bd10-9cfe12bba842 0.925s
2025-11-22 00:36:51.731 66615 INFO tempest.lib.common.rest_client [req-588cd442-b2bf-4e73-86dc-63f95bd4aad8 req-588cd442-b2bf-4e73-86dc-63f95bd4aad8 ] Request (ImagesTestJSON:test_create_server_from_snapshot): 200 GET http://10.180.1.21/compute/v2.1/servers/99b760ba-0efb-44c2-ab92-f98c26721f71 0.883s
2025-11-22 00:36:51.792 66669 INFO tempest.lib.common.rest_client [req-4b2d2c26-a2f0-4879-8e57-c9eea6fc8bd7 req-4b2d2c26-a2f0-4879-8e57-c9eea6fc8bd7 ] Request (MultipleCreateTestJSON:test_multiple_create_with_reservation_return): 200 GET http://10.180.1.21/compute/v2.1/servers/46ec1b8f-a841-4bfd-bd0d-039f36e8ef9c 0.926s
2025-11-22 00:36:51.806 66613 INFO tempest.lib.common.rest_client [req-09a2cfd5-3811-4be6-89bc-c1fe07f382ea req-09a2cfd5-3811-4be6-89bc-c1fe07f382ea ] Request (ServersAdminTestJSON:tearDownClass): 200 GET http://10.180.1.21/compute/v2.1/servers/8547366b-2c27-4119-8843-d70a6020abbf 0.881s
2025-11-22 00:36:51.849 66635 INFO tempest.lib.common.rest_client [req-10a87df5-cce6-46a9-8b67-4e2611f5cee4 req-10a87df5-cce6-46a9-8b67-4e2611f5cee4 ] Request (ListImageFiltersTestJSON:setUpClass): 200 GET http://10.180.1.21/compute/v2.1/images/d9bde649-881f-4a43-8b72-b7355ddb8f30 0.780s
2025-11-22 00:36:51.861 66649 INFO tempest.lib.common.rest_client [req-13632f77-a5f6-439c-a9fe-bb752c2c8ca2 req-13632f77-a5f6-439c-a9fe-bb752c2c8ca2 ] Request (ListServersNegativeTestJSON:setUpClass): 200 GET http://10.180.1.21/compute/v2.1/servers/25fa5c96-d526-4c42-b447-365882281244 0.830s
