2025-11-22 00:35:45.552 66623 INFO tempest.lib.common.rest_client [req-cd32d101-cead-48b7-b8ef-1f2078150b53 req-cd32d101-cead-48b7-b8ef-1f2078150b53 ] Request (ServersNegativeTestJSON:test_resize_server_with_null_flavor): 400 POST http://10.180.1.21/compute/v2.1/servers/79cf2e95-2bbe-42e2-8d44-c592189bcdfc/action 0.204s
2025-11-22 00:35:45.585 66643 INFO tempest.lib.common.rest_client [req-b6f3b851-6bd5-424a-bd1c-b21416bda36d req-b6f3b851-6bd5-424a-bd1c-b21416bda36d ] Request (InstanceActionsV221TestJSON:test_get_list_deleted_instance_actions): 200 GET http://10.180.1.21/compute/v2.1/servers/4a6214d2-1b40-491f-9f74-5829e78ac0eb 0.250s
2025-11-22 00:35:45.600 66645 INFO tempest.lib.common.rest_client [req-76ad9aa9-c3ca-41cc-84b6-41da4a826819 req-76ad9aa9-c3ca-41cc-84b6-41da4a826819 ] Request (ImagesOneServerNegativeTestJSON:_run_cleanups): 200 GET http://10.180.1.21/compute/v2.1/servers/e170ef19-c842-4a46-b033-d29c40887ed9 0.233s
2025-11-22 00:35:45.636 66631 INFO tempest.lib.common.rest_client [req-986f6883-1a19-4327-a3b4-933b04014fef req-986f6883-1a19-4327-a3b4-933b04014fef ] Request (ServersTestManualDisk:test_list_servers): 200 GET http://10.180.1.21/compute/v2.1/servers 0.233s
2025-11-22 00:35:45.729 66607 INFO tempest.lib.common.rest_client [req-1f956b8f-175d-467b-80e5-a49af3ffedc1 req-1f956b8f-175d-467b-80e5-a49af3ffedc1 ] Request (ServersListShow298Test:test_list_show_update_rebuild_server_298): 200 GET http://10.180.1.21/compute/v2.1/servers/71e8b57e-72d8-437e-91d6-ca4c2cac9377 0.257s
2025-11-22 00:35:45.789 66635 INFO tempest.lib.common.rest_client [req-4184033a-2de2-411e-8e2f-747789a7dd1f req-4184033a-2de2-411e-8e2f-747789a7dd1f ] Request (ListImageFiltersTestJSON:setUpClass): 200 GET http://10.180.1.21/compute/v2.1/servers/cfd4609c-6369-4195-98b8-d3a2d7bff9a0 0.258s
2025-11-22 00:35:45.848 66651 INFO tempest.lib.common.rest_client [req-449f2fee-8033-4594-8afe-79087004983e req-449f2fee-8033-4594-8afe-79087004983e ] Request (AttachVolumeNegativeTest:test_attach_attached_volume_to_different_server): 200 GET http://10.180.1.21/volume/v3/volumes/b95cf80b-a13c-41ca-be08-09faf757771b 0.028s
2025-11-22 00:35:45.869 66609 INFO tempest.lib.common.rest_client [req-70689b48-dd5f-453e-b2e0-873f754d8c88 req-70689b48-dd5f-453e-b2e0-873f754d8c88 ] Request (ServersAdminNegativeTestJSON:tearDownClass): 200 GET http://10.180.1.21/compute/v2.1/servers/36d4c8b2-cf02-4b04-aa4a-fb17ad78fc76 0.325s
2025-11-22 00:35:45.915 66611 INFO tempest.lib.common.rest_client [req-ecf21e64-37a6-48fa-bd4e-2bd0346ba700 req-ecf21e64-37a6-48fa-bd4e-2bd0346ba700 ] Request (ServerDiskConfigTestJSON:test_rebuild_server_with_manual_disk_config): 202 POST http://10.180.1.21/compute/v2.1/servers 0.448s
2025-11-22 00:35:45.980 66623 INFO tempest.lib.common.rest_client [req-7909ce2e-5bfd-439f-af6c-ad8db89d9059 req-7909ce2e-5bfd-439f-af6c-ad8db89d9059 ] Request (ServersNegativeTestJSON:tearDown): 200 GET http://10.180.1.21/compute/v2.1/servers/79cf2e95-2bbe-42e2-8d44-c592189bcdfc 0.427s
2025-11-22 00:35:46.057 66641 INFO tempest.lib.common.rest_client [req-af503c91-8236-4aef-b3ff-af661b5a12c0 req-af503c91-8236-4aef-b3ff-af661b5a12c0 ] Request (ServerActionsTestOtherA:test_rebuild_server_with_volume_attached): 200 GET http://10.180.1.21/compute/v2.1/servers/d2716138-830f-44cf-86da-e74007392e95 0.398s
2025-11-22 00:35:46.075 66631 INFO tempest.lib.common.rest_client [req-54e2c075-c93b-41b4-b807-04ae0e316739 req-54e2c075-c93b-41b4-b807-04ae0e316739 ] Request (ServersTestManualDisk:test_list_servers_with_detail): 200 GET http://10.180.1.21/compute/v2.1/servers/detail 0.436s
2025-11-22 00:35:46.104 66615 INFO tempest.lib.common.rest_client [req-fc775493-8df5-4f10-8893-a3291853a9d7 req-fc775493-8df5-4f10-8893-a3291853a9d7 ] Request (ImagesTestJSON:test_create_image_from_suspended_server): 200 GET http://10.180.1.21/compute/v2.1/servers/fcab72b3-b7d6-4ba0-8770-5dcb2b77115e 0.213s
2025-11-22 00:35:46.116 66611 INFO tempest.lib.common.rest_client [req-609c18e5-921e-40ef-b1a9-3804696d9a8b req-609c18e5-921e-40ef-b1a9-3804696d9a8b ] Request (ServerDiskConfigTestJSON:test_rebuild_server_with_manual_disk_config): 200 GET http://10.180.1.21/compute/v2.1/servers/ab36aba0-919a-48fa-99ee-a5e3833ad3fe 0.198s
2025-11-22 00:35:46.155 66660 INFO tempest.lib.common.rest_client [req-8e232233-3517-41da-94ef-7e09aed8153e req-8e232233-3517-41da-94ef-7e09aed8153e ] Request (ServerGroupTestJSON:_run_cleanups): 200 GET http://10.180.1.21/compute/v2.1/servers/5b6f97e3-43e1-45a2-ae5e-233f0b1ba4e4 0.196s
2025-11-22 00:35:46.215 66623 INFO tempest.lib.common.rest_client [req-7d16550b-b4d3-4796-984c-b705b9a1bb82 req-7d16550b-b4d3-4796-984c-b705b9a1bb82 ] Request (ServersNegativeTestJSON:setUp): 200 GET http://10.180.1.21/compute/v2.1/servers/79cf2e95-2bbe-42e2-8d44-c592189bcdfc 0.224s
2025-11-22 00:35:46.215 66667 INFO tempest.lib.common.rest_client [req-5ec4053d-d58a-48f8-a70c-0056ebda50ba req-5ec4053d-d58a-48f8-a70c-0056ebda50ba ] Request (ServersAaction247Test:test_create_backup): 200 GET http://10.180.1.21/compute/v2.1/servers/c623871a-81d8-41d5-bd10-9cfe12bba842 0.170s
2025-11-22 00:35:46.226 66631 INFO tempest.lib.common.rest_client [req-dd01e4f5-db95-4eaa-801c-82cd5d28b242 req-dd01e4f5-db95-4eaa-801c-82cd5d28b242 ] Request (ServersTestManualDisk:test_verify_created_server_vcpus): 200 GET http://10.180.1.21/compute/v2.1/flavors/42 0.142s
2025-11-22 00:35:46.228 66631 INFO tempest.lib.common.ssh [-] Creating ssh connection to '10.180.180.188:22' as 'cirros' with public key authentication
2025-11-22 00:35:46.232 66631 INFO paramiko.transport [-] Connected (version 2.0, client dropbear_2020.81)
2025-11-22 00:35:46.282 66613 INFO tempest.lib.common.rest_client [req-aecbcf8d-e1ff-4529-9159-50ddca77758c req-aecbcf8d-e1ff-4529-9159-50ddca77758c ] Request (ServersAdminTestJSON:tearDownClass): 200 GET http://10.180.1.21/compute/v2.1/servers/0082ba28-7fa4-4872-bc5d-c9bae7cd6f43 0.179s
2025-11-22 00:35:46.285 66649 INFO tempest.lib.common.rest_client [req-3ec15d6f-ec2e-4beb-92ed-007350903656 req-3ec15d6f-ec2e-4beb-92ed-007350903656 ] Request (ListServersNegativeTestJSON:setUpClass): 200 GET http://10.180.1.21/compute/v2.1/servers/25fa5c96-d526-4c42-b447-365882281244 0.134s
2025-11-22 00:35:46.293 66623 INFO tempest.lib.common.rest_client [req-ea6a8b1a-23cf-4b1a-9fb8-fd013cb128d3 req-ea6a8b1a-23cf-4b1a-9fb8-fd013cb128d3 ] Request (ServersNegativeTestJSON:test_restore_nonexistent_server_id): 404 POST http://10.180.1.21/compute/v2.1/servers/951a4af1-7222-4f97-a24e-476c37f49046/action 0.069s
2025-11-22 00:35:46.295 66631 INFO paramiko.transport [-] Authentication (publickey) successful!
2025-11-22 00:35:46.295 66631 INFO tempest.lib.common.ssh [-] ssh connection to cirros@10.180.180.188 successfully created
2025-11-22 00:35:46.337 66619 INFO tempest.lib.common.rest_client [req-49c1edc2-1837-48fb-9e43-25e1545d49ce req-49c1edc2-1837-48fb-9e43-25e1545d49ce ] Request (ServersTestJSON:setUpClass): 200 GET http://10.180.1.21/compute/v2.1/servers/d9612cfc-3174-4a52-bafc-48988f3f6a07 0.105s
2025-11-22 00:35:46.383 66655 INFO tempest.lib.common.rest_client [req-aa6a1c2a-67e4-4577-8402-446726bb160c req-aa6a1c2a-67e4-4577-8402-446726bb160c ] Request (AttachInterfacesV270Test:test_create_get_list_interfaces): 200 GET http://10.180.1.21/compute/v2.1/servers/4d6a4ac9-ab10-4767-84fe-1399b8a072d5 0.122s
2025-11-22 00:35:46.392 66655 INFO tempest.common.waiters [-] State transition "BUILD/block_device_mapping" ==> "BUILD/spawning" after 36 second wait
2025-11-22 00:35:46.448 66623 INFO tempest.lib.common.rest_client [req-fc747583-561f-4b7f-ab9b-e94f2d1fd7c2 req-fc747583-561f-4b7f-ab9b-e94f2d1fd7c2 ] Request (ServersNegativeTestJSON:tearDown): 200 GET http://10.180.1.21/compute/v2.1/servers/79cf2e95-2bbe-42e2-8d44-c592189bcdfc 0.154s
2025-11-22 00:35:46.489 66631 INFO tempest.lib.common.rest_client [req-8f50bf5f-a84e-4b57-94cb-41feceff4bd0 req-8f50bf5f-a84e-4b57-94cb-41feceff4bd0 ] Request (ServersTestManualDisk:tearDownClass): 204 DELETE http://10.180.1.21/compute/v2.1/servers/382e2934-9ec1-4647-bc93-f7f6b2c02885 0.186s
2025-11-22 00:35:46.519 66625 INFO tempest.lib.common.rest_client [req-3c5aa807-b97d-4897-8b19-b18b17e1a96c req-3c5aa807-b97d-4897-8b19-b18b17e1a96c ] Request (ServersNegativeTestMultiTenantJSON:setUpClass): 200 GET http://10.180.1.21/compute/v2.1/servers/ab44c963-4841-40f9-9057-c4d7771bd873 0.194s
2025-11-22 00:35:46.623 66623 INFO tempest.lib.common.rest_client [req-e6c2d073-fe9d-4325-bed4-531680d0d357 req-e6c2d073-fe9d-4325-bed4-531680d0d357 ] Request (ServersNegativeTestJSON:setUp): 200 GET http://10.180.1.21/compute/v2.1/servers/79cf2e95-2bbe-42e2-8d44-c592189bcdfc 0.167s
2025-11-22 00:35:46.639 66633 INFO tempest.lib.common.rest_client [req-0531f676-d928-4dcc-9cd8-b9a2a326a2fa req-0531f676-d928-4dcc-9cd8-b9a2a326a2fa ] Request (MigrationsAdminTest:test_resize_server_revert_deleted_flavor): 200 GET http://10.180.1.21/compute/v2.1/servers/8d859fa6-7772-4899-8d3a-be75805b7f2f 0.150s
2025-11-22 00:35:46.702 66653 INFO tempest.lib.common.rest_client [req-c497c5ce-98a9-4614-a367-5201c1aae02d req-c497c5ce-98a9-4614-a367-5201c1aae02d ] Request (ServerMetadataTestJSON:tearDownClass): 200 GET http://10.180.1.21/compute/v2.1/servers/8f4ee749-488c-4b68-8beb-1dbc29c2bea3 0.203s
2025-11-22 00:35:46.722 66631 INFO tempest.lib.common.rest_client [req-bcf10a25-f91b-4670-a7c9-89bb9d51a082 req-bcf10a25-f91b-4670-a7c9-89bb9d51a082 ] Request (ServersTestManualDisk:tearDownClass): 200 GET http://10.180.1.21/compute/v2.1/servers/382e2934-9ec1-4647-bc93-f7f6b2c02885 0.233s
2025-11-22 00:35:46.757 66669 INFO tempest.lib.common.rest_client [req-752a1be1-6629-4998-a6d1-ddbd08a97dbd req-752a1be1-6629-4998-a6d1-ddbd08a97dbd ] Request (MultipleCreateTestJSON:test_multiple_create): 200 GET http://10.180.1.21/compute/v2.1/servers/a0e00acd-e019-4228-a74c-72db1b021ec1 0.220s
2025-11-22 00:35:46.781 66639 INFO tempest.lib.common.rest_client [req-c9390993-98df-4aa0-bd2c-e4bf5109f436 req-c9390993-98df-4aa0-bd2c-e4bf5109f436 ] Request (FloatingIPsAssociationTestJSON:tearDownClass): 200 GET http://10.180.1.21/compute/v2.1/servers/5d1a7fa8-0c77-4e29-b2e2-49a04c355eee 0.226s
2025-11-22 00:35:46.823 66643 INFO tempest.lib.common.rest_client [req-a4d4a2bf-6993-4938-b9a6-329fe243226b req-a4d4a2bf-6993-4938-b9a6-329fe243226b ] Request (InstanceActionsV221TestJSON:test_get_list_deleted_instance_actions): 200 GET http://10.180.1.21/compute/v2.1/servers/4a6214d2-1b40-491f-9f74-5829e78ac0eb 0.230s
2025-11-22 00:35:46.835 66623 INFO tempest.lib.common.rest_client [req-f43c63ab-0419-48a1-b7df-78cd217d0408 req-f43c63ab-0419-48a1-b7df-78cd217d0408 ] Request (ServersNegativeTestJSON:test_resume_non_existent_server): 404 POST http://10.180.1.21/compute/v2.1/servers/970ff7f3-1d62-42dd-aca3-1422fc11433e/action 0.204s
2025-11-22 00:35:46.837 66645 INFO tempest.lib.common.rest_client [req-f5961c9d-ab27-45d6-a5fa-712e925e50b4 req-f5961c9d-ab27-45d6-a5fa-712e925e50b4 ] Request (ImagesOneServerNegativeTestJSON:_run_cleanups): 200 GET http://10.180.1.21/compute/v2.1/servers/e170ef19-c842-4a46-b033-d29c40887ed9 0.230s
2025-11-22 00:35:46.890 66651 INFO tempest.lib.common.rest_client [req-8aa3a3e6-1a7d-4d9c-91aa-33ec94e04df4 req-8aa3a3e6-1a7d-4d9c-91aa-33ec94e04df4 ] Request (AttachVolumeNegativeTest:test_attach_attached_volume_to_different_server): 200 GET http://10.180.1.21/volume/v3/volumes/b95cf80b-a13c-41ca-be08-09faf757771b 0.034s
2025-11-22 00:35:46.895 66635 INFO tempest.lib.common.rest_client [req-99bd0800-94e4-4d5d-ae9d-d32ce14905d9 req-99bd0800-94e4-4d5d-ae9d-d32ce14905d9 ] Request (ListImageFiltersTestJSON:setUpClass): 200 GET http://10.180.1.21/compute/v2.1/servers/cfd4609c-6369-4195-98b8-d3a2d7bff9a0 0.098s
2025-11-22 00:35:46.912 66607 INFO tempest.lib.common.rest_client [req-2531fdb8-51fc-46b8-bb46-199309a35d35 req-2531fdb8-51fc-46b8-bb46-199309a35d35 ] Request (ServersListShow298Test:test_list_show_update_rebuild_server_298): 200 GET http://10.180.1.21/compute/v2.1/servers/71e8b57e-72d8-437e-91d6-ca4c2cac9377 0.170s
2025-11-22 00:35:46.974 66609 INFO tempest.lib.common.rest_client [req-df005e80-2f35-4bc9-ba2d-390b8caa4882 req-df005e80-2f35-4bc9-ba2d-390b8caa4882 ] Request (ServersAdminNegativeTestJSON:tearDownClass): 200 GET http://10.180.1.21/compute/v2.1/servers/36d4c8b2-cf02-4b04-aa4a-fb17ad78fc76 0.098s
2025-11-22 00:35:47.004 66623 INFO tempest.lib.common.rest_client [req-1af65e34-2b3e-4a6a-9b02-0617ee422652 req-1af65e34-2b3e-4a6a-9b02-0617ee422652 ] Request (ServersNegativeTestJSON:tearDown): 200 GET http://10.180.1.21/compute/v2.1/servers/79cf2e95-2bbe-42e2-8d44-c592189bcdfc 0.168s
2025-11-22 00:35:47.136 66623 INFO tempest.lib.common.rest_client [req-173884f0-e6c4-4d06-a6c4-2fad1449b060 req-173884f0-e6c4-4d06-a6c4-2fad1449b060 ] Request (ServersNegativeTestJSON:setUp): 200 GET http://10.180.1.21/compute/v2.1/servers/79cf2e95-2bbe-42e2-8d44-c592189bcdfc 0.122s
2025-11-22 00:35:47.149 66641 INFO tempest.lib.common.rest_client [req-090db189-23ab-4051-91f1-2650d123f5bc req-090db189-23ab-4051-91f1-2650d123f5bc ] Request (ServerActionsTestOtherA:test_rebuild_server_with_volume_attached): 200 GET http://10.180.1.21/compute/v2.1/servers/d2716138-830f-44cf-86da-e74007392e95 0.083s
2025-11-22 00:35:47.192 66615 INFO tempest.lib.common.rest_client [req-afc909a2-2697-43ff-82f4-12c3ae8d8f8b req-afc909a2-2697-43ff-82f4-12c3ae8d8f8b ] Request (ImagesTestJSON:test_create_image_from_suspended_server): 200 GET http://10.180.1.21/compute/v2.1/servers/fcab72b3-b7d6-4ba0-8770-5dcb2b77115e 0.079s
2025-11-22 00:35:47.217 66611 INFO tempest.lib.common.rest_client [req-d430eb5b-894c-4894-bec6-0818b857c5b9 req-d430eb5b-894c-4894-bec6-0818b857c5b9 ] Request (ServerDiskConfigTestJSON:test_rebuild_server_with_manual_disk_config): 200 GET http://10.180.1.21/compute/v2.1/servers/ab36aba0-919a-48fa-99ee-a5e3833ad3fe 0.093s
2025-11-22 00:35:47.224 66623 INFO tempest.lib.common.rest_client [req-2b6d0bc4-6d4b-40b3-8692-b0fdead14c4d req-2b6d0bc4-6d4b-40b3-8692-b0fdead14c4d ] Request (ServersNegativeTestJSON:test_resume_server_invalid_state): 409 POST http://10.180.1.21/compute/v2.1/servers/79cf2e95-2bbe-42e2-8d44-c592189bcdfc/action 0.080s
2025-11-22 00:35:47.290 66667 INFO tempest.lib.common.rest_client [req-ab55541a-f73b-4a97-bdb4-499566ce3498 req-ab55541a-f73b-4a97-bdb4-499566ce3498 ] Request (ServersAaction247Test:test_create_backup): 200 GET http://10.180.1.21/compute/v2.1/servers/c623871a-81d8-41d5-bd10-9cfe12bba842 0.065s
2025-11-22 00:35:47.307 66660 INFO tempest.lib.common.rest_client [req-5a22db83-e0a8-480c-82ea-98aae4bb9de5 req-5a22db83-e0a8-480c-82ea-98aae4bb9de5 ] Request (ServerGroupTestJSON:_run_cleanups): 200 GET http://10.180.1.21/compute/v2.1/servers/5b6f97e3-43e1-45a2-ae5e-233f0b1ba4e4 0.144s
2025-11-22 00:35:47.386 66649 INFO tempest.lib.common.rest_client [req-98f94715-da82-45f4-b6e9-7f8eb125ea48 req-98f94715-da82-45f4-b6e9-7f8eb125ea48 ] Request (ListServersNegativeTestJSON:setUpClass): 200 GET http://10.180.1.21/compute/v2.1/servers/25fa5c96-d526-4c42-b447-365882281244 0.093s
2025-11-22 00:35:47.412 66623 INFO tempest.lib.common.rest_client [req-f93d1d59-c343-41a0-80ad-a0d9c1434549 req-f93d1d59-c343-41a0-80ad-a0d9c1434549 ] Request (ServersNegativeTestJSON:tearDown): 200 GET http://10.180.1.21/compute/v2.1/servers/79cf2e95-2bbe-42e2-8d44-c592189bcdfc 0.187s
2025-11-22 00:35:47.511 66613 INFO tempest.lib.common.rest_client [req-d176c741-c424-4a9c-901b-acd1bf3693d7 req-d176c741-c424-4a9c-901b-acd1bf3693d7 ] Request (ServersAdminTestJSON:tearDownClass): 200 GET http://10.180.1.21/compute/v2.1/servers/0082ba28-7fa4-4872-bc5d-c9bae7cd6f43 0.217s
2025-11-22 00:35:47.525 66619 INFO tempest.lib.common.rest_client [req-0084b0a1-3514-448f-88e1-c460139dc73c req-0084b0a1-3514-448f-88e1-c460139dc73c ] Request (ServersTestJSON:setUpClass): 200 GET http://10.180.1.21/compute/v2.1/servers/d9612cfc-3174-4a52-bafc-48988f3f6a07 0.181s
2025-11-22 00:35:47.738 66655 INFO tempest.lib.common.rest_client [req-c62ade6a-f8d4-463f-8d17-df94eb6cc49c req-c62ade6a-f8d4-463f-8d17-df94eb6cc49c ] Request (AttachInterfacesV270Test:test_create_get_list_interfaces): 200 GET http://10.180.1.21/compute/v2.1/servers/4d6a4ac9-ab10-4767-84fe-1399b8a072d5 0.344s
2025-11-22 00:35:47.767 66623 INFO tempest.lib.common.rest_client [req-1d3fc082-a278-4816-ba64-fb60e8d0008d req-1d3fc082-a278-4816-ba64-fb60e8d0008d ] Request (ServersNegativeTestJSON:setUp): 200 GET http://10.180.1.21/compute/v2.1/servers/79cf2e95-2bbe-42e2-8d44-c592189bcdfc 0.345s
2025-11-22 00:35:47.818 66623 INFO tempest.lib.common.rest_client [req-4317ce99-7ab3-4e6c-8ec5-55bc46c33771 req-4317ce99-7ab3-4e6c-8ec5-55bc46c33771 ] Request (ServersNegativeTestJSON:test_server_name_blank): 201 POST http://10.180.1.21/identity/v3/auth/tokens 0.037s
2025-11-22 00:35:47.819 66623 INFO tempest.lib.common.fixed_network [-] (ServersNegativeTestJSON:test_server_name_blank) Found network {'id': 'bdcf58c2-cdfe-4b27-a0bd-10380914e6ca', 'name': 'tempest-ServersNegativeTestJSON-1609947696-network', 'tenant_id': '2b06453698bc4ba79cec05760f974a9a', 'project_id': '2b06453698bc4ba79cec05760f974a9a', 'admin_state_up': True, 'mtu': 8950, 'status': 'ACTIVE', 'subnets': [], 'shared': False, 'port_security_enabled': True, 'router:external': False, 'provider:network_type': 'vlan', 'provider:physical_network': 'default', 'provider:segmentation_id': 94, 'availability_zone_hints': [], 'availability_zones': [], 'ipv4_address_scope': None, 'ipv6_address_scope': None, 'description': '', 'tags': [], 'created_at': '2025-11-22T00:33:22Z', 'updated_at': '2025-11-22T00:33:22Z', 'revision_number': 1} available for tenant
2025-11-22 00:35:47.930 66651 INFO tempest.lib.common.rest_client [req-5b08c83a-4521-4fad-858b-7587924cf7c5 req-5b08c83a-4521-4fad-858b-7587924cf7c5 ] Request (AttachVolumeNegativeTest:test_attach_attached_volume_to_different_server): 200 GET http://10.180.1.21/volume/v3/volumes/b95cf80b-a13c-41ca-be08-09faf757771b 0.031s
2025-11-22 00:35:47.988 66625 INFO tempest.lib.common.rest_client [req-3fd666e8-3973-4781-b0fb-210c17faaa4e req-3fd666e8-3973-4781-b0fb-210c17faaa4e ] Request (ServersNegativeTestMultiTenantJSON:setUpClass): 200 GET http://10.180.1.21/compute/v2.1/servers/ab44c963-4841-40f9-9057-c4d7771bd873 0.457s
2025-11-22 00:35:48.046 66633 INFO tempest.lib.common.rest_client [req-5ac411c9-c4b1-4525-85cf-59951cef633e req-5ac411c9-c4b1-4525-85cf-59951cef633e ] Request (MigrationsAdminTest:test_resize_server_revert_deleted_flavor): 200 GET http://10.180.1.21/compute/v2.1/servers/8d859fa6-7772-4899-8d3a-be75805b7f2f 0.397s
2025-11-22 00:35:48.060 66653 INFO tempest.lib.common.rest_client [req-a5e5df26-152c-4674-92f6-62f74e29d88c req-a5e5df26-152c-4674-92f6-62f74e29d88c ] Request (ServerMetadataTestJSON:tearDownClass): 200 GET http://10.180.1.21/compute/v2.1/servers/8f4ee749-488c-4b68-8beb-1dbc29c2bea3 0.350s
2025-11-22 00:35:48.135 66669 INFO tempest.lib.common.rest_client [req-6c4875e2-0abe-4658-ae7f-57e95f124258 req-6c4875e2-0abe-4658-ae7f-57e95f124258 ] Request (MultipleCreateTestJSON:test_multiple_create): 200 GET http://10.180.1.21/compute/v2.1/servers/a0e00acd-e019-4228-a74c-72db1b021ec1 0.365s
2025-11-22 00:35:48.164 66631 INFO tempest.lib.common.rest_client [req-ce9e9a0e-28bf-49bc-9fb8-10293f69388a req-ce9e9a0e-28bf-49bc-9fb8-10293f69388a ] Request (ServersTestManualDisk:tearDownClass): 200 GET http://10.180.1.21/compute/v2.1/servers/382e2934-9ec1-4647-bc93-f7f6b2c02885 0.432s
2025-11-22 00:35:48.171 66623 INFO tempest.lib.common.rest_client [req-bc21aada-3354-4557-a27c-5c440793330a req-bc21aada-3354-4557-a27c-5c440793330a ] Request (ServersNegativeTestJSON:test_server_name_blank): 400 POST http://10.180.1.21/compute/v2.1/servers 0.351s
2025-11-22 00:35:48.200 66639 INFO tempest.lib.common.rest_client [req-6b4a4965-a3ff-4d19-8e76-d47943c4c3f3 req-6b4a4965-a3ff-4d19-8e76-d47943c4c3f3 ] Request (FloatingIPsAssociationTestJSON:tearDownClass): 200 GET http://10.180.1.21/compute/v2.1/servers/5d1a7fa8-0c77-4e29-b2e2-49a04c355eee 0.411s
2025-11-22 00:35:48.235 66643 INFO tempest.lib.common.rest_client [req-170ae43c-3e88-4262-8f55-ecc69c7cd570 req-170ae43c-3e88-4262-8f55-ecc69c7cd570 ] Request (InstanceActionsV221TestJSON:test_get_list_deleted_instance_actions): 200 GET http://10.180.1.21/compute/v2.1/servers/4a6214d2-1b40-491f-9f74-5829e78ac0eb 0.404s
2025-11-22 00:35:48.265 66645 INFO tempest.lib.common.rest_client [req-4fc06699-03a2-4d15-a6b3-27904bfc83e3 req-4fc06699-03a2-4d15-a6b3-27904bfc83e3 ] Request (ImagesOneServerNegativeTestJSON:_run_cleanups): 200 GET http://10.180.1.21/compute/v2.1/servers/e170ef19-c842-4a46-b033-d29c40887ed9 0.421s
2025-11-22 00:35:48.288 66635 INFO tempest.lib.common.rest_client [req-d106aa72-3e4f-4756-add8-702c6dd3b6e8 req-d106aa72-3e4f-4756-add8-702c6dd3b6e8 ] Request (ListImageFiltersTestJSON:setUpClass): 200 GET http://10.180.1.21/compute/v2.1/servers/cfd4609c-6369-4195-98b8-d3a2d7bff9a0 0.384s
2025-11-22 00:35:48.331 66607 INFO tempest.lib.common.rest_client [req-cac7fd2d-6863-43c2-881c-7cc9b6f077c2 req-cac7fd2d-6863-43c2-881c-7cc9b6f077c2 ] Request (ServersListShow298Test:test_list_show_update_rebuild_server_298): 200 GET http://10.180.1.21/compute/v2.1/servers/71e8b57e-72d8-437e-91d6-ca4c2cac9377 0.408s
2025-11-22 00:35:48.378 66609 INFO tempest.lib.common.rest_client [req-ea1bbd31-21d0-4dd6-b67e-ec89ddec6f6e req-ea1bbd31-21d0-4dd6-b67e-ec89ddec6f6e ] Request (ServersAdminNegativeTestJSON:tearDownClass): 200 GET http://10.180.1.21/compute/v2.1/servers/36d4c8b2-cf02-4b04-aa4a-fb17ad78fc76 0.395s
2025-11-22 00:35:48.406 66641 INFO tempest.lib.common.rest_client [req-f725abe4-e1b5-4b0c-9067-deae667e0f89 req-f725abe4-e1b5-4b0c-9067-deae667e0f89 ] Request (ServerActionsTestOtherA:test_rebuild_server_with_volume_attached): 200 GET http://10.180.1.21/compute/v2.1/servers/d2716138-830f-44cf-86da-e74007392e95 0.249s
2025-11-22 00:35:48.530 66615 INFO tempest.lib.common.rest_client [req-506ff5a7-9de2-490a-a260-d4b9ec4cb00b req-506ff5a7-9de2-490a-a260-d4b9ec4cb00b ] Request (ImagesTestJSON:test_create_image_from_suspended_server): 200 GET http://10.180.1.21/compute/v2.1/servers/fcab72b3-b7d6-4ba0-8770-5dcb2b77115e 0.330s
2025-11-22 00:35:48.562 66623 INFO tempest.lib.common.rest_client [req-c01f3f46-28eb-447e-a90a-3b471203831f req-c01f3f46-28eb-447e-a90a-3b471203831f ] Request (ServersNegativeTestJSON:tearDown): 200 GET http://10.180.1.21/compute/v2.1/servers/79cf2e95-2bbe-42e2-8d44-c592189bcdfc 0.390s
2025-11-22 00:35:48.584 66611 INFO tempest.lib.common.rest_client [req-825f765e-fbfd-47e3-9e0d-681c5c4f9181 req-825f765e-fbfd-47e3-9e0d-681c5c4f9181 ] Request (ServerDiskConfigTestJSON:test_rebuild_server_with_manual_disk_config): 200 GET http://10.180.1.21/compute/v2.1/servers/ab36aba0-919a-48fa-99ee-a5e3833ad3fe 0.358s
2025-11-22 00:35:48.643 66667 INFO tempest.lib.common.rest_client [req-8dd87fa2-0367-4478-9a18-7dd910ded226 req-8dd87fa2-0367-4478-9a18-7dd910ded226 ] Request (ServersAaction247Test:test_create_backup): 200 GET http://10.180.1.21/compute/v2.1/servers/c623871a-81d8-41d5-bd10-9cfe12bba842 0.344s
2025-11-22 00:35:48.655 66660 INFO tempest.lib.common.rest_client [req-26226800-7cdd-499f-a552-2e4753bef0f0 req-26226800-7cdd-499f-a552-2e4753bef0f0 ] Request (ServerGroupTestJSON:_run_cleanups): 200 GET http://10.180.1.21/compute/v2.1/servers/5b6f97e3-43e1-45a2-ae5e-233f0b1ba4e4 0.337s
2025-11-22 00:35:48.717 66649 INFO tempest.lib.common.rest_client [req-d50367b4-0316-4251-8650-ab123c4357cd req-d50367b4-0316-4251-8650-ab123c4357cd ] Request (ListServersNegativeTestJSON:setUpClass): 200 GET http://10.180.1.21/compute/v2.1/servers/25fa5c96-d526-4c42-b447-365882281244 0.322s
2025-11-22 00:35:48.743 66613 INFO tempest.lib.common.rest_client [req-8398f5a2-1e6d-4905-93d0-f2136801cfbc req-8398f5a2-1e6d-4905-93d0-f2136801cfbc ] Request (ServersAdminTestJSON:tearDownClass): 200 GET http://10.180.1.21/compute/v2.1/servers/0082ba28-7fa4-4872-bc5d-c9bae7cd6f43 0.223s
2025-11-22 00:35:48.975 66651 INFO tempest.lib.common.rest_client [req-4bf174ea-065c-455b-9143-4c1e52424706 req-4bf174ea-065c-455b-9143-4c1e52424706 ] Request (AttachVolumeNegativeTest:test_attach_attached_volume_to_different_server): 200 GET http://10.180.1.21/volume/v3/volumes/b95cf80b-a13c-41ca-be08-09faf757771b 0.037s
2025-11-22 00:35:49.060 66619 INFO tempest.lib.common.rest_client [req-3f06f242-899b-444e-bd6a-a954a9c1ade8 req-3f06f242-899b-444e-bd6a-a954a9c1ade8 ] Request (ServersTestJSON:setUpClass): 200 GET http://10.180.1.21/compute/v2.1/servers/d9612cfc-3174-4a52-bafc-48988f3f6a07 0.526s
2025-11-22 00:35:49.227 66623 INFO tempest.lib.common.rest_client [req-76b47fe1-a74e-42ce-9628-8a25b2c8d60e req-76b47fe1-a74e-42ce-9628-8a25b2c8d60e ] Request (ServersNegativeTestJSON:setUp): 200 GET http://10.180.1.21/compute/v2.1/servers/79cf2e95-2bbe-42e2-8d44-c592189bcdfc 0.657s
2025-11-22 00:35:49.253 66655 INFO tempest.lib.common.rest_client [req-5845e99c-cfc0-4193-b905-a5989b456631 req-5845e99c-cfc0-4193-b905-a5989b456631 ] Request (AttachInterfacesV270Test:test_create_get_list_interfaces): 200 GET http://10.180.1.21/compute/v2.1/servers/4d6a4ac9-ab10-4767-84fe-1399b8a072d5 0.504s
2025-11-22 00:35:49.282 66625 INFO tempest.lib.common.rest_client [req-d093a828-4628-4e9f-8d2d-109ede9e9f66 req-d093a828-4628-4e9f-8d2d-109ede9e9f66 ] Request (ServersNegativeTestMultiTenantJSON:setUpClass): 200 GET http://10.180.1.21/compute/v2.1/servers/ab44c963-4841-40f9-9057-c4d7771bd873 0.286s
2025-11-22 00:35:49.348 66653 INFO tempest.lib.common.rest_client [req-4ff2cec6-e3cd-4eab-abfe-4c9eb07ae28c req-4ff2cec6-e3cd-4eab-abfe-4c9eb07ae28c ] Request (ServerMetadataTestJSON:tearDownClass): 200 GET http://10.180.1.21/compute/v2.1/servers/8f4ee749-488c-4b68-8beb-1dbc29c2bea3 0.280s
2025-11-22 00:35:49.361 66633 INFO tempest.lib.common.rest_client [req-90de1c6c-daf8-45a5-b2c7-b8a9dcfd3d92 req-90de1c6c-daf8-45a5-b2c7-b8a9dcfd3d92 ] Request (MigrationsAdminTest:test_resize_server_revert_deleted_flavor): 200 GET http://10.180.1.21/compute/v2.1/servers/8d859fa6-7772-4899-8d3a-be75805b7f2f 0.305s
2025-11-22 00:35:49.396 66669 INFO tempest.lib.common.rest_client [req-9263fbc5-15c0-4761-b6f2-502a4a000472 req-9263fbc5-15c0-4761-b6f2-502a4a000472 ] Request (MultipleCreateTestJSON:test_multiple_create): 200 GET http://10.180.1.21/compute/v2.1/servers/a0e00acd-e019-4228-a74c-72db1b021ec1 0.253s
2025-11-22 00:35:49.406 66669 INFO tempest.common.waiters [-] State transition "BUILD/None" ==> "BUILD/networking" after 37 second wait
2025-11-22 00:35:49.412 66631 INFO tempest.lib.common.rest_client [req-997e7b2b-e4a0-4885-acb5-9d8b22732348 req-997e7b2b-e4a0-4885-acb5-9d8b22732348 ] Request (ServersTestManualDisk:tearDownClass): 200 GET http://10.180.1.21/compute/v2.1/servers/382e2934-9ec1-4647-bc93-f7f6b2c02885 0.240s
2025-11-22 00:35:49.421 66623 INFO tempest.lib.common.rest_client [req-49f8159b-9956-4d0e-a43c-b6a65839218b req-49f8159b-9956-4d0e-a43c-b6a65839218b ] Request (ServersNegativeTestJSON:test_shelve_non_existent_server): 404 POST http://10.180.1.21/compute/v2.1/servers/32c53075-a3ae-4970-b16f-c9e875fa19c2/action 0.185s
2025-11-22 00:35:49.469 66639 INFO tempest.lib.common.rest_client [req-14c94a33-4b67-418e-acf8-d671c50a60b5 req-14c94a33-4b67-418e-acf8-d671c50a60b5 ] Request (FloatingIPsAssociationTestJSON:tearDownClass): 200 GET http://10.180.1.21/compute/v2.1/servers/5d1a7fa8-0c77-4e29-b2e2-49a04c355eee 0.261s
2025-11-22 00:35:49.487 66643 INFO tempest.lib.common.rest_client [req-4f25b486-c20f-4937-a361-4ed6154e816b req-4f25b486-c20f-4937-a361-4ed6154e816b ] Request (InstanceActionsV221TestJSON:test_get_list_deleted_instance_actions): 200 GET http://10.180.1.21/compute/v2.1/servers/4a6214d2-1b40-491f-9f74-5829e78ac0eb 0.241s
2025-11-22 00:35:49.519 66645 INFO tempest.lib.common.rest_client [req-89b7cdae-0aef-46ba-b614-ce424ae684c5 req-89b7cdae-0aef-46ba-b614-ce424ae684c5 ] Request (ImagesOneServerNegativeTestJSON:_run_cleanups): 200 GET http://10.180.1.21/compute/v2.1/servers/e170ef19-c842-4a46-b033-d29c40887ed9 0.244s
2025-11-22 00:35:49.534 66635 INFO tempest.lib.common.rest_client [req-e9cb7457-df0a-4e6e-9496-fe1d0a9c95b1 req-e9cb7457-df0a-4e6e-9496-fe1d0a9c95b1 ] Request (ListImageFiltersTestJSON:setUpClass): 200 GET http://10.180.1.21/compute/v2.1/servers/cfd4609c-6369-4195-98b8-d3a2d7bff9a0 0.239s
2025-11-22 00:35:49.586 66607 INFO tempest.lib.common.rest_client [req-acd16030-b6fc-464b-a5c9-815745d48d13 req-acd16030-b6fc-464b-a5c9-815745d48d13 ] Request (ServersListShow298Test:test_list_show_update_rebuild_server_298): 200 GET http://10.180.1.21/compute/v2.1/servers/71e8b57e-72d8-437e-91d6-ca4c2cac9377 0.243s
2025-11-22 00:35:49.602 66609 INFO tempest.lib.common.rest_client [req-bbb92f43-f720-43b1-8c63-ebbfaca1fb3b req-bbb92f43-f720-43b1-8c63-ebbfaca1fb3b ] Request (ServersAdminNegativeTestJSON:tearDownClass): 200 GET http://10.180.1.21/compute/v2.1/servers/36d4c8b2-cf02-4b04-aa4a-fb17ad78fc76 0.216s
2025-11-22 00:35:49.640 66641 INFO tempest.lib.common.rest_client [req-0b9c3627-b4cc-4406-8e77-4557a9f7ba5a req-0b9c3627-b4cc-4406-8e77-4557a9f7ba5a ] Request (ServerActionsTestOtherA:test_rebuild_server_with_volume_attached): 200 GET http://10.180.1.21/compute/v2.1/servers/d2716138-830f-44cf-86da-e74007392e95 0.225s
2025-11-22 00:35:49.699 66615 INFO tempest.lib.common.rest_client [req-86551788-05b3-47c8-99c2-564f21ec5efb req-86551788-05b3-47c8-99c2-564f21ec5efb ] Request (ImagesTestJSON:test_create_image_from_suspended_server): 200 GET http://10.180.1.21/compute/v2.1/servers/fcab72b3-b7d6-4ba0-8770-5dcb2b77115e 0.161s
2025-11-22 00:35:49.729 66623 INFO tempest.lib.common.rest_client [req-b4ce4e59-ed35-4c9c-94a2-a78f00f02f9f req-b4ce4e59-ed35-4c9c-94a2-a78f00f02f9f ] Request (ServersNegativeTestJSON:tearDown): 200 GET http://10.180.1.21/compute/v2.1/servers/79cf2e95-2bbe-42e2-8d44-c592189bcdfc 0.308s
2025-11-22 00:35:49.749 66611 INFO tempest.lib.common.rest_client [req-9bfd893b-aff7-4422-9e9e-40ac1be538e1 req-9bfd893b-aff7-4422-9e9e-40ac1be538e1 ] Request (ServerDiskConfigTestJSON:test_rebuild_server_with_manual_disk_config): 200 GET http://10.180.1.21/compute/v2.1/servers/ab36aba0-919a-48fa-99ee-a5e3833ad3fe 0.153s
2025-11-22 00:35:49.799 66667 INFO tempest.lib.common.rest_client [req-56442976-d7b8-4710-86cb-e5d83d7de906 req-56442976-d7b8-4710-86cb-e5d83d7de906 ] Request (ServersAaction247Test:test_create_backup): 200 GET http://10.180.1.21/compute/v2.1/servers/c623871a-81d8-41d5-bd10-9cfe12bba842 0.147s
2025-11-22 00:35:49.820 66660 INFO tempest.lib.common.rest_client [req-1016583b-f60d-43fd-bca2-0f2d544be526 req-1016583b-f60d-43fd-bca2-0f2d544be526 ] Request (ServerGroupTestJSON:_run_cleanups): 200 GET http://10.180.1.21/compute/v2.1/servers/5b6f97e3-43e1-45a2-ae5e-233f0b1ba4e4 0.157s
2025-11-22 00:35:49.855 66649 INFO tempest.lib.common.rest_client [req-3c04e7f5-0ad3-4034-8c2f-b2d883a126ed req-3c04e7f5-0ad3-4034-8c2f-b2d883a126ed ] Request (ListServersNegativeTestJSON:setUpClass): 200 GET http://10.180.1.21/compute/v2.1/servers/25fa5c96-d526-4c42-b447-365882281244 0.122s
2025-11-22 00:35:49.916 66613 INFO tempest.lib.common.rest_client [req-94d91448-b6d9-405c-990f-c37a911dbd22 req-94d91448-b6d9-405c-990f-c37a911dbd22 ] Request (ServersAdminTestJSON:tearDownClass): 200 GET http://10.180.1.21/compute/v2.1/servers/0082ba28-7fa4-4872-bc5d-c9bae7cd6f43 0.160s
2025-11-22 00:35:49.937 66623 INFO tempest.lib.common.rest_client [req-5a9e515e-34ee-40be-91e3-523b87ca7db2 req-5a9e515e-34ee-40be-91e3-523b87ca7db2 ] Request (ServersNegativeTestJSON:setUp): 200 GET http://10.180.1.21/compute/v2.1/servers/79cf2e95-2bbe-42e2-8d44-c592189bcdfc 0.199s
2025-11-22 00:35:50.010 66651 INFO tempest.lib.common.rest_client [req-969eaa91-f8f8-4c7c-8a6b-f858dbb27054 req-969eaa91-f8f8-4c7c-8a6b-f858dbb27054 ] Request (AttachVolumeNegativeTest:test_attach_attached_volume_to_different_server): 200 GET http://10.180.1.21/volume/v3/volumes/b95cf80b-a13c-41ca-be08-09faf757771b 0.028s
2025-11-22 00:35:50.017 66651 INFO tempest.common.waiters [-] Attachment b2481b50-661c-4f80-9701-475a41252e7e created for volume b95cf80b-a13c-41ca-be08-09faf757771b to server ad50f52d-338b-4017-accc-aafd107a387f after waiting for 9.017577 seconds
2025-11-22 00:35:50.043 66651 INFO tempest.lib.common.rest_client [req-b8dc7307-46e8-4e37-891d-1f00512d3a11 req-b8dc7307-46e8-4e37-891d-1f00512d3a11 ] Request (AttachVolumeNegativeTest:test_attach_attached_volume_to_different_server): 200 GET http://10.180.1.21/volume/v3/volumes/b95cf80b-a13c-41ca-be08-09faf757771b 0.025s
2025-11-22 00:35:50.049 66651 INFO tempest.common.waiters [-] volume b95cf80b-a13c-41ca-be08-09faf757771b reached in-use after waiting for 0.049596 seconds
2025-11-22 00:35:50.089 66651 INFO tempest.lib.common.rest_client [req-bfa48142-d99c-4e34-9abd-029a2e82d53e req-bfa48142-d99c-4e34-9abd-029a2e82d53e ] Request (ValidationResourcesFixture:setUp): 200 POST http://10.180.1.21/compute/v2.1/os-keypairs 0.038s
2025-11-22 00:35:50.210 66651 INFO tempest.lib.common.rest_client [req-31df051b-19a6-4155-8b70-69804602efc2 req-31df051b-19a6-4155-8b70-69804602efc2 ] Request (ValidationResourcesFixture:setUp): 201 POST http://10.180.1.21/networking/v2.0/security-groups 0.120s
2025-11-22 00:35:50.235 66619 INFO tempest.lib.common.rest_client [req-d6bf8c45-25ce-472a-b371-c81eaaf4419e req-d6bf8c45-25ce-472a-b371-c81eaaf4419e ] Request (ServersTestJSON:setUpClass): 200 GET http://10.180.1.21/compute/v2.1/servers/d9612cfc-3174-4a52-bafc-48988f3f6a07 0.164s
2025-11-22 00:35:50.362 66651 INFO tempest.lib.common.rest_client [req-d9446e3c-204b-44aa-9691-668f65e97c12 req-d9446e3c-204b-44aa-9691-668f65e97c12 ] Request (ValidationResourcesFixture:setUp): 201 POST http://10.180.1.21/networking/v2.0/security-group-rules 0.149s
2025-11-22 00:35:50.465 66623 INFO tempest.lib.common.rest_client [req-e38a864b-240b-49ca-8a9b-0899c854dc10 req-e38a864b-240b-49ca-8a9b-0899c854dc10 ] Request (ServersNegativeTestJSON:test_shelve_shelved_server): 202 POST http://10.180.1.21/compute/v2.1/servers/79cf2e95-2bbe-42e2-8d44-c592189bcdfc/action 0.521s
2025-11-22 00:35:50.529 66665 WARNING tempest.lib.common.ssh [-] Failed to establish authenticated ssh connection to cirros@10.180.180.187 ([Errno None] Unable to connect to port 22 on 10.180.180.187). Number attempts: 3. Retry after 4 seconds.: paramiko.ssh_exception.NoValidConnectionsError: [Errno None] Unable to connect to port 22 on 10.180.180.187
2025-11-22 00:35:50.582 66651 INFO tempest.lib.common.rest_client [req-b4ac1201-9e46-472b-a6fb-653729aa0cae req-b4ac1201-9e46-472b-a6fb-653729aa0cae ] Request (ValidationResourcesFixture:setUp): 201 POST http://10.180.1.21/networking/v2.0/security-group-rules 0.220s
2025-11-22 00:35:50.657 66655 INFO tempest.lib.common.rest_client [req-f785476b-8f25-45bd-901b-71c98fe24dd7 req-f785476b-8f25-45bd-901b-71c98fe24dd7 ] Request (AttachInterfacesV270Test:test_create_get_list_interfaces): 200 GET http://10.180.1.21/compute/v2.1/servers/4d6a4ac9-ab10-4767-84fe-1399b8a072d5 0.395s
2025-11-22 00:35:50.674 66625 INFO tempest.lib.common.rest_client [req-2acfa76d-efb6-495a-8cbe-b2cf5b2c276b req-2acfa76d-efb6-495a-8cbe-b2cf5b2c276b ] Request (ServersNegativeTestMultiTenantJSON:setUpClass): 200 GET http://10.180.1.21/compute/v2.1/servers/ab44c963-4841-40f9-9057-c4d7771bd873 0.379s
2025-11-22 00:35:51.034 66651 INFO tempest.lib.common.rest_client [req-62708b90-746e-416e-bc77-9c148a2e22e3 req-62708b90-746e-416e-bc77-9c148a2e22e3 ] Request (ValidationResourcesFixture:setUp): 201 POST http://10.180.1.21/networking/v2.0/floatingips 0.451s
2025-11-22 00:35:51.057 66653 INFO tempest.lib.common.rest_client [req-d933c1d0-451b-4cc4-96f9-290878cc5394 req-d933c1d0-451b-4cc4-96f9-290878cc5394 ] Request (ServerMetadataTestJSON:tearDownClass): 200 GET http://10.180.1.21/compute/v2.1/servers/8f4ee749-488c-4b68-8beb-1dbc29c2bea3 0.701s
2025-11-22 00:35:51.121 66651 INFO tempest.lib.common.rest_client [req-9be797b4-bb72-48b3-a67c-0c693c45615f req-9be797b4-bb72-48b3-a67c-0c693c45615f ] Request (AttachVolumeNegativeTest:test_attach_attached_volume_to_different_server): 201 POST http://10.180.1.21/identity/v3/auth/tokens 0.084s
2025-11-22 00:35:51.121 66651 INFO tempest.lib.common.fixed_network [-] (AttachVolumeNegativeTest:test_attach_attached_volume_to_different_server) Found network {'id': 'a70afeae-b868-4546-b403-e840945c18d2', 'name': 'tempest-AttachVolumeNegativeTest-2132026196-network', 'tenant_id': 'b8538eccf1cf432a8e15021fbfed280f', 'project_id': 'b8538eccf1cf432a8e15021fbfed280f', 'admin_state_up': True, 'mtu': 8950, 'status': 'ACTIVE', 'subnets': [], 'shared': False, 'port_security_enabled': True, 'router:external': False, 'provider:network_type': 'vlan', 'provider:physical_network': 'default', 'provider:segmentation_id': 796, 'availability_zone_hints': [], 'availability_zones': [], 'ipv4_address_scope': None, 'ipv6_address_scope': None, 'description': '', 'tags': [], 'created_at': '2025-11-22T00:34:20Z', 'updated_at': '2025-11-22T00:34:20Z', 'revision_number': 1} available for tenant
2025-11-22 00:35:51.194 66633 INFO tempest.lib.common.rest_client [req-aabd63c7-f430-4dda-a401-e720dff78ed4 req-aabd63c7-f430-4dda-a401-e720dff78ed4 ] Request (MigrationsAdminTest:test_resize_server_revert_deleted_flavor): 200 GET http://10.180.1.21/compute/v2.1/servers/8d859fa6-7772-4899-8d3a-be75805b7f2f 0.823s
2025-11-22 00:35:51.220 66669 INFO tempest.lib.common.rest_client [req-5a1dcc30-3933-47be-a5ba-26b851802967 req-5a1dcc30-3933-47be-a5ba-26b851802967 ] Request (MultipleCreateTestJSON:test_multiple_create): 200 GET http://10.180.1.21/compute/v2.1/servers/a0e00acd-e019-4228-a74c-72db1b021ec1 0.811s
2025-11-22 00:35:51.227 66669 INFO tempest.common.waiters [-] State transition "BUILD/networking" ==> "BUILD/spawning" after 39 second wait
2025-11-22 00:35:51.264 66631 INFO tempest.lib.common.rest_client [req-72551830-ff76-4c10-9793-793dd171758d req-72551830-ff76-4c10-9793-793dd171758d ] Request (ServersTestManualDisk:tearDownClass): 200 GET http://10.180.1.21/compute/v2.1/servers/382e2934-9ec1-4647-bc93-f7f6b2c02885 0.842s
2025-11-22 00:35:51.274 66631 INFO tempest.common.waiters [-] State transition "ACTIVE/deleting" ==> "DELETED/None" after 5 second wait
2025-11-22 00:35:51.368 66623 INFO tempest.lib.common.rest_client [req-4cc19ed5-e197-45aa-a18a-2283aa1183e5 req-4cc19ed5-e197-45aa-a18a-2283aa1183e5 ] Request (ServersNegativeTestJSON:test_shelve_shelved_server): 200 GET http://10.180.1.21/compute/v2.1/servers/79cf2e95-2bbe-42e2-8d44-c592189bcdfc 0.902s
2025-11-22 00:35:51.384 66639 INFO tempest.lib.common.rest_client [req-218bb654-deb5-473c-9f69-5a08461bdc78 req-218bb654-deb5-473c-9f69-5a08461bdc78 ] Request (FloatingIPsAssociationTestJSON:tearDownClass): 200 GET http://10.180.1.21/compute/v2.1/servers/5d1a7fa8-0c77-4e29-b2e2-49a04c355eee 0.907s
2025-11-22 00:35:51.451 66643 INFO tempest.lib.common.rest_client [req-1dc48659-8871-4f85-b01e-1a8fa38cec2b req-1dc48659-8871-4f85-b01e-1a8fa38cec2b ] Request (InstanceActionsV221TestJSON:test_get_list_deleted_instance_actions): 200 GET http://10.180.1.21/compute/v2.1/servers/4a6214d2-1b40-491f-9f74-5829e78ac0eb 0.954s
2025-11-22 00:35:51.467 66645 INFO tempest.lib.common.rest_client [req-1286522d-d109-4e75-81b7-1701923167b5 req-1286522d-d109-4e75-81b7-1701923167b5 ] Request (ImagesOneServerNegativeTestJSON:_run_cleanups): 200 GET http://10.180.1.21/compute/v2.1/servers/e170ef19-c842-4a46-b033-d29c40887ed9 0.939s
2025-11-22 00:35:51.534 66635 INFO tempest.lib.common.rest_client [req-e120c1c4-2920-4575-a626-13cf7f845d73 req-e120c1c4-2920-4575-a626-13cf7f845d73 ] Request (ListImageFiltersTestJSON:setUpClass): 200 GET http://10.180.1.21/compute/v2.1/servers/cfd4609c-6369-4195-98b8-d3a2d7bff9a0 0.991s
2025-11-22 00:35:51.573 66607 INFO tempest.lib.common.rest_client [req-bd7af796-bd82-429c-9bbc-ad0764b115ba req-bd7af796-bd82-429c-9bbc-ad0764b115ba ] Request (ServersListShow298Test:test_list_show_update_rebuild_server_298): 200 GET http://10.180.1.21/compute/v2.1/servers/71e8b57e-72d8-437e-91d6-ca4c2cac9377 0.977s
2025-11-22 00:35:51.586 66607 INFO tempest.common.waiters [-] State transition "REBUILD/rebuild_spawning" ==> "ACTIVE/None" after 10 second wait
2025-11-22 00:35:51.622 66609 INFO tempest.lib.common.rest_client [req-bde112c3-461d-40a7-a474-b66dc5f2f05d req-bde112c3-461d-40a7-a474-b66dc5f2f05d ] Request (ServersAdminNegativeTestJSON:tearDownClass): 200 GET http://10.180.1.21/compute/v2.1/servers/36d4c8b2-cf02-4b04-aa4a-fb17ad78fc76 1.011s
2025-11-22 00:35:51.636 66641 INFO tempest.lib.common.rest_client [req-1347914e-dab6-4288-a7f5-0ec560f17bc2 req-1347914e-dab6-4288-a7f5-0ec560f17bc2 ] Request (ServerActionsTestOtherA:test_rebuild_server_with_volume_attached): 200 GET http://10.180.1.21/compute/v2.1/servers/d2716138-830f-44cf-86da-e74007392e95 0.988s
2025-11-22 00:35:51.676 66615 INFO tempest.lib.common.rest_client [req-6a44d695-2bb3-4612-8edb-ea6f50287620 req-6a44d695-2bb3-4612-8edb-ea6f50287620 ] Request (ImagesTestJSON:test_create_image_from_suspended_server): 200 GET http://10.180.1.21/compute/v2.1/servers/fcab72b3-b7d6-4ba0-8770-5dcb2b77115e 0.969s
2025-11-22 00:35:51.691 66611 INFO tempest.lib.common.rest_client [req-f5e8aee1-26f7-4701-b8c8-dd85dfb1bf94 req-f5e8aee1-26f7-4701-b8c8-dd85dfb1bf94 ] Request (ServerDiskConfigTestJSON:test_rebuild_server_with_manual_disk_config): 200 GET http://10.180.1.21/compute/v2.1/servers/ab36aba0-919a-48fa-99ee-a5e3833ad3fe 0.931s
2025-11-22 00:35:51.734 66667 INFO tempest.lib.common.rest_client [req-6887f222-ac25-4f5e-bc67-82f361220613 req-6887f222-ac25-4f5e-bc67-82f361220613 ] Request (ServersAaction247Test:test_create_backup): 200 GET http://10.180.1.21/compute/v2.1/servers/c623871a-81d8-41d5-bd10-9cfe12bba842 0.923s
2025-11-22 00:35:51.763 66660 INFO tempest.lib.common.rest_client [req-03eaf0a8-019b-440d-a09b-2d5dbf796c32 req-03eaf0a8-019b-440d-a09b-2d5dbf796c32 ] Request (ServerGroupTestJSON:_run_cleanups): 200 GET http://10.180.1.21/compute/v2.1/servers/5b6f97e3-43e1-45a2-ae5e-233f0b1ba4e4 0.934s
2025-11-22 00:35:51.794 66649 INFO tempest.lib.common.rest_client [req-dc3e15af-b52f-4f20-8434-1669b4b77058 req-dc3e15af-b52f-4f20-8434-1669b4b77058 ] Request (ListServersNegativeTestJSON:setUpClass): 200 GET http://10.180.1.21/compute/v2.1/servers/25fa5c96-d526-4c42-b447-365882281244 0.931s
2025-11-22 00:35:51.827 66613 INFO tempest.lib.common.rest_client [req-baf34eb0-91fb-4700-9d46-c693c4934c7b req-baf34eb0-91fb-4700-9d46-c693c4934c7b ] Request (ServersAdminTestJSON:tearDownClass): 200 GET http://10.180.1.21/compute/v2.1/servers/0082ba28-7fa4-4872-bc5d-c9bae7cd6f43 0.904s
2025-11-22 00:35:51.881 66619 INFO tempest.lib.common.rest_client [req-4f83e196-fcc8-4ba7-a576-5b6ec7b9049d req-4f83e196-fcc8-4ba7-a576-5b6ec7b9049d ] Request (ServersTestJSON:setUpClass): 200 GET http://10.180.1.21/compute/v2.1/servers/d9612cfc-3174-4a52-bafc-48988f3f6a07 0.637s
2025-11-22 00:35:51.965 66607 INFO tempest.lib.common.rest_client [req-0ee6e5fb-dcef-41d5-a6dc-765bff250ed5 req-0ee6e5fb-dcef-41d5-a6dc-765bff250ed5 ] Request (ServersListShow298Test:tearDownClass): 204 DELETE http://10.180.1.21/compute/v2.1/servers/71e8b57e-72d8-437e-91d6-ca4c2cac9377 0.373s
2025-11-22 00:35:52.066 66621 WARNING tempest.lib.common.ssh [-] Failed to establish authenticated ssh connection to cirros@10.180.180.196 ([Errno None] Unable to connect to port 22 on 10.180.180.196). Number attempts: 8. Retry after 9 seconds.: paramiko.ssh_exception.NoValidConnectionsError: [Errno None] Unable to connect to port 22 on 10.180.180.196
2025-11-22 00:35:52.141 66655 INFO tempest.lib.common.rest_client [req-71ebda6c-1fae-464d-95ad-30e8807f4458 req-71ebda6c-1fae-464d-95ad-30e8807f4458 ] Request (AttachInterfacesV270Test:test_create_get_list_interfaces): 200 GET http://10.180.1.21/compute/v2.1/servers/4d6a4ac9-ab10-4767-84fe-1399b8a072d5 0.469s
2025-11-22 00:35:52.173 66651 INFO tempest.lib.common.rest_client [req-6886afe7-858a-4a98-bba1-0b451ab58983 req-6886afe7-858a-4a98-bba1-0b451ab58983 ] Request (AttachVolumeNegativeTest:test_attach_attached_volume_to_different_server): 202 POST http://10.180.1.21/compute/v2.1/servers 1.051s
2025-11-22 00:35:52.194 66625 INFO tempest.lib.common.rest_client [req-d8a29070-a0f2-46e2-9b9e-e1ca05336c6e req-d8a29070-a0f2-46e2-9b9e-e1ca05336c6e ] Request (ServersNegativeTestMultiTenantJSON:setUpClass): 200 GET http://10.180.1.21/compute/v2.1/servers/ab44c963-4841-40f9-9057-c4d7771bd873 0.510s
2025-11-22 00:35:52.246 66607 INFO tempest.lib.common.rest_client [req-325bcc5e-4db5-4431-8bd4-3cfeaa30bcc1 req-325bcc5e-4db5-4431-8bd4-3cfeaa30bcc1 ] Request (ServersListShow298Test:tearDownClass): 200 GET http://10.180.1.21/compute/v2.1/servers/71e8b57e-72d8-437e-91d6-ca4c2cac9377 0.280s
2025-11-22 00:35:52.260 66653 INFO tempest.lib.common.rest_client [req-42a282ac-19ee-4ec9-a014-3e938c02bd5e req-42a282ac-19ee-4ec9-a014-3e938c02bd5e ] Request (ServerMetadataTestJSON:tearDownClass): 200 GET http://10.180.1.21/compute/v2.1/servers/8f4ee749-488c-4b68-8beb-1dbc29c2bea3 0.193s
2025-11-22 00:35:52.299 66651 INFO tempest.lib.common.rest_client [req-bdb2c3c0-04ad-417f-a1d0-fe97f3edceae req-bdb2c3c0-04ad-417f-a1d0-fe97f3edceae ] Request (AttachVolumeNegativeTest:test_attach_attached_volume_to_different_server): 200 GET http://10.180.1.21/compute/v2.1/servers/706e02ee-d1b9-40cc-bfbb-53fa0a478cca 0.123s
2025-11-22 00:35:52.321 66617 WARNING tempest.lib.common.ssh [-] Failed to establish authenticated ssh connection to cirros@10.180.180.212 ([Errno None] Unable to connect to port 22 on 10.180.180.212). Number attempts: 5. Retry after 6 seconds.: paramiko.ssh_exception.NoValidConnectionsError: [Errno None] Unable to connect to port 22 on 10.180.180.212
2025-11-22 00:35:52.413 66633 INFO tempest.lib.common.rest_client [req-790346b9-c67c-4625-bd38-67af11ac842e req-790346b9-c67c-4625-bd38-67af11ac842e ] Request (MigrationsAdminTest:test_resize_server_revert_deleted_flavor): 200 GET http://10.180.1.21/compute/v2.1/servers/8d859fa6-7772-4899-8d3a-be75805b7f2f 0.211s
2025-11-22 00:35:52.458 66669 INFO tempest.lib.common.rest_client [req-abd62ffd-eb2c-44c3-98db-2ff9d3b9ad64 req-abd62ffd-eb2c-44c3-98db-2ff9d3b9ad64 ] Request (MultipleCreateTestJSON:test_multiple_create): 200 GET http://10.180.1.21/compute/v2.1/servers/a0e00acd-e019-4228-a74c-72db1b021ec1 0.229s
2025-11-22 00:35:52.503 66631 INFO tempest.lib.common.rest_client [req-3e2ad6fb-1a1f-4c41-bbcb-b405b63d2454 req-3e2ad6fb-1a1f-4c41-bbcb-b405b63d2454 ] Request (ServersTestManualDisk:tearDownClass): 200 GET http://10.180.1.21/compute/v2.1/servers/382e2934-9ec1-4647-bc93-f7f6b2c02885 0.227s
2025-11-22 00:35:52.571 66639 INFO tempest.lib.common.rest_client [req-f10c9e12-e87b-4c87-8ee4-1c96a2e85b08 req-f10c9e12-e87b-4c87-8ee4-1c96a2e85b08 ] Request (FloatingIPsAssociationTestJSON:tearDownClass): 200 GET http://10.180.1.21/compute/v2.1/servers/5d1a7fa8-0c77-4e29-b2e2-49a04c355eee 0.178s
2025-11-22 00:35:52.588 66623 INFO tempest.lib.common.rest_client [req-3eb2b964-e050-44f3-aac8-11dd911eae63 req-3eb2b964-e050-44f3-aac8-11dd911eae63 ] Request (ServersNegativeTestJSON:test_shelve_shelved_server): 200 GET http://10.180.1.21/compute/v2.1/servers/79cf2e95-2bbe-42e2-8d44-c592189bcdfc 0.208s
2025-11-22 00:35:52.641 66643 INFO tempest.lib.common.rest_client [req-cf1b2fb7-d5e5-4070-b5d2-bb42b2d69877 req-cf1b2fb7-d5e5-4070-b5d2-bb42b2d69877 ] Request (InstanceActionsV221TestJSON:test_get_list_deleted_instance_actions): 200 GET http://10.180.1.21/compute/v2.1/servers/4a6214d2-1b40-491f-9f74-5829e78ac0eb 0.173s
2025-11-22 00:35:52.653 66645 INFO tempest.lib.common.rest_client [req-e47f8b5e-c206-408f-85ae-4109aea610e8 req-e47f8b5e-c206-408f-85ae-4109aea610e8 ] Request (ImagesOneServerNegativeTestJSON:_run_cleanups): 200 GET http://10.180.1.21/compute/v2.1/servers/e170ef19-c842-4a46-b033-d29c40887ed9 0.175s
2025-11-22 00:35:52.692 66635 INFO tempest.lib.common.rest_client [req-6cf58fb8-6407-4835-973e-e95f6939c6aa req-6cf58fb8-6407-4835-973e-e95f6939c6aa ] Request (ListImageFiltersTestJSON:setUpClass): 200 GET http://10.180.1.21/compute/v2.1/servers/cfd4609c-6369-4195-98b8-d3a2d7bff9a0 0.149s
2025-11-22 00:35:52.716 66609 INFO tempest.lib.common.rest_client [req-7f563e60-bbea-40af-b2a6-2d7117348a48 req-7f563e60-bbea-40af-b2a6-2d7117348a48 ] Request (ServersAdminNegativeTestJSON:tearDownClass): 200 GET http://10.180.1.21/compute/v2.1/servers/36d4c8b2-cf02-4b04-aa4a-fb17ad78fc76 0.084s
2025-11-22 00:35:52.746 66641 INFO tempest.lib.common.rest_client [req-8b52d5e3-0464-4750-a167-06b1253a7ba7 req-8b52d5e3-0464-4750-a167-06b1253a7ba7 ] Request (ServerActionsTestOtherA:test_rebuild_server_with_volume_attached): 200 GET http://10.180.1.21/compute/v2.1/servers/d2716138-830f-44cf-86da-e74007392e95 0.101s
2025-11-22 00:35:52.775 66615 INFO tempest.lib.common.rest_client [req-4dbb2f00-56f5-48f0-b983-2949cbb39828 req-4dbb2f00-56f5-48f0-b983-2949cbb39828 ] Request (ImagesTestJSON:test_create_image_from_suspended_server): 200 GET http://10.180.1.21/compute/v2.1/servers/fcab72b3-b7d6-4ba0-8770-5dcb2b77115e 0.091s
2025-11-22 00:35:52.825 66611 INFO tempest.lib.common.rest_client [req-b2168277-776a-4d35-9b0c-4efc073f135d req-b2168277-776a-4d35-9b0c-4efc073f135d ] Request (ServerDiskConfigTestJSON:test_rebuild_server_with_manual_disk_config): 200 GET http://10.180.1.21/compute/v2.1/servers/ab36aba0-919a-48fa-99ee-a5e3833ad3fe 0.120s
2025-11-22 00:35:52.836 66667 INFO tempest.lib.common.rest_client [req-27e55441-6c47-499f-b3e2-ad6c0f148808 req-27e55441-6c47-499f-b3e2-ad6c0f148808 ] Request (ServersAaction247Test:test_create_backup): 200 GET http://10.180.1.21/compute/v2.1/servers/c623871a-81d8-41d5-bd10-9cfe12bba842 0.088s
2025-11-22 00:35:52.882 66660 INFO tempest.lib.common.rest_client [req-31fbfb42-17f6-4f08-8b9b-e5a3995da0a5 req-31fbfb42-17f6-4f08-8b9b-e5a3995da0a5 ] Request (ServerGroupTestJSON:_run_cleanups): 200 GET http://10.180.1.21/compute/v2.1/servers/5b6f97e3-43e1-45a2-ae5e-233f0b1ba4e4 0.111s
