2025-11-12 17:16:33.557 63166 INFO tempest.lib.common.rest_client [req-05d59b6d-bee7-487f-adeb-6ee0c3b188e3 req-05d59b6d-bee7-487f-adeb-6ee0c3b188e3 ] Request (VolumesAdminNegativeTest:setUpClass): 201 POST http://10.180.1.21/identity/v3/projects 0.426s
2025-11-12 17:16:33.613 63140 INFO tempest.lib.common.rest_client [req-e26ec1f9-6194-4f90-b8e4-aa20c621fcce req-e26ec1f9-6194-4f90-b8e4-aa20c621fcce ] Request (ServerActionsTestJSON:setUpClass): 201 POST http://10.180.1.21/identity/v3/auth/tokens 0.380s
2025-11-12 17:16:33.734 63142 INFO tempest.lib.common.rest_client [req-bbaa1bbc-09fb-4c6d-b500-51e2214234f6 req-bbaa1bbc-09fb-4c6d-b500-51e2214234f6 ] Request (ServersWithSpecificFlavorTestJSON:setUpClass): 201 POST http://10.180.1.21:9696/networking/v2.0/networks 0.249s
2025-11-12 17:16:33.746 63164 INFO tempest.lib.common.rest_client [req-61e4add6-7e40-42d9-bd94-74d599f618ae req-61e4add6-7e40-42d9-bd94-74d599f618ae ] Request (AZAdminV2TestJSON:test_get_availability_zone_list): 200 GET http://10.180.1.21/compute/v2.1/os-availability-zone 2.095s
2025-11-12 17:16:33.774 63186 INFO tempest.lib.common.rest_client [req-ce103d68-b94a-4b11-b5b2-cc4715cbe348 req-ce103d68-b94a-4b11-b5b2-cc4715cbe348 ] Request (InstanceUsageAuditLogTestJSON:test_get_instance_usage_audit_log): 200 GET http://10.180.1.21/compute/v2.1/os-instance_usage_audit_log/2025-11-12%2017%3A16%3A31 2.097s
2025-11-12 17:16:33.778 63132 INFO tempest.lib.common.rest_client [req-51999f7f-fd1a-44d0-803d-47b54e4418d7 req-51999f7f-fd1a-44d0-803d-47b54e4418d7 ] Request (QuotasSecurityGroupAdminNegativeTest:tearDownClass): 204 DELETE http://10.180.1.21/identity/v3/projects/d91fba44f97a43ed8e86edc311b544ff 0.492s
2025-11-12 17:16:33.825 63170 INFO tempest.lib.common.rest_client [req-c88f6828-bc87-4ceb-9a0c-794d2d268341 req-c88f6828-bc87-4ceb-9a0c-794d2d268341 ] Request (ServerExternalEventsTest:setUpClass): 201 POST http://10.180.1.21/identity/v3/auth/tokens 0.493s
2025-11-12 17:16:33.835 63162 INFO tempest.lib.common.rest_client [req-cc8bb37d-f0f0-481f-98aa-27a7508bf79a req-cc8bb37d-f0f0-481f-98aa-27a7508bf79a ] Request (FloatingIPsTestJSON:test_delete_floating_ip): 404 GET http://10.180.1.21/compute/v2.1/os-floating-ips/20b6541e-395f-4fcc-94b0-d66548defed5 2.050s
2025-11-12 17:16:33.888 63183 INFO tempest.lib.common.rest_client [req-67720730-5e25-4ce5-98d6-8e70aa190572 req-67720730-5e25-4ce5-98d6-8e70aa190572 ] Request (ServerDiagnosticsTest:setUpClass): 201 POST http://10.180.1.21/identity/v3/projects 0.483s
2025-11-12 17:16:33.903 63146 INFO tempest.lib.common.rest_client [req-1222ce50-2816-4869-8404-1c6823b0bbff req-1222ce50-2816-4869-8404-1c6823b0bbff ] Request (FloatingIPDetailsNegativeTestJSON:setUpClass): 200 PUT http://10.180.1.21:9696/networking/v2.0/routers/c8badc1d-97b4-47c3-8d82-3061e388c3a8/add_router_interface 2.999s
2025-11-12 17:16:33.903 63146 INFO tempest.lib.common.dynamic_creds [-] Created isolated network resources for: credentials: Credentials: {'domain_id': 'default', 'domain_name': 'Default', 'username': 'tempest-FloatingIPDetailsNegativeTestJSON-1221735085-project-member', 'project_domain_id': 'default', 'project_domain_name': 'Default', 'project_id': '5de3836392114183aed4900bb02f966b', 'project_name': 'tempest-FloatingIPDetailsNegativeTestJSON-1221735085', 'tenant_id': '5de3836392114183aed4900bb02f966b', 'tenant_name': 'tempest-FloatingIPDetailsNegativeTestJSON-1221735085', 'user_domain_id': 'default', 'user_domain_name': 'Default', 'user_id': '62bb03cca9a64adeb085572aa5730cd3', 'system': None}, Network: {'id': '826529a8-8f0b-415e-8e7c-8d173ebd5fa7', 'name': 'tempest-FloatingIPDetailsNegativeTestJSON-1193133235-network', 'tenant_id': '5de3836392114183aed4900bb02f966b', 'admin_state_up': True, 'mtu': 8950, 'status': 'ACTIVE', 'subnets': [], 'shared': False, 'project_id': '5de3836392114183aed4900bb02f966b', 'port_security_enabled': True, 'router:external': False, 'provider:network_type': 'vlan', 'provider:physical_network': 'default', 'provider:segmentation_id': 77, 'availability_zone_hints': [], 'availability_zones': [], 'ipv4_address_scope': None, 'ipv6_address_scope': None, 'description': '', 'tags': [], 'created_at': '2025-11-12T17:16:28Z', 'updated_at': '2025-11-12T17:16:28Z', 'revision_number': 1}, Subnet: {'id': '119448ac-9d69-4e47-a8ca-9c361f16037f', 'name': 'tempest-FloatingIPDetailsNegativeTestJSON-1193133235-subnet', 'tenant_id': '5de3836392114183aed4900bb02f966b', 'network_id': '826529a8-8f0b-415e-8e7c-8d173ebd5fa7', 'ip_version': 4, 'subnetpool_id': None, 'enable_dhcp': True, 'ipv6_ra_mode': None, 'ipv6_address_mode': None, 'gateway_ip': '192.168.128.1', 'cidr': '192.168.128.0/28', 'allocation_pools': [{'start': '192.168.128.2', 'end': '192.168.128.14'}], 'host_routes': [], 'dns_nameservers': [], 'description': '', 'router:external': False, 'service_types': [], 'tags': [], 'created_at': '2025-11-12T17:16:28Z', 'updated_at': '2025-11-12T17:16:28Z', 'revision_number': 0, 'project_id': '5de3836392114183aed4900bb02f966b'}, Router: {'id': 'c8badc1d-97b4-47c3-8d82-3061e388c3a8', 'name': 'tempest-FloatingIPDetailsNegativeTestJSON-1193133235-router', 'tenant_id': '5de3836392114183aed4900bb02f966b', 'admin_state_up': True, 'status': 'ACTIVE', 'external_gateway_info': {'network_id': '81145505-1e65-4204-b705-4b5da0dfff6f', 'external_fixed_ips': [{'subnet_id': 'c620812d-8ef3-4454-9287-b44cc987649d', 'ip_address': '10.180.180.220'}], 'enable_snat': True}, 'description': '', 'availability_zones': [], 'distributed': False, 'ha': False, 'availability_zone_hints': [], 'routes': [], 'flavor_id': None, 'tags': [], 'created_at': '2025-11-12T17:16:28Z', 'updated_at': '2025-11-12T17:16:29Z', 'revision_number': 2, 'project_id': '5de3836392114183aed4900bb02f966b'}
2025-11-12 17:16:33.951 63144 INFO tempest.lib.common.rest_client [req-04946373-cdb1-42d0-a4d9-aa784f6fe794 req-04946373-cdb1-42d0-a4d9-aa784f6fe794 ] Request (VolumesAssistedSnapshotsTest:setUpClass): 204 PUT http://10.180.1.21/identity/v3/projects/251a1060c1724f9e90c19e9bdc466d9d/users/a0e08f4a6dbe4529b4973267acde3719/roles/dc2ffd47bd55488098aca4e265bcfb5d 0.409s
2025-11-12 17:16:33.951 63144 INFO tempest.lib.common.dynamic_creds [-] Dynamic test user a0e08f4a6dbe4529b4973267acde3719 is created with scope project and roles: ['admin']
2025-11-12 17:16:33.951 63144 INFO tempest.lib.common.dynamic_creds [-] Acquired dynamic creds: credentials: Credentials: {'domain_id': 'default', 'domain_name': 'Default', 'username': 'tempest-VolumesAssistedSnapshotsTest-329538470-project-admin', 'project_domain_id': 'default', 'project_domain_name': 'Default', 'project_id': '251a1060c1724f9e90c19e9bdc466d9d', 'project_name': 'tempest-VolumesAssistedSnapshotsTest-329538470', 'tenant_id': '251a1060c1724f9e90c19e9bdc466d9d', 'tenant_name': 'tempest-VolumesAssistedSnapshotsTest-329538470', 'user_domain_id': 'default', 'user_domain_name': 'Default', 'user_id': 'a0e08f4a6dbe4529b4973267acde3719', 'system': None}, Network: None, Subnet: None, Router: None
2025-11-12 17:16:34.071 63166 INFO tempest.lib.common.rest_client [req-de474ca0-472a-4bc6-8a7e-e42cf04a2137 req-de474ca0-472a-4bc6-8a7e-e42cf04a2137 ] Request (VolumesAdminNegativeTest:setUpClass): 201 POST http://10.180.1.21/identity/v3/users 0.513s
2025-11-12 17:16:34.104 63132 INFO tempest.lib.common.rest_client [req-4a475736-2be9-4e6d-8090-8e14a9b949a0 req-4a475736-2be9-4e6d-8090-8e14a9b949a0 ] Request (ServicesAdminTestJSON:setUpClass): 201 POST http://10.180.1.21/identity/v3/auth/tokens 0.324s
2025-11-12 17:16:34.167 63170 INFO tempest.lib.common.rest_client [req-aabb7e2f-79c3-4237-8c9d-23f3b873eb31 req-aabb7e2f-79c3-4237-8c9d-23f3b873eb31 ] Request (ServerExternalEventsTest:test_create_server_external_events): 201 POST http://10.180.1.21/identity/v3/auth/tokens 0.336s
2025-11-12 17:16:34.167 63170 INFO tempest.lib.common.fixed_network [-] (ServerExternalEventsTest:test_create_server_external_events) Found network None available for tenant
2025-11-12 17:16:34.209 63183 INFO tempest.lib.common.rest_client [req-37a0a133-21ed-4da1-bd43-7d78909ea904 req-37a0a133-21ed-4da1-bd43-7d78909ea904 ] Request (ServerDiagnosticsTest:setUpClass): 201 POST http://10.180.1.21/identity/v3/users 0.320s
2025-11-12 17:16:34.209 63160 INFO tempest.lib.common.rest_client [req-2f01c91a-7c98-4607-894d-6bc5947864d0 req-2f01c91a-7c98-4607-894d-6bc5947864d0 ] Request (HostsAdminTestJSON:test_list_hosts): 200 GET http://10.180.1.21/compute/v2.1/os-hosts 2.490s
2025-11-12 17:16:34.233 63142 INFO tempest.lib.common.rest_client [req-0571d896-c629-4f52-84b9-642beba319d3 req-0571d896-c629-4f52-84b9-642beba319d3 ] Request (ServersWithSpecificFlavorTestJSON:setUpClass): 201 POST http://10.180.1.21:9696/networking/v2.0/subnets 0.498s
2025-11-12 17:16:34.244 63149 INFO tempest.lib.common.rest_client [req-ffaf3cad-e504-4ba4-8e87-65e5d10756c3 req-ffaf3cad-e504-4ba4-8e87-65e5d10756c3 ] Request (FlavorsV255TestJSON:test_crud_flavor): 200 GET http://10.180.1.21/compute/v2.1/flavors/detail 2.399s
2025-11-12 17:16:34.264 63172 INFO tempest.lib.common.rest_client [req-668b7650-51dc-448e-a232-0d92dea96d43 req-668b7650-51dc-448e-a232-0d92dea96d43 ] Request (ImagesNegativeTestJSON:setUpClass): 200 PUT http://10.180.1.21:9696/networking/v2.0/routers/547725ca-bf75-48e9-8e51-10a8a95af8ef/add_router_interface 2.784s
2025-11-12 17:16:34.265 63172 INFO tempest.lib.common.dynamic_creds [-] Created isolated network resources for: credentials: Credentials: {'domain_id': 'default', 'domain_name': 'Default', 'username': 'tempest-ImagesNegativeTestJSON-1147075728-project-member', 'project_domain_id': 'default', 'project_domain_name': 'Default', 'project_id': 'f3bebe5db1e44c88876a30577e21b1de', 'project_name': 'tempest-ImagesNegativeTestJSON-1147075728', 'tenant_id': 'f3bebe5db1e44c88876a30577e21b1de', 'tenant_name': 'tempest-ImagesNegativeTestJSON-1147075728', 'user_domain_id': 'default', 'user_domain_name': 'Default', 'user_id': 'c57959d304114f6a8e4848dd923bedd1', 'system': None}, Network: {'id': 'b8d34eed-00da-46a2-a9ae-ae8755543548', 'name': 'tempest-ImagesNegativeTestJSON-302973689-network', 'tenant_id': 'f3bebe5db1e44c88876a30577e21b1de', 'admin_state_up': True, 'mtu': 8950, 'status': 'ACTIVE', 'subnets': [], 'shared': False, 'project_id': 'f3bebe5db1e44c88876a30577e21b1de', 'port_security_enabled': True, 'router:external': False, 'provider:network_type': 'vlan', 'provider:physical_network': 'default', 'provider:segmentation_id': 476, 'availability_zone_hints': [], 'availability_zones': [], 'ipv4_address_scope': None, 'ipv6_address_scope': None, 'description': '', 'tags': [], 'created_at': '2025-11-12T17:16:27Z', 'updated_at': '2025-11-12T17:16:27Z', 'revision_number': 1}, Subnet: {'id': 'e95823d6-7c90-45e9-84d6-f8f8f802ea03', 'name': 'tempest-ImagesNegativeTestJSON-302973689-subnet', 'tenant_id': 'f3bebe5db1e44c88876a30577e21b1de', 'network_id': 'b8d34eed-00da-46a2-a9ae-ae8755543548', 'ip_version': 4, 'subnetpool_id': None, 'enable_dhcp': True, 'ipv6_ra_mode': None, 'ipv6_address_mode': None, 'gateway_ip': '192.168.128.1', 'cidr': '192.168.128.0/28', 'allocation_pools': [{'start': '192.168.128.2', 'end': '192.168.128.14'}], 'host_routes': [], 'dns_nameservers': [], 'description': '', 'router:external': False, 'service_types': [], 'tags': [], 'created_at': '2025-11-12T17:16:28Z', 'updated_at': '2025-11-12T17:16:28Z', 'revision_number': 0, 'project_id': 'f3bebe5db1e44c88876a30577e21b1de'}, Router: {'id': '547725ca-bf75-48e9-8e51-10a8a95af8ef', 'name': 'tempest-ImagesNegativeTestJSON-302973689-router', 'tenant_id': 'f3bebe5db1e44c88876a30577e21b1de', 'admin_state_up': True, 'status': 'ACTIVE', 'external_gateway_info': {'network_id': '81145505-1e65-4204-b705-4b5da0dfff6f', 'external_fixed_ips': [{'subnet_id': 'c620812d-8ef3-4454-9287-b44cc987649d', 'ip_address': '10.180.180.194'}], 'enable_snat': True}, 'description': '', 'availability_zones': [], 'distributed': False, 'ha': False, 'availability_zone_hints': [], 'routes': [], 'flavor_id': None, 'tags': [], 'created_at': '2025-11-12T17:16:29Z', 'updated_at': '2025-11-12T17:16:30Z', 'revision_number': 2, 'project_id': 'f3bebe5db1e44c88876a30577e21b1de'}
2025-11-12 17:16:34.289 63180 INFO tempest.lib.common.rest_client [req-52979ba2-f6bb-495a-b642-195607c03f52 req-52979ba2-f6bb-495a-b642-195607c03f52 ] Request (KeyPairsNegativeTestJSON:test_create_keypair_with_empty_public_key): 400 POST http://10.180.1.21/compute/v2.1/os-keypairs 2.441s
2025-11-12 17:16:34.309 63146 INFO tempest.lib.common.rest_client [req-b185e47f-0b9c-4dc5-8077-294ddad9dbc9 req-b185e47f-0b9c-4dc5-8077-294ddad9dbc9 ] Request (FloatingIPDetailsNegativeTestJSON:setUpClass): 201 POST http://10.180.1.21/identity/v3/auth/tokens 0.400s
2025-11-12 17:16:34.345 63166 INFO tempest.lib.common.rest_client [req-ea64873e-d9f0-4a5a-a9f4-9997e018e83f req-ea64873e-d9f0-4a5a-a9f4-9997e018e83f ] Request (VolumesAdminNegativeTest:setUpClass): 200 GET http://10.180.1.21/identity/v3/roles 0.273s
2025-11-12 17:16:34.348 63132 INFO tempest.lib.common.rest_client [req-fe2c84a1-d175-42d9-b1a3-1149a067c31c req-fe2c84a1-d175-42d9-b1a3-1149a067c31c ] Request (ServicesAdminTestJSON:setUpClass): 201 POST http://10.180.1.21/identity/v3/auth/tokens 0.242s
2025-11-12 17:16:34.356 63144 INFO tempest.lib.common.rest_client [req-ee8eb53c-e2a7-4ce4-bd89-bec2ba54cef8 req-ee8eb53c-e2a7-4ce4-bd89-bec2ba54cef8 ] Request (VolumesAssistedSnapshotsTest:setUpClass): 201 POST http://10.180.1.21:9696/networking/v2.0/networks 0.404s
2025-11-12 17:16:34.370 63183 INFO tempest.lib.common.rest_client [req-5b366be2-b0be-4b8a-b494-5b1404563196 req-5b366be2-b0be-4b8a-b494-5b1404563196 ] Request (ServerDiagnosticsTest:setUpClass): 200 GET http://10.180.1.21/identity/v3/roles 0.161s
2025-11-12 17:16:34.387 63138 INFO tempest.lib.common.rest_client [req-eb1e2f3a-7295-43fe-afe6-34c75d8b2fc6 req-eb1e2f3a-7295-43fe-afe6-34c75d8b2fc6 ] Request (ListImageFiltersTestJSON:setUpClass): 204 PUT http://10.180.1.21/image/v2/images/d677c96b-d239-4769-9823-c8cf779d6434/file 3.892s
2025-11-12 17:16:34.484 63172 INFO tempest.lib.common.rest_client [req-12a5449d-f936-4c64-958e-b8ffebb526ff req-12a5449d-f936-4c64-958e-b8ffebb526ff ] Request (ImagesNegativeTestJSON:setUpClass): 201 POST http://10.180.1.21/identity/v3/auth/tokens 0.213s
2025-11-12 17:16:34.528 63166 INFO tempest.lib.common.rest_client [req-3e33a282-c9da-4e95-aa2d-f1ad05683602 req-3e33a282-c9da-4e95-aa2d-f1ad05683602 ] Request (VolumesAdminNegativeTest:setUpClass): 204 PUT http://10.180.1.21/identity/v3/projects/ef1ef83556fa4269990e96eb31e978cc/users/f41de848119c403795e74c6a42760b14/roles/dc2ffd47bd55488098aca4e265bcfb5d 0.182s
2025-11-12 17:16:34.554 63184 INFO tempest.lib.common.rest_client [req-a7d2d95e-8e52-4fae-a214-8ad96ce83df6 req-a7d2d95e-8e52-4fae-a214-8ad96ce83df6 ] Request (QuotasAdminTestJSON:test_get_updated_quotas): 200 PUT http://10.180.1.21/compute/v2.1/os-quota-sets/7b22b8ff93b24f978d2cae431d45c1e9 2.753s
2025-11-12 17:16:34.601 63152 INFO tempest.lib.common.rest_client [req-fbebee05-b4c7-401d-84aa-b7a6cc150964 req-fbebee05-b4c7-401d-84aa-b7a6cc150964 ] Request (ServersTestFqdnHostnames:test_create_server_with_fqdn_name): 200 POST http://10.180.1.21/compute/v2.1/os-keypairs 2.747s
2025-11-12 17:16:34.613 63132 INFO tempest.lib.common.rest_client [req-bf904cb8-7a96-4ff8-a6ed-894ec3c4cdf7 req-bf904cb8-7a96-4ff8-a6ed-894ec3c4cdf7 ] Request (ServicesAdminTestJSON:setUpClass): 200 GET http://10.180.1.21/identity/v3/domains?name=Default 0.265s
2025-11-12 17:16:34.624 63140 INFO tempest.lib.common.rest_client [req-c29f82bf-94ea-450e-ad7e-1e16a9724e7b req-c29f82bf-94ea-450e-ad7e-1e16a9724e7b ] Request (ServerActionsTestJSON:setUpClass): 201 POST http://10.180.1.21:9696/networking/v2.0/networks 1.010s
2025-11-12 17:16:34.659 63150 INFO tempest.lib.common.rest_client [req-6669e61d-7cb7-461e-9fa2-0d279291605e req-6669e61d-7cb7-461e-9fa2-0d279291605e ] Request (HypervisorAdminV228Test:test_get_list_hypervisor_details): 200 GET http://10.180.1.21/compute/v2.1/os-hypervisors/1 2.582s
2025-11-12 17:16:34.681 63144 INFO tempest.lib.common.rest_client [req-67e8dae0-0c56-4667-8434-63129ce55d7b req-67e8dae0-0c56-4667-8434-63129ce55d7b ] Request (VolumesAssistedSnapshotsTest:setUpClass): 201 POST http://10.180.1.21:9696/networking/v2.0/subnets 0.325s
2025-11-12 17:16:34.707 63183 INFO tempest.lib.common.rest_client [req-6f0b52e1-5460-4381-b912-11b551bd16d2 req-6f0b52e1-5460-4381-b912-11b551bd16d2 ] Request (ServerDiagnosticsTest:setUpClass): 204 PUT http://10.180.1.21/identity/v3/projects/47baad9d6f7a4447845aced924c39861/users/7c9ed2ef1eb744108e170a27e1707801/roles/dc2ffd47bd55488098aca4e265bcfb5d 0.336s
2025-11-12 17:16:34.719 63172 INFO tempest.lib.common.rest_client [req-7d1269c2-e42f-49f3-a26c-f97401dc7715 req-7d1269c2-e42f-49f3-a26c-f97401dc7715 ] Request (ImagesNegativeTestJSON:test_create_image_from_deleted_server): 201 POST http://10.180.1.21/identity/v3/auth/tokens 0.228s
2025-11-12 17:16:34.721 63172 INFO tempest.lib.common.fixed_network [-] (ImagesNegativeTestJSON:test_create_image_from_deleted_server) Found network {'id': 'b8d34eed-00da-46a2-a9ae-ae8755543548', 'name': 'tempest-ImagesNegativeTestJSON-302973689-network', 'tenant_id': 'f3bebe5db1e44c88876a30577e21b1de', 'admin_state_up': True, 'mtu': 8950, 'status': 'ACTIVE', 'subnets': [], 'shared': False, 'project_id': 'f3bebe5db1e44c88876a30577e21b1de', 'port_security_enabled': True, 'router:external': False, 'provider:network_type': 'vlan', 'provider:physical_network': 'default', 'provider:segmentation_id': 476, 'availability_zone_hints': [], 'availability_zones': [], 'ipv4_address_scope': None, 'ipv6_address_scope': None, 'description': '', 'tags': [], 'created_at': '2025-11-12T17:16:27Z', 'updated_at': '2025-11-12T17:16:27Z', 'revision_number': 1} available for tenant
2025-11-12 17:16:34.768 63166 INFO tempest.lib.common.rest_client [req-8437da0b-b447-4161-a255-1522241a4bf5 req-8437da0b-b447-4161-a255-1522241a4bf5 ] Request (VolumesAdminNegativeTest:setUpClass): 200 GET http://10.180.1.21/identity/v3/roles 0.240s
2025-11-12 17:16:34.778 63152 INFO tempest.lib.common.rest_client [req-08aed16a-af4a-4489-b112-8142eac543c4 req-08aed16a-af4a-4489-b112-8142eac543c4 ] Request (ServersTestFqdnHostnames:test_create_server_with_fqdn_name): 201 POST http://10.180.1.21:9696/networking/v2.0/security-groups 0.173s
2025-11-12 17:16:34.816 63132 INFO tempest.lib.common.rest_client [req-c0c87cc7-458c-4205-bd44-b334a6806e12 req-c0c87cc7-458c-4205-bd44-b334a6806e12 ] Request (ServicesAdminTestJSON:setUpClass): 201 POST http://10.180.1.21/identity/v3/projects 0.203s
2025-11-12 17:16:34.902 63178 INFO tempest.lib.common.rest_client [req-e5e4c31a-dd07-4885-b21b-f19d7947888f req-e5e4c31a-dd07-4885-b21b-f19d7947888f ] Request (AggregatesAdminNegativeTestJSON:setUpClass): 200 GET http://10.180.1.21/compute/v2.1/os-services?binary=nova-compute 3.014s
2025-11-12 17:16:34.906 63152 INFO tempest.lib.common.rest_client [req-93dc7620-2337-4359-956d-d22e172f0949 req-93dc7620-2337-4359-956d-d22e172f0949 ] Request (ServersTestFqdnHostnames:test_create_server_with_fqdn_name): 201 POST http://10.180.1.21:9696/networking/v2.0/security-group-rules 0.128s
2025-11-12 17:16:34.937 63183 INFO tempest.lib.common.rest_client [req-7c0c18c1-8230-490d-b3d7-dd9ff06fb8f2 req-7c0c18c1-8230-490d-b3d7-dd9ff06fb8f2 ] Request (ServerDiagnosticsTest:setUpClass): 200 GET http://10.180.1.21/identity/v3/roles 0.229s
2025-11-12 17:16:34.955 63166 INFO tempest.lib.common.rest_client [req-12b91cf3-6c00-46f4-9d80-7d194945e8b1 req-12b91cf3-6c00-46f4-9d80-7d194945e8b1 ] Request (VolumesAdminNegativeTest:setUpClass): 204 PUT http://10.180.1.21/identity/v3/projects/ef1ef83556fa4269990e96eb31e978cc/users/f41de848119c403795e74c6a42760b14/roles/dc2ffd47bd55488098aca4e265bcfb5d 0.186s
2025-11-12 17:16:34.955 63166 INFO tempest.lib.common.dynamic_creds [-] Dynamic test user f41de848119c403795e74c6a42760b14 is created with scope project and roles: ['admin']
2025-11-12 17:16:34.955 63166 INFO tempest.lib.common.dynamic_creds [-] Acquired dynamic creds: credentials: Credentials: {'domain_id': 'default', 'domain_name': 'Default', 'username': 'tempest-VolumesAdminNegativeTest-1230646036-project-admin', 'project_domain_id': 'default', 'project_domain_name': 'Default', 'project_id': 'ef1ef83556fa4269990e96eb31e978cc', 'project_name': 'tempest-VolumesAdminNegativeTest-1230646036', 'tenant_id': 'ef1ef83556fa4269990e96eb31e978cc', 'tenant_name': 'tempest-VolumesAdminNegativeTest-1230646036', 'user_domain_id': 'default', 'user_domain_name': 'Default', 'user_id': 'f41de848119c403795e74c6a42760b14', 'system': None}, Network: None, Subnet: None, Router: None
2025-11-12 17:16:34.968 63150 INFO tempest.lib.common.rest_client [req-4d99d3d6-782a-4a00-a4a0-cebffa8caffe req-4d99d3d6-782a-4a00-a4a0-cebffa8caffe ] Request (HypervisorAdminV228Test:tearDownClass): 204 DELETE http://10.180.1.21/identity/v3/users/3674a17dcbb0451c927a360384c4d557 0.297s
2025-11-12 17:16:35.020 63140 INFO tempest.lib.common.rest_client [req-28bdf729-38e8-4528-b817-3793db0389b7 req-28bdf729-38e8-4528-b817-3793db0389b7 ] Request (ServerActionsTestJSON:setUpClass): 201 POST http://10.180.1.21:9696/networking/v2.0/subnets 0.395s
2025-11-12 17:16:35.063 63132 INFO tempest.lib.common.rest_client [req-d43450ab-a343-4943-a467-9f9716321e63 req-d43450ab-a343-4943-a467-9f9716321e63 ] Request (ServicesAdminTestJSON:setUpClass): 201 POST http://10.180.1.21/identity/v3/users 0.246s
2025-11-12 17:16:35.064 63152 INFO tempest.lib.common.rest_client [req-a3e37d70-88c0-4f97-9ac1-4f1db6dcb2bb req-a3e37d70-88c0-4f97-9ac1-4f1db6dcb2bb ] Request (ServersTestFqdnHostnames:test_create_server_with_fqdn_name): 201 POST http://10.180.1.21:9696/networking/v2.0/security-group-rules 0.157s
2025-11-12 17:16:35.099 63183 INFO tempest.lib.common.rest_client [req-ff926177-8cf6-48cb-adcb-c8d86bb5aed1 req-ff926177-8cf6-48cb-adcb-c8d86bb5aed1 ] Request (ServerDiagnosticsTest:setUpClass): 204 PUT http://10.180.1.21/identity/v3/projects/47baad9d6f7a4447845aced924c39861/users/7c9ed2ef1eb744108e170a27e1707801/roles/dc2ffd47bd55488098aca4e265bcfb5d 0.162s
2025-11-12 17:16:35.100 63183 INFO tempest.lib.common.dynamic_creds [-] Dynamic test user 7c9ed2ef1eb744108e170a27e1707801 is created with scope project and roles: ['admin']
2025-11-12 17:16:35.103 63183 INFO tempest.lib.common.dynamic_creds [-] Acquired dynamic creds: credentials: Credentials: {'domain_id': 'default', 'domain_name': 'Default', 'username': 'tempest-ServerDiagnosticsTest-1050317040-project-admin', 'project_domain_id': 'default', 'project_domain_name': 'Default', 'project_id': '47baad9d6f7a4447845aced924c39861', 'project_name': 'tempest-ServerDiagnosticsTest-1050317040', 'tenant_id': '47baad9d6f7a4447845aced924c39861', 'tenant_name': 'tempest-ServerDiagnosticsTest-1050317040', 'user_domain_id': 'default', 'user_domain_name': 'Default', 'user_id': '7c9ed2ef1eb744108e170a27e1707801', 'system': None}, Network: None, Subnet: None, Router: None
2025-11-12 17:16:35.103 63183 INFO tempest.lib.common.dynamic_creds [-] Created isolated network resources for: credentials: Credentials: {'domain_id': 'default', 'domain_name': 'Default', 'username': 'tempest-ServerDiagnosticsTest-1050317040-project-admin', 'project_domain_id': 'default', 'project_domain_name': 'Default', 'project_id': '47baad9d6f7a4447845aced924c39861', 'project_name': 'tempest-ServerDiagnosticsTest-1050317040', 'tenant_id': '47baad9d6f7a4447845aced924c39861', 'tenant_name': 'tempest-ServerDiagnosticsTest-1050317040', 'user_domain_id': 'default', 'user_domain_name': 'Default', 'user_id': '7c9ed2ef1eb744108e170a27e1707801', 'system': None}, Network: None, Subnet: None, Router: None
2025-11-12 17:16:35.110 63128 INFO tempest.lib.common.rest_client [req-ace0bff9-1058-47ce-87e3-5b9aab7894fa req-ace0bff9-1058-47ce-87e3-5b9aab7894fa ] Request (FlavorsAccessNegativeTestJSON:test_add_flavor_access_duplicate): 200 POST http://10.180.1.21/compute/v2.1/flavors 2.711s
2025-11-12 17:16:35.144 63136 INFO tempest.lib.common.rest_client [req-4cacca40-3594-4700-9128-66ec0f2397f7 req-4cacca40-3594-4700-9128-66ec0f2397f7 ] Request (FlavorsExtraSpecsTestJSON:test_flavor_non_admin_get_all_keys): 200 POST http://10.180.1.21/compute/v2.1/flavors/216346778/os-extra_specs 2.734s
2025-11-12 17:16:35.166 63150 INFO tempest.lib.common.rest_client [req-8af0392a-ed21-4019-ae70-820d293608af req-8af0392a-ed21-4019-ae70-820d293608af ] Request (HypervisorAdminV228Test:tearDownClass): 204 DELETE http://10.180.1.21/identity/v3/users/03953285b7f3458baf6733b7954424b5 0.198s
2025-11-12 17:16:35.167 63150 INFO tempest.lib.common.dynamic_creds [-] Deleting project and security group for project: 4ee27e61ab2d44e788627b8ca9e30c03
2025-11-12 17:16:35.235 63132 INFO tempest.lib.common.rest_client [req-3b040fb5-611a-4342-a089-c5855cbce121 req-3b040fb5-611a-4342-a089-c5855cbce121 ] Request (ServicesAdminTestJSON:setUpClass): 200 GET http://10.180.1.21/identity/v3/roles 0.171s
2025-11-12 17:16:35.239 63130 INFO tempest.lib.common.rest_client [req-bca3f056-101d-49d4-80f5-706a94a8d447 req-bca3f056-101d-49d4-80f5-706a94a8d447 ] Request (FlavorMetadataValidation:_run_cleanups): 202 DELETE http://10.180.1.21/compute/v2.1/flavors/1208139312 2.718s
2025-11-12 17:16:35.315 63158 INFO tempest.lib.common.rest_client [req-b1690abb-408b-49da-9db7-8f4f77b2ef9e req-b1690abb-408b-49da-9db7-8f4f77b2ef9e ] Request (ServersAdmin275Test:test_rebuild_update_server_275): 202 POST http://10.180.1.21/compute/v2.1/servers 3.232s
2025-11-12 17:16:35.315 63183 INFO tempest.lib.common.rest_client [req-4c41157e-5ba9-443f-ac68-d769d4a3a270 req-4c41157e-5ba9-443f-ac68-d769d4a3a270 ] Request (ServerDiagnosticsTest:setUpClass): 201 POST http://10.180.1.21/identity/v3/auth/tokens 0.209s
2025-11-12 17:16:35.322 63168 INFO tempest.lib.common.rest_client [req-bf0a0b3a-084a-410c-a1d9-0d79918e3c1b req-bf0a0b3a-084a-410c-a1d9-0d79918e3c1b ] Request (HypervisorAdminNegativeTestJSON:test_get_hypervisor_list_with_non_admin_user): 403 GET http://10.180.1.21/compute/v2.1/os-hypervisors 2.565s
2025-11-12 17:16:35.346 63150 INFO tempest.lib.common.rest_client [req-fe3d91bb-5c7b-4c14-8596-fb185f3cc561 req-fe3d91bb-5c7b-4c14-8596-fb185f3cc561 ] Request (HypervisorAdminV228Test:tearDownClass): 201 POST http://10.180.1.21/identity/v3/auth/tokens 0.179s
2025-11-12 17:16:35.421 63166 INFO tempest.lib.common.rest_client [req-df12812b-36b0-47f9-b393-3adcfebb2020 req-df12812b-36b0-47f9-b393-3adcfebb2020 ] Request (VolumesAdminNegativeTest:setUpClass): 201 POST http://10.180.1.21:9696/networking/v2.0/networks 0.465s
2025-11-12 17:16:35.436 63183 INFO tempest.lib.common.rest_client [req-1833cfed-1f37-4d66-a41a-a26fb8f03eab req-1833cfed-1f37-4d66-a41a-a26fb8f03eab ] Request (ServerDiagnosticsTest:test_get_server_diagnostics): 201 POST http://10.180.1.21/identity/v3/auth/tokens 0.115s
2025-11-12 17:16:35.436 63183 INFO tempest.lib.common.fixed_network [-] (ServerDiagnosticsTest:test_get_server_diagnostics) Found network None available for tenant
2025-11-12 17:16:35.441 63132 INFO tempest.lib.common.rest_client [req-173a16be-6629-47f0-9a5e-0e854ac53f87 req-173a16be-6629-47f0-9a5e-0e854ac53f87 ] Request (ServicesAdminTestJSON:setUpClass): 204 PUT http://10.180.1.21/identity/v3/projects/5b8f0b429ec44402801c4dd5d66dd145/users/647a962fc8294bdc8b668e94ec7f7063/roles/9a2b51ffaf4b4a05b8a07325a244c6b0 0.205s
2025-11-12 17:16:35.441 63132 INFO tempest.lib.common.dynamic_creds [-] Dynamic test user 647a962fc8294bdc8b668e94ec7f7063 is created with scope project and roles: ['member']
2025-11-12 17:16:35.441 63132 INFO tempest.lib.common.dynamic_creds [-] Acquired dynamic creds: credentials: Credentials: {'domain_id': 'default', 'domain_name': 'Default', 'username': 'tempest-ServicesAdminTestJSON-460420666-project-member', 'project_domain_id': 'default', 'project_domain_name': 'Default', 'project_id': '5b8f0b429ec44402801c4dd5d66dd145', 'project_name': 'tempest-ServicesAdminTestJSON-460420666', 'tenant_id': '5b8f0b429ec44402801c4dd5d66dd145', 'tenant_name': 'tempest-ServicesAdminTestJSON-460420666', 'user_domain_id': 'default', 'user_domain_name': 'Default', 'user_id': '647a962fc8294bdc8b668e94ec7f7063', 'system': None}, Network: None, Subnet: None, Router: None
2025-11-12 17:16:35.441 63132 INFO tempest.lib.common.dynamic_creds [-] Created isolated network resources for: credentials: Credentials: {'domain_id': 'default', 'domain_name': 'Default', 'username': 'tempest-ServicesAdminTestJSON-460420666-project-member', 'project_domain_id': 'default', 'project_domain_name': 'Default', 'project_id': '5b8f0b429ec44402801c4dd5d66dd145', 'project_name': 'tempest-ServicesAdminTestJSON-460420666', 'tenant_id': '5b8f0b429ec44402801c4dd5d66dd145', 'tenant_name': 'tempest-ServicesAdminTestJSON-460420666', 'user_domain_id': 'default', 'user_domain_name': 'Default', 'user_id': '647a962fc8294bdc8b668e94ec7f7063', 'system': None}, Network: None, Subnet: None, Router: None
2025-11-12 17:16:35.598 63154 INFO tempest.lib.common.rest_client [req-69934a9a-e0e2-4848-be76-dc445bd462cd req-69934a9a-e0e2-4848-be76-dc445bd462cd ] Request (FlavorsV261TestJSON:test_crud_flavor): 200 GET http://10.180.1.21/compute/v2.1/flavors/1991459465 2.435s
2025-11-12 17:16:35.614 63126 INFO tempest.lib.common.rest_client [req-519962e3-48a7-4d87-8591-2312d878cfe4 req-519962e3-48a7-4d87-8591-2312d878cfe4 ] Request (FlavorsAccessTestJSON:test_flavor_access_add_remove): 200 POST http://10.180.1.21/compute/v2.1/flavors/1277069401/action 3.066s
2025-11-12 17:16:35.686 63132 INFO tempest.lib.common.rest_client [req-ca1b56ef-10da-4998-92e1-ae7a58b2d72b req-ca1b56ef-10da-4998-92e1-ae7a58b2d72b ] Request (ServicesAdminTestJSON:setUpClass): 201 POST http://10.180.1.21/identity/v3/auth/tokens 0.237s
2025-11-12 17:16:35.717 63132 INFO tempest.lib.common.rest_client [req-2d889b4a-3d8e-407d-88a9-1c674a443b64 req-2d889b4a-3d8e-407d-88a9-1c674a443b64 ] Request (ServicesAdminTestJSON:setUpClass): 201 POST http://10.180.1.21/identity/v3/projects 0.030s
2025-11-12 17:16:35.757 63152 INFO tempest.lib.common.rest_client [req-8596c2f3-61c9-4764-a232-74d63d748791 req-8596c2f3-61c9-4764-a232-74d63d748791 ] Request (ServersTestFqdnHostnames:test_create_server_with_fqdn_name): 201 POST http://10.180.1.21:9696/networking/v2.0/floatingips 0.692s
2025-11-12 17:16:35.800 63188 INFO tempest.lib.common.rest_client [req-9fdd8d69-acbd-4d63-a6ad-b8524934ad08 req-9fdd8d69-acbd-4d63-a6ad-b8524934ad08 ] Request (ValidationResourcesFixture:setUp): 201 POST http://10.180.1.21/compute/v2.1/os-keypairs 2.519s
2025-11-12 17:16:35.816 63132 INFO tempest.lib.common.rest_client [req-4c6faf86-5962-43e0-814e-a1e4d0a7727e req-4c6faf86-5962-43e0-814e-a1e4d0a7727e ] Request (ServicesAdminTestJSON:setUpClass): 201 POST http://10.180.1.21/identity/v3/users 0.098s
2025-11-12 17:16:35.858 63152 INFO tempest.lib.common.rest_client [req-17e7bdc4-b992-4644-b21a-5676cd2af0a8 req-17e7bdc4-b992-4644-b21a-5676cd2af0a8 ] Request (ServersTestFqdnHostnames:test_create_server_with_fqdn_name): 201 POST http://10.180.1.21/identity/v3/auth/tokens 0.092s
2025-11-12 17:16:35.858 63152 INFO tempest.lib.common.fixed_network [-] (ServersTestFqdnHostnames:test_create_server_with_fqdn_name) Found network {'id': '26bea1f4-c890-485f-a80b-66f30c561e51', 'name': 'tempest-ServersTestFqdnHostnames-1960631372-network', 'tenant_id': 'ea3c4aad33f647498f460459bb35f002', 'admin_state_up': True, 'mtu': 8950, 'status': 'ACTIVE', 'subnets': [], 'shared': False, 'project_id': 'ea3c4aad33f647498f460459bb35f002', 'port_security_enabled': True, 'router:external': False, 'provider:network_type': 'vlan', 'provider:physical_network': 'default', 'provider:segmentation_id': 243, 'availability_zone_hints': [], 'availability_zones': [], 'ipv4_address_scope': None, 'ipv6_address_scope': None, 'description': '', 'tags': [], 'created_at': '2025-11-12T17:16:25Z', 'updated_at': '2025-11-12T17:16:25Z', 'revision_number': 1} available for tenant
2025-11-12 17:16:35.885 63132 INFO tempest.lib.common.rest_client [req-a9a7ae06-b0ae-4e12-abed-d3fc22f53c6c req-a9a7ae06-b0ae-4e12-abed-d3fc22f53c6c ] Request (ServicesAdminTestJSON:setUpClass): 200 GET http://10.180.1.21/identity/v3/roles 0.068s
2025-11-12 17:16:35.918 63132 INFO tempest.lib.common.rest_client [req-9731b22c-704d-499f-a222-3f01de9e444b req-9731b22c-704d-499f-a222-3f01de9e444b ] Request (ServicesAdminTestJSON:setUpClass): 204 PUT http://10.180.1.21/identity/v3/projects/dc2562865ae8464dbed90f04c74c2fe9/users/ee532053f1ed4a49ae68c40e90e2050f/roles/dc2ffd47bd55488098aca4e265bcfb5d 0.032s
2025-11-12 17:16:35.933 63175 INFO tempest.lib.common.rest_client [req-95b410be-7a07-4b47-88bf-05a1a105c42c req-95b410be-7a07-4b47-88bf-05a1a105c42c ] Request (MigrationsAdminTest:test_list_migrations): 200 GET http://10.180.1.21/compute/v2.1/os-migrations 2.558s
2025-11-12 17:16:35.947 63188 INFO tempest.lib.common.rest_client [req-8add4a18-956e-4cc8-a4be-973785b19363 req-8add4a18-956e-4cc8-a4be-973785b19363 ] Request (ValidationResourcesFixture:setUp): 201 POST http://10.180.1.21:9696/networking/v2.0/security-groups 0.145s
2025-11-12 17:16:35.973 63150 INFO tempest.lib.common.rest_client [req-15bb4c4d-ea8b-471a-9513-e16eea5b3bf2 req-15bb4c4d-ea8b-471a-9513-e16eea5b3bf2 ] Request (HypervisorAdminV228Test:tearDownClass): 200 GET http://10.180.1.21:9696/networking/v2.0/security-groups?tenant_id=4ee27e61ab2d44e788627b8ca9e30c03&name=default 0.627s
2025-11-12 17:16:35.977 63134 INFO tempest.lib.common.rest_client [req-d09a3c4f-d0c0-4aa8-a8a8-4d378ae56b13 req-d09a3c4f-d0c0-4aa8-a8a8-4d378ae56b13 ] Request (DeleteServersAdminTestJSON:test_admin_delete_servers_of_others): 200 GET http://10.180.1.21/compute/v2.1/servers/187e2aa3-1637-4d1f-9af0-1f77920fe2c8 2.687s
2025-11-12 17:16:36.034 63164 INFO tempest.lib.common.rest_client [req-138c29f6-bf3a-4a32-a5b3-2705aba8f94e req-138c29f6-bf3a-4a32-a5b3-2705aba8f94e ] Request (AZAdminV2TestJSON:test_get_availability_zone_list_detail): 200 GET http://10.180.1.21/compute/v2.1/os-availability-zone/detail 2.280s
2025-11-12 17:16:36.040 63132 INFO tempest.lib.common.rest_client [req-8629acc5-cd63-42e3-aab3-a42cddbdc173 req-8629acc5-cd63-42e3-aab3-a42cddbdc173 ] Request (ServicesAdminTestJSON:setUpClass): 200 GET http://10.180.1.21/identity/v3/roles 0.121s
2025-11-12 17:16:36.056 63186 INFO tempest.lib.common.rest_client [req-4d23f57c-dd09-4943-a1c0-e20ac10563b1 req-4d23f57c-dd09-4943-a1c0-e20ac10563b1 ] Request (InstanceUsageAuditLogTestJSON:test_list_instance_usage_audit_logs): 200 GET http://10.180.1.21/compute/v2.1/os-instance_usage_audit_log 2.272s
2025-11-12 17:16:36.109 63175 INFO tempest.lib.common.rest_client [req-2b298c9a-5732-4025-8514-84889fe802af req-2b298c9a-5732-4025-8514-84889fe802af ] Request (MigrationsAdminTest:test_list_migrations_in_flavor_resize_situation): 201 POST http://10.180.1.21/identity/v3/auth/tokens 0.164s
2025-11-12 17:16:36.110 63175 INFO tempest.lib.common.fixed_network [-] (MigrationsAdminTest:test_list_migrations_in_flavor_resize_situation) Found network None available for tenant
2025-11-12 17:16:36.133 63132 INFO tempest.lib.common.rest_client [req-c2203a22-4639-4941-b42a-4265a1239ac3 req-c2203a22-4639-4941-b42a-4265a1239ac3 ] Request (ServicesAdminTestJSON:setUpClass): 204 PUT http://10.180.1.21/identity/v3/projects/dc2562865ae8464dbed90f04c74c2fe9/users/ee532053f1ed4a49ae68c40e90e2050f/roles/dc2ffd47bd55488098aca4e265bcfb5d 0.093s
2025-11-12 17:16:36.134 63132 INFO tempest.lib.common.dynamic_creds [-] Dynamic test user ee532053f1ed4a49ae68c40e90e2050f is created with scope project and roles: ['admin']
2025-11-12 17:16:36.134 63132 INFO tempest.lib.common.dynamic_creds [-] Acquired dynamic creds: credentials: Credentials: {'domain_id': 'default', 'domain_name': 'Default', 'username': 'tempest-ServicesAdminTestJSON-934900761-project-admin', 'project_domain_id': 'default', 'project_domain_name': 'Default', 'project_id': 'dc2562865ae8464dbed90f04c74c2fe9', 'project_name': 'tempest-ServicesAdminTestJSON-934900761', 'tenant_id': 'dc2562865ae8464dbed90f04c74c2fe9', 'tenant_name': 'tempest-ServicesAdminTestJSON-934900761', 'user_domain_id': 'default', 'user_domain_name': 'Default', 'user_id': 'ee532053f1ed4a49ae68c40e90e2050f', 'system': None}, Network: None, Subnet: None, Router: None
2025-11-12 17:16:36.134 63132 INFO tempest.lib.common.dynamic_creds [-] Created isolated network resources for: credentials: Credentials: {'domain_id': 'default', 'domain_name': 'Default', 'username': 'tempest-ServicesAdminTestJSON-934900761-project-admin', 'project_domain_id': 'default', 'project_domain_name': 'Default', 'project_id': 'dc2562865ae8464dbed90f04c74c2fe9', 'project_name': 'tempest-ServicesAdminTestJSON-934900761', 'tenant_id': 'dc2562865ae8464dbed90f04c74c2fe9', 'tenant_name': 'tempest-ServicesAdminTestJSON-934900761', 'user_domain_id': 'default', 'user_domain_name': 'Default', 'user_id': 'ee532053f1ed4a49ae68c40e90e2050f', 'system': None}, Network: None, Subnet: None, Router: None
2025-11-12 17:16:36.180 63162 INFO tempest.lib.common.rest_client [req-35e279ce-8274-4b01-841e-2d1887aa3eab req-35e279ce-8274-4b01-841e-2d1887aa3eab ] Request (FloatingIPsTestJSON:_run_cleanups): 404 DELETE http://10.180.1.21/compute/v2.1/os-floating-ips/20b6541e-395f-4fcc-94b0-d66548defed5 2.342s
2025-11-12 17:16:36.259 63164 INFO tempest.lib.common.rest_client [req-d6d07068-befd-4efb-982e-bf004730dd79 req-d6d07068-befd-4efb-982e-bf004730dd79 ] Request (AZAdminV2TestJSON:tearDownClass): 204 DELETE http://10.180.1.21/identity/v3/users/c72f51a82c85432d8904fa2b05ecc1e4 0.221s
2025-11-12 17:16:36.362 63132 INFO tempest.lib.common.rest_client [req-74190b4c-b2aa-49c2-b305-2f8fb6507595 req-74190b4c-b2aa-49c2-b305-2f8fb6507595 ] Request (ServicesAdminTestJSON:setUpClass): 201 POST http://10.180.1.21/identity/v3/auth/tokens 0.224s
2025-11-12 17:16:36.376 63186 INFO tempest.lib.common.rest_client [req-49074068-5a80-4451-8038-f5628ad91daf req-49074068-5a80-4451-8038-f5628ad91daf ] Request (InstanceUsageAuditLogTestJSON:tearDownClass): 204 DELETE http://10.180.1.21/identity/v3/users/ea7021bf773f4b0bb40c4756ff11a144 0.316s
2025-11-12 17:16:36.385 63176 INFO tempest.lib.common.rest_client [req-4f8fc6a4-327c-40bc-aa36-984d527b1834 req-4f8fc6a4-327c-40bc-aa36-984d527b1834 ] Request (SecurityGroupsTestJSON:test_list_security_groups_by_server): 200 POST http://10.180.1.21/compute/v2.1/os-security-groups 2.948s
2025-11-12 17:16:36.404 63166 INFO tempest.lib.common.rest_client [req-f6f918bc-922f-4dd3-9ac2-5e275b3e03a8 req-f6f918bc-922f-4dd3-9ac2-5e275b3e03a8 ] Request (VolumesAdminNegativeTest:setUpClass): 201 POST http://10.180.1.21:9696/networking/v2.0/subnets 0.982s
2025-11-12 17:16:36.411 63160 INFO tempest.lib.common.rest_client [req-1f0aadee-8b90-4ef2-a5c5-473d292cd62e req-1f0aadee-8b90-4ef2-a5c5-473d292cd62e ] Request (HostsAdminTestJSON:test_list_hosts_with_a_blank_zone): 200 GET http://10.180.1.21/compute/v2.1/os-hosts?zone= 2.187s
2025-11-12 17:16:36.430 63188 INFO tempest.lib.common.rest_client [req-ecc171f3-3b9d-47ac-8d70-7cd83c746209 req-ecc171f3-3b9d-47ac-8d70-7cd83c746209 ] Request (ValidationResourcesFixture:setUp): 201 POST http://10.180.1.21:9696/networking/v2.0/security-group-rules 0.483s
2025-11-12 17:16:36.445 63149 INFO tempest.lib.common.rest_client [req-0edf6f70-88a2-42de-90c2-1ebe74e1830c req-0edf6f70-88a2-42de-90c2-1ebe74e1830c ] Request (FlavorsV255TestJSON:test_crud_flavor): 200 GET http://10.180.1.21/compute/v2.1/flavors 2.192s
2025-11-12 17:16:36.455 63180 INFO tempest.lib.common.rest_client [req-0fb04717-da3f-4749-a4f1-fbcfe71ac28d req-0fb04717-da3f-4749-a4f1-fbcfe71ac28d ] Request (KeyPairsNegativeTestJSON:test_create_keypair_with_long_keynames): 400 POST http://10.180.1.21/compute/v2.1/os-keypairs 2.164s
2025-11-12 17:16:36.520 63164 INFO tempest.lib.common.rest_client [req-09f576cf-a2ba-4271-bcd1-7a2fc4191e87 req-09f576cf-a2ba-4271-bcd1-7a2fc4191e87 ] Request (AZAdminV2TestJSON:tearDownClass): 204 DELETE http://10.180.1.21/identity/v3/users/696de24c9fae41b08d91e1d7961b9b8d 0.261s
2025-11-12 17:16:36.520 63164 INFO tempest.lib.common.dynamic_creds [-] Deleting project and security group for project: 1e1f391884b84be6b7d3c75b8f687ecb
2025-11-12 17:16:36.610 63150 INFO tempest.lib.common.rest_client [req-201fd7ac-f152-4810-9660-5e352e40d6ff req-201fd7ac-f152-4810-9660-5e352e40d6ff ] Request (HypervisorAdminV228Test:tearDownClass): 204 DELETE http://10.180.1.21:9696/networking/v2.0/security-groups/f74eaebd-5c3e-41de-976b-d8196aeed29a 0.636s
2025-11-12 17:16:36.638 63142 INFO tempest.lib.common.rest_client [req-e0778936-fe90-4142-93ee-9acb250d6ac0 req-e0778936-fe90-4142-93ee-9acb250d6ac0 ] Request (ServersWithSpecificFlavorTestJSON:setUpClass): 201 POST http://10.180.1.21:9696/networking/v2.0/routers 2.404s
2025-11-12 17:16:36.657 63186 INFO tempest.lib.common.rest_client [req-51afbcc5-238a-4937-a548-f6d06df2c0a4 req-51afbcc5-238a-4937-a548-f6d06df2c0a4 ] Request (InstanceUsageAuditLogTestJSON:tearDownClass): 204 DELETE http://10.180.1.21/identity/v3/users/233d03d0f31a4c708fe349222e8a668f 0.280s
2025-11-12 17:16:36.657 63186 INFO tempest.lib.common.dynamic_creds [-] Deleting project and security group for project: 5cc7ffd5c9ef4db3ad9c33192cc82ffd
2025-11-12 17:16:36.674 63164 INFO tempest.lib.common.rest_client [req-c5e1ed1e-9afa-49c4-bad4-07a9a6bbb7fe req-c5e1ed1e-9afa-49c4-bad4-07a9a6bbb7fe ] Request (AZAdminV2TestJSON:tearDownClass): 201 POST http://10.180.1.21/identity/v3/auth/tokens 0.153s
2025-11-12 17:16:36.753 63186 INFO tempest.lib.common.rest_client [req-9829599d-c20b-492b-8531-4075103352e8 req-9829599d-c20b-492b-8531-4075103352e8 ] Request (InstanceUsageAuditLogTestJSON:tearDownClass): 201 POST http://10.180.1.21/identity/v3/auth/tokens 0.093s
2025-11-12 17:16:36.784 63150 INFO tempest.lib.common.rest_client [req-1e0769ca-b187-433d-aec6-4d78b03258c5 req-1e0769ca-b187-433d-aec6-4d78b03258c5 ] Request (HypervisorAdminV228Test:tearDownClass): 204 DELETE http://10.180.1.21/identity/v3/projects/4ee27e61ab2d44e788627b8ca9e30c03 0.173s
2025-11-12 17:16:36.784 63150 INFO tempest.lib.common.dynamic_creds [-] Deleting project and security group for project: 8c101f44778440a689feaad67839ddcd
2025-11-12 17:16:36.831 63146 INFO tempest.lib.common.rest_client [req-eadf8259-075c-43b8-a7c7-45c664d4ea30 req-eadf8259-075c-43b8-a7c7-45c664d4ea30 ] Request (FloatingIPDetailsNegativeTestJSON:test_get_nonexistent_floating_ip_details): 404 GET http://10.180.1.21/compute/v2.1/os-floating-ips/5773dfb6-3e40-456a-8cd0-c9086a10d694 2.519s
2025-11-12 17:16:36.884 63138 INFO tempest.lib.common.rest_client [req-7a575db0-5ab2-459c-9b6e-fdbef1d5ac34 req-7a575db0-5ab2-459c-9b6e-fdbef1d5ac34 ] Request (ListImageFiltersTestJSON:setUpClass): 200 GET http://10.180.1.21/compute/v2.1/images/d677c96b-d239-4769-9823-c8cf779d6434 2.496s
2025-11-12 17:16:36.978 63170 INFO tempest.lib.common.rest_client [req-d3a3e31c-d332-4ab4-9cca-cfc14c51eeb1 req-d3a3e31c-d332-4ab4-9cca-cfc14c51eeb1 ] Request (ServerExternalEventsTest:test_create_server_external_events): 202 POST http://10.180.1.21/compute/v2.1/servers 2.810s
2025-11-12 17:16:37.059 63188 INFO tempest.lib.common.rest_client [req-70377201-3aa1-420c-be70-4b55c922c8de req-70377201-3aa1-420c-be70-4b55c922c8de ] Request (ValidationResourcesFixture:setUp): 201 POST http://10.180.1.21:9696/networking/v2.0/security-group-rules 0.628s
2025-11-12 17:16:37.077 63184 INFO tempest.lib.common.rest_client [req-398e6da4-64cb-4654-9031-e0b60677632b req-398e6da4-64cb-4654-9031-e0b60677632b ] Request (QuotasAdminTestJSON:test_get_updated_quotas): 200 GET http://10.180.1.21/compute/v2.1/os-quota-sets/7b22b8ff93b24f978d2cae431d45c1e9/detail 2.521s
2025-11-12 17:16:37.114 63184 INFO tempest.lib.common.rest_client [req-8a8df3b7-8f77-4846-9b93-b000ba6ee9f9 req-8a8df3b7-8f77-4846-9b93-b000ba6ee9f9 ] Request (QuotasAdminTestJSON:test_get_updated_quotas): 200 GET http://10.180.1.21/identity/v3/domains?name=Default 0.031s
2025-11-12 17:16:37.120 63178 INFO tempest.lib.common.rest_client [req-5e056989-fe1e-4fc2-949b-8cff63281d15 req-5e056989-fe1e-4fc2-949b-8cff63281d15 ] Request (AggregatesAdminNegativeTestJSON:test_aggregate_add_existent_host): 200 POST http://10.180.1.21/compute/v2.1/os-aggregates 2.213s
2025-11-12 17:16:37.162 63184 INFO tempest.lib.common.rest_client [req-383198df-c621-4199-bfab-21555804b87a req-383198df-c621-4199-bfab-21555804b87a ] Request (QuotasAdminTestJSON:test_get_updated_quotas): 201 POST http://10.180.1.21/identity/v3/users 0.046s
2025-11-12 17:16:37.188 63184 INFO tempest.lib.common.rest_client [req-85ef5d76-b9db-44f7-889a-b579e5ab7a90 req-85ef5d76-b9db-44f7-889a-b579e5ab7a90 ] Request (QuotasAdminTestJSON:test_get_updated_quotas): 200 GET http://10.180.1.21/identity/v3/domains?name=Default 0.025s
2025-11-12 17:16:37.265 63128 INFO tempest.lib.common.rest_client [req-79ec07e9-5679-4c6e-8ca4-21234b5990ef req-79ec07e9-5679-4c6e-8ca4-21234b5990ef ] Request (FlavorsAccessNegativeTestJSON:test_add_flavor_access_duplicate): 200 POST http://10.180.1.21/compute/v2.1/flavors/2136774130/action 2.152s
2025-11-12 17:16:37.354 63136 INFO tempest.lib.common.rest_client [req-abe93743-e275-4363-9885-1d3a0474c13e req-abe93743-e275-4363-9885-1d3a0474c13e ] Request (FlavorsExtraSpecsTestJSON:test_flavor_non_admin_get_all_keys): 200 GET http://10.180.1.21/compute/v2.1/flavors/216346778/os-extra_specs 2.209s
2025-11-12 17:16:37.382 63130 INFO tempest.lib.common.rest_client [req-24ae11eb-ad93-4996-a396-6a81dbb28f25 req-24ae11eb-ad93-4996-a396-6a81dbb28f25 ] Request (FlavorMetadataValidation:_run_cleanups): 200 GET http://10.180.1.21/compute/v2.1/flavors/detail 2.142s
2025-11-12 17:16:37.492 63130 INFO tempest.lib.common.rest_client [req-006a5d16-0d3b-4930-9e4a-387577b06dd9 req-006a5d16-0d3b-4930-9e4a-387577b06dd9 ] Request (FlavorMetadataValidation:tearDownClass): 204 DELETE http://10.180.1.21/identity/v3/users/586379503837455c87cc4d6612cd443e 0.094s
2025-11-12 17:16:37.528 63144 INFO tempest.lib.common.rest_client [req-68b2ae03-eff1-4e7b-b5a5-2be40f5c5f29 req-68b2ae03-eff1-4e7b-b5a5-2be40f5c5f29 ] Request (VolumesAssistedSnapshotsTest:setUpClass): 201 POST http://10.180.1.21:9696/networking/v2.0/routers 2.846s
2025-11-12 17:16:37.550 63158 INFO tempest.lib.common.rest_client [req-0a40232b-3b73-4c41-a1e2-9acc6bd63358 req-0a40232b-3b73-4c41-a1e2-9acc6bd63358 ] Request (ServersAdmin275Test:test_rebuild_update_server_275): 200 PUT http://10.180.1.21/compute/v2.1/servers/03ffcc41-6295-4dd0-9676-0ee6b0786b53 2.233s
2025-11-12 17:16:37.557 63168 INFO tempest.lib.common.rest_client [req-d0ec8c99-d1bf-4c7c-96d8-04f4d1f13eb6 req-d0ec8c99-d1bf-4c7c-96d8-04f4d1f13eb6 ] Request (HypervisorAdminNegativeTestJSON:test_get_hypervisor_stats_with_non_admin_user): 403 GET http://10.180.1.21/compute/v2.1/os-hypervisors/statistics 2.233s
2025-11-12 17:16:37.605 63130 INFO tempest.lib.common.rest_client [req-1c66d337-4bac-4a4e-9ba7-098f0afba143 req-1c66d337-4bac-4a4e-9ba7-098f0afba143 ] Request (FlavorMetadataValidation:tearDownClass): 204 DELETE http://10.180.1.21/identity/v3/users/bd600a2111994e2fb2e7513387e25212 0.112s
2025-11-12 17:16:37.605 63130 INFO tempest.lib.common.dynamic_creds [-] Deleting project and security group for project: f395cbf5a5d0499cb74a2d40ee05022e
2025-11-12 17:16:37.641 63150 INFO tempest.lib.common.rest_client [req-0084749a-9874-4ea2-9af8-cc7bba8ce594 req-0084749a-9874-4ea2-9af8-cc7bba8ce594 ] Request (HypervisorAdminV228Test:tearDownClass): 200 GET http://10.180.1.21:9696/networking/v2.0/security-groups?tenant_id=8c101f44778440a689feaad67839ddcd&name=default 0.856s
2025-11-12 17:16:37.724 63130 INFO tempest.lib.common.rest_client [req-76f3a9d0-089d-48c5-98d2-3894f6151045 req-76f3a9d0-089d-48c5-98d2-3894f6151045 ] Request (FlavorMetadataValidation:tearDownClass): 201 POST http://10.180.1.21/identity/v3/auth/tokens 0.117s
2025-11-12 17:16:37.795 63186 INFO tempest.lib.common.rest_client [req-0f72cb25-ace9-4038-9978-edc3b91e5f6e req-0f72cb25-ace9-4038-9978-edc3b91e5f6e ] Request (InstanceUsageAuditLogTestJSON:tearDownClass): 200 GET http://10.180.1.21:9696/networking/v2.0/security-groups?tenant_id=5cc7ffd5c9ef4db3ad9c33192cc82ffd&name=default 1.041s
2025-11-12 17:16:37.799 63164 INFO tempest.lib.common.rest_client [req-5d60f3ec-474d-40bb-a570-ba037770eea9 req-5d60f3ec-474d-40bb-a570-ba037770eea9 ] Request (AZAdminV2TestJSON:tearDownClass): 200 GET http://10.180.1.21:9696/networking/v2.0/security-groups?tenant_id=1e1f391884b84be6b7d3c75b8f687ecb&name=default 1.124s
2025-11-12 17:16:38.196 63164 INFO tempest.lib.common.rest_client [req-64eff0a5-06dd-4623-b9e1-3fdc8117a452 req-64eff0a5-06dd-4623-b9e1-3fdc8117a452 ] Request (AZAdminV2TestJSON:tearDownClass): 204 DELETE http://10.180.1.21:9696/networking/v2.0/security-groups/5b3cb2c4-9544-4387-b4fb-4a858741dfb1 0.396s
2025-11-12 17:16:38.201 63186 INFO tempest.lib.common.rest_client [req-835dd5d6-aee8-4553-b474-26c83e32ddf4 req-835dd5d6-aee8-4553-b474-26c83e32ddf4 ] Request (InstanceUsageAuditLogTestJSON:tearDownClass): 204 DELETE http://10.180.1.21:9696/networking/v2.0/security-groups/ff821961-9355-4549-95e4-2b1e7244e84c 0.405s
2025-11-12 17:16:38.218 63150 INFO tempest.lib.common.rest_client [req-8813cabe-b2b3-4e03-923f-e99bdfbd209c req-8813cabe-b2b3-4e03-923f-e99bdfbd209c ] Request (HypervisorAdminV228Test:tearDownClass): 204 DELETE http://10.180.1.21:9696/networking/v2.0/security-groups/58ee9d1b-0c71-438e-99ee-cfabcce793de 0.574s
2025-11-12 17:16:38.294 63164 INFO tempest.lib.common.rest_client [req-45f13e54-d177-493b-b7ae-4cff88f8b722 req-45f13e54-d177-493b-b7ae-4cff88f8b722 ] Request (AZAdminV2TestJSON:tearDownClass): 204 DELETE http://10.180.1.21/identity/v3/projects/1e1f391884b84be6b7d3c75b8f687ecb 0.098s
2025-11-12 17:16:38.294 63164 INFO tempest.lib.common.dynamic_creds [-] Deleting project and security group for project: b160a372c4114de39ab718f54601a6d7
