2025-11-12 17:17:01.743 63149 INFO tempest.lib.common.rest_client [req-8773e4de-61a1-4807-bc0b-fa11b0075c42 req-8773e4de-61a1-4807-bc0b-fa11b0075c42 ] Request (FloatingIPsAssociationNegativeTestJSON:setUpClass): 200 GET http://10.180.1.21/compute/v2.1/servers/4dae0c7e-14b3-4cb6-92e5-3b5fec52a75d 2.458s
2025-11-12 17:17:01.818 63156 INFO tempest.lib.common.rest_client [req-ea252dc5-28c2-4fdd-ac66-81ba60c6c0b2 req-ea252dc5-28c2-4fdd-ac66-81ba60c6c0b2 ] Request (QuotaClassesAdminTestJSON:tearDownClass): 204 DELETE http://10.180.1.21/identity/v3/users/0210893e9eba4f36ae4819d67e3fe7a1 0.274s
2025-11-12 17:17:01.819 63156 INFO tempest.lib.common.dynamic_creds [-] Deleting project and security group for project: c984f01b863e42b58e68099317c322b2
2025-11-12 17:17:01.871 63126 INFO tempest.lib.common.rest_client [req-6c09ce14-a5ec-49ed-ba88-5df604189917 req-6c09ce14-a5ec-49ed-ba88-5df604189917 ] Request (AttachVolumeNegativeTest:setUpClass): 201 POST http://10.180.1.21:9696/networking/v2.0/networks 1.273s
2025-11-12 17:17:01.926 63156 INFO tempest.lib.common.rest_client [req-97f9ab96-1efb-49d3-b911-d0ad91890973 req-97f9ab96-1efb-49d3-b911-d0ad91890973 ] Request (QuotaClassesAdminTestJSON:tearDownClass): 201 POST http://10.180.1.21/identity/v3/auth/tokens 0.107s
2025-11-12 17:17:01.954 63168 INFO tempest.lib.common.rest_client [req-f7d3bd9a-450b-4c1f-b3cd-0329b8420648 req-f7d3bd9a-450b-4c1f-b3cd-0329b8420648 ] Request (ServersAdminTestJSON:setUpClass): 200 PUT http://10.180.1.21:9696/networking/v2.0/routers/c552a1ff-f86b-43a8-abdd-79d0dea55594/add_router_interface 4.414s
2025-11-12 17:17:01.954 63168 INFO tempest.lib.common.dynamic_creds [-] Created isolated network resources for: credentials: Credentials: {'domain_id': 'default', 'domain_name': 'Default', 'username': 'tempest-ServersAdminTestJSON-1475908229-project-member', 'project_domain_id': 'default', 'project_domain_name': 'Default', 'project_id': '307f4a432fd140cdb8d4b718e7ae5188', 'project_name': 'tempest-ServersAdminTestJSON-1475908229', 'tenant_id': '307f4a432fd140cdb8d4b718e7ae5188', 'tenant_name': 'tempest-ServersAdminTestJSON-1475908229', 'user_domain_id': 'default', 'user_domain_name': 'Default', 'user_id': 'e701630794bc47a0b6b6318c5f2d5cbc', 'system': None}, Network: {'id': '59833d48-2c82-495d-a622-368e62c9dbc9', 'name': 'tempest-ServersAdminTestJSON-401172322-network', 'tenant_id': '307f4a432fd140cdb8d4b718e7ae5188', 'admin_state_up': True, 'mtu': 8950, 'status': 'ACTIVE', 'subnets': [], 'shared': False, 'project_id': '307f4a432fd140cdb8d4b718e7ae5188', 'port_security_enabled': True, 'router:external': False, 'provider:network_type': 'vlan', 'provider:physical_network': 'default', 'provider:segmentation_id': 988, 'availability_zone_hints': [], 'availability_zones': [], 'ipv4_address_scope': None, 'ipv6_address_scope': None, 'description': '', 'tags': [], 'created_at': '2025-11-12T17:16:54Z', 'updated_at': '2025-11-12T17:16:54Z', 'revision_number': 1}, Subnet: {'id': '943c0161-d09e-4cb0-8ed2-ad7b7a7d2f7c', 'name': 'tempest-ServersAdminTestJSON-401172322-subnet', 'tenant_id': '307f4a432fd140cdb8d4b718e7ae5188', 'network_id': '59833d48-2c82-495d-a622-368e62c9dbc9', 'ip_version': 4, 'subnetpool_id': None, 'enable_dhcp': True, 'ipv6_ra_mode': None, 'ipv6_address_mode': None, 'gateway_ip': '192.168.128.1', 'cidr': '192.168.128.0/28', 'allocation_pools': [{'start': '192.168.128.2', 'end': '192.168.128.14'}], 'host_routes': [], 'dns_nameservers': [], 'description': '', 'router:external': False, 'service_types': [], 'tags': [], 'created_at': '2025-11-12T17:16:54Z', 'updated_at': '2025-11-12T17:16:54Z', 'revision_number': 0, 'project_id': '307f4a432fd140cdb8d4b718e7ae5188'}, Router: {'id': 'c552a1ff-f86b-43a8-abdd-79d0dea55594', 'name': 'tempest-ServersAdminTestJSON-401172322-router', 'tenant_id': '307f4a432fd140cdb8d4b718e7ae5188', 'admin_state_up': True, 'status': 'ACTIVE', 'external_gateway_info': {'network_id': '81145505-1e65-4204-b705-4b5da0dfff6f', 'external_fixed_ips': [{'subnet_id': 'c620812d-8ef3-4454-9287-b44cc987649d', 'ip_address': '10.180.180.176'}], 'enable_snat': True}, 'description': '', 'availability_zones': [], 'distributed': False, 'ha': False, 'availability_zone_hints': [], 'routes': [], 'flavor_id': None, 'tags': [], 'created_at': '2025-11-12T17:16:55Z', 'updated_at': '2025-11-12T17:16:56Z', 'revision_number': 2, 'project_id': '307f4a432fd140cdb8d4b718e7ae5188'}
2025-11-12 17:17:02.109 63168 INFO tempest.lib.common.rest_client [req-049aa271-aadf-4d7f-baa5-df9622c029c5 req-049aa271-aadf-4d7f-baa5-df9622c029c5 ] Request (ServersAdminTestJSON:setUpClass): 201 POST http://10.180.1.21/identity/v3/auth/tokens 0.150s
2025-11-12 17:17:02.137 63150 INFO tempest.lib.common.rest_client [req-2af28321-ebc1-43c8-b421-82427e5bd7c5 req-2af28321-ebc1-43c8-b421-82427e5bd7c5 ] Request (SecurityGroupsTestAdminJSON:_run_cleanups): 202 DELETE http://10.180.1.21/compute/v2.1/os-security-groups/b1dac3ae-2468-4383-895b-4c45a08aca64 2.610s
2025-11-12 17:17:02.156 63138 INFO tempest.lib.common.rest_client [req-663cff1a-b730-41e7-a5bc-04ecf79c43ad req-663cff1a-b730-41e7-a5bc-04ecf79c43ad ] Request (ListImageFiltersTestJSON:setUpClass): 202 POST http://10.180.1.21/compute/v2.1/servers 3.501s
2025-11-12 17:17:02.201 63168 INFO tempest.lib.common.rest_client [req-d240e084-41ca-4c04-95bd-7f9274e15bc9 req-d240e084-41ca-4c04-95bd-7f9274e15bc9 ] Request (ServersAdminTestJSON:setUpClass): 201 POST http://10.180.1.21/identity/v3/projects 0.092s
2025-11-12 17:17:02.315 63156 INFO tempest.lib.common.rest_client [req-b5196a8d-5fa6-416f-a6fb-c6c79829c0bd req-b5196a8d-5fa6-416f-a6fb-c6c79829c0bd ] Request (QuotaClassesAdminTestJSON:tearDownClass): 200 GET http://10.180.1.21:9696/networking/v2.0/security-groups?tenant_id=c984f01b863e42b58e68099317c322b2&name=default 0.388s
2025-11-12 17:17:02.336 63134 INFO tempest.lib.common.rest_client [req-c589064f-0170-4841-a6fc-fdc39cb2e679 req-c589064f-0170-4841-a6fc-fdc39cb2e679 ] Request (DeleteServersAdminTestJSON:test_admin_delete_servers_of_others): 200 GET http://10.180.1.21/compute/v2.1/servers/187e2aa3-1637-4d1f-9af0-1f77920fe2c8 2.630s
2025-11-12 17:17:02.348 63134 INFO tempest.common.waiters [-] State transition "ACTIVE/deleting" ==> "DELETED/None" after 4 second wait
2025-11-12 17:17:02.366 63168 INFO tempest.lib.common.rest_client [req-6dc0f6c8-9a2e-4fe1-98d0-6bfbfc576573 req-6dc0f6c8-9a2e-4fe1-98d0-6bfbfc576573 ] Request (ServersAdminTestJSON:setUpClass): 201 POST http://10.180.1.21/identity/v3/users 0.164s
2025-11-12 17:17:02.414 63168 INFO tempest.lib.common.rest_client [req-db2d0b1c-d257-46fa-b451-73ae5795af54 req-db2d0b1c-d257-46fa-b451-73ae5795af54 ] Request (ServersAdminTestJSON:setUpClass): 200 GET http://10.180.1.21/identity/v3/roles 0.048s
2025-11-12 17:17:02.525 63168 INFO tempest.lib.common.rest_client [req-83e45304-6269-492f-be7f-8fcd1d90b1e0 req-83e45304-6269-492f-be7f-8fcd1d90b1e0 ] Request (ServersAdminTestJSON:setUpClass): 204 PUT http://10.180.1.21/identity/v3/projects/cb738de8776441379459681b29659f04/users/d048cdabaf554b758d8ae3050900a0cc/roles/dc2ffd47bd55488098aca4e265bcfb5d 0.110s
2025-11-12 17:17:02.526 63126 INFO tempest.lib.common.rest_client [req-7078d7b4-c5cf-4bf8-942a-badd4f357ad1 req-7078d7b4-c5cf-4bf8-942a-badd4f357ad1 ] Request (AttachVolumeNegativeTest:setUpClass): 201 POST http://10.180.1.21:9696/networking/v2.0/subnets 0.654s
2025-11-12 17:17:02.527 63160 INFO tempest.lib.common.rest_client [req-f38ebb0a-cfc9-4a16-ad93-1d4830ac03b6 req-f38ebb0a-cfc9-4a16-ad93-1d4830ac03b6 ] Request (HypervisorAdminTestJSON:test_get_hypervisor_list): 200 GET http://10.180.1.21/compute/v2.1/os-hypervisors 2.675s
2025-11-12 17:17:02.543 63128 INFO tempest.lib.common.rest_client [req-d73bec18-93cd-4a92-9512-9a334d486e8c req-d73bec18-93cd-4a92-9512-9a334d486e8c ] Request (FlavorsAccessNegativeTestJSON:test_flavor_non_admin_add): 403 POST http://10.180.1.21/compute/v2.1/flavors/1788908667/action 2.617s
2025-11-12 17:17:02.546 63156 INFO tempest.lib.common.rest_client [req-b8bb240d-3599-45c6-a1fe-255c529fbf69 req-b8bb240d-3599-45c6-a1fe-255c529fbf69 ] Request (QuotaClassesAdminTestJSON:tearDownClass): 204 DELETE http://10.180.1.21:9696/networking/v2.0/security-groups/e04d7162-e342-4a26-b548-d56f22e3ee3e 0.231s
2025-11-12 17:17:02.595 63168 INFO tempest.lib.common.rest_client [req-8d6214f9-e44f-453e-b8ab-4dd0cbc70302 req-8d6214f9-e44f-453e-b8ab-4dd0cbc70302 ] Request (ServersAdminTestJSON:setUpClass): 200 GET http://10.180.1.21/identity/v3/roles 0.069s
2025-11-12 17:17:02.608 63142 INFO tempest.lib.common.rest_client [req-474c27fd-4371-4140-bfeb-09c8381272a1 req-474c27fd-4371-4140-bfeb-09c8381272a1 ] Request (ValidationResourcesFixture:setUp): 201 POST http://10.180.1.21:9696/networking/v2.0/floatingips 1.508s
2025-11-12 17:17:02.623 63168 INFO tempest.lib.common.rest_client [req-a2c498cd-5c62-420f-ac7c-0c38750f2f9d req-a2c498cd-5c62-420f-ac7c-0c38750f2f9d ] Request (ServersAdminTestJSON:setUpClass): 204 PUT http://10.180.1.21/identity/v3/projects/cb738de8776441379459681b29659f04/users/d048cdabaf554b758d8ae3050900a0cc/roles/dc2ffd47bd55488098aca4e265bcfb5d 0.027s
2025-11-12 17:17:02.623 63168 INFO tempest.lib.common.dynamic_creds [-] Dynamic test user d048cdabaf554b758d8ae3050900a0cc is created with scope project and roles: ['admin']
2025-11-12 17:17:02.623 63168 INFO tempest.lib.common.dynamic_creds [-] Acquired dynamic creds: credentials: Credentials: {'domain_id': 'default', 'domain_name': 'Default', 'username': 'tempest-ServersAdminTestJSON-810015487-project-admin', 'project_domain_id': 'default', 'project_domain_name': 'Default', 'project_id': 'cb738de8776441379459681b29659f04', 'project_name': 'tempest-ServersAdminTestJSON-810015487', 'tenant_id': 'cb738de8776441379459681b29659f04', 'tenant_name': 'tempest-ServersAdminTestJSON-810015487', 'user_domain_id': 'default', 'user_domain_name': 'Default', 'user_id': 'd048cdabaf554b758d8ae3050900a0cc', 'system': None}, Network: None, Subnet: None, Router: None
2025-11-12 17:17:02.698 63142 INFO tempest.lib.common.rest_client [req-c0ba4324-7201-4f78-9ce2-ec7bcafaf8b1 req-c0ba4324-7201-4f78-9ce2-ec7bcafaf8b1 ] Request (ServersWithSpecificFlavorTestJSON:test_verify_created_server_ephemeral_disk): 201 POST http://10.180.1.21/identity/v3/auth/tokens 0.086s
2025-11-12 17:17:02.698 63142 INFO tempest.lib.common.fixed_network [-] (ServersWithSpecificFlavorTestJSON:test_verify_created_server_ephemeral_disk) Found network {'id': 'f6f237c7-567c-4b80-ad9e-066552bb40bf', 'name': 'tempest-ServersWithSpecificFlavorTestJSON-1929346925-network', 'tenant_id': '023bbb17435b4f8aa05cdd2fbc87426a', 'admin_state_up': True, 'mtu': 8950, 'status': 'ACTIVE', 'subnets': [], 'shared': False, 'project_id': '023bbb17435b4f8aa05cdd2fbc87426a', 'port_security_enabled': True, 'router:external': False, 'provider:network_type': 'vlan', 'provider:physical_network': 'default', 'provider:segmentation_id': 927, 'availability_zone_hints': [], 'availability_zones': [], 'ipv4_address_scope': None, 'ipv6_address_scope': None, 'description': '', 'tags': [], 'created_at': '2025-11-12T17:16:25Z', 'updated_at': '2025-11-12T17:16:25Z', 'revision_number': 1} available for tenant
2025-11-12 17:17:02.716 63156 INFO tempest.lib.common.rest_client [req-490aa464-9a13-4efb-8471-d62c1e0eef1b req-490aa464-9a13-4efb-8471-d62c1e0eef1b ] Request (QuotaClassesAdminTestJSON:tearDownClass): 204 DELETE http://10.180.1.21/identity/v3/projects/c984f01b863e42b58e68099317c322b2 0.169s
2025-11-12 17:17:02.716 63156 INFO tempest.lib.common.dynamic_creds [-] Deleting project and security group for project: 4bc0dd30bf794990b3b5bdfda4804d25
2025-11-12 17:17:02.732 63170 INFO tempest.lib.common.rest_client [req-c7ef2435-f4e9-4bde-b998-5053117aa5e2 req-c7ef2435-f4e9-4bde-b998-5053117aa5e2 ] Request (ServerExternalEventsTest:tearDownClass): 204 DELETE http://10.180.1.21/compute/v2.1/servers/88f3b89d-102f-4531-aa6e-2bde698d619b 2.508s
2025-11-12 17:17:02.865 63172 INFO tempest.lib.common.rest_client [req-905b3764-2c0f-4960-9236-d939919d32f2 req-905b3764-2c0f-4960-9236-d939919d32f2 ] Request (ImagesNegativeTestJSON:test_create_image_from_deleted_server): 200 GET http://10.180.1.21/compute/v2.1/servers/ea0bb3b1-678b-411e-b9c6-2fa4e99ff526 2.656s
2025-11-12 17:17:02.961 63146 INFO tempest.lib.common.rest_client [req-d5ffe6a3-1349-4126-9f20-ba0d8f48bff2 req-d5ffe6a3-1349-4126-9f20-ba0d8f48bff2 ] Request (ServerActionsTestOtherA:setUpClass): 200 GET http://10.180.1.21/compute/v2.1/servers/9fad31fa-0721-421d-b913-0dfe90ed8c18 2.600s
2025-11-12 17:17:02.987 63168 INFO tempest.lib.common.rest_client [req-463275af-bd7d-4f3b-a4b1-914da4de5e8b req-463275af-bd7d-4f3b-a4b1-914da4de5e8b ] Request (ServersAdminTestJSON:setUpClass): 201 POST http://10.180.1.21:9696/networking/v2.0/networks 0.363s
2025-11-12 17:17:03.007 63156 INFO tempest.lib.common.rest_client [req-ebb4344e-008b-4750-b5c4-04d82061cfa7 req-ebb4344e-008b-4750-b5c4-04d82061cfa7 ] Request (QuotaClassesAdminTestJSON:tearDownClass): 200 GET http://10.180.1.21:9696/networking/v2.0/security-groups?tenant_id=4bc0dd30bf794990b3b5bdfda4804d25&name=default 0.291s
2025-11-12 17:17:03.016 63154 INFO tempest.lib.common.rest_client [req-66597de4-ff4c-4714-b756-4ad26acece09 req-66597de4-ff4c-4714-b756-4ad26acece09 ] Request (KeyPairsV210TestJSON:test_admin_manage_keypairs_for_other_users): 201 POST http://10.180.1.21/compute/v2.1/os-keypairs 2.633s
2025-11-12 17:17:03.070 63130 INFO tempest.lib.common.rest_client [req-9fcfcf2f-a991-46af-ab1a-248d7afc63ec req-9fcfcf2f-a991-46af-ab1a-248d7afc63ec ] Request (KeyPairsV2TestJSON:test_keypairs_create_list_delete): 200 POST http://10.180.1.21/compute/v2.1/os-keypairs 2.323s
2025-11-12 17:17:03.211 63162 INFO tempest.lib.common.rest_client [req-11ad09da-3d73-4a10-ab1b-3dda2f9390c4 req-11ad09da-3d73-4a10-ab1b-3dda2f9390c4 ] Request (SecurityGroupRulesNegativeTestJSON:test_create_security_group_rule_duplicate): 200 POST http://10.180.1.21/compute/v2.1/os-security-groups 2.959s
2025-11-12 17:17:03.225 63156 INFO tempest.lib.common.rest_client [req-1417ab7c-48a8-41ac-9b0c-0ff2d169225f req-1417ab7c-48a8-41ac-9b0c-0ff2d169225f ] Request (QuotaClassesAdminTestJSON:tearDownClass): 204 DELETE http://10.180.1.21:9696/networking/v2.0/security-groups/51b86c36-7d32-4d27-83e3-e9c959d5ee6e 0.217s
2025-11-12 17:17:03.358 63168 INFO tempest.lib.common.rest_client [req-f73ec72e-53cb-42fd-958e-e4aacd348d01 req-f73ec72e-53cb-42fd-958e-e4aacd348d01 ] Request (ServersAdminTestJSON:setUpClass): 201 POST http://10.180.1.21:9696/networking/v2.0/subnets 0.371s
2025-11-12 17:17:03.371 63183 INFO tempest.lib.common.rest_client [req-36fae893-0f83-4107-afac-e2cdab0eff6f req-36fae893-0f83-4107-afac-e2cdab0eff6f ] Request (ServerDiagnosticsTest:test_get_server_diagnostics): 200 GET http://10.180.1.21/compute/v2.1/servers/9d80ff8b-ffbb-4238-bd78-1e0b83497004 2.534s
2025-11-12 17:17:03.415 63156 INFO tempest.lib.common.rest_client [req-7fd18bbf-5e6b-4e1a-a77d-a540d7c821f8 req-7fd18bbf-5e6b-4e1a-a77d-a540d7c821f8 ] Request (QuotaClassesAdminTestJSON:tearDownClass): 204 DELETE http://10.180.1.21/identity/v3/projects/4bc0dd30bf794990b3b5bdfda4804d25 0.189s
2025-11-12 17:17:03.529 63156 INFO tempest.lib.common.rest_client [req-6c230617-16aa-40c8-9387-4295d2b59ef1 req-6c230617-16aa-40c8-9387-4295d2b59ef1 ] Request (ServicesAdminNegativeTestJSON:setUpClass): 201 POST http://10.180.1.21/identity/v3/auth/tokens 0.113s
2025-11-12 17:17:03.565 63156 INFO tempest.lib.common.rest_client [req-99fb3906-e0ee-495b-9133-f6495ec3be9e req-99fb3906-e0ee-495b-9133-f6495ec3be9e ] Request (ServicesAdminNegativeTestJSON:setUpClass): 201 POST http://10.180.1.21/identity/v3/auth/tokens 0.033s
2025-11-12 17:17:03.602 63156 INFO tempest.lib.common.rest_client [req-beab86e3-5716-4f84-b858-9b8f30372dec req-beab86e3-5716-4f84-b858-9b8f30372dec ] Request (ServicesAdminNegativeTestJSON:setUpClass): 200 GET http://10.180.1.21/identity/v3/domains?name=Default 0.037s
2025-11-12 17:17:03.654 63156 INFO tempest.lib.common.rest_client [req-7568e120-84a2-41da-ba19-be06507fc07f req-7568e120-84a2-41da-ba19-be06507fc07f ] Request (ServicesAdminNegativeTestJSON:setUpClass): 201 POST http://10.180.1.21/identity/v3/projects 0.052s
2025-11-12 17:17:03.722 63156 INFO tempest.lib.common.rest_client [req-b84fec96-465d-4bc9-8a29-d8f5787f2c8a req-b84fec96-465d-4bc9-8a29-d8f5787f2c8a ] Request (ServicesAdminNegativeTestJSON:setUpClass): 201 POST http://10.180.1.21/identity/v3/users 0.067s
2025-11-12 17:17:03.752 63156 INFO tempest.lib.common.rest_client [req-6e1286c4-0160-488f-aede-89eb9f54f628 req-6e1286c4-0160-488f-aede-89eb9f54f628 ] Request (ServicesAdminNegativeTestJSON:setUpClass): 200 GET http://10.180.1.21/identity/v3/roles 0.029s
2025-11-12 17:17:03.801 63156 INFO tempest.lib.common.rest_client [req-4aff6948-ceff-4e50-a319-c52ef4c10222 req-4aff6948-ceff-4e50-a319-c52ef4c10222 ] Request (ServicesAdminNegativeTestJSON:setUpClass): 204 PUT http://10.180.1.21/identity/v3/projects/5ac96530f85f46659f1657c8a52a4438/users/81fb5c3829b14742935207ed617e5992/roles/9a2b51ffaf4b4a05b8a07325a244c6b0 0.049s
2025-11-12 17:17:03.802 63156 INFO tempest.lib.common.dynamic_creds [-] Dynamic test user 81fb5c3829b14742935207ed617e5992 is created with scope project and roles: ['member']
2025-11-12 17:17:03.802 63156 INFO tempest.lib.common.dynamic_creds [-] Acquired dynamic creds: credentials: Credentials: {'domain_id': 'default', 'domain_name': 'Default', 'username': 'tempest-ServicesAdminNegativeTestJSON-2114491406-project-member', 'project_domain_id': 'default', 'project_domain_name': 'Default', 'project_id': '5ac96530f85f46659f1657c8a52a4438', 'project_name': 'tempest-ServicesAdminNegativeTestJSON-2114491406', 'tenant_id': '5ac96530f85f46659f1657c8a52a4438', 'tenant_name': 'tempest-ServicesAdminNegativeTestJSON-2114491406', 'user_domain_id': 'default', 'user_domain_name': 'Default', 'user_id': '81fb5c3829b14742935207ed617e5992', 'system': None}, Network: None, Subnet: None, Router: None
2025-11-12 17:17:03.803 63156 INFO tempest.lib.common.dynamic_creds [-] Created isolated network resources for: credentials: Credentials: {'domain_id': 'default', 'domain_name': 'Default', 'username': 'tempest-ServicesAdminNegativeTestJSON-2114491406-project-member', 'project_domain_id': 'default', 'project_domain_name': 'Default', 'project_id': '5ac96530f85f46659f1657c8a52a4438', 'project_name': 'tempest-ServicesAdminNegativeTestJSON-2114491406', 'tenant_id': '5ac96530f85f46659f1657c8a52a4438', 'tenant_name': 'tempest-ServicesAdminNegativeTestJSON-2114491406', 'user_domain_id': 'default', 'user_domain_name': 'Default', 'user_id': '81fb5c3829b14742935207ed617e5992', 'system': None}, Network: None, Subnet: None, Router: None
2025-11-12 17:17:03.815 63184 INFO tempest.lib.common.rest_client [req-6849bdb2-9a51-4ad7-b032-86f406c02bb3 req-6849bdb2-9a51-4ad7-b032-86f406c02bb3 ] Request (QuotasAdminNegativeTest:test_create_server_when_cpu_quota_is_full): 403 POST http://10.180.1.21/compute/v2.1/servers 2.930s
2025-11-12 17:17:03.882 63158 INFO tempest.lib.common.rest_client [req-1ae7fdac-ca63-4960-8a4c-c962957943d8 req-1ae7fdac-ca63-4960-8a4c-c962957943d8 ] Request (ServersAdmin275Test:test_rebuild_update_server_275): 200 GET http://10.180.1.21/compute/v2.1/servers/03ffcc41-6295-4dd0-9676-0ee6b0786b53 2.804s
2025-11-12 17:17:03.892 63156 INFO tempest.lib.common.rest_client [req-47a7d81f-5337-405e-b006-57b3ff28346d req-47a7d81f-5337-405e-b006-57b3ff28346d ] Request (ServicesAdminNegativeTestJSON:setUpClass): 201 POST http://10.180.1.21/identity/v3/auth/tokens 0.084s
2025-11-12 17:17:03.896 63158 INFO tempest.common.waiters [-] State transition "REBUILD/rebuild_block_device_mapping" ==> "REBUILD/rebuild_spawning" after 3 second wait
2025-11-12 17:17:03.911 63136 INFO tempest.lib.common.rest_client [req-328b4a57-3555-427c-96d9-4aad230a1d1b req-328b4a57-3555-427c-96d9-4aad230a1d1b ] Request (FlavorsExtraSpecsTestJSON:tearDownClass): 200 GET http://10.180.1.21/compute/v2.1/flavors/detail 2.542s
2025-11-12 17:17:03.916 63178 INFO tempest.lib.common.rest_client [req-000851e2-2fa8-46c3-8d17-8a2e61ce49bf req-000851e2-2fa8-46c3-8d17-8a2e61ce49bf ] Request (AggregatesAdminNegativeTestJSON:test_aggregate_create_aggregate_name_length_exceeds_255): 400 POST http://10.180.1.21/compute/v2.1/os-aggregates 2.504s
2025-11-12 17:17:03.966 63156 INFO tempest.lib.common.rest_client [req-00599965-f1e5-45e0-9432-f82248358c89 req-00599965-f1e5-45e0-9432-f82248358c89 ] Request (ServicesAdminNegativeTestJSON:setUpClass): 201 POST http://10.180.1.21/identity/v3/projects 0.073s
2025-11-12 17:17:04.085 63156 INFO tempest.lib.common.rest_client [req-3b8fbd4d-9772-464b-826e-b27ae3ed3795 req-3b8fbd4d-9772-464b-826e-b27ae3ed3795 ] Request (ServicesAdminNegativeTestJSON:setUpClass): 201 POST http://10.180.1.21/identity/v3/users 0.118s
2025-11-12 17:17:04.110 63188 INFO tempest.lib.common.rest_client [req-7de595f5-da7c-4259-8c90-182bfc64f858 req-7de595f5-da7c-4259-8c90-182bfc64f858 ] Request (AttachVolumeShelveTestJSON:test_attach_volume_shelved_or_offload_server): 200 GET http://10.180.1.21/compute/v2.1/servers/a9c970e4-5922-4c47-9676-fef8fdfb5dd2 2.584s
2025-11-12 17:17:04.115 63136 INFO tempest.lib.common.rest_client [req-d9295ee4-9300-433b-979f-96c053466f03 req-d9295ee4-9300-433b-979f-96c053466f03 ] Request (FlavorsExtraSpecsTestJSON:tearDownClass): 204 DELETE http://10.180.1.21/identity/v3/users/377437d22b0544cb8c6340318d5d560a 0.198s
2025-11-12 17:17:04.165 63156 INFO tempest.lib.common.rest_client [req-3f2a127e-bda3-4aa2-89f9-dde39fbebe90 req-3f2a127e-bda3-4aa2-89f9-dde39fbebe90 ] Request (ServicesAdminNegativeTestJSON:setUpClass): 200 GET http://10.180.1.21/identity/v3/roles 0.079s
2025-11-12 17:17:04.207 63156 INFO tempest.lib.common.rest_client [req-9f2318af-8e7b-43a2-8d58-43af2ac36b4c req-9f2318af-8e7b-43a2-8d58-43af2ac36b4c ] Request (ServicesAdminNegativeTestJSON:setUpClass): 204 PUT http://10.180.1.21/identity/v3/projects/515fa9defb4943919fcc9cc9ea4244e1/users/207d0020c80f4d46b6884d4deadce9d9/roles/dc2ffd47bd55488098aca4e265bcfb5d 0.042s
2025-11-12 17:17:04.227 63176 INFO tempest.lib.common.rest_client [req-af057d33-9053-433c-bb48-6ad5a21f1244 req-af057d33-9053-433c-bb48-6ad5a21f1244 ] Request (SecurityGroupsTestJSON:test_list_security_groups_by_server): 200 GET http://10.180.1.21/compute/v2.1/servers/7567076c-e3dd-42fd-b715-bf3ea8452826 2.526s
2025-11-12 17:17:04.269 63136 INFO tempest.lib.common.rest_client [req-e2b038ed-1b2f-428b-8d71-f3a776d14f6c req-e2b038ed-1b2f-428b-8d71-f3a776d14f6c ] Request (FlavorsExtraSpecsTestJSON:tearDownClass): 204 DELETE http://10.180.1.21/identity/v3/users/0b700dabf95a4ed2a3b8e76117fecd93 0.153s
2025-11-12 17:17:04.269 63136 INFO tempest.lib.common.dynamic_creds [-] Deleting project and security group for project: 38b34426047a4d7c8e4bcdfd64190164
2025-11-12 17:17:04.360 63156 INFO tempest.lib.common.rest_client [req-cafc9076-f43f-41b8-a0e3-470baa7da59a req-cafc9076-f43f-41b8-a0e3-470baa7da59a ] Request (ServicesAdminNegativeTestJSON:setUpClass): 200 GET http://10.180.1.21/identity/v3/roles 0.152s
2025-11-12 17:17:04.370 63136 INFO tempest.lib.common.rest_client [req-60f43957-3e79-4dfc-93ed-1f7b0f9ab7e8 req-60f43957-3e79-4dfc-93ed-1f7b0f9ab7e8 ] Request (FlavorsExtraSpecsTestJSON:tearDownClass): 201 POST http://10.180.1.21/identity/v3/auth/tokens 0.100s
2025-11-12 17:17:04.389 63156 INFO tempest.lib.common.rest_client [req-aefb0f71-381b-4775-830b-4c158190c93d req-aefb0f71-381b-4775-830b-4c158190c93d ] Request (ServicesAdminNegativeTestJSON:setUpClass): 204 PUT http://10.180.1.21/identity/v3/projects/515fa9defb4943919fcc9cc9ea4244e1/users/207d0020c80f4d46b6884d4deadce9d9/roles/dc2ffd47bd55488098aca4e265bcfb5d 0.028s
2025-11-12 17:17:04.390 63156 INFO tempest.lib.common.dynamic_creds [-] Dynamic test user 207d0020c80f4d46b6884d4deadce9d9 is created with scope project and roles: ['admin']
2025-11-12 17:17:04.390 63156 INFO tempest.lib.common.dynamic_creds [-] Acquired dynamic creds: credentials: Credentials: {'domain_id': 'default', 'domain_name': 'Default', 'username': 'tempest-ServicesAdminNegativeTestJSON-1125751287-project-admin', 'project_domain_id': 'default', 'project_domain_name': 'Default', 'project_id': '515fa9defb4943919fcc9cc9ea4244e1', 'project_name': 'tempest-ServicesAdminNegativeTestJSON-1125751287', 'tenant_id': '515fa9defb4943919fcc9cc9ea4244e1', 'tenant_name': 'tempest-ServicesAdminNegativeTestJSON-1125751287', 'user_domain_id': 'default', 'user_domain_name': 'Default', 'user_id': '207d0020c80f4d46b6884d4deadce9d9', 'system': None}, Network: None, Subnet: None, Router: None
2025-11-12 17:17:04.390 63156 INFO tempest.lib.common.dynamic_creds [-] Created isolated network resources for: credentials: Credentials: {'domain_id': 'default', 'domain_name': 'Default', 'username': 'tempest-ServicesAdminNegativeTestJSON-1125751287-project-admin', 'project_domain_id': 'default', 'project_domain_name': 'Default', 'project_id': '515fa9defb4943919fcc9cc9ea4244e1', 'project_name': 'tempest-ServicesAdminNegativeTestJSON-1125751287', 'tenant_id': '515fa9defb4943919fcc9cc9ea4244e1', 'tenant_name': 'tempest-ServicesAdminNegativeTestJSON-1125751287', 'user_domain_id': 'default', 'user_domain_name': 'Default', 'user_id': '207d0020c80f4d46b6884d4deadce9d9', 'system': None}, Network: None, Subnet: None, Router: None
2025-11-12 17:17:04.415 63144 INFO tempest.lib.common.rest_client [req-0ae8ba3d-0c94-41e5-b25b-77d7d3b8f359 req-0ae8ba3d-0c94-41e5-b25b-77d7d3b8f359 ] Request (VolumesAssistedSnapshotsTest:test_volume_assisted_snapshot_create_delete): 202 POST http://10.180.1.21/compute/v2.1/servers 3.434s
2025-11-12 17:17:04.454 63175 INFO tempest.lib.common.rest_client [req-ff72ec18-a99e-44bd-a1e5-64be5457d1e8 req-ff72ec18-a99e-44bd-a1e5-64be5457d1e8 ] Request (MigrationsAdminTest:test_list_migrations_in_flavor_resize_situation): 200 GET http://10.180.1.21/compute/v2.1/servers/7bcdd43b-b364-4b27-b271-2e7c4fdc8c4f 2.429s
2025-11-12 17:17:04.508 63156 INFO tempest.lib.common.rest_client [req-27a28bc5-1470-46d4-b9b0-3f642a44bd8a req-27a28bc5-1470-46d4-b9b0-3f642a44bd8a ] Request (ServicesAdminNegativeTestJSON:setUpClass): 201 POST http://10.180.1.21/identity/v3/auth/tokens 0.114s
2025-11-12 17:17:04.527 63186 INFO tempest.lib.common.rest_client [req-48774915-e9f7-4323-829a-03c0af1e4ef6 req-48774915-e9f7-4323-829a-03c0af1e4ef6 ] Request (TenantUsagesTestJSON:setUpClass): 200 GET http://10.180.1.21/compute/v2.1/servers/9e017752-fb3d-44d4-9910-932aa6fa65b5 2.410s
2025-11-12 17:17:04.567 63150 INFO tempest.lib.common.rest_client [req-36a53c02-167c-4a92-a0e0-f535761d2419 req-36a53c02-167c-4a92-a0e0-f535761d2419 ] Request (SecurityGroupsTestAdminJSON:_run_cleanups): 202 DELETE http://10.180.1.21/compute/v2.1/os-security-groups/75a4426c-7c4e-47f8-b33b-1c374562a270 2.429s
2025-11-12 17:17:04.624 63166 INFO tempest.lib.common.rest_client [req-85ba2326-4f8e-4ae8-9bdb-229049da8b90 req-85ba2326-4f8e-4ae8-9bdb-229049da8b90 ] Request (VolumesAdminNegativeTest:test_update_attached_volume_with_nonexistent_volume_in_uri): 200 GET http://10.180.1.21/compute/v2.1/servers/892d6436-4efe-45e3-ac51-745fe4fe3ed1 2.423s
2025-11-12 17:17:04.705 63136 INFO tempest.lib.common.rest_client [req-f91ed38f-2970-49f4-a7d0-7345f9ebc685 req-f91ed38f-2970-49f4-a7d0-7345f9ebc685 ] Request (FlavorsExtraSpecsTestJSON:tearDownClass): 200 GET http://10.180.1.21:9696/networking/v2.0/security-groups?tenant_id=38b34426047a4d7c8e4bcdfd64190164&name=default 0.334s
2025-11-12 17:17:04.750 63152 INFO tempest.lib.common.rest_client [req-54e26a3e-81c3-40ab-af34-f26fe4541116 req-54e26a3e-81c3-40ab-af34-f26fe4541116 ] Request (ServersTestFqdnHostnames:test_create_server_with_fqdn_name): 200 GET http://10.180.1.21/compute/v2.1/servers/47563de8-701e-426e-a3c2-340c978f781a 2.400s
2025-11-12 17:17:04.775 63138 INFO tempest.lib.common.rest_client [req-e4177191-3ace-47dd-a5d8-3ba91c7c877b req-e4177191-3ace-47dd-a5d8-3ba91c7c877b ] Request (ListImageFiltersTestJSON:setUpClass): 200 GET http://10.180.1.21/compute/v2.1/servers/776f020e-8300-4297-9ad4-a5c54e3c0552 2.613s
2025-11-12 17:17:04.795 63160 INFO tempest.lib.common.rest_client [req-3c72626a-5ec7-448f-8cdf-3873b7cb2759 req-3c72626a-5ec7-448f-8cdf-3873b7cb2759 ] Request (HypervisorAdminTestJSON:test_get_hypervisor_list_details): 200 GET http://10.180.1.21/compute/v2.1/os-hypervisors/detail 2.263s
2025-11-12 17:17:04.805 63126 INFO tempest.lib.common.rest_client [req-fc0f1929-415a-42f9-8352-5599f6da9b74 req-fc0f1929-415a-42f9-8352-5599f6da9b74 ] Request (AttachVolumeNegativeTest:setUpClass): 201 POST http://10.180.1.21:9696/networking/v2.0/routers 2.279s
2025-11-12 17:17:04.812 63136 INFO tempest.lib.common.rest_client [req-76839a83-6bc1-41d0-9dd3-a55600b356bd req-76839a83-6bc1-41d0-9dd3-a55600b356bd ] Request (FlavorsExtraSpecsTestJSON:tearDownClass): 204 DELETE http://10.180.1.21:9696/networking/v2.0/security-groups/e1bc6807-e832-4550-a441-c6cec6f57e38 0.107s
2025-11-12 17:17:04.819 63164 INFO tempest.lib.common.rest_client [req-e208be5f-4d79-4f74-8e9e-8b57a5f7312b req-e208be5f-4d79-4f74-8e9e-8b57a5f7312b ] Request (ListServerFiltersTestJSON:setUpClass): 200 GET http://10.180.1.21/compute/v2.1/servers/c8023672-8145-4af5-b503-4d7f79499f2b 2.318s
2025-11-12 17:17:04.823 63128 INFO tempest.lib.common.rest_client [req-21b17926-30c8-4b8a-b0b6-59a34911e1d4 req-21b17926-30c8-4b8a-b0b6-59a34911e1d4 ] Request (FlavorsAccessNegativeTestJSON:_run_cleanups): 202 DELETE http://10.180.1.21/compute/v2.1/flavors/1788908667 2.279s
2025-11-12 17:17:04.895 63140 INFO tempest.lib.common.rest_client [req-876bb4cd-e2af-4d83-9a1d-9f86f96bfd37 req-876bb4cd-e2af-4d83-9a1d-9f86f96bfd37 ] Request (ServerActionsTestJSON:setUpClass): 200 GET http://10.180.1.21/compute/v2.1/servers/c470235b-8456-4a41-90c3-89205b6d0e32 2.263s
2025-11-12 17:17:04.938 63136 INFO tempest.lib.common.rest_client [req-62dbb2ee-3bad-43d7-b272-5c7c878d583a req-62dbb2ee-3bad-43d7-b272-5c7c878d583a ] Request (FlavorsExtraSpecsTestJSON:tearDownClass): 204 DELETE http://10.180.1.21/identity/v3/projects/38b34426047a4d7c8e4bcdfd64190164 0.125s
2025-11-12 17:17:04.938 63136 INFO tempest.lib.common.dynamic_creds [-] Deleting project and security group for project: 38f1fd34823e49fbbbb92a72b35d701a
2025-11-12 17:17:05.039 63170 INFO tempest.lib.common.rest_client [req-7a183b78-1c18-413f-9a8e-1696c65e51a3 req-7a183b78-1c18-413f-9a8e-1696c65e51a3 ] Request (ServerExternalEventsTest:tearDownClass): 200 GET http://10.180.1.21/compute/v2.1/servers/88f3b89d-102f-4531-aa6e-2bde698d619b 2.306s
2025-11-12 17:17:05.106 63149 INFO tempest.lib.common.rest_client [req-653fa32c-d27a-403d-a655-e19ccf001887 req-653fa32c-d27a-403d-a655-e19ccf001887 ] Request (FloatingIPsAssociationNegativeTestJSON:setUpClass): 200 GET http://10.180.1.21/compute/v2.1/servers/4dae0c7e-14b3-4cb6-92e5-3b5fec52a75d 2.351s
2025-11-12 17:17:05.118 63154 INFO tempest.lib.common.rest_client [req-75ea7eba-a70b-4d23-8b01-ecb171b9976f req-75ea7eba-a70b-4d23-8b01-ecb171b9976f ] Request (KeyPairsV210TestJSON:test_admin_manage_keypairs_for_other_users): 200 GET http://10.180.1.21/compute/v2.1/os-keypairs?user_id=3160e67e73624837905cf9d969fa866f 2.100s
2025-11-12 17:17:05.152 63130 INFO tempest.lib.common.rest_client [req-5e2a7939-bc1b-4342-8b92-13e0007fc6e4 req-5e2a7939-bc1b-4342-8b92-13e0007fc6e4 ] Request (KeyPairsV2TestJSON:test_keypairs_create_list_delete): 200 POST http://10.180.1.21/compute/v2.1/os-keypairs 2.080s
2025-11-12 17:17:05.312 63136 INFO tempest.lib.common.rest_client [req-3b857c8a-72a7-4312-b6bd-b23cae33f775 req-3b857c8a-72a7-4312-b6bd-b23cae33f775 ] Request (FlavorsExtraSpecsTestJSON:tearDownClass): 200 GET http://10.180.1.21:9696/networking/v2.0/security-groups?tenant_id=38f1fd34823e49fbbbb92a72b35d701a&name=default 0.373s
2025-11-12 17:17:05.374 63162 INFO tempest.lib.common.rest_client [req-3f3821a9-8d04-46dd-ac5c-6cd686c994da req-3f3821a9-8d04-46dd-ac5c-6cd686c994da ] Request (SecurityGroupRulesNegativeTestJSON:test_create_security_group_rule_duplicate): 200 POST http://10.180.1.21/compute/v2.1/os-security-group-rules 2.158s
2025-11-12 17:17:05.468 63134 INFO tempest.lib.common.rest_client [req-bfeafd32-af34-4a5b-97b1-6908aed3e9b0 req-bfeafd32-af34-4a5b-97b1-6908aed3e9b0 ] Request (DeleteServersAdminTestJSON:test_admin_delete_servers_of_others): 200 GET http://10.180.1.21/compute/v2.1/servers/187e2aa3-1637-4d1f-9af0-1f77920fe2c8 2.118s
2025-11-12 17:17:05.485 63136 INFO tempest.lib.common.rest_client [req-800b832f-b40b-4790-99d6-2e523a04d0e9 req-800b832f-b40b-4790-99d6-2e523a04d0e9 ] Request (FlavorsExtraSpecsTestJSON:tearDownClass): 204 DELETE http://10.180.1.21:9696/networking/v2.0/security-groups/2f524298-a404-4e49-9076-85b6a76ef14f 0.172s
2025-11-12 17:17:05.631 63136 INFO tempest.lib.common.rest_client [req-b03d7230-e541-4d1a-b621-103bc30ad737 req-b03d7230-e541-4d1a-b621-103bc30ad737 ] Request (FlavorsExtraSpecsTestJSON:tearDownClass): 204 DELETE http://10.180.1.21/identity/v3/projects/38f1fd34823e49fbbbb92a72b35d701a 0.145s
2025-11-12 17:17:05.678 63168 INFO tempest.lib.common.rest_client [req-dbdc6a86-7a74-470a-8453-c18213726364 req-dbdc6a86-7a74-470a-8453-c18213726364 ] Request (ServersAdminTestJSON:setUpClass): 201 POST http://10.180.1.21:9696/networking/v2.0/routers 2.319s
2025-11-12 17:17:05.736 63142 INFO tempest.lib.common.rest_client [req-42df2680-00e9-4f00-b009-1f95418f84f9 req-42df2680-00e9-4f00-b009-1f95418f84f9 ] Request (ServersWithSpecificFlavorTestJSON:test_verify_created_server_ephemeral_disk): 202 POST http://10.180.1.21/compute/v2.1/servers 3.036s
2025-11-12 17:17:05.753 63184 INFO tempest.lib.common.rest_client [req-f9e9f2a1-34f7-4188-bd7a-40f66b0a6586 req-f9e9f2a1-34f7-4188-bd7a-40f66b0a6586 ] Request (QuotasAdminNegativeTest:_run_cleanups): 200 PUT http://10.180.1.21/compute/v2.1/os-quota-sets/8c796e856d294773861b54c1b5d92771 1.937s
2025-11-12 17:17:05.763 63178 INFO tempest.lib.common.rest_client [req-227713aa-983a-449b-9311-18b456f3c480 req-227713aa-983a-449b-9311-18b456f3c480 ] Request (AggregatesAdminNegativeTestJSON:test_aggregate_create_aggregate_name_length_less_than_1): 400 POST http://10.180.1.21/compute/v2.1/os-aggregates 1.845s
2025-11-12 17:17:05.783 63136 INFO tempest.lib.common.rest_client [req-0940b01a-fa38-4211-a711-4321b88358dd req-0940b01a-fa38-4211-a711-4321b88358dd ] Request (HypervisorAdminV253TestBase:setUpClass): 201 POST http://10.180.1.21/identity/v3/auth/tokens 0.150s
2025-11-12 17:17:05.818 63136 INFO tempest.lib.common.rest_client [req-afd0b3d3-9394-49df-a2bd-c5b8c7b717d1 req-afd0b3d3-9394-49df-a2bd-c5b8c7b717d1 ] Request (HypervisorAdminV253TestBase:setUpClass): 201 POST http://10.180.1.21/identity/v3/auth/tokens 0.033s
2025-11-12 17:17:05.845 63146 INFO tempest.lib.common.rest_client [req-473eb088-b717-44c7-b6bf-bb725d0cbee6 req-473eb088-b717-44c7-b6bf-bb725d0cbee6 ] Request (ServerActionsTestOtherA:setUpClass): 200 GET http://10.180.1.21/compute/v2.1/servers/9fad31fa-0721-421d-b913-0dfe90ed8c18 1.868s
2025-11-12 17:17:05.852 63136 INFO tempest.lib.common.rest_client [req-b14f60cf-0861-40a6-a85d-6a71110a3f0d req-b14f60cf-0861-40a6-a85d-6a71110a3f0d ] Request (HypervisorAdminV253TestBase:setUpClass): 200 GET http://10.180.1.21/identity/v3/domains?name=Default 0.033s
2025-11-12 17:17:05.890 63136 INFO tempest.lib.common.rest_client [req-d265d09f-64c6-47f1-b9a9-d9a8d5ae6027 req-d265d09f-64c6-47f1-b9a9-d9a8d5ae6027 ] Request (HypervisorAdminV253TestBase:setUpClass): 201 POST http://10.180.1.21/identity/v3/projects 0.038s
2025-11-12 17:17:05.922 63172 INFO tempest.lib.common.rest_client [req-407bfd37-0b1b-4726-9959-774982f8e073 req-407bfd37-0b1b-4726-9959-774982f8e073 ] Request (ImagesNegativeTestJSON:test_create_image_from_deleted_server): 200 GET http://10.180.1.21/compute/v2.1/servers/ea0bb3b1-678b-411e-b9c6-2fa4e99ff526 2.044s
2025-11-12 17:17:05.931 63172 INFO tempest.common.waiters [-] State transition "BUILD/spawning" ==> "ACTIVE/None" after 24 second wait
2025-11-12 17:17:05.974 63136 INFO tempest.lib.common.rest_client [req-0ac6d0f9-a039-40c8-9ea0-a71b2327adda req-0ac6d0f9-a039-40c8-9ea0-a71b2327adda ] Request (HypervisorAdminV253TestBase:setUpClass): 201 POST http://10.180.1.21/identity/v3/users 0.083s
2025-11-12 17:17:06.004 63136 INFO tempest.lib.common.rest_client [req-16a03e4f-0a42-4105-8823-901c3ad209da req-16a03e4f-0a42-4105-8823-901c3ad209da ] Request (HypervisorAdminV253TestBase:setUpClass): 200 GET http://10.180.1.21/identity/v3/roles 0.029s
2025-11-12 17:17:06.007 63183 INFO tempest.lib.common.rest_client [req-4fcada6c-76fb-4532-85ac-627dd6da3e56 req-4fcada6c-76fb-4532-85ac-627dd6da3e56 ] Request (ServerDiagnosticsTest:test_get_server_diagnostics): 200 GET http://10.180.1.21/compute/v2.1/servers/9d80ff8b-ffbb-4238-bd78-1e0b83497004 1.613s
2025-11-12 17:17:06.016 63183 INFO tempest.common.waiters [-] State transition "BUILD/spawning" ==> "ACTIVE/None" after 25 second wait
2025-11-12 17:17:06.027 63144 INFO tempest.lib.common.rest_client [req-88914a60-b9c5-4383-81fe-23cbbc2f3007 req-88914a60-b9c5-4383-81fe-23cbbc2f3007 ] Request (VolumesAssistedSnapshotsTest:test_volume_assisted_snapshot_create_delete): 200 GET http://10.180.1.21/compute/v2.1/servers/2127d2b0-7d68-4571-a0ca-b32f701bb728 1.610s
2025-11-12 17:17:06.046 63136 INFO tempest.lib.common.rest_client [req-22dcecf1-b885-49fd-86dd-3d3ec45ad4aa req-22dcecf1-b885-49fd-86dd-3d3ec45ad4aa ] Request (HypervisorAdminV253TestBase:setUpClass): 204 PUT http://10.180.1.21/identity/v3/projects/054bd260872e4ae4a5d8ab9077d6ef15/users/1e4f871bd9d540bc8a53783e5fd7122f/roles/9a2b51ffaf4b4a05b8a07325a244c6b0 0.041s
2025-11-12 17:17:06.046 63136 INFO tempest.lib.common.dynamic_creds [-] Dynamic test user 1e4f871bd9d540bc8a53783e5fd7122f is created with scope project and roles: ['member']
2025-11-12 17:17:06.046 63136 INFO tempest.lib.common.dynamic_creds [-] Acquired dynamic creds: credentials: Credentials: {'domain_id': 'default', 'domain_name': 'Default', 'username': 'tempest-HypervisorAdminV253TestBase-206326001-project-member', 'project_domain_id': 'default', 'project_domain_name': 'Default', 'project_id': '054bd260872e4ae4a5d8ab9077d6ef15', 'project_name': 'tempest-HypervisorAdminV253TestBase-206326001', 'tenant_id': '054bd260872e4ae4a5d8ab9077d6ef15', 'tenant_name': 'tempest-HypervisorAdminV253TestBase-206326001', 'user_domain_id': 'default', 'user_domain_name': 'Default', 'user_id': '1e4f871bd9d540bc8a53783e5fd7122f', 'system': None}, Network: None, Subnet: None, Router: None
2025-11-12 17:17:06.047 63136 INFO tempest.lib.common.dynamic_creds [-] Created isolated network resources for: credentials: Credentials: {'domain_id': 'default', 'domain_name': 'Default', 'username': 'tempest-HypervisorAdminV253TestBase-206326001-project-member', 'project_domain_id': 'default', 'project_domain_name': 'Default', 'project_id': '054bd260872e4ae4a5d8ab9077d6ef15', 'project_name': 'tempest-HypervisorAdminV253TestBase-206326001', 'tenant_id': '054bd260872e4ae4a5d8ab9077d6ef15', 'tenant_name': 'tempest-HypervisorAdminV253TestBase-206326001', 'user_domain_id': 'default', 'user_domain_name': 'Default', 'user_id': '1e4f871bd9d540bc8a53783e5fd7122f', 'system': None}, Network: None, Subnet: None, Router: None
2025-11-12 17:17:06.157 63126 INFO tempest.lib.common.rest_client [req-7711a63c-38e5-49bb-8921-dd44d767f356 req-7711a63c-38e5-49bb-8921-dd44d767f356 ] Request (AttachVolumeNegativeTest:setUpClass): 200 PUT http://10.180.1.21:9696/networking/v2.0/routers/b6975f40-0414-4db3-8dea-558c628b6dbc/add_router_interface 1.351s
2025-11-12 17:17:06.157 63126 INFO tempest.lib.common.dynamic_creds [-] Created isolated network resources for: credentials: Credentials: {'domain_id': 'default', 'domain_name': 'Default', 'username': 'tempest-AttachVolumeNegativeTest-1420230652-project-member', 'project_domain_id': 'default', 'project_domain_name': 'Default', 'project_id': '306a019735d242f2a0da1cc4b5743823', 'project_name': 'tempest-AttachVolumeNegativeTest-1420230652', 'tenant_id': '306a019735d242f2a0da1cc4b5743823', 'tenant_name': 'tempest-AttachVolumeNegativeTest-1420230652', 'user_domain_id': 'default', 'user_domain_name': 'Default', 'user_id': '650cba4b058742dfa015d70a79749009', 'system': None}, Network: {'id': '83d4d2b1-d2b1-4c60-99c7-2494ecdec2eb', 'name': 'tempest-AttachVolumeNegativeTest-1536662375-network', 'tenant_id': '306a019735d242f2a0da1cc4b5743823', 'admin_state_up': True, 'mtu': 8950, 'status': 'ACTIVE', 'subnets': [], 'shared': False, 'project_id': '306a019735d242f2a0da1cc4b5743823', 'port_security_enabled': True, 'router:external': False, 'provider:network_type': 'vlan', 'provider:physical_network': 'default', 'provider:segmentation_id': 468, 'availability_zone_hints': [], 'availability_zones': [], 'ipv4_address_scope': None, 'ipv6_address_scope': None, 'description': '', 'tags': [], 'created_at': '2025-11-12T17:17:01Z', 'updated_at': '2025-11-12T17:17:01Z', 'revision_number': 1}, Subnet: {'id': '5a20b409-dccc-4630-bcdd-0a847ddf2623', 'name': 'tempest-AttachVolumeNegativeTest-1536662375-subnet', 'tenant_id': '306a019735d242f2a0da1cc4b5743823', 'network_id': '83d4d2b1-d2b1-4c60-99c7-2494ecdec2eb', 'ip_version': 4, 'subnetpool_id': None, 'enable_dhcp': True, 'ipv6_ra_mode': None, 'ipv6_address_mode': None, 'gateway_ip': '192.168.128.1', 'cidr': '192.168.128.0/28', 'allocation_pools': [{'start': '192.168.128.2', 'end': '192.168.128.14'}], 'host_routes': [], 'dns_nameservers': [], 'description': '', 'router:external': False, 'service_types': [], 'tags': [], 'created_at': '2025-11-12T17:17:02Z', 'updated_at': '2025-11-12T17:17:02Z', 'revision_number': 0, 'project_id': '306a019735d242f2a0da1cc4b5743823'}, Router: {'id': 'b6975f40-0414-4db3-8dea-558c628b6dbc', 'name': 'tempest-AttachVolumeNegativeTest-1536662375-router', 'tenant_id': '306a019735d242f2a0da1cc4b5743823', 'admin_state_up': True, 'status': 'ACTIVE', 'external_gateway_info': {'network_id': '81145505-1e65-4204-b705-4b5da0dfff6f', 'external_fixed_ips': [{'subnet_id': 'c620812d-8ef3-4454-9287-b44cc987649d', 'ip_address': '10.180.180.172'}], 'enable_snat': True}, 'description': '', 'availability_zones': [], 'distributed': False, 'ha': False, 'availability_zone_hints': [], 'routes': [], 'flavor_id': None, 'tags': [], 'created_at': '2025-11-12T17:17:02Z', 'updated_at': '2025-11-12T17:17:03Z', 'revision_number': 2, 'project_id': '306a019735d242f2a0da1cc4b5743823'}
2025-11-12 17:17:06.159 63136 INFO tempest.lib.common.rest_client [req-07b453d9-738c-4239-89c7-5ed26dd1aca3 req-07b453d9-738c-4239-89c7-5ed26dd1aca3 ] Request (HypervisorAdminV253TestBase:setUpClass): 201 POST http://10.180.1.21/identity/v3/auth/tokens 0.103s
2025-11-12 17:17:06.214 63150 INFO tempest.lib.common.rest_client [req-0bd13b96-0890-4e1e-9641-51f6789f11d7 req-0bd13b96-0890-4e1e-9641-51f6789f11d7 ] Request (SecurityGroupsTestAdminJSON:_run_cleanups): 202 DELETE http://10.180.1.21/compute/v2.1/os-security-groups/d35fc851-15de-4f02-9fc2-56480a02e024 1.646s
2025-11-12 17:17:06.214 63156 INFO tempest.lib.common.rest_client [req-74b95e27-e860-402c-92f4-7d6491c4d08e req-74b95e27-e860-402c-92f4-7d6491c4d08e ] Request (ServicesAdminNegativeTestJSON:test_get_service_by_invalid_params): 200 GET http://10.180.1.21/compute/v2.1/os-services 1.705s
2025-11-12 17:17:06.246 63128 INFO tempest.lib.common.rest_client [req-0b37de70-6e8f-4dd5-a8a8-327faff6a91d req-0b37de70-6e8f-4dd5-a8a8-327faff6a91d ] Request (FlavorsAccessNegativeTestJSON:_run_cleanups): 200 GET http://10.180.1.21/compute/v2.1/flavors/detail 1.422s
2025-11-12 17:17:06.269 63136 INFO tempest.lib.common.rest_client [req-f00d4748-143c-42a3-b1f5-9e415db78704 req-f00d4748-143c-42a3-b1f5-9e415db78704 ] Request (HypervisorAdminV253TestBase:setUpClass): 201 POST http://10.180.1.21/identity/v3/projects 0.110s
2025-11-12 17:17:06.277 63160 INFO tempest.lib.common.rest_client [req-6b23ad6b-5f42-4514-8d60-1bb82cb8cd0c req-6b23ad6b-5f42-4514-8d60-1bb82cb8cd0c ] Request (HypervisorAdminTestJSON:test_get_hypervisor_show_details): 200 GET http://10.180.1.21/compute/v2.1/os-hypervisors 1.477s
2025-11-12 17:17:06.286 63126 INFO tempest.lib.common.rest_client [req-f261415f-3d0b-4ccc-8597-4cb51ad817b4 req-f261415f-3d0b-4ccc-8597-4cb51ad817b4 ] Request (AttachVolumeNegativeTest:setUpClass): 201 POST http://10.180.1.21/identity/v3/auth/tokens 0.122s
2025-11-12 17:17:06.306 63154 INFO tempest.lib.common.rest_client [req-a4541e06-8f24-4696-b451-5ee6b94a70b3 req-a4541e06-8f24-4696-b451-5ee6b94a70b3 ] Request (KeyPairsV210TestJSON:_run_cleanups): 204 DELETE http://10.180.1.21/compute/v2.1/os-keypairs/tempest-KeyPairsV210TestJSON-keypair-522972148 1.187s
2025-11-12 17:17:06.330 63158 INFO tempest.lib.common.rest_client [req-240572ed-cd95-487e-9079-b09bcff0f9b5 req-240572ed-cd95-487e-9079-b09bcff0f9b5 ] Request (ServersAdmin275Test:test_rebuild_update_server_275): 200 GET http://10.180.1.21/compute/v2.1/servers/03ffcc41-6295-4dd0-9676-0ee6b0786b53 1.431s
2025-11-12 17:17:06.344 63130 INFO tempest.lib.common.rest_client [req-579ee5aa-2c21-4eaa-8fc6-73800d54b4ea req-579ee5aa-2c21-4eaa-8fc6-73800d54b4ea ] Request (KeyPairsV2TestJSON:test_keypairs_create_list_delete): 200 GET http://10.180.1.21/compute/v2.1/os-keypairs 1.186s
2025-11-12 17:17:06.357 63136 INFO tempest.lib.common.rest_client [req-de42b454-bfff-4f5a-a156-7e3e43c39345 req-de42b454-bfff-4f5a-a156-7e3e43c39345 ] Request (HypervisorAdminV253TestBase:setUpClass): 201 POST http://10.180.1.21/identity/v3/users 0.087s
2025-11-12 17:17:06.389 63136 INFO tempest.lib.common.rest_client [req-bdd422d0-ac46-4f57-87a5-76d51a2042ca req-bdd422d0-ac46-4f57-87a5-76d51a2042ca ] Request (HypervisorAdminV253TestBase:setUpClass): 200 GET http://10.180.1.21/identity/v3/roles 0.031s
2025-11-12 17:17:06.447 63136 INFO tempest.lib.common.rest_client [req-56d7f23c-d0af-45f6-adf4-5e879af351b3 req-56d7f23c-d0af-45f6-adf4-5e879af351b3 ] Request (HypervisorAdminV253TestBase:setUpClass): 204 PUT http://10.180.1.21/identity/v3/projects/24412510c52649b88c9edcb9e1f46f1d/users/1182ddbca39b4be0b6a3ba06664571d4/roles/dc2ffd47bd55488098aca4e265bcfb5d 0.058s
2025-11-12 17:17:06.539 63136 INFO tempest.lib.common.rest_client [req-93ff5e8f-afa5-4991-b20c-5fb943707137 req-93ff5e8f-afa5-4991-b20c-5fb943707137 ] Request (HypervisorAdminV253TestBase:setUpClass): 200 GET http://10.180.1.21/identity/v3/roles 0.091s
2025-11-12 17:17:06.570 63136 INFO tempest.lib.common.rest_client [req-ea983273-105b-4bd5-8954-32bd9ceb9780 req-ea983273-105b-4bd5-8954-32bd9ceb9780 ] Request (HypervisorAdminV253TestBase:setUpClass): 204 PUT http://10.180.1.21/identity/v3/projects/24412510c52649b88c9edcb9e1f46f1d/users/1182ddbca39b4be0b6a3ba06664571d4/roles/dc2ffd47bd55488098aca4e265bcfb5d 0.030s
2025-11-12 17:17:06.570 63136 INFO tempest.lib.common.dynamic_creds [-] Dynamic test user 1182ddbca39b4be0b6a3ba06664571d4 is created with scope project and roles: ['admin']
2025-11-12 17:17:06.570 63136 INFO tempest.lib.common.dynamic_creds [-] Acquired dynamic creds: credentials: Credentials: {'domain_id': 'default', 'domain_name': 'Default', 'username': 'tempest-HypervisorAdminV253TestBase-911461026-project-admin', 'project_domain_id': 'default', 'project_domain_name': 'Default', 'project_id': '24412510c52649b88c9edcb9e1f46f1d', 'project_name': 'tempest-HypervisorAdminV253TestBase-911461026', 'tenant_id': '24412510c52649b88c9edcb9e1f46f1d', 'tenant_name': 'tempest-HypervisorAdminV253TestBase-911461026', 'user_domain_id': 'default', 'user_domain_name': 'Default', 'user_id': '1182ddbca39b4be0b6a3ba06664571d4', 'system': None}, Network: None, Subnet: None, Router: None
2025-11-12 17:17:06.570 63136 INFO tempest.lib.common.dynamic_creds [-] Created isolated network resources for: credentials: Credentials: {'domain_id': 'default', 'domain_name': 'Default', 'username': 'tempest-HypervisorAdminV253TestBase-911461026-project-admin', 'project_domain_id': 'default', 'project_domain_name': 'Default', 'project_id': '24412510c52649b88c9edcb9e1f46f1d', 'project_name': 'tempest-HypervisorAdminV253TestBase-911461026', 'tenant_id': '24412510c52649b88c9edcb9e1f46f1d', 'tenant_name': 'tempest-HypervisorAdminV253TestBase-911461026', 'user_domain_id': 'default', 'user_domain_name': 'Default', 'user_id': '1182ddbca39b4be0b6a3ba06664571d4', 'system': None}, Network: None, Subnet: None, Router: None
2025-11-12 17:17:06.574 63176 INFO tempest.lib.common.rest_client [req-81ee7957-0aab-49de-a415-c797d59285f4 req-81ee7957-0aab-49de-a415-c797d59285f4 ] Request (SecurityGroupsTestJSON:test_list_security_groups_by_server): 200 GET http://10.180.1.21/compute/v2.1/servers/7567076c-e3dd-42fd-b715-bf3ea8452826 1.335s
2025-11-12 17:17:06.636 63162 INFO tempest.lib.common.rest_client [req-6988c327-2256-434b-9e6f-b7048bc55ce0 req-6988c327-2256-434b-9e6f-b7048bc55ce0 ] Request (SecurityGroupRulesNegativeTestJSON:test_create_security_group_rule_duplicate): 400 POST http://10.180.1.21/compute/v2.1/os-security-group-rules 1.259s
2025-11-12 17:17:06.681 63136 INFO tempest.lib.common.rest_client [req-d36a4e3e-df6a-4ba3-bd87-987d54f1e768 req-d36a4e3e-df6a-4ba3-bd87-987d54f1e768 ] Request (HypervisorAdminV253TestBase:setUpClass): 201 POST http://10.180.1.21/identity/v3/auth/tokens 0.106s
2025-11-12 17:17:06.682 63188 INFO tempest.lib.common.rest_client [req-490eea64-715b-4925-974f-b413b94d5ce7 req-490eea64-715b-4925-974f-b413b94d5ce7 ] Request (AttachVolumeShelveTestJSON:test_attach_volume_shelved_or_offload_server): 200 GET http://10.180.1.21/compute/v2.1/servers/a9c970e4-5922-4c47-9676-fef8fdfb5dd2 1.561s
2025-11-12 17:17:06.771 63175 INFO tempest.lib.common.rest_client [req-2823f1e5-92bc-4074-a008-72a1bc5c3acf req-2823f1e5-92bc-4074-a008-72a1bc5c3acf ] Request (MigrationsAdminTest:test_list_migrations_in_flavor_resize_situation): 200 GET http://10.180.1.21/compute/v2.1/servers/7bcdd43b-b364-4b27-b271-2e7c4fdc8c4f 1.305s
2025-11-12 17:17:06.784 63175 INFO tempest.common.waiters [-] State transition "BUILD/spawning" ==> "ACTIVE/None" after 25 second wait
