2025-11-12 17:18:22.777 63128 INFO tempest.lib.common.rest_client [req-b4317216-f5e4-4333-a7ef-8ae4f7fcdfe6 req-b4317216-f5e4-4333-a7ef-8ae4f7fcdfe6 ] Request (ServersTestJSON:setUpClass): 200 GET http://10.180.1.21/compute/v2.1/servers/dacbc5d8-fa65-41f6-bdd3-08aa3d0e141a 0.352s
2025-11-12 17:18:22.799 63168 INFO tempest.lib.common.rest_client [req-ef6ed6f3-540a-4d8b-ae12-2f88b5aed69b req-ef6ed6f3-540a-4d8b-ae12-2f88b5aed69b ] Request (ServersAdminTestJSON:test_create_server_with_scheduling_hint): 200 GET http://10.180.1.21/compute/v2.1/servers/4e97af5c-1c18-4558-a688-9505339fed93 0.328s
2025-11-12 17:18:22.861 63184 INFO tempest.lib.common.rest_client [req-7ca7bb18-5048-4174-9de6-b143f628b4fb req-7ca7bb18-5048-4174-9de6-b143f628b4fb ] Request (DeleteServersTestJSON:test_delete_active_server): 200 GET http://10.180.1.21/compute/v2.1/servers/bdd1dfac-8e82-4fbd-8533-35cc4ce64c5d 0.356s
2025-11-12 17:18:22.917 63156 INFO tempest.lib.common.rest_client [req-09410073-62d2-4b4c-9f81-25fcaa76a1d0 req-09410073-62d2-4b4c-9f81-25fcaa76a1d0 ] Request (ServersTestBootFromVolume:setUpClass): 200 GET http://10.180.1.21/compute/v2.1/servers/115a77eb-f555-4c0f-96b4-5d176f0d484f 0.359s
2025-11-12 17:18:22.919 63175 INFO tempest.lib.common.rest_client [req-59f1d637-6f73-4b8a-a947-e04a9068c3b8 req-59f1d637-6f73-4b8a-a947-e04a9068c3b8 ] Request (MigrationsAdminTest:test_list_migrations_in_flavor_resize_situation): 200 GET http://10.180.1.21/compute/v2.1/servers/7bcdd43b-b364-4b27-b271-2e7c4fdc8c4f 0.423s
2025-11-12 17:18:22.956 63138 INFO tempest.lib.common.rest_client [req-2cf2b43b-1b8b-4827-bf44-5fecdaa7bf79 req-2cf2b43b-1b8b-4827-bf44-5fecdaa7bf79 ] Request (ListImageFiltersTestJSON:setUpClass): 200 GET http://10.180.1.21/compute/v2.1/images/74beba4f-a1cf-42fc-9529-6d567e736dba 0.360s
2025-11-12 17:18:22.978 63126 WARNING tempest.lib.common.ssh [-] Failed to establish authenticated ssh connection to cirros@10.180.180.233 ([Errno None] Unable to connect to port 22 on 10.180.180.233). Number attempts: 1. Retry after 2 seconds.: paramiko.ssh_exception.NoValidConnectionsError: [Errno None] Unable to connect to port 22 on 10.180.180.233
2025-11-12 17:18:22.996 63149 INFO tempest.lib.common.rest_client [req-8bd3532a-f30f-4c76-bd61-32c3a0a5148d req-8bd3532a-f30f-4c76-bd61-32c3a0a5148d ] Request (FloatingIPsAssociationNegativeTestJSON:tearDownClass): 200 GET http://10.180.1.21/compute/v2.1/servers/4dae0c7e-14b3-4cb6-92e5-3b5fec52a75d 0.408s
2025-11-12 17:18:23.068 63186 INFO tempest.lib.common.rest_client [req-09712f98-1936-4b6d-9409-612d3da75414 req-09712f98-1936-4b6d-9409-612d3da75414 ] Request (InstanceActionsNegativeTestJSON:tearDownClass): 204 DELETE http://10.180.1.21/compute/v2.1/servers/fdecc65e-a494-49e8-b2d6-8ae318dd2f71 0.437s
2025-11-12 17:18:23.090 63130 INFO tempest.lib.common.rest_client [req-f5c17ded-8ad9-4433-a6e7-8d920dc99e53 req-f5c17ded-8ad9-4433-a6e7-8d920dc99e53 ] Request (ServersListShow298Test:test_list_show_update_rebuild_server_298): 200 GET http://10.180.1.21/compute/v2.1/servers/fd3937ee-0e16-4381-91bc-3413556aacc2 0.377s
2025-11-12 17:18:23.127 63162 INFO tempest.lib.common.rest_client [req-ca607ba3-1f44-43a7-841f-9ddfef5f2686 req-ca607ba3-1f44-43a7-841f-9ddfef5f2686 ] Request (ListServersNegativeTestJSON:setUpClass): 200 GET http://10.180.1.21/compute/v2.1/servers/97442961-6787-4685-b56d-c46411b585c4 0.346s
2025-11-12 17:18:23.137 63162 INFO tempest.common.waiters [-] State transition "BUILD/scheduling" ==> "BUILD/None" after 44 second wait
2025-11-12 17:18:23.160 63150 INFO tempest.lib.common.rest_client [req-708c4d87-8ce5-4094-bb27-5d8f269337d2 req-708c4d87-8ce5-4094-bb27-5d8f269337d2 ] Request (ServerRescueTestJSON:setUpClass): 200 GET http://10.180.1.21/compute/v2.1/servers/b87e622d-720f-4024-97b6-1c12d4d9d6d1 0.337s
2025-11-12 17:18:23.206 63154 INFO tempest.lib.common.rest_client [req-40b47257-cb46-4497-99c7-beff0ca474f0 req-40b47257-cb46-4497-99c7-beff0ca474f0 ] Request (AttachInterfacesV270Test:test_create_get_list_interfaces): 200 GET http://10.180.1.21/compute/v2.1/servers/af7dc99a-2520-4767-9e01-d1a0c2cc8e3b 0.340s
2025-11-12 17:18:23.227 63176 INFO tempest.lib.common.rest_client [req-c1ded321-3669-4c4f-abc7-b462d43889e6 req-c1ded321-3669-4c4f-abc7-b462d43889e6 ] Request (SecurityGroupsTestJSON:test_server_security_groups): 200 GET http://10.180.1.21/compute/v2.1/servers/a0ead213-74aa-4f55-8263-4cb4b5822f8d 0.273s
2025-11-12 17:18:23.326 63134 INFO tempest.lib.common.rest_client [req-2b1bd10b-3d71-4c77-b10b-0913734f90ab req-2b1bd10b-3d71-4c77-b10b-0913734f90ab ] Request (DeleteServersAdminTestJSON:test_delete_server_while_in_error_state): 200 GET http://10.180.1.21/compute/v2.1/servers/600a322f-cc9e-4e9b-be4b-3abe27a1952a 0.188s
2025-11-12 17:18:23.368 63186 INFO tempest.lib.common.rest_client [req-aef513af-583f-4388-86bc-47a4437b88b0 req-aef513af-583f-4388-86bc-47a4437b88b0 ] Request (InstanceActionsNegativeTestJSON:tearDownClass): 200 GET http://10.180.1.21/compute/v2.1/servers/fdecc65e-a494-49e8-b2d6-8ae318dd2f71 0.299s
2025-11-12 17:18:23.396 63172 INFO tempest.lib.common.rest_client [req-cae108da-6b95-4948-8ac7-12c5937b8085 req-cae108da-6b95-4948-8ac7-12c5937b8085 ] Request (ImagesOneServerTestJSON:setUpClass): 200 GET http://10.180.1.21/compute/v2.1/servers/2d37f8f8-6b97-4bbc-bcfa-a776bd1297e9 0.171s
2025-11-12 17:18:23.460 63160 INFO tempest.lib.common.rest_client [req-4fe796a0-e9d3-4d22-abea-d8947e212b48 req-4fe796a0-e9d3-4d22-abea-d8947e212b48 ] Request (ServerDiagnosticsV248Test:test_get_server_diagnostics): 200 GET http://10.180.1.21/compute/v2.1/servers/0cff1ddd-8852-4809-970c-2fb4d6aa4795 0.116s
2025-11-12 17:18:23.678 63166 INFO tempest.lib.common.rest_client [req-c0bdcb6d-64a0-49f4-82de-812ddb471be8 req-c0bdcb6d-64a0-49f4-82de-812ddb471be8 ] Request (FloatingIPDetailsTestJSON:setUpClass): 201 POST http://10.180.1.21:9696/networking/v2.0/routers 0.973s
2025-11-12 17:18:23.765 63188 INFO tempest.lib.common.rest_client [req-3b23828e-cb54-412b-99e3-7d93d5ae7edd req-3b23828e-cb54-412b-99e3-7d93d5ae7edd ] Request (AttachVolumeShelveTestJSON:test_attach_volume_shelved_or_offload_server): 200 GET http://10.180.1.21/compute/v2.1/servers/a9c970e4-5922-4c47-9676-fef8fdfb5dd2 0.139s
2025-11-12 17:18:23.774 63188 INFO tempest.common.waiters [-] State transition "ACTIVE/shelving" ==> "ACTIVE/shelving_image_pending_upload" after 2 second wait
2025-11-12 17:18:23.831 63158 INFO tempest.lib.common.rest_client [req-ee9c17f8-546d-4f9d-a294-9d65479acfa1 req-ee9c17f8-546d-4f9d-a294-9d65479acfa1 ] Request (ImagesOneServerNegativeTestJSON:setUpClass): 200 GET http://10.180.1.21/compute/v2.1/servers/c93476d2-41c0-4185-a91c-8a07c841afaf 0.105s
2025-11-12 17:18:23.883 63136 INFO tempest.lib.common.rest_client [req-20f89218-039d-41ad-a04f-05a36d50b6e0 req-20f89218-039d-41ad-a04f-05a36d50b6e0 ] Request (ServerDiagnosticsNegativeTest:test_get_server_diagnostics_by_non_admin): 200 GET http://10.180.1.21/compute/v2.1/servers/1be8f313-3af2-434a-b9b1-23ecf7593ab5 0.217s
2025-11-12 17:18:23.895 63136 INFO tempest.common.waiters [-] State transition "BUILD/block_device_mapping" ==> "BUILD/spawning" after 56 second wait
2025-11-12 17:18:23.906 63164 INFO tempest.lib.common.rest_client [req-646920b6-82de-453f-9f8c-a00a2f9e2836 req-646920b6-82de-453f-9f8c-a00a2f9e2836 ] Request (ListServerFiltersTestJSON:tearDownClass): 200 GET http://10.180.1.21/compute/v2.1/servers/c8023672-8145-4af5-b503-4d7f79499f2b 0.143s
2025-11-12 17:18:23.952 63128 INFO tempest.lib.common.rest_client [req-1360db90-820c-4e29-98a8-f216f47dc3e3 req-1360db90-820c-4e29-98a8-f216f47dc3e3 ] Request (ServersTestJSON:setUpClass): 200 GET http://10.180.1.21/compute/v2.1/servers/dacbc5d8-fa65-41f6-bdd3-08aa3d0e141a 0.164s
2025-11-12 17:18:23.965 63168 INFO tempest.lib.common.rest_client [req-4e70df45-013c-4a63-a85f-b547e4b68982 req-4e70df45-013c-4a63-a85f-b547e4b68982 ] Request (ServersAdminTestJSON:test_create_server_with_scheduling_hint): 200 GET http://10.180.1.21/compute/v2.1/servers/4e97af5c-1c18-4558-a688-9505339fed93 0.155s
2025-11-12 17:18:24.059 63156 INFO tempest.lib.common.rest_client [req-35affc84-79c1-49dc-9c6d-b2f2afcce80e req-35affc84-79c1-49dc-9c6d-b2f2afcce80e ] Request (ServersTestBootFromVolume:setUpClass): 200 GET http://10.180.1.21/compute/v2.1/servers/115a77eb-f555-4c0f-96b4-5d176f0d484f 0.132s
2025-11-12 17:18:24.200 63175 INFO tempest.lib.common.rest_client [req-3ee56252-f37d-4ef2-bb89-1fa23e210736 req-3ee56252-f37d-4ef2-bb89-1fa23e210736 ] Request (MigrationsAdminTest:test_list_migrations_in_flavor_resize_situation): 200 GET http://10.180.1.21/compute/v2.1/servers/7bcdd43b-b364-4b27-b271-2e7c4fdc8c4f 0.273s
2025-11-12 17:18:24.241 63138 INFO tempest.lib.common.rest_client [req-071b3eb4-bd41-4c38-8613-e269ba10cf8c req-071b3eb4-bd41-4c38-8613-e269ba10cf8c ] Request (ListImageFiltersTestJSON:setUpClass): 200 GET http://10.180.1.21/compute/v2.1/images/74beba4f-a1cf-42fc-9529-6d567e736dba 0.279s
2025-11-12 17:18:24.265 63184 INFO tempest.lib.common.rest_client [req-4881a793-848c-48ca-a14d-657823636aaf req-4881a793-848c-48ca-a14d-657823636aaf ] Request (DeleteServersTestJSON:test_delete_active_server): 200 GET http://10.180.1.21/compute/v2.1/servers/bdd1dfac-8e82-4fbd-8533-35cc4ce64c5d 0.394s
2025-11-12 17:18:24.279 63184 INFO tempest.common.waiters [-] State transition "BUILD/None" ==> "BUILD/networking" after 56 second wait
2025-11-12 17:18:24.320 63149 INFO tempest.lib.common.rest_client [req-1ad8589b-e66b-405d-b28e-abd32b8fdbd7 req-1ad8589b-e66b-405d-b28e-abd32b8fdbd7 ] Request (FloatingIPsAssociationNegativeTestJSON:tearDownClass): 200 GET http://10.180.1.21/compute/v2.1/servers/4dae0c7e-14b3-4cb6-92e5-3b5fec52a75d 0.312s
2025-11-12 17:18:24.355 63130 INFO tempest.lib.common.rest_client [req-b39e30c8-1848-4e15-85cc-c19dda6c5243 req-b39e30c8-1848-4e15-85cc-c19dda6c5243 ] Request (ServersListShow298Test:test_list_show_update_rebuild_server_298): 200 GET http://10.180.1.21/compute/v2.1/servers/fd3937ee-0e16-4381-91bc-3413556aacc2 0.241s
2025-11-12 17:18:24.434 63150 INFO tempest.lib.common.rest_client [req-4a69acaf-b520-48e7-b0e0-e6f2e975a54a req-4a69acaf-b520-48e7-b0e0-e6f2e975a54a ] Request (ServerRescueTestJSON:setUpClass): 200 GET http://10.180.1.21/compute/v2.1/servers/b87e622d-720f-4024-97b6-1c12d4d9d6d1 0.265s
2025-11-12 17:18:24.514 63154 INFO tempest.lib.common.rest_client [req-9377167e-cad9-426a-88a5-764caceddf90 req-9377167e-cad9-426a-88a5-764caceddf90 ] Request (AttachInterfacesV270Test:test_create_get_list_interfaces): 200 GET http://10.180.1.21/compute/v2.1/servers/af7dc99a-2520-4767-9e01-d1a0c2cc8e3b 0.293s
2025-11-12 17:18:24.527 63154 INFO tempest.common.waiters [-] State transition "BUILD/scheduling" ==> "BUILD/None" after 40 second wait
2025-11-12 17:18:24.580 63176 INFO tempest.lib.common.rest_client [req-a57f07fd-5954-4350-af4e-6081b4c35e2c req-a57f07fd-5954-4350-af4e-6081b4c35e2c ] Request (SecurityGroupsTestJSON:test_server_security_groups): 200 GET http://10.180.1.21/compute/v2.1/servers/a0ead213-74aa-4f55-8263-4cb4b5822f8d 0.345s
2025-11-12 17:18:24.653 63162 INFO tempest.lib.common.rest_client [req-e9edb2ec-8956-473c-b60a-7cec2323564f req-e9edb2ec-8956-473c-b60a-7cec2323564f ] Request (ListServersNegativeTestJSON:setUpClass): 200 GET http://10.180.1.21/compute/v2.1/servers/97442961-6787-4685-b56d-c46411b585c4 0.514s
2025-11-12 17:18:24.804 63134 INFO tempest.lib.common.rest_client [req-c948993e-46c9-4c86-9e75-9ff853218a86 req-c948993e-46c9-4c86-9e75-9ff853218a86 ] Request (DeleteServersAdminTestJSON:test_delete_server_while_in_error_state): 200 GET http://10.180.1.21/compute/v2.1/servers/600a322f-cc9e-4e9b-be4b-3abe27a1952a 0.468s
2025-11-12 17:18:24.832 63146 WARNING tempest.lib.common.ssh [-] Failed to establish authenticated ssh connection to cirros@10.180.180.180 ([Errno None] Unable to connect to port 22 on 10.180.180.180). Number attempts: 6. Retry after 7 seconds.: paramiko.ssh_exception.NoValidConnectionsError: [Errno None] Unable to connect to port 22 on 10.180.180.180
2025-11-12 17:18:24.876 63172 INFO tempest.lib.common.rest_client [req-0c365e8d-1c91-42cd-9fad-f4dc5bb428ef req-0c365e8d-1c91-42cd-9fad-f4dc5bb428ef ] Request (ImagesOneServerTestJSON:setUpClass): 200 GET http://10.180.1.21/compute/v2.1/servers/2d37f8f8-6b97-4bbc-bcfa-a776bd1297e9 0.467s
2025-11-12 17:18:24.889 63186 INFO tempest.lib.common.rest_client [req-2b0ceb39-da0b-4ad4-947e-8a8e99009331 req-2b0ceb39-da0b-4ad4-947e-8a8e99009331 ] Request (InstanceActionsNegativeTestJSON:tearDownClass): 200 GET http://10.180.1.21/compute/v2.1/servers/fdecc65e-a494-49e8-b2d6-8ae318dd2f71 0.509s
2025-11-12 17:18:24.897 63142 WARNING tempest.lib.common.ssh [-] Failed to establish authenticated ssh connection to cirros@10.180.180.216 ([Errno None] Unable to connect to port 22 on 10.180.180.216). Number attempts: 3. Retry after 4 seconds.: paramiko.ssh_exception.NoValidConnectionsError: [Errno None] Unable to connect to port 22 on 10.180.180.216
2025-11-12 17:18:24.944 63160 INFO tempest.lib.common.rest_client [req-4a06a770-cd3c-405a-8b4e-97e8ecc3bc7e req-4a06a770-cd3c-405a-8b4e-97e8ecc3bc7e ] Request (ServerDiagnosticsV248Test:test_get_server_diagnostics): 200 GET http://10.180.1.21/compute/v2.1/servers/0cff1ddd-8852-4809-970c-2fb4d6aa4795 0.474s
2025-11-12 17:18:24.956 63160 INFO tempest.common.waiters [-] State transition "BUILD/spawning" ==> "ACTIVE/None" after 63 second wait
2025-11-12 17:18:25.022 63158 INFO tempest.lib.common.rest_client [req-fd3a393e-ce70-420b-8d9d-d23629ce08a8 req-fd3a393e-ce70-420b-8d9d-d23629ce08a8 ] Request (ImagesOneServerNegativeTestJSON:setUpClass): 200 GET http://10.180.1.21/compute/v2.1/servers/c93476d2-41c0-4185-a91c-8a07c841afaf 0.182s
2025-11-12 17:18:25.105 63188 INFO tempest.lib.common.rest_client [req-41789070-95cd-41a3-ab4a-06020e6e545b req-41789070-95cd-41a3-ab4a-06020e6e545b ] Request (AttachVolumeShelveTestJSON:test_attach_volume_shelved_or_offload_server): 200 GET http://10.180.1.21/compute/v2.1/servers/a9c970e4-5922-4c47-9676-fef8fdfb5dd2 0.330s
2025-11-12 17:18:25.114 63188 INFO tempest.common.waiters [-] State transition "ACTIVE/shelving_image_pending_upload" ==> "ACTIVE/shelving_image_uploading" after 4 second wait
2025-11-12 17:18:25.141 63136 INFO tempest.lib.common.rest_client [req-332660b1-4fab-4806-8bb4-ea5914aa3093 req-332660b1-4fab-4806-8bb4-ea5914aa3093 ] Request (ServerDiagnosticsNegativeTest:test_get_server_diagnostics_by_non_admin): 200 GET http://10.180.1.21/compute/v2.1/servers/1be8f313-3af2-434a-b9b1-23ecf7593ab5 0.244s
2025-11-12 17:18:25.181 63164 INFO tempest.lib.common.rest_client [req-2aa12744-345e-4dc1-b803-8d7e3f7e474e req-2aa12744-345e-4dc1-b803-8d7e3f7e474e ] Request (ListServerFiltersTestJSON:tearDownClass): 200 GET http://10.180.1.21/compute/v2.1/servers/c8023672-8145-4af5-b503-4d7f79499f2b 0.264s
2025-11-12 17:18:25.301 63128 INFO tempest.lib.common.rest_client [req-bf82c16c-2e5c-4ae9-921e-b7cf50a429e1 req-bf82c16c-2e5c-4ae9-921e-b7cf50a429e1 ] Request (ServersTestJSON:setUpClass): 200 GET http://10.180.1.21/compute/v2.1/servers/dacbc5d8-fa65-41f6-bdd3-08aa3d0e141a 0.332s
2025-11-12 17:18:25.311 63128 INFO tempest.common.waiters [-] State transition "BUILD/scheduling" ==> "BUILD/None" after 40 second wait
2025-11-12 17:18:25.344 63152 WARNING tempest.lib.common.ssh [-] Failed to establish authenticated ssh connection to cirros@10.180.180.190 ([Errno None] Unable to connect to port 22 on 10.180.180.190). Number attempts: 9. Retry after 10 seconds.: paramiko.ssh_exception.NoValidConnectionsError: [Errno None] Unable to connect to port 22 on 10.180.180.190
2025-11-12 17:18:25.401 63168 INFO tempest.lib.common.rest_client [req-a62588f2-60bc-4689-a5d7-d0af78f2207d req-a62588f2-60bc-4689-a5d7-d0af78f2207d ] Request (ServersAdminTestJSON:test_create_server_with_scheduling_hint): 200 GET http://10.180.1.21/compute/v2.1/servers/4e97af5c-1c18-4558-a688-9505339fed93 0.420s
2025-11-12 17:18:25.494 63156 INFO tempest.lib.common.rest_client [req-327dd154-becb-4838-a72b-51bf5560cac2 req-327dd154-becb-4838-a72b-51bf5560cac2 ] Request (ServersTestBootFromVolume:setUpClass): 200 GET http://10.180.1.21/compute/v2.1/servers/115a77eb-f555-4c0f-96b4-5d176f0d484f 0.427s
2025-11-12 17:18:25.729 63175 INFO tempest.lib.common.rest_client [req-07541917-2bcc-466d-a6c3-deb2c4ca40cf req-07541917-2bcc-466d-a6c3-deb2c4ca40cf ] Request (MigrationsAdminTest:test_list_migrations_in_flavor_resize_situation): 200 GET http://10.180.1.21/compute/v2.1/servers/7bcdd43b-b364-4b27-b271-2e7c4fdc8c4f 0.519s
2025-11-12 17:18:25.751 63166 INFO tempest.lib.common.rest_client [req-4c911f69-2327-4f72-bf63-1a40be8b81e2 req-4c911f69-2327-4f72-bf63-1a40be8b81e2 ] Request (FloatingIPDetailsTestJSON:setUpClass): 200 PUT http://10.180.1.21:9696/networking/v2.0/routers/55aefaff-c745-4fca-bb4f-4b0bd013b474/add_router_interface 2.073s
2025-11-12 17:18:25.752 63166 INFO tempest.lib.common.dynamic_creds [-] Created isolated network resources for: credentials: Credentials: {'domain_id': 'default', 'domain_name': 'Default', 'username': 'tempest-FloatingIPDetailsTestJSON-464726460-project-member', 'project_domain_id': 'default', 'project_domain_name': 'Default', 'project_id': '368adffe2d5f4eb3b56c45f5c3c176bd', 'project_name': 'tempest-FloatingIPDetailsTestJSON-464726460', 'tenant_id': '368adffe2d5f4eb3b56c45f5c3c176bd', 'tenant_name': 'tempest-FloatingIPDetailsTestJSON-464726460', 'user_domain_id': 'default', 'user_domain_name': 'Default', 'user_id': '6045cee9015b46a8ab7750482f6dae7b', 'system': None}, Network: {'id': '8ffd0964-a7ef-480d-af20-aa984f211256', 'name': 'tempest-FloatingIPDetailsTestJSON-1777921465-network', 'tenant_id': '368adffe2d5f4eb3b56c45f5c3c176bd', 'admin_state_up': True, 'mtu': 8950, 'status': 'ACTIVE', 'subnets': [], 'shared': False, 'project_id': '368adffe2d5f4eb3b56c45f5c3c176bd', 'port_security_enabled': True, 'router:external': False, 'provider:network_type': 'vlan', 'provider:physical_network': 'default', 'provider:segmentation_id': 502, 'availability_zone_hints': [], 'availability_zones': [], 'ipv4_address_scope': None, 'ipv6_address_scope': None, 'description': '', 'tags': [], 'created_at': '2025-11-12T17:18:22Z', 'updated_at': '2025-11-12T17:18:22Z', 'revision_number': 1}, Subnet: {'id': '368c07ea-f3ce-4689-9db7-5185f468e77a', 'name': 'tempest-FloatingIPDetailsTestJSON-1777921465-subnet', 'tenant_id': '368adffe2d5f4eb3b56c45f5c3c176bd', 'network_id': '8ffd0964-a7ef-480d-af20-aa984f211256', 'ip_version': 4, 'subnetpool_id': None, 'enable_dhcp': True, 'ipv6_ra_mode': None, 'ipv6_address_mode': None, 'gateway_ip': '192.168.128.1', 'cidr': '192.168.128.0/28', 'allocation_pools': [{'start': '192.168.128.2', 'end': '192.168.128.14'}], 'host_routes': [], 'dns_nameservers': [], 'description': '', 'router:external': False, 'service_types': [], 'tags': [], 'created_at': '2025-11-12T17:18:22Z', 'updated_at': '2025-11-12T17:18:22Z', 'revision_number': 0, 'project_id': '368adffe2d5f4eb3b56c45f5c3c176bd'}, Router: {'id': '55aefaff-c745-4fca-bb4f-4b0bd013b474', 'name': 'tempest-FloatingIPDetailsTestJSON-1777921465-router', 'tenant_id': '368adffe2d5f4eb3b56c45f5c3c176bd', 'admin_state_up': True, 'status': 'ACTIVE', 'external_gateway_info': {'network_id': '81145505-1e65-4204-b705-4b5da0dfff6f', 'external_fixed_ips': [{'subnet_id': 'c620812d-8ef3-4454-9287-b44cc987649d', 'ip_address': '10.180.180.140'}], 'enable_snat': True}, 'description': '', 'availability_zones': [], 'distributed': False, 'ha': False, 'availability_zone_hints': [], 'routes': [], 'flavor_id': None, 'tags': [], 'created_at': '2025-11-12T17:18:22Z', 'updated_at': '2025-11-12T17:18:23Z', 'revision_number': 2, 'project_id': '368adffe2d5f4eb3b56c45f5c3c176bd'}
2025-11-12 17:18:25.793 63138 INFO tempest.lib.common.rest_client [req-35a286ff-9ab7-4138-9d2b-32ebceb4a60f req-35a286ff-9ab7-4138-9d2b-32ebceb4a60f ] Request (ListImageFiltersTestJSON:setUpClass): 200 GET http://10.180.1.21/compute/v2.1/images/74beba4f-a1cf-42fc-9529-6d567e736dba 0.547s
2025-11-12 17:18:25.845 63160 INFO tempest.lib.common.rest_client [req-437fd671-356f-46ce-8ea1-11775dd6e6a7 req-437fd671-356f-46ce-8ea1-11775dd6e6a7 ] Request (ServerDiagnosticsV248Test:test_get_server_diagnostics): 200 GET http://10.180.1.21/compute/v2.1/servers/0cff1ddd-8852-4809-970c-2fb4d6aa4795/diagnostics 0.888s
2025-11-12 17:18:25.912 63166 INFO tempest.lib.common.rest_client [req-cd4d6906-8798-4746-9492-fdb3003a1e2a req-cd4d6906-8798-4746-9492-fdb3003a1e2a ] Request (FloatingIPDetailsTestJSON:setUpClass): 201 POST http://10.180.1.21/identity/v3/auth/tokens 0.155s
2025-11-12 17:18:25.929 63149 INFO tempest.lib.common.rest_client [req-435f0dd8-81e8-4bb3-9b87-7f609793addd req-435f0dd8-81e8-4bb3-9b87-7f609793addd ] Request (FloatingIPsAssociationNegativeTestJSON:tearDownClass): 200 GET http://10.180.1.21/compute/v2.1/servers/4dae0c7e-14b3-4cb6-92e5-3b5fec52a75d 0.597s
2025-11-12 17:18:25.999 63184 INFO tempest.lib.common.rest_client [req-f6474213-f346-4610-878a-cd10f36e6635 req-f6474213-f346-4610-878a-cd10f36e6635 ] Request (DeleteServersTestJSON:test_delete_active_server): 200 GET http://10.180.1.21/compute/v2.1/servers/bdd1dfac-8e82-4fbd-8533-35cc4ce64c5d 0.718s
2025-11-12 17:18:26.006 63184 INFO tempest.common.waiters [-] State transition "BUILD/networking" ==> "BUILD/spawning" after 58 second wait
2025-11-12 17:18:26.007 63130 INFO tempest.lib.common.rest_client [req-683a7a7a-7426-4a77-a9a5-d0e7c0b36049 req-683a7a7a-7426-4a77-a9a5-d0e7c0b36049 ] Request (ServersListShow298Test:test_list_show_update_rebuild_server_298): 200 GET http://10.180.1.21/compute/v2.1/servers/fd3937ee-0e16-4381-91bc-3413556aacc2 0.640s
2025-11-12 17:18:26.048 63126 WARNING tempest.lib.common.ssh [-] Failed to establish authenticated ssh connection to cirros@10.180.180.233 ([Errno None] Unable to connect to port 22 on 10.180.180.233). Number attempts: 2. Retry after 3 seconds.: paramiko.ssh_exception.NoValidConnectionsError: [Errno None] Unable to connect to port 22 on 10.180.180.233
2025-11-12 17:18:26.075 63150 INFO tempest.lib.common.rest_client [req-a3aae67b-fb02-48ed-a91d-fe2c5f4e034f req-a3aae67b-fb02-48ed-a91d-fe2c5f4e034f ] Request (ServerRescueTestJSON:setUpClass): 200 GET http://10.180.1.21/compute/v2.1/servers/b87e622d-720f-4024-97b6-1c12d4d9d6d1 0.628s
2025-11-12 17:18:26.089 63154 INFO tempest.lib.common.rest_client [req-2b91a2cc-1fcd-4fc4-b6b5-27d781e025f7 req-2b91a2cc-1fcd-4fc4-b6b5-27d781e025f7 ] Request (AttachInterfacesV270Test:test_create_get_list_interfaces): 200 GET http://10.180.1.21/compute/v2.1/servers/af7dc99a-2520-4767-9e01-d1a0c2cc8e3b 0.561s
2025-11-12 17:18:26.142 63176 INFO tempest.lib.common.rest_client [req-0dc581db-3c11-4bd8-86cc-fe0ed30157cb req-0dc581db-3c11-4bd8-86cc-fe0ed30157cb ] Request (SecurityGroupsTestJSON:test_server_security_groups): 200 GET http://10.180.1.21/compute/v2.1/servers/a0ead213-74aa-4f55-8263-4cb4b5822f8d 0.554s
2025-11-12 17:18:26.161 63162 INFO tempest.lib.common.rest_client [req-8a2ae3bf-fe84-4c9d-acdb-c92bd654eebb req-8a2ae3bf-fe84-4c9d-acdb-c92bd654eebb ] Request (ListServersNegativeTestJSON:setUpClass): 200 GET http://10.180.1.21/compute/v2.1/servers/97442961-6787-4685-b56d-c46411b585c4 0.500s
2025-11-12 17:18:26.223 63172 INFO tempest.lib.common.rest_client [req-ab839f87-b7ce-4f3c-83fa-ac6c5fe7badb req-ab839f87-b7ce-4f3c-83fa-ac6c5fe7badb ] Request (ImagesOneServerTestJSON:setUpClass): 200 GET http://10.180.1.21/compute/v2.1/servers/2d37f8f8-6b97-4bbc-bcfa-a776bd1297e9 0.336s
2025-11-12 17:18:26.276 63134 INFO tempest.lib.common.rest_client [req-85d81992-dc52-40e8-b7ab-07cb92507c75 req-85d81992-dc52-40e8-b7ab-07cb92507c75 ] Request (DeleteServersAdminTestJSON:test_delete_server_while_in_error_state): 200 GET http://10.180.1.21/compute/v2.1/servers/600a322f-cc9e-4e9b-be4b-3abe27a1952a 0.459s
2025-11-12 17:18:26.300 63186 INFO tempest.lib.common.rest_client [req-f2fc042a-57c0-4612-9f24-ffe716461b6b req-f2fc042a-57c0-4612-9f24-ffe716461b6b ] Request (InstanceActionsNegativeTestJSON:tearDownClass): 200 GET http://10.180.1.21/compute/v2.1/servers/fdecc65e-a494-49e8-b2d6-8ae318dd2f71 0.399s
2025-11-12 17:18:26.395 63158 INFO tempest.lib.common.rest_client [req-010d0296-7146-47a3-87df-32e45c4e81c4 req-010d0296-7146-47a3-87df-32e45c4e81c4 ] Request (ImagesOneServerNegativeTestJSON:setUpClass): 200 GET http://10.180.1.21/compute/v2.1/servers/c93476d2-41c0-4185-a91c-8a07c841afaf 0.363s
2025-11-12 17:18:26.632 63188 INFO tempest.lib.common.rest_client [req-6ea1e0bb-0cc8-40bb-8414-444cf5fe3c50 req-6ea1e0bb-0cc8-40bb-8414-444cf5fe3c50 ] Request (AttachVolumeShelveTestJSON:test_attach_volume_shelved_or_offload_server): 200 GET http://10.180.1.21/compute/v2.1/servers/a9c970e4-5922-4c47-9676-fef8fdfb5dd2 0.517s
2025-11-12 17:18:26.780 63136 INFO tempest.lib.common.rest_client [req-438ee26f-c745-464a-a36b-eaae02f9a7eb req-438ee26f-c745-464a-a36b-eaae02f9a7eb ] Request (ServerDiagnosticsNegativeTest:test_get_server_diagnostics_by_non_admin): 200 GET http://10.180.1.21/compute/v2.1/servers/1be8f313-3af2-434a-b9b1-23ecf7593ab5 0.629s
2025-11-12 17:18:26.854 63164 INFO tempest.lib.common.rest_client [req-7f510477-558b-40cf-a7be-1691da61e0df req-7f510477-558b-40cf-a7be-1691da61e0df ] Request (ListServerFiltersTestJSON:tearDownClass): 200 GET http://10.180.1.21/compute/v2.1/servers/c8023672-8145-4af5-b503-4d7f79499f2b 0.659s
2025-11-12 17:18:26.944 63128 INFO tempest.lib.common.rest_client [req-bbc9486f-c84d-4e50-80bc-68b0781b68b0 req-bbc9486f-c84d-4e50-80bc-68b0781b68b0 ] Request (ServersTestJSON:setUpClass): 200 GET http://10.180.1.21/compute/v2.1/servers/dacbc5d8-fa65-41f6-bdd3-08aa3d0e141a 0.631s
2025-11-12 17:18:26.997 63166 INFO tempest.lib.common.rest_client [req-977c5283-64be-41a7-9e53-0e332b1b987f req-977c5283-64be-41a7-9e53-0e332b1b987f ] Request (FloatingIPDetailsTestJSON:setUpClass): 200 POST http://10.180.1.21/compute/v2.1/os-floating-ips 1.082s
2025-11-12 17:18:27.017 63168 INFO tempest.lib.common.rest_client [req-60ff7413-fdf1-4bff-b709-eb2670005745 req-60ff7413-fdf1-4bff-b709-eb2670005745 ] Request (ServersAdminTestJSON:test_create_server_with_scheduling_hint): 200 GET http://10.180.1.21/compute/v2.1/servers/4e97af5c-1c18-4558-a688-9505339fed93 0.603s
2025-11-12 17:18:27.059 63156 INFO tempest.lib.common.rest_client [req-cdadd5be-4876-47c6-bf9b-8c591daadf12 req-cdadd5be-4876-47c6-bf9b-8c591daadf12 ] Request (ServersTestBootFromVolume:setUpClass): 200 GET http://10.180.1.21/compute/v2.1/servers/115a77eb-f555-4c0f-96b4-5d176f0d484f 0.555s
2025-11-12 17:18:27.098 63138 INFO tempest.lib.common.rest_client [req-a7e0b21e-1ca1-42d8-8c72-c8e4bba8068b req-a7e0b21e-1ca1-42d8-8c72-c8e4bba8068b ] Request (ListImageFiltersTestJSON:setUpClass): 200 GET http://10.180.1.21/compute/v2.1/images/74beba4f-a1cf-42fc-9529-6d567e736dba 0.296s
2025-11-12 17:18:27.147 63175 INFO tempest.lib.common.rest_client [req-734aef64-f898-4092-9c87-768775e146bc req-734aef64-f898-4092-9c87-768775e146bc ] Request (MigrationsAdminTest:test_list_migrations_in_flavor_resize_situation): 200 GET http://10.180.1.21/compute/v2.1/servers/7bcdd43b-b364-4b27-b271-2e7c4fdc8c4f 0.409s
2025-11-12 17:18:27.156 63175 INFO tempest.common.waiters [-] State transition "VERIFY_RESIZE/None" ==> "ACTIVE/None" after 28 second wait
2025-11-12 17:18:27.162 63149 INFO tempest.lib.common.rest_client [req-277bdee8-170e-4079-b51d-f442d2a1aa96 req-277bdee8-170e-4079-b51d-f442d2a1aa96 ] Request (FloatingIPsAssociationNegativeTestJSON:tearDownClass): 200 GET http://10.180.1.21/compute/v2.1/servers/4dae0c7e-14b3-4cb6-92e5-3b5fec52a75d 0.223s
2025-11-12 17:18:27.183 63140 WARNING tempest.lib.common.ssh [-] Failed to establish authenticated ssh connection to cirros@10.180.180.245 ([Errno None] Unable to connect to port 22 on 10.180.180.245). Number attempts: 8. Retry after 9 seconds.: paramiko.ssh_exception.NoValidConnectionsError: [Errno None] Unable to connect to port 22 on 10.180.180.245
2025-11-12 17:18:27.260 63184 INFO tempest.lib.common.rest_client [req-4f95f252-0ef7-41d8-b068-aed537064012 req-4f95f252-0ef7-41d8-b068-aed537064012 ] Request (DeleteServersTestJSON:test_delete_active_server): 200 GET http://10.180.1.21/compute/v2.1/servers/bdd1dfac-8e82-4fbd-8533-35cc4ce64c5d 0.252s
2025-11-12 17:18:27.335 63130 INFO tempest.lib.common.rest_client [req-5aa9a7c4-8274-43f6-905d-ec0f96cfe12a req-5aa9a7c4-8274-43f6-905d-ec0f96cfe12a ] Request (ServersListShow298Test:test_list_show_update_rebuild_server_298): 200 GET http://10.180.1.21/compute/v2.1/servers/fd3937ee-0e16-4381-91bc-3413556aacc2 0.312s
2025-11-12 17:18:27.409 63150 INFO tempest.lib.common.rest_client [req-273d8655-f931-4d75-83ad-77530fffea6d req-273d8655-f931-4d75-83ad-77530fffea6d ] Request (ServerRescueTestJSON:setUpClass): 200 GET http://10.180.1.21/compute/v2.1/servers/b87e622d-720f-4024-97b6-1c12d4d9d6d1 0.321s
2025-11-12 17:18:27.457 63144 WARNING tempest.lib.common.ssh [-] Failed to establish authenticated ssh connection to cirros@10.180.180.222 ([Errno None] Unable to connect to port 22 on 10.180.180.222). Number attempts: 4. Retry after 5 seconds.: paramiko.ssh_exception.NoValidConnectionsError: [Errno None] Unable to connect to port 22 on 10.180.180.222
2025-11-12 17:18:27.495 63154 INFO tempest.lib.common.rest_client [req-13a14337-6d02-4d1b-bbba-3074ed391fb1 req-13a14337-6d02-4d1b-bbba-3074ed391fb1 ] Request (AttachInterfacesV270Test:test_create_get_list_interfaces): 200 GET http://10.180.1.21/compute/v2.1/servers/af7dc99a-2520-4767-9e01-d1a0c2cc8e3b 0.388s
2025-11-12 17:18:27.549 63176 INFO tempest.lib.common.rest_client [req-0d322b38-7f2e-417c-9a5c-9a3a195597c9 req-0d322b38-7f2e-417c-9a5c-9a3a195597c9 ] Request (SecurityGroupsTestJSON:test_server_security_groups): 200 GET http://10.180.1.21/compute/v2.1/servers/a0ead213-74aa-4f55-8263-4cb4b5822f8d 0.398s
2025-11-12 17:18:27.687 63175 INFO tempest.lib.common.rest_client [req-b2b9a6ba-6959-4e4c-a895-1b2550265e91 req-b2b9a6ba-6959-4e4c-a895-1b2550265e91 ] Request (MigrationsAdminTest:test_list_migrations_in_flavor_resize_situation): 200 GET http://10.180.1.21/compute/v2.1/servers/7bcdd43b-b364-4b27-b271-2e7c4fdc8c4f 0.530s
2025-11-12 17:18:27.773 63162 INFO tempest.lib.common.rest_client [req-01d503cd-02b2-4369-a1cf-d7152c9835d5 req-01d503cd-02b2-4369-a1cf-d7152c9835d5 ] Request (ListServersNegativeTestJSON:setUpClass): 200 GET http://10.180.1.21/compute/v2.1/servers/97442961-6787-4685-b56d-c46411b585c4 0.598s
2025-11-12 17:18:27.837 63172 INFO tempest.lib.common.rest_client [req-2fdadba0-6381-4960-8b0f-c1c770ad5b26 req-2fdadba0-6381-4960-8b0f-c1c770ad5b26 ] Request (ImagesOneServerTestJSON:setUpClass): 200 GET http://10.180.1.21/compute/v2.1/servers/2d37f8f8-6b97-4bbc-bcfa-a776bd1297e9 0.599s
2025-11-12 17:18:27.934 63166 INFO tempest.lib.common.rest_client [req-8e8f8753-fa7e-4c03-95f1-82208d20088d req-8e8f8753-fa7e-4c03-95f1-82208d20088d ] Request (FloatingIPDetailsTestJSON:setUpClass): 200 POST http://10.180.1.21/compute/v2.1/os-floating-ips 0.934s
2025-11-12 17:18:27.959 63134 INFO tempest.lib.common.rest_client [req-da87dd07-360e-4574-9add-a1075c404a8d req-da87dd07-360e-4574-9add-a1075c404a8d ] Request (DeleteServersAdminTestJSON:test_delete_server_while_in_error_state): 200 GET http://10.180.1.21/compute/v2.1/servers/600a322f-cc9e-4e9b-be4b-3abe27a1952a 0.674s
2025-11-12 17:18:28.023 63158 INFO tempest.lib.common.rest_client [req-73100c4d-98cd-4cb5-9c5a-324eaa285923 req-73100c4d-98cd-4cb5-9c5a-324eaa285923 ] Request (ImagesOneServerNegativeTestJSON:setUpClass): 200 GET http://10.180.1.21/compute/v2.1/servers/c93476d2-41c0-4185-a91c-8a07c841afaf 0.618s
2025-11-12 17:18:28.024 63186 INFO tempest.lib.common.rest_client [req-de72b5de-22f7-4d2d-b0a5-51b76b7f5c77 req-de72b5de-22f7-4d2d-b0a5-51b76b7f5c77 ] Request (InstanceActionsNegativeTestJSON:tearDownClass): 200 GET http://10.180.1.21/compute/v2.1/servers/fdecc65e-a494-49e8-b2d6-8ae318dd2f71 0.713s
2025-11-12 17:18:28.036 63186 INFO tempest.common.waiters [-] State transition "ACTIVE/deleting" ==> "DELETED/None" after 5 second wait
2025-11-12 17:18:28.075 63175 INFO tempest.lib.common.rest_client [req-6cca3353-2630-4a6d-aa67-72aef717d2a0 req-6cca3353-2630-4a6d-aa67-72aef717d2a0 ] Request (MigrationsAdminTest:test_list_migrations_in_flavor_resize_situation): 200 POST http://10.180.1.21/compute/v2.1/os-keypairs 0.376s
2025-11-12 17:18:28.228 63136 INFO tempest.lib.common.rest_client [req-df69ea71-2881-4e83-a1e7-a4d30c0fbd37 req-df69ea71-2881-4e83-a1e7-a4d30c0fbd37 ] Request (ServerDiagnosticsNegativeTest:test_get_server_diagnostics_by_non_admin): 200 GET http://10.180.1.21/compute/v2.1/servers/1be8f313-3af2-434a-b9b1-23ecf7593ab5 0.439s
2025-11-12 17:18:28.285 63188 INFO tempest.lib.common.rest_client [req-5ff73d57-110a-4b4c-88d7-1da322a80dbf req-5ff73d57-110a-4b4c-88d7-1da322a80dbf ] Request (AttachVolumeShelveTestJSON:test_attach_volume_shelved_or_offload_server): 200 GET http://10.180.1.21/compute/v2.1/servers/a9c970e4-5922-4c47-9676-fef8fdfb5dd2 0.642s
2025-11-12 17:18:28.318 63164 INFO tempest.lib.common.rest_client [req-fce1767e-cf2e-43dc-b6fd-bd5aa9ba82df req-fce1767e-cf2e-43dc-b6fd-bd5aa9ba82df ] Request (ListServerFiltersTestJSON:tearDownClass): 200 GET http://10.180.1.21/compute/v2.1/servers/c8023672-8145-4af5-b503-4d7f79499f2b 0.454s
2025-11-12 17:18:28.328 63175 INFO tempest.lib.common.rest_client [req-a7748464-d7b4-4c49-b746-d1394c438343 req-a7748464-d7b4-4c49-b746-d1394c438343 ] Request (MigrationsAdminTest:test_list_migrations_in_flavor_resize_situation): 201 POST http://10.180.1.21:9696/networking/v2.0/security-groups 0.251s
2025-11-12 17:18:28.402 63128 INFO tempest.lib.common.rest_client [req-eb45000f-20f0-4d4a-8209-c4093698c4e5 req-eb45000f-20f0-4d4a-8209-c4093698c4e5 ] Request (ServersTestJSON:setUpClass): 200 GET http://10.180.1.21/compute/v2.1/servers/dacbc5d8-fa65-41f6-bdd3-08aa3d0e141a 0.443s
2025-11-12 17:18:28.496 63168 INFO tempest.lib.common.rest_client [req-77e72a79-3144-4ef3-b0a7-5dd25a3e3e0f req-77e72a79-3144-4ef3-b0a7-5dd25a3e3e0f ] Request (ServersAdminTestJSON:test_create_server_with_scheduling_hint): 200 GET http://10.180.1.21/compute/v2.1/servers/4e97af5c-1c18-4558-a688-9505339fed93 0.464s
2025-11-12 17:18:28.504 63175 INFO tempest.lib.common.rest_client [req-60701bdd-f64b-4ce4-9ee8-93f29d1dfd70 req-60701bdd-f64b-4ce4-9ee8-93f29d1dfd70 ] Request (MigrationsAdminTest:test_list_migrations_in_flavor_resize_situation): 201 POST http://10.180.1.21:9696/networking/v2.0/security-group-rules 0.176s
2025-11-12 17:18:28.573 63156 INFO tempest.lib.common.rest_client [req-8740dd12-8f7a-448d-99dd-62cb80313006 req-8740dd12-8f7a-448d-99dd-62cb80313006 ] Request (ServersTestBootFromVolume:setUpClass): 200 GET http://10.180.1.21/compute/v2.1/servers/115a77eb-f555-4c0f-96b4-5d176f0d484f 0.500s
2025-11-12 17:18:28.643 63175 INFO tempest.lib.common.rest_client [req-6e948916-21f9-43e0-bd28-8c8c29a5c3e4 req-6e948916-21f9-43e0-bd28-8c8c29a5c3e4 ] Request (MigrationsAdminTest:test_list_migrations_in_flavor_resize_situation): 201 POST http://10.180.1.21:9696/networking/v2.0/security-group-rules 0.137s
2025-11-12 17:18:29.168 63166 INFO tempest.lib.common.rest_client [req-101d426e-b849-4e1b-885d-0da04c9f3907 req-101d426e-b849-4e1b-885d-0da04c9f3907 ] Request (FloatingIPDetailsTestJSON:setUpClass): 200 POST http://10.180.1.21/compute/v2.1/os-floating-ips 1.232s
2025-11-12 17:18:29.262 63149 INFO tempest.lib.common.rest_client [req-55b2e5a6-7205-4c7d-a42f-e5051e2abd5c req-55b2e5a6-7205-4c7d-a42f-e5051e2abd5c ] Request (FloatingIPsAssociationNegativeTestJSON:tearDownClass): 200 GET http://10.180.1.21/compute/v2.1/servers/4dae0c7e-14b3-4cb6-92e5-3b5fec52a75d 1.092s
2025-11-12 17:18:29.327 63175 INFO tempest.lib.common.rest_client [req-0dc31ad4-986c-4d93-9a11-0d97067b7cbc req-0dc31ad4-986c-4d93-9a11-0d97067b7cbc ] Request (MigrationsAdminTest:test_list_migrations_in_flavor_resize_situation): 201 POST http://10.180.1.21:9696/networking/v2.0/floatingips 0.683s
2025-11-12 17:18:29.399 63184 INFO tempest.lib.common.rest_client [req-c2170086-a115-4589-bcfc-a0cdec25fe87 req-c2170086-a115-4589-bcfc-a0cdec25fe87 ] Request (DeleteServersTestJSON:test_delete_active_server): 200 GET http://10.180.1.21/compute/v2.1/servers/bdd1dfac-8e82-4fbd-8533-35cc4ce64c5d 1.130s
2025-11-12 17:18:29.485 63130 INFO tempest.lib.common.rest_client [req-05e5a975-9cc3-453d-875c-8dff8a690ad6 req-05e5a975-9cc3-453d-875c-8dff8a690ad6 ] Request (ServersListShow298Test:test_list_show_update_rebuild_server_298): 200 GET http://10.180.1.21/compute/v2.1/servers/fd3937ee-0e16-4381-91bc-3413556aacc2 1.139s
2025-11-12 17:18:29.539 63150 INFO tempest.lib.common.rest_client [req-efad700f-894c-4d05-92a6-aa1e8ce8cdd5 req-efad700f-894c-4d05-92a6-aa1e8ce8cdd5 ] Request (ServerRescueTestJSON:setUpClass): 200 GET http://10.180.1.21/compute/v2.1/servers/b87e622d-720f-4024-97b6-1c12d4d9d6d1 1.113s
2025-11-12 17:18:29.603 63154 INFO tempest.lib.common.rest_client [req-e1b8b007-e02e-4d80-87a9-b4b1be55c9c6 req-e1b8b007-e02e-4d80-87a9-b4b1be55c9c6 ] Request (AttachInterfacesV270Test:test_create_get_list_interfaces): 200 GET http://10.180.1.21/compute/v2.1/servers/af7dc99a-2520-4767-9e01-d1a0c2cc8e3b 1.097s
2025-11-12 17:18:29.665 63176 INFO tempest.lib.common.rest_client [req-5a3d6a57-659a-4dfd-afd3-8e265d08d303 req-5a3d6a57-659a-4dfd-afd3-8e265d08d303 ] Request (SecurityGroupsTestJSON:test_server_security_groups): 200 GET http://10.180.1.21/compute/v2.1/servers/a0ead213-74aa-4f55-8263-4cb4b5822f8d 1.108s
2025-11-12 17:18:29.725 63162 INFO tempest.lib.common.rest_client [req-ce8f0b57-97c7-4527-bf45-89ecfcfb244a req-ce8f0b57-97c7-4527-bf45-89ecfcfb244a ] Request (ListServersNegativeTestJSON:setUpClass): 200 GET http://10.180.1.21/compute/v2.1/servers/97442961-6787-4685-b56d-c46411b585c4 0.941s
2025-11-12 17:18:29.782 63172 INFO tempest.lib.common.rest_client [req-8f7c2f8a-a686-4e0e-b33a-6398ad772b36 req-8f7c2f8a-a686-4e0e-b33a-6398ad772b36 ] Request (ImagesOneServerTestJSON:setUpClass): 200 GET http://10.180.1.21/compute/v2.1/servers/2d37f8f8-6b97-4bbc-bcfa-a776bd1297e9 0.936s
2025-11-12 17:18:29.987 63134 INFO tempest.lib.common.rest_client [req-87414618-a8f9-4bae-81fa-989f20b69118 req-87414618-a8f9-4bae-81fa-989f20b69118 ] Request (DeleteServersAdminTestJSON:test_delete_server_while_in_error_state): 200 GET http://10.180.1.21/compute/v2.1/servers/600a322f-cc9e-4e9b-be4b-3abe27a1952a 1.017s
2025-11-12 17:18:30.059 63158 INFO tempest.lib.common.rest_client [req-b7518988-b2d8-45eb-bf2d-66fe9ff70780 req-b7518988-b2d8-45eb-bf2d-66fe9ff70780 ] Request (ImagesOneServerNegativeTestJSON:setUpClass): 200 GET http://10.180.1.21/compute/v2.1/servers/c93476d2-41c0-4185-a91c-8a07c841afaf 1.023s
2025-11-12 17:18:30.135 63186 INFO tempest.lib.common.rest_client [req-3eb92de0-9e29-47fc-ba10-9020a9cd530b req-3eb92de0-9e29-47fc-ba10-9020a9cd530b ] Request (InstanceActionsNegativeTestJSON:tearDownClass): 200 GET http://10.180.1.21/compute/v2.1/servers/fdecc65e-a494-49e8-b2d6-8ae318dd2f71 1.097s
2025-11-12 17:18:30.697 63166 INFO tempest.lib.common.rest_client [req-f3e53629-71ba-424b-9c94-1d9d9cabe798 req-f3e53629-71ba-424b-9c94-1d9d9cabe798 ] Request (FloatingIPDetailsTestJSON:test_get_floating_ip_details): 200 POST http://10.180.1.21/compute/v2.1/os-floating-ips 1.525s
2025-11-12 17:18:30.801 63136 INFO tempest.lib.common.rest_client [req-f0c0df0c-8583-4198-90c1-49ddf0945d04 req-f0c0df0c-8583-4198-90c1-49ddf0945d04 ] Request (ServerDiagnosticsNegativeTest:test_get_server_diagnostics_by_non_admin): 200 GET http://10.180.1.21/compute/v2.1/servers/1be8f313-3af2-434a-b9b1-23ecf7593ab5 1.561s
2025-11-12 17:18:30.900 63188 INFO tempest.lib.common.rest_client [req-e977981f-812b-4c49-b6ef-54aa0082953f req-e977981f-812b-4c49-b6ef-54aa0082953f ] Request (AttachVolumeShelveTestJSON:test_attach_volume_shelved_or_offload_server): 200 GET http://10.180.1.21/compute/v2.1/servers/a9c970e4-5922-4c47-9676-fef8fdfb5dd2 1.603s
2025-11-12 17:18:30.966 63164 INFO tempest.lib.common.rest_client [req-facf7ee7-b4e5-4a31-8d06-161f706f1a07 req-facf7ee7-b4e5-4a31-8d06-161f706f1a07 ] Request (ListServerFiltersTestJSON:tearDownClass): 200 GET http://10.180.1.21/compute/v2.1/servers/c8023672-8145-4af5-b503-4d7f79499f2b 1.639s
2025-11-12 17:18:30.983 63175 INFO tempest.lib.common.rest_client [req-fdfc0ff5-b5c4-4e3d-83b2-83f0a09af24d req-fdfc0ff5-b5c4-4e3d-83b2-83f0a09af24d ] Request (MigrationsAdminTest:test_list_migrations_in_flavor_resize_situation): 200 GET http://10.180.1.21/compute/v2.1/os-migrations 1.655s
2025-11-12 17:18:31.041 63128 INFO tempest.lib.common.rest_client [req-1a42db08-31f4-4caa-84e2-1da876d8513f req-1a42db08-31f4-4caa-84e2-1da876d8513f ] Request (ServersTestJSON:setUpClass): 200 GET http://10.180.1.21/compute/v2.1/servers/dacbc5d8-fa65-41f6-bdd3-08aa3d0e141a 1.625s
2025-11-12 17:18:31.103 63168 INFO tempest.lib.common.rest_client [req-8162e93f-4997-42b7-8b2f-c433c63c7684 req-8162e93f-4997-42b7-8b2f-c433c63c7684 ] Request (ServersAdminTestJSON:test_create_server_with_scheduling_hint): 200 GET http://10.180.1.21/compute/v2.1/servers/4e97af5c-1c18-4558-a688-9505339fed93 1.593s
2025-11-12 17:18:31.153 63156 INFO tempest.lib.common.rest_client [req-8626ec4a-9ac5-4827-93bb-37a1c2e5dc34 req-8626ec4a-9ac5-4827-93bb-37a1c2e5dc34 ] Request (ServersTestBootFromVolume:setUpClass): 200 GET http://10.180.1.21/compute/v2.1/servers/115a77eb-f555-4c0f-96b4-5d176f0d484f 1.566s
2025-11-12 17:18:31.243 63149 INFO tempest.lib.common.rest_client [req-e2b2de24-fc2f-42ec-92ba-79beb88ac058 req-e2b2de24-fc2f-42ec-92ba-79beb88ac058 ] Request (FloatingIPsAssociationNegativeTestJSON:tearDownClass): 200 GET http://10.180.1.21/compute/v2.1/servers/4dae0c7e-14b3-4cb6-92e5-3b5fec52a75d 0.970s
2025-11-12 17:18:31.391 63184 INFO tempest.lib.common.rest_client [req-ed02e76b-4239-4b69-b028-147bd8714ec3 req-ed02e76b-4239-4b69-b028-147bd8714ec3 ] Request (DeleteServersTestJSON:test_delete_active_server): 200 GET http://10.180.1.21/compute/v2.1/servers/bdd1dfac-8e82-4fbd-8533-35cc4ce64c5d 0.983s
2025-11-12 17:18:31.477 63130 INFO tempest.lib.common.rest_client [req-75a5c372-63b4-463f-b056-bbef750ff104 req-75a5c372-63b4-463f-b056-bbef750ff104 ] Request (ServersListShow298Test:test_list_show_update_rebuild_server_298): 200 GET http://10.180.1.21/compute/v2.1/servers/fd3937ee-0e16-4381-91bc-3413556aacc2 0.979s
2025-11-12 17:18:31.489 63130 INFO tempest.common.waiters [-] State transition "BUILD/None" ==> "BUILD/spawning" after 62 second wait
2025-11-12 17:18:31.534 63150 INFO tempest.lib.common.rest_client [req-2a25411d-91d0-4890-8de5-31a28f54d1b7 req-2a25411d-91d0-4890-8de5-31a28f54d1b7 ] Request (ServerRescueTestJSON:setUpClass): 200 GET http://10.180.1.21/compute/v2.1/servers/b87e622d-720f-4024-97b6-1c12d4d9d6d1 0.986s
2025-11-12 17:18:31.592 63154 INFO tempest.lib.common.rest_client [req-e7625d8c-52bd-40d5-825b-068c1cd8eeb6 req-e7625d8c-52bd-40d5-825b-068c1cd8eeb6 ] Request (AttachInterfacesV270Test:test_create_get_list_interfaces): 200 GET http://10.180.1.21/compute/v2.1/servers/af7dc99a-2520-4767-9e01-d1a0c2cc8e3b 0.974s
2025-11-12 17:18:31.624 63126 WARNING tempest.lib.common.ssh [-] Failed to establish authenticated ssh connection to cirros@10.180.180.233 ([Errno None] Unable to connect to port 22 on 10.180.180.233). Number attempts: 3. Retry after 4 seconds.: paramiko.ssh_exception.NoValidConnectionsError: [Errno None] Unable to connect to port 22 on 10.180.180.233
2025-11-12 17:18:31.647 63176 INFO tempest.lib.common.rest_client [req-743a0633-3c05-466e-a6ac-00ca273dc80a req-743a0633-3c05-466e-a6ac-00ca273dc80a ] Request (SecurityGroupsTestJSON:test_server_security_groups): 200 GET http://10.180.1.21/compute/v2.1/servers/a0ead213-74aa-4f55-8263-4cb4b5822f8d 0.973s
2025-11-12 17:18:31.753 63166 INFO tempest.lib.common.rest_client [req-4d263182-b397-4dfc-8e80-8ecf29dd4a53 req-4d263182-b397-4dfc-8e80-8ecf29dd4a53 ] Request (FloatingIPDetailsTestJSON:test_get_floating_ip_details): 200 GET http://10.180.1.21/compute/v2.1/os-floating-ips/8dda03f8-5188-444c-a07f-2ce1e6b7face 1.054s
2025-11-12 17:18:31.810 63162 INFO tempest.lib.common.rest_client [req-6d3b3964-b189-4616-ae50-3782304bcc7a req-6d3b3964-b189-4616-ae50-3782304bcc7a ] Request (ListServersNegativeTestJSON:setUpClass): 200 GET http://10.180.1.21/compute/v2.1/servers/97442961-6787-4685-b56d-c46411b585c4 1.074s
2025-11-12 17:18:31.863 63172 INFO tempest.lib.common.rest_client [req-7a8ade6a-9dd1-4ac0-86db-a13a57518639 req-7a8ade6a-9dd1-4ac0-86db-a13a57518639 ] Request (ImagesOneServerTestJSON:setUpClass): 200 GET http://10.180.1.21/compute/v2.1/servers/2d37f8f8-6b97-4bbc-bcfa-a776bd1297e9 1.071s
2025-11-12 17:18:31.879 63175 INFO tempest.lib.common.rest_client [req-62bf2020-0fe3-4468-9dee-46682cafe200 req-62bf2020-0fe3-4468-9dee-46682cafe200 ] Request (MigrationsAdminTest:test_resize_server_revert_deleted_flavor): 200 GET http://10.180.1.21/compute/v2.1/flavors/42 0.891s
2025-11-12 17:18:31.993 63134 INFO tempest.lib.common.rest_client [req-5535db20-2584-473b-986a-8773606a4438 req-5535db20-2584-473b-986a-8773606a4438 ] Request (DeleteServersAdminTestJSON:test_delete_server_while_in_error_state): 200 GET http://10.180.1.21/compute/v2.1/servers/600a322f-cc9e-4e9b-be4b-3abe27a1952a 0.996s
2025-11-12 17:18:32.000 63134 INFO tempest.common.waiters [-] State transition "BUILD/spawning" ==> "ACTIVE/None" after 67 second wait
2025-11-12 17:18:32.048 63158 INFO tempest.lib.common.rest_client [req-82864ea7-6a7d-4295-9acc-41e447cc58e5 req-82864ea7-6a7d-4295-9acc-41e447cc58e5 ] Request (ImagesOneServerNegativeTestJSON:setUpClass): 200 GET http://10.180.1.21/compute/v2.1/servers/c93476d2-41c0-4185-a91c-8a07c841afaf 0.978s
2025-11-12 17:18:32.114 63186 INFO tempest.lib.common.rest_client [req-1276eacf-73b7-4e8e-a526-bfb84f8656c8 req-1276eacf-73b7-4e8e-a526-bfb84f8656c8 ] Request (InstanceActionsNegativeTestJSON:tearDownClass): 200 GET http://10.180.1.21/compute/v2.1/servers/fdecc65e-a494-49e8-b2d6-8ae318dd2f71 0.968s
2025-11-12 17:18:32.343 63146 INFO paramiko.transport [-] Connected (version 2.0, client dropbear_2020.81)
2025-11-12 17:18:32.452 63146 INFO paramiko.transport [-] Authentication (publickey) successful!
2025-11-12 17:18:32.452 63146 INFO tempest.lib.common.ssh [-] ssh connection to cirros@10.180.180.180 successfully created
2025-11-12 17:18:32.495 63166 INFO tempest.lib.common.rest_client [req-d41c0f5f-dff6-4099-860c-d67fa599dda5 req-d41c0f5f-dff6-4099-860c-d67fa599dda5 ] Request (FloatingIPDetailsTestJSON:_run_cleanups): 202 DELETE http://10.180.1.21/compute/v2.1/os-floating-ips/8dda03f8-5188-444c-a07f-2ce1e6b7face 0.738s
2025-11-12 17:18:32.512 63142 WARNING tempest.lib.common.ssh [-] Failed to establish authenticated ssh connection to cirros@10.180.180.216 ([Errno None] Unable to connect to port 22 on 10.180.180.216). Number attempts: 4. Retry after 5 seconds.: paramiko.ssh_exception.NoValidConnectionsError: [Errno None] Unable to connect to port 22 on 10.180.180.216
2025-11-12 17:18:32.628 63136 INFO tempest.lib.common.rest_client [req-8dd3b615-45cc-40c5-9e0d-4cde09b20a83 req-8dd3b615-45cc-40c5-9e0d-4cde09b20a83 ] Request (ServerDiagnosticsNegativeTest:test_get_server_diagnostics_by_non_admin): 200 GET http://10.180.1.21/compute/v2.1/servers/1be8f313-3af2-434a-b9b1-23ecf7593ab5 0.819s
2025-11-12 17:18:32.648 63175 INFO tempest.lib.common.rest_client [req-a8ee11d8-cc71-4edf-9e31-2d4d3af42bdb req-a8ee11d8-cc71-4edf-9e31-2d4d3af42bdb ] Request (MigrationsAdminTest:test_resize_server_revert_deleted_flavor): 200 POST http://10.180.1.21/compute/v2.1/flavors 0.766s
2025-11-12 17:18:32.755 63188 INFO tempest.lib.common.rest_client [req-36d7e511-7cd2-456a-850f-8a3bfe7e3e37 req-36d7e511-7cd2-456a-850f-8a3bfe7e3e37 ] Request (AttachVolumeShelveTestJSON:test_attach_volume_shelved_or_offload_server): 200 GET http://10.180.1.21/compute/v2.1/servers/a9c970e4-5922-4c47-9676-fef8fdfb5dd2 0.842s
2025-11-12 17:18:32.818 63164 INFO tempest.lib.common.rest_client [req-66af01bd-9366-4a03-a66b-e9b90cf0dd14 req-66af01bd-9366-4a03-a66b-e9b90cf0dd14 ] Request (ListServerFiltersTestJSON:tearDownClass): 200 GET http://10.180.1.21/compute/v2.1/servers/c8023672-8145-4af5-b503-4d7f79499f2b 0.838s
2025-11-12 17:18:32.896 63134 INFO tempest.lib.common.rest_client [req-dc55d160-a5ea-486f-bfd9-96030bbc4e68 req-dc55d160-a5ea-486f-bfd9-96030bbc4e68 ] Request (DeleteServersAdminTestJSON:test_delete_server_while_in_error_state): 202 POST http://10.180.1.21/compute/v2.1/servers/600a322f-cc9e-4e9b-be4b-3abe27a1952a/action 0.895s
2025-11-12 17:18:32.948 63128 INFO tempest.lib.common.rest_client [req-a96b3504-350f-4f58-999e-aa89e9e29108 req-a96b3504-350f-4f58-999e-aa89e9e29108 ] Request (ServersTestJSON:setUpClass): 200 GET http://10.180.1.21/compute/v2.1/servers/dacbc5d8-fa65-41f6-bdd3-08aa3d0e141a 0.894s
2025-11-12 17:18:33.000 63168 INFO tempest.lib.common.rest_client [req-b05f6f21-e605-4656-a0fe-96f4de9cb3c6 req-b05f6f21-e605-4656-a0fe-96f4de9cb3c6 ] Request (ServersAdminTestJSON:test_create_server_with_scheduling_hint): 200 GET http://10.180.1.21/compute/v2.1/servers/4e97af5c-1c18-4558-a688-9505339fed93 0.889s
2025-11-12 17:18:33.059 63156 INFO tempest.lib.common.rest_client [req-0e40ac0e-88fa-4e98-bc87-4a9e1a5a94b1 req-0e40ac0e-88fa-4e98-bc87-4a9e1a5a94b1 ] Request (ServersTestBootFromVolume:setUpClass): 200 GET http://10.180.1.21/compute/v2.1/servers/115a77eb-f555-4c0f-96b4-5d176f0d484f 0.897s
2025-11-12 17:18:33.066 63156 INFO tempest.common.waiters [-] State transition "BUILD/scheduling" ==> "BUILD/None" after 48 second wait
2025-11-12 17:18:33.085 63149 INFO tempest.lib.common.rest_client [req-f2fb25e3-522e-41d6-8d87-d692d77a618f req-f2fb25e3-522e-41d6-8d87-d692d77a618f ] Request (FloatingIPsAssociationNegativeTestJSON:tearDownClass): 404 GET http://10.180.1.21/compute/v2.1/servers/4dae0c7e-14b3-4cb6-92e5-3b5fec52a75d 0.833s
