2025-11-12 17:19:15.747 63126 INFO tempest.lib.common.rest_client [req-d2ba566f-4098-4c52-91a5-d9ee4ca5d7fd req-d2ba566f-4098-4c52-91a5-d9ee4ca5d7fd ] Request (AttachVolumeNegativeTest:test_attach_attached_volume_to_different_server): 200 GET http://10.180.1.21/compute/v2.1/servers/8b3f199c-4efb-4ff7-bed2-5d06e01ae4cf 0.116s
2025-11-12 17:19:15.813 63146 INFO tempest.lib.common.rest_client [req-ce89f1d7-e57c-4ffa-a8a1-910ecdc6ad4a req-ce89f1d7-e57c-4ffa-a8a1-910ecdc6ad4a ] Request (ServerActionsTestOtherA:test_rebuild_server_in_stop_state): 200 GET http://10.180.1.21/compute/v2.1/servers/dbe12ff1-8993-4782-8f54-46797fbcd0d4 0.132s
2025-11-12 17:19:15.887 63164 INFO tempest.lib.common.rest_client [req-9d1835bd-4eed-43c4-abb3-c379fd88c9ec req-9d1835bd-4eed-43c4-abb3-c379fd88c9ec ] Request (ListServerFiltersTestJSON:tearDownClass): 200 GET http://10.180.1.21/compute/v2.1/servers/87f62c83-9134-49ff-93d9-dd3f4aabfaf4 0.155s
2025-11-12 17:19:15.894 63164 INFO tempest.common.waiters [-] State transition "ACTIVE/deleting" ==> "DELETED/None" after 4 second wait
2025-11-12 17:19:15.941 63150 INFO tempest.lib.common.rest_client [req-73fdc455-69e2-49d5-b922-b7019b0d58e9 req-73fdc455-69e2-49d5-b922-b7019b0d58e9 ] Request (ServerRescueTestJSON:setUpClass): 200 GET http://10.180.1.21/compute/v2.1/servers/b87e622d-720f-4024-97b6-1c12d4d9d6d1 0.464s
2025-11-12 17:19:15.949 63166 INFO tempest.lib.common.rest_client [req-c591b454-a792-411b-87d9-c8efd4b50f26 req-c591b454-a792-411b-87d9-c8efd4b50f26 ] Request (ServerAddressesNegativeTestJSON:setUpClass): 200 GET http://10.180.1.21/compute/v2.1/servers/7c6ce930-15bb-44b2-bc99-d23c60cbda48 0.188s
2025-11-12 17:19:16.009 63154 INFO tempest.lib.common.rest_client [req-de3e33ec-f4d4-4438-91fd-f72ac151c3e2 req-de3e33ec-f4d4-4438-91fd-f72ac151c3e2 ] Request (AttachInterfacesV270Test:tearDownClass): 200 GET http://10.180.1.21/compute/v2.1/servers/af7dc99a-2520-4767-9e01-d1a0c2cc8e3b 0.084s
2025-11-12 17:19:16.023 63162 INFO tempest.lib.common.rest_client [req-8d79c20b-1cf4-4057-b00f-ec80a4b8e190 req-8d79c20b-1cf4-4057-b00f-ec80a4b8e190 ] Request (ListServersNegativeTestJSON:setUpClass): 200 GET http://10.180.1.21/compute/v2.1/servers/f64c98c0-a688-4b08-ab87-9b55e100cc76 0.202s
2025-11-12 17:19:16.068 63168 INFO tempest.lib.common.rest_client [req-5f99fda0-c2c5-44dd-9cea-f8da23a0ac18 req-5f99fda0-c2c5-44dd-9cea-f8da23a0ac18 ] Request (ServersAdminTestJSON:test_create_server_with_scheduling_hint): 200 GET http://10.180.1.21/compute/v2.1/servers/4e97af5c-1c18-4558-a688-9505339fed93 0.134s
2025-11-12 17:19:16.199 63160 INFO tempest.lib.common.rest_client [req-7a097b32-c3f3-4873-b63f-e36dd29c3159 req-7a097b32-c3f3-4873-b63f-e36dd29c3159 ] Request (ServerRescueTestJSONUnderV235:setUpClass): 201 POST http://10.180.1.21:9696/networking/v2.0/routers 2.070s
2025-11-12 17:19:16.227 63156 WARNING tempest.lib.common.ssh [-] Failed to establish authenticated ssh connection to cirros@10.180.180.235 ([Errno None] Unable to connect to port 22 on 10.180.180.235). Number attempts: 1. Retry after 2 seconds.: paramiko.ssh_exception.NoValidConnectionsError: [Errno None] Unable to connect to port 22 on 10.180.180.235
2025-11-12 17:19:16.290 63184 INFO tempest.lib.common.rest_client [req-a0c8dc12-c924-42b7-b45f-bd1c76870e12 req-a0c8dc12-c924-42b7-b45f-bd1c76870e12 ] Request (DeleteServersTestJSON:test_delete_server_while_in_attached_volume): 200 GET http://10.180.1.21/compute/v2.1/servers/9b4dc4d7-5aae-4723-a7c4-c728642594d3 0.076s
2025-11-12 17:19:16.390 63188 INFO tempest.lib.common.rest_client [req-b7a95b55-9616-4a5e-bfbb-bfff61219f08 req-b7a95b55-9616-4a5e-bfbb-bfff61219f08 ] Request (AttachVolumeShelveTestJSON:test_attach_volume_shelved_or_offload_server): 200 GET http://10.180.1.21/compute/v2.1/servers/a9c970e4-5922-4c47-9676-fef8fdfb5dd2 0.275s
2025-11-12 17:19:16.399 63188 INFO tempest.common.waiters [-] State transition "SHELVED_OFFLOADED/unshelving" ==> "SHELVED_OFFLOADED/spawning" after 29 second wait
2025-11-12 17:19:16.589 63158 INFO tempest.lib.common.rest_client [req-cb2e3064-31a0-4cdd-b5c9-4e0c0a103672 req-cb2e3064-31a0-4cdd-b5c9-4e0c0a103672 ] Request (ImagesOneServerNegativeTestJSON:setUpClass): 200 GET http://10.180.1.21/compute/v2.1/servers/c93476d2-41c0-4185-a91c-8a07c841afaf 0.231s
2025-11-12 17:19:16.601 63158 INFO tempest.common.waiters [-] State transition "BUILD/networking" ==> "BUILD/spawning" after 73 second wait
2025-11-12 17:19:16.647 63172 INFO tempest.lib.common.rest_client [req-5e175f8c-727a-4e4f-884b-b7db9e8e876c req-5e175f8c-727a-4e4f-884b-b7db9e8e876c ] Request (ImagesOneServerTestJSON:setUpClass): 200 GET http://10.180.1.21/compute/v2.1/servers/2d37f8f8-6b97-4bbc-bcfa-a776bd1297e9 0.211s
2025-11-12 17:19:16.711 63130 INFO tempest.lib.common.rest_client [req-e0056d8f-dd32-4ca2-8ac8-c6ff05892ce0 req-e0056d8f-dd32-4ca2-8ac8-c6ff05892ce0 ] Request (ServersListShow298Test:tearDownClass): 200 GET http://10.180.1.21/compute/v2.1/servers/fd3937ee-0e16-4381-91bc-3413556aacc2 0.177s
2025-11-12 17:19:16.728 63175 INFO tempest.lib.common.rest_client [req-e9cd8afd-223d-4505-a4bc-daf16282b320 req-e9cd8afd-223d-4505-a4bc-daf16282b320 ] Request (MigrationsAdminTest:test_resize_server_revert_deleted_flavor): 200 GET http://10.180.1.21/compute/v2.1/servers/479c512b-9304-46fb-8719-a0335ba39a59 0.176s
2025-11-12 17:19:16.806 63176 INFO tempest.lib.common.rest_client [req-f4fc3d69-1f11-49be-af51-4706ce05073e req-f4fc3d69-1f11-49be-af51-4706ce05073e ] Request (SecurityGroupsTestJSON:test_server_security_groups): 200 GET http://10.180.1.21/compute/v2.1/servers/a0ead213-74aa-4f55-8263-4cb4b5822f8d 0.172s
2025-11-12 17:19:16.806 63138 INFO tempest.lib.common.rest_client [req-bcb776bd-5ff5-4bc2-875b-d639477f0a2a req-bcb776bd-5ff5-4bc2-875b-d639477f0a2a ] Request (ListImageFiltersTestJSON:tearDownClass): 200 GET http://10.180.1.21/compute/v2.1/servers/776f020e-8300-4297-9ad4-a5c54e3c0552 0.107s
2025-11-12 17:19:16.875 63126 INFO tempest.lib.common.rest_client [req-1f61c462-4453-4c0b-b079-a5f7a98c835b req-1f61c462-4453-4c0b-b079-a5f7a98c835b ] Request (AttachVolumeNegativeTest:test_attach_attached_volume_to_different_server): 200 GET http://10.180.1.21/compute/v2.1/servers/8b3f199c-4efb-4ff7-bed2-5d06e01ae4cf 0.118s
2025-11-12 17:19:16.901 63146 INFO tempest.lib.common.rest_client [req-3f708f0e-091f-45c6-ad88-c3a8f4fc2a69 req-3f708f0e-091f-45c6-ad88-c3a8f4fc2a69 ] Request (ServerActionsTestOtherA:test_rebuild_server_in_stop_state): 200 GET http://10.180.1.21/compute/v2.1/servers/dbe12ff1-8993-4782-8f54-46797fbcd0d4 0.076s
2025-11-12 17:19:16.981 63164 INFO tempest.lib.common.rest_client [req-f312f087-bc0e-4a66-a1f8-38894fd2a6a4 req-f312f087-bc0e-4a66-a1f8-38894fd2a6a4 ] Request (ListServerFiltersTestJSON:tearDownClass): 200 GET http://10.180.1.21/compute/v2.1/servers/87f62c83-9134-49ff-93d9-dd3f4aabfaf4 0.085s
2025-11-12 17:19:17.048 63166 INFO tempest.lib.common.rest_client [req-8b3a6616-cb77-4f05-99a2-9312070f2df5 req-8b3a6616-cb77-4f05-99a2-9312070f2df5 ] Request (ServerAddressesNegativeTestJSON:setUpClass): 200 GET http://10.180.1.21/compute/v2.1/servers/7c6ce930-15bb-44b2-bc99-d23c60cbda48 0.088s
2025-11-12 17:19:17.089 63150 INFO tempest.lib.common.rest_client [req-c59f7019-5bb8-48be-beff-d9735ff0b2cf req-c59f7019-5bb8-48be-beff-d9735ff0b2cf ] Request (ServerRescueTestJSON:setUpClass): 200 GET http://10.180.1.21/compute/v2.1/servers/b87e622d-720f-4024-97b6-1c12d4d9d6d1 0.141s
2025-11-12 17:19:17.122 63154 INFO tempest.lib.common.rest_client [req-53a7861d-b7b3-4a1a-9e33-b141329c53f9 req-53a7861d-b7b3-4a1a-9e33-b141329c53f9 ] Request (AttachInterfacesV270Test:tearDownClass): 200 GET http://10.180.1.21/compute/v2.1/servers/af7dc99a-2520-4767-9e01-d1a0c2cc8e3b 0.104s
2025-11-12 17:19:17.154 63134 INFO tempest.lib.common.rest_client [req-dfd96af1-8416-42cc-ac61-7f90db14bf7e req-dfd96af1-8416-42cc-ac61-7f90db14bf7e ] Request (ServersTestManualDisk:setUpClass): 200 PUT http://10.180.1.21:9696/networking/v2.0/routers/b96f2c0e-da9e-45d6-ac02-400fdad8f317/add_router_interface 2.158s
2025-11-12 17:19:17.154 63134 INFO tempest.lib.common.dynamic_creds [-] Created isolated network resources for: credentials: Credentials: {'domain_id': 'default', 'domain_name': 'Default', 'username': 'tempest-ServersTestManualDisk-131723153-project-member', 'project_domain_id': 'default', 'project_domain_name': 'Default', 'project_id': 'bb78c7d0bcda46a4b2f258efdcbf56e9', 'project_name': 'tempest-ServersTestManualDisk-131723153', 'tenant_id': 'bb78c7d0bcda46a4b2f258efdcbf56e9', 'tenant_name': 'tempest-ServersTestManualDisk-131723153', 'user_domain_id': 'default', 'user_domain_name': 'Default', 'user_id': '337a91ba70ae488ab451a73db771fb78', 'system': None}, Network: {'id': '9a4190e0-ca19-4974-80ca-95f1719d1c09', 'name': 'tempest-ServersTestManualDisk-1287895623-network', 'tenant_id': 'bb78c7d0bcda46a4b2f258efdcbf56e9', 'admin_state_up': True, 'mtu': 8950, 'status': 'ACTIVE', 'subnets': [], 'shared': False, 'project_id': 'bb78c7d0bcda46a4b2f258efdcbf56e9', 'port_security_enabled': True, 'router:external': False, 'provider:network_type': 'vlan', 'provider:physical_network': 'default', 'provider:segmentation_id': 106, 'availability_zone_hints': [], 'availability_zones': [], 'ipv4_address_scope': None, 'ipv6_address_scope': None, 'description': '', 'tags': [], 'created_at': '2025-11-12T17:19:13Z', 'updated_at': '2025-11-12T17:19:13Z', 'revision_number': 1}, Subnet: {'id': '56461919-c3e5-49bb-a216-69b5cd2f8283', 'name': 'tempest-ServersTestManualDisk-1287895623-subnet', 'tenant_id': 'bb78c7d0bcda46a4b2f258efdcbf56e9', 'network_id': '9a4190e0-ca19-4974-80ca-95f1719d1c09', 'ip_version': 4, 'subnetpool_id': None, 'enable_dhcp': True, 'ipv6_ra_mode': None, 'ipv6_address_mode': None, 'gateway_ip': '192.168.128.1', 'cidr': '192.168.128.0/28', 'allocation_pools': [{'start': '192.168.128.2', 'end': '192.168.128.14'}], 'host_routes': [], 'dns_nameservers': [], 'description': '', 'router:external': False, 'service_types': [], 'tags': [], 'created_at': '2025-11-12T17:19:13Z', 'updated_at': '2025-11-12T17:19:13Z', 'revision_number': 0, 'project_id': 'bb78c7d0bcda46a4b2f258efdcbf56e9'}, Router: {'id': 'b96f2c0e-da9e-45d6-ac02-400fdad8f317', 'name': 'tempest-ServersTestManualDisk-1287895623-router', 'tenant_id': 'bb78c7d0bcda46a4b2f258efdcbf56e9', 'admin_state_up': True, 'status': 'ACTIVE', 'external_gateway_info': {'network_id': '81145505-1e65-4204-b705-4b5da0dfff6f', 'external_fixed_ips': [{'subnet_id': 'c620812d-8ef3-4454-9287-b44cc987649d', 'ip_address': '10.180.180.249'}], 'enable_snat': True}, 'description': '', 'availability_zones': [], 'distributed': False, 'ha': False, 'availability_zone_hints': [], 'routes': [], 'flavor_id': None, 'tags': [], 'created_at': '2025-11-12T17:19:13Z', 'updated_at': '2025-11-12T17:19:14Z', 'revision_number': 2, 'project_id': 'bb78c7d0bcda46a4b2f258efdcbf56e9'}
2025-11-12 17:19:17.158 63162 INFO tempest.lib.common.rest_client [req-4da96fc9-7da1-45ab-aa26-30b393a2f1de req-4da96fc9-7da1-45ab-aa26-30b393a2f1de ] Request (ListServersNegativeTestJSON:setUpClass): 200 GET http://10.180.1.21/compute/v2.1/servers/f64c98c0-a688-4b08-ab87-9b55e100cc76 0.124s
2025-11-12 17:19:17.247 63134 INFO tempest.lib.common.rest_client [req-a0af526a-d2c8-4ae6-88f0-7521c1cdf665 req-a0af526a-d2c8-4ae6-88f0-7521c1cdf665 ] Request (ServersTestManualDisk:setUpClass): 201 POST http://10.180.1.21/identity/v3/auth/tokens 0.089s
2025-11-12 17:19:17.414 63134 INFO tempest.lib.common.rest_client [req-94b63eb9-7676-4bca-8a0e-f6a32c5e9860 req-94b63eb9-7676-4bca-8a0e-f6a32c5e9860 ] Request (ServersTestManualDisk:setUpClass): 200 POST http://10.180.1.21/compute/v2.1/os-keypairs 0.165s
2025-11-12 17:19:17.416 63168 INFO tempest.lib.common.rest_client [req-45db1b39-1879-4b08-aea7-4a90a4e258d4 req-45db1b39-1879-4b08-aea7-4a90a4e258d4 ] Request (ServersAdminTestJSON:test_create_server_with_scheduling_hint): 200 GET http://10.180.1.21/compute/v2.1/servers/4e97af5c-1c18-4558-a688-9505339fed93 0.335s
2025-11-12 17:19:17.428 63168 INFO tempest.common.waiters [-] State transition "BUILD/None" ==> "BUILD/networking" after 55 second wait
2025-11-12 17:19:17.498 63184 INFO tempest.lib.common.rest_client [req-4cbc8527-90a2-49c7-9e00-811f4de2a560 req-4cbc8527-90a2-49c7-9e00-811f4de2a560 ] Request (DeleteServersTestJSON:test_delete_server_while_in_attached_volume): 200 GET http://10.180.1.21/compute/v2.1/servers/9b4dc4d7-5aae-4723-a7c4-c728642594d3 0.197s
2025-11-12 17:19:17.563 63188 INFO tempest.lib.common.rest_client [req-09f1f13f-f540-47e2-8ed1-91c66b7959c2 req-09f1f13f-f540-47e2-8ed1-91c66b7959c2 ] Request (AttachVolumeShelveTestJSON:test_attach_volume_shelved_or_offload_server): 200 GET http://10.180.1.21/compute/v2.1/servers/a9c970e4-5922-4c47-9676-fef8fdfb5dd2 0.163s
2025-11-12 17:19:17.644 63134 INFO tempest.lib.common.rest_client [req-ccaf9be5-c082-4a1c-ad73-9acb1053fce5 req-ccaf9be5-c082-4a1c-ad73-9acb1053fce5 ] Request (ServersTestManualDisk:setUpClass): 201 POST http://10.180.1.21:9696/networking/v2.0/security-groups 0.228s
2025-11-12 17:19:17.664 63160 INFO tempest.lib.common.rest_client [req-cad2ce62-495c-4ed2-8985-19b5861cf015 req-cad2ce62-495c-4ed2-8985-19b5861cf015 ] Request (ServerRescueTestJSONUnderV235:setUpClass): 200 PUT http://10.180.1.21:9696/networking/v2.0/routers/938c10ed-953d-41d0-87be-76cb7122c43d/add_router_interface 1.464s
2025-11-12 17:19:17.664 63160 INFO tempest.lib.common.dynamic_creds [-] Created isolated network resources for: credentials: Credentials: {'domain_id': 'default', 'domain_name': 'Default', 'username': 'tempest-ServerRescueTestJSONUnderV235-470641360-project-member', 'project_domain_id': 'default', 'project_domain_name': 'Default', 'project_id': '2e622b4b8e9345aab6ff6f2708d51a99', 'project_name': 'tempest-ServerRescueTestJSONUnderV235-470641360', 'tenant_id': '2e622b4b8e9345aab6ff6f2708d51a99', 'tenant_name': 'tempest-ServerRescueTestJSONUnderV235-470641360', 'user_domain_id': 'default', 'user_domain_name': 'Default', 'user_id': '9c3b1606645f46afa3eb667e3407292a', 'system': None}, Network: {'id': 'e651c6e0-46af-4b39-8b50-81ac8b51fd62', 'name': 'tempest-ServerRescueTestJSONUnderV235-674745431-network', 'tenant_id': '2e622b4b8e9345aab6ff6f2708d51a99', 'admin_state_up': True, 'mtu': 8950, 'status': 'ACTIVE', 'subnets': [], 'shared': False, 'project_id': '2e622b4b8e9345aab6ff6f2708d51a99', 'port_security_enabled': True, 'router:external': False, 'provider:network_type': 'vlan', 'provider:physical_network': 'default', 'provider:segmentation_id': 225, 'availability_zone_hints': [], 'availability_zones': [], 'ipv4_address_scope': None, 'ipv6_address_scope': None, 'description': '', 'tags': [], 'created_at': '2025-11-12T17:19:13Z', 'updated_at': '2025-11-12T17:19:13Z', 'revision_number': 1}, Subnet: {'id': 'ea85bb9d-682d-4560-b65c-3a24a5e0cb76', 'name': 'tempest-ServerRescueTestJSONUnderV235-674745431-subnet', 'tenant_id': '2e622b4b8e9345aab6ff6f2708d51a99', 'network_id': 'e651c6e0-46af-4b39-8b50-81ac8b51fd62', 'ip_version': 4, 'subnetpool_id': None, 'enable_dhcp': False, 'ipv6_ra_mode': None, 'ipv6_address_mode': None, 'gateway_ip': '192.168.128.1', 'cidr': '192.168.128.0/28', 'allocation_pools': [{'start': '192.168.128.2', 'end': '192.168.128.14'}], 'host_routes': [], 'dns_nameservers': [], 'description': '', 'router:external': False, 'service_types': [], 'tags': [], 'created_at': '2025-11-12T17:19:13Z', 'updated_at': '2025-11-12T17:19:13Z', 'revision_number': 0, 'project_id': '2e622b4b8e9345aab6ff6f2708d51a99'}, Router: {'id': '938c10ed-953d-41d0-87be-76cb7122c43d', 'name': 'tempest-ServerRescueTestJSONUnderV235-674745431-router', 'tenant_id': '2e622b4b8e9345aab6ff6f2708d51a99', 'admin_state_up': True, 'status': 'ACTIVE', 'external_gateway_info': {'network_id': '81145505-1e65-4204-b705-4b5da0dfff6f', 'external_fixed_ips': [{'subnet_id': 'c620812d-8ef3-4454-9287-b44cc987649d', 'ip_address': '10.180.180.157'}], 'enable_snat': True}, 'description': '', 'availability_zones': [], 'distributed': False, 'ha': False, 'availability_zone_hints': [], 'routes': [], 'flavor_id': None, 'tags': [], 'created_at': '2025-11-12T17:19:14Z', 'updated_at': '2025-11-12T17:19:14Z', 'revision_number': 2, 'project_id': '2e622b4b8e9345aab6ff6f2708d51a99'}
2025-11-12 17:19:17.696 63128 WARNING tempest.lib.common.ssh [-] Failed to establish authenticated ssh connection to cirros@10.180.180.232 ([Errno None] Unable to connect to port 22 on 10.180.180.232). Number attempts: 2. Retry after 3 seconds.: paramiko.ssh_exception.NoValidConnectionsError: [Errno None] Unable to connect to port 22 on 10.180.180.232
2025-11-12 17:19:17.782 63160 INFO tempest.lib.common.rest_client [req-e7a19226-8592-4c8a-9bbf-646b6843101f req-e7a19226-8592-4c8a-9bbf-646b6843101f ] Request (ServerRescueTestJSONUnderV235:setUpClass): 201 POST http://10.180.1.21/identity/v3/auth/tokens 0.114s
2025-11-12 17:19:17.788 63158 INFO tempest.lib.common.rest_client [req-ffef8450-5f02-4e9e-90da-212a7bf3c246 req-ffef8450-5f02-4e9e-90da-212a7bf3c246 ] Request (ImagesOneServerNegativeTestJSON:setUpClass): 200 GET http://10.180.1.21/compute/v2.1/servers/c93476d2-41c0-4185-a91c-8a07c841afaf 0.186s
2025-11-12 17:19:17.800 63172 INFO tempest.lib.common.rest_client [req-69d2864a-6319-4ce0-ab2a-3d1901e57b03 req-69d2864a-6319-4ce0-ab2a-3d1901e57b03 ] Request (ImagesOneServerTestJSON:setUpClass): 200 GET http://10.180.1.21/compute/v2.1/servers/2d37f8f8-6b97-4bbc-bcfa-a776bd1297e9 0.140s
2025-11-12 17:19:17.832 63160 INFO tempest.lib.common.rest_client [req-6f1eabaa-7a0d-4114-a030-e19a2d852f95 req-6f1eabaa-7a0d-4114-a030-e19a2d852f95 ] Request (ServerRescueTestJSONUnderV235:setUpClass): 201 POST http://10.180.1.21/identity/v3/auth/tokens 0.043s
2025-11-12 17:19:17.832 63160 INFO tempest.lib.common.fixed_network [-] (ServerRescueTestJSONUnderV235:setUpClass) Found network {'id': 'e651c6e0-46af-4b39-8b50-81ac8b51fd62', 'name': 'tempest-ServerRescueTestJSONUnderV235-674745431-network', 'tenant_id': '2e622b4b8e9345aab6ff6f2708d51a99', 'admin_state_up': True, 'mtu': 8950, 'status': 'ACTIVE', 'subnets': [], 'shared': False, 'project_id': '2e622b4b8e9345aab6ff6f2708d51a99', 'port_security_enabled': True, 'router:external': False, 'provider:network_type': 'vlan', 'provider:physical_network': 'default', 'provider:segmentation_id': 225, 'availability_zone_hints': [], 'availability_zones': [], 'ipv4_address_scope': None, 'ipv6_address_scope': None, 'description': '', 'tags': [], 'created_at': '2025-11-12T17:19:13Z', 'updated_at': '2025-11-12T17:19:13Z', 'revision_number': 1} available for tenant
2025-11-12 17:19:17.855 63175 INFO tempest.lib.common.rest_client [req-b787a41e-f05e-45a2-ae09-0066cf895806 req-b787a41e-f05e-45a2-ae09-0066cf895806 ] Request (MigrationsAdminTest:test_resize_server_revert_deleted_flavor): 200 GET http://10.180.1.21/compute/v2.1/servers/479c512b-9304-46fb-8719-a0335ba39a59 0.114s
2025-11-12 17:19:17.891 63130 INFO tempest.lib.common.rest_client [req-67b88967-e136-4258-bb01-e5eebeb53c29 req-67b88967-e136-4258-bb01-e5eebeb53c29 ] Request (ServersListShow298Test:tearDownClass): 200 GET http://10.180.1.21/compute/v2.1/servers/fd3937ee-0e16-4381-91bc-3413556aacc2 0.166s
2025-11-12 17:19:17.930 63134 INFO tempest.lib.common.rest_client [req-d5e532f6-4684-48a1-a401-1fcdbf0f4c6e req-d5e532f6-4684-48a1-a401-1fcdbf0f4c6e ] Request (ServersTestManualDisk:setUpClass): 201 POST http://10.180.1.21:9696/networking/v2.0/security-group-rules 0.285s
2025-11-12 17:19:17.933 63138 INFO tempest.lib.common.rest_client [req-2dcdad06-707f-4dab-bdaa-adcb51cd4aae req-2dcdad06-707f-4dab-bdaa-adcb51cd4aae ] Request (ListImageFiltersTestJSON:tearDownClass): 200 GET http://10.180.1.21/compute/v2.1/servers/776f020e-8300-4297-9ad4-a5c54e3c0552 0.118s
2025-11-12 17:19:17.975 63176 INFO tempest.lib.common.rest_client [req-4ec6ccc8-20dd-4ac4-9c84-7eb109e2f9f2 req-4ec6ccc8-20dd-4ac4-9c84-7eb109e2f9f2 ] Request (SecurityGroupsTestJSON:test_server_security_groups): 200 GET http://10.180.1.21/compute/v2.1/servers/a0ead213-74aa-4f55-8263-4cb4b5822f8d 0.160s
2025-11-12 17:19:18.038 63126 INFO tempest.lib.common.rest_client [req-f6ee41d8-f580-4570-a2cf-95285dece251 req-f6ee41d8-f580-4570-a2cf-95285dece251 ] Request (AttachVolumeNegativeTest:test_attach_attached_volume_to_different_server): 200 GET http://10.180.1.21/compute/v2.1/servers/8b3f199c-4efb-4ff7-bed2-5d06e01ae4cf 0.154s
2025-11-12 17:19:18.103 63134 INFO tempest.lib.common.rest_client [req-73855ad9-ab65-4fb6-8291-3aa099c01dcd req-73855ad9-ab65-4fb6-8291-3aa099c01dcd ] Request (ServersTestManualDisk:setUpClass): 201 POST http://10.180.1.21:9696/networking/v2.0/security-group-rules 0.173s
2025-11-12 17:19:18.139 63146 INFO tempest.lib.common.rest_client [req-b0704c30-378b-4ed1-8073-174f5d1892f2 req-b0704c30-378b-4ed1-8073-174f5d1892f2 ] Request (ServerActionsTestOtherA:test_rebuild_server_in_stop_state): 200 GET http://10.180.1.21/compute/v2.1/servers/dbe12ff1-8993-4782-8f54-46797fbcd0d4 0.228s
2025-11-12 17:19:18.229 63164 INFO tempest.lib.common.rest_client [req-5d6afe4b-927c-4ef8-ad03-bddeb150c3db req-5d6afe4b-927c-4ef8-ad03-bddeb150c3db ] Request (ListServerFiltersTestJSON:tearDownClass): 200 GET http://10.180.1.21/compute/v2.1/servers/87f62c83-9134-49ff-93d9-dd3f4aabfaf4 0.233s
2025-11-12 17:19:18.309 63166 INFO tempest.lib.common.rest_client [req-1adf35bf-faaf-46bb-80c6-82da1a094849 req-1adf35bf-faaf-46bb-80c6-82da1a094849 ] Request (ServerAddressesNegativeTestJSON:setUpClass): 200 GET http://10.180.1.21/compute/v2.1/servers/7c6ce930-15bb-44b2-bc99-d23c60cbda48 0.251s
2025-11-12 17:19:18.371 63160 INFO tempest.lib.common.rest_client [req-b4a5b010-e701-4d43-9426-7b29e190e380 req-b4a5b010-e701-4d43-9426-7b29e190e380 ] Request (ServerRescueTestJSONUnderV235:setUpClass): 202 POST http://10.180.1.21/compute/v2.1/servers 0.538s
2025-11-12 17:19:18.459 63154 INFO tempest.lib.common.rest_client [req-7e6c9b19-ef15-4796-ad29-242da618eb7c req-7e6c9b19-ef15-4796-ad29-242da618eb7c ] Request (AttachInterfacesV270Test:tearDownClass): 200 GET http://10.180.1.21/compute/v2.1/servers/af7dc99a-2520-4767-9e01-d1a0c2cc8e3b 0.325s
2025-11-12 17:19:18.550 63150 INFO tempest.lib.common.rest_client [req-334e307f-4eab-497b-897d-955f498ee2d3 req-334e307f-4eab-497b-897d-955f498ee2d3 ] Request (ServerRescueTestJSON:setUpClass): 200 GET http://10.180.1.21/compute/v2.1/servers/b87e622d-720f-4024-97b6-1c12d4d9d6d1 0.453s
2025-11-12 17:19:18.599 63162 INFO tempest.lib.common.rest_client [req-08326676-4b02-48c9-b36b-ec27d8a1ee81 req-08326676-4b02-48c9-b36b-ec27d8a1ee81 ] Request (ListServersNegativeTestJSON:setUpClass): 200 GET http://10.180.1.21/compute/v2.1/servers/f64c98c0-a688-4b08-ab87-9b55e100cc76 0.433s
2025-11-12 17:19:18.604 63160 INFO tempest.lib.common.rest_client [req-ca53c78a-66d8-4658-970e-0ef1aa5821b0 req-ca53c78a-66d8-4658-970e-0ef1aa5821b0 ] Request (ServerRescueTestJSONUnderV235:setUpClass): 200 GET http://10.180.1.21/compute/v2.1/servers/0c38b968-7a95-430d-a1d3-fe656571edfd 0.231s
2025-11-12 17:19:18.678 63184 INFO tempest.lib.common.rest_client [req-a27050d9-006e-49d9-924f-1c6b27ca06b5 req-a27050d9-006e-49d9-924f-1c6b27ca06b5 ] Request (DeleteServersTestJSON:test_delete_server_while_in_attached_volume): 200 GET http://10.180.1.21/compute/v2.1/servers/9b4dc4d7-5aae-4723-a7c4-c728642594d3 0.168s
2025-11-12 17:19:18.775 63168 INFO tempest.lib.common.rest_client [req-9d31db46-8481-4469-b64a-c7f4b13d95a7 req-9d31db46-8481-4469-b64a-c7f4b13d95a7 ] Request (ServersAdminTestJSON:test_create_server_with_scheduling_hint): 200 GET http://10.180.1.21/compute/v2.1/servers/4e97af5c-1c18-4558-a688-9505339fed93 0.346s
2025-11-12 17:19:18.786 63168 INFO tempest.common.waiters [-] State transition "BUILD/networking" ==> "BUILD/spawning" after 56 second wait
2025-11-12 17:19:18.895 63188 INFO tempest.lib.common.rest_client [req-10151639-de86-4875-99fd-10627c896632 req-10151639-de86-4875-99fd-10627c896632 ] Request (AttachVolumeShelveTestJSON:test_attach_volume_shelved_or_offload_server): 200 GET http://10.180.1.21/compute/v2.1/servers/a9c970e4-5922-4c47-9676-fef8fdfb5dd2 0.320s
2025-11-12 17:19:18.904 63158 INFO tempest.lib.common.rest_client [req-1291ea6e-464d-4f70-aa15-b30ac1aef11b req-1291ea6e-464d-4f70-aa15-b30ac1aef11b ] Request (ImagesOneServerNegativeTestJSON:setUpClass): 200 GET http://10.180.1.21/compute/v2.1/servers/c93476d2-41c0-4185-a91c-8a07c841afaf 0.105s
2025-11-12 17:19:18.982 63175 INFO tempest.lib.common.rest_client [req-9e7751e0-d40c-445a-bbeb-02dc2cec4368 req-9e7751e0-d40c-445a-bbeb-02dc2cec4368 ] Request (MigrationsAdminTest:test_resize_server_revert_deleted_flavor): 200 GET http://10.180.1.21/compute/v2.1/servers/479c512b-9304-46fb-8719-a0335ba39a59 0.119s
2025-11-12 17:19:19.075 63130 INFO tempest.lib.common.rest_client [req-2c710e8f-9ed9-4f6d-8a20-365b42fe975d req-2c710e8f-9ed9-4f6d-8a20-365b42fe975d ] Request (ServersListShow298Test:tearDownClass): 200 GET http://10.180.1.21/compute/v2.1/servers/fd3937ee-0e16-4381-91bc-3413556aacc2 0.163s
2025-11-12 17:19:19.117 63134 INFO tempest.lib.common.rest_client [req-8e22e1a9-0ce3-4c41-84fa-549e0ca626e4 req-8e22e1a9-0ce3-4c41-84fa-549e0ca626e4 ] Request (ServersTestManualDisk:setUpClass): 201 POST http://10.180.1.21:9696/networking/v2.0/floatingips 1.013s
2025-11-12 17:19:19.136 63172 INFO tempest.lib.common.rest_client [req-dd8a7508-5cbb-4625-82e2-9d0b6a10137c req-dd8a7508-5cbb-4625-82e2-9d0b6a10137c ] Request (ImagesOneServerTestJSON:setUpClass): 200 GET http://10.180.1.21/compute/v2.1/servers/2d37f8f8-6b97-4bbc-bcfa-a776bd1297e9 0.328s
2025-11-12 17:19:19.143 63172 INFO tempest.common.waiters [-] State transition "BUILD/spawning" ==> "ACTIVE/None" after 82 second wait
2025-11-12 17:19:19.151 63138 INFO tempest.lib.common.rest_client [req-9e10991c-16cf-4408-aa23-24dccece0f72 req-9e10991c-16cf-4408-aa23-24dccece0f72 ] Request (ListImageFiltersTestJSON:tearDownClass): 200 GET http://10.180.1.21/compute/v2.1/servers/776f020e-8300-4297-9ad4-a5c54e3c0552 0.204s
2025-11-12 17:19:19.162 63134 INFO tempest.lib.common.rest_client [req-73c15c74-7742-47bd-bd40-72429549a3aa req-73c15c74-7742-47bd-bd40-72429549a3aa ] Request (ServersTestManualDisk:setUpClass): 201 POST http://10.180.1.21/identity/v3/auth/tokens 0.041s
2025-11-12 17:19:19.162 63134 INFO tempest.lib.common.fixed_network [-] (ServersTestManualDisk:setUpClass) Found network {'id': '9a4190e0-ca19-4974-80ca-95f1719d1c09', 'name': 'tempest-ServersTestManualDisk-1287895623-network', 'tenant_id': 'bb78c7d0bcda46a4b2f258efdcbf56e9', 'admin_state_up': True, 'mtu': 8950, 'status': 'ACTIVE', 'subnets': [], 'shared': False, 'project_id': 'bb78c7d0bcda46a4b2f258efdcbf56e9', 'port_security_enabled': True, 'router:external': False, 'provider:network_type': 'vlan', 'provider:physical_network': 'default', 'provider:segmentation_id': 106, 'availability_zone_hints': [], 'availability_zones': [], 'ipv4_address_scope': None, 'ipv6_address_scope': None, 'description': '', 'tags': [], 'created_at': '2025-11-12T17:19:13Z', 'updated_at': '2025-11-12T17:19:13Z', 'revision_number': 1} available for tenant
2025-11-12 17:19:19.197 63176 INFO tempest.lib.common.rest_client [req-9f1be8d7-001f-424d-9f3a-abcc139db4d3 req-9f1be8d7-001f-424d-9f3a-abcc139db4d3 ] Request (SecurityGroupsTestJSON:test_server_security_groups): 200 GET http://10.180.1.21/compute/v2.1/servers/a0ead213-74aa-4f55-8263-4cb4b5822f8d 0.210s
2025-11-12 17:19:19.208 63126 INFO tempest.lib.common.rest_client [req-550e58b5-3c1e-4197-8ddd-3bab0d5b8b53 req-550e58b5-3c1e-4197-8ddd-3bab0d5b8b53 ] Request (AttachVolumeNegativeTest:test_attach_attached_volume_to_different_server): 200 GET http://10.180.1.21/compute/v2.1/servers/8b3f199c-4efb-4ff7-bed2-5d06e01ae4cf 0.159s
2025-11-12 17:19:19.261 63146 INFO tempest.lib.common.rest_client [req-339adf2b-72b0-4079-90b3-ae73c0ff27ca req-339adf2b-72b0-4079-90b3-ae73c0ff27ca ] Request (ServerActionsTestOtherA:test_rebuild_server_in_stop_state): 200 GET http://10.180.1.21/compute/v2.1/servers/dbe12ff1-8993-4782-8f54-46797fbcd0d4 0.106s
2025-11-12 17:19:19.296 63156 WARNING tempest.lib.common.ssh [-] Failed to establish authenticated ssh connection to cirros@10.180.180.235 ([Errno None] Unable to connect to port 22 on 10.180.180.235). Number attempts: 2. Retry after 3 seconds.: paramiko.ssh_exception.NoValidConnectionsError: [Errno None] Unable to connect to port 22 on 10.180.180.235
2025-11-12 17:19:19.626 63134 INFO tempest.lib.common.rest_client [req-c3f39694-4cf1-4e8b-b553-de844371e6c7 req-c3f39694-4cf1-4e8b-b553-de844371e6c7 ] Request (ServersTestManualDisk:setUpClass): 202 POST http://10.180.1.21/compute/v2.1/servers 0.462s
2025-11-12 17:19:19.638 63172 INFO tempest.lib.common.rest_client [req-a80aa579-2cb1-4cda-b48e-9b9bd34992fb req-a80aa579-2cb1-4cda-b48e-9b9bd34992fb ] Request (ImagesOneServerTestJSON:test_create_delete_image): 202 POST http://10.180.1.21/compute/v2.1/servers/2d37f8f8-6b97-4bbc-bcfa-a776bd1297e9/action 0.494s
2025-11-12 17:19:19.716 63164 INFO tempest.lib.common.rest_client [req-df4383ed-a7d7-4804-8da8-d88106cf261a req-df4383ed-a7d7-4804-8da8-d88106cf261a ] Request (ListServerFiltersTestJSON:tearDownClass): 200 GET http://10.180.1.21/compute/v2.1/servers/87f62c83-9134-49ff-93d9-dd3f4aabfaf4 0.473s
2025-11-12 17:19:19.721 63166 INFO tempest.lib.common.rest_client [req-80390385-92f9-46d6-89cb-bd64fc9614ea req-80390385-92f9-46d6-89cb-bd64fc9614ea ] Request (ServerAddressesNegativeTestJSON:setUpClass): 200 GET http://10.180.1.21/compute/v2.1/servers/7c6ce930-15bb-44b2-bc99-d23c60cbda48 0.401s
2025-11-12 17:19:19.799 63154 INFO tempest.lib.common.rest_client [req-c3a57b49-4cde-4af0-ac21-ab0e45de5f65 req-c3a57b49-4cde-4af0-ac21-ab0e45de5f65 ] Request (AttachInterfacesV270Test:tearDownClass): 200 GET http://10.180.1.21/compute/v2.1/servers/af7dc99a-2520-4767-9e01-d1a0c2cc8e3b 0.322s
2025-11-12 17:19:19.853 63162 INFO tempest.lib.common.rest_client [req-1be2343d-2575-4804-9b65-42d1bc970b23 req-1be2343d-2575-4804-9b65-42d1bc970b23 ] Request (ListServersNegativeTestJSON:setUpClass): 200 GET http://10.180.1.21/compute/v2.1/servers/f64c98c0-a688-4b08-ab87-9b55e100cc76 0.238s
2025-11-12 17:19:19.859 63150 INFO tempest.lib.common.rest_client [req-e3d9c78e-4a20-40f9-8d1b-71eea883db8e req-e3d9c78e-4a20-40f9-8d1b-71eea883db8e ] Request (ServerRescueTestJSON:setUpClass): 200 GET http://10.180.1.21/compute/v2.1/servers/b87e622d-720f-4024-97b6-1c12d4d9d6d1 0.291s
2025-11-12 17:19:19.900 63134 INFO tempest.lib.common.rest_client [req-c38f9d3c-6704-470c-8dec-d6ee627b351d req-c38f9d3c-6704-470c-8dec-d6ee627b351d ] Request (ServersTestManualDisk:setUpClass): 200 GET http://10.180.1.21/compute/v2.1/servers/83cdc46b-07f6-49bd-a7d0-8a4c98b12376 0.272s
2025-11-12 17:19:19.920 63160 INFO tempest.lib.common.rest_client [req-7baa2eea-9ba5-4fea-a28f-57525bc86351 req-7baa2eea-9ba5-4fea-a28f-57525bc86351 ] Request (ServerRescueTestJSONUnderV235:setUpClass): 200 GET http://10.180.1.21/compute/v2.1/servers/0c38b968-7a95-430d-a1d3-fe656571edfd 0.303s
2025-11-12 17:19:19.931 63160 INFO tempest.common.waiters [-] State transition "BUILD/scheduling" ==> "BUILD/None" after 1 second wait
2025-11-12 17:19:19.939 63172 INFO tempest.lib.common.rest_client [req-becfad79-24e5-4a5b-bdc2-6501d1772725 req-becfad79-24e5-4a5b-bdc2-6501d1772725 ] Request (ImagesOneServerTestJSON:test_create_delete_image): 200 GET http://10.180.1.21/compute/v2.1/images/0099df7b-a695-4a67-a881-034b8b619ddd 0.298s
2025-11-12 17:19:19.968 63184 INFO tempest.lib.common.rest_client [req-746a4e16-6516-4b2d-9c12-566f54682171 req-746a4e16-6516-4b2d-9c12-566f54682171 ] Request (DeleteServersTestJSON:test_delete_server_while_in_attached_volume): 200 GET http://10.180.1.21/compute/v2.1/servers/9b4dc4d7-5aae-4723-a7c4-c728642594d3 0.271s
2025-11-12 17:19:20.045 63168 INFO tempest.lib.common.rest_client [req-2d374641-63c6-4b07-ae25-39d0d3ebe554 req-2d374641-63c6-4b07-ae25-39d0d3ebe554 ] Request (ServersAdminTestJSON:test_create_server_with_scheduling_hint): 200 GET http://10.180.1.21/compute/v2.1/servers/4e97af5c-1c18-4558-a688-9505339fed93 0.259s
2025-11-12 17:19:20.068 63188 INFO tempest.lib.common.rest_client [req-edd2537c-6c3f-4477-9a50-630945b879fc req-edd2537c-6c3f-4477-9a50-630945b879fc ] Request (AttachVolumeShelveTestJSON:test_attach_volume_shelved_or_offload_server): 200 GET http://10.180.1.21/compute/v2.1/servers/a9c970e4-5922-4c47-9676-fef8fdfb5dd2 0.165s
2025-11-12 17:19:20.124 63175 INFO tempest.lib.common.rest_client [req-8f504f4f-f455-42ee-85f0-9a67ea0857aa req-8f504f4f-f455-42ee-85f0-9a67ea0857aa ] Request (MigrationsAdminTest:test_resize_server_revert_deleted_flavor): 200 GET http://10.180.1.21/compute/v2.1/servers/479c512b-9304-46fb-8719-a0335ba39a59 0.130s
2025-11-12 17:19:20.217 63130 INFO tempest.lib.common.rest_client [req-ff7b6063-c544-4f88-b7b9-2251ca264124 req-ff7b6063-c544-4f88-b7b9-2251ca264124 ] Request (ServersListShow298Test:tearDownClass): 200 GET http://10.180.1.21/compute/v2.1/servers/fd3937ee-0e16-4381-91bc-3413556aacc2 0.127s
2025-11-12 17:19:20.277 63138 INFO tempest.lib.common.rest_client [req-c66e040e-e18c-4f12-9312-f5b9548da4cc req-c66e040e-e18c-4f12-9312-f5b9548da4cc ] Request (ListImageFiltersTestJSON:tearDownClass): 200 GET http://10.180.1.21/compute/v2.1/servers/776f020e-8300-4297-9ad4-a5c54e3c0552 0.114s
2025-11-12 17:19:20.343 63176 INFO tempest.lib.common.rest_client [req-ad09bfc2-319d-4f0e-ac2a-0d9eb4127a1f req-ad09bfc2-319d-4f0e-ac2a-0d9eb4127a1f ] Request (SecurityGroupsTestJSON:test_server_security_groups): 200 GET http://10.180.1.21/compute/v2.1/servers/a0ead213-74aa-4f55-8263-4cb4b5822f8d 0.135s
2025-11-12 17:19:20.384 63144 WARNING tempest.lib.common.ssh [-] Failed to establish authenticated ssh connection to cirros@10.180.180.222 ([Errno None] Unable to connect to port 22 on 10.180.180.222). Number attempts: 9. Retry after 10 seconds.: paramiko.ssh_exception.NoValidConnectionsError: [Errno None] Unable to connect to port 22 on 10.180.180.222
2025-11-12 17:19:20.411 63126 INFO tempest.lib.common.rest_client [req-2622e98d-6e6c-4510-bf19-e1a7a8c490d3 req-2622e98d-6e6c-4510-bf19-e1a7a8c490d3 ] Request (AttachVolumeNegativeTest:test_attach_attached_volume_to_different_server): 200 GET http://10.180.1.21/compute/v2.1/servers/8b3f199c-4efb-4ff7-bed2-5d06e01ae4cf 0.196s
2025-11-12 17:19:20.458 63158 INFO tempest.lib.common.rest_client [req-e3dee2bd-f0d4-467b-a4f7-a32c65ce8bb3 req-e3dee2bd-f0d4-467b-a4f7-a32c65ce8bb3 ] Request (ImagesOneServerNegativeTestJSON:setUpClass): 200 GET http://10.180.1.21/compute/v2.1/servers/c93476d2-41c0-4185-a91c-8a07c841afaf 0.537s
2025-11-12 17:19:20.474 63146 INFO tempest.lib.common.rest_client [req-79a362f4-19e6-4380-9ae1-cbf58fde1815 req-79a362f4-19e6-4380-9ae1-cbf58fde1815 ] Request (ServerActionsTestOtherA:test_rebuild_server_in_stop_state): 200 GET http://10.180.1.21/compute/v2.1/servers/dbe12ff1-8993-4782-8f54-46797fbcd0d4 0.203s
2025-11-12 17:19:20.485 63146 INFO tempest.common.waiters [-] State transition "BUILD/None" ==> "BUILD/networking" after 41 second wait
2025-11-12 17:19:20.819 63164 INFO tempest.lib.common.rest_client [req-75f5761c-5121-4068-b4e1-cf1cd3b9d111 req-75f5761c-5121-4068-b4e1-cf1cd3b9d111 ] Request (ListServerFiltersTestJSON:tearDownClass): 200 GET http://10.180.1.21/compute/v2.1/servers/87f62c83-9134-49ff-93d9-dd3f4aabfaf4 0.091s
2025-11-12 17:19:20.823 63166 INFO tempest.lib.common.rest_client [req-3953f95d-1ee6-407c-a1ed-b113f86f3357 req-3953f95d-1ee6-407c-a1ed-b113f86f3357 ] Request (ServerAddressesNegativeTestJSON:setUpClass): 200 GET http://10.180.1.21/compute/v2.1/servers/7c6ce930-15bb-44b2-bc99-d23c60cbda48 0.091s
2025-11-12 17:19:20.836 63140 WARNING tempest.lib.common.ssh [-] Failed to establish authenticated ssh connection to cirros@10.180.180.245 ([Errno None] Unable to connect to port 22 on 10.180.180.245). Number attempts: 1. Retry after 2 seconds.: paramiko.ssh_exception.NoValidConnectionsError: [Errno None] Unable to connect to port 22 on 10.180.180.245
2025-11-12 17:19:20.898 63154 INFO tempest.lib.common.rest_client [req-6132f43e-9416-4f7a-a0a4-053e5e853b36 req-6132f43e-9416-4f7a-a0a4-053e5e853b36 ] Request (AttachInterfacesV270Test:tearDownClass): 200 GET http://10.180.1.21/compute/v2.1/servers/af7dc99a-2520-4767-9e01-d1a0c2cc8e3b 0.087s
2025-11-12 17:19:20.947 63162 INFO tempest.lib.common.rest_client [req-668f3f3b-fcec-49dd-b2f2-c1b48fdd72fc req-668f3f3b-fcec-49dd-b2f2-c1b48fdd72fc ] Request (ListServersNegativeTestJSON:setUpClass): 200 GET http://10.180.1.21/compute/v2.1/servers/f64c98c0-a688-4b08-ab87-9b55e100cc76 0.079s
2025-11-12 17:19:21.022 63134 INFO tempest.lib.common.rest_client [req-6cc48858-6b0d-4cc0-af36-073a3c67c3c7 req-6cc48858-6b0d-4cc0-af36-073a3c67c3c7 ] Request (ServersTestManualDisk:setUpClass): 200 GET http://10.180.1.21/compute/v2.1/servers/83cdc46b-07f6-49bd-a7d0-8a4c98b12376 0.113s
2025-11-12 17:19:21.029 63134 INFO tempest.common.waiters [-] State transition "BUILD/scheduling" ==> "BUILD/None" after 2 second wait
2025-11-12 17:19:21.042 63150 INFO tempest.lib.common.rest_client [req-09beb69c-8fba-4ab0-bb23-a4e8a9418f69 req-09beb69c-8fba-4ab0-bb23-a4e8a9418f69 ] Request (ServerRescueTestJSON:setUpClass): 200 GET http://10.180.1.21/compute/v2.1/servers/b87e622d-720f-4024-97b6-1c12d4d9d6d1 0.169s
2025-11-12 17:19:21.084 63172 INFO tempest.lib.common.rest_client [req-554d382a-11ac-436a-9010-e5fb22493a3a req-554d382a-11ac-436a-9010-e5fb22493a3a ] Request (ImagesOneServerTestJSON:test_create_delete_image): 200 GET http://10.180.1.21/compute/v2.1/images/0099df7b-a695-4a67-a881-034b8b619ddd 0.140s
2025-11-12 17:19:21.113 63160 INFO tempest.lib.common.rest_client [req-af83b508-1e7c-4e02-8c7d-eec6f88de4a1 req-af83b508-1e7c-4e02-8c7d-eec6f88de4a1 ] Request (ServerRescueTestJSONUnderV235:setUpClass): 200 GET http://10.180.1.21/compute/v2.1/servers/0c38b968-7a95-430d-a1d3-fe656571edfd 0.181s
2025-11-12 17:19:21.144 63184 INFO tempest.lib.common.rest_client [req-4256d9c9-691c-480a-89c1-c700e588ac1e req-4256d9c9-691c-480a-89c1-c700e588ac1e ] Request (DeleteServersTestJSON:test_delete_server_while_in_attached_volume): 200 GET http://10.180.1.21/compute/v2.1/servers/9b4dc4d7-5aae-4723-a7c4-c728642594d3 0.167s
2025-11-12 17:19:21.248 63168 INFO tempest.lib.common.rest_client [req-6e3c73e9-d641-4add-9a26-53eed46d1d27 req-6e3c73e9-d641-4add-9a26-53eed46d1d27 ] Request (ServersAdminTestJSON:test_create_server_with_scheduling_hint): 200 GET http://10.180.1.21/compute/v2.1/servers/4e97af5c-1c18-4558-a688-9505339fed93 0.192s
2025-11-12 17:19:21.280 63188 INFO tempest.lib.common.rest_client [req-7782088b-4f45-4c81-83e4-7dc5fec0830c req-7782088b-4f45-4c81-83e4-7dc5fec0830c ] Request (AttachVolumeShelveTestJSON:test_attach_volume_shelved_or_offload_server): 200 GET http://10.180.1.21/compute/v2.1/servers/a9c970e4-5922-4c47-9676-fef8fdfb5dd2 0.202s
2025-11-12 17:19:21.310 63175 INFO tempest.lib.common.rest_client [req-1909e56d-4703-4d98-96ea-e0f3df5a5078 req-1909e56d-4703-4d98-96ea-e0f3df5a5078 ] Request (MigrationsAdminTest:test_resize_server_revert_deleted_flavor): 200 GET http://10.180.1.21/compute/v2.1/servers/479c512b-9304-46fb-8719-a0335ba39a59 0.177s
2025-11-12 17:19:21.365 63130 INFO tempest.lib.common.rest_client [req-f0fa3b54-df2d-493e-bbd9-b484f686828a req-f0fa3b54-df2d-493e-bbd9-b484f686828a ] Request (ServersListShow298Test:tearDownClass): 200 GET http://10.180.1.21/compute/v2.1/servers/fd3937ee-0e16-4381-91bc-3413556aacc2 0.137s
2025-11-12 17:19:21.422 63176 INFO tempest.lib.common.rest_client [req-e07abcde-7133-4ba0-8871-fdef672c69b1 req-e07abcde-7133-4ba0-8871-fdef672c69b1 ] Request (SecurityGroupsTestJSON:test_server_security_groups): 200 GET http://10.180.1.21/compute/v2.1/servers/a0ead213-74aa-4f55-8263-4cb4b5822f8d 0.065s
2025-11-12 17:19:21.426 63138 INFO tempest.lib.common.rest_client [req-939c71e5-4649-48f6-a6b7-2d686bef4469 req-939c71e5-4649-48f6-a6b7-2d686bef4469 ] Request (ListImageFiltersTestJSON:tearDownClass): 200 GET http://10.180.1.21/compute/v2.1/servers/776f020e-8300-4297-9ad4-a5c54e3c0552 0.140s
2025-11-12 17:19:21.476 63126 INFO tempest.lib.common.rest_client [req-db897e90-4627-42ce-9b8a-b849d8b5387b req-db897e90-4627-42ce-9b8a-b849d8b5387b ] Request (AttachVolumeNegativeTest:test_attach_attached_volume_to_different_server): 200 GET http://10.180.1.21/compute/v2.1/servers/8b3f199c-4efb-4ff7-bed2-5d06e01ae4cf 0.056s
2025-11-12 17:19:21.620 63158 INFO tempest.lib.common.rest_client [req-169a261f-4fab-49da-bff5-1d089d4dfd40 req-169a261f-4fab-49da-bff5-1d089d4dfd40 ] Request (ImagesOneServerNegativeTestJSON:setUpClass): 200 GET http://10.180.1.21/compute/v2.1/servers/c93476d2-41c0-4185-a91c-8a07c841afaf 0.155s
2025-11-12 17:19:21.620 63146 INFO tempest.lib.common.rest_client [req-ad3fb1e0-45a7-44a1-84d1-c9804f0afee1 req-ad3fb1e0-45a7-44a1-84d1-c9804f0afee1 ] Request (ServerActionsTestOtherA:test_rebuild_server_in_stop_state): 200 GET http://10.180.1.21/compute/v2.1/servers/dbe12ff1-8993-4782-8f54-46797fbcd0d4 0.134s
2025-11-12 17:19:21.627 63146 INFO tempest.common.waiters [-] State transition "BUILD/networking" ==> "BUILD/spawning" after 42 second wait
2025-11-12 17:19:21.903 63164 INFO tempest.lib.common.rest_client [req-6d2c5cf8-c038-41c8-bf07-149d1686c42a req-6d2c5cf8-c038-41c8-bf07-149d1686c42a ] Request (ListServerFiltersTestJSON:tearDownClass): 200 GET http://10.180.1.21/compute/v2.1/servers/87f62c83-9134-49ff-93d9-dd3f4aabfaf4 0.075s
2025-11-12 17:19:21.912 63166 INFO tempest.lib.common.rest_client [req-4da7183b-0d92-4062-b7ce-80dedc8e95a7 req-4da7183b-0d92-4062-b7ce-80dedc8e95a7 ] Request (ServerAddressesNegativeTestJSON:setUpClass): 200 GET http://10.180.1.21/compute/v2.1/servers/7c6ce930-15bb-44b2-bc99-d23c60cbda48 0.075s
2025-11-12 17:19:21.976 63154 INFO tempest.lib.common.rest_client [req-ed6dd9d1-510f-411e-b28c-dc97ecdbfa8c req-ed6dd9d1-510f-411e-b28c-dc97ecdbfa8c ] Request (AttachInterfacesV270Test:tearDownClass): 200 GET http://10.180.1.21/compute/v2.1/servers/af7dc99a-2520-4767-9e01-d1a0c2cc8e3b 0.068s
2025-11-12 17:19:22.094 63134 INFO tempest.lib.common.rest_client [req-efbcfd26-dde3-4ea8-95d2-f14f6eb4cb82 req-efbcfd26-dde3-4ea8-95d2-f14f6eb4cb82 ] Request (ServersTestManualDisk:setUpClass): 200 GET http://10.180.1.21/compute/v2.1/servers/83cdc46b-07f6-49bd-a7d0-8a4c98b12376 0.064s
2025-11-12 17:19:22.202 63150 INFO tempest.lib.common.rest_client [req-f1cd5042-2ee8-4114-b1a7-7c7710d6ac53 req-f1cd5042-2ee8-4114-b1a7-7c7710d6ac53 ] Request (ServerRescueTestJSON:setUpClass): 200 GET http://10.180.1.21/compute/v2.1/servers/b87e622d-720f-4024-97b6-1c12d4d9d6d1 0.146s
2025-11-12 17:19:22.243 63172 INFO tempest.lib.common.rest_client [req-6795001a-a283-431d-8ef0-44c209609e28 req-6795001a-a283-431d-8ef0-44c209609e28 ] Request (ImagesOneServerTestJSON:test_create_delete_image): 200 GET http://10.180.1.21/compute/v2.1/images/0099df7b-a695-4a67-a881-034b8b619ddd 0.155s
2025-11-12 17:19:22.300 63160 INFO tempest.lib.common.rest_client [req-ed3d6f30-a5d2-4874-bf62-66636f2ba6f3 req-ed3d6f30-a5d2-4874-bf62-66636f2ba6f3 ] Request (ServerRescueTestJSONUnderV235:setUpClass): 200 GET http://10.180.1.21/compute/v2.1/servers/0c38b968-7a95-430d-a1d3-fe656571edfd 0.178s
2025-11-12 17:19:22.313 63162 INFO tempest.lib.common.rest_client [req-6d6d8221-c876-4cbf-9b5f-ed043f510461 req-6d6d8221-c876-4cbf-9b5f-ed043f510461 ] Request (ListServersNegativeTestJSON:setUpClass): 200 GET http://10.180.1.21/compute/v2.1/servers/f64c98c0-a688-4b08-ab87-9b55e100cc76 0.349s
2025-11-12 17:19:22.354 63184 INFO tempest.lib.common.rest_client [req-f20a0cfe-2d36-4ec2-bd6c-64df56f1224d req-f20a0cfe-2d36-4ec2-bd6c-64df56f1224d ] Request (DeleteServersTestJSON:test_delete_server_while_in_attached_volume): 200 GET http://10.180.1.21/compute/v2.1/servers/9b4dc4d7-5aae-4723-a7c4-c728642594d3 0.198s
2025-11-12 17:19:22.409 63168 INFO tempest.lib.common.rest_client [req-4b9b8174-6305-405b-a954-f0072148ce91 req-4b9b8174-6305-405b-a954-f0072148ce91 ] Request (ServersAdminTestJSON:test_create_server_with_scheduling_hint): 200 GET http://10.180.1.21/compute/v2.1/servers/4e97af5c-1c18-4558-a688-9505339fed93 0.154s
2025-11-12 17:19:22.464 63188 INFO tempest.lib.common.rest_client [req-1769ccf6-aa7c-41d8-b3d9-b5effdc5f406 req-1769ccf6-aa7c-41d8-b3d9-b5effdc5f406 ] Request (AttachVolumeShelveTestJSON:test_attach_volume_shelved_or_offload_server): 200 GET http://10.180.1.21/compute/v2.1/servers/a9c970e4-5922-4c47-9676-fef8fdfb5dd2 0.172s
2025-11-12 17:19:22.471 63175 INFO tempest.lib.common.rest_client [req-e87179f0-7180-444f-ac09-7f0dc3bf8aa0 req-e87179f0-7180-444f-ac09-7f0dc3bf8aa0 ] Request (MigrationsAdminTest:test_resize_server_revert_deleted_flavor): 200 GET http://10.180.1.21/compute/v2.1/servers/479c512b-9304-46fb-8719-a0335ba39a59 0.152s
2025-11-12 17:19:22.551 63130 INFO tempest.lib.common.rest_client [req-8ad7d178-6a8c-4949-80c8-fb6425b27d43 req-8ad7d178-6a8c-4949-80c8-fb6425b27d43 ] Request (ServersListShow298Test:tearDownClass): 200 GET http://10.180.1.21/compute/v2.1/servers/fd3937ee-0e16-4381-91bc-3413556aacc2 0.168s
2025-11-12 17:19:22.555 63176 INFO tempest.lib.common.rest_client [req-170207db-38b2-498b-b378-4823d142c974 req-170207db-38b2-498b-b378-4823d142c974 ] Request (SecurityGroupsTestJSON:test_server_security_groups): 200 GET http://10.180.1.21/compute/v2.1/servers/a0ead213-74aa-4f55-8263-4cb4b5822f8d 0.118s
2025-11-12 17:19:22.613 63126 INFO tempest.lib.common.rest_client [req-7038dfd5-17c7-4747-bfba-91e80dd5ae4e req-7038dfd5-17c7-4747-bfba-91e80dd5ae4e ] Request (AttachVolumeNegativeTest:test_attach_attached_volume_to_different_server): 200 GET http://10.180.1.21/compute/v2.1/servers/8b3f199c-4efb-4ff7-bed2-5d06e01ae4cf 0.124s
2025-11-12 17:19:22.634 63138 INFO tempest.lib.common.rest_client [req-6996a478-ef7a-4de8-a26c-db9741141197 req-6996a478-ef7a-4de8-a26c-db9741141197 ] Request (ListImageFiltersTestJSON:tearDownClass): 200 GET http://10.180.1.21/compute/v2.1/servers/776f020e-8300-4297-9ad4-a5c54e3c0552 0.195s
2025-11-12 17:19:22.740 63146 INFO tempest.lib.common.rest_client [req-8ca96367-ed2a-4af7-b3dc-2f5bade1c7f2 req-8ca96367-ed2a-4af7-b3dc-2f5bade1c7f2 ] Request (ServerActionsTestOtherA:test_rebuild_server_in_stop_state): 200 GET http://10.180.1.21/compute/v2.1/servers/dbe12ff1-8993-4782-8f54-46797fbcd0d4 0.112s
2025-11-12 17:19:22.758 63158 INFO tempest.lib.common.rest_client [req-9a770990-704e-4c5f-b8ea-770cdd9bc4db req-9a770990-704e-4c5f-b8ea-770cdd9bc4db ] Request (ImagesOneServerNegativeTestJSON:setUpClass): 200 GET http://10.180.1.21/compute/v2.1/servers/c93476d2-41c0-4185-a91c-8a07c841afaf 0.130s
2025-11-12 17:19:23.007 63164 INFO tempest.lib.common.rest_client [req-df0a47b1-3251-4d40-bca9-e294872654f6 req-df0a47b1-3251-4d40-bca9-e294872654f6 ] Request (ListServerFiltersTestJSON:tearDownClass): 200 GET http://10.180.1.21/compute/v2.1/servers/87f62c83-9134-49ff-93d9-dd3f4aabfaf4 0.095s
2025-11-12 17:19:23.023 63166 INFO tempest.lib.common.rest_client [req-5342670b-cb54-48e4-b57f-07c072d84b72 req-5342670b-cb54-48e4-b57f-07c072d84b72 ] Request (ServerAddressesNegativeTestJSON:setUpClass): 200 GET http://10.180.1.21/compute/v2.1/servers/7c6ce930-15bb-44b2-bc99-d23c60cbda48 0.101s
2025-11-12 17:19:23.073 63154 INFO tempest.lib.common.rest_client [req-099d9f6c-346f-4a65-8078-734da576ebd6 req-099d9f6c-346f-4a65-8078-734da576ebd6 ] Request (AttachInterfacesV270Test:tearDownClass): 200 GET http://10.180.1.21/compute/v2.1/servers/af7dc99a-2520-4767-9e01-d1a0c2cc8e3b 0.084s
2025-11-12 17:19:23.185 63134 INFO tempest.lib.common.rest_client [req-4849a6b8-c714-44f8-a0eb-452d5e33ac08 req-4849a6b8-c714-44f8-a0eb-452d5e33ac08 ] Request (ServersTestManualDisk:setUpClass): 200 GET http://10.180.1.21/compute/v2.1/servers/83cdc46b-07f6-49bd-a7d0-8a4c98b12376 0.080s
2025-11-12 17:19:23.297 63172 INFO tempest.lib.common.rest_client [req-7bb0c267-0591-4550-8777-5571948e5c08 req-7bb0c267-0591-4550-8777-5571948e5c08 ] Request (ImagesOneServerTestJSON:test_create_delete_image): 200 GET http://10.180.1.21/compute/v2.1/images/0099df7b-a695-4a67-a881-034b8b619ddd 0.050s
2025-11-12 17:19:23.315 63150 INFO tempest.lib.common.rest_client [req-489aaa2e-ca66-4891-9bbe-ebe31cd20a68 req-489aaa2e-ca66-4891-9bbe-ebe31cd20a68 ] Request (ServerRescueTestJSON:setUpClass): 200 GET http://10.180.1.21/compute/v2.1/servers/b87e622d-720f-4024-97b6-1c12d4d9d6d1 0.101s
2025-11-12 17:19:23.343 63140 WARNING tempest.lib.common.ssh [-] Failed to establish authenticated ssh connection to cirros@10.180.180.245 ([Errno None] Unable to connect to port 22 on 10.180.180.245). Number attempts: 2. Retry after 3 seconds.: paramiko.ssh_exception.NoValidConnectionsError: [Errno None] Unable to connect to port 22 on 10.180.180.245
2025-11-12 17:19:23.385 63162 INFO tempest.lib.common.rest_client [req-d6b2590c-65c9-4342-b915-914b0da9005f req-d6b2590c-65c9-4342-b915-914b0da9005f ] Request (ListServersNegativeTestJSON:setUpClass): 200 GET http://10.180.1.21/compute/v2.1/servers/f64c98c0-a688-4b08-ab87-9b55e100cc76 0.060s
2025-11-12 17:19:23.385 63160 INFO tempest.lib.common.rest_client [req-9599819f-987e-449d-9162-59987e4883ee req-9599819f-987e-449d-9162-59987e4883ee ] Request (ServerRescueTestJSONUnderV235:setUpClass): 200 GET http://10.180.1.21/compute/v2.1/servers/0c38b968-7a95-430d-a1d3-fe656571edfd 0.076s
2025-11-12 17:19:23.457 63184 INFO tempest.lib.common.rest_client [req-bcf21faa-6b41-4423-b440-344644386a70 req-bcf21faa-6b41-4423-b440-344644386a70 ] Request (DeleteServersTestJSON:test_delete_server_while_in_attached_volume): 200 GET http://10.180.1.21/compute/v2.1/servers/9b4dc4d7-5aae-4723-a7c4-c728642594d3 0.094s
2025-11-12 17:19:23.567 63168 INFO tempest.lib.common.rest_client [req-6804ccbf-f6d5-47f8-b409-619a88de23e9 req-6804ccbf-f6d5-47f8-b409-619a88de23e9 ] Request (ServersAdminTestJSON:test_create_server_with_scheduling_hint): 200 GET http://10.180.1.21/compute/v2.1/servers/4e97af5c-1c18-4558-a688-9505339fed93 0.150s
