2025-11-12 17:18:33.214 63184 INFO tempest.lib.common.rest_client [req-80e57be1-c707-47eb-b97a-1eea9252f5a9 req-80e57be1-c707-47eb-b97a-1eea9252f5a9 ] Request (DeleteServersTestJSON:test_delete_active_server): 200 GET http://10.180.1.21/compute/v2.1/servers/bdd1dfac-8e82-4fbd-8533-35cc4ce64c5d 0.813s
2025-11-12 17:18:33.403 63146 INFO tempest.lib.common.rest_client [req-99488cea-b506-409a-b25f-f47fbaa4ef84 req-99488cea-b506-409a-b25f-f47fbaa4ef84 ] Request (ServerActionsTestOtherA:setUp): 200 GET http://10.180.1.21/compute/v2.1/servers/9fad31fa-0721-421d-b913-0dfe90ed8c18 0.950s
2025-11-12 17:18:33.492 63130 INFO tempest.lib.common.rest_client [req-8be39cf1-a3c9-4427-ba5e-c8c965ff3896 req-8be39cf1-a3c9-4427-ba5e-c8c965ff3896 ] Request (ServersListShow298Test:test_list_show_update_rebuild_server_298): 200 GET http://10.180.1.21/compute/v2.1/servers/fd3937ee-0e16-4381-91bc-3413556aacc2 1.002s
2025-11-12 17:18:33.516 63146 INFO tempest.lib.common.rest_client [req-5ecd0578-2675-4ccf-8a4c-ea4f7c63fd01 req-5ecd0578-2675-4ccf-8a4c-ea4f7c63fd01 ] Request (ServerActionsTestOtherA:test_rebuild_server_in_stop_state): 201 POST http://10.180.1.21/identity/v3/auth/tokens 0.101s
2025-11-12 17:18:33.517 63146 INFO tempest.lib.common.fixed_network [-] (ServerActionsTestOtherA:test_rebuild_server_in_stop_state) Found network {'id': '4b7d32d8-8e59-4c09-9627-c370c47e2e35', 'name': 'tempest-ServerActionsTestOtherA-1149405719-network', 'tenant_id': 'e9ff5682518f48cf8edd2b00a6b7632d', 'admin_state_up': True, 'mtu': 8950, 'status': 'ACTIVE', 'subnets': [], 'shared': False, 'project_id': 'e9ff5682518f48cf8edd2b00a6b7632d', 'port_security_enabled': True, 'router:external': False, 'provider:network_type': 'vlan', 'provider:physical_network': 'default', 'provider:segmentation_id': 8, 'availability_zone_hints': [], 'availability_zones': [], 'ipv4_address_scope': None, 'ipv6_address_scope': None, 'description': '', 'tags': [], 'created_at': '2025-11-12T17:16:45Z', 'updated_at': '2025-11-12T17:16:45Z', 'revision_number': 1} available for tenant
2025-11-12 17:18:33.622 63166 INFO tempest.lib.common.rest_client [req-2c1bcd72-a537-4670-82a7-6669e147ab29 req-2c1bcd72-a537-4670-82a7-6669e147ab29 ] Request (FloatingIPDetailsTestJSON:test_list_floating_ips): 200 GET http://10.180.1.21/compute/v2.1/os-floating-ips 1.126s
2025-11-12 17:18:33.710 63150 INFO tempest.lib.common.rest_client [req-a05c00aa-d818-4c1d-bbdd-e9acf62520ab req-a05c00aa-d818-4c1d-bbdd-e9acf62520ab ] Request (ServerRescueTestJSON:setUpClass): 200 GET http://10.180.1.21/compute/v2.1/servers/b87e622d-720f-4024-97b6-1c12d4d9d6d1 1.165s
2025-11-12 17:18:33.774 63154 INFO tempest.lib.common.rest_client [req-e95af94f-055e-43ef-aaba-8c47b0592656 req-e95af94f-055e-43ef-aaba-8c47b0592656 ] Request (AttachInterfacesV270Test:test_create_get_list_interfaces): 200 GET http://10.180.1.21/compute/v2.1/servers/af7dc99a-2520-4767-9e01-d1a0c2cc8e3b 1.171s
2025-11-12 17:18:33.790 63175 INFO tempest.lib.common.rest_client [req-f72a4f74-ea08-4e64-872a-407210922053 req-f72a4f74-ea08-4e64-872a-407210922053 ] Request (MigrationsAdminTest:test_resize_server_revert_deleted_flavor): 200 GET http://10.180.1.21/compute/v2.1/flavors/42/os-extra_specs 1.140s
2025-11-12 17:18:33.854 63176 INFO tempest.lib.common.rest_client [req-1581edb3-93ec-4a31-96da-16897a05d185 req-1581edb3-93ec-4a31-96da-16897a05d185 ] Request (SecurityGroupsTestJSON:test_server_security_groups): 200 GET http://10.180.1.21/compute/v2.1/servers/a0ead213-74aa-4f55-8263-4cb4b5822f8d 1.197s
2025-11-12 17:18:33.905 63162 INFO tempest.lib.common.rest_client [req-b7b624da-d51c-4091-8f65-24e9f971443e req-b7b624da-d51c-4091-8f65-24e9f971443e ] Request (ListServersNegativeTestJSON:setUpClass): 200 GET http://10.180.1.21/compute/v2.1/servers/97442961-6787-4685-b56d-c46411b585c4 1.088s
2025-11-12 17:18:33.968 63172 INFO tempest.lib.common.rest_client [req-ed47112a-7a9c-41eb-ba89-3879fb062859 req-ed47112a-7a9c-41eb-ba89-3879fb062859 ] Request (ImagesOneServerTestJSON:setUpClass): 200 GET http://10.180.1.21/compute/v2.1/servers/2d37f8f8-6b97-4bbc-bcfa-a776bd1297e9 1.096s
2025-11-12 17:18:34.109 63149 INFO tempest.lib.common.rest_client [req-906fc0b9-c046-49ef-8dc0-e46c94dac1b0 req-906fc0b9-c046-49ef-8dc0-e46c94dac1b0 ] Request (FloatingIPsAssociationNegativeTestJSON:tearDownClass): 200 PUT http://10.180.1.21:9696/networking/v2.0/routers/d02de457-4d52-4624-b926-26304a79bbb3/remove_router_interface 1.024s
2025-11-12 17:18:34.116 63134 INFO tempest.lib.common.rest_client [req-e9172fc7-53af-4e3e-921d-1a4ca705048d req-e9172fc7-53af-4e3e-921d-1a4ca705048d ] Request (DeleteServersAdminTestJSON:test_delete_server_while_in_error_state): 200 GET http://10.180.1.21/compute/v2.1/servers/600a322f-cc9e-4e9b-be4b-3abe27a1952a 1.219s
2025-11-12 17:18:34.178 63158 INFO tempest.lib.common.rest_client [req-752db553-e605-4119-aaa3-0a5090adce4b req-752db553-e605-4119-aaa3-0a5090adce4b ] Request (ImagesOneServerNegativeTestJSON:setUpClass): 200 GET http://10.180.1.21/compute/v2.1/servers/c93476d2-41c0-4185-a91c-8a07c841afaf 1.121s
2025-11-12 17:18:34.249 63186 INFO tempest.lib.common.rest_client [req-ff9fbaa4-2e48-4b42-a5ea-e2cd59216db8 req-ff9fbaa4-2e48-4b42-a5ea-e2cd59216db8 ] Request (InstanceActionsNegativeTestJSON:tearDownClass): 200 GET http://10.180.1.21/compute/v2.1/servers/fdecc65e-a494-49e8-b2d6-8ae318dd2f71 1.128s
2025-11-12 17:18:34.806 63149 INFO tempest.lib.common.rest_client [req-41d87cfb-8aa4-4db6-8fec-50dcf4422bd8 req-41d87cfb-8aa4-4db6-8fec-50dcf4422bd8 ] Request (FloatingIPsAssociationNegativeTestJSON:tearDownClass): 204 DELETE http://10.180.1.21:9696/networking/v2.0/routers/d02de457-4d52-4624-b926-26304a79bbb3 0.695s
2025-11-12 17:18:34.924 63149 INFO tempest.lib.common.rest_client [req-98d52e6a-1974-4b60-ba4c-129ce895fe76 req-98d52e6a-1974-4b60-ba4c-129ce895fe76 ] Request (FloatingIPsAssociationNegativeTestJSON:tearDownClass): 204 DELETE http://10.180.1.21:9696/networking/v2.0/subnets/0c2d31e3-0719-48f1-b670-719339d71833 0.118s
2025-11-12 17:18:35.182 63149 INFO tempest.lib.common.rest_client [req-235f06ee-c67c-4f28-8531-25dbdba4dd28 req-235f06ee-c67c-4f28-8531-25dbdba4dd28 ] Request (FloatingIPsAssociationNegativeTestJSON:tearDownClass): 204 DELETE http://10.180.1.21:9696/networking/v2.0/networks/4cc6555c-bcc2-4874-8fa3-20f544adb523 0.258s
2025-11-12 17:18:35.296 63149 INFO tempest.lib.common.rest_client [req-7e9def71-4fc1-4fcc-8001-cf1ccb6bb9ce req-7e9def71-4fc1-4fcc-8001-cf1ccb6bb9ce ] Request (FloatingIPsAssociationNegativeTestJSON:tearDownClass): 204 DELETE http://10.180.1.21/identity/v3/users/be1bca8eded449d894a915c75b30233e 0.113s
2025-11-12 17:18:35.296 63149 INFO tempest.lib.common.dynamic_creds [-] Deleting project and security group for project: 9d8e72c3c83a4fe4b173eac458414b13
2025-11-12 17:18:35.328 63149 INFO tempest.lib.common.rest_client [req-e346bc46-db58-49ba-80b6-61f9eeb18dcb req-e346bc46-db58-49ba-80b6-61f9eeb18dcb ] Request (FloatingIPsAssociationNegativeTestJSON:tearDownClass): 200 GET http://10.180.1.21:9696/networking/v2.0/security-groups?tenant_id=9d8e72c3c83a4fe4b173eac458414b13&name=default 0.032s
2025-11-12 17:18:35.455 63149 INFO tempest.lib.common.rest_client [req-fda1359f-5169-4551-8a0d-655c897b5b80 req-fda1359f-5169-4551-8a0d-655c897b5b80 ] Request (FloatingIPsAssociationNegativeTestJSON:tearDownClass): 204 DELETE http://10.180.1.21:9696/networking/v2.0/security-groups/3a92b1e9-7c4f-4a77-a09f-3ba0782fff02 0.126s
2025-11-12 17:18:35.557 63149 INFO tempest.lib.common.rest_client [req-b2b2a9b0-9d95-450f-a014-62763ae4f2e6 req-b2b2a9b0-9d95-450f-a014-62763ae4f2e6 ] Request (FloatingIPsAssociationNegativeTestJSON:tearDownClass): 204 DELETE http://10.180.1.21/identity/v3/projects/9d8e72c3c83a4fe4b173eac458414b13 0.102s
2025-11-12 17:18:35.629 63149 INFO tempest.lib.common.rest_client [req-0da4b716-c059-4c4c-a195-c1d65e10ad35 req-0da4b716-c059-4c4c-a195-c1d65e10ad35 ] Request (ImagesDeleteNegativeTestJSON:setUpClass): 201 POST http://10.180.1.21/identity/v3/auth/tokens 0.070s
2025-11-12 17:18:35.660 63149 INFO tempest.lib.common.rest_client [req-45223f29-7cb1-4fe1-a6f9-62fa3dad9680 req-45223f29-7cb1-4fe1-a6f9-62fa3dad9680 ] Request (ImagesDeleteNegativeTestJSON:setUpClass): 201 POST http://10.180.1.21/identity/v3/auth/tokens 0.028s
2025-11-12 17:18:35.686 63149 INFO tempest.lib.common.rest_client [req-811ab4b3-bb54-4397-990e-1b0a37bd59c8 req-811ab4b3-bb54-4397-990e-1b0a37bd59c8 ] Request (ImagesDeleteNegativeTestJSON:setUpClass): 200 GET http://10.180.1.21/identity/v3/domains?name=Default 0.025s
2025-11-12 17:18:35.716 63149 INFO tempest.lib.common.rest_client [req-b6019c3e-6ed7-4bec-8bfd-3aa541337f15 req-b6019c3e-6ed7-4bec-8bfd-3aa541337f15 ] Request (ImagesDeleteNegativeTestJSON:setUpClass): 201 POST http://10.180.1.21/identity/v3/projects 0.029s
2025-11-12 17:18:35.774 63149 INFO tempest.lib.common.rest_client [req-e064e7b8-9bd0-464c-8a29-a579891777b3 req-e064e7b8-9bd0-464c-8a29-a579891777b3 ] Request (ImagesDeleteNegativeTestJSON:setUpClass): 201 POST http://10.180.1.21/identity/v3/users 0.058s
2025-11-12 17:18:35.798 63149 INFO tempest.lib.common.rest_client [req-3900c8dc-d6c5-407b-b01f-361ca04d80e2 req-3900c8dc-d6c5-407b-b01f-361ca04d80e2 ] Request (ImagesDeleteNegativeTestJSON:setUpClass): 200 GET http://10.180.1.21/identity/v3/roles 0.023s
2025-11-12 17:18:35.827 63149 INFO tempest.lib.common.rest_client [req-bd4e8f42-eb06-424d-b90e-c40565eb249b req-bd4e8f42-eb06-424d-b90e-c40565eb249b ] Request (ImagesDeleteNegativeTestJSON:setUpClass): 204 PUT http://10.180.1.21/identity/v3/projects/79144ecdb08a46e2a9edeaadac1f4a77/users/437008d98643418a939fce3f905f8f1b/roles/9a2b51ffaf4b4a05b8a07325a244c6b0 0.029s
2025-11-12 17:18:35.827 63149 INFO tempest.lib.common.dynamic_creds [-] Dynamic test user 437008d98643418a939fce3f905f8f1b is created with scope project and roles: ['member']
2025-11-12 17:18:35.827 63149 INFO tempest.lib.common.dynamic_creds [-] Acquired dynamic creds: credentials: Credentials: {'domain_id': 'default', 'domain_name': 'Default', 'username': 'tempest-ImagesDeleteNegativeTestJSON-899163519-project-member', 'project_domain_id': 'default', 'project_domain_name': 'Default', 'project_id': '79144ecdb08a46e2a9edeaadac1f4a77', 'project_name': 'tempest-ImagesDeleteNegativeTestJSON-899163519', 'tenant_id': '79144ecdb08a46e2a9edeaadac1f4a77', 'tenant_name': 'tempest-ImagesDeleteNegativeTestJSON-899163519', 'user_domain_id': 'default', 'user_domain_name': 'Default', 'user_id': '437008d98643418a939fce3f905f8f1b', 'system': None}, Network: None, Subnet: None, Router: None
2025-11-12 17:18:35.828 63149 INFO tempest.lib.common.dynamic_creds [-] Created isolated network resources for: credentials: Credentials: {'domain_id': 'default', 'domain_name': 'Default', 'username': 'tempest-ImagesDeleteNegativeTestJSON-899163519-project-member', 'project_domain_id': 'default', 'project_domain_name': 'Default', 'project_id': '79144ecdb08a46e2a9edeaadac1f4a77', 'project_name': 'tempest-ImagesDeleteNegativeTestJSON-899163519', 'tenant_id': '79144ecdb08a46e2a9edeaadac1f4a77', 'tenant_name': 'tempest-ImagesDeleteNegativeTestJSON-899163519', 'user_domain_id': 'default', 'user_domain_name': 'Default', 'user_id': '437008d98643418a939fce3f905f8f1b', 'system': None}, Network: None, Subnet: None, Router: None
2025-11-12 17:18:35.898 63149 INFO tempest.lib.common.rest_client [req-9f1f19ac-4bef-4f43-a111-9fdb91823b39 req-9f1f19ac-4bef-4f43-a111-9fdb91823b39 ] Request (ImagesDeleteNegativeTestJSON:setUpClass): 201 POST http://10.180.1.21/identity/v3/auth/tokens 0.067s
2025-11-12 17:18:36.032 63144 WARNING tempest.lib.common.ssh [-] Failed to establish authenticated ssh connection to cirros@10.180.180.222 ([Errno None] Unable to connect to port 22 on 10.180.180.222). Number attempts: 5. Retry after 6 seconds.: paramiko.ssh_exception.NoValidConnectionsError: [Errno None] Unable to connect to port 22 on 10.180.180.222
2025-11-12 17:18:36.130 63126 WARNING tempest.lib.common.ssh [-] Failed to establish authenticated ssh connection to cirros@10.180.180.233 ([Errno None] Unable to connect to port 22 on 10.180.180.233). Number attempts: 4. Retry after 5 seconds.: paramiko.ssh_exception.NoValidConnectionsError: [Errno None] Unable to connect to port 22 on 10.180.180.233
2025-11-12 17:18:36.697 63140 WARNING tempest.lib.common.ssh [-] Failed to establish authenticated ssh connection to cirros@10.180.180.245 ([Errno None] Unable to connect to port 22 on 10.180.180.245). Number attempts: 9. Retry after 10 seconds.: paramiko.ssh_exception.NoValidConnectionsError: [Errno None] Unable to connect to port 22 on 10.180.180.245
2025-11-12 17:18:37.620 63138 INFO tempest.lib.common.rest_client [req-9b8bec88-2b7f-4d8e-8aff-ad672452d65d req-9b8bec88-2b7f-4d8e-8aff-ad672452d65d ] Request (ListImageFiltersTestJSON:setUpClass): 200 GET http://10.180.1.21/compute/v2.1/images/74beba4f-a1cf-42fc-9529-6d567e736dba 9.516s
2025-11-12 17:18:37.897 63146 INFO tempest.lib.common.rest_client [req-07da88d0-b6aa-4252-8e35-7e6a6ecfa229 req-07da88d0-b6aa-4252-8e35-7e6a6ecfa229 ] Request (ServerActionsTestOtherA:test_rebuild_server_in_stop_state): 202 POST http://10.180.1.21/compute/v2.1/servers 4.379s
2025-11-12 17:18:38.058 63136 INFO tempest.lib.common.rest_client [req-5e03ca84-cb91-42a9-8213-4f79e8112912 req-5e03ca84-cb91-42a9-8213-4f79e8112912 ] Request (ServerDiagnosticsNegativeTest:test_get_server_diagnostics_by_non_admin): 200 GET http://10.180.1.21/compute/v2.1/servers/1be8f313-3af2-434a-b9b1-23ecf7593ab5 4.421s
2025-11-12 17:18:38.067 63136 INFO tempest.common.waiters [-] State transition "BUILD/spawning" ==> "ACTIVE/None" after 71 second wait
2025-11-12 17:18:38.118 63166 INFO tempest.lib.common.rest_client [req-1992b635-c72b-4538-bb21-fd381469e4cd req-1992b635-c72b-4538-bb21-fd381469e4cd ] Request (FloatingIPDetailsTestJSON:tearDownClass): 202 DELETE http://10.180.1.21/compute/v2.1/os-floating-ips/c8cdabf3-814b-4442-9f35-e541dc335571 4.489s
2025-11-12 17:18:38.147 63175 INFO tempest.lib.common.rest_client [req-45acad71-a510-4c6c-b256-cdc7c3d7fe48 req-45acad71-a510-4c6c-b256-cdc7c3d7fe48 ] Request (MigrationsAdminTest:test_resize_server_revert_deleted_flavor): 200 POST http://10.180.1.21/compute/v2.1/flavors/2e2815af-f461-4285-9ac5-cf0150eedf72/os-extra_specs 4.355s
2025-11-12 17:18:38.176 63164 INFO tempest.lib.common.rest_client [req-7e77e4ea-2817-4551-97af-146324e555c6 req-7e77e4ea-2817-4551-97af-146324e555c6 ] Request (ListServerFiltersTestJSON:tearDownClass): 404 GET http://10.180.1.21/compute/v2.1/servers/c8023672-8145-4af5-b503-4d7f79499f2b 4.349s
2025-11-12 17:18:38.236 63175 INFO tempest.lib.common.rest_client [req-de704e41-40da-4565-87db-43f0309cd871 req-de704e41-40da-4565-87db-43f0309cd871 ] Request (MigrationsAdminTest:test_resize_server_revert_deleted_flavor): 201 POST http://10.180.1.21/identity/v3/auth/tokens 0.085s
2025-11-12 17:18:38.237 63175 INFO tempest.lib.common.fixed_network [-] (MigrationsAdminTest:test_resize_server_revert_deleted_flavor) Found network None available for tenant
2025-11-12 17:18:38.237 63188 INFO tempest.lib.common.rest_client [req-b7847149-7c1a-4d9a-b84f-00bdec65bf79 req-b7847149-7c1a-4d9a-b84f-00bdec65bf79 ] Request (AttachVolumeShelveTestJSON:test_attach_volume_shelved_or_offload_server): 200 GET http://10.180.1.21/compute/v2.1/servers/a9c970e4-5922-4c47-9676-fef8fdfb5dd2 4.473s
2025-11-12 17:18:38.246 63128 INFO tempest.lib.common.rest_client [req-41c14002-419b-4df3-8f30-c197e6f6d96f req-41c14002-419b-4df3-8f30-c197e6f6d96f ] Request (ServersTestJSON:setUpClass): 200 GET http://10.180.1.21/compute/v2.1/servers/dacbc5d8-fa65-41f6-bdd3-08aa3d0e141a 4.288s
2025-11-12 17:18:38.294 63168 INFO tempest.lib.common.rest_client [req-39629ca3-395e-46d8-872a-7af408da3ca4 req-39629ca3-395e-46d8-872a-7af408da3ca4 ] Request (ServersAdminTestJSON:test_create_server_with_scheduling_hint): 200 GET http://10.180.1.21/compute/v2.1/servers/4e97af5c-1c18-4558-a688-9505339fed93 4.285s
2025-11-12 17:18:38.297 63156 INFO tempest.lib.common.rest_client [req-b547987b-7d07-4205-a689-f954336bab91 req-b547987b-7d07-4205-a689-f954336bab91 ] Request (ServersTestBootFromVolume:setUpClass): 200 GET http://10.180.1.21/compute/v2.1/servers/115a77eb-f555-4c0f-96b4-5d176f0d484f 4.229s
2025-11-12 17:18:38.526 63134 INFO tempest.lib.common.rest_client [req-45c24f55-3762-4e9a-b94e-948faf20048b req-45c24f55-3762-4e9a-b94e-948faf20048b ] Request (DeleteServersAdminTestJSON:test_delete_server_while_in_error_state): 204 DELETE http://10.180.1.21/compute/v2.1/servers/600a322f-cc9e-4e9b-be4b-3abe27a1952a 4.401s
2025-11-12 17:18:38.542 63184 INFO tempest.lib.common.rest_client [req-7da00c7b-90d5-4ba4-bca9-c6ef7603e197 req-7da00c7b-90d5-4ba4-bca9-c6ef7603e197 ] Request (DeleteServersTestJSON:test_delete_active_server): 200 GET http://10.180.1.21/compute/v2.1/servers/bdd1dfac-8e82-4fbd-8533-35cc4ce64c5d 4.320s
2025-11-12 17:18:38.549 63184 INFO tempest.common.waiters [-] State transition "BUILD/spawning" ==> "ACTIVE/None" after 70 second wait
2025-11-12 17:18:38.597 63150 INFO tempest.lib.common.rest_client [req-b24a624e-181f-4b34-b712-727191c90ae4 req-b24a624e-181f-4b34-b712-727191c90ae4 ] Request (ServerRescueTestJSON:setUpClass): 200 GET http://10.180.1.21/compute/v2.1/servers/b87e622d-720f-4024-97b6-1c12d4d9d6d1 3.879s
2025-11-12 17:18:38.600 63130 INFO tempest.lib.common.rest_client [req-26ea6ded-03b5-4e80-85b5-f5dd3eb75051 req-26ea6ded-03b5-4e80-85b5-f5dd3eb75051 ] Request (ServersListShow298Test:test_list_show_update_rebuild_server_298): 200 GET http://10.180.1.21/compute/v2.1/servers/fd3937ee-0e16-4381-91bc-3413556aacc2 4.094s
2025-11-12 17:18:38.606 63150 INFO tempest.common.waiters [-] State transition "BUILD/scheduling" ==> "BUILD/None" after 49 second wait
2025-11-12 17:18:38.659 63154 INFO tempest.lib.common.rest_client [req-499af50e-44ab-4360-8ede-904d12646ed0 req-499af50e-44ab-4360-8ede-904d12646ed0 ] Request (AttachInterfacesV270Test:test_create_get_list_interfaces): 200 GET http://10.180.1.21/compute/v2.1/servers/af7dc99a-2520-4767-9e01-d1a0c2cc8e3b 3.875s
2025-11-12 17:18:38.709 63162 INFO tempest.lib.common.rest_client [req-2224a19d-09f9-426f-b725-f1e8e673e0e8 req-2224a19d-09f9-426f-b725-f1e8e673e0e8 ] Request (ListServersNegativeTestJSON:setUpClass): 200 GET http://10.180.1.21/compute/v2.1/servers/97442961-6787-4685-b56d-c46411b585c4 3.796s
2025-11-12 17:18:38.740 63176 INFO tempest.lib.common.rest_client [req-478371e9-0f55-4b4a-a338-172d76c88dee req-478371e9-0f55-4b4a-a338-172d76c88dee ] Request (SecurityGroupsTestJSON:test_server_security_groups): 200 GET http://10.180.1.21/compute/v2.1/servers/a0ead213-74aa-4f55-8263-4cb4b5822f8d 3.878s
2025-11-12 17:18:38.748 63176 INFO tempest.common.waiters [-] State transition "BUILD/None" ==> "BUILD/spawning" after 64 second wait
2025-11-12 17:18:38.761 63172 INFO tempest.lib.common.rest_client [req-001849a2-b70b-4c80-a840-b6bf43b4cc53 req-001849a2-b70b-4c80-a840-b6bf43b4cc53 ] Request (ImagesOneServerTestJSON:setUpClass): 200 GET http://10.180.1.21/compute/v2.1/servers/2d37f8f8-6b97-4bbc-bcfa-a776bd1297e9 3.785s
2025-11-12 17:18:38.769 63172 INFO tempest.common.waiters [-] State transition "BUILD/scheduling" ==> "BUILD/None" after 41 second wait
2025-11-12 17:18:38.795 63158 INFO tempest.lib.common.rest_client [req-21a60f1b-32a3-43e7-b4ef-5d80ef8f0849 req-21a60f1b-32a3-43e7-b4ef-5d80ef8f0849 ] Request (ImagesOneServerNegativeTestJSON:setUpClass): 200 GET http://10.180.1.21/compute/v2.1/servers/c93476d2-41c0-4185-a91c-8a07c841afaf 3.608s
2025-11-12 17:18:38.833 63186 INFO tempest.lib.common.rest_client [req-9fd744bd-eac2-4b13-9e89-1b2bae29417e req-9fd744bd-eac2-4b13-9e89-1b2bae29417e ] Request (InstanceActionsNegativeTestJSON:tearDownClass): 200 GET http://10.180.1.21/compute/v2.1/servers/fdecc65e-a494-49e8-b2d6-8ae318dd2f71 3.574s
2025-11-12 17:18:38.912 63152 WARNING tempest.lib.common.ssh [-] Failed to establish authenticated ssh connection to cirros@10.180.180.190 ([Errno None] Unable to connect to port 22 on 10.180.180.190). Number attempts: 10. Retry after 11 seconds.: paramiko.ssh_exception.NoValidConnectionsError: [Errno None] Unable to connect to port 22 on 10.180.180.190
2025-11-12 17:18:38.917 63149 INFO tempest.lib.common.rest_client [req-adf66c33-16c6-4d4c-a86e-43d45ab784f4 req-adf66c33-16c6-4d4c-a86e-43d45ab784f4 ] Request (ImagesDeleteNegativeTestJSON:test_delete_image_blank_id): 404 DELETE http://10.180.1.21/compute/v2.1/images/ 3.018s
2025-11-12 17:18:38.956 63138 INFO tempest.lib.common.rest_client [req-f30839e6-604c-4885-a766-8d7bad95fef7 req-f30839e6-604c-4885-a766-8d7bad95fef7 ] Request (ListImageFiltersTestJSON:setUpClass): 200 GET http://10.180.1.21/compute/v2.1/images/74beba4f-a1cf-42fc-9529-6d567e736dba 1.332s
2025-11-12 17:18:39.011 63146 INFO tempest.lib.common.rest_client [req-7dcfa796-48ad-49a0-8a07-3bfa95e0b601 req-7dcfa796-48ad-49a0-8a07-3bfa95e0b601 ] Request (ServerActionsTestOtherA:test_rebuild_server_in_stop_state): 200 GET http://10.180.1.21/compute/v2.1/servers/dbe12ff1-8993-4782-8f54-46797fbcd0d4 1.112s
2025-11-12 17:18:39.059 63136 INFO tempest.lib.common.rest_client [req-43da05b1-ae5e-40fa-b3fa-3c5ea7c1402e req-43da05b1-ae5e-40fa-b3fa-3c5ea7c1402e ] Request (ServerDiagnosticsNegativeTest:test_get_server_diagnostics_by_non_admin): 403 GET http://10.180.1.21/compute/v2.1/servers/1be8f313-3af2-434a-b9b1-23ecf7593ab5/diagnostics 0.991s
2025-11-12 17:18:39.341 63160 INFO tempest.lib.common.rest_client [req-789d075a-9529-4ba1-a935-9389d0d24a33 req-789d075a-9529-4ba1-a935-9389d0d24a33 ] Request (ServerDiagnosticsV248Test:test_get_server_diagnostics): 200 GET http://10.180.1.21/compute/v2.1/servers/0cff1ddd-8852-4809-970c-2fb4d6aa4795/diagnostics 3.480s
2025-11-12 17:18:39.501 63164 INFO tempest.lib.common.rest_client [req-438eb3de-e39e-4643-b55d-7acea9e1fe41 req-438eb3de-e39e-4643-b55d-7acea9e1fe41 ] Request (ListServerFiltersTestJSON:tearDownClass): 204 DELETE http://10.180.1.21/compute/v2.1/servers/d15d16dd-bd22-4ca7-8a5b-6ea69326f17f 1.325s
2025-11-12 17:18:39.535 63166 INFO tempest.lib.common.rest_client [req-07489ff4-3b1f-44b6-bef0-a4db842f2b82 req-07489ff4-3b1f-44b6-bef0-a4db842f2b82 ] Request (FloatingIPDetailsTestJSON:tearDownClass): 202 DELETE http://10.180.1.21/compute/v2.1/os-floating-ips/c6cd8a22-ab25-48ec-83d2-c94d2ac0eb50 1.417s
2025-11-12 17:18:39.720 63134 INFO tempest.lib.common.rest_client [req-8f91407e-c55f-481f-b09f-5cda4524c515 req-8f91407e-c55f-481f-b09f-5cda4524c515 ] Request (DeleteServersAdminTestJSON:test_delete_server_while_in_error_state): 200 GET http://10.180.1.21/compute/v2.1/servers/600a322f-cc9e-4e9b-be4b-3abe27a1952a 1.193s
2025-11-12 17:18:39.768 63175 INFO tempest.lib.common.rest_client [req-f0e36f5a-4ca4-47eb-90b9-eb0d7649e0f0 req-f0e36f5a-4ca4-47eb-90b9-eb0d7649e0f0 ] Request (MigrationsAdminTest:test_resize_server_revert_deleted_flavor): 202 POST http://10.180.1.21/compute/v2.1/servers 1.530s
2025-11-12 17:18:39.793 63149 INFO tempest.lib.common.rest_client [req-d5b23313-0440-46f3-a028-88c64fb6afaa req-d5b23313-0440-46f3-a028-88c64fb6afaa ] Request (ImagesDeleteNegativeTestJSON:test_delete_image_negative_image_id): 404 DELETE http://10.180.1.21/compute/v2.1/images/-1 0.874s
2025-11-12 17:18:39.814 63184 INFO tempest.lib.common.rest_client [req-b45ccb97-7f0e-4033-b50c-eb5ce5a1e1e5 req-b45ccb97-7f0e-4033-b50c-eb5ce5a1e1e5 ] Request (DeleteServersTestJSON:test_delete_active_server): 204 DELETE http://10.180.1.21/compute/v2.1/servers/bdd1dfac-8e82-4fbd-8533-35cc4ce64c5d 1.265s
2025-11-12 17:18:39.889 63136 INFO tempest.lib.common.rest_client [req-5f0a2919-e759-4286-806f-57a45c2f8ae4 req-5f0a2919-e759-4286-806f-57a45c2f8ae4 ] Request (ServerDiagnosticsNegativeTest:tearDownClass): 204 DELETE http://10.180.1.21/compute/v2.1/servers/1be8f313-3af2-434a-b9b1-23ecf7593ab5 0.828s
2025-11-12 17:18:39.905 63138 INFO tempest.lib.common.rest_client [req-8a34e5f6-08bb-48ce-8b45-790da79b8ccc req-8a34e5f6-08bb-48ce-8b45-790da79b8ccc ] Request (ListImageFiltersTestJSON:setUpClass): 200 GET http://10.180.1.21/compute/v2.1/servers/776f020e-8300-4297-9ad4-a5c54e3c0552 0.945s
2025-11-12 17:18:39.966 63128 INFO tempest.lib.common.rest_client [req-24775c27-4f71-4d9e-9ff6-70cb676b66ff req-24775c27-4f71-4d9e-9ff6-70cb676b66ff ] Request (ServersTestJSON:setUpClass): 200 GET http://10.180.1.21/compute/v2.1/servers/dacbc5d8-fa65-41f6-bdd3-08aa3d0e141a 0.710s
2025-11-12 17:18:40.019 63168 INFO tempest.lib.common.rest_client [req-c4654e7e-18c7-4d21-b3c6-d44210475cf6 req-c4654e7e-18c7-4d21-b3c6-d44210475cf6 ] Request (ServersAdminTestJSON:test_create_server_with_scheduling_hint): 200 GET http://10.180.1.21/compute/v2.1/servers/4e97af5c-1c18-4558-a688-9505339fed93 0.715s
2025-11-12 17:18:40.034 63188 INFO tempest.lib.common.rest_client [req-5ec09a81-5c35-49f1-84f3-79b0e9324a90 req-5ec09a81-5c35-49f1-84f3-79b0e9324a90 ] Request (AttachVolumeShelveTestJSON:test_attach_volume_shelved_or_offload_server): 200 GET http://10.180.1.21/compute/v2.1/servers/a9c970e4-5922-4c47-9676-fef8fdfb5dd2 0.787s
2025-11-12 17:18:40.091 63156 INFO tempest.lib.common.rest_client [req-f912d9cd-f156-43e1-a256-02f2f3a4e763 req-f912d9cd-f156-43e1-a256-02f2f3a4e763 ] Request (ServersTestBootFromVolume:setUpClass): 200 GET http://10.180.1.21/compute/v2.1/servers/115a77eb-f555-4c0f-96b4-5d176f0d484f 0.785s
2025-11-12 17:18:40.118 63160 INFO tempest.lib.common.rest_client [req-bfeaaa6f-45a5-4b45-9206-31c47d15e5ac req-bfeaaa6f-45a5-4b45-9206-31c47d15e5ac ] Request (ServerDiagnosticsV248Test:tearDownClass): 204 DELETE http://10.180.1.21/compute/v2.1/servers/0cff1ddd-8852-4809-970c-2fb4d6aa4795 0.764s
2025-11-12 17:18:40.225 63164 INFO tempest.lib.common.rest_client [req-719a2d64-cd1d-42fc-af65-0027e039fbb4 req-719a2d64-cd1d-42fc-af65-0027e039fbb4 ] Request (ListServerFiltersTestJSON:tearDownClass): 200 GET http://10.180.1.21/compute/v2.1/servers/d15d16dd-bd22-4ca7-8a5b-6ea69326f17f 0.724s
2025-11-12 17:18:40.278 63150 INFO tempest.lib.common.rest_client [req-f61151b2-4d02-4b0d-abfb-db5e39fad146 req-f61151b2-4d02-4b0d-abfb-db5e39fad146 ] Request (ServerRescueTestJSON:setUpClass): 200 GET http://10.180.1.21/compute/v2.1/servers/b87e622d-720f-4024-97b6-1c12d4d9d6d1 0.671s
2025-11-12 17:18:40.362 63130 INFO tempest.lib.common.rest_client [req-994e5387-fdd0-4507-a85a-91e2549493a4 req-994e5387-fdd0-4507-a85a-91e2549493a4 ] Request (ServersListShow298Test:test_list_show_update_rebuild_server_298): 200 GET http://10.180.1.21/compute/v2.1/servers/fd3937ee-0e16-4381-91bc-3413556aacc2 0.749s
2025-11-12 17:18:40.430 63154 INFO tempest.lib.common.rest_client [req-4695d341-c12a-45e6-b026-96120e3b6159 req-4695d341-c12a-45e6-b026-96120e3b6159 ] Request (AttachInterfacesV270Test:test_create_get_list_interfaces): 200 GET http://10.180.1.21/compute/v2.1/servers/af7dc99a-2520-4767-9e01-d1a0c2cc8e3b 0.759s
2025-11-12 17:18:40.509 63162 INFO tempest.lib.common.rest_client [req-e835519a-7073-45e5-a2ec-e800b7694714 req-e835519a-7073-45e5-a2ec-e800b7694714 ] Request (ListServersNegativeTestJSON:setUpClass): 200 GET http://10.180.1.21/compute/v2.1/servers/97442961-6787-4685-b56d-c46411b585c4 0.792s
2025-11-12 17:18:40.644 63176 INFO tempest.lib.common.rest_client [req-1cf3fbc4-46b3-4ff5-bce6-e07d3e1a59f6 req-1cf3fbc4-46b3-4ff5-bce6-e07d3e1a59f6 ] Request (SecurityGroupsTestJSON:test_server_security_groups): 200 GET http://10.180.1.21/compute/v2.1/servers/a0ead213-74aa-4f55-8263-4cb4b5822f8d 0.895s
2025-11-12 17:18:40.657 63166 INFO tempest.lib.common.rest_client [req-b3021918-f97d-49ac-a3b7-1f91e9b71912 req-b3021918-f97d-49ac-a3b7-1f91e9b71912 ] Request (FloatingIPDetailsTestJSON:tearDownClass): 202 DELETE http://10.180.1.21/compute/v2.1/os-floating-ips/4409ce23-ead3-46cb-97b2-58de5b10b841 1.122s
2025-11-12 17:18:40.712 63172 INFO tempest.lib.common.rest_client [req-75d21dae-1a52-4dd0-9040-3c555e1f0ae7 req-75d21dae-1a52-4dd0-9040-3c555e1f0ae7 ] Request (ImagesOneServerTestJSON:setUpClass): 200 GET http://10.180.1.21/compute/v2.1/servers/2d37f8f8-6b97-4bbc-bcfa-a776bd1297e9 0.943s
2025-11-12 17:18:40.716 63175 INFO tempest.lib.common.rest_client [req-8ba197ab-35cc-4cff-9d64-5de0b2380f16 req-8ba197ab-35cc-4cff-9d64-5de0b2380f16 ] Request (MigrationsAdminTest:test_resize_server_revert_deleted_flavor): 200 GET http://10.180.1.21/compute/v2.1/servers/479c512b-9304-46fb-8719-a0335ba39a59 0.945s
2025-11-12 17:18:40.731 63149 INFO tempest.lib.common.rest_client [req-2e73434b-5f3b-4552-b986-f48f378804ae req-2e73434b-5f3b-4552-b986-f48f378804ae ] Request (ImagesDeleteNegativeTestJSON:test_delete_image_non_hex_string_id): 404 DELETE http://10.180.1.21/compute/v2.1/images/3d2a19b8-92d0-437f-96d6-5b0b96d6b48j 0.936s
2025-11-12 17:18:40.779 63158 INFO tempest.lib.common.rest_client [req-62302a4c-541a-4216-b9ae-5ff4a4949676 req-62302a4c-541a-4216-b9ae-5ff4a4949676 ] Request (ImagesOneServerNegativeTestJSON:setUpClass): 200 GET http://10.180.1.21/compute/v2.1/servers/c93476d2-41c0-4185-a91c-8a07c841afaf 0.977s
2025-11-12 17:18:40.849 63186 INFO tempest.lib.common.rest_client [req-6e286ef8-03be-4e6d-bc5d-b0dd0de2b485 req-6e286ef8-03be-4e6d-bc5d-b0dd0de2b485 ] Request (InstanceActionsNegativeTestJSON:tearDownClass): 200 GET http://10.180.1.21/compute/v2.1/servers/fdecc65e-a494-49e8-b2d6-8ae318dd2f71 1.005s
2025-11-12 17:18:40.904 63184 INFO tempest.lib.common.rest_client [req-da198939-0966-4f87-a65a-3da0bcdc37ae req-da198939-0966-4f87-a65a-3da0bcdc37ae ] Request (DeleteServersTestJSON:test_delete_active_server): 200 GET http://10.180.1.21/compute/v2.1/servers/bdd1dfac-8e82-4fbd-8533-35cc4ce64c5d 1.089s
2025-11-12 17:18:41.007 63136 INFO tempest.lib.common.rest_client [req-76c26bb6-0d76-4fe7-907b-e2cc689d4f60 req-76c26bb6-0d76-4fe7-907b-e2cc689d4f60 ] Request (ServerDiagnosticsNegativeTest:tearDownClass): 200 GET http://10.180.1.21/compute/v2.1/servers/1be8f313-3af2-434a-b9b1-23ecf7593ab5 1.117s
2025-11-12 17:18:41.073 63146 INFO tempest.lib.common.rest_client [req-82e13ed9-150c-4c9c-be3b-16d5e4462909 req-82e13ed9-150c-4c9c-be3b-16d5e4462909 ] Request (ServerActionsTestOtherA:test_rebuild_server_in_stop_state): 200 GET http://10.180.1.21/compute/v2.1/servers/dbe12ff1-8993-4782-8f54-46797fbcd0d4 1.052s
2025-11-12 17:18:41.089 63142 WARNING tempest.lib.common.ssh [-] Failed to establish authenticated ssh connection to cirros@10.180.180.216 ([Errno None] Unable to connect to port 22 on 10.180.180.216). Number attempts: 5. Retry after 6 seconds.: paramiko.ssh_exception.NoValidConnectionsError: [Errno None] Unable to connect to port 22 on 10.180.180.216
2025-11-12 17:18:41.159 63160 INFO tempest.lib.common.rest_client [req-91ee767d-77a7-4f79-9786-a268668f0ace req-91ee767d-77a7-4f79-9786-a268668f0ace ] Request (ServerDiagnosticsV248Test:tearDownClass): 200 GET http://10.180.1.21/compute/v2.1/servers/0cff1ddd-8852-4809-970c-2fb4d6aa4795 1.041s
2025-11-12 17:18:41.235 63134 INFO tempest.lib.common.rest_client [req-384fc690-7cd8-4e43-b7ac-6503de0ce52f req-384fc690-7cd8-4e43-b7ac-6503de0ce52f ] Request (DeleteServersAdminTestJSON:test_delete_server_while_in_error_state): 200 GET http://10.180.1.21/compute/v2.1/servers/600a322f-cc9e-4e9b-be4b-3abe27a1952a 0.506s
2025-11-12 17:18:41.250 63149 INFO tempest.lib.common.rest_client [req-3356210d-f6fa-4c95-ac56-32b236bf95e5 req-3356210d-f6fa-4c95-ac56-32b236bf95e5 ] Request (ImagesDeleteNegativeTestJSON:test_delete_image_with_id_over_character_limit): 404 DELETE http://10.180.1.21/compute/v2.1/images/9f11c974-7ade-44cd-b19e-fd41628a116d1 0.517s
2025-11-12 17:18:41.312 63128 INFO tempest.lib.common.rest_client [req-172c9b39-3a14-423a-9124-efb6d2f2114f req-172c9b39-3a14-423a-9124-efb6d2f2114f ] Request (ServersTestJSON:setUpClass): 200 GET http://10.180.1.21/compute/v2.1/servers/dacbc5d8-fa65-41f6-bdd3-08aa3d0e141a 0.338s
2025-11-12 17:18:41.366 63168 INFO tempest.lib.common.rest_client [req-e6e1d8a2-a16c-4698-b961-7223ca39645e req-e6e1d8a2-a16c-4698-b961-7223ca39645e ] Request (ServersAdminTestJSON:test_create_server_with_scheduling_hint): 200 GET http://10.180.1.21/compute/v2.1/servers/4e97af5c-1c18-4558-a688-9505339fed93 0.335s
2025-11-12 17:18:41.449 63166 INFO tempest.lib.common.rest_client [req-a89da282-989b-453d-9d38-879b562ac3d6 req-a89da282-989b-453d-9d38-879b562ac3d6 ] Request (FloatingIPDetailsTestJSON:tearDownClass): 200 PUT http://10.180.1.21:9696/networking/v2.0/routers/55aefaff-c745-4fca-bb4f-4b0bd013b474/remove_router_interface 0.791s
2025-11-12 17:18:41.451 63138 INFO tempest.lib.common.rest_client [req-f2be8743-4ec6-4ba1-9dc1-b9e231e61388 req-f2be8743-4ec6-4ba1-9dc1-b9e231e61388 ] Request (ListImageFiltersTestJSON:setUpClass): 202 POST http://10.180.1.21/compute/v2.1/servers/818cfb22-1b34-4389-97cd-5c61c6e65d26/action 1.537s
2025-11-12 17:18:41.583 63156 INFO tempest.lib.common.rest_client [req-5296901b-9203-4485-915d-9e04659e4364 req-5296901b-9203-4485-915d-9e04659e4364 ] Request (ServersTestBootFromVolume:setUpClass): 200 GET http://10.180.1.21/compute/v2.1/servers/115a77eb-f555-4c0f-96b4-5d176f0d484f 0.484s
2025-11-12 17:18:41.586 63188 INFO tempest.lib.common.rest_client [req-73a6c249-13ab-4f1d-abf9-9a3c6ba1570a req-73a6c249-13ab-4f1d-abf9-9a3c6ba1570a ] Request (AttachVolumeShelveTestJSON:test_attach_volume_shelved_or_offload_server): 200 GET http://10.180.1.21/compute/v2.1/servers/a9c970e4-5922-4c47-9676-fef8fdfb5dd2 0.539s
2025-11-12 17:18:41.598 63188 INFO tempest.common.waiters [-] State transition "ACTIVE/shelving_image_uploading" ==> "SHELVED/shelving_offloading" after 20 second wait
2025-11-12 17:18:41.608 63149 INFO tempest.lib.common.rest_client [req-cba421de-357b-477e-adbd-f053ceea7598 req-cba421de-357b-477e-adbd-f053ceea7598 ] Request (ImagesDeleteNegativeTestJSON:test_delete_image_with_invalid_image_id): 404 DELETE http://10.180.1.21/compute/v2.1/images/tempest-invalid-1161849936 0.357s
2025-11-12 17:18:41.641 63126 WARNING tempest.lib.common.ssh [-] Failed to establish authenticated ssh connection to cirros@10.180.180.233 ([Errno None] Unable to connect to port 22 on 10.180.180.233). Number attempts: 5. Retry after 6 seconds.: paramiko.ssh_exception.NoValidConnectionsError: [Errno None] Unable to connect to port 22 on 10.180.180.233
2025-11-12 17:18:41.705 63150 INFO tempest.lib.common.rest_client [req-080ca1b5-3b7b-49f6-b401-ce6716dbd84a req-080ca1b5-3b7b-49f6-b401-ce6716dbd84a ] Request (ServerRescueTestJSON:setUpClass): 200 GET http://10.180.1.21/compute/v2.1/servers/b87e622d-720f-4024-97b6-1c12d4d9d6d1 0.418s
2025-11-12 17:18:41.787 63164 INFO tempest.lib.common.rest_client [req-4dbef274-23f4-4802-ad71-8e488fb8c38e req-4dbef274-23f4-4802-ad71-8e488fb8c38e ] Request (ListServerFiltersTestJSON:tearDownClass): 200 GET http://10.180.1.21/compute/v2.1/servers/d15d16dd-bd22-4ca7-8a5b-6ea69326f17f 0.546s
2025-11-12 17:18:41.802 63130 INFO tempest.lib.common.rest_client [req-94e87651-79cf-4c56-b441-75243944f7e2 req-94e87651-79cf-4c56-b441-75243944f7e2 ] Request (ServersListShow298Test:test_list_show_update_rebuild_server_298): 200 GET http://10.180.1.21/compute/v2.1/servers/fd3937ee-0e16-4381-91bc-3413556aacc2 0.428s
2025-11-12 17:18:41.843 63138 INFO tempest.lib.common.rest_client [req-5565c903-f452-4df1-b6cf-a85b824cc567 req-5565c903-f452-4df1-b6cf-a85b824cc567 ] Request (ListImageFiltersTestJSON:setUpClass): 200 GET http://10.180.1.21/compute/v2.1/images/fb2bc2c3-ddee-4c8c-8757-cae8bb8eb4a7 0.390s
2025-11-12 17:18:41.875 63154 INFO tempest.lib.common.rest_client [req-3f88a38f-a87d-47de-aa65-f069c1e3987b req-3f88a38f-a87d-47de-aa65-f069c1e3987b ] Request (AttachInterfacesV270Test:test_create_get_list_interfaces): 200 GET http://10.180.1.21/compute/v2.1/servers/af7dc99a-2520-4767-9e01-d1a0c2cc8e3b 0.433s
2025-11-12 17:18:41.896 63149 INFO tempest.lib.common.rest_client [req-48f54be8-b7a3-48b6-ba23-65e04a31ecff req-48f54be8-b7a3-48b6-ba23-65e04a31ecff ] Request (ImagesDeleteNegativeTestJSON:test_delete_non_existent_image): 404 DELETE http://10.180.1.21/compute/v2.1/images/11315a8b-af06-4b2b-8d34-a3d0cf334d52 0.284s
2025-11-12 17:18:41.911 63162 INFO tempest.lib.common.rest_client [req-7d74bcc9-82a5-408c-9245-2b7234a6a9e9 req-7d74bcc9-82a5-408c-9245-2b7234a6a9e9 ] Request (ListServersNegativeTestJSON:setUpClass): 200 GET http://10.180.1.21/compute/v2.1/servers/97442961-6787-4685-b56d-c46411b585c4 0.394s
2025-11-12 17:18:41.992 63172 INFO tempest.lib.common.rest_client [req-1b55b160-3354-4b2f-b50b-a1f30204653c req-1b55b160-3354-4b2f-b50b-a1f30204653c ] Request (ImagesOneServerTestJSON:setUpClass): 200 GET http://10.180.1.21/compute/v2.1/servers/2d37f8f8-6b97-4bbc-bcfa-a776bd1297e9 0.271s
2025-11-12 17:18:42.061 63149 INFO tempest.lib.common.rest_client [req-102ae2d6-f173-4197-8001-7e0d2f847511 req-102ae2d6-f173-4197-8001-7e0d2f847511 ] Request (ImagesDeleteNegativeTestJSON:tearDownClass): 204 DELETE http://10.180.1.21/identity/v3/users/437008d98643418a939fce3f905f8f1b 0.163s
2025-11-12 17:18:42.061 63149 INFO tempest.lib.common.dynamic_creds [-] Deleting project and security group for project: 79144ecdb08a46e2a9edeaadac1f4a77
2025-11-12 17:18:42.107 63176 INFO tempest.lib.common.rest_client [req-c10b6509-d45c-46b6-89d8-e42d9c8df193 req-c10b6509-d45c-46b6-89d8-e42d9c8df193 ] Request (SecurityGroupsTestJSON:test_server_security_groups): 200 GET http://10.180.1.21/compute/v2.1/servers/a0ead213-74aa-4f55-8263-4cb4b5822f8d 0.454s
2025-11-12 17:18:42.123 63149 INFO tempest.lib.common.rest_client [req-e731c0a9-d541-4dc7-b9b2-7430e36e97fa req-e731c0a9-d541-4dc7-b9b2-7430e36e97fa ] Request (ImagesDeleteNegativeTestJSON:tearDownClass): 201 POST http://10.180.1.21/identity/v3/auth/tokens 0.062s
2025-11-12 17:18:42.178 63158 INFO tempest.lib.common.rest_client [req-a718ad2c-786c-4b28-8d23-550883443e2c req-a718ad2c-786c-4b28-8d23-550883443e2c ] Request (ImagesOneServerNegativeTestJSON:setUpClass): 200 GET http://10.180.1.21/compute/v2.1/servers/c93476d2-41c0-4185-a91c-8a07c841afaf 0.390s
2025-11-12 17:18:42.274 63186 INFO tempest.lib.common.rest_client [req-7f89469e-646b-404a-b042-2802592f4fab req-7f89469e-646b-404a-b042-2802592f4fab ] Request (InstanceActionsNegativeTestJSON:tearDownClass): 200 GET http://10.180.1.21/compute/v2.1/servers/fdecc65e-a494-49e8-b2d6-8ae318dd2f71 0.413s
2025-11-12 17:18:42.322 63175 INFO tempest.lib.common.rest_client [req-b6a159f6-6c0a-475d-bffc-81f32f3304cf req-b6a159f6-6c0a-475d-bffc-81f32f3304cf ] Request (MigrationsAdminTest:test_resize_server_revert_deleted_flavor): 200 GET http://10.180.1.21/compute/v2.1/servers/479c512b-9304-46fb-8719-a0335ba39a59 0.597s
2025-11-12 17:18:42.433 63166 INFO tempest.lib.common.rest_client [req-37a989b7-b7b9-47ce-a667-0be51eb79fed req-37a989b7-b7b9-47ce-a667-0be51eb79fed ] Request (FloatingIPDetailsTestJSON:tearDownClass): 204 DELETE http://10.180.1.21:9696/networking/v2.0/routers/55aefaff-c745-4fca-bb4f-4b0bd013b474 0.984s
2025-11-12 17:18:42.546 63184 INFO tempest.lib.common.rest_client [req-5ecab7e7-6e84-440a-92a1-f959c524e51f req-5ecab7e7-6e84-440a-92a1-f959c524e51f ] Request (DeleteServersTestJSON:test_delete_active_server): 200 GET http://10.180.1.21/compute/v2.1/servers/bdd1dfac-8e82-4fbd-8533-35cc4ce64c5d 0.634s
2025-11-12 17:18:42.582 63136 INFO tempest.lib.common.rest_client [req-3745d2a0-0b39-4506-8410-f9850f6744e6 req-3745d2a0-0b39-4506-8410-f9850f6744e6 ] Request (ServerDiagnosticsNegativeTest:tearDownClass): 200 GET http://10.180.1.21/compute/v2.1/servers/1be8f313-3af2-434a-b9b1-23ecf7593ab5 0.566s
2025-11-12 17:18:42.636 63146 INFO tempest.lib.common.rest_client [req-4f7803c1-2c48-4df9-9455-e6de0299882b req-4f7803c1-2c48-4df9-9455-e6de0299882b ] Request (ServerActionsTestOtherA:test_rebuild_server_in_stop_state): 200 GET http://10.180.1.21/compute/v2.1/servers/dbe12ff1-8993-4782-8f54-46797fbcd0d4 0.556s
2025-11-12 17:18:42.645 63149 INFO tempest.lib.common.rest_client [req-f8c44f8d-0466-417e-8cf7-1eadf8531ad2 req-f8c44f8d-0466-417e-8cf7-1eadf8531ad2 ] Request (ImagesDeleteNegativeTestJSON:tearDownClass): 200 GET http://10.180.1.21:9696/networking/v2.0/security-groups?tenant_id=79144ecdb08a46e2a9edeaadac1f4a77&name=default 0.521s
2025-11-12 17:18:42.688 63160 INFO tempest.lib.common.rest_client [req-bf350dd6-cd13-4611-90ba-a5d8b615aac2 req-bf350dd6-cd13-4611-90ba-a5d8b615aac2 ] Request (ServerDiagnosticsV248Test:tearDownClass): 200 GET http://10.180.1.21/compute/v2.1/servers/0cff1ddd-8852-4809-970c-2fb4d6aa4795 0.516s
2025-11-12 17:18:42.724 63134 INFO tempest.lib.common.rest_client [req-adeaf3ae-af0b-4519-b8cc-d9ca159802fe req-adeaf3ae-af0b-4519-b8cc-d9ca159802fe ] Request (DeleteServersAdminTestJSON:test_delete_server_while_in_error_state): 200 GET http://10.180.1.21/compute/v2.1/servers/600a322f-cc9e-4e9b-be4b-3abe27a1952a 0.478s
2025-11-12 17:18:42.734 63134 INFO tempest.common.waiters [-] State transition "ERROR/deleting" ==> "DELETED/None" after 3 second wait
2025-11-12 17:18:42.781 63128 INFO tempest.lib.common.rest_client [req-add7d4ef-1961-4474-88d7-13ca56f81565 req-add7d4ef-1961-4474-88d7-13ca56f81565 ] Request (ServersTestJSON:setUpClass): 200 GET http://10.180.1.21/compute/v2.1/servers/dacbc5d8-fa65-41f6-bdd3-08aa3d0e141a 0.459s
2025-11-12 17:18:42.815 63168 INFO tempest.lib.common.rest_client [req-f1dd7da1-bc88-40e4-a8cd-75fc03e8118e req-f1dd7da1-bc88-40e4-a8cd-75fc03e8118e ] Request (ServersAdminTestJSON:test_create_server_with_scheduling_hint): 200 GET http://10.180.1.21/compute/v2.1/servers/4e97af5c-1c18-4558-a688-9505339fed93 0.440s
2025-11-12 17:18:42.819 63166 INFO tempest.lib.common.rest_client [req-5812020f-e06f-40a8-99b8-19fe612d5b00 req-5812020f-e06f-40a8-99b8-19fe612d5b00 ] Request (FloatingIPDetailsTestJSON:tearDownClass): 204 DELETE http://10.180.1.21:9696/networking/v2.0/subnets/368c07ea-f3ce-4689-9db7-5185f468e77a 0.368s
2025-11-12 17:18:42.840 63149 INFO tempest.lib.common.rest_client [req-782f779b-43f6-415d-b942-b2e81a2dc286 req-782f779b-43f6-415d-b942-b2e81a2dc286 ] Request (ImagesDeleteNegativeTestJSON:tearDownClass): 204 DELETE http://10.180.1.21:9696/networking/v2.0/security-groups/b8efb152-c3d6-4149-9c0d-44141090835e 0.195s
2025-11-12 17:18:42.880 63156 INFO tempest.lib.common.rest_client [req-0c0d5e5c-71a3-4926-9aae-a35d42c709be req-0c0d5e5c-71a3-4926-9aae-a35d42c709be ] Request (ServersTestBootFromVolume:setUpClass): 200 GET http://10.180.1.21/compute/v2.1/servers/115a77eb-f555-4c0f-96b4-5d176f0d484f 0.285s
2025-11-12 17:18:42.931 63149 INFO tempest.lib.common.rest_client [req-d1e2a62b-9e4f-459f-bb22-211ddf2c48a3 req-d1e2a62b-9e4f-459f-bb22-211ddf2c48a3 ] Request (ImagesDeleteNegativeTestJSON:tearDownClass): 204 DELETE http://10.180.1.21/identity/v3/projects/79144ecdb08a46e2a9edeaadac1f4a77 0.090s
2025-11-12 17:18:42.941 63150 INFO tempest.lib.common.rest_client [req-c1af29aa-b70a-4a47-b577-635262011532 req-c1af29aa-b70a-4a47-b577-635262011532 ] Request (ServerRescueTestJSON:setUpClass): 200 GET http://10.180.1.21/compute/v2.1/servers/b87e622d-720f-4024-97b6-1c12d4d9d6d1 0.227s
2025-11-12 17:18:43.007 63164 INFO tempest.lib.common.rest_client [req-2a76535b-000b-434b-a268-e8a4745645c8 req-2a76535b-000b-434b-a268-e8a4745645c8 ] Request (ListServerFiltersTestJSON:tearDownClass): 200 GET http://10.180.1.21/compute/v2.1/servers/d15d16dd-bd22-4ca7-8a5b-6ea69326f17f 0.209s
2025-11-12 17:18:43.012 63149 INFO tempest.lib.common.rest_client [req-c24ceda7-a2fa-4fc8-9a02-39ce381683af req-c24ceda7-a2fa-4fc8-9a02-39ce381683af ] Request (KeyPairsV22TestJSON:setUpClass): 201 POST http://10.180.1.21/identity/v3/auth/tokens 0.080s
2025-11-12 17:18:43.031 63188 INFO tempest.lib.common.rest_client [req-c683a0d7-512d-4b4d-b621-97874bd945cd req-c683a0d7-512d-4b4d-b621-97874bd945cd ] Request (AttachVolumeShelveTestJSON:test_attach_volume_shelved_or_offload_server): 200 GET http://10.180.1.21/compute/v2.1/servers/a9c970e4-5922-4c47-9676-fef8fdfb5dd2 0.430s
2025-11-12 17:18:43.047 63149 INFO tempest.lib.common.rest_client [req-d21d043d-1772-4c05-9922-b51aaab05d26 req-d21d043d-1772-4c05-9922-b51aaab05d26 ] Request (KeyPairsV22TestJSON:setUpClass): 201 POST http://10.180.1.21/identity/v3/auth/tokens 0.032s
2025-11-12 17:18:43.085 63130 INFO tempest.lib.common.rest_client [req-8ec14637-cfac-4223-b9c4-f6e61dd7d803 req-8ec14637-cfac-4223-b9c4-f6e61dd7d803 ] Request (ServersListShow298Test:test_list_show_update_rebuild_server_298): 200 GET http://10.180.1.21/compute/v2.1/servers/fd3937ee-0e16-4381-91bc-3413556aacc2 0.264s
2025-11-12 17:18:43.089 63138 INFO tempest.lib.common.rest_client [req-b6b53f56-33b8-48fa-90dc-e281a2deec3b req-b6b53f56-33b8-48fa-90dc-e281a2deec3b ] Request (ListImageFiltersTestJSON:setUpClass): 200 GET http://10.180.1.21/compute/v2.1/images/fb2bc2c3-ddee-4c8c-8757-cae8bb8eb4a7 0.239s
2025-11-12 17:18:43.091 63149 INFO tempest.lib.common.rest_client [req-4dca2831-0aef-46fd-9512-797f696bf156 req-4dca2831-0aef-46fd-9512-797f696bf156 ] Request (KeyPairsV22TestJSON:setUpClass): 200 GET http://10.180.1.21/identity/v3/domains?name=Default 0.043s
2025-11-12 17:18:43.104 63166 INFO tempest.lib.common.rest_client [req-011bc644-7300-4e1c-a870-d1bf9c6a549e req-011bc644-7300-4e1c-a870-d1bf9c6a549e ] Request (FloatingIPDetailsTestJSON:tearDownClass): 204 DELETE http://10.180.1.21:9696/networking/v2.0/networks/8ffd0964-a7ef-480d-af20-aa984f211256 0.285s
2025-11-12 17:18:43.130 63149 INFO tempest.lib.common.rest_client [req-e12bd3bc-b9e4-4fa1-bf27-c31570787bff req-e12bd3bc-b9e4-4fa1-bf27-c31570787bff ] Request (KeyPairsV22TestJSON:setUpClass): 201 POST http://10.180.1.21/identity/v3/projects 0.039s
2025-11-12 17:18:43.158 63154 INFO tempest.lib.common.rest_client [req-0051d7ef-c90a-4509-be28-28f5d1d9aa62 req-0051d7ef-c90a-4509-be28-28f5d1d9aa62 ] Request (AttachInterfacesV270Test:test_create_get_list_interfaces): 200 GET http://10.180.1.21/compute/v2.1/servers/af7dc99a-2520-4767-9e01-d1a0c2cc8e3b 0.270s
2025-11-12 17:18:43.172 63162 INFO tempest.lib.common.rest_client [req-77d708f4-9fc7-43f2-bfdd-eb066f02ef18 req-77d708f4-9fc7-43f2-bfdd-eb066f02ef18 ] Request (ListServersNegativeTestJSON:setUpClass): 200 GET http://10.180.1.21/compute/v2.1/servers/97442961-6787-4685-b56d-c46411b585c4 0.252s
2025-11-12 17:18:43.221 63166 INFO tempest.lib.common.rest_client [req-66760639-0497-463e-8dfa-2d3ee1752d25 req-66760639-0497-463e-8dfa-2d3ee1752d25 ] Request (FloatingIPDetailsTestJSON:tearDownClass): 204 DELETE http://10.180.1.21/identity/v3/users/6045cee9015b46a8ab7750482f6dae7b 0.116s
2025-11-12 17:18:43.221 63166 INFO tempest.lib.common.dynamic_creds [-] Deleting project and security group for project: 368adffe2d5f4eb3b56c45f5c3c176bd
2025-11-12 17:18:43.222 63172 INFO tempest.lib.common.rest_client [req-e4cbf2a0-3783-4a8e-9c72-da6949444d51 req-e4cbf2a0-3783-4a8e-9c72-da6949444d51 ] Request (ImagesOneServerTestJSON:setUpClass): 200 GET http://10.180.1.21/compute/v2.1/servers/2d37f8f8-6b97-4bbc-bcfa-a776bd1297e9 0.220s
2025-11-12 17:18:43.255 63149 INFO tempest.lib.common.rest_client [req-fd224a9c-ea47-43a9-9290-75dbcc3bf9a9 req-fd224a9c-ea47-43a9-9290-75dbcc3bf9a9 ] Request (KeyPairsV22TestJSON:setUpClass): 201 POST http://10.180.1.21/identity/v3/users 0.124s
2025-11-12 17:18:43.264 63166 INFO tempest.lib.common.rest_client [req-61be97f1-c287-483c-98df-df76adefe469 req-61be97f1-c287-483c-98df-df76adefe469 ] Request (FloatingIPDetailsTestJSON:tearDownClass): 200 GET http://10.180.1.21:9696/networking/v2.0/security-groups?tenant_id=368adffe2d5f4eb3b56c45f5c3c176bd&name=default 0.042s
2025-11-12 17:18:43.293 63158 INFO tempest.lib.common.rest_client [req-08e08718-8d23-45dd-a982-1a30819d29e0 req-08e08718-8d23-45dd-a982-1a30819d29e0 ] Request (ImagesOneServerNegativeTestJSON:setUpClass): 200 GET http://10.180.1.21/compute/v2.1/servers/c93476d2-41c0-4185-a91c-8a07c841afaf 0.105s
2025-11-12 17:18:43.331 63149 INFO tempest.lib.common.rest_client [req-12d3682a-cf57-4867-b940-a3fe596de0dc req-12d3682a-cf57-4867-b940-a3fe596de0dc ] Request (KeyPairsV22TestJSON:setUpClass): 200 GET http://10.180.1.21/identity/v3/roles 0.076s
2025-11-12 17:18:43.358 63149 INFO tempest.lib.common.rest_client [req-dd89bb1b-fea8-46f5-880f-83e147c030df req-dd89bb1b-fea8-46f5-880f-83e147c030df ] Request (KeyPairsV22TestJSON:setUpClass): 204 PUT http://10.180.1.21/identity/v3/projects/35db04500efc402baf525c08de317786/users/dde6163d6dc8435d8c51882111daec16/roles/9a2b51ffaf4b4a05b8a07325a244c6b0 0.026s
2025-11-12 17:18:43.359 63149 INFO tempest.lib.common.dynamic_creds [-] Dynamic test user dde6163d6dc8435d8c51882111daec16 is created with scope project and roles: ['member']
2025-11-12 17:18:43.359 63149 INFO tempest.lib.common.dynamic_creds [-] Acquired dynamic creds: credentials: Credentials: {'domain_id': 'default', 'domain_name': 'Default', 'username': 'tempest-KeyPairsV22TestJSON-1002258063-project-member', 'project_domain_id': 'default', 'project_domain_name': 'Default', 'project_id': '35db04500efc402baf525c08de317786', 'project_name': 'tempest-KeyPairsV22TestJSON-1002258063', 'tenant_id': '35db04500efc402baf525c08de317786', 'tenant_name': 'tempest-KeyPairsV22TestJSON-1002258063', 'user_domain_id': 'default', 'user_domain_name': 'Default', 'user_id': 'dde6163d6dc8435d8c51882111daec16', 'system': None}, Network: None, Subnet: None, Router: None
2025-11-12 17:18:43.359 63149 INFO tempest.lib.common.dynamic_creds [-] Created isolated network resources for: credentials: Credentials: {'domain_id': 'default', 'domain_name': 'Default', 'username': 'tempest-KeyPairsV22TestJSON-1002258063-project-member', 'project_domain_id': 'default', 'project_domain_name': 'Default', 'project_id': '35db04500efc402baf525c08de317786', 'project_name': 'tempest-KeyPairsV22TestJSON-1002258063', 'tenant_id': '35db04500efc402baf525c08de317786', 'tenant_name': 'tempest-KeyPairsV22TestJSON-1002258063', 'user_domain_id': 'default', 'user_domain_name': 'Default', 'user_id': 'dde6163d6dc8435d8c51882111daec16', 'system': None}, Network: None, Subnet: None, Router: None
