2025-11-12 16:24:20.987 65744 INFO tempest.lib.common.rest_client [req-dcdafae7-33c8-4038-a215-ade99d91ad6c req-dcdafae7-33c8-4038-a215-ade99d91ad6c ] Request (ImagesTestJSON:test_create_server_from_snapshot): 200 GET http://10.180.1.21/compute/v2.1/servers/09cd039a-0bd2-4308-9e73-b640ad7d12d9 0.164s
2025-11-12 16:24:21.001 65760 INFO tempest.lib.common.rest_client [req-90bd940a-a86c-4ff8-9d9c-fcfe8588fe02 req-90bd940a-a86c-4ff8-9d9c-fcfe8588fe02 ] Request (ServerTagsTestJSON:test_create_delete_tag): 200 GET http://10.180.1.21/compute/v2.1/servers/489decc5-bcc9-4220-bd75-73cbbcd13b72/tags 0.147s
2025-11-12 16:24:21.027 65704 INFO tempest.lib.common.rest_client [req-b23eef18-e9e8-422b-8556-38db6a013ecf req-b23eef18-e9e8-422b-8556-38db6a013ecf ] Request (AttachVolumeShelveTestJSON:test_attach_volume_shelved_or_offload_server): 200 GET http://10.180.1.21/compute/v2.1/servers/438c5080-58bb-4c0d-a63d-07fb7a4bd768 0.288s
2025-11-12 16:24:21.089 65726 INFO tempest.lib.common.rest_client [req-03bad73f-a233-43ec-82c7-2ede25ab3761 req-03bad73f-a233-43ec-82c7-2ede25ab3761 ] Request (ServerDiskConfigTestJSON:test_resize_server_from_auto_to_manual): 200 GET http://10.180.1.21/compute/v2.1/servers/60454779-93ee-4887-8381-d106927cc834 0.173s
2025-11-12 16:24:21.094 65706 INFO tempest.lib.common.rest_client [req-0627f307-197c-4840-a803-dafd06352ca0 req-0627f307-197c-4840-a803-dafd06352ca0 ] Request (ServersTestMultiNic:_run_cleanups): 200 GET http://10.180.1.21/compute/v2.1/servers/0708bc0e-8e69-4ac4-b6e6-acd72704ac90 0.220s
2025-11-12 16:24:21.137 65728 INFO tempest.lib.common.rest_client [req-6c47f9fc-4732-4c03-850a-70985b41094f req-6c47f9fc-4732-4c03-850a-70985b41094f ] Request (ListImageFiltersTestJSON:test_list_images_filter_by_server_ref): 200 GET http://10.180.1.21/compute/v2.1/images?server=http%3A%2F%2F10.180.1.21%2Fcompute%2Fservers%2F51acd192-82e9-41ec-9a46-8492da137fed 0.204s
2025-11-12 16:24:21.160 65702 INFO tempest.lib.common.rest_client [req-11456890-345a-4d1a-9767-d5e4f226e582 req-11456890-345a-4d1a-9767-d5e4f226e582 ] Request (ListServersNegativeTestJSON:tearDownClass): 200 GET http://10.180.1.21/compute/v2.1/servers/fe3405eb-a028-49dc-a4df-397b19bda9bd 0.195s
2025-11-12 16:24:21.192 65760 INFO tempest.lib.common.rest_client [req-5c62de08-e72d-4414-883d-4e985b981184 req-5c62de08-e72d-4414-883d-4e985b981184 ] Request (ServerTagsTestJSON:_run_cleanups): 204 DELETE http://10.180.1.21/compute/v2.1/servers/489decc5-bcc9-4220-bd75-73cbbcd13b72/tags 0.189s
2025-11-12 16:24:21.211 65738 INFO tempest.lib.common.rest_client [req-afe9ed24-329b-46a4-ad61-31e400d9e21c req-afe9ed24-329b-46a4-ad61-31e400d9e21c ] Request (ServersWithSpecificFlavorTestJSON:test_verify_created_server_ephemeral_disk): 200 GET http://10.180.1.21/compute/v2.1/servers/a141644c-0a5d-409d-ada4-8961f5810a73 0.190s
2025-11-12 16:24:21.245 65758 INFO tempest.lib.common.rest_client [req-0c070982-5ee4-43e2-adcd-d644302d4ec0 req-0c070982-5ee4-43e2-adcd-d644302d4ec0 ] Request (ServerActionsTestJSON:test_rebuild_server): 200 GET http://10.180.1.21/compute/v2.1/servers/b104291b-b7e5-4138-a374-89fa4c8bc558 0.153s
2025-11-12 16:24:21.278 65728 INFO tempest.lib.common.rest_client [req-51bc2642-6b1b-4fd8-ac85-de5f37d78317 req-51bc2642-6b1b-4fd8-ac85-de5f37d78317 ] Request (ListImageFiltersTestJSON:test_list_images_filter_by_status): 200 GET http://10.180.1.21/compute/v2.1/images?status=ACTIVE 0.137s
2025-11-12 16:24:21.317 65714 WARNING tempest.lib.common.ssh [-] Failed to establish authenticated ssh connection to cirros@10.180.180.191 ([Errno None] Unable to connect to port 22 on 10.180.180.191). Number attempts: 4. Retry after 5 seconds.: paramiko.ssh_exception.NoValidConnectionsError: [Errno None] Unable to connect to port 22 on 10.180.180.191
2025-11-12 16:24:21.334 65760 INFO tempest.lib.common.rest_client [req-a3dc15bd-b33d-4b80-a6aa-35734009e430 req-a3dc15bd-b33d-4b80-a6aa-35734009e430 ] Request (ServerTagsTestJSON:test_delete_all_tags): 201 PUT http://10.180.1.21/compute/v2.1/servers/489decc5-bcc9-4220-bd75-73cbbcd13b72/tags/tempest-tag-260197742 0.140s
2025-11-12 16:24:21.343 65722 INFO tempest.lib.common.rest_client [req-7c26a9e6-d195-49b2-84d9-fca59a1f9fc8 req-7c26a9e6-d195-49b2-84d9-fca59a1f9fc8 ] Request (MigrationsAdminTest:test_resize_server_revert_deleted_flavor): 200 GET http://10.180.1.21/compute/v2.1/servers/59b51c88-e272-4744-ab88-5c6d429b3d5a 0.188s
2025-11-12 16:24:21.350 65722 INFO tempest.common.waiters [-] State transition "RESIZE/resize_prep" ==> "RESIZE/resize_migrating" after 55 second wait
2025-11-12 16:24:21.388 65728 INFO tempest.lib.common.rest_client [req-86873a9d-db9c-49aa-96ea-8a03bbb34a4b req-86873a9d-db9c-49aa-96ea-8a03bbb34a4b ] Request (ListImageFiltersTestJSON:test_list_images_filter_by_type): 200 GET http://10.180.1.21/compute/v2.1/images?type=snapshot 0.106s
2025-11-12 16:24:21.420 65760 INFO tempest.lib.common.rest_client [req-29612442-8c71-4075-9db0-b732394e75b5 req-29612442-8c71-4075-9db0-b732394e75b5 ] Request (ServerTagsTestJSON:test_delete_all_tags): 201 PUT http://10.180.1.21/compute/v2.1/servers/489decc5-bcc9-4220-bd75-73cbbcd13b72/tags/tempest-tag-1381631048 0.085s
2025-11-12 16:24:21.457 65728 INFO tempest.lib.common.rest_client [req-e9a1d405-1a88-4a0c-bc95-135425176c61 req-e9a1d405-1a88-4a0c-bc95-135425176c61 ] Request (ListImageFiltersTestJSON:test_list_images_limit_results): 200 GET http://10.180.1.21/compute/v2.1/images?limit=1 0.065s
2025-11-12 16:24:21.467 65740 INFO tempest.lib.common.rest_client [req-96eb771b-25d6-4bc2-8a80-267184c4a71e req-96eb771b-25d6-4bc2-8a80-267184c4a71e ] Request (ServersListShow2100Test:tearDownClass): 200 GET http://10.180.1.21/compute/v2.1/servers/710ccfa3-6630-4a27-950b-83c8d4521523 0.121s
2025-11-12 16:24:21.529 65742 INFO tempest.lib.common.rest_client [req-7e22086c-18fd-424b-9a12-4bc0847d7679 req-7e22086c-18fd-424b-9a12-4bc0847d7679 ] Request (ServersAdminNegativeTestJSON:tearDownClass): 200 GET http://10.180.1.21/compute/v2.1/servers/0d62842e-e7f0-4f3d-96a0-7887bf728ae5 0.129s
2025-11-12 16:24:21.536 65746 INFO tempest.lib.common.rest_client [req-63ec1e57-e5a3-44d0-bafd-f64593dde21c req-63ec1e57-e5a3-44d0-bafd-f64593dde21c ] Request (ServerExternalEventsTest:tearDownClass): 200 GET http://10.180.1.21/compute/v2.1/servers/f4214b09-dd86-4702-a864-0be6591767e1 0.122s
2025-11-12 16:24:21.537 65742 INFO tempest.common.waiters [-] State transition "ACTIVE/deleting" ==> "DELETED/None" after 3 second wait
2025-11-12 16:24:21.581 65760 INFO tempest.lib.common.rest_client [req-c58d6c91-745d-45f5-8f61-edfcad165b2f req-c58d6c91-745d-45f5-8f61-edfcad165b2f ] Request (ServerTagsTestJSON:test_delete_all_tags): 204 DELETE http://10.180.1.21/compute/v2.1/servers/489decc5-bcc9-4220-bd75-73cbbcd13b72/tags 0.160s
2025-11-12 16:24:21.605 65728 INFO tempest.lib.common.rest_client [req-2a9b528f-4099-4c33-b0e9-591c385d9cc1 req-2a9b528f-4099-4c33-b0e9-591c385d9cc1 ] Request (ListImageFiltersTestJSON:test_list_images_with_detail_filter_by_changes_since): 200 GET http://10.180.1.21/compute/v2.1/images/detail?changes-since=2025-11-12T16%3A21%3A57Z 0.145s
2025-11-12 16:24:21.648 65750 INFO tempest.lib.common.rest_client [req-6bb5d19b-3163-4b99-a4c2-437c0cbddaf0 req-6bb5d19b-3163-4b99-a4c2-437c0cbddaf0 ] Request (ServersAdminTestJSON:tearDownClass): 200 GET http://10.180.1.21/compute/v2.1/servers/26390a09-cb1d-49cb-bad1-9525b6f2eb12 0.172s
2025-11-12 16:24:21.658 65712 INFO tempest.lib.common.rest_client [req-356727db-4585-4cac-8408-eba6d266ebe5 req-356727db-4585-4cac-8408-eba6d266ebe5 ] Request (ServersTestManualDisk:setUpClass): 200 GET http://10.180.1.21/compute/v2.1/servers/b2211682-a230-4152-b0b5-65ccdf92259f 0.179s
2025-11-12 16:24:21.676 65760 INFO tempest.lib.common.rest_client [req-49f0bea5-3633-463e-97c8-df3a98fb2115 req-49f0bea5-3633-463e-97c8-df3a98fb2115 ] Request (ServerTagsTestJSON:test_delete_all_tags): 200 GET http://10.180.1.21/compute/v2.1/servers/489decc5-bcc9-4220-bd75-73cbbcd13b72/tags 0.094s
2025-11-12 16:24:21.717 65728 INFO tempest.lib.common.rest_client [req-71929873-4b3f-42d3-8860-7c4937f1479f req-71929873-4b3f-42d3-8860-7c4937f1479f ] Request (ListImageFiltersTestJSON:test_list_images_with_detail_filter_by_name): 200 GET http://10.180.1.21/compute/v2.1/images/detail?name=tempest-ListImageFiltersTestJSON-image-1700082750 0.106s
2025-11-12 16:24:21.724 65716 INFO tempest.lib.common.rest_client [req-09f43d2a-9952-4c29-94b5-6227a9e38523 req-09f43d2a-9952-4c29-94b5-6227a9e38523 ] Request (VolumesAssistedSnapshotsTest:test_volume_assisted_snapshot_create_delete): 200 GET http://10.180.1.21/volume/v3/volumes/f837f232-fd24-4072-b268-8907f3063099 0.040s
2025-11-12 16:24:21.726 65724 INFO tempest.lib.common.rest_client [req-c60e0e91-974c-4c61-90b0-626f5c52c12b req-c60e0e91-974c-4c61-90b0-626f5c52c12b ] Request (InstanceActionsV221TestJSON:test_get_list_deleted_instance_actions): 200 GET http://10.180.1.21/compute/v2.1/servers/e7e1f12f-38b1-4274-8c24-403f73da1051 0.149s
2025-11-12 16:24:21.770 65748 INFO tempest.lib.common.rest_client [req-bdd38a08-cffd-4841-bb74-48fb9fed6c22 req-bdd38a08-cffd-4841-bb74-48fb9fed6c22 ] Request (SecurityGroupsTestJSON:test_list_security_groups_by_server): 200 GET http://10.180.1.21/compute/v2.1/servers/9ea9086d-cbd6-436c-b44b-c1c74fca7db9 0.155s
2025-11-12 16:24:21.778 65767 INFO tempest.lib.common.rest_client [req-a1c350fa-b742-4519-9c78-a74d143712e4 req-a1c350fa-b742-4519-9c78-a74d143712e4 ] Request (ImagesOneServerNegativeTestJSON:_run_cleanups): 200 GET http://10.180.1.21/compute/v2.1/servers/351d37cf-12a5-4052-93e3-0d8fd04615f7 0.126s
2025-11-12 16:24:21.813 65760 INFO tempest.lib.common.rest_client [req-879c625c-c42b-4736-b385-4da2783b8190 req-879c625c-c42b-4736-b385-4da2783b8190 ] Request (ServerTagsTestJSON:_run_cleanups): 204 DELETE http://10.180.1.21/compute/v2.1/servers/489decc5-bcc9-4220-bd75-73cbbcd13b72/tags 0.136s
2025-11-12 16:24:21.818 65728 INFO tempest.lib.common.rest_client [req-c9ad481f-4ab2-4436-a1ef-3201c0af1fc0 req-c9ad481f-4ab2-4436-a1ef-3201c0af1fc0 ] Request (ListImageFiltersTestJSON:test_list_images_with_detail_filter_by_server_ref): 200 GET http://10.180.1.21/compute/v2.1/images/detail?server=http%3A%2F%2F10.180.1.21%2Fcompute%2Fv2.1%2Fservers%2F51acd192-82e9-41ec-9a46-8492da137fed 0.097s
2025-11-12 16:24:21.869 65765 INFO tempest.lib.common.rest_client [req-a8728cc3-82ba-4e6b-bd6f-f650f56af243 req-a8728cc3-82ba-4e6b-bd6f-f650f56af243 ] Request (ServerRescueNegativeTestJSON:setUpClass): 200 GET http://10.180.1.21/compute/v2.1/servers/1b0f1082-3892-480a-bf01-2d8ef2b27246 0.138s
2025-11-12 16:24:21.929 65760 INFO tempest.lib.common.rest_client [req-b086bd43-87bf-43a7-9751-fa66fa410de7 req-b086bd43-87bf-43a7-9751-fa66fa410de7 ] Request (ServerTagsTestJSON:test_update_all_tags): 201 PUT http://10.180.1.21/compute/v2.1/servers/489decc5-bcc9-4220-bd75-73cbbcd13b72/tags/tempest-tag-1266903588 0.114s
2025-11-12 16:24:21.974 65753 INFO tempest.lib.common.rest_client [req-86ad4be3-af9b-4db7-a2d4-4eec0edbaf0b req-86ad4be3-af9b-4db7-a2d4-4eec0edbaf0b ] Request (DeleteServersTestJSON:test_delete_server_while_in_attached_volume): 200 GET http://10.180.1.21/compute/v2.1/servers/d6ace7c3-0432-44e5-83fe-e62f69ee1160 0.220s
2025-11-12 16:24:21.979 65734 INFO tempest.lib.common.rest_client [req-40e71fa5-092d-460c-b8ff-0c6c795ba91b req-40e71fa5-092d-460c-b8ff-0c6c795ba91b ] Request (ServerMetadataNegativeTestJSON:setUpClass): 200 GET http://10.180.1.21/compute/v2.1/servers/8c57a0dd-12c2-466d-a091-e81b0d7a2d61 0.162s
2025-11-12 16:24:22.010 65728 INFO tempest.lib.common.rest_client [req-238fd695-eb23-4511-8a21-75ac43eac3c1 req-238fd695-eb23-4511-8a21-75ac43eac3c1 ] Request (ListImageFiltersTestJSON:test_list_images_with_detail_filter_by_server_ref): 200 GET http://10.180.1.21/compute/v2.1/images/detail?server=http%3A%2F%2F10.180.1.21%2Fcompute%2Fservers%2F51acd192-82e9-41ec-9a46-8492da137fed 0.188s
2025-11-12 16:24:22.036 65730 INFO tempest.lib.common.rest_client [req-122e25cd-2c9c-4690-858a-e18e1b5f478c req-122e25cd-2c9c-4690-858a-e18e1b5f478c ] Request (ServersTestJSON:_run_cleanups): 200 GET http://10.180.1.21/compute/v2.1/servers/30d247a4-f465-4373-8590-25c5307922a0 0.141s
2025-11-12 16:24:22.074 65760 INFO tempest.lib.common.rest_client [req-10f8cc5a-cdbb-496f-ab70-9202374685c0 req-10f8cc5a-cdbb-496f-ab70-9202374685c0 ] Request (ServerTagsTestJSON:test_update_all_tags): 201 PUT http://10.180.1.21/compute/v2.1/servers/489decc5-bcc9-4220-bd75-73cbbcd13b72/tags/tempest-tag-921071430 0.144s
2025-11-12 16:24:22.088 65744 INFO tempest.lib.common.rest_client [req-17e0c75e-63ae-4039-bdba-58906a31a99a req-17e0c75e-63ae-4039-bdba-58906a31a99a ] Request (ImagesTestJSON:test_create_server_from_snapshot): 200 GET http://10.180.1.21/compute/v2.1/servers/09cd039a-0bd2-4308-9e73-b640ad7d12d9 0.093s
2025-11-12 16:24:22.135 65728 INFO tempest.lib.common.rest_client [req-efc5ba45-4efd-4775-ae7f-fa7ecef3f6d8 req-efc5ba45-4efd-4775-ae7f-fa7ecef3f6d8 ] Request (ListImageFiltersTestJSON:test_list_images_with_detail_filter_by_status): 200 GET http://10.180.1.21/compute/v2.1/images/detail?status=ACTIVE 0.120s
2025-11-12 16:24:22.186 65704 INFO tempest.lib.common.rest_client [req-ece74034-5aa4-484f-a1d2-34bd2f888242 req-ece74034-5aa4-484f-a1d2-34bd2f888242 ] Request (AttachVolumeShelveTestJSON:test_attach_volume_shelved_or_offload_server): 200 GET http://10.180.1.21/compute/v2.1/servers/438c5080-58bb-4c0d-a63d-07fb7a4bd768 0.149s
2025-11-12 16:24:22.188 65760 INFO tempest.lib.common.rest_client [req-147a86ca-58ef-41cd-be9a-6d222b194bb7 req-147a86ca-58ef-41cd-be9a-6d222b194bb7 ] Request (ServerTagsTestJSON:test_update_all_tags): 200 PUT http://10.180.1.21/compute/v2.1/servers/489decc5-bcc9-4220-bd75-73cbbcd13b72/tags 0.113s
2025-11-12 16:24:22.236 65726 INFO tempest.lib.common.rest_client [req-d9fe018c-0ad8-45f2-bda3-fe255c1f2efe req-d9fe018c-0ad8-45f2-bda3-fe255c1f2efe ] Request (ServerDiskConfigTestJSON:test_resize_server_from_auto_to_manual): 200 GET http://10.180.1.21/compute/v2.1/servers/60454779-93ee-4887-8381-d106927cc834 0.127s
2025-11-12 16:24:22.244 65706 INFO tempest.lib.common.rest_client [req-c36bff84-ea91-42c2-9bf3-0e2ed79a181c req-c36bff84-ea91-42c2-9bf3-0e2ed79a181c ] Request (ServersTestMultiNic:_run_cleanups): 200 GET http://10.180.1.21/compute/v2.1/servers/0708bc0e-8e69-4ac4-b6e6-acd72704ac90 0.138s
2025-11-12 16:24:22.294 65728 INFO tempest.lib.common.rest_client [req-4cfdbda4-df16-4e3b-a163-5169fb08d5d3 req-4cfdbda4-df16-4e3b-a163-5169fb08d5d3 ] Request (ListImageFiltersTestJSON:test_list_images_with_detail_filter_by_type): 200 GET http://10.180.1.21/compute/v2.1/images/detail?type=snapshot 0.152s
2025-11-12 16:24:22.311 65760 INFO tempest.lib.common.rest_client [req-5d4562c9-ba7c-47e8-81b6-b5d50780f639 req-5d4562c9-ba7c-47e8-81b6-b5d50780f639 ] Request (ServerTagsTestJSON:test_update_all_tags): 200 GET http://10.180.1.21/compute/v2.1/servers/489decc5-bcc9-4220-bd75-73cbbcd13b72/tags 0.121s
2025-11-12 16:24:22.339 65702 INFO tempest.lib.common.rest_client [req-ecd88979-c1fa-4d3f-b566-248a7798fab4 req-ecd88979-c1fa-4d3f-b566-248a7798fab4 ] Request (ListServersNegativeTestJSON:tearDownClass): 200 GET http://10.180.1.21/compute/v2.1/servers/fe3405eb-a028-49dc-a4df-397b19bda9bd 0.168s
2025-11-12 16:24:22.372 65738 INFO tempest.lib.common.rest_client [req-012f1afe-79f2-47bb-8428-118167f0358f req-012f1afe-79f2-47bb-8428-118167f0358f ] Request (ServersWithSpecificFlavorTestJSON:test_verify_created_server_ephemeral_disk): 200 GET http://10.180.1.21/compute/v2.1/servers/a141644c-0a5d-409d-ada4-8961f5810a73 0.153s
2025-11-12 16:24:22.394 65758 INFO tempest.lib.common.rest_client [req-fa112b39-85c7-4d81-8860-cd0e01c8e03f req-fa112b39-85c7-4d81-8860-cd0e01c8e03f ] Request (ServerActionsTestJSON:test_rebuild_server): 200 GET http://10.180.1.21/compute/v2.1/servers/b104291b-b7e5-4138-a374-89fa4c8bc558 0.142s
2025-11-12 16:24:22.408 65728 INFO tempest.lib.common.rest_client [req-39973cf9-17f6-4151-b0a9-c6438de302da req-39973cf9-17f6-4151-b0a9-c6438de302da ] Request (ListImageFiltersTestJSON:test_list_images_with_detail_filter_by_type): 200 GET http://10.180.1.21/compute/v2.1/images/573f32a3-3633-4169-af68-52fbaecfc663 0.109s
2025-11-12 16:24:22.437 65760 INFO tempest.lib.common.rest_client [req-2651c0dd-e2bb-41ce-8635-df14341d954c req-2651c0dd-e2bb-41ce-8635-df14341d954c ] Request (ServerTagsTestJSON:_run_cleanups): 204 DELETE http://10.180.1.21/compute/v2.1/servers/489decc5-bcc9-4220-bd75-73cbbcd13b72/tags 0.125s
2025-11-12 16:24:22.484 65728 INFO tempest.lib.common.rest_client [req-05602644-f454-4c60-86dd-600aa0f43ba6 req-05602644-f454-4c60-86dd-600aa0f43ba6 ] Request (ListImageFiltersTestJSON:test_list_images_with_detail_limit_results): 200 GET http://10.180.1.21/compute/v2.1/images/detail?limit=1 0.069s
2025-11-12 16:24:22.572 65722 INFO tempest.lib.common.rest_client [req-72f5e058-c2a1-46b3-bc41-1ad9c3f98915 req-72f5e058-c2a1-46b3-bc41-1ad9c3f98915 ] Request (MigrationsAdminTest:test_resize_server_revert_deleted_flavor): 200 GET http://10.180.1.21/compute/v2.1/servers/59b51c88-e272-4744-ab88-5c6d429b3d5a 0.221s
2025-11-12 16:24:22.589 65760 INFO tempest.lib.common.rest_client [req-e3cd5286-c3c4-41c5-9df6-737cf73230c0 req-e3cd5286-c3c4-41c5-9df6-737cf73230c0 ] Request (ServerTagsTestJSON:tearDownClass): 204 DELETE http://10.180.1.21/compute/v2.1/servers/489decc5-bcc9-4220-bd75-73cbbcd13b72 0.145s
2025-11-12 16:24:22.665 65740 INFO tempest.lib.common.rest_client [req-53b386ee-2fef-477b-9da5-894bd76341af req-53b386ee-2fef-477b-9da5-894bd76341af ] Request (ServersListShow2100Test:tearDownClass): 200 GET http://10.180.1.21/compute/v2.1/servers/710ccfa3-6630-4a27-950b-83c8d4521523 0.184s
2025-11-12 16:24:22.694 65728 INFO tempest.lib.common.rest_client [req-47570a10-ea5b-4f32-a37d-aded3a30d1b0 req-47570a10-ea5b-4f32-a37d-aded3a30d1b0 ] Request (ListImageFiltersTestJSON:tearDownClass): 204 DELETE http://10.180.1.21/compute/v2.1/images/88f1cd13-2ede-473b-99b2-2833040bf4d8 0.205s
2025-11-12 16:24:22.741 65742 INFO tempest.lib.common.rest_client [req-30eeccba-50cb-42ca-9279-7ec090518ab7 req-30eeccba-50cb-42ca-9279-7ec090518ab7 ] Request (ServersAdminNegativeTestJSON:tearDownClass): 200 GET http://10.180.1.21/compute/v2.1/servers/0d62842e-e7f0-4f3d-96a0-7887bf728ae5 0.203s
2025-11-12 16:24:22.761 65746 INFO tempest.lib.common.rest_client [req-f6915d06-a329-485d-ae7a-b2924bd54a57 req-f6915d06-a329-485d-ae7a-b2924bd54a57 ] Request (ServerExternalEventsTest:tearDownClass): 200 GET http://10.180.1.21/compute/v2.1/servers/f4214b09-dd86-4702-a864-0be6591767e1 0.216s
2025-11-12 16:24:22.770 65716 INFO tempest.lib.common.rest_client [req-6c077836-49bf-458e-a6e0-ac941f7f0f03 req-6c077836-49bf-458e-a6e0-ac941f7f0f03 ] Request (VolumesAssistedSnapshotsTest:test_volume_assisted_snapshot_create_delete): 200 GET http://10.180.1.21/volume/v3/volumes/f837f232-fd24-4072-b268-8907f3063099 0.038s
2025-11-12 16:24:22.826 65750 INFO tempest.lib.common.rest_client [req-bab23a00-432a-4cdd-adb5-3d9d3ec1525d req-bab23a00-432a-4cdd-adb5-3d9d3ec1525d ] Request (ServersAdminTestJSON:tearDownClass): 200 GET http://10.180.1.21/compute/v2.1/servers/26390a09-cb1d-49cb-bad1-9525b6f2eb12 0.170s
2025-11-12 16:24:22.879 65712 INFO tempest.lib.common.rest_client [req-e35e88ed-88e0-4f2a-95e4-d3ce8d47d170 req-e35e88ed-88e0-4f2a-95e4-d3ce8d47d170 ] Request (ServersTestManualDisk:setUpClass): 200 GET http://10.180.1.21/compute/v2.1/servers/b2211682-a230-4152-b0b5-65ccdf92259f 0.212s
2025-11-12 16:24:22.894 65760 INFO tempest.lib.common.rest_client [req-8edeb401-5d6d-4043-b3c5-5e3850280b75 req-8edeb401-5d6d-4043-b3c5-5e3850280b75 ] Request (ServerTagsTestJSON:tearDownClass): 200 GET http://10.180.1.21/compute/v2.1/servers/489decc5-bcc9-4220-bd75-73cbbcd13b72 0.305s
2025-11-12 16:24:22.954 65724 INFO tempest.lib.common.rest_client [req-fa9a2a51-25f6-4cc7-a776-2a59cd1f7b26 req-fa9a2a51-25f6-4cc7-a776-2a59cd1f7b26 ] Request (InstanceActionsV221TestJSON:test_get_list_deleted_instance_actions): 200 GET http://10.180.1.21/compute/v2.1/servers/e7e1f12f-38b1-4274-8c24-403f73da1051 0.218s
2025-11-12 16:24:22.975 65728 INFO tempest.lib.common.rest_client [req-d892be43-8474-4065-ae0d-8acd560032b3 req-d892be43-8474-4065-ae0d-8acd560032b3 ] Request (ListImageFiltersTestJSON:tearDownClass): 204 DELETE http://10.180.1.21/compute/v2.1/images/ef58341d-8109-4fa1-b65a-3f8d094ea8f1 0.281s
2025-11-12 16:24:23.006 65748 INFO tempest.lib.common.rest_client [req-dd46812c-95c8-4f35-a983-19eae6f1f6bb req-dd46812c-95c8-4f35-a983-19eae6f1f6bb ] Request (SecurityGroupsTestJSON:test_list_security_groups_by_server): 200 GET http://10.180.1.21/compute/v2.1/servers/9ea9086d-cbd6-436c-b44b-c1c74fca7db9 0.227s
2025-11-12 16:24:23.037 65767 INFO tempest.lib.common.rest_client [req-220943d0-bd41-43d6-ab1e-b9d98fa30372 req-220943d0-bd41-43d6-ab1e-b9d98fa30372 ] Request (ImagesOneServerNegativeTestJSON:_run_cleanups): 200 GET http://10.180.1.21/compute/v2.1/servers/351d37cf-12a5-4052-93e3-0d8fd04615f7 0.251s
2025-11-12 16:24:23.056 65765 INFO tempest.lib.common.rest_client [req-a16f9562-71df-4548-80f5-7d19805f9412 req-a16f9562-71df-4548-80f5-7d19805f9412 ] Request (ServerRescueNegativeTestJSON:setUpClass): 200 GET http://10.180.1.21/compute/v2.1/servers/1b0f1082-3892-480a-bf01-2d8ef2b27246 0.177s
2025-11-12 16:24:23.142 65728 INFO tempest.lib.common.rest_client [req-b1afa884-0e92-4ee9-b990-d195e6c6a88e req-b1afa884-0e92-4ee9-b990-d195e6c6a88e ] Request (ListImageFiltersTestJSON:tearDownClass): 204 DELETE http://10.180.1.21/compute/v2.1/images/1e0ffa11-5d3e-4fe2-92f5-ce4055d9267a 0.166s
2025-11-12 16:24:23.155 65753 INFO tempest.lib.common.rest_client [req-363ffedd-b2b3-4b85-8e86-8a513c76d24d req-363ffedd-b2b3-4b85-8e86-8a513c76d24d ] Request (DeleteServersTestJSON:test_delete_server_while_in_attached_volume): 200 GET http://10.180.1.21/compute/v2.1/servers/d6ace7c3-0432-44e5-83fe-e62f69ee1160 0.171s
2025-11-12 16:24:23.165 65753 INFO tempest.common.waiters [-] State transition "BUILD/spawning" ==> "ACTIVE/None" after 64 second wait
2025-11-12 16:24:23.190 65734 INFO tempest.lib.common.rest_client [req-8a58eb4a-cce3-4b7c-af64-88e1ac4f76fd req-8a58eb4a-cce3-4b7c-af64-88e1ac4f76fd ] Request (ServerMetadataNegativeTestJSON:setUpClass): 200 GET http://10.180.1.21/compute/v2.1/servers/8c57a0dd-12c2-466d-a091-e81b0d7a2d61 0.201s
2025-11-12 16:24:23.214 65730 INFO tempest.lib.common.rest_client [req-1de0fe75-afb3-40ef-aee4-7c6665d4b653 req-1de0fe75-afb3-40ef-aee4-7c6665d4b653 ] Request (ServersTestJSON:_run_cleanups): 200 GET http://10.180.1.21/compute/v2.1/servers/30d247a4-f465-4373-8590-25c5307922a0 0.170s
2025-11-12 16:24:23.243 65744 INFO tempest.lib.common.rest_client [req-22c2175f-7ab6-47b5-82b9-cf89cd802b07 req-22c2175f-7ab6-47b5-82b9-cf89cd802b07 ] Request (ImagesTestJSON:test_create_server_from_snapshot): 200 GET http://10.180.1.21/compute/v2.1/servers/09cd039a-0bd2-4308-9e73-b640ad7d12d9 0.147s
2025-11-12 16:24:23.293 65728 INFO tempest.lib.common.rest_client [req-7a97d7a8-85b2-4cbc-b933-2f3bac07e96d req-7a97d7a8-85b2-4cbc-b933-2f3bac07e96d ] Request (ListImageFiltersTestJSON:tearDownClass): 204 DELETE http://10.180.1.21/compute/v2.1/servers/51acd192-82e9-41ec-9a46-8492da137fed 0.151s
2025-11-12 16:24:23.315 65753 INFO tempest.lib.common.rest_client [req-fe11daa2-5a4f-4c01-b8bb-d9b5dda21000 req-fe11daa2-5a4f-4c01-b8bb-d9b5dda21000 ] Request (DeleteServersTestJSON:test_delete_server_while_in_attached_volume): 202 POST http://10.180.1.21/volume/v3/volumes 0.149s
2025-11-12 16:24:23.344 65753 INFO tempest.lib.common.rest_client [req-7116cd8b-a982-410a-9562-91f23889ba32 req-7116cd8b-a982-410a-9562-91f23889ba32 ] Request (DeleteServersTestJSON:test_delete_server_while_in_attached_volume): 200 GET http://10.180.1.21/volume/v3/volumes/3143c9a2-88a8-49a5-b7e8-52ea48190db9 0.023s
2025-11-12 16:24:23.344 65726 INFO tempest.lib.common.rest_client [req-5e68f688-6253-4b00-817b-9c4cd6ab06e7 req-5e68f688-6253-4b00-817b-9c4cd6ab06e7 ] Request (ServerDiskConfigTestJSON:test_resize_server_from_auto_to_manual): 200 GET http://10.180.1.21/compute/v2.1/servers/60454779-93ee-4887-8381-d106927cc834 0.100s
2025-11-12 16:24:23.372 65704 INFO tempest.lib.common.rest_client [req-8173e50a-46f5-442a-bcc3-68b45c3f4271 req-8173e50a-46f5-442a-bcc3-68b45c3f4271 ] Request (AttachVolumeShelveTestJSON:test_attach_volume_shelved_or_offload_server): 200 GET http://10.180.1.21/compute/v2.1/servers/438c5080-58bb-4c0d-a63d-07fb7a4bd768 0.177s
2025-11-12 16:24:23.405 65706 INFO tempest.lib.common.rest_client [req-4744b2c6-d018-4ebf-8922-965efa5aad51 req-4744b2c6-d018-4ebf-8922-965efa5aad51 ] Request (ServersTestMultiNic:_run_cleanups): 200 GET http://10.180.1.21/compute/v2.1/servers/0708bc0e-8e69-4ac4-b6e6-acd72704ac90 0.153s
2025-11-12 16:24:23.482 65702 INFO tempest.lib.common.rest_client [req-0fa790ae-3b81-4e39-b3e8-019bd1bd0ca9 req-0fa790ae-3b81-4e39-b3e8-019bd1bd0ca9 ] Request (ListServersNegativeTestJSON:tearDownClass): 200 GET http://10.180.1.21/compute/v2.1/servers/fe3405eb-a028-49dc-a4df-397b19bda9bd 0.134s
2025-11-12 16:24:23.482 65728 INFO tempest.lib.common.rest_client [req-2cc24b4f-d118-4f40-a8e2-33ef10490461 req-2cc24b4f-d118-4f40-a8e2-33ef10490461 ] Request (ListImageFiltersTestJSON:tearDownClass): 200 GET http://10.180.1.21/compute/v2.1/servers/51acd192-82e9-41ec-9a46-8492da137fed 0.189s
2025-11-12 16:24:23.545 65758 INFO tempest.lib.common.rest_client [req-2af5004f-c3aa-4f44-8385-a3bd9fc8ab4f req-2af5004f-c3aa-4f44-8385-a3bd9fc8ab4f ] Request (ServerActionsTestJSON:test_rebuild_server): 200 GET http://10.180.1.21/compute/v2.1/servers/b104291b-b7e5-4138-a374-89fa4c8bc558 0.142s
2025-11-12 16:24:23.546 65738 INFO tempest.lib.common.rest_client [req-2c879bcb-b8f2-4e87-a132-3cd411e00789 req-2c879bcb-b8f2-4e87-a132-3cd411e00789 ] Request (ServersWithSpecificFlavorTestJSON:test_verify_created_server_ephemeral_disk): 200 GET http://10.180.1.21/compute/v2.1/servers/a141644c-0a5d-409d-ada4-8961f5810a73 0.163s
2025-11-12 16:24:23.768 65722 INFO tempest.lib.common.rest_client [req-a73500c9-6fd9-41fa-a6a2-a2f7ff8f6ca3 req-a73500c9-6fd9-41fa-a6a2-a2f7ff8f6ca3 ] Request (MigrationsAdminTest:test_resize_server_revert_deleted_flavor): 200 GET http://10.180.1.21/compute/v2.1/servers/59b51c88-e272-4744-ab88-5c6d429b3d5a 0.187s
2025-11-12 16:24:23.773 65740 INFO tempest.lib.common.rest_client [req-1d997e3a-a37b-461e-8a9c-d7af775d6162 req-1d997e3a-a37b-461e-8a9c-d7af775d6162 ] Request (ServersListShow2100Test:tearDownClass): 200 GET http://10.180.1.21/compute/v2.1/servers/710ccfa3-6630-4a27-950b-83c8d4521523 0.095s
2025-11-12 16:24:23.813 65716 INFO tempest.lib.common.rest_client [req-bfd19468-edce-42ad-ac51-18aa585ece7c req-bfd19468-edce-42ad-ac51-18aa585ece7c ] Request (VolumesAssistedSnapshotsTest:test_volume_assisted_snapshot_create_delete): 200 GET http://10.180.1.21/volume/v3/volumes/f837f232-fd24-4072-b268-8907f3063099 0.035s
2025-11-12 16:24:23.838 65742 INFO tempest.lib.common.rest_client [req-35110333-5e2c-4c50-9e13-743aa132cc43 req-35110333-5e2c-4c50-9e13-743aa132cc43 ] Request (ServersAdminNegativeTestJSON:tearDownClass): 200 GET http://10.180.1.21/compute/v2.1/servers/0d62842e-e7f0-4f3d-96a0-7887bf728ae5 0.088s
2025-11-12 16:24:23.847 65746 INFO tempest.lib.common.rest_client [req-8191d6ca-4037-4073-b00c-cd10e25d8ecf req-8191d6ca-4037-4073-b00c-cd10e25d8ecf ] Request (ServerExternalEventsTest:tearDownClass): 200 GET http://10.180.1.21/compute/v2.1/servers/f4214b09-dd86-4702-a864-0be6591767e1 0.073s
2025-11-12 16:24:23.896 65750 INFO tempest.lib.common.rest_client [req-23cc8ace-4d89-4d7f-885f-6d090227cdba req-23cc8ace-4d89-4d7f-885f-6d090227cdba ] Request (ServersAdminTestJSON:tearDownClass): 200 GET http://10.180.1.21/compute/v2.1/servers/26390a09-cb1d-49cb-bad1-9525b6f2eb12 0.062s
2025-11-12 16:24:23.941 65712 INFO tempest.lib.common.rest_client [req-151b55b7-dfca-48d7-ab95-6b83d0617ede req-151b55b7-dfca-48d7-ab95-6b83d0617ede ] Request (ServersTestManualDisk:setUpClass): 200 GET http://10.180.1.21/compute/v2.1/servers/b2211682-a230-4152-b0b5-65ccdf92259f 0.054s
2025-11-12 16:24:24.019 65724 INFO tempest.lib.common.rest_client [req-bfaf89f3-1501-400d-a534-cac1b63a4763 req-bfaf89f3-1501-400d-a534-cac1b63a4763 ] Request (InstanceActionsV221TestJSON:test_get_list_deleted_instance_actions): 200 GET http://10.180.1.21/compute/v2.1/servers/e7e1f12f-38b1-4274-8c24-403f73da1051 0.057s
2025-11-12 16:24:24.029 65760 INFO tempest.lib.common.rest_client [req-325aaa5f-1c03-4c67-8997-fed9c660ec38 req-325aaa5f-1c03-4c67-8997-fed9c660ec38 ] Request (ServerTagsTestJSON:tearDownClass): 200 GET http://10.180.1.21/compute/v2.1/servers/489decc5-bcc9-4220-bd75-73cbbcd13b72 0.125s
2025-11-12 16:24:24.069 65748 INFO tempest.lib.common.rest_client [req-6baa7852-c172-46a0-9bb2-cfb8bb655398 req-6baa7852-c172-46a0-9bb2-cfb8bb655398 ] Request (SecurityGroupsTestJSON:test_list_security_groups_by_server): 200 GET http://10.180.1.21/compute/v2.1/servers/9ea9086d-cbd6-436c-b44b-c1c74fca7db9 0.051s
2025-11-12 16:24:24.100 65767 INFO tempest.lib.common.rest_client [req-d9e5b841-a5ea-4e9e-9cb5-ca729210d48b req-d9e5b841-a5ea-4e9e-9cb5-ca729210d48b ] Request (ImagesOneServerNegativeTestJSON:_run_cleanups): 200 GET http://10.180.1.21/compute/v2.1/servers/351d37cf-12a5-4052-93e3-0d8fd04615f7 0.056s
2025-11-12 16:24:24.123 65765 INFO tempest.lib.common.rest_client [req-5b8e7b11-5f04-4ef0-92fe-bab641f3a5be req-5b8e7b11-5f04-4ef0-92fe-bab641f3a5be ] Request (ServerRescueNegativeTestJSON:setUpClass): 200 GET http://10.180.1.21/compute/v2.1/servers/1b0f1082-3892-480a-bf01-2d8ef2b27246 0.054s
2025-11-12 16:24:24.260 65734 INFO tempest.lib.common.rest_client [req-d7b2dc53-79af-4b62-a6a2-141ecaaec6ba req-d7b2dc53-79af-4b62-a6a2-141ecaaec6ba ] Request (ServerMetadataNegativeTestJSON:setUpClass): 200 GET http://10.180.1.21/compute/v2.1/servers/8c57a0dd-12c2-466d-a091-e81b0d7a2d61 0.062s
2025-11-12 16:24:24.287 65730 INFO tempest.lib.common.rest_client [req-b6f4e2aa-4b75-4ab7-afe0-4144228686e1 req-b6f4e2aa-4b75-4ab7-afe0-4144228686e1 ] Request (ServersTestJSON:_run_cleanups): 200 GET http://10.180.1.21/compute/v2.1/servers/30d247a4-f465-4373-8590-25c5307922a0 0.064s
2025-11-12 16:24:24.315 65744 INFO tempest.lib.common.rest_client [req-f739a830-1442-46a8-96f7-49e1977829d7 req-f739a830-1442-46a8-96f7-49e1977829d7 ] Request (ImagesTestJSON:test_create_server_from_snapshot): 200 GET http://10.180.1.21/compute/v2.1/servers/09cd039a-0bd2-4308-9e73-b640ad7d12d9 0.064s
2025-11-12 16:24:24.322 65744 INFO tempest.common.waiters [-] State transition "BUILD/scheduling" ==> "BUILD/None" after 6 second wait
2025-11-12 16:24:24.378 65753 INFO tempest.lib.common.rest_client [req-cd432c29-0d94-41bd-9b15-cb888131e661 req-cd432c29-0d94-41bd-9b15-cb888131e661 ] Request (DeleteServersTestJSON:test_delete_server_while_in_attached_volume): 200 GET http://10.180.1.21/volume/v3/volumes/3143c9a2-88a8-49a5-b7e8-52ea48190db9 0.026s
2025-11-12 16:24:24.384 65753 INFO tempest.common.waiters [-] volume 3143c9a2-88a8-49a5-b7e8-52ea48190db9 reached available after waiting for 1.384713 seconds
2025-11-12 16:24:24.408 65726 INFO tempest.lib.common.rest_client [req-79f61c84-1efe-49e0-a8fb-c6bb7f6d2ebc req-79f61c84-1efe-49e0-a8fb-c6bb7f6d2ebc ] Request (ServerDiskConfigTestJSON:test_resize_server_from_auto_to_manual): 200 GET http://10.180.1.21/compute/v2.1/servers/60454779-93ee-4887-8381-d106927cc834 0.056s
2025-11-12 16:24:24.505 65704 INFO tempest.lib.common.rest_client [req-c3ca84d7-4594-4c37-9c72-1f766622703f req-c3ca84d7-4594-4c37-9c72-1f766622703f ] Request (AttachVolumeShelveTestJSON:test_attach_volume_shelved_or_offload_server): 200 GET http://10.180.1.21/compute/v2.1/servers/438c5080-58bb-4c0d-a63d-07fb7a4bd768 0.124s
2025-11-12 16:24:24.580 65706 INFO tempest.lib.common.rest_client [req-e811ada1-5efa-4c5b-a0ff-f01220c7da03 req-e811ada1-5efa-4c5b-a0ff-f01220c7da03 ] Request (ServersTestMultiNic:_run_cleanups): 200 GET http://10.180.1.21/compute/v2.1/servers/0708bc0e-8e69-4ac4-b6e6-acd72704ac90 0.167s
2025-11-12 16:24:24.643 65702 INFO tempest.lib.common.rest_client [req-0156311f-11f4-444e-b20f-8e72160617ca req-0156311f-11f4-444e-b20f-8e72160617ca ] Request (ListServersNegativeTestJSON:tearDownClass): 200 GET http://10.180.1.21/compute/v2.1/servers/fe3405eb-a028-49dc-a4df-397b19bda9bd 0.151s
2025-11-12 16:24:24.744 65728 INFO tempest.lib.common.rest_client [req-a7ee100f-22ca-4e5a-b27c-639fff1c6ad8 req-a7ee100f-22ca-4e5a-b27c-639fff1c6ad8 ] Request (ListImageFiltersTestJSON:tearDownClass): 200 GET http://10.180.1.21/compute/v2.1/servers/51acd192-82e9-41ec-9a46-8492da137fed 0.251s
2025-11-12 16:24:24.799 65758 INFO tempest.lib.common.rest_client [req-c9963770-6572-4b61-b547-4490dc7eadca req-c9963770-6572-4b61-b547-4490dc7eadca ] Request (ServerActionsTestJSON:test_rebuild_server): 200 GET http://10.180.1.21/compute/v2.1/servers/b104291b-b7e5-4138-a374-89fa4c8bc558 0.245s
2025-11-12 16:24:24.852 65738 INFO tempest.lib.common.rest_client [req-49bc4b70-1419-4ade-8673-b53df5664a74 req-49bc4b70-1419-4ade-8673-b53df5664a74 ] Request (ServersWithSpecificFlavorTestJSON:test_verify_created_server_ephemeral_disk): 200 GET http://10.180.1.21/compute/v2.1/servers/a141644c-0a5d-409d-ada4-8961f5810a73 0.297s
2025-11-12 16:24:24.853 65716 INFO tempest.lib.common.rest_client [req-0d9b9dbf-b52d-42e3-a8a3-abf4d2d97495 req-0d9b9dbf-b52d-42e3-a8a3-abf4d2d97495 ] Request (VolumesAssistedSnapshotsTest:test_volume_assisted_snapshot_create_delete): 200 GET http://10.180.1.21/volume/v3/volumes/f837f232-fd24-4072-b268-8907f3063099 0.031s
2025-11-12 16:24:24.953 65722 INFO tempest.lib.common.rest_client [req-da920ab1-b13e-41d4-b342-f3b5f78c0d15 req-da920ab1-b13e-41d4-b342-f3b5f78c0d15 ] Request (MigrationsAdminTest:test_resize_server_revert_deleted_flavor): 200 GET http://10.180.1.21/compute/v2.1/servers/59b51c88-e272-4744-ab88-5c6d429b3d5a 0.173s
2025-11-12 16:24:25.042 65740 INFO tempest.lib.common.rest_client [req-cb389848-209b-4fed-be62-fbdca19b12d0 req-cb389848-209b-4fed-be62-fbdca19b12d0 ] Request (ServersListShow2100Test:tearDownClass): 200 GET http://10.180.1.21/compute/v2.1/servers/710ccfa3-6630-4a27-950b-83c8d4521523 0.251s
2025-11-12 16:24:25.106 65742 INFO tempest.lib.common.rest_client [req-2dfd46b0-a99e-4389-85d7-eac85315ecff req-2dfd46b0-a99e-4389-85d7-eac85315ecff ] Request (ServersAdminNegativeTestJSON:tearDownClass): 200 GET http://10.180.1.21/compute/v2.1/servers/0d62842e-e7f0-4f3d-96a0-7887bf728ae5 0.258s
2025-11-12 16:24:25.171 65746 INFO tempest.lib.common.rest_client [req-586d479c-28ba-4be1-97c6-3754cdfddf61 req-586d479c-28ba-4be1-97c6-3754cdfddf61 ] Request (ServerExternalEventsTest:tearDownClass): 200 GET http://10.180.1.21/compute/v2.1/servers/f4214b09-dd86-4702-a864-0be6591767e1 0.316s
2025-11-12 16:24:25.231 65750 INFO tempest.lib.common.rest_client [req-392883fc-853e-4826-9e96-6fc4ade95cbb req-392883fc-853e-4826-9e96-6fc4ade95cbb ] Request (ServersAdminTestJSON:tearDownClass): 200 GET http://10.180.1.21/compute/v2.1/servers/26390a09-cb1d-49cb-bad1-9525b6f2eb12 0.327s
2025-11-12 16:24:25.278 65708 WARNING tempest.lib.common.ssh [-] Failed to establish authenticated ssh connection to cirros@10.180.180.181 ([Errno None] Unable to connect to port 22 on 10.180.180.181). Number attempts: 7. Retry after 8 seconds.: paramiko.ssh_exception.NoValidConnectionsError: [Errno None] Unable to connect to port 22 on 10.180.180.181
2025-11-12 16:24:25.283 65712 INFO tempest.lib.common.rest_client [req-518bd2b9-dee3-4702-b897-46ca4b86edc9 req-518bd2b9-dee3-4702-b897-46ca4b86edc9 ] Request (ServersTestManualDisk:setUpClass): 200 GET http://10.180.1.21/compute/v2.1/servers/b2211682-a230-4152-b0b5-65ccdf92259f 0.333s
2025-11-12 16:24:25.345 65724 INFO tempest.lib.common.rest_client [req-25e4f9f6-f849-4a45-ae09-d55befb217a7 req-25e4f9f6-f849-4a45-ae09-d55befb217a7 ] Request (InstanceActionsV221TestJSON:test_get_list_deleted_instance_actions): 200 GET http://10.180.1.21/compute/v2.1/servers/e7e1f12f-38b1-4274-8c24-403f73da1051 0.317s
2025-11-12 16:24:25.401 65760 INFO tempest.lib.common.rest_client [req-18931b0b-9261-4e17-8a57-a4ba612b0782 req-18931b0b-9261-4e17-8a57-a4ba612b0782 ] Request (ServerTagsTestJSON:tearDownClass): 200 GET http://10.180.1.21/compute/v2.1/servers/489decc5-bcc9-4220-bd75-73cbbcd13b72 0.363s
2025-11-12 16:24:25.486 65748 INFO tempest.lib.common.rest_client [req-3c6c9229-8ebe-41b5-91ee-506462884e17 req-3c6c9229-8ebe-41b5-91ee-506462884e17 ] Request (SecurityGroupsTestJSON:test_list_security_groups_by_server): 200 GET http://10.180.1.21/compute/v2.1/servers/9ea9086d-cbd6-436c-b44b-c1c74fca7db9 0.409s
2025-11-12 16:24:25.553 65767 INFO tempest.lib.common.rest_client [req-cc6447a9-c7ad-4961-9a01-1dd3cba8ccf4 req-cc6447a9-c7ad-4961-9a01-1dd3cba8ccf4 ] Request (ImagesOneServerNegativeTestJSON:_run_cleanups): 200 GET http://10.180.1.21/compute/v2.1/servers/351d37cf-12a5-4052-93e3-0d8fd04615f7 0.445s
2025-11-12 16:24:25.608 65765 INFO tempest.lib.common.rest_client [req-fc60771e-1641-42bb-96bb-985b75c55619 req-fc60771e-1641-42bb-96bb-985b75c55619 ] Request (ServerRescueNegativeTestJSON:setUpClass): 200 GET http://10.180.1.21/compute/v2.1/servers/1b0f1082-3892-480a-bf01-2d8ef2b27246 0.477s
2025-11-12 16:24:25.659 65734 INFO tempest.lib.common.rest_client [req-2df047dc-1de9-4fd0-add4-0fd234d834f5 req-2df047dc-1de9-4fd0-add4-0fd234d834f5 ] Request (ServerMetadataNegativeTestJSON:setUpClass): 200 GET http://10.180.1.21/compute/v2.1/servers/8c57a0dd-12c2-466d-a091-e81b0d7a2d61 0.391s
2025-11-12 16:24:25.720 65730 INFO tempest.lib.common.rest_client [req-1b1358e0-4f66-4483-92a9-8faf24acd399 req-1b1358e0-4f66-4483-92a9-8faf24acd399 ] Request (ServersTestJSON:_run_cleanups): 200 GET http://10.180.1.21/compute/v2.1/servers/30d247a4-f465-4373-8590-25c5307922a0 0.426s
2025-11-12 16:24:25.773 65744 INFO tempest.lib.common.rest_client [req-8a761b10-5ef1-44fd-9bd6-cfc94c91ce67 req-8a761b10-5ef1-44fd-9bd6-cfc94c91ce67 ] Request (ImagesTestJSON:test_create_server_from_snapshot): 200 GET http://10.180.1.21/compute/v2.1/servers/09cd039a-0bd2-4308-9e73-b640ad7d12d9 0.449s
2025-11-12 16:24:25.827 65726 INFO tempest.lib.common.rest_client [req-5fdeae86-a83a-4fd9-9c1f-47e4dac94f53 req-5fdeae86-a83a-4fd9-9c1f-47e4dac94f53 ] Request (ServerDiskConfigTestJSON:test_resize_server_from_auto_to_manual): 200 GET http://10.180.1.21/compute/v2.1/servers/60454779-93ee-4887-8381-d106927cc834 0.412s
2025-11-12 16:24:25.898 65716 INFO tempest.lib.common.rest_client [req-5e023f71-ba85-4bd6-9851-ece06815687b req-5e023f71-ba85-4bd6-9851-ece06815687b ] Request (VolumesAssistedSnapshotsTest:test_volume_assisted_snapshot_create_delete): 200 GET http://10.180.1.21/volume/v3/volumes/f837f232-fd24-4072-b268-8907f3063099 0.030s
2025-11-12 16:24:25.904 65716 INFO tempest.common.waiters [-] Attachment 181169f9-1178-47fe-b55e-1cbf0238a135 created for volume f837f232-fd24-4072-b268-8907f3063099 to server aa57fe94-b1b8-4951-9bbf-f138ebb301af after waiting for 9.904842 seconds
2025-11-12 16:24:25.930 65716 INFO tempest.lib.common.rest_client [req-687d29c9-a628-44a2-a6e3-15f9884bfb50 req-687d29c9-a628-44a2-a6e3-15f9884bfb50 ] Request (VolumesAssistedSnapshotsTest:test_volume_assisted_snapshot_create_delete): 200 GET http://10.180.1.21/volume/v3/volumes/f837f232-fd24-4072-b268-8907f3063099 0.026s
2025-11-12 16:24:25.938 65716 INFO tempest.common.waiters [-] volume f837f232-fd24-4072-b268-8907f3063099 reached in-use after waiting for 0.938016 seconds
2025-11-12 16:24:25.941 65704 INFO tempest.lib.common.rest_client [req-9790c9ff-1d14-49e2-9e5d-1bad2d932daf req-9790c9ff-1d14-49e2-9e5d-1bad2d932daf ] Request (AttachVolumeShelveTestJSON:test_attach_volume_shelved_or_offload_server): 200 GET http://10.180.1.21/compute/v2.1/servers/438c5080-58bb-4c0d-a63d-07fb7a4bd768 0.426s
2025-11-12 16:24:26.005 65706 INFO tempest.lib.common.rest_client [req-f12ead4d-d154-474b-bb69-d2f3ef42e304 req-f12ead4d-d154-474b-bb69-d2f3ef42e304 ] Request (ServersTestMultiNic:_run_cleanups): 200 GET http://10.180.1.21/compute/v2.1/servers/0708bc0e-8e69-4ac4-b6e6-acd72704ac90 0.417s
2025-11-12 16:24:26.070 65753 INFO tempest.lib.common.rest_client [req-b57282ad-a64c-420d-8a9b-925fa6538d14 req-b57282ad-a64c-420d-8a9b-925fa6538d14 ] Request (DeleteServersTestJSON:test_delete_server_while_in_attached_volume): 200 POST http://10.180.1.21/compute/v2.1/servers/d6ace7c3-0432-44e5-83fe-e62f69ee1160/os-volume_attachments 1.685s
2025-11-12 16:24:26.073 65702 INFO tempest.lib.common.rest_client [req-9591e71d-5f96-47ff-91ab-a10628d12f41 req-9591e71d-5f96-47ff-91ab-a10628d12f41 ] Request (ListServersNegativeTestJSON:tearDownClass): 200 GET http://10.180.1.21/compute/v2.1/servers/fe3405eb-a028-49dc-a4df-397b19bda9bd 0.418s
2025-11-12 16:24:26.102 65753 INFO tempest.lib.common.rest_client [req-0f550789-512f-4c0a-965f-ad103a4582e9 req-0f550789-512f-4c0a-965f-ad103a4582e9 ] Request (DeleteServersTestJSON:test_delete_server_while_in_attached_volume): 200 GET http://10.180.1.21/volume/v3/volumes/3143c9a2-88a8-49a5-b7e8-52ea48190db9 0.030s
2025-11-12 16:24:26.175 65758 INFO tempest.lib.common.rest_client [req-3fcc4545-3fc5-4694-b4b1-6f0f0fa4e2d9 req-3fcc4545-3fc5-4694-b4b1-6f0f0fa4e2d9 ] Request (ServerActionsTestJSON:test_rebuild_server): 200 GET http://10.180.1.21/compute/v2.1/servers/b104291b-b7e5-4138-a374-89fa4c8bc558 0.368s
2025-11-12 16:24:26.206 65728 INFO tempest.lib.common.rest_client [req-ee53d09f-9cd4-4124-b747-c6cd24432782 req-ee53d09f-9cd4-4124-b747-c6cd24432782 ] Request (ListImageFiltersTestJSON:tearDownClass): 200 GET http://10.180.1.21/compute/v2.1/servers/51acd192-82e9-41ec-9a46-8492da137fed 0.452s
2025-11-12 16:24:26.238 65738 INFO tempest.lib.common.rest_client [req-60bb4d29-2bd2-4709-bc50-1f1dbc3d4d1d req-60bb4d29-2bd2-4709-bc50-1f1dbc3d4d1d ] Request (ServersWithSpecificFlavorTestJSON:test_verify_created_server_ephemeral_disk): 200 GET http://10.180.1.21/compute/v2.1/servers/a141644c-0a5d-409d-ada4-8961f5810a73 0.377s
2025-11-12 16:24:26.346 65722 INFO tempest.lib.common.rest_client [req-35ba27c4-195a-420a-bcb0-47f4bdfaec66 req-35ba27c4-195a-420a-bcb0-47f4bdfaec66 ] Request (MigrationsAdminTest:test_resize_server_revert_deleted_flavor): 200 GET http://10.180.1.21/compute/v2.1/servers/59b51c88-e272-4744-ab88-5c6d429b3d5a 0.385s
2025-11-12 16:24:26.400 65716 INFO tempest.lib.common.rest_client [req-e52e96ca-5989-416a-9bda-0caf7472cfc4 req-e52e96ca-5989-416a-9bda-0caf7472cfc4 ] Request (VolumesAssistedSnapshotsTest:test_volume_assisted_snapshot_create_delete): 200 POST http://10.180.1.21/compute/v2.1/os-assisted-volume-snapshots 0.462s
2025-11-12 16:24:26.425 65740 INFO tempest.lib.common.rest_client [req-94768d46-23cf-4cf0-bfea-fd6e7b8bbef6 req-94768d46-23cf-4cf0-bfea-fd6e7b8bbef6 ] Request (ServersListShow2100Test:tearDownClass): 200 GET http://10.180.1.21/compute/v2.1/servers/710ccfa3-6630-4a27-950b-83c8d4521523 0.370s
2025-11-12 16:24:26.470 65742 INFO tempest.lib.common.rest_client [req-df301b2b-65a5-4770-b888-6c4827fb1cc3 req-df301b2b-65a5-4770-b888-6c4827fb1cc3 ] Request (ServersAdminNegativeTestJSON:tearDownClass): 200 GET http://10.180.1.21/compute/v2.1/servers/0d62842e-e7f0-4f3d-96a0-7887bf728ae5 0.355s
2025-11-12 16:24:26.493 65750 INFO tempest.lib.common.rest_client [req-2c93917f-8b65-4198-b2c6-6c8353c0a5d9 req-2c93917f-8b65-4198-b2c6-6c8353c0a5d9 ] Request (ServersAdminTestJSON:tearDownClass): 404 GET http://10.180.1.21/compute/v2.1/servers/26390a09-cb1d-49cb-bad1-9525b6f2eb12 0.254s
2025-11-12 16:24:26.495 65746 INFO tempest.lib.common.rest_client [req-867dbae2-05ad-4bc6-9e94-1d4cbe8b6c5c req-867dbae2-05ad-4bc6-9e94-1d4cbe8b6c5c ] Request (ServerExternalEventsTest:tearDownClass): 200 GET http://10.180.1.21/compute/v2.1/servers/f4214b09-dd86-4702-a864-0be6591767e1 0.313s
2025-11-12 16:24:26.553 65712 INFO tempest.lib.common.rest_client [req-674869ed-376f-47fa-929b-3344318eb61b req-674869ed-376f-47fa-929b-3344318eb61b ] Request (ServersTestManualDisk:setUpClass): 200 GET http://10.180.1.21/compute/v2.1/servers/b2211682-a230-4152-b0b5-65ccdf92259f 0.262s
2025-11-12 16:24:26.561 65724 INFO tempest.lib.common.rest_client [req-5787303a-f3eb-4bd5-a5af-bbe01701a6c9 req-5787303a-f3eb-4bd5-a5af-bbe01701a6c9 ] Request (InstanceActionsV221TestJSON:test_get_list_deleted_instance_actions): 200 GET http://10.180.1.21/compute/v2.1/servers/e7e1f12f-38b1-4274-8c24-403f73da1051 0.207s
2025-11-12 16:24:26.573 65716 INFO tempest.lib.common.rest_client [req-697e4dea-5a01-4ac7-a854-bdf218221547 req-697e4dea-5a01-4ac7-a854-bdf218221547 ] Request (VolumesAssistedSnapshotsTest:test_volume_assisted_snapshot_create_delete): 204 DELETE http://10.180.1.21/compute/v2.1/os-assisted-volume-snapshots/None?delete_info=%7B%22volume_id%22%3A+%22f837f232-fd24-4072-b268-8907f3063099%22%7D 0.172s
2025-11-12 16:24:26.605 65716 INFO tempest.lib.common.rest_client [req-b0fa1ab9-4ee4-477e-a088-fe05d851602e req-b0fa1ab9-4ee4-477e-a088-fe05d851602e ] Request (VolumesAssistedSnapshotsTest:_run_cleanups): 200 GET http://10.180.1.21/volume/v3/volumes/f837f232-fd24-4072-b268-8907f3063099 0.032s
2025-11-12 16:24:26.619 65760 INFO tempest.lib.common.rest_client [req-504de2b5-5f15-4b77-afdb-cfbb099b7584 req-504de2b5-5f15-4b77-afdb-cfbb099b7584 ] Request (ServerTagsTestJSON:tearDownClass): 200 GET http://10.180.1.21/compute/v2.1/servers/489decc5-bcc9-4220-bd75-73cbbcd13b72 0.208s
2025-11-12 16:24:26.627 65760 INFO tempest.common.waiters [-] State transition "ACTIVE/deleting" ==> "DELETED/None" after 4 second wait
2025-11-12 16:24:26.660 65750 INFO tempest.lib.common.rest_client [req-4a6567af-dd28-4670-ab78-0c6e43bad08f req-4a6567af-dd28-4670-ab78-0c6e43bad08f ] Request (ServersAdminTestJSON:tearDownClass): 204 DELETE http://10.180.1.21/compute/v2.1/servers/0e8fa9ff-f6f8-4040-82a7-9d6f6b5f803b 0.166s
2025-11-12 16:24:26.675 65748 INFO tempest.lib.common.rest_client [req-69656ec1-3225-4ef6-9980-0166d9f98185 req-69656ec1-3225-4ef6-9980-0166d9f98185 ] Request (SecurityGroupsTestJSON:test_list_security_groups_by_server): 200 GET http://10.180.1.21/compute/v2.1/servers/9ea9086d-cbd6-436c-b44b-c1c74fca7db9 0.180s
2025-11-12 16:24:26.713 65767 INFO tempest.lib.common.rest_client [req-b44a9d26-2867-4140-9e13-93721633ef08 req-b44a9d26-2867-4140-9e13-93721633ef08 ] Request (ImagesOneServerNegativeTestJSON:_run_cleanups): 200 GET http://10.180.1.21/compute/v2.1/servers/351d37cf-12a5-4052-93e3-0d8fd04615f7 0.151s
2025-11-12 16:24:26.769 65765 INFO tempest.lib.common.rest_client [req-b8bba578-15be-4aaa-9748-bd07d1c73b7f req-b8bba578-15be-4aaa-9748-bd07d1c73b7f ] Request (ServerRescueNegativeTestJSON:setUpClass): 200 GET http://10.180.1.21/compute/v2.1/servers/1b0f1082-3892-480a-bf01-2d8ef2b27246 0.153s
2025-11-12 16:24:26.804 65716 INFO tempest.lib.common.rest_client [req-46903510-9be7-4b4b-8588-349b908d3615 req-46903510-9be7-4b4b-8588-349b908d3615 ] Request (VolumesAssistedSnapshotsTest:_run_cleanups): 202 DELETE http://10.180.1.21/compute/v2.1/servers/aa57fe94-b1b8-4951-9bbf-f138ebb301af/os-volume_attachments/f837f232-fd24-4072-b268-8907f3063099 0.191s
2025-11-12 16:24:26.824 65714 WARNING tempest.lib.common.ssh [-] Failed to establish authenticated ssh connection to cirros@10.180.180.191 ([Errno None] Unable to connect to port 22 on 10.180.180.191). Number attempts: 5. Retry after 6 seconds.: paramiko.ssh_exception.NoValidConnectionsError: [Errno None] Unable to connect to port 22 on 10.180.180.191
2025-11-12 16:24:26.881 65734 INFO tempest.lib.common.rest_client [req-ad8b7f47-a9d3-42ec-8440-a3fb312bdb4f req-ad8b7f47-a9d3-42ec-8440-a3fb312bdb4f ] Request (ServerMetadataNegativeTestJSON:setUpClass): 200 GET http://10.180.1.21/compute/v2.1/servers/8c57a0dd-12c2-466d-a091-e81b0d7a2d61 0.215s
2025-11-12 16:24:26.910 65750 INFO tempest.lib.common.rest_client [req-c621a997-293b-4638-9994-53d2a91abac4 req-c621a997-293b-4638-9994-53d2a91abac4 ] Request (ServersAdminTestJSON:tearDownClass): 200 GET http://10.180.1.21/compute/v2.1/servers/0e8fa9ff-f6f8-4040-82a7-9d6f6b5f803b 0.249s
2025-11-12 16:24:26.938 65730 INFO tempest.lib.common.rest_client [req-bf3145d2-c2a5-4f2b-9777-9ccc9baa29dd req-bf3145d2-c2a5-4f2b-9777-9ccc9baa29dd ] Request (ServersTestJSON:_run_cleanups): 200 GET http://10.180.1.21/compute/v2.1/servers/30d247a4-f465-4373-8590-25c5307922a0 0.210s
2025-11-12 16:24:26.959 65744 INFO tempest.lib.common.rest_client [req-a3d5502a-5ba5-4930-8319-cd0ed4aff316 req-a3d5502a-5ba5-4930-8319-cd0ed4aff316 ] Request (ImagesTestJSON:test_create_server_from_snapshot): 200 GET http://10.180.1.21/compute/v2.1/servers/09cd039a-0bd2-4308-9e73-b640ad7d12d9 0.178s
2025-11-12 16:24:26.976 65716 INFO tempest.lib.common.rest_client [req-11c01107-fd1e-407e-ab16-44840d1e1f78 req-11c01107-fd1e-407e-ab16-44840d1e1f78 ] Request (VolumesAssistedSnapshotsTest:_run_cleanups): 200 GET http://10.180.1.21/compute/v2.1/servers/aa57fe94-b1b8-4951-9bbf-f138ebb301af/os-volume_attachments 0.172s
2025-11-12 16:24:27.013 65726 INFO tempest.lib.common.rest_client [req-50db508c-2d4e-4d2c-9417-8d1d772b6971 req-50db508c-2d4e-4d2c-9417-8d1d772b6971 ] Request (ServerDiskConfigTestJSON:test_resize_server_from_auto_to_manual): 200 GET http://10.180.1.21/compute/v2.1/servers/60454779-93ee-4887-8381-d106927cc834 0.178s
2025-11-12 16:24:27.074 65706 INFO tempest.lib.common.rest_client [req-2b56150c-f48d-406a-9afc-eaa82f9dfbc7 req-2b56150c-f48d-406a-9afc-eaa82f9dfbc7 ] Request (ServersTestMultiNic:_run_cleanups): 200 GET http://10.180.1.21/compute/v2.1/servers/0708bc0e-8e69-4ac4-b6e6-acd72704ac90 0.058s
2025-11-12 16:24:27.099 65704 INFO tempest.lib.common.rest_client [req-60d50206-a7cf-4399-9e53-4518115ba24d req-60d50206-a7cf-4399-9e53-4518115ba24d ] Request (AttachVolumeShelveTestJSON:test_attach_volume_shelved_or_offload_server): 200 GET http://10.180.1.21/compute/v2.1/servers/438c5080-58bb-4c0d-a63d-07fb7a4bd768 0.149s
