2025-11-12 16:23:44.265 65732 INFO tempest.lib.common.rest_client [req-6dd0d547-13e8-475f-bf65-100d1da4b037 req-6dd0d547-13e8-475f-bf65-100d1da4b037 ] Request (TenantUsagesTestJSON:tearDownClass): 200 GET http://10.180.1.21/compute/v2.1/servers/ab068dc7-6c8b-4714-82be-a0975a8aca60 0.299s
2025-11-12 16:23:44.320 65753 INFO tempest.lib.common.rest_client [req-7680be5a-4f61-46c5-87f6-2cad92e32b71 req-7680be5a-4f61-46c5-87f6-2cad92e32b71 ] Request (DeleteServersTestJSON:test_delete_server_while_in_attached_volume): 200 GET http://10.180.1.21/compute/v2.1/servers/d6ace7c3-0432-44e5-83fe-e62f69ee1160 0.300s
2025-11-12 16:23:44.331 65748 INFO tempest.lib.common.rest_client [req-f1d1ab02-4867-4323-b53b-d2c74f269469 req-f1d1ab02-4867-4323-b53b-d2c74f269469 ] Request (SecurityGroupsTestJSON:test_list_security_groups_by_server): 200 GET http://10.180.1.21/compute/v2.1/servers/9ea9086d-cbd6-436c-b44b-c1c74fca7db9 0.213s
2025-11-12 16:23:44.370 65765 INFO tempest.lib.common.rest_client [req-82320d2a-cc1d-436f-8449-307924310fe7 req-82320d2a-cc1d-436f-8449-307924310fe7 ] Request (ServerRescueNegativeTestJSON:setUpClass): 200 GET http://10.180.1.21/compute/v2.1/servers/1b0f1082-3892-480a-bf01-2d8ef2b27246 0.184s
2025-11-12 16:23:44.386 65734 INFO tempest.lib.common.rest_client [req-7caf1e0f-f73d-4b35-91aa-bfb0fdc21302 req-7caf1e0f-f73d-4b35-91aa-bfb0fdc21302 ] Request (ServerMetadataNegativeTestJSON:setUpClass): 200 GET http://10.180.1.21/compute/v2.1/servers/8c57a0dd-12c2-466d-a091-e81b0d7a2d61 0.171s
2025-11-12 16:23:44.485 65730 INFO tempest.lib.common.rest_client [req-eff4031c-b6aa-462e-b7eb-8dd6561bfedd req-eff4031c-b6aa-462e-b7eb-8dd6561bfedd ] Request (ServersTestJSON:test_create_server_with_ipv6_addr_only): 200 GET http://10.180.1.21/compute/v2.1/servers/30d247a4-f465-4373-8590-25c5307922a0 0.201s
2025-11-12 16:23:44.512 65718 INFO tempest.lib.common.rest_client [req-d256b4b4-6fbc-4824-b3aa-accd2882b7d8 req-d256b4b4-6fbc-4824-b3aa-accd2882b7d8 ] Request (AttachInterfacesTestJSON:test_create_list_show_delete_interfaces_by_fixed_ip): 200 GET http://10.180.1.21/compute/v2.1/servers/34fe31ff-f366-4e5b-892a-f28f56cccb03 0.275s
2025-11-12 16:23:44.522 65718 INFO tempest.common.waiters [-] State transition "BUILD/spawning" ==> "ACTIVE/None" after 61 second wait
2025-11-12 16:23:44.594 65767 INFO tempest.lib.common.rest_client [req-d80aeecc-9e05-441f-8ac7-ebe2cbf6f3eb req-d80aeecc-9e05-441f-8ac7-ebe2cbf6f3eb ] Request (ImagesOneServerNegativeTestJSON:_run_cleanups): 200 GET http://10.180.1.21/compute/v2.1/servers/8b656113-0edd-493a-b421-40b5f99252aa 0.280s
2025-11-12 16:23:44.611 65702 INFO tempest.lib.common.rest_client [req-dfcf5ab4-f2ae-45f3-acfa-1bf1b8961661 req-dfcf5ab4-f2ae-45f3-acfa-1bf1b8961661 ] Request (ListServersNegativeTestJSON:tearDownClass): 200 GET http://10.180.1.21/compute/v2.1/servers/fe3405eb-a028-49dc-a4df-397b19bda9bd 0.211s
2025-11-12 16:23:44.856 65744 INFO tempest.lib.common.rest_client [req-e84d0b20-3713-47e3-8f61-7644ce4c1513 req-e84d0b20-3713-47e3-8f61-7644ce4c1513 ] Request (ImagesTestJSON:test_create_image_from_suspended_server): 200 GET http://10.180.1.21/compute/v2.1/servers/966fae5b-1c72-4717-b818-ca418f32e146 0.427s
2025-11-12 16:23:44.884 65724 INFO tempest.lib.common.rest_client [req-c3291a17-ea50-47ee-a585-4388c8edf04a req-c3291a17-ea50-47ee-a585-4388c8edf04a ] Request (InstanceActionsV221TestJSON:test_get_list_deleted_instance_actions): 200 GET http://10.180.1.21/compute/v2.1/servers/e7e1f12f-38b1-4274-8c24-403f73da1051 0.427s
2025-11-12 16:23:44.893 65724 INFO tempest.common.waiters [-] State transition "BUILD/networking" ==> "BUILD/block_device_mapping" after 51 second wait
2025-11-12 16:23:44.911 65726 INFO tempest.lib.common.rest_client [req-35952cf1-5113-4edf-aa09-5b6cb19b0f23 req-35952cf1-5113-4edf-aa09-5b6cb19b0f23 ] Request (ServerDiskConfigTestJSON:test_resize_server_from_auto_to_manual): 200 GET http://10.180.1.21/compute/v2.1/servers/60454779-93ee-4887-8381-d106927cc834 0.405s
2025-11-12 16:23:44.950 65718 INFO tempest.lib.common.rest_client [req-949f08f4-0738-43a0-8c1f-e30b572e0cf2 req-949f08f4-0738-43a0-8c1f-e30b572e0cf2 ] Request (AttachInterfacesTestJSON:test_create_list_show_delete_interfaces_by_fixed_ip): 200 GET http://10.180.1.21/compute/v2.1/servers/34fe31ff-f366-4e5b-892a-f28f56cccb03/os-interface 0.427s
2025-11-12 16:23:45.476 65718 INFO tempest.lib.common.rest_client [req-b7cac808-25d8-4946-98be-94c3742432b4 req-b7cac808-25d8-4946-98be-94c3742432b4 ] Request (AttachInterfacesTestJSON:test_create_list_show_delete_interfaces_by_fixed_ip): 200 PUT http://10.180.1.21/networking/v2.0/floatingips/4c625d1e-8ad0-434c-a199-80a0351b91e2 0.524s
2025-11-12 16:23:45.504 65740 INFO tempest.lib.common.rest_client [req-4a292fd9-afb7-426e-8d1c-24eb0d09dfc4 req-4a292fd9-afb7-426e-8d1c-24eb0d09dfc4 ] Request (ServersListShow2100Test:tearDownClass): 200 GET http://10.180.1.21/compute/v2.1/servers/710ccfa3-6630-4a27-950b-83c8d4521523 0.977s
2025-11-12 16:23:45.521 65712 INFO tempest.lib.common.rest_client [req-6a1d9b0d-7b9a-465d-ab20-5391f3a38c7b req-6a1d9b0d-7b9a-465d-ab20-5391f3a38c7b ] Request (AttachInterfacesUnderV243Test:_run_cleanups): 200 GET http://10.180.1.21/compute/v2.1/servers/98aa1eb1-bf0b-4fbb-9de3-14c6558be084 0.949s
2025-11-12 16:23:45.684 65714 INFO tempest.lib.common.rest_client [req-293d81df-e41d-4b30-aee0-7c947d3fff4a req-293d81df-e41d-4b30-aee0-7c947d3fff4a ] Request (AttachVolumeTestJSON:test_attach_detach_volume): 200 GET http://10.180.1.21/compute/v2.1/servers/ac983033-f8c3-4ed7-9b1a-601f6af5705e 1.008s
2025-11-12 16:23:45.702 65742 INFO tempest.lib.common.rest_client [req-47909f9e-2a1e-40ce-b6c7-04c55ed4679b req-47909f9e-2a1e-40ce-b6c7-04c55ed4679b ] Request (ServersAdminNegativeTestJSON:tearDownClass): 200 GET http://10.180.1.21/compute/v2.1/servers/24110495-0b63-41e2-aef6-17a014661ece 1.101s
2025-11-12 16:23:45.746 65706 INFO tempest.lib.common.rest_client [req-4d00d253-c04e-4ba2-9ec8-0b3b94c42e12 req-4d00d253-c04e-4ba2-9ec8-0b3b94c42e12 ] Request (ServersTestMultiNic:test_verify_duplicate_network_nics): 200 GET http://10.180.1.21/compute/v2.1/servers/0708bc0e-8e69-4ac4-b6e6-acd72704ac90 1.063s
2025-11-12 16:23:45.774 65762 INFO tempest.lib.common.rest_client [req-1e930bd5-12e6-4a9b-beac-0797b1d1dcb6 req-1e930bd5-12e6-4a9b-beac-0797b1d1dcb6 ] Request (ServerGroupTestJSON:_run_cleanups): 200 GET http://10.180.1.21/compute/v2.1/servers/fd96a280-83cc-49e1-82f3-7199d8338001 1.013s
2025-11-12 16:23:45.807 65738 INFO tempest.lib.common.rest_client [req-6485915c-51b5-4c54-b4f3-57183aadbba2 req-6485915c-51b5-4c54-b4f3-57183aadbba2 ] Request (ServersWithSpecificFlavorTestJSON:test_verify_created_server_ephemeral_disk): 200 GET http://10.180.1.21/compute/v2.1/servers/a141644c-0a5d-409d-ada4-8961f5810a73 1.029s
2025-11-12 16:23:45.840 65746 INFO tempest.lib.common.rest_client [req-5a3e4bdd-b675-469c-ba27-b7b0b4300de3 req-5a3e4bdd-b675-469c-ba27-b7b0b4300de3 ] Request (ServerExternalEventsTest:tearDownClass): 200 GET http://10.180.1.21/compute/v2.1/servers/f4214b09-dd86-4702-a864-0be6591767e1 0.939s
2025-11-12 16:23:45.880 65750 INFO tempest.lib.common.rest_client [req-ea3a6fa3-3201-4612-9964-07266e217ce5 req-ea3a6fa3-3201-4612-9964-07266e217ce5 ] Request (ServersAdminTestJSON:tearDownClass): 200 GET http://10.180.1.21/compute/v2.1/servers/26390a09-cb1d-49cb-bad1-9525b6f2eb12 0.845s
2025-11-12 16:23:45.889 65728 INFO tempest.lib.common.rest_client [req-4a0c64b3-345f-4353-8cdf-ec5936a1c0e5 req-4a0c64b3-345f-4353-8cdf-ec5936a1c0e5 ] Request (ListImageFiltersTestJSON:setUpClass): 200 GET http://10.180.1.21/compute/v2.1/images/ef58341d-8109-4fa1-b65a-3f8d094ea8f1 0.820s
2025-11-12 16:23:45.949 65760 INFO tempest.lib.common.rest_client [req-5efb8f95-3817-4c74-bb86-fc12b96ba9bb req-5efb8f95-3817-4c74-bb86-fc12b96ba9bb ] Request (ServerTagsTestJSON:setUpClass): 200 GET http://10.180.1.21/compute/v2.1/servers/489decc5-bcc9-4220-bd75-73cbbcd13b72 0.812s
2025-11-12 16:23:45.979 65708 WARNING tempest.lib.common.ssh [-] Failed to establish authenticated ssh connection to cirros@10.180.180.181 ([Errno None] Unable to connect to port 22 on 10.180.180.181). Number attempts: 1. Retry after 2 seconds.: paramiko.ssh_exception.NoValidConnectionsError: [Errno None] Unable to connect to port 22 on 10.180.180.181
2025-11-12 16:23:46.021 65732 INFO tempest.lib.common.rest_client [req-3021bcae-1cba-43cc-b07c-0306955e02a4 req-3021bcae-1cba-43cc-b07c-0306955e02a4 ] Request (TenantUsagesTestJSON:tearDownClass): 200 GET http://10.180.1.21/compute/v2.1/servers/ab068dc7-6c8b-4714-82be-a0975a8aca60 0.740s
2025-11-12 16:23:46.043 65722 INFO tempest.lib.common.rest_client [req-4d7bbb88-1688-4ef1-84e5-4ceefd090906 req-4d7bbb88-1688-4ef1-84e5-4ceefd090906 ] Request (MigrationsAdminTest:test_resize_server_revert_deleted_flavor): 200 GET http://10.180.1.21/compute/v2.1/servers/59b51c88-e272-4744-ab88-5c6d429b3d5a 0.769s
2025-11-12 16:23:46.073 65753 INFO tempest.lib.common.rest_client [req-dd11c3cc-0c3e-41c2-9eeb-ff8725700a99 req-dd11c3cc-0c3e-41c2-9eeb-ff8725700a99 ] Request (DeleteServersTestJSON:test_delete_server_while_in_attached_volume): 200 GET http://10.180.1.21/compute/v2.1/servers/d6ace7c3-0432-44e5-83fe-e62f69ee1160 0.743s
2025-11-12 16:23:46.098 65748 INFO tempest.lib.common.rest_client [req-1fc81d40-f1c4-4009-8c64-8571ac01c455 req-1fc81d40-f1c4-4009-8c64-8571ac01c455 ] Request (SecurityGroupsTestJSON:test_list_security_groups_by_server): 200 GET http://10.180.1.21/compute/v2.1/servers/9ea9086d-cbd6-436c-b44b-c1c74fca7db9 0.755s
2025-11-12 16:23:46.130 65765 INFO tempest.lib.common.rest_client [req-788bfb9b-873d-4e4d-b5cd-b151c4f0290d req-788bfb9b-873d-4e4d-b5cd-b151c4f0290d ] Request (ServerRescueNegativeTestJSON:setUpClass): 200 GET http://10.180.1.21/compute/v2.1/servers/1b0f1082-3892-480a-bf01-2d8ef2b27246 0.747s
2025-11-12 16:23:46.146 65734 INFO tempest.lib.common.rest_client [req-ef27a1e0-e355-42d8-8b3a-a272243258c6 req-ef27a1e0-e355-42d8-8b3a-a272243258c6 ] Request (ServerMetadataNegativeTestJSON:setUpClass): 200 GET http://10.180.1.21/compute/v2.1/servers/8c57a0dd-12c2-466d-a091-e81b0d7a2d61 0.751s
2025-11-12 16:23:46.201 65730 INFO tempest.lib.common.rest_client [req-3bcd9ef3-9b62-4f03-a048-a7f51a0f51b6 req-3bcd9ef3-9b62-4f03-a048-a7f51a0f51b6 ] Request (ServersTestJSON:test_create_server_with_ipv6_addr_only): 200 GET http://10.180.1.21/compute/v2.1/servers/30d247a4-f465-4373-8590-25c5307922a0 0.708s
2025-11-12 16:23:46.234 65718 INFO tempest.lib.common.rest_client [req-cc6337d5-8098-4aeb-a018-b51758b9e57b req-cc6337d5-8098-4aeb-a018-b51758b9e57b ] Request (AttachInterfacesTestJSON:test_create_list_show_delete_interfaces_by_fixed_ip): 200 GET http://10.180.1.21/compute/v2.1/servers/34fe31ff-f366-4e5b-892a-f28f56cccb03 0.757s
2025-11-12 16:23:46.242 65718 INFO tempest.lib.common.ssh [-] Creating ssh connection to '10.180.180.128:22' as 'cirros' with public key authentication
2025-11-12 16:23:46.280 65767 INFO tempest.lib.common.rest_client [req-4ac9c8ce-3f48-47db-b4a1-1550f8ec6dc7 req-4ac9c8ce-3f48-47db-b4a1-1550f8ec6dc7 ] Request (ImagesOneServerNegativeTestJSON:_run_cleanups): 200 GET http://10.180.1.21/compute/v2.1/servers/8b656113-0edd-493a-b421-40b5f99252aa 0.675s
2025-11-12 16:23:46.299 65702 INFO tempest.lib.common.rest_client [req-d02e294b-3d9d-4e87-b15c-b141cef77aec req-d02e294b-3d9d-4e87-b15c-b141cef77aec ] Request (ListServersNegativeTestJSON:tearDownClass): 200 GET http://10.180.1.21/compute/v2.1/servers/fe3405eb-a028-49dc-a4df-397b19bda9bd 0.671s
2025-11-12 16:23:46.415 65724 INFO tempest.lib.common.rest_client [req-7ba9a138-cb1e-452a-bffc-1c95b8b57895 req-7ba9a138-cb1e-452a-bffc-1c95b8b57895 ] Request (InstanceActionsV221TestJSON:test_get_list_deleted_instance_actions): 200 GET http://10.180.1.21/compute/v2.1/servers/e7e1f12f-38b1-4274-8c24-403f73da1051 0.521s
2025-11-12 16:23:46.424 65724 INFO tempest.common.waiters [-] State transition "BUILD/block_device_mapping" ==> "BUILD/spawning" after 53 second wait
2025-11-12 16:23:46.433 65744 INFO tempest.lib.common.rest_client [req-fe445ccc-c723-42fc-877e-b30e80e39d6b req-fe445ccc-c723-42fc-877e-b30e80e39d6b ] Request (ImagesTestJSON:test_create_image_from_suspended_server): 200 GET http://10.180.1.21/compute/v2.1/servers/966fae5b-1c72-4717-b818-ca418f32e146 0.569s
2025-11-12 16:23:46.450 65758 WARNING tempest.lib.common.ssh [-] Failed to establish authenticated ssh connection to cirros@10.180.180.139 ([Errno None] Unable to connect to port 22 on 10.180.180.139). Number attempts: 4. Retry after 5 seconds.: paramiko.ssh_exception.NoValidConnectionsError: [Errno None] Unable to connect to port 22 on 10.180.180.139
2025-11-12 16:23:46.483 65726 INFO tempest.lib.common.rest_client [req-aee30657-caf8-4d68-b62b-c0aa9cb4e424 req-aee30657-caf8-4d68-b62b-c0aa9cb4e424 ] Request (ServerDiskConfigTestJSON:test_resize_server_from_auto_to_manual): 200 GET http://10.180.1.21/compute/v2.1/servers/60454779-93ee-4887-8381-d106927cc834 0.563s
2025-11-12 16:23:46.556 65712 INFO tempest.lib.common.rest_client [req-4d94377d-edaf-490d-93e4-1a613481c965 req-4d94377d-edaf-490d-93e4-1a613481c965 ] Request (AttachInterfacesUnderV243Test:_run_cleanups): 404 GET http://10.180.1.21/compute/v2.1/servers/98aa1eb1-bf0b-4fbb-9de3-14c6558be084 0.023s
2025-11-12 16:23:46.575 65712 INFO tempest.lib.common.rest_client [req-99e76e43-02c7-4ec4-952e-781fd4b6a53a req-99e76e43-02c7-4ec4-952e-781fd4b6a53a ] Request (AttachInterfacesUnderV243Test:_run_cleanups): 202 DELETE http://10.180.1.21/compute/v2.1/os-keypairs/tempest-keypair-1988446222 0.019s
2025-11-12 16:23:46.602 65740 INFO tempest.lib.common.rest_client [req-1b88ccb0-84c4-4de3-a1d5-a9ca7718e60c req-1b88ccb0-84c4-4de3-a1d5-a9ca7718e60c ] Request (ServersListShow2100Test:tearDownClass): 200 GET http://10.180.1.21/compute/v2.1/servers/710ccfa3-6630-4a27-950b-83c8d4521523 0.081s
2025-11-12 16:23:46.672 65712 INFO tempest.lib.common.rest_client [req-41a39b3c-573a-4f50-b1ce-604c7e3e0244 req-41a39b3c-573a-4f50-b1ce-604c7e3e0244 ] Request (AttachInterfacesUnderV243Test:_run_cleanups): 204 DELETE http://10.180.1.21/networking/v2.0/security-groups/703826e2-1d66-436e-9721-f997727e26c4 0.096s
2025-11-12 16:23:46.683 65712 INFO tempest.lib.common.rest_client [req-5baf2f5b-c1b9-4952-9763-5c61345b1a1d req-5baf2f5b-c1b9-4952-9763-5c61345b1a1d ] Request (AttachInterfacesUnderV243Test:_run_cleanups): 404 GET http://10.180.1.21/networking/v2.0/security-groups/703826e2-1d66-436e-9721-f997727e26c4 0.010s
2025-11-12 16:23:46.785 65714 INFO tempest.lib.common.rest_client [req-cb8c791e-0c13-48f7-9602-832ac44a1f95 req-cb8c791e-0c13-48f7-9602-832ac44a1f95 ] Request (AttachVolumeTestJSON:test_attach_detach_volume): 200 GET http://10.180.1.21/compute/v2.1/servers/ac983033-f8c3-4ed7-9b1a-601f6af5705e 0.091s
2025-11-12 16:23:46.827 65742 INFO tempest.lib.common.rest_client [req-41e07926-5212-40d1-ab97-e23c2d7a77de req-41e07926-5212-40d1-ab97-e23c2d7a77de ] Request (ServersAdminNegativeTestJSON:tearDownClass): 200 GET http://10.180.1.21/compute/v2.1/servers/24110495-0b63-41e2-aef6-17a014661ece 0.112s
2025-11-12 16:23:46.879 65706 INFO tempest.lib.common.rest_client [req-e4622ba0-771e-4b7f-b5d8-cb1859229caa req-e4622ba0-771e-4b7f-b5d8-cb1859229caa ] Request (ServersTestMultiNic:test_verify_duplicate_network_nics): 200 GET http://10.180.1.21/compute/v2.1/servers/0708bc0e-8e69-4ac4-b6e6-acd72704ac90 0.121s
2025-11-12 16:23:46.911 65712 INFO tempest.lib.common.rest_client [req-9e81135f-d005-4336-9665-98cd567b9cd9 req-9e81135f-d005-4336-9665-98cd567b9cd9 ] Request (AttachInterfacesUnderV243Test:_run_cleanups): 204 DELETE http://10.180.1.21/networking/v2.0/floatingips/71a4c66c-8753-43cf-97f2-44c7460b0b61 0.228s
2025-11-12 16:23:46.933 65762 INFO tempest.lib.common.rest_client [req-ecd0495e-fb5d-4c5e-91f5-42f5608015e9 req-ecd0495e-fb5d-4c5e-91f5-42f5608015e9 ] Request (ServerGroupTestJSON:_run_cleanups): 200 GET http://10.180.1.21/compute/v2.1/servers/fd96a280-83cc-49e1-82f3-7199d8338001 0.142s
2025-11-12 16:23:46.934 65738 INFO tempest.lib.common.rest_client [req-8b164296-5d32-41c1-8d4f-ff377dd97386 req-8b164296-5d32-41c1-8d4f-ff377dd97386 ] Request (ServersWithSpecificFlavorTestJSON:test_verify_created_server_ephemeral_disk): 200 GET http://10.180.1.21/compute/v2.1/servers/a141644c-0a5d-409d-ada4-8961f5810a73 0.115s
2025-11-12 16:23:46.941 65738 INFO tempest.common.waiters [-] State transition "BUILD/scheduling" ==> "BUILD/None" after 18 second wait
2025-11-12 16:23:46.990 65746 INFO tempest.lib.common.rest_client [req-e43a4fc8-faca-4159-a5eb-dae590d20703 req-e43a4fc8-faca-4159-a5eb-dae590d20703 ] Request (ServerExternalEventsTest:tearDownClass): 200 GET http://10.180.1.21/compute/v2.1/servers/f4214b09-dd86-4702-a864-0be6591767e1 0.141s
2025-11-12 16:23:47.004 65750 INFO tempest.lib.common.rest_client [req-6ac7712f-da44-4b48-8a08-dfc70e7d7f7b req-6ac7712f-da44-4b48-8a08-dfc70e7d7f7b ] Request (ServersAdminTestJSON:tearDownClass): 200 GET http://10.180.1.21/compute/v2.1/servers/26390a09-cb1d-49cb-bad1-9525b6f2eb12 0.114s
2025-11-12 16:23:47.022 65712 INFO tempest.lib.common.rest_client [req-795d128a-2c8c-473d-874e-6c22846b7e3a req-795d128a-2c8c-473d-874e-6c22846b7e3a ] Request (AttachInterfacesUnderV243Test:tearDownClass): 404 DELETE http://10.180.1.21/compute/v2.1/servers/98aa1eb1-bf0b-4fbb-9de3-14c6558be084 0.109s
2025-11-12 16:23:47.029 65728 INFO tempest.lib.common.rest_client [req-a9e629ad-6062-440f-8f07-29352ad8f4dd req-a9e629ad-6062-440f-8f07-29352ad8f4dd ] Request (ListImageFiltersTestJSON:setUpClass): 200 GET http://10.180.1.21/compute/v2.1/images/ef58341d-8109-4fa1-b65a-3f8d094ea8f1 0.135s
2025-11-12 16:23:47.058 65712 INFO tempest.lib.common.rest_client [req-7cc317b8-a3a6-464f-8888-0c67ab36da86 req-7cc317b8-a3a6-464f-8888-0c67ab36da86 ] Request (AttachInterfacesUnderV243Test:tearDownClass): 404 GET http://10.180.1.21/compute/v2.1/servers/98aa1eb1-bf0b-4fbb-9de3-14c6558be084 0.035s
2025-11-12 16:23:47.079 65760 INFO tempest.lib.common.rest_client [req-06c6edab-1c5b-492d-be4e-05c9a4e2ff03 req-06c6edab-1c5b-492d-be4e-05c9a4e2ff03 ] Request (ServerTagsTestJSON:setUpClass): 200 GET http://10.180.1.21/compute/v2.1/servers/489decc5-bcc9-4220-bd75-73cbbcd13b72 0.117s
2025-11-12 16:23:47.118 65732 INFO tempest.lib.common.rest_client [req-2e475a04-d0ba-447c-a9c3-09bd004af012 req-2e475a04-d0ba-447c-a9c3-09bd004af012 ] Request (TenantUsagesTestJSON:tearDownClass): 200 GET http://10.180.1.21/compute/v2.1/servers/ab068dc7-6c8b-4714-82be-a0975a8aca60 0.087s
2025-11-12 16:23:47.223 65753 INFO tempest.lib.common.rest_client [req-683cd4f4-ffd3-4e35-9789-ccacb7a0a397 req-683cd4f4-ffd3-4e35-9789-ccacb7a0a397 ] Request (DeleteServersTestJSON:test_delete_server_while_in_attached_volume): 200 GET http://10.180.1.21/compute/v2.1/servers/d6ace7c3-0432-44e5-83fe-e62f69ee1160 0.142s
2025-11-12 16:23:47.252 65722 INFO tempest.lib.common.rest_client [req-011f697f-d012-4d88-a26e-680a3285c325 req-011f697f-d012-4d88-a26e-680a3285c325 ] Request (MigrationsAdminTest:test_resize_server_revert_deleted_flavor): 200 GET http://10.180.1.21/compute/v2.1/servers/59b51c88-e272-4744-ab88-5c6d429b3d5a 0.201s
2025-11-12 16:23:47.301 65748 INFO tempest.lib.common.rest_client [req-ff6ce819-fbca-4998-84ba-0f722a16ddce req-ff6ce819-fbca-4998-84ba-0f722a16ddce ] Request (SecurityGroupsTestJSON:test_list_security_groups_by_server): 200 GET http://10.180.1.21/compute/v2.1/servers/9ea9086d-cbd6-436c-b44b-c1c74fca7db9 0.193s
2025-11-12 16:23:47.323 65765 INFO tempest.lib.common.rest_client [req-96744e22-63eb-43c2-9c33-da1e4de6b7d5 req-96744e22-63eb-43c2-9c33-da1e4de6b7d5 ] Request (ServerRescueNegativeTestJSON:setUpClass): 200 GET http://10.180.1.21/compute/v2.1/servers/1b0f1082-3892-480a-bf01-2d8ef2b27246 0.184s
2025-11-12 16:23:47.363 65734 INFO tempest.lib.common.rest_client [req-488e7382-11ed-4033-be6a-a96353da6ce8 req-488e7382-11ed-4033-be6a-a96353da6ce8 ] Request (ServerMetadataNegativeTestJSON:setUpClass): 200 GET http://10.180.1.21/compute/v2.1/servers/8c57a0dd-12c2-466d-a091-e81b0d7a2d61 0.210s
2025-11-12 16:23:47.382 65730 INFO tempest.lib.common.rest_client [req-d2d30f86-a2d1-478d-819b-a9e13fc78658 req-d2d30f86-a2d1-478d-819b-a9e13fc78658 ] Request (ServersTestJSON:test_create_server_with_ipv6_addr_only): 200 GET http://10.180.1.21/compute/v2.1/servers/30d247a4-f465-4373-8590-25c5307922a0 0.169s
2025-11-12 16:23:47.423 65767 INFO tempest.lib.common.rest_client [req-3488e506-ca43-4d21-b7fd-1351208d039c req-3488e506-ca43-4d21-b7fd-1351208d039c ] Request (ImagesOneServerNegativeTestJSON:_run_cleanups): 200 GET http://10.180.1.21/compute/v2.1/servers/8b656113-0edd-493a-b421-40b5f99252aa 0.134s
2025-11-12 16:23:47.449 65702 INFO tempest.lib.common.rest_client [req-dac9e0e5-08e4-45c3-a5e6-621c0a3ce8af req-dac9e0e5-08e4-45c3-a5e6-621c0a3ce8af ] Request (ListServersNegativeTestJSON:tearDownClass): 200 GET http://10.180.1.21/compute/v2.1/servers/fe3405eb-a028-49dc-a4df-397b19bda9bd 0.142s
2025-11-12 16:23:47.592 65724 INFO tempest.lib.common.rest_client [req-a28a5a1a-1cdc-46e7-a3ca-875a35e452eb req-a28a5a1a-1cdc-46e7-a3ca-875a35e452eb ] Request (InstanceActionsV221TestJSON:test_get_list_deleted_instance_actions): 200 GET http://10.180.1.21/compute/v2.1/servers/e7e1f12f-38b1-4274-8c24-403f73da1051 0.167s
2025-11-12 16:23:47.620 65744 INFO tempest.lib.common.rest_client [req-1de31f66-62a7-4300-ab72-4da1612cb48e req-1de31f66-62a7-4300-ab72-4da1612cb48e ] Request (ImagesTestJSON:test_create_image_from_suspended_server): 200 GET http://10.180.1.21/compute/v2.1/servers/966fae5b-1c72-4717-b818-ca418f32e146 0.179s
2025-11-12 16:23:47.668 65726 INFO tempest.lib.common.rest_client [req-d4cbe68f-3a05-4b52-9536-b71e1259c2c5 req-d4cbe68f-3a05-4b52-9536-b71e1259c2c5 ] Request (ServerDiskConfigTestJSON:test_resize_server_from_auto_to_manual): 200 GET http://10.180.1.21/compute/v2.1/servers/60454779-93ee-4887-8381-d106927cc834 0.177s
2025-11-12 16:23:47.728 65740 INFO tempest.lib.common.rest_client [req-92748b5b-7e57-42f6-8ea0-36ef40766d25 req-92748b5b-7e57-42f6-8ea0-36ef40766d25 ] Request (ServersListShow2100Test:tearDownClass): 200 GET http://10.180.1.21/compute/v2.1/servers/710ccfa3-6630-4a27-950b-83c8d4521523 0.114s
2025-11-12 16:23:47.881 65714 INFO tempest.lib.common.rest_client [req-c6eb9b46-4285-4ca9-9654-5807e471d374 req-c6eb9b46-4285-4ca9-9654-5807e471d374 ] Request (AttachVolumeTestJSON:test_attach_detach_volume): 200 GET http://10.180.1.21/compute/v2.1/servers/ac983033-f8c3-4ed7-9b1a-601f6af5705e 0.087s
2025-11-12 16:23:47.924 65712 INFO tempest.lib.common.rest_client [req-28b7624f-2a4e-4b6a-a0c0-a45ad70022d4 req-28b7624f-2a4e-4b6a-a0c0-a45ad70022d4 ] Request (AttachInterfacesUnderV243Test:tearDownClass): 200 PUT http://10.180.1.21/networking/v2.0/routers/573c4415-bb5c-4159-b46d-7633aee014dc/remove_router_interface 0.866s
2025-11-12 16:23:47.932 65742 INFO tempest.lib.common.rest_client [req-7fa64f38-2241-48f7-853a-045aa90bb3da req-7fa64f38-2241-48f7-853a-045aa90bb3da ] Request (ServersAdminNegativeTestJSON:tearDownClass): 200 GET http://10.180.1.21/compute/v2.1/servers/24110495-0b63-41e2-aef6-17a014661ece 0.096s
2025-11-12 16:23:47.953 65706 INFO tempest.lib.common.rest_client [req-68c21224-9334-4076-9433-ba904269d268 req-68c21224-9334-4076-9433-ba904269d268 ] Request (ServersTestMultiNic:test_verify_duplicate_network_nics): 200 GET http://10.180.1.21/compute/v2.1/servers/0708bc0e-8e69-4ac4-b6e6-acd72704ac90 0.064s
2025-11-12 16:23:48.029 65738 INFO tempest.lib.common.rest_client [req-b2855e9f-d774-481e-b37b-eb76d4d82f9f req-b2855e9f-d774-481e-b37b-eb76d4d82f9f ] Request (ServersWithSpecificFlavorTestJSON:test_verify_created_server_ephemeral_disk): 200 GET http://10.180.1.21/compute/v2.1/servers/a141644c-0a5d-409d-ada4-8961f5810a73 0.087s
2025-11-12 16:23:48.051 65762 INFO tempest.lib.common.rest_client [req-900096f9-de3b-4980-869a-ed869f6147fa req-900096f9-de3b-4980-869a-ed869f6147fa ] Request (ServerGroupTestJSON:_run_cleanups): 200 GET http://10.180.1.21/compute/v2.1/servers/fd96a280-83cc-49e1-82f3-7199d8338001 0.109s
2025-11-12 16:23:48.108 65746 INFO tempest.lib.common.rest_client [req-8fa5ccb2-6ef6-4709-947b-90bf79d79aeb req-8fa5ccb2-6ef6-4709-947b-90bf79d79aeb ] Request (ServerExternalEventsTest:tearDownClass): 200 GET http://10.180.1.21/compute/v2.1/servers/f4214b09-dd86-4702-a864-0be6591767e1 0.110s
2025-11-12 16:23:48.124 65750 INFO tempest.lib.common.rest_client [req-e0cb4b77-40b6-4e9c-8b91-7ffebe7eed9b req-e0cb4b77-40b6-4e9c-8b91-7ffebe7eed9b ] Request (ServersAdminTestJSON:tearDownClass): 200 GET http://10.180.1.21/compute/v2.1/servers/26390a09-cb1d-49cb-bad1-9525b6f2eb12 0.108s
2025-11-12 16:23:48.151 65728 INFO tempest.lib.common.rest_client [req-f1826f40-5012-4048-bc81-2f384d0f9de3 req-f1826f40-5012-4048-bc81-2f384d0f9de3 ] Request (ListImageFiltersTestJSON:setUpClass): 200 GET http://10.180.1.21/compute/v2.1/images/ef58341d-8109-4fa1-b65a-3f8d094ea8f1 0.118s
2025-11-12 16:23:48.181 65760 INFO tempest.lib.common.rest_client [req-fc5d2474-328c-4972-918d-1bbab37ccc8c req-fc5d2474-328c-4972-918d-1bbab37ccc8c ] Request (ServerTagsTestJSON:setUpClass): 200 GET http://10.180.1.21/compute/v2.1/servers/489decc5-bcc9-4220-bd75-73cbbcd13b72 0.091s
2025-11-12 16:23:48.215 65732 INFO tempest.lib.common.rest_client [req-f7baff5e-bffa-47f7-a179-34a6496b5e24 req-f7baff5e-bffa-47f7-a179-34a6496b5e24 ] Request (TenantUsagesTestJSON:tearDownClass): 200 GET http://10.180.1.21/compute/v2.1/servers/ab068dc7-6c8b-4714-82be-a0975a8aca60 0.089s
2025-11-12 16:23:48.306 65753 INFO tempest.lib.common.rest_client [req-d816650f-6526-432c-9094-f685ca918fbf req-d816650f-6526-432c-9094-f685ca918fbf ] Request (DeleteServersTestJSON:test_delete_server_while_in_attached_volume): 200 GET http://10.180.1.21/compute/v2.1/servers/d6ace7c3-0432-44e5-83fe-e62f69ee1160 0.069s
2025-11-12 16:23:48.372 65712 INFO tempest.lib.common.rest_client [req-37db44ea-8ed6-452f-862d-84c8aa9c7f37 req-37db44ea-8ed6-452f-862d-84c8aa9c7f37 ] Request (AttachInterfacesUnderV243Test:tearDownClass): 204 DELETE http://10.180.1.21/networking/v2.0/routers/573c4415-bb5c-4159-b46d-7633aee014dc 0.447s
2025-11-12 16:23:48.421 65748 INFO tempest.lib.common.rest_client [req-9bba240d-9047-466a-a5a6-616df6395d5a req-9bba240d-9047-466a-a5a6-616df6395d5a ] Request (SecurityGroupsTestJSON:test_list_security_groups_by_server): 200 GET http://10.180.1.21/compute/v2.1/servers/9ea9086d-cbd6-436c-b44b-c1c74fca7db9 0.111s
2025-11-12 16:23:48.482 65722 INFO tempest.lib.common.rest_client [req-dc4a1168-7d7c-423a-a738-1d44f9812383 req-dc4a1168-7d7c-423a-a738-1d44f9812383 ] Request (MigrationsAdminTest:test_resize_server_revert_deleted_flavor): 200 GET http://10.180.1.21/compute/v2.1/servers/59b51c88-e272-4744-ab88-5c6d429b3d5a 0.222s
2025-11-12 16:23:48.570 65765 INFO tempest.lib.common.rest_client [req-2c5ffca6-a35d-4a3a-89e3-72f5d224992d req-2c5ffca6-a35d-4a3a-89e3-72f5d224992d ] Request (ServerRescueNegativeTestJSON:setUpClass): 200 GET http://10.180.1.21/compute/v2.1/servers/1b0f1082-3892-480a-bf01-2d8ef2b27246 0.237s
2025-11-12 16:23:48.609 65734 INFO tempest.lib.common.rest_client [req-9e6974d7-3dc3-4a53-ad3a-5ed42384d8de req-9e6974d7-3dc3-4a53-ad3a-5ed42384d8de ] Request (ServerMetadataNegativeTestJSON:setUpClass): 200 GET http://10.180.1.21/compute/v2.1/servers/8c57a0dd-12c2-466d-a091-e81b0d7a2d61 0.238s
2025-11-12 16:23:48.641 65712 INFO tempest.lib.common.rest_client [req-f8efe4af-7f91-4530-b1e5-5465cc98e58f req-f8efe4af-7f91-4530-b1e5-5465cc98e58f ] Request (AttachInterfacesUnderV243Test:tearDownClass): 204 DELETE http://10.180.1.21/networking/v2.0/subnets/b546ff55-90fd-46d7-af02-67327ce1ff18 0.267s
2025-11-12 16:23:48.671 65730 INFO tempest.lib.common.rest_client [req-c5704fa5-ee05-47ca-9b62-738b6ef65b57 req-c5704fa5-ee05-47ca-9b62-738b6ef65b57 ] Request (ServersTestJSON:test_create_server_with_ipv6_addr_only): 200 GET http://10.180.1.21/compute/v2.1/servers/30d247a4-f465-4373-8590-25c5307922a0 0.281s
2025-11-12 16:23:48.733 65767 INFO tempest.lib.common.rest_client [req-7347590e-e40c-40c8-8b90-98c67bec573f req-7347590e-e40c-40c8-8b90-98c67bec573f ] Request (ImagesOneServerNegativeTestJSON:_run_cleanups): 200 GET http://10.180.1.21/compute/v2.1/servers/8b656113-0edd-493a-b421-40b5f99252aa 0.298s
2025-11-12 16:23:48.795 65702 INFO tempest.lib.common.rest_client [req-ffed4193-3a09-4892-b50f-9bc8957523f1 req-ffed4193-3a09-4892-b50f-9bc8957523f1 ] Request (ListServersNegativeTestJSON:tearDownClass): 200 GET http://10.180.1.21/compute/v2.1/servers/fe3405eb-a028-49dc-a4df-397b19bda9bd 0.338s
2025-11-12 16:23:48.903 65724 INFO tempest.lib.common.rest_client [req-cf987ebf-b263-4c09-8b09-b27b2e580437 req-cf987ebf-b263-4c09-8b09-b27b2e580437 ] Request (InstanceActionsV221TestJSON:test_get_list_deleted_instance_actions): 200 GET http://10.180.1.21/compute/v2.1/servers/e7e1f12f-38b1-4274-8c24-403f73da1051 0.300s
2025-11-12 16:23:48.918 65704 INFO paramiko.transport [-] Connected (version 2.0, client dropbear_2020.81)
2025-11-12 16:23:48.924 65712 INFO tempest.lib.common.rest_client [req-9e0058bf-221d-49dd-9858-bc109bff990e req-9e0058bf-221d-49dd-9858-bc109bff990e ] Request (AttachInterfacesUnderV243Test:tearDownClass): 204 DELETE http://10.180.1.21/networking/v2.0/networks/8458a4b2-f69a-4cab-be49-82314059bb5e 0.282s
2025-11-12 16:23:48.970 65744 INFO tempest.lib.common.rest_client [req-b769da63-e346-4a69-959b-033fc0b5e5f9 req-b769da63-e346-4a69-959b-033fc0b5e5f9 ] Request (ImagesTestJSON:test_create_image_from_suspended_server): 200 GET http://10.180.1.21/compute/v2.1/servers/966fae5b-1c72-4717-b818-ca418f32e146 0.337s
2025-11-12 16:23:48.984 65726 INFO tempest.lib.common.rest_client [req-0a4f10c0-bf24-401f-afc2-0289eddbf0b2 req-0a4f10c0-bf24-401f-afc2-0289eddbf0b2 ] Request (ServerDiskConfigTestJSON:test_resize_server_from_auto_to_manual): 200 GET http://10.180.1.21/compute/v2.1/servers/60454779-93ee-4887-8381-d106927cc834 0.304s
2025-11-12 16:23:49.029 65704 INFO paramiko.transport [-] Authentication (publickey) successful!
2025-11-12 16:23:49.030 65704 INFO tempest.lib.common.ssh [-] ssh connection to cirros@10.180.180.223 successfully created
2025-11-12 16:23:49.044 65712 INFO tempest.lib.common.rest_client [req-1bea2247-b256-4382-8dc2-83943a2c40ef req-1bea2247-b256-4382-8dc2-83943a2c40ef ] Request (AttachInterfacesUnderV243Test:tearDownClass): 204 DELETE http://10.180.1.21/identity/v3/users/14a868d29e3845e4b490b68adfa3a7b4 0.120s
2025-11-12 16:23:49.045 65712 INFO tempest.lib.common.dynamic_creds [-] Deleting project and security group for project: b9cb2b043c4742ec986613c33c029d78
2025-11-12 16:23:49.055 65714 INFO tempest.lib.common.rest_client [req-14495f94-03e6-46ec-bdf1-8e68e1cd252c req-14495f94-03e6-46ec-bdf1-8e68e1cd252c ] Request (AttachVolumeTestJSON:test_attach_detach_volume): 200 GET http://10.180.1.21/compute/v2.1/servers/ac983033-f8c3-4ed7-9b1a-601f6af5705e 0.155s
2025-11-12 16:23:49.064 65740 INFO tempest.lib.common.rest_client [req-1d72b4a4-34d5-420c-a672-ef6426e863e5 req-1d72b4a4-34d5-420c-a672-ef6426e863e5 ] Request (ServersListShow2100Test:tearDownClass): 200 GET http://10.180.1.21/compute/v2.1/servers/710ccfa3-6630-4a27-950b-83c8d4521523 0.316s
2025-11-12 16:23:49.105 65712 INFO tempest.lib.common.rest_client [req-17f66a49-adba-4c64-ba43-2bdfc6caec0c req-17f66a49-adba-4c64-ba43-2bdfc6caec0c ] Request (AttachInterfacesUnderV243Test:tearDownClass): 200 GET http://10.180.1.21/networking/v2.0/security-groups?tenant_id=b9cb2b043c4742ec986613c33c029d78&name=default 0.060s
2025-11-12 16:23:49.154 65706 INFO tempest.lib.common.rest_client [req-2b2a394a-6d7a-4ccb-8890-1c907a7b1162 req-2b2a394a-6d7a-4ccb-8890-1c907a7b1162 ] Request (ServersTestMultiNic:test_verify_duplicate_network_nics): 200 GET http://10.180.1.21/compute/v2.1/servers/0708bc0e-8e69-4ac4-b6e6-acd72704ac90 0.191s
2025-11-12 16:23:49.165 65742 INFO tempest.lib.common.rest_client [req-3f472e12-3b8e-46ae-ae55-c081e106fe0c req-3f472e12-3b8e-46ae-ae55-c081e106fe0c ] Request (ServersAdminNegativeTestJSON:tearDownClass): 200 GET http://10.180.1.21/compute/v2.1/servers/24110495-0b63-41e2-aef6-17a014661ece 0.223s
2025-11-12 16:23:49.189 65704 INFO tempest.lib.common.rest_client [req-fcdd7f8b-c434-4197-bd9f-4bb25ba961d6 req-fcdd7f8b-c434-4197-bd9f-4bb25ba961d6 ] Request (AttachVolumeShelveTestJSON:test_attach_volume_shelved_or_offload_server): 200 GET http://10.180.1.21/compute/v2.1/servers/438c5080-58bb-4c0d-a63d-07fb7a4bd768/ips 0.159s
2025-11-12 16:23:49.225 65712 INFO tempest.lib.common.rest_client [req-247e6d9d-1c12-4d6a-9231-fc41f714a819 req-247e6d9d-1c12-4d6a-9231-fc41f714a819 ] Request (AttachInterfacesUnderV243Test:tearDownClass): 204 DELETE http://10.180.1.21/networking/v2.0/security-groups/2e6bb3c7-e2ed-4663-8469-09b1acb885a4 0.119s
2025-11-12 16:23:49.254 65738 INFO tempest.lib.common.rest_client [req-a79886a6-011b-4ea0-a13a-5c0491315560 req-a79886a6-011b-4ea0-a13a-5c0491315560 ] Request (ServersWithSpecificFlavorTestJSON:test_verify_created_server_ephemeral_disk): 200 GET http://10.180.1.21/compute/v2.1/servers/a141644c-0a5d-409d-ada4-8961f5810a73 0.216s
2025-11-12 16:23:49.263 65762 INFO tempest.lib.common.rest_client [req-52def791-035d-478f-b5f1-25a6f2eb086b req-52def791-035d-478f-b5f1-25a6f2eb086b ] Request (ServerGroupTestJSON:_run_cleanups): 200 GET http://10.180.1.21/compute/v2.1/servers/fd96a280-83cc-49e1-82f3-7199d8338001 0.203s
2025-11-12 16:23:49.321 65746 INFO tempest.lib.common.rest_client [req-feaf2498-0361-4df4-9961-26f668430caa req-feaf2498-0361-4df4-9961-26f668430caa ] Request (ServerExternalEventsTest:tearDownClass): 200 GET http://10.180.1.21/compute/v2.1/servers/f4214b09-dd86-4702-a864-0be6591767e1 0.201s
2025-11-12 16:23:49.349 65750 INFO tempest.lib.common.rest_client [req-e5a554c4-4dec-4046-adaa-9231c2837d7f req-e5a554c4-4dec-4046-adaa-9231c2837d7f ] Request (ServersAdminTestJSON:tearDownClass): 200 GET http://10.180.1.21/compute/v2.1/servers/26390a09-cb1d-49cb-bad1-9525b6f2eb12 0.213s
2025-11-12 16:23:49.367 65728 INFO tempest.lib.common.rest_client [req-a5f36424-10d2-4756-b76a-daae3449bafd req-a5f36424-10d2-4756-b76a-daae3449bafd ] Request (ListImageFiltersTestJSON:setUpClass): 200 GET http://10.180.1.21/compute/v2.1/images/ef58341d-8109-4fa1-b65a-3f8d094ea8f1 0.210s
2025-11-12 16:23:49.376 65712 INFO tempest.lib.common.rest_client [req-ca1d8f10-1bd7-44d8-9972-5495c3ba58d8 req-ca1d8f10-1bd7-44d8-9972-5495c3ba58d8 ] Request (AttachInterfacesUnderV243Test:tearDownClass): 204 DELETE http://10.180.1.21/identity/v3/projects/b9cb2b043c4742ec986613c33c029d78 0.150s
2025-11-12 16:23:49.406 65704 INFO tempest.lib.common.rest_client [req-b55c31c8-7206-4674-8a4f-d789ada143e4 req-b55c31c8-7206-4674-8a4f-d789ada143e4 ] Request (AttachVolumeShelveTestJSON:test_attach_volume_shelved_or_offload_server): 202 POST http://10.180.1.21/volume/v3/volumes 0.214s
2025-11-12 16:23:49.426 65760 INFO tempest.lib.common.rest_client [req-6c2c18d6-2838-463f-a9e4-f066b5f4c750 req-6c2c18d6-2838-463f-a9e4-f066b5f4c750 ] Request (ServerTagsTestJSON:setUpClass): 200 GET http://10.180.1.21/compute/v2.1/servers/489decc5-bcc9-4220-bd75-73cbbcd13b72 0.235s
2025-11-12 16:23:49.441 65732 INFO tempest.lib.common.rest_client [req-9be3828a-53bd-4068-ba7b-5799672ec51e req-9be3828a-53bd-4068-ba7b-5799672ec51e ] Request (TenantUsagesTestJSON:tearDownClass): 200 GET http://10.180.1.21/compute/v2.1/servers/ab068dc7-6c8b-4714-82be-a0975a8aca60 0.214s
2025-11-12 16:23:49.449 65704 INFO tempest.lib.common.rest_client [req-5069a418-1798-4f00-bb97-cfc20a861dc7 req-5069a418-1798-4f00-bb97-cfc20a861dc7 ] Request (AttachVolumeShelveTestJSON:test_attach_volume_shelved_or_offload_server): 200 GET http://10.180.1.21/volume/v3/volumes/7ee75885-c2eb-46ef-b874-b4e731c55785 0.036s
2025-11-12 16:23:49.461 65712 INFO tempest.lib.common.rest_client [req-03982f73-a997-4d65-9912-b8b1315d87f0 req-03982f73-a997-4d65-9912-b8b1315d87f0 ] Request (ServersTestManualDisk:setUpClass): 201 POST http://10.180.1.21/identity/v3/auth/tokens 0.083s
2025-11-12 16:23:49.487 65753 INFO tempest.lib.common.rest_client [req-3b2f1140-ff60-45b3-b827-1ff12c96bfb5 req-3b2f1140-ff60-45b3-b827-1ff12c96bfb5 ] Request (DeleteServersTestJSON:test_delete_server_while_in_attached_volume): 200 GET http://10.180.1.21/compute/v2.1/servers/d6ace7c3-0432-44e5-83fe-e62f69ee1160 0.171s
2025-11-12 16:23:49.512 65712 INFO tempest.lib.common.rest_client [req-d545cf95-4f2c-48f5-a728-2beb1cc679fe req-d545cf95-4f2c-48f5-a728-2beb1cc679fe ] Request (ServersTestManualDisk:setUpClass): 201 POST http://10.180.1.21/identity/v3/auth/tokens 0.048s
2025-11-12 16:23:49.533 65748 INFO tempest.lib.common.rest_client [req-1fd2db44-9aeb-4c03-bbb6-9656b7852b37 req-1fd2db44-9aeb-4c03-bbb6-9656b7852b37 ] Request (SecurityGroupsTestJSON:test_list_security_groups_by_server): 200 GET http://10.180.1.21/compute/v2.1/servers/9ea9086d-cbd6-436c-b44b-c1c74fca7db9 0.097s
2025-11-12 16:23:49.545 65712 INFO tempest.lib.common.rest_client [req-62c23a62-2fe7-4b14-a96b-6b113f7bda9e req-62c23a62-2fe7-4b14-a96b-6b113f7bda9e ] Request (ServersTestManualDisk:setUpClass): 200 GET http://10.180.1.21/identity/v3/domains?name=Default 0.033s
2025-11-12 16:23:49.582 65712 INFO tempest.lib.common.rest_client [req-704ce939-b65e-4abc-9ede-c1fada14c1cc req-704ce939-b65e-4abc-9ede-c1fada14c1cc ] Request (ServersTestManualDisk:setUpClass): 201 POST http://10.180.1.21/identity/v3/projects 0.036s
2025-11-12 16:23:49.651 65765 INFO tempest.lib.common.rest_client [req-7c81c077-a5ec-43e5-9d01-1d424d84b647 req-7c81c077-a5ec-43e5-9d01-1d424d84b647 ] Request (ServerRescueNegativeTestJSON:setUpClass): 200 GET http://10.180.1.21/compute/v2.1/servers/1b0f1082-3892-480a-bf01-2d8ef2b27246 0.068s
2025-11-12 16:23:49.655 65712 INFO tempest.lib.common.rest_client [req-b0ab9b98-d469-41ea-9edc-10ef08469e99 req-b0ab9b98-d469-41ea-9edc-10ef08469e99 ] Request (ServersTestManualDisk:setUpClass): 201 POST http://10.180.1.21/identity/v3/users 0.073s
2025-11-12 16:23:49.670 65722 INFO tempest.lib.common.rest_client [req-e734ad21-4ef4-4488-a15c-d4f172f80659 req-e734ad21-4ef4-4488-a15c-d4f172f80659 ] Request (MigrationsAdminTest:test_resize_server_revert_deleted_flavor): 200 GET http://10.180.1.21/compute/v2.1/servers/59b51c88-e272-4744-ab88-5c6d429b3d5a 0.174s
2025-11-12 16:23:49.680 65712 INFO tempest.lib.common.rest_client [req-b309eb8e-4346-4786-a6e8-ad42fe5cb2c3 req-b309eb8e-4346-4786-a6e8-ad42fe5cb2c3 ] Request (ServersTestManualDisk:setUpClass): 200 GET http://10.180.1.21/identity/v3/roles 0.024s
2025-11-12 16:23:49.711 65734 INFO tempest.lib.common.rest_client [req-107521ca-42fa-4c99-8864-5f2c6bcd9259 req-107521ca-42fa-4c99-8864-5f2c6bcd9259 ] Request (ServerMetadataNegativeTestJSON:setUpClass): 200 GET http://10.180.1.21/compute/v2.1/servers/8c57a0dd-12c2-466d-a091-e81b0d7a2d61 0.091s
2025-11-12 16:23:49.711 65712 INFO tempest.lib.common.rest_client [req-19037be0-d714-46e3-a64d-062ea54dddf9 req-19037be0-d714-46e3-a64d-062ea54dddf9 ] Request (ServersTestManualDisk:setUpClass): 204 PUT http://10.180.1.21/identity/v3/projects/6fd06d39f6274ef08f0a089e15a33a6f/users/53b8c62f05fd4ac19a850063ef87b983/roles/56ccb4371a2e4103a3c8f27e073c1b49 0.031s
2025-11-12 16:23:49.712 65712 INFO tempest.lib.common.dynamic_creds [-] Dynamic test user 53b8c62f05fd4ac19a850063ef87b983 is created with scope project and roles: ['member']
2025-11-12 16:23:49.712 65712 INFO tempest.lib.common.dynamic_creds [-] Acquired dynamic creds: credentials: Credentials: {'domain_id': 'default', 'domain_name': 'Default', 'username': 'tempest-ServersTestManualDisk-1454548057-project-member', 'project_domain_id': 'default', 'project_domain_name': 'Default', 'project_id': '6fd06d39f6274ef08f0a089e15a33a6f', 'project_name': 'tempest-ServersTestManualDisk-1454548057', 'tenant_id': '6fd06d39f6274ef08f0a089e15a33a6f', 'tenant_name': 'tempest-ServersTestManualDisk-1454548057', 'user_domain_id': 'default', 'user_domain_name': 'Default', 'user_id': '53b8c62f05fd4ac19a850063ef87b983', 'system': None}, Network: None, Subnet: None, Router: None
2025-11-12 16:23:49.758 65730 INFO tempest.lib.common.rest_client [req-ca3cdbf3-3fdf-4892-a6c7-48e2cfbe7c6e req-ca3cdbf3-3fdf-4892-a6c7-48e2cfbe7c6e ] Request (ServersTestJSON:test_create_server_with_ipv6_addr_only): 200 GET http://10.180.1.21/compute/v2.1/servers/30d247a4-f465-4373-8590-25c5307922a0 0.077s
2025-11-12 16:23:49.782 65712 INFO tempest.lib.common.rest_client [req-b28a9090-70c8-43ec-a639-3acaf5748447 req-b28a9090-70c8-43ec-a639-3acaf5748447 ] Request (ServersTestManualDisk:setUpClass): 201 POST http://10.180.1.21/identity/v3/auth/tokens 0.070s
2025-11-12 16:23:49.815 65767 INFO tempest.lib.common.rest_client [req-68893d79-a337-43c1-a79c-9f46bfc92ff2 req-68893d79-a337-43c1-a79c-9f46bfc92ff2 ] Request (ImagesOneServerNegativeTestJSON:_run_cleanups): 200 GET http://10.180.1.21/compute/v2.1/servers/8b656113-0edd-493a-b421-40b5f99252aa 0.073s
2025-11-12 16:23:49.886 65702 INFO tempest.lib.common.rest_client [req-84f3ab82-1233-4040-a465-55c6a890fee8 req-84f3ab82-1233-4040-a465-55c6a890fee8 ] Request (ListServersNegativeTestJSON:tearDownClass): 200 GET http://10.180.1.21/compute/v2.1/servers/fe3405eb-a028-49dc-a4df-397b19bda9bd 0.082s
2025-11-12 16:23:50.050 65712 INFO tempest.lib.common.rest_client [req-28a7521b-8f2f-4b76-87f8-50437b92aff0 req-28a7521b-8f2f-4b76-87f8-50437b92aff0 ] Request (ServersTestManualDisk:setUpClass): 201 POST http://10.180.1.21/networking/v2.0/networks 0.267s
2025-11-12 16:23:50.084 65724 INFO tempest.lib.common.rest_client [req-4bf31fad-ce0c-4078-991b-9a5497cd8ab8 req-4bf31fad-ce0c-4078-991b-9a5497cd8ab8 ] Request (InstanceActionsV221TestJSON:test_get_list_deleted_instance_actions): 200 GET http://10.180.1.21/compute/v2.1/servers/e7e1f12f-38b1-4274-8c24-403f73da1051 0.171s
2025-11-12 16:23:50.136 65744 INFO tempest.lib.common.rest_client [req-f6a74cb9-747b-4a5a-b62a-1999f95f7565 req-f6a74cb9-747b-4a5a-b62a-1999f95f7565 ] Request (ImagesTestJSON:test_create_image_from_suspended_server): 200 GET http://10.180.1.21/compute/v2.1/servers/966fae5b-1c72-4717-b818-ca418f32e146 0.151s
2025-11-12 16:23:50.152 65726 INFO tempest.lib.common.rest_client [req-255cdf51-a01b-4b79-8809-efdac83c9419 req-255cdf51-a01b-4b79-8809-efdac83c9419 ] Request (ServerDiskConfigTestJSON:test_resize_server_from_auto_to_manual): 200 GET http://10.180.1.21/compute/v2.1/servers/60454779-93ee-4887-8381-d106927cc834 0.157s
2025-11-12 16:23:50.190 65714 INFO tempest.lib.common.rest_client [req-a4fa50c9-163b-4ef6-a50d-8ba91929b495 req-a4fa50c9-163b-4ef6-a50d-8ba91929b495 ] Request (AttachVolumeTestJSON:test_attach_detach_volume): 200 GET http://10.180.1.21/compute/v2.1/servers/ac983033-f8c3-4ed7-9b1a-601f6af5705e 0.125s
2025-11-12 16:23:50.229 65740 INFO tempest.lib.common.rest_client [req-a54cc66d-2fe6-430b-af57-5f884b8b6b1d req-a54cc66d-2fe6-430b-af57-5f884b8b6b1d ] Request (ServersListShow2100Test:tearDownClass): 200 GET http://10.180.1.21/compute/v2.1/servers/710ccfa3-6630-4a27-950b-83c8d4521523 0.147s
2025-11-12 16:23:50.237 65712 INFO tempest.lib.common.rest_client [req-143e2ab4-ccac-46c4-b318-ce080ede18cc req-143e2ab4-ccac-46c4-b318-ce080ede18cc ] Request (ServersTestManualDisk:setUpClass): 201 POST http://10.180.1.21/networking/v2.0/subnets 0.186s
2025-11-12 16:23:50.249 65706 INFO tempest.lib.common.rest_client [req-3441455c-d8f9-423a-96c5-558caf177fc8 req-3441455c-d8f9-423a-96c5-558caf177fc8 ] Request (ServersTestMultiNic:test_verify_duplicate_network_nics): 200 GET http://10.180.1.21/compute/v2.1/servers/0708bc0e-8e69-4ac4-b6e6-acd72704ac90 0.083s
2025-11-12 16:23:50.291 65742 INFO tempest.lib.common.rest_client [req-06e72d45-5ff2-4f94-8284-08a04749f8de req-06e72d45-5ff2-4f94-8284-08a04749f8de ] Request (ServersAdminNegativeTestJSON:tearDownClass): 200 GET http://10.180.1.21/compute/v2.1/servers/24110495-0b63-41e2-aef6-17a014661ece 0.118s
2025-11-12 16:23:50.320 65738 INFO tempest.lib.common.rest_client [req-85b81a35-01ca-46e2-8e5a-a0caeec7fd99 req-85b81a35-01ca-46e2-8e5a-a0caeec7fd99 ] Request (ServersWithSpecificFlavorTestJSON:test_verify_created_server_ephemeral_disk): 200 GET http://10.180.1.21/compute/v2.1/servers/a141644c-0a5d-409d-ada4-8961f5810a73 0.054s
2025-11-12 16:23:50.351 65718 WARNING tempest.lib.common.ssh [-] Failed to establish authenticated ssh connection to cirros@10.180.180.128 ([Errno None] Unable to connect to port 22 on 10.180.180.128). Number attempts: 1. Retry after 2 seconds.: paramiko.ssh_exception.NoValidConnectionsError: [Errno None] Unable to connect to port 22 on 10.180.180.128
2025-11-12 16:23:50.356 65762 INFO tempest.lib.common.rest_client [req-8dc216a9-4782-4f38-abfb-61e69e9d4d88 req-8dc216a9-4782-4f38-abfb-61e69e9d4d88 ] Request (ServerGroupTestJSON:_run_cleanups): 200 GET http://10.180.1.21/compute/v2.1/servers/fd96a280-83cc-49e1-82f3-7199d8338001 0.074s
2025-11-12 16:23:50.422 65746 INFO tempest.lib.common.rest_client [req-999c8739-5ccd-4d0a-83fb-39b26b67d5e6 req-999c8739-5ccd-4d0a-83fb-39b26b67d5e6 ] Request (ServerExternalEventsTest:tearDownClass): 200 GET http://10.180.1.21/compute/v2.1/servers/f4214b09-dd86-4702-a864-0be6591767e1 0.091s
2025-11-12 16:23:50.440 65750 INFO tempest.lib.common.rest_client [req-aab6cad5-1e0f-4e41-a837-599a66fe2477 req-aab6cad5-1e0f-4e41-a837-599a66fe2477 ] Request (ServersAdminTestJSON:tearDownClass): 200 GET http://10.180.1.21/compute/v2.1/servers/26390a09-cb1d-49cb-bad1-9525b6f2eb12 0.080s
2025-11-12 16:23:50.462 65728 INFO tempest.lib.common.rest_client [req-7bd29b14-13a1-43d7-8712-552af6de3c0b req-7bd29b14-13a1-43d7-8712-552af6de3c0b ] Request (ListImageFiltersTestJSON:setUpClass): 200 GET http://10.180.1.21/compute/v2.1/images/ef58341d-8109-4fa1-b65a-3f8d094ea8f1 0.089s
2025-11-12 16:23:50.494 65704 INFO tempest.lib.common.rest_client [req-d01c6b13-82af-41d5-833d-1d8064279586 req-d01c6b13-82af-41d5-833d-1d8064279586 ] Request (AttachVolumeShelveTestJSON:test_attach_volume_shelved_or_offload_server): 200 GET http://10.180.1.21/volume/v3/volumes/7ee75885-c2eb-46ef-b874-b4e731c55785 0.037s
2025-11-12 16:23:50.504 65704 INFO tempest.common.waiters [-] volume 7ee75885-c2eb-46ef-b874-b4e731c55785 reached available after waiting for 1.504191 seconds
2025-11-12 16:23:50.504 65704 INFO tempest.lib.common.ssh [-] Creating ssh connection to '10.180.180.223:22' as 'cirros' with public key authentication
2025-11-12 16:23:50.510 65704 INFO paramiko.transport [-] Connected (version 2.0, client dropbear_2020.81)
2025-11-12 16:23:50.540 65760 INFO tempest.lib.common.rest_client [req-3bf05e1a-61b3-427c-aa58-60b9dabce35f req-3bf05e1a-61b3-427c-aa58-60b9dabce35f ] Request (ServerTagsTestJSON:setUpClass): 200 GET http://10.180.1.21/compute/v2.1/servers/489decc5-bcc9-4220-bd75-73cbbcd13b72 0.094s
2025-11-12 16:23:50.548 65732 INFO tempest.lib.common.rest_client [req-78109e41-bae7-4ee7-9021-aed3c6e57991 req-78109e41-bae7-4ee7-9021-aed3c6e57991 ] Request (TenantUsagesTestJSON:tearDownClass): 200 GET http://10.180.1.21/compute/v2.1/servers/ab068dc7-6c8b-4714-82be-a0975a8aca60 0.097s
2025-11-12 16:23:50.572 65704 INFO paramiko.transport [-] Authentication (publickey) successful!
2025-11-12 16:23:50.572 65704 INFO tempest.lib.common.ssh [-] ssh connection to cirros@10.180.180.223 successfully created
2025-11-12 16:23:50.579 65704 INFO tempest.lib.common.ssh [-] Creating ssh connection to '10.180.180.223:22' as 'cirros' with public key authentication
2025-11-12 16:23:50.582 65704 INFO paramiko.transport [-] Connected (version 2.0, client dropbear_2020.81)
2025-11-12 16:23:50.592 65753 INFO tempest.lib.common.rest_client [req-daa45bce-c8ad-4677-be77-a7463f1b48b0 req-daa45bce-c8ad-4677-be77-a7463f1b48b0 ] Request (DeleteServersTestJSON:test_delete_server_while_in_attached_volume): 200 GET http://10.180.1.21/compute/v2.1/servers/d6ace7c3-0432-44e5-83fe-e62f69ee1160 0.088s
2025-11-12 16:23:50.606 65748 INFO tempest.lib.common.rest_client [req-69ba1f6f-d60e-40f7-8a53-e2506b6402f6 req-69ba1f6f-d60e-40f7-8a53-e2506b6402f6 ] Request (SecurityGroupsTestJSON:test_list_security_groups_by_server): 200 GET http://10.180.1.21/compute/v2.1/servers/9ea9086d-cbd6-436c-b44b-c1c74fca7db9 0.063s
2025-11-12 16:23:50.679 65704 INFO paramiko.transport [-] Authentication (publickey) successful!
2025-11-12 16:23:50.679 65704 INFO tempest.lib.common.ssh [-] ssh connection to cirros@10.180.180.223 successfully created
2025-11-12 16:23:50.729 65765 INFO tempest.lib.common.rest_client [req-c1d225c3-cfd7-42a7-bcab-09d4a7de431c req-c1d225c3-cfd7-42a7-bcab-09d4a7de431c ] Request (ServerRescueNegativeTestJSON:setUpClass): 200 GET http://10.180.1.21/compute/v2.1/servers/1b0f1082-3892-480a-bf01-2d8ef2b27246 0.067s
2025-11-12 16:23:50.907 65722 INFO tempest.lib.common.rest_client [req-b3b18139-25cb-4d07-9b7f-ebfc57a7baf3 req-b3b18139-25cb-4d07-9b7f-ebfc57a7baf3 ] Request (MigrationsAdminTest:test_resize_server_revert_deleted_flavor): 200 GET http://10.180.1.21/compute/v2.1/servers/59b51c88-e272-4744-ab88-5c6d429b3d5a 0.227s
2025-11-12 16:23:51.014 65712 INFO tempest.lib.common.rest_client [req-0c2b66fe-a88b-46d7-ad57-881f8e7d79a5 req-0c2b66fe-a88b-46d7-ad57-881f8e7d79a5 ] Request (ServersTestManualDisk:setUpClass): 201 POST http://10.180.1.21/networking/v2.0/routers 0.776s
2025-11-12 16:23:51.038 65734 INFO tempest.lib.common.rest_client [req-0f4914ac-7b04-42ab-ac0f-2323d68abded req-0f4914ac-7b04-42ab-ac0f-2323d68abded ] Request (ServerMetadataNegativeTestJSON:setUpClass): 200 GET http://10.180.1.21/compute/v2.1/servers/8c57a0dd-12c2-466d-a091-e81b0d7a2d61 0.317s
2025-11-12 16:23:51.172 65704 INFO tempest.lib.common.rest_client [req-13ac52aa-581b-4993-942a-c06cf6c30ce1 req-13ac52aa-581b-4993-942a-c06cf6c30ce1 ] Request (AttachVolumeShelveTestJSON:test_attach_volume_shelved_or_offload_server): 202 POST http://10.180.1.21/compute/v2.1/servers/438c5080-58bb-4c0d-a63d-07fb7a4bd768/action 0.493s
