2025-11-12 16:20:55.801 65762 INFO tempest.lib.common.dynamic_creds [-] Created isolated network resources for: credentials: Credentials: {'domain_id': 'default', 'domain_name': 'Default', 'username': 'tempest-ImagesDeleteNegativeTestJSON-1359605590-project-member', 'project_domain_id': 'default', 'project_domain_name': 'Default', 'project_id': '740bf4870cca4834b0d579b61497e3a9', 'project_name': 'tempest-ImagesDeleteNegativeTestJSON-1359605590', 'tenant_id': '740bf4870cca4834b0d579b61497e3a9', 'tenant_name': 'tempest-ImagesDeleteNegativeTestJSON-1359605590', 'user_domain_id': 'default', 'user_domain_name': 'Default', 'user_id': '5a12dc2272774a119db3967fe633c857', 'system': None}, Network: None, Subnet: None, Router: None
2025-11-12 16:20:55.812 65754 INFO tempest.lib.common.rest_client [req-2e5f3e50-3936-4451-b571-048f2f6bf44d req-2e5f3e50-3936-4451-b571-048f2f6bf44d ] Request (TenantUsagesNegativeTestJSON:setUpClass): 201 POST http://10.180.1.21/identity/v3/users 0.077s
2025-11-12 16:20:55.866 65730 INFO tempest.lib.common.rest_client [req-e7a47160-7ac8-4a58-9f34-7151d3a3bec9 req-e7a47160-7ac8-4a58-9f34-7151d3a3bec9 ] Request (VolumesAdminNegativeTest:setUpClass): 201 POST http://10.180.1.21/networking/v2.0/networks 0.610s
2025-11-12 16:20:55.877 65754 INFO tempest.lib.common.rest_client [req-38eab31e-0828-4797-91e2-9fac174a8ea7 req-38eab31e-0828-4797-91e2-9fac174a8ea7 ] Request (TenantUsagesNegativeTestJSON:setUpClass): 200 GET http://10.180.1.21/identity/v3/roles 0.064s
2025-11-12 16:20:55.905 65762 INFO tempest.lib.common.rest_client [req-6594f895-c0a2-47ad-a8d8-45f166249848 req-6594f895-c0a2-47ad-a8d8-45f166249848 ] Request (ImagesDeleteNegativeTestJSON:setUpClass): 201 POST http://10.180.1.21/identity/v3/auth/tokens 0.099s
2025-11-12 16:20:55.923 65754 INFO tempest.lib.common.rest_client [req-7f73442e-797c-45ec-8b62-42f3793a1ed8 req-7f73442e-797c-45ec-8b62-42f3793a1ed8 ] Request (TenantUsagesNegativeTestJSON:setUpClass): 204 PUT http://10.180.1.21/identity/v3/projects/0d17607d79874fdc86d9e48e791ac0a8/users/03ca1350843740c58368a8d63836ba0c/roles/56ccb4371a2e4103a3c8f27e073c1b49 0.046s
2025-11-12 16:20:55.924 65754 INFO tempest.lib.common.dynamic_creds [-] Dynamic test user 03ca1350843740c58368a8d63836ba0c is created with scope project and roles: ['member']
2025-11-12 16:20:55.925 65754 INFO tempest.lib.common.dynamic_creds [-] Acquired dynamic creds: credentials: Credentials: {'domain_id': 'default', 'domain_name': 'Default', 'username': 'tempest-TenantUsagesNegativeTestJSON-849065823-project-member', 'project_domain_id': 'default', 'project_domain_name': 'Default', 'project_id': '0d17607d79874fdc86d9e48e791ac0a8', 'project_name': 'tempest-TenantUsagesNegativeTestJSON-849065823', 'tenant_id': '0d17607d79874fdc86d9e48e791ac0a8', 'tenant_name': 'tempest-TenantUsagesNegativeTestJSON-849065823', 'user_domain_id': 'default', 'user_domain_name': 'Default', 'user_id': '03ca1350843740c58368a8d63836ba0c', 'system': None}, Network: None, Subnet: None, Router: None
2025-11-12 16:20:55.925 65754 INFO tempest.lib.common.dynamic_creds [-] Created isolated network resources for: credentials: Credentials: {'domain_id': 'default', 'domain_name': 'Default', 'username': 'tempest-TenantUsagesNegativeTestJSON-849065823-project-member', 'project_domain_id': 'default', 'project_domain_name': 'Default', 'project_id': '0d17607d79874fdc86d9e48e791ac0a8', 'project_name': 'tempest-TenantUsagesNegativeTestJSON-849065823', 'tenant_id': '0d17607d79874fdc86d9e48e791ac0a8', 'tenant_name': 'tempest-TenantUsagesNegativeTestJSON-849065823', 'user_domain_id': 'default', 'user_domain_name': 'Default', 'user_id': '03ca1350843740c58368a8d63836ba0c', 'system': None}, Network: None, Subnet: None, Router: None
2025-11-12 16:20:56.004 65754 INFO tempest.lib.common.rest_client [req-4523e472-74c9-4612-886d-bfbf91adb90a req-4523e472-74c9-4612-886d-bfbf91adb90a ] Request (TenantUsagesNegativeTestJSON:setUpClass): 201 POST http://10.180.1.21/identity/v3/auth/tokens 0.073s
2025-11-12 16:20:56.089 65754 INFO tempest.lib.common.rest_client [req-5339e8df-d12d-4014-9105-baf96389be3f req-5339e8df-d12d-4014-9105-baf96389be3f ] Request (TenantUsagesNegativeTestJSON:setUpClass): 201 POST http://10.180.1.21/identity/v3/projects 0.084s
2025-11-12 16:20:56.156 65754 INFO tempest.lib.common.rest_client [req-4cf37bd5-3115-4240-9fbb-ab5404941132 req-4cf37bd5-3115-4240-9fbb-ab5404941132 ] Request (TenantUsagesNegativeTestJSON:setUpClass): 201 POST http://10.180.1.21/identity/v3/users 0.065s
2025-11-12 16:20:56.179 65754 INFO tempest.lib.common.rest_client [req-f87cb8a9-a54a-4243-b586-37652cc611f1 req-f87cb8a9-a54a-4243-b586-37652cc611f1 ] Request (TenantUsagesNegativeTestJSON:setUpClass): 200 GET http://10.180.1.21/identity/v3/roles 0.023s
2025-11-12 16:20:56.230 65754 INFO tempest.lib.common.rest_client [req-48e27cff-4475-429e-94bd-5078964f502f req-48e27cff-4475-429e-94bd-5078964f502f ] Request (TenantUsagesNegativeTestJSON:setUpClass): 204 PUT http://10.180.1.21/identity/v3/projects/648c2902f14f4280b983fbcd1e99b3f0/users/f477eaa850ab423f933469be09533624/roles/00abef7737ba47859479c1376c38f2bc 0.050s
2025-11-12 16:20:56.306 65710 INFO tempest.lib.common.rest_client [req-720590a2-67ea-4b7f-8ec4-b48293b49bdc req-720590a2-67ea-4b7f-8ec4-b48293b49bdc ] Request (InstanceActionsTestJSON:setUpClass): 202 POST http://10.180.1.21/compute/v2.1/servers 9.363s
2025-11-12 16:20:56.313 65754 INFO tempest.lib.common.rest_client [req-a0d222d9-3467-4579-9890-092f77d9bfc7 req-a0d222d9-3467-4579-9890-092f77d9bfc7 ] Request (TenantUsagesNegativeTestJSON:setUpClass): 200 GET http://10.180.1.21/identity/v3/roles 0.083s
2025-11-12 16:20:56.344 65754 INFO tempest.lib.common.rest_client [req-bb153102-5e34-474c-999c-b64049aaca53 req-bb153102-5e34-474c-999c-b64049aaca53 ] Request (TenantUsagesNegativeTestJSON:setUpClass): 204 PUT http://10.180.1.21/identity/v3/projects/648c2902f14f4280b983fbcd1e99b3f0/users/f477eaa850ab423f933469be09533624/roles/00abef7737ba47859479c1376c38f2bc 0.030s
2025-11-12 16:20:56.344 65754 INFO tempest.lib.common.dynamic_creds [-] Dynamic test user f477eaa850ab423f933469be09533624 is created with scope project and roles: ['admin']
2025-11-12 16:20:56.344 65754 INFO tempest.lib.common.dynamic_creds [-] Acquired dynamic creds: credentials: Credentials: {'domain_id': 'default', 'domain_name': 'Default', 'username': 'tempest-TenantUsagesNegativeTestJSON-383891907-project-admin', 'project_domain_id': 'default', 'project_domain_name': 'Default', 'project_id': '648c2902f14f4280b983fbcd1e99b3f0', 'project_name': 'tempest-TenantUsagesNegativeTestJSON-383891907', 'tenant_id': '648c2902f14f4280b983fbcd1e99b3f0', 'tenant_name': 'tempest-TenantUsagesNegativeTestJSON-383891907', 'user_domain_id': 'default', 'user_domain_name': 'Default', 'user_id': 'f477eaa850ab423f933469be09533624', 'system': None}, Network: None, Subnet: None, Router: None
2025-11-12 16:20:56.345 65754 INFO tempest.lib.common.dynamic_creds [-] Created isolated network resources for: credentials: Credentials: {'domain_id': 'default', 'domain_name': 'Default', 'username': 'tempest-TenantUsagesNegativeTestJSON-383891907-project-admin', 'project_domain_id': 'default', 'project_domain_name': 'Default', 'project_id': '648c2902f14f4280b983fbcd1e99b3f0', 'project_name': 'tempest-TenantUsagesNegativeTestJSON-383891907', 'tenant_id': '648c2902f14f4280b983fbcd1e99b3f0', 'tenant_name': 'tempest-TenantUsagesNegativeTestJSON-383891907', 'user_domain_id': 'default', 'user_domain_name': 'Default', 'user_id': 'f477eaa850ab423f933469be09533624', 'system': None}, Network: None, Subnet: None, Router: None
2025-11-12 16:20:56.461 65754 INFO tempest.lib.common.rest_client [req-85d700e8-4b5c-431e-973b-dd362177b497 req-85d700e8-4b5c-431e-973b-dd362177b497 ] Request (TenantUsagesNegativeTestJSON:setUpClass): 201 POST http://10.180.1.21/identity/v3/auth/tokens 0.113s
2025-11-12 16:20:57.111 65726 INFO tempest.lib.common.rest_client [req-3e51c250-231d-41ea-a87b-ad92de73b2a8 req-3e51c250-231d-41ea-a87b-ad92de73b2a8 ] Request (ServerDiskConfigTestJSON:setUpClass): 200 PUT http://10.180.1.21/networking/v2.0/routers/7da2c3bd-cb7c-46d5-8eee-18a2239ffab3/add_router_interface 1.427s
2025-11-12 16:20:57.111 65726 INFO tempest.lib.common.dynamic_creds [-] Created isolated network resources for: credentials: Credentials: {'domain_id': 'default', 'domain_name': 'Default', 'username': 'tempest-ServerDiskConfigTestJSON-2085995032-project-member', 'project_domain_id': 'default', 'project_domain_name': 'Default', 'project_id': '75b08588a1e04658b23325e744b68ec3', 'project_name': 'tempest-ServerDiskConfigTestJSON-2085995032', 'tenant_id': '75b08588a1e04658b23325e744b68ec3', 'tenant_name': 'tempest-ServerDiskConfigTestJSON-2085995032', 'user_domain_id': 'default', 'user_domain_name': 'Default', 'user_id': 'fe55d0b5f77a4816a3e595f049ca6532', 'system': None}, Network: {'id': '26fb612f-7ed2-49fa-ad4d-2eae0ccb39da', 'name': 'tempest-ServerDiskConfigTestJSON-1236808086-network', 'tenant_id': '75b08588a1e04658b23325e744b68ec3', 'project_id': '75b08588a1e04658b23325e744b68ec3', 'admin_state_up': True, 'mtu': 8950, 'status': 'ACTIVE', 'subnets': [], 'shared': False, 'port_security_enabled': True, 'router:external': False, 'provider:network_type': 'vlan', 'provider:physical_network': 'default', 'provider:segmentation_id': 346, 'availability_zone_hints': [], 'availability_zones': [], 'ipv4_address_scope': None, 'ipv6_address_scope': None, 'description': '', 'tags': [], 'created_at': '2025-11-12T16:20:52Z', 'updated_at': '2025-11-12T16:20:52Z', 'revision_number': 1}, Subnet: {'id': '1b35a928-6cb8-4028-bb01-32699f3856c7', 'name': 'tempest-ServerDiskConfigTestJSON-1236808086-subnet', 'tenant_id': '75b08588a1e04658b23325e744b68ec3', 'network_id': '26fb612f-7ed2-49fa-ad4d-2eae0ccb39da', 'ip_version': 4, 'subnetpool_id': None, 'enable_dhcp': True, 'ipv6_ra_mode': None, 'ipv6_address_mode': None, 'gateway_ip': '192.168.128.1', 'cidr': '192.168.128.0/28', 'allocation_pools': [{'start': '192.168.128.2', 'end': '192.168.128.14'}], 'host_routes': [], 'dns_nameservers': [], 'description': '', 'router:external': False, 'service_types': [], 'tags': [], 'created_at': '2025-11-12T16:20:53Z', 'updated_at': '2025-11-12T16:20:53Z', 'revision_number': 0, 'project_id': '75b08588a1e04658b23325e744b68ec3'}, Router: {'id': '7da2c3bd-cb7c-46d5-8eee-18a2239ffab3', 'name': 'tempest-ServerDiskConfigTestJSON-1236808086-router', 'tenant_id': '75b08588a1e04658b23325e744b68ec3', 'admin_state_up': True, 'status': 'ACTIVE', 'external_gateway_info': {'network_id': '063117f1-98c8-4022-8231-090c8d1dfeea', 'external_fixed_ips': [{'subnet_id': '9da60715-87a5-493f-90f4-3152e55c0299', 'ip_address': '10.180.180.198'}], 'enable_snat': True}, 'description': '', 'availability_zones': [], 'distributed': False, 'ha': False, 'availability_zone_hints': [], 'routes': [], 'flavor_id': None, 'tags': [], 'created_at': '2025-11-12T16:20:54Z', 'updated_at': '2025-11-12T16:20:55Z', 'revision_number': 2, 'project_id': '75b08588a1e04658b23325e744b68ec3'}
2025-11-12 16:20:57.225 65726 INFO tempest.lib.common.rest_client [req-10e647e4-3e7e-45dd-ad69-59474a71d7d4 req-10e647e4-3e7e-45dd-ad69-59474a71d7d4 ] Request (ServerDiskConfigTestJSON:setUpClass): 201 POST http://10.180.1.21/identity/v3/auth/tokens 0.105s
2025-11-12 16:20:57.256 65726 INFO tempest.lib.common.rest_client [req-f4a2c045-903f-4de1-9e55-95ba443d3f43 req-f4a2c045-903f-4de1-9e55-95ba443d3f43 ] Request (ServerDiskConfigTestJSON:test_rebuild_server_with_auto_disk_config): 201 POST http://10.180.1.21/identity/v3/auth/tokens 0.026s
2025-11-12 16:20:57.257 65726 INFO tempest.lib.common.fixed_network [-] (ServerDiskConfigTestJSON:test_rebuild_server_with_auto_disk_config) Found network {'id': '26fb612f-7ed2-49fa-ad4d-2eae0ccb39da', 'name': 'tempest-ServerDiskConfigTestJSON-1236808086-network', 'tenant_id': '75b08588a1e04658b23325e744b68ec3', 'project_id': '75b08588a1e04658b23325e744b68ec3', 'admin_state_up': True, 'mtu': 8950, 'status': 'ACTIVE', 'subnets': [], 'shared': False, 'port_security_enabled': True, 'router:external': False, 'provider:network_type': 'vlan', 'provider:physical_network': 'default', 'provider:segmentation_id': 346, 'availability_zone_hints': [], 'availability_zones': [], 'ipv4_address_scope': None, 'ipv6_address_scope': None, 'description': '', 'tags': [], 'created_at': '2025-11-12T16:20:52Z', 'updated_at': '2025-11-12T16:20:52Z', 'revision_number': 1} available for tenant
2025-11-12 16:20:57.322 65730 INFO tempest.lib.common.rest_client [req-f552e638-7911-4617-9f37-4019fd5251eb req-f552e638-7911-4617-9f37-4019fd5251eb ] Request (VolumesAdminNegativeTest:setUpClass): 201 POST http://10.180.1.21/networking/v2.0/subnets 1.455s
2025-11-12 16:20:58.124 65730 INFO tempest.lib.common.rest_client [req-0b45c5b0-1aca-4f92-ade7-0eb0d2cd7616 req-0b45c5b0-1aca-4f92-ade7-0eb0d2cd7616 ] Request (VolumesAdminNegativeTest:setUpClass): 201 POST http://10.180.1.21/networking/v2.0/routers 0.801s
2025-11-12 16:20:58.396 65756 INFO tempest.lib.common.rest_client [req-a09917da-318b-4d85-b629-b59b90697df9 req-a09917da-318b-4d85-b629-b59b90697df9 ] Request (InstanceActionsNegativeTestJSON:setUpClass): 202 POST http://10.180.1.21/compute/v2.1/servers 10.527s
2025-11-12 16:20:59.231 65730 INFO tempest.lib.common.rest_client [req-06752c54-a8da-4eed-87a0-6ee590bf2372 req-06752c54-a8da-4eed-87a0-6ee590bf2372 ] Request (VolumesAdminNegativeTest:setUpClass): 200 PUT http://10.180.1.21/networking/v2.0/routers/fa268d84-e946-4075-af38-41930b7526b3/add_router_interface 1.106s
2025-11-12 16:20:59.231 65730 INFO tempest.lib.common.dynamic_creds [-] Created isolated network resources for: credentials: Credentials: {'domain_id': 'default', 'domain_name': 'Default', 'username': 'tempest-VolumesAdminNegativeTest-1196750644-project-admin', 'project_domain_id': 'default', 'project_domain_name': 'Default', 'project_id': '756734a6d0b445e4a1574f32c156be1a', 'project_name': 'tempest-VolumesAdminNegativeTest-1196750644', 'tenant_id': '756734a6d0b445e4a1574f32c156be1a', 'tenant_name': 'tempest-VolumesAdminNegativeTest-1196750644', 'user_domain_id': 'default', 'user_domain_name': 'Default', 'user_id': 'bc408e159bb245bdb916f9ed25ff5a26', 'system': None}, Network: {'id': 'f00eb7d7-b750-497f-bab2-f8ff660a4cd1', 'name': 'tempest-VolumesAdminNegativeTest-1746226213-network', 'tenant_id': '756734a6d0b445e4a1574f32c156be1a', 'project_id': '756734a6d0b445e4a1574f32c156be1a', 'admin_state_up': True, 'mtu': 8950, 'status': 'ACTIVE', 'subnets': [], 'shared': False, 'port_security_enabled': True, 'router:external': False, 'provider:network_type': 'vlan', 'provider:physical_network': 'default', 'provider:segmentation_id': 587, 'availability_zone_hints': [], 'availability_zones': [], 'ipv4_address_scope': None, 'ipv6_address_scope': None, 'description': '', 'tags': [], 'created_at': '2025-11-12T16:20:55Z', 'updated_at': '2025-11-12T16:20:55Z', 'revision_number': 1}, Subnet: {'id': '7526bba9-a50e-4310-83d6-680e1fa164a5', 'name': 'tempest-VolumesAdminNegativeTest-1746226213-subnet', 'tenant_id': '756734a6d0b445e4a1574f32c156be1a', 'network_id': 'f00eb7d7-b750-497f-bab2-f8ff660a4cd1', 'ip_version': 4, 'subnetpool_id': None, 'enable_dhcp': True, 'ipv6_ra_mode': None, 'ipv6_address_mode': None, 'gateway_ip': '192.168.128.1', 'cidr': '192.168.128.0/28', 'allocation_pools': [{'start': '192.168.128.2', 'end': '192.168.128.14'}], 'host_routes': [], 'dns_nameservers': [], 'description': '', 'router:external': False, 'service_types': [], 'tags': [], 'created_at': '2025-11-12T16:20:57Z', 'updated_at': '2025-11-12T16:20:57Z', 'revision_number': 0, 'project_id': '756734a6d0b445e4a1574f32c156be1a'}, Router: {'id': 'fa268d84-e946-4075-af38-41930b7526b3', 'name': 'tempest-VolumesAdminNegativeTest-1746226213-router', 'tenant_id': '756734a6d0b445e4a1574f32c156be1a', 'admin_state_up': True, 'status': 'ACTIVE', 'external_gateway_info': {'network_id': '063117f1-98c8-4022-8231-090c8d1dfeea', 'external_fixed_ips': [{'subnet_id': '9da60715-87a5-493f-90f4-3152e55c0299', 'ip_address': '10.180.180.152'}], 'enable_snat': True}, 'description': '', 'availability_zones': [], 'distributed': False, 'ha': False, 'availability_zone_hints': [], 'routes': [], 'flavor_id': None, 'tags': [], 'created_at': '2025-11-12T16:20:57Z', 'updated_at': '2025-11-12T16:20:57Z', 'revision_number': 2, 'project_id': '756734a6d0b445e4a1574f32c156be1a'}
2025-11-12 16:20:59.324 65730 INFO tempest.lib.common.rest_client [req-05c81d01-91a6-4ed3-b4ec-5aa53d4d3975 req-05c81d01-91a6-4ed3-b4ec-5aa53d4d3975 ] Request (VolumesAdminNegativeTest:setUpClass): 201 POST http://10.180.1.21/identity/v3/auth/tokens 0.090s
2025-11-12 16:20:59.422 65730 INFO tempest.lib.common.rest_client [req-4de9a829-a675-4676-9476-2e021ba5132e req-4de9a829-a675-4676-9476-2e021ba5132e ] Request (VolumesAdminNegativeTest:setUpClass): 201 POST http://10.180.1.21/identity/v3/projects 0.097s
2025-11-12 16:20:59.479 65704 INFO tempest.lib.common.rest_client [req-8971d22b-b8c6-49d1-8629-583abe3332ee req-8971d22b-b8c6-49d1-8629-583abe3332ee ] Request (ServersNegativeTestMultiTenantJSON:setUpClass): 200 GET http://10.180.1.21/compute/v2.1/servers/8c86e37f-d3a1-4c26-93e7-874986137c12 10.641s
2025-11-12 16:20:59.486 65704 INFO tempest.common.waiters [-] State transition "BUILD/None" ==> "BUILD/spawning" after 12 second wait
2025-11-12 16:20:59.503 65730 INFO tempest.lib.common.rest_client [req-6c44879d-d03c-4a4a-aac2-5b92176c0fee req-6c44879d-d03c-4a4a-aac2-5b92176c0fee ] Request (VolumesAdminNegativeTest:setUpClass): 201 POST http://10.180.1.21/identity/v3/users 0.078s
2025-11-12 16:20:59.545 65730 INFO tempest.lib.common.rest_client [req-0813c8ac-bbc9-4ecc-adcb-9890ad0e5076 req-0813c8ac-bbc9-4ecc-adcb-9890ad0e5076 ] Request (VolumesAdminNegativeTest:setUpClass): 200 GET http://10.180.1.21/identity/v3/roles 0.041s
2025-11-12 16:20:59.585 65730 INFO tempest.lib.common.rest_client [req-432ddbce-91a3-4401-832e-d5391f6b8c72 req-432ddbce-91a3-4401-832e-d5391f6b8c72 ] Request (VolumesAdminNegativeTest:setUpClass): 204 PUT http://10.180.1.21/identity/v3/projects/6f20246987384d3a8e01f4d999b861a7/users/786a5907b1834e1bbf46357c7e135247/roles/00abef7737ba47859479c1376c38f2bc 0.040s
2025-11-12 16:20:59.650 65730 INFO tempest.lib.common.rest_client [req-562bbf98-f612-48e3-a8a0-9b7bf4d5fe68 req-562bbf98-f612-48e3-a8a0-9b7bf4d5fe68 ] Request (VolumesAdminNegativeTest:setUpClass): 200 GET http://10.180.1.21/identity/v3/roles 0.065s
2025-11-12 16:20:59.669 65750 INFO tempest.lib.common.rest_client [req-c8da485e-bdc1-402a-89a4-5918510066f8 req-c8da485e-bdc1-402a-89a4-5918510066f8 ] Request (ServersAdminTestJSON:setUpClass): 200 GET http://10.180.1.21/compute/v2.1/servers/7bc719a3-2003-4a4f-ab37-9119172e719a 10.663s
2025-11-12 16:20:59.676 65730 INFO tempest.lib.common.rest_client [req-99964a88-687e-41ec-973c-2dfe7efe0797 req-99964a88-687e-41ec-973c-2dfe7efe0797 ] Request (VolumesAdminNegativeTest:setUpClass): 204 PUT http://10.180.1.21/identity/v3/projects/6f20246987384d3a8e01f4d999b861a7/users/786a5907b1834e1bbf46357c7e135247/roles/b43a4dbe3ba347fa8e8f9dafe1dcb4f0 0.026s
2025-11-12 16:20:59.677 65730 INFO tempest.lib.common.dynamic_creds [-] Dynamic test user 786a5907b1834e1bbf46357c7e135247 is created with scope project and roles: ['admin', 'service']
2025-11-12 16:20:59.677 65730 INFO tempest.lib.common.dynamic_creds [-] Acquired dynamic creds: credentials: Credentials: {'domain_id': 'default', 'domain_name': 'Default', 'username': 'tempest-VolumesAdminNegativeTest-626170335-project', 'project_domain_id': 'default', 'project_domain_name': 'Default', 'project_id': '6f20246987384d3a8e01f4d999b861a7', 'project_name': 'tempest-VolumesAdminNegativeTest-626170335', 'tenant_id': '6f20246987384d3a8e01f4d999b861a7', 'tenant_name': 'tempest-VolumesAdminNegativeTest-626170335', 'user_domain_id': 'default', 'user_domain_name': 'Default', 'user_id': '786a5907b1834e1bbf46357c7e135247', 'system': None}, Network: None, Subnet: None, Router: None
2025-11-12 16:20:59.702 65714 INFO tempest.lib.common.rest_client [req-d5d4552a-a242-4a5a-8e8e-8ac43a1a90ac req-d5d4552a-a242-4a5a-8e8e-8ac43a1a90ac ] Request (FlavorsAccessNegativeTestJSON:_run_cleanups): 202 DELETE http://10.180.1.21/compute/v2.1/flavors/1475352788 10.557s
2025-11-12 16:20:59.728 65738 INFO tempest.lib.common.rest_client [req-fa1f69a2-599e-45d8-a537-9ad4a2dc3859 req-fa1f69a2-599e-45d8-a537-9ad4a2dc3859 ] Request (ServersWithSpecificFlavorTestJSON:test_verify_created_server_ephemeral_disk): 200 POST http://10.180.1.21/compute/v2.1/flavors/149493030/os-extra_specs 10.564s
2025-11-12 16:20:59.737 65716 INFO tempest.lib.common.rest_client [req-4ba932ba-c06b-446d-a843-6b49b1541568 req-4ba932ba-c06b-446d-a843-6b49b1541568 ] Request (VolumesAssistedSnapshotsTest:test_volume_assisted_snapshot_create_delete): 202 POST http://10.180.1.21/compute/v2.1/servers 11.269s
2025-11-12 16:20:59.750 65767 INFO tempest.lib.common.rest_client [req-3be5318b-f72b-4039-9de1-2de04a498237 req-3be5318b-f72b-4039-9de1-2de04a498237 ] Request (FlavorsExtraSpecsTestJSON:test_flavor_set_get_update_show_unset_keys): 200 POST http://10.180.1.21/compute/v2.1/flavors/1515121461/os-extra_specs 10.545s
2025-11-12 16:20:59.780 65712 INFO tempest.lib.common.rest_client [req-8a6adb00-52d4-4a27-bcea-040728a545fd req-8a6adb00-52d4-4a27-bcea-040728a545fd ] Request (ServicesAdminNegativeV253TestJSON:test_get_service_by_invalid_service_and_valid_host): 200 GET http://10.180.1.21/compute/v2.1/os-services?host=devstack&binary=xxx 10.549s
2025-11-12 16:20:59.802 65728 INFO tempest.lib.common.rest_client [req-8fb4642d-555b-4f47-bc17-b1e8c1f824db req-8fb4642d-555b-4f47-bc17-b1e8c1f824db ] Request (HypervisorAdminNegativeTestJSON:test_show_hypervisor_with_non_admin_user): 200 GET http://10.180.1.21/compute/v2.1/os-hypervisors 10.565s
2025-11-12 16:20:59.816 65744 INFO tempest.lib.common.rest_client [req-4efb1296-3c20-436d-9d3c-743f8de7774c req-4efb1296-3c20-436d-9d3c-743f8de7774c ] Request (FlavorsV261TestJSON:_run_cleanups): 202 DELETE http://10.180.1.21/compute/v2.1/flavors/1689710933 10.553s
2025-11-12 16:20:59.883 65702 INFO tempest.lib.common.rest_client [req-8b1df4ac-047a-4f27-aa1b-23df1126a17f req-8b1df4ac-047a-4f27-aa1b-23df1126a17f ] Request (SecurityGroupRulesNegativeTestJSON:test_create_security_group_rule_with_invalid_id): 400 POST http://10.180.1.21/compute/v2.1/os-security-group-rules 10.147s
2025-11-12 16:20:59.949 65708 INFO tempest.lib.common.rest_client [req-c8f68fc1-7a7d-41ae-a398-4857ac6091b5 req-c8f68fc1-7a7d-41ae-a398-4857ac6091b5 ] Request (QuotasAdminNegativeTest:test_create_server_when_instances_quota_is_full): 200 PUT http://10.180.1.21/compute/v2.1/os-quota-sets/3708e31964804e28953484e0cef6c2e0 10.731s
2025-11-12 16:20:59.961 65730 INFO tempest.lib.common.rest_client [req-9c2138cd-7942-41bf-9fc7-73a2a5d44985 req-9c2138cd-7942-41bf-9fc7-73a2a5d44985 ] Request (VolumesAdminNegativeTest:setUpClass): 201 POST http://10.180.1.21/networking/v2.0/networks 0.284s
2025-11-12 16:21:00.033 65708 INFO tempest.lib.common.rest_client [req-cfe4c13c-b498-4999-b6bd-aaca46eca3f9 req-cfe4c13c-b498-4999-b6bd-aaca46eca3f9 ] Request (QuotasAdminNegativeTest:test_create_server_when_instances_quota_is_full): 201 POST http://10.180.1.21/identity/v3/auth/tokens 0.078s
2025-11-12 16:21:00.033 65708 INFO tempest.lib.common.fixed_network [-] (QuotasAdminNegativeTest:test_create_server_when_instances_quota_is_full) Found network None available for tenant
2025-11-12 16:21:00.048 65740 INFO tempest.lib.common.rest_client [req-033d5ad3-4221-48e2-bdcb-2d76726b7c75 req-033d5ad3-4221-48e2-bdcb-2d76726b7c75 ] Request (KeyPairsV22TestJSON:test_get_keypair_detail): 201 POST http://10.180.1.21/compute/v2.1/os-keypairs 10.002s
2025-11-12 16:21:00.071 65706 INFO tempest.lib.common.rest_client [req-555e147a-da1c-497e-b3f0-2fd5b09e2969 req-555e147a-da1c-497e-b3f0-2fd5b09e2969 ] Request (ServicesAdminTestJSON:test_get_service_by_service_binary_name): 200 GET http://10.180.1.21/compute/v2.1/os-services?binary=nova-compute 9.727s
2025-11-12 16:21:00.093 65760 INFO tempest.lib.common.rest_client [req-9bb3c556-3938-4a17-86ca-67e4da375989 req-9bb3c556-3938-4a17-86ca-67e4da375989 ] Request (FlavorsV255TestJSON:_run_cleanups): 202 DELETE http://10.180.1.21/compute/v2.1/flavors/1894227400 9.719s
2025-11-12 16:21:00.119 65732 INFO tempest.lib.common.rest_client [req-92917836-d596-4970-9d2c-c1824d77d1c1 req-92917836-d596-4970-9d2c-c1824d77d1c1 ] Request (FlavorsAccessTestJSON:_run_cleanups): 200 GET http://10.180.1.21/compute/v2.1/flavors/detail 9.697s
2025-11-12 16:21:00.141 65742 INFO tempest.lib.common.rest_client [req-b81e0fb1-4206-4302-bcd2-4b1785e97496 req-b81e0fb1-4206-4302-bcd2-4b1785e97496 ] Request (FlavorsExtraSpecsNegativeTestJSON:test_flavor_non_admin_update_specific_key): 200 POST http://10.180.1.21/compute/v2.1/flavors/837137868/os-extra_specs 9.710s
2025-11-12 16:21:00.159 65734 INFO tempest.lib.common.rest_client [req-2d6b39a4-fbca-4c8f-a4ba-306fe197a250 req-2d6b39a4-fbca-4c8f-a4ba-306fe197a250 ] Request (FlavorsAdminTestJSON:test_create_flavor_verify_entry_in_list_details): 200 POST http://10.180.1.21/compute/v2.1/flavors 9.666s
2025-11-12 16:21:00.187 65724 INFO tempest.lib.common.rest_client [req-8b26f1cf-b3f5-46bb-8d4e-4aad580de0a2 req-8b26f1cf-b3f5-46bb-8d4e-4aad580de0a2 ] Request (AggregatesAdminNegativeTestJSON:_run_cleanups): 200 DELETE http://10.180.1.21/compute/v2.1/os-aggregates/1 9.572s
2025-11-12 16:21:00.231 65730 INFO tempest.lib.common.rest_client [req-11e5bf32-d290-4ff8-b1d6-ba7d91ba4260 req-11e5bf32-d290-4ff8-b1d6-ba7d91ba4260 ] Request (VolumesAdminNegativeTest:setUpClass): 201 POST http://10.180.1.21/networking/v2.0/subnets 0.268s
2025-11-12 16:21:00.373 65753 INFO tempest.lib.common.rest_client [req-a171eaca-5fab-4df4-9322-09db0868b558 req-a171eaca-5fab-4df4-9322-09db0868b558 ] Request (ServersAdmin275Test:test_rebuild_update_server_275): 200 GET http://10.180.1.21/compute/v2.1/servers/2cd96b99-8b35-4e5d-86e6-4f9c491de76b 9.084s
2025-11-12 16:21:00.386 65753 INFO tempest.common.waiters [-] State transition "BUILD/spawning" ==> "ACTIVE/None" after 16 second wait
2025-11-12 16:21:01.003 65758 INFO tempest.lib.common.rest_client [req-5db7dd5a-af42-4bb8-9c20-dbc2f5f4964b req-5db7dd5a-af42-4bb8-9c20-dbc2f5f4964b ] Request (ServerActionsTestJSON:setUpClass): 200 GET http://10.180.1.21/compute/v2.1/servers/5454aae7-fff6-46ce-8c53-ac8b044ae80d 10.907s
2025-11-12 16:21:01.014 65758 INFO tempest.common.waiters [-] State transition "BUILD/None" ==> "BUILD/spawning" after 12 second wait
2025-11-12 16:21:01.186 65730 INFO tempest.lib.common.rest_client [req-31d683ca-1d37-4aad-a98d-bd5bfbd70cbf req-31d683ca-1d37-4aad-a98d-bd5bfbd70cbf ] Request (VolumesAdminNegativeTest:setUpClass): 201 POST http://10.180.1.21/networking/v2.0/routers 0.955s
2025-11-12 16:21:01.240 65720 INFO tempest.lib.common.rest_client [req-c0d824f9-3b39-4426-b42d-955fab1479bd req-c0d824f9-3b39-4426-b42d-955fab1479bd ] Request (FloatingIPsAssociationTestJSON:setUpClass): 200 GET http://10.180.1.21/compute/v2.1/servers/22b7e8e3-7a46-4ec3-a991-3c455f546f6a 9.918s
2025-11-12 16:21:01.255 65720 INFO tempest.common.waiters [-] State transition "BUILD/spawning" ==> "ACTIVE/None" after 22 second wait
2025-11-12 16:21:01.389 65722 INFO tempest.lib.common.rest_client [req-34f38b4d-1629-4c00-a299-bbfcdad3b3c8 req-34f38b4d-1629-4c00-a299-bbfcdad3b3c8 ] Request (MigrationsAdminTest:test_list_migrations_in_flavor_resize_situation): 200 GET http://10.180.1.21/compute/v2.1/servers/03f770e1-35f3-4f85-a573-280d7dc54a7c 9.209s
2025-11-12 16:21:01.397 65722 INFO tempest.common.waiters [-] State transition "BUILD/block_device_mapping" ==> "BUILD/spawning" after 16 second wait
2025-11-12 16:21:01.543 65765 INFO tempest.lib.common.rest_client [req-a9cc706e-9af4-48f1-98c2-7b4755d1a730 req-a9cc706e-9af4-48f1-98c2-7b4755d1a730 ] Request (ServerDiagnosticsTest:test_get_server_diagnostics): 200 GET http://10.180.1.21/compute/v2.1/servers/26a99c64-48be-489a-a709-3befcb716808 8.678s
2025-11-12 16:21:01.816 65748 INFO tempest.lib.common.rest_client [req-830082d3-e838-4bf8-ab1b-24b082827784 req-830082d3-e838-4bf8-ab1b-24b082827784 ] Request (DeleteServersAdminTestJSON:test_admin_delete_servers_of_others): 200 GET http://10.180.1.21/compute/v2.1/servers/515a5ade-00af-4a5d-8d26-a4044629f803 7.299s
2025-11-12 16:21:01.920 65762 INFO tempest.lib.common.rest_client [req-4a46dcb2-9c77-435f-bc4d-d6e405c0aced req-4a46dcb2-9c77-435f-bc4d-d6e405c0aced ] Request (ImagesDeleteNegativeTestJSON:test_delete_image_blank_id): 404 DELETE http://10.180.1.21/compute/v2.1/images/ 6.010s
2025-11-12 16:21:01.995 65710 INFO tempest.lib.common.rest_client [req-88d2c690-1311-4a96-ab1c-6c31f1663554 req-88d2c690-1311-4a96-ab1c-6c31f1663554 ] Request (InstanceActionsTestJSON:setUpClass): 200 GET http://10.180.1.21/compute/v2.1/servers/11ad1dd6-f98e-4bd4-a67d-5d6265586365 5.687s
2025-11-12 16:21:02.101 65754 INFO tempest.lib.common.rest_client [req-49879bc5-c64e-45e4-8b00-0eb59b72f5a8 req-49879bc5-c64e-45e4-8b00-0eb59b72f5a8 ] Request (TenantUsagesNegativeTestJSON:test_get_usage_tenant_with_empty_tenant_id): 404 GET http://10.180.1.21/compute/v2.1/os-simple-tenant-usage/?start=2025-11-11T16%3A20%3A56.461937&end=2025-11-13T16%3A20%3A56.461937 5.639s
2025-11-12 16:21:02.103 65754 WARNING tempest.lib.common.rest_client [-] Deprecated: "tenant_id" property is deprecated for removal, use "project_id" instead
2025-11-12 16:21:02.164 65718 INFO tempest.lib.common.rest_client [req-a15bb97a-3a75-47fc-9822-cd7e18d0038a req-a15bb97a-3a75-47fc-9822-cd7e18d0038a ] Request (ImagesNegativeTestJSON:test_create_image_from_deleted_server): 202 POST http://10.180.1.21/compute/v2.1/servers 8.747s
2025-11-12 16:21:02.234 65756 INFO tempest.lib.common.rest_client [req-00167814-2387-4a1f-872e-00423d8cca54 req-00167814-2387-4a1f-872e-00423d8cca54 ] Request (InstanceActionsNegativeTestJSON:setUpClass): 200 GET http://10.180.1.21/compute/v2.1/servers/080d5cc3-8156-4daf-b954-cd87610d9917 3.835s
2025-11-12 16:21:02.269 65714 INFO tempest.lib.common.rest_client [req-7887d09f-4c5e-408f-8037-bdf7a3987547 req-7887d09f-4c5e-408f-8037-bdf7a3987547 ] Request (FlavorsAccessNegativeTestJSON:_run_cleanups): 200 GET http://10.180.1.21/compute/v2.1/flavors/detail 2.567s
2025-11-12 16:21:02.307 65738 INFO tempest.lib.common.rest_client [req-1e9f04d2-4773-4737-af28-60427c5a4fde req-1e9f04d2-4773-4737-af28-60427c5a4fde ] Request (ServersWithSpecificFlavorTestJSON:test_verify_created_server_ephemeral_disk): 200 POST http://10.180.1.21/compute/v2.1/flavors 2.576s
2025-11-12 16:21:02.412 65730 INFO tempest.lib.common.rest_client [req-5b771732-b72e-4eb2-b60c-773ff75580fc req-5b771732-b72e-4eb2-b60c-773ff75580fc ] Request (VolumesAdminNegativeTest:setUpClass): 200 PUT http://10.180.1.21/networking/v2.0/routers/b54c5712-b982-49d8-ac6c-f9b623849ed0/add_router_interface 1.225s
2025-11-12 16:21:02.412 65730 INFO tempest.lib.common.dynamic_creds [-] Created isolated network resources for: credentials: Credentials: {'domain_id': 'default', 'domain_name': 'Default', 'username': 'tempest-VolumesAdminNegativeTest-626170335-project', 'project_domain_id': 'default', 'project_domain_name': 'Default', 'project_id': '6f20246987384d3a8e01f4d999b861a7', 'project_name': 'tempest-VolumesAdminNegativeTest-626170335', 'tenant_id': '6f20246987384d3a8e01f4d999b861a7', 'tenant_name': 'tempest-VolumesAdminNegativeTest-626170335', 'user_domain_id': 'default', 'user_domain_name': 'Default', 'user_id': '786a5907b1834e1bbf46357c7e135247', 'system': None}, Network: {'id': '7d87e8b8-4e45-47c0-a4b2-ac9fc4718811', 'name': 'tempest-VolumesAdminNegativeTest-1090937197-network', 'tenant_id': '6f20246987384d3a8e01f4d999b861a7', 'project_id': '6f20246987384d3a8e01f4d999b861a7', 'admin_state_up': True, 'mtu': 8950, 'status': 'ACTIVE', 'subnets': [], 'shared': False, 'port_security_enabled': True, 'router:external': False, 'provider:network_type': 'vlan', 'provider:physical_network': 'default', 'provider:segmentation_id': 873, 'availability_zone_hints': [], 'availability_zones': [], 'ipv4_address_scope': None, 'ipv6_address_scope': None, 'description': '', 'tags': [], 'created_at': '2025-11-12T16:20:59Z', 'updated_at': '2025-11-12T16:20:59Z', 'revision_number': 1}, Subnet: {'id': '4c3945d0-12e7-4a53-8b63-57d6dd6f361b', 'name': 'tempest-VolumesAdminNegativeTest-1090937197-subnet', 'tenant_id': '6f20246987384d3a8e01f4d999b861a7', 'network_id': '7d87e8b8-4e45-47c0-a4b2-ac9fc4718811', 'ip_version': 4, 'subnetpool_id': None, 'enable_dhcp': True, 'ipv6_ra_mode': None, 'ipv6_address_mode': None, 'gateway_ip': '192.168.128.1', 'cidr': '192.168.128.0/28', 'allocation_pools': [{'start': '192.168.128.2', 'end': '192.168.128.14'}], 'host_routes': [], 'dns_nameservers': [], 'description': '', 'router:external': False, 'service_types': [], 'tags': [], 'created_at': '2025-11-12T16:21:00Z', 'updated_at': '2025-11-12T16:21:00Z', 'revision_number': 0, 'project_id': '6f20246987384d3a8e01f4d999b861a7'}, Router: {'id': 'b54c5712-b982-49d8-ac6c-f9b623849ed0', 'name': 'tempest-VolumesAdminNegativeTest-1090937197-router', 'tenant_id': '6f20246987384d3a8e01f4d999b861a7', 'admin_state_up': True, 'status': 'ACTIVE', 'external_gateway_info': {'network_id': '063117f1-98c8-4022-8231-090c8d1dfeea', 'external_fixed_ips': [{'subnet_id': '9da60715-87a5-493f-90f4-3152e55c0299', 'ip_address': '10.180.180.229'}], 'enable_snat': True}, 'description': '', 'availability_zones': [], 'distributed': False, 'ha': False, 'availability_zone_hints': [], 'routes': [], 'flavor_id': None, 'tags': [], 'created_at': '2025-11-12T16:21:00Z', 'updated_at': '2025-11-12T16:21:00Z', 'revision_number': 2, 'project_id': '6f20246987384d3a8e01f4d999b861a7'}
2025-11-12 16:21:02.448 65716 INFO tempest.lib.common.rest_client [req-36861fff-791f-4753-92d8-43e53aa7ffe3 req-36861fff-791f-4753-92d8-43e53aa7ffe3 ] Request (VolumesAssistedSnapshotsTest:test_volume_assisted_snapshot_create_delete): 200 GET http://10.180.1.21/compute/v2.1/servers/aa57fe94-b1b8-4951-9bbf-f138ebb301af 2.708s
2025-11-12 16:21:02.468 65767 INFO tempest.lib.common.rest_client [req-3f640fa3-01c1-4b05-83a3-6717ddecb49a req-3f640fa3-01c1-4b05-83a3-6717ddecb49a ] Request (FlavorsExtraSpecsTestJSON:test_flavor_set_get_update_show_unset_keys): 200 GET http://10.180.1.21/compute/v2.1/flavors/1515121461/os-extra_specs 2.717s
2025-11-12 16:21:02.494 65712 INFO tempest.lib.common.rest_client [req-80c7b9b0-1e1c-4241-ac57-bab203f649f8 req-80c7b9b0-1e1c-4241-ac57-bab203f649f8 ] Request (ServicesAdminNegativeV253TestJSON:test_get_service_with_valid_service_and_invalid_host): 200 GET http://10.180.1.21/compute/v2.1/os-services 2.710s
2025-11-12 16:21:02.501 65728 INFO tempest.lib.common.rest_client [req-0fe69347-898b-4073-a799-c301b1239888 req-0fe69347-898b-4073-a799-c301b1239888 ] Request (HypervisorAdminNegativeTestJSON:test_show_hypervisor_with_non_admin_user): 403 GET http://10.180.1.21/compute/v2.1/os-hypervisors/1 2.698s
2025-11-12 16:21:02.536 65744 INFO tempest.lib.common.rest_client [req-cfa87a56-0041-45b5-98c2-7de417083bbb req-cfa87a56-0041-45b5-98c2-7de417083bbb ] Request (FlavorsV261TestJSON:_run_cleanups): 200 GET http://10.180.1.21/compute/v2.1/flavors/detail 2.720s
2025-11-12 16:21:02.552 65730 INFO tempest.lib.common.rest_client [req-f8181462-8f06-4d42-b247-1dab06d5a6b2 req-f8181462-8f06-4d42-b247-1dab06d5a6b2 ] Request (VolumesAdminNegativeTest:setUpClass): 201 POST http://10.180.1.21/identity/v3/auth/tokens 0.135s
2025-11-12 16:21:02.629 65730 INFO tempest.lib.common.rest_client [req-8eb6e86a-6216-4148-8d87-739843d5d4c7 req-8eb6e86a-6216-4148-8d87-739843d5d4c7 ] Request (VolumesAdminNegativeTest:test_update_attached_volume_with_nonexistent_volume_in_uri): 201 POST http://10.180.1.21/identity/v3/auth/tokens 0.068s
2025-11-12 16:21:02.630 65730 INFO tempest.lib.common.fixed_network [-] (VolumesAdminNegativeTest:test_update_attached_volume_with_nonexistent_volume_in_uri) Found network {'id': 'b4348d8a-a05b-4eab-9963-5b3f109efd58', 'name': 'tempest-VolumesAdminNegativeTest-598228482-network', 'tenant_id': 'da9baff3a38d4b19be40964b1938ffa5', 'project_id': 'da9baff3a38d4b19be40964b1938ffa5', 'admin_state_up': True, 'mtu': 8950, 'status': 'ACTIVE', 'subnets': [], 'shared': False, 'port_security_enabled': True, 'router:external': False, 'provider:network_type': 'vlan', 'provider:physical_network': 'default', 'provider:segmentation_id': 390, 'availability_zone_hints': [], 'availability_zones': [], 'ipv4_address_scope': None, 'ipv6_address_scope': None, 'description': '', 'tags': [], 'created_at': '2025-11-12T16:20:51Z', 'updated_at': '2025-11-12T16:20:51Z', 'revision_number': 1} available for tenant
2025-11-12 16:21:02.689 65702 INFO tempest.lib.common.rest_client [req-d1c4aef1-aa9d-4fa4-8574-ce864ddc4415 req-d1c4aef1-aa9d-4fa4-8574-ce864ddc4415 ] Request (SecurityGroupRulesNegativeTestJSON:test_create_security_group_rule_with_invalid_ip_protocol): 200 POST http://10.180.1.21/compute/v2.1/os-security-groups 2.804s
2025-11-12 16:21:02.781 65744 INFO tempest.lib.common.rest_client [req-8fa1ee7a-9305-4b28-92ce-d5b11098ff82 req-8fa1ee7a-9305-4b28-92ce-d5b11098ff82 ] Request (FlavorsV261TestJSON:tearDownClass): 204 DELETE http://10.180.1.21/identity/v3/users/0e15efcf9ed144ef9bee739f26e25dfd 0.229s
2025-11-12 16:21:02.844 65726 INFO tempest.lib.common.rest_client [req-5e9b70f5-10e0-4420-b7a4-3aece37a613e req-5e9b70f5-10e0-4420-b7a4-3aece37a613e ] Request (ServerDiskConfigTestJSON:test_rebuild_server_with_auto_disk_config): 202 POST http://10.180.1.21/compute/v2.1/servers 5.587s
2025-11-12 16:21:02.852 65740 INFO tempest.lib.common.rest_client [req-3f5a0e5d-1030-45a1-90b2-06697a118cfc req-3f5a0e5d-1030-45a1-90b2-06697a118cfc ] Request (KeyPairsV22TestJSON:test_get_keypair_detail): 200 GET http://10.180.1.21/compute/v2.1/os-keypairs/tempest-keypair-2124124453 2.802s
2025-11-12 16:21:02.878 65706 INFO tempest.lib.common.rest_client [req-57eff91e-7a73-454f-a70b-eaec1928841e req-57eff91e-7a73-454f-a70b-eaec1928841e ] Request (ServicesAdminTestJSON:test_list_services): 200 GET http://10.180.1.21/compute/v2.1/os-services 2.800s
2025-11-12 16:21:02.908 65760 INFO tempest.lib.common.rest_client [req-1b835259-4b52-4d84-960e-54a9e4e66e9c req-1b835259-4b52-4d84-960e-54a9e4e66e9c ] Request (FlavorsV255TestJSON:_run_cleanups): 200 GET http://10.180.1.21/compute/v2.1/flavors/detail 2.814s
2025-11-12 16:21:02.934 65732 INFO tempest.lib.common.rest_client [req-abb3372b-4861-4cd2-ae23-2238aad3a242 req-abb3372b-4861-4cd2-ae23-2238aad3a242 ] Request (FlavorsAccessTestJSON:test_flavor_access_list_with_private_flavor): 200 POST http://10.180.1.21/compute/v2.1/flavors 2.804s
2025-11-12 16:21:02.939 65742 INFO tempest.lib.common.rest_client [req-db1d11f8-e16e-44a9-bb26-52b75be7282c req-db1d11f8-e16e-44a9-bb26-52b75be7282c ] Request (FlavorsExtraSpecsNegativeTestJSON:test_flavor_non_admin_update_specific_key): 403 PUT http://10.180.1.21/compute/v2.1/flavors/837137868/os-extra_specs/hw:numa_nodes 2.797s
2025-11-12 16:21:02.959 65708 INFO tempest.lib.common.rest_client [req-e5eac9b9-00a3-44b6-bd5e-784b433b1458 req-e5eac9b9-00a3-44b6-bd5e-784b433b1458 ] Request (QuotasAdminNegativeTest:test_create_server_when_instances_quota_is_full): 403 POST http://10.180.1.21/compute/v2.1/servers 2.924s
2025-11-12 16:21:02.972 65734 INFO tempest.lib.common.rest_client [req-aef2ec49-ae7c-43e7-a575-3a0f80e6e625 req-aef2ec49-ae7c-43e7-a575-3a0f80e6e625 ] Request (FlavorsAdminTestJSON:test_create_flavor_verify_entry_in_list_details): 200 GET http://10.180.1.21/compute/v2.1/flavors/detail 2.811s
2025-11-12 16:21:02.992 65724 INFO tempest.lib.common.rest_client [req-61dfb738-09c4-4f83-a4b2-1e5afe6a435e req-61dfb738-09c4-4f83-a4b2-1e5afe6a435e ] Request (AggregatesAdminNegativeTestJSON:test_aggregate_add_host_as_user): 200 POST http://10.180.1.21/compute/v2.1/os-aggregates 2.798s
2025-11-12 16:21:02.993 65744 INFO tempest.lib.common.rest_client [req-966331cd-76e9-490b-aced-89d7871bb98a req-966331cd-76e9-490b-aced-89d7871bb98a ] Request (FlavorsV261TestJSON:tearDownClass): 204 DELETE http://10.180.1.21/identity/v3/users/d45f8fb6f66240e1a60dde835b1e9a43 0.212s
2025-11-12 16:21:02.994 65744 INFO tempest.lib.common.dynamic_creds [-] Deleting project and security group for project: 05622fccbd944dc583a9ca73d2de3a72
2025-11-12 16:21:03.001 65746 INFO tempest.lib.common.rest_client [req-bc95d4f2-110c-4be7-be34-4dd8cf0925cd req-bc95d4f2-110c-4be7-be34-4dd8cf0925cd ] Request (HostsAdminTestJSON:test_list_hosts_with_zone): 200 GET http://10.180.1.21/compute/v2.1/os-hosts 2.775s
2025-11-12 16:21:03.036 65706 INFO tempest.lib.common.rest_client [req-ea81250d-5314-42eb-b89c-2ac1dc929e13 req-ea81250d-5314-42eb-b89c-2ac1dc929e13 ] Request (ServicesAdminTestJSON:tearDownClass): 204 DELETE http://10.180.1.21/identity/v3/users/6c6f6a4cee5c41a48e11515224da68d9 0.151s
2025-11-12 16:21:03.133 65744 INFO tempest.lib.common.rest_client [req-5c4ec4e7-ac30-4418-9209-bbf2e8dd64be req-5c4ec4e7-ac30-4418-9209-bbf2e8dd64be ] Request (FlavorsV261TestJSON:tearDownClass): 201 POST http://10.180.1.21/identity/v3/auth/tokens 0.139s
2025-11-12 16:21:03.209 65706 INFO tempest.lib.common.rest_client [req-52688905-e864-40bc-8b4f-016af558ee03 req-52688905-e864-40bc-8b4f-016af558ee03 ] Request (ServicesAdminTestJSON:tearDownClass): 204 DELETE http://10.180.1.21/identity/v3/users/55c069f6dcfc4beda85003eaaf3d129a 0.172s
2025-11-12 16:21:03.209 65706 INFO tempest.lib.common.dynamic_creds [-] Deleting project and security group for project: 5d7fc44f8c944e2880f7a8b5c7411b0b
2025-11-12 16:21:03.219 65760 INFO tempest.lib.common.rest_client [req-8b2e6747-6edc-4365-8db8-87aec9e916b1 req-8b2e6747-6edc-4365-8db8-87aec9e916b1 ] Request (FlavorsV255TestJSON:tearDownClass): 204 DELETE http://10.180.1.21/identity/v3/users/ed2deb41d3ad4c6d91d90931a093c94b 0.294s
2025-11-12 16:21:03.240 65704 INFO tempest.lib.common.rest_client [req-1acb26bc-1bc2-4e2b-83a3-8272fe8c237f req-1acb26bc-1bc2-4e2b-83a3-8272fe8c237f ] Request (ServersNegativeTestMultiTenantJSON:setUpClass): 200 GET http://10.180.1.21/compute/v2.1/servers/8c86e37f-d3a1-4c26-93e7-874986137c12 2.753s
2025-11-12 16:21:03.290 65706 INFO tempest.lib.common.rest_client [req-e9643d41-30f3-4e3b-8ec6-dee1558c0ea5 req-e9643d41-30f3-4e3b-8ec6-dee1558c0ea5 ] Request (ServicesAdminTestJSON:tearDownClass): 201 POST http://10.180.1.21/identity/v3/auth/tokens 0.080s
2025-11-12 16:21:03.424 65760 INFO tempest.lib.common.rest_client [req-639aa5ba-9cdc-49bc-892c-cdd0d4b78603 req-639aa5ba-9cdc-49bc-892c-cdd0d4b78603 ] Request (FlavorsV255TestJSON:tearDownClass): 204 DELETE http://10.180.1.21/identity/v3/users/d5bcf26195be4f82b8527fdb17b41ee0 0.205s
2025-11-12 16:21:03.425 65760 INFO tempest.lib.common.dynamic_creds [-] Deleting project and security group for project: 15bbf7b9e97645ba889c2bc255fdc3d6
2025-11-12 16:21:03.500 65744 INFO tempest.lib.common.rest_client [req-3d1daf2b-e6d1-4680-a81f-e0e87adab85f req-3d1daf2b-e6d1-4680-a81f-e0e87adab85f ] Request (FlavorsV261TestJSON:tearDownClass): 200 GET http://10.180.1.21/networking/v2.0/security-groups?tenant_id=05622fccbd944dc583a9ca73d2de3a72&name=default 0.366s
2025-11-12 16:21:03.501 65760 INFO tempest.lib.common.rest_client [req-81107860-2d16-42f8-869a-431423a2762b req-81107860-2d16-42f8-869a-431423a2762b ] Request (FlavorsV255TestJSON:tearDownClass): 201 POST http://10.180.1.21/identity/v3/auth/tokens 0.075s
2025-11-12 16:21:03.533 65753 INFO tempest.lib.common.rest_client [req-eb0a7d85-6d1a-42ba-86f6-66739b9d74c9 req-eb0a7d85-6d1a-42ba-86f6-66739b9d74c9 ] Request (ServersAdmin275Test:test_rebuild_update_server_275): 202 POST http://10.180.1.21/compute/v2.1/servers/2cd96b99-8b35-4e5d-86e6-4f9c491de76b/action 3.146s
2025-11-12 16:21:03.720 65706 INFO tempest.lib.common.rest_client [req-89c8f356-32b1-4fa0-afd7-2f9e2ca2529a req-89c8f356-32b1-4fa0-afd7-2f9e2ca2529a ] Request (ServicesAdminTestJSON:tearDownClass): 200 GET http://10.180.1.21/networking/v2.0/security-groups?tenant_id=5d7fc44f8c944e2880f7a8b5c7411b0b&name=default 0.429s
2025-11-12 16:21:03.806 65744 INFO tempest.lib.common.rest_client [req-4ad73c9f-ce1d-4817-adcb-fe0856ab0f86 req-4ad73c9f-ce1d-4817-adcb-fe0856ab0f86 ] Request (FlavorsV261TestJSON:tearDownClass): 204 DELETE http://10.180.1.21/networking/v2.0/security-groups/3a7485a1-0b3a-4d14-ac01-ec3b98a87f0c 0.306s
2025-11-12 16:21:03.901 65744 INFO tempest.lib.common.rest_client [req-39524854-a080-4f6f-a834-9695c1ba2e14 req-39524854-a080-4f6f-a834-9695c1ba2e14 ] Request (FlavorsV261TestJSON:tearDownClass): 204 DELETE http://10.180.1.21/identity/v3/projects/05622fccbd944dc583a9ca73d2de3a72 0.094s
2025-11-12 16:21:03.901 65744 INFO tempest.lib.common.dynamic_creds [-] Deleting project and security group for project: 21412cc5730d487a9e9b34024a8b5a7a
2025-11-12 16:21:03.934 65760 INFO tempest.lib.common.rest_client [req-96d56af8-7c8b-453c-afee-9aa4d5f26e08 req-96d56af8-7c8b-453c-afee-9aa4d5f26e08 ] Request (FlavorsV255TestJSON:tearDownClass): 200 GET http://10.180.1.21/networking/v2.0/security-groups?tenant_id=15bbf7b9e97645ba889c2bc255fdc3d6&name=default 0.432s
2025-11-12 16:21:04.006 65750 INFO tempest.lib.common.rest_client [req-0279e4ac-bbcf-42ff-9b32-11fc13b25189 req-0279e4ac-bbcf-42ff-9b32-11fc13b25189 ] Request (ServersAdminTestJSON:setUpClass): 200 GET http://10.180.1.21/compute/v2.1/servers/7bc719a3-2003-4a4f-ab37-9119172e719a 3.320s
2025-11-12 16:21:04.015 65750 INFO tempest.common.waiters [-] State transition "BUILD/None" ==> "BUILD/block_device_mapping" after 5 second wait
2025-11-12 16:21:04.049 65762 INFO tempest.lib.common.rest_client [req-553bdc3f-270f-49d1-88b8-da6ea0b05793 req-553bdc3f-270f-49d1-88b8-da6ea0b05793 ] Request (ImagesDeleteNegativeTestJSON:test_delete_image_negative_image_id): 404 DELETE http://10.180.1.21/compute/v2.1/images/-1 2.126s
2025-11-12 16:21:04.087 65706 INFO tempest.lib.common.rest_client [req-58655e9f-58f5-4097-ba90-489bab7c938c req-58655e9f-58f5-4097-ba90-489bab7c938c ] Request (ServicesAdminTestJSON:tearDownClass): 204 DELETE http://10.180.1.21/networking/v2.0/security-groups/56a5cceb-8503-4880-b2d8-e10567fc21da 0.367s
2025-11-12 16:21:04.179 65744 INFO tempest.lib.common.rest_client [req-0adb0d80-5504-40cf-beca-c91e7e116a99 req-0adb0d80-5504-40cf-beca-c91e7e116a99 ] Request (FlavorsV261TestJSON:tearDownClass): 200 GET http://10.180.1.21/networking/v2.0/security-groups?tenant_id=21412cc5730d487a9e9b34024a8b5a7a&name=default 0.278s
2025-11-12 16:21:04.211 65706 INFO tempest.lib.common.rest_client [req-af5fac5b-b247-473c-87fa-859904a0124d req-af5fac5b-b247-473c-87fa-859904a0124d ] Request (ServicesAdminTestJSON:tearDownClass): 204 DELETE http://10.180.1.21/identity/v3/projects/5d7fc44f8c944e2880f7a8b5c7411b0b 0.123s
2025-11-12 16:21:04.212 65706 INFO tempest.lib.common.dynamic_creds [-] Deleting project and security group for project: d324da03b4b340588de94bc5126cf393
2025-11-12 16:21:04.254 65760 INFO tempest.lib.common.rest_client [req-53b1c5f7-9394-4e42-88e4-1ad5c485be9b req-53b1c5f7-9394-4e42-88e4-1ad5c485be9b ] Request (FlavorsV255TestJSON:tearDownClass): 204 DELETE http://10.180.1.21/networking/v2.0/security-groups/27bc083e-89bb-4810-83d8-8eb318fb46e2 0.320s
2025-11-12 16:21:04.419 65760 INFO tempest.lib.common.rest_client [req-92e58e29-1042-4690-a185-c8460af09395 req-92e58e29-1042-4690-a185-c8460af09395 ] Request (FlavorsV255TestJSON:tearDownClass): 204 DELETE http://10.180.1.21/identity/v3/projects/15bbf7b9e97645ba889c2bc255fdc3d6 0.163s
2025-11-12 16:21:04.420 65760 INFO tempest.lib.common.dynamic_creds [-] Deleting project and security group for project: 5d168bea3d62410e8c05e39db39e374d
2025-11-12 16:21:04.870 65744 INFO tempest.lib.common.rest_client [req-31c2bf69-bb40-4815-8408-b31cfbd4fa1c req-31c2bf69-bb40-4815-8408-b31cfbd4fa1c ] Request (FlavorsV261TestJSON:tearDownClass): 204 DELETE http://10.180.1.21/networking/v2.0/security-groups/0a404286-9ee7-45b0-8a44-6bef10258a0d 0.690s
2025-11-12 16:21:04.980 65706 INFO tempest.lib.common.rest_client [req-f0000169-71b0-42d6-8a61-d38a9a13882d req-f0000169-71b0-42d6-8a61-d38a9a13882d ] Request (ServicesAdminTestJSON:tearDownClass): 200 GET http://10.180.1.21/networking/v2.0/security-groups?tenant_id=d324da03b4b340588de94bc5126cf393&name=default 0.768s
2025-11-12 16:21:05.000 65744 INFO tempest.lib.common.rest_client [req-eac9f087-7670-403a-9370-d454efbd65b3 req-eac9f087-7670-403a-9370-d454efbd65b3 ] Request (FlavorsV261TestJSON:tearDownClass): 204 DELETE http://10.180.1.21/identity/v3/projects/21412cc5730d487a9e9b34024a8b5a7a 0.130s
2025-11-12 16:21:05.035 65760 INFO tempest.lib.common.rest_client [req-9306e901-d243-4a5c-ab35-ad72e008fa48 req-9306e901-d243-4a5c-ab35-ad72e008fa48 ] Request (FlavorsV255TestJSON:tearDownClass): 200 GET http://10.180.1.21/networking/v2.0/security-groups?tenant_id=5d168bea3d62410e8c05e39db39e374d&name=default 0.615s
2025-11-12 16:21:05.077 65744 INFO tempest.lib.common.rest_client [req-4afb635a-b979-457c-a0a8-97a053f4f7b6 req-4afb635a-b979-457c-a0a8-97a053f4f7b6 ] Request (HypervisorAdminV253TestBase:setUpClass): 201 POST http://10.180.1.21/identity/v3/auth/tokens 0.076s
2025-11-12 16:21:05.104 65758 INFO tempest.lib.common.rest_client [req-0cfd4adf-ab1a-42ea-b7b4-60f152ed4f1f req-0cfd4adf-ab1a-42ea-b7b4-60f152ed4f1f ] Request (ServerActionsTestJSON:setUpClass): 200 GET http://10.180.1.21/compute/v2.1/servers/5454aae7-fff6-46ce-8c53-ac8b044ae80d 3.088s
2025-11-12 16:21:05.113 65754 INFO tempest.lib.common.rest_client [req-679c764f-ede9-4fba-ba9a-d7affc11ed0f req-679c764f-ede9-4fba-ba9a-d7affc11ed0f ] Request (TenantUsagesNegativeTestJSON:test_get_usage_tenant_with_invalid_date): 400 GET http://10.180.1.21/compute/v2.1/os-simple-tenant-usage/0d17607d79874fdc86d9e48e791ac0a8?start=2025-11-13T16%3A20%3A56.461937&end=2025-11-11T16%3A20%3A56.461937 3.010s
