2025-11-12 16:20:30.520 65765 INFO tempest.lib.common.dynamic_creds [-] Acquired dynamic creds: credentials: Credentials: {'domain_id': 'default', 'domain_name': 'Default', 'username': 'tempest-QuotasSecurityGroupAdminNegativeTest-894192342-project-admin', 'project_domain_id': 'default', 'project_domain_name': 'Default', 'project_id': 'dbdb63068bf641319f72d0a978ece5a0', 'project_name': 'tempest-QuotasSecurityGroupAdminNegativeTest-894192342', 'tenant_id': 'dbdb63068bf641319f72d0a978ece5a0', 'tenant_name': 'tempest-QuotasSecurityGroupAdminNegativeTest-894192342', 'user_domain_id': 'default', 'user_domain_name': 'Default', 'user_id': '3caf180a09c7479cab3980b86c302bf2', 'system': None}, Network: None, Subnet: None, Router: None
2025-11-12 16:20:30.520 65765 INFO tempest.lib.common.dynamic_creds [-] Created isolated network resources for: credentials: Credentials: {'domain_id': 'default', 'domain_name': 'Default', 'username': 'tempest-QuotasSecurityGroupAdminNegativeTest-894192342-project-admin', 'project_domain_id': 'default', 'project_domain_name': 'Default', 'project_id': 'dbdb63068bf641319f72d0a978ece5a0', 'project_name': 'tempest-QuotasSecurityGroupAdminNegativeTest-894192342', 'tenant_id': 'dbdb63068bf641319f72d0a978ece5a0', 'tenant_name': 'tempest-QuotasSecurityGroupAdminNegativeTest-894192342', 'user_domain_id': 'default', 'user_domain_name': 'Default', 'user_id': '3caf180a09c7479cab3980b86c302bf2', 'system': None}, Network: None, Subnet: None, Router: None
2025-11-12 16:20:30.569 65722 INFO tempest.lib.common.rest_client [req-e962bc2b-ad84-4f63-aaaa-003fdadafa0c req-e962bc2b-ad84-4f63-aaaa-003fdadafa0c ] Request (MigrationsAdminTest:setUpClass): 204 PUT http://10.180.1.21/identity/v3/projects/d6e13e617dd746768d1bad60836845b4/users/dff2d73da9984204955081770abf2ed6/roles/00abef7737ba47859479c1376c38f2bc 0.482s
2025-11-12 16:20:30.569 65722 INFO tempest.lib.common.dynamic_creds [-] Dynamic test user dff2d73da9984204955081770abf2ed6 is created with scope project and roles: ['admin']
2025-11-12 16:20:30.569 65722 INFO tempest.lib.common.dynamic_creds [-] Acquired dynamic creds: credentials: Credentials: {'domain_id': 'default', 'domain_name': 'Default', 'username': 'tempest-MigrationsAdminTest-408193228-project-admin', 'project_domain_id': 'default', 'project_domain_name': 'Default', 'project_id': 'd6e13e617dd746768d1bad60836845b4', 'project_name': 'tempest-MigrationsAdminTest-408193228', 'tenant_id': 'd6e13e617dd746768d1bad60836845b4', 'tenant_name': 'tempest-MigrationsAdminTest-408193228', 'user_domain_id': 'default', 'user_domain_name': 'Default', 'user_id': 'dff2d73da9984204955081770abf2ed6', 'system': None}, Network: None, Subnet: None, Router: None
2025-11-12 16:20:30.569 65722 INFO tempest.lib.common.dynamic_creds [-] Created isolated network resources for: credentials: Credentials: {'domain_id': 'default', 'domain_name': 'Default', 'username': 'tempest-MigrationsAdminTest-408193228-project-admin', 'project_domain_id': 'default', 'project_domain_name': 'Default', 'project_id': 'd6e13e617dd746768d1bad60836845b4', 'project_name': 'tempest-MigrationsAdminTest-408193228', 'tenant_id': 'd6e13e617dd746768d1bad60836845b4', 'tenant_name': 'tempest-MigrationsAdminTest-408193228', 'user_domain_id': 'default', 'user_domain_name': 'Default', 'user_id': 'dff2d73da9984204955081770abf2ed6', 'system': None}, Network: None, Subnet: None, Router: None
2025-11-12 16:20:30.591 65740 INFO tempest.lib.common.rest_client [req-33fef794-10ce-49a1-9a0d-61e14d1e1f5b req-33fef794-10ce-49a1-9a0d-61e14d1e1f5b ] Request (HypervisorAdminUnderV252Test:setUpClass): 201 POST http://10.180.1.21/identity/v3/auth/tokens 0.486s
2025-11-12 16:20:30.613 65748 INFO tempest.lib.common.rest_client [req-32c13697-b69d-4659-923f-e7526d89ba9a req-32c13697-b69d-4659-923f-e7526d89ba9a ] Request (DeleteServersAdminTestJSON:setUpClass): 204 PUT http://10.180.1.21/identity/v3/projects/c0c96c7f3d8d42fe9e8e45a00eb2bc1e/users/3dac5a9363fe49169641aace7dfb7616/roles/00abef7737ba47859479c1376c38f2bc 0.506s
2025-11-12 16:20:30.614 65748 INFO tempest.lib.common.dynamic_creds [-] Dynamic test user 3dac5a9363fe49169641aace7dfb7616 is created with scope project and roles: ['admin']
2025-11-12 16:20:30.614 65748 INFO tempest.lib.common.dynamic_creds [-] Acquired dynamic creds: credentials: Credentials: {'domain_id': 'default', 'domain_name': 'Default', 'username': 'tempest-DeleteServersAdminTestJSON-620369160-project-admin', 'project_domain_id': 'default', 'project_domain_name': 'Default', 'project_id': 'c0c96c7f3d8d42fe9e8e45a00eb2bc1e', 'project_name': 'tempest-DeleteServersAdminTestJSON-620369160', 'tenant_id': 'c0c96c7f3d8d42fe9e8e45a00eb2bc1e', 'tenant_name': 'tempest-DeleteServersAdminTestJSON-620369160', 'user_domain_id': 'default', 'user_domain_name': 'Default', 'user_id': '3dac5a9363fe49169641aace7dfb7616', 'system': None}, Network: None, Subnet: None, Router: None
2025-11-12 16:20:30.614 65748 INFO tempest.lib.common.dynamic_creds [-] Created isolated network resources for: credentials: Credentials: {'domain_id': 'default', 'domain_name': 'Default', 'username': 'tempest-DeleteServersAdminTestJSON-620369160-project-admin', 'project_domain_id': 'default', 'project_domain_name': 'Default', 'project_id': 'c0c96c7f3d8d42fe9e8e45a00eb2bc1e', 'project_name': 'tempest-DeleteServersAdminTestJSON-620369160', 'tenant_id': 'c0c96c7f3d8d42fe9e8e45a00eb2bc1e', 'tenant_name': 'tempest-DeleteServersAdminTestJSON-620369160', 'user_domain_id': 'default', 'user_domain_name': 'Default', 'user_id': '3dac5a9363fe49169641aace7dfb7616', 'system': None}, Network: None, Subnet: None, Router: None
2025-11-12 16:20:30.634 65750 INFO tempest.lib.common.rest_client [req-da2a2495-e042-4088-9405-8d872d35cb85 req-da2a2495-e042-4088-9405-8d872d35cb85 ] Request (ServersAdminTestJSON:setUpClass): 201 POST http://10.180.1.21/networking/v2.0/routers 1.498s
2025-11-12 16:20:30.678 65760 INFO tempest.lib.common.rest_client [req-1101641d-0f78-4522-868a-b8b541578db6 req-1101641d-0f78-4522-868a-b8b541578db6 ] Request (FlavorsV255TestJSON:setUpClass): 204 PUT http://10.180.1.21/identity/v3/projects/5d168bea3d62410e8c05e39db39e374d/users/d5bcf26195be4f82b8527fdb17b41ee0/roles/00abef7737ba47859479c1376c38f2bc 0.521s
2025-11-12 16:20:30.678 65760 INFO tempest.lib.common.dynamic_creds [-] Dynamic test user d5bcf26195be4f82b8527fdb17b41ee0 is created with scope project and roles: ['admin']
2025-11-12 16:20:30.678 65760 INFO tempest.lib.common.dynamic_creds [-] Acquired dynamic creds: credentials: Credentials: {'domain_id': 'default', 'domain_name': 'Default', 'username': 'tempest-FlavorsV255TestJSON-7785029-project-admin', 'project_domain_id': 'default', 'project_domain_name': 'Default', 'project_id': '5d168bea3d62410e8c05e39db39e374d', 'project_name': 'tempest-FlavorsV255TestJSON-7785029', 'tenant_id': '5d168bea3d62410e8c05e39db39e374d', 'tenant_name': 'tempest-FlavorsV255TestJSON-7785029', 'user_domain_id': 'default', 'user_domain_name': 'Default', 'user_id': 'd5bcf26195be4f82b8527fdb17b41ee0', 'system': None}, Network: None, Subnet: None, Router: None
2025-11-12 16:20:30.678 65760 INFO tempest.lib.common.dynamic_creds [-] Created isolated network resources for: credentials: Credentials: {'domain_id': 'default', 'domain_name': 'Default', 'username': 'tempest-FlavorsV255TestJSON-7785029-project-admin', 'project_domain_id': 'default', 'project_domain_name': 'Default', 'project_id': '5d168bea3d62410e8c05e39db39e374d', 'project_name': 'tempest-FlavorsV255TestJSON-7785029', 'tenant_id': '5d168bea3d62410e8c05e39db39e374d', 'tenant_name': 'tempest-FlavorsV255TestJSON-7785029', 'user_domain_id': 'default', 'user_domain_name': 'Default', 'user_id': 'd5bcf26195be4f82b8527fdb17b41ee0', 'system': None}, Network: None, Subnet: None, Router: None
2025-11-12 16:20:30.729 65756 INFO tempest.lib.common.rest_client [req-33831357-f8ce-42fc-91ca-4f5f4f005b69 req-33831357-f8ce-42fc-91ca-4f5f4f005b69 ] Request (InstanceUsageAuditLogNegativeTestJSON:setUpClass): 204 PUT http://10.180.1.21/identity/v3/projects/1dadc96f428a442b9eb3c9e5a840ad55/users/278fb043bcdd4883b39f2723a2840a70/roles/00abef7737ba47859479c1376c38f2bc 0.574s
2025-11-12 16:20:30.730 65756 INFO tempest.lib.common.dynamic_creds [-] Dynamic test user 278fb043bcdd4883b39f2723a2840a70 is created with scope project and roles: ['admin']
2025-11-12 16:20:30.730 65756 INFO tempest.lib.common.dynamic_creds [-] Acquired dynamic creds: credentials: Credentials: {'domain_id': 'default', 'domain_name': 'Default', 'username': 'tempest-InstanceUsageAuditLogNegativeTestJSON-497475973-project-admin', 'project_domain_id': 'default', 'project_domain_name': 'Default', 'project_id': '1dadc96f428a442b9eb3c9e5a840ad55', 'project_name': 'tempest-InstanceUsageAuditLogNegativeTestJSON-497475973', 'tenant_id': '1dadc96f428a442b9eb3c9e5a840ad55', 'tenant_name': 'tempest-InstanceUsageAuditLogNegativeTestJSON-497475973', 'user_domain_id': 'default', 'user_domain_name': 'Default', 'user_id': '278fb043bcdd4883b39f2723a2840a70', 'system': None}, Network: None, Subnet: None, Router: None
2025-11-12 16:20:30.730 65756 INFO tempest.lib.common.dynamic_creds [-] Created isolated network resources for: credentials: Credentials: {'domain_id': 'default', 'domain_name': 'Default', 'username': 'tempest-InstanceUsageAuditLogNegativeTestJSON-497475973-project-admin', 'project_domain_id': 'default', 'project_domain_name': 'Default', 'project_id': '1dadc96f428a442b9eb3c9e5a840ad55', 'project_name': 'tempest-InstanceUsageAuditLogNegativeTestJSON-497475973', 'tenant_id': '1dadc96f428a442b9eb3c9e5a840ad55', 'tenant_name': 'tempest-InstanceUsageAuditLogNegativeTestJSON-497475973', 'user_domain_id': 'default', 'user_domain_name': 'Default', 'user_id': '278fb043bcdd4883b39f2723a2840a70', 'system': None}, Network: None, Subnet: None, Router: None
2025-11-12 16:20:30.735 65762 INFO tempest.lib.common.rest_client [req-9129b6ba-e739-4d95-afa5-c047a19632c0 req-9129b6ba-e739-4d95-afa5-c047a19632c0 ] Request (HypervisorAdminTestJSON:setUpClass): 204 PUT http://10.180.1.21/identity/v3/projects/61f01b83542f4122a29b226fd57aa136/users/d49b1e2619df467d96364290d4108724/roles/00abef7737ba47859479c1376c38f2bc 0.560s
2025-11-12 16:20:30.735 65762 INFO tempest.lib.common.dynamic_creds [-] Dynamic test user d49b1e2619df467d96364290d4108724 is created with scope project and roles: ['admin']
2025-11-12 16:20:30.736 65762 INFO tempest.lib.common.dynamic_creds [-] Acquired dynamic creds: credentials: Credentials: {'domain_id': 'default', 'domain_name': 'Default', 'username': 'tempest-HypervisorAdminTestJSON-1900354388-project-admin', 'project_domain_id': 'default', 'project_domain_name': 'Default', 'project_id': '61f01b83542f4122a29b226fd57aa136', 'project_name': 'tempest-HypervisorAdminTestJSON-1900354388', 'tenant_id': '61f01b83542f4122a29b226fd57aa136', 'tenant_name': 'tempest-HypervisorAdminTestJSON-1900354388', 'user_domain_id': 'default', 'user_domain_name': 'Default', 'user_id': 'd49b1e2619df467d96364290d4108724', 'system': None}, Network: None, Subnet: None, Router: None
2025-11-12 16:20:30.736 65762 INFO tempest.lib.common.dynamic_creds [-] Created isolated network resources for: credentials: Credentials: {'domain_id': 'default', 'domain_name': 'Default', 'username': 'tempest-HypervisorAdminTestJSON-1900354388-project-admin', 'project_domain_id': 'default', 'project_domain_name': 'Default', 'project_id': '61f01b83542f4122a29b226fd57aa136', 'project_name': 'tempest-HypervisorAdminTestJSON-1900354388', 'tenant_id': '61f01b83542f4122a29b226fd57aa136', 'tenant_name': 'tempest-HypervisorAdminTestJSON-1900354388', 'user_domain_id': 'default', 'user_domain_name': 'Default', 'user_id': 'd49b1e2619df467d96364290d4108724', 'system': None}, Network: None, Subnet: None, Router: None
2025-11-12 16:20:30.782 65742 INFO tempest.lib.common.rest_client [req-d63b0fb3-d1ce-4fcb-a9a0-64786c8288be req-d63b0fb3-d1ce-4fcb-a9a0-64786c8288be ] Request (FlavorsExtraSpecsNegativeTestJSON:setUpClass): 204 PUT http://10.180.1.21/identity/v3/projects/3bee7787dd594f6499a61f1a30779f14/users/ac3a7eb3ed5143e4aab0c6218bb849fd/roles/00abef7737ba47859479c1376c38f2bc 0.606s
2025-11-12 16:20:30.782 65742 INFO tempest.lib.common.dynamic_creds [-] Dynamic test user ac3a7eb3ed5143e4aab0c6218bb849fd is created with scope project and roles: ['admin']
2025-11-12 16:20:30.782 65724 INFO tempest.lib.common.rest_client [req-96f9bfd8-0ab5-42be-89d4-9939e16b25ce req-96f9bfd8-0ab5-42be-89d4-9939e16b25ce ] Request (AggregatesAdminNegativeTestJSON:setUpClass): 204 PUT http://10.180.1.21/identity/v3/projects/a011558a840d4522b53a06622b64039a/users/d3df95a89adc43a59f98e1dbaf2c6195/roles/00abef7737ba47859479c1376c38f2bc 0.588s
2025-11-12 16:20:30.782 65742 INFO tempest.lib.common.dynamic_creds [-] Acquired dynamic creds: credentials: Credentials: {'domain_id': 'default', 'domain_name': 'Default', 'username': 'tempest-FlavorsExtraSpecsNegativeTestJSON-940714576-project-admin', 'project_domain_id': 'default', 'project_domain_name': 'Default', 'project_id': '3bee7787dd594f6499a61f1a30779f14', 'project_name': 'tempest-FlavorsExtraSpecsNegativeTestJSON-940714576', 'tenant_id': '3bee7787dd594f6499a61f1a30779f14', 'tenant_name': 'tempest-FlavorsExtraSpecsNegativeTestJSON-940714576', 'user_domain_id': 'default', 'user_domain_name': 'Default', 'user_id': 'ac3a7eb3ed5143e4aab0c6218bb849fd', 'system': None}, Network: None, Subnet: None, Router: None
2025-11-12 16:20:30.782 65724 INFO tempest.lib.common.dynamic_creds [-] Dynamic test user d3df95a89adc43a59f98e1dbaf2c6195 is created with scope project and roles: ['admin']
2025-11-12 16:20:30.783 65742 INFO tempest.lib.common.dynamic_creds [-] Created isolated network resources for: credentials: Credentials: {'domain_id': 'default', 'domain_name': 'Default', 'username': 'tempest-FlavorsExtraSpecsNegativeTestJSON-940714576-project-admin', 'project_domain_id': 'default', 'project_domain_name': 'Default', 'project_id': '3bee7787dd594f6499a61f1a30779f14', 'project_name': 'tempest-FlavorsExtraSpecsNegativeTestJSON-940714576', 'tenant_id': '3bee7787dd594f6499a61f1a30779f14', 'tenant_name': 'tempest-FlavorsExtraSpecsNegativeTestJSON-940714576', 'user_domain_id': 'default', 'user_domain_name': 'Default', 'user_id': 'ac3a7eb3ed5143e4aab0c6218bb849fd', 'system': None}, Network: None, Subnet: None, Router: None
2025-11-12 16:20:30.783 65724 INFO tempest.lib.common.dynamic_creds [-] Acquired dynamic creds: credentials: Credentials: {'domain_id': 'default', 'domain_name': 'Default', 'username': 'tempest-AggregatesAdminNegativeTestJSON-1610940047-project-admin', 'project_domain_id': 'default', 'project_domain_name': 'Default', 'project_id': 'a011558a840d4522b53a06622b64039a', 'project_name': 'tempest-AggregatesAdminNegativeTestJSON-1610940047', 'tenant_id': 'a011558a840d4522b53a06622b64039a', 'tenant_name': 'tempest-AggregatesAdminNegativeTestJSON-1610940047', 'user_domain_id': 'default', 'user_domain_name': 'Default', 'user_id': 'd3df95a89adc43a59f98e1dbaf2c6195', 'system': None}, Network: None, Subnet: None, Router: None
2025-11-12 16:20:30.783 65724 INFO tempest.lib.common.dynamic_creds [-] Created isolated network resources for: credentials: Credentials: {'domain_id': 'default', 'domain_name': 'Default', 'username': 'tempest-AggregatesAdminNegativeTestJSON-1610940047-project-admin', 'project_domain_id': 'default', 'project_domain_name': 'Default', 'project_id': 'a011558a840d4522b53a06622b64039a', 'project_name': 'tempest-AggregatesAdminNegativeTestJSON-1610940047', 'tenant_id': 'a011558a840d4522b53a06622b64039a', 'tenant_name': 'tempest-AggregatesAdminNegativeTestJSON-1610940047', 'user_domain_id': 'default', 'user_domain_name': 'Default', 'user_id': 'd3df95a89adc43a59f98e1dbaf2c6195', 'system': None}, Network: None, Subnet: None, Router: None
2025-11-12 16:20:30.851 65744 INFO tempest.lib.common.rest_client [req-155fead9-480b-4efa-bfeb-ab6425b0b51d req-155fead9-480b-4efa-bfeb-ab6425b0b51d ] Request (FlavorsV261TestJSON:setUpClass): 201 POST http://10.180.1.21/identity/v3/auth/tokens 0.630s
2025-11-12 16:20:30.865 65704 INFO tempest.lib.common.rest_client [req-870b553c-ce24-4efa-a003-377325dd25cf req-870b553c-ce24-4efa-a003-377325dd25cf ] Request (ServersNegativeTestMultiTenantJSON:setUpClass): 201 POST http://10.180.1.21/networking/v2.0/networks 1.161s
2025-11-12 16:20:30.875 65746 INFO tempest.lib.common.rest_client [req-06f70618-e6d7-4a9d-8dc8-2aaf2d3456a4 req-06f70618-e6d7-4a9d-8dc8-2aaf2d3456a4 ] Request (HostsAdminTestJSON:setUpClass): 204 PUT http://10.180.1.21/identity/v3/projects/8a833632e9a346709795c3294b744f97/users/456143f2ea914d048ba00c4d5f9bb399/roles/00abef7737ba47859479c1376c38f2bc 0.675s
2025-11-12 16:20:30.876 65746 INFO tempest.lib.common.dynamic_creds [-] Dynamic test user 456143f2ea914d048ba00c4d5f9bb399 is created with scope project and roles: ['admin']
2025-11-12 16:20:30.876 65746 INFO tempest.lib.common.dynamic_creds [-] Acquired dynamic creds: credentials: Credentials: {'domain_id': 'default', 'domain_name': 'Default', 'username': 'tempest-HostsAdminTestJSON-492735938-project-admin', 'project_domain_id': 'default', 'project_domain_name': 'Default', 'project_id': '8a833632e9a346709795c3294b744f97', 'project_name': 'tempest-HostsAdminTestJSON-492735938', 'tenant_id': '8a833632e9a346709795c3294b744f97', 'tenant_name': 'tempest-HostsAdminTestJSON-492735938', 'user_domain_id': 'default', 'user_domain_name': 'Default', 'user_id': '456143f2ea914d048ba00c4d5f9bb399', 'system': None}, Network: None, Subnet: None, Router: None
2025-11-12 16:20:30.876 65746 INFO tempest.lib.common.dynamic_creds [-] Created isolated network resources for: credentials: Credentials: {'domain_id': 'default', 'domain_name': 'Default', 'username': 'tempest-HostsAdminTestJSON-492735938-project-admin', 'project_domain_id': 'default', 'project_domain_name': 'Default', 'project_id': '8a833632e9a346709795c3294b744f97', 'project_name': 'tempest-HostsAdminTestJSON-492735938', 'tenant_id': '8a833632e9a346709795c3294b744f97', 'tenant_name': 'tempest-HostsAdminTestJSON-492735938', 'user_domain_id': 'default', 'user_domain_name': 'Default', 'user_id': '456143f2ea914d048ba00c4d5f9bb399', 'system': None}, Network: None, Subnet: None, Router: None
2025-11-12 16:20:30.936 65730 INFO tempest.lib.common.rest_client [req-425c8dde-7672-40d9-b60c-41c31f66b62c req-425c8dde-7672-40d9-b60c-41c31f66b62c ] Request (QuotaClassesAdminTestJSON:setUpClass): 204 PUT http://10.180.1.21/identity/v3/projects/9e7e570413ef42cfbd354c4f3c97bb16/users/dac0e35ab3204107b05e490dd9f283db/roles/00abef7737ba47859479c1376c38f2bc 0.645s
2025-11-12 16:20:30.936 65730 INFO tempest.lib.common.dynamic_creds [-] Dynamic test user dac0e35ab3204107b05e490dd9f283db is created with scope project and roles: ['admin']
2025-11-12 16:20:30.936 65730 INFO tempest.lib.common.dynamic_creds [-] Acquired dynamic creds: credentials: Credentials: {'domain_id': 'default', 'domain_name': 'Default', 'username': 'tempest-QuotaClassesAdminTestJSON-2047865499-project-admin', 'project_domain_id': 'default', 'project_domain_name': 'Default', 'project_id': '9e7e570413ef42cfbd354c4f3c97bb16', 'project_name': 'tempest-QuotaClassesAdminTestJSON-2047865499', 'tenant_id': '9e7e570413ef42cfbd354c4f3c97bb16', 'tenant_name': 'tempest-QuotaClassesAdminTestJSON-2047865499', 'user_domain_id': 'default', 'user_domain_name': 'Default', 'user_id': 'dac0e35ab3204107b05e490dd9f283db', 'system': None}, Network: None, Subnet: None, Router: None
2025-11-12 16:20:30.936 65730 INFO tempest.lib.common.dynamic_creds [-] Created isolated network resources for: credentials: Credentials: {'domain_id': 'default', 'domain_name': 'Default', 'username': 'tempest-QuotaClassesAdminTestJSON-2047865499-project-admin', 'project_domain_id': 'default', 'project_domain_name': 'Default', 'project_id': '9e7e570413ef42cfbd354c4f3c97bb16', 'project_name': 'tempest-QuotaClassesAdminTestJSON-2047865499', 'tenant_id': '9e7e570413ef42cfbd354c4f3c97bb16', 'tenant_name': 'tempest-QuotaClassesAdminTestJSON-2047865499', 'user_domain_id': 'default', 'user_domain_name': 'Default', 'user_id': 'dac0e35ab3204107b05e490dd9f283db', 'system': None}, Network: None, Subnet: None, Router: None
2025-11-12 16:20:30.938 65714 INFO tempest.lib.common.rest_client [req-02f663dd-0a45-4842-a38f-4a9a66385c43 req-02f663dd-0a45-4842-a38f-4a9a66385c43 ] Request (FlavorsAccessNegativeTestJSON:setUpClass): 201 POST http://10.180.1.21/identity/v3/users 0.621s
2025-11-12 16:20:30.984 65734 INFO tempest.lib.common.rest_client [req-5c63079b-562e-4de5-b4b5-d3444c9004f7 req-5c63079b-562e-4de5-b4b5-d3444c9004f7 ] Request (AZAdminNegativeTestJSON:setUpClass): 204 PUT http://10.180.1.21/identity/v3/projects/ad2dfa354aba47b09f0c151aa066d750/users/b39a7f85bd9a4108b864ceece7b9b86c/roles/00abef7737ba47859479c1376c38f2bc 0.621s
2025-11-12 16:20:30.984 65734 INFO tempest.lib.common.dynamic_creds [-] Dynamic test user b39a7f85bd9a4108b864ceece7b9b86c is created with scope project and roles: ['admin']
2025-11-12 16:20:30.985 65734 INFO tempest.lib.common.dynamic_creds [-] Acquired dynamic creds: credentials: Credentials: {'domain_id': 'default', 'domain_name': 'Default', 'username': 'tempest-AZAdminNegativeTestJSON-871435699-project-admin', 'project_domain_id': 'default', 'project_domain_name': 'Default', 'project_id': 'ad2dfa354aba47b09f0c151aa066d750', 'project_name': 'tempest-AZAdminNegativeTestJSON-871435699', 'tenant_id': 'ad2dfa354aba47b09f0c151aa066d750', 'tenant_name': 'tempest-AZAdminNegativeTestJSON-871435699', 'user_domain_id': 'default', 'user_domain_name': 'Default', 'user_id': 'b39a7f85bd9a4108b864ceece7b9b86c', 'system': None}, Network: None, Subnet: None, Router: None
2025-11-12 16:20:30.985 65734 INFO tempest.lib.common.dynamic_creds [-] Created isolated network resources for: credentials: Credentials: {'domain_id': 'default', 'domain_name': 'Default', 'username': 'tempest-AZAdminNegativeTestJSON-871435699-project-admin', 'project_domain_id': 'default', 'project_domain_name': 'Default', 'project_id': 'ad2dfa354aba47b09f0c151aa066d750', 'project_name': 'tempest-AZAdminNegativeTestJSON-871435699', 'tenant_id': 'ad2dfa354aba47b09f0c151aa066d750', 'tenant_name': 'tempest-AZAdminNegativeTestJSON-871435699', 'user_domain_id': 'default', 'user_domain_name': 'Default', 'user_id': 'b39a7f85bd9a4108b864ceece7b9b86c', 'system': None}, Network: None, Subnet: None, Router: None
2025-11-12 16:20:31.040 65754 INFO tempest.lib.common.rest_client [req-7af54dc7-b69a-4b07-b26e-0cabe05447d6 req-7af54dc7-b69a-4b07-b26e-0cabe05447d6 ] Request (AZAdminV2TestJSON:setUpClass): 204 PUT http://10.180.1.21/identity/v3/projects/0a0add978db04f47973a602bbcb092d0/users/d88ca5d5380244c2b947570db7771898/roles/00abef7737ba47859479c1376c38f2bc 0.591s
2025-11-12 16:20:31.040 65754 INFO tempest.lib.common.dynamic_creds [-] Dynamic test user d88ca5d5380244c2b947570db7771898 is created with scope project and roles: ['admin']
2025-11-12 16:20:31.040 65754 INFO tempest.lib.common.dynamic_creds [-] Acquired dynamic creds: credentials: Credentials: {'domain_id': 'default', 'domain_name': 'Default', 'username': 'tempest-AZAdminV2TestJSON-1995287730-project-admin', 'project_domain_id': 'default', 'project_domain_name': 'Default', 'project_id': '0a0add978db04f47973a602bbcb092d0', 'project_name': 'tempest-AZAdminV2TestJSON-1995287730', 'tenant_id': '0a0add978db04f47973a602bbcb092d0', 'tenant_name': 'tempest-AZAdminV2TestJSON-1995287730', 'user_domain_id': 'default', 'user_domain_name': 'Default', 'user_id': 'd88ca5d5380244c2b947570db7771898', 'system': None}, Network: None, Subnet: None, Router: None
2025-11-12 16:20:31.040 65754 INFO tempest.lib.common.dynamic_creds [-] Created isolated network resources for: credentials: Credentials: {'domain_id': 'default', 'domain_name': 'Default', 'username': 'tempest-AZAdminV2TestJSON-1995287730-project-admin', 'project_domain_id': 'default', 'project_domain_name': 'Default', 'project_id': '0a0add978db04f47973a602bbcb092d0', 'project_name': 'tempest-AZAdminV2TestJSON-1995287730', 'tenant_id': '0a0add978db04f47973a602bbcb092d0', 'tenant_name': 'tempest-AZAdminV2TestJSON-1995287730', 'user_domain_id': 'default', 'user_domain_name': 'Default', 'user_id': 'd88ca5d5380244c2b947570db7771898', 'system': None}, Network: None, Subnet: None, Router: None
2025-11-12 16:20:31.096 65753 INFO tempest.lib.common.rest_client [req-5630be3f-4396-47fc-b82b-693211e55cbb req-5630be3f-4396-47fc-b82b-693211e55cbb ] Request (ServersAdmin275Test:setUpClass): 204 PUT http://10.180.1.21/identity/v3/projects/fe15002c09f744cf8853926a702604d5/users/d157d302ce834b24969f5111d0e53c54/roles/00abef7737ba47859479c1376c38f2bc 0.597s
2025-11-12 16:20:31.096 65753 INFO tempest.lib.common.dynamic_creds [-] Dynamic test user d157d302ce834b24969f5111d0e53c54 is created with scope project and roles: ['admin']
2025-11-12 16:20:31.096 65753 INFO tempest.lib.common.dynamic_creds [-] Acquired dynamic creds: credentials: Credentials: {'domain_id': 'default', 'domain_name': 'Default', 'username': 'tempest-ServersAdmin275Test-497804112-project-admin', 'project_domain_id': 'default', 'project_domain_name': 'Default', 'project_id': 'fe15002c09f744cf8853926a702604d5', 'project_name': 'tempest-ServersAdmin275Test-497804112', 'tenant_id': 'fe15002c09f744cf8853926a702604d5', 'tenant_name': 'tempest-ServersAdmin275Test-497804112', 'user_domain_id': 'default', 'user_domain_name': 'Default', 'user_id': 'd157d302ce834b24969f5111d0e53c54', 'system': None}, Network: None, Subnet: None, Router: None
2025-11-12 16:20:31.096 65753 INFO tempest.lib.common.dynamic_creds [-] Created isolated network resources for: credentials: Credentials: {'domain_id': 'default', 'domain_name': 'Default', 'username': 'tempest-ServersAdmin275Test-497804112-project-admin', 'project_domain_id': 'default', 'project_domain_name': 'Default', 'project_id': 'fe15002c09f744cf8853926a702604d5', 'project_name': 'tempest-ServersAdmin275Test-497804112', 'tenant_id': 'fe15002c09f744cf8853926a702604d5', 'tenant_name': 'tempest-ServersAdmin275Test-497804112', 'user_domain_id': 'default', 'user_domain_name': 'Default', 'user_id': 'd157d302ce834b24969f5111d0e53c54', 'system': None}, Network: None, Subnet: None, Router: None
2025-11-12 16:20:31.147 65732 INFO tempest.lib.common.rest_client [req-9143d806-8552-44b7-a565-cd856e7e5fba req-9143d806-8552-44b7-a565-cd856e7e5fba ] Request (FlavorsAccessTestJSON:test_flavor_access_add_remove): 200 POST http://10.180.1.21/compute/v2.1/flavors 2.092s
2025-11-12 16:20:31.164 65716 INFO tempest.lib.common.rest_client [req-13aa7137-08aa-437c-91f8-bd7491ad0fb0 req-13aa7137-08aa-437c-91f8-bd7491ad0fb0 ] Request (VolumesAssistedSnapshotsTest:setUpClass): 201 POST http://10.180.1.21/identity/v3/projects 0.647s
2025-11-12 16:20:31.212 65765 INFO tempest.lib.common.rest_client [req-9100847b-dfbd-43d6-9510-ad35c16dd044 req-9100847b-dfbd-43d6-9510-ad35c16dd044 ] Request (QuotasSecurityGroupAdminNegativeTest:setUpClass): 201 POST http://10.180.1.21/identity/v3/auth/tokens 0.687s
2025-11-12 16:20:31.214 65765 WARNING tempest.lib.common.rest_client [-] Deprecated: "tenant_id" property is deprecated for removal, use "project_id" instead
2025-11-12 16:20:31.266 65722 INFO tempest.lib.common.rest_client [req-d7cb6100-8f6d-479b-84ce-058824ff7c37 req-d7cb6100-8f6d-479b-84ce-058824ff7c37 ] Request (MigrationsAdminTest:setUpClass): 201 POST http://10.180.1.21/identity/v3/auth/tokens 0.695s
2025-11-12 16:20:31.315 65748 INFO tempest.lib.common.rest_client [req-3a7baf02-4a67-4f10-a384-397ef20cd06d req-3a7baf02-4a67-4f10-a384-397ef20cd06d ] Request (DeleteServersAdminTestJSON:setUpClass): 201 POST http://10.180.1.21/identity/v3/auth/tokens 0.698s
2025-11-12 16:20:31.348 65760 INFO tempest.lib.common.rest_client [req-9e7c16cf-00af-436d-a6cd-ae71cb6f20f6 req-9e7c16cf-00af-436d-a6cd-ae71cb6f20f6 ] Request (FlavorsV255TestJSON:setUpClass): 201 POST http://10.180.1.21/identity/v3/auth/tokens 0.667s
2025-11-12 16:20:31.383 65756 INFO tempest.lib.common.rest_client [req-c7547b28-e42f-47f5-a6f2-b16bb4988279 req-c7547b28-e42f-47f5-a6f2-b16bb4988279 ] Request (InstanceUsageAuditLogNegativeTestJSON:setUpClass): 201 POST http://10.180.1.21/identity/v3/auth/tokens 0.650s
2025-11-12 16:20:31.423 65762 INFO tempest.lib.common.rest_client [req-396652b5-2a43-4f8e-a12f-bc56fa09c36b req-396652b5-2a43-4f8e-a12f-bc56fa09c36b ] Request (HypervisorAdminTestJSON:setUpClass): 201 POST http://10.180.1.21/identity/v3/auth/tokens 0.683s
2025-11-12 16:20:31.446 65724 INFO tempest.lib.common.rest_client [req-bbdc60d7-213d-43a1-97ca-df077bcd80ae req-bbdc60d7-213d-43a1-97ca-df077bcd80ae ] Request (AggregatesAdminNegativeTestJSON:setUpClass): 201 POST http://10.180.1.21/identity/v3/auth/tokens 0.660s
2025-11-12 16:20:31.486 65742 INFO tempest.lib.common.rest_client [req-815d0b6b-a553-471b-978c-ed87e8d796e0 req-815d0b6b-a553-471b-978c-ed87e8d796e0 ] Request (FlavorsExtraSpecsNegativeTestJSON:setUpClass): 201 POST http://10.180.1.21/identity/v3/auth/tokens 0.700s
2025-11-12 16:20:31.496 65758 INFO tempest.lib.common.rest_client [req-8432b7b3-5134-4594-84fa-ffe38bb57e46 req-8432b7b3-5134-4594-84fa-ffe38bb57e46 ] Request (ServerActionsTestJSON:setUpClass): 201 POST http://10.180.1.21/networking/v2.0/routers 1.532s
2025-11-12 16:20:31.504 65746 INFO tempest.lib.common.rest_client [req-dee0ace5-0b69-4e45-b23e-90c4d6f3ffa7 req-dee0ace5-0b69-4e45-b23e-90c4d6f3ffa7 ] Request (HostsAdminTestJSON:setUpClass): 201 POST http://10.180.1.21/identity/v3/auth/tokens 0.625s
2025-11-12 16:20:31.542 65714 INFO tempest.lib.common.rest_client [req-bf18aaf2-7b7d-4e53-bb7c-1a2e3670e215 req-bf18aaf2-7b7d-4e53-bb7c-1a2e3670e215 ] Request (FlavorsAccessNegativeTestJSON:setUpClass): 200 GET http://10.180.1.21/identity/v3/roles 0.603s
2025-11-12 16:20:31.575 65738 INFO tempest.lib.common.rest_client [req-5302eb3f-012c-4dc8-b851-0cd2747bcf2f req-5302eb3f-012c-4dc8-b851-0cd2747bcf2f ] Request (ServersWithSpecificFlavorTestJSON:setUpClass): 201 POST http://10.180.1.21/networking/v2.0/routers 1.456s
2025-11-12 16:20:31.578 65730 INFO tempest.lib.common.rest_client [req-810bce49-2afa-474c-984d-5fc9d9107692 req-810bce49-2afa-474c-984d-5fc9d9107692 ] Request (QuotaClassesAdminTestJSON:setUpClass): 201 POST http://10.180.1.21/identity/v3/auth/tokens 0.637s
2025-11-12 16:20:31.612 65734 INFO tempest.lib.common.rest_client [req-d970fb14-b657-4cb3-8345-38562e2f21c0 req-d970fb14-b657-4cb3-8345-38562e2f21c0 ] Request (AZAdminNegativeTestJSON:setUpClass): 201 POST http://10.180.1.21/identity/v3/auth/tokens 0.623s
2025-11-12 16:20:31.624 65710 INFO tempest.lib.common.rest_client [req-29ca9b49-f879-463d-92df-b5b31ae8eede req-29ca9b49-f879-463d-92df-b5b31ae8eede ] Request (QuotasAdminTestV257:tearDownClass): 200 GET http://10.180.1.21/networking/v2.0/security-groups?tenant_id=26b269ba64304831b2751cfe478b821b&name=default 1.225s
2025-11-12 16:20:31.648 65754 INFO tempest.lib.common.rest_client [req-3a16aafd-e5e5-45ab-8c83-b63081de123b req-3a16aafd-e5e5-45ab-8c83-b63081de123b ] Request (AZAdminV2TestJSON:setUpClass): 201 POST http://10.180.1.21/identity/v3/auth/tokens 0.605s
2025-11-12 16:20:31.674 65753 INFO tempest.lib.common.rest_client [req-131fbfe1-69f7-4484-8d6f-eefa337715df req-131fbfe1-69f7-4484-8d6f-eefa337715df ] Request (ServersAdmin275Test:setUpClass): 201 POST http://10.180.1.21/identity/v3/auth/tokens 0.573s
2025-11-12 16:20:31.699 65716 INFO tempest.lib.common.rest_client [req-3bd7111c-8284-46ac-b3b2-abda119b66a5 req-3bd7111c-8284-46ac-b3b2-abda119b66a5 ] Request (VolumesAssistedSnapshotsTest:setUpClass): 201 POST http://10.180.1.21/identity/v3/users 0.535s
2025-11-12 16:20:31.778 65765 INFO tempest.lib.common.rest_client [req-38b9f2a2-b321-40bd-802d-09ff70977d7e req-38b9f2a2-b321-40bd-802d-09ff70977d7e ] Request (QuotasSecurityGroupAdminNegativeTest:tearDownClass): 204 DELETE http://10.180.1.21/identity/v3/users/3b5d8b438d9744c09d5a0fb3a0fea06d 0.557s
2025-11-12 16:20:31.786 65704 INFO tempest.lib.common.rest_client [req-1db57a24-4b4b-47fb-b3eb-6e5b2c3357a0 req-1db57a24-4b4b-47fb-b3eb-6e5b2c3357a0 ] Request (ServersNegativeTestMultiTenantJSON:setUpClass): 201 POST http://10.180.1.21/networking/v2.0/subnets 0.919s
2025-11-12 16:20:31.787 65722 INFO tempest.lib.common.rest_client [req-98ec91ca-aed7-4553-987e-2756034f213d req-98ec91ca-aed7-4553-987e-2756034f213d ] Request (MigrationsAdminTest:setUpClass): 200 GET http://10.180.1.21/identity/v3/projects/50bc18d60bfb48a68712799f9e84ec16 0.520s
2025-11-12 16:20:31.787 65722 INFO tempest.lib.common.dynamic_creds [-] Using the existing project 50bc18d60bfb48a68712799f9e84ec16 for scope project and roles: ['manager']
2025-11-12 16:20:31.840 65748 INFO tempest.lib.common.rest_client [req-2554eab1-4259-437f-b9a8-ed05173f8f62 req-2554eab1-4259-437f-b9a8-ed05173f8f62 ] Request (DeleteServersAdminTestJSON:test_admin_delete_servers_of_others): 201 POST http://10.180.1.21/identity/v3/auth/tokens 0.521s
2025-11-12 16:20:31.840 65748 INFO tempest.lib.common.fixed_network [-] (DeleteServersAdminTestJSON:test_admin_delete_servers_of_others) Found network None available for tenant
2025-11-12 16:20:31.858 65714 INFO tempest.lib.common.rest_client [req-397ad510-25ae-4f34-85ac-8336b7e9ad9e req-397ad510-25ae-4f34-85ac-8336b7e9ad9e ] Request (FlavorsAccessNegativeTestJSON:setUpClass): 204 PUT http://10.180.1.21/identity/v3/projects/38a193f1e40443428a133b1654409d90/users/7006170a57df4d36ac4c51aa8974e071/roles/56ccb4371a2e4103a3c8f27e073c1b49 0.316s
2025-11-12 16:20:31.858 65714 INFO tempest.lib.common.dynamic_creds [-] Dynamic test user 7006170a57df4d36ac4c51aa8974e071 is created with scope project and roles: ['member']
2025-11-12 16:20:31.859 65714 INFO tempest.lib.common.dynamic_creds [-] Acquired dynamic creds: credentials: Credentials: {'domain_id': 'default', 'domain_name': 'Default', 'username': 'tempest-FlavorsAccessNegativeTestJSON-1528889136-project-member', 'project_domain_id': 'default', 'project_domain_name': 'Default', 'project_id': '38a193f1e40443428a133b1654409d90', 'project_name': 'tempest-FlavorsAccessNegativeTestJSON-1528889136', 'tenant_id': '38a193f1e40443428a133b1654409d90', 'tenant_name': 'tempest-FlavorsAccessNegativeTestJSON-1528889136', 'user_domain_id': 'default', 'user_domain_name': 'Default', 'user_id': '7006170a57df4d36ac4c51aa8974e071', 'system': None}, Network: None, Subnet: None, Router: None
2025-11-12 16:20:31.859 65714 INFO tempest.lib.common.dynamic_creds [-] Created isolated network resources for: credentials: Credentials: {'domain_id': 'default', 'domain_name': 'Default', 'username': 'tempest-FlavorsAccessNegativeTestJSON-1528889136-project-member', 'project_domain_id': 'default', 'project_domain_name': 'Default', 'project_id': '38a193f1e40443428a133b1654409d90', 'project_name': 'tempest-FlavorsAccessNegativeTestJSON-1528889136', 'tenant_id': '38a193f1e40443428a133b1654409d90', 'tenant_name': 'tempest-FlavorsAccessNegativeTestJSON-1528889136', 'user_domain_id': 'default', 'user_domain_name': 'Default', 'user_id': '7006170a57df4d36ac4c51aa8974e071', 'system': None}, Network: None, Subnet: None, Router: None
2025-11-12 16:20:31.897 65753 INFO tempest.lib.common.rest_client [req-f6c55cfc-811f-4545-8ff0-72b8efe85c9e req-f6c55cfc-811f-4545-8ff0-72b8efe85c9e ] Request (ServersAdmin275Test:test_rebuild_update_server_275): 201 POST http://10.180.1.21/identity/v3/auth/tokens 0.218s
2025-11-12 16:20:31.898 65753 INFO tempest.lib.common.fixed_network [-] (ServersAdmin275Test:test_rebuild_update_server_275) Found network None available for tenant
2025-11-12 16:20:31.919 65716 INFO tempest.lib.common.rest_client [req-25622391-8cd3-4eb0-8cdb-1f6b3834ab80 req-25622391-8cd3-4eb0-8cdb-1f6b3834ab80 ] Request (VolumesAssistedSnapshotsTest:setUpClass): 200 GET http://10.180.1.21/identity/v3/roles 0.220s
2025-11-12 16:20:31.952 65722 INFO tempest.lib.common.rest_client [req-95c9c8cc-c38d-40a9-abe3-95473df33012 req-95c9c8cc-c38d-40a9-abe3-95473df33012 ] Request (MigrationsAdminTest:setUpClass): 201 POST http://10.180.1.21/identity/v3/users 0.163s
2025-11-12 16:20:31.981 65765 INFO tempest.lib.common.rest_client [req-0fa13960-4eeb-45cb-984d-f974c20a3964 req-0fa13960-4eeb-45cb-984d-f974c20a3964 ] Request (QuotasSecurityGroupAdminNegativeTest:tearDownClass): 204 DELETE http://10.180.1.21/identity/v3/users/3caf180a09c7479cab3980b86c302bf2 0.202s
2025-11-12 16:20:31.982 65765 INFO tempest.lib.common.dynamic_creds [-] Deleting project and security group for project: dbdb63068bf641319f72d0a978ece5a0
2025-11-12 16:20:32.020 65714 INFO tempest.lib.common.rest_client [req-ed7b40f1-3e4c-40f7-91e9-c856a2b9ce74 req-ed7b40f1-3e4c-40f7-91e9-c856a2b9ce74 ] Request (FlavorsAccessNegativeTestJSON:setUpClass): 201 POST http://10.180.1.21/identity/v3/auth/tokens 0.158s
2025-11-12 16:20:32.021 65714 WARNING tempest.lib.common.rest_client [-] Deprecated: "tenant_id" property is deprecated for removal, use "project_id" instead
2025-11-12 16:20:32.081 65716 INFO tempest.lib.common.rest_client [req-93282180-118a-4ce9-9803-c7e1403ec464 req-93282180-118a-4ce9-9803-c7e1403ec464 ] Request (VolumesAssistedSnapshotsTest:setUpClass): 204 PUT http://10.180.1.21/identity/v3/projects/9bd32e990b9a44ea9eff293090c7896d/users/5baa747a5a924f4492e80fe64d41b589/roles/00abef7737ba47859479c1376c38f2bc 0.161s
2025-11-12 16:20:32.087 65708 INFO tempest.lib.common.rest_client [req-e9222df7-29c8-4325-b076-352e5347912b req-e9222df7-29c8-4325-b076-352e5347912b ] Request (QuotasAdminNegativeTest:test_create_server_when_cpu_quota_is_full): 200 GET http://10.180.1.21/compute/v2.1/os-quota-sets/3708e31964804e28953484e0cef6c2e0 2.456s
2025-11-12 16:20:32.125 65722 INFO tempest.lib.common.rest_client [req-2c916384-a482-4149-b7d1-de7916e3cd6c req-2c916384-a482-4149-b7d1-de7916e3cd6c ] Request (MigrationsAdminTest:setUpClass): 200 GET http://10.180.1.21/identity/v3/roles 0.173s
2025-11-12 16:20:32.139 65765 INFO tempest.lib.common.rest_client [req-f5c3da4b-1dcc-4680-9233-ac119ea17baf req-f5c3da4b-1dcc-4680-9233-ac119ea17baf ] Request (QuotasSecurityGroupAdminNegativeTest:tearDownClass): 201 POST http://10.180.1.21/identity/v3/auth/tokens 0.157s
2025-11-12 16:20:32.141 65716 INFO tempest.lib.common.rest_client [req-abdca411-347c-448c-97fd-ca8c0a7c06c5 req-abdca411-347c-448c-97fd-ca8c0a7c06c5 ] Request (VolumesAssistedSnapshotsTest:setUpClass): 200 GET http://10.180.1.21/identity/v3/roles 0.059s
2025-11-12 16:20:32.165 65722 INFO tempest.lib.common.rest_client [req-3d486dee-1cd0-436b-8daf-860516a309c8 req-3d486dee-1cd0-436b-8daf-860516a309c8 ] Request (MigrationsAdminTest:setUpClass): 204 PUT http://10.180.1.21/identity/v3/projects/50bc18d60bfb48a68712799f9e84ec16/users/f8e12c559ec44a32874918e4fffc9890/roles/df375a4f3c884140867c6a7b119cf0c6 0.039s
2025-11-12 16:20:32.165 65722 INFO tempest.lib.common.dynamic_creds [-] Dynamic test user f8e12c559ec44a32874918e4fffc9890 is created with scope project and roles: ['manager']
2025-11-12 16:20:32.165 65722 INFO tempest.lib.common.dynamic_creds [-] Acquired dynamic creds: credentials: Credentials: {'domain_id': 'default', 'domain_name': 'Default', 'username': 'tempest-MigrationsAdminTest-860872539-project-manager', 'project_domain_id': 'default', 'project_domain_name': 'Default', 'project_id': '50bc18d60bfb48a68712799f9e84ec16', 'project_name': 'tempest-MigrationsAdminTest-860872539', 'tenant_id': '50bc18d60bfb48a68712799f9e84ec16', 'tenant_name': 'tempest-MigrationsAdminTest-860872539', 'user_domain_id': 'default', 'user_domain_name': 'Default', 'user_id': 'f8e12c559ec44a32874918e4fffc9890', 'system': None}, Network: None, Subnet: None, Router: None
2025-11-12 16:20:32.165 65722 INFO tempest.lib.common.dynamic_creds [-] Network resources are not created for requested scope: project and credentials: Credentials: {'domain_id': 'default', 'domain_name': 'Default', 'username': 'tempest-MigrationsAdminTest-860872539-project-manager', 'project_domain_id': 'default', 'project_domain_name': 'Default', 'project_id': '50bc18d60bfb48a68712799f9e84ec16', 'project_name': 'tempest-MigrationsAdminTest-860872539', 'tenant_id': '50bc18d60bfb48a68712799f9e84ec16', 'tenant_name': 'tempest-MigrationsAdminTest-860872539', 'user_domain_id': 'default', 'user_domain_name': 'Default', 'user_id': 'f8e12c559ec44a32874918e4fffc9890', 'system': None}, Network: None, Subnet: None, Router: None
2025-11-12 16:20:32.166 65716 INFO tempest.lib.common.rest_client [req-b127bea6-f798-47f5-988e-d155e53a16d5 req-b127bea6-f798-47f5-988e-d155e53a16d5 ] Request (VolumesAssistedSnapshotsTest:setUpClass): 204 PUT http://10.180.1.21/identity/v3/projects/9bd32e990b9a44ea9eff293090c7896d/users/5baa747a5a924f4492e80fe64d41b589/roles/00abef7737ba47859479c1376c38f2bc 0.024s
2025-11-12 16:20:32.166 65716 INFO tempest.lib.common.dynamic_creds [-] Dynamic test user 5baa747a5a924f4492e80fe64d41b589 is created with scope project and roles: ['admin']
2025-11-12 16:20:32.166 65716 INFO tempest.lib.common.dynamic_creds [-] Acquired dynamic creds: credentials: Credentials: {'domain_id': 'default', 'domain_name': 'Default', 'username': 'tempest-VolumesAssistedSnapshotsTest-424222705-project-admin', 'project_domain_id': 'default', 'project_domain_name': 'Default', 'project_id': '9bd32e990b9a44ea9eff293090c7896d', 'project_name': 'tempest-VolumesAssistedSnapshotsTest-424222705', 'tenant_id': '9bd32e990b9a44ea9eff293090c7896d', 'tenant_name': 'tempest-VolumesAssistedSnapshotsTest-424222705', 'user_domain_id': 'default', 'user_domain_name': 'Default', 'user_id': '5baa747a5a924f4492e80fe64d41b589', 'system': None}, Network: None, Subnet: None, Router: None
2025-11-12 16:20:32.257 65722 INFO tempest.lib.common.rest_client [req-4624d34b-4da4-4602-b364-846ccb9bfda4 req-4624d34b-4da4-4602-b364-846ccb9bfda4 ] Request (MigrationsAdminTest:setUpClass): 201 POST http://10.180.1.21/identity/v3/auth/tokens 0.087s
2025-11-12 16:20:32.258 65722 INFO tempest.api.compute.admin.test_migrations [-] Using project manager for migrating servers, project manager user id: f8e12c559ec44a32874918e4fffc9890
2025-11-12 16:20:32.404 65750 INFO tempest.lib.common.rest_client [req-fa78ef9b-92be-44b0-b19e-741187066a56 req-fa78ef9b-92be-44b0-b19e-741187066a56 ] Request (ServersAdminTestJSON:setUpClass): 200 PUT http://10.180.1.21/networking/v2.0/routers/f52f16da-b10e-4a00-9873-2df52e5bd9ac/add_router_interface 1.770s
2025-11-12 16:20:32.405 65750 INFO tempest.lib.common.dynamic_creds [-] Created isolated network resources for: credentials: Credentials: {'domain_id': 'default', 'domain_name': 'Default', 'username': 'tempest-ServersAdminTestJSON-387763736-project-member', 'project_domain_id': 'default', 'project_domain_name': 'Default', 'project_id': '6d804ffa6d9342fd89b1b3a724541aa5', 'project_name': 'tempest-ServersAdminTestJSON-387763736', 'tenant_id': '6d804ffa6d9342fd89b1b3a724541aa5', 'tenant_name': 'tempest-ServersAdminTestJSON-387763736', 'user_domain_id': 'default', 'user_domain_name': 'Default', 'user_id': '474a2327aff14c5c9c36f8ccbb2139e2', 'system': None}, Network: {'id': 'c5debecc-6a34-4217-aa5c-27c23b14ab62', 'name': 'tempest-ServersAdminTestJSON-1890073738-network', 'tenant_id': '6d804ffa6d9342fd89b1b3a724541aa5', 'project_id': '6d804ffa6d9342fd89b1b3a724541aa5', 'admin_state_up': True, 'mtu': 8950, 'status': 'ACTIVE', 'subnets': [], 'shared': False, 'port_security_enabled': True, 'router:external': False, 'provider:network_type': 'vlan', 'provider:physical_network': 'default', 'provider:segmentation_id': 768, 'availability_zone_hints': [], 'availability_zones': [], 'ipv4_address_scope': None, 'ipv6_address_scope': None, 'description': '', 'tags': [], 'created_at': '2025-11-12T16:20:27Z', 'updated_at': '2025-11-12T16:20:27Z', 'revision_number': 1}, Subnet: {'id': 'af7418a2-4e52-4d0c-ac42-edef29388caf', 'name': 'tempest-ServersAdminTestJSON-1890073738-subnet', 'tenant_id': '6d804ffa6d9342fd89b1b3a724541aa5', 'network_id': 'c5debecc-6a34-4217-aa5c-27c23b14ab62', 'ip_version': 4, 'subnetpool_id': None, 'enable_dhcp': True, 'ipv6_ra_mode': None, 'ipv6_address_mode': None, 'gateway_ip': '192.168.128.1', 'cidr': '192.168.128.0/28', 'allocation_pools': [{'start': '192.168.128.2', 'end': '192.168.128.14'}], 'host_routes': [], 'dns_nameservers': [], 'description': '', 'router:external': False, 'service_types': [], 'tags': [], 'created_at': '2025-11-12T16:20:29Z', 'updated_at': '2025-11-12T16:20:29Z', 'revision_number': 0, 'project_id': '6d804ffa6d9342fd89b1b3a724541aa5'}, Router: {'id': 'f52f16da-b10e-4a00-9873-2df52e5bd9ac', 'name': 'tempest-ServersAdminTestJSON-1890073738-router', 'tenant_id': '6d804ffa6d9342fd89b1b3a724541aa5', 'admin_state_up': True, 'status': 'ACTIVE', 'external_gateway_info': {'network_id': '063117f1-98c8-4022-8231-090c8d1dfeea', 'external_fixed_ips': [{'subnet_id': '9da60715-87a5-493f-90f4-3152e55c0299', 'ip_address': '10.180.180.242'}], 'enable_snat': True}, 'description': '', 'availability_zones': [], 'distributed': False, 'ha': False, 'availability_zone_hints': [], 'routes': [], 'flavor_id': None, 'tags': [], 'created_at': '2025-11-12T16:20:30Z', 'updated_at': '2025-11-12T16:20:30Z', 'revision_number': 2, 'project_id': '6d804ffa6d9342fd89b1b3a724541aa5'}
2025-11-12 16:20:32.491 65750 INFO tempest.lib.common.rest_client [req-ce175b88-1374-4986-9715-da7b3eb501c6 req-ce175b88-1374-4986-9715-da7b3eb501c6 ] Request (ServersAdminTestJSON:setUpClass): 201 POST http://10.180.1.21/identity/v3/auth/tokens 0.080s
2025-11-12 16:20:32.583 65750 INFO tempest.lib.common.rest_client [req-af4bb1d3-f1db-495b-923e-e756161af044 req-af4bb1d3-f1db-495b-923e-e756161af044 ] Request (ServersAdminTestJSON:setUpClass): 201 POST http://10.180.1.21/identity/v3/projects 0.092s
2025-11-12 16:20:32.655 65758 INFO tempest.lib.common.rest_client [req-9971b584-2fc4-4a65-8d4e-230dbf1c913a req-9971b584-2fc4-4a65-8d4e-230dbf1c913a ] Request (ServerActionsTestJSON:setUpClass): 200 PUT http://10.180.1.21/networking/v2.0/routers/de0e0c4d-da42-4702-87f4-fcb6f0e707d3/add_router_interface 1.158s
2025-11-12 16:20:32.655 65758 INFO tempest.lib.common.dynamic_creds [-] Created isolated network resources for: credentials: Credentials: {'domain_id': 'default', 'domain_name': 'Default', 'username': 'tempest-ServerActionsTestJSON-975876043-project-member', 'project_domain_id': 'default', 'project_domain_name': 'Default', 'project_id': 'bc8f76176b1e47e3b0549314582abae1', 'project_name': 'tempest-ServerActionsTestJSON-975876043', 'tenant_id': 'bc8f76176b1e47e3b0549314582abae1', 'tenant_name': 'tempest-ServerActionsTestJSON-975876043', 'user_domain_id': 'default', 'user_domain_name': 'Default', 'user_id': '7c353c7086a14dddb06284bf2f0cfb11', 'system': None}, Network: {'id': '53ac4eed-79d0-4dc4-aa35-a55d5858e75a', 'name': 'tempest-ServerActionsTestJSON-57045358-network', 'tenant_id': 'bc8f76176b1e47e3b0549314582abae1', 'project_id': 'bc8f76176b1e47e3b0549314582abae1', 'admin_state_up': True, 'mtu': 8950, 'status': 'ACTIVE', 'subnets': [], 'shared': False, 'port_security_enabled': True, 'router:external': False, 'provider:network_type': 'vlan', 'provider:physical_network': 'default', 'provider:segmentation_id': 227, 'availability_zone_hints': [], 'availability_zones': [], 'ipv4_address_scope': None, 'ipv6_address_scope': None, 'description': '', 'tags': [], 'created_at': '2025-11-12T16:20:28Z', 'updated_at': '2025-11-12T16:20:28Z', 'revision_number': 1}, Subnet: {'id': 'd3ffb1dc-a341-45d1-ab76-61f6bdc307da', 'name': 'tempest-ServerActionsTestJSON-57045358-subnet', 'tenant_id': 'bc8f76176b1e47e3b0549314582abae1', 'network_id': '53ac4eed-79d0-4dc4-aa35-a55d5858e75a', 'ip_version': 4, 'subnetpool_id': None, 'enable_dhcp': True, 'ipv6_ra_mode': None, 'ipv6_address_mode': None, 'gateway_ip': '192.168.128.1', 'cidr': '192.168.128.0/28', 'allocation_pools': [{'start': '192.168.128.2', 'end': '192.168.128.14'}], 'host_routes': [], 'dns_nameservers': [], 'description': '', 'router:external': False, 'service_types': [], 'tags': [], 'created_at': '2025-11-12T16:20:29Z', 'updated_at': '2025-11-12T16:20:29Z', 'revision_number': 0, 'project_id': 'bc8f76176b1e47e3b0549314582abae1'}, Router: {'id': 'de0e0c4d-da42-4702-87f4-fcb6f0e707d3', 'name': 'tempest-ServerActionsTestJSON-57045358-router', 'tenant_id': 'bc8f76176b1e47e3b0549314582abae1', 'admin_state_up': True, 'status': 'ACTIVE', 'external_gateway_info': {'network_id': '063117f1-98c8-4022-8231-090c8d1dfeea', 'external_fixed_ips': [{'subnet_id': '9da60715-87a5-493f-90f4-3152e55c0299', 'ip_address': '10.180.180.164'}], 'enable_snat': True}, 'description': '', 'availability_zones': [], 'distributed': False, 'ha': False, 'availability_zone_hints': [], 'routes': [], 'flavor_id': None, 'tags': [], 'created_at': '2025-11-12T16:20:30Z', 'updated_at': '2025-11-12T16:20:30Z', 'revision_number': 2, 'project_id': 'bc8f76176b1e47e3b0549314582abae1'}
2025-11-12 16:20:32.669 65750 INFO tempest.lib.common.rest_client [req-92b242e2-25f6-45ab-9e29-83fe6e29c20c req-92b242e2-25f6-45ab-9e29-83fe6e29c20c ] Request (ServersAdminTestJSON:setUpClass): 201 POST http://10.180.1.21/identity/v3/users 0.085s
2025-11-12 16:20:32.696 65750 INFO tempest.lib.common.rest_client [req-07e1cc44-79f9-46cf-b8ec-46cd933e7e95 req-07e1cc44-79f9-46cf-b8ec-46cd933e7e95 ] Request (ServersAdminTestJSON:setUpClass): 200 GET http://10.180.1.21/identity/v3/roles 0.027s
2025-11-12 16:20:32.730 65750 INFO tempest.lib.common.rest_client [req-2a292fce-3210-4ba9-9f6e-65e2cea27f2d req-2a292fce-3210-4ba9-9f6e-65e2cea27f2d ] Request (ServersAdminTestJSON:setUpClass): 204 PUT http://10.180.1.21/identity/v3/projects/0c61d34e3f684c528adbb70401d92da6/users/c16a97c731ad44f3b776a1ffcf8e4d63/roles/00abef7737ba47859479c1376c38f2bc 0.033s
2025-11-12 16:20:32.732 65758 INFO tempest.lib.common.rest_client [req-83531928-ea40-474d-8c80-f02c9f655f44 req-83531928-ea40-474d-8c80-f02c9f655f44 ] Request (ServerActionsTestJSON:setUpClass): 201 POST http://10.180.1.21/identity/v3/auth/tokens 0.071s
