2025-11-12 16:23:37.546 65712 INFO tempest.lib.common.rest_client [req-54dd9868-4ae2-4a08-bf3e-5df151f956dd req-54dd9868-4ae2-4a08-bf3e-5df151f956dd ] Request (AttachInterfacesUnderV243Test:_run_cleanups): 200 GET http://10.180.1.21/compute/v2.1/servers/98aa1eb1-bf0b-4fbb-9de3-14c6558be084 0.286s
2025-11-12 16:23:37.622 65742 INFO tempest.lib.common.rest_client [req-a232e47a-6a65-4eea-92c9-88b83e2f98fc req-a232e47a-6a65-4eea-92c9-88b83e2f98fc ] Request (ServersAdminNegativeTestJSON:tearDownClass): 200 GET http://10.180.1.21/compute/v2.1/servers/24110495-0b63-41e2-aef6-17a014661ece 0.252s
2025-11-12 16:23:37.638 65746 INFO tempest.lib.common.rest_client [req-705bff4e-b010-45f1-82b7-aba3e427e348 req-705bff4e-b010-45f1-82b7-aba3e427e348 ] Request (ServerExternalEventsTest:tearDownClass): 204 DELETE http://10.180.1.21/compute/v2.1/servers/f4214b09-dd86-4702-a864-0be6591767e1 0.356s
2025-11-12 16:23:37.667 65765 INFO tempest.lib.common.rest_client [req-dea9b940-3328-4015-b545-c62a19a4ca7c req-dea9b940-3328-4015-b545-c62a19a4ca7c ] Request (FloatingIPsAssociationNegativeTestJSON:tearDownClass): 200 PUT http://10.180.1.21/networking/v2.0/routers/bab6bf4e-5439-4118-b759-6d8e6433aa46/remove_router_interface 0.913s
2025-11-12 16:23:37.725 65706 INFO tempest.lib.common.rest_client [req-1aba4394-45ec-47ae-921e-c5cdcc32dd18 req-1aba4394-45ec-47ae-921e-c5cdcc32dd18 ] Request (ServersTestMultiNic:test_verify_duplicate_network_nics): 200 GET http://10.180.1.21/compute/v2.1/servers/0708bc0e-8e69-4ac4-b6e6-acd72704ac90 0.297s
2025-11-12 16:23:37.770 65728 INFO tempest.lib.common.rest_client [req-b6c41c61-2485-4206-aa2a-de81fd2e5462 req-b6c41c61-2485-4206-aa2a-de81fd2e5462 ] Request (ListImageFiltersTestJSON:setUpClass): 200 GET http://10.180.1.21/compute/v2.1/images/1e0ffa11-5d3e-4fe2-92f5-ce4055d9267a 0.341s
2025-11-12 16:23:37.823 65708 INFO tempest.lib.common.rest_client [req-81e30c36-ccc3-4347-80f5-fd4ea2002ade req-81e30c36-ccc3-4347-80f5-fd4ea2002ade ] Request (ServersTestJSON:setUpClass): 200 GET http://10.180.1.21/compute/v2.1/servers/2e738df9-e7c6-41c0-b7f8-e06193608371 0.428s
2025-11-12 16:23:37.916 65714 INFO tempest.lib.common.rest_client [req-c0fb8bdc-f115-468a-9fbe-3a3f24bb23df req-c0fb8bdc-f115-468a-9fbe-3a3f24bb23df ] Request (AttachVolumeTestJSON:test_attach_detach_volume): 200 GET http://10.180.1.21/compute/v2.1/servers/ac983033-f8c3-4ed7-9b1a-601f6af5705e 0.417s
2025-11-12 16:23:37.961 65762 INFO tempest.lib.common.rest_client [req-aef1a255-9eea-40a6-9421-09041e0a01c0 req-aef1a255-9eea-40a6-9421-09041e0a01c0 ] Request (ServerGroupTestJSON:_run_cleanups): 200 GET http://10.180.1.21/compute/v2.1/servers/fd96a280-83cc-49e1-82f3-7199d8338001 0.450s
2025-11-12 16:23:37.997 65738 INFO tempest.lib.common.rest_client [req-7c3dbc8d-a84a-4b84-9d85-662315d05fe6 req-7c3dbc8d-a84a-4b84-9d85-662315d05fe6 ] Request (ServersWithSpecificFlavorTestJSON:test_verify_created_server_ephemeral_disk): 200 GET http://10.180.1.21/compute/v2.1/servers/a141644c-0a5d-409d-ada4-8961f5810a73 0.422s
2025-11-12 16:23:38.067 65765 INFO tempest.lib.common.rest_client [req-c4aa540e-34da-43bf-b1e8-b80eb856a8ea req-c4aa540e-34da-43bf-b1e8-b80eb856a8ea ] Request (FloatingIPsAssociationNegativeTestJSON:tearDownClass): 204 DELETE http://10.180.1.21/networking/v2.0/routers/bab6bf4e-5439-4118-b759-6d8e6433aa46 0.400s
2025-11-12 16:23:38.114 65746 INFO tempest.lib.common.rest_client [req-d2f5e758-e9a3-4ef7-8a9e-52fd975228c2 req-d2f5e758-e9a3-4ef7-8a9e-52fd975228c2 ] Request (ServerExternalEventsTest:tearDownClass): 200 GET http://10.180.1.21/compute/v2.1/servers/f4214b09-dd86-4702-a864-0be6591767e1 0.475s
2025-11-12 16:23:38.181 65722 INFO tempest.lib.common.rest_client [req-9f397f41-4ae8-4887-98a7-007f5f960a34 req-9f397f41-4ae8-4887-98a7-007f5f960a34 ] Request (MigrationsAdminTest:test_resize_server_revert_deleted_flavor): 200 GET http://10.180.1.21/compute/v2.1/servers/59b51c88-e272-4744-ab88-5c6d429b3d5a 0.529s
2025-11-12 16:23:38.239 65750 INFO tempest.lib.common.rest_client [req-cc616ff0-d2c5-4e97-b8c6-61cf5e45a434 req-cc616ff0-d2c5-4e97-b8c6-61cf5e45a434 ] Request (ServersAdminTestJSON:tearDownClass): 200 GET http://10.180.1.21/compute/v2.1/servers/26390a09-cb1d-49cb-bad1-9525b6f2eb12 0.568s
2025-11-12 16:23:38.247 65765 INFO tempest.lib.common.rest_client [req-9be01c86-dd92-4459-8b64-51aa9720514c req-9be01c86-dd92-4459-8b64-51aa9720514c ] Request (FloatingIPsAssociationNegativeTestJSON:tearDownClass): 204 DELETE http://10.180.1.21/networking/v2.0/subnets/529b1ce3-b8a7-45bb-8fc8-7c9a39e3c068 0.179s
2025-11-12 16:23:38.261 65760 INFO tempest.lib.common.rest_client [req-508dd139-8c38-4cd1-b390-252ecbcb37e4 req-508dd139-8c38-4cd1-b390-252ecbcb37e4 ] Request (ServerTagsTestJSON:setUpClass): 200 GET http://10.180.1.21/compute/v2.1/servers/489decc5-bcc9-4220-bd75-73cbbcd13b72 0.537s
2025-11-12 16:23:38.308 65728 INFO tempest.lib.common.rest_client [req-7e82de40-43fd-4b38-bb3e-055d85527ae0 req-7e82de40-43fd-4b38-bb3e-055d85527ae0 ] Request (ListImageFiltersTestJSON:setUpClass): 200 GET http://10.180.1.21/compute/v2.1/images/1e0ffa11-5d3e-4fe2-92f5-ce4055d9267a 0.534s
2025-11-12 16:23:38.313 65732 INFO tempest.lib.common.rest_client [req-b7d62b2c-3df9-411b-92de-63e13dcc62cb req-b7d62b2c-3df9-411b-92de-63e13dcc62cb ] Request (TenantUsagesTestJSON:tearDownClass): 200 GET http://10.180.1.21/compute/v2.1/servers/ab068dc7-6c8b-4714-82be-a0975a8aca60 0.573s
2025-11-12 16:23:38.404 65753 INFO tempest.lib.common.rest_client [req-a0f46da6-c3e0-48fc-a711-ad1e213b18eb req-a0f46da6-c3e0-48fc-a711-ad1e213b18eb ] Request (DeleteServersTestJSON:test_delete_server_while_in_attached_volume): 200 GET http://10.180.1.21/compute/v2.1/servers/d6ace7c3-0432-44e5-83fe-e62f69ee1160 0.364s
2025-11-12 16:23:38.438 65758 WARNING tempest.lib.common.ssh [-] Failed to establish authenticated ssh connection to cirros@10.180.180.139 ([Errno None] Unable to connect to port 22 on 10.180.180.139). Number attempts: 2. Retry after 3 seconds.: paramiko.ssh_exception.NoValidConnectionsError: [Errno None] Unable to connect to port 22 on 10.180.180.139
2025-11-12 16:23:38.457 65718 INFO tempest.lib.common.rest_client [req-df802743-e1e6-4d5c-94f2-9fa441fb8719 req-df802743-e1e6-4d5c-94f2-9fa441fb8719 ] Request (AttachInterfacesTestJSON:test_create_list_show_delete_interfaces_by_fixed_ip): 200 GET http://10.180.1.21/compute/v2.1/servers/34fe31ff-f366-4e5b-892a-f28f56cccb03 0.440s
2025-11-12 16:23:38.507 65748 INFO tempest.lib.common.rest_client [req-12352aec-9f8a-431b-84a8-7ef1bb055836 req-12352aec-9f8a-431b-84a8-7ef1bb055836 ] Request (SecurityGroupsTestJSON:test_list_security_groups_by_server): 200 GET http://10.180.1.21/compute/v2.1/servers/9ea9086d-cbd6-436c-b44b-c1c74fca7db9 0.408s
2025-11-12 16:23:38.521 65734 INFO tempest.lib.common.rest_client [req-c11e94d3-3991-400f-ac82-af40ab27fffc req-c11e94d3-3991-400f-ac82-af40ab27fffc ] Request (ServerMetadataNegativeTestJSON:setUpClass): 200 GET http://10.180.1.21/compute/v2.1/servers/8c57a0dd-12c2-466d-a091-e81b0d7a2d61 0.354s
2025-11-12 16:23:38.529 65734 INFO tempest.common.waiters [-] State transition "BUILD/scheduling" ==> "BUILD/None" after 19 second wait
2025-11-12 16:23:38.551 65765 INFO tempest.lib.common.rest_client [req-76151e7b-244c-48f5-93bf-c0537f81369e req-76151e7b-244c-48f5-93bf-c0537f81369e ] Request (FloatingIPsAssociationNegativeTestJSON:tearDownClass): 204 DELETE http://10.180.1.21/networking/v2.0/networks/6c92f847-bf6f-4cab-ba74-ea7cb1777cff 0.304s
2025-11-12 16:23:38.581 65730 INFO tempest.lib.common.rest_client [req-6e48e34f-21e3-4765-a8f1-974ed6194a51 req-6e48e34f-21e3-4765-a8f1-974ed6194a51 ] Request (ServersTestJSON:test_create_server_with_ipv6_addr_only): 200 GET http://10.180.1.21/compute/v2.1/servers/30d247a4-f465-4373-8590-25c5307922a0 0.349s
2025-11-12 16:23:38.595 65767 INFO tempest.lib.common.rest_client [req-85b6ece5-5561-490a-bc58-4f6cee1f59ca req-85b6ece5-5561-490a-bc58-4f6cee1f59ca ] Request (ImagesOneServerNegativeTestJSON:_run_cleanups): 200 GET http://10.180.1.21/compute/v2.1/servers/8b656113-0edd-493a-b421-40b5f99252aa 0.293s
2025-11-12 16:23:38.672 65744 INFO tempest.lib.common.rest_client [req-2da1a083-349b-488f-825f-bea523f7847c req-2da1a083-349b-488f-825f-bea523f7847c ] Request (ImagesTestJSON:test_create_image_from_suspended_server): 200 GET http://10.180.1.21/compute/v2.1/servers/966fae5b-1c72-4717-b818-ca418f32e146 0.318s
2025-11-12 16:23:38.729 65728 INFO tempest.lib.common.rest_client [req-e9802732-fd70-4c3d-a920-219e6be03127 req-e9802732-fd70-4c3d-a920-219e6be03127 ] Request (ListImageFiltersTestJSON:setUpClass): 200 GET http://10.180.1.21/compute/v2.1/servers/82fd9497-8b42-45a5-84f8-f2993ef51c6b 0.417s
2025-11-12 16:23:38.731 65765 INFO tempest.lib.common.rest_client [req-a3fc1520-94f8-4b12-88ef-2a9274e23621 req-a3fc1520-94f8-4b12-88ef-2a9274e23621 ] Request (FloatingIPsAssociationNegativeTestJSON:tearDownClass): 204 DELETE http://10.180.1.21/identity/v3/users/c6ba1607c1504033b82d3d25cad0cae6 0.180s
2025-11-12 16:23:38.732 65765 INFO tempest.lib.common.dynamic_creds [-] Deleting project and security group for project: 7b96f48cc4d2475eb0dd3be41a8d2572
2025-11-12 16:23:38.762 65702 INFO tempest.lib.common.rest_client [req-f8cdedbf-f1f2-4674-8ddb-f95fdbd41a61 req-f8cdedbf-f1f2-4674-8ddb-f95fdbd41a61 ] Request (ListServersNegativeTestJSON:tearDownClass): 200 GET http://10.180.1.21/compute/v2.1/servers/fe3405eb-a028-49dc-a4df-397b19bda9bd 0.391s
2025-11-12 16:23:38.773 65765 INFO tempest.lib.common.rest_client [req-adfa2997-6685-44ad-b37f-d091e30bc203 req-adfa2997-6685-44ad-b37f-d091e30bc203 ] Request (FloatingIPsAssociationNegativeTestJSON:tearDownClass): 200 GET http://10.180.1.21/networking/v2.0/security-groups?tenant_id=7b96f48cc4d2475eb0dd3be41a8d2572&name=default 0.041s
2025-11-12 16:23:38.816 65724 INFO tempest.lib.common.rest_client [req-27274931-669f-42ae-acca-616b4fee59c5 req-27274931-669f-42ae-acca-616b4fee59c5 ] Request (InstanceActionsV221TestJSON:test_get_list_deleted_instance_actions): 200 GET http://10.180.1.21/compute/v2.1/servers/e7e1f12f-38b1-4274-8c24-403f73da1051 0.353s
2025-11-12 16:23:38.851 65740 INFO tempest.lib.common.rest_client [req-3daccb63-ce5b-433b-88e4-f4103ebb1d08 req-3daccb63-ce5b-433b-88e4-f4103ebb1d08 ] Request (ServersListShow2100Test:tearDownClass): 200 GET http://10.180.1.21/compute/v2.1/servers/710ccfa3-6630-4a27-950b-83c8d4521523 0.387s
2025-11-12 16:23:38.864 65740 INFO tempest.common.waiters [-] State transition "ACTIVE/deleting" ==> "DELETED/None" after 5 second wait
2025-11-12 16:23:38.888 65726 INFO tempest.lib.common.rest_client [req-1f1655cf-5fc6-487d-9a25-52afaddde268 req-1f1655cf-5fc6-487d-9a25-52afaddde268 ] Request (ServerDiskConfigTestJSON:test_resize_server_from_auto_to_manual): 200 GET http://10.180.1.21/compute/v2.1/servers/60454779-93ee-4887-8381-d106927cc834 0.351s
2025-11-12 16:23:38.907 65765 INFO tempest.lib.common.rest_client [req-7287536b-4936-4ee8-a583-31f35ab4e2e5 req-7287536b-4936-4ee8-a583-31f35ab4e2e5 ] Request (FloatingIPsAssociationNegativeTestJSON:tearDownClass): 204 DELETE http://10.180.1.21/networking/v2.0/security-groups/46b0db53-8bd6-4cc8-90b3-dd8299fa29cd 0.133s
2025-11-12 16:23:38.942 65712 INFO tempest.lib.common.rest_client [req-cddd8db5-26ed-4f2e-9d7b-91a5663c7f93 req-cddd8db5-26ed-4f2e-9d7b-91a5663c7f93 ] Request (AttachInterfacesUnderV243Test:_run_cleanups): 200 GET http://10.180.1.21/compute/v2.1/servers/98aa1eb1-bf0b-4fbb-9de3-14c6558be084 0.383s
2025-11-12 16:23:38.961 65742 INFO tempest.lib.common.rest_client [req-c3d32e77-a05e-4ef3-a89c-e28a323f44bd req-c3d32e77-a05e-4ef3-a89c-e28a323f44bd ] Request (ServersAdminNegativeTestJSON:tearDownClass): 200 GET http://10.180.1.21/compute/v2.1/servers/24110495-0b63-41e2-aef6-17a014661ece 0.329s
2025-11-12 16:23:38.999 65706 INFO tempest.lib.common.rest_client [req-4bc35836-4845-4608-871b-3c7193c7a7b6 req-4bc35836-4845-4608-871b-3c7193c7a7b6 ] Request (ServersTestMultiNic:test_verify_duplicate_network_nics): 200 GET http://10.180.1.21/compute/v2.1/servers/0708bc0e-8e69-4ac4-b6e6-acd72704ac90 0.265s
2025-11-12 16:23:39.022 65765 INFO tempest.lib.common.rest_client [req-410c07d1-d9bd-463c-82d6-1804c8bbcc6d req-410c07d1-d9bd-463c-82d6-1804c8bbcc6d ] Request (FloatingIPsAssociationNegativeTestJSON:tearDownClass): 204 DELETE http://10.180.1.21/identity/v3/projects/7b96f48cc4d2475eb0dd3be41a8d2572 0.115s
2025-11-12 16:23:39.048 65714 INFO tempest.lib.common.rest_client [req-5b608dc1-cffe-48da-ac28-1841ce040bc8 req-5b608dc1-cffe-48da-ac28-1841ce040bc8 ] Request (AttachVolumeTestJSON:test_attach_detach_volume): 200 GET http://10.180.1.21/compute/v2.1/servers/ac983033-f8c3-4ed7-9b1a-601f6af5705e 0.123s
2025-11-12 16:23:39.090 65708 INFO tempest.lib.common.rest_client [req-331f8c11-9fb5-4307-a08c-2cae0d01491e req-331f8c11-9fb5-4307-a08c-2cae0d01491e ] Request (ServersTestJSON:setUpClass): 200 GET http://10.180.1.21/compute/v2.1/servers/2e738df9-e7c6-41c0-b7f8-e06193608371 0.257s
2025-11-12 16:23:39.108 65765 INFO tempest.lib.common.rest_client [req-9c376306-53d5-4d9b-bf5e-b58fb1bfee14 req-9c376306-53d5-4d9b-bf5e-b58fb1bfee14 ] Request (ServerRescueNegativeTestJSON:setUpClass): 201 POST http://10.180.1.21/identity/v3/auth/tokens 0.085s
2025-11-12 16:23:39.109 65762 INFO tempest.lib.common.rest_client [req-253915bf-5b42-4cb3-821f-528b26e247d3 req-253915bf-5b42-4cb3-821f-528b26e247d3 ] Request (ServerGroupTestJSON:_run_cleanups): 200 GET http://10.180.1.21/compute/v2.1/servers/fd96a280-83cc-49e1-82f3-7199d8338001 0.140s
2025-11-12 16:23:39.147 65765 INFO tempest.lib.common.rest_client [req-d4bf73a6-d36a-4b06-9eed-f02795325b95 req-d4bf73a6-d36a-4b06-9eed-f02795325b95 ] Request (ServerRescueNegativeTestJSON:setUpClass): 201 POST http://10.180.1.21/identity/v3/auth/tokens 0.036s
2025-11-12 16:23:39.152 65738 INFO tempest.lib.common.rest_client [req-d07e49be-6b3e-428d-8b1b-b217b931afde req-d07e49be-6b3e-428d-8b1b-b217b931afde ] Request (ServersWithSpecificFlavorTestJSON:test_verify_created_server_ephemeral_disk): 200 GET http://10.180.1.21/compute/v2.1/servers/a141644c-0a5d-409d-ada4-8961f5810a73 0.147s
2025-11-12 16:23:39.174 65765 INFO tempest.lib.common.rest_client [req-06994e6e-0f88-468f-99ec-5a5dd0b2a767 req-06994e6e-0f88-468f-99ec-5a5dd0b2a767 ] Request (ServerRescueNegativeTestJSON:setUpClass): 200 GET http://10.180.1.21/identity/v3/domains?name=Default 0.026s
2025-11-12 16:23:39.207 65765 INFO tempest.lib.common.rest_client [req-cd54a955-c823-4c60-a3b1-ae4b699be674 req-cd54a955-c823-4c60-a3b1-ae4b699be674 ] Request (ServerRescueNegativeTestJSON:setUpClass): 201 POST http://10.180.1.21/identity/v3/projects 0.032s
2025-11-12 16:23:39.226 65746 INFO tempest.lib.common.rest_client [req-5c2dec09-6d2c-4af7-9129-4710e03f7427 req-5c2dec09-6d2c-4af7-9129-4710e03f7427 ] Request (ServerExternalEventsTest:tearDownClass): 200 GET http://10.180.1.21/compute/v2.1/servers/f4214b09-dd86-4702-a864-0be6591767e1 0.101s
2025-11-12 16:23:39.276 65765 INFO tempest.lib.common.rest_client [req-4d3354d0-49da-4a11-9b27-85178c34a71f req-4d3354d0-49da-4a11-9b27-85178c34a71f ] Request (ServerRescueNegativeTestJSON:setUpClass): 201 POST http://10.180.1.21/identity/v3/users 0.068s
2025-11-12 16:23:39.296 65765 INFO tempest.lib.common.rest_client [req-98315084-78bf-4c46-a1dc-073449239164 req-98315084-78bf-4c46-a1dc-073449239164 ] Request (ServerRescueNegativeTestJSON:setUpClass): 200 GET http://10.180.1.21/identity/v3/roles 0.020s
2025-11-12 16:23:39.316 65750 INFO tempest.lib.common.rest_client [req-2c5d6523-9c07-4ab3-a320-bbaa0043d657 req-2c5d6523-9c07-4ab3-a320-bbaa0043d657 ] Request (ServersAdminTestJSON:tearDownClass): 200 GET http://10.180.1.21/compute/v2.1/servers/26390a09-cb1d-49cb-bad1-9525b6f2eb12 0.064s
2025-11-12 16:23:39.326 65722 INFO tempest.lib.common.rest_client [req-b8b897ee-6e4c-4f20-8e5c-a9ae3f7faa69 req-b8b897ee-6e4c-4f20-8e5c-a9ae3f7faa69 ] Request (MigrationsAdminTest:test_resize_server_revert_deleted_flavor): 200 GET http://10.180.1.21/compute/v2.1/servers/59b51c88-e272-4744-ab88-5c6d429b3d5a 0.134s
2025-11-12 16:23:39.326 65765 INFO tempest.lib.common.rest_client [req-dfb4940e-58f5-4bb3-8de5-beafaf95a796 req-dfb4940e-58f5-4bb3-8de5-beafaf95a796 ] Request (ServerRescueNegativeTestJSON:setUpClass): 204 PUT http://10.180.1.21/identity/v3/projects/bb8dbe3c6b47439face08693a967c6c9/users/170f2347cbcd4eef9908931f368e4c1e/roles/56ccb4371a2e4103a3c8f27e073c1b49 0.029s
2025-11-12 16:23:39.327 65765 INFO tempest.lib.common.dynamic_creds [-] Dynamic test user 170f2347cbcd4eef9908931f368e4c1e is created with scope project and roles: ['member']
2025-11-12 16:23:39.327 65765 INFO tempest.lib.common.dynamic_creds [-] Acquired dynamic creds: credentials: Credentials: {'domain_id': 'default', 'domain_name': 'Default', 'username': 'tempest-ServerRescueNegativeTestJSON-174363340-project-member', 'project_domain_id': 'default', 'project_domain_name': 'Default', 'project_id': 'bb8dbe3c6b47439face08693a967c6c9', 'project_name': 'tempest-ServerRescueNegativeTestJSON-174363340', 'tenant_id': 'bb8dbe3c6b47439face08693a967c6c9', 'tenant_name': 'tempest-ServerRescueNegativeTestJSON-174363340', 'user_domain_id': 'default', 'user_domain_name': 'Default', 'user_id': '170f2347cbcd4eef9908931f368e4c1e', 'system': None}, Network: None, Subnet: None, Router: None
2025-11-12 16:23:39.382 65760 INFO tempest.lib.common.rest_client [req-1ffc8286-ca75-4c0a-a596-5a9bb6fa4df3 req-1ffc8286-ca75-4c0a-a596-5a9bb6fa4df3 ] Request (ServerTagsTestJSON:setUpClass): 200 GET http://10.180.1.21/compute/v2.1/servers/489decc5-bcc9-4220-bd75-73cbbcd13b72 0.108s
2025-11-12 16:23:39.386 65732 INFO tempest.lib.common.rest_client [req-e1b0f48d-efc2-4d9e-b997-d3fe8b8c45c5 req-e1b0f48d-efc2-4d9e-b997-d3fe8b8c45c5 ] Request (TenantUsagesTestJSON:tearDownClass): 200 GET http://10.180.1.21/compute/v2.1/servers/ab068dc7-6c8b-4714-82be-a0975a8aca60 0.065s
2025-11-12 16:23:39.390 65765 INFO tempest.lib.common.rest_client [req-c673696b-871a-4a06-b092-a45823cd0a0f req-c673696b-871a-4a06-b092-a45823cd0a0f ] Request (ServerRescueNegativeTestJSON:setUpClass): 201 POST http://10.180.1.21/identity/v3/auth/tokens 0.063s
2025-11-12 16:23:39.404 65704 WARNING tempest.lib.common.ssh [-] Failed to establish authenticated ssh connection to cirros@10.180.180.223 ([Errno None] Unable to connect to port 22 on 10.180.180.223). Number attempts: 8. Retry after 9 seconds.: paramiko.ssh_exception.NoValidConnectionsError: [Errno None] Unable to connect to port 22 on 10.180.180.223
2025-11-12 16:23:39.482 65753 INFO tempest.lib.common.rest_client [req-1a7a14ed-0b15-4bd5-b74d-cd9b206534c1 req-1a7a14ed-0b15-4bd5-b74d-cd9b206534c1 ] Request (DeleteServersTestJSON:test_delete_server_while_in_attached_volume): 200 GET http://10.180.1.21/compute/v2.1/servers/d6ace7c3-0432-44e5-83fe-e62f69ee1160 0.070s
2025-11-12 16:23:39.591 65748 INFO tempest.lib.common.rest_client [req-58864dee-6f92-4256-9777-e4ac35b34f8c req-58864dee-6f92-4256-9777-e4ac35b34f8c ] Request (SecurityGroupsTestJSON:test_list_security_groups_by_server): 200 GET http://10.180.1.21/compute/v2.1/servers/9ea9086d-cbd6-436c-b44b-c1c74fca7db9 0.073s
2025-11-12 16:23:39.612 65718 INFO tempest.lib.common.rest_client [req-0255838f-f619-4ea3-8ac7-d7fe82ebaa66 req-0255838f-f619-4ea3-8ac7-d7fe82ebaa66 ] Request (AttachInterfacesTestJSON:test_create_list_show_delete_interfaces_by_fixed_ip): 200 GET http://10.180.1.21/compute/v2.1/servers/34fe31ff-f366-4e5b-892a-f28f56cccb03 0.143s
2025-11-12 16:23:39.644 65734 INFO tempest.lib.common.rest_client [req-bb206aee-85a7-4a50-8559-bd1b8686d064 req-bb206aee-85a7-4a50-8559-bd1b8686d064 ] Request (ServerMetadataNegativeTestJSON:setUpClass): 200 GET http://10.180.1.21/compute/v2.1/servers/8c57a0dd-12c2-466d-a091-e81b0d7a2d61 0.114s
2025-11-12 16:23:39.663 65765 INFO tempest.lib.common.rest_client [req-b42f2251-bc87-433e-8f24-7c0f220c1c1f req-b42f2251-bc87-433e-8f24-7c0f220c1c1f ] Request (ServerRescueNegativeTestJSON:setUpClass): 201 POST http://10.180.1.21/networking/v2.0/networks 0.273s
2025-11-12 16:23:39.664 65730 INFO tempest.lib.common.rest_client [req-c1916756-6c54-43ba-b67c-955393becac1 req-c1916756-6c54-43ba-b67c-955393becac1 ] Request (ServersTestJSON:test_create_server_with_ipv6_addr_only): 200 GET http://10.180.1.21/compute/v2.1/servers/30d247a4-f465-4373-8590-25c5307922a0 0.075s
2025-11-12 16:23:39.711 65767 INFO tempest.lib.common.rest_client [req-9825f614-87ee-43fd-8bbd-99609b592039 req-9825f614-87ee-43fd-8bbd-99609b592039 ] Request (ImagesOneServerNegativeTestJSON:_run_cleanups): 200 GET http://10.180.1.21/compute/v2.1/servers/8b656113-0edd-493a-b421-40b5f99252aa 0.107s
2025-11-12 16:23:39.746 65744 INFO tempest.lib.common.rest_client [req-8e630c5b-8a5f-4649-8da6-3e47098cf319 req-8e630c5b-8a5f-4649-8da6-3e47098cf319 ] Request (ImagesTestJSON:test_create_image_from_suspended_server): 200 GET http://10.180.1.21/compute/v2.1/servers/966fae5b-1c72-4717-b818-ca418f32e146 0.060s
2025-11-12 16:23:39.833 65765 INFO tempest.lib.common.rest_client [req-3cb28c43-db68-489c-87cf-0141fef39db9 req-3cb28c43-db68-489c-87cf-0141fef39db9 ] Request (ServerRescueNegativeTestJSON:setUpClass): 201 POST http://10.180.1.21/networking/v2.0/subnets 0.169s
2025-11-12 16:23:39.844 65728 INFO tempest.lib.common.rest_client [req-64459a99-1c38-442d-ad9a-7a27d024cb19 req-64459a99-1c38-442d-ad9a-7a27d024cb19 ] Request (ListImageFiltersTestJSON:setUpClass): 200 GET http://10.180.1.21/compute/v2.1/servers/82fd9497-8b42-45a5-84f8-f2993ef51c6b 0.102s
2025-11-12 16:23:39.850 65728 INFO tempest.common.waiters [-] State transition "ACTIVE/image_uploading" ==> "ACTIVE/None" after 1 second wait
2025-11-12 16:23:39.866 65702 INFO tempest.lib.common.rest_client [req-ac17368b-9a63-45d8-9c31-61dc75bfa462 req-ac17368b-9a63-45d8-9c31-61dc75bfa462 ] Request (ListServersNegativeTestJSON:tearDownClass): 200 GET http://10.180.1.21/compute/v2.1/servers/fe3405eb-a028-49dc-a4df-397b19bda9bd 0.094s
2025-11-12 16:23:40.129 65724 INFO tempest.lib.common.rest_client [req-0f3ae9db-da95-4f71-b34f-cc8ab8ddf0bd req-0f3ae9db-da95-4f71-b34f-cc8ab8ddf0bd ] Request (InstanceActionsV221TestJSON:test_get_list_deleted_instance_actions): 200 GET http://10.180.1.21/compute/v2.1/servers/e7e1f12f-38b1-4274-8c24-403f73da1051 0.304s
2025-11-12 16:23:40.213 65740 INFO tempest.lib.common.rest_client [req-92cd0510-bbc0-42ce-b7dd-a1be6c82e819 req-92cd0510-bbc0-42ce-b7dd-a1be6c82e819 ] Request (ServersListShow2100Test:tearDownClass): 200 GET http://10.180.1.21/compute/v2.1/servers/710ccfa3-6630-4a27-950b-83c8d4521523 0.347s
2025-11-12 16:23:40.260 65726 INFO tempest.lib.common.rest_client [req-7d62f4e3-4bed-4d70-879c-c8706e046dcf req-7d62f4e3-4bed-4d70-879c-c8706e046dcf ] Request (ServerDiskConfigTestJSON:test_resize_server_from_auto_to_manual): 200 GET http://10.180.1.21/compute/v2.1/servers/60454779-93ee-4887-8381-d106927cc834 0.363s
2025-11-12 16:23:40.320 65712 INFO tempest.lib.common.rest_client [req-fd540d16-2859-470b-9eda-bdda80c8bf7f req-fd540d16-2859-470b-9eda-bdda80c8bf7f ] Request (AttachInterfacesUnderV243Test:_run_cleanups): 200 GET http://10.180.1.21/compute/v2.1/servers/98aa1eb1-bf0b-4fbb-9de3-14c6558be084 0.364s
2025-11-12 16:23:40.367 65728 INFO tempest.lib.common.rest_client [req-da24e8d0-07df-4e40-bc72-ae9feb706bff req-da24e8d0-07df-4e40-bc72-ae9feb706bff ] Request (ListImageFiltersTestJSON:setUpClass): 202 POST http://10.180.1.21/compute/v2.1/servers/51acd192-82e9-41ec-9a46-8492da137fed/action 0.516s
2025-11-12 16:23:40.387 65742 INFO tempest.lib.common.rest_client [req-23cb1804-9939-4b6d-afff-9a21e4e154f7 req-23cb1804-9939-4b6d-afff-9a21e4e154f7 ] Request (ServersAdminNegativeTestJSON:tearDownClass): 200 GET http://10.180.1.21/compute/v2.1/servers/24110495-0b63-41e2-aef6-17a014661ece 0.417s
2025-11-12 16:23:40.423 65706 INFO tempest.lib.common.rest_client [req-f98cf8cd-6d3e-42b6-a037-14a1f34e6bb5 req-f98cf8cd-6d3e-42b6-a037-14a1f34e6bb5 ] Request (ServersTestMultiNic:test_verify_duplicate_network_nics): 200 GET http://10.180.1.21/compute/v2.1/servers/0708bc0e-8e69-4ac4-b6e6-acd72704ac90 0.415s
2025-11-12 16:23:40.439 65714 INFO tempest.lib.common.rest_client [req-b12646b5-7a4b-401a-99da-7f63cf272ea4 req-b12646b5-7a4b-401a-99da-7f63cf272ea4 ] Request (AttachVolumeTestJSON:test_attach_detach_volume): 200 GET http://10.180.1.21/compute/v2.1/servers/ac983033-f8c3-4ed7-9b1a-601f6af5705e 0.378s
2025-11-12 16:23:40.537 65708 INFO tempest.lib.common.rest_client [req-863bd861-52a4-4072-be28-37f1a68eeea3 req-863bd861-52a4-4072-be28-37f1a68eeea3 ] Request (ServersTestJSON:setUpClass): 200 GET http://10.180.1.21/compute/v2.1/servers/2e738df9-e7c6-41c0-b7f8-e06193608371 0.436s
2025-11-12 16:23:40.544 65708 INFO tempest.common.waiters [-] State transition "BUILD/spawning" ==> "ACTIVE/None" after 58 second wait
2025-11-12 16:23:40.555 65762 INFO tempest.lib.common.rest_client [req-f9a1fa06-2cf4-4618-81bc-bffa7684dd52 req-f9a1fa06-2cf4-4618-81bc-bffa7684dd52 ] Request (ServerGroupTestJSON:_run_cleanups): 200 GET http://10.180.1.21/compute/v2.1/servers/fd96a280-83cc-49e1-82f3-7199d8338001 0.438s
2025-11-12 16:23:40.594 65738 INFO tempest.lib.common.rest_client [req-fb6db47c-c9f2-4dc5-8cb6-c34635a76138 req-fb6db47c-c9f2-4dc5-8cb6-c34635a76138 ] Request (ServersWithSpecificFlavorTestJSON:test_verify_created_server_ephemeral_disk): 200 GET http://10.180.1.21/compute/v2.1/servers/a141644c-0a5d-409d-ada4-8961f5810a73 0.432s
2025-11-12 16:23:40.616 65746 INFO tempest.lib.common.rest_client [req-88fc4fb2-f49c-4e08-89ef-9291cc3bed68 req-88fc4fb2-f49c-4e08-89ef-9291cc3bed68 ] Request (ServerExternalEventsTest:tearDownClass): 200 GET http://10.180.1.21/compute/v2.1/servers/f4214b09-dd86-4702-a864-0be6591767e1 0.381s
2025-11-12 16:23:40.665 65750 INFO tempest.lib.common.rest_client [req-60cd363e-e553-4ae4-b258-acd72785466a req-60cd363e-e553-4ae4-b258-acd72785466a ] Request (ServersAdminTestJSON:tearDownClass): 200 GET http://10.180.1.21/compute/v2.1/servers/26390a09-cb1d-49cb-bad1-9525b6f2eb12 0.341s
2025-11-12 16:23:40.670 65765 INFO tempest.lib.common.rest_client [req-5e30d3ba-0585-4993-a3da-00224f34279f req-5e30d3ba-0585-4993-a3da-00224f34279f ] Request (ServerRescueNegativeTestJSON:setUpClass): 201 POST http://10.180.1.21/networking/v2.0/routers 0.836s
2025-11-12 16:23:40.704 65728 INFO tempest.lib.common.rest_client [req-b9605323-b908-4911-b142-0692870668d9 req-b9605323-b908-4911-b142-0692870668d9 ] Request (ListImageFiltersTestJSON:setUpClass): 200 GET http://10.180.1.21/compute/v2.1/images/ef58341d-8109-4fa1-b65a-3f8d094ea8f1 0.335s
2025-11-12 16:23:40.762 65760 INFO tempest.lib.common.rest_client [req-9b1d22f4-aed8-4586-84a3-aa6a667669ab req-9b1d22f4-aed8-4586-84a3-aa6a667669ab ] Request (ServerTagsTestJSON:setUpClass): 200 GET http://10.180.1.21/compute/v2.1/servers/489decc5-bcc9-4220-bd75-73cbbcd13b72 0.370s
2025-11-12 16:23:40.800 65722 INFO tempest.lib.common.rest_client [req-3abdd812-9405-4959-b1eb-1c3fe5c8e668 req-3abdd812-9405-4959-b1eb-1c3fe5c8e668 ] Request (MigrationsAdminTest:test_resize_server_revert_deleted_flavor): 200 GET http://10.180.1.21/compute/v2.1/servers/59b51c88-e272-4744-ab88-5c6d429b3d5a 0.465s
2025-11-12 16:23:40.830 65732 INFO tempest.lib.common.rest_client [req-12513f1c-a950-401b-b68a-274c5baba1aa req-12513f1c-a950-401b-b68a-274c5baba1aa ] Request (TenantUsagesTestJSON:tearDownClass): 200 GET http://10.180.1.21/compute/v2.1/servers/ab068dc7-6c8b-4714-82be-a0975a8aca60 0.436s
2025-11-12 16:23:40.896 65753 INFO tempest.lib.common.rest_client [req-1ddc1b72-43c2-4b34-b3b4-ca6213de54fc req-1ddc1b72-43c2-4b34-b3b4-ca6213de54fc ] Request (DeleteServersTestJSON:test_delete_server_while_in_attached_volume): 200 GET http://10.180.1.21/compute/v2.1/servers/d6ace7c3-0432-44e5-83fe-e62f69ee1160 0.404s
2025-11-12 16:23:40.919 65708 INFO tempest.lib.common.rest_client [req-fc700ccc-2407-4fcb-875f-afcead8aa5b1 req-fc700ccc-2407-4fcb-875f-afcead8aa5b1 ] Request (ServersTestJSON:setUpClass): 200 GET http://10.180.1.21/compute/v2.1/servers/2e738df9-e7c6-41c0-b7f8-e06193608371/os-interface 0.374s
2025-11-12 16:23:41.627 65765 INFO tempest.lib.common.rest_client [req-abf75e6a-604a-4a88-be68-f72bdb8db065 req-abf75e6a-604a-4a88-be68-f72bdb8db065 ] Request (ServerRescueNegativeTestJSON:setUpClass): 200 PUT http://10.180.1.21/networking/v2.0/routers/5f5a195e-cf03-4f34-a556-26e95ef310ba/add_router_interface 0.957s
2025-11-12 16:23:41.628 65765 INFO tempest.lib.common.dynamic_creds [-] Created isolated network resources for: credentials: Credentials: {'domain_id': 'default', 'domain_name': 'Default', 'username': 'tempest-ServerRescueNegativeTestJSON-174363340-project-member', 'project_domain_id': 'default', 'project_domain_name': 'Default', 'project_id': 'bb8dbe3c6b47439face08693a967c6c9', 'project_name': 'tempest-ServerRescueNegativeTestJSON-174363340', 'tenant_id': 'bb8dbe3c6b47439face08693a967c6c9', 'tenant_name': 'tempest-ServerRescueNegativeTestJSON-174363340', 'user_domain_id': 'default', 'user_domain_name': 'Default', 'user_id': '170f2347cbcd4eef9908931f368e4c1e', 'system': None}, Network: {'id': 'd0e3600e-e179-4579-a062-52cd2475f810', 'name': 'tempest-ServerRescueNegativeTestJSON-706351981-network', 'tenant_id': 'bb8dbe3c6b47439face08693a967c6c9', 'project_id': 'bb8dbe3c6b47439face08693a967c6c9', 'admin_state_up': True, 'mtu': 8950, 'status': 'ACTIVE', 'subnets': [], 'shared': False, 'port_security_enabled': True, 'router:external': False, 'provider:network_type': 'vlan', 'provider:physical_network': 'default', 'provider:segmentation_id': 624, 'availability_zone_hints': [], 'availability_zones': [], 'ipv4_address_scope': None, 'ipv6_address_scope': None, 'description': '', 'tags': [], 'created_at': '2025-11-12T16:23:39Z', 'updated_at': '2025-11-12T16:23:39Z', 'revision_number': 1}, Subnet: {'id': '71bb9bdb-f4ad-4d43-9300-5f21c595488b', 'name': 'tempest-ServerRescueNegativeTestJSON-706351981-subnet', 'tenant_id': 'bb8dbe3c6b47439face08693a967c6c9', 'network_id': 'd0e3600e-e179-4579-a062-52cd2475f810', 'ip_version': 4, 'subnetpool_id': None, 'enable_dhcp': True, 'ipv6_ra_mode': None, 'ipv6_address_mode': None, 'gateway_ip': '192.168.128.1', 'cidr': '192.168.128.0/28', 'allocation_pools': [{'start': '192.168.128.2', 'end': '192.168.128.14'}], 'host_routes': [], 'dns_nameservers': [], 'description': '', 'router:external': False, 'service_types': [], 'tags': [], 'created_at': '2025-11-12T16:23:39Z', 'updated_at': '2025-11-12T16:23:39Z', 'revision_number': 0, 'project_id': 'bb8dbe3c6b47439face08693a967c6c9'}, Router: {'id': '5f5a195e-cf03-4f34-a556-26e95ef310ba', 'name': 'tempest-ServerRescueNegativeTestJSON-706351981-router', 'tenant_id': 'bb8dbe3c6b47439face08693a967c6c9', 'admin_state_up': True, 'status': 'ACTIVE', 'external_gateway_info': {'network_id': '063117f1-98c8-4022-8231-090c8d1dfeea', 'external_fixed_ips': [{'subnet_id': '9da60715-87a5-493f-90f4-3152e55c0299', 'ip_address': '10.180.180.200'}], 'enable_snat': True}, 'description': '', 'availability_zones': [], 'distributed': False, 'ha': False, 'availability_zone_hints': [], 'routes': [], 'flavor_id': None, 'tags': [], 'created_at': '2025-11-12T16:23:39Z', 'updated_at': '2025-11-12T16:23:40Z', 'revision_number': 2, 'project_id': 'bb8dbe3c6b47439face08693a967c6c9'}
2025-11-12 16:23:41.656 65748 INFO tempest.lib.common.rest_client [req-9f88441f-649d-45e0-9a4d-d122f0bfcafe req-9f88441f-649d-45e0-9a4d-d122f0bfcafe ] Request (SecurityGroupsTestJSON:test_list_security_groups_by_server): 200 GET http://10.180.1.21/compute/v2.1/servers/9ea9086d-cbd6-436c-b44b-c1c74fca7db9 1.054s
2025-11-12 16:23:41.735 65765 INFO tempest.lib.common.rest_client [req-06556303-3dd1-47db-903f-1e126660360f req-06556303-3dd1-47db-903f-1e126660360f ] Request (ServerRescueNegativeTestJSON:setUpClass): 201 POST http://10.180.1.21/identity/v3/auth/tokens 0.104s
2025-11-12 16:23:41.778 65765 INFO tempest.lib.common.rest_client [req-d71c238a-7fd4-43eb-b893-65f9e7f4e2b8 req-d71c238a-7fd4-43eb-b893-65f9e7f4e2b8 ] Request (ServerRescueNegativeTestJSON:setUpClass): 201 POST http://10.180.1.21/identity/v3/auth/tokens 0.038s
2025-11-12 16:23:41.779 65765 INFO tempest.lib.common.fixed_network [-] (ServerRescueNegativeTestJSON:setUpClass) Found network {'id': 'd0e3600e-e179-4579-a062-52cd2475f810', 'name': 'tempest-ServerRescueNegativeTestJSON-706351981-network', 'tenant_id': 'bb8dbe3c6b47439face08693a967c6c9', 'project_id': 'bb8dbe3c6b47439face08693a967c6c9', 'admin_state_up': True, 'mtu': 8950, 'status': 'ACTIVE', 'subnets': [], 'shared': False, 'port_security_enabled': True, 'router:external': False, 'provider:network_type': 'vlan', 'provider:physical_network': 'default', 'provider:segmentation_id': 624, 'availability_zone_hints': [], 'availability_zones': [], 'ipv4_address_scope': None, 'ipv6_address_scope': None, 'description': '', 'tags': [], 'created_at': '2025-11-12T16:23:39Z', 'updated_at': '2025-11-12T16:23:39Z', 'revision_number': 1} available for tenant
2025-11-12 16:23:41.816 65708 INFO tempest.lib.common.rest_client [req-667e973f-e2ef-4af2-b4ef-75e6f05c27db req-667e973f-e2ef-4af2-b4ef-75e6f05c27db ] Request (ServersTestJSON:setUpClass): 200 PUT http://10.180.1.21/networking/v2.0/floatingips/8ba84eae-1cfa-4cb7-9c48-d48ec2f7fb91 0.894s
2025-11-12 16:23:41.853 65718 INFO tempest.lib.common.rest_client [req-6ddd4ac6-f9ce-486c-990a-172188bcf16c req-6ddd4ac6-f9ce-486c-990a-172188bcf16c ] Request (AttachInterfacesTestJSON:test_create_list_show_delete_interfaces_by_fixed_ip): 200 GET http://10.180.1.21/compute/v2.1/servers/34fe31ff-f366-4e5b-892a-f28f56cccb03 1.232s
2025-11-12 16:23:41.875 65734 INFO tempest.lib.common.rest_client [req-2494054f-c98a-441a-9f59-83f64cbd3ddf req-2494054f-c98a-441a-9f59-83f64cbd3ddf ] Request (ServerMetadataNegativeTestJSON:setUpClass): 200 GET http://10.180.1.21/compute/v2.1/servers/8c57a0dd-12c2-466d-a091-e81b0d7a2d61 1.223s
2025-11-12 16:23:41.916 65730 INFO tempest.lib.common.rest_client [req-27523194-ea98-47bf-a3b5-be73ac1b5cee req-27523194-ea98-47bf-a3b5-be73ac1b5cee ] Request (ServersTestJSON:test_create_server_with_ipv6_addr_only): 200 GET http://10.180.1.21/compute/v2.1/servers/30d247a4-f465-4373-8590-25c5307922a0 1.243s
2025-11-12 16:23:41.944 65758 WARNING tempest.lib.common.ssh [-] Failed to establish authenticated ssh connection to cirros@10.180.180.139 ([Errno None] Unable to connect to port 22 on 10.180.180.139). Number attempts: 3. Retry after 4 seconds.: paramiko.ssh_exception.NoValidConnectionsError: [Errno None] Unable to connect to port 22 on 10.180.180.139
2025-11-12 16:23:41.952 65767 INFO tempest.lib.common.rest_client [req-7d406b8e-e44d-4be8-93e6-5d81465c42bc req-7d406b8e-e44d-4be8-93e6-5d81465c42bc ] Request (ImagesOneServerNegativeTestJSON:_run_cleanups): 200 GET http://10.180.1.21/compute/v2.1/servers/8b656113-0edd-493a-b421-40b5f99252aa 1.232s
2025-11-12 16:23:42.029 65744 INFO tempest.lib.common.rest_client [req-ef4216a8-70c5-4ead-9600-ea01934dc57a req-ef4216a8-70c5-4ead-9600-ea01934dc57a ] Request (ImagesTestJSON:test_create_image_from_suspended_server): 200 GET http://10.180.1.21/compute/v2.1/servers/966fae5b-1c72-4717-b818-ca418f32e146 1.276s
2025-11-12 16:23:42.040 65744 INFO tempest.common.waiters [-] State transition "BUILD/None" ==> "BUILD/spawning" after 56 second wait
2025-11-12 16:23:42.046 65702 INFO tempest.lib.common.rest_client [req-6be0e8d7-f22f-42c7-8fa1-41e80b553e63 req-6be0e8d7-f22f-42c7-8fa1-41e80b553e63 ] Request (ListServersNegativeTestJSON:tearDownClass): 200 GET http://10.180.1.21/compute/v2.1/servers/fe3405eb-a028-49dc-a4df-397b19bda9bd 1.170s
2025-11-12 16:23:42.091 65724 INFO tempest.lib.common.rest_client [req-a7944420-f7bc-4f27-8e77-1cdbc4efd0ca req-a7944420-f7bc-4f27-8e77-1cdbc4efd0ca ] Request (InstanceActionsV221TestJSON:test_get_list_deleted_instance_actions): 200 GET http://10.180.1.21/compute/v2.1/servers/e7e1f12f-38b1-4274-8c24-403f73da1051 0.953s
2025-11-12 16:23:42.125 65740 INFO tempest.lib.common.rest_client [req-8cfef227-89be-494e-8153-bfb9436ae3e1 req-8cfef227-89be-494e-8153-bfb9436ae3e1 ] Request (ServersListShow2100Test:tearDownClass): 200 GET http://10.180.1.21/compute/v2.1/servers/710ccfa3-6630-4a27-950b-83c8d4521523 0.900s
2025-11-12 16:23:42.138 65726 INFO tempest.lib.common.rest_client [req-fac4da55-8f1f-47a8-811b-be5ed821b26c req-fac4da55-8f1f-47a8-811b-be5ed821b26c ] Request (ServerDiskConfigTestJSON:test_resize_server_from_auto_to_manual): 200 GET http://10.180.1.21/compute/v2.1/servers/60454779-93ee-4887-8381-d106927cc834 0.870s
2025-11-12 16:23:42.145 65726 INFO tempest.common.waiters [-] State transition "BUILD/scheduling" ==> "BUILD/None" after 23 second wait
2025-11-12 16:23:42.183 65712 INFO tempest.lib.common.rest_client [req-95ae6293-f6d9-418b-8603-0608d9523282 req-95ae6293-f6d9-418b-8603-0608d9523282 ] Request (AttachInterfacesUnderV243Test:_run_cleanups): 200 GET http://10.180.1.21/compute/v2.1/servers/98aa1eb1-bf0b-4fbb-9de3-14c6558be084 0.854s
2025-11-12 16:23:42.199 65742 INFO tempest.lib.common.rest_client [req-be5d2b44-2eb8-4b8c-806e-178922abaa09 req-be5d2b44-2eb8-4b8c-806e-178922abaa09 ] Request (ServersAdminNegativeTestJSON:tearDownClass): 200 GET http://10.180.1.21/compute/v2.1/servers/24110495-0b63-41e2-aef6-17a014661ece 0.803s
2025-11-12 16:23:42.232 65706 INFO tempest.lib.common.rest_client [req-47c25e8d-9c45-4063-90cd-b1bc761124cb req-47c25e8d-9c45-4063-90cd-b1bc761124cb ] Request (ServersTestMultiNic:test_verify_duplicate_network_nics): 200 GET http://10.180.1.21/compute/v2.1/servers/0708bc0e-8e69-4ac4-b6e6-acd72704ac90 0.799s
2025-11-12 16:23:42.255 65714 INFO tempest.lib.common.rest_client [req-2de99b34-6296-4e1f-b8a4-4fc70514e59a req-2de99b34-6296-4e1f-b8a4-4fc70514e59a ] Request (AttachVolumeTestJSON:test_attach_detach_volume): 200 GET http://10.180.1.21/compute/v2.1/servers/ac983033-f8c3-4ed7-9b1a-601f6af5705e 0.808s
2025-11-12 16:23:42.306 65762 INFO tempest.lib.common.rest_client [req-866b638d-1d34-44c5-9d80-c3f764158c3f req-866b638d-1d34-44c5-9d80-c3f764158c3f ] Request (ServerGroupTestJSON:_run_cleanups): 200 GET http://10.180.1.21/compute/v2.1/servers/fd96a280-83cc-49e1-82f3-7199d8338001 0.744s
2025-11-12 16:23:42.317 65738 INFO tempest.lib.common.rest_client [req-354ba63c-cf33-431f-affe-095443b44731 req-354ba63c-cf33-431f-affe-095443b44731 ] Request (ServersWithSpecificFlavorTestJSON:test_verify_created_server_ephemeral_disk): 200 GET http://10.180.1.21/compute/v2.1/servers/a141644c-0a5d-409d-ada4-8961f5810a73 0.716s
2025-11-12 16:23:42.377 65746 INFO tempest.lib.common.rest_client [req-5367efd9-6e6c-46cf-9ae7-3747441a6662 req-5367efd9-6e6c-46cf-9ae7-3747441a6662 ] Request (ServerExternalEventsTest:tearDownClass): 200 GET http://10.180.1.21/compute/v2.1/servers/f4214b09-dd86-4702-a864-0be6591767e1 0.753s
2025-11-12 16:23:42.384 65746 INFO tempest.common.waiters [-] State transition "ACTIVE/deleting" ==> "DELETED/None" after 4 second wait
2025-11-12 16:23:42.394 65750 INFO tempest.lib.common.rest_client [req-5f9e3f8a-dcf2-4122-9c1d-2ae3a6397bda req-5f9e3f8a-dcf2-4122-9c1d-2ae3a6397bda ] Request (ServersAdminTestJSON:tearDownClass): 200 GET http://10.180.1.21/compute/v2.1/servers/26390a09-cb1d-49cb-bad1-9525b6f2eb12 0.721s
2025-11-12 16:23:42.408 65728 INFO tempest.lib.common.rest_client [req-77d0ba1b-fe91-4b7d-9840-1d12e76cdb30 req-77d0ba1b-fe91-4b7d-9840-1d12e76cdb30 ] Request (ListImageFiltersTestJSON:setUpClass): 200 GET http://10.180.1.21/compute/v2.1/images/ef58341d-8109-4fa1-b65a-3f8d094ea8f1 0.698s
2025-11-12 16:23:42.473 65760 INFO tempest.lib.common.rest_client [req-435579ec-63ba-474e-8e29-0c1ffa14a536 req-435579ec-63ba-474e-8e29-0c1ffa14a536 ] Request (ServerTagsTestJSON:setUpClass): 200 GET http://10.180.1.21/compute/v2.1/servers/489decc5-bcc9-4220-bd75-73cbbcd13b72 0.702s
2025-11-12 16:23:42.688 65722 INFO tempest.lib.common.rest_client [req-f9bcc2cc-ddc3-485a-84a5-1cd532446852 req-f9bcc2cc-ddc3-485a-84a5-1cd532446852 ] Request (MigrationsAdminTest:test_resize_server_revert_deleted_flavor): 200 GET http://10.180.1.21/compute/v2.1/servers/59b51c88-e272-4744-ab88-5c6d429b3d5a 0.876s
2025-11-12 16:23:42.894 65708 INFO tempest.lib.common.rest_client [req-e1334787-cfdb-4b57-8e9d-3323c1410744 req-e1334787-cfdb-4b57-8e9d-3323c1410744 ] Request (ServersTestJSON:setUpClass): 200 GET http://10.180.1.21/compute/v2.1/servers/2e738df9-e7c6-41c0-b7f8-e06193608371 1.077s
2025-11-12 16:23:42.904 65708 INFO tempest.lib.common.ssh [-] Creating ssh connection to '10.180.180.181:22' as 'cirros' with public key authentication
2025-11-12 16:23:42.957 65732 INFO tempest.lib.common.rest_client [req-954979dc-6a5e-45c9-a9c3-72f1f7ba2d19 req-954979dc-6a5e-45c9-a9c3-72f1f7ba2d19 ] Request (TenantUsagesTestJSON:tearDownClass): 200 GET http://10.180.1.21/compute/v2.1/servers/ab068dc7-6c8b-4714-82be-a0975a8aca60 1.113s
2025-11-12 16:23:42.995 65765 INFO tempest.lib.common.rest_client [req-c7a0d53e-e4fc-46f5-8725-581e9ca17a35 req-c7a0d53e-e4fc-46f5-8725-581e9ca17a35 ] Request (ServerRescueNegativeTestJSON:setUpClass): 202 POST http://10.180.1.21/compute/v2.1/servers 1.215s
2025-11-12 16:23:43.011 65753 INFO tempest.lib.common.rest_client [req-67c37d0d-f232-4961-a5f3-78322aad46db req-67c37d0d-f232-4961-a5f3-78322aad46db ] Request (DeleteServersTestJSON:test_delete_server_while_in_attached_volume): 200 GET http://10.180.1.21/compute/v2.1/servers/d6ace7c3-0432-44e5-83fe-e62f69ee1160 1.105s
2025-11-12 16:23:43.101 65748 INFO tempest.lib.common.rest_client [req-fe01d376-c2d4-410e-bc2f-9fed2840b2fd req-fe01d376-c2d4-410e-bc2f-9fed2840b2fd ] Request (SecurityGroupsTestJSON:test_list_security_groups_by_server): 200 GET http://10.180.1.21/compute/v2.1/servers/9ea9086d-cbd6-436c-b44b-c1c74fca7db9 0.437s
2025-11-12 16:23:43.207 65734 INFO tempest.lib.common.rest_client [req-7192fb63-0656-43aa-8717-5636e7a79bdd req-7192fb63-0656-43aa-8717-5636e7a79bdd ] Request (ServerMetadataNegativeTestJSON:setUpClass): 200 GET http://10.180.1.21/compute/v2.1/servers/8c57a0dd-12c2-466d-a091-e81b0d7a2d61 0.321s
2025-11-12 16:23:43.229 65718 INFO tempest.lib.common.rest_client [req-ed41cf42-ddb0-4f23-83c9-282327aed589 req-ed41cf42-ddb0-4f23-83c9-282327aed589 ] Request (AttachInterfacesTestJSON:test_create_list_show_delete_interfaces_by_fixed_ip): 200 GET http://10.180.1.21/compute/v2.1/servers/34fe31ff-f366-4e5b-892a-f28f56cccb03 0.365s
2025-11-12 16:23:43.272 65730 INFO tempest.lib.common.rest_client [req-89851126-8dd6-4a9f-a467-c16e25d2ef62 req-89851126-8dd6-4a9f-a467-c16e25d2ef62 ] Request (ServersTestJSON:test_create_server_with_ipv6_addr_only): 200 GET http://10.180.1.21/compute/v2.1/servers/30d247a4-f465-4373-8590-25c5307922a0 0.345s
2025-11-12 16:23:43.304 65767 INFO tempest.lib.common.rest_client [req-34e904ae-f46b-44dc-9577-30201109dc55 req-34e904ae-f46b-44dc-9577-30201109dc55 ] Request (ImagesOneServerNegativeTestJSON:_run_cleanups): 200 GET http://10.180.1.21/compute/v2.1/servers/8b656113-0edd-493a-b421-40b5f99252aa 0.344s
2025-11-12 16:23:43.316 65765 INFO tempest.lib.common.rest_client [req-e1199995-e659-4fd0-8e41-25e501b829f2 req-e1199995-e659-4fd0-8e41-25e501b829f2 ] Request (ServerRescueNegativeTestJSON:setUpClass): 200 GET http://10.180.1.21/compute/v2.1/servers/5487ba7e-ba34-4dae-ab7c-cdc5e80c221c 0.319s
2025-11-12 16:23:43.362 65765 INFO tempest.lib.common.rest_client [req-44dd8014-606d-4de2-8221-e9204e0733f7 req-44dd8014-606d-4de2-8221-e9204e0733f7 ] Request (ServerRescueNegativeTestJSON:setUpClass): 201 POST http://10.180.1.21/identity/v3/auth/tokens 0.035s
2025-11-12 16:23:43.363 65765 INFO tempest.lib.common.fixed_network [-] (ServerRescueNegativeTestJSON:setUpClass) Found network {'id': 'd0e3600e-e179-4579-a062-52cd2475f810', 'name': 'tempest-ServerRescueNegativeTestJSON-706351981-network', 'tenant_id': 'bb8dbe3c6b47439face08693a967c6c9', 'project_id': 'bb8dbe3c6b47439face08693a967c6c9', 'admin_state_up': True, 'mtu': 8950, 'status': 'ACTIVE', 'subnets': [], 'shared': False, 'port_security_enabled': True, 'router:external': False, 'provider:network_type': 'vlan', 'provider:physical_network': 'default', 'provider:segmentation_id': 624, 'availability_zone_hints': [], 'availability_zones': [], 'ipv4_address_scope': None, 'ipv6_address_scope': None, 'description': '', 'tags': [], 'created_at': '2025-11-12T16:23:39Z', 'updated_at': '2025-11-12T16:23:39Z', 'revision_number': 1} available for tenant
2025-11-12 16:23:43.390 65702 INFO tempest.lib.common.rest_client [req-fb1ec7ae-9fa6-4347-b001-ca6c88d768a8 req-fb1ec7ae-9fa6-4347-b001-ca6c88d768a8 ] Request (ListServersNegativeTestJSON:tearDownClass): 200 GET http://10.180.1.21/compute/v2.1/servers/fe3405eb-a028-49dc-a4df-397b19bda9bd 0.335s
2025-11-12 16:23:43.416 65744 INFO tempest.lib.common.rest_client [req-a0a8bd7a-b933-4d24-927f-281153ccdc87 req-a0a8bd7a-b933-4d24-927f-281153ccdc87 ] Request (ImagesTestJSON:test_create_image_from_suspended_server): 200 GET http://10.180.1.21/compute/v2.1/servers/966fae5b-1c72-4717-b818-ca418f32e146 0.374s
2025-11-12 16:23:43.446 65724 INFO tempest.lib.common.rest_client [req-cf08bdd5-7b13-4203-aad7-d763313f79c6 req-cf08bdd5-7b13-4203-aad7-d763313f79c6 ] Request (InstanceActionsV221TestJSON:test_get_list_deleted_instance_actions): 200 GET http://10.180.1.21/compute/v2.1/servers/e7e1f12f-38b1-4274-8c24-403f73da1051 0.344s
2025-11-12 16:23:43.456 65724 INFO tempest.common.waiters [-] State transition "BUILD/None" ==> "BUILD/networking" after 50 second wait
2025-11-12 16:23:43.496 65726 INFO tempest.lib.common.rest_client [req-749303a5-61e9-4e41-9405-9a97e5ec4894 req-749303a5-61e9-4e41-9405-9a97e5ec4894 ] Request (ServerDiskConfigTestJSON:test_resize_server_from_auto_to_manual): 200 GET http://10.180.1.21/compute/v2.1/servers/60454779-93ee-4887-8381-d106927cc834 0.349s
2025-11-12 16:23:43.513 65740 INFO tempest.lib.common.rest_client [req-900a5cfd-281a-40ac-aaee-f7080fc1cd10 req-900a5cfd-281a-40ac-aaee-f7080fc1cd10 ] Request (ServersListShow2100Test:tearDownClass): 200 GET http://10.180.1.21/compute/v2.1/servers/710ccfa3-6630-4a27-950b-83c8d4521523 0.375s
2025-11-12 16:23:43.564 65712 INFO tempest.lib.common.rest_client [req-26650531-4676-42b4-983b-a20b4b8e37e9 req-26650531-4676-42b4-983b-a20b4b8e37e9 ] Request (AttachInterfacesUnderV243Test:_run_cleanups): 200 GET http://10.180.1.21/compute/v2.1/servers/98aa1eb1-bf0b-4fbb-9de3-14c6558be084 0.371s
2025-11-12 16:23:43.589 65742 INFO tempest.lib.common.rest_client [req-11c6cc98-41d7-451d-9d9b-a36acd4936ad req-11c6cc98-41d7-451d-9d9b-a36acd4936ad ] Request (ServersAdminNegativeTestJSON:tearDownClass): 200 GET http://10.180.1.21/compute/v2.1/servers/24110495-0b63-41e2-aef6-17a014661ece 0.378s
2025-11-12 16:23:43.667 65714 INFO tempest.lib.common.rest_client [req-b2c8bc2c-84dd-425d-97f5-900eafca447a req-b2c8bc2c-84dd-425d-97f5-900eafca447a ] Request (AttachVolumeTestJSON:test_attach_detach_volume): 200 GET http://10.180.1.21/compute/v2.1/servers/ac983033-f8c3-4ed7-9b1a-601f6af5705e 0.400s
2025-11-12 16:23:43.673 65706 INFO tempest.lib.common.rest_client [req-5496d081-7cd8-49af-bb9b-838dad0ce0f5 req-5496d081-7cd8-49af-bb9b-838dad0ce0f5 ] Request (ServersTestMultiNic:test_verify_duplicate_network_nics): 200 GET http://10.180.1.21/compute/v2.1/servers/0708bc0e-8e69-4ac4-b6e6-acd72704ac90 0.433s
2025-11-12 16:23:43.751 65762 INFO tempest.lib.common.rest_client [req-b10a47cb-6f10-4277-a937-e980580c0f85 req-b10a47cb-6f10-4277-a937-e980580c0f85 ] Request (ServerGroupTestJSON:_run_cleanups): 200 GET http://10.180.1.21/compute/v2.1/servers/fd96a280-83cc-49e1-82f3-7199d8338001 0.433s
2025-11-12 16:23:43.752 65716 WARNING tempest.lib.common.ssh [-] Failed to establish authenticated ssh connection to cirros@10.180.180.147 ([Errno None] Unable to connect to port 22 on 10.180.180.147). Number attempts: 13. Retry after 14 seconds.: paramiko.ssh_exception.NoValidConnectionsError: [Errno None] Unable to connect to port 22 on 10.180.180.147
2025-11-12 16:23:43.769 65738 INFO tempest.lib.common.rest_client [req-7b9a8e4a-39d9-4957-9b17-d6fc6b4efe88 req-7b9a8e4a-39d9-4957-9b17-d6fc6b4efe88 ] Request (ServersWithSpecificFlavorTestJSON:test_verify_created_server_ephemeral_disk): 200 GET http://10.180.1.21/compute/v2.1/servers/a141644c-0a5d-409d-ada4-8961f5810a73 0.443s
2025-11-12 16:23:43.893 65746 INFO tempest.lib.common.rest_client [req-bab6ae60-54d9-4598-845e-8b8456e6fc2b req-bab6ae60-54d9-4598-845e-8b8456e6fc2b ] Request (ServerExternalEventsTest:tearDownClass): 200 GET http://10.180.1.21/compute/v2.1/servers/f4214b09-dd86-4702-a864-0be6591767e1 0.508s
2025-11-12 16:23:44.024 65750 INFO tempest.lib.common.rest_client [req-022cdda7-1f8f-42c5-a144-0740026794e9 req-022cdda7-1f8f-42c5-a144-0740026794e9 ] Request (ServersAdminTestJSON:tearDownClass): 200 GET http://10.180.1.21/compute/v2.1/servers/26390a09-cb1d-49cb-bad1-9525b6f2eb12 0.622s
2025-11-12 16:23:44.064 65728 INFO tempest.lib.common.rest_client [req-c76cb6e2-98f4-48f3-9914-846ca65c0b38 req-c76cb6e2-98f4-48f3-9914-846ca65c0b38 ] Request (ListImageFiltersTestJSON:setUpClass): 200 GET http://10.180.1.21/compute/v2.1/images/ef58341d-8109-4fa1-b65a-3f8d094ea8f1 0.653s
2025-11-12 16:23:44.126 65760 INFO tempest.lib.common.rest_client [req-caafbac6-f670-4df5-bf92-24a148aaf8da req-caafbac6-f670-4df5-bf92-24a148aaf8da ] Request (ServerTagsTestJSON:setUpClass): 200 GET http://10.180.1.21/compute/v2.1/servers/489decc5-bcc9-4220-bd75-73cbbcd13b72 0.642s
2025-11-12 16:23:44.184 65765 INFO tempest.lib.common.rest_client [req-e9a76d76-21d9-41f4-bff1-660a4d38082c req-e9a76d76-21d9-41f4-bff1-660a4d38082c ] Request (ServerRescueNegativeTestJSON:setUpClass): 202 POST http://10.180.1.21/compute/v2.1/servers 0.820s
2025-11-12 16:23:44.260 65722 INFO tempest.lib.common.rest_client [req-95cf2c58-5a1d-4862-a818-cde4e7a8ad51 req-95cf2c58-5a1d-4862-a818-cde4e7a8ad51 ] Request (MigrationsAdminTest:test_resize_server_revert_deleted_flavor): 200 GET http://10.180.1.21/compute/v2.1/servers/59b51c88-e272-4744-ab88-5c6d429b3d5a 0.563s
