2025-11-12 17:49:07.971 65694 INFO tempest.lib.common.rest_client [req-bfc22986-8bd2-4f44-aead-512b4faad8fc req-bfc22986-8bd2-4f44-aead-512b4faad8fc ] Request (ServerRescueNegativeTestJSON:setUpClass): 200 GET http://10.180.1.21/compute/v2.1/servers/173e80b3-0dc7-4627-9265-1cef6d04abeb 1.121s
2025-11-12 17:49:07.983 65726 INFO tempest.lib.common.rest_client [req-f99e3612-b791-4431-97d6-5599bcde962d req-f99e3612-b791-4431-97d6-5599bcde962d ] Request (FloatingIPsNegativeTestJSON:setUpClass): 201 POST http://10.180.1.21/identity/v3/auth/tokens 0.092s
2025-11-12 17:49:08.000 65740 INFO tempest.lib.common.rest_client [req-bb9fe9c7-83b4-4401-ba3f-27bf661690dd req-bb9fe9c7-83b4-4401-ba3f-27bf661690dd ] Request (FloatingIPsAssociationTestJSON:tearDownClass): 200 GET http://10.180.1.21/compute/v2.1/servers/e86d9ab4-dbfa-466c-a666-1c53a28dea69 1.063s
2025-11-12 17:49:08.308 65726 INFO tempest.lib.common.rest_client [req-14328ea9-d58d-43b1-9b77-fe6ed4b57be6 req-14328ea9-d58d-43b1-9b77-fe6ed4b57be6 ] Request (FloatingIPsNegativeTestJSON:setUpClass): 201 POST http://10.180.1.21/networking/v2.0/networks 0.325s
2025-11-12 17:49:08.376 65678 INFO tempest.lib.common.rest_client [req-b19b74ed-ccd5-492c-9fa6-a0193bfeed97 req-b19b74ed-ccd5-492c-9fa6-a0193bfeed97 ] Request (VolumesAssistedSnapshotsTest:tearDownClass): 200 PUT http://10.180.1.21/networking/v2.0/routers/676402f2-064f-4f47-8a5c-5e0794dc46d4/remove_router_interface 0.882s
2025-11-12 17:49:08.443 65718 INFO tempest.lib.common.rest_client [req-273638e0-d9ea-417d-89e9-f5da0b7ccdfc req-273638e0-d9ea-417d-89e9-f5da0b7ccdfc ] Request (MigrationsAdminTest:test_list_migrations_in_flavor_resize_situation): 200 GET http://10.180.1.21/compute/v2.1/servers/82156316-baf3-4617-8d6b-494e03e7f676 1.353s
2025-11-12 17:49:08.552 65726 INFO tempest.lib.common.rest_client [req-124c5299-2847-400f-9b72-55e566f53ab3 req-124c5299-2847-400f-9b72-55e566f53ab3 ] Request (FloatingIPsNegativeTestJSON:setUpClass): 201 POST http://10.180.1.21/networking/v2.0/subnets 0.243s
2025-11-12 17:49:08.590 65704 INFO tempest.lib.common.rest_client [req-8520efeb-8965-4097-b707-0cf4314621c6 req-8520efeb-8965-4097-b707-0cf4314621c6 ] Request (InstanceActionsTestJSON:test_list_instance_actions): 200 GET http://10.180.1.21/compute/v2.1/servers/dd92f150-141c-4c33-a44c-1feea1033ded 1.260s
2025-11-12 17:49:08.597 65704 INFO tempest.common.waiters [-] State transition "HARD_REBOOT/reboot_started_hard" ==> "ACTIVE/None" after 4 second wait
2025-11-12 17:49:08.629 65710 INFO tempest.lib.common.rest_client [req-2a45f552-4c3f-4eb9-bb9d-b7b47b1db595 req-2a45f552-4c3f-4eb9-bb9d-b7b47b1db595 ] Request (ServersAdminTestJSON:test_inject_network_info): 200 GET http://10.180.1.21/compute/v2.1/servers/6c37edc6-f9b9-4363-b090-46b1e2db523c 1.245s
2025-11-12 17:49:08.947 65678 INFO tempest.lib.common.rest_client [req-893f2f86-ca67-4861-b0f3-7cf5772c8db1 req-893f2f86-ca67-4861-b0f3-7cf5772c8db1 ] Request (VolumesAssistedSnapshotsTest:tearDownClass): 204 DELETE http://10.180.1.21/networking/v2.0/routers/676402f2-064f-4f47-8a5c-5e0794dc46d4 0.570s
2025-11-12 17:49:08.980 65700 INFO tempest.lib.common.rest_client [req-f41b87b2-85fa-42a8-93c5-1ea9dc691d47 req-f41b87b2-85fa-42a8-93c5-1ea9dc691d47 ] Request (ServersWithSpecificFlavorTestJSON:test_verify_created_server_ephemeral_disk): 200 GET http://10.180.1.21/compute/v2.1/servers/aafa1227-3f75-478e-a192-1b2c2e6139b5 1.590s
2025-11-12 17:49:09.036 65706 INFO tempest.lib.common.rest_client [req-13266fc8-6ec1-4c67-9006-46fb7d772f6a req-13266fc8-6ec1-4c67-9006-46fb7d772f6a ] Request (ServersTestBootFromVolume:setUpClass): 200 GET http://10.180.1.21/compute/v2.1/servers/e55af9b9-a039-4b50-a10f-a334e3175d4a 1.557s
2025-11-12 17:49:09.042 65720 INFO tempest.lib.common.rest_client [req-1e8107f7-e968-4594-ba15-9a4590491f87 req-1e8107f7-e968-4594-ba15-9a4590491f87 ] Request (ServersAdminNegativeTestJSON:test_reset_state_server_nonexistent_server): 404 POST http://10.180.1.21/compute/v2.1/servers/999/action 1.518s
2025-11-12 17:49:09.205 65678 INFO tempest.lib.common.rest_client [req-4863e51d-abb9-463d-8381-50e314b620b8 req-4863e51d-abb9-463d-8381-50e314b620b8 ] Request (VolumesAssistedSnapshotsTest:tearDownClass): 204 DELETE http://10.180.1.21/networking/v2.0/subnets/b99a11f8-ce0a-4b1c-8ff0-32bf1b3102ca 0.258s
2025-11-12 17:49:09.220 65708 INFO tempest.lib.common.rest_client [req-7b72b1e5-4a6a-4983-a6d6-5211d1a467e5 req-7b72b1e5-4a6a-4983-a6d6-5211d1a467e5 ] Request (SecurityGroupRulesTestJSON:tearDownClass): 404 DELETE http://10.180.1.21/compute/v2.1/os-security-groups/918749db-3db5-4081-b3f9-0be43996e801 1.711s
2025-11-12 17:49:09.477 65726 INFO tempest.lib.common.rest_client [req-2e5a4376-7f7c-4b1d-86fc-ae81d2a6247d req-2e5a4376-7f7c-4b1d-86fc-ae81d2a6247d ] Request (FloatingIPsNegativeTestJSON:setUpClass): 201 POST http://10.180.1.21/networking/v2.0/routers 0.924s
2025-11-12 17:49:09.492 65712 WARNING tempest.lib.common.ssh [-] Failed to establish authenticated ssh connection to cirros@10.180.180.216 ([Errno None] Unable to connect to port 22 on 10.180.180.216). Number attempts: 4. Retry after 5 seconds.: paramiko.ssh_exception.NoValidConnectionsError: [Errno None] Unable to connect to port 22 on 10.180.180.216
2025-11-12 17:49:09.506 65690 INFO tempest.lib.common.rest_client [req-3ca2dd5f-be2d-48f8-9957-63afdfbe58b5 req-3ca2dd5f-be2d-48f8-9957-63afdfbe58b5 ] Request (ServerShowV247Test:test_update_rebuild_list_server): 200 GET http://10.180.1.21/compute/v2.1/servers/6279af57-8cbd-4ff8-adaf-4df2ab467583 1.812s
2025-11-12 17:49:09.600 65696 INFO tempest.lib.common.rest_client [req-44bc0f01-83c8-4ce1-ae2b-5573ca713ad3 req-44bc0f01-83c8-4ce1-ae2b-5573ca713ad3 ] Request (ServerDiskConfigTestJSON:test_rebuild_server_with_manual_disk_config): 200 GET http://10.180.1.21/compute/v2.1/servers/021aa1a8-b380-426a-87ae-6f63bae7fc38 1.888s
2025-11-12 17:49:09.623 65734 INFO tempest.lib.common.rest_client [req-daf2c366-a3a8-4d98-bb91-f11926b4e200 req-daf2c366-a3a8-4d98-bb91-f11926b4e200 ] Request (KeyPairsV2TestJSON:_run_cleanups): 202 DELETE http://10.180.1.21/compute/v2.1/os-keypairs/tempest-keypair-71652894 1.816s
2025-11-12 17:49:09.678 65732 INFO tempest.lib.common.rest_client [req-1a8e92e6-b196-4b6d-be72-a7cfa20cca59 req-1a8e92e6-b196-4b6d-be72-a7cfa20cca59 ] Request (QuotasAdminTestV257:test_get_updated_quotas): 200 GET http://10.180.1.21/compute/v2.1/os-quota-sets/3cf883ac8e404c39bcf7f195b90a3b92/detail 1.908s
2025-11-12 17:49:09.708 65732 INFO tempest.lib.common.rest_client [req-12224ef0-bb0f-447c-b07e-16fe02b06a46 req-12224ef0-bb0f-447c-b07e-16fe02b06a46 ] Request (QuotasAdminTestV257:test_get_updated_quotas): 200 GET http://10.180.1.21/identity/v3/domains?name=Default 0.026s
2025-11-12 17:49:09.739 65732 INFO tempest.lib.common.rest_client [req-a8c0a6d5-5d98-4bef-b5f5-83dbe168447b req-a8c0a6d5-5d98-4bef-b5f5-83dbe168447b ] Request (QuotasAdminTestV257:test_get_updated_quotas): 201 POST http://10.180.1.21/identity/v3/users 0.030s
2025-11-12 17:49:09.766 65732 INFO tempest.lib.common.rest_client [req-6e916629-f1a6-4973-9025-1d83f3ebf47d req-6e916629-f1a6-4973-9025-1d83f3ebf47d ] Request (QuotasAdminTestV257:test_get_updated_quotas): 200 GET http://10.180.1.21/identity/v3/domains?name=Default 0.027s
2025-11-12 17:49:09.774 65678 INFO tempest.lib.common.rest_client [req-1c2f0e8e-17be-439d-b0c8-8a0b767d5052 req-1c2f0e8e-17be-439d-b0c8-8a0b767d5052 ] Request (VolumesAssistedSnapshotsTest:tearDownClass): 204 DELETE http://10.180.1.21/networking/v2.0/networks/8fadaed3-e03b-4cf3-8e41-422cb26b245c 0.568s
2025-11-12 17:49:10.452 65692 WARNING tempest.lib.common.ssh [-] Failed to establish authenticated ssh connection to cirros@10.180.180.199 ([Errno None] Unable to connect to port 22 on 10.180.180.199). Number attempts: 3. Retry after 4 seconds.: paramiko.ssh_exception.NoValidConnectionsError: [Errno None] Unable to connect to port 22 on 10.180.180.199
2025-11-12 17:49:10.498 65726 INFO tempest.lib.common.rest_client [req-7e18c33c-6067-4c39-9113-8eea16288f91 req-7e18c33c-6067-4c39-9113-8eea16288f91 ] Request (FloatingIPsNegativeTestJSON:setUpClass): 200 PUT http://10.180.1.21/networking/v2.0/routers/036aa0c1-8d69-46a2-be06-55df70fbfbfd/add_router_interface 1.020s
2025-11-12 17:49:10.499 65726 INFO tempest.lib.common.dynamic_creds [-] Created isolated network resources for: credentials: Credentials: {'domain_id': 'default', 'domain_name': 'Default', 'username': 'tempest-FloatingIPsNegativeTestJSON-133944914-project-member', 'project_domain_id': 'default', 'project_domain_name': 'Default', 'project_id': '671d33dd34ad4b89b4e136b2d3a0f3ed', 'project_name': 'tempest-FloatingIPsNegativeTestJSON-133944914', 'tenant_id': '671d33dd34ad4b89b4e136b2d3a0f3ed', 'tenant_name': 'tempest-FloatingIPsNegativeTestJSON-133944914', 'user_domain_id': 'default', 'user_domain_name': 'Default', 'user_id': '66ea74af5ee448299bc553b4ea15e1db', 'system': None}, Network: {'id': 'a81a99fe-4a18-4b0a-a062-f8ba43f2ddd7', 'name': 'tempest-FloatingIPsNegativeTestJSON-2026362594-network', 'tenant_id': '671d33dd34ad4b89b4e136b2d3a0f3ed', 'project_id': '671d33dd34ad4b89b4e136b2d3a0f3ed', 'admin_state_up': True, 'mtu': 8950, 'status': 'ACTIVE', 'subnets': [], 'shared': False, 'port_security_enabled': True, 'router:external': False, 'provider:network_type': 'vlan', 'provider:physical_network': 'default', 'provider:segmentation_id': 579, 'availability_zone_hints': [], 'availability_zones': [], 'ipv4_address_scope': None, 'ipv6_address_scope': None, 'description': '', 'tags': [], 'created_at': '2025-11-12T17:49:08Z', 'updated_at': '2025-11-12T17:49:08Z', 'revision_number': 1}, Subnet: {'id': '9dffc22e-69e9-4632-94d7-20141b3d72ff', 'name': 'tempest-FloatingIPsNegativeTestJSON-2026362594-subnet', 'tenant_id': '671d33dd34ad4b89b4e136b2d3a0f3ed', 'network_id': 'a81a99fe-4a18-4b0a-a062-f8ba43f2ddd7', 'ip_version': 4, 'subnetpool_id': None, 'enable_dhcp': True, 'ipv6_ra_mode': None, 'ipv6_address_mode': None, 'gateway_ip': '192.168.128.1', 'cidr': '192.168.128.0/28', 'allocation_pools': [{'start': '192.168.128.2', 'end': '192.168.128.14'}], 'host_routes': [], 'dns_nameservers': [], 'description': '', 'router:external': False, 'service_types': [], 'tags': [], 'created_at': '2025-11-12T17:49:08Z', 'updated_at': '2025-11-12T17:49:08Z', 'revision_number': 0, 'project_id': '671d33dd34ad4b89b4e136b2d3a0f3ed'}, Router: {'id': '036aa0c1-8d69-46a2-be06-55df70fbfbfd', 'name': 'tempest-FloatingIPsNegativeTestJSON-2026362594-router', 'tenant_id': '671d33dd34ad4b89b4e136b2d3a0f3ed', 'admin_state_up': True, 'status': 'ACTIVE', 'external_gateway_info': {'network_id': 'f49fa029-bb57-42e5-88f6-c5be322eca3d', 'external_fixed_ips': [{'subnet_id': 'f8adcb77-36fb-44b6-a7e4-00d69a6bb0fa', 'ip_address': '10.180.180.228'}], 'enable_snat': True}, 'description': '', 'availability_zones': [], 'distributed': False, 'ha': False, 'availability_zone_hints': [], 'routes': [], 'flavor_id': None, 'tags': [], 'created_at': '2025-11-12T17:49:08Z', 'updated_at': '2025-11-12T17:49:09Z', 'revision_number': 2, 'project_id': '671d33dd34ad4b89b4e136b2d3a0f3ed'}
2025-11-12 17:49:10.561 65738 INFO tempest.lib.common.rest_client [req-cef3a396-03c8-4bea-bf43-d29a20253099 req-cef3a396-03c8-4bea-bf43-d29a20253099 ] Request (ServerDiagnosticsV248Test:tearDownClass): 200 GET http://10.180.1.21/compute/v2.1/servers/e326592b-2094-4e72-8ac3-2ac4055eedab 2.717s
2025-11-12 17:49:10.578 65682 INFO tempest.lib.common.rest_client [req-289f6256-6670-4897-8cee-e8a6ff8734f0 req-289f6256-6670-4897-8cee-e8a6ff8734f0 ] Request (FloatingIPsAssociationNegativeTestJSON:tearDownClass): 200 GET http://10.180.1.21/compute/v2.1/servers/ce6b64b5-bfea-495b-9102-2b33e45992b8 2.472s
2025-11-12 17:49:10.610 65726 INFO tempest.lib.common.rest_client [req-e91aba75-e6b6-4be0-8ddb-4c67fa413362 req-e91aba75-e6b6-4be0-8ddb-4c67fa413362 ] Request (FloatingIPsNegativeTestJSON:setUpClass): 201 POST http://10.180.1.21/identity/v3/auth/tokens 0.108s
2025-11-12 17:49:11.420 65678 INFO tempest.lib.common.rest_client [req-519c9259-df4e-4c63-b462-546462d97d1b req-519c9259-df4e-4c63-b462-546462d97d1b ] Request (VolumesAssistedSnapshotsTest:tearDownClass): 200 PUT http://10.180.1.21/networking/v2.0/routers/6223f5ba-6edf-4a4e-afc8-cbe21f2633f0/remove_router_interface 1.645s
2025-11-12 17:49:11.451 65722 INFO tempest.lib.common.rest_client [req-2eb4c091-b867-421c-b21b-849675ba6776 req-2eb4c091-b867-421c-b21b-849675ba6776 ] Request (DeleteServersTestJSON:test_delete_active_server): 200 GET http://10.180.1.21/compute/v2.1/servers/a652bc10-cffa-49b7-9a23-1660827b7d11 3.206s
2025-11-12 17:49:11.562 65684 INFO tempest.lib.common.rest_client [req-2ccdbd0d-60d3-4525-987d-0a58ea4ab50b req-2ccdbd0d-60d3-4525-987d-0a58ea4ab50b ] Request (ServersTestManualDisk:setUpClass): 200 GET http://10.180.1.21/compute/v2.1/servers/3738b1bf-17d8-4741-b9c6-1630668ac1f6 3.403s
2025-11-12 17:49:11.569 65684 INFO tempest.common.waiters [-] State transition "BUILD/spawning" ==> "ACTIVE/None" after 53 second wait
2025-11-12 17:49:11.578 65736 INFO tempest.lib.common.rest_client [req-cd919bad-dd0a-412c-8f84-eeee6175767c req-cd919bad-dd0a-412c-8f84-eeee6175767c ] Request (MultipleCreateTestJSON:test_multiple_create_with_reservation_return): 200 GET http://10.180.1.21/compute/v2.1/servers/a0cf6d71-11f7-40ca-a7c7-b16e95d7d68a 3.084s
2025-11-12 17:49:11.601 65704 INFO tempest.lib.common.rest_client [req-3c435fa9-e86a-4d1e-8f5a-72fc724f4be3 req-3c435fa9-e86a-4d1e-8f5a-72fc724f4be3 ] Request (InstanceActionsTestJSON:test_list_instance_actions): 200 GET http://10.180.1.21/compute/v2.1/servers/dd92f150-141c-4c33-a44c-1feea1033ded/os-instance-actions 3.004s
2025-11-12 17:49:11.661 65702 INFO tempest.lib.common.rest_client [req-fcbee871-4630-4823-91f4-cbfebbf4eaaa req-fcbee871-4630-4823-91f4-cbfebbf4eaaa ] Request (ImagesNegativeTestJSON:test_create_image_from_deleted_server): 200 GET http://10.180.1.21/compute/v2.1/servers/d1ca2e19-9b38-4142-84ab-5c67072a9210 3.044s
2025-11-12 17:49:11.689 65680 INFO tempest.lib.common.rest_client [req-2df4b8e8-6ebc-4dc9-80cb-a04a3d793b01 req-2df4b8e8-6ebc-4dc9-80cb-a04a3d793b01 ] Request (ListServersNegativeTestJSON:setUpClass): 200 GET http://10.180.1.21/compute/v2.1/servers/5654aad2-c2f3-417c-929c-bd089e9590dc 3.083s
2025-11-12 17:49:11.868 65678 INFO tempest.lib.common.rest_client [req-bde8955d-9894-4939-9cf6-b49680ffde55 req-bde8955d-9894-4939-9cf6-b49680ffde55 ] Request (VolumesAssistedSnapshotsTest:tearDownClass): 204 DELETE http://10.180.1.21/networking/v2.0/routers/6223f5ba-6edf-4a4e-afc8-cbe21f2633f0 0.447s
2025-11-12 17:49:11.914 65716 INFO tempest.lib.common.rest_client [req-707f7cd0-0057-4720-8c04-847bcc2e8a6e req-707f7cd0-0057-4720-8c04-847bcc2e8a6e ] Request (ListImageFiltersTestJSON:setUpClass): 200 GET http://10.180.1.21/compute/v2.1/servers/c0b11f26-7241-41b1-8062-0cf387b0ee82 3.007s
2025-11-12 17:49:11.914 65730 INFO tempest.lib.common.rest_client [req-ec6fe285-f810-4e22-9b48-fddbb9cb3ddc req-ec6fe285-f810-4e22-9b48-fddbb9cb3ddc ] Request (ServersTestMultiNic:test_verify_duplicate_network_nics): 200 GET http://10.180.1.21/compute/v2.1/servers/f586ce58-79ab-4e8d-bfa9-e898f8fe9cc3 3.183s
2025-11-12 17:49:11.922 65716 INFO tempest.common.waiters [-] State transition "ACTIVE/image_uploading" ==> "ACTIVE/None" after 4 second wait
2025-11-12 17:49:11.922 65730 INFO tempest.common.waiters [-] State transition "BUILD/spawning" ==> "ACTIVE/None" after 64 second wait
2025-11-12 17:49:11.997 65688 INFO tempest.lib.common.rest_client [req-3a437bf5-5ce4-4b6b-90d2-b814b562bb5f req-3a437bf5-5ce4-4b6b-90d2-b814b562bb5f ] Request (SecurityGroupsTestJSON:test_server_security_groups): 200 GET http://10.180.1.21/compute/v2.1/servers/f4fe4ad8-8623-44e8-bc4b-58c0db882ac9 3.073s
2025-11-12 17:49:12.014 65694 INFO tempest.lib.common.rest_client [req-04d0f217-8a8e-4ebc-8864-c72eb289b042 req-04d0f217-8a8e-4ebc-8864-c72eb289b042 ] Request (ServerRescueNegativeTestJSON:setUpClass): 200 GET http://10.180.1.21/compute/v2.1/servers/173e80b3-0dc7-4627-9265-1cef6d04abeb 3.035s
2025-11-12 17:49:12.061 65678 INFO tempest.lib.common.rest_client [req-1e6bb9cd-c273-4a99-b827-90341b9d65bf req-1e6bb9cd-c273-4a99-b827-90341b9d65bf ] Request (VolumesAssistedSnapshotsTest:tearDownClass): 204 DELETE http://10.180.1.21/networking/v2.0/subnets/56b7936a-e4b8-4da2-919a-ae66fdef8b27 0.193s
2025-11-12 17:49:12.161 65708 INFO tempest.lib.common.rest_client [req-32c68daf-0e58-4060-91b4-04895af001d3 req-32c68daf-0e58-4060-91b4-04895af001d3 ] Request (SecurityGroupRulesTestJSON:tearDownClass): 202 DELETE http://10.180.1.21/compute/v2.1/os-security-groups/86cfd7af-ed63-4295-b45f-e916ad725799 2.941s
2025-11-12 17:49:12.183 65698 WARNING tempest.lib.common.ssh [-] Failed to establish authenticated ssh connection to cirros@10.180.180.169 ([Errno None] Unable to connect to port 22 on 10.180.180.169). Number attempts: 1. Retry after 2 seconds.: paramiko.ssh_exception.NoValidConnectionsError: [Errno None] Unable to connect to port 22 on 10.180.180.169
2025-11-12 17:49:12.187 65740 INFO tempest.lib.common.rest_client [req-b854a798-3c64-4a39-9d60-678dd14ac724 req-b854a798-3c64-4a39-9d60-678dd14ac724 ] Request (FloatingIPsAssociationTestJSON:tearDownClass): 200 GET http://10.180.1.21/compute/v2.1/servers/e86d9ab4-dbfa-466c-a666-1c53a28dea69 3.175s
2025-11-12 17:49:12.238 65734 INFO tempest.lib.common.rest_client [req-775d7d22-02fd-48cd-92bf-c2138eb4a7f4 req-775d7d22-02fd-48cd-92bf-c2138eb4a7f4 ] Request (KeyPairsV2TestJSON:test_keypair_create_with_pub_key): 200 POST http://10.180.1.21/compute/v2.1/os-keypairs 2.614s
2025-11-12 17:49:12.285 65718 INFO tempest.lib.common.rest_client [req-a7c4e4f8-b45c-4477-a3a5-6549e3bd6097 req-a7c4e4f8-b45c-4477-a3a5-6549e3bd6097 ] Request (MigrationsAdminTest:test_list_migrations_in_flavor_resize_situation): 200 GET http://10.180.1.21/compute/v2.1/servers/82156316-baf3-4617-8d6b-494e03e7f676 2.832s
2025-11-12 17:49:12.305 65710 INFO tempest.lib.common.rest_client [req-0df4da4e-9181-4f0a-aac3-d0f8b81d361e req-0df4da4e-9181-4f0a-aac3-d0f8b81d361e ] Request (ServersAdminTestJSON:test_inject_network_info): 200 GET http://10.180.1.21/compute/v2.1/servers/6c37edc6-f9b9-4363-b090-46b1e2db523c 2.668s
2025-11-12 17:49:12.328 65678 INFO tempest.lib.common.rest_client [req-653f1e78-3a82-424b-b223-d47944fc38d6 req-653f1e78-3a82-424b-b223-d47944fc38d6 ] Request (VolumesAssistedSnapshotsTest:tearDownClass): 204 DELETE http://10.180.1.21/networking/v2.0/networks/193e162b-e692-4fe4-bc32-b8ac269cfa61 0.265s
2025-11-12 17:49:12.368 65700 INFO tempest.lib.common.rest_client [req-fbd00420-d6c7-4600-8e46-f3d1f058281e req-fbd00420-d6c7-4600-8e46-f3d1f058281e ] Request (ServersWithSpecificFlavorTestJSON:test_verify_created_server_ephemeral_disk): 200 GET http://10.180.1.21/compute/v2.1/servers/aafa1227-3f75-478e-a192-1b2c2e6139b5 2.376s
2025-11-12 17:49:12.417 65732 INFO tempest.lib.common.rest_client [req-14366b8a-06a8-4f13-ac33-b27916b84e8f req-14366b8a-06a8-4f13-ac33-b27916b84e8f ] Request (QuotasAdminTestV257:test_get_updated_quotas): 200 PUT http://10.180.1.21/compute/v2.1/os-quota-sets/3cf883ac8e404c39bcf7f195b90a3b92?user_id=6b32a4930df04df382a6c34ee6081f9c 2.650s
2025-11-12 17:49:12.454 65706 INFO tempest.lib.common.rest_client [req-b6b82498-cd04-4908-a29d-9ad79291f964 req-b6b82498-cd04-4908-a29d-9ad79291f964 ] Request (ServersTestBootFromVolume:setUpClass): 200 GET http://10.180.1.21/compute/v2.1/servers/e55af9b9-a039-4b50-a10f-a334e3175d4a 2.406s
2025-11-12 17:49:12.463 65706 INFO tempest.common.waiters [-] State transition "BUILD/scheduling" ==> "BUILD/None" after 20 second wait
2025-11-12 17:49:12.490 65690 INFO tempest.lib.common.rest_client [req-44f0a465-ca23-486e-9284-d640de3bc047 req-44f0a465-ca23-486e-9284-d640de3bc047 ] Request (ServerShowV247Test:test_update_rebuild_list_server): 200 GET http://10.180.1.21/compute/v2.1/servers/6279af57-8cbd-4ff8-adaf-4df2ab467583 1.973s
2025-11-12 17:49:12.504 65690 INFO tempest.common.waiters [-] State transition "BUILD/spawning" ==> "ACTIVE/None" after 44 second wait
2025-11-12 17:49:12.548 65726 INFO tempest.lib.common.rest_client [req-32ecb050-8c80-49d1-9391-29b9a2380ad2 req-32ecb050-8c80-49d1-9391-29b9a2380ad2 ] Request (FloatingIPsNegativeTestJSON:setUpClass): 200 GET http://10.180.1.21/compute/v2.1/os-floating-ips 1.936s
2025-11-12 17:49:12.612 65696 INFO tempest.lib.common.rest_client [req-6bbd85a7-d32f-46ae-b9c0-f39dc9ade359 req-6bbd85a7-d32f-46ae-b9c0-f39dc9ade359 ] Request (ServerDiskConfigTestJSON:test_rebuild_server_with_manual_disk_config): 200 GET http://10.180.1.21/compute/v2.1/servers/021aa1a8-b380-426a-87ae-6f63bae7fc38 1.993s
2025-11-12 17:49:12.612 65738 INFO tempest.lib.common.rest_client [req-fb076153-abef-4418-9eb7-6b968a23b9b0 req-fb076153-abef-4418-9eb7-6b968a23b9b0 ] Request (ServerDiagnosticsV248Test:tearDownClass): 404 GET http://10.180.1.21/compute/v2.1/servers/e326592b-2094-4e72-8ac3-2ac4055eedab 1.039s
2025-11-12 17:49:12.733 65738 INFO tempest.lib.common.rest_client [req-403dd973-62a3-4535-8586-8a031ae1fbe3 req-403dd973-62a3-4535-8586-8a031ae1fbe3 ] Request (ServerDiagnosticsV248Test:tearDownClass): 204 DELETE http://10.180.1.21/identity/v3/users/b7ecdd317c814ff5959d84a1d906f168 0.121s
2025-11-12 17:49:12.774 65684 INFO tempest.lib.common.rest_client [req-da1b2e8b-8f5c-416c-9112-1e172c765012 req-da1b2e8b-8f5c-416c-9112-1e172c765012 ] Request (ServersTestManualDisk:setUpClass): 200 GET http://10.180.1.21/compute/v2.1/servers/3738b1bf-17d8-4741-b9c6-1630668ac1f6/os-interface 1.200s
2025-11-12 17:49:12.799 65682 INFO tempest.lib.common.rest_client [req-bc6ff62e-3db3-4f28-a7f0-6422b0041f74 req-bc6ff62e-3db3-4f28-a7f0-6422b0041f74 ] Request (FloatingIPsAssociationNegativeTestJSON:tearDownClass): 200 GET http://10.180.1.21/compute/v2.1/servers/ce6b64b5-bfea-495b-9102-2b33e45992b8 1.207s
2025-11-12 17:49:12.828 65730 INFO tempest.lib.common.rest_client [req-d4ac3163-d33c-4245-9cea-bf25bc436981 req-d4ac3163-d33c-4245-9cea-bf25bc436981 ] Request (ServersTestMultiNic:test_verify_duplicate_network_nics): 200 GET http://10.180.1.21/compute/v2.1/servers/f586ce58-79ab-4e8d-bfa9-e898f8fe9cc3/ips 0.904s
2025-11-12 17:49:12.861 65738 INFO tempest.lib.common.rest_client [req-fe83f81d-19a4-4ae5-a61c-9dafc229e2e4 req-fe83f81d-19a4-4ae5-a61c-9dafc229e2e4 ] Request (ServerDiagnosticsV248Test:tearDownClass): 204 DELETE http://10.180.1.21/identity/v3/users/14c30caa0bf1443da2b5e0db82297430 0.127s
2025-11-12 17:49:12.862 65738 INFO tempest.lib.common.dynamic_creds [-] Deleting project and security group for project: ff33d08a35df45339e787dfc93c8e9b2
2025-11-12 17:49:12.931 65716 INFO tempest.lib.common.rest_client [req-5bcb041b-9167-494d-ba63-1efcbdf5c12d req-5bcb041b-9167-494d-ba63-1efcbdf5c12d ] Request (ListImageFiltersTestJSON:test_list_images_filter_by_changes_since): 200 GET http://10.180.1.21/compute/v2.1/images?changes-since=2025-11-12T17%3A46%3A48Z 1.008s
2025-11-12 17:49:12.954 65738 INFO tempest.lib.common.rest_client [req-5f7d3975-1ba0-4b86-89b2-f177c1ebf239 req-5f7d3975-1ba0-4b86-89b2-f177c1ebf239 ] Request (ServerDiagnosticsV248Test:tearDownClass): 201 POST http://10.180.1.21/identity/v3/auth/tokens 0.092s
2025-11-12 17:49:12.968 65704 INFO tempest.lib.common.rest_client [req-708e9fa4-2ec5-48ec-bcc9-70ffb4d4b5b8 req-708e9fa4-2ec5-48ec-bcc9-70ffb4d4b5b8 ] Request (InstanceActionsTestJSON:tearDownClass): 204 DELETE http://10.180.1.21/compute/v2.1/servers/dd92f150-141c-4c33-a44c-1feea1033ded 1.364s
2025-11-12 17:49:12.987 65734 INFO tempest.lib.common.rest_client [req-ee6aad2d-054c-4766-8fb9-5873025f96ed req-ee6aad2d-054c-4766-8fb9-5873025f96ed ] Request (KeyPairsV2TestJSON:_run_cleanups): 202 DELETE http://10.180.1.21/compute/v2.1/os-keypairs/tempest-keypair-664972032 0.747s
2025-11-12 17:49:13.144 65732 INFO tempest.lib.common.rest_client [req-d6c021ef-a54d-4a17-981d-6b6d35d8bc87 req-d6c021ef-a54d-4a17-981d-6b6d35d8bc87 ] Request (QuotasAdminTestV257:test_get_updated_quotas): 200 GET http://10.180.1.21/compute/v2.1/os-quota-sets/3cf883ac8e404c39bcf7f195b90a3b92?user_id=6b32a4930df04df382a6c34ee6081f9c 0.725s
2025-11-12 17:49:13.226 65732 INFO tempest.lib.common.rest_client [req-d8d392b4-1c38-4824-8521-3655b24e4dce req-d8d392b4-1c38-4824-8521-3655b24e4dce ] Request (QuotasAdminTestV257:_run_cleanups): 204 DELETE http://10.180.1.21/identity/v3/users/6b32a4930df04df382a6c34ee6081f9c 0.080s
2025-11-12 17:49:13.249 65678 INFO tempest.lib.common.rest_client [req-09346b6f-506e-499b-8865-3aa6574b09f9 req-09346b6f-506e-499b-8865-3aa6574b09f9 ] Request (VolumesAssistedSnapshotsTest:tearDownClass): 200 PUT http://10.180.1.21/networking/v2.0/routers/4ba9084c-81ec-4364-ba94-a3d4b8f9485d/remove_router_interface 0.921s
2025-11-12 17:49:13.324 65732 INFO tempest.lib.common.rest_client [req-e3b659e0-8eef-46ad-9ad2-0933440565b6 req-e3b659e0-8eef-46ad-9ad2-0933440565b6 ] Request (QuotasAdminTestV257:_run_cleanups): 204 DELETE http://10.180.1.21/identity/v3/projects/3cf883ac8e404c39bcf7f195b90a3b92 0.097s
2025-11-12 17:49:13.398 65684 INFO tempest.lib.common.rest_client [req-c4544446-118c-42e1-89fa-1c274414bb71 req-c4544446-118c-42e1-89fa-1c274414bb71 ] Request (ServersTestManualDisk:setUpClass): 200 PUT http://10.180.1.21/networking/v2.0/floatingips/1842b923-c6ef-456f-a6d8-c07b364ff516 0.621s
2025-11-12 17:49:13.432 65722 INFO tempest.lib.common.rest_client [req-b16821d6-adb0-40cf-9b0c-74070e0e63c3 req-b16821d6-adb0-40cf-9b0c-74070e0e63c3 ] Request (DeleteServersTestJSON:test_delete_active_server): 200 GET http://10.180.1.21/compute/v2.1/servers/a652bc10-cffa-49b7-9a23-1660827b7d11 0.973s
2025-11-12 17:49:13.440 65732 INFO tempest.lib.common.rest_client [req-cfd71d97-e993-4533-a4bd-0759eea78520 req-cfd71d97-e993-4533-a4bd-0759eea78520 ] Request (QuotasAdminTestV257:tearDownClass): 204 DELETE http://10.180.1.21/identity/v3/users/0aeb26c2845c45ad9d2c21b14e8f21f7 0.115s
2025-11-12 17:49:13.586 65732 INFO tempest.lib.common.rest_client [req-3f592abd-409a-47f9-b40c-375039439d82 req-3f592abd-409a-47f9-b40c-375039439d82 ] Request (QuotasAdminTestV257:tearDownClass): 204 DELETE http://10.180.1.21/identity/v3/users/3eae96352ee440fd9d9f1530a1bfb373 0.145s
2025-11-12 17:49:13.587 65732 INFO tempest.lib.common.dynamic_creds [-] Deleting project and security group for project: cf3a8297909740f19b3f54c74b92d9fe
2025-11-12 17:49:13.588 65738 INFO tempest.lib.common.rest_client [req-8097672e-1381-431c-9820-c7828e15b072 req-8097672e-1381-431c-9820-c7828e15b072 ] Request (ServerDiagnosticsV248Test:tearDownClass): 200 GET http://10.180.1.21/networking/v2.0/security-groups?tenant_id=ff33d08a35df45339e787dfc93c8e9b2&name=default 0.634s
2025-11-12 17:49:13.655 65690 INFO tempest.lib.common.rest_client [req-dc7e48b0-d0bd-4bfa-9e5e-11c63d186800 req-dc7e48b0-d0bd-4bfa-9e5e-11c63d186800 ] Request (ServerShowV247Test:test_update_rebuild_list_server): 202 POST http://10.180.1.21/compute/v2.1/servers/6279af57-8cbd-4ff8-adaf-4df2ab467583/action 1.151s
2025-11-12 17:49:13.679 65732 INFO tempest.lib.common.rest_client [req-4864011a-b773-4fea-a45a-cf3eac139b25 req-4864011a-b773-4fea-a45a-cf3eac139b25 ] Request (QuotasAdminTestV257:tearDownClass): 201 POST http://10.180.1.21/identity/v3/auth/tokens 0.092s
2025-11-12 17:49:13.706 65708 INFO tempest.lib.common.rest_client [req-15a5e705-9942-4edc-a3cb-b987210a8245 req-15a5e705-9942-4edc-a3cb-b987210a8245 ] Request (SecurityGroupRulesTestJSON:tearDownClass): 202 DELETE http://10.180.1.21/compute/v2.1/os-security-groups/96187358-1c29-436e-80ca-9a128c5f2a86 1.544s
2025-11-12 17:49:13.815 65738 INFO tempest.lib.common.rest_client [req-16391771-2aed-4b5b-ae68-fc4722bba2a7 req-16391771-2aed-4b5b-ae68-fc4722bba2a7 ] Request (ServerDiagnosticsV248Test:tearDownClass): 204 DELETE http://10.180.1.21/networking/v2.0/security-groups/d8ea9699-59b6-4e2d-acd0-9a19f644f16a 0.226s
2025-11-12 17:49:13.835 65726 INFO tempest.lib.common.rest_client [req-fb1e5752-f533-450e-bd46-ed4ecec551d8 req-fb1e5752-f533-450e-bd46-ed4ecec551d8 ] Request (FloatingIPsNegativeTestJSON:test_allocate_floating_ip_from_nonexistent_pool): 404 POST http://10.180.1.21/compute/v2.1/os-floating-ips 1.282s
2025-11-12 17:49:13.921 65738 INFO tempest.lib.common.rest_client [req-57cb94f8-e73d-49f5-a58d-7438bbf19c50 req-57cb94f8-e73d-49f5-a58d-7438bbf19c50 ] Request (ServerDiagnosticsV248Test:tearDownClass): 204 DELETE http://10.180.1.21/identity/v3/projects/ff33d08a35df45339e787dfc93c8e9b2 0.105s
2025-11-12 17:49:13.921 65738 INFO tempest.lib.common.dynamic_creds [-] Deleting project and security group for project: 7336184adb7e4213ac3f47476110be26
2025-11-12 17:49:13.967 65678 INFO tempest.lib.common.rest_client [req-f788c256-07c0-46f5-b779-6fe552fe18ea req-f788c256-07c0-46f5-b779-6fe552fe18ea ] Request (VolumesAssistedSnapshotsTest:tearDownClass): 204 DELETE http://10.180.1.21/networking/v2.0/routers/4ba9084c-81ec-4364-ba94-a3d4b8f9485d 0.717s
2025-11-12 17:49:13.997 65736 INFO tempest.lib.common.rest_client [req-e8efdd49-0bcb-4a1f-bd5a-d7e0f40df43c req-e8efdd49-0bcb-4a1f-bd5a-d7e0f40df43c ] Request (MultipleCreateTestJSON:test_multiple_create_with_reservation_return): 200 GET http://10.180.1.21/compute/v2.1/servers/a0cf6d71-11f7-40ca-a7c7-b16e95d7d68a 1.408s
2025-11-12 17:49:14.020 65702 INFO tempest.lib.common.rest_client [req-f5ca2416-fd43-40eb-a28d-f356f078450e req-f5ca2416-fd43-40eb-a28d-f356f078450e ] Request (ImagesNegativeTestJSON:test_create_image_from_deleted_server): 200 GET http://10.180.1.21/compute/v2.1/servers/d1ca2e19-9b38-4142-84ab-5c67072a9210 1.346s
2025-11-12 17:49:14.122 65730 INFO tempest.lib.common.rest_client [req-7842d9b2-f68b-461b-b172-3f7d9f9a3402 req-7842d9b2-f68b-461b-b172-3f7d9f9a3402 ] Request (ServersTestMultiNic:_run_cleanups): 204 DELETE http://10.180.1.21/compute/v2.1/servers/f586ce58-79ab-4e8d-bfa9-e898f8fe9cc3 1.291s
2025-11-12 17:49:14.164 65738 INFO tempest.lib.common.rest_client [req-3f356eb6-bfe4-4c66-8870-8e8e319604ea req-3f356eb6-bfe4-4c66-8870-8e8e319604ea ] Request (ServerDiagnosticsV248Test:tearDownClass): 200 GET http://10.180.1.21/networking/v2.0/security-groups?tenant_id=7336184adb7e4213ac3f47476110be26&name=default 0.242s
2025-11-12 17:49:14.190 65732 INFO tempest.lib.common.rest_client [req-10074e4e-9d1e-4f8d-ae16-c8c7fb1b21c4 req-10074e4e-9d1e-4f8d-ae16-c8c7fb1b21c4 ] Request (QuotasAdminTestV257:tearDownClass): 200 GET http://10.180.1.21/networking/v2.0/security-groups?tenant_id=cf3a8297909740f19b3f54c74b92d9fe&name=default 0.511s
2025-11-12 17:49:14.204 65716 INFO tempest.lib.common.rest_client [req-bfa3f87a-e7a9-489a-a5eb-77045f134ee8 req-bfa3f87a-e7a9-489a-a5eb-77045f134ee8 ] Request (ListImageFiltersTestJSON:test_list_images_filter_by_name): 200 GET http://10.180.1.21/compute/v2.1/images?name=tempest-ListImageFiltersTestJSON-image-1929672600 1.268s
2025-11-12 17:49:14.227 65680 INFO tempest.lib.common.rest_client [req-801585a4-595f-4202-9af5-92dd754e18b0 req-801585a4-595f-4202-9af5-92dd754e18b0 ] Request (ListServersNegativeTestJSON:setUpClass): 200 GET http://10.180.1.21/compute/v2.1/servers/5654aad2-c2f3-417c-929c-bd089e9590dc 1.529s
2025-11-12 17:49:14.329 65734 INFO tempest.lib.common.rest_client [req-d8932429-b066-4efd-9509-f2cae2e74cb3 req-d8932429-b066-4efd-9509-f2cae2e74cb3 ] Request (KeyPairsV2TestJSON:test_keypairs_create_list_delete): 200 POST http://10.180.1.21/compute/v2.1/os-keypairs 1.341s
2025-11-12 17:49:14.342 65738 INFO tempest.lib.common.rest_client [req-90950ec3-410c-47ce-a931-e9b9bc4166bc req-90950ec3-410c-47ce-a931-e9b9bc4166bc ] Request (ServerDiagnosticsV248Test:tearDownClass): 204 DELETE http://10.180.1.21/networking/v2.0/security-groups/4905bda9-d0dd-4441-84a8-f4ba393a4f43 0.177s
2025-11-12 17:49:14.420 65678 INFO tempest.lib.common.rest_client [req-f1902d9e-1da7-49bf-88f7-020321fee336 req-f1902d9e-1da7-49bf-88f7-020321fee336 ] Request (VolumesAssistedSnapshotsTest:tearDownClass): 204 DELETE http://10.180.1.21/networking/v2.0/subnets/670959f6-4f6a-437b-9084-d07494dfbc63 0.452s
2025-11-12 17:49:14.426 65738 INFO tempest.lib.common.rest_client [req-81ed591b-1370-496a-be08-32608594dcd8 req-81ed591b-1370-496a-be08-32608594dcd8 ] Request (ServerDiagnosticsV248Test:tearDownClass): 204 DELETE http://10.180.1.21/identity/v3/projects/7336184adb7e4213ac3f47476110be26 0.084s
2025-11-12 17:49:14.427 65738 INFO tempest.test [-] raised in NoVNCConsoleTestJSON.setUpClass. Invoking tearDownClass.
2025-11-12 17:49:14.437 65732 INFO tempest.lib.common.rest_client [req-f637d77f-0a36-451c-8b28-c71f30dedde4 req-f637d77f-0a36-451c-8b28-c71f30dedde4 ] Request (QuotasAdminTestV257:tearDownClass): 204 DELETE http://10.180.1.21/networking/v2.0/security-groups/41733e29-65f9-45e3-9067-d943dca449c7 0.246s
2025-11-12 17:49:14.466 65688 INFO tempest.lib.common.rest_client [req-6b00c436-0b19-476f-af75-b49603a3e216 req-6b00c436-0b19-476f-af75-b49603a3e216 ] Request (SecurityGroupsTestJSON:test_server_security_groups): 200 GET http://10.180.1.21/compute/v2.1/servers/f4fe4ad8-8623-44e8-bc4b-58c0db882ac9 1.456s
2025-11-12 17:49:14.545 65732 INFO tempest.lib.common.rest_client [req-1156e322-0f8e-4fb0-9d55-add94909baea req-1156e322-0f8e-4fb0-9d55-add94909baea ] Request (QuotasAdminTestV257:tearDownClass): 204 DELETE http://10.180.1.21/identity/v3/projects/cf3a8297909740f19b3f54c74b92d9fe 0.108s
2025-11-12 17:49:14.545 65732 INFO tempest.lib.common.dynamic_creds [-] Deleting project and security group for project: fb92216cc5a549fbb1463842efdb61c3
2025-11-12 17:49:14.575 65704 INFO tempest.lib.common.rest_client [req-a42a49c6-1ae4-4983-bb6f-723e1580d207 req-a42a49c6-1ae4-4983-bb6f-723e1580d207 ] Request (InstanceActionsTestJSON:tearDownClass): 200 GET http://10.180.1.21/compute/v2.1/servers/dd92f150-141c-4c33-a44c-1feea1033ded 1.607s
2025-11-12 17:49:14.596 65694 INFO tempest.lib.common.rest_client [req-05efe7eb-2a7f-432e-b6ea-009f486d76c1 req-05efe7eb-2a7f-432e-b6ea-009f486d76c1 ] Request (ServerRescueNegativeTestJSON:setUpClass): 200 GET http://10.180.1.21/compute/v2.1/servers/173e80b3-0dc7-4627-9265-1cef6d04abeb 1.566s
2025-11-12 17:49:14.596 65740 INFO tempest.lib.common.rest_client [req-d31bb2c7-87b3-4864-8f93-85b5cdf709a6 req-d31bb2c7-87b3-4864-8f93-85b5cdf709a6 ] Request (FloatingIPsAssociationTestJSON:tearDownClass): 404 GET http://10.180.1.21/compute/v2.1/servers/e86d9ab4-dbfa-466c-a666-1c53a28dea69 1.397s
2025-11-12 17:49:14.767 65678 INFO tempest.lib.common.rest_client [req-729d7577-5a4c-482f-be11-916196779399 req-729d7577-5a4c-482f-be11-916196779399 ] Request (VolumesAssistedSnapshotsTest:tearDownClass): 204 DELETE http://10.180.1.21/networking/v2.0/networks/1421f71d-bd57-4cf5-adc4-01ae73ca891d 0.346s
2025-11-12 17:49:14.800 65732 INFO tempest.lib.common.rest_client [req-819f0898-7634-48b8-915b-4cd6ff553522 req-819f0898-7634-48b8-915b-4cd6ff553522 ] Request (QuotasAdminTestV257:tearDownClass): 200 GET http://10.180.1.21/networking/v2.0/security-groups?tenant_id=fb92216cc5a549fbb1463842efdb61c3&name=default 0.255s
2025-11-12 17:49:14.838 65710 INFO tempest.lib.common.rest_client [req-820f5e91-8d1f-442b-9c24-4a97f65282d1 req-820f5e91-8d1f-442b-9c24-4a97f65282d1 ] Request (ServersAdminTestJSON:test_inject_network_info): 200 GET http://10.180.1.21/compute/v2.1/servers/6c37edc6-f9b9-4363-b090-46b1e2db523c 1.523s
2025-11-12 17:49:14.887 65718 INFO tempest.lib.common.rest_client [req-fba5c292-09cb-42bb-9cf8-5a5d0d194fda req-fba5c292-09cb-42bb-9cf8-5a5d0d194fda ] Request (MigrationsAdminTest:test_list_migrations_in_flavor_resize_situation): 200 GET http://10.180.1.21/compute/v2.1/servers/82156316-baf3-4617-8d6b-494e03e7f676 1.590s
2025-11-12 17:49:14.919 65678 INFO tempest.lib.common.rest_client [req-1a484746-b8a3-449b-aaae-849777a7b20a req-1a484746-b8a3-449b-aaae-849777a7b20a ] Request (VolumesAssistedSnapshotsTest:tearDownClass): 204 DELETE http://10.180.1.21/identity/v3/users/98991879d107475f8bddfaf5373845d6 0.151s
2025-11-12 17:49:14.937 65732 INFO tempest.lib.common.rest_client [req-a90404be-7de0-40ae-8b52-81a6221aad18 req-a90404be-7de0-40ae-8b52-81a6221aad18 ] Request (QuotasAdminTestV257:tearDownClass): 204 DELETE http://10.180.1.21/networking/v2.0/security-groups/e156b5db-08aa-42d1-b4ca-4c8d26759820 0.136s
2025-11-12 17:49:14.958 65692 WARNING tempest.lib.common.ssh [-] Failed to establish authenticated ssh connection to cirros@10.180.180.199 ([Errno None] Unable to connect to port 22 on 10.180.180.199). Number attempts: 4. Retry after 5 seconds.: paramiko.ssh_exception.NoValidConnectionsError: [Errno None] Unable to connect to port 22 on 10.180.180.199
2025-11-12 17:49:14.964 65700 INFO tempest.lib.common.rest_client [req-88475e12-e7ee-47c1-9378-c7bc9c38eb63 req-88475e12-e7ee-47c1-9378-c7bc9c38eb63 ] Request (ServersWithSpecificFlavorTestJSON:test_verify_created_server_ephemeral_disk): 200 GET http://10.180.1.21/compute/v2.1/servers/aafa1227-3f75-478e-a192-1b2c2e6139b5 1.583s
2025-11-12 17:49:15.010 65684 INFO tempest.lib.common.rest_client [req-db6b9d33-7fac-4af8-9f47-f4218b256c80 req-db6b9d33-7fac-4af8-9f47-f4218b256c80 ] Request (ServersTestManualDisk:setUpClass): 200 GET http://10.180.1.21/compute/v2.1/servers/3738b1bf-17d8-4741-b9c6-1630668ac1f6 1.611s
2025-11-12 17:49:15.019 65684 INFO tempest.lib.common.ssh [-] Creating ssh connection to '10.180.180.152:22' as 'cirros' with public key authentication
2025-11-12 17:49:15.032 65678 INFO tempest.lib.common.rest_client [req-f60ab47b-c813-4919-895c-f4c54ea28310 req-f60ab47b-c813-4919-895c-f4c54ea28310 ] Request (VolumesAssistedSnapshotsTest:tearDownClass): 204 DELETE http://10.180.1.21/identity/v3/users/83798a64cc1f45e39954b0fbcc580ceb 0.113s
2025-11-12 17:49:15.045 65732 INFO tempest.lib.common.rest_client [req-284588a4-e658-4c79-9d8d-8bb061010dcc req-284588a4-e658-4c79-9d8d-8bb061010dcc ] Request (QuotasAdminTestV257:tearDownClass): 204 DELETE http://10.180.1.21/identity/v3/projects/fb92216cc5a549fbb1463842efdb61c3 0.107s
2025-11-12 17:49:15.046 65732 INFO tempest.test [-] raised in TestVolumeSwap.setUpClass. Invoking tearDownClass.
2025-11-12 17:49:15.062 65706 INFO tempest.lib.common.rest_client [req-f7135706-b665-41bc-9734-6f7ee11f8f0f req-f7135706-b665-41bc-9734-6f7ee11f8f0f ] Request (ServersTestBootFromVolume:setUpClass): 200 GET http://10.180.1.21/compute/v2.1/servers/e55af9b9-a039-4b50-a10f-a334e3175d4a 1.597s
2025-11-12 17:49:15.115 65696 INFO tempest.lib.common.rest_client [req-ae01f3a1-23de-4632-b468-e9e9a70ace80 req-ae01f3a1-23de-4632-b468-e9e9a70ace80 ] Request (ServerDiskConfigTestJSON:test_rebuild_server_with_manual_disk_config): 200 GET http://10.180.1.21/compute/v2.1/servers/021aa1a8-b380-426a-87ae-6f63bae7fc38 1.493s
2025-11-12 17:49:15.124 65678 INFO tempest.lib.common.rest_client [req-679efc0d-6b27-4e77-8a2c-1d49b4092004 req-679efc0d-6b27-4e77-8a2c-1d49b4092004 ] Request (VolumesAssistedSnapshotsTest:tearDownClass): 204 DELETE http://10.180.1.21/identity/v3/users/87c1f4bafdc54f569bd46353876ac58f 0.091s
2025-11-12 17:49:15.125 65678 INFO tempest.lib.common.dynamic_creds [-] Deleting project and security group for project: 427121d9e84d4dcc97fdb4ee86456f53
2025-11-12 17:49:15.126 65696 INFO tempest.common.waiters [-] State transition "BUILD/scheduling" ==> "BUILD/None" after 16 second wait
2025-11-12 17:49:15.151 65678 INFO tempest.lib.common.rest_client [req-24e12ac6-1c18-45ac-b186-56ce0aad6be3 req-24e12ac6-1c18-45ac-b186-56ce0aad6be3 ] Request (VolumesAssistedSnapshotsTest:tearDownClass): 200 GET http://10.180.1.21/networking/v2.0/security-groups?tenant_id=427121d9e84d4dcc97fdb4ee86456f53&name=default 0.026s
2025-11-12 17:49:15.168 65690 INFO tempest.lib.common.rest_client [req-5c780336-57d6-49cd-9b4c-a5a3645477e7 req-5c780336-57d6-49cd-9b4c-a5a3645477e7 ] Request (ServerShowV247Test:test_update_rebuild_list_server): 200 GET http://10.180.1.21/compute/v2.1/servers/6279af57-8cbd-4ff8-adaf-4df2ab467583 1.499s
2025-11-12 17:49:15.173 65720 INFO tempest.lib.common.rest_client [req-c6be8f72-906d-410f-95ca-625c4e418a36 req-c6be8f72-906d-410f-95ca-625c4e418a36 ] Request (ServersAdminNegativeTestJSON:test_resize_server_using_overlimit_ram): 200 GET http://10.180.1.21/compute/v2.1/os-quota-sets/f63300e342ae44fea6d7ad2404cf5c49 1.758s
2025-11-12 17:49:15.188 65732 INFO tempest.lib.common.rest_client [req-c8eb9ceb-910a-4632-85b5-b8147ac3fc69 req-c8eb9ceb-910a-4632-85b5-b8147ac3fc69 ] Request (ServersNegativeTestJSON:setUpClass): 201 POST http://10.180.1.21/identity/v3/auth/tokens 0.137s
2025-11-12 17:49:15.226 65732 INFO tempest.lib.common.rest_client [req-872ead06-3973-4110-ae72-023d0cf619b3 req-872ead06-3973-4110-ae72-023d0cf619b3 ] Request (ServersNegativeTestJSON:setUpClass): 201 POST http://10.180.1.21/identity/v3/auth/tokens 0.035s
2025-11-12 17:49:15.252 65698 WARNING tempest.lib.common.ssh [-] Failed to establish authenticated ssh connection to cirros@10.180.180.169 ([Errno None] Unable to connect to port 22 on 10.180.180.169). Number attempts: 2. Retry after 3 seconds.: paramiko.ssh_exception.NoValidConnectionsError: [Errno None] Unable to connect to port 22 on 10.180.180.169
2025-11-12 17:49:15.254 65732 INFO tempest.lib.common.rest_client [req-faff8a1a-4ab5-40c4-bdae-d1c8e9573f91 req-faff8a1a-4ab5-40c4-bdae-d1c8e9573f91 ] Request (ServersNegativeTestJSON:setUpClass): 200 GET http://10.180.1.21/identity/v3/domains?name=Default 0.027s
2025-11-12 17:49:15.276 65678 INFO tempest.lib.common.rest_client [req-15415ac2-9594-4a55-8214-d6b09e379b04 req-15415ac2-9594-4a55-8214-d6b09e379b04 ] Request (VolumesAssistedSnapshotsTest:tearDownClass): 204 DELETE http://10.180.1.21/networking/v2.0/security-groups/18efaa59-93ad-4f41-a153-6f5739dc2921 0.124s
2025-11-12 17:49:15.284 65732 INFO tempest.lib.common.rest_client [req-ab7ef610-697c-40db-9f15-71f7cd0771f5 req-ab7ef610-697c-40db-9f15-71f7cd0771f5 ] Request (ServersNegativeTestJSON:setUpClass): 201 POST http://10.180.1.21/identity/v3/projects 0.030s
2025-11-12 17:49:15.322 65708 INFO tempest.lib.common.rest_client [req-622edf15-e5ce-4a2c-90a8-baef6c948540 req-622edf15-e5ce-4a2c-90a8-baef6c948540 ] Request (SecurityGroupRulesTestJSON:tearDownClass): 202 DELETE http://10.180.1.21/compute/v2.1/os-security-groups/79a7fa16-051e-404c-a65b-cf2721a6ca64 1.616s
2025-11-12 17:49:15.324 65682 INFO tempest.lib.common.rest_client [req-5f8ce469-b745-470c-a8be-2947fc254e61 req-5f8ce469-b745-470c-a8be-2947fc254e61 ] Request (FloatingIPsAssociationNegativeTestJSON:tearDownClass): 200 GET http://10.180.1.21/compute/v2.1/servers/ce6b64b5-bfea-495b-9102-2b33e45992b8 1.514s
2025-11-12 17:49:15.359 65732 INFO tempest.lib.common.rest_client [req-00774d4a-4812-4d55-aeee-069324d03653 req-00774d4a-4812-4d55-aeee-069324d03653 ] Request (ServersNegativeTestJSON:setUpClass): 201 POST http://10.180.1.21/identity/v3/users 0.074s
2025-11-12 17:49:15.359 65726 INFO tempest.lib.common.rest_client [req-f97b133d-94c4-4299-86bf-623b31252ddd req-f97b133d-94c4-4299-86bf-623b31252ddd ] Request (FloatingIPsNegativeTestJSON:test_delete_nonexistent_floating_ip): 404 DELETE http://10.180.1.21/compute/v2.1/os-floating-ips/a4b1ace3-68a6-4934-8d8b-7c19bf5e9888 1.523s
2025-11-12 17:49:15.381 65678 INFO tempest.lib.common.rest_client [req-93b87f3c-5a5c-400e-be18-38e68fe3d040 req-93b87f3c-5a5c-400e-be18-38e68fe3d040 ] Request (VolumesAssistedSnapshotsTest:tearDownClass): 204 DELETE http://10.180.1.21/identity/v3/projects/427121d9e84d4dcc97fdb4ee86456f53 0.104s
2025-11-12 17:49:15.381 65678 INFO tempest.lib.common.dynamic_creds [-] Deleting project and security group for project: f8dd9c4d1a0d4a979ff14b72e88f7cf7
2025-11-12 17:49:15.418 65732 INFO tempest.lib.common.rest_client [req-fdd13ea5-c3dc-4c18-ac17-523dc5531b2f req-fdd13ea5-c3dc-4c18-ac17-523dc5531b2f ] Request (ServersNegativeTestJSON:setUpClass): 200 GET http://10.180.1.21/identity/v3/roles 0.058s
2025-11-12 17:49:15.429 65716 INFO tempest.lib.common.rest_client [req-c4a0ca73-6571-45b1-a79c-1af5d190d33c req-c4a0ca73-6571-45b1-a79c-1af5d190d33c ] Request (ListImageFiltersTestJSON:test_list_images_filter_by_server_id): 200 GET http://10.180.1.21/compute/v2.1/images?server=c0b11f26-7241-41b1-8062-0cf387b0ee82 1.220s
2025-11-12 17:49:15.459 65732 INFO tempest.lib.common.rest_client [req-cee4c478-7501-4992-99e2-5bc4c9d8ec35 req-cee4c478-7501-4992-99e2-5bc4c9d8ec35 ] Request (ServersNegativeTestJSON:setUpClass): 204 PUT http://10.180.1.21/identity/v3/projects/fc8a43c1452945b6b1705a728aa0d6f8/users/da80e71198ef4ebe97400a9f2086d08a/roles/1ed318fb7c2245208ff5a7aafcef559d 0.041s
2025-11-12 17:49:15.459 65732 INFO tempest.lib.common.dynamic_creds [-] Dynamic test user da80e71198ef4ebe97400a9f2086d08a is created with scope project and roles: ['member']
2025-11-12 17:49:15.459 65732 INFO tempest.lib.common.dynamic_creds [-] Acquired dynamic creds: credentials: Credentials: {'domain_id': 'default', 'domain_name': 'Default', 'username': 'tempest-ServersNegativeTestJSON-1965872500-project-member', 'project_domain_id': 'default', 'project_domain_name': 'Default', 'project_id': 'fc8a43c1452945b6b1705a728aa0d6f8', 'project_name': 'tempest-ServersNegativeTestJSON-1965872500', 'tenant_id': 'fc8a43c1452945b6b1705a728aa0d6f8', 'tenant_name': 'tempest-ServersNegativeTestJSON-1965872500', 'user_domain_id': 'default', 'user_domain_name': 'Default', 'user_id': 'da80e71198ef4ebe97400a9f2086d08a', 'system': None}, Network: None, Subnet: None, Router: None
2025-11-12 17:49:15.470 65734 INFO tempest.lib.common.rest_client [req-594f9246-721b-40c9-9b50-301951efec22 req-594f9246-721b-40c9-9b50-301951efec22 ] Request (KeyPairsV2TestJSON:test_keypairs_create_list_delete): 200 POST http://10.180.1.21/compute/v2.1/os-keypairs 1.138s
2025-11-12 17:49:15.535 65732 INFO tempest.lib.common.rest_client [req-5d7ffbde-a2ce-4fa1-b104-57a970ccabd3 req-5d7ffbde-a2ce-4fa1-b104-57a970ccabd3 ] Request (ServersNegativeTestJSON:setUpClass): 201 POST http://10.180.1.21/identity/v3/auth/tokens 0.075s
2025-11-12 17:49:15.627 65678 INFO tempest.lib.common.rest_client [req-e0e0e706-2d60-4be0-bbd4-5ff2d8672d2d req-e0e0e706-2d60-4be0-bbd4-5ff2d8672d2d ] Request (VolumesAssistedSnapshotsTest:tearDownClass): 200 GET http://10.180.1.21/networking/v2.0/security-groups?tenant_id=f8dd9c4d1a0d4a979ff14b72e88f7cf7&name=default 0.246s
2025-11-12 17:49:15.667 65730 INFO tempest.lib.common.rest_client [req-0101b31f-fa93-42f2-84b5-b4f130a215ff req-0101b31f-fa93-42f2-84b5-b4f130a215ff ] Request (ServersTestMultiNic:_run_cleanups): 200 GET http://10.180.1.21/compute/v2.1/servers/f586ce58-79ab-4e8d-bfa9-e898f8fe9cc3 1.544s
2025-11-12 17:49:15.704 65722 INFO tempest.lib.common.rest_client [req-3fb46ae3-3bc7-4bf6-8996-4cc30e5d733c req-3fb46ae3-3bc7-4bf6-8996-4cc30e5d733c ] Request (DeleteServersTestJSON:test_delete_active_server): 200 GET http://10.180.1.21/compute/v2.1/servers/a652bc10-cffa-49b7-9a23-1660827b7d11 1.260s
2025-11-12 17:49:16.058 65732 INFO tempest.lib.common.rest_client [req-bba2936a-ad09-4c3a-b9a3-1e65262d5f74 req-bba2936a-ad09-4c3a-b9a3-1e65262d5f74 ] Request (ServersNegativeTestJSON:setUpClass): 201 POST http://10.180.1.21/networking/v2.0/networks 0.522s
2025-11-12 17:49:16.156 65678 INFO tempest.lib.common.rest_client [req-7f42e848-4318-421f-a92c-f480eb8f98f9 req-7f42e848-4318-421f-a92c-f480eb8f98f9 ] Request (VolumesAssistedSnapshotsTest:tearDownClass): 204 DELETE http://10.180.1.21/networking/v2.0/security-groups/c1e38922-17b2-4368-a17c-107d03b8785f 0.528s
2025-11-12 17:49:16.242 65678 INFO tempest.lib.common.rest_client [req-8a1779d6-5b32-433f-96b3-db7e05bee21b req-8a1779d6-5b32-433f-96b3-db7e05bee21b ] Request (VolumesAssistedSnapshotsTest:tearDownClass): 204 DELETE http://10.180.1.21/identity/v3/projects/f8dd9c4d1a0d4a979ff14b72e88f7cf7 0.086s
2025-11-12 17:49:16.243 65678 INFO tempest.lib.common.dynamic_creds [-] Deleting project and security group for project: d386bd97fe7247bca384789d49b0e6c3
2025-11-12 17:49:16.243 65736 INFO tempest.lib.common.rest_client [req-ddbb5ab4-f971-48ad-a9c6-ea7b3f6a74a6 req-ddbb5ab4-f971-48ad-a9c6-ea7b3f6a74a6 ] Request (MultipleCreateTestJSON:test_multiple_create_with_reservation_return): 200 GET http://10.180.1.21/compute/v2.1/servers/a0cf6d71-11f7-40ca-a7c7-b16e95d7d68a 1.232s
2025-11-12 17:49:16.336 65726 INFO tempest.lib.common.rest_client [req-d6493bb4-a45b-44ed-b350-ad5b54f20d8d req-d6493bb4-a45b-44ed-b350-ad5b54f20d8d ] Request (FloatingIPsNegativeTestJSON:tearDownClass): 200 PUT http://10.180.1.21/networking/v2.0/routers/036aa0c1-8d69-46a2-be06-55df70fbfbfd/remove_router_interface 0.975s
2025-11-12 17:49:16.392 65732 INFO tempest.lib.common.rest_client [req-badf270c-57e6-4ec9-b76c-cd007585fa37 req-badf270c-57e6-4ec9-b76c-cd007585fa37 ] Request (ServersNegativeTestJSON:setUpClass): 201 POST http://10.180.1.21/networking/v2.0/subnets 0.333s
2025-11-12 17:49:16.435 65678 INFO tempest.lib.common.rest_client [req-dcbb6e38-f3ab-4104-9a3c-0a9eff75de3f req-dcbb6e38-f3ab-4104-9a3c-0a9eff75de3f ] Request (VolumesAssistedSnapshotsTest:tearDownClass): 200 GET http://10.180.1.21/networking/v2.0/security-groups?tenant_id=d386bd97fe7247bca384789d49b0e6c3&name=default 0.192s
2025-11-12 17:49:16.450 65702 INFO tempest.lib.common.rest_client [req-a88f0549-28e1-4c36-a966-330fcdc90212 req-a88f0549-28e1-4c36-a966-330fcdc90212 ] Request (ImagesNegativeTestJSON:test_create_image_from_deleted_server): 200 GET http://10.180.1.21/compute/v2.1/servers/d1ca2e19-9b38-4142-84ab-5c67072a9210 1.417s
2025-11-12 17:49:16.475 65720 INFO tempest.lib.common.rest_client [req-007df535-07bf-4206-9e70-d62e7036f105 req-007df535-07bf-4206-9e70-d62e7036f105 ] Request (ServersAdminNegativeTestJSON:test_resize_server_using_overlimit_ram): 200 POST http://10.180.1.21/compute/v2.1/flavors 1.297s
2025-11-12 17:49:16.510 65680 INFO tempest.lib.common.rest_client [req-1f5f63de-8a53-4394-af34-c1098aac4d91 req-1f5f63de-8a53-4394-af34-c1098aac4d91 ] Request (ListServersNegativeTestJSON:setUpClass): 404 GET http://10.180.1.21/compute/v2.1/servers/5654aad2-c2f3-417c-929c-bd089e9590dc 1.271s
