2025-11-12 17:47:24.864 65700 INFO tempest.lib.common.rest_client [req-16e69ee1-13b0-4422-a86d-311fff2fc202 req-16e69ee1-13b0-4422-a86d-311fff2fc202 ] Request (ServersWithSpecificFlavorTestJSON:test_verify_created_server_ephemeral_disk): 200 GET http://10.180.1.21/compute/v2.1/servers/39039e6a-b932-4e4d-95b6-285b19f6b016 5.172s
2025-11-12 17:47:24.874 65708 INFO tempest.lib.common.rest_client [req-f5ed6665-8ae0-4332-8a75-e1ac1156f1c2 req-f5ed6665-8ae0-4332-8a75-e1ac1156f1c2 ] Request (HostsAdminNegativeTestJSON:test_reboot_host_with_non_admin_user): 403 GET http://10.180.1.21/compute/v2.1/os-hosts/devstack/reboot 4.933s
2025-11-12 17:47:24.877 65700 INFO tempest.common.waiters [-] State transition "BUILD/None" ==> "BUILD/spawning" after 15 second wait
2025-11-12 17:47:24.952 65718 INFO tempest.lib.common.rest_client [req-8139b867-572c-4279-a3a3-6be53350c3fd req-8139b867-572c-4279-a3a3-6be53350c3fd ] Request (MigrationsAdminTest:test_list_migrations_in_flavor_resize_situation): 200 GET http://10.180.1.21/compute/v2.1/servers/82156316-baf3-4617-8d6b-494e03e7f676 5.019s
2025-11-12 17:47:25.039 65684 INFO tempest.lib.common.rest_client [req-56940895-10cd-47c4-9aa9-fae2fc876959 req-56940895-10cd-47c4-9aa9-fae2fc876959 ] Request (ServerDiagnosticsTest:tearDownClass): 200 GET http://10.180.1.21/compute/v2.1/servers/ce2f11fb-4dfb-4603-bc90-5d11eafb8ea3 5.030s
2025-11-12 17:47:25.096 65716 INFO tempest.lib.common.rest_client [req-db0c3434-baea-4184-a1b8-31ca7d5998de req-db0c3434-baea-4184-a1b8-31ca7d5998de ] Request (ListImageFiltersTestJSON:setUpClass): 200 GET http://10.180.1.21/compute/v2.1/servers/de676364-640c-4d07-9a84-8bb2851ea463 5.030s
2025-11-12 17:47:25.114 65730 INFO tempest.lib.common.rest_client [req-af47055d-c31b-42b4-953c-a4eb2bc75f88 req-af47055d-c31b-42b4-953c-a4eb2bc75f88 ] Request (HypervisorAdminNegativeUnderV252Test:test_search_nonexistent_hypervisor): 404 GET http://10.180.1.21/compute/v2.1/os-hypervisors/nonexistent_hypervisor_name/search 4.803s
2025-11-12 17:47:25.202 65736 INFO tempest.lib.common.rest_client [req-6ae6177c-b995-4249-8dd9-1a0c4d07c9e4 req-6ae6177c-b995-4249-8dd9-1a0c4d07c9e4 ] Request (MultipleCreateTestJSON:test_multiple_create): 200 GET http://10.180.1.21/compute/v2.1/servers/75ad5a63-252f-4fff-bdb6-59ddd71edc1e 5.020s
2025-11-12 17:47:25.294 65710 INFO tempest.lib.common.rest_client [req-f60a33f1-6970-4470-9c65-5ac96f56576b req-f60a33f1-6970-4470-9c65-5ac96f56576b ] Request (ServersAdminTestJSON:setUpClass): 200 GET http://10.180.1.21/compute/v2.1/servers/c33de911-bf1d-4503-9f8a-1c641d94383d 4.982s
2025-11-12 17:47:25.319 65690 INFO tempest.lib.common.rest_client [req-6e58cb84-17d7-4894-ab21-b4d0c448ea92 req-6e58cb84-17d7-4894-ab21-b4d0c448ea92 ] Request (TenantUsagesTestJSON:test_get_usage_tenant_with_non_admin_user): 200 GET http://10.180.1.21/compute/v2.1/os-simple-tenant-usage/5aa3bce9779b4d1199457fb4c3430eee?start=2025-11-11T17%3A47%3A16.398276&end=2025-11-13T17%3A47%3A16.398276 4.927s
2025-11-12 17:47:25.434 65692 INFO tempest.lib.common.rest_client [req-31a026c5-f0f2-4fc4-85cc-556068210623 req-31a026c5-f0f2-4fc4-85cc-556068210623 ] Request (QuotasTestJSON:test_get_default_quotas): 200 GET http://10.180.1.21/compute/v2.1/os-quota-sets/e1ecc300e9774a6d8284ca23a4788644/defaults 4.947s
2025-11-12 17:47:25.440 65722 INFO tempest.lib.common.rest_client [req-29214745-a404-41a8-85ae-d417464b12d0 req-29214745-a404-41a8-85ae-d417464b12d0 ] Request (ImagesMetadataTestJSON:setUp): 200 PUT http://10.180.1.21/compute/v2.1/images/f41b5023-a031-427f-8642-23e1cf7054d0/metadata 5.091s
2025-11-12 17:47:25.459 65702 INFO tempest.lib.common.rest_client [req-0040f892-690f-4594-babd-faecdcfb99ad req-0040f892-690f-4594-babd-faecdcfb99ad ] Request (FlavorsAccessNegativeTestJSON:_run_cleanups): 200 GET http://10.180.1.21/compute/v2.1/flavors/detail 4.953s
2025-11-12 17:47:25.571 65706 INFO tempest.lib.common.rest_client [req-cd6c1c54-f310-438a-b553-9df0b23b5644 req-cd6c1c54-f310-438a-b553-9df0b23b5644 ] Request (AttachInterfacesV270Test:test_create_get_list_interfaces): 200 GET http://10.180.1.21/compute/v2.1/servers/00d1510d-b706-4da8-ad88-2acd60f56a4e 5.053s
2025-11-12 17:47:25.594 65696 INFO tempest.lib.common.rest_client [req-8f36164c-b159-4af4-89e0-4796b8dba515 req-8f36164c-b159-4af4-89e0-4796b8dba515 ] Request (ServerDiagnosticsNegativeTest:tearDownClass): 404 GET http://10.180.1.21/compute/v2.1/servers/61bb1af9-ccb5-46aa-9c1c-b2c232d1b38c 4.950s
2025-11-12 17:47:25.604 65688 INFO tempest.lib.common.rest_client [req-9e7eeaf1-f6ac-40e3-9e8b-7abf1d281815 req-9e7eeaf1-f6ac-40e3-9e8b-7abf1d281815 ] Request (SecurityGroupsTestJSON:test_list_security_groups_by_server): 200 GET http://10.180.1.21/compute/v2.1/servers/67a3a65b-7877-419d-b535-5e999e20fcd4 5.063s
2025-11-12 17:47:25.612 65688 INFO tempest.common.waiters [-] State transition "BUILD/spawning" ==> "ACTIVE/None" after 37 second wait
2025-11-12 17:47:25.656 65720 INFO tempest.lib.common.rest_client [req-6e7f1804-4ff8-4d4f-810d-b54d2a0c3428 req-6e7f1804-4ff8-4d4f-810d-b54d2a0c3428 ] Request (ServersAdminNegativeTestJSON:setUpClass): 200 GET http://10.180.1.21/compute/v2.1/servers/d6028142-9b55-4fd1-8cbb-e11cb4d362b7 4.598s
2025-11-12 17:47:25.680 65696 INFO tempest.lib.common.rest_client [req-d7ef0b13-d57e-43d7-a1b6-7e061a4b42d4 req-d7ef0b13-d57e-43d7-a1b6-7e061a4b42d4 ] Request (ServerDiagnosticsNegativeTest:tearDownClass): 204 DELETE http://10.180.1.21/identity/v3/users/41e853d07cd54696a9598abd632a0a82 0.085s
2025-11-12 17:47:25.743 65686 INFO tempest.lib.common.rest_client [req-b978eb68-fcc3-41f3-95b6-22c643a295b3 req-b978eb68-fcc3-41f3-95b6-22c643a295b3 ] Request (ServersTestJSON:setUpClass): 200 GET http://10.180.1.21/compute/v2.1/servers/3d235293-41ed-4338-b29a-a8de0067c29e 4.871s
2025-11-12 17:47:25.753 65686 INFO tempest.lib.common.ssh [-] Creating ssh connection to '10.180.180.177:22' as 'cirros' with public key authentication
2025-11-12 17:47:25.755 65698 INFO tempest.lib.common.rest_client [req-3e5d62e1-16ba-4835-99ce-fa21c6c95edc req-3e5d62e1-16ba-4835-99ce-fa21c6c95edc ] Request (ServersAdmin275Test:tearDownClass): 200 GET http://10.180.1.21/compute/v2.1/servers/3a163c7e-edc3-47ff-b0f7-7e8675dc7c32 4.446s
2025-11-12 17:47:25.775 65732 INFO tempest.lib.common.rest_client [req-854fc552-da68-402b-87fb-89f2a518d553 req-854fc552-da68-402b-87fb-89f2a518d553 ] Request (FlavorsAdminTestJSON:_run_cleanups): 202 DELETE http://10.180.1.21/compute/v2.1/flavors/305efada-5187-47e1-8f93-8b0f4b83d8c2 3.869s
2025-11-12 17:47:25.789 65726 INFO tempest.lib.common.rest_client [req-2079ea54-ed4d-4c2c-bea7-c56a5af1c8a7 req-2079ea54-ed4d-4c2c-bea7-c56a5af1c8a7 ] Request (AggregatesAdminNegativeTestJSON:test_aggregate_create_as_user): 403 POST http://10.180.1.21/compute/v2.1/os-aggregates 3.879s
2025-11-12 17:47:25.809 65712 INFO tempest.lib.common.rest_client [req-3a308839-fba3-49d8-8c7b-2f0a7024829e req-3a308839-fba3-49d8-8c7b-2f0a7024829e ] Request (ImagesMetadataNegativeTestJSON:test_update_nonexistent_image_metadata): 404 POST http://10.180.1.21/compute/v2.1/images/d82b6135-7f9d-4d21-a184-bb4177fb4070/metadata 3.877s
2025-11-12 17:47:25.831 65696 INFO tempest.lib.common.rest_client [req-c0ce3611-a762-4606-a954-ea281a0dc11a req-c0ce3611-a762-4606-a954-ea281a0dc11a ] Request (ServerDiagnosticsNegativeTest:tearDownClass): 204 DELETE http://10.180.1.21/identity/v3/users/b141c925fe444ec8a58d1098e02afa0d 0.150s
2025-11-12 17:47:25.831 65696 INFO tempest.lib.common.dynamic_creds [-] Deleting project and security group for project: c6df74af3aff47b1b670bfefcd04439c
2025-11-12 17:47:25.870 65714 INFO tempest.lib.common.rest_client [req-4879695f-59c0-41f3-aeb0-41120a7c2b22 req-4879695f-59c0-41f3-aeb0-41120a7c2b22 ] Request (ServersNegativeTestMultiTenantJSON:setUpClass): 200 GET http://10.180.1.21/compute/v2.1/servers/d3eb4bc8-e8a2-4758-9f7f-c2d11c8da1c7 3.664s
2025-11-12 17:47:25.877 65678 WARNING tempest.lib.common.ssh [-] Failed to establish authenticated ssh connection to cirros@10.180.180.173 ([Errno None] Unable to connect to port 22 on 10.180.180.173). Number attempts: 1. Retry after 2 seconds.: paramiko.ssh_exception.NoValidConnectionsError: [Errno None] Unable to connect to port 22 on 10.180.180.173
2025-11-12 17:47:25.879 65714 INFO tempest.common.waiters [-] State transition "BUILD/scheduling" ==> "BUILD/None" after 4 second wait
2025-11-12 17:47:25.879 65734 INFO tempest.lib.common.rest_client [req-bd70d358-536b-4af9-b2f6-1020e6b7bb7c req-bd70d358-536b-4af9-b2f6-1020e6b7bb7c ] Request (DeleteServersAdminTestJSON:test_delete_server_while_in_error_state): 200 GET http://10.180.1.21/compute/v2.1/servers/3c7954d4-4760-4755-ace4-ce501cac261e 2.985s
2025-11-12 17:47:25.907 65696 INFO tempest.lib.common.rest_client [req-0e2beb08-48cb-41c5-ae45-ddb0b82883b1 req-0e2beb08-48cb-41c5-ae45-ddb0b82883b1 ] Request (ServerDiagnosticsNegativeTest:tearDownClass): 201 POST http://10.180.1.21/identity/v3/auth/tokens 0.076s
2025-11-12 17:47:25.937 65682 INFO tempest.lib.common.rest_client [req-d75a2a37-6376-4cd1-860d-3103a5f6eb4c req-d75a2a37-6376-4cd1-860d-3103a5f6eb4c ] Request (FloatingIPsAssociationNegativeTestJSON:setUpClass): 200 GET http://10.180.1.21/compute/v2.1/servers/ce6b64b5-bfea-495b-9102-2b33e45992b8 2.949s
2025-11-12 17:47:25.953 65712 INFO tempest.lib.common.rest_client [req-2614a580-74de-4ed6-b707-aac1bf053841 req-2614a580-74de-4ed6-b707-aac1bf053841 ] Request (ImagesMetadataNegativeTestJSON:tearDownClass): 204 DELETE http://10.180.1.21/identity/v3/users/a578948ee9084e82beec115bb27884ad 0.142s
2025-11-12 17:47:25.953 65712 INFO tempest.lib.common.dynamic_creds [-] Deleting project and security group for project: 170fcbfe71cb479293ae37faea3c0f0b
2025-11-12 17:47:25.963 65724 INFO tempest.lib.common.rest_client [req-603f983c-6b15-4b51-8386-75a141b5f494 req-603f983c-6b15-4b51-8386-75a141b5f494 ] Request (InstanceActionsV221TestJSON:tearDownClass): 404 DELETE http://10.180.1.21/compute/v2.1/servers/60755ef8-02f4-42bf-9831-567e14185e27 2.866s
2025-11-12 17:47:26.031 65712 INFO tempest.lib.common.rest_client [req-e93b6a60-2207-47db-9d52-f45269fb4677 req-e93b6a60-2207-47db-9d52-f45269fb4677 ] Request (ImagesMetadataNegativeTestJSON:tearDownClass): 201 POST http://10.180.1.21/identity/v3/auth/tokens 0.077s
2025-11-12 17:47:26.071 65728 INFO tempest.lib.common.rest_client [req-f0882ca3-0e63-408b-9bc8-ec91765ae6e7 req-f0882ca3-0e63-408b-9bc8-ec91765ae6e7 ] Request (ImagesOneServerTestJSON:test_create_delete_image): 200 GET http://10.180.1.21/compute/v2.1/servers/bdeed231-9cf8-40a1-8034-7a066a1e5163 3.031s
2025-11-12 17:47:26.072 65696 INFO tempest.lib.common.rest_client [req-3c96f82d-7491-48ab-a5c1-52845e868c3f req-3c96f82d-7491-48ab-a5c1-52845e868c3f ] Request (ServerDiagnosticsNegativeTest:tearDownClass): 200 GET http://10.180.1.21/networking/v2.0/security-groups?tenant_id=c6df74af3aff47b1b670bfefcd04439c&name=default 0.164s
2025-11-12 17:47:26.216 65696 INFO tempest.lib.common.rest_client [req-0cc33c7a-61c4-4baa-aa81-85430580d914 req-0cc33c7a-61c4-4baa-aa81-85430580d914 ] Request (ServerDiagnosticsNegativeTest:tearDownClass): 204 DELETE http://10.180.1.21/networking/v2.0/security-groups/ffd1f256-250e-4ac1-a8c3-f5bf0287899a 0.144s
2025-11-12 17:47:26.236 65712 INFO tempest.lib.common.rest_client [req-1d1f685b-aecb-43e6-af4b-f9dfe2c8c811 req-1d1f685b-aecb-43e6-af4b-f9dfe2c8c811 ] Request (ImagesMetadataNegativeTestJSON:tearDownClass): 200 GET http://10.180.1.21/networking/v2.0/security-groups?tenant_id=170fcbfe71cb479293ae37faea3c0f0b&name=default 0.204s
2025-11-12 17:47:26.252 65704 INFO tempest.lib.common.rest_client [req-deeb0358-f98a-4f71-bf15-081309d61df5 req-deeb0358-f98a-4f71-bf15-081309d61df5 ] Request (VolumesAdminNegativeTest:tearDownClass): 200 GET http://10.180.1.21/compute/v2.1/servers/dbbfb668-7aea-484a-95ab-6f529bf4dbb9 1.709s
2025-11-12 17:47:26.321 65696 INFO tempest.lib.common.rest_client [req-8d9840e4-0152-43ce-9458-72d8c70b4e4f req-8d9840e4-0152-43ce-9458-72d8c70b4e4f ] Request (ServerDiagnosticsNegativeTest:tearDownClass): 204 DELETE http://10.180.1.21/identity/v3/projects/c6df74af3aff47b1b670bfefcd04439c 0.104s
2025-11-12 17:47:26.322 65696 INFO tempest.lib.common.dynamic_creds [-] Deleting project and security group for project: 502d3f7bdce2404b99aa381200ce3a0d
2025-11-12 17:47:26.372 65712 INFO tempest.lib.common.rest_client [req-42d5dced-98b7-4443-80b5-06aa9d0a5680 req-42d5dced-98b7-4443-80b5-06aa9d0a5680 ] Request (ImagesMetadataNegativeTestJSON:tearDownClass): 204 DELETE http://10.180.1.21/networking/v2.0/security-groups/3ae7120e-2a1c-40f9-8061-a940a4259de4 0.135s
2025-11-12 17:47:26.482 65712 INFO tempest.lib.common.rest_client [req-cd7af681-a062-4fd9-ba68-da2789448c67 req-cd7af681-a062-4fd9-ba68-da2789448c67 ] Request (ImagesMetadataNegativeTestJSON:tearDownClass): 204 DELETE http://10.180.1.21/identity/v3/projects/170fcbfe71cb479293ae37faea3c0f0b 0.109s
2025-11-12 17:47:26.512 65696 INFO tempest.lib.common.rest_client [req-298976aa-58b3-4dc8-8b69-67d73102e729 req-298976aa-58b3-4dc8-8b69-67d73102e729 ] Request (ServerDiagnosticsNegativeTest:tearDownClass): 200 GET http://10.180.1.21/networking/v2.0/security-groups?tenant_id=502d3f7bdce2404b99aa381200ce3a0d&name=default 0.190s
2025-11-12 17:47:26.558 65712 INFO tempest.lib.common.rest_client [req-a9504e11-637f-4af8-ba8f-53847cb8c09a req-a9504e11-637f-4af8-ba8f-53847cb8c09a ] Request (AttachInterfacesUnderV243Test:setUpClass): 201 POST http://10.180.1.21/identity/v3/auth/tokens 0.074s
2025-11-12 17:47:26.607 65712 INFO tempest.lib.common.rest_client [req-20e7918c-79dc-4f3b-81e7-04fab1eb8463 req-20e7918c-79dc-4f3b-81e7-04fab1eb8463 ] Request (AttachInterfacesUnderV243Test:setUpClass): 201 POST http://10.180.1.21/identity/v3/auth/tokens 0.047s
2025-11-12 17:47:26.639 65712 INFO tempest.lib.common.rest_client [req-e287895b-51d4-40e0-87d3-83ea2e038be6 req-e287895b-51d4-40e0-87d3-83ea2e038be6 ] Request (AttachInterfacesUnderV243Test:setUpClass): 200 GET http://10.180.1.21/identity/v3/domains?name=Default 0.032s
2025-11-12 17:47:26.675 65740 INFO tempest.lib.common.rest_client [req-b7d897a9-a9b9-49d8-9d5d-16dc7e9a2453 req-b7d897a9-a9b9-49d8-9d5d-16dc7e9a2453 ] Request (FloatingIPsAssociationTestJSON:test_associate_already_associated_floating_ip): 202 POST http://10.180.1.21/compute/v2.1/servers 2.871s
2025-11-12 17:47:26.676 65712 INFO tempest.lib.common.rest_client [req-c9e532a8-d0a0-40ed-8277-ac27d535115b req-c9e532a8-d0a0-40ed-8277-ac27d535115b ] Request (AttachInterfacesUnderV243Test:setUpClass): 201 POST http://10.180.1.21/identity/v3/projects 0.036s
2025-11-12 17:47:26.686 65708 INFO tempest.lib.common.rest_client [req-122ee548-297d-4f45-bbfb-be6651d36840 req-122ee548-297d-4f45-bbfb-be6651d36840 ] Request (HostsAdminNegativeTestJSON:test_reboot_nonexistent_host): 404 GET http://10.180.1.21/compute/v2.1/os-hosts/nonexistent_hostname/reboot 1.810s
2025-11-12 17:47:26.688 65696 INFO tempest.lib.common.rest_client [req-da89b3f4-2e56-4d75-897d-69134ef137ac req-da89b3f4-2e56-4d75-897d-69134ef137ac ] Request (ServerDiagnosticsNegativeTest:tearDownClass): 204 DELETE http://10.180.1.21/networking/v2.0/security-groups/4cbd8e7d-dca6-45d4-a937-5693a1b08d14 0.175s
2025-11-12 17:47:26.716 65730 INFO tempest.lib.common.rest_client [req-08e1c109-deb6-40a4-8fa6-7d25d6cf6324 req-08e1c109-deb6-40a4-8fa6-7d25d6cf6324 ] Request (HypervisorAdminNegativeUnderV252Test:test_show_servers_with_non_admin_user): 200 GET http://10.180.1.21/compute/v2.1/os-hypervisors 1.599s
2025-11-12 17:47:26.765 65712 INFO tempest.lib.common.rest_client [req-356b8b17-87a8-4f10-8fd7-1813d6c37194 req-356b8b17-87a8-4f10-8fd7-1813d6c37194 ] Request (AttachInterfacesUnderV243Test:setUpClass): 201 POST http://10.180.1.21/identity/v3/users 0.089s
2025-11-12 17:47:26.781 65690 INFO tempest.lib.common.rest_client [req-31aa2ede-9d28-4a61-bf0f-7cca8207191b req-31aa2ede-9d28-4a61-bf0f-7cca8207191b ] Request (TenantUsagesTestJSON:test_list_usage_all_tenants): 200 GET http://10.180.1.21/compute/v2.1/os-simple-tenant-usage?start=2025-11-11T17%3A47%3A16.398276&end=2025-11-13T17%3A47%3A16.398276&detailed=1 1.458s
2025-11-12 17:47:26.800 65712 INFO tempest.lib.common.rest_client [req-46c6cf22-06ff-45f7-9ebb-1d8b07bca5c2 req-46c6cf22-06ff-45f7-9ebb-1d8b07bca5c2 ] Request (AttachInterfacesUnderV243Test:setUpClass): 200 GET http://10.180.1.21/identity/v3/roles 0.034s
2025-11-12 17:47:26.827 65696 INFO tempest.lib.common.rest_client [req-b6299a6d-fb78-4041-ab68-4bce9e977a90 req-b6299a6d-fb78-4041-ab68-4bce9e977a90 ] Request (ServerDiagnosticsNegativeTest:tearDownClass): 204 DELETE http://10.180.1.21/identity/v3/projects/502d3f7bdce2404b99aa381200ce3a0d 0.138s
2025-11-12 17:47:26.828 65696 INFO tempest.test [-] raised in SpiceDirectConsoleTestJSON.setUpClass. Invoking tearDownClass.
2025-11-12 17:47:26.907 65712 INFO tempest.lib.common.rest_client [req-5e381a2b-6231-46dc-98dc-37a1dee74765 req-5e381a2b-6231-46dc-98dc-37a1dee74765 ] Request (AttachInterfacesUnderV243Test:setUpClass): 204 PUT http://10.180.1.21/identity/v3/projects/6ac233955fa646aca855078cf5fc0968/users/e61cfa7f107e43db93d8e74d7f89c191/roles/1ed318fb7c2245208ff5a7aafcef559d 0.106s
2025-11-12 17:47:26.908 65712 INFO tempest.lib.common.dynamic_creds [-] Dynamic test user e61cfa7f107e43db93d8e74d7f89c191 is created with scope project and roles: ['member']
2025-11-12 17:47:26.908 65712 INFO tempest.lib.common.dynamic_creds [-] Acquired dynamic creds: credentials: Credentials: {'domain_id': 'default', 'domain_name': 'Default', 'username': 'tempest-AttachInterfacesUnderV243Test-1841777393-project-member', 'project_domain_id': 'default', 'project_domain_name': 'Default', 'project_id': '6ac233955fa646aca855078cf5fc0968', 'project_name': 'tempest-AttachInterfacesUnderV243Test-1841777393', 'tenant_id': '6ac233955fa646aca855078cf5fc0968', 'tenant_name': 'tempest-AttachInterfacesUnderV243Test-1841777393', 'user_domain_id': 'default', 'user_domain_name': 'Default', 'user_id': 'e61cfa7f107e43db93d8e74d7f89c191', 'system': None}, Network: None, Subnet: None, Router: None
2025-11-12 17:47:26.967 65696 INFO tempest.lib.common.rest_client [req-69f5d511-0e23-47a1-8db7-d5ea891f90f1 req-69f5d511-0e23-47a1-8db7-d5ea891f90f1 ] Request (ServerDiskConfigTestJSON:setUpClass): 201 POST http://10.180.1.21/identity/v3/auth/tokens 0.136s
2025-11-12 17:47:26.992 65712 INFO tempest.lib.common.rest_client [req-23272d81-d345-489e-a527-e412e41cad54 req-23272d81-d345-489e-a527-e412e41cad54 ] Request (AttachInterfacesUnderV243Test:setUpClass): 201 POST http://10.180.1.21/identity/v3/auth/tokens 0.084s
2025-11-12 17:47:27.021 65692 INFO tempest.lib.common.rest_client [req-35f6d4ae-c093-4dbd-8730-f76074a28dbb req-35f6d4ae-c093-4dbd-8730-f76074a28dbb ] Request (QuotasTestJSON:test_get_quotas): 200 GET http://10.180.1.21/compute/v2.1/os-quota-sets/e1ecc300e9774a6d8284ca23a4788644 1.582s
2025-11-12 17:47:27.022 65696 INFO tempest.lib.common.rest_client [req-16ddd16b-0265-4071-abd4-105015f1b2af req-16ddd16b-0265-4071-abd4-105015f1b2af ] Request (ServerDiskConfigTestJSON:setUpClass): 201 POST http://10.180.1.21/identity/v3/auth/tokens 0.051s
2025-11-12 17:47:27.052 65696 INFO tempest.lib.common.rest_client [req-021308d9-f563-4ab4-94c5-0129bae80d98 req-021308d9-f563-4ab4-94c5-0129bae80d98 ] Request (ServerDiskConfigTestJSON:setUpClass): 200 GET http://10.180.1.21/identity/v3/domains?name=Default 0.030s
2025-11-12 17:47:27.091 65696 INFO tempest.lib.common.rest_client [req-4ff65d11-7c3b-4af3-968b-d7d7a2581d67 req-4ff65d11-7c3b-4af3-968b-d7d7a2581d67 ] Request (ServerDiskConfigTestJSON:setUpClass): 201 POST http://10.180.1.21/identity/v3/projects 0.038s
2025-11-12 17:47:27.176 65696 INFO tempest.lib.common.rest_client [req-fd465bd4-0c57-407c-8fd6-011eac83e464 req-fd465bd4-0c57-407c-8fd6-011eac83e464 ] Request (ServerDiskConfigTestJSON:setUpClass): 201 POST http://10.180.1.21/identity/v3/users 0.083s
2025-11-12 17:47:27.204 65696 INFO tempest.lib.common.rest_client [req-1eb19648-a563-42dc-9a62-3a67b79518fa req-1eb19648-a563-42dc-9a62-3a67b79518fa ] Request (ServerDiskConfigTestJSON:setUpClass): 200 GET http://10.180.1.21/identity/v3/roles 0.028s
2025-11-12 17:47:27.205 65722 INFO tempest.lib.common.rest_client [req-f6487952-da79-43ae-b688-82a9b86e2fad req-f6487952-da79-43ae-b688-82a9b86e2fad ] Request (ImagesMetadataTestJSON:test_delete_image_metadata_item): 204 DELETE http://10.180.1.21/compute/v2.1/images/f41b5023-a031-427f-8642-23e1cf7054d0/metadata/os_version 1.764s
2025-11-12 17:47:27.218 65680 INFO tempest.lib.common.rest_client [req-1b5c30e6-159b-4d42-a6a4-ce1c99dc53b7 req-1b5c30e6-159b-4d42-a6a4-ce1c99dc53b7 ] Request (ListServersNegativeTestJSON:setUpClass): 202 POST http://10.180.1.21/compute/v2.1/servers 2.413s
2025-11-12 17:47:27.233 65702 INFO tempest.lib.common.rest_client [req-75a407eb-03d3-4679-a116-9e476b363d6f req-75a407eb-03d3-4679-a116-9e476b363d6f ] Request (FlavorsAccessNegativeTestJSON:test_flavor_non_admin_remove): 200 POST http://10.180.1.21/compute/v2.1/flavors 1.768s
2025-11-12 17:47:27.243 65696 INFO tempest.lib.common.rest_client [req-20c17472-07cb-4d02-a4f6-6123a257a276 req-20c17472-07cb-4d02-a4f6-6123a257a276 ] Request (ServerDiskConfigTestJSON:setUpClass): 204 PUT http://10.180.1.21/identity/v3/projects/729f71181b06445fb2a770ce06096751/users/03262d82bd14449caa1d68a73831e31a/roles/1ed318fb7c2245208ff5a7aafcef559d 0.039s
2025-11-12 17:47:27.244 65696 INFO tempest.lib.common.dynamic_creds [-] Dynamic test user 03262d82bd14449caa1d68a73831e31a is created with scope project and roles: ['member']
2025-11-12 17:47:27.244 65696 INFO tempest.lib.common.dynamic_creds [-] Acquired dynamic creds: credentials: Credentials: {'domain_id': 'default', 'domain_name': 'Default', 'username': 'tempest-ServerDiskConfigTestJSON-1399029206-project-member', 'project_domain_id': 'default', 'project_domain_name': 'Default', 'project_id': '729f71181b06445fb2a770ce06096751', 'project_name': 'tempest-ServerDiskConfigTestJSON-1399029206', 'tenant_id': '729f71181b06445fb2a770ce06096751', 'tenant_name': 'tempest-ServerDiskConfigTestJSON-1399029206', 'user_domain_id': 'default', 'user_domain_name': 'Default', 'user_id': '03262d82bd14449caa1d68a73831e31a', 'system': None}, Network: None, Subnet: None, Router: None
2025-11-12 17:47:27.265 65732 INFO tempest.lib.common.rest_client [req-f83f0f65-e02b-4a93-8eab-f7210c3bc0d0 req-f83f0f65-e02b-4a93-8eab-f7210c3bc0d0 ] Request (FlavorsAdminTestJSON:_run_cleanups): 200 GET http://10.180.1.21/compute/v2.1/flavors/detail 1.489s
2025-11-12 17:47:27.313 65726 INFO tempest.lib.common.rest_client [req-84a4d2bc-34f7-4031-9afd-c03eb08f4214 req-84a4d2bc-34f7-4031-9afd-c03eb08f4214 ] Request (AggregatesAdminNegativeTestJSON:test_aggregate_create_with_existent_aggregate_name): 200 POST http://10.180.1.21/compute/v2.1/os-aggregates 1.522s
2025-11-12 17:47:27.333 65696 INFO tempest.lib.common.rest_client [req-1aaa577e-a7c9-45e6-b633-d7f38f1610b4 req-1aaa577e-a7c9-45e6-b633-d7f38f1610b4 ] Request (ServerDiskConfigTestJSON:setUpClass): 201 POST http://10.180.1.21/identity/v3/auth/tokens 0.089s
2025-11-12 17:47:27.383 65712 INFO tempest.lib.common.rest_client [req-417c3a7f-bea5-47a1-9750-29bb2fd780a0 req-417c3a7f-bea5-47a1-9750-29bb2fd780a0 ] Request (AttachInterfacesUnderV243Test:setUpClass): 201 POST http://10.180.1.21/networking/v2.0/networks 0.390s
2025-11-12 17:47:27.659 65696 INFO tempest.lib.common.rest_client [req-73c467c5-7438-4d6b-8d72-b1bae8914d33 req-73c467c5-7438-4d6b-8d72-b1bae8914d33 ] Request (ServerDiskConfigTestJSON:setUpClass): 201 POST http://10.180.1.21/networking/v2.0/networks 0.326s
2025-11-12 17:47:27.687 65738 INFO tempest.lib.common.rest_client [req-58b626a3-ca4f-4369-987c-70b0ab7d89c5 req-58b626a3-ca4f-4369-987c-70b0ab7d89c5 ] Request (ServerDiagnosticsV248Test:test_get_server_diagnostics): 200 GET http://10.180.1.21/compute/v2.1/servers/e326592b-2094-4e72-8ac3-2ac4055eedab 1.844s
2025-11-12 17:47:27.752 65688 INFO tempest.lib.common.rest_client [req-39f27d6d-6348-480a-b0b4-a01a2a8006ef req-39f27d6d-6348-480a-b0b4-a01a2a8006ef ] Request (SecurityGroupsTestJSON:test_list_security_groups_by_server): 202 POST http://10.180.1.21/compute/v2.1/servers/67a3a65b-7877-419d-b535-5e999e20fcd4/action 2.139s
2025-11-12 17:47:27.978 65712 INFO tempest.lib.common.rest_client [req-1c560513-7c01-436f-beba-00dec64da805 req-1c560513-7c01-436f-beba-00dec64da805 ] Request (AttachInterfacesUnderV243Test:setUpClass): 201 POST http://10.180.1.21/networking/v2.0/subnets 0.594s
2025-11-12 17:47:27.981 65696 INFO tempest.lib.common.rest_client [req-ac071aee-ff32-4f6b-8020-ec9f0212e79e req-ac071aee-ff32-4f6b-8020-ec9f0212e79e ] Request (ServerDiskConfigTestJSON:setUpClass): 201 POST http://10.180.1.21/networking/v2.0/subnets 0.321s
2025-11-12 17:47:28.008 65718 INFO tempest.lib.common.rest_client [req-5a608ec0-512b-43c5-832c-c0ffb2bc194b req-5a608ec0-512b-43c5-832c-c0ffb2bc194b ] Request (MigrationsAdminTest:test_list_migrations_in_flavor_resize_situation): 200 GET http://10.180.1.21/compute/v2.1/servers/82156316-baf3-4617-8d6b-494e03e7f676 2.045s
2025-11-12 17:47:28.021 65718 INFO tempest.common.waiters [-] State transition "BUILD/None" ==> "BUILD/networking" after 10 second wait
2025-11-12 17:47:28.039 65724 INFO tempest.lib.common.rest_client [req-9136b238-92d8-4169-a084-485736ae3df8 req-9136b238-92d8-4169-a084-485736ae3df8 ] Request (InstanceActionsV221TestJSON:tearDownClass): 404 GET http://10.180.1.21/compute/v2.1/servers/60755ef8-02f4-42bf-9831-567e14185e27 2.076s
2025-11-12 17:47:28.820 65686 WARNING tempest.lib.common.ssh [-] Failed to establish authenticated ssh connection to cirros@10.180.180.177 ([Errno None] Unable to connect to port 22 on 10.180.180.177). Number attempts: 1. Retry after 2 seconds.: paramiko.ssh_exception.NoValidConnectionsError: [Errno None] Unable to connect to port 22 on 10.180.180.177
2025-11-12 17:47:28.853 65696 INFO tempest.lib.common.rest_client [req-b7f33888-d171-42f1-9e0e-0f310c18e869 req-b7f33888-d171-42f1-9e0e-0f310c18e869 ] Request (ServerDiskConfigTestJSON:setUpClass): 201 POST http://10.180.1.21/networking/v2.0/routers 0.871s
2025-11-12 17:47:28.926 65712 INFO tempest.lib.common.rest_client [req-c85e2ecc-6a2d-4ed5-be31-d0951db62f10 req-c85e2ecc-6a2d-4ed5-be31-d0951db62f10 ] Request (AttachInterfacesUnderV243Test:setUpClass): 201 POST http://10.180.1.21/networking/v2.0/routers 0.947s
2025-11-12 17:47:28.948 65678 WARNING tempest.lib.common.ssh [-] Failed to establish authenticated ssh connection to cirros@10.180.180.173 ([Errno None] Unable to connect to port 22 on 10.180.180.173). Number attempts: 2. Retry after 3 seconds.: paramiko.ssh_exception.NoValidConnectionsError: [Errno None] Unable to connect to port 22 on 10.180.180.173
2025-11-12 17:47:28.957 65700 INFO tempest.lib.common.rest_client [req-c28a4a72-88ef-429c-ac53-5da8608f2522 req-c28a4a72-88ef-429c-ac53-5da8608f2522 ] Request (ServersWithSpecificFlavorTestJSON:test_verify_created_server_ephemeral_disk): 200 GET http://10.180.1.21/compute/v2.1/servers/39039e6a-b932-4e4d-95b6-285b19f6b016 3.078s
2025-11-12 17:47:28.999 65728 INFO tempest.lib.common.rest_client [req-7dd018ef-98f4-4d2c-bac4-75dd993bd244 req-7dd018ef-98f4-4d2c-bac4-75dd993bd244 ] Request (ImagesOneServerTestJSON:test_create_delete_image): 200 GET http://10.180.1.21/compute/v2.1/images/20af0517-a53d-42b4-9277-0cf821ea5594 2.917s
2025-11-12 17:47:29.005 65684 INFO tempest.lib.common.rest_client [req-eb409286-3f04-47e1-9ad0-b08d0ee91eb1 req-eb409286-3f04-47e1-9ad0-b08d0ee91eb1 ] Request (ServerDiagnosticsTest:tearDownClass): 200 GET http://10.180.1.21/compute/v2.1/servers/ce2f11fb-4dfb-4603-bc90-5d11eafb8ea3 2.959s
2025-11-12 17:47:29.164 65694 WARNING tempest.lib.common.ssh [-] Failed to establish authenticated ssh connection to cirros@10.180.180.157 ([Errno None] Unable to connect to port 22 on 10.180.180.157). Number attempts: 4. Retry after 5 seconds.: paramiko.ssh_exception.NoValidConnectionsError: [Errno None] Unable to connect to port 22 on 10.180.180.157
2025-11-12 17:47:29.647 65724 INFO tempest.lib.common.rest_client [req-6f85f007-c1a2-481f-a57f-df6421bee614 req-6f85f007-c1a2-481f-a57f-df6421bee614 ] Request (InstanceActionsV221TestJSON:tearDownClass): 200 PUT http://10.180.1.21/networking/v2.0/routers/2a382983-8b43-4791-b0e3-6680d66c71fc/remove_router_interface 1.606s
2025-11-12 17:47:29.841 65696 INFO tempest.lib.common.rest_client [req-0de3c665-d368-4545-a020-e17109b5e08d req-0de3c665-d368-4545-a020-e17109b5e08d ] Request (ServerDiskConfigTestJSON:setUpClass): 200 PUT http://10.180.1.21/networking/v2.0/routers/cf8353c9-9973-473d-a12e-93ef58bc5770/add_router_interface 0.987s
2025-11-12 17:47:29.841 65696 INFO tempest.lib.common.dynamic_creds [-] Created isolated network resources for: credentials: Credentials: {'domain_id': 'default', 'domain_name': 'Default', 'username': 'tempest-ServerDiskConfigTestJSON-1399029206-project-member', 'project_domain_id': 'default', 'project_domain_name': 'Default', 'project_id': '729f71181b06445fb2a770ce06096751', 'project_name': 'tempest-ServerDiskConfigTestJSON-1399029206', 'tenant_id': '729f71181b06445fb2a770ce06096751', 'tenant_name': 'tempest-ServerDiskConfigTestJSON-1399029206', 'user_domain_id': 'default', 'user_domain_name': 'Default', 'user_id': '03262d82bd14449caa1d68a73831e31a', 'system': None}, Network: {'id': 'f067d315-37f1-40ac-9255-0b835bb8bc69', 'name': 'tempest-ServerDiskConfigTestJSON-925946088-network', 'tenant_id': '729f71181b06445fb2a770ce06096751', 'project_id': '729f71181b06445fb2a770ce06096751', 'admin_state_up': True, 'mtu': 8950, 'status': 'ACTIVE', 'subnets': [], 'shared': False, 'port_security_enabled': True, 'router:external': False, 'provider:network_type': 'vlan', 'provider:physical_network': 'default', 'provider:segmentation_id': 874, 'availability_zone_hints': [], 'availability_zones': [], 'ipv4_address_scope': None, 'ipv6_address_scope': None, 'description': '', 'tags': [], 'created_at': '2025-11-12T17:47:27Z', 'updated_at': '2025-11-12T17:47:27Z', 'revision_number': 1}, Subnet: {'id': '441da103-4e34-4e76-9c48-3770e9cb117f', 'name': 'tempest-ServerDiskConfigTestJSON-925946088-subnet', 'tenant_id': '729f71181b06445fb2a770ce06096751', 'network_id': 'f067d315-37f1-40ac-9255-0b835bb8bc69', 'ip_version': 4, 'subnetpool_id': None, 'enable_dhcp': True, 'ipv6_ra_mode': None, 'ipv6_address_mode': None, 'gateway_ip': '192.168.128.1', 'cidr': '192.168.128.0/28', 'allocation_pools': [{'start': '192.168.128.2', 'end': '192.168.128.14'}], 'host_routes': [], 'dns_nameservers': [], 'description': '', 'router:external': False, 'service_types': [], 'tags': [], 'created_at': '2025-11-12T17:47:27Z', 'updated_at': '2025-11-12T17:47:27Z', 'revision_number': 0, 'project_id': '729f71181b06445fb2a770ce06096751'}, Router: {'id': 'cf8353c9-9973-473d-a12e-93ef58bc5770', 'name': 'tempest-ServerDiskConfigTestJSON-925946088-router', 'tenant_id': '729f71181b06445fb2a770ce06096751', 'admin_state_up': True, 'status': 'ACTIVE', 'external_gateway_info': {'network_id': 'f49fa029-bb57-42e5-88f6-c5be322eca3d', 'external_fixed_ips': [{'subnet_id': 'f8adcb77-36fb-44b6-a7e4-00d69a6bb0fa', 'ip_address': '10.180.180.210'}], 'enable_snat': True}, 'description': '', 'availability_zones': [], 'distributed': False, 'ha': False, 'availability_zone_hints': [], 'routes': [], 'flavor_id': None, 'tags': [], 'created_at': '2025-11-12T17:47:28Z', 'updated_at': '2025-11-12T17:47:28Z', 'revision_number': 2, 'project_id': '729f71181b06445fb2a770ce06096751'}
2025-11-12 17:47:29.969 65696 INFO tempest.lib.common.rest_client [req-c6e2a7d3-5f0b-45b2-81ca-727fa4f95fb9 req-c6e2a7d3-5f0b-45b2-81ca-727fa4f95fb9 ] Request (ServerDiskConfigTestJSON:setUpClass): 201 POST http://10.180.1.21/identity/v3/auth/tokens 0.124s
2025-11-12 17:47:30.013 65696 INFO tempest.lib.common.rest_client [req-3ddf391c-c278-427e-9c30-9180fe714bed req-3ddf391c-c278-427e-9c30-9180fe714bed ] Request (ServerDiskConfigTestJSON:test_rebuild_server_with_auto_disk_config): 201 POST http://10.180.1.21/identity/v3/auth/tokens 0.037s
2025-11-12 17:47:30.013 65696 INFO tempest.lib.common.fixed_network [-] (ServerDiskConfigTestJSON:test_rebuild_server_with_auto_disk_config) Found network {'id': 'f067d315-37f1-40ac-9255-0b835bb8bc69', 'name': 'tempest-ServerDiskConfigTestJSON-925946088-network', 'tenant_id': '729f71181b06445fb2a770ce06096751', 'project_id': '729f71181b06445fb2a770ce06096751', 'admin_state_up': True, 'mtu': 8950, 'status': 'ACTIVE', 'subnets': [], 'shared': False, 'port_security_enabled': True, 'router:external': False, 'provider:network_type': 'vlan', 'provider:physical_network': 'default', 'provider:segmentation_id': 874, 'availability_zone_hints': [], 'availability_zones': [], 'ipv4_address_scope': None, 'ipv6_address_scope': None, 'description': '', 'tags': [], 'created_at': '2025-11-12T17:47:27Z', 'updated_at': '2025-11-12T17:47:27Z', 'revision_number': 1} available for tenant
2025-11-12 17:47:30.244 65736 INFO tempest.lib.common.rest_client [req-37d213a1-bfe8-4c09-a54f-9d6d02f5085c req-37d213a1-bfe8-4c09-a54f-9d6d02f5085c ] Request (MultipleCreateTestJSON:test_multiple_create): 200 GET http://10.180.1.21/compute/v2.1/servers/75ad5a63-252f-4fff-bdb6-59ddd71edc1e 4.033s
2025-11-12 17:47:30.258 65716 INFO tempest.lib.common.rest_client [req-c0484cb1-7d0d-4b87-8af7-28d7133de1d1 req-c0484cb1-7d0d-4b87-8af7-28d7133de1d1 ] Request (ListImageFiltersTestJSON:setUpClass): 200 GET http://10.180.1.21/compute/v2.1/servers/de676364-640c-4d07-9a84-8bb2851ea463 4.153s
2025-11-12 17:47:30.901 65712 INFO tempest.lib.common.rest_client [req-c5bfc6ff-c18a-4591-b539-46074ee7c432 req-c5bfc6ff-c18a-4591-b539-46074ee7c432 ] Request (AttachInterfacesUnderV243Test:setUpClass): 200 PUT http://10.180.1.21/networking/v2.0/routers/f99990e8-dbfa-4e8c-b295-9a4ca42760f5/add_router_interface 1.974s
2025-11-12 17:47:30.901 65712 INFO tempest.lib.common.dynamic_creds [-] Created isolated network resources for: credentials: Credentials: {'domain_id': 'default', 'domain_name': 'Default', 'username': 'tempest-AttachInterfacesUnderV243Test-1841777393-project-member', 'project_domain_id': 'default', 'project_domain_name': 'Default', 'project_id': '6ac233955fa646aca855078cf5fc0968', 'project_name': 'tempest-AttachInterfacesUnderV243Test-1841777393', 'tenant_id': '6ac233955fa646aca855078cf5fc0968', 'tenant_name': 'tempest-AttachInterfacesUnderV243Test-1841777393', 'user_domain_id': 'default', 'user_domain_name': 'Default', 'user_id': 'e61cfa7f107e43db93d8e74d7f89c191', 'system': None}, Network: {'id': '20318a7c-8261-402f-a1d4-dda3fce99cb3', 'name': 'tempest-AttachInterfacesUnderV243Test-8824935-network', 'tenant_id': '6ac233955fa646aca855078cf5fc0968', 'project_id': '6ac233955fa646aca855078cf5fc0968', 'admin_state_up': True, 'mtu': 8950, 'status': 'ACTIVE', 'subnets': [], 'shared': False, 'port_security_enabled': True, 'router:external': False, 'provider:network_type': 'vlan', 'provider:physical_network': 'default', 'provider:segmentation_id': 220, 'availability_zone_hints': [], 'availability_zones': [], 'ipv4_address_scope': None, 'ipv6_address_scope': None, 'description': '', 'tags': [], 'created_at': '2025-11-12T17:47:27Z', 'updated_at': '2025-11-12T17:47:27Z', 'revision_number': 1}, Subnet: {'id': '134e239d-0bac-4efe-a380-baef4d6d946c', 'name': 'tempest-AttachInterfacesUnderV243Test-8824935-subnet', 'tenant_id': '6ac233955fa646aca855078cf5fc0968', 'network_id': '20318a7c-8261-402f-a1d4-dda3fce99cb3', 'ip_version': 4, 'subnetpool_id': None, 'enable_dhcp': True, 'ipv6_ra_mode': None, 'ipv6_address_mode': None, 'gateway_ip': '192.168.128.1', 'cidr': '192.168.128.0/28', 'allocation_pools': [{'start': '192.168.128.2', 'end': '192.168.128.14'}], 'host_routes': [], 'dns_nameservers': [], 'description': '', 'router:external': False, 'service_types': [], 'tags': [], 'created_at': '2025-11-12T17:47:27Z', 'updated_at': '2025-11-12T17:47:27Z', 'revision_number': 0, 'project_id': '6ac233955fa646aca855078cf5fc0968'}, Router: {'id': 'f99990e8-dbfa-4e8c-b295-9a4ca42760f5', 'name': 'tempest-AttachInterfacesUnderV243Test-8824935-router', 'tenant_id': '6ac233955fa646aca855078cf5fc0968', 'admin_state_up': True, 'status': 'ACTIVE', 'external_gateway_info': {'network_id': 'f49fa029-bb57-42e5-88f6-c5be322eca3d', 'external_fixed_ips': [{'subnet_id': 'f8adcb77-36fb-44b6-a7e4-00d69a6bb0fa', 'ip_address': '10.180.180.174'}], 'enable_snat': True}, 'description': '', 'availability_zones': [], 'distributed': False, 'ha': False, 'availability_zone_hints': [], 'routes': [], 'flavor_id': None, 'tags': [], 'created_at': '2025-11-12T17:47:28Z', 'updated_at': '2025-11-12T17:47:28Z', 'revision_number': 2, 'project_id': '6ac233955fa646aca855078cf5fc0968'}
2025-11-12 17:47:31.002 65712 INFO tempest.lib.common.rest_client [req-9709e1ff-fe14-4cbf-b794-80868ba4868b req-9709e1ff-fe14-4cbf-b794-80868ba4868b ] Request (AttachInterfacesUnderV243Test:setUpClass): 201 POST http://10.180.1.21/identity/v3/auth/tokens 0.098s
2025-11-12 17:47:31.147 65724 INFO tempest.lib.common.rest_client [req-76e1cd17-d95d-4dab-bd5c-377ee0ff5962 req-76e1cd17-d95d-4dab-bd5c-377ee0ff5962 ] Request (InstanceActionsV221TestJSON:tearDownClass): 204 DELETE http://10.180.1.21/networking/v2.0/routers/2a382983-8b43-4791-b0e3-6680d66c71fc 1.500s
2025-11-12 17:47:31.502 65724 INFO tempest.lib.common.rest_client [req-ec4bed8e-69e7-4254-abd3-2b1c3c23c76b req-ec4bed8e-69e7-4254-abd3-2b1c3c23c76b ] Request (InstanceActionsV221TestJSON:tearDownClass): 204 DELETE http://10.180.1.21/networking/v2.0/subnets/bd994701-1f21-4340-9cef-4172f9a6c522 0.354s
2025-11-12 17:47:31.577 65710 INFO tempest.lib.common.rest_client [req-6084964e-b76c-4318-9f69-158c089de925 req-6084964e-b76c-4318-9f69-158c089de925 ] Request (ServersAdminTestJSON:setUpClass): 200 GET http://10.180.1.21/compute/v2.1/servers/c33de911-bf1d-4503-9f8a-1c641d94383d 5.273s
2025-11-12 17:47:31.585 65710 INFO tempest.common.waiters [-] State transition "BUILD/spawning" ==> "ACTIVE/None" after 39 second wait
2025-11-12 17:47:31.600 65706 INFO tempest.lib.common.rest_client [req-f43d6654-3540-4fff-8887-f3d0986c738f req-f43d6654-3540-4fff-8887-f3d0986c738f ] Request (AttachInterfacesV270Test:test_create_get_list_interfaces): 200 GET http://10.180.1.21/compute/v2.1/servers/00d1510d-b706-4da8-ad88-2acd60f56a4e 5.018s
2025-11-12 17:47:31.612 65706 INFO tempest.common.waiters [-] State transition "BUILD/spawning" ==> "ACTIVE/None" after 28 second wait
2025-11-12 17:47:31.892 65686 WARNING tempest.lib.common.ssh [-] Failed to establish authenticated ssh connection to cirros@10.180.180.177 ([Errno None] Unable to connect to port 22 on 10.180.180.177). Number attempts: 2. Retry after 3 seconds.: paramiko.ssh_exception.NoValidConnectionsError: [Errno None] Unable to connect to port 22 on 10.180.180.177
2025-11-12 17:47:31.965 65724 INFO tempest.lib.common.rest_client [req-5fd1f3bf-6db4-4ee1-90ec-3d96da89df4e req-5fd1f3bf-6db4-4ee1-90ec-3d96da89df4e ] Request (InstanceActionsV221TestJSON:tearDownClass): 204 DELETE http://10.180.1.21/networking/v2.0/networks/fbf63476-043b-4015-ac14-b8f303231a42 0.462s
2025-11-12 17:47:32.027 65720 INFO tempest.lib.common.rest_client [req-62f36e3e-2e20-4ff3-9032-80c55d5153f7 req-62f36e3e-2e20-4ff3-9032-80c55d5153f7 ] Request (ServersAdminNegativeTestJSON:setUpClass): 200 GET http://10.180.1.21/compute/v2.1/servers/d6028142-9b55-4fd1-8cbb-e11cb4d362b7 5.360s
2025-11-12 17:47:32.037 65708 INFO tempest.lib.common.rest_client [req-31c7078e-c3af-40ea-89dd-061d3cb6677f req-31c7078e-c3af-40ea-89dd-061d3cb6677f ] Request (HostsAdminNegativeTestJSON:test_show_host_detail_with_non_admin_user): 403 GET http://10.180.1.21/compute/v2.1/os-hosts/devstack 5.349s
2025-11-12 17:47:32.050 65730 INFO tempest.lib.common.rest_client [req-2406f281-fac7-48e4-9e05-64b328041c61 req-2406f281-fac7-48e4-9e05-64b328041c61 ] Request (HypervisorAdminNegativeUnderV252Test:test_show_servers_with_non_admin_user): 403 GET http://10.180.1.21/compute/v2.1/os-hypervisors/1/servers 5.332s
2025-11-12 17:47:32.058 65740 INFO tempest.lib.common.rest_client [req-a4a62402-fd46-4733-a43d-4b3b594f87f5 req-a4a62402-fd46-4733-a43d-4b3b594f87f5 ] Request (FloatingIPsAssociationTestJSON:test_associate_already_associated_floating_ip): 200 GET http://10.180.1.21/compute/v2.1/servers/e86d9ab4-dbfa-466c-a666-1c53a28dea69 5.380s
2025-11-12 17:47:32.153 65724 INFO tempest.lib.common.rest_client [req-26ac7ca5-b4ae-4c94-9f0d-06dc80fc4aeb req-26ac7ca5-b4ae-4c94-9f0d-06dc80fc4aeb ] Request (InstanceActionsV221TestJSON:tearDownClass): 204 DELETE http://10.180.1.21/identity/v3/users/d31a313b86c540f9a96a5a6a23086eec 0.188s
2025-11-12 17:47:32.153 65724 INFO tempest.lib.common.dynamic_creds [-] Deleting project and security group for project: dfc2d6e5a8db49168c5fecc250c705c8
2025-11-12 17:47:32.251 65690 INFO tempest.lib.common.rest_client [req-ffa2aa77-7064-4ae6-853d-a357e550e72e req-ffa2aa77-7064-4ae6-853d-a357e550e72e ] Request (TenantUsagesTestJSON:tearDownClass): 204 DELETE http://10.180.1.21/compute/v2.1/servers/7a945479-074c-43d8-9cfb-f9191d545529 5.458s
2025-11-12 17:47:32.455 65678 WARNING tempest.lib.common.ssh [-] Failed to establish authenticated ssh connection to cirros@10.180.180.173 ([Errno None] Unable to connect to port 22 on 10.180.180.173). Number attempts: 3. Retry after 4 seconds.: paramiko.ssh_exception.NoValidConnectionsError: [Errno None] Unable to connect to port 22 on 10.180.180.173
2025-11-12 17:47:32.632 65724 INFO tempest.lib.common.rest_client [req-a2557349-ed85-4a75-b48e-cebcb81cfc44 req-a2557349-ed85-4a75-b48e-cebcb81cfc44 ] Request (InstanceActionsV221TestJSON:tearDownClass): 200 GET http://10.180.1.21/networking/v2.0/security-groups?tenant_id=dfc2d6e5a8db49168c5fecc250c705c8&name=default 0.478s
2025-11-12 17:47:32.637 65698 INFO tempest.lib.common.rest_client [req-5752899d-2744-4379-a4c7-77fba8f7119c req-5752899d-2744-4379-a4c7-77fba8f7119c ] Request (ServersAdmin275Test:tearDownClass): 200 GET http://10.180.1.21/compute/v2.1/servers/3a163c7e-edc3-47ff-b0f7-7e8675dc7c32 5.869s
2025-11-12 17:47:32.649 65714 INFO tempest.lib.common.rest_client [req-a1be5246-b795-4c8a-b512-59d0bc44fb80 req-a1be5246-b795-4c8a-b512-59d0bc44fb80 ] Request (ServersNegativeTestMultiTenantJSON:setUpClass): 200 GET http://10.180.1.21/compute/v2.1/servers/d3eb4bc8-e8a2-4758-9f7f-c2d11c8da1c7 5.768s
2025-11-12 17:47:32.650 65698 INFO tempest.common.waiters [-] State transition "ACTIVE/deleting" ==> "DELETED/None" after 7 second wait
2025-11-12 17:47:32.873 65724 INFO tempest.lib.common.rest_client [req-189805c8-9da2-4a83-ac08-debce856cdd6 req-189805c8-9da2-4a83-ac08-debce856cdd6 ] Request (InstanceActionsV221TestJSON:tearDownClass): 204 DELETE http://10.180.1.21/networking/v2.0/security-groups/f5feb9e5-8346-4a64-b710-b43b26c91f40 0.241s
2025-11-12 17:47:32.898 65734 INFO tempest.lib.common.rest_client [req-18e1d03a-827d-4e61-9551-10f83ccc5ce3 req-18e1d03a-827d-4e61-9551-10f83ccc5ce3 ] Request (DeleteServersAdminTestJSON:test_delete_server_while_in_error_state): 200 GET http://10.180.1.21/compute/v2.1/servers/3c7954d4-4760-4755-ace4-ce501cac261e 6.009s
2025-11-12 17:47:32.905 65734 INFO tempest.common.waiters [-] State transition "BUILD/scheduling" ==> "BUILD/None" after 11 second wait
2025-11-12 17:47:32.918 65682 INFO tempest.lib.common.rest_client [req-bd58186e-36e3-437d-a9f8-4a0e2a901e6e req-bd58186e-36e3-437d-a9f8-4a0e2a901e6e ] Request (FloatingIPsAssociationNegativeTestJSON:setUpClass): 200 GET http://10.180.1.21/compute/v2.1/servers/ce6b64b5-bfea-495b-9102-2b33e45992b8 5.968s
2025-11-12 17:47:32.956 65722 INFO tempest.lib.common.rest_client [req-19699092-432e-4ecc-a9a4-d940f3937670 req-19699092-432e-4ecc-a9a4-d940f3937670 ] Request (ImagesMetadataTestJSON:test_delete_image_metadata_item): 200 GET http://10.180.1.21/compute/v2.1/images/f41b5023-a031-427f-8642-23e1cf7054d0/metadata 5.750s
2025-11-12 17:47:32.994 65724 INFO tempest.lib.common.rest_client [req-da866052-9f79-4d9c-8b74-3470a30c956c req-da866052-9f79-4d9c-8b74-3470a30c956c ] Request (InstanceActionsV221TestJSON:tearDownClass): 204 DELETE http://10.180.1.21/identity/v3/projects/dfc2d6e5a8db49168c5fecc250c705c8 0.121s
2025-11-12 17:47:33.023 65680 INFO tempest.lib.common.rest_client [req-5ccfd7d2-d4a1-4018-86f3-7538bf105645 req-5ccfd7d2-d4a1-4018-86f3-7538bf105645 ] Request (ListServersNegativeTestJSON:setUpClass): 200 GET http://10.180.1.21/compute/v2.1/servers 5.803s
2025-11-12 17:47:33.061 65724 INFO tempest.lib.common.rest_client [req-8f6eeadf-9771-4617-bfcb-9e7881d41a01 req-8f6eeadf-9771-4617-bfcb-9e7881d41a01 ] Request (TestVersions:setUpClass): 201 POST http://10.180.1.21/identity/v3/auth/tokens 0.065s
2025-11-12 17:47:33.068 65692 INFO tempest.lib.common.rest_client [req-e418b188-d9d7-48f6-812f-d3892c587a83 req-e418b188-d9d7-48f6-812f-d3892c587a83 ] Request (QuotasTestJSON:test_get_quotas): 200 GET http://10.180.1.21/compute/v2.1/os-quota-sets/e1ecc300e9774a6d8284ca23a4788644?user_id=9884c9958da14155bc4a5fd38ac13162 6.044s
2025-11-12 17:47:33.101 65724 INFO tempest.lib.common.rest_client [req-705a4570-500d-42d4-b4e9-685e8db75ee6 req-705a4570-500d-42d4-b4e9-685e8db75ee6 ] Request (TestVersions:setUpClass): 201 POST http://10.180.1.21/identity/v3/auth/tokens 0.037s
2025-11-12 17:47:33.156 65704 INFO tempest.lib.common.rest_client [req-054701aa-f280-476e-88dc-6c62c8508619 req-054701aa-f280-476e-88dc-6c62c8508619 ] Request (VolumesAdminNegativeTest:tearDownClass): 200 GET http://10.180.1.21/compute/v2.1/servers/dbbfb668-7aea-484a-95ab-6f529bf4dbb9 5.894s
2025-11-12 17:47:33.175 65732 INFO tempest.lib.common.rest_client [req-66e39739-001e-4df9-9e7d-1eab1eef60c6 req-66e39739-001e-4df9-9e7d-1eab1eef60c6 ] Request (FlavorsAdminTestJSON:test_create_list_flavor_without_extra_data): 200 POST http://10.180.1.21/compute/v2.1/flavors 5.900s
2025-11-12 17:47:33.177 65692 INFO tempest.lib.common.rest_client [req-f781579c-5611-44ef-bc50-6ddb45d100fd req-f781579c-5611-44ef-bc50-6ddb45d100fd ] Request (QuotasTestJSON:tearDownClass): 204 DELETE http://10.180.1.21/identity/v3/users/9884c9958da14155bc4a5fd38ac13162 0.104s
2025-11-12 17:47:33.177 65692 INFO tempest.lib.common.dynamic_creds [-] Deleting project and security group for project: e1ecc300e9774a6d8284ca23a4788644
2025-11-12 17:47:33.195 65726 INFO tempest.lib.common.rest_client [req-274d16ff-286d-4229-9c77-b2dbc928217b req-274d16ff-286d-4229-9c77-b2dbc928217b ] Request (AggregatesAdminNegativeTestJSON:test_aggregate_create_with_existent_aggregate_name): 409 POST http://10.180.1.21/compute/v2.1/os-aggregates 5.879s
2025-11-12 17:47:33.259 65724 INFO tempest.lib.common.rest_client [req-4a5af86a-77fa-4d0d-a0cd-2da1afbd84b9 req-4a5af86a-77fa-4d0d-a0cd-2da1afbd84b9 ] Request (TestVersions:setUpClass): 200 GET http://10.180.1.21/identity/v3/domains?name=Default 0.158s
2025-11-12 17:47:33.290 65702 INFO tempest.lib.common.rest_client [req-d5a9e1ff-ac46-41b9-aaec-b60c62ae8a9b req-d5a9e1ff-ac46-41b9-aaec-b60c62ae8a9b ] Request (FlavorsAccessNegativeTestJSON:test_flavor_non_admin_remove): 200 POST http://10.180.1.21/compute/v2.1/flavors/1843773484/action 6.054s
2025-11-12 17:47:33.294 65692 INFO tempest.lib.common.rest_client [req-bbadec5c-7c92-49fd-8505-98deaa85f9bf req-bbadec5c-7c92-49fd-8505-98deaa85f9bf ] Request (QuotasTestJSON:tearDownClass): 201 POST http://10.180.1.21/identity/v3/auth/tokens 0.116s
2025-11-12 17:47:33.296 65724 INFO tempest.lib.common.rest_client [req-65b760ca-0048-4a4e-a112-c7820c38030c req-65b760ca-0048-4a4e-a112-c7820c38030c ] Request (TestVersions:setUpClass): 201 POST http://10.180.1.21/identity/v3/projects 0.036s
2025-11-12 17:47:33.363 65724 INFO tempest.lib.common.rest_client [req-3ebb0c32-a570-4158-8b60-3c9737f17bd6 req-3ebb0c32-a570-4158-8b60-3c9737f17bd6 ] Request (TestVersions:setUpClass): 201 POST http://10.180.1.21/identity/v3/users 0.066s
2025-11-12 17:47:33.386 65724 INFO tempest.lib.common.rest_client [req-a0738626-edd7-45e5-a775-c642ba57b160 req-a0738626-edd7-45e5-a775-c642ba57b160 ] Request (TestVersions:setUpClass): 200 GET http://10.180.1.21/identity/v3/roles 0.022s
2025-11-12 17:47:33.415 65724 INFO tempest.lib.common.rest_client [req-98a92b27-ee18-4616-8957-42f497668398 req-98a92b27-ee18-4616-8957-42f497668398 ] Request (TestVersions:setUpClass): 204 PUT http://10.180.1.21/identity/v3/projects/f887aa3fb27c431daaa0256a54738e37/users/a75740acd1984f2297fc7f1927d61ed0/roles/1ed318fb7c2245208ff5a7aafcef559d 0.028s
2025-11-12 17:47:33.415 65724 INFO tempest.lib.common.dynamic_creds [-] Dynamic test user a75740acd1984f2297fc7f1927d61ed0 is created with scope project and roles: ['member']
2025-11-12 17:47:33.415 65724 INFO tempest.lib.common.dynamic_creds [-] Acquired dynamic creds: credentials: Credentials: {'domain_id': 'default', 'domain_name': 'Default', 'username': 'tempest-TestVersions-2056126476-project-member', 'project_domain_id': 'default', 'project_domain_name': 'Default', 'project_id': 'f887aa3fb27c431daaa0256a54738e37', 'project_name': 'tempest-TestVersions-2056126476', 'tenant_id': 'f887aa3fb27c431daaa0256a54738e37', 'tenant_name': 'tempest-TestVersions-2056126476', 'user_domain_id': 'default', 'user_domain_name': 'Default', 'user_id': 'a75740acd1984f2297fc7f1927d61ed0', 'system': None}, Network: None, Subnet: None, Router: None
2025-11-12 17:47:33.415 65724 INFO tempest.lib.common.dynamic_creds [-] Created isolated network resources for: credentials: Credentials: {'domain_id': 'default', 'domain_name': 'Default', 'username': 'tempest-TestVersions-2056126476-project-member', 'project_domain_id': 'default', 'project_domain_name': 'Default', 'project_id': 'f887aa3fb27c431daaa0256a54738e37', 'project_name': 'tempest-TestVersions-2056126476', 'tenant_id': 'f887aa3fb27c431daaa0256a54738e37', 'tenant_name': 'tempest-TestVersions-2056126476', 'user_domain_id': 'default', 'user_domain_name': 'Default', 'user_id': 'a75740acd1984f2297fc7f1927d61ed0', 'system': None}, Network: None, Subnet: None, Router: None
