2025-11-12 17:48:50.047 65696 INFO tempest.lib.common.fixed_network [-] (ServerDiskConfigTestJSON:test_rebuild_server_with_manual_disk_config) Found network {'id': 'f067d315-37f1-40ac-9255-0b835bb8bc69', 'name': 'tempest-ServerDiskConfigTestJSON-925946088-network', 'tenant_id': '729f71181b06445fb2a770ce06096751', 'project_id': '729f71181b06445fb2a770ce06096751', 'admin_state_up': True, 'mtu': 8950, 'status': 'ACTIVE', 'subnets': [], 'shared': False, 'port_security_enabled': True, 'router:external': False, 'provider:network_type': 'vlan', 'provider:physical_network': 'default', 'provider:segmentation_id': 874, 'availability_zone_hints': [], 'availability_zones': [], 'ipv4_address_scope': None, 'ipv6_address_scope': None, 'description': '', 'tags': [], 'created_at': '2025-11-12T17:47:27Z', 'updated_at': '2025-11-12T17:47:27Z', 'revision_number': 1} available for tenant
2025-11-12 17:48:50.132 65708 INFO tempest.lib.common.rest_client [req-81193123-5990-44e8-a28b-69020d367af2 req-81193123-5990-44e8-a28b-69020d367af2 ] Request (SecurityGroupRulesTestJSON:test_security_group_rules_delete_when_peer_group_deleted): 200 POST http://10.180.1.21/compute/v2.1/os-security-group-rules 1.735s
2025-11-12 17:48:50.209 65680 INFO tempest.lib.common.rest_client [req-e61f8082-52f3-42e7-bf27-1b37d71ab511 req-e61f8082-52f3-42e7-bf27-1b37d71ab511 ] Request (ListServersNegativeTestJSON:setUpClass): 200 GET http://10.180.1.21/compute/v2.1/servers/5654aad2-c2f3-417c-929c-bd089e9590dc 1.604s
2025-11-12 17:48:50.232 65692 INFO tempest.lib.common.rest_client [req-6fb8114b-229d-4e31-acde-e256dba4d53f req-6fb8114b-229d-4e31-acde-e256dba4d53f ] Request (AttachVolumeShelveTestJSON:test_attach_volume_shelved_or_offload_server): 200 GET http://10.180.1.21/compute/v2.1/servers/f965a32a-a5c5-4897-af3a-b923fa89aa55 1.701s
2025-11-12 17:48:50.241 65692 INFO tempest.common.waiters [-] State transition "BUILD/spawning" ==> "ACTIVE/None" after 58 second wait
2025-11-12 17:48:50.353 65726 INFO tempest.lib.common.rest_client [req-9476d551-07b5-4620-aef6-5f363dc128b0 req-9476d551-07b5-4620-aef6-5f363dc128b0 ] Request (QuotasAdminTestJSON:test_get_updated_quotas): 200 PUT http://10.180.1.21/compute/v2.1/os-quota-sets/593050b4254a4d6d982ef02f9f430a9c 1.624s
2025-11-12 17:48:50.376 65734 INFO tempest.lib.common.rest_client [req-b0c0472e-af8f-4f10-a308-7fccbf960f4b req-b0c0472e-af8f-4f10-a308-7fccbf960f4b ] Request (DeleteServersAdminTestJSON:test_delete_server_while_in_error_state): 404 GET http://10.180.1.21/compute/v2.1/servers/3c7954d4-4760-4755-ace4-ce501cac261e 1.625s
2025-11-12 17:48:50.380 65730 INFO tempest.lib.common.rest_client [req-c6d41526-d106-4d75-91ec-20283cf086a1 req-c6d41526-d106-4d75-91ec-20283cf086a1 ] Request (ServersTestMultiNic:test_verify_duplicate_network_nics): 200 GET http://10.180.1.21/compute/v2.1/servers/f586ce58-79ab-4e8d-bfa9-e898f8fe9cc3 1.707s
2025-11-12 17:48:50.388 65730 INFO tempest.common.waiters [-] State transition "BUILD/None" ==> "BUILD/spawning" after 43 second wait
2025-11-12 17:48:50.457 65698 INFO tempest.lib.common.rest_client [req-d6928db2-43e3-4776-9038-657dcbc8fb1b req-d6928db2-43e3-4776-9038-657dcbc8fb1b ] Request (ServerActionsTestOtherB:setUpClass): 200 GET http://10.180.1.21/compute/v2.1/servers/f62e908f-697c-4b12-8612-3478955fc644 1.385s
2025-11-12 17:48:50.604 65688 INFO tempest.lib.common.rest_client [req-9d6eeb81-273e-4763-9a9a-6944bc43c201 req-9d6eeb81-273e-4763-9a9a-6944bc43c201 ] Request (SecurityGroupsTestJSON:test_server_security_groups): 200 GET http://10.180.1.21/compute/v2.1/servers/f4fe4ad8-8623-44e8-bc4b-58c0db882ac9 1.510s
2025-11-12 17:48:50.622 65732 INFO tempest.lib.common.rest_client [req-930d4d4d-c015-4be5-86b3-81ba592cfb23 req-930d4d4d-c015-4be5-86b3-81ba592cfb23 ] Request (FlavorsAdminTestJSON:_run_cleanups): 202 DELETE http://10.180.1.21/compute/v2.1/flavors/1810395962 1.477s
2025-11-12 17:48:50.647 65714 INFO tempest.lib.common.rest_client [req-c6f6bd17-8c73-45b3-b339-14aa95ffa967 req-c6f6bd17-8c73-45b3-b339-14aa95ffa967 ] Request (ServersNegativeTestMultiTenantJSON:tearDownClass): 404 GET http://10.180.1.21/compute/v2.1/servers/d3eb4bc8-e8a2-4758-9f7f-c2d11c8da1c7 1.489s
2025-11-12 17:48:50.690 65718 INFO tempest.lib.common.rest_client [req-d3f8be5c-a8ba-410d-82e3-5e99aa0a9d06 req-d3f8be5c-a8ba-410d-82e3-5e99aa0a9d06 ] Request (MigrationsAdminTest:test_list_migrations_in_flavor_resize_situation): 200 GET http://10.180.1.21/compute/v2.1/servers/82156316-baf3-4617-8d6b-494e03e7f676 1.689s
2025-11-12 17:48:51.017 65694 INFO tempest.lib.common.rest_client [req-d6adbbe6-5753-47b8-80b6-4355947764d7 req-d6adbbe6-5753-47b8-80b6-4355947764d7 ] Request (ServerRescueNegativeTestJSON:setUpClass): 200 GET http://10.180.1.21/compute/v2.1/servers/173e80b3-0dc7-4627-9265-1cef6d04abeb 1.799s
2025-11-12 17:48:51.025 65694 INFO tempest.common.waiters [-] State transition "BUILD/scheduling" ==> "BUILD/None" after 11 second wait
2025-11-12 17:48:51.057 65740 INFO tempest.lib.common.rest_client [req-677261e3-d657-4df8-8090-943f14e298fa req-677261e3-d657-4df8-8090-943f14e298fa ] Request (FloatingIPsAssociationTestJSON:tearDownClass): 200 GET http://10.180.1.21/compute/v2.1/servers/e86d9ab4-dbfa-466c-a666-1c53a28dea69 1.784s
2025-11-12 17:48:51.203 65678 INFO tempest.lib.common.rest_client [req-644748ee-8fac-4566-b4e2-2238e959978c req-644748ee-8fac-4566-b4e2-2238e959978c ] Request (VolumesAssistedSnapshotsTest:tearDownClass): 200 GET http://10.180.1.21/compute/v2.1/servers/a45fc14f-8143-47a4-a53e-dc7fbdc231a5 1.922s
2025-11-12 17:48:51.244 65728 INFO tempest.lib.common.rest_client [req-75edb01a-79a5-48df-9fe0-407d50f86ba1 req-75edb01a-79a5-48df-9fe0-407d50f86ba1 ] Request (ImagesOneServerTestJSON:tearDownClass): 200 GET http://10.180.1.21/compute/v2.1/servers/bdeed231-9cf8-40a1-8034-7a066a1e5163 1.820s
2025-11-12 17:48:51.248 65716 INFO tempest.lib.common.rest_client [req-e2016f9b-860b-4f6b-b94e-a122b824587b req-e2016f9b-860b-4f6b-b94e-a122b824587b ] Request (ListImageFiltersTestJSON:setUpClass): 200 GET http://10.180.1.21/compute/v2.1/images/4f5c7ded-8d60-4910-bc67-ada4fae27132 1.813s
2025-11-12 17:48:51.478 65714 INFO tempest.lib.common.rest_client [req-a5c3beb2-d072-426e-8814-12b4f944265f req-a5c3beb2-d072-426e-8814-12b4f944265f ] Request (ServersNegativeTestMultiTenantJSON:tearDownClass): 200 PUT http://10.180.1.21/networking/v2.0/routers/854ce622-83ad-4246-9ca5-bc14925adf0a/remove_router_interface 0.831s
2025-11-12 17:48:51.546 65710 INFO tempest.lib.common.rest_client [req-a7529d40-012b-4fd5-a7ca-e905ffc14fb8 req-a7529d40-012b-4fd5-a7ca-e905ffc14fb8 ] Request (ServersAdminTestJSON:test_inject_network_info): 200 GET http://10.180.1.21/compute/v2.1/servers/6c37edc6-f9b9-4363-b090-46b1e2db523c 2.089s
2025-11-12 17:48:51.570 65700 INFO tempest.lib.common.rest_client [req-46d1ec34-222b-49e9-abe6-7a503076fe59 req-46d1ec34-222b-49e9-abe6-7a503076fe59 ] Request (ServersWithSpecificFlavorTestJSON:test_verify_created_server_ephemeral_disk): 200 GET http://10.180.1.21/compute/v2.1/servers/aafa1227-3f75-478e-a192-1b2c2e6139b5 2.016s
2025-11-12 17:48:52.111 65714 INFO tempest.lib.common.rest_client [req-50b9bf33-b682-40d2-8e20-44b9ca92f626 req-50b9bf33-b682-40d2-8e20-44b9ca92f626 ] Request (ServersNegativeTestMultiTenantJSON:tearDownClass): 204 DELETE http://10.180.1.21/networking/v2.0/routers/854ce622-83ad-4246-9ca5-bc14925adf0a 0.632s
2025-11-12 17:48:52.177 65706 INFO tempest.lib.common.rest_client [req-33ff9a27-3dff-4029-8665-1b3d2d48f5dd req-33ff9a27-3dff-4029-8665-1b3d2d48f5dd ] Request (ServersTestBootFromVolume:setUpClass): 200 GET http://10.180.1.21/compute/v2.1/servers/e55af9b9-a039-4b50-a10f-a334e3175d4a 2.373s
2025-11-12 17:48:52.214 65712 WARNING tempest.lib.common.ssh [-] Failed to establish authenticated ssh connection to cirros@10.180.180.216 ([Errno None] Unable to connect to port 22 on 10.180.180.216). Number attempts: 1. Retry after 2 seconds.: paramiko.ssh_exception.NoValidConnectionsError: [Errno None] Unable to connect to port 22 on 10.180.180.216
2025-11-12 17:48:52.596 65686 WARNING tempest.lib.common.ssh [-] Failed to establish authenticated ssh connection to cirros@10.180.180.177 ([Errno None] Unable to connect to port 22 on 10.180.180.177). Number attempts: 10. Retry after 11 seconds.: paramiko.ssh_exception.NoValidConnectionsError: [Errno None] Unable to connect to port 22 on 10.180.180.177
2025-11-12 17:48:53.826 65704 INFO tempest.lib.common.rest_client [req-0492aedc-e033-4ed6-9034-a6187308162a req-0492aedc-e033-4ed6-9034-a6187308162a ] Request (InstanceActionsTestJSON:setUpClass): 200 GET http://10.180.1.21/compute/v2.1/servers/dd92f150-141c-4c33-a44c-1feea1033ded 4.051s
2025-11-12 17:48:53.928 65714 INFO tempest.lib.common.rest_client [req-4e50ef63-6bb5-4492-a12d-58019004287a req-4e50ef63-6bb5-4492-a12d-58019004287a ] Request (ServersNegativeTestMultiTenantJSON:tearDownClass): 204 DELETE http://10.180.1.21/networking/v2.0/subnets/bbd0dc28-33ef-43e2-a088-4e15961e0a42 1.817s
2025-11-12 17:48:53.978 65720 INFO tempest.lib.common.rest_client [req-621ca1d1-4309-4204-848f-6ce6f9bbae0d req-621ca1d1-4309-4204-848f-6ce6f9bbae0d ] Request (ServersAdminNegativeTestJSON:test_migrate_server_invalid_state): 200 GET http://10.180.1.21/compute/v2.1/servers/112645d8-467a-4e11-bd27-08be3bc1be4d 4.117s
2025-11-12 17:48:53.995 65690 INFO tempest.lib.common.rest_client [req-5fe2f4cc-2b5a-4b87-97d5-d420da269deb req-5fe2f4cc-2b5a-4b87-97d5-d420da269deb ] Request (ServerShowV247Test:test_update_rebuild_list_server): 200 GET http://10.180.1.21/compute/v2.1/servers/6279af57-8cbd-4ff8-adaf-4df2ab467583 4.067s
2025-11-12 17:48:54.169 65684 INFO tempest.lib.common.rest_client [req-01a03c3b-bbff-4f8e-9822-0cd4a82fd3d8 req-01a03c3b-bbff-4f8e-9822-0cd4a82fd3d8 ] Request (ServersTestManualDisk:setUpClass): 200 GET http://10.180.1.21/compute/v2.1/servers/3738b1bf-17d8-4741-b9c6-1630668ac1f6 4.185s
2025-11-12 17:48:54.262 65714 INFO tempest.lib.common.rest_client [req-0c4c0778-31d7-4574-a33b-7942c6b76d44 req-0c4c0778-31d7-4574-a33b-7942c6b76d44 ] Request (ServersNegativeTestMultiTenantJSON:tearDownClass): 204 DELETE http://10.180.1.21/networking/v2.0/networks/84e1bde2-7baf-40c6-99d1-d87399f8e99b 0.333s
2025-11-12 17:48:54.287 65738 INFO tempest.lib.common.rest_client [req-db00fa2c-e06b-45be-980f-168420c5391a req-db00fa2c-e06b-45be-980f-168420c5391a ] Request (ServerDiagnosticsV248Test:tearDownClass): 200 GET http://10.180.1.21/compute/v2.1/servers/e326592b-2094-4e72-8ac3-2ac4055eedab 4.262s
2025-11-12 17:48:55.061 65714 INFO tempest.lib.common.rest_client [req-aa2b64da-1d2e-4d00-844d-4c3665eba2d8 req-aa2b64da-1d2e-4d00-844d-4c3665eba2d8 ] Request (ServersNegativeTestMultiTenantJSON:tearDownClass): 200 PUT http://10.180.1.21/networking/v2.0/routers/61fbc57e-8d86-4053-8026-4120a47be006/remove_router_interface 0.798s
2025-11-12 17:48:55.284 65712 WARNING tempest.lib.common.ssh [-] Failed to establish authenticated ssh connection to cirros@10.180.180.216 ([Errno None] Unable to connect to port 22 on 10.180.180.216). Number attempts: 2. Retry after 3 seconds.: paramiko.ssh_exception.NoValidConnectionsError: [Errno None] Unable to connect to port 22 on 10.180.180.216
2025-11-12 17:48:55.304 65702 INFO tempest.lib.common.rest_client [req-1af1f95c-da17-48c1-b04b-66e6291e7170 req-1af1f95c-da17-48c1-b04b-66e6291e7170 ] Request (FloatingIPDetailsTestJSON:tearDownClass): 202 DELETE http://10.180.1.21/compute/v2.1/os-floating-ips/13170d6a-bf68-45c8-a5b7-9e2d2074519f 5.353s
2025-11-12 17:48:55.743 65714 INFO tempest.lib.common.rest_client [req-67f427c6-4317-47ce-85a0-48322f06a60b req-67f427c6-4317-47ce-85a0-48322f06a60b ] Request (ServersNegativeTestMultiTenantJSON:tearDownClass): 204 DELETE http://10.180.1.21/networking/v2.0/routers/61fbc57e-8d86-4053-8026-4120a47be006 0.682s
2025-11-12 17:48:56.131 65714 INFO tempest.lib.common.rest_client [req-86972979-e65b-4e56-b245-f258343bcd67 req-86972979-e65b-4e56-b245-f258343bcd67 ] Request (ServersNegativeTestMultiTenantJSON:tearDownClass): 204 DELETE http://10.180.1.21/networking/v2.0/subnets/4d148066-ac45-4c90-8acb-b8e6113a17a7 0.387s
2025-11-12 17:48:56.235 65708 INFO tempest.lib.common.rest_client [req-df02d1b9-b093-4b34-9b0c-347e0fbf1c3f req-df02d1b9-b093-4b34-9b0c-347e0fbf1c3f ] Request (SecurityGroupRulesTestJSON:test_security_group_rules_delete_when_peer_group_deleted): 202 DELETE http://10.180.1.21/compute/v2.1/os-security-groups/918749db-3db5-4081-b3f9-0be43996e801 6.100s
2025-11-12 17:48:56.538 65702 INFO tempest.lib.common.rest_client [req-351f8ff0-cf7c-4faf-bdc9-d8e10cff9fd1 req-351f8ff0-cf7c-4faf-bdc9-d8e10cff9fd1 ] Request (FloatingIPDetailsTestJSON:tearDownClass): 200 PUT http://10.180.1.21/networking/v2.0/routers/781567ac-7aba-4e07-aba5-c5af01e0d74f/remove_router_interface 1.233s
2025-11-12 17:48:56.592 65714 INFO tempest.lib.common.rest_client [req-67e897e3-3905-4fc7-be66-99594eb06fca req-67e897e3-3905-4fc7-be66-99594eb06fca ] Request (ServersNegativeTestMultiTenantJSON:tearDownClass): 204 DELETE http://10.180.1.21/networking/v2.0/networks/b4017126-8a14-4dc1-9981-be32ca5e1927 0.460s
2025-11-12 17:48:56.617 65682 INFO tempest.lib.common.rest_client [req-2afdbfa2-ac56-4e01-bf83-fb5159fc128d req-2afdbfa2-ac56-4e01-bf83-fb5159fc128d ] Request (FloatingIPsAssociationNegativeTestJSON:tearDownClass): 200 GET http://10.180.1.21/compute/v2.1/servers/ce6b64b5-bfea-495b-9102-2b33e45992b8 6.413s
2025-11-12 17:48:56.625 65682 INFO tempest.common.waiters [-] State transition "ACTIVE/deleting" ==> "DELETED/None" after 10 second wait
2025-11-12 17:48:56.793 65714 INFO tempest.lib.common.rest_client [req-6c5bec11-ea8f-4689-95cd-b226017974c9 req-6c5bec11-ea8f-4689-95cd-b226017974c9 ] Request (ServersNegativeTestMultiTenantJSON:tearDownClass): 204 DELETE http://10.180.1.21/identity/v3/users/84ffe163f5de4475912feb7928e3e726 0.201s
2025-11-12 17:48:56.929 65696 INFO tempest.lib.common.rest_client [req-245d3d6a-e51b-4dbd-9b8b-8793ed4b45f1 req-245d3d6a-e51b-4dbd-9b8b-8793ed4b45f1 ] Request (ServerDiskConfigTestJSON:test_rebuild_server_with_manual_disk_config): 202 POST http://10.180.1.21/compute/v2.1/servers 6.882s
2025-11-12 17:48:56.937 65692 INFO tempest.lib.common.rest_client [req-a59f9063-b261-4cee-af41-a169eb020a55 req-a59f9063-b261-4cee-af41-a169eb020a55 ] Request (AttachVolumeShelveTestJSON:test_attach_volume_shelved_or_offload_server): 200 GET http://10.180.1.21/compute/v2.1/servers/f965a32a-a5c5-4897-af3a-b923fa89aa55/os-interface 6.695s
2025-11-12 17:48:57.014 65714 INFO tempest.lib.common.rest_client [req-21b68a93-9c6b-4545-aee5-72d80837dacd req-21b68a93-9c6b-4545-aee5-72d80837dacd ] Request (ServersNegativeTestMultiTenantJSON:tearDownClass): 204 DELETE http://10.180.1.21/identity/v3/users/152e685981ee4ab1940be8f2dce64631 0.220s
2025-11-12 17:48:57.014 65714 INFO tempest.lib.common.dynamic_creds [-] Deleting project and security group for project: 6e7277c70dc84069ad42eefa22895543
2025-11-12 17:48:57.179 65702 INFO tempest.lib.common.rest_client [req-97b994a4-48b8-4a33-b7cc-35b9e1e72815 req-97b994a4-48b8-4a33-b7cc-35b9e1e72815 ] Request (FloatingIPDetailsTestJSON:tearDownClass): 204 DELETE http://10.180.1.21/networking/v2.0/routers/781567ac-7aba-4e07-aba5-c5af01e0d74f 0.639s
2025-11-12 17:48:57.186 65726 INFO tempest.lib.common.rest_client [req-570babb1-1d8a-4904-9772-7bd8d3a5af83 req-570babb1-1d8a-4904-9772-7bd8d3a5af83 ] Request (QuotasAdminTestJSON:test_get_updated_quotas): 200 GET http://10.180.1.21/compute/v2.1/os-quota-sets/593050b4254a4d6d982ef02f9f430a9c/detail 6.831s
2025-11-12 17:48:57.216 65734 INFO tempest.lib.common.rest_client [req-16bae6fc-dda5-4406-ab33-4a939a105663 req-16bae6fc-dda5-4406-ab33-4a939a105663 ] Request (DeleteServersAdminTestJSON:tearDownClass): 404 DELETE http://10.180.1.21/compute/v2.1/servers/3c7954d4-4760-4755-ace4-ce501cac261e 6.838s
2025-11-12 17:48:57.222 65722 INFO tempest.lib.common.rest_client [req-f96b2b60-0857-45c9-a77f-b90490cfbaa0 req-f96b2b60-0857-45c9-a77f-b90490cfbaa0 ] Request (DeleteServersTestJSON:test_delete_active_server): 200 GET http://10.180.1.21/compute/v2.1/servers/a652bc10-cffa-49b7-9a23-1660827b7d11 6.967s
2025-11-12 17:48:57.238 65726 INFO tempest.lib.common.rest_client [req-df7ab456-35ff-42a4-8ff9-d4441b8c5ec6 req-df7ab456-35ff-42a4-8ff9-d4441b8c5ec6 ] Request (QuotasAdminTestJSON:test_get_updated_quotas): 200 GET http://10.180.1.21/identity/v3/domains?name=Default 0.042s
2025-11-12 17:48:57.253 65732 INFO tempest.lib.common.rest_client [req-c752a86e-463a-4d51-992c-7fd95bdc8e47 req-c752a86e-463a-4d51-992c-7fd95bdc8e47 ] Request (FlavorsAdminTestJSON:_run_cleanups): 200 GET http://10.180.1.21/compute/v2.1/flavors/detail 6.630s
2025-11-12 17:48:57.287 65726 INFO tempest.lib.common.rest_client [req-cc909459-1e03-4a42-83b2-8a61480d315a req-cc909459-1e03-4a42-83b2-8a61480d315a ] Request (QuotasAdminTestJSON:test_get_updated_quotas): 201 POST http://10.180.1.21/identity/v3/users 0.048s
2025-11-12 17:48:57.314 65726 INFO tempest.lib.common.rest_client [req-7d13395d-4867-4bb9-8a6f-71ca6010bd1d req-7d13395d-4867-4bb9-8a6f-71ca6010bd1d ] Request (QuotasAdminTestJSON:test_get_updated_quotas): 200 GET http://10.180.1.21/identity/v3/domains?name=Default 0.027s
2025-11-12 17:48:57.614 65714 INFO tempest.lib.common.rest_client [req-8f831776-bbe9-4820-973c-ad47c2aeb4c0 req-8f831776-bbe9-4820-973c-ad47c2aeb4c0 ] Request (ServersNegativeTestMultiTenantJSON:tearDownClass): 200 GET http://10.180.1.21/networking/v2.0/security-groups?tenant_id=6e7277c70dc84069ad42eefa22895543&name=default 0.600s
2025-11-12 17:48:57.761 65702 INFO tempest.lib.common.rest_client [req-531a30a4-93c2-4f44-84b4-9812e62eadb5 req-531a30a4-93c2-4f44-84b4-9812e62eadb5 ] Request (FloatingIPDetailsTestJSON:tearDownClass): 204 DELETE http://10.180.1.21/networking/v2.0/subnets/492fa2d9-1670-4751-b4cc-b36cd547909b 0.582s
2025-11-12 17:48:57.799 65736 INFO tempest.lib.common.rest_client [req-aa922ca0-3768-49e9-9760-a498126914f5 req-aa922ca0-3768-49e9-9760-a498126914f5 ] Request (MultipleCreateTestJSON:test_multiple_create_with_reservation_return): 200 GET http://10.180.1.21/compute/v2.1/servers/a0cf6d71-11f7-40ca-a7c7-b16e95d7d68a 6.762s
2025-11-12 17:48:57.806 65680 INFO tempest.lib.common.rest_client [req-006926b2-9248-4f96-8152-cd03d200133f req-006926b2-9248-4f96-8152-cd03d200133f ] Request (ListServersNegativeTestJSON:setUpClass): 200 GET http://10.180.1.21/compute/v2.1/servers/5654aad2-c2f3-417c-929c-bd089e9590dc 6.587s
2025-11-12 17:48:57.808 65692 INFO tempest.lib.common.rest_client [req-2fe93fb8-b55d-4a6f-ae17-1ceeb07e7e38 req-2fe93fb8-b55d-4a6f-ae17-1ceeb07e7e38 ] Request (AttachVolumeShelveTestJSON:test_attach_volume_shelved_or_offload_server): 200 PUT http://10.180.1.21/networking/v2.0/floatingips/f3433f15-e93d-45e1-8842-6daf133fb739 0.868s
2025-11-12 17:48:57.810 65692 INFO tempest.lib.common.ssh [-] Creating ssh connection to '10.180.180.199:22' as 'cirros' with public key authentication
2025-11-12 17:48:57.987 65714 INFO tempest.lib.common.rest_client [req-12af9c91-7028-4281-bf7f-cf16354dd527 req-12af9c91-7028-4281-bf7f-cf16354dd527 ] Request (ServersNegativeTestMultiTenantJSON:tearDownClass): 204 DELETE http://10.180.1.21/networking/v2.0/security-groups/71b5d0a4-53a3-46cb-80aa-5e6ccbe7ff93 0.372s
2025-11-12 17:48:58.151 65714 INFO tempest.lib.common.rest_client [req-2d6a899d-9f0e-4b03-8db6-58cbc13dd063 req-2d6a899d-9f0e-4b03-8db6-58cbc13dd063 ] Request (ServersNegativeTestMultiTenantJSON:tearDownClass): 204 DELETE http://10.180.1.21/identity/v3/projects/6e7277c70dc84069ad42eefa22895543 0.164s
2025-11-12 17:48:58.151 65714 INFO tempest.lib.common.dynamic_creds [-] Deleting project and security group for project: 134583df5dd0481985a28f276b467f11
2025-11-12 17:48:58.207 65702 INFO tempest.lib.common.rest_client [req-aa9aa238-708e-4489-9448-6f6b2a13a8a4 req-aa9aa238-708e-4489-9448-6f6b2a13a8a4 ] Request (FloatingIPDetailsTestJSON:tearDownClass): 204 DELETE http://10.180.1.21/networking/v2.0/networks/cb7f925a-9d66-40a1-ad77-66356ca593a0 0.445s
2025-11-12 17:48:58.325 65702 INFO tempest.lib.common.rest_client [req-48b3ca3f-d27a-4710-ad61-c1ace89b2587 req-48b3ca3f-d27a-4710-ad61-c1ace89b2587 ] Request (FloatingIPDetailsTestJSON:tearDownClass): 204 DELETE http://10.180.1.21/identity/v3/users/95d39951a49a4fc2bd51a466535b1cd0 0.117s
2025-11-12 17:48:58.325 65702 INFO tempest.lib.common.dynamic_creds [-] Deleting project and security group for project: 16b742987553442199bc6fc019ac6448
2025-11-12 17:48:58.438 65714 INFO tempest.lib.common.rest_client [req-c388ca7b-e79c-426a-8ddb-b2cbbb779771 req-c388ca7b-e79c-426a-8ddb-b2cbbb779771 ] Request (ServersNegativeTestMultiTenantJSON:tearDownClass): 200 GET http://10.180.1.21/networking/v2.0/security-groups?tenant_id=134583df5dd0481985a28f276b467f11&name=default 0.286s
2025-11-12 17:48:58.476 65730 INFO tempest.lib.common.rest_client [req-2668125f-4523-47f5-8e83-b27caaf67d7d req-2668125f-4523-47f5-8e83-b27caaf67d7d ] Request (ServersTestMultiNic:test_verify_duplicate_network_nics): 200 GET http://10.180.1.21/compute/v2.1/servers/f586ce58-79ab-4e8d-bfa9-e898f8fe9cc3 7.087s
2025-11-12 17:48:58.484 65702 INFO tempest.lib.common.rest_client [req-9adfe64d-67af-47cb-b4dd-5b2504f46949 req-9adfe64d-67af-47cb-b4dd-5b2504f46949 ] Request (FloatingIPDetailsTestJSON:tearDownClass): 200 GET http://10.180.1.21/networking/v2.0/security-groups?tenant_id=16b742987553442199bc6fc019ac6448&name=default 0.159s
2025-11-12 17:48:58.531 65698 INFO tempest.lib.common.rest_client [req-a1ec744b-6ce2-40fa-9087-25e11de72a73 req-a1ec744b-6ce2-40fa-9087-25e11de72a73 ] Request (ServerActionsTestOtherB:setUpClass): 200 GET http://10.180.1.21/compute/v2.1/servers/f62e908f-697c-4b12-8612-3478955fc644 7.064s
2025-11-12 17:48:58.541 65698 INFO tempest.common.waiters [-] State transition "BUILD/None" ==> "BUILD/spawning" after 47 second wait
2025-11-12 17:48:58.674 65714 INFO tempest.lib.common.rest_client [req-dd0b2e7d-8bff-463c-b838-cd2288719f40 req-dd0b2e7d-8bff-463c-b838-cd2288719f40 ] Request (ServersNegativeTestMultiTenantJSON:tearDownClass): 204 DELETE http://10.180.1.21/networking/v2.0/security-groups/788a37b5-39fa-4ba5-8455-be31830815ba 0.235s
2025-11-12 17:48:58.771 65702 INFO tempest.lib.common.rest_client [req-498fd0eb-d127-434f-9030-d898613ffeb1 req-498fd0eb-d127-434f-9030-d898613ffeb1 ] Request (FloatingIPDetailsTestJSON:tearDownClass): 204 DELETE http://10.180.1.21/networking/v2.0/security-groups/edea4967-abb9-461d-86a9-c30ac1848e57 0.286s
2025-11-12 17:48:58.798 65688 INFO tempest.lib.common.rest_client [req-4b3635c5-a2d2-4f3e-9ef9-5a5d5f371b35 req-4b3635c5-a2d2-4f3e-9ef9-5a5d5f371b35 ] Request (SecurityGroupsTestJSON:test_server_security_groups): 200 GET http://10.180.1.21/compute/v2.1/servers/f4fe4ad8-8623-44e8-bc4b-58c0db882ac9 7.182s
2025-11-12 17:48:58.803 65714 INFO tempest.lib.common.rest_client [req-a342a0e3-9f6c-47ee-8949-e4baaf43abfd req-a342a0e3-9f6c-47ee-8949-e4baaf43abfd ] Request (ServersNegativeTestMultiTenantJSON:tearDownClass): 204 DELETE http://10.180.1.21/identity/v3/projects/134583df5dd0481985a28f276b467f11 0.129s
2025-11-12 17:48:58.901 65702 INFO tempest.lib.common.rest_client [req-265eca27-4589-4e4b-b46b-03ce066a9a5a req-265eca27-4589-4e4b-b46b-03ce066a9a5a ] Request (FloatingIPDetailsTestJSON:tearDownClass): 204 DELETE http://10.180.1.21/identity/v3/projects/16b742987553442199bc6fc019ac6448 0.129s
2025-11-12 17:48:58.975 65718 INFO tempest.lib.common.rest_client [req-ca207e89-e12b-4408-8abc-432482859382 req-ca207e89-e12b-4408-8abc-432482859382 ] Request (MigrationsAdminTest:test_list_migrations_in_flavor_resize_situation): 200 GET http://10.180.1.21/compute/v2.1/servers/82156316-baf3-4617-8d6b-494e03e7f676 7.275s
2025-11-12 17:48:58.983 65702 INFO tempest.lib.common.rest_client [req-cf6510fb-946d-4215-b913-ca9431afa380 req-cf6510fb-946d-4215-b913-ca9431afa380 ] Request (ImagesNegativeTestJSON:setUpClass): 201 POST http://10.180.1.21/identity/v3/auth/tokens 0.080s
2025-11-12 17:48:58.996 65694 INFO tempest.lib.common.rest_client [req-dbb36bf9-564b-4def-8c77-035bbdf1da64 req-dbb36bf9-564b-4def-8c77-035bbdf1da64 ] Request (ServerRescueNegativeTestJSON:setUpClass): 200 GET http://10.180.1.21/compute/v2.1/servers/173e80b3-0dc7-4627-9265-1cef6d04abeb 6.970s
2025-11-12 17:48:59.020 65702 INFO tempest.lib.common.rest_client [req-d6839761-f8cf-479f-85de-84f8938ffc71 req-d6839761-f8cf-479f-85de-84f8938ffc71 ] Request (ImagesNegativeTestJSON:setUpClass): 201 POST http://10.180.1.21/identity/v3/auth/tokens 0.033s
2025-11-12 17:48:59.044 65702 INFO tempest.lib.common.rest_client [req-9abf7f8a-e6ca-4120-9266-bb80574127f6 req-9abf7f8a-e6ca-4120-9266-bb80574127f6 ] Request (ImagesNegativeTestJSON:setUpClass): 200 GET http://10.180.1.21/identity/v3/domains?name=Default 0.023s
2025-11-12 17:48:59.049 65740 INFO tempest.lib.common.rest_client [req-fa982b67-a080-49d6-80d0-dfbd8bf61453 req-fa982b67-a080-49d6-80d0-dfbd8bf61453 ] Request (FloatingIPsAssociationTestJSON:tearDownClass): 200 GET http://10.180.1.21/compute/v2.1/servers/e86d9ab4-dbfa-466c-a666-1c53a28dea69 6.979s
2025-11-12 17:48:59.074 65702 INFO tempest.lib.common.rest_client [req-dcf9a688-505f-446d-91f0-539894d34433 req-dcf9a688-505f-446d-91f0-539894d34433 ] Request (ImagesNegativeTestJSON:setUpClass): 201 POST http://10.180.1.21/identity/v3/projects 0.030s
2025-11-12 17:48:59.088 65716 INFO tempest.lib.common.rest_client [req-d79d53a6-e130-477d-bf71-e322af5583df req-d79d53a6-e130-477d-bf71-e322af5583df ] Request (ListImageFiltersTestJSON:setUpClass): 200 GET http://10.180.1.21/compute/v2.1/images/4f5c7ded-8d60-4910-bc67-ada4fae27132 6.833s
2025-11-12 17:48:59.105 65678 INFO tempest.lib.common.rest_client [req-342cdb6f-299a-4594-a5ef-765d7062f687 req-342cdb6f-299a-4594-a5ef-765d7062f687 ] Request (VolumesAssistedSnapshotsTest:tearDownClass): 200 GET http://10.180.1.21/compute/v2.1/servers/a45fc14f-8143-47a4-a53e-dc7fbdc231a5 6.893s
2025-11-12 17:48:59.154 65702 INFO tempest.lib.common.rest_client [req-0005f837-5476-49bc-a849-d7ab3d907f11 req-0005f837-5476-49bc-a849-d7ab3d907f11 ] Request (ImagesNegativeTestJSON:setUpClass): 201 POST http://10.180.1.21/identity/v3/users 0.079s
2025-11-12 17:48:59.163 65710 INFO tempest.lib.common.rest_client [req-d4687209-d7bc-4343-9594-8adc9fe2a197 req-d4687209-d7bc-4343-9594-8adc9fe2a197 ] Request (ServersAdminTestJSON:test_inject_network_info): 200 GET http://10.180.1.21/compute/v2.1/servers/6c37edc6-f9b9-4363-b090-46b1e2db523c 6.604s
2025-11-12 17:48:59.171 65710 INFO tempest.common.waiters [-] State transition "BUILD/scheduling" ==> "BUILD/None" after 19 second wait
2025-11-12 17:48:59.175 65702 INFO tempest.lib.common.rest_client [req-cd66b8cf-4069-42a3-bd34-695a4680a741 req-cd66b8cf-4069-42a3-bd34-695a4680a741 ] Request (ImagesNegativeTestJSON:setUpClass): 200 GET http://10.180.1.21/identity/v3/roles 0.021s
2025-11-12 17:48:59.178 65728 INFO tempest.lib.common.rest_client [req-8452746c-5b5f-41e1-b9a2-d3b9e8679d77 req-8452746c-5b5f-41e1-b9a2-d3b9e8679d77 ] Request (ImagesOneServerTestJSON:tearDownClass): 200 GET http://10.180.1.21/compute/v2.1/servers/bdeed231-9cf8-40a1-8034-7a066a1e5163 6.920s
2025-11-12 17:48:59.210 65702 INFO tempest.lib.common.rest_client [req-f18568ea-6b8d-4fce-94b3-bbe49e830749 req-f18568ea-6b8d-4fce-94b3-bbe49e830749 ] Request (ImagesNegativeTestJSON:setUpClass): 204 PUT http://10.180.1.21/identity/v3/projects/22110dda8a744cf380ee79bd76d14229/users/9a89defc7e924824ab71c221f1d49c21/roles/1ed318fb7c2245208ff5a7aafcef559d 0.035s
2025-11-12 17:48:59.210 65702 INFO tempest.lib.common.dynamic_creds [-] Dynamic test user 9a89defc7e924824ab71c221f1d49c21 is created with scope project and roles: ['member']
2025-11-12 17:48:59.211 65702 INFO tempest.lib.common.dynamic_creds [-] Acquired dynamic creds: credentials: Credentials: {'domain_id': 'default', 'domain_name': 'Default', 'username': 'tempest-ImagesNegativeTestJSON-1053908336-project-member', 'project_domain_id': 'default', 'project_domain_name': 'Default', 'project_id': '22110dda8a744cf380ee79bd76d14229', 'project_name': 'tempest-ImagesNegativeTestJSON-1053908336', 'tenant_id': '22110dda8a744cf380ee79bd76d14229', 'tenant_name': 'tempest-ImagesNegativeTestJSON-1053908336', 'user_domain_id': 'default', 'user_domain_name': 'Default', 'user_id': '9a89defc7e924824ab71c221f1d49c21', 'system': None}, Network: None, Subnet: None, Router: None
2025-11-12 17:48:59.229 65700 INFO tempest.lib.common.rest_client [req-5c0e3ae6-49ff-4075-9af0-e6ed4a221b16 req-5c0e3ae6-49ff-4075-9af0-e6ed4a221b16 ] Request (ServersWithSpecificFlavorTestJSON:test_verify_created_server_ephemeral_disk): 200 GET http://10.180.1.21/compute/v2.1/servers/aafa1227-3f75-478e-a192-1b2c2e6139b5 6.638s
2025-11-12 17:48:59.238 65700 INFO tempest.common.waiters [-] State transition "BUILD/scheduling" ==> "BUILD/None" after 16 second wait
2025-11-12 17:48:59.242 65706 INFO tempest.lib.common.rest_client [req-d9805b7c-452b-41e0-865d-392cd8af0e5d req-d9805b7c-452b-41e0-865d-392cd8af0e5d ] Request (ServersTestBootFromVolume:setUpClass): 200 GET http://10.180.1.21/compute/v2.1/servers/e55af9b9-a039-4b50-a10f-a334e3175d4a 6.055s
2025-11-12 17:48:59.283 65702 INFO tempest.lib.common.rest_client [req-a323051f-7bc3-4209-a8f2-80017e3533bb req-a323051f-7bc3-4209-a8f2-80017e3533bb ] Request (ImagesNegativeTestJSON:setUpClass): 201 POST http://10.180.1.21/identity/v3/auth/tokens 0.072s
2025-11-12 17:48:59.592 65702 INFO tempest.lib.common.rest_client [req-77cced1b-f558-4494-893a-64819e1201fd req-77cced1b-f558-4494-893a-64819e1201fd ] Request (ImagesNegativeTestJSON:setUpClass): 201 POST http://10.180.1.21/networking/v2.0/networks 0.307s
2025-11-12 17:48:59.661 65704 INFO tempest.lib.common.rest_client [req-404edb7e-b993-48c2-8959-d3e28dbbc006 req-404edb7e-b993-48c2-8959-d3e28dbbc006 ] Request (InstanceActionsTestJSON:setUpClass): 200 GET http://10.180.1.21/compute/v2.1/servers/dd92f150-141c-4c33-a44c-1feea1033ded 4.827s
2025-11-12 17:48:59.668 65704 INFO tempest.common.waiters [-] State transition "BUILD/spawning" ==> "ACTIVE/None" after 59 second wait
2025-11-12 17:48:59.686 65720 INFO tempest.lib.common.rest_client [req-e18a7e50-1ab0-493c-915c-839c60867ef0 req-e18a7e50-1ab0-493c-915c-839c60867ef0 ] Request (ServersAdminNegativeTestJSON:test_migrate_server_invalid_state): 200 GET http://10.180.1.21/compute/v2.1/servers/112645d8-467a-4e11-bd27-08be3bc1be4d 4.698s
2025-11-12 17:48:59.693 65720 INFO tempest.common.waiters [-] State transition "BUILD/spawning" ==> "ACTIVE/None" after 60 second wait
2025-11-12 17:48:59.756 65690 INFO tempest.lib.common.rest_client [req-accc1b90-6ce5-47e4-9615-60132b8b702b req-accc1b90-6ce5-47e4-9615-60132b8b702b ] Request (ServerShowV247Test:test_update_rebuild_list_server): 200 GET http://10.180.1.21/compute/v2.1/servers/6279af57-8cbd-4ff8-adaf-4df2ab467583 4.748s
2025-11-12 17:48:59.831 65702 INFO tempest.lib.common.rest_client [req-f097970f-1b96-4374-b720-25fe0f55254c req-f097970f-1b96-4374-b720-25fe0f55254c ] Request (ImagesNegativeTestJSON:setUpClass): 201 POST http://10.180.1.21/networking/v2.0/subnets 0.239s
2025-11-12 17:48:59.859 65738 INFO tempest.lib.common.rest_client [req-803f6ae5-da5d-4134-8abc-550113706974 req-803f6ae5-da5d-4134-8abc-550113706974 ] Request (ServerDiagnosticsV248Test:tearDownClass): 200 GET http://10.180.1.21/compute/v2.1/servers/e326592b-2094-4e72-8ac3-2ac4055eedab 4.563s
2025-11-12 17:48:59.869 65684 INFO tempest.lib.common.rest_client [req-d5f56b64-62ce-4b9f-bda6-7fdc51c436ca req-d5f56b64-62ce-4b9f-bda6-7fdc51c436ca ] Request (ServersTestManualDisk:setUpClass): 200 GET http://10.180.1.21/compute/v2.1/servers/3738b1bf-17d8-4741-b9c6-1630668ac1f6 4.690s
2025-11-12 17:48:59.877 65684 INFO tempest.common.waiters [-] State transition "BUILD/None" ==> "BUILD/spawning" after 41 second wait
2025-11-12 17:48:59.892 65708 INFO tempest.lib.common.rest_client [req-bf6f1a5d-e702-4602-bda7-a3934a58a28a req-bf6f1a5d-e702-4602-bda7-a3934a58a28a ] Request (SecurityGroupRulesTestJSON:test_security_group_rules_delete_when_peer_group_deleted): 200 GET http://10.180.1.21/compute/v2.1/os-security-groups/86cfd7af-ed63-4295-b45f-e916ad725799 3.657s
2025-11-12 17:48:59.918 65734 INFO tempest.lib.common.rest_client [req-0b0cb1f2-454d-4ad6-99bb-cbb48d332f1d req-0b0cb1f2-454d-4ad6-99bb-cbb48d332f1d ] Request (DeleteServersAdminTestJSON:tearDownClass): 404 GET http://10.180.1.21/compute/v2.1/servers/3c7954d4-4760-4755-ace4-ce501cac261e 2.701s
2025-11-12 17:48:59.939 65732 INFO tempest.lib.common.rest_client [req-ce057b2e-5837-4632-96ab-acba6fb4f634 req-ce057b2e-5837-4632-96ab-acba6fb4f634 ] Request (FlavorsAdminTestJSON:test_list_public_flavor_with_other_user): 200 POST http://10.180.1.21/compute/v2.1/flavors 2.675s
2025-11-12 17:48:59.941 65696 INFO tempest.lib.common.rest_client [req-5e8ffd78-9f5c-4872-868f-d6744668d199 req-5e8ffd78-9f5c-4872-868f-d6744668d199 ] Request (ServerDiskConfigTestJSON:test_rebuild_server_with_manual_disk_config): 200 GET http://10.180.1.21/compute/v2.1/servers/021aa1a8-b380-426a-87ae-6f63bae7fc38 3.005s
2025-11-12 17:49:00.034 65682 INFO tempest.lib.common.rest_client [req-c82518e8-2c89-4183-8543-50860e990dd2 req-c82518e8-2c89-4183-8543-50860e990dd2 ] Request (FloatingIPsAssociationNegativeTestJSON:tearDownClass): 200 GET http://10.180.1.21/compute/v2.1/servers/ce6b64b5-bfea-495b-9102-2b33e45992b8 2.406s
2025-11-12 17:49:00.090 65722 INFO tempest.lib.common.rest_client [req-420c0fcc-3a94-41b6-8bd5-ecdd5f0f951b req-420c0fcc-3a94-41b6-8bd5-ecdd5f0f951b ] Request (DeleteServersTestJSON:test_delete_active_server): 200 GET http://10.180.1.21/compute/v2.1/servers/a652bc10-cffa-49b7-9a23-1660827b7d11 1.855s
2025-11-12 17:49:00.141 65736 INFO tempest.lib.common.rest_client [req-c15a72f5-a244-44ee-b5af-3059c4c8c633 req-c15a72f5-a244-44ee-b5af-3059c4c8c633 ] Request (MultipleCreateTestJSON:test_multiple_create_with_reservation_return): 200 GET http://10.180.1.21/compute/v2.1/servers/a0cf6d71-11f7-40ca-a7c7-b16e95d7d68a 1.331s
2025-11-12 17:49:00.159 65726 INFO tempest.lib.common.rest_client [req-455095e5-fb15-4513-9fa5-174627c46f75 req-455095e5-fb15-4513-9fa5-174627c46f75 ] Request (QuotasAdminTestJSON:test_get_updated_quotas): 200 PUT http://10.180.1.21/compute/v2.1/os-quota-sets/593050b4254a4d6d982ef02f9f430a9c?user_id=01cdaf8d344c4f11b456345664b04529 2.844s
2025-11-12 17:49:00.201 65680 INFO tempest.lib.common.rest_client [req-a0fb80f1-e004-48cf-9684-ca3951c18f9b req-a0fb80f1-e004-48cf-9684-ca3951c18f9b ] Request (ListServersNegativeTestJSON:setUpClass): 200 GET http://10.180.1.21/compute/v2.1/servers/5654aad2-c2f3-417c-929c-bd089e9590dc 1.388s
2025-11-12 17:49:00.401 65730 INFO tempest.lib.common.rest_client [req-85b00ef4-b9e1-454c-a212-6ee4900860fc req-85b00ef4-b9e1-454c-a212-6ee4900860fc ] Request (ServersTestMultiNic:test_verify_duplicate_network_nics): 200 GET http://10.180.1.21/compute/v2.1/servers/f586ce58-79ab-4e8d-bfa9-e898f8fe9cc3 0.914s
2025-11-12 17:49:00.432 65698 INFO tempest.lib.common.rest_client [req-a96dbb83-e674-4f0e-aacf-da0d7dca93b6 req-a96dbb83-e674-4f0e-aacf-da0d7dca93b6 ] Request (ServerActionsTestOtherB:setUpClass): 200 GET http://10.180.1.21/compute/v2.1/servers/f62e908f-697c-4b12-8612-3478955fc644 0.890s
2025-11-12 17:49:00.445 65704 INFO tempest.lib.common.rest_client [req-8bc00e1a-ba29-4be4-bd1e-c6bf986a6f94 req-8bc00e1a-ba29-4be4-bd1e-c6bf986a6f94 ] Request (InstanceActionsTestJSON:test_get_instance_action): 200 GET http://10.180.1.21/compute/v2.1/servers/dd92f150-141c-4c33-a44c-1feea1033ded/os-instance-actions/req-869aec7b-3bf3-4791-93a1-371381b815f2 0.775s
2025-11-12 17:49:00.502 65688 INFO tempest.lib.common.rest_client [req-1e11e391-85a1-44de-a6ff-6e80eba0c4f0 req-1e11e391-85a1-44de-a6ff-6e80eba0c4f0 ] Request (SecurityGroupsTestJSON:test_server_security_groups): 200 GET http://10.180.1.21/compute/v2.1/servers/f4fe4ad8-8623-44e8-bc4b-58c0db882ac9 0.692s
2025-11-12 17:49:00.531 65720 INFO tempest.lib.common.rest_client [req-9f371dfd-6c55-4fa6-9c4a-d043dcab8471 req-9f371dfd-6c55-4fa6-9c4a-d043dcab8471 ] Request (ServersAdminNegativeTestJSON:test_migrate_server_invalid_state): 202 POST http://10.180.1.21/compute/v2.1/servers/112645d8-467a-4e11-bd27-08be3bc1be4d/action 0.837s
2025-11-12 17:49:00.551 65734 INFO tempest.lib.common.rest_client [req-1832f325-4831-40e5-87fb-7b43ccb089b3 req-1832f325-4831-40e5-87fb-7b43ccb089b3 ] Request (DeleteServersAdminTestJSON:tearDownClass): 404 DELETE http://10.180.1.21/compute/v2.1/servers/221e526b-ca01-4e51-afa9-e1f54c2c4d01 0.633s
2025-11-12 17:49:00.577 65732 INFO tempest.lib.common.rest_client [req-ece0d35c-622c-408c-8e43-d5638a080eef req-ece0d35c-622c-408c-8e43-d5638a080eef ] Request (FlavorsAdminTestJSON:test_list_public_flavor_with_other_user): 200 GET http://10.180.1.21/compute/v2.1/flavors/detail 0.636s
2025-11-12 17:49:00.624 65708 INFO tempest.lib.common.rest_client [req-4dac5656-08fe-4bcb-879f-2b8ae4f5b12c req-4dac5656-08fe-4bcb-879f-2b8ae4f5b12c ] Request (SecurityGroupRulesTestJSON:test_security_group_rules_list): 200 POST http://10.180.1.21/compute/v2.1/os-security-groups 0.727s
2025-11-12 17:49:00.634 65702 INFO tempest.lib.common.rest_client [req-dfa1abd1-3fcf-4790-af50-9848cbc9a5c1 req-dfa1abd1-3fcf-4790-af50-9848cbc9a5c1 ] Request (ImagesNegativeTestJSON:setUpClass): 201 POST http://10.180.1.21/networking/v2.0/routers 0.802s
2025-11-12 17:49:00.690 65694 INFO tempest.lib.common.rest_client [req-f91aca1a-cf5b-4028-9f6f-9e00506e303e req-f91aca1a-cf5b-4028-9f6f-9e00506e303e ] Request (ServerRescueNegativeTestJSON:setUpClass): 200 GET http://10.180.1.21/compute/v2.1/servers/173e80b3-0dc7-4627-9265-1cef6d04abeb 0.680s
2025-11-12 17:49:00.730 65718 INFO tempest.lib.common.rest_client [req-7cb0c31a-1312-47d6-a2d6-fce5d103b1cd req-7cb0c31a-1312-47d6-a2d6-fce5d103b1cd ] Request (MigrationsAdminTest:test_list_migrations_in_flavor_resize_situation): 200 GET http://10.180.1.21/compute/v2.1/servers/82156316-baf3-4617-8d6b-494e03e7f676 0.741s
2025-11-12 17:49:00.771 65740 INFO tempest.lib.common.rest_client [req-a08b18f0-e6ef-400c-b0d2-6051c42442b0 req-a08b18f0-e6ef-400c-b0d2-6051c42442b0 ] Request (FloatingIPsAssociationTestJSON:tearDownClass): 200 GET http://10.180.1.21/compute/v2.1/servers/e86d9ab4-dbfa-466c-a666-1c53a28dea69 0.714s
2025-11-12 17:49:00.775 65716 INFO tempest.lib.common.rest_client [req-5dc02d5b-3d50-4ebd-9162-b929864edefb req-5dc02d5b-3d50-4ebd-9162-b929864edefb ] Request (ListImageFiltersTestJSON:setUpClass): 200 GET http://10.180.1.21/compute/v2.1/images/4f5c7ded-8d60-4910-bc67-ada4fae27132 0.683s
2025-11-12 17:49:00.902 65726 INFO tempest.lib.common.rest_client [req-39cff626-59f2-4772-b83e-5a11c1e0d461 req-39cff626-59f2-4772-b83e-5a11c1e0d461 ] Request (QuotasAdminTestJSON:test_get_updated_quotas): 200 GET http://10.180.1.21/compute/v2.1/os-quota-sets/593050b4254a4d6d982ef02f9f430a9c?user_id=01cdaf8d344c4f11b456345664b04529 0.741s
2025-11-12 17:49:00.924 65678 INFO tempest.lib.common.rest_client [req-4160fbda-5625-4e5c-9d47-783a1e0ed39d req-4160fbda-5625-4e5c-9d47-783a1e0ed39d ] Request (VolumesAssistedSnapshotsTest:tearDownClass): 200 GET http://10.180.1.21/compute/v2.1/servers/a45fc14f-8143-47a4-a53e-dc7fbdc231a5 0.812s
2025-11-12 17:49:00.950 65728 INFO tempest.lib.common.rest_client [req-081a3009-7541-406f-9f47-b187d21638ac req-081a3009-7541-406f-9f47-b187d21638ac ] Request (ImagesOneServerTestJSON:tearDownClass): 404 GET http://10.180.1.21/compute/v2.1/servers/bdeed231-9cf8-40a1-8034-7a066a1e5163 0.763s
2025-11-12 17:49:01.024 65726 INFO tempest.lib.common.rest_client [req-2e6b9600-772b-41b5-88f8-fa49667a07f1 req-2e6b9600-772b-41b5-88f8-fa49667a07f1 ] Request (QuotasAdminTestJSON:_run_cleanups): 204 DELETE http://10.180.1.21/identity/v3/users/01cdaf8d344c4f11b456345664b04529 0.118s
2025-11-12 17:49:01.154 65726 INFO tempest.lib.common.rest_client [req-b21ec089-6821-4c88-a5c7-c16066163dcc req-b21ec089-6821-4c88-a5c7-c16066163dcc ] Request (QuotasAdminTestJSON:_run_cleanups): 204 DELETE http://10.180.1.21/identity/v3/projects/593050b4254a4d6d982ef02f9f430a9c 0.128s
2025-11-12 17:49:01.784 65702 INFO tempest.lib.common.rest_client [req-c9080027-16a1-4b38-9c78-40a6b2661242 req-c9080027-16a1-4b38-9c78-40a6b2661242 ] Request (ImagesNegativeTestJSON:setUpClass): 200 PUT http://10.180.1.21/networking/v2.0/routers/0e9943b3-a754-4219-a73f-db4b18838e90/add_router_interface 1.149s
2025-11-12 17:49:01.784 65702 INFO tempest.lib.common.dynamic_creds [-] Created isolated network resources for: credentials: Credentials: {'domain_id': 'default', 'domain_name': 'Default', 'username': 'tempest-ImagesNegativeTestJSON-1053908336-project-member', 'project_domain_id': 'default', 'project_domain_name': 'Default', 'project_id': '22110dda8a744cf380ee79bd76d14229', 'project_name': 'tempest-ImagesNegativeTestJSON-1053908336', 'tenant_id': '22110dda8a744cf380ee79bd76d14229', 'tenant_name': 'tempest-ImagesNegativeTestJSON-1053908336', 'user_domain_id': 'default', 'user_domain_name': 'Default', 'user_id': '9a89defc7e924824ab71c221f1d49c21', 'system': None}, Network: {'id': '95e9ac55-25fc-4f6a-838c-075c3fb63278', 'name': 'tempest-ImagesNegativeTestJSON-1018942258-network', 'tenant_id': '22110dda8a744cf380ee79bd76d14229', 'project_id': '22110dda8a744cf380ee79bd76d14229', 'admin_state_up': True, 'mtu': 8950, 'status': 'ACTIVE', 'subnets': [], 'shared': False, 'port_security_enabled': True, 'router:external': False, 'provider:network_type': 'vlan', 'provider:physical_network': 'default', 'provider:segmentation_id': 586, 'availability_zone_hints': [], 'availability_zones': [], 'ipv4_address_scope': None, 'ipv6_address_scope': None, 'description': '', 'tags': [], 'created_at': '2025-11-12T17:48:59Z', 'updated_at': '2025-11-12T17:48:59Z', 'revision_number': 1}, Subnet: {'id': '7d742078-30ed-49d7-bd29-6048863897e4', 'name': 'tempest-ImagesNegativeTestJSON-1018942258-subnet', 'tenant_id': '22110dda8a744cf380ee79bd76d14229', 'network_id': '95e9ac55-25fc-4f6a-838c-075c3fb63278', 'ip_version': 4, 'subnetpool_id': None, 'enable_dhcp': True, 'ipv6_ra_mode': None, 'ipv6_address_mode': None, 'gateway_ip': '192.168.128.1', 'cidr': '192.168.128.0/28', 'allocation_pools': [{'start': '192.168.128.2', 'end': '192.168.128.14'}], 'host_routes': [], 'dns_nameservers': [], 'description': '', 'router:external': False, 'service_types': [], 'tags': [], 'created_at': '2025-11-12T17:48:59Z', 'updated_at': '2025-11-12T17:48:59Z', 'revision_number': 0, 'project_id': '22110dda8a744cf380ee79bd76d14229'}, Router: {'id': '0e9943b3-a754-4219-a73f-db4b18838e90', 'name': 'tempest-ImagesNegativeTestJSON-1018942258-router', 'tenant_id': '22110dda8a744cf380ee79bd76d14229', 'admin_state_up': True, 'status': 'ACTIVE', 'external_gateway_info': {'network_id': 'f49fa029-bb57-42e5-88f6-c5be322eca3d', 'external_fixed_ips': [{'subnet_id': 'f8adcb77-36fb-44b6-a7e4-00d69a6bb0fa', 'ip_address': '10.180.180.226'}], 'enable_snat': True}, 'description': '', 'availability_zones': [], 'distributed': False, 'ha': False, 'availability_zone_hints': [], 'routes': [], 'flavor_id': None, 'tags': [], 'created_at': '2025-11-12T17:48:59Z', 'updated_at': '2025-11-12T17:49:00Z', 'revision_number': 2, 'project_id': '22110dda8a744cf380ee79bd76d14229'}
2025-11-12 17:49:01.864 65710 INFO tempest.lib.common.rest_client [req-0662bb07-b6a9-4d3e-9876-fbc38c0a38ec req-0662bb07-b6a9-4d3e-9876-fbc38c0a38ec ] Request (ServersAdminTestJSON:test_inject_network_info): 200 GET http://10.180.1.21/compute/v2.1/servers/6c37edc6-f9b9-4363-b090-46b1e2db523c 1.691s
2025-11-12 17:49:01.876 65712 WARNING tempest.lib.common.ssh [-] Failed to establish authenticated ssh connection to cirros@10.180.180.216 ([Errno None] Unable to connect to port 22 on 10.180.180.216). Number attempts: 3. Retry after 4 seconds.: paramiko.ssh_exception.NoValidConnectionsError: [Errno None] Unable to connect to port 22 on 10.180.180.216
2025-11-12 17:49:01.882 65700 INFO tempest.lib.common.rest_client [req-659a1975-1d58-43d7-9b34-edb689392b29 req-659a1975-1d58-43d7-9b34-edb689392b29 ] Request (ServersWithSpecificFlavorTestJSON:test_verify_created_server_ephemeral_disk): 200 GET http://10.180.1.21/compute/v2.1/servers/aafa1227-3f75-478e-a192-1b2c2e6139b5 1.644s
2025-11-12 17:49:01.922 65702 INFO tempest.lib.common.rest_client [req-8d5795ee-6056-4076-929e-b313cff145c6 req-8d5795ee-6056-4076-929e-b313cff145c6 ] Request (ImagesNegativeTestJSON:setUpClass): 201 POST http://10.180.1.21/identity/v3/auth/tokens 0.134s
2025-11-12 17:49:01.943 65692 WARNING tempest.lib.common.ssh [-] Failed to establish authenticated ssh connection to cirros@10.180.180.199 ([Errno None] Unable to connect to port 22 on 10.180.180.199). Number attempts: 1. Retry after 2 seconds.: paramiko.ssh_exception.NoValidConnectionsError: [Errno None] Unable to connect to port 22 on 10.180.180.199
2025-11-12 17:49:01.975 65702 INFO tempest.lib.common.rest_client [req-4e5bf986-af4e-4e90-a1b3-dda6c17e8ded req-4e5bf986-af4e-4e90-a1b3-dda6c17e8ded ] Request (ImagesNegativeTestJSON:test_create_image_from_deleted_server): 201 POST http://10.180.1.21/identity/v3/auth/tokens 0.047s
2025-11-12 17:49:01.976 65702 INFO tempest.lib.common.fixed_network [-] (ImagesNegativeTestJSON:test_create_image_from_deleted_server) Found network {'id': '95e9ac55-25fc-4f6a-838c-075c3fb63278', 'name': 'tempest-ImagesNegativeTestJSON-1018942258-network', 'tenant_id': '22110dda8a744cf380ee79bd76d14229', 'project_id': '22110dda8a744cf380ee79bd76d14229', 'admin_state_up': True, 'mtu': 8950, 'status': 'ACTIVE', 'subnets': [], 'shared': False, 'port_security_enabled': True, 'router:external': False, 'provider:network_type': 'vlan', 'provider:physical_network': 'default', 'provider:segmentation_id': 586, 'availability_zone_hints': [], 'availability_zones': [], 'ipv4_address_scope': None, 'ipv6_address_scope': None, 'description': '', 'tags': [], 'created_at': '2025-11-12T17:48:59Z', 'updated_at': '2025-11-12T17:48:59Z', 'revision_number': 1} available for tenant
2025-11-12 17:49:01.981 65704 INFO tempest.lib.common.rest_client [req-07b3ad2c-0294-4560-a50a-8647d0a591c5 req-07b3ad2c-0294-4560-a50a-8647d0a591c5 ] Request (InstanceActionsTestJSON:test_list_instance_actions): 202 POST http://10.180.1.21/compute/v2.1/servers/dd92f150-141c-4c33-a44c-1feea1033ded/action 1.529s
2025-11-12 17:49:02.007 65706 INFO tempest.lib.common.rest_client [req-9982e61e-3ca0-490c-95ef-1f0f04eda530 req-9982e61e-3ca0-490c-95ef-1f0f04eda530 ] Request (ServersTestBootFromVolume:setUpClass): 200 GET http://10.180.1.21/compute/v2.1/servers/e55af9b9-a039-4b50-a10f-a334e3175d4a 1.751s
2025-11-12 17:49:02.034 65734 INFO tempest.lib.common.rest_client [req-f4f38bf4-5939-4436-80a4-22352ea9de39 req-f4f38bf4-5939-4436-80a4-22352ea9de39 ] Request (DeleteServersAdminTestJSON:tearDownClass): 404 GET http://10.180.1.21/compute/v2.1/servers/221e526b-ca01-4e51-afa9-e1f54c2c4d01 1.482s
2025-11-12 17:49:02.058 65732 INFO tempest.lib.common.rest_client [req-869250b5-b98f-4a4a-83f4-6cc48d5be3e7 req-869250b5-b98f-4a4a-83f4-6cc48d5be3e7 ] Request (FlavorsAdminTestJSON:_run_cleanups): 202 DELETE http://10.180.1.21/compute/v2.1/flavors/1970014754 1.475s
2025-11-12 17:49:02.228 65734 INFO tempest.lib.common.rest_client [req-d845637f-0f5b-4f86-8a3a-742af6d96e58 req-d845637f-0f5b-4f86-8a3a-742af6d96e58 ] Request (DeleteServersAdminTestJSON:tearDownClass): 204 DELETE http://10.180.1.21/identity/v3/users/d27c444e90aa4d55a865ad0c891e4092 0.194s
2025-11-12 17:49:02.372 65720 INFO tempest.lib.common.rest_client [req-c6584d25-e877-4951-9ebc-cb5d2c55e884 req-c6584d25-e877-4951-9ebc-cb5d2c55e884 ] Request (ServersAdminNegativeTestJSON:test_migrate_server_invalid_state): 200 GET http://10.180.1.21/compute/v2.1/servers/112645d8-467a-4e11-bd27-08be3bc1be4d 1.838s
2025-11-12 17:49:02.380 65734 INFO tempest.lib.common.rest_client [req-3e111f28-62e3-49a0-ac6b-71a031e55660 req-3e111f28-62e3-49a0-ac6b-71a031e55660 ] Request (DeleteServersAdminTestJSON:tearDownClass): 204 DELETE http://10.180.1.21/identity/v3/users/a0a4781d733d40a1965a3a340512657f 0.151s
2025-11-12 17:49:02.380 65734 INFO tempest.lib.common.dynamic_creds [-] Deleting project and security group for project: 46134ffea18946a690b0bce3e3e5d6c3
2025-11-12 17:49:02.456 65734 INFO tempest.lib.common.rest_client [req-b97ba1bb-501d-44fc-8103-2dfc9c77632d req-b97ba1bb-501d-44fc-8103-2dfc9c77632d ] Request (DeleteServersAdminTestJSON:tearDownClass): 201 POST http://10.180.1.21/identity/v3/auth/tokens 0.076s
2025-11-12 17:49:02.459 65728 INFO tempest.lib.common.rest_client [req-5efefabf-f29c-47b0-a3d7-08751ad7c9c7 req-5efefabf-f29c-47b0-a3d7-08751ad7c9c7 ] Request (ImagesOneServerTestJSON:tearDownClass): 200 PUT http://10.180.1.21/networking/v2.0/routers/c4710c27-696c-4172-9fd3-805711fd05bf/remove_router_interface 1.509s
2025-11-12 17:49:02.498 65690 INFO tempest.lib.common.rest_client [req-22db227e-f3a8-4108-8b7e-415558850a0d req-22db227e-f3a8-4108-8b7e-415558850a0d ] Request (ServerShowV247Test:test_update_rebuild_list_server): 200 GET http://10.180.1.21/compute/v2.1/servers/6279af57-8cbd-4ff8-adaf-4df2ab467583 1.724s
2025-11-12 17:49:02.504 65708 INFO tempest.lib.common.rest_client [req-deec8172-4e3b-4478-83db-8106028135fd req-deec8172-4e3b-4478-83db-8106028135fd ] Request (SecurityGroupRulesTestJSON:test_security_group_rules_list): 200 POST http://10.180.1.21/compute/v2.1/os-security-group-rules 1.873s
2025-11-12 17:49:02.722 65734 INFO tempest.lib.common.rest_client [req-55705b47-7581-4be6-b511-8fe65aa49372 req-55705b47-7581-4be6-b511-8fe65aa49372 ] Request (DeleteServersAdminTestJSON:tearDownClass): 200 GET http://10.180.1.21/networking/v2.0/security-groups?tenant_id=46134ffea18946a690b0bce3e3e5d6c3&name=default 0.265s
2025-11-12 17:49:02.752 65738 INFO tempest.lib.common.rest_client [req-40d68152-5ede-4762-a2fd-5076e0577f31 req-40d68152-5ede-4762-a2fd-5076e0577f31 ] Request (ServerDiagnosticsV248Test:tearDownClass): 200 GET http://10.180.1.21/compute/v2.1/servers/e326592b-2094-4e72-8ac3-2ac4055eedab 1.883s
