2025-11-12 17:46:48.971 65680 INFO tempest.lib.common.dynamic_creds [-] Created isolated network resources for: credentials: Credentials: {'domain_id': 'default', 'domain_name': 'Default', 'username': 'tempest-SecurityGroupsNegativeTestJSON-1389832799-project-member', 'project_domain_id': 'default', 'project_domain_name': 'Default', 'project_id': '6e3a06f3beba4c51b941ecb43b90d23f', 'project_name': 'tempest-SecurityGroupsNegativeTestJSON-1389832799', 'tenant_id': '6e3a06f3beba4c51b941ecb43b90d23f', 'tenant_name': 'tempest-SecurityGroupsNegativeTestJSON-1389832799', 'user_domain_id': 'default', 'user_domain_name': 'Default', 'user_id': '5fb90eb960aa497eaf57fd24f9b6290e', 'system': None}, Network: {'id': 'e3611afa-d6b4-4502-b985-2d8751a30b3a', 'name': 'tempest-SecurityGroupsNegativeTestJSON-1796440496-network', 'tenant_id': '6e3a06f3beba4c51b941ecb43b90d23f', 'project_id': '6e3a06f3beba4c51b941ecb43b90d23f', 'admin_state_up': True, 'mtu': 8950, 'status': 'ACTIVE', 'subnets': [], 'shared': False, 'port_security_enabled': True, 'router:external': False, 'provider:network_type': 'vlan', 'provider:physical_network': 'default', 'provider:segmentation_id': 873, 'availability_zone_hints': [], 'availability_zones': [], 'ipv4_address_scope': None, 'ipv6_address_scope': None, 'description': '', 'tags': [], 'created_at': '2025-11-12T17:46:46Z', 'updated_at': '2025-11-12T17:46:46Z', 'revision_number': 1}, Subnet: {'id': '147b1b91-565c-4e4a-a99a-72f22222caa6', 'name': 'tempest-SecurityGroupsNegativeTestJSON-1796440496-subnet', 'tenant_id': '6e3a06f3beba4c51b941ecb43b90d23f', 'network_id': 'e3611afa-d6b4-4502-b985-2d8751a30b3a', 'ip_version': 4, 'subnetpool_id': None, 'enable_dhcp': True, 'ipv6_ra_mode': None, 'ipv6_address_mode': None, 'gateway_ip': '192.168.128.1', 'cidr': '192.168.128.0/28', 'allocation_pools': [{'start': '192.168.128.2', 'end': '192.168.128.14'}], 'host_routes': [], 'dns_nameservers': [], 'description': '', 'router:external': False, 'service_types': [], 'tags': [], 'created_at': '2025-11-12T17:46:47Z', 'updated_at': '2025-11-12T17:46:47Z', 'revision_number': 0, 'project_id': '6e3a06f3beba4c51b941ecb43b90d23f'}, Router: {'id': '636b60bf-85d1-41cb-ad1a-2a95b827acb5', 'name': 'tempest-SecurityGroupsNegativeTestJSON-1796440496-router', 'tenant_id': '6e3a06f3beba4c51b941ecb43b90d23f', 'admin_state_up': True, 'status': 'ACTIVE', 'external_gateway_info': {'network_id': 'f49fa029-bb57-42e5-88f6-c5be322eca3d', 'external_fixed_ips': [{'subnet_id': 'f8adcb77-36fb-44b6-a7e4-00d69a6bb0fa', 'ip_address': '10.180.180.181'}], 'enable_snat': True}, 'description': '', 'availability_zones': [], 'distributed': False, 'ha': False, 'availability_zone_hints': [], 'routes': [], 'flavor_id': None, 'tags': [], 'created_at': '2025-11-12T17:46:47Z', 'updated_at': '2025-11-12T17:46:47Z', 'revision_number': 2, 'project_id': '6e3a06f3beba4c51b941ecb43b90d23f'}
2025-11-12 17:46:48.975 65734 INFO tempest.common.waiters [-] State transition "BUILD/spawning" ==> "ACTIVE/None" after 15 second wait
2025-11-12 17:46:48.981 65702 INFO tempest.lib.common.rest_client [req-c1f82b2e-fb2a-4a29-bbdb-987435c3c292 req-c1f82b2e-fb2a-4a29-bbdb-987435c3c292 ] Request (FlavorsAccessNegativeTestJSON:_run_cleanups): 202 DELETE http://10.180.1.21/compute/v2.1/flavors/404972582 2.247s
2025-11-12 17:46:48.987 65738 INFO tempest.lib.common.rest_client [req-e8b857d2-2071-4128-8cc0-6d82432e27d8 req-e8b857d2-2071-4128-8cc0-6d82432e27d8 ] Request (FlavorsV261TestJSON:_run_cleanups): 202 DELETE http://10.180.1.21/compute/v2.1/flavors/551636609 2.227s
2025-11-12 17:46:48.994 65708 INFO tempest.lib.common.rest_client [req-3fa1f697-9037-4887-b303-ef579a07652e req-3fa1f697-9037-4887-b303-ef579a07652e ] Request (FlavorsExtraSpecsNegativeTestJSON:test_flavor_non_admin_update_specific_key): 403 PUT http://10.180.1.21/compute/v2.1/flavors/360422168/os-extra_specs/hw:numa_nodes 2.188s
2025-11-12 17:46:49.002 65732 INFO tempest.lib.common.rest_client [req-ab09fe02-00d2-4127-92dc-5a62c5aa2451 req-ab09fe02-00d2-4127-92dc-5a62c5aa2451 ] Request (FlavorsAdminTestJSON:_run_cleanups): 202 DELETE http://10.180.1.21/compute/v2.1/flavors/72516171 2.209s
2025-11-12 17:46:49.017 65730 INFO tempest.lib.common.rest_client [req-0664a150-0598-4a8c-8147-c365bf2dad8a req-0664a150-0598-4a8c-8147-c365bf2dad8a ] Request (FlavorsAccessTestJSON:_run_cleanups): 202 DELETE http://10.180.1.21/compute/v2.1/flavors/1827486752 1.800s
2025-11-12 17:46:49.023 65726 INFO tempest.lib.common.rest_client [req-36fcaf02-5181-41ae-85a0-6460f931c73b req-36fcaf02-5181-41ae-85a0-6460f931c73b ] Request (AggregatesAdminNegativeTestJSON:_run_cleanups): 200 DELETE http://10.180.1.21/compute/v2.1/os-aggregates/1 1.908s
2025-11-12 17:46:49.038 65722 INFO tempest.lib.common.rest_client [req-90adfc7e-6b29-4d36-8e64-7716c97f279c req-90adfc7e-6b29-4d36-8e64-7716c97f279c ] Request (KeyPairsV210TestJSON:_run_cleanups): 204 DELETE http://10.180.1.21/compute/v2.1/os-keypairs/tempest-KeyPairsV210TestJSON-keypair-152056677 1.813s
2025-11-12 17:46:49.066 65700 INFO tempest.lib.common.rest_client [req-7eb203f1-3f30-4eb2-af59-94259b943260 req-7eb203f1-3f30-4eb2-af59-94259b943260 ] Request (ServersWithSpecificFlavorTestJSON:test_verify_created_server_ephemeral_disk): 200 POST http://10.180.1.21/compute/v2.1/flavors 1.646s
2025-11-12 17:46:49.086 65680 INFO tempest.lib.common.rest_client [req-ee46a915-19b3-4c5a-b85c-86f9e1cc4d73 req-ee46a915-19b3-4c5a-b85c-86f9e1cc4d73 ] Request (SecurityGroupsNegativeTestJSON:setUpClass): 201 POST http://10.180.1.21/identity/v3/auth/tokens 0.109s
2025-11-12 17:46:49.092 65720 INFO tempest.lib.common.rest_client [req-e9cb19cc-76f5-4fe9-9e62-3c164e5661d7 req-e9cb19cc-76f5-4fe9-9e62-3c164e5661d7 ] Request (QuotasAdminNegativeTest:test_create_server_when_memory_quota_is_full): 200 GET http://10.180.1.21/compute/v2.1/os-quota-sets/591a1783d4df4206a42ec800b89ab8d3 1.748s
2025-11-12 17:46:49.122 65712 INFO tempest.lib.common.rest_client [req-013926d7-887f-4985-bb54-0b69fde07d7a req-013926d7-887f-4985-bb54-0b69fde07d7a ] Request (HypervisorAdminTestJSON:test_get_hypervisor_show_details): 200 GET http://10.180.1.21/compute/v2.1/os-hypervisors 1.074s
2025-11-12 17:46:49.134 65698 INFO tempest.lib.common.rest_client [req-56cf7564-dc25-415c-a47e-553a6f5d16be req-56cf7564-dc25-415c-a47e-553a6f5d16be ] Request (ServersAdmin275Test:test_rebuild_update_server_275): 200 GET http://10.180.1.21/compute/v2.1/servers/3a163c7e-edc3-47ff-b0f7-7e8675dc7c32 1.115s
2025-11-12 17:46:49.146 65692 INFO tempest.lib.common.rest_client [req-b6791255-725e-4fb7-a8e1-a02ecb38d605 req-b6791255-725e-4fb7-a8e1-a02ecb38d605 ] Request (ServicesAdminNegativeV253TestJSON:test_get_service_by_invalid_params): 200 GET http://10.180.1.21/compute/v2.1/os-services?xxx=nova-compute 1.074s
2025-11-12 17:46:49.245 65704 INFO tempest.lib.common.rest_client [req-bda0865a-e387-437e-baeb-3a8091ff3f9c req-bda0865a-e387-437e-baeb-3a8091ff3f9c ] Request (VolumesAdminNegativeTest:test_update_attached_volume_with_nonexistent_volume_in_uri): 200 GET http://10.180.1.21/compute/v2.1/servers/dbbfb668-7aea-484a-95ab-6f529bf4dbb9 1.041s
2025-11-12 17:46:49.253 65704 INFO tempest.common.waiters [-] State transition "BUILD/None" ==> "BUILD/networking" after 2 second wait
2025-11-12 17:46:49.272 65684 INFO tempest.lib.common.rest_client [req-300f0b43-cdde-43a8-91e4-a0b778ea3172 req-300f0b43-cdde-43a8-91e4-a0b778ea3172 ] Request (ServerDiagnosticsTest:test_get_server_diagnostics): 200 GET http://10.180.1.21/compute/v2.1/servers/ce2f11fb-4dfb-4603-bc90-5d11eafb8ea3 1.079s
2025-11-12 17:46:49.302 65682 INFO tempest.lib.common.rest_client [req-1acd90f1-1b54-4d57-af36-6d42a24b9619 req-1acd90f1-1b54-4d57-af36-6d42a24b9619 ] Request (FlavorsExtraSpecsTestJSON:test_flavor_set_get_update_show_unset_keys): 200 PUT http://10.180.1.21/compute/v2.1/flavors/872300219/os-extra_specs/hw:numa_nodes 0.677s
2025-11-12 17:46:49.452 65714 INFO tempest.lib.common.rest_client [req-b016fe9e-b6cb-4d0d-873f-978ad31d019c req-b016fe9e-b6cb-4d0d-873f-978ad31d019c ] Request (QuotaClassesAdminTestJSON:test_update_default_quotas): 200 PUT http://10.180.1.21/compute/v2.1/os-quota-class-sets/default 1.107s
2025-11-12 17:46:49.479 65706 INFO tempest.lib.common.rest_client [req-71070d65-2ba4-4428-94a1-726575e53542 req-71070d65-2ba4-4428-94a1-726575e53542 ] Request (FlavorsV255TestJSON:_run_cleanups): 200 GET http://10.180.1.21/compute/v2.1/flavors/detail 0.521s
2025-11-12 17:46:49.506 65718 INFO tempest.lib.common.rest_client [req-a0178d9f-81ef-4b45-a85a-6857cb3f7315 req-a0178d9f-81ef-4b45-a85a-6857cb3f7315 ] Request (HypervisorAdminNegativeTestJSON:test_show_hypervisor_with_non_admin_user): 200 GET http://10.180.1.21/compute/v2.1/os-hypervisors 0.542s
2025-11-12 17:46:49.641 65706 INFO tempest.lib.common.rest_client [req-b15f9cb7-a286-4856-8b4c-d036e0e780f1 req-b15f9cb7-a286-4856-8b4c-d036e0e780f1 ] Request (FlavorsV255TestJSON:tearDownClass): 204 DELETE http://10.180.1.21/identity/v3/users/07dd1af639bf4412a81f8704897de1dc 0.144s
2025-11-12 17:46:49.799 65706 INFO tempest.lib.common.rest_client [req-670f697e-f33b-4e31-bcd2-d954b2206551 req-670f697e-f33b-4e31-bcd2-d954b2206551 ] Request (FlavorsV255TestJSON:tearDownClass): 204 DELETE http://10.180.1.21/identity/v3/users/c366bcdb4a264a95ae70cf2fb7dda4ac 0.158s
2025-11-12 17:46:49.799 65706 INFO tempest.lib.common.dynamic_creds [-] Deleting project and security group for project: ddee190da8014aeb80b23195b758dd08
2025-11-12 17:46:49.837 65734 INFO tempest.lib.common.rest_client [req-b2abb150-1fc7-46de-b942-acf6751910f4 req-b2abb150-1fc7-46de-b942-acf6751910f4 ] Request (DeleteServersAdminTestJSON:test_admin_delete_servers_of_others): 204 DELETE http://10.180.1.21/compute/v2.1/servers/221e526b-ca01-4e51-afa9-e1f54c2c4d01 0.861s
2025-11-12 17:46:49.864 65702 INFO tempest.lib.common.rest_client [req-9a031597-3780-4f37-947d-ffd3db4ce554 req-9a031597-3780-4f37-947d-ffd3db4ce554 ] Request (FlavorsAccessNegativeTestJSON:_run_cleanups): 200 GET http://10.180.1.21/compute/v2.1/flavors/detail 0.882s
2025-11-12 17:46:49.880 65706 INFO tempest.lib.common.rest_client [req-e00d269d-62b4-4cbd-8eb7-a9f74c0e640a req-e00d269d-62b4-4cbd-8eb7-a9f74c0e640a ] Request (FlavorsV255TestJSON:tearDownClass): 201 POST http://10.180.1.21/identity/v3/auth/tokens 0.081s
2025-11-12 17:46:49.893 65710 INFO tempest.lib.common.rest_client [req-da211d4e-2855-4f87-b4f7-58a48ca7d5e9 req-da211d4e-2855-4f87-b4f7-58a48ca7d5e9 ] Request (ServersAdminTestJSON:setUpClass): 202 POST http://10.180.1.21/compute/v2.1/servers 1.240s
2025-11-12 17:46:49.897 65738 INFO tempest.lib.common.rest_client [req-5f96e9f9-d9e2-4eb8-92db-f3b4a8c26d94 req-5f96e9f9-d9e2-4eb8-92db-f3b4a8c26d94 ] Request (FlavorsV261TestJSON:_run_cleanups): 200 GET http://10.180.1.21/compute/v2.1/flavors/detail 0.909s
2025-11-12 17:46:49.914 65708 INFO tempest.lib.common.rest_client [req-ccbba68b-39ad-406e-a949-ce4b926139b5 req-ccbba68b-39ad-406e-a949-ce4b926139b5 ] Request (FlavorsExtraSpecsNegativeTestJSON:test_flavor_unset_nonexistent_key): 404 DELETE http://10.180.1.21/compute/v2.1/flavors/360422168/os-extra_specs/hw:cpu_thread_policy 0.918s
2025-11-12 17:46:49.941 65732 INFO tempest.lib.common.rest_client [req-76f219ea-47ee-4170-ba4f-08b49ea104c1 req-76f219ea-47ee-4170-ba4f-08b49ea104c1 ] Request (FlavorsAdminTestJSON:_run_cleanups): 200 GET http://10.180.1.21/compute/v2.1/flavors/detail 0.938s
2025-11-12 17:46:49.977 65730 INFO tempest.lib.common.rest_client [req-b6074293-0d11-4bd2-a436-dd4848c81bcd req-b6074293-0d11-4bd2-a436-dd4848c81bcd ] Request (FlavorsAccessTestJSON:_run_cleanups): 200 GET http://10.180.1.21/compute/v2.1/flavors/detail 0.959s
2025-11-12 17:46:50.031 65726 INFO tempest.lib.common.rest_client [req-f7a8b779-6c6a-40b9-8e89-7288e22423f5 req-f7a8b779-6c6a-40b9-8e89-7288e22423f5 ] Request (AggregatesAdminNegativeTestJSON:test_aggregate_add_host_as_user): 200 POST http://10.180.1.21/compute/v2.1/os-aggregates 1.001s
2025-11-12 17:46:50.056 65738 INFO tempest.lib.common.rest_client [req-2204c7d3-e5f7-4d7e-ae0f-6639760ad41e req-2204c7d3-e5f7-4d7e-ae0f-6639760ad41e ] Request (FlavorsV261TestJSON:tearDownClass): 204 DELETE http://10.180.1.21/identity/v3/users/0cc4504a9be7425faef904f706eee17d 0.145s
2025-11-12 17:46:50.060 65722 INFO tempest.lib.common.rest_client [req-ebfe6ee1-a69f-4335-8535-c12ee43a9509 req-ebfe6ee1-a69f-4335-8535-c12ee43a9509 ] Request (KeyPairsV210TestJSON:_run_cleanups): 204 DELETE http://10.180.1.21/compute/v2.1/os-keypairs/tempest-keypair-1310399365?user_id=1b622329ef204a1c876be25efc947dec 1.022s
2025-11-12 17:46:50.082 65700 INFO tempest.lib.common.rest_client [req-d0ce0f91-3bc3-4002-bc2d-eb28e69ac757 req-d0ce0f91-3bc3-4002-bc2d-eb28e69ac757 ] Request (ServersWithSpecificFlavorTestJSON:test_verify_created_server_ephemeral_disk): 200 GET http://10.180.1.21/compute/v2.1/flavors/42/os-extra_specs 1.012s
2025-11-12 17:46:50.225 65694 INFO tempest.lib.common.rest_client [req-27634e4e-49b5-4cf1-a8cf-babfcbed7c70 req-27634e4e-49b5-4cf1-a8cf-babfcbed7c70 ] Request (ServersTestFqdnHostnames:test_create_server_with_fqdn_name): 200 GET http://10.180.1.21/compute/v2.1/servers/9a6a4479-4ba4-4c92-8b44-d57f02ac398f 1.228s
2025-11-12 17:46:50.263 65738 INFO tempest.lib.common.rest_client [req-f12b2f1b-df7a-496b-945b-f9981ac261de req-f12b2f1b-df7a-496b-945b-f9981ac261de ] Request (FlavorsV261TestJSON:tearDownClass): 204 DELETE http://10.180.1.21/identity/v3/users/59bc2e5b7ff54b939bc4d9ab221b074e 0.206s
2025-11-12 17:46:50.263 65738 INFO tempest.lib.common.dynamic_creds [-] Deleting project and security group for project: 7ed0ff8fa0da4142bffcecbeac9dfdb1
2025-11-12 17:46:50.379 65706 INFO tempest.lib.common.rest_client [req-10a2eabf-4099-442f-8a5d-6dbcfe0184fe req-10a2eabf-4099-442f-8a5d-6dbcfe0184fe ] Request (FlavorsV255TestJSON:tearDownClass): 200 GET http://10.180.1.21/networking/v2.0/security-groups?tenant_id=ddee190da8014aeb80b23195b758dd08&name=default 0.498s
2025-11-12 17:46:50.454 65738 INFO tempest.lib.common.rest_client [req-aa1730f1-8ced-4cca-9c61-972a96686655 req-aa1730f1-8ced-4cca-9c61-972a96686655 ] Request (FlavorsV261TestJSON:tearDownClass): 201 POST http://10.180.1.21/identity/v3/auth/tokens 0.190s
2025-11-12 17:46:50.464 65720 INFO tempest.lib.common.rest_client [req-d2f8fa4d-0258-4c76-b34c-3aac3ff8d81a req-d2f8fa4d-0258-4c76-b34c-3aac3ff8d81a ] Request (QuotasAdminNegativeTest:test_create_server_when_memory_quota_is_full): 200 PUT http://10.180.1.21/compute/v2.1/os-quota-sets/591a1783d4df4206a42ec800b89ab8d3 1.368s
2025-11-12 17:46:50.490 65736 INFO tempest.lib.common.rest_client [req-717b67db-3dce-45f4-85e2-1602cab7d832 req-717b67db-3dce-45f4-85e2-1602cab7d832 ] Request (HostsAdminTestJSON:test_list_hosts_with_zone): 200 GET http://10.180.1.21/compute/v2.1/os-hosts 1.379s
2025-11-12 17:46:50.529 65712 INFO tempest.lib.common.rest_client [req-12f2c102-e050-48e3-893c-0c8568916957 req-12f2c102-e050-48e3-893c-0c8568916957 ] Request (HypervisorAdminTestJSON:test_get_hypervisor_show_details): 200 GET http://10.180.1.21/compute/v2.1/os-hypervisors/1 1.405s
2025-11-12 17:46:50.535 65720 INFO tempest.lib.common.rest_client [req-ed755124-8f42-44b9-9d7c-b8425dba86e4 req-ed755124-8f42-44b9-9d7c-b8425dba86e4 ] Request (QuotasAdminNegativeTest:test_create_server_when_memory_quota_is_full): 201 POST http://10.180.1.21/identity/v3/auth/tokens 0.065s
2025-11-12 17:46:50.535 65720 INFO tempest.lib.common.fixed_network [-] (QuotasAdminNegativeTest:test_create_server_when_memory_quota_is_full) Found network None available for tenant
2025-11-12 17:46:50.544 65692 INFO tempest.lib.common.rest_client [req-8e0c1b05-7ea7-4e6e-b9c9-81b46c3a8e8c req-8e0c1b05-7ea7-4e6e-b9c9-81b46c3a8e8c ] Request (ServicesAdminNegativeV253TestJSON:test_get_service_by_invalid_service_and_valid_host): 200 GET http://10.180.1.21/compute/v2.1/os-services 1.394s
2025-11-12 17:46:50.608 65706 INFO tempest.lib.common.rest_client [req-3b4414e8-0310-477d-a319-d6a3311bccb5 req-3b4414e8-0310-477d-a319-d6a3311bccb5 ] Request (FlavorsV255TestJSON:tearDownClass): 204 DELETE http://10.180.1.21/networking/v2.0/security-groups/2c820e46-c565-4a2c-bf92-710529888cf0 0.228s
2025-11-12 17:46:50.625 65680 INFO tempest.lib.common.rest_client [req-9f83e6b9-d2ad-4551-8108-ebc92ac3164d req-9f83e6b9-d2ad-4551-8108-ebc92ac3164d ] Request (SecurityGroupsNegativeTestJSON:test_delete_nonexistent_security_group): 404 DELETE http://10.180.1.21/compute/v2.1/os-security-groups/5f8581a2-fbc3-49b3-a3f2-583d13b4cf13 1.537s
2025-11-12 17:46:50.645 65682 INFO tempest.lib.common.rest_client [req-13a8c202-9c1d-470c-b083-7e946f220cbf req-13a8c202-9c1d-470c-b083-7e946f220cbf ] Request (FlavorsExtraSpecsTestJSON:test_flavor_set_get_update_show_unset_keys): 200 GET http://10.180.1.21/compute/v2.1/flavors/872300219/os-extra_specs 1.342s
2025-11-12 17:46:50.699 65714 INFO tempest.lib.common.rest_client [req-c1f4643b-a97f-419e-8439-3d782411fa81 req-c1f4643b-a97f-419e-8439-3d782411fa81 ] Request (QuotaClassesAdminTestJSON:test_update_default_quotas): 200 GET http://10.180.1.21/compute/v2.1/os-quota-class-sets/default 1.243s
2025-11-12 17:46:50.701 65718 INFO tempest.lib.common.rest_client [req-d5aa139d-8f3b-4834-b041-dd1cffbde90e req-d5aa139d-8f3b-4834-b041-dd1cffbde90e ] Request (HypervisorAdminNegativeTestJSON:test_show_hypervisor_with_non_admin_user): 403 GET http://10.180.1.21/compute/v2.1/os-hypervisors/1 1.193s
2025-11-12 17:46:50.717 65706 INFO tempest.lib.common.rest_client [req-8532b702-654e-48aa-b99d-2f09f3230fe5 req-8532b702-654e-48aa-b99d-2f09f3230fe5 ] Request (FlavorsV255TestJSON:tearDownClass): 204 DELETE http://10.180.1.21/identity/v3/projects/ddee190da8014aeb80b23195b758dd08 0.108s
2025-11-12 17:46:50.717 65706 INFO tempest.lib.common.dynamic_creds [-] Deleting project and security group for project: c3f259c107fb4382ab4414753ba7a6fa
2025-11-12 17:46:50.802 65716 INFO tempest.lib.common.rest_client [req-fc99b79b-d2e7-45e7-8709-5a7922ba3439 req-fc99b79b-d2e7-45e7-8709-5a7922ba3439 ] Request (ListImageFiltersTestJSON:setUpClass): 204 PUT http://10.180.1.21/image/v2/images/afe0b571-ea68-4d23-9e8d-62db5a20db0b/file 1.279s
2025-11-12 17:46:50.955 65738 INFO tempest.lib.common.rest_client [req-4737f74f-4b0e-4ac3-9ba7-02bbea3c2f4b req-4737f74f-4b0e-4ac3-9ba7-02bbea3c2f4b ] Request (FlavorsV261TestJSON:tearDownClass): 200 GET http://10.180.1.21/networking/v2.0/security-groups?tenant_id=7ed0ff8fa0da4142bffcecbeac9dfdb1&name=default 0.501s
2025-11-12 17:46:50.990 65686 INFO tempest.lib.common.rest_client [req-06cf92d9-a750-413e-bd0d-c520724b3055 req-06cf92d9-a750-413e-bd0d-c520724b3055 ] Request (ServersTestJSON:setUpClass): 200 GET http://10.180.1.21/compute/v2.1/servers/3d235293-41ed-4338-b29a-a8de0067c29e 1.762s
2025-11-12 17:46:51.155 65706 INFO tempest.lib.common.rest_client [req-af4c8a29-f391-40df-98bf-f70a1694e785 req-af4c8a29-f391-40df-98bf-f70a1694e785 ] Request (FlavorsV255TestJSON:tearDownClass): 200 GET http://10.180.1.21/networking/v2.0/security-groups?tenant_id=c3f259c107fb4382ab4414753ba7a6fa&name=default 0.437s
2025-11-12 17:46:51.285 65738 INFO tempest.lib.common.rest_client [req-2745133d-4ffe-4e4b-8693-2e8c29ac8359 req-2745133d-4ffe-4e4b-8693-2e8c29ac8359 ] Request (FlavorsV261TestJSON:tearDownClass): 204 DELETE http://10.180.1.21/networking/v2.0/security-groups/0ecaffe5-cb32-4350-b6e5-c0535755bfbb 0.329s
2025-11-12 17:46:51.310 65690 INFO tempest.lib.common.rest_client [req-a6ab5497-3cd2-4f6c-a5c4-2820ae009066 req-a6ab5497-3cd2-4f6c-a5c4-2820ae009066 ] Request (TenantUsagesTestJSON:setUpClass): 200 GET http://10.180.1.21/compute/v2.1/servers/7a945479-074c-43d8-9cfb-f9191d545529 1.672s
2025-11-12 17:46:51.386 65738 INFO tempest.lib.common.rest_client [req-6c888e1b-b680-401c-98e4-f4be49fe2f34 req-6c888e1b-b680-401c-98e4-f4be49fe2f34 ] Request (FlavorsV261TestJSON:tearDownClass): 204 DELETE http://10.180.1.21/identity/v3/projects/7ed0ff8fa0da4142bffcecbeac9dfdb1 0.100s
2025-11-12 17:46:51.387 65738 INFO tempest.lib.common.dynamic_creds [-] Deleting project and security group for project: 23057deda2034ed3ad31c95b8604949c
2025-11-12 17:46:51.398 65706 INFO tempest.lib.common.rest_client [req-01c3e73a-d16d-47c5-816f-0e84ce91d4fa req-01c3e73a-d16d-47c5-816f-0e84ce91d4fa ] Request (FlavorsV255TestJSON:tearDownClass): 204 DELETE http://10.180.1.21/networking/v2.0/security-groups/79c64c8f-c6d1-4443-b052-8a2557e42d24 0.242s
2025-11-12 17:46:51.467 65728 INFO tempest.lib.common.rest_client [req-55058f88-0d51-4424-b060-fea3b9118039 req-55058f88-0d51-4424-b060-fea3b9118039 ] Request (ImagesOneServerTestJSON:setUpClass): 200 GET http://10.180.1.21/compute/v2.1/servers/bdeed231-9cf8-40a1-8034-7a066a1e5163 1.887s
2025-11-12 17:46:51.489 65678 INFO tempest.lib.common.rest_client [req-1eab1cad-39f4-4893-9d88-23358c88c568 req-1eab1cad-39f4-4893-9d88-23358c88c568 ] Request (VolumesAssistedSnapshotsTest:test_volume_assisted_snapshot_create_delete): 200 GET http://10.180.1.21/compute/v2.1/servers/a45fc14f-8143-47a4-a53e-dc7fbdc231a5 1.799s
2025-11-12 17:46:51.530 65706 INFO tempest.lib.common.rest_client [req-d91791db-ec3e-4ab7-9299-e77b0ad3ae8b req-d91791db-ec3e-4ab7-9299-e77b0ad3ae8b ] Request (FlavorsV255TestJSON:tearDownClass): 204 DELETE http://10.180.1.21/identity/v3/projects/c3f259c107fb4382ab4414753ba7a6fa 0.132s
2025-11-12 17:46:51.592 65738 INFO tempest.lib.common.rest_client [req-5b07384d-3d2c-48f7-8dd4-0c3e8d957865 req-5b07384d-3d2c-48f7-8dd4-0c3e8d957865 ] Request (FlavorsV261TestJSON:tearDownClass): 200 GET http://10.180.1.21/networking/v2.0/security-groups?tenant_id=23057deda2034ed3ad31c95b8604949c&name=default 0.205s
2025-11-12 17:46:51.615 65706 INFO tempest.lib.common.rest_client [req-a9de04b5-37e9-4ac5-aa25-effc174b63a1 req-a9de04b5-37e9-4ac5-aa25-effc174b63a1 ] Request (AttachInterfacesV270Test:setUpClass): 201 POST http://10.180.1.21/identity/v3/auth/tokens 0.082s
2025-11-12 17:46:51.652 65706 INFO tempest.lib.common.rest_client [req-c3759294-1d5c-42f3-99a8-2bd45ef5fa75 req-c3759294-1d5c-42f3-99a8-2bd45ef5fa75 ] Request (AttachInterfacesV270Test:setUpClass): 201 POST http://10.180.1.21/identity/v3/auth/tokens 0.034s
2025-11-12 17:46:51.680 65706 INFO tempest.lib.common.rest_client [req-d343aae6-c504-45b7-98e6-d8d837400ebc req-d343aae6-c504-45b7-98e6-d8d837400ebc ] Request (AttachInterfacesV270Test:setUpClass): 200 GET http://10.180.1.21/identity/v3/domains?name=Default 0.027s
2025-11-12 17:46:51.715 65706 INFO tempest.lib.common.rest_client [req-2a7909d9-5af0-4519-aeb0-2de3b7edf49c req-2a7909d9-5af0-4519-aeb0-2de3b7edf49c ] Request (AttachInterfacesV270Test:setUpClass): 201 POST http://10.180.1.21/identity/v3/projects 0.034s
2025-11-12 17:46:51.789 65706 INFO tempest.lib.common.rest_client [req-43e1647e-e6c5-4fee-8f51-bc0457a99b07 req-43e1647e-e6c5-4fee-8f51-bc0457a99b07 ] Request (AttachInterfacesV270Test:setUpClass): 201 POST http://10.180.1.21/identity/v3/users 0.073s
2025-11-12 17:46:51.816 65706 INFO tempest.lib.common.rest_client [req-ba967181-b11b-4a07-b71a-4aae1f413ca2 req-ba967181-b11b-4a07-b71a-4aae1f413ca2 ] Request (AttachInterfacesV270Test:setUpClass): 200 GET http://10.180.1.21/identity/v3/roles 0.027s
2025-11-12 17:46:51.847 65706 INFO tempest.lib.common.rest_client [req-0ae6a397-1f31-4fcf-b26c-77396b5ef0d0 req-0ae6a397-1f31-4fcf-b26c-77396b5ef0d0 ] Request (AttachInterfacesV270Test:setUpClass): 204 PUT http://10.180.1.21/identity/v3/projects/c16abbf43aee4cf2ace89bc8a936de30/users/042d5e8eeb444e17a4fb384c5a3a1589/roles/1ed318fb7c2245208ff5a7aafcef559d 0.030s
2025-11-12 17:46:51.848 65706 INFO tempest.lib.common.dynamic_creds [-] Dynamic test user 042d5e8eeb444e17a4fb384c5a3a1589 is created with scope project and roles: ['member']
2025-11-12 17:46:51.848 65706 INFO tempest.lib.common.dynamic_creds [-] Acquired dynamic creds: credentials: Credentials: {'domain_id': 'default', 'domain_name': 'Default', 'username': 'tempest-AttachInterfacesV270Test-306027075-project-member', 'project_domain_id': 'default', 'project_domain_name': 'Default', 'project_id': 'c16abbf43aee4cf2ace89bc8a936de30', 'project_name': 'tempest-AttachInterfacesV270Test-306027075', 'tenant_id': 'c16abbf43aee4cf2ace89bc8a936de30', 'tenant_name': 'tempest-AttachInterfacesV270Test-306027075', 'user_domain_id': 'default', 'user_domain_name': 'Default', 'user_id': '042d5e8eeb444e17a4fb384c5a3a1589', 'system': None}, Network: None, Subnet: None, Router: None
2025-11-12 17:46:51.919 65706 INFO tempest.lib.common.rest_client [req-1d930aad-b8d7-4b60-8369-02a106e04061 req-1d930aad-b8d7-4b60-8369-02a106e04061 ] Request (AttachInterfacesV270Test:setUpClass): 201 POST http://10.180.1.21/identity/v3/auth/tokens 0.071s
2025-11-12 17:46:51.920 65738 INFO tempest.lib.common.rest_client [req-7aa67f9d-d383-4252-9064-07aa6307675c req-7aa67f9d-d383-4252-9064-07aa6307675c ] Request (FlavorsV261TestJSON:tearDownClass): 204 DELETE http://10.180.1.21/networking/v2.0/security-groups/dc9df10a-3b6c-48bb-856f-675fcdb9f0ce 0.327s
2025-11-12 17:46:51.994 65734 INFO tempest.lib.common.rest_client [req-dea168b8-e5f6-406e-bc01-b798e3f6c642 req-dea168b8-e5f6-406e-bc01-b798e3f6c642 ] Request (DeleteServersAdminTestJSON:test_admin_delete_servers_of_others): 200 GET http://10.180.1.21/compute/v2.1/servers/221e526b-ca01-4e51-afa9-e1f54c2c4d01 2.157s
2025-11-12 17:46:52.005 65696 INFO tempest.lib.common.rest_client [req-a35df0c2-25b8-4da6-87bf-c70961442dc1 req-a35df0c2-25b8-4da6-87bf-c70961442dc1 ] Request (ServerDiagnosticsNegativeTest:test_get_server_diagnostics_by_non_admin): 200 GET http://10.180.1.21/compute/v2.1/servers/61bb1af9-ccb5-46aa-9c1c-b2c232d1b38c 2.254s
2025-11-12 17:46:52.022 65738 INFO tempest.lib.common.rest_client [req-e8dc56cf-61e6-4fb1-9a08-0d697821c1cd req-e8dc56cf-61e6-4fb1-9a08-0d697821c1cd ] Request (FlavorsV261TestJSON:tearDownClass): 204 DELETE http://10.180.1.21/identity/v3/projects/23057deda2034ed3ad31c95b8604949c 0.101s
2025-11-12 17:46:52.088 65738 INFO tempest.lib.common.rest_client [req-3aa56c21-71e2-44ea-b645-250f11b77008 req-3aa56c21-71e2-44ea-b645-250f11b77008 ] Request (HypervisorAdminUnderV252Test:setUpClass): 201 POST http://10.180.1.21/identity/v3/auth/tokens 0.064s
2025-11-12 17:46:52.116 65738 INFO tempest.lib.common.rest_client [req-9e91129f-fe1c-4f70-8a8a-57799dcd6f93 req-9e91129f-fe1c-4f70-8a8a-57799dcd6f93 ] Request (HypervisorAdminUnderV252Test:setUpClass): 201 POST http://10.180.1.21/identity/v3/auth/tokens 0.026s
2025-11-12 17:46:52.148 65738 INFO tempest.lib.common.rest_client [req-4f5d40b1-df52-48df-bbb8-1b1429339619 req-4f5d40b1-df52-48df-bbb8-1b1429339619 ] Request (HypervisorAdminUnderV252Test:setUpClass): 200 GET http://10.180.1.21/identity/v3/domains?name=Default 0.031s
2025-11-12 17:46:52.174 65740 INFO tempest.lib.common.rest_client [req-3afd33f5-c6f1-4e4d-a697-f70be4f79b1a req-3afd33f5-c6f1-4e4d-a697-f70be4f79b1a ] Request (FloatingIPsAssociationTestJSON:setUpClass): 200 GET http://10.180.1.21/compute/v2.1/servers/2cdf7083-fd56-48a2-b8f2-1203d163cf6b 2.331s
2025-11-12 17:46:52.184 65738 INFO tempest.lib.common.rest_client [req-8ac1c897-1380-49ea-a702-53e268dfffde req-8ac1c897-1380-49ea-a702-53e268dfffde ] Request (HypervisorAdminUnderV252Test:setUpClass): 201 POST http://10.180.1.21/identity/v3/projects 0.036s
2025-11-12 17:46:52.196 65702 INFO tempest.lib.common.rest_client [req-90ec1c0f-1508-4c76-8f6e-755da1740cd3 req-90ec1c0f-1508-4c76-8f6e-755da1740cd3 ] Request (FlavorsAccessNegativeTestJSON:test_flavor_access_list_with_public_flavor): 200 POST http://10.180.1.21/compute/v2.1/flavors 2.302s
2025-11-12 17:46:52.253 65738 INFO tempest.lib.common.rest_client [req-0d699c57-1708-4690-9b0f-e2fcc142cf42 req-0d699c57-1708-4690-9b0f-e2fcc142cf42 ] Request (HypervisorAdminUnderV252Test:setUpClass): 201 POST http://10.180.1.21/identity/v3/users 0.068s
2025-11-12 17:46:52.282 65738 INFO tempest.lib.common.rest_client [req-1c19ab73-5c96-4f91-918a-4885cbbfa83e req-1c19ab73-5c96-4f91-918a-4885cbbfa83e ] Request (HypervisorAdminUnderV252Test:setUpClass): 200 GET http://10.180.1.21/identity/v3/roles 0.029s
2025-11-12 17:46:52.337 65738 INFO tempest.lib.common.rest_client [req-5b19243c-2e0a-4791-8cad-805f2c7622c6 req-5b19243c-2e0a-4791-8cad-805f2c7622c6 ] Request (HypervisorAdminUnderV252Test:setUpClass): 204 PUT http://10.180.1.21/identity/v3/projects/2532c5050914462bbef4d5c39adf6732/users/b98f9d5d0a8f44afa438cd8618dbed85/roles/1ed318fb7c2245208ff5a7aafcef559d 0.054s
2025-11-12 17:46:52.337 65738 INFO tempest.lib.common.dynamic_creds [-] Dynamic test user b98f9d5d0a8f44afa438cd8618dbed85 is created with scope project and roles: ['member']
2025-11-12 17:46:52.338 65738 INFO tempest.lib.common.dynamic_creds [-] Acquired dynamic creds: credentials: Credentials: {'domain_id': 'default', 'domain_name': 'Default', 'username': 'tempest-HypervisorAdminUnderV252Test-137812547-project-member', 'project_domain_id': 'default', 'project_domain_name': 'Default', 'project_id': '2532c5050914462bbef4d5c39adf6732', 'project_name': 'tempest-HypervisorAdminUnderV252Test-137812547', 'tenant_id': '2532c5050914462bbef4d5c39adf6732', 'tenant_name': 'tempest-HypervisorAdminUnderV252Test-137812547', 'user_domain_id': 'default', 'user_domain_name': 'Default', 'user_id': 'b98f9d5d0a8f44afa438cd8618dbed85', 'system': None}, Network: None, Subnet: None, Router: None
2025-11-12 17:46:52.338 65738 INFO tempest.lib.common.dynamic_creds [-] Created isolated network resources for: credentials: Credentials: {'domain_id': 'default', 'domain_name': 'Default', 'username': 'tempest-HypervisorAdminUnderV252Test-137812547-project-member', 'project_domain_id': 'default', 'project_domain_name': 'Default', 'project_id': '2532c5050914462bbef4d5c39adf6732', 'project_name': 'tempest-HypervisorAdminUnderV252Test-137812547', 'tenant_id': '2532c5050914462bbef4d5c39adf6732', 'tenant_name': 'tempest-HypervisorAdminUnderV252Test-137812547', 'user_domain_id': 'default', 'user_domain_name': 'Default', 'user_id': 'b98f9d5d0a8f44afa438cd8618dbed85', 'system': None}, Network: None, Subnet: None, Router: None
2025-11-12 17:46:52.375 65706 INFO tempest.lib.common.rest_client [req-bb9b67a4-098f-4f64-8197-d1c8370527e3 req-bb9b67a4-098f-4f64-8197-d1c8370527e3 ] Request (AttachInterfacesV270Test:setUpClass): 201 POST http://10.180.1.21/networking/v2.0/networks 0.456s
2025-11-12 17:46:52.444 65738 INFO tempest.lib.common.rest_client [req-86676153-5225-48f1-883e-210b604bc13a req-86676153-5225-48f1-883e-210b604bc13a ] Request (HypervisorAdminUnderV252Test:setUpClass): 201 POST http://10.180.1.21/identity/v3/auth/tokens 0.101s
2025-11-12 17:46:52.499 65724 INFO tempest.lib.common.rest_client [req-6256d424-b10b-47d4-b51f-881cb1cd64cb req-6256d424-b10b-47d4-b51f-881cb1cd64cb ] Request (InstanceActionsV221TestJSON:test_get_list_deleted_instance_actions): 200 GET http://10.180.1.21/compute/v2.1/servers/60755ef8-02f4-42bf-9831-567e14185e27 2.622s
2025-11-12 17:46:52.507 65708 INFO tempest.lib.common.rest_client [req-3bc151c2-4e09-4c45-b87c-3eaf330b574c req-3bc151c2-4e09-4c45-b87c-3eaf330b574c ] Request (FlavorsExtraSpecsNegativeTestJSON:test_flavor_update_mismatch_key): 400 PUT http://10.180.1.21/compute/v2.1/flavors/360422168/os-extra_specs/hw:numa_nodes 2.591s
2025-11-12 17:46:52.517 65710 INFO tempest.lib.common.rest_client [req-fea6d08b-fb94-4c10-a301-4d9de5b25553 req-fea6d08b-fb94-4c10-a301-4d9de5b25553 ] Request (ServersAdminTestJSON:setUpClass): 200 GET http://10.180.1.21/compute/v2.1/servers/c33de911-bf1d-4503-9f8a-1c641d94383d 2.621s
2025-11-12 17:46:52.529 65738 INFO tempest.lib.common.rest_client [req-c81bd116-e706-4f13-b3d9-e3cbf6f208df req-c81bd116-e706-4f13-b3d9-e3cbf6f208df ] Request (HypervisorAdminUnderV252Test:setUpClass): 201 POST http://10.180.1.21/identity/v3/projects 0.085s
2025-11-12 17:46:52.541 65732 INFO tempest.lib.common.rest_client [req-1e55555c-7d36-44fc-b2bc-522378c8f75a req-1e55555c-7d36-44fc-b2bc-522378c8f75a ] Request (FlavorsAdminTestJSON:test_create_flavor_with_int_id): 200 POST http://10.180.1.21/compute/v2.1/flavors 2.586s
2025-11-12 17:46:52.568 65730 INFO tempest.lib.common.rest_client [req-40bd8fab-3fde-4d12-98ca-a4a8e9c43f70 req-40bd8fab-3fde-4d12-98ca-a4a8e9c43f70 ] Request (FlavorsAccessTestJSON:test_flavor_access_list_with_private_flavor): 200 POST http://10.180.1.21/compute/v2.1/flavors 2.571s
2025-11-12 17:46:52.626 65738 INFO tempest.lib.common.rest_client [req-dd23e5bb-b910-4d60-8a6c-c613eb1ab2a6 req-dd23e5bb-b910-4d60-8a6c-c613eb1ab2a6 ] Request (HypervisorAdminUnderV252Test:setUpClass): 201 POST http://10.180.1.21/identity/v3/users 0.096s
2025-11-12 17:46:52.654 65738 INFO tempest.lib.common.rest_client [req-653ac3c6-63e2-454a-b604-03265ac912f0 req-653ac3c6-63e2-454a-b604-03265ac912f0 ] Request (HypervisorAdminUnderV252Test:setUpClass): 200 GET http://10.180.1.21/identity/v3/roles 0.028s
2025-11-12 17:46:52.687 65738 INFO tempest.lib.common.rest_client [req-354460e2-764c-4f0c-b2a5-9873aa8880b3 req-354460e2-764c-4f0c-b2a5-9873aa8880b3 ] Request (HypervisorAdminUnderV252Test:setUpClass): 204 PUT http://10.180.1.21/identity/v3/projects/4c719dec63fc4af9b8967348b5ca9e9c/users/09d111b5025d4359bcdc16215656138a/roles/73993f68c0cc4bf4acdb1e1ffdf6b12c 0.032s
2025-11-12 17:46:52.715 65726 INFO tempest.lib.common.rest_client [req-9c766194-c5bc-4652-b3db-24bcc5521d83 req-9c766194-c5bc-4652-b3db-24bcc5521d83 ] Request (AggregatesAdminNegativeTestJSON:test_aggregate_add_host_as_user): 403 POST http://10.180.1.21/compute/v2.1/os-aggregates/2/action 2.682s
2025-11-12 17:46:52.741 65722 INFO tempest.lib.common.rest_client [req-179c5cf7-1f9b-4ca0-89ff-e85d5bfdad91 req-179c5cf7-1f9b-4ca0-89ff-e85d5bfdad91 ] Request (KeyPairsV210TestJSON:_run_cleanups): 204 DELETE http://10.180.1.21/compute/v2.1/os-keypairs/tempest-keypair-1404845622?user_id=1b622329ef204a1c876be25efc947dec 2.680s
2025-11-12 17:46:52.757 65738 INFO tempest.lib.common.rest_client [req-a772009f-e9ea-4424-a740-90838283c45d req-a772009f-e9ea-4424-a740-90838283c45d ] Request (HypervisorAdminUnderV252Test:setUpClass): 200 GET http://10.180.1.21/identity/v3/roles 0.070s
2025-11-12 17:46:52.779 65738 INFO tempest.lib.common.rest_client [req-90f86a55-bedc-49ff-a4b6-7e53b7fec09b req-90f86a55-bedc-49ff-a4b6-7e53b7fec09b ] Request (HypervisorAdminUnderV252Test:setUpClass): 204 PUT http://10.180.1.21/identity/v3/projects/4c719dec63fc4af9b8967348b5ca9e9c/users/09d111b5025d4359bcdc16215656138a/roles/73993f68c0cc4bf4acdb1e1ffdf6b12c 0.020s
2025-11-12 17:46:52.779 65738 INFO tempest.lib.common.dynamic_creds [-] Dynamic test user 09d111b5025d4359bcdc16215656138a is created with scope project and roles: ['admin']
2025-11-12 17:46:52.780 65738 INFO tempest.lib.common.dynamic_creds [-] Acquired dynamic creds: credentials: Credentials: {'domain_id': 'default', 'domain_name': 'Default', 'username': 'tempest-HypervisorAdminUnderV252Test-1639936582-project-admin', 'project_domain_id': 'default', 'project_domain_name': 'Default', 'project_id': '4c719dec63fc4af9b8967348b5ca9e9c', 'project_name': 'tempest-HypervisorAdminUnderV252Test-1639936582', 'tenant_id': '4c719dec63fc4af9b8967348b5ca9e9c', 'tenant_name': 'tempest-HypervisorAdminUnderV252Test-1639936582', 'user_domain_id': 'default', 'user_domain_name': 'Default', 'user_id': '09d111b5025d4359bcdc16215656138a', 'system': None}, Network: None, Subnet: None, Router: None
2025-11-12 17:46:52.780 65738 INFO tempest.lib.common.dynamic_creds [-] Created isolated network resources for: credentials: Credentials: {'domain_id': 'default', 'domain_name': 'Default', 'username': 'tempest-HypervisorAdminUnderV252Test-1639936582-project-admin', 'project_domain_id': 'default', 'project_domain_name': 'Default', 'project_id': '4c719dec63fc4af9b8967348b5ca9e9c', 'project_name': 'tempest-HypervisorAdminUnderV252Test-1639936582', 'tenant_id': '4c719dec63fc4af9b8967348b5ca9e9c', 'tenant_name': 'tempest-HypervisorAdminUnderV252Test-1639936582', 'user_domain_id': 'default', 'user_domain_name': 'Default', 'user_id': '09d111b5025d4359bcdc16215656138a', 'system': None}, Network: None, Subnet: None, Router: None
2025-11-12 17:46:52.788 65700 INFO tempest.lib.common.rest_client [req-4061ddc4-3266-415c-876e-ba40424edfe5 req-4061ddc4-3266-415c-876e-ba40424edfe5 ] Request (ServersWithSpecificFlavorTestJSON:test_verify_created_server_ephemeral_disk): 200 POST http://10.180.1.21/compute/v2.1/flavors/1844858320/os-extra_specs 2.705s
2025-11-12 17:46:52.877 65706 INFO tempest.lib.common.rest_client [req-d05124c5-980e-4824-a6b7-566f60d82c5f req-d05124c5-980e-4824-a6b7-566f60d82c5f ] Request (AttachInterfacesV270Test:setUpClass): 201 POST http://10.180.1.21/networking/v2.0/subnets 0.501s
2025-11-12 17:46:52.886 65738 INFO tempest.lib.common.rest_client [req-e8b5b15f-8dd1-4a20-8db7-8a81a8183867 req-e8b5b15f-8dd1-4a20-8db7-8a81a8183867 ] Request (HypervisorAdminUnderV252Test:setUpClass): 201 POST http://10.180.1.21/identity/v3/auth/tokens 0.103s
2025-11-12 17:46:52.888 65722 INFO tempest.lib.common.rest_client [req-c86a381f-87c9-43aa-8f28-0f21a43147fb req-c86a381f-87c9-43aa-8f28-0f21a43147fb ] Request (KeyPairsV210TestJSON:tearDownClass): 204 DELETE http://10.180.1.21/identity/v3/users/1b622329ef204a1c876be25efc947dec 0.141s
2025-11-12 17:46:52.956 65688 INFO tempest.lib.common.rest_client [req-1fba3ee7-583d-4724-8ec3-f843eecbbb46 req-1fba3ee7-583d-4724-8ec3-f843eecbbb46 ] Request (SecurityGroupsTestJSON:test_list_security_groups_by_server): 200 GET http://10.180.1.21/compute/v2.1/servers/67a3a65b-7877-419d-b535-5e999e20fcd4 3.011s
2025-11-12 17:46:52.978 65698 INFO tempest.lib.common.rest_client [req-64c10dfe-4d7d-467d-84a6-929baa2e96dc req-64c10dfe-4d7d-467d-84a6-929baa2e96dc ] Request (ServersAdmin275Test:test_rebuild_update_server_275): 200 GET http://10.180.1.21/compute/v2.1/servers/3a163c7e-edc3-47ff-b0f7-7e8675dc7c32 2.831s
2025-11-12 17:46:52.989 65698 INFO tempest.common.waiters [-] State transition "REBUILD/rebuilding" ==> "REBUILD/rebuild_spawning" after 3 second wait
2025-11-12 17:46:53.057 65722 INFO tempest.lib.common.rest_client [req-620b2ee0-6edc-4321-ab20-6e6ed137a4bc req-620b2ee0-6edc-4321-ab20-6e6ed137a4bc ] Request (KeyPairsV210TestJSON:tearDownClass): 204 DELETE http://10.180.1.21/identity/v3/users/bf7b9d5bf2e64fd9a5c3a62245d42cfb 0.168s
2025-11-12 17:46:53.057 65722 INFO tempest.lib.common.dynamic_creds [-] Deleting project and security group for project: e083a29cbc184327b2a445bef499b8f8
2025-11-12 17:46:53.121 65722 INFO tempest.lib.common.rest_client [req-265d1a46-c623-43dd-b432-261044a9d469 req-265d1a46-c623-43dd-b432-261044a9d469 ] Request (KeyPairsV210TestJSON:tearDownClass): 201 POST http://10.180.1.21/identity/v3/auth/tokens 0.063s
2025-11-12 17:46:53.745 65706 INFO tempest.lib.common.rest_client [req-0530e8b6-2569-4540-bac0-cccd1e593834 req-0530e8b6-2569-4540-bac0-cccd1e593834 ] Request (AttachInterfacesV270Test:setUpClass): 201 POST http://10.180.1.21/networking/v2.0/routers 0.867s
2025-11-12 17:46:54.379 65722 INFO tempest.lib.common.rest_client [req-3749820f-a159-49d1-8187-8ec4f3d51542 req-3749820f-a159-49d1-8187-8ec4f3d51542 ] Request (KeyPairsV210TestJSON:tearDownClass): 200 GET http://10.180.1.21/networking/v2.0/security-groups?tenant_id=e083a29cbc184327b2a445bef499b8f8&name=default 1.257s
2025-11-12 17:46:54.609 65704 INFO tempest.lib.common.rest_client [req-70fb8a95-b03f-405b-a9b0-75ff4145d905 req-70fb8a95-b03f-405b-a9b0-75ff4145d905 ] Request (VolumesAdminNegativeTest:test_update_attached_volume_with_nonexistent_volume_in_uri): 200 GET http://10.180.1.21/compute/v2.1/servers/dbbfb668-7aea-484a-95ab-6f529bf4dbb9 4.354s
2025-11-12 17:46:54.617 65704 INFO tempest.common.waiters [-] State transition "BUILD/networking" ==> "BUILD/spawning" after 7 second wait
2025-11-12 17:46:54.634 65684 INFO tempest.lib.common.rest_client [req-739c18c1-52ca-4a8c-8185-f3dbd95412c6 req-739c18c1-52ca-4a8c-8185-f3dbd95412c6 ] Request (ServerDiagnosticsTest:test_get_server_diagnostics): 200 GET http://10.180.1.21/compute/v2.1/servers/ce2f11fb-4dfb-4603-bc90-5d11eafb8ea3 4.353s
2025-11-12 17:46:54.642 65736 INFO tempest.lib.common.rest_client [req-d7446325-0135-465c-8e00-9ea0922dc22a req-d7446325-0135-465c-8e00-9ea0922dc22a ] Request (HostsAdminTestJSON:test_list_hosts_with_zone): 200 GET http://10.180.1.21/compute/v2.1/os-hosts?zone=internal 4.150s
2025-11-12 17:46:54.669 65712 INFO tempest.lib.common.rest_client [req-7e251427-9bae-4c55-aee5-36ea29d6d37e req-7e251427-9bae-4c55-aee5-36ea29d6d37e ] Request (HypervisorAdminTestJSON:test_get_hypervisor_stats): 200 GET http://10.180.1.21/compute/v2.1/os-hypervisors/statistics 4.135s
2025-11-12 17:46:54.701 65692 INFO tempest.lib.common.rest_client [req-4bd0a74f-01ba-46ad-a789-ccfa8cb11aa7 req-4bd0a74f-01ba-46ad-a789-ccfa8cb11aa7 ] Request (ServicesAdminNegativeV253TestJSON:test_get_service_by_invalid_service_and_valid_host): 200 GET http://10.180.1.21/compute/v2.1/os-services?host=devstack&binary=xxx 4.154s
2025-11-12 17:46:54.706 65680 INFO tempest.lib.common.rest_client [req-4a7dbbdc-d01e-44b0-8e62-df3ece493957 req-4a7dbbdc-d01e-44b0-8e62-df3ece493957 ] Request (SecurityGroupsNegativeTestJSON:test_delete_security_group_without_passing_id): 404 DELETE http://10.180.1.21/compute/v2.1/os-security-groups/ 4.079s
2025-11-12 17:46:54.753 65682 INFO tempest.lib.common.rest_client [req-371e4cc2-3815-4121-a158-ea5bfc414d0a req-371e4cc2-3815-4121-a158-ea5bfc414d0a ] Request (FlavorsExtraSpecsTestJSON:test_flavor_set_get_update_show_unset_keys): 200 DELETE http://10.180.1.21/compute/v2.1/flavors/872300219/os-extra_specs/hw:numa_nodes 4.106s
2025-11-12 17:46:54.802 65722 INFO tempest.lib.common.rest_client [req-ca28067a-d498-4e08-9176-3e91c54e3800 req-ca28067a-d498-4e08-9176-3e91c54e3800 ] Request (KeyPairsV210TestJSON:tearDownClass): 204 DELETE http://10.180.1.21/networking/v2.0/security-groups/3989feef-d7c7-43ec-96e9-5706d754ac63 0.422s
2025-11-12 17:46:54.826 65712 INFO tempest.lib.common.rest_client [req-46c7966d-cbea-4aff-a81e-d7d068cbe20a req-46c7966d-cbea-4aff-a81e-d7d068cbe20a ] Request (HypervisorAdminTestJSON:tearDownClass): 204 DELETE http://10.180.1.21/identity/v3/users/e24fc07cafbd4053b6ba33142280b353 0.151s
2025-11-12 17:46:54.835 65714 INFO tempest.lib.common.rest_client [req-55255715-42b2-416f-b55b-22ee8df0fc76 req-55255715-42b2-416f-b55b-22ee8df0fc76 ] Request (QuotaClassesAdminTestJSON:_run_cleanups): 200 PUT http://10.180.1.21/compute/v2.1/os-quota-class-sets/default 4.134s
2025-11-12 17:46:54.841 65718 INFO tempest.lib.common.rest_client [req-957213e1-4297-4a84-b408-f5b371a1da56 req-957213e1-4297-4a84-b408-f5b371a1da56 ] Request (HypervisorAdminNegativeTestJSON:test_show_nonexistent_hypervisor): 404 GET http://10.180.1.21/compute/v2.1/os-hypervisors/ac2718f0-1c67-4393-a37a-71262cb54c6f 4.136s
2025-11-12 17:46:54.886 65716 INFO tempest.lib.common.rest_client [req-5199cfe3-3989-484b-a1ee-c59da08feedb req-5199cfe3-3989-484b-a1ee-c59da08feedb ] Request (ListImageFiltersTestJSON:setUpClass): 200 GET http://10.180.1.21/compute/v2.1/images/afe0b571-ea68-4d23-9e8d-62db5a20db0b 4.083s
2025-11-12 17:46:54.946 65722 INFO tempest.lib.common.rest_client [req-ea88d885-5331-411c-8953-f147ac1d11d7 req-ea88d885-5331-411c-8953-f147ac1d11d7 ] Request (KeyPairsV210TestJSON:tearDownClass): 204 DELETE http://10.180.1.21/identity/v3/projects/e083a29cbc184327b2a445bef499b8f8 0.143s
2025-11-12 17:46:54.946 65722 INFO tempest.lib.common.dynamic_creds [-] Deleting project and security group for project: b1f7adca055544568114a35494a1edf3
2025-11-12 17:46:54.954 65712 INFO tempest.lib.common.rest_client [req-2638c60d-5ef0-4b88-b8a5-cb006626b64b req-2638c60d-5ef0-4b88-b8a5-cb006626b64b ] Request (HypervisorAdminTestJSON:tearDownClass): 204 DELETE http://10.180.1.21/identity/v3/users/6ee104c918a044f59cacd206944ab806 0.128s
2025-11-12 17:46:54.954 65712 INFO tempest.lib.common.dynamic_creds [-] Deleting project and security group for project: 22216f7e7e394dd6b8c1f86b2d7e5ed9
2025-11-12 17:46:55.059 65718 INFO tempest.lib.common.rest_client [req-210d08d6-be7b-4962-a44e-8c3af588db0a req-210d08d6-be7b-4962-a44e-8c3af588db0a ] Request (HypervisorAdminNegativeTestJSON:tearDownClass): 204 DELETE http://10.180.1.21/identity/v3/users/595adbdbc99b4184a08284a540c75ad5 0.217s
2025-11-12 17:46:55.101 65714 INFO tempest.lib.common.rest_client [req-77a97099-82a9-4270-a988-2e358ea90480 req-77a97099-82a9-4270-a988-2e358ea90480 ] Request (QuotaClassesAdminTestJSON:tearDownClass): 204 DELETE http://10.180.1.21/identity/v3/users/0a21fecb1a754d0a8a73a5cab684d7f7 0.260s
2025-11-12 17:46:55.120 65712 INFO tempest.lib.common.rest_client [req-b5878675-a71f-4dc1-a260-f0e356e4c03e req-b5878675-a71f-4dc1-a260-f0e356e4c03e ] Request (HypervisorAdminTestJSON:tearDownClass): 201 POST http://10.180.1.21/identity/v3/auth/tokens 0.165s
2025-11-12 17:46:55.205 65718 INFO tempest.lib.common.rest_client [req-a7b20121-af77-405e-9868-d67c7b486a1e req-a7b20121-af77-405e-9868-d67c7b486a1e ] Request (HypervisorAdminNegativeTestJSON:tearDownClass): 204 DELETE http://10.180.1.21/identity/v3/users/51d13eaad9ef460585ec8cea1841b374 0.146s
2025-11-12 17:46:55.206 65718 INFO tempest.lib.common.dynamic_creds [-] Deleting project and security group for project: a4f78ef558404e53bbaf7512eedc1558
2025-11-12 17:46:55.213 65722 INFO tempest.lib.common.rest_client [req-ccdffe43-6d2e-4ea6-afe6-22e9508ee1c1 req-ccdffe43-6d2e-4ea6-afe6-22e9508ee1c1 ] Request (KeyPairsV210TestJSON:tearDownClass): 200 GET http://10.180.1.21/networking/v2.0/security-groups?tenant_id=b1f7adca055544568114a35494a1edf3&name=default 0.266s
2025-11-12 17:46:55.256 65714 INFO tempest.lib.common.rest_client [req-f1a9be1b-8644-425d-b0b7-a19f1f962ff6 req-f1a9be1b-8644-425d-b0b7-a19f1f962ff6 ] Request (QuotaClassesAdminTestJSON:tearDownClass): 204 DELETE http://10.180.1.21/identity/v3/users/d71948f286d74243bf8d7990c6bd7317 0.154s
2025-11-12 17:46:55.256 65714 INFO tempest.lib.common.dynamic_creds [-] Deleting project and security group for project: afa263ebfed84d1fa6f6d04500486f6a
2025-11-12 17:46:55.298 65718 INFO tempest.lib.common.rest_client [req-8591547f-eec0-4ae5-a982-77222fd0a5d5 req-8591547f-eec0-4ae5-a982-77222fd0a5d5 ] Request (HypervisorAdminNegativeTestJSON:tearDownClass): 201 POST http://10.180.1.21/identity/v3/auth/tokens 0.092s
2025-11-12 17:46:55.332 65714 INFO tempest.lib.common.rest_client [req-a7191387-f516-4836-88ee-1148718abbef req-a7191387-f516-4836-88ee-1148718abbef ] Request (QuotaClassesAdminTestJSON:tearDownClass): 201 POST http://10.180.1.21/identity/v3/auth/tokens 0.076s
2025-11-12 17:46:55.349 65706 INFO tempest.lib.common.rest_client [req-e525f482-a029-429c-8c22-7d210d8ba515 req-e525f482-a029-429c-8c22-7d210d8ba515 ] Request (AttachInterfacesV270Test:setUpClass): 200 PUT http://10.180.1.21/networking/v2.0/routers/83fa7649-1658-48cc-9e82-f41eb37189b8/add_router_interface 1.602s
2025-11-12 17:46:55.349 65706 INFO tempest.lib.common.dynamic_creds [-] Created isolated network resources for: credentials: Credentials: {'domain_id': 'default', 'domain_name': 'Default', 'username': 'tempest-AttachInterfacesV270Test-306027075-project-member', 'project_domain_id': 'default', 'project_domain_name': 'Default', 'project_id': 'c16abbf43aee4cf2ace89bc8a936de30', 'project_name': 'tempest-AttachInterfacesV270Test-306027075', 'tenant_id': 'c16abbf43aee4cf2ace89bc8a936de30', 'tenant_name': 'tempest-AttachInterfacesV270Test-306027075', 'user_domain_id': 'default', 'user_domain_name': 'Default', 'user_id': '042d5e8eeb444e17a4fb384c5a3a1589', 'system': None}, Network: {'id': 'f8368abf-8a25-4a7f-899f-6cbaa23f1e5a', 'name': 'tempest-AttachInterfacesV270Test-1540363393-network', 'tenant_id': 'c16abbf43aee4cf2ace89bc8a936de30', 'project_id': 'c16abbf43aee4cf2ace89bc8a936de30', 'admin_state_up': True, 'mtu': 8950, 'status': 'ACTIVE', 'subnets': [], 'shared': False, 'port_security_enabled': True, 'router:external': False, 'provider:network_type': 'vlan', 'provider:physical_network': 'default', 'provider:segmentation_id': 904, 'availability_zone_hints': [], 'availability_zones': [], 'ipv4_address_scope': None, 'ipv6_address_scope': None, 'description': '', 'tags': [], 'created_at': '2025-11-12T17:46:52Z', 'updated_at': '2025-11-12T17:46:52Z', 'revision_number': 1}, Subnet: {'id': '96c6eaa0-b852-459d-8d05-1679f7b58cf1', 'name': 'tempest-AttachInterfacesV270Test-1540363393-subnet', 'tenant_id': 'c16abbf43aee4cf2ace89bc8a936de30', 'network_id': 'f8368abf-8a25-4a7f-899f-6cbaa23f1e5a', 'ip_version': 4, 'subnetpool_id': None, 'enable_dhcp': True, 'ipv6_ra_mode': None, 'ipv6_address_mode': None, 'gateway_ip': '192.168.128.1', 'cidr': '192.168.128.0/28', 'allocation_pools': [{'start': '192.168.128.2', 'end': '192.168.128.14'}], 'host_routes': [], 'dns_nameservers': [], 'description': '', 'router:external': False, 'service_types': [], 'tags': [], 'created_at': '2025-11-12T17:46:52Z', 'updated_at': '2025-11-12T17:46:52Z', 'revision_number': 0, 'project_id': 'c16abbf43aee4cf2ace89bc8a936de30'}, Router: {'id': '83fa7649-1658-48cc-9e82-f41eb37189b8', 'name': 'tempest-AttachInterfacesV270Test-1540363393-router', 'tenant_id': 'c16abbf43aee4cf2ace89bc8a936de30', 'admin_state_up': True, 'status': 'ACTIVE', 'external_gateway_info': {'network_id': 'f49fa029-bb57-42e5-88f6-c5be322eca3d', 'external_fixed_ips': [{'subnet_id': 'f8adcb77-36fb-44b6-a7e4-00d69a6bb0fa', 'ip_address': '10.180.180.220'}], 'enable_snat': True}, 'description': '', 'availability_zones': [], 'distributed': False, 'ha': False, 'availability_zone_hints': [], 'routes': [], 'flavor_id': None, 'tags': [], 'created_at': '2025-11-12T17:46:52Z', 'updated_at': '2025-11-12T17:46:53Z', 'revision_number': 2, 'project_id': 'c16abbf43aee4cf2ace89bc8a936de30'}
2025-11-12 17:46:55.430 65694 INFO tempest.lib.common.rest_client [req-14a51975-820e-4285-9219-284ef55c336c req-14a51975-820e-4285-9219-284ef55c336c ] Request (ServersTestFqdnHostnames:test_create_server_with_fqdn_name): 200 GET http://10.180.1.21/compute/v2.1/servers/9a6a4479-4ba4-4c92-8b44-d57f02ac398f 4.193s
2025-11-12 17:46:55.440 65694 INFO tempest.common.waiters [-] State transition "BUILD/None" ==> "BUILD/spawning" after 8 second wait
