2025-11-12 17:48:20.721 65724 INFO tempest.lib.common.rest_client [req-c7495481-01d7-4c86-89fc-3ac5a553946b req-c7495481-01d7-4c86-89fc-3ac5a553946b ] Request (VolumesNegativeTest:tearDownClass): 200 GET http://10.180.1.21/networking/v2.0/security-groups?tenant_id=ac179c8b907d470baadcdad362c3d091&name=default 0.566s
2025-11-12 17:48:21.194 65694 INFO tempest.lib.common.rest_client [req-9ed42862-9bf6-4d19-8b62-4db8d644414d req-9ed42862-9bf6-4d19-8b62-4db8d644414d ] Request (ServersTestFqdnHostnames:tearDownClass): 204 DELETE http://10.180.1.21/networking/v2.0/routers/68efd01d-c949-402b-84dd-081a6649390b 0.725s
2025-11-12 17:48:21.195 65702 INFO tempest.lib.common.rest_client [req-66021cc9-3db5-4685-b3eb-eef0ec4239fb req-66021cc9-3db5-4685-b3eb-eef0ec4239fb ] Request (QuotaClassesAdmin257Test:tearDownClass): 200 GET http://10.180.1.21/networking/v2.0/security-groups?tenant_id=761c0c1238cd4fd3bb802d13232700a7&name=default 0.692s
2025-11-12 17:48:21.285 65700 WARNING tempest.lib.common.ssh [-] Failed to establish authenticated ssh connection to cirros@10.180.180.248 ([Errno None] Unable to connect to port 22 on 10.180.180.248). Number attempts: 6. Retry after 7 seconds.: paramiko.ssh_exception.NoValidConnectionsError: [Errno None] Unable to connect to port 22 on 10.180.180.248
2025-11-12 17:48:21.290 65706 INFO tempest.lib.common.rest_client [req-5f9f55c0-dd28-49dd-b0cc-42d88bc0ff00 req-5f9f55c0-dd28-49dd-b0cc-42d88bc0ff00 ] Request (ServersTestBootFromVolume:setUpClass): 201 POST http://10.180.1.21/networking/v2.0/security-group-rules 0.718s
2025-11-12 17:48:21.325 65716 INFO tempest.lib.common.rest_client [req-587c0619-da11-4287-92f1-90f7da02415d req-587c0619-da11-4287-92f1-90f7da02415d ] Request (ListImageFiltersTestJSON:setUpClass): 200 GET http://10.180.1.21/compute/v2.1/servers/c0b11f26-7241-41b1-8062-0cf387b0ee82 4.013s
2025-11-12 17:48:21.343 65724 INFO tempest.lib.common.rest_client [req-e732d90d-e0df-4802-893c-992c4aeaa87f req-e732d90d-e0df-4802-893c-992c4aeaa87f ] Request (VolumesNegativeTest:tearDownClass): 204 DELETE http://10.180.1.21/networking/v2.0/security-groups/062f02cf-517d-4907-b509-44c3d0f80edb 0.622s
2025-11-12 17:48:21.437 65724 INFO tempest.lib.common.rest_client [req-39dce4f6-06e8-4920-8d66-d8554f9626dc req-39dce4f6-06e8-4920-8d66-d8554f9626dc ] Request (VolumesNegativeTest:tearDownClass): 204 DELETE http://10.180.1.21/identity/v3/projects/ac179c8b907d470baadcdad362c3d091 0.093s
2025-11-12 17:48:21.461 65702 INFO tempest.lib.common.rest_client [req-66ff71c7-7cbe-4758-8ed2-1569c91ba8b1 req-66ff71c7-7cbe-4758-8ed2-1569c91ba8b1 ] Request (QuotaClassesAdmin257Test:tearDownClass): 204 DELETE http://10.180.1.21/networking/v2.0/security-groups/b287567b-66cf-4661-b2a3-e5871a7b6f91 0.265s
2025-11-12 17:48:21.516 65694 INFO tempest.lib.common.rest_client [req-62e49917-f9bc-4a7c-89ef-42debd0fc1ff req-62e49917-f9bc-4a7c-89ef-42debd0fc1ff ] Request (ServersTestFqdnHostnames:tearDownClass): 204 DELETE http://10.180.1.21/networking/v2.0/subnets/577b09f0-e167-43fd-a3de-4ce68a0160d4 0.322s
2025-11-12 17:48:21.584 65702 INFO tempest.lib.common.rest_client [req-5f8ddf4f-3057-4049-8638-a5bcb9c7ad9e req-5f8ddf4f-3057-4049-8638-a5bcb9c7ad9e ] Request (QuotaClassesAdmin257Test:tearDownClass): 204 DELETE http://10.180.1.21/identity/v3/projects/761c0c1238cd4fd3bb802d13232700a7 0.122s
2025-11-12 17:48:21.627 65682 INFO tempest.lib.common.rest_client [req-2cc370f1-5bc3-43b7-8851-13ca90d8fea3 req-2cc370f1-5bc3-43b7-8851-13ca90d8fea3 ] Request (FloatingIPsAssociationNegativeTestJSON:test_associate_ip_to_server_with_floating_ip): 200 POST http://10.180.1.21/compute/v2.1/os-floating-ips 4.571s
2025-11-12 17:48:21.679 65678 INFO tempest.lib.common.rest_client [req-cfc5f66f-874c-48b8-91ef-dbcc3e2875e1 req-cfc5f66f-874c-48b8-91ef-dbcc3e2875e1 ] Request (VolumesAssistedSnapshotsTest:_run_cleanups): 200 GET http://10.180.1.21/compute/v2.1/servers/a45fc14f-8143-47a4-a53e-dc7fbdc231a5/os-volume_attachments 3.818s
2025-11-12 17:48:21.680 65702 INFO tempest.lib.common.rest_client [req-3595d05d-c6cf-48c5-b42e-dfeb2f7f185c req-3595d05d-c6cf-48c5-b42e-dfeb2f7f185c ] Request (FloatingIPDetailsTestJSON:setUpClass): 201 POST http://10.180.1.21/identity/v3/auth/tokens 0.094s
2025-11-12 17:48:21.717 65702 INFO tempest.lib.common.rest_client [req-f002949a-1988-411c-aa9a-d8e0484aec8b req-f002949a-1988-411c-aa9a-d8e0484aec8b ] Request (FloatingIPDetailsTestJSON:setUpClass): 201 POST http://10.180.1.21/identity/v3/auth/tokens 0.035s
2025-11-12 17:48:21.719 65678 INFO tempest.lib.common.rest_client [req-68b0ae50-7637-435a-938c-a28f7627826d req-68b0ae50-7637-435a-938c-a28f7627826d ] Request (VolumesAssistedSnapshotsTest:_run_cleanups): 200 GET http://10.180.1.21/volume/v3/volumes/243e2010-a96b-4111-8631-faac95b02e72 0.038s
2025-11-12 17:48:21.726 65678 INFO tempest.common.waiters [-] volume 243e2010-a96b-4111-8631-faac95b02e72 reached available after waiting for 0.726111 seconds
2025-11-12 17:48:21.750 65702 INFO tempest.lib.common.rest_client [req-cd826490-5492-43b9-9653-fba49d633604 req-cd826490-5492-43b9-9653-fba49d633604 ] Request (FloatingIPDetailsTestJSON:setUpClass): 200 GET http://10.180.1.21/identity/v3/domains?name=Default 0.032s
2025-11-12 17:48:21.797 65702 INFO tempest.lib.common.rest_client [req-f0e15a8f-9b63-4ec0-b505-d1c5d82c7476 req-f0e15a8f-9b63-4ec0-b505-d1c5d82c7476 ] Request (FloatingIPDetailsTestJSON:setUpClass): 201 POST http://10.180.1.21/identity/v3/projects 0.046s
2025-11-12 17:48:21.800 65678 INFO tempest.lib.common.rest_client [req-349bd9b8-fa7e-46c1-8a0d-027e1472f16e req-349bd9b8-fa7e-46c1-8a0d-027e1472f16e ] Request (VolumesAssistedSnapshotsTest:_run_cleanups): 202 DELETE http://10.180.1.21/volume/v3/volumes/243e2010-a96b-4111-8631-faac95b02e72 0.074s
2025-11-12 17:48:21.842 65678 INFO tempest.lib.common.rest_client [req-ca2317a7-879f-4df3-ba2f-82a5f393d47b req-ca2317a7-879f-4df3-ba2f-82a5f393d47b ] Request (VolumesAssistedSnapshotsTest:_run_cleanups): 200 GET http://10.180.1.21/volume/v3/volumes/243e2010-a96b-4111-8631-faac95b02e72 0.041s
2025-11-12 17:48:21.917 65702 INFO tempest.lib.common.rest_client [req-228e3992-0e15-43fb-a0ff-913f1e6285d9 req-228e3992-0e15-43fb-a0ff-913f1e6285d9 ] Request (FloatingIPDetailsTestJSON:setUpClass): 201 POST http://10.180.1.21/identity/v3/users 0.119s
2025-11-12 17:48:21.938 65702 INFO tempest.lib.common.rest_client [req-556aacb7-7c7b-4ec6-bb52-dd050d2dab00 req-556aacb7-7c7b-4ec6-bb52-dd050d2dab00 ] Request (FloatingIPDetailsTestJSON:setUpClass): 200 GET http://10.180.1.21/identity/v3/roles 0.020s
2025-11-12 17:48:21.978 65702 INFO tempest.lib.common.rest_client [req-52f8bb5a-6955-4f08-8d1c-4c3ccd79e1be req-52f8bb5a-6955-4f08-8d1c-4c3ccd79e1be ] Request (FloatingIPDetailsTestJSON:setUpClass): 204 PUT http://10.180.1.21/identity/v3/projects/16b742987553442199bc6fc019ac6448/users/95d39951a49a4fc2bd51a466535b1cd0/roles/1ed318fb7c2245208ff5a7aafcef559d 0.039s
2025-11-12 17:48:21.978 65702 INFO tempest.lib.common.dynamic_creds [-] Dynamic test user 95d39951a49a4fc2bd51a466535b1cd0 is created with scope project and roles: ['member']
2025-11-12 17:48:21.978 65702 INFO tempest.lib.common.dynamic_creds [-] Acquired dynamic creds: credentials: Credentials: {'domain_id': 'default', 'domain_name': 'Default', 'username': 'tempest-FloatingIPDetailsTestJSON-41254053-project-member', 'project_domain_id': 'default', 'project_domain_name': 'Default', 'project_id': '16b742987553442199bc6fc019ac6448', 'project_name': 'tempest-FloatingIPDetailsTestJSON-41254053', 'tenant_id': '16b742987553442199bc6fc019ac6448', 'tenant_name': 'tempest-FloatingIPDetailsTestJSON-41254053', 'user_domain_id': 'default', 'user_domain_name': 'Default', 'user_id': '95d39951a49a4fc2bd51a466535b1cd0', 'system': None}, Network: None, Subnet: None, Router: None
2025-11-12 17:48:21.982 65706 INFO tempest.lib.common.rest_client [req-74fb964f-cfe6-4cb4-ab75-e9bf79cfdd77 req-74fb964f-cfe6-4cb4-ab75-e9bf79cfdd77 ] Request (ServersTestBootFromVolume:setUpClass): 201 POST http://10.180.1.21/networking/v2.0/floatingips 0.691s
2025-11-12 17:48:22.051 65706 INFO tempest.lib.common.rest_client [req-168610de-2ca8-45ad-8b36-7ee9910cf687 req-168610de-2ca8-45ad-8b36-7ee9910cf687 ] Request (ServersTestBootFromVolume:setUpClass): 201 POST http://10.180.1.21/identity/v3/auth/tokens 0.064s
2025-11-12 17:48:22.051 65706 INFO tempest.lib.common.fixed_network [-] (ServersTestBootFromVolume:setUpClass) Found network {'id': '4b9dd5ef-b55e-4b69-9eba-80712ac28be5', 'name': 'tempest-ServersTestBootFromVolume-367052484-network', 'tenant_id': 'b7241cbfebc44aa18169b6ed357b3d66', 'project_id': 'b7241cbfebc44aa18169b6ed357b3d66', 'admin_state_up': True, 'mtu': 8950, 'status': 'ACTIVE', 'subnets': [], 'shared': False, 'port_security_enabled': True, 'router:external': False, 'provider:network_type': 'vlan', 'provider:physical_network': 'default', 'provider:segmentation_id': 359, 'availability_zone_hints': [], 'availability_zones': [], 'ipv4_address_scope': None, 'ipv6_address_scope': None, 'description': '', 'tags': [], 'created_at': '2025-11-12T17:48:13Z', 'updated_at': '2025-11-12T17:48:13Z', 'revision_number': 1} available for tenant
2025-11-12 17:48:22.054 65702 INFO tempest.lib.common.rest_client [req-e986b0bd-60f8-445e-b520-c77c340a8bb8 req-e986b0bd-60f8-445e-b520-c77c340a8bb8 ] Request (FloatingIPDetailsTestJSON:setUpClass): 201 POST http://10.180.1.21/identity/v3/auth/tokens 0.076s
2025-11-12 17:48:22.056 65694 INFO tempest.lib.common.rest_client [req-9a9ff33a-a868-4ba5-b5d5-9ded0f0787c4 req-9a9ff33a-a868-4ba5-b5d5-9ded0f0787c4 ] Request (ServersTestFqdnHostnames:tearDownClass): 204 DELETE http://10.180.1.21/networking/v2.0/networks/a6307f70-4e9e-44ff-8e7e-494f09c05b0c 0.540s
2025-11-12 17:48:22.066 65688 INFO tempest.lib.common.rest_client [req-abdd28c7-d8bd-4ec6-8557-1edd2abc460a req-abdd28c7-d8bd-4ec6-8557-1edd2abc460a ] Request (SecurityGroupsTestJSON:test_security_groups_create_list_delete): 202 DELETE http://10.180.1.21/compute/v2.1/os-security-groups/529f3dca-ed12-47ec-a14a-e113e122783e 4.722s
2025-11-12 17:48:22.130 65720 INFO tempest.lib.common.rest_client [req-1cd5e3e5-5656-46ae-812a-9d7f65a1c19c req-1cd5e3e5-5656-46ae-812a-9d7f65a1c19c ] Request (ServersAdminNegativeTestJSON:test_migrate_server_invalid_state): 200 GET http://10.180.1.21/compute/v2.1/servers/112645d8-467a-4e11-bd27-08be3bc1be4d 3.982s
2025-11-12 17:48:22.142 65694 INFO tempest.lib.common.rest_client [req-ba45a065-b527-4a3c-b03b-8cfdbe453b1a req-ba45a065-b527-4a3c-b03b-8cfdbe453b1a ] Request (ServersTestFqdnHostnames:tearDownClass): 204 DELETE http://10.180.1.21/identity/v3/users/6e0aeb315a7c4648b22adee3777e8817 0.085s
2025-11-12 17:48:22.142 65694 INFO tempest.lib.common.dynamic_creds [-] Deleting project and security group for project: 21efcd38103741cda7db9966a7f55573
2025-11-12 17:48:22.197 65736 INFO tempest.lib.common.rest_client [req-fa5dd86d-044e-4e41-9d13-7b687c0fcb69 req-fa5dd86d-044e-4e41-9d13-7b687c0fcb69 ] Request (MultipleCreateTestJSON:_run_cleanups): 200 GET http://10.180.1.21/compute/v2.1/servers/aaa9e87e-177a-4cee-865b-d80dc1534b77 3.969s
2025-11-12 17:48:22.251 65694 INFO tempest.lib.common.rest_client [req-850194b6-f0d0-4e06-b410-8abf5b7da602 req-850194b6-f0d0-4e06-b410-8abf5b7da602 ] Request (ServersTestFqdnHostnames:tearDownClass): 200 GET http://10.180.1.21/networking/v2.0/security-groups?tenant_id=21efcd38103741cda7db9966a7f55573&name=default 0.108s
2025-11-12 17:48:22.289 65728 INFO tempest.lib.common.rest_client [req-385651fd-984e-4df7-8329-8e76b0938674 req-385651fd-984e-4df7-8329-8e76b0938674 ] Request (ImagesOneServerTestJSON:tearDownClass): 204 DELETE http://10.180.1.21/compute/v2.1/servers/bdeed231-9cf8-40a1-8034-7a066a1e5163 3.933s
2025-11-12 17:48:22.324 65722 INFO tempest.lib.common.rest_client [req-a4f7b928-7971-49ca-b43d-78c0e5f55fbb req-a4f7b928-7971-49ca-b43d-78c0e5f55fbb ] Request (ImagesMetadataTestJSON:test_update_image_metadata): 200 GET http://10.180.1.21/compute/v2.1/images/f41b5023-a031-427f-8642-23e1cf7054d0/metadata 3.359s
2025-11-12 17:48:22.409 65722 INFO tempest.lib.common.rest_client [req-0d5747ae-9b8d-42ff-b162-0b847a945ec2 req-0d5747ae-9b8d-42ff-b162-0b847a945ec2 ] Request (ImagesMetadataTestJSON:tearDownClass): 204 DELETE http://10.180.1.21/image/v2/images/f41b5023-a031-427f-8642-23e1cf7054d0 0.082s
2025-11-12 17:48:22.470 65702 INFO tempest.lib.common.rest_client [req-001e3dca-ef8e-41aa-a243-079fd8571bc8 req-001e3dca-ef8e-41aa-a243-079fd8571bc8 ] Request (FloatingIPDetailsTestJSON:setUpClass): 201 POST http://10.180.1.21/networking/v2.0/networks 0.415s
2025-11-12 17:48:22.505 65722 INFO tempest.lib.common.rest_client [req-8a95d08a-a31d-4476-a624-67e70708ad1b req-8a95d08a-a31d-4476-a624-67e70708ad1b ] Request (ImagesMetadataTestJSON:tearDownClass): 204 DELETE http://10.180.1.21/identity/v3/users/66657af5fdbf43248ca35b7a6ecea0cd 0.095s
2025-11-12 17:48:22.506 65722 INFO tempest.lib.common.dynamic_creds [-] Deleting project and security group for project: ea586876fcca40cf9a080d6b604f4e0d
2025-11-12 17:48:22.553 65694 INFO tempest.lib.common.rest_client [req-c8a73af5-6e34-4f3f-b078-2222136777c1 req-c8a73af5-6e34-4f3f-b078-2222136777c1 ] Request (ServersTestFqdnHostnames:tearDownClass): 204 DELETE http://10.180.1.21/networking/v2.0/security-groups/ed19c98f-249a-4761-a3b7-642af2ff73ed 0.302s
2025-11-12 17:48:22.589 65718 INFO tempest.lib.common.rest_client [req-2d246b5b-fc62-4277-855c-cf6ecdb2bf3a req-2d246b5b-fc62-4277-855c-cf6ecdb2bf3a ] Request (MigrationsAdminTest:test_list_migrations_in_flavor_resize_situation): 200 GET http://10.180.1.21/compute/v2.1/servers/82156316-baf3-4617-8d6b-494e03e7f676 4.334s
2025-11-12 17:48:22.591 65722 INFO tempest.lib.common.rest_client [req-bb699eee-c33d-4632-969e-724e1bee205e req-bb699eee-c33d-4632-969e-724e1bee205e ] Request (ImagesMetadataTestJSON:tearDownClass): 201 POST http://10.180.1.21/identity/v3/auth/tokens 0.085s
2025-11-12 17:48:22.612 65706 INFO tempest.lib.common.rest_client [req-052e528c-caa2-4630-b03a-cee3c23faae3 req-052e528c-caa2-4630-b03a-cee3c23faae3 ] Request (ServersTestBootFromVolume:setUpClass): 202 POST http://10.180.1.21/volume/v3/volumes 0.560s
2025-11-12 17:48:22.650 65706 INFO tempest.lib.common.rest_client [req-fc5dd4e2-72a3-4872-8ca6-056f9ecaca4d req-fc5dd4e2-72a3-4872-8ca6-056f9ecaca4d ] Request (ServersTestBootFromVolume:setUpClass): 200 GET http://10.180.1.21/volume/v3/volumes/1a553963-655c-48e4-ae75-fa8675b9b49b 0.032s
2025-11-12 17:48:22.667 65694 INFO tempest.lib.common.rest_client [req-b251c31b-19fe-4a95-9335-02757974d04e req-b251c31b-19fe-4a95-9335-02757974d04e ] Request (ServersTestFqdnHostnames:tearDownClass): 204 DELETE http://10.180.1.21/identity/v3/projects/21efcd38103741cda7db9966a7f55573 0.112s
2025-11-12 17:48:22.707 65696 INFO tempest.lib.common.rest_client [req-be356af2-c5ea-4955-aaa3-6375a8fa875e req-be356af2-c5ea-4955-aaa3-6375a8fa875e ] Request (ServerDiskConfigTestJSON:test_rebuild_server_with_auto_disk_config): 200 GET http://10.180.1.21/compute/v2.1/servers/be75e9e6-e9af-4950-997b-08813945e8a2 3.362s
2025-11-12 17:48:22.718 65696 INFO tempest.common.waiters [-] State transition "BUILD/networking" ==> "BUILD/spawning" after 41 second wait
2025-11-12 17:48:22.752 65694 INFO tempest.lib.common.rest_client [req-d2d22117-b038-4501-acb5-bb59deec08ef req-d2d22117-b038-4501-acb5-bb59deec08ef ] Request (ServerRescueNegativeTestJSON:setUpClass): 201 POST http://10.180.1.21/identity/v3/auth/tokens 0.083s
2025-11-12 17:48:22.797 65694 INFO tempest.lib.common.rest_client [req-67c4f2e2-a6b3-4607-a8ad-b2c410652385 req-67c4f2e2-a6b3-4607-a8ad-b2c410652385 ] Request (ServerRescueNegativeTestJSON:setUpClass): 201 POST http://10.180.1.21/identity/v3/auth/tokens 0.041s
2025-11-12 17:48:22.823 65702 INFO tempest.lib.common.rest_client [req-28194868-b1da-47a5-bfd4-929eaa4ccb8a req-28194868-b1da-47a5-bfd4-929eaa4ccb8a ] Request (FloatingIPDetailsTestJSON:setUpClass): 201 POST http://10.180.1.21/networking/v2.0/subnets 0.352s
2025-11-12 17:48:22.832 65694 INFO tempest.lib.common.rest_client [req-ff5ad985-8753-4727-873d-a0d1ddbe1977 req-ff5ad985-8753-4727-873d-a0d1ddbe1977 ] Request (ServerRescueNegativeTestJSON:setUpClass): 200 GET http://10.180.1.21/identity/v3/domains?name=Default 0.034s
2025-11-12 17:48:22.882 65694 INFO tempest.lib.common.rest_client [req-18351af3-c41e-4582-b328-c055e87ee8eb req-18351af3-c41e-4582-b328-c055e87ee8eb ] Request (ServerRescueNegativeTestJSON:setUpClass): 201 POST http://10.180.1.21/identity/v3/projects 0.049s
2025-11-12 17:48:22.894 65678 INFO tempest.lib.common.rest_client [req-806a13a0-3511-4ca7-9e71-38fc465c8582 req-806a13a0-3511-4ca7-9e71-38fc465c8582 ] Request (VolumesAssistedSnapshotsTest:_run_cleanups): 200 GET http://10.180.1.21/volume/v3/volumes/243e2010-a96b-4111-8631-faac95b02e72 0.044s
2025-11-12 17:48:22.936 65722 INFO tempest.lib.common.rest_client [req-32977bda-a34d-4b65-b1c8-8eed772c089d req-32977bda-a34d-4b65-b1c8-8eed772c089d ] Request (ImagesMetadataTestJSON:tearDownClass): 200 GET http://10.180.1.21/networking/v2.0/security-groups?tenant_id=ea586876fcca40cf9a080d6b604f4e0d&name=default 0.345s
2025-11-12 17:48:22.958 65694 INFO tempest.lib.common.rest_client [req-099b8c2f-0f6e-4916-9704-a10d74ab33da req-099b8c2f-0f6e-4916-9704-a10d74ab33da ] Request (ServerRescueNegativeTestJSON:setUpClass): 201 POST http://10.180.1.21/identity/v3/users 0.073s
2025-11-12 17:48:22.968 65704 INFO tempest.lib.common.rest_client [req-bb745c5e-3f3e-4002-a0a4-44a22f248a83 req-bb745c5e-3f3e-4002-a0a4-44a22f248a83 ] Request (InstanceActionsTestJSON:setUpClass): 200 GET http://10.180.1.21/compute/v2.1/servers/dd92f150-141c-4c33-a44c-1feea1033ded 3.470s
2025-11-12 17:48:22.984 65684 INFO tempest.lib.common.rest_client [req-1a4e961d-1971-42a4-bfc8-925cb51d4dbe req-1a4e961d-1971-42a4-bfc8-925cb51d4dbe ] Request (ServersTestManualDisk:setUpClass): 200 GET http://10.180.1.21/compute/v2.1/servers/3738b1bf-17d8-4741-b9c6-1630668ac1f6 3.393s
2025-11-12 17:48:22.992 65694 INFO tempest.lib.common.rest_client [req-6d9d5921-23ea-49c6-be18-adcbe7f90d44 req-6d9d5921-23ea-49c6-be18-adcbe7f90d44 ] Request (ServerRescueNegativeTestJSON:setUpClass): 200 GET http://10.180.1.21/identity/v3/roles 0.033s
2025-11-12 17:48:23.029 65694 INFO tempest.lib.common.rest_client [req-7f6d0668-e248-4e47-9e56-fde5cfc7f2f9 req-7f6d0668-e248-4e47-9e56-fde5cfc7f2f9 ] Request (ServerRescueNegativeTestJSON:setUpClass): 204 PUT http://10.180.1.21/identity/v3/projects/0e93a2cfb6534f0f90d77064836a591c/users/ccabc520f78e4971886f052490199345/roles/1ed318fb7c2245208ff5a7aafcef559d 0.037s
2025-11-12 17:48:23.029 65694 INFO tempest.lib.common.dynamic_creds [-] Dynamic test user ccabc520f78e4971886f052490199345 is created with scope project and roles: ['member']
2025-11-12 17:48:23.030 65694 INFO tempest.lib.common.dynamic_creds [-] Acquired dynamic creds: credentials: Credentials: {'domain_id': 'default', 'domain_name': 'Default', 'username': 'tempest-ServerRescueNegativeTestJSON-697059044-project-member', 'project_domain_id': 'default', 'project_domain_name': 'Default', 'project_id': '0e93a2cfb6534f0f90d77064836a591c', 'project_name': 'tempest-ServerRescueNegativeTestJSON-697059044', 'tenant_id': '0e93a2cfb6534f0f90d77064836a591c', 'tenant_name': 'tempest-ServerRescueNegativeTestJSON-697059044', 'user_domain_id': 'default', 'user_domain_name': 'Default', 'user_id': 'ccabc520f78e4971886f052490199345', 'system': None}, Network: None, Subnet: None, Router: None
2025-11-12 17:48:23.090 65694 INFO tempest.lib.common.rest_client [req-7d3b77fc-708b-42b3-9cb5-23316d7fd37b req-7d3b77fc-708b-42b3-9cb5-23316d7fd37b ] Request (ServerRescueNegativeTestJSON:setUpClass): 201 POST http://10.180.1.21/identity/v3/auth/tokens 0.060s
2025-11-12 17:48:23.383 65722 INFO tempest.lib.common.rest_client [req-4ef68a9f-0980-468d-ac6b-8e556797be86 req-4ef68a9f-0980-468d-ac6b-8e556797be86 ] Request (ImagesMetadataTestJSON:tearDownClass): 204 DELETE http://10.180.1.21/networking/v2.0/security-groups/d413f4f6-bab3-45f8-a70f-f855a4c6e66e 0.446s
2025-11-12 17:48:23.468 65712 INFO tempest.lib.common.rest_client [req-4479bc9e-99c3-4b1a-a9c7-a65c8a13f161 req-4479bc9e-99c3-4b1a-a9c7-a65c8a13f161 ] Request (AttachInterfacesUnderV243Test:test_add_remove_fixed_ip): 200 GET http://10.180.1.21/compute/v2.1/servers/af4e43bf-e4d5-41ab-b89f-34c4c1acc079 3.779s
2025-11-12 17:48:23.519 65722 INFO tempest.lib.common.rest_client [req-5a2ea9b9-2a8f-4a53-a4f2-f3b9fbfaf289 req-5a2ea9b9-2a8f-4a53-a4f2-f3b9fbfaf289 ] Request (ImagesMetadataTestJSON:tearDownClass): 204 DELETE http://10.180.1.21/identity/v3/projects/ea586876fcca40cf9a080d6b604f4e0d 0.136s
2025-11-12 17:48:23.581 65690 INFO tempest.lib.common.rest_client [req-31a58a0b-bf65-4540-9cb5-0e364ffca760 req-31a58a0b-bf65-4540-9cb5-0e364ffca760 ] Request (ServerShowV247Test:test_update_rebuild_list_server): 200 PUT http://10.180.1.21/compute/v2.1/servers/6279af57-8cbd-4ff8-adaf-4df2ab467583 3.684s
2025-11-12 17:48:23.595 65732 INFO tempest.lib.common.rest_client [req-05a45a19-c287-4c44-83c9-48a0a568c5b5 req-05a45a19-c287-4c44-83c9-48a0a568c5b5 ] Request (FlavorsAdminTestJSON:test_is_public_string_variations): 200 GET http://10.180.1.21/compute/v2.1/flavors/detail?is_public=0 3.626s
2025-11-12 17:48:23.595 65722 INFO tempest.lib.common.rest_client [req-1a4310cb-d6ca-4662-a7fb-0de9fe4b654e req-1a4310cb-d6ca-4662-a7fb-0de9fe4b654e ] Request (DeleteServersTestJSON:setUpClass): 201 POST http://10.180.1.21/identity/v3/auth/tokens 0.074s
2025-11-12 17:48:23.629 65722 INFO tempest.lib.common.rest_client [req-8b31dffa-c411-41e4-8b7e-32226003161b req-8b31dffa-c411-41e4-8b7e-32226003161b ] Request (DeleteServersTestJSON:setUpClass): 201 POST http://10.180.1.21/identity/v3/auth/tokens 0.030s
2025-11-12 17:48:23.659 65722 INFO tempest.lib.common.rest_client [req-67f1be53-4e0b-4a0b-9a2b-51f91f9fb0e4 req-67f1be53-4e0b-4a0b-9a2b-51f91f9fb0e4 ] Request (DeleteServersTestJSON:setUpClass): 200 GET http://10.180.1.21/identity/v3/domains?name=Default 0.029s
2025-11-12 17:48:23.700 65722 INFO tempest.lib.common.rest_client [req-97e3cb85-944e-4bd3-96bb-2b59034b54e3 req-97e3cb85-944e-4bd3-96bb-2b59034b54e3 ] Request (DeleteServersTestJSON:setUpClass): 201 POST http://10.180.1.21/identity/v3/projects 0.040s
2025-11-12 17:48:23.705 65706 INFO tempest.lib.common.rest_client [req-df6ac262-87d6-44ca-8edc-f67f069ac34b req-df6ac262-87d6-44ca-8edc-f67f069ac34b ] Request (ServersTestBootFromVolume:setUpClass): 200 GET http://10.180.1.21/volume/v3/volumes/1a553963-655c-48e4-ae75-fa8675b9b49b 0.046s
2025-11-12 17:48:23.833 65722 INFO tempest.lib.common.rest_client [req-ef4b8674-f261-4e37-948e-b2040ebde76e req-ef4b8674-f261-4e37-948e-b2040ebde76e ] Request (DeleteServersTestJSON:setUpClass): 201 POST http://10.180.1.21/identity/v3/users 0.132s
2025-11-12 17:48:23.839 65702 INFO tempest.lib.common.rest_client [req-288370ea-eb7b-4bc3-aa77-40b23597ce8c req-288370ea-eb7b-4bc3-aa77-40b23597ce8c ] Request (FloatingIPDetailsTestJSON:setUpClass): 201 POST http://10.180.1.21/networking/v2.0/routers 1.014s
2025-11-12 17:48:23.859 65722 INFO tempest.lib.common.rest_client [req-3d742735-91ee-4195-95a9-6e1e03d976ca req-3d742735-91ee-4195-95a9-6e1e03d976ca ] Request (DeleteServersTestJSON:setUpClass): 200 GET http://10.180.1.21/identity/v3/roles 0.026s
2025-11-12 17:48:23.895 65722 INFO tempest.lib.common.rest_client [req-0e03fad3-5bab-44ea-8b72-3461d1a2065d req-0e03fad3-5bab-44ea-8b72-3461d1a2065d ] Request (DeleteServersTestJSON:setUpClass): 204 PUT http://10.180.1.21/identity/v3/projects/6a15ead63dc54ae29fadcac9e3108455/users/b8a58efd7b414443a0a80e2041efa682/roles/1ed318fb7c2245208ff5a7aafcef559d 0.035s
2025-11-12 17:48:23.895 65722 INFO tempest.lib.common.dynamic_creds [-] Dynamic test user b8a58efd7b414443a0a80e2041efa682 is created with scope project and roles: ['member']
2025-11-12 17:48:23.896 65722 INFO tempest.lib.common.dynamic_creds [-] Acquired dynamic creds: credentials: Credentials: {'domain_id': 'default', 'domain_name': 'Default', 'username': 'tempest-DeleteServersTestJSON-1807203261-project-member', 'project_domain_id': 'default', 'project_domain_name': 'Default', 'project_id': '6a15ead63dc54ae29fadcac9e3108455', 'project_name': 'tempest-DeleteServersTestJSON-1807203261', 'tenant_id': '6a15ead63dc54ae29fadcac9e3108455', 'tenant_name': 'tempest-DeleteServersTestJSON-1807203261', 'user_domain_id': 'default', 'user_domain_name': 'Default', 'user_id': 'b8a58efd7b414443a0a80e2041efa682', 'system': None}, Network: None, Subnet: None, Router: None
2025-11-12 17:48:23.913 65694 INFO tempest.lib.common.rest_client [req-190aca54-b877-4390-bd1a-c30a8b654ffa req-190aca54-b877-4390-bd1a-c30a8b654ffa ] Request (ServerRescueNegativeTestJSON:setUpClass): 201 POST http://10.180.1.21/networking/v2.0/networks 0.822s
2025-11-12 17:48:23.932 65678 INFO tempest.lib.common.rest_client [req-6bdfa88f-7a21-4b57-95c9-46c7bab2d723 req-6bdfa88f-7a21-4b57-95c9-46c7bab2d723 ] Request (VolumesAssistedSnapshotsTest:_run_cleanups): 404 GET http://10.180.1.21/volume/v3/volumes/243e2010-a96b-4111-8631-faac95b02e72 0.027s
2025-11-12 17:48:23.974 65722 INFO tempest.lib.common.rest_client [req-11d557e8-9511-4feb-aeb6-1777c7055170 req-11d557e8-9511-4feb-aeb6-1777c7055170 ] Request (DeleteServersTestJSON:setUpClass): 201 POST http://10.180.1.21/identity/v3/auth/tokens 0.078s
2025-11-12 17:48:24.745 65706 INFO tempest.lib.common.rest_client [req-0fb2ebad-6236-4e4f-9bf8-15edd72ab954 req-0fb2ebad-6236-4e4f-9bf8-15edd72ab954 ] Request (ServersTestBootFromVolume:setUpClass): 200 GET http://10.180.1.21/volume/v3/volumes/1a553963-655c-48e4-ae75-fa8675b9b49b 0.032s
2025-11-12 17:48:24.949 65702 INFO tempest.lib.common.rest_client [req-2bf2c011-81e1-468a-ba43-b470c086e718 req-2bf2c011-81e1-468a-ba43-b470c086e718 ] Request (FloatingIPDetailsTestJSON:setUpClass): 200 PUT http://10.180.1.21/networking/v2.0/routers/781567ac-7aba-4e07-aba5-c5af01e0d74f/add_router_interface 1.110s
2025-11-12 17:48:24.950 65702 INFO tempest.lib.common.dynamic_creds [-] Created isolated network resources for: credentials: Credentials: {'domain_id': 'default', 'domain_name': 'Default', 'username': 'tempest-FloatingIPDetailsTestJSON-41254053-project-member', 'project_domain_id': 'default', 'project_domain_name': 'Default', 'project_id': '16b742987553442199bc6fc019ac6448', 'project_name': 'tempest-FloatingIPDetailsTestJSON-41254053', 'tenant_id': '16b742987553442199bc6fc019ac6448', 'tenant_name': 'tempest-FloatingIPDetailsTestJSON-41254053', 'user_domain_id': 'default', 'user_domain_name': 'Default', 'user_id': '95d39951a49a4fc2bd51a466535b1cd0', 'system': None}, Network: {'id': 'cb7f925a-9d66-40a1-ad77-66356ca593a0', 'name': 'tempest-FloatingIPDetailsTestJSON-438811894-network', 'tenant_id': '16b742987553442199bc6fc019ac6448', 'project_id': '16b742987553442199bc6fc019ac6448', 'admin_state_up': True, 'mtu': 8950, 'status': 'ACTIVE', 'subnets': [], 'shared': False, 'port_security_enabled': True, 'router:external': False, 'provider:network_type': 'vlan', 'provider:physical_network': 'default', 'provider:segmentation_id': 746, 'availability_zone_hints': [], 'availability_zones': [], 'ipv4_address_scope': None, 'ipv6_address_scope': None, 'description': '', 'tags': [], 'created_at': '2025-11-12T17:48:22Z', 'updated_at': '2025-11-12T17:48:22Z', 'revision_number': 1}, Subnet: {'id': '492fa2d9-1670-4751-b4cc-b36cd547909b', 'name': 'tempest-FloatingIPDetailsTestJSON-438811894-subnet', 'tenant_id': '16b742987553442199bc6fc019ac6448', 'network_id': 'cb7f925a-9d66-40a1-ad77-66356ca593a0', 'ip_version': 4, 'subnetpool_id': None, 'enable_dhcp': True, 'ipv6_ra_mode': None, 'ipv6_address_mode': None, 'gateway_ip': '192.168.128.1', 'cidr': '192.168.128.0/28', 'allocation_pools': [{'start': '192.168.128.2', 'end': '192.168.128.14'}], 'host_routes': [], 'dns_nameservers': [], 'description': '', 'router:external': False, 'service_types': [], 'tags': [], 'created_at': '2025-11-12T17:48:22Z', 'updated_at': '2025-11-12T17:48:22Z', 'revision_number': 0, 'project_id': '16b742987553442199bc6fc019ac6448'}, Router: {'id': '781567ac-7aba-4e07-aba5-c5af01e0d74f', 'name': 'tempest-FloatingIPDetailsTestJSON-438811894-router', 'tenant_id': '16b742987553442199bc6fc019ac6448', 'admin_state_up': True, 'status': 'ACTIVE', 'external_gateway_info': {'network_id': 'f49fa029-bb57-42e5-88f6-c5be322eca3d', 'external_fixed_ips': [{'subnet_id': 'f8adcb77-36fb-44b6-a7e4-00d69a6bb0fa', 'ip_address': '10.180.180.171'}], 'enable_snat': True}, 'description': '', 'availability_zones': [], 'distributed': False, 'ha': False, 'availability_zone_hints': [], 'routes': [], 'flavor_id': None, 'tags': [], 'created_at': '2025-11-12T17:48:23Z', 'updated_at': '2025-11-12T17:48:23Z', 'revision_number': 2, 'project_id': '16b742987553442199bc6fc019ac6448'}
2025-11-12 17:48:25.051 65702 INFO tempest.lib.common.rest_client [req-72f994cc-9a8f-442c-b166-e97de52f3041 req-72f994cc-9a8f-442c-b166-e97de52f3041 ] Request (FloatingIPDetailsTestJSON:setUpClass): 201 POST http://10.180.1.21/identity/v3/auth/tokens 0.098s
2025-11-12 17:48:25.152 65694 INFO tempest.lib.common.rest_client [req-32893c0e-0b3c-442b-9549-6b7134fe6498 req-32893c0e-0b3c-442b-9549-6b7134fe6498 ] Request (ServerRescueNegativeTestJSON:setUpClass): 201 POST http://10.180.1.21/networking/v2.0/subnets 1.239s
2025-11-12 17:48:25.451 65722 INFO tempest.lib.common.rest_client [req-eb426087-07db-41c5-a021-1081bfd2276d req-eb426087-07db-41c5-a021-1081bfd2276d ] Request (DeleteServersTestJSON:setUpClass): 201 POST http://10.180.1.21/networking/v2.0/networks 1.477s
2025-11-12 17:48:25.541 65710 INFO tempest.lib.common.rest_client [req-fecfe0bf-da08-45f4-acdb-c61012264396 req-fecfe0bf-da08-45f4-acdb-c61012264396 ] Request (ServersAdminTestJSON:test_create_server_with_scheduling_hint): 200 GET http://10.180.1.21/compute/v2.1/servers/ee0ce9d1-afd6-4e88-ae3f-8b2b700ce114 5.361s
2025-11-12 17:48:25.551 65710 INFO tempest.common.waiters [-] State transition "BUILD/None" ==> "BUILD/spawning" after 38 second wait
2025-11-12 17:48:25.740 65722 INFO tempest.lib.common.rest_client [req-90f9aaa6-0179-4576-aec9-98aa408bf6dc req-90f9aaa6-0179-4576-aec9-98aa408bf6dc ] Request (DeleteServersTestJSON:setUpClass): 201 POST http://10.180.1.21/networking/v2.0/subnets 0.287s
2025-11-12 17:48:25.805 65706 INFO tempest.lib.common.rest_client [req-fa299db5-932a-46f9-970d-2d15dcaf674e req-fa299db5-932a-46f9-970d-2d15dcaf674e ] Request (ServersTestBootFromVolume:setUpClass): 200 GET http://10.180.1.21/volume/v3/volumes/1a553963-655c-48e4-ae75-fa8675b9b49b 0.050s
2025-11-12 17:48:25.819 65740 INFO tempest.lib.common.rest_client [req-e47648eb-df6a-41b4-b118-832ec5b52846 req-e47648eb-df6a-41b4-b118-832ec5b52846 ] Request (FloatingIPsAssociationTestJSON:test_associate_already_associated_floating_ip): 409 POST http://10.180.1.21/compute/v2.1/servers/2cdf7083-fd56-48a2-b8f2-1203d163cf6b/action 6.176s
2025-11-12 17:48:25.995 65726 INFO tempest.lib.common.rest_client [req-9963d24e-9d4a-4ea6-8db5-1e298469fd4f req-9963d24e-9d4a-4ea6-8db5-1e298469fd4f ] Request (AggregatesAdminNegativeTestJSON:_run_cleanups): 200 POST http://10.180.1.21/compute/v2.1/os-aggregates/7/action 5.684s
2025-11-12 17:48:26.024 65708 INFO tempest.lib.common.rest_client [req-4dedfaa3-e688-49b0-85cc-da88b4481b86 req-4dedfaa3-e688-49b0-85cc-da88b4481b86 ] Request (ServicesAdminTestJSON:test_list_services): 200 GET http://10.180.1.21/compute/v2.1/os-services 5.680s
2025-11-12 17:48:26.094 65738 INFO tempest.lib.common.rest_client [req-d5687f51-f640-4e89-ae58-f35258ac54f1 req-d5687f51-f640-4e89-ae58-f35258ac54f1 ] Request (ServerDiagnosticsV248Test:test_get_server_diagnostics): 200 GET http://10.180.1.21/compute/v2.1/servers/e326592b-2094-4e72-8ac3-2ac4055eedab/diagnostics 5.815s
2025-11-12 17:48:26.186 65708 INFO tempest.lib.common.rest_client [req-c0d43029-f7df-4a8b-9e3b-0055042754b0 req-c0d43029-f7df-4a8b-9e3b-0055042754b0 ] Request (ServicesAdminTestJSON:tearDownClass): 204 DELETE http://10.180.1.21/identity/v3/users/09c8546a146f4d8c87148912cd17e70f 0.155s
2025-11-12 17:48:26.346 65708 INFO tempest.lib.common.rest_client [req-872c94f8-c1ed-4ed4-b299-3eb4220eebaa req-872c94f8-c1ed-4ed4-b299-3eb4220eebaa ] Request (ServicesAdminTestJSON:tearDownClass): 204 DELETE http://10.180.1.21/identity/v3/users/a4d2a3079181447bb4e2c066dfaf2c14 0.160s
2025-11-12 17:48:26.347 65708 INFO tempest.lib.common.dynamic_creds [-] Deleting project and security group for project: fc822667acb4470a85364c22e2b471a9
2025-11-12 17:48:26.421 65686 WARNING tempest.lib.common.ssh [-] Failed to establish authenticated ssh connection to cirros@10.180.180.177 ([Errno None] Unable to connect to port 22 on 10.180.180.177). Number attempts: 8. Retry after 9 seconds.: paramiko.ssh_exception.NoValidConnectionsError: [Errno None] Unable to connect to port 22 on 10.180.180.177
2025-11-12 17:48:26.422 65708 INFO tempest.lib.common.rest_client [req-d280c6f8-d362-4250-9ef8-b36babb60e91 req-d280c6f8-d362-4250-9ef8-b36babb60e91 ] Request (ServicesAdminTestJSON:tearDownClass): 201 POST http://10.180.1.21/identity/v3/auth/tokens 0.075s
2025-11-12 17:48:26.475 65694 INFO tempest.lib.common.rest_client [req-253d7bbd-9bd1-4463-a239-88e4bcc8a014 req-253d7bbd-9bd1-4463-a239-88e4bcc8a014 ] Request (ServerRescueNegativeTestJSON:setUpClass): 201 POST http://10.180.1.21/networking/v2.0/routers 1.322s
2025-11-12 17:48:26.508 65692 INFO tempest.lib.common.rest_client [req-5984d0d2-aa6d-4738-ba71-64adfb5a2bb6 req-5984d0d2-aa6d-4738-ba71-64adfb5a2bb6 ] Request (AttachVolumeShelveTestJSON:test_attach_volume_shelved_or_offload_server): 200 GET http://10.180.1.21/compute/v2.1/servers/f965a32a-a5c5-4897-af3a-b923fa89aa55 6.077s
2025-11-12 17:48:26.792 65708 INFO tempest.lib.common.rest_client [req-91e44656-b954-4eb3-957d-a161bba7d87a req-91e44656-b954-4eb3-957d-a161bba7d87a ] Request (ServicesAdminTestJSON:tearDownClass): 200 GET http://10.180.1.21/networking/v2.0/security-groups?tenant_id=fc822667acb4470a85364c22e2b471a9&name=default 0.370s
2025-11-12 17:48:26.855 65706 INFO tempest.lib.common.rest_client [req-10017d4a-6bb2-42a6-9a0b-3ec531326a85 req-10017d4a-6bb2-42a6-9a0b-3ec531326a85 ] Request (ServersTestBootFromVolume:setUpClass): 200 GET http://10.180.1.21/volume/v3/volumes/1a553963-655c-48e4-ae75-fa8675b9b49b 0.042s
2025-11-12 17:48:27.008 65722 INFO tempest.lib.common.rest_client [req-4711d310-4f99-49fc-a777-367d8b1a827c req-4711d310-4f99-49fc-a777-367d8b1a827c ] Request (DeleteServersTestJSON:setUpClass): 201 POST http://10.180.1.21/networking/v2.0/routers 1.268s
2025-11-12 17:48:27.133 65730 INFO tempest.lib.common.rest_client [req-8dc8a5a6-f663-41a5-ba22-ad6bf2951551 req-8dc8a5a6-f663-41a5-ba22-ad6bf2951551 ] Request (ServersTestMultiNic:test_verify_duplicate_network_nics): 200 GET http://10.180.1.21/compute/v2.1/servers/f586ce58-79ab-4e8d-bfa9-e898f8fe9cc3 6.405s
2025-11-12 17:48:27.187 65680 INFO tempest.lib.common.rest_client [req-ff39f130-6573-48e7-b438-5496c4096f99 req-ff39f130-6573-48e7-b438-5496c4096f99 ] Request (ListServersNegativeTestJSON:setUpClass): 200 GET http://10.180.1.21/compute/v2.1/servers/177f2874-a268-46e4-816e-7c23bddb9b86 6.519s
2025-11-12 17:48:27.196 65680 INFO tempest.common.waiters [-] State transition "BUILD/spawning" ==> "ACTIVE/None" after 49 second wait
2025-11-12 17:48:27.285 65708 INFO tempest.lib.common.rest_client [req-e9de8448-b173-473c-a6c2-731874dc009d req-e9de8448-b173-473c-a6c2-731874dc009d ] Request (ServicesAdminTestJSON:tearDownClass): 204 DELETE http://10.180.1.21/networking/v2.0/security-groups/4168b0d6-43c6-4634-82e9-edf290ab7662 0.492s
2025-11-12 17:48:27.362 65708 INFO tempest.lib.common.rest_client [req-0be78886-b66f-4487-8ad8-7e31533eece5 req-0be78886-b66f-4487-8ad8-7e31533eece5 ] Request (ServicesAdminTestJSON:tearDownClass): 204 DELETE http://10.180.1.21/identity/v3/projects/fc822667acb4470a85364c22e2b471a9 0.076s
2025-11-12 17:48:27.362 65708 INFO tempest.lib.common.dynamic_creds [-] Deleting project and security group for project: 99c987603dbb4c24ad0a1b756cc3be84
2025-11-12 17:48:27.727 65694 INFO tempest.lib.common.rest_client [req-65381f87-a967-4131-93ae-6fb296e06d3e req-65381f87-a967-4131-93ae-6fb296e06d3e ] Request (ServerRescueNegativeTestJSON:setUpClass): 200 PUT http://10.180.1.21/networking/v2.0/routers/ce7b7a85-7ac9-440a-8300-44436697fb43/add_router_interface 1.250s
2025-11-12 17:48:27.727 65694 INFO tempest.lib.common.dynamic_creds [-] Created isolated network resources for: credentials: Credentials: {'domain_id': 'default', 'domain_name': 'Default', 'username': 'tempest-ServerRescueNegativeTestJSON-697059044-project-member', 'project_domain_id': 'default', 'project_domain_name': 'Default', 'project_id': '0e93a2cfb6534f0f90d77064836a591c', 'project_name': 'tempest-ServerRescueNegativeTestJSON-697059044', 'tenant_id': '0e93a2cfb6534f0f90d77064836a591c', 'tenant_name': 'tempest-ServerRescueNegativeTestJSON-697059044', 'user_domain_id': 'default', 'user_domain_name': 'Default', 'user_id': 'ccabc520f78e4971886f052490199345', 'system': None}, Network: {'id': 'fab32f84-6361-4aa0-8ef3-cb87f1d7059a', 'name': 'tempest-ServerRescueNegativeTestJSON-260863941-network', 'tenant_id': '0e93a2cfb6534f0f90d77064836a591c', 'project_id': '0e93a2cfb6534f0f90d77064836a591c', 'admin_state_up': True, 'mtu': 8950, 'status': 'ACTIVE', 'subnets': [], 'shared': False, 'port_security_enabled': True, 'router:external': False, 'provider:network_type': 'vlan', 'provider:physical_network': 'default', 'provider:segmentation_id': 482, 'availability_zone_hints': [], 'availability_zones': [], 'ipv4_address_scope': None, 'ipv6_address_scope': None, 'description': '', 'tags': [], 'created_at': '2025-11-12T17:48:23Z', 'updated_at': '2025-11-12T17:48:23Z', 'revision_number': 1}, Subnet: {'id': 'efcb5082-7cc6-4e81-9937-d8ad1990d9da', 'name': 'tempest-ServerRescueNegativeTestJSON-260863941-subnet', 'tenant_id': '0e93a2cfb6534f0f90d77064836a591c', 'network_id': 'fab32f84-6361-4aa0-8ef3-cb87f1d7059a', 'ip_version': 4, 'subnetpool_id': None, 'enable_dhcp': True, 'ipv6_ra_mode': None, 'ipv6_address_mode': None, 'gateway_ip': '192.168.128.1', 'cidr': '192.168.128.0/28', 'allocation_pools': [{'start': '192.168.128.2', 'end': '192.168.128.14'}], 'host_routes': [], 'dns_nameservers': [], 'description': '', 'router:external': False, 'service_types': [], 'tags': [], 'created_at': '2025-11-12T17:48:25Z', 'updated_at': '2025-11-12T17:48:25Z', 'revision_number': 0, 'project_id': '0e93a2cfb6534f0f90d77064836a591c'}, Router: {'id': 'ce7b7a85-7ac9-440a-8300-44436697fb43', 'name': 'tempest-ServerRescueNegativeTestJSON-260863941-router', 'tenant_id': '0e93a2cfb6534f0f90d77064836a591c', 'admin_state_up': True, 'status': 'ACTIVE', 'external_gateway_info': {'network_id': 'f49fa029-bb57-42e5-88f6-c5be322eca3d', 'external_fixed_ips': [{'subnet_id': 'f8adcb77-36fb-44b6-a7e4-00d69a6bb0fa', 'ip_address': '10.180.180.137'}], 'enable_snat': True}, 'description': '', 'availability_zones': [], 'distributed': False, 'ha': False, 'availability_zone_hints': [], 'routes': [], 'flavor_id': None, 'tags': [], 'created_at': '2025-11-12T17:48:25Z', 'updated_at': '2025-11-12T17:48:26Z', 'revision_number': 2, 'project_id': '0e93a2cfb6534f0f90d77064836a591c'}
2025-11-12 17:48:27.776 65734 INFO tempest.lib.common.rest_client [req-e8711940-f67c-48f4-92b6-c5a1eafe5485 req-e8711940-f67c-48f4-92b6-c5a1eafe5485 ] Request (DeleteServersAdminTestJSON:test_delete_server_while_in_error_state): 200 GET http://10.180.1.21/compute/v2.1/servers/3c7954d4-4760-4755-ace4-ce501cac261e 7.027s
2025-11-12 17:48:27.796 65714 INFO tempest.lib.common.rest_client [req-2f83a7e4-804c-4b4f-8b0e-4b54b6f5af1e req-2f83a7e4-804c-4b4f-8b0e-4b54b6f5af1e ] Request (ServersNegativeTestMultiTenantJSON:tearDownClass): 200 GET http://10.180.1.21/compute/v2.1/servers/d3eb4bc8-e8a2-4758-9f7f-c2d11c8da1c7 6.997s
2025-11-12 17:48:27.803 65714 INFO tempest.common.waiters [-] State transition "ACTIVE/deleting" ==> "DELETED/None" after 8 second wait
2025-11-12 17:48:27.865 65694 INFO tempest.lib.common.rest_client [req-060a9b16-1a9f-4c52-88cd-9288e4b16ca0 req-060a9b16-1a9f-4c52-88cd-9288e4b16ca0 ] Request (ServerRescueNegativeTestJSON:setUpClass): 201 POST http://10.180.1.21/identity/v3/auth/tokens 0.133s
2025-11-12 17:48:27.908 65706 INFO tempest.lib.common.rest_client [req-7226a8ee-d711-40e3-8237-e92f5edcc68e req-7226a8ee-d711-40e3-8237-e92f5edcc68e ] Request (ServersTestBootFromVolume:setUpClass): 200 GET http://10.180.1.21/volume/v3/volumes/1a553963-655c-48e4-ae75-fa8675b9b49b 0.043s
2025-11-12 17:48:27.923 65694 INFO tempest.lib.common.rest_client [req-7784ac75-c765-49fe-ae3c-6b6866402e32 req-7784ac75-c765-49fe-ae3c-6b6866402e32 ] Request (ServerRescueNegativeTestJSON:setUpClass): 201 POST http://10.180.1.21/identity/v3/auth/tokens 0.054s
2025-11-12 17:48:27.923 65708 INFO tempest.lib.common.rest_client [req-fefd0252-9af7-4b28-b087-8ba39b0f05b9 req-fefd0252-9af7-4b28-b087-8ba39b0f05b9 ] Request (ServicesAdminTestJSON:tearDownClass): 200 GET http://10.180.1.21/networking/v2.0/security-groups?tenant_id=99c987603dbb4c24ad0a1b756cc3be84&name=default 0.561s
2025-11-12 17:48:27.924 65694 INFO tempest.lib.common.fixed_network [-] (ServerRescueNegativeTestJSON:setUpClass) Found network {'id': 'fab32f84-6361-4aa0-8ef3-cb87f1d7059a', 'name': 'tempest-ServerRescueNegativeTestJSON-260863941-network', 'tenant_id': '0e93a2cfb6534f0f90d77064836a591c', 'project_id': '0e93a2cfb6534f0f90d77064836a591c', 'admin_state_up': True, 'mtu': 8950, 'status': 'ACTIVE', 'subnets': [], 'shared': False, 'port_security_enabled': True, 'router:external': False, 'provider:network_type': 'vlan', 'provider:physical_network': 'default', 'provider:segmentation_id': 482, 'availability_zone_hints': [], 'availability_zones': [], 'ipv4_address_scope': None, 'ipv6_address_scope': None, 'description': '', 'tags': [], 'created_at': '2025-11-12T17:48:23Z', 'updated_at': '2025-11-12T17:48:23Z', 'revision_number': 1} available for tenant
2025-11-12 17:48:27.975 65698 INFO tempest.lib.common.rest_client [req-eb9e3f29-32dd-4db6-85a5-cf8de2c8d179 req-eb9e3f29-32dd-4db6-85a5-cf8de2c8d179 ] Request (ServerActionsTestOtherB:setUpClass): 200 GET http://10.180.1.21/compute/v2.1/servers/f62e908f-697c-4b12-8612-3478955fc644 6.701s
2025-11-12 17:48:28.089 65708 INFO tempest.lib.common.rest_client [req-66526ad6-d640-4898-962b-76aeec3a8f1a req-66526ad6-d640-4898-962b-76aeec3a8f1a ] Request (ServicesAdminTestJSON:tearDownClass): 204 DELETE http://10.180.1.21/networking/v2.0/security-groups/9a54e748-521e-425d-ae68-5f31f5e44aa9 0.165s
2025-11-12 17:48:28.240 65708 INFO tempest.lib.common.rest_client [req-eb943a01-744c-454e-b017-e36f3100c547 req-eb943a01-744c-454e-b017-e36f3100c547 ] Request (ServicesAdminTestJSON:tearDownClass): 204 DELETE http://10.180.1.21/identity/v3/projects/99c987603dbb4c24ad0a1b756cc3be84 0.151s
2025-11-12 17:48:28.241 65708 INFO tempest.test [-] raised in UpdateMultiattachVolumeNegativeTest.setUpClass. Invoking tearDownClass.
2025-11-12 17:48:28.317 65708 INFO tempest.lib.common.rest_client [req-22925ca5-754d-4962-ba23-f5c4baf69769 req-22925ca5-754d-4962-ba23-f5c4baf69769 ] Request (SecurityGroupRulesTestJSON:setUpClass): 201 POST http://10.180.1.21/identity/v3/auth/tokens 0.073s
2025-11-12 17:48:28.362 65722 INFO tempest.lib.common.rest_client [req-f8b89293-89d4-47ea-aadf-833c5a0f92a8 req-f8b89293-89d4-47ea-aadf-833c5a0f92a8 ] Request (DeleteServersTestJSON:setUpClass): 200 PUT http://10.180.1.21/networking/v2.0/routers/79469ed1-e471-4ceb-b052-211e109c885a/add_router_interface 1.353s
2025-11-12 17:48:28.363 65722 INFO tempest.lib.common.dynamic_creds [-] Created isolated network resources for: credentials: Credentials: {'domain_id': 'default', 'domain_name': 'Default', 'username': 'tempest-DeleteServersTestJSON-1807203261-project-member', 'project_domain_id': 'default', 'project_domain_name': 'Default', 'project_id': '6a15ead63dc54ae29fadcac9e3108455', 'project_name': 'tempest-DeleteServersTestJSON-1807203261', 'tenant_id': '6a15ead63dc54ae29fadcac9e3108455', 'tenant_name': 'tempest-DeleteServersTestJSON-1807203261', 'user_domain_id': 'default', 'user_domain_name': 'Default', 'user_id': 'b8a58efd7b414443a0a80e2041efa682', 'system': None}, Network: {'id': '6b12b35c-7a08-49d2-97d2-484d25b50f6c', 'name': 'tempest-DeleteServersTestJSON-1288712706-network', 'tenant_id': '6a15ead63dc54ae29fadcac9e3108455', 'project_id': '6a15ead63dc54ae29fadcac9e3108455', 'admin_state_up': True, 'mtu': 8950, 'status': 'ACTIVE', 'subnets': [], 'shared': False, 'port_security_enabled': True, 'router:external': False, 'provider:network_type': 'vlan', 'provider:physical_network': 'default', 'provider:segmentation_id': 751, 'availability_zone_hints': [], 'availability_zones': [], 'ipv4_address_scope': None, 'ipv6_address_scope': None, 'description': '', 'tags': [], 'created_at': '2025-11-12T17:48:25Z', 'updated_at': '2025-11-12T17:48:25Z', 'revision_number': 1}, Subnet: {'id': '18702daf-66b0-4892-af3b-38f37196d12f', 'name': 'tempest-DeleteServersTestJSON-1288712706-subnet', 'tenant_id': '6a15ead63dc54ae29fadcac9e3108455', 'network_id': '6b12b35c-7a08-49d2-97d2-484d25b50f6c', 'ip_version': 4, 'subnetpool_id': None, 'enable_dhcp': True, 'ipv6_ra_mode': None, 'ipv6_address_mode': None, 'gateway_ip': '192.168.128.1', 'cidr': '192.168.128.0/28', 'allocation_pools': [{'start': '192.168.128.2', 'end': '192.168.128.14'}], 'host_routes': [], 'dns_nameservers': [], 'description': '', 'router:external': False, 'service_types': [], 'tags': [], 'created_at': '2025-11-12T17:48:25Z', 'updated_at': '2025-11-12T17:48:25Z', 'revision_number': 0, 'project_id': '6a15ead63dc54ae29fadcac9e3108455'}, Router: {'id': '79469ed1-e471-4ceb-b052-211e109c885a', 'name': 'tempest-DeleteServersTestJSON-1288712706-router', 'tenant_id': '6a15ead63dc54ae29fadcac9e3108455', 'admin_state_up': True, 'status': 'ACTIVE', 'external_gateway_info': {'network_id': 'f49fa029-bb57-42e5-88f6-c5be322eca3d', 'external_fixed_ips': [{'subnet_id': 'f8adcb77-36fb-44b6-a7e4-00d69a6bb0fa', 'ip_address': '10.180.180.141'}], 'enable_snat': True}, 'description': '', 'availability_zones': [], 'distributed': False, 'ha': False, 'availability_zone_hints': [], 'routes': [], 'flavor_id': None, 'tags': [], 'created_at': '2025-11-12T17:48:26Z', 'updated_at': '2025-11-12T17:48:26Z', 'revision_number': 2, 'project_id': '6a15ead63dc54ae29fadcac9e3108455'}
2025-11-12 17:48:28.371 65708 INFO tempest.lib.common.rest_client [req-b9685485-a51a-449f-966c-22b1c1cfe3ab req-b9685485-a51a-449f-966c-22b1c1cfe3ab ] Request (SecurityGroupRulesTestJSON:setUpClass): 201 POST http://10.180.1.21/identity/v3/auth/tokens 0.050s
2025-11-12 17:48:28.403 65708 INFO tempest.lib.common.rest_client [req-154b0872-e23b-43ba-9082-8aa1284e7416 req-154b0872-e23b-43ba-9082-8aa1284e7416 ] Request (SecurityGroupRulesTestJSON:setUpClass): 200 GET http://10.180.1.21/identity/v3/domains?name=Default 0.029s
2025-11-12 17:48:28.432 65708 INFO tempest.lib.common.rest_client [req-67b5f758-d169-4078-9480-fea7ebc873cb req-67b5f758-d169-4078-9480-fea7ebc873cb ] Request (SecurityGroupRulesTestJSON:setUpClass): 201 POST http://10.180.1.21/identity/v3/projects 0.028s
2025-11-12 17:48:28.433 65716 INFO tempest.lib.common.rest_client [req-e213646b-ef95-4460-af4e-cb361bc37367 req-e213646b-ef95-4460-af4e-cb361bc37367 ] Request (ListImageFiltersTestJSON:setUpClass): 202 POST http://10.180.1.21/compute/v2.1/servers/de676364-640c-4d07-9a84-8bb2851ea463/action 7.095s
2025-11-12 17:48:28.462 65722 INFO tempest.lib.common.rest_client [req-e76fe17f-1311-46a3-9f04-54b36b65901e req-e76fe17f-1311-46a3-9f04-54b36b65901e ] Request (DeleteServersTestJSON:setUpClass): 201 POST http://10.180.1.21/identity/v3/auth/tokens 0.093s
2025-11-12 17:48:28.479 65688 INFO tempest.lib.common.rest_client [req-3ce0a414-394d-44e4-9f7a-a92d76ea2d7e req-3ce0a414-394d-44e4-9f7a-a92d76ea2d7e ] Request (SecurityGroupsTestJSON:test_security_groups_create_list_delete): 404 GET http://10.180.1.21/compute/v2.1/os-security-groups/529f3dca-ed12-47ec-a14a-e113e122783e 6.411s
2025-11-12 17:48:28.500 65708 INFO tempest.lib.common.rest_client [req-33f226b8-bb37-4658-88de-f45c0c7dafcc req-33f226b8-bb37-4658-88de-f45c0c7dafcc ] Request (SecurityGroupRulesTestJSON:setUpClass): 201 POST http://10.180.1.21/identity/v3/users 0.068s
2025-11-12 17:48:28.532 65708 INFO tempest.lib.common.rest_client [req-322e88ac-a721-44ca-aedf-40e3bc074b79 req-322e88ac-a721-44ca-aedf-40e3bc074b79 ] Request (SecurityGroupRulesTestJSON:setUpClass): 200 GET http://10.180.1.21/identity/v3/roles 0.029s
2025-11-12 17:48:28.547 65722 INFO tempest.lib.common.rest_client [req-b5277d85-1a4f-4078-b7b8-e92f7c60e7db req-b5277d85-1a4f-4078-b7b8-e92f7c60e7db ] Request (DeleteServersTestJSON:test_delete_active_server): 201 POST http://10.180.1.21/identity/v3/auth/tokens 0.080s
2025-11-12 17:48:28.548 65722 INFO tempest.lib.common.fixed_network [-] (DeleteServersTestJSON:test_delete_active_server) Found network {'id': '6b12b35c-7a08-49d2-97d2-484d25b50f6c', 'name': 'tempest-DeleteServersTestJSON-1288712706-network', 'tenant_id': '6a15ead63dc54ae29fadcac9e3108455', 'project_id': '6a15ead63dc54ae29fadcac9e3108455', 'admin_state_up': True, 'mtu': 8950, 'status': 'ACTIVE', 'subnets': [], 'shared': False, 'port_security_enabled': True, 'router:external': False, 'provider:network_type': 'vlan', 'provider:physical_network': 'default', 'provider:segmentation_id': 751, 'availability_zone_hints': [], 'availability_zones': [], 'ipv4_address_scope': None, 'ipv6_address_scope': None, 'description': '', 'tags': [], 'created_at': '2025-11-12T17:48:25Z', 'updated_at': '2025-11-12T17:48:25Z', 'revision_number': 1} available for tenant
