2025-11-12 17:49:55.436 65698 INFO tempest.lib.common.rest_client [req-1218104b-f7d1-433a-bedb-fa6a330e256b req-1218104b-f7d1-433a-bedb-fa6a330e256b ] Request (ServerActionsTestOtherB:test_create_backup): 200 GET http://10.180.1.21/image/v2/images/da405a4b-6d97-41af-a53e-6fb2f7c88446 0.035s
2025-11-12 17:49:55.517 65734 INFO tempest.lib.common.rest_client [req-4ca0fa89-d287-4c4e-bf47-df4fbfcc5316 req-4ca0fa89-d287-4c4e-bf47-df4fbfcc5316 ] Request (ServerMetadataNegativeTestJSON:setUpClass): 200 GET http://10.180.1.21/compute/v2.1/servers/99b46e59-fbbc-434f-89f8-9fc923046f42 0.697s
2025-11-12 17:49:56.079 65688 INFO tempest.lib.common.rest_client [req-0d7fb2e4-b1e0-4e4b-b3fa-51fa3bf8bc8d req-0d7fb2e4-b1e0-4e4b-b3fa-51fa3bf8bc8d ] Request (SecurityGroupsTestJSON:test_server_security_groups): 202 POST http://10.180.1.21/compute/v2.1/servers/f4fe4ad8-8623-44e8-bc4b-58c0db882ac9/action 1.315s
2025-11-12 17:49:56.126 65692 INFO tempest.lib.common.rest_client [req-f96b283e-0ea1-47bb-8e6c-ec9205565f28 req-f96b283e-0ea1-47bb-8e6c-ec9205565f28 ] Request (AttachVolumeShelveTestJSON:test_attach_volume_shelved_or_offload_server): 200 GET http://10.180.1.21/compute/v2.1/servers/f965a32a-a5c5-4897-af3a-b923fa89aa55 1.280s
2025-11-12 17:49:56.198 65678 INFO tempest.lib.common.rest_client [req-08189972-ecd7-49ba-8d16-8ecec2458587 req-08189972-ecd7-49ba-8d16-8ecec2458587 ] Request (ImagesTestJSON:test_create_image_from_stopped_server): 200 GET http://10.180.1.21/compute/v2.1/servers/7a7344b4-21cd-43d5-b57c-6e81c3a1e0de 1.315s
2025-11-12 17:49:56.458 65698 INFO tempest.lib.common.rest_client [req-0e6533b1-6656-40df-a15f-472e21db7d87 req-0e6533b1-6656-40df-a15f-472e21db7d87 ] Request (ServerActionsTestOtherB:test_create_backup): 200 GET http://10.180.1.21/image/v2/images/da405a4b-6d97-41af-a53e-6fb2f7c88446 0.021s
2025-11-12 17:49:56.662 65730 INFO tempest.lib.common.rest_client [req-78f16c82-1b8c-4e78-a5cf-a483318bdd8f req-78f16c82-1b8c-4e78-a5cf-a483318bdd8f ] Request (ServersTestMultiNic:_run_cleanups): 200 GET http://10.180.1.21/compute/v2.1/servers/f586ce58-79ab-4e8d-bfa9-e898f8fe9cc3 1.737s
2025-11-12 17:49:56.736 65718 INFO tempest.lib.common.rest_client [req-cc725b8e-b027-4982-a2ec-b180cc2bccbb req-cc725b8e-b027-4982-a2ec-b180cc2bccbb ] Request (MigrationsAdminTest:test_resize_server_revert_deleted_flavor): 200 GET http://10.180.1.21/compute/v2.1/servers/5b6dc533-33be-4e43-ab6b-c079bfe6ba24 1.789s
2025-11-12 17:49:56.747 65702 INFO tempest.lib.common.rest_client [req-de1ec62a-7982-4dc4-a62e-90117f004170 req-de1ec62a-7982-4dc4-a62e-90117f004170 ] Request (ImagesNegativeTestJSON:test_create_image_from_deleted_server): 200 GET http://10.180.1.21/compute/v2.1/servers/d1ca2e19-9b38-4142-84ab-5c67072a9210 1.679s
2025-11-12 17:49:56.788 65700 WARNING tempest.lib.common.ssh [-] Failed to establish authenticated ssh connection to cirros@10.180.180.248 ([Errno None] Unable to connect to port 22 on 10.180.180.248). Number attempts: 1. Retry after 2 seconds.: paramiko.ssh_exception.NoValidConnectionsError: [Errno None] Unable to connect to port 22 on 10.180.180.248
2025-11-12 17:49:56.859 65694 INFO tempest.lib.common.rest_client [req-4052fbf0-9d20-41ed-8d72-9a3dd354315f req-4052fbf0-9d20-41ed-8d72-9a3dd354315f ] Request (ServerRescueNegativeTestJSON:test_rescued_vm_attach_volume): 200 GET http://10.180.1.21/compute/v2.1/servers/53d7cbd8-4cd0-46d4-8fce-a01fb2b21420 1.762s
2025-11-12 17:49:56.868 65710 INFO tempest.lib.common.rest_client [req-4b137a1e-4acb-432a-9161-51d142abf4c2 req-4b137a1e-4acb-432a-9161-51d142abf4c2 ] Request (ServersAdminTestJSON:test_list_servers_filter_by_exist_host): 200 GET http://10.180.1.21/compute/v2.1/servers?host=cpu-1&all_tenants=1 1.768s
2025-11-12 17:49:56.898 65712 INFO tempest.lib.common.rest_client [req-ad17f77f-cd0f-401a-b7bc-667af19b6e88 req-ad17f77f-cd0f-401a-b7bc-667af19b6e88 ] Request (AttachInterfacesUnderV243Test:test_add_remove_fixed_ip): 200 GET http://10.180.1.21/compute/v2.1/servers/af4e43bf-e4d5-41ab-b89f-34c4c1acc079/ips 1.781s
2025-11-12 17:49:56.970 65680 INFO tempest.lib.common.rest_client [req-2f5d0f28-cc11-4f45-806a-7667296401dc req-2f5d0f28-cc11-4f45-806a-7667296401dc ] Request (ListServersNegativeTestJSON:tearDownClass): 200 GET http://10.180.1.21/compute/v2.1/servers/cc4be7cb-0ed8-425a-a9f5-8aec594daebe 1.577s
2025-11-12 17:49:57.002 65736 INFO tempest.lib.common.rest_client [req-6ad0ded3-bac8-46d4-a20e-806b64c7a11d req-6ad0ded3-bac8-46d4-a20e-806b64c7a11d ] Request (MultipleCreateTestJSON:test_multiple_create_with_reservation_return): 200 GET http://10.180.1.21/compute/v2.1/servers/a0cf6d71-11f7-40ca-a7c7-b16e95d7d68a 1.792s
2025-11-12 17:49:57.011 65736 INFO tempest.common.waiters [-] State transition "BUILD/spawning" ==> "ACTIVE/None" after 67 second wait
2025-11-12 17:49:57.070 65732 INFO tempest.lib.common.rest_client [req-54c438c6-3494-4652-8a62-497243365dc5 req-54c438c6-3494-4652-8a62-497243365dc5 ] Request (ServersNegativeTestJSON:setUpClass): 200 GET http://10.180.1.21/compute/v2.1/servers/d794543a-2329-472f-b192-202cd1fe9c56 1.611s
2025-11-12 17:49:57.101 65740 INFO tempest.lib.common.rest_client [req-32ca6d7c-535b-42ec-9f2c-9c761493799f req-32ca6d7c-535b-42ec-9f2c-9c761493799f ] Request (FloatingIPsAssociationTestJSON:tearDownClass): 200 GET http://10.180.1.21/compute/v2.1/servers/2cdf7083-fd56-48a2-b8f2-1203d163cf6b 1.638s
2025-11-12 17:49:57.154 65720 INFO tempest.lib.common.rest_client [req-0173051b-8772-442d-a2cd-c60d6df045d8 req-0173051b-8772-442d-a2cd-c60d6df045d8 ] Request (ServersAdminNegativeTestJSON:tearDownClass): 200 GET http://10.180.1.21/compute/v2.1/servers/112645d8-467a-4e11-bd27-08be3bc1be4d 1.608s
2025-11-12 17:49:57.169 65684 INFO tempest.lib.common.rest_client [req-a50f366e-6dbd-4de6-9a3b-6d09e2aee33b req-a50f366e-6dbd-4de6-9a3b-6d09e2aee33b ] Request (ServersTestManualDisk:tearDownClass): 200 GET http://10.180.1.21/compute/v2.1/servers/3738b1bf-17d8-4741-b9c6-1630668ac1f6 1.523s
2025-11-12 17:49:57.256 65716 INFO tempest.lib.common.rest_client [req-4f209433-b7b9-476f-9df3-21eed874477c req-4f209433-b7b9-476f-9df3-21eed874477c ] Request (ListImageFiltersTestJSON:tearDownClass): 200 GET http://10.180.1.21/compute/v2.1/servers/de676364-640c-4d07-9a84-8bb2851ea463 1.518s
2025-11-12 17:49:57.273 65722 INFO tempest.lib.common.rest_client [req-41e39a1a-c590-43ee-a8e3-8c7b2c426cde req-41e39a1a-c590-43ee-a8e3-8c7b2c426cde ] Request (DeleteServersTestJSON:test_delete_active_server): 200 GET http://10.180.1.21/compute/v2.1/servers/a652bc10-cffa-49b7-9a23-1660827b7d11 1.449s
2025-11-12 17:49:57.283 65704 INFO tempest.lib.common.rest_client [req-ec743845-cf22-4274-91de-8b360fc61c57 req-ec743845-cf22-4274-91de-8b360fc61c57 ] Request (InstanceActionsTestJSON:tearDownClass): 404 GET http://10.180.1.21/compute/v2.1/servers/dd92f150-141c-4c33-a44c-1feea1033ded 1.394s
2025-11-12 17:49:57.479 65698 INFO tempest.lib.common.rest_client [req-0488d7d2-db64-4842-b788-caef45c2b966 req-0488d7d2-db64-4842-b788-caef45c2b966 ] Request (ServerActionsTestOtherB:test_create_backup): 200 GET http://10.180.1.21/image/v2/images/da405a4b-6d97-41af-a53e-6fb2f7c88446 0.020s
2025-11-12 17:49:57.795 65682 INFO tempest.lib.common.rest_client [req-8abfae53-b800-4a4a-8f00-69270a32590f req-8abfae53-b800-4a4a-8f00-69270a32590f ] Request (InstanceActionsNegativeTestJSON:setUpClass): 200 GET http://10.180.1.21/compute/v2.1/servers/1616e954-c520-4954-ba20-5fa004f16c4e 1.834s
2025-11-12 17:49:57.881 65690 INFO tempest.lib.common.rest_client [req-a4003c7d-50fd-476e-a166-2b4c1d8f75f0 req-a4003c7d-50fd-476e-a166-2b4c1d8f75f0 ] Request (ServerShowV247Test:tearDownClass): 200 GET http://10.180.1.21/compute/v2.1/servers/6279af57-8cbd-4ff8-adaf-4df2ab467583 1.843s
2025-11-12 17:49:57.960 65688 INFO tempest.lib.common.rest_client [req-b814b8cc-020a-4654-aeb4-a82607f6f7ad req-b814b8cc-020a-4654-aeb4-a82607f6f7ad ] Request (SecurityGroupsTestJSON:test_server_security_groups): 400 DELETE http://10.180.1.21/compute/v2.1/os-security-groups/d1b6f4f0-2117-4851-b56d-c85b68262701 1.881s
2025-11-12 17:49:58.016 65686 INFO tempest.lib.common.rest_client [req-e600a1b1-c0d5-43f1-803c-1deb5625c31f req-e600a1b1-c0d5-43f1-803c-1deb5625c31f ] Request (ServersTestJSON:tearDownClass): 200 GET http://10.180.1.21/compute/v2.1/servers/3d235293-41ed-4338-b29a-a8de0067c29e 1.840s
2025-11-12 17:49:58.024 65686 INFO tempest.common.waiters [-] State transition "ACTIVE/deleting" ==> "DELETED/None" after 5 second wait
2025-11-12 17:49:58.218 65696 INFO tempest.lib.common.rest_client [req-ef35873d-8e88-465d-acd7-ca559fbb86a1 req-ef35873d-8e88-465d-acd7-ca559fbb86a1 ] Request (ServerDiskConfigTestJSON:test_rebuild_server_with_manual_disk_config): 200 GET http://10.180.1.21/compute/v2.1/servers/021aa1a8-b380-426a-87ae-6f63bae7fc38 1.868s
2025-11-12 17:49:58.226 65696 INFO tempest.common.waiters [-] State transition "BUILD/networking" ==> "BUILD/spawning" after 59 second wait
2025-11-12 17:49:58.265 65704 INFO tempest.lib.common.rest_client [req-8d76e77b-81fb-47f3-8d9e-26291ebfb757 req-8d76e77b-81fb-47f3-8d9e-26291ebfb757 ] Request (InstanceActionsTestJSON:tearDownClass): 200 PUT http://10.180.1.21/networking/v2.0/routers/a6875d93-2793-4178-b775-ac79e9e1197e/remove_router_interface 0.981s
2025-11-12 17:49:58.294 65734 INFO tempest.lib.common.rest_client [req-0dee4312-7bed-421d-9896-da1c82ffd9d4 req-0dee4312-7bed-421d-9896-da1c82ffd9d4 ] Request (ServerMetadataNegativeTestJSON:setUpClass): 200 GET http://10.180.1.21/compute/v2.1/servers/99b46e59-fbbc-434f-89f8-9fc923046f42 1.767s
2025-11-12 17:49:58.308 65706 INFO tempest.lib.common.rest_client [req-8c3bf2a4-0c33-49f7-b918-4514bb2079ff req-8c3bf2a4-0c33-49f7-b918-4514bb2079ff ] Request (ServersTestBootFromVolume:setUpClass): 200 GET http://10.180.1.21/compute/v2.1/servers/e55af9b9-a039-4b50-a10f-a334e3175d4a 1.914s
2025-11-12 17:49:58.319 65706 INFO tempest.common.waiters [-] State transition "BUILD/block_device_mapping" ==> "BUILD/spawning" after 66 second wait
2025-11-12 17:49:58.346 65710 INFO tempest.lib.common.rest_client [req-64997559-1a18-44b9-81c1-94dab55ec41f req-64997559-1a18-44b9-81c1-94dab55ec41f ] Request (ServersAdminTestJSON:test_list_servers_filter_by_exist_host): 200 GET http://10.180.1.21/compute/v2.1/servers?host=nonexistent_host&all_tenants=1 1.469s
2025-11-12 17:49:58.364 65712 INFO tempest.lib.common.rest_client [req-dd42391d-da69-4656-9664-b2c6ab53e3b8 req-dd42391d-da69-4656-9664-b2c6ab53e3b8 ] Request (AttachInterfacesUnderV243Test:test_add_remove_fixed_ip): 202 POST http://10.180.1.21/compute/v2.1/servers/af4e43bf-e4d5-41ab-b89f-34c4c1acc079/action 1.462s
2025-11-12 17:49:58.503 65698 INFO tempest.lib.common.rest_client [req-b84ccb61-f530-4182-a882-26a50d0eab4b req-b84ccb61-f530-4182-a882-26a50d0eab4b ] Request (ServerActionsTestOtherB:test_create_backup): 200 GET http://10.180.1.21/image/v2/images/da405a4b-6d97-41af-a53e-6fb2f7c88446 0.022s
2025-11-12 17:49:58.567 65736 INFO tempest.lib.common.rest_client [req-4b95fcf4-ab78-4ec0-96c5-442b026a95d4 req-4b95fcf4-ab78-4ec0-96c5-442b026a95d4 ] Request (MultipleCreateTestJSON:test_multiple_create_with_reservation_return): 200 GET http://10.180.1.21/compute/v2.1/servers/f96c2abf-02da-47f4-be79-51feb76dac57 1.556s
2025-11-12 17:49:58.594 65692 INFO tempest.lib.common.rest_client [req-ce024f32-7201-4740-8afe-b9ea9cad8bac req-ce024f32-7201-4740-8afe-b9ea9cad8bac ] Request (AttachVolumeShelveTestJSON:test_attach_volume_shelved_or_offload_server): 200 GET http://10.180.1.21/compute/v2.1/servers/f965a32a-a5c5-4897-af3a-b923fa89aa55 1.456s
2025-11-12 17:49:58.630 65678 INFO tempest.lib.common.rest_client [req-c8e15b0c-4d97-46ce-b149-d995946f5ef0 req-c8e15b0c-4d97-46ce-b149-d995946f5ef0 ] Request (ImagesTestJSON:test_create_image_from_stopped_server): 200 GET http://10.180.1.21/compute/v2.1/servers/7a7344b4-21cd-43d5-b57c-6e81c3a1e0de 1.420s
2025-11-12 17:49:58.667 65730 INFO tempest.lib.common.rest_client [req-4ace3174-fb65-46d1-bb41-90207cc2fdfc req-4ace3174-fb65-46d1-bb41-90207cc2fdfc ] Request (ServersTestMultiNic:_run_cleanups): 200 GET http://10.180.1.21/compute/v2.1/servers/f586ce58-79ab-4e8d-bfa9-e898f8fe9cc3 0.990s
2025-11-12 17:49:58.696 65718 INFO tempest.lib.common.rest_client [req-d3dfa3aa-3a21-4f48-b93f-aa57a8a22296 req-d3dfa3aa-3a21-4f48-b93f-aa57a8a22296 ] Request (MigrationsAdminTest:test_resize_server_revert_deleted_flavor): 200 GET http://10.180.1.21/compute/v2.1/servers/5b6dc533-33be-4e43-ab6b-c079bfe6ba24 0.950s
2025-11-12 17:49:58.733 65702 INFO tempest.lib.common.rest_client [req-5719f50a-f794-4f16-8b11-c458f59fa459 req-5719f50a-f794-4f16-8b11-c458f59fa459 ] Request (ImagesNegativeTestJSON:test_create_image_from_deleted_server): 200 GET http://10.180.1.21/compute/v2.1/servers/d1ca2e19-9b38-4142-84ab-5c67072a9210 0.973s
2025-11-12 17:49:58.793 65704 INFO tempest.lib.common.rest_client [req-e449e3ba-2c00-48be-9300-2f7ce9af9711 req-e449e3ba-2c00-48be-9300-2f7ce9af9711 ] Request (InstanceActionsTestJSON:tearDownClass): 204 DELETE http://10.180.1.21/networking/v2.0/routers/a6875d93-2793-4178-b775-ac79e9e1197e 0.528s
2025-11-12 17:49:58.807 65694 INFO tempest.lib.common.rest_client [req-09a92a9e-caaf-4d61-bf87-7c797daa08eb req-09a92a9e-caaf-4d61-bf87-7c797daa08eb ] Request (ServerRescueNegativeTestJSON:test_rescued_vm_attach_volume): 200 GET http://10.180.1.21/compute/v2.1/servers/53d7cbd8-4cd0-46d4-8fce-a01fb2b21420 0.933s
2025-11-12 17:49:58.811 65688 INFO tempest.lib.common.rest_client [req-9f84222e-0fe6-4be2-b361-876a097af558 req-9f84222e-0fe6-4be2-b361-876a097af558 ] Request (SecurityGroupsTestJSON:test_server_security_groups): 202 POST http://10.180.1.21/compute/v2.1/servers/f4fe4ad8-8623-44e8-bc4b-58c0db882ac9/action 0.850s
2025-11-12 17:49:58.895 65732 INFO tempest.lib.common.rest_client [req-c95c49f5-9f70-4bed-924d-74e16da528bd req-c95c49f5-9f70-4bed-924d-74e16da528bd ] Request (ServersNegativeTestJSON:setUpClass): 200 GET http://10.180.1.21/compute/v2.1/servers/d794543a-2329-472f-b192-202cd1fe9c56 0.812s
2025-11-12 17:49:59.019 65704 INFO tempest.lib.common.rest_client [req-ad3a01fa-1469-415a-b9d6-1319abc7ff90 req-ad3a01fa-1469-415a-b9d6-1319abc7ff90 ] Request (InstanceActionsTestJSON:tearDownClass): 204 DELETE http://10.180.1.21/networking/v2.0/subnets/c52effe7-e104-4cda-a2d6-5938e745c232 0.225s
2025-11-12 17:49:59.049 65680 INFO tempest.lib.common.rest_client [req-67677650-10d8-47cd-9790-92f526898f05 req-67677650-10d8-47cd-9790-92f526898f05 ] Request (ListServersNegativeTestJSON:tearDownClass): 200 GET http://10.180.1.21/compute/v2.1/servers/cc4be7cb-0ed8-425a-a9f5-8aec594daebe 1.068s
2025-11-12 17:49:59.057 65740 INFO tempest.lib.common.rest_client [req-d9dba932-2bd9-484e-a1ff-2f992fe7cac3 req-d9dba932-2bd9-484e-a1ff-2f992fe7cac3 ] Request (FloatingIPsAssociationTestJSON:tearDownClass): 200 GET http://10.180.1.21/compute/v2.1/servers/2cdf7083-fd56-48a2-b8f2-1203d163cf6b 0.945s
2025-11-12 17:49:59.216 65720 INFO tempest.lib.common.rest_client [req-a6fe40fb-eb49-4212-804c-ebe95a87b4e1 req-a6fe40fb-eb49-4212-804c-ebe95a87b4e1 ] Request (ServersAdminNegativeTestJSON:tearDownClass): 200 GET http://10.180.1.21/compute/v2.1/servers/112645d8-467a-4e11-bd27-08be3bc1be4d 1.045s
2025-11-12 17:49:59.238 65684 INFO tempest.lib.common.rest_client [req-63885f15-dac9-4560-8e2a-f29f980b7eb5 req-63885f15-dac9-4560-8e2a-f29f980b7eb5 ] Request (ServersTestManualDisk:tearDownClass): 200 GET http://10.180.1.21/compute/v2.1/servers/3738b1bf-17d8-4741-b9c6-1630668ac1f6 1.056s
2025-11-12 17:49:59.246 65684 INFO tempest.common.waiters [-] State transition "ACTIVE/deleting" ==> "DELETED/None" after 5 second wait
2025-11-12 17:49:59.364 65704 INFO tempest.lib.common.rest_client [req-089fe6ea-c115-49a8-8e68-52d7526af8f4 req-089fe6ea-c115-49a8-8e68-52d7526af8f4 ] Request (InstanceActionsTestJSON:tearDownClass): 204 DELETE http://10.180.1.21/networking/v2.0/networks/043c2eea-8ce5-4dcb-8b03-4b66b0bd2984 0.344s
2025-11-12 17:49:59.450 65716 INFO tempest.lib.common.rest_client [req-6d2e5df1-95f6-44bd-8777-aab3605935a9 req-6d2e5df1-95f6-44bd-8777-aab3605935a9 ] Request (ListImageFiltersTestJSON:tearDownClass): 200 GET http://10.180.1.21/compute/v2.1/servers/de676364-640c-4d07-9a84-8bb2851ea463 1.182s
2025-11-12 17:49:59.469 65722 INFO tempest.lib.common.rest_client [req-866a563c-8a20-41ff-9884-e7df5ed099e9 req-866a563c-8a20-41ff-9884-e7df5ed099e9 ] Request (DeleteServersTestJSON:test_delete_active_server): 200 GET http://10.180.1.21/compute/v2.1/servers/a652bc10-cffa-49b7-9a23-1660827b7d11 1.181s
2025-11-12 17:49:59.506 65712 INFO tempest.lib.common.rest_client [req-70817ed4-aba4-4056-ba4b-5edfd2205f79 req-70817ed4-aba4-4056-ba4b-5edfd2205f79 ] Request (AttachInterfacesUnderV243Test:test_add_remove_fixed_ip): 200 GET http://10.180.1.21/compute/v2.1/servers/af4e43bf-e4d5-41ab-b89f-34c4c1acc079/ips 1.141s
2025-11-12 17:49:59.522 65704 INFO tempest.lib.common.rest_client [req-d4cdcd16-4d99-4d55-b306-06ead44c2401 req-d4cdcd16-4d99-4d55-b306-06ead44c2401 ] Request (InstanceActionsTestJSON:tearDownClass): 204 DELETE http://10.180.1.21/identity/v3/users/1bfa10dae4634799aac120515edaa909 0.157s
2025-11-12 17:49:59.522 65704 INFO tempest.lib.common.dynamic_creds [-] Deleting project and security group for project: 991b43d63de943d7b4dc16f41a1688ff
2025-11-12 17:49:59.530 65698 INFO tempest.lib.common.rest_client [req-2dc483ed-4151-4abb-a028-04881e534ea0 req-2dc483ed-4151-4abb-a028-04881e534ea0 ] Request (ServerActionsTestOtherB:test_create_backup): 200 GET http://10.180.1.21/image/v2/images/da405a4b-6d97-41af-a53e-6fb2f7c88446 0.025s
2025-11-12 17:49:59.531 65710 INFO tempest.lib.common.rest_client [req-909e0697-e605-4137-b621-2b131f478dc5 req-909e0697-e605-4137-b621-2b131f478dc5 ] Request (ServersAdminTestJSON:test_rebuild_server_in_error_state): 202 POST http://10.180.1.21/compute/v2.1/servers/83570a23-08f6-4a71-9a5d-eb433ce085bc/action 1.182s
2025-11-12 17:49:59.570 65704 INFO tempest.lib.common.rest_client [req-971e888d-5232-4a27-b6bf-4e8ccecd0186 req-971e888d-5232-4a27-b6bf-4e8ccecd0186 ] Request (InstanceActionsTestJSON:tearDownClass): 200 GET http://10.180.1.21/networking/v2.0/security-groups?tenant_id=991b43d63de943d7b4dc16f41a1688ff&name=default 0.048s
2025-11-12 17:49:59.596 65682 INFO tempest.lib.common.rest_client [req-bc67c531-e902-4574-bb6a-afeef00c44a4 req-bc67c531-e902-4574-bb6a-afeef00c44a4 ] Request (InstanceActionsNegativeTestJSON:setUpClass): 200 GET http://10.180.1.21/compute/v2.1/servers/1616e954-c520-4954-ba20-5fa004f16c4e 0.790s
2025-11-12 17:49:59.680 65704 INFO tempest.lib.common.rest_client [req-3ee404e6-8d86-4ca3-a4a8-c19124994f2a req-3ee404e6-8d86-4ca3-a4a8-c19124994f2a ] Request (InstanceActionsTestJSON:tearDownClass): 204 DELETE http://10.180.1.21/networking/v2.0/security-groups/6391bbd2-6c67-41b2-a7a6-4f2a70af8a69 0.109s
2025-11-12 17:49:59.709 65690 INFO tempest.lib.common.rest_client [req-e62a5f64-4786-4d2f-b4f3-ff027f311173 req-e62a5f64-4786-4d2f-b4f3-ff027f311173 ] Request (ServerShowV247Test:tearDownClass): 200 GET http://10.180.1.21/compute/v2.1/servers/6279af57-8cbd-4ff8-adaf-4df2ab467583 0.814s
2025-11-12 17:49:59.757 65688 INFO tempest.lib.common.rest_client [req-d5ff8a2f-9040-422f-9f91-1296392b5f96 req-d5ff8a2f-9040-422f-9f91-1296392b5f96 ] Request (SecurityGroupsTestJSON:test_server_security_groups): 200 GET http://10.180.1.21/compute/v2.1/servers/f4fe4ad8-8623-44e8-bc4b-58c0db882ac9 0.945s
2025-11-12 17:49:59.783 65686 INFO tempest.lib.common.rest_client [req-2ccf2b78-0025-4db2-8174-2b918b39e976 req-2ccf2b78-0025-4db2-8174-2b918b39e976 ] Request (ServersTestJSON:tearDownClass): 200 GET http://10.180.1.21/compute/v2.1/servers/3d235293-41ed-4338-b29a-a8de0067c29e 0.758s
2025-11-12 17:49:59.806 65704 INFO tempest.lib.common.rest_client [req-621bb615-47af-4b69-8657-cc5debcbeb67 req-621bb615-47af-4b69-8657-cc5debcbeb67 ] Request (InstanceActionsTestJSON:tearDownClass): 204 DELETE http://10.180.1.21/identity/v3/projects/991b43d63de943d7b4dc16f41a1688ff 0.125s
2025-11-12 17:49:59.842 65734 INFO tempest.lib.common.rest_client [req-2ff9aea3-3f4d-4d3a-a246-274663e12631 req-2ff9aea3-3f4d-4d3a-a246-274663e12631 ] Request (ServerMetadataNegativeTestJSON:setUpClass): 200 GET http://10.180.1.21/compute/v2.1/servers/99b46e59-fbbc-434f-89f8-9fc923046f42 0.537s
2025-11-12 17:49:59.860 65700 WARNING tempest.lib.common.ssh [-] Failed to establish authenticated ssh connection to cirros@10.180.180.248 ([Errno None] Unable to connect to port 22 on 10.180.180.248). Number attempts: 2. Retry after 3 seconds.: paramiko.ssh_exception.NoValidConnectionsError: [Errno None] Unable to connect to port 22 on 10.180.180.248
2025-11-12 17:49:59.897 65704 INFO tempest.lib.common.rest_client [req-1fb21965-aae3-457b-8169-b2782ba8f56c req-1fb21965-aae3-457b-8169-b2782ba8f56c ] Request (ListServerFiltersTestJSON:setUpClass): 201 POST http://10.180.1.21/identity/v3/auth/tokens 0.089s
2025-11-12 17:49:59.907 65696 INFO tempest.lib.common.rest_client [req-4164741d-62b7-45a2-b37f-d6948ab42495 req-4164741d-62b7-45a2-b37f-d6948ab42495 ] Request (ServerDiskConfigTestJSON:test_rebuild_server_with_manual_disk_config): 200 GET http://10.180.1.21/compute/v2.1/servers/021aa1a8-b380-426a-87ae-6f63bae7fc38 0.679s
2025-11-12 17:49:59.954 65704 INFO tempest.lib.common.rest_client [req-6d0ad270-5839-4630-9284-da117d5692bb req-6d0ad270-5839-4630-9284-da117d5692bb ] Request (ListServerFiltersTestJSON:setUpClass): 201 POST http://10.180.1.21/identity/v3/auth/tokens 0.054s
2025-11-12 17:50:00.001 65704 INFO tempest.lib.common.rest_client [req-78ee34f2-508b-43b2-b52e-ebc900b713dc req-78ee34f2-508b-43b2-b52e-ebc900b713dc ] Request (ListServerFiltersTestJSON:setUpClass): 200 GET http://10.180.1.21/identity/v3/domains?name=Default 0.046s
2025-11-12 17:50:00.054 65704 INFO tempest.lib.common.rest_client [req-123b60d2-df69-45db-afd7-5a2b4114d97c req-123b60d2-df69-45db-afd7-5a2b4114d97c ] Request (ListServerFiltersTestJSON:setUpClass): 201 POST http://10.180.1.21/identity/v3/projects 0.052s
2025-11-12 17:50:00.095 65706 INFO tempest.lib.common.rest_client [req-80ff3b8c-3df1-4dcf-997e-d606c7ca0ac5 req-80ff3b8c-3df1-4dcf-997e-d606c7ca0ac5 ] Request (ServersTestBootFromVolume:setUpClass): 200 GET http://10.180.1.21/compute/v2.1/servers/e55af9b9-a039-4b50-a10f-a334e3175d4a 0.775s
2025-11-12 17:50:00.158 65704 INFO tempest.lib.common.rest_client [req-17bf81a9-af11-4b00-8cbe-b338fcadde0a req-17bf81a9-af11-4b00-8cbe-b338fcadde0a ] Request (ListServerFiltersTestJSON:setUpClass): 201 POST http://10.180.1.21/identity/v3/users 0.104s
2025-11-12 17:50:00.167 65710 INFO tempest.lib.common.rest_client [req-7f3fb7bc-d732-411f-a93a-8547c1cf6ec3 req-7f3fb7bc-d732-411f-a93a-8547c1cf6ec3 ] Request (ServersAdminTestJSON:test_rebuild_server_in_error_state): 202 POST http://10.180.1.21/compute/v2.1/servers/83570a23-08f6-4a71-9a5d-eb433ce085bc/action 0.635s
2025-11-12 17:50:00.196 65704 INFO tempest.lib.common.rest_client [req-070785a5-270b-4cbd-80b1-1e7e7d129f8a req-070785a5-270b-4cbd-80b1-1e7e7d129f8a ] Request (ListServerFiltersTestJSON:setUpClass): 200 GET http://10.180.1.21/identity/v3/roles 0.038s
2025-11-12 17:50:00.236 65704 INFO tempest.lib.common.rest_client [req-88b0d743-830c-4f66-b502-169b4de098d9 req-88b0d743-830c-4f66-b502-169b4de098d9 ] Request (ListServerFiltersTestJSON:setUpClass): 204 PUT http://10.180.1.21/identity/v3/projects/6edd6f3490e34b65a7dd52ef21134e3e/users/15451079fbfa406ba9a09c1b1ab65cc5/roles/1ed318fb7c2245208ff5a7aafcef559d 0.039s
2025-11-12 17:50:00.236 65704 INFO tempest.lib.common.dynamic_creds [-] Dynamic test user 15451079fbfa406ba9a09c1b1ab65cc5 is created with scope project and roles: ['member']
2025-11-12 17:50:00.236 65704 INFO tempest.lib.common.dynamic_creds [-] Acquired dynamic creds: credentials: Credentials: {'domain_id': 'default', 'domain_name': 'Default', 'username': 'tempest-ListServerFiltersTestJSON-713230731-project-member', 'project_domain_id': 'default', 'project_domain_name': 'Default', 'project_id': '6edd6f3490e34b65a7dd52ef21134e3e', 'project_name': 'tempest-ListServerFiltersTestJSON-713230731', 'tenant_id': '6edd6f3490e34b65a7dd52ef21134e3e', 'tenant_name': 'tempest-ListServerFiltersTestJSON-713230731', 'user_domain_id': 'default', 'user_domain_name': 'Default', 'user_id': '15451079fbfa406ba9a09c1b1ab65cc5', 'system': None}, Network: None, Subnet: None, Router: None
2025-11-12 17:50:00.256 65736 INFO tempest.lib.common.rest_client [req-9f525852-cc3e-4d30-a964-75d9924172c3 req-9f525852-cc3e-4d30-a964-75d9924172c3 ] Request (MultipleCreateTestJSON:test_multiple_create_with_reservation_return): 200 GET http://10.180.1.21/compute/v2.1/servers/f96c2abf-02da-47f4-be79-51feb76dac57 0.680s
2025-11-12 17:50:00.326 65704 INFO tempest.lib.common.rest_client [req-a568c4c4-6cd2-4aff-9d38-6070e4f40393 req-a568c4c4-6cd2-4aff-9d38-6070e4f40393 ] Request (ListServerFiltersTestJSON:setUpClass): 201 POST http://10.180.1.21/identity/v3/auth/tokens 0.089s
2025-11-12 17:50:00.335 65678 INFO tempest.lib.common.rest_client [req-f469eaf3-edc2-4c81-a907-9f6c51d13d64 req-f469eaf3-edc2-4c81-a907-9f6c51d13d64 ] Request (ImagesTestJSON:test_create_image_from_stopped_server): 200 GET http://10.180.1.21/compute/v2.1/servers/7a7344b4-21cd-43d5-b57c-6e81c3a1e0de 0.694s
2025-11-12 17:50:00.362 65730 INFO tempest.lib.common.rest_client [req-3573c4f9-d20e-4dc3-a682-975c53d05c19 req-3573c4f9-d20e-4dc3-a682-975c53d05c19 ] Request (ServersTestMultiNic:_run_cleanups): 404 GET http://10.180.1.21/compute/v2.1/servers/f586ce58-79ab-4e8d-bfa9-e898f8fe9cc3 0.682s
2025-11-12 17:50:00.381 65692 INFO tempest.lib.common.rest_client [req-89793d1c-91c6-4f2b-8ece-619e9ce7c92d req-89793d1c-91c6-4f2b-8ece-619e9ce7c92d ] Request (AttachVolumeShelveTestJSON:test_attach_volume_shelved_or_offload_server): 200 GET http://10.180.1.21/compute/v2.1/servers/f965a32a-a5c5-4897-af3a-b923fa89aa55 0.774s
2025-11-12 17:50:00.554 65698 INFO tempest.lib.common.rest_client [req-2a66ce3d-17e3-4205-ab6b-88e17f671d5b req-2a66ce3d-17e3-4205-ab6b-88e17f671d5b ] Request (ServerActionsTestOtherB:test_create_backup): 200 GET http://10.180.1.21/image/v2/images/da405a4b-6d97-41af-a53e-6fb2f7c88446 0.022s
2025-11-12 17:50:00.586 65730 INFO tempest.lib.common.rest_client [req-10182578-485d-4891-8c3c-1f6f683a560e req-10182578-485d-4891-8c3c-1f6f683a560e ] Request (ServersTestMultiNic:_run_cleanups): 204 DELETE http://10.180.1.21/networking/v2.0/subnets/31d73d5d-f73e-4a84-aefc-a9fbf6ec5271 0.223s
2025-11-12 17:50:00.632 65718 INFO tempest.lib.common.rest_client [req-5ce9a050-ffd5-4f15-b95c-c10fb6b2c7f0 req-5ce9a050-ffd5-4f15-b95c-c10fb6b2c7f0 ] Request (MigrationsAdminTest:test_resize_server_revert_deleted_flavor): 200 GET http://10.180.1.21/compute/v2.1/servers/5b6dc533-33be-4e43-ab6b-c079bfe6ba24 0.928s
2025-11-12 17:50:00.656 65702 INFO tempest.lib.common.rest_client [req-0f883e98-503e-48d2-a134-828359cbd7e9 req-0f883e98-503e-48d2-a134-828359cbd7e9 ] Request (ImagesNegativeTestJSON:test_create_image_from_deleted_server): 200 GET http://10.180.1.21/compute/v2.1/servers/d1ca2e19-9b38-4142-84ab-5c67072a9210 0.912s
2025-11-12 17:50:00.722 65704 INFO tempest.lib.common.rest_client [req-f0d0a7ea-bf5e-4c77-a320-78556d76191d req-f0d0a7ea-bf5e-4c77-a320-78556d76191d ] Request (ListServerFiltersTestJSON:setUpClass): 201 POST http://10.180.1.21/networking/v2.0/networks 0.396s
2025-11-12 17:50:00.909 65732 INFO tempest.lib.common.rest_client [req-4a29094b-70d7-4194-8a9a-5d0d538a2aad req-4a29094b-70d7-4194-8a9a-5d0d538a2aad ] Request (ServersNegativeTestJSON:setUpClass): 200 GET http://10.180.1.21/compute/v2.1/servers/d794543a-2329-472f-b192-202cd1fe9c56 1.002s
2025-11-12 17:50:01.056 65730 INFO tempest.lib.common.rest_client [req-8e99f4f3-c460-45d6-a0e2-571d3aa69b18 req-8e99f4f3-c460-45d6-a0e2-571d3aa69b18 ] Request (ServersTestMultiNic:_run_cleanups): 204 DELETE http://10.180.1.21/networking/v2.0/networks/ba63068d-78b1-453c-ac43-e8466305bc00 0.469s
2025-11-12 17:50:01.151 65704 INFO tempest.lib.common.rest_client [req-1693dff4-1a7d-443a-a66e-a163089ecb6a req-1693dff4-1a7d-443a-a66e-a163089ecb6a ] Request (ListServerFiltersTestJSON:setUpClass): 201 POST http://10.180.1.21/networking/v2.0/subnets 0.428s
2025-11-12 17:50:01.152 65704 INFO tempest.lib.common.dynamic_creds [-] Created isolated network resources for: credentials: Credentials: {'domain_id': 'default', 'domain_name': 'Default', 'username': 'tempest-ListServerFiltersTestJSON-713230731-project-member', 'project_domain_id': 'default', 'project_domain_name': 'Default', 'project_id': '6edd6f3490e34b65a7dd52ef21134e3e', 'project_name': 'tempest-ListServerFiltersTestJSON-713230731', 'tenant_id': '6edd6f3490e34b65a7dd52ef21134e3e', 'tenant_name': 'tempest-ListServerFiltersTestJSON-713230731', 'user_domain_id': 'default', 'user_domain_name': 'Default', 'user_id': '15451079fbfa406ba9a09c1b1ab65cc5', 'system': None}, Network: {'id': 'c90161b5-f359-4ee6-beae-d68a4d769d91', 'name': 'tempest-ListServerFiltersTestJSON-990378107-network', 'tenant_id': '6edd6f3490e34b65a7dd52ef21134e3e', 'project_id': '6edd6f3490e34b65a7dd52ef21134e3e', 'admin_state_up': True, 'mtu': 8950, 'status': 'ACTIVE', 'subnets': [], 'shared': False, 'port_security_enabled': True, 'router:external': False, 'provider:network_type': 'vlan', 'provider:physical_network': 'default', 'provider:segmentation_id': 317, 'availability_zone_hints': [], 'availability_zones': [], 'ipv4_address_scope': None, 'ipv6_address_scope': None, 'description': '', 'tags': [], 'created_at': '2025-11-12T17:50:00Z', 'updated_at': '2025-11-12T17:50:00Z', 'revision_number': 1}, Subnet: {'id': '77638766-4ceb-4789-8a13-0faec014b729', 'name': 'tempest-ListServerFiltersTestJSON-990378107-subnet', 'tenant_id': '6edd6f3490e34b65a7dd52ef21134e3e', 'network_id': 'c90161b5-f359-4ee6-beae-d68a4d769d91', 'ip_version': 4, 'subnetpool_id': None, 'enable_dhcp': True, 'ipv6_ra_mode': None, 'ipv6_address_mode': None, 'gateway_ip': '192.168.128.1', 'cidr': '192.168.128.0/28', 'allocation_pools': [{'start': '192.168.128.2', 'end': '192.168.128.14'}], 'host_routes': [], 'dns_nameservers': [], 'description': '', 'router:external': False, 'service_types': [], 'tags': [], 'created_at': '2025-11-12T17:50:00Z', 'updated_at': '2025-11-12T17:50:00Z', 'revision_number': 0, 'project_id': '6edd6f3490e34b65a7dd52ef21134e3e'}, Router: None
2025-11-12 17:50:01.187 65680 INFO tempest.lib.common.rest_client [req-21a25290-6031-4511-8b3b-b5c800e93860 req-21a25290-6031-4511-8b3b-b5c800e93860 ] Request (ListServersNegativeTestJSON:tearDownClass): 200 GET http://10.180.1.21/compute/v2.1/servers/cc4be7cb-0ed8-425a-a9f5-8aec594daebe 1.129s
2025-11-12 17:50:01.213 65694 INFO tempest.lib.common.rest_client [req-3994c784-9b42-4fa7-84ed-d998af91e620 req-3994c784-9b42-4fa7-84ed-d998af91e620 ] Request (ServerRescueNegativeTestJSON:test_rescued_vm_attach_volume): 200 GET http://10.180.1.21/compute/v2.1/servers/53d7cbd8-4cd0-46d4-8fce-a01fb2b21420 1.390s
2025-11-12 17:50:01.283 65704 INFO tempest.lib.common.rest_client [req-980d8dec-ed59-4064-82c0-ff2c7adf42cb req-980d8dec-ed59-4064-82c0-ff2c7adf42cb ] Request (ListServerFiltersTestJSON:setUpClass): 201 POST http://10.180.1.21/identity/v3/auth/tokens 0.126s
2025-11-12 17:50:01.317 65740 INFO tempest.lib.common.rest_client [req-24346944-7148-4375-b490-216ac0e1185f req-24346944-7148-4375-b490-216ac0e1185f ] Request (FloatingIPsAssociationTestJSON:tearDownClass): 200 GET http://10.180.1.21/compute/v2.1/servers/2cdf7083-fd56-48a2-b8f2-1203d163cf6b 1.247s
2025-11-12 17:50:01.332 65704 INFO tempest.lib.common.rest_client [req-f9fb9a5d-7c1b-41b7-8dca-c344503d58f0 req-f9fb9a5d-7c1b-41b7-8dca-c344503d58f0 ] Request (ListServerFiltersTestJSON:setUpClass): 201 POST http://10.180.1.21/identity/v3/auth/tokens 0.045s
2025-11-12 17:50:01.333 65704 INFO tempest.lib.common.fixed_network [-] (ListServerFiltersTestJSON:setUpClass) Found network {'id': 'c90161b5-f359-4ee6-beae-d68a4d769d91', 'name': 'tempest-ListServerFiltersTestJSON-990378107-network', 'tenant_id': '6edd6f3490e34b65a7dd52ef21134e3e', 'project_id': '6edd6f3490e34b65a7dd52ef21134e3e', 'admin_state_up': True, 'mtu': 8950, 'status': 'ACTIVE', 'subnets': [], 'shared': False, 'port_security_enabled': True, 'router:external': False, 'provider:network_type': 'vlan', 'provider:physical_network': 'default', 'provider:segmentation_id': 317, 'availability_zone_hints': [], 'availability_zones': [], 'ipv4_address_scope': None, 'ipv6_address_scope': None, 'description': '', 'tags': [], 'created_at': '2025-11-12T17:50:00Z', 'updated_at': '2025-11-12T17:50:00Z', 'revision_number': 1} available for tenant
2025-11-12 17:50:01.379 65704 INFO tempest.lib.common.rest_client [req-41f44991-e33f-46f8-8b00-c83f3edbd9a9 req-41f44991-e33f-46f8-8b00-c83f3edbd9a9 ] Request (ListServerFiltersTestJSON:setUpClass): 201 POST http://10.180.1.21/identity/v3/auth/tokens 0.043s
2025-11-12 17:50:01.380 65704 INFO tempest.lib.common.fixed_network [-] (ListServerFiltersTestJSON:setUpClass) Found network {'id': 'c90161b5-f359-4ee6-beae-d68a4d769d91', 'name': 'tempest-ListServerFiltersTestJSON-990378107-network', 'tenant_id': '6edd6f3490e34b65a7dd52ef21134e3e', 'project_id': '6edd6f3490e34b65a7dd52ef21134e3e', 'admin_state_up': True, 'mtu': 8950, 'status': 'ACTIVE', 'subnets': [], 'shared': False, 'port_security_enabled': True, 'router:external': False, 'provider:network_type': 'vlan', 'provider:physical_network': 'default', 'provider:segmentation_id': 317, 'availability_zone_hints': [], 'availability_zones': [], 'ipv4_address_scope': None, 'ipv6_address_scope': None, 'description': '', 'tags': [], 'created_at': '2025-11-12T17:50:00Z', 'updated_at': '2025-11-12T17:50:00Z', 'revision_number': 1} available for tenant
2025-11-12 17:50:01.390 65730 INFO tempest.lib.common.rest_client [req-1423d0b4-ce1c-4d1b-97dd-577e2e27db5d req-1423d0b4-ce1c-4d1b-97dd-577e2e27db5d ] Request (ServersTestMultiNic:_run_cleanups): 204 DELETE http://10.180.1.21/networking/v2.0/subnets/82ee532a-88a8-4a6b-a58b-329165cb4f3b 0.333s
2025-11-12 17:50:01.488 65710 INFO tempest.lib.common.rest_client [req-107a8b80-6ccb-47f1-9950-979a1e7036b0 req-107a8b80-6ccb-47f1-9950-979a1e7036b0 ] Request (ServersAdminTestJSON:test_rebuild_server_in_error_state): 200 GET http://10.180.1.21/compute/v2.1/servers/83570a23-08f6-4a71-9a5d-eb433ce085bc 1.314s
2025-11-12 17:50:01.515 65720 INFO tempest.lib.common.rest_client [req-936131b2-491e-4c4c-81cb-5600fe6e2c64 req-936131b2-491e-4c4c-81cb-5600fe6e2c64 ] Request (ServersAdminNegativeTestJSON:tearDownClass): 200 GET http://10.180.1.21/compute/v2.1/servers/112645d8-467a-4e11-bd27-08be3bc1be4d 1.289s
2025-11-12 17:50:01.568 65684 INFO tempest.lib.common.rest_client [req-07b72800-2179-45d8-bc3c-185623c543cd req-07b72800-2179-45d8-bc3c-185623c543cd ] Request (ServersTestManualDisk:tearDownClass): 200 GET http://10.180.1.21/compute/v2.1/servers/3738b1bf-17d8-4741-b9c6-1630668ac1f6 1.320s
2025-11-12 17:50:01.575 65698 INFO tempest.lib.common.rest_client [req-e7482b33-2e77-42d0-bd4f-0f27ce128b8c req-e7482b33-2e77-42d0-bd4f-0f27ce128b8c ] Request (ServerActionsTestOtherB:test_create_backup): 200 GET http://10.180.1.21/image/v2/images/da405a4b-6d97-41af-a53e-6fb2f7c88446 0.020s
2025-11-12 17:50:01.592 65716 INFO tempest.lib.common.rest_client [req-910411d4-3ba5-4dcb-b5d2-781b381ccd83 req-910411d4-3ba5-4dcb-b5d2-781b381ccd83 ] Request (ListImageFiltersTestJSON:tearDownClass): 200 GET http://10.180.1.21/compute/v2.1/servers/de676364-640c-4d07-9a84-8bb2851ea463 1.132s
2025-11-12 17:50:01.622 65712 INFO tempest.lib.common.rest_client [req-0972d3b0-a29e-4141-9d56-4a6ab73a8377 req-0972d3b0-a29e-4141-9d56-4a6ab73a8377 ] Request (AttachInterfacesUnderV243Test:test_add_remove_fixed_ip): 200 GET http://10.180.1.21/compute/v2.1/servers/af4e43bf-e4d5-41ab-b89f-34c4c1acc079/ips 1.113s
2025-11-12 17:50:01.642 65722 INFO tempest.lib.common.rest_client [req-f75be003-5fa6-4883-88b8-a3f7c83f0ab3 req-f75be003-5fa6-4883-88b8-a3f7c83f0ab3 ] Request (DeleteServersTestJSON:test_delete_active_server): 200 GET http://10.180.1.21/compute/v2.1/servers/a652bc10-cffa-49b7-9a23-1660827b7d11 1.164s
2025-11-12 17:50:01.687 65682 INFO tempest.lib.common.rest_client [req-84254e42-f227-4973-90a3-39a09f1b4e2f req-84254e42-f227-4973-90a3-39a09f1b4e2f ] Request (InstanceActionsNegativeTestJSON:setUpClass): 200 GET http://10.180.1.21/compute/v2.1/servers/1616e954-c520-4954-ba20-5fa004f16c4e 1.079s
2025-11-12 17:50:01.708 65690 INFO tempest.lib.common.rest_client [req-06540ead-e154-4d36-a364-d730fcfb8bf4 req-06540ead-e154-4d36-a364-d730fcfb8bf4 ] Request (ServerShowV247Test:tearDownClass): 200 GET http://10.180.1.21/compute/v2.1/servers/6279af57-8cbd-4ff8-adaf-4df2ab467583 0.985s
2025-11-12 17:50:01.730 65730 INFO tempest.lib.common.rest_client [req-35e017fa-778b-4661-a1b8-a596a628d2bd req-35e017fa-778b-4661-a1b8-a596a628d2bd ] Request (ServersTestMultiNic:_run_cleanups): 204 DELETE http://10.180.1.21/networking/v2.0/networks/836afdfd-6fce-4c62-a58f-efa7a8b76ed6 0.339s
2025-11-12 17:50:01.835 65686 INFO tempest.lib.common.rest_client [req-2c93381b-82c7-4751-9446-f7e885f2d9a1 req-2c93381b-82c7-4751-9446-f7e885f2d9a1 ] Request (ServersTestJSON:tearDownClass): 200 GET http://10.180.1.21/compute/v2.1/servers/3d235293-41ed-4338-b29a-a8de0067c29e 1.045s
2025-11-12 17:50:01.862 65688 INFO tempest.lib.common.rest_client [req-aa4e4182-d22b-46cd-88a1-e443253e729b req-aa4e4182-d22b-46cd-88a1-e443253e729b ] Request (SecurityGroupsTestJSON:test_server_security_groups): 200 GET http://10.180.1.21/compute/v2.1/servers/f4fe4ad8-8623-44e8-bc4b-58c0db882ac9 1.094s
2025-11-12 17:50:01.913 65734 INFO tempest.lib.common.rest_client [req-0fdceef4-6134-429e-b67c-404335563cae req-0fdceef4-6134-429e-b67c-404335563cae ] Request (ServerMetadataNegativeTestJSON:setUpClass): 200 GET http://10.180.1.21/compute/v2.1/servers/99b46e59-fbbc-434f-89f8-9fc923046f42 1.059s
2025-11-12 17:50:01.930 65730 INFO tempest.lib.common.rest_client [req-0cd47be3-df99-4319-82d7-421a7d759da5 req-0cd47be3-df99-4319-82d7-421a7d759da5 ] Request (ServersTestMultiNic:test_verify_multiple_nics_order): 201 POST http://10.180.1.21/networking/v2.0/networks 0.198s
2025-11-12 17:50:02.126 65696 INFO tempest.lib.common.rest_client [req-797b6f81-b286-4c7a-ad4b-309d85c30ce4 req-797b6f81-b286-4c7a-ad4b-309d85c30ce4 ] Request (ServerDiskConfigTestJSON:test_rebuild_server_with_manual_disk_config): 200 GET http://10.180.1.21/compute/v2.1/servers/021aa1a8-b380-426a-87ae-6f63bae7fc38 1.209s
2025-11-12 17:50:02.155 65706 INFO tempest.lib.common.rest_client [req-56a5535c-05d4-464c-8a21-96954b18f49a req-56a5535c-05d4-464c-8a21-96954b18f49a ] Request (ServersTestBootFromVolume:setUpClass): 200 GET http://10.180.1.21/compute/v2.1/servers/e55af9b9-a039-4b50-a10f-a334e3175d4a 1.049s
2025-11-12 17:50:02.168 65730 INFO tempest.lib.common.rest_client [req-65ebf7af-dc15-40ce-aad5-bbb4025e2de1 req-65ebf7af-dc15-40ce-aad5-bbb4025e2de1 ] Request (ServersTestMultiNic:test_verify_multiple_nics_order): 201 POST http://10.180.1.21/networking/v2.0/subnets 0.237s
2025-11-12 17:50:02.279 65678 INFO tempest.lib.common.rest_client [req-acdc9dfb-79b6-4186-b206-1adb8c88f808 req-acdc9dfb-79b6-4186-b206-1adb8c88f808 ] Request (ImagesTestJSON:test_create_image_from_stopped_server): 200 GET http://10.180.1.21/compute/v2.1/servers/7a7344b4-21cd-43d5-b57c-6e81c3a1e0de 0.932s
2025-11-12 17:50:02.331 65736 INFO tempest.lib.common.rest_client [req-f9bbed8a-543a-4ca9-9013-0ac928cff618 req-f9bbed8a-543a-4ca9-9013-0ac928cff618 ] Request (MultipleCreateTestJSON:test_multiple_create_with_reservation_return): 200 GET http://10.180.1.21/compute/v2.1/servers/f96c2abf-02da-47f4-be79-51feb76dac57 1.065s
2025-11-12 17:50:02.347 65730 INFO tempest.lib.common.rest_client [req-5171313a-10e2-47fd-87b2-7f4b9575b699 req-5171313a-10e2-47fd-87b2-7f4b9575b699 ] Request (ServersTestMultiNic:test_verify_multiple_nics_order): 201 POST http://10.180.1.21/networking/v2.0/networks 0.179s
2025-11-12 17:50:02.347 65736 INFO tempest.common.waiters [-] State transition "BUILD/spawning" ==> "ACTIVE/None" after 4 second wait
2025-11-12 17:50:02.562 65692 INFO tempest.lib.common.rest_client [req-0b4ddb6d-5607-4ebd-a02b-0b50c9e47b2d req-0b4ddb6d-5607-4ebd-a02b-0b50c9e47b2d ] Request (AttachVolumeShelveTestJSON:test_attach_volume_shelved_or_offload_server): 200 GET http://10.180.1.21/compute/v2.1/servers/f965a32a-a5c5-4897-af3a-b923fa89aa55 1.167s
2025-11-12 17:50:02.588 65730 INFO tempest.lib.common.rest_client [req-7fed555d-ee4e-403a-864e-51dc616c3d68 req-7fed555d-ee4e-403a-864e-51dc616c3d68 ] Request (ServersTestMultiNic:test_verify_multiple_nics_order): 201 POST http://10.180.1.21/networking/v2.0/subnets 0.241s
2025-11-12 17:50:02.599 65698 INFO tempest.lib.common.rest_client [req-219e02a1-ec7a-4c2e-a423-10a66f1fea87 req-219e02a1-ec7a-4c2e-a423-10a66f1fea87 ] Request (ServerActionsTestOtherB:test_create_backup): 200 GET http://10.180.1.21/image/v2/images/da405a4b-6d97-41af-a53e-6fb2f7c88446 0.023s
2025-11-12 17:50:02.676 65730 INFO tempest.lib.common.rest_client [req-1c35ced1-8859-41aa-8b46-c57737b6f2c8 req-1c35ced1-8859-41aa-8b46-c57737b6f2c8 ] Request (ServersTestMultiNic:test_verify_multiple_nics_order): 201 POST http://10.180.1.21/identity/v3/auth/tokens 0.084s
2025-11-12 17:50:02.676 65730 INFO tempest.lib.common.fixed_network [-] (ServersTestMultiNic:test_verify_multiple_nics_order) Found network {'id': '41c7f72e-e21a-4e4d-9d7f-43b35bc9ba09', 'name': 'tempest-ServersTestMultiNic-1483174175-network', 'tenant_id': 'ecab0eaf43b540e799438092ac403cd5', 'project_id': 'ecab0eaf43b540e799438092ac403cd5', 'admin_state_up': True, 'mtu': 8950, 'status': 'ACTIVE', 'subnets': [], 'shared': False, 'port_security_enabled': True, 'router:external': False, 'provider:network_type': 'vlan', 'provider:physical_network': 'default', 'provider:segmentation_id': 390, 'availability_zone_hints': [], 'availability_zones': [], 'ipv4_address_scope': None, 'ipv6_address_scope': None, 'description': '', 'tags': [], 'created_at': '2025-11-12T17:47:54Z', 'updated_at': '2025-11-12T17:47:54Z', 'revision_number': 1} available for tenant
2025-11-12 17:50:02.718 65712 INFO tempest.lib.common.rest_client [req-743245d4-4ba9-4386-98c0-50286b9b2d36 req-743245d4-4ba9-4386-98c0-50286b9b2d36 ] Request (AttachInterfacesUnderV243Test:test_add_remove_fixed_ip): 200 GET http://10.180.1.21/compute/v2.1/servers/af4e43bf-e4d5-41ab-b89f-34c4c1acc079 1.093s
2025-11-12 17:50:02.801 65718 INFO tempest.lib.common.rest_client [req-91c9004c-ad58-4993-a8f3-f70d1fa93de4 req-91c9004c-ad58-4993-a8f3-f70d1fa93de4 ] Request (MigrationsAdminTest:test_resize_server_revert_deleted_flavor): 200 GET http://10.180.1.21/compute/v2.1/servers/5b6dc533-33be-4e43-ab6b-c079bfe6ba24 1.152s
2025-11-12 17:50:02.887 65702 INFO tempest.lib.common.rest_client [req-bb4229c7-631b-4829-bab6-fc5511b3b45a req-bb4229c7-631b-4829-bab6-fc5511b3b45a ] Request (ImagesNegativeTestJSON:test_create_image_from_deleted_server): 200 GET http://10.180.1.21/compute/v2.1/servers/d1ca2e19-9b38-4142-84ab-5c67072a9210 1.219s
2025-11-12 17:50:02.899 65702 INFO tempest.common.waiters [-] State transition "BUILD/None" ==> "BUILD/networking" after 57 second wait
2025-11-12 17:50:02.907 65704 INFO tempest.lib.common.rest_client [req-2516557e-2bbd-46d1-8b2b-ad1a352f6e69 req-2516557e-2bbd-46d1-8b2b-ad1a352f6e69 ] Request (ListServerFiltersTestJSON:setUpClass): 202 POST http://10.180.1.21/compute/v2.1/servers 1.527s
2025-11-12 17:50:02.959 65704 INFO tempest.lib.common.rest_client [req-ac233b38-b1e4-4bec-9f03-41a4d57a7dfc req-ac233b38-b1e4-4bec-9f03-41a4d57a7dfc ] Request (ListServerFiltersTestJSON:setUpClass): 201 POST http://10.180.1.21/identity/v3/auth/tokens 0.045s
2025-11-12 17:50:02.959 65704 INFO tempest.lib.common.fixed_network [-] (ListServerFiltersTestJSON:setUpClass) Found network {'id': 'c90161b5-f359-4ee6-beae-d68a4d769d91', 'name': 'tempest-ListServerFiltersTestJSON-990378107-network', 'tenant_id': '6edd6f3490e34b65a7dd52ef21134e3e', 'project_id': '6edd6f3490e34b65a7dd52ef21134e3e', 'admin_state_up': True, 'mtu': 8950, 'status': 'ACTIVE', 'subnets': [], 'shared': False, 'port_security_enabled': True, 'router:external': False, 'provider:network_type': 'vlan', 'provider:physical_network': 'default', 'provider:segmentation_id': 317, 'availability_zone_hints': [], 'availability_zones': [], 'ipv4_address_scope': None, 'ipv6_address_scope': None, 'description': '', 'tags': [], 'created_at': '2025-11-12T17:50:00Z', 'updated_at': '2025-11-12T17:50:00Z', 'revision_number': 1} available for tenant
2025-11-12 17:50:02.990 65732 INFO tempest.lib.common.rest_client [req-aa81e8f9-39cd-4b14-b1a1-a65981dd928f req-aa81e8f9-39cd-4b14-b1a1-a65981dd928f ] Request (ServersNegativeTestJSON:setUpClass): 200 GET http://10.180.1.21/compute/v2.1/servers/d794543a-2329-472f-b192-202cd1fe9c56 1.067s
2025-11-12 17:50:03.014 65680 INFO tempest.lib.common.rest_client [req-aa33a0ef-235d-414c-8e15-d6c2b17d7003 req-aa33a0ef-235d-414c-8e15-d6c2b17d7003 ] Request (ListServersNegativeTestJSON:tearDownClass): 200 GET http://10.180.1.21/compute/v2.1/servers/cc4be7cb-0ed8-425a-a9f5-8aec594daebe 0.807s
2025-11-12 17:50:03.126 65740 INFO tempest.lib.common.rest_client [req-076a6950-a64b-4e2d-9570-80a3f6215bfa req-076a6950-a64b-4e2d-9570-80a3f6215bfa ] Request (FloatingIPsAssociationTestJSON:tearDownClass): 200 GET http://10.180.1.21/compute/v2.1/servers/2cdf7083-fd56-48a2-b8f2-1203d163cf6b 0.796s
2025-11-12 17:50:03.152 65694 INFO tempest.lib.common.rest_client [req-9bd5c744-b927-4cfa-90d6-fe2fda393f85 req-9bd5c744-b927-4cfa-90d6-fe2fda393f85 ] Request (ServerRescueNegativeTestJSON:test_rescued_vm_attach_volume): 200 GET http://10.180.1.21/compute/v2.1/servers/53d7cbd8-4cd0-46d4-8fce-a01fb2b21420 0.925s
2025-11-12 17:50:03.216 65736 INFO tempest.lib.common.rest_client [req-709d9860-9cdd-4e41-a125-5c6d4fc2c8b3 req-709d9860-9cdd-4e41-a125-5c6d4fc2c8b3 ] Request (MultipleCreateTestJSON:tearDownClass): 204 DELETE http://10.180.1.21/compute/v2.1/servers/f96c2abf-02da-47f4-be79-51feb76dac57 0.868s
2025-11-12 17:50:03.281 65710 INFO tempest.lib.common.rest_client [req-b9284c59-3cc2-42ab-864b-640a4e323f0e req-b9284c59-3cc2-42ab-864b-640a4e323f0e ] Request (ServersAdminTestJSON:test_rebuild_server_in_error_state): 200 GET http://10.180.1.21/compute/v2.1/servers/83570a23-08f6-4a71-9a5d-eb433ce085bc 0.782s
2025-11-12 17:50:03.289 65710 INFO tempest.common.waiters [-] State transition "REBUILD/rebuilding" ==> "REBUILD/rebuild_block_device_mapping" after 2 second wait
2025-11-12 17:50:03.299 65720 INFO tempest.lib.common.rest_client [req-ecfce2a1-96f1-4f68-8272-39b180aecdb5 req-ecfce2a1-96f1-4f68-8272-39b180aecdb5 ] Request (ServersAdminNegativeTestJSON:tearDownClass): 200 GET http://10.180.1.21/compute/v2.1/servers/112645d8-467a-4e11-bd27-08be3bc1be4d 0.772s
2025-11-12 17:50:03.349 65684 INFO tempest.lib.common.rest_client [req-3e84e2bb-cc8d-4f69-8c31-b1d0a70a23ec req-3e84e2bb-cc8d-4f69-8c31-b1d0a70a23ec ] Request (ServersTestManualDisk:tearDownClass): 200 GET http://10.180.1.21/compute/v2.1/servers/3738b1bf-17d8-4741-b9c6-1630668ac1f6 0.769s
2025-11-12 17:50:03.368 65716 INFO tempest.lib.common.rest_client [req-0b7cb2bd-c1a6-4434-8df9-5972cdf6e9f8 req-0b7cb2bd-c1a6-4434-8df9-5972cdf6e9f8 ] Request (ListImageFiltersTestJSON:tearDownClass): 200 GET http://10.180.1.21/compute/v2.1/servers/de676364-640c-4d07-9a84-8bb2851ea463 0.765s
2025-11-12 17:50:03.432 65722 INFO tempest.lib.common.rest_client [req-e958f665-c81c-4785-bf41-92257525d7e1 req-e958f665-c81c-4785-bf41-92257525d7e1 ] Request (DeleteServersTestJSON:test_delete_active_server): 200 GET http://10.180.1.21/compute/v2.1/servers/a652bc10-cffa-49b7-9a23-1660827b7d11 0.782s
2025-11-12 17:50:03.562 65682 INFO tempest.lib.common.rest_client [req-9aa0b625-a242-4f8f-bd00-3b137f5e4378 req-9aa0b625-a242-4f8f-bd00-3b137f5e4378 ] Request (InstanceActionsNegativeTestJSON:setUpClass): 200 GET http://10.180.1.21/compute/v2.1/servers/1616e954-c520-4954-ba20-5fa004f16c4e 0.868s
2025-11-12 17:50:03.625 65698 INFO tempest.lib.common.rest_client [req-52fc5914-5462-47bd-ae69-73005cec07ba req-52fc5914-5462-47bd-ae69-73005cec07ba ] Request (ServerActionsTestOtherB:test_create_backup): 200 GET http://10.180.1.21/image/v2/images/da405a4b-6d97-41af-a53e-6fb2f7c88446 0.024s
2025-11-12 17:50:03.751 65690 INFO tempest.lib.common.rest_client [req-75f3f358-9e70-423d-8545-d3b00df6b96e req-75f3f358-9e70-423d-8545-d3b00df6b96e ] Request (ServerShowV247Test:tearDownClass): 200 GET http://10.180.1.21/compute/v2.1/servers/6279af57-8cbd-4ff8-adaf-4df2ab467583 1.033s
2025-11-12 17:50:03.798 65712 INFO tempest.lib.common.rest_client [req-e9bcaa43-cc7f-4e4c-99ff-b36764adb402 req-e9bcaa43-cc7f-4e4c-99ff-b36764adb402 ] Request (AttachInterfacesUnderV243Test:test_add_remove_fixed_ip): 202 POST http://10.180.1.21/compute/v2.1/servers/af4e43bf-e4d5-41ab-b89f-34c4c1acc079/action 1.072s
2025-11-12 17:50:03.936 65686 INFO tempest.lib.common.rest_client [req-df1bb78b-1453-43ee-be4e-69fe939468be req-df1bb78b-1453-43ee-be4e-69fe939468be ] Request (ServersTestJSON:tearDownClass): 200 GET http://10.180.1.21/compute/v2.1/servers/3d235293-41ed-4338-b29a-a8de0067c29e 1.091s
2025-11-12 17:50:04.203 65688 INFO tempest.lib.common.rest_client [req-efb4d007-53c0-44c1-a873-bae364f48d66 req-efb4d007-53c0-44c1-a873-bae364f48d66 ] Request (SecurityGroupsTestJSON:test_server_security_groups): 200 GET http://10.180.1.21/compute/v2.1/servers/f4fe4ad8-8623-44e8-bc4b-58c0db882ac9 1.333s
2025-11-12 17:50:04.204 65730 INFO tempest.lib.common.rest_client [req-60d2ad01-9bd1-4d27-bfad-33c85c6cde3a req-60d2ad01-9bd1-4d27-bfad-33c85c6cde3a ] Request (ServersTestMultiNic:test_verify_multiple_nics_order): 202 POST http://10.180.1.21/compute/v2.1/servers 1.527s
2025-11-12 17:50:04.275 65734 INFO tempest.lib.common.rest_client [req-2b9f434c-b773-4284-b19c-fa186ae23e9b req-2b9f434c-b773-4284-b19c-fa186ae23e9b ] Request (ServerMetadataNegativeTestJSON:setUpClass): 200 GET http://10.180.1.21/compute/v2.1/servers/99b46e59-fbbc-434f-89f8-9fc923046f42 1.351s
