2025-11-12 17:47:44.146 65692 INFO tempest.lib.common.rest_client [req-dc961435-2339-4290-b7ae-a69a9d3f5fc2 req-dc961435-2339-4290-b7ae-a69a9d3f5fc2 ] Request (ValidationResourcesFixture:setUp): 201 POST http://10.180.1.21/compute/v2.1/os-keypairs 6.015s
2025-11-12 17:47:44.157 65684 INFO tempest.lib.common.rest_client [req-e2efe0a0-948b-4257-8126-1e305f8e01d4 req-e2efe0a0-948b-4257-8126-1e305f8e01d4 ] Request (ServicesAdminNegativeTestJSON:test_get_service_by_invalid_params): 200 GET http://10.180.1.21/compute/v2.1/os-services 6.159s
2025-11-12 17:47:44.199 65722 INFO tempest.lib.common.rest_client [req-e3745958-3b7d-4ca1-b919-9b0a8c19cf2e req-e3745958-3b7d-4ca1-b919-9b0a8c19cf2e ] Request (ImagesMetadataTestJSON:test_get_image_metadata_item): 200 GET http://10.180.1.21/compute/v2.1/images/f41b5023-a031-427f-8642-23e1cf7054d0/metadata/os_distro 5.916s
2025-11-12 17:47:44.320 65732 INFO tempest.lib.common.rest_client [req-e7b65773-4eb4-45d0-b316-0ee7856f8aa0 req-e7b65773-4eb4-45d0-b316-0ee7856f8aa0 ] Request (FlavorsAdminTestJSON:test_create_list_flavor_without_extra_data): 200 GET http://10.180.1.21/compute/v2.1/flavors/detail 5.110s
2025-11-12 17:47:44.346 65726 INFO tempest.lib.common.rest_client [req-058d21b0-6653-4801-a584-b62b05582f52 req-058d21b0-6653-4801-a584-b62b05582f52 ] Request (AggregatesAdminNegativeTestJSON:test_aggregate_delete_as_user): 200 POST http://10.180.1.21/compute/v2.1/os-aggregates 5.096s
2025-11-12 17:47:44.397 65704 INFO tempest.lib.common.rest_client [req-e66119f8-321e-479f-98ca-0087bfba7ecf req-e66119f8-321e-479f-98ca-0087bfba7ecf ] Request (VolumesAdminNegativeTest:tearDownClass): 204 DELETE http://10.180.1.21/networking/v2.0/networks/293c50c7-7de4-4d4d-81e4-8e72825707b4 0.598s
2025-11-12 17:47:44.446 65702 INFO tempest.lib.common.rest_client [req-002f341a-7c17-4010-8adb-bb06039b3aef req-002f341a-7c17-4010-8adb-bb06039b3aef ] Request (FlavorsAccessNegativeTestJSON:_run_cleanups): 200 POST http://10.180.1.21/compute/v2.1/flavors/1843773484/action 5.193s
2025-11-12 17:47:44.450 65724 INFO tempest.lib.common.rest_client [req-e2fd1acf-a04d-40f8-a478-b4431e68829f req-e2fd1acf-a04d-40f8-a478-b4431e68829f ] Request (TestVersions:test_get_version_details): 200 GET http://10.180.1.21/compute/v2/ 5.187s
2025-11-12 17:47:44.477 65728 INFO tempest.lib.common.rest_client [req-d69eeb44-bf6c-49f6-bdb9-066c3cbb4978 req-d69eeb44-bf6c-49f6-bdb9-066c3cbb4978 ] Request (ImagesOneServerTestJSON:test_create_delete_image): 404 GET http://10.180.1.21/compute/v2.1/images/f17d7687-28c8-499f-940e-993562886290 4.937s
2025-11-12 17:47:44.498 65690 INFO tempest.lib.common.rest_client [req-3bb5e1dd-ed94-43a7-819c-2563253f2b14 req-3bb5e1dd-ed94-43a7-819c-2563253f2b14 ] Request (TenantUsagesTestJSON:tearDownClass): 200 GET http://10.180.1.21/compute/v2.1/servers/7a945479-074c-43d8-9cfb-f9191d545529 5.435s
2025-11-12 17:47:44.582 65706 INFO tempest.lib.common.rest_client [req-fdee28e4-7f48-4c92-b032-b594fd918eeb req-fdee28e4-7f48-4c92-b032-b594fd918eeb ] Request (AttachInterfacesV270Test:tearDownClass): 204 DELETE http://10.180.1.21/compute/v2.1/servers/00d1510d-b706-4da8-ad88-2acd60f56a4e 4.783s
2025-11-12 17:47:44.589 65692 INFO tempest.lib.common.rest_client [req-79034df8-3d66-4b6c-afb1-2e697cd0b08c req-79034df8-3d66-4b6c-afb1-2e697cd0b08c ] Request (ValidationResourcesFixture:setUp): 201 POST http://10.180.1.21/networking/v2.0/security-groups 0.441s
2025-11-12 17:47:44.720 65680 INFO tempest.lib.common.rest_client [req-0c178c39-8c6a-4325-aa1d-0aee22e32764 req-0c178c39-8c6a-4325-aa1d-0aee22e32764 ] Request (ListServersNegativeTestJSON:setUpClass): 200 GET http://10.180.1.21/compute/v2.1/servers/177f2874-a268-46e4-816e-7c23bddb9b86 5.124s
2025-11-12 17:47:44.964 65692 INFO tempest.lib.common.rest_client [req-cdb56962-feaa-45cb-b99a-eed1c7d95f57 req-cdb56962-feaa-45cb-b99a-eed1c7d95f57 ] Request (ValidationResourcesFixture:setUp): 201 POST http://10.180.1.21/networking/v2.0/security-group-rules 0.374s
2025-11-12 17:47:45.109 65740 INFO tempest.lib.common.rest_client [req-9291cbb9-60ef-4d2a-ab07-243afc81f540 req-9291cbb9-60ef-4d2a-ab07-243afc81f540 ] Request (FloatingIPsAssociationTestJSON:test_associate_already_associated_floating_ip): 200 GET http://10.180.1.21/compute/v2.1/servers/e86d9ab4-dbfa-466c-a666-1c53a28dea69 4.908s
2025-11-12 17:47:45.140 65730 INFO tempest.lib.common.rest_client [req-e86c6b78-6911-40aa-b78c-9bfb31e53fa8 req-e86c6b78-6911-40aa-b78c-9bfb31e53fa8 ] Request (InstanceUsageAuditLogNegativeTestJSON:test_get_instance_usage_audit_logs_with_invalid_time): 400 GET http://10.180.1.21/compute/v2.1/os-instance_usage_audit_log/invalid_time 4.889s
2025-11-12 17:47:45.204 65692 INFO tempest.lib.common.rest_client [req-a7ec85cf-1220-48d4-8bf6-6fe6ec87da31 req-a7ec85cf-1220-48d4-8bf6-6fe6ec87da31 ] Request (ValidationResourcesFixture:setUp): 201 POST http://10.180.1.21/networking/v2.0/security-group-rules 0.240s
2025-11-12 17:47:45.237 65720 INFO tempest.lib.common.rest_client [req-5352c504-fb6d-4a1a-b3fc-647ac01db757 req-5352c504-fb6d-4a1a-b3fc-647ac01db757 ] Request (ServersAdminNegativeTestJSON:setUpClass): 200 GET http://10.180.1.21/compute/v2.1/servers/d6028142-9b55-4fd1-8cbb-e11cb4d362b7 5.155s
2025-11-12 17:47:45.421 65704 INFO tempest.lib.common.rest_client [req-06786546-4464-4c04-95cb-3a7a2013f678 req-06786546-4464-4c04-95cb-3a7a2013f678 ] Request (VolumesAdminNegativeTest:tearDownClass): 200 PUT http://10.180.1.21/networking/v2.0/routers/66e6142d-1c05-430a-8665-08c85c1cdde2/remove_router_interface 1.023s
2025-11-12 17:47:45.458 65698 INFO tempest.lib.common.rest_client [req-83b9e758-c693-4c3a-b265-30a0947d62dc req-83b9e758-c693-4c3a-b265-30a0947d62dc ] Request (ServersAdmin275Test:tearDownClass): 200 GET http://10.180.1.21/compute/v2.1/servers/3a163c7e-edc3-47ff-b0f7-7e8675dc7c32 5.094s
2025-11-12 17:47:45.885 65692 INFO tempest.lib.common.rest_client [req-18adc371-4458-42ca-af9f-6ec82014cf2f req-18adc371-4458-42ca-af9f-6ec82014cf2f ] Request (ValidationResourcesFixture:setUp): 201 POST http://10.180.1.21/networking/v2.0/floatingips 0.680s
2025-11-12 17:47:45.910 65734 INFO tempest.lib.common.rest_client [req-60a24424-4022-479d-a5db-69b4e3ac808a req-60a24424-4022-479d-a5db-69b4e3ac808a ] Request (DeleteServersAdminTestJSON:test_delete_server_while_in_error_state): 200 GET http://10.180.1.21/compute/v2.1/servers/3c7954d4-4760-4755-ace4-ce501cac261e 5.243s
2025-11-12 17:47:45.923 65692 INFO tempest.lib.common.rest_client [req-c2b2dae9-56ec-430f-ac6d-929eb2582083 req-c2b2dae9-56ec-430f-ac6d-929eb2582083 ] Request (AttachVolumeShelveTestJSON:test_attach_volume_shelved_or_offload_server): 201 POST http://10.180.1.21/identity/v3/auth/tokens 0.035s
2025-11-12 17:47:45.924 65692 INFO tempest.lib.common.fixed_network [-] (AttachVolumeShelveTestJSON:test_attach_volume_shelved_or_offload_server) Found network {'id': 'eac8095d-687c-4c6f-bd09-78ecb8683707', 'name': 'tempest-AttachVolumeShelveTestJSON-1222854780-network', 'tenant_id': 'f7798cc92fb14757ba097bca1fb82f49', 'project_id': 'f7798cc92fb14757ba097bca1fb82f49', 'admin_state_up': True, 'mtu': 8950, 'status': 'ACTIVE', 'subnets': [], 'shared': False, 'port_security_enabled': True, 'router:external': False, 'provider:network_type': 'vlan', 'provider:physical_network': 'default', 'provider:segmentation_id': 993, 'availability_zone_hints': [], 'availability_zones': [], 'ipv4_address_scope': None, 'ipv6_address_scope': None, 'description': '', 'tags': [], 'created_at': '2025-11-12T17:47:34Z', 'updated_at': '2025-11-12T17:47:34Z', 'revision_number': 1} available for tenant
2025-11-12 17:47:46.100 65686 WARNING tempest.lib.common.ssh [-] Failed to establish authenticated ssh connection to cirros@10.180.180.177 ([Errno None] Unable to connect to port 22 on 10.180.180.177). Number attempts: 4. Retry after 5 seconds.: paramiko.ssh_exception.NoValidConnectionsError: [Errno None] Unable to connect to port 22 on 10.180.180.177
2025-11-12 17:47:46.182 65704 INFO tempest.lib.common.rest_client [req-f3b46e23-78e1-4b52-a3f7-4ea2bbd3f49c req-f3b46e23-78e1-4b52-a3f7-4ea2bbd3f49c ] Request (VolumesAdminNegativeTest:tearDownClass): 204 DELETE http://10.180.1.21/networking/v2.0/routers/66e6142d-1c05-430a-8665-08c85c1cdde2 0.760s
2025-11-12 17:47:46.230 65714 INFO tempest.lib.common.rest_client [req-8b73b5af-ec47-4980-a205-1ee549422652 req-8b73b5af-ec47-4980-a205-1ee549422652 ] Request (ServersNegativeTestMultiTenantJSON:setUpClass): 200 GET http://10.180.1.21/compute/v2.1/servers/d3eb4bc8-e8a2-4758-9f7f-c2d11c8da1c7 5.619s
2025-11-12 17:47:46.243 65714 INFO tempest.common.waiters [-] State transition "BUILD/None" ==> "BUILD/networking" after 25 second wait
2025-11-12 17:47:46.297 65682 INFO tempest.lib.common.rest_client [req-88f85366-caba-408e-89d8-1cf9e254d844 req-88f85366-caba-408e-89d8-1cf9e254d844 ] Request (FloatingIPsAssociationNegativeTestJSON:setUpClass): 200 GET http://10.180.1.21/compute/v2.1/servers/ce6b64b5-bfea-495b-9102-2b33e45992b8 5.543s
2025-11-12 17:47:46.398 65694 INFO tempest.lib.common.rest_client [req-9cef8640-0c99-4456-9df1-e15becce61d9 req-9cef8640-0c99-4456-9df1-e15becce61d9 ] Request (ServersTestFqdnHostnames:tearDownClass): 204 DELETE http://10.180.1.21/compute/v2.1/servers/9a6a4479-4ba4-4c92-8b44-d57f02ac398f 5.092s
2025-11-12 17:47:46.402 65704 INFO tempest.lib.common.rest_client [req-ae95d31f-71ea-43a9-be82-8dbbfd3fe9bd req-ae95d31f-71ea-43a9-be82-8dbbfd3fe9bd ] Request (VolumesAdminNegativeTest:tearDownClass): 204 DELETE http://10.180.1.21/networking/v2.0/subnets/9c0af03b-abf6-49f0-85b2-cbb6bb168fab 0.219s
2025-11-12 17:47:46.513 65688 INFO tempest.lib.common.rest_client [req-d33b5f8e-fd79-46c9-b569-30c139d9c488 req-d33b5f8e-fd79-46c9-b569-30c139d9c488 ] Request (SecurityGroupsTestJSON:test_security_group_create_get_delete): 200 POST http://10.180.1.21/compute/v2.1/os-security-groups 5.618s
2025-11-12 17:47:46.527 65708 INFO tempest.lib.common.rest_client [req-454a92f0-fc3f-45c3-abc6-e23a7df5142c req-454a92f0-fc3f-45c3-abc6-e23a7df5142c ] Request (HostsAdminNegativeTestJSON:test_shutdown_nonexistent_host): 404 GET http://10.180.1.21/compute/v2.1/os-hosts/nonexistent_hostname/shutdown 4.450s
2025-11-12 17:47:46.864 65704 INFO tempest.lib.common.rest_client [req-aba3f321-416c-4217-a245-d8f7bc0818c8 req-aba3f321-416c-4217-a245-d8f7bc0818c8 ] Request (VolumesAdminNegativeTest:tearDownClass): 204 DELETE http://10.180.1.21/networking/v2.0/networks/ccc908b9-7180-42a6-999f-488e449bed83 0.462s
2025-11-12 17:47:46.978 65704 INFO tempest.lib.common.rest_client [req-1e5796f4-c21c-4ae3-8ddf-b8f781d2c83a req-1e5796f4-c21c-4ae3-8ddf-b8f781d2c83a ] Request (VolumesAdminNegativeTest:tearDownClass): 204 DELETE http://10.180.1.21/identity/v3/users/fcb885052b94472094f5df1f58718a0a 0.114s
2025-11-12 17:47:46.979 65738 INFO tempest.lib.common.rest_client [req-83d2568c-1e9f-4820-ad07-14e2c92def15 req-83d2568c-1e9f-4820-ad07-14e2c92def15 ] Request (ServerDiagnosticsV248Test:test_get_server_diagnostics): 200 GET http://10.180.1.21/compute/v2.1/servers/e326592b-2094-4e72-8ac3-2ac4055eedab 4.603s
2025-11-12 17:47:47.078 65700 INFO tempest.lib.common.rest_client [req-03e5d522-1901-47f4-ae0c-30fe46c5d975 req-03e5d522-1901-47f4-ae0c-30fe46c5d975 ] Request (ServersWithSpecificFlavorTestJSON:test_verify_created_server_ephemeral_disk): 200 GET http://10.180.1.21/compute/v2.1/servers/39039e6a-b932-4e4d-95b6-285b19f6b016 5.425s
2025-11-12 17:47:47.084 65704 INFO tempest.lib.common.rest_client [req-11c90e17-a93e-4d89-aff0-9c969be6c375 req-11c90e17-a93e-4d89-aff0-9c969be6c375 ] Request (VolumesAdminNegativeTest:tearDownClass): 204 DELETE http://10.180.1.21/identity/v3/users/8b90d285722a405a82d88c1de150a5a4 0.105s
2025-11-12 17:47:47.086 65700 INFO tempest.lib.common.ssh [-] Creating ssh connection to '10.180.180.248:22' as 'cirros' with public key authentication
2025-11-12 17:47:47.174 65704 INFO tempest.lib.common.rest_client [req-3c5c1ab6-5cec-4aaf-8932-d6f133601e3c req-3c5c1ab6-5cec-4aaf-8932-d6f133601e3c ] Request (VolumesAdminNegativeTest:tearDownClass): 204 DELETE http://10.180.1.21/identity/v3/users/03c168d73cd24d6f87097946dd3bf9b1 0.090s
2025-11-12 17:47:47.175 65704 INFO tempest.lib.common.dynamic_creds [-] Deleting project and security group for project: ab75aa617b8d4bc7949a9925a1c0e058
2025-11-12 17:47:47.519 65736 INFO tempest.lib.common.rest_client [req-fcbb21b6-4234-48bf-ab21-8ce5d6cdd260 req-fcbb21b6-4234-48bf-ab21-8ce5d6cdd260 ] Request (MultipleCreateTestJSON:test_multiple_create): 200 GET http://10.180.1.21/compute/v2.1/servers/75ad5a63-252f-4fff-bdb6-59ddd71edc1e 4.828s
2025-11-12 17:47:47.530 65736 INFO tempest.common.waiters [-] State transition "BUILD/None" ==> "BUILD/spawning" after 22 second wait
2025-11-12 17:47:47.534 65704 INFO tempest.lib.common.rest_client [req-b8be7208-720b-4f10-a5ff-73820b5b46ed req-b8be7208-720b-4f10-a5ff-73820b5b46ed ] Request (VolumesAdminNegativeTest:tearDownClass): 200 GET http://10.180.1.21/networking/v2.0/security-groups?tenant_id=ab75aa617b8d4bc7949a9925a1c0e058&name=default 0.358s
2025-11-12 17:47:47.576 65718 INFO tempest.lib.common.rest_client [req-20fd6136-9de7-4c04-8845-de75bbb43610 req-20fd6136-9de7-4c04-8845-de75bbb43610 ] Request (MigrationsAdminTest:test_list_migrations_in_flavor_resize_situation): 200 GET http://10.180.1.21/compute/v2.1/servers/82156316-baf3-4617-8d6b-494e03e7f676 4.858s
2025-11-12 17:47:47.585 65696 INFO tempest.lib.common.rest_client [req-1066a17c-feb8-4efb-9a9a-1304bc5c791c req-1066a17c-feb8-4efb-9a9a-1304bc5c791c ] Request (ServerDiskConfigTestJSON:test_rebuild_server_with_auto_disk_config): 200 GET http://10.180.1.21/compute/v2.1/servers/be75e9e6-e9af-4950-997b-08813945e8a2 4.724s
2025-11-12 17:47:47.589 65718 INFO tempest.common.waiters [-] State transition "BUILD/spawning" ==> "ACTIVE/None" after 29 second wait
2025-11-12 17:47:47.631 65704 INFO tempest.lib.common.rest_client [req-24cb0877-9ded-42ed-8ed0-aef90040b849 req-24cb0877-9ded-42ed-8ed0-aef90040b849 ] Request (VolumesAdminNegativeTest:tearDownClass): 204 DELETE http://10.180.1.21/networking/v2.0/security-groups/f285a92a-664f-42d1-93d4-b5bd367fb18c 0.096s
2025-11-12 17:47:47.710 65712 INFO tempest.lib.common.rest_client [req-4ef37d0d-1dd6-489c-8fa3-5af486d021d5 req-4ef37d0d-1dd6-489c-8fa3-5af486d021d5 ] Request (AttachInterfacesUnderV243Test:test_add_remove_fixed_ip): 200 GET http://10.180.1.21/compute/v2.1/servers/af4e43bf-e4d5-41ab-b89f-34c4c1acc079 3.783s
2025-11-12 17:47:47.718 65716 INFO tempest.lib.common.rest_client [req-272f3235-dbdf-4e8f-bb7a-da5c4d6cdc76 req-272f3235-dbdf-4e8f-bb7a-da5c4d6cdc76 ] Request (ListImageFiltersTestJSON:setUpClass): 200 GET http://10.180.1.21/compute/v2.1/servers/de676364-640c-4d07-9a84-8bb2851ea463 4.638s
2025-11-12 17:47:47.728 65716 INFO tempest.common.waiters [-] State transition "BUILD/spawning" ==> "ACTIVE/None" after 28 second wait
2025-11-12 17:47:47.747 65684 INFO tempest.lib.common.rest_client [req-fa001e5d-9c06-4a65-a793-d241f44087e7 req-fa001e5d-9c06-4a65-a793-d241f44087e7 ] Request (ServicesAdminNegativeTestJSON:test_get_service_by_invalid_params): 200 GET http://10.180.1.21/compute/v2.1/os-services?xxx=nova-compute 3.588s
2025-11-12 17:47:47.809 65710 INFO tempest.lib.common.rest_client [req-64fb732a-2e65-4cd4-be6a-df13710c4991 req-64fb732a-2e65-4cd4-be6a-df13710c4991 ] Request (ServersAdminTestJSON:test_create_server_with_scheduling_hint): 200 GET http://10.180.1.21/compute/v2.1/servers/ee0ce9d1-afd6-4e88-ae3f-8b2b700ce114 3.865s
2025-11-12 17:47:47.814 65704 INFO tempest.lib.common.rest_client [req-8007cb7c-0bac-4264-b19e-8be0258100ff req-8007cb7c-0bac-4264-b19e-8be0258100ff ] Request (VolumesAdminNegativeTest:tearDownClass): 204 DELETE http://10.180.1.21/identity/v3/projects/ab75aa617b8d4bc7949a9925a1c0e058 0.183s
2025-11-12 17:47:47.814 65704 INFO tempest.lib.common.dynamic_creds [-] Deleting project and security group for project: 654f02b6086442259766350f3504bf49
2025-11-12 17:47:47.837 65732 INFO tempest.lib.common.rest_client [req-62384e50-915c-4247-825a-663b629f78d7 req-62384e50-915c-4247-825a-663b629f78d7 ] Request (FlavorsAdminTestJSON:_run_cleanups): 202 DELETE http://10.180.1.21/compute/v2.1/flavors/696481498 3.511s
2025-11-12 17:47:47.840 65726 INFO tempest.lib.common.rest_client [req-a97c8e65-4c8c-42e5-a99d-0c43444c9dbc req-a97c8e65-4c8c-42e5-a99d-0c43444c9dbc ] Request (AggregatesAdminNegativeTestJSON:test_aggregate_delete_as_user): 403 DELETE http://10.180.1.21/compute/v2.1/os-aggregates/5 3.492s
2025-11-12 17:47:47.855 65704 INFO tempest.lib.common.rest_client [req-7ea0e8dd-9716-425b-9a36-e56153c14202 req-7ea0e8dd-9716-425b-9a36-e56153c14202 ] Request (VolumesAdminNegativeTest:tearDownClass): 200 GET http://10.180.1.21/networking/v2.0/security-groups?tenant_id=654f02b6086442259766350f3504bf49&name=default 0.040s
2025-11-12 17:47:47.864 65702 INFO tempest.lib.common.rest_client [req-1d938a39-50ad-4f9a-9c4b-1914c236acac req-1d938a39-50ad-4f9a-9c4b-1914c236acac ] Request (FlavorsAccessNegativeTestJSON:_run_cleanups): 202 DELETE http://10.180.1.21/compute/v2.1/flavors/1843773484 3.416s
2025-11-12 17:47:47.870 65724 INFO tempest.lib.common.rest_client [req-02c38668-16da-4adb-add1-be5a3693f4d8 req-02c38668-16da-4adb-add1-be5a3693f4d8 ] Request (TestVersions:test_get_version_details): 200 GET http://10.180.1.21/compute/v2.1/ 3.418s
2025-11-12 17:47:47.929 65722 INFO tempest.lib.common.rest_client [req-63fd1457-cf16-40ee-8d15-15885adebe76 req-63fd1457-cf16-40ee-8d15-15885adebe76 ] Request (ImagesMetadataTestJSON:setUp): 200 PUT http://10.180.1.21/compute/v2.1/images/f41b5023-a031-427f-8642-23e1cf7054d0/metadata 3.726s
2025-11-12 17:47:47.986 65704 INFO tempest.lib.common.rest_client [req-9acc6db9-39e2-4cc7-a019-b28e5f1bc715 req-9acc6db9-39e2-4cc7-a019-b28e5f1bc715 ] Request (VolumesAdminNegativeTest:tearDownClass): 204 DELETE http://10.180.1.21/networking/v2.0/security-groups/8c4342d9-53d1-4d4e-a75c-6b3f85a40e97 0.131s
2025-11-12 17:47:47.999 65706 INFO tempest.lib.common.rest_client [req-4830ab58-9e2c-4f29-972a-76d8116babdd req-4830ab58-9e2c-4f29-972a-76d8116babdd ] Request (AttachInterfacesV270Test:tearDownClass): 200 GET http://10.180.1.21/compute/v2.1/servers/00d1510d-b706-4da8-ad88-2acd60f56a4e 3.416s
2025-11-12 17:47:48.121 65704 INFO tempest.lib.common.rest_client [req-2de9ce0b-cecb-4bc0-bd2e-53669387128a req-2de9ce0b-cecb-4bc0-bd2e-53669387128a ] Request (VolumesAdminNegativeTest:tearDownClass): 204 DELETE http://10.180.1.21/identity/v3/projects/654f02b6086442259766350f3504bf49 0.134s
2025-11-12 17:47:48.121 65704 INFO tempest.lib.common.dynamic_creds [-] Deleting project and security group for project: 349b5e8f403c414f9f224a61b939d377
2025-11-12 17:47:48.148 65704 INFO tempest.lib.common.rest_client [req-6de4570d-48b7-4c2e-990a-dcbae5038842 req-6de4570d-48b7-4c2e-990a-dcbae5038842 ] Request (VolumesAdminNegativeTest:tearDownClass): 200 GET http://10.180.1.21/networking/v2.0/security-groups?tenant_id=349b5e8f403c414f9f224a61b939d377&name=default 0.026s
2025-11-12 17:47:48.197 65730 INFO tempest.lib.common.rest_client [req-f48ba414-9ddd-4035-9d60-2f9ad7cd4de5 req-f48ba414-9ddd-4035-9d60-2f9ad7cd4de5 ] Request (InstanceUsageAuditLogNegativeTestJSON:test_instance_usage_audit_logs_with_nonadmin_user): 403 GET http://10.180.1.21/compute/v2.1/os-instance_usage_audit_log 3.056s
2025-11-12 17:47:48.266 65690 INFO tempest.lib.common.rest_client [req-435a1994-3759-443c-9ea8-9323b5086ea4 req-435a1994-3759-443c-9ea8-9323b5086ea4 ] Request (TenantUsagesTestJSON:tearDownClass): 200 GET http://10.180.1.21/compute/v2.1/servers/7a945479-074c-43d8-9cfb-f9191d545529 2.755s
2025-11-12 17:47:48.270 65704 INFO tempest.lib.common.rest_client [req-e89dd7e7-7423-4424-a81c-4091157039fa req-e89dd7e7-7423-4424-a81c-4091157039fa ] Request (VolumesAdminNegativeTest:tearDownClass): 204 DELETE http://10.180.1.21/networking/v2.0/security-groups/be398b6d-d4ce-4be4-b0df-c1175aed05a0 0.118s
2025-11-12 17:47:48.336 65680 INFO tempest.lib.common.rest_client [req-10b17513-e58d-48eb-ba90-24a1e7d86ae7 req-10b17513-e58d-48eb-ba90-24a1e7d86ae7 ] Request (ListServersNegativeTestJSON:setUpClass): 200 GET http://10.180.1.21/compute/v2.1/servers/177f2874-a268-46e4-816e-7c23bddb9b86 2.608s
2025-11-12 17:47:48.441 65704 INFO tempest.lib.common.rest_client [req-fefad3ab-5eda-498e-982f-646b8d95a567 req-fefad3ab-5eda-498e-982f-646b8d95a567 ] Request (VolumesAdminNegativeTest:tearDownClass): 204 DELETE http://10.180.1.21/identity/v3/projects/349b5e8f403c414f9f224a61b939d377 0.170s
2025-11-12 17:47:48.506 65728 INFO tempest.lib.common.rest_client [req-011dc69a-5593-41c9-aec2-e27a132f6191 req-011dc69a-5593-41c9-aec2-e27a132f6191 ] Request (ImagesOneServerTestJSON:test_create_image_specify_multibyte_character_image_name): 202 POST http://10.180.1.21/compute/v2.1/servers/bdeed231-9cf8-40a1-8034-7a066a1e5163/action 4.027s
2025-11-12 17:47:48.542 65704 INFO tempest.lib.common.rest_client [req-d986cfd9-ff34-4bf3-ac8f-04257fe5d314 req-d986cfd9-ff34-4bf3-ac8f-04257fe5d314 ] Request (InstanceActionsTestJSON:setUpClass): 201 POST http://10.180.1.21/identity/v3/auth/tokens 0.099s
2025-11-12 17:47:48.580 65704 INFO tempest.lib.common.rest_client [req-5cb0e680-f869-438a-81e2-0ca5adad8f01 req-5cb0e680-f869-438a-81e2-0ca5adad8f01 ] Request (InstanceActionsTestJSON:setUpClass): 201 POST http://10.180.1.21/identity/v3/auth/tokens 0.035s
2025-11-12 17:47:48.595 65740 INFO tempest.lib.common.rest_client [req-6dd328dd-4c68-4b0a-bce7-3bf01042680f req-6dd328dd-4c68-4b0a-bce7-3bf01042680f ] Request (FloatingIPsAssociationTestJSON:test_associate_already_associated_floating_ip): 200 GET http://10.180.1.21/compute/v2.1/servers/e86d9ab4-dbfa-466c-a666-1c53a28dea69 2.477s
2025-11-12 17:47:48.610 65704 INFO tempest.lib.common.rest_client [req-2dc5fd52-9be1-42df-8df8-8548665eaeb7 req-2dc5fd52-9be1-42df-8df8-8548665eaeb7 ] Request (InstanceActionsTestJSON:setUpClass): 200 GET http://10.180.1.21/identity/v3/domains?name=Default 0.029s
2025-11-12 17:47:48.648 65704 INFO tempest.lib.common.rest_client [req-17f8fd4a-c677-44a7-825a-fb2101497cb3 req-17f8fd4a-c677-44a7-825a-fb2101497cb3 ] Request (InstanceActionsTestJSON:setUpClass): 201 POST http://10.180.1.21/identity/v3/projects 0.037s
2025-11-12 17:47:48.731 65704 INFO tempest.lib.common.rest_client [req-9340630b-e294-4de6-9d00-964f1ef0854f req-9340630b-e294-4de6-9d00-964f1ef0854f ] Request (InstanceActionsTestJSON:setUpClass): 201 POST http://10.180.1.21/identity/v3/users 0.083s
2025-11-12 17:47:48.768 65704 INFO tempest.lib.common.rest_client [req-d214f108-1551-4245-abb9-605d4e9b4f7f req-d214f108-1551-4245-abb9-605d4e9b4f7f ] Request (InstanceActionsTestJSON:setUpClass): 200 GET http://10.180.1.21/identity/v3/roles 0.036s
2025-11-12 17:47:48.811 65704 INFO tempest.lib.common.rest_client [req-3b9c64c2-08e7-40d4-91c1-ea80281d488c req-3b9c64c2-08e7-40d4-91c1-ea80281d488c ] Request (InstanceActionsTestJSON:setUpClass): 204 PUT http://10.180.1.21/identity/v3/projects/991b43d63de943d7b4dc16f41a1688ff/users/1bfa10dae4634799aac120515edaa909/roles/1ed318fb7c2245208ff5a7aafcef559d 0.043s
2025-11-12 17:47:48.811 65704 INFO tempest.lib.common.dynamic_creds [-] Dynamic test user 1bfa10dae4634799aac120515edaa909 is created with scope project and roles: ['member']
2025-11-12 17:47:48.812 65704 INFO tempest.lib.common.dynamic_creds [-] Acquired dynamic creds: credentials: Credentials: {'domain_id': 'default', 'domain_name': 'Default', 'username': 'tempest-InstanceActionsTestJSON-239780947-project-member', 'project_domain_id': 'default', 'project_domain_name': 'Default', 'project_id': '991b43d63de943d7b4dc16f41a1688ff', 'project_name': 'tempest-InstanceActionsTestJSON-239780947', 'tenant_id': '991b43d63de943d7b4dc16f41a1688ff', 'tenant_name': 'tempest-InstanceActionsTestJSON-239780947', 'user_domain_id': 'default', 'user_domain_name': 'Default', 'user_id': '1bfa10dae4634799aac120515edaa909', 'system': None}, Network: None, Subnet: None, Router: None
2025-11-12 17:47:48.822 65720 INFO tempest.lib.common.rest_client [req-738959f1-b85b-460b-b105-3cefa23e8a4e req-738959f1-b85b-460b-b105-3cefa23e8a4e ] Request (ServersAdminNegativeTestJSON:setUpClass): 200 GET http://10.180.1.21/compute/v2.1/servers/d6028142-9b55-4fd1-8cbb-e11cb4d362b7 2.578s
2025-11-12 17:47:48.831 65720 INFO tempest.common.waiters [-] State transition "BUILD/spawning" ==> "ACTIVE/None" after 28 second wait
2025-11-12 17:47:48.902 65704 INFO tempest.lib.common.rest_client [req-a3b1bbeb-fbdf-42d9-8239-37520559a9b3 req-a3b1bbeb-fbdf-42d9-8239-37520559a9b3 ] Request (InstanceActionsTestJSON:setUpClass): 201 POST http://10.180.1.21/identity/v3/auth/tokens 0.089s
2025-11-12 17:47:48.980 65678 INFO paramiko.transport [-] Connected (version 2.0, client dropbear_2020.81)
2025-11-12 17:47:49.044 65678 INFO paramiko.transport [-] Authentication (publickey) successful!
2025-11-12 17:47:49.045 65678 INFO tempest.lib.common.ssh [-] ssh connection to cirros@10.180.180.173 successfully created
2025-11-12 17:47:49.347 65692 INFO tempest.lib.common.rest_client [req-a7ba3552-0b5c-495a-b9a9-68bb9ef08ac6 req-a7ba3552-0b5c-495a-b9a9-68bb9ef08ac6 ] Request (AttachVolumeShelveTestJSON:test_attach_volume_shelved_or_offload_server): 202 POST http://10.180.1.21/compute/v2.1/servers 3.422s
2025-11-12 17:47:49.620 65704 INFO tempest.lib.common.rest_client [req-86ae493e-0213-4c33-b874-7bfd271c7b29 req-86ae493e-0213-4c33-b874-7bfd271c7b29 ] Request (InstanceActionsTestJSON:setUpClass): 201 POST http://10.180.1.21/networking/v2.0/networks 0.718s
2025-11-12 17:47:49.657 65694 INFO tempest.lib.common.rest_client [req-1360b782-4368-4254-8231-cbcaba0fb3bc req-1360b782-4368-4254-8231-cbcaba0fb3bc ] Request (ServersTestFqdnHostnames:tearDownClass): 200 GET http://10.180.1.21/compute/v2.1/servers/9a6a4479-4ba4-4c92-8b44-d57f02ac398f 3.259s
2025-11-12 17:47:49.859 65698 INFO tempest.lib.common.rest_client [req-9d68339f-8a00-4ffb-ac70-9131cd9e7f1d req-9d68339f-8a00-4ffb-ac70-9131cd9e7f1d ] Request (ServersAdmin275Test:tearDownClass): 200 GET http://10.180.1.21/compute/v2.1/servers/3a163c7e-edc3-47ff-b0f7-7e8675dc7c32 3.383s
2025-11-12 17:47:49.864 65708 INFO tempest.lib.common.rest_client [req-3dec92f9-ccc8-44b9-b9af-baf2c184e485 req-3dec92f9-ccc8-44b9-b9af-baf2c184e485 ] Request (HostsAdminNegativeTestJSON:test_startup_host_with_non_admin_user): 403 GET http://10.180.1.21/compute/v2.1/os-hosts/devstack/startup 3.335s
2025-11-12 17:47:50.020 65704 INFO tempest.lib.common.rest_client [req-cbb0fba9-8665-47a9-94f3-b0e6259e0806 req-cbb0fba9-8665-47a9-94f3-b0e6259e0806 ] Request (InstanceActionsTestJSON:setUpClass): 201 POST http://10.180.1.21/networking/v2.0/subnets 0.399s
2025-11-12 17:47:50.048 65688 INFO tempest.lib.common.rest_client [req-2ff7166a-a131-4e76-a2ba-1f9e0d85cd1b req-2ff7166a-a131-4e76-a2ba-1f9e0d85cd1b ] Request (SecurityGroupsTestJSON:test_security_group_create_get_delete): 200 GET http://10.180.1.21/compute/v2.1/os-security-groups/78131c03-3dea-49d9-b7a9-82563b239165 3.531s
2025-11-12 17:47:50.199 65700 WARNING tempest.lib.common.ssh [-] Failed to establish authenticated ssh connection to cirros@10.180.180.248 ([Errno None] Unable to connect to port 22 on 10.180.180.248). Number attempts: 1. Retry after 2 seconds.: paramiko.ssh_exception.NoValidConnectionsError: [Errno None] Unable to connect to port 22 on 10.180.180.248
2025-11-12 17:47:50.870 65734 INFO tempest.lib.common.rest_client [req-584d953e-751c-4f95-ad71-be0b4f9004f3 req-584d953e-751c-4f95-ad71-be0b4f9004f3 ] Request (DeleteServersAdminTestJSON:test_delete_server_while_in_error_state): 200 GET http://10.180.1.21/compute/v2.1/servers/3c7954d4-4760-4755-ace4-ce501cac261e 3.951s
2025-11-12 17:47:50.879 65734 INFO tempest.common.waiters [-] State transition "BUILD/None" ==> "BUILD/spawning" after 29 second wait
2025-11-12 17:47:50.891 65714 INFO tempest.lib.common.rest_client [req-cb0b18bf-af09-4667-9a14-60b5e15feaf1 req-cb0b18bf-af09-4667-9a14-60b5e15feaf1 ] Request (ServersNegativeTestMultiTenantJSON:setUpClass): 200 GET http://10.180.1.21/compute/v2.1/servers/d3eb4bc8-e8a2-4758-9f7f-c2d11c8da1c7 3.646s
2025-11-12 17:47:50.900 65714 INFO tempest.common.waiters [-] State transition "BUILD/networking" ==> "BUILD/spawning" after 29 second wait
2025-11-12 17:47:51.058 65682 INFO tempest.lib.common.rest_client [req-a9214465-4d0d-4055-9844-2f50ac8f765e req-a9214465-4d0d-4055-9844-2f50ac8f765e ] Request (FloatingIPsAssociationNegativeTestJSON:setUpClass): 200 GET http://10.180.1.21/compute/v2.1/servers/ce6b64b5-bfea-495b-9102-2b33e45992b8 3.753s
2025-11-12 17:47:51.268 65718 INFO tempest.lib.common.rest_client [req-d914b28e-6930-4e15-931e-dcf244591424 req-d914b28e-6930-4e15-931e-dcf244591424 ] Request (MigrationsAdminTest:test_list_migrations_in_flavor_resize_situation): 202 POST http://10.180.1.21/compute/v2.1/servers/82156316-baf3-4617-8d6b-494e03e7f676/action 3.678s
2025-11-12 17:47:51.307 65684 INFO tempest.lib.common.rest_client [req-9b4d2924-c8c0-4379-8193-374b47d04ca7 req-9b4d2924-c8c0-4379-8193-374b47d04ca7 ] Request (ServicesAdminNegativeTestJSON:test_get_service_by_invalid_service_and_valid_host): 200 GET http://10.180.1.21/compute/v2.1/os-services 3.555s
2025-11-12 17:47:51.335 65732 INFO tempest.lib.common.rest_client [req-7b8c8028-2e57-4998-b49f-1510ae07992c req-7b8c8028-2e57-4998-b49f-1510ae07992c ] Request (FlavorsAdminTestJSON:_run_cleanups): 200 GET http://10.180.1.21/compute/v2.1/flavors/detail 3.498s
2025-11-12 17:47:51.351 65716 INFO tempest.lib.common.rest_client [req-ce7d96cf-b905-4b6d-914f-f4c39923f38d req-ce7d96cf-b905-4b6d-914f-f4c39923f38d ] Request (ListImageFiltersTestJSON:setUpClass): 200 GET http://10.180.1.21/compute/v2.1/servers/c0b11f26-7241-41b1-8062-0cf387b0ee82 3.622s
2025-11-12 17:47:51.378 65726 INFO tempest.lib.common.rest_client [req-9d132058-91d5-4810-884e-819c9f0015e6 req-9d132058-91d5-4810-884e-819c9f0015e6 ] Request (AggregatesAdminNegativeTestJSON:_run_cleanups): 200 DELETE http://10.180.1.21/compute/v2.1/os-aggregates/5 3.536s
2025-11-12 17:47:51.382 65724 INFO tempest.lib.common.rest_client [-] Request (TestVersions:test_list_api_versions): 200 GET http://10.180.1.21/compute/ 3.506s
2025-11-12 17:47:51.387 65702 INFO tempest.lib.common.rest_client [req-853a2e3e-0b95-49d9-803b-abbd85b4a2ed req-853a2e3e-0b95-49d9-803b-abbd85b4a2ed ] Request (FlavorsAccessNegativeTestJSON:_run_cleanups): 200 GET http://10.180.1.21/compute/v2.1/flavors/detail 3.521s
2025-11-12 17:47:51.443 65722 INFO tempest.lib.common.rest_client [req-8632d087-88a9-4c78-abf9-8af8d5dc825e req-8632d087-88a9-4c78-abf9-8af8d5dc825e ] Request (ImagesMetadataTestJSON:test_list_image_metadata): 200 GET http://10.180.1.21/compute/v2.1/images/f41b5023-a031-427f-8642-23e1cf7054d0/metadata 3.513s
2025-11-12 17:47:51.446 65730 INFO tempest.lib.common.rest_client [req-8f3b6115-f977-49b3-88c8-1e11844d34b8 req-8f3b6115-f977-49b3-88c8-1e11844d34b8 ] Request (InstanceUsageAuditLogNegativeTestJSON:test_instance_usage_audit_logs_with_nonadmin_user): 403 GET http://10.180.1.21/compute/v2.1/os-instance_usage_audit_log/2025-11-12%2017%3A47%3A48 3.248s
2025-11-12 17:47:51.497 65738 INFO tempest.lib.common.rest_client [req-f2b5a470-8d14-4ea3-adf3-63d7b4bd16b9 req-f2b5a470-8d14-4ea3-adf3-63d7b4bd16b9 ] Request (ServerDiagnosticsV248Test:test_get_server_diagnostics): 200 GET http://10.180.1.21/compute/v2.1/servers/e326592b-2094-4e72-8ac3-2ac4055eedab 3.504s
2025-11-12 17:47:51.499 65728 INFO tempest.lib.common.rest_client [req-85ba3817-dcea-4a34-b3a7-a7969819dae0 req-85ba3817-dcea-4a34-b3a7-a7969819dae0 ] Request (ImagesOneServerTestJSON:test_create_image_specify_multibyte_character_image_name): 200 GET http://10.180.1.21/compute/v2.1/images/8d6254ac-f893-4977-89f2-46bfa5c32bf8 2.991s
2025-11-12 17:47:51.531 65724 INFO tempest.lib.common.rest_client [req-f952c3db-b205-4b6d-a911-b2df106f9a9d req-f952c3db-b205-4b6d-a911-b2df106f9a9d ] Request (TestVersions:tearDownClass): 204 DELETE http://10.180.1.21/identity/v3/users/a75740acd1984f2297fc7f1927d61ed0 0.145s
2025-11-12 17:47:51.531 65724 INFO tempest.lib.common.dynamic_creds [-] Deleting project and security group for project: f887aa3fb27c431daaa0256a54738e37
2025-11-12 17:47:51.560 65696 INFO tempest.lib.common.rest_client [req-516a6c0c-38f0-4ce5-b40c-4f69616c9e9b req-516a6c0c-38f0-4ce5-b40c-4f69616c9e9b ] Request (ServerDiskConfigTestJSON:test_rebuild_server_with_auto_disk_config): 200 GET http://10.180.1.21/compute/v2.1/servers/be75e9e6-e9af-4950-997b-08813945e8a2 2.963s
2025-11-12 17:47:51.634 65704 INFO tempest.lib.common.rest_client [req-40bb0273-5bef-4db3-a5e6-630950e3f4b9 req-40bb0273-5bef-4db3-a5e6-630950e3f4b9 ] Request (InstanceActionsTestJSON:setUpClass): 201 POST http://10.180.1.21/networking/v2.0/routers 1.614s
2025-11-12 17:47:51.675 65712 INFO tempest.lib.common.rest_client [req-02a63514-4225-4599-a780-60786ebfb87b req-02a63514-4225-4599-a780-60786ebfb87b ] Request (AttachInterfacesUnderV243Test:test_add_remove_fixed_ip): 200 GET http://10.180.1.21/compute/v2.1/servers/af4e43bf-e4d5-41ab-b89f-34c4c1acc079 2.956s
2025-11-12 17:47:51.725 65724 INFO tempest.lib.common.rest_client [req-4d1c1dbd-4ccc-4131-af5e-efc5e3f93781 req-4d1c1dbd-4ccc-4131-af5e-efc5e3f93781 ] Request (TestVersions:tearDownClass): 201 POST http://10.180.1.21/identity/v3/auth/tokens 0.193s
2025-11-12 17:47:51.763 65730 INFO tempest.lib.common.rest_client [req-ac872675-cf50-4151-8c2c-2ccd30c243a3 req-ac872675-cf50-4151-8c2c-2ccd30c243a3 ] Request (InstanceUsageAuditLogNegativeTestJSON:tearDownClass): 204 DELETE http://10.180.1.21/identity/v3/users/2f3aede809754add8197d9a069f48dae 0.314s
2025-11-12 17:47:51.894 65730 INFO tempest.lib.common.rest_client [req-1592fff2-4e3f-464f-8874-2a4919fca4f3 req-1592fff2-4e3f-464f-8874-2a4919fca4f3 ] Request (InstanceUsageAuditLogNegativeTestJSON:tearDownClass): 204 DELETE http://10.180.1.21/identity/v3/users/4fe0261aba95408e97dbf21b15d33a9e 0.131s
2025-11-12 17:47:51.894 65730 INFO tempest.lib.common.dynamic_creds [-] Deleting project and security group for project: 7642c63b19174e12b1fddaae14612d52
2025-11-12 17:47:51.950 65730 INFO tempest.lib.common.rest_client [req-5e620ad0-8748-493e-97ec-7d1184f4b681 req-5e620ad0-8748-493e-97ec-7d1184f4b681 ] Request (InstanceUsageAuditLogNegativeTestJSON:tearDownClass): 201 POST http://10.180.1.21/identity/v3/auth/tokens 0.055s
2025-11-12 17:47:52.041 65736 INFO tempest.lib.common.rest_client [req-e2dfff97-79bb-47e2-aad3-3a61b15d11c6 req-e2dfff97-79bb-47e2-aad3-3a61b15d11c6 ] Request (MultipleCreateTestJSON:test_multiple_create): 200 GET http://10.180.1.21/compute/v2.1/servers/75ad5a63-252f-4fff-bdb6-59ddd71edc1e 3.510s
2025-11-12 17:47:52.154 65720 INFO tempest.lib.common.rest_client [req-30e4f29a-dd98-4981-8ef0-9ddbb3d6b333 req-30e4f29a-dd98-4981-8ef0-9ddbb3d6b333 ] Request (ServersAdminNegativeTestJSON:test_migrate_non_existent_server): 404 POST http://10.180.1.21/compute/v2.1/servers/a3f5f1c3-6ec2-4529-bfef-074bdff70fc8/action 3.321s
2025-11-12 17:47:52.223 65720 INFO tempest.lib.common.rest_client [req-fa663b34-49b3-4515-9042-b95601da04f5 req-fa663b34-49b3-4515-9042-b95601da04f5 ] Request (ServersAdminNegativeTestJSON:test_migrate_server_invalid_state): 201 POST http://10.180.1.21/identity/v3/auth/tokens 0.063s
2025-11-12 17:47:52.223 65720 INFO tempest.lib.common.fixed_network [-] (ServersAdminNegativeTestJSON:test_migrate_server_invalid_state) Found network None available for tenant
2025-11-12 17:47:52.229 65724 INFO tempest.lib.common.rest_client [req-5119e059-98b1-499c-8c4d-a93d702b351b req-5119e059-98b1-499c-8c4d-a93d702b351b ] Request (TestVersions:tearDownClass): 200 GET http://10.180.1.21/networking/v2.0/security-groups?tenant_id=f887aa3fb27c431daaa0256a54738e37&name=default 0.504s
2025-11-12 17:47:52.255 65710 INFO tempest.lib.common.rest_client [req-85549ac3-51fd-4686-85fb-bd9edc50a881 req-85549ac3-51fd-4686-85fb-bd9edc50a881 ] Request (ServersAdminTestJSON:test_create_server_with_scheduling_hint): 200 GET http://10.180.1.21/compute/v2.1/servers/ee0ce9d1-afd6-4e88-ae3f-8b2b700ce114 3.437s
2025-11-12 17:47:52.387 65730 INFO tempest.lib.common.rest_client [req-0ca95f68-5d30-4800-8c40-808e0b055231 req-0ca95f68-5d30-4800-8c40-808e0b055231 ] Request (InstanceUsageAuditLogNegativeTestJSON:tearDownClass): 200 GET http://10.180.1.21/networking/v2.0/security-groups?tenant_id=7642c63b19174e12b1fddaae14612d52&name=default 0.436s
2025-11-12 17:47:52.446 65706 INFO tempest.lib.common.rest_client [req-85027366-8b22-4b82-9f9c-6d51595259e5 req-85027366-8b22-4b82-9f9c-6d51595259e5 ] Request (AttachInterfacesV270Test:tearDownClass): 200 GET http://10.180.1.21/compute/v2.1/servers/00d1510d-b706-4da8-ad88-2acd60f56a4e 3.436s
2025-11-12 17:47:52.458 65706 INFO tempest.common.waiters [-] State transition "ACTIVE/deleting" ==> "DELETED/None" after 4 second wait
2025-11-12 17:47:52.581 65724 INFO tempest.lib.common.rest_client [req-4e8831b2-8e38-46b3-9870-1922c234067c req-4e8831b2-8e38-46b3-9870-1922c234067c ] Request (TestVersions:tearDownClass): 204 DELETE http://10.180.1.21/networking/v2.0/security-groups/510b8484-e7ec-4452-8c4d-56c51cec9477 0.351s
2025-11-12 17:47:52.671 65704 INFO tempest.lib.common.rest_client [req-e53d5f45-6f76-4ba5-8170-00034ab7c8c3 req-e53d5f45-6f76-4ba5-8170-00034ab7c8c3 ] Request (InstanceActionsTestJSON:setUpClass): 200 PUT http://10.180.1.21/networking/v2.0/routers/a6875d93-2793-4178-b775-ac79e9e1197e/add_router_interface 1.036s
2025-11-12 17:47:52.671 65704 INFO tempest.lib.common.dynamic_creds [-] Created isolated network resources for: credentials: Credentials: {'domain_id': 'default', 'domain_name': 'Default', 'username': 'tempest-InstanceActionsTestJSON-239780947-project-member', 'project_domain_id': 'default', 'project_domain_name': 'Default', 'project_id': '991b43d63de943d7b4dc16f41a1688ff', 'project_name': 'tempest-InstanceActionsTestJSON-239780947', 'tenant_id': '991b43d63de943d7b4dc16f41a1688ff', 'tenant_name': 'tempest-InstanceActionsTestJSON-239780947', 'user_domain_id': 'default', 'user_domain_name': 'Default', 'user_id': '1bfa10dae4634799aac120515edaa909', 'system': None}, Network: {'id': '043c2eea-8ce5-4dcb-8b03-4b66b0bd2984', 'name': 'tempest-InstanceActionsTestJSON-290531541-network', 'tenant_id': '991b43d63de943d7b4dc16f41a1688ff', 'project_id': '991b43d63de943d7b4dc16f41a1688ff', 'admin_state_up': True, 'mtu': 8950, 'status': 'ACTIVE', 'subnets': [], 'shared': False, 'port_security_enabled': True, 'router:external': False, 'provider:network_type': 'vlan', 'provider:physical_network': 'default', 'provider:segmentation_id': 502, 'availability_zone_hints': [], 'availability_zones': [], 'ipv4_address_scope': None, 'ipv6_address_scope': None, 'description': '', 'tags': [], 'created_at': '2025-11-12T17:47:49Z', 'updated_at': '2025-11-12T17:47:49Z', 'revision_number': 1}, Subnet: {'id': 'c52effe7-e104-4cda-a2d6-5938e745c232', 'name': 'tempest-InstanceActionsTestJSON-290531541-subnet', 'tenant_id': '991b43d63de943d7b4dc16f41a1688ff', 'network_id': '043c2eea-8ce5-4dcb-8b03-4b66b0bd2984', 'ip_version': 4, 'subnetpool_id': None, 'enable_dhcp': True, 'ipv6_ra_mode': None, 'ipv6_address_mode': None, 'gateway_ip': '192.168.128.1', 'cidr': '192.168.128.0/28', 'allocation_pools': [{'start': '192.168.128.2', 'end': '192.168.128.14'}], 'host_routes': [], 'dns_nameservers': [], 'description': '', 'router:external': False, 'service_types': [], 'tags': [], 'created_at': '2025-11-12T17:47:49Z', 'updated_at': '2025-11-12T17:47:49Z', 'revision_number': 0, 'project_id': '991b43d63de943d7b4dc16f41a1688ff'}, Router: {'id': 'a6875d93-2793-4178-b775-ac79e9e1197e', 'name': 'tempest-InstanceActionsTestJSON-290531541-router', 'tenant_id': '991b43d63de943d7b4dc16f41a1688ff', 'admin_state_up': True, 'status': 'ACTIVE', 'external_gateway_info': {'network_id': 'f49fa029-bb57-42e5-88f6-c5be322eca3d', 'external_fixed_ips': [{'subnet_id': 'f8adcb77-36fb-44b6-a7e4-00d69a6bb0fa', 'ip_address': '10.180.180.230'}], 'enable_snat': True}, 'description': '', 'availability_zones': [], 'distributed': False, 'ha': False, 'availability_zone_hints': [], 'routes': [], 'flavor_id': None, 'tags': [], 'created_at': '2025-11-12T17:47:50Z', 'updated_at': '2025-11-12T17:47:51Z', 'revision_number': 2, 'project_id': '991b43d63de943d7b4dc16f41a1688ff'}
2025-11-12 17:47:52.693 65724 INFO tempest.lib.common.rest_client [req-7a0e2416-32d6-43fe-bc11-3d90c104ce13 req-7a0e2416-32d6-43fe-bc11-3d90c104ce13 ] Request (TestVersions:tearDownClass): 204 DELETE http://10.180.1.21/identity/v3/projects/f887aa3fb27c431daaa0256a54738e37 0.112s
2025-11-12 17:47:52.705 65730 INFO tempest.lib.common.rest_client [req-db3f1263-cb40-4e4e-9780-dfb79c7da2e7 req-db3f1263-cb40-4e4e-9780-dfb79c7da2e7 ] Request (InstanceUsageAuditLogNegativeTestJSON:tearDownClass): 204 DELETE http://10.180.1.21/networking/v2.0/security-groups/50a00df0-1592-48d8-b70f-09559f8a2f68 0.318s
2025-11-12 17:47:52.741 65690 INFO tempest.lib.common.rest_client [req-c183c86c-c981-4c11-acac-4f65b36dca0c req-c183c86c-c981-4c11-acac-4f65b36dca0c ] Request (TenantUsagesTestJSON:tearDownClass): 200 GET http://10.180.1.21/compute/v2.1/servers/7a945479-074c-43d8-9cfb-f9191d545529 3.466s
2025-11-12 17:47:52.826 65704 INFO tempest.lib.common.rest_client [req-87e9ea7a-6853-4ed9-9f24-3ec395e46b9b req-87e9ea7a-6853-4ed9-9f24-3ec395e46b9b ] Request (InstanceActionsTestJSON:setUpClass): 201 POST http://10.180.1.21/identity/v3/auth/tokens 0.146s
2025-11-12 17:47:52.880 65724 INFO tempest.lib.common.rest_client [req-63189906-ddbc-4c4f-aaec-91f74c2857b4 req-63189906-ddbc-4c4f-aaec-91f74c2857b4 ] Request (VolumesNegativeTest:setUpClass): 201 POST http://10.180.1.21/identity/v3/auth/tokens 0.183s
2025-11-12 17:47:52.918 65692 INFO tempest.lib.common.rest_client [req-832b565f-cbeb-4786-8dbe-496d0b056004 req-832b565f-cbeb-4786-8dbe-496d0b056004 ] Request (AttachVolumeShelveTestJSON:test_attach_volume_shelved_or_offload_server): 200 GET http://10.180.1.21/compute/v2.1/servers/f965a32a-a5c5-4897-af3a-b923fa89aa55 3.569s
2025-11-12 17:47:52.951 65730 INFO tempest.lib.common.rest_client [req-af6999a2-4e2c-4313-844c-e4967dea40a0 req-af6999a2-4e2c-4313-844c-e4967dea40a0 ] Request (InstanceUsageAuditLogNegativeTestJSON:tearDownClass): 204 DELETE http://10.180.1.21/identity/v3/projects/7642c63b19174e12b1fddaae14612d52 0.245s
2025-11-12 17:47:52.951 65730 INFO tempest.lib.common.dynamic_creds [-] Deleting project and security group for project: e33cde3428e54ef4b6ad4b53d20ddf99
2025-11-12 17:47:53.005 65704 INFO tempest.lib.common.rest_client [req-24091230-ed99-4db9-a19f-56502473a2d2 req-24091230-ed99-4db9-a19f-56502473a2d2 ] Request (InstanceActionsTestJSON:setUpClass): 201 POST http://10.180.1.21/identity/v3/auth/tokens 0.174s
2025-11-12 17:47:53.006 65704 INFO tempest.lib.common.fixed_network [-] (InstanceActionsTestJSON:setUpClass) Found network {'id': '043c2eea-8ce5-4dcb-8b03-4b66b0bd2984', 'name': 'tempest-InstanceActionsTestJSON-290531541-network', 'tenant_id': '991b43d63de943d7b4dc16f41a1688ff', 'project_id': '991b43d63de943d7b4dc16f41a1688ff', 'admin_state_up': True, 'mtu': 8950, 'status': 'ACTIVE', 'subnets': [], 'shared': False, 'port_security_enabled': True, 'router:external': False, 'provider:network_type': 'vlan', 'provider:physical_network': 'default', 'provider:segmentation_id': 502, 'availability_zone_hints': [], 'availability_zones': [], 'ipv4_address_scope': None, 'ipv6_address_scope': None, 'description': '', 'tags': [], 'created_at': '2025-11-12T17:47:49Z', 'updated_at': '2025-11-12T17:47:49Z', 'revision_number': 1} available for tenant
2025-11-12 17:47:53.081 65724 INFO tempest.lib.common.rest_client [req-42db1dfb-6576-4105-b7a2-2fc38bf41579 req-42db1dfb-6576-4105-b7a2-2fc38bf41579 ] Request (VolumesNegativeTest:setUpClass): 201 POST http://10.180.1.21/identity/v3/auth/tokens 0.199s
2025-11-12 17:47:53.104 65730 INFO tempest.lib.common.rest_client [req-4b8d92a8-7b98-4f76-ac08-30767873c661 req-4b8d92a8-7b98-4f76-ac08-30767873c661 ] Request (InstanceUsageAuditLogNegativeTestJSON:tearDownClass): 200 GET http://10.180.1.21/networking/v2.0/security-groups?tenant_id=e33cde3428e54ef4b6ad4b53d20ddf99&name=default 0.152s
2025-11-12 17:47:53.123 65724 INFO tempest.lib.common.rest_client [req-7152d1eb-f5f1-436c-801f-012a8a55c218 req-7152d1eb-f5f1-436c-801f-012a8a55c218 ] Request (VolumesNegativeTest:setUpClass): 200 GET http://10.180.1.21/identity/v3/domains?name=Default 0.041s
2025-11-12 17:47:53.129 65680 INFO tempest.lib.common.rest_client [req-90a1512f-cada-469d-bdd5-e714b86ef646 req-90a1512f-cada-469d-bdd5-e714b86ef646 ] Request (ListServersNegativeTestJSON:setUpClass): 200 GET http://10.180.1.21/compute/v2.1/servers/177f2874-a268-46e4-816e-7c23bddb9b86 3.779s
2025-11-12 17:47:53.144 65680 INFO tempest.common.waiters [-] State transition "BUILD/scheduling" ==> "BUILD/None" after 15 second wait
2025-11-12 17:47:53.181 65724 INFO tempest.lib.common.rest_client [req-140a5a34-40c7-4193-82a5-3146389530b4 req-140a5a34-40c7-4193-82a5-3146389530b4 ] Request (VolumesNegativeTest:setUpClass): 201 POST http://10.180.1.21/identity/v3/projects 0.057s
2025-11-12 17:47:53.228 65740 INFO tempest.lib.common.rest_client [req-0c2fab2d-ec6d-48fb-beec-50b44a863d22 req-0c2fab2d-ec6d-48fb-beec-50b44a863d22 ] Request (FloatingIPsAssociationTestJSON:test_associate_already_associated_floating_ip): 200 GET http://10.180.1.21/compute/v2.1/servers/e86d9ab4-dbfa-466c-a666-1c53a28dea69 3.620s
2025-11-12 17:47:53.268 65700 WARNING tempest.lib.common.ssh [-] Failed to establish authenticated ssh connection to cirros@10.180.180.248 ([Errno None] Unable to connect to port 22 on 10.180.180.248). Number attempts: 2. Retry after 3 seconds.: paramiko.ssh_exception.NoValidConnectionsError: [Errno None] Unable to connect to port 22 on 10.180.180.248
2025-11-12 17:47:53.280 65730 INFO tempest.lib.common.rest_client [req-bf975738-9d81-4a4c-b44f-45898d482320 req-bf975738-9d81-4a4c-b44f-45898d482320 ] Request (InstanceUsageAuditLogNegativeTestJSON:tearDownClass): 204 DELETE http://10.180.1.21/networking/v2.0/security-groups/d0eda5d1-2756-42cc-af2b-f679ed0221c7 0.175s
2025-11-12 17:47:53.295 65724 INFO tempest.lib.common.rest_client [req-1725b542-16b7-468b-9506-1a005407cf81 req-1725b542-16b7-468b-9506-1a005407cf81 ] Request (VolumesNegativeTest:setUpClass): 201 POST http://10.180.1.21/identity/v3/users 0.114s
2025-11-12 17:47:53.305 65708 INFO tempest.lib.common.rest_client [req-2fb5b374-bdb5-43a1-9472-7064b0b39b9a req-2fb5b374-bdb5-43a1-9472-7064b0b39b9a ] Request (HostsAdminNegativeTestJSON:test_startup_nonexistent_host): 404 GET http://10.180.1.21/compute/v2.1/os-hosts/nonexistent_hostname/startup 3.439s
2025-11-12 17:47:53.330 65724 INFO tempest.lib.common.rest_client [req-1cd9784f-0c91-4a04-b70b-f39998eed86e req-1cd9784f-0c91-4a04-b70b-f39998eed86e ] Request (VolumesNegativeTest:setUpClass): 200 GET http://10.180.1.21/identity/v3/roles 0.034s
2025-11-12 17:47:53.375 65724 INFO tempest.lib.common.rest_client [req-d1abfa1f-9e4d-4ec8-acbc-b1ba729c58a8 req-d1abfa1f-9e4d-4ec8-acbc-b1ba729c58a8 ] Request (VolumesNegativeTest:setUpClass): 204 PUT http://10.180.1.21/identity/v3/projects/ac179c8b907d470baadcdad362c3d091/users/4f70771f81a44d308890b926ba31cd29/roles/1ed318fb7c2245208ff5a7aafcef559d 0.044s
2025-11-12 17:47:53.376 65724 INFO tempest.lib.common.dynamic_creds [-] Dynamic test user 4f70771f81a44d308890b926ba31cd29 is created with scope project and roles: ['member']
2025-11-12 17:47:53.377 65724 INFO tempest.lib.common.dynamic_creds [-] Acquired dynamic creds: credentials: Credentials: {'domain_id': 'default', 'domain_name': 'Default', 'username': 'tempest-VolumesNegativeTest-1066506023-project-member', 'project_domain_id': 'default', 'project_domain_name': 'Default', 'project_id': 'ac179c8b907d470baadcdad362c3d091', 'project_name': 'tempest-VolumesNegativeTest-1066506023', 'tenant_id': 'ac179c8b907d470baadcdad362c3d091', 'tenant_name': 'tempest-VolumesNegativeTest-1066506023', 'user_domain_id': 'default', 'user_domain_name': 'Default', 'user_id': '4f70771f81a44d308890b926ba31cd29', 'system': None}, Network: None, Subnet: None, Router: None
2025-11-12 17:47:53.377 65724 INFO tempest.lib.common.dynamic_creds [-] Created isolated network resources for: credentials: Credentials: {'domain_id': 'default', 'domain_name': 'Default', 'username': 'tempest-VolumesNegativeTest-1066506023-project-member', 'project_domain_id': 'default', 'project_domain_name': 'Default', 'project_id': 'ac179c8b907d470baadcdad362c3d091', 'project_name': 'tempest-VolumesNegativeTest-1066506023', 'tenant_id': 'ac179c8b907d470baadcdad362c3d091', 'tenant_name': 'tempest-VolumesNegativeTest-1066506023', 'user_domain_id': 'default', 'user_domain_name': 'Default', 'user_id': '4f70771f81a44d308890b926ba31cd29', 'system': None}, Network: None, Subnet: None, Router: None
2025-11-12 17:47:53.414 65730 INFO tempest.lib.common.rest_client [req-17a4f235-4370-4de8-a3cc-3ea3834908a4 req-17a4f235-4370-4de8-a3cc-3ea3834908a4 ] Request (InstanceUsageAuditLogNegativeTestJSON:tearDownClass): 204 DELETE http://10.180.1.21/identity/v3/projects/e33cde3428e54ef4b6ad4b53d20ddf99 0.132s
2025-11-12 17:47:53.461 65688 INFO tempest.lib.common.rest_client [req-386624ee-a464-4eae-b20d-6e32bab7339c req-386624ee-a464-4eae-b20d-6e32bab7339c ] Request (SecurityGroupsTestJSON:test_security_group_create_get_delete): 202 DELETE http://10.180.1.21/compute/v2.1/os-security-groups/78131c03-3dea-49d9-b7a9-82563b239165 3.410s
2025-11-12 17:47:53.474 65724 INFO tempest.lib.common.rest_client [req-67b17587-4e93-43fc-b5c1-cc5565fe8c9a req-67b17587-4e93-43fc-b5c1-cc5565fe8c9a ] Request (VolumesNegativeTest:setUpClass): 201 POST http://10.180.1.21/identity/v3/auth/tokens 0.093s
2025-11-12 17:47:53.500 65730 INFO tempest.lib.common.rest_client [req-e30e2734-2e42-4ced-ad0f-e7787aa6c153 req-e30e2734-2e42-4ced-ad0f-e7787aa6c153 ] Request (ServersTestMultiNic:setUpClass): 201 POST http://10.180.1.21/identity/v3/auth/tokens 0.085s
