2025-11-22 03:00:41.825 66317 INFO tempest.lib.common.fixed_network [-] (ServersAdminTestJSON:test_create_server_with_scheduling_hint) Found network {'id': 'b504d04c-52ca-49aa-b7de-14c1e91a3acb', 'name': 'tempest-ServersAdminTestJSON-927456056-network', 'tenant_id': '32974b69a9fc4f898ef3e946f529ede4', 'project_id': '32974b69a9fc4f898ef3e946f529ede4', 'admin_state_up': True, 'mtu': 8950, 'status': 'ACTIVE', 'subnets': [], 'shared': False, 'port_security_enabled': True, 'router:external': False, 'provider:network_type': 'vlan', 'provider:physical_network': 'default', 'provider:segmentation_id': 767, 'availability_zone_hints': [], 'availability_zones': [], 'ipv4_address_scope': None, 'ipv6_address_scope': None, 'description': '', 'tags': [], 'created_at': '2025-11-22T02:59:41Z', 'updated_at': '2025-11-22T02:59:41Z', 'revision_number': 1} available for tenant
2025-11-22 03:00:41.830 66365 INFO tempest.lib.common.rest_client [req-e6f28ee8-acdd-407b-9d02-04a7f62c2514 req-e6f28ee8-acdd-407b-9d02-04a7f62c2514 ] Request (MultipleCreateTestJSON:setUpClass): 201 POST http://10.180.1.21/networking/v2.0/routers 0.950s
2025-11-22 03:00:41.963 66351 INFO tempest.lib.common.rest_client [req-fa635937-a693-4e59-83b3-9df8b988bf25 req-fa635937-a693-4e59-83b3-9df8b988bf25 ] Request (HypervisorAdminV253TestBase:test_list_show_detail_hypervisors): 200 GET http://10.180.1.21/compute/v2.1/os-hypervisors/detail?with_servers=True 6.509s
2025-11-22 03:00:41.992 66355 INFO tempest.lib.common.rest_client [req-ec143c15-f58b-46cf-82bb-f6fbcb671b04 req-ec143c15-f58b-46cf-82bb-f6fbcb671b04 ] Request (ServicesAdminNegativeTestJSON:test_get_service_by_invalid_service_and_valid_host): 200 GET http://10.180.1.21/compute/v2.1/os-services?host=devstack&binary=xxx 6.501s
2025-11-22 03:00:41.997 66374 INFO tempest.lib.common.rest_client [req-42bc3394-15f9-4ba4-a067-fd8d7502444d req-42bc3394-15f9-4ba4-a067-fd8d7502444d ] Request (AggregatesAdminNegativeTestJSON:test_aggregate_create_aggregate_name_length_less_than_1): 400 POST http://10.180.1.21/compute/v2.1/os-aggregates 6.489s
2025-11-22 03:00:42.009 66342 INFO tempest.lib.common.rest_client [req-d8eb01f6-8e5f-42a6-925b-0db9d91fcab2 req-d8eb01f6-8e5f-42a6-925b-0db9d91fcab2 ] Request (HostsAdminNegativeTestJSON:test_update_nonexistent_host): 404 PUT http://10.180.1.21/compute/v2.1/os-hosts/nonexistent_hostname 6.391s
2025-11-22 03:00:42.034 66337 INFO tempest.lib.common.rest_client [req-3f092f10-ef80-4223-87b4-43b97176cb78 req-3f092f10-ef80-4223-87b4-43b97176cb78 ] Request (FlavorsExtraSpecsTestJSON:tearDownClass): 200 GET http://10.180.1.21/compute/v2.1/flavors/detail 6.391s
2025-11-22 03:00:42.054 66375 INFO tempest.lib.common.rest_client [req-1e58302c-a43e-4ae6-91a0-f63e3ab46a16 req-1e58302c-a43e-4ae6-91a0-f63e3ab46a16 ] Request (FlavorsAccessNegativeTestJSON:_run_cleanups): 202 DELETE http://10.180.1.21/compute/v2.1/flavors/857688387 6.281s
2025-11-22 03:00:42.119 66342 INFO tempest.lib.common.rest_client [req-f7353bfb-6846-454f-a1cb-6bb4e1431b09 req-f7353bfb-6846-454f-a1cb-6bb4e1431b09 ] Request (HostsAdminNegativeTestJSON:tearDownClass): 204 DELETE http://10.180.1.21/identity/v3/users/b230e561e48b4b5b94ac6230f50ab7a7 0.108s
2025-11-22 03:00:42.151 66337 INFO tempest.lib.common.rest_client [req-e9905fca-3482-4093-ad64-9117ad5f6b56 req-e9905fca-3482-4093-ad64-9117ad5f6b56 ] Request (FlavorsExtraSpecsTestJSON:tearDownClass): 204 DELETE http://10.180.1.21/identity/v3/users/9492a9dae6054e06b7cb9446f175e410 0.110s
2025-11-22 03:00:42.273 66343 INFO tempest.lib.common.rest_client [req-5fd6562a-48cc-47d3-b4b2-002e76a12747 req-5fd6562a-48cc-47d3-b4b2-002e76a12747 ] Request (ServersTestBootFromVolume:setUpClass): 200 GET http://10.180.1.21/compute/v2.1/servers/6fd039aa-5ff5-485d-b53f-6992a6d19bd9 6.897s
2025-11-22 03:00:42.284 66343 INFO tempest.common.waiters [-] State transition "BUILD/spawning" ==> "ACTIVE/None" after 22 second wait
2025-11-22 03:00:42.286 66342 INFO tempest.lib.common.rest_client [req-c918ee86-729a-4dca-8648-9af35d58a8b7 req-c918ee86-729a-4dca-8648-9af35d58a8b7 ] Request (HostsAdminNegativeTestJSON:tearDownClass): 204 DELETE http://10.180.1.21/identity/v3/users/9c671f8a091e41c2a6c6313c402fb362 0.167s
2025-11-22 03:00:42.286 66342 INFO tempest.lib.common.dynamic_creds [-] Deleting project and security group for project: adff9f25f7ec49f585e6cbd1326545c0
2025-11-22 03:00:42.286 66337 INFO tempest.lib.common.rest_client [req-11ae9eb9-cb5a-46a7-80cf-cc4ce80f09cc req-11ae9eb9-cb5a-46a7-80cf-cc4ce80f09cc ] Request (FlavorsExtraSpecsTestJSON:tearDownClass): 204 DELETE http://10.180.1.21/identity/v3/users/7ac8a0618d55494da0980ff3eb574148 0.135s
2025-11-22 03:00:42.286 66337 INFO tempest.lib.common.dynamic_creds [-] Deleting project and security group for project: e9a1c46e608b4fffba2ff37f6a53f309
2025-11-22 03:00:42.360 66337 INFO tempest.lib.common.rest_client [req-5b870cb1-c3e4-4655-bcab-557b07afb0d5 req-5b870cb1-c3e4-4655-bcab-557b07afb0d5 ] Request (FlavorsExtraSpecsTestJSON:tearDownClass): 201 POST http://10.180.1.21/identity/v3/auth/tokens 0.073s
2025-11-22 03:00:42.375 66342 INFO tempest.lib.common.rest_client [req-7faaeeaf-83b5-460e-a7a8-298941c4c958 req-7faaeeaf-83b5-460e-a7a8-298941c4c958 ] Request (HostsAdminNegativeTestJSON:tearDownClass): 201 POST http://10.180.1.21/identity/v3/auth/tokens 0.088s
2025-11-22 03:00:42.918 66365 INFO tempest.lib.common.rest_client [req-f601cb16-9abb-4f57-878b-6e11a1ff425c req-f601cb16-9abb-4f57-878b-6e11a1ff425c ] Request (MultipleCreateTestJSON:setUpClass): 200 PUT http://10.180.1.21/networking/v2.0/routers/7819be42-fb97-4529-8684-b36531f2a97e/add_router_interface 1.087s
2025-11-22 03:00:42.919 66365 INFO tempest.lib.common.dynamic_creds [-] Created isolated network resources for: credentials: Credentials: {'domain_id': 'default', 'domain_name': 'Default', 'username': 'tempest-MultipleCreateTestJSON-264041945-project-member', 'project_domain_id': 'default', 'project_domain_name': 'Default', 'project_id': 'c6fa791aadb4485e88d820eddd25df61', 'project_name': 'tempest-MultipleCreateTestJSON-264041945', 'tenant_id': 'c6fa791aadb4485e88d820eddd25df61', 'tenant_name': 'tempest-MultipleCreateTestJSON-264041945', 'user_domain_id': 'default', 'user_domain_name': 'Default', 'user_id': '85faea19295940de9329039d2c6f2b98', 'system': None}, Network: {'id': 'a5e5e5c2-f887-4abd-8086-50f0761ebcec', 'name': 'tempest-MultipleCreateTestJSON-1833618310-network', 'tenant_id': 'c6fa791aadb4485e88d820eddd25df61', 'project_id': 'c6fa791aadb4485e88d820eddd25df61', 'admin_state_up': True, 'mtu': 8950, 'status': 'ACTIVE', 'subnets': [], 'shared': False, 'port_security_enabled': True, 'router:external': False, 'provider:network_type': 'vlan', 'provider:physical_network': 'default', 'provider:segmentation_id': 600, 'availability_zone_hints': [], 'availability_zones': [], 'ipv4_address_scope': None, 'ipv6_address_scope': None, 'description': '', 'tags': [], 'created_at': '2025-11-22T03:00:40Z', 'updated_at': '2025-11-22T03:00:40Z', 'revision_number': 1}, Subnet: {'id': 'c25367eb-da40-4277-814e-344b5d14a27d', 'name': 'tempest-MultipleCreateTestJSON-1833618310-subnet', 'tenant_id': 'c6fa791aadb4485e88d820eddd25df61', 'network_id': 'a5e5e5c2-f887-4abd-8086-50f0761ebcec', 'ip_version': 4, 'subnetpool_id': None, 'enable_dhcp': True, 'ipv6_ra_mode': None, 'ipv6_address_mode': None, 'gateway_ip': '192.168.128.1', 'cidr': '192.168.128.0/28', 'allocation_pools': [{'start': '192.168.128.2', 'end': '192.168.128.14'}], 'host_routes': [], 'dns_nameservers': [], 'description': '', 'router:external': False, 'service_types': [], 'tags': [], 'created_at': '2025-11-22T03:00:40Z', 'updated_at': '2025-11-22T03:00:40Z', 'revision_number': 0, 'project_id': 'c6fa791aadb4485e88d820eddd25df61'}, Router: {'id': '7819be42-fb97-4529-8684-b36531f2a97e', 'name': 'tempest-MultipleCreateTestJSON-1833618310-router', 'tenant_id': 'c6fa791aadb4485e88d820eddd25df61', 'admin_state_up': True, 'status': 'ACTIVE', 'external_gateway_info': {'network_id': '26732333-1e65-43ec-b805-b109962b23d8', 'external_fixed_ips': [{'subnet_id': '5a6ed5de-ea12-44c9-974a-8afc578b4f17', 'ip_address': '10.180.180.164'}], 'enable_snat': True}, 'description': '', 'availability_zones': [], 'distributed': False, 'ha': False, 'availability_zone_hints': [], 'routes': [], 'flavor_id': None, 'tags': [], 'created_at': '2025-11-22T03:00:41Z', 'updated_at': '2025-11-22T03:00:41Z', 'revision_number': 2, 'project_id': 'c6fa791aadb4485e88d820eddd25df61'}
2025-11-22 03:00:43.049 66365 INFO tempest.lib.common.rest_client [req-9205f621-33a1-440b-b76f-7a3010a71985 req-9205f621-33a1-440b-b76f-7a3010a71985 ] Request (MultipleCreateTestJSON:setUpClass): 201 POST http://10.180.1.21/identity/v3/auth/tokens 0.124s
2025-11-22 03:00:43.068 66323 INFO tempest.lib.common.rest_client [req-eb9b9cf2-2d04-4a0d-917c-05a717ba836f req-eb9b9cf2-2d04-4a0d-917c-05a717ba836f ] Request (VolumesAssistedSnapshotsTest:test_volume_assisted_snapshot_create_delete): 200 GET http://10.180.1.21/compute/v2.1/servers/0b72f0dc-452d-4ee7-bc2a-455a71bd7d78 7.292s
2025-11-22 03:00:43.081 66323 INFO tempest.common.waiters [-] State transition "BUILD/spawning" ==> "ACTIVE/None" after 26 second wait
2025-11-22 03:00:43.094 66365 INFO tempest.lib.common.rest_client [req-fb693062-7442-48df-9782-51c6c439d26a req-fb693062-7442-48df-9782-51c6c439d26a ] Request (MultipleCreateTestJSON:test_multiple_create): 201 POST http://10.180.1.21/identity/v3/auth/tokens 0.040s
2025-11-22 03:00:43.095 66365 INFO tempest.lib.common.fixed_network [-] (MultipleCreateTestJSON:test_multiple_create) Found network {'id': 'a5e5e5c2-f887-4abd-8086-50f0761ebcec', 'name': 'tempest-MultipleCreateTestJSON-1833618310-network', 'tenant_id': 'c6fa791aadb4485e88d820eddd25df61', 'project_id': 'c6fa791aadb4485e88d820eddd25df61', 'admin_state_up': True, 'mtu': 8950, 'status': 'ACTIVE', 'subnets': [], 'shared': False, 'port_security_enabled': True, 'router:external': False, 'provider:network_type': 'vlan', 'provider:physical_network': 'default', 'provider:segmentation_id': 600, 'availability_zone_hints': [], 'availability_zones': [], 'ipv4_address_scope': None, 'ipv6_address_scope': None, 'description': '', 'tags': [], 'created_at': '2025-11-22T03:00:40Z', 'updated_at': '2025-11-22T03:00:40Z', 'revision_number': 1} available for tenant
2025-11-22 03:00:43.187 66333 INFO tempest.lib.common.rest_client [req-c2e44d91-9c7e-4e9a-b126-80f81874c706 req-c2e44d91-9c7e-4e9a-b126-80f81874c706 ] Request (QuotaClassesAdminTestJSON:test_update_default_quotas): 200 GET http://10.180.1.21/compute/v2.1/os-quota-class-sets/default 6.863s
2025-11-22 03:00:43.273 66337 INFO tempest.lib.common.rest_client [req-d2cce5e8-5daf-4aa3-af85-a18e5f65bad2 req-d2cce5e8-5daf-4aa3-af85-a18e5f65bad2 ] Request (FlavorsExtraSpecsTestJSON:tearDownClass): 200 GET http://10.180.1.21/networking/v2.0/security-groups?tenant_id=e9a1c46e608b4fffba2ff37f6a53f309&name=default 0.912s
2025-11-22 03:00:43.420 66342 INFO tempest.lib.common.rest_client [req-cda362fb-68ec-4b36-bfc0-ec7be9a4ae27 req-cda362fb-68ec-4b36-bfc0-ec7be9a4ae27 ] Request (HostsAdminNegativeTestJSON:tearDownClass): 200 GET http://10.180.1.21/networking/v2.0/security-groups?tenant_id=adff9f25f7ec49f585e6cbd1326545c0&name=default 1.045s
2025-11-22 03:00:43.752 66337 INFO tempest.lib.common.rest_client [req-a02e15fb-e7a1-4ae1-82b7-b1d1d094ec73 req-a02e15fb-e7a1-4ae1-82b7-b1d1d094ec73 ] Request (FlavorsExtraSpecsTestJSON:tearDownClass): 204 DELETE http://10.180.1.21/networking/v2.0/security-groups/be6fee0a-2cd9-4331-8b30-34da2415a174 0.477s
2025-11-22 03:00:43.848 66337 INFO tempest.lib.common.rest_client [req-4a9731be-0c20-4c1f-8117-8c0b3f619e82 req-4a9731be-0c20-4c1f-8117-8c0b3f619e82 ] Request (FlavorsExtraSpecsTestJSON:tearDownClass): 204 DELETE http://10.180.1.21/identity/v3/projects/e9a1c46e608b4fffba2ff37f6a53f309 0.096s
2025-11-22 03:00:43.849 66337 INFO tempest.lib.common.dynamic_creds [-] Deleting project and security group for project: 57d688eb05e0498d998ec96d6bdd0834
2025-11-22 03:00:43.866 66342 INFO tempest.lib.common.rest_client [req-e0aa3f48-80b1-43a7-854a-5f8b4d3531e3 req-e0aa3f48-80b1-43a7-854a-5f8b4d3531e3 ] Request (HostsAdminNegativeTestJSON:tearDownClass): 204 DELETE http://10.180.1.21/networking/v2.0/security-groups/9eb2a29e-7f59-4fae-aec0-48ab3b8038a7 0.445s
2025-11-22 03:00:43.976 66342 INFO tempest.lib.common.rest_client [req-0877393b-9ac6-4f39-be2d-ff5c78d286d6 req-0877393b-9ac6-4f39-be2d-ff5c78d286d6 ] Request (HostsAdminNegativeTestJSON:tearDownClass): 204 DELETE http://10.180.1.21/identity/v3/projects/adff9f25f7ec49f585e6cbd1326545c0 0.109s
2025-11-22 03:00:43.976 66342 INFO tempest.lib.common.dynamic_creds [-] Deleting project and security group for project: d67a1e760f744e1b827407bda515567e
2025-11-22 03:00:44.069 66353 INFO tempest.lib.common.rest_client [req-d296d104-dbff-4de1-8682-ebbcd163cbe8 req-d296d104-dbff-4de1-8682-ebbcd163cbe8 ] Request (ServersTestManualDisk:setUpClass): 200 GET http://10.180.1.21/compute/v2.1/servers/12834aa2-4d29-4d90-aead-db7249797751 7.596s
2025-11-22 03:00:44.083 66353 INFO tempest.common.waiters [-] State transition "BUILD/spawning" ==> "ACTIVE/None" after 26 second wait
2025-11-22 03:00:44.194 66337 INFO tempest.lib.common.rest_client [req-29e7ba8f-2f96-4d3e-9513-145de4adaf7f req-29e7ba8f-2f96-4d3e-9513-145de4adaf7f ] Request (FlavorsExtraSpecsTestJSON:tearDownClass): 200 GET http://10.180.1.21/networking/v2.0/security-groups?tenant_id=57d688eb05e0498d998ec96d6bdd0834&name=default 0.345s
2025-11-22 03:00:44.235 66357 INFO tempest.lib.common.rest_client [req-3bbfa587-93c0-4f52-a843-bb153abb704c req-3bbfa587-93c0-4f52-a843-bb153abb704c ] Request (SecurityGroupsTestJSON:test_list_security_groups_by_server): 202 POST http://10.180.1.21/compute/v2.1/servers/18eb0418-c618-4f28-ad02-7c26aa50762f/action 8.403s
2025-11-22 03:00:44.260 66369 WARNING tempest.lib.common.ssh [-] Failed to establish authenticated ssh connection to cirros@10.180.180.203 ([Errno None] Unable to connect to port 22 on 10.180.180.203). Number attempts: 1. Retry after 2 seconds.: paramiko.ssh_exception.NoValidConnectionsError: [Errno None] Unable to connect to port 22 on 10.180.180.203
2025-11-22 03:00:44.351 66342 INFO tempest.lib.common.rest_client [req-3b0f9d37-03d0-4c4f-b0a8-b86bc8a94ee3 req-3b0f9d37-03d0-4c4f-b0a8-b86bc8a94ee3 ] Request (HostsAdminNegativeTestJSON:tearDownClass): 200 GET http://10.180.1.21/networking/v2.0/security-groups?tenant_id=d67a1e760f744e1b827407bda515567e&name=default 0.374s
2025-11-22 03:00:44.409 66331 INFO tempest.lib.common.rest_client [req-d6521956-bd82-4140-86e2-043f29d9641d req-d6521956-bd82-4140-86e2-043f29d9641d ] Request (ServersWithSpecificFlavorTestJSON:test_verify_created_server_ephemeral_disk): 200 GET http://10.180.1.21/compute/v2.1/servers/78bc03ef-2de9-46c0-86f3-608c8fc5b65a 7.791s
2025-11-22 03:00:44.417 66319 INFO tempest.lib.common.rest_client [req-2cae37de-d950-48a9-95c8-c5176e369002 req-2cae37de-d950-48a9-95c8-c5176e369002 ] Request (ImagesOneServerNegativeTestJSON:test_create_image_specify_name_over_character_limit): 400 POST http://10.180.1.21/compute/v2.1/servers/66c0b63e-9aa4-46e1-a3ff-1201f5872a4a/action 7.565s
2025-11-22 03:00:44.431 66329 INFO tempest.lib.common.rest_client [req-6e4d347b-3526-475e-9dbc-faf2c4eff01d req-6e4d347b-3526-475e-9dbc-faf2c4eff01d ] Request (KeyPairsV22TestJSON:test_keypairs_create_list_delete): 200 GET http://10.180.1.21/compute/v2.1/os-keypairs 7.542s
2025-11-22 03:00:44.440 66377 INFO tempest.lib.common.rest_client [req-79dce884-500e-4f7c-9e6a-bc732c07d519 req-79dce884-500e-4f7c-9e6a-bc732c07d519 ] Request (ImagesTestJSON:test_create_image_from_stopped_server): 200 GET http://10.180.1.21/compute/v2.1/servers/2281e333-72d9-4c1b-954c-00fa68c9727c 7.939s
2025-11-22 03:00:44.447 66337 INFO tempest.lib.common.rest_client [req-e99e89c6-7021-4d3a-b587-004c1461ceb6 req-e99e89c6-7021-4d3a-b587-004c1461ceb6 ] Request (FlavorsExtraSpecsTestJSON:tearDownClass): 204 DELETE http://10.180.1.21/networking/v2.0/security-groups/63cfd421-8768-48d4-9104-350a3cb370b4 0.253s
2025-11-22 03:00:44.450 66377 INFO tempest.common.waiters [-] State transition "BUILD/spawning" ==> "ACTIVE/None" after 26 second wait
2025-11-22 03:00:44.530 66342 INFO tempest.lib.common.rest_client [req-893440f5-0ae3-4f61-b654-3e6abd8b7490 req-893440f5-0ae3-4f61-b654-3e6abd8b7490 ] Request (HostsAdminNegativeTestJSON:tearDownClass): 204 DELETE http://10.180.1.21/networking/v2.0/security-groups/7b2096e1-c3f4-4a7a-b5cd-62646ced440d 0.178s
2025-11-22 03:00:44.531 66349 INFO tempest.lib.common.rest_client [req-1f7b8675-692c-4b68-9825-52199a75cd70 req-1f7b8675-692c-4b68-9825-52199a75cd70 ] Request (ImagesOneServerTestJSON:test_create_delete_image): 200 GET http://10.180.1.21/compute/v2.1/images/d2d5dc35-c3da-41ed-9674-9ca758061112 6.534s
2025-11-22 03:00:44.561 66337 INFO tempest.lib.common.rest_client [req-8ad88bea-fa11-4669-9dc3-e7a3f3cce42b req-8ad88bea-fa11-4669-9dc3-e7a3f3cce42b ] Request (FlavorsExtraSpecsTestJSON:tearDownClass): 204 DELETE http://10.180.1.21/identity/v3/projects/57d688eb05e0498d998ec96d6bdd0834 0.113s
2025-11-22 03:00:44.562 66337 INFO tempest.test [-] raised in LiveAutoBlockMigrationV225Test.setUpClass. Invoking tearDownClass.
2025-11-22 03:00:44.566 66337 INFO tempest.test [-] raised in LiveMigrationManagerWorkflowTest.setUpClass. Invoking tearDownClass.
2025-11-22 03:00:44.570 66337 INFO tempest.test [-] raised in UpdateMultiattachVolumeNegativeTest.setUpClass. Invoking tearDownClass.
2025-11-22 03:00:44.648 66321 INFO tempest.lib.common.rest_client [req-76ed9491-156b-4c9f-96d4-12ad93cd85a1 req-76ed9491-156b-4c9f-96d4-12ad93cd85a1 ] Request (DeleteServersAdminTestJSON:test_delete_server_while_in_error_state): 200 GET http://10.180.1.21/compute/v2.1/servers/b68c82be-cf0f-4d91-88b3-b0c2261c0ab6 5.438s
2025-11-22 03:00:44.658 66337 INFO tempest.lib.common.rest_client [req-bebee58d-ee76-4ae9-8ec5-8d740fa362f2 req-bebee58d-ee76-4ae9-8ec5-8d740fa362f2 ] Request (KeyPairsV2TestJSON:setUpClass): 201 POST http://10.180.1.21/identity/v3/auth/tokens 0.083s
2025-11-22 03:00:44.728 66342 INFO tempest.lib.common.rest_client [req-3f86e1f1-d60d-421c-998f-b58d27913936 req-3f86e1f1-d60d-421c-998f-b58d27913936 ] Request (HostsAdminNegativeTestJSON:tearDownClass): 204 DELETE http://10.180.1.21/identity/v3/projects/d67a1e760f744e1b827407bda515567e 0.197s
2025-11-22 03:00:44.744 66347 INFO tempest.lib.common.rest_client [req-3a687e40-10f9-45d1-9535-736c8c13f30e req-3a687e40-10f9-45d1-9535-736c8c13f30e ] Request (ImagesMetadataTestJSON:setUp): 200 PUT http://10.180.1.21/compute/v2.1/images/a9bfb586-7b05-4a8f-a5dd-d4a239092ee4/metadata 7.796s
2025-11-22 03:00:44.766 66337 INFO tempest.lib.common.rest_client [req-d5a03359-f6bb-4fa2-9a3b-797b707ab133 req-d5a03359-f6bb-4fa2-9a3b-797b707ab133 ] Request (KeyPairsV2TestJSON:setUpClass): 201 POST http://10.180.1.21/identity/v3/auth/tokens 0.104s
2025-11-22 03:00:44.770 66335 INFO tempest.lib.common.rest_client [req-4481c5f3-086c-4f7e-b8ff-b42b6c1cee85 req-4481c5f3-086c-4f7e-b8ff-b42b6c1cee85 ] Request (ServerDiagnosticsV248Test:tearDownClass): 200 GET http://10.180.1.21/compute/v2.1/servers/7a685b90-de08-4e3d-84ec-09d0446649e2 5.458s
2025-11-22 03:00:44.780 66342 INFO tempest.lib.common.rest_client [req-89578fa3-2464-4c14-9f69-501a040294e4 req-89578fa3-2464-4c14-9f69-501a040294e4 ] Request (ServersAdmin275Test:setUpClass): 201 POST http://10.180.1.21/identity/v3/auth/tokens 0.051s
2025-11-22 03:00:44.801 66337 INFO tempest.lib.common.rest_client [req-8ac39d84-5e67-4940-a054-5b521c24331e req-8ac39d84-5e67-4940-a054-5b521c24331e ] Request (KeyPairsV2TestJSON:setUpClass): 200 GET http://10.180.1.21/identity/v3/domains?name=Default 0.034s
2025-11-22 03:00:44.815 66342 INFO tempest.lib.common.rest_client [req-c2bd0313-5667-4640-825f-2dcf2e208cef req-c2bd0313-5667-4640-825f-2dcf2e208cef ] Request (ServersAdmin275Test:setUpClass): 201 POST http://10.180.1.21/identity/v3/auth/tokens 0.030s
2025-11-22 03:00:44.821 66361 INFO tempest.lib.common.rest_client [req-add101a7-814a-4c86-a671-2b6ceea91b60 req-add101a7-814a-4c86-a671-2b6ceea91b60 ] Request (FloatingIPsNegativeTestJSON:test_allocate_floating_ip_from_nonexistent_pool): 404 POST http://10.180.1.21/compute/v2.1/os-floating-ips 4.564s
2025-11-22 03:00:44.849 66337 INFO tempest.lib.common.rest_client [req-c298b28e-8321-4b81-8560-a6dc02feab93 req-c298b28e-8321-4b81-8560-a6dc02feab93 ] Request (KeyPairsV2TestJSON:setUpClass): 201 POST http://10.180.1.21/identity/v3/projects 0.047s
2025-11-22 03:00:44.849 66342 INFO tempest.lib.common.rest_client [req-1d82993f-8b8c-41ae-80c9-af548c8e0698 req-1d82993f-8b8c-41ae-80c9-af548c8e0698 ] Request (ServersAdmin275Test:setUpClass): 200 GET http://10.180.1.21/identity/v3/domains?name=Default 0.033s
2025-11-22 03:00:44.928 66337 INFO tempest.lib.common.rest_client [req-41b5fef1-c365-4347-8698-181c9ec6e2ef req-41b5fef1-c365-4347-8698-181c9ec6e2ef ] Request (KeyPairsV2TestJSON:setUpClass): 201 POST http://10.180.1.21/identity/v3/users 0.079s
2025-11-22 03:00:44.940 66342 INFO tempest.lib.common.rest_client [req-e40741ec-cd9c-4ac2-aab6-c7deab6e267d req-e40741ec-cd9c-4ac2-aab6-c7deab6e267d ] Request (ServersAdmin275Test:setUpClass): 201 POST http://10.180.1.21/identity/v3/projects 0.090s
2025-11-22 03:00:44.955 66337 INFO tempest.lib.common.rest_client [req-0a89d3a9-6b43-479f-8a24-18cc4d0b6102 req-0a89d3a9-6b43-479f-8a24-18cc4d0b6102 ] Request (KeyPairsV2TestJSON:setUpClass): 200 GET http://10.180.1.21/identity/v3/roles 0.025s
2025-11-22 03:00:45.011 66342 INFO tempest.lib.common.rest_client [req-9d5eb273-9f9b-45a6-9907-71b5469855bf req-9d5eb273-9f9b-45a6-9907-71b5469855bf ] Request (ServersAdmin275Test:setUpClass): 201 POST http://10.180.1.21/identity/v3/users 0.070s
2025-11-22 03:00:45.034 66337 INFO tempest.lib.common.rest_client [req-50e5d8d1-12dc-4777-9de2-2169196e71b2 req-50e5d8d1-12dc-4777-9de2-2169196e71b2 ] Request (KeyPairsV2TestJSON:setUpClass): 204 PUT http://10.180.1.21/identity/v3/projects/ed5f7a6235534e0a883f0d344ba3a3a8/users/54e8090224364b52a8ce0b8c0d12a4d7/roles/011de0f526aa41ffb99657ceaa1f3753 0.078s
2025-11-22 03:00:45.034 66337 INFO tempest.lib.common.dynamic_creds [-] Dynamic test user 54e8090224364b52a8ce0b8c0d12a4d7 is created with scope project and roles: ['member']
2025-11-22 03:00:45.035 66337 INFO tempest.lib.common.dynamic_creds [-] Acquired dynamic creds: credentials: Credentials: {'domain_id': 'default', 'domain_name': 'Default', 'username': 'tempest-KeyPairsV2TestJSON-885219366-project-member', 'project_domain_id': 'default', 'project_domain_name': 'Default', 'project_id': 'ed5f7a6235534e0a883f0d344ba3a3a8', 'project_name': 'tempest-KeyPairsV2TestJSON-885219366', 'tenant_id': 'ed5f7a6235534e0a883f0d344ba3a3a8', 'tenant_name': 'tempest-KeyPairsV2TestJSON-885219366', 'user_domain_id': 'default', 'user_domain_name': 'Default', 'user_id': '54e8090224364b52a8ce0b8c0d12a4d7', 'system': None}, Network: None, Subnet: None, Router: None
2025-11-22 03:00:45.035 66337 INFO tempest.lib.common.dynamic_creds [-] Created isolated network resources for: credentials: Credentials: {'domain_id': 'default', 'domain_name': 'Default', 'username': 'tempest-KeyPairsV2TestJSON-885219366-project-member', 'project_domain_id': 'default', 'project_domain_name': 'Default', 'project_id': 'ed5f7a6235534e0a883f0d344ba3a3a8', 'project_name': 'tempest-KeyPairsV2TestJSON-885219366', 'tenant_id': 'ed5f7a6235534e0a883f0d344ba3a3a8', 'tenant_name': 'tempest-KeyPairsV2TestJSON-885219366', 'user_domain_id': 'default', 'user_domain_name': 'Default', 'user_id': '54e8090224364b52a8ce0b8c0d12a4d7', 'system': None}, Network: None, Subnet: None, Router: None
2025-11-22 03:00:45.038 66342 INFO tempest.lib.common.rest_client [req-80763bd3-1c7a-4bda-973b-8904e522a9d9 req-80763bd3-1c7a-4bda-973b-8904e522a9d9 ] Request (ServersAdmin275Test:setUpClass): 200 GET http://10.180.1.21/identity/v3/roles 0.027s
2025-11-22 03:00:45.133 66342 INFO tempest.lib.common.rest_client [req-ea60cf69-afc1-4d13-9782-6fc303f4fbf6 req-ea60cf69-afc1-4d13-9782-6fc303f4fbf6 ] Request (ServersAdmin275Test:setUpClass): 204 PUT http://10.180.1.21/identity/v3/projects/b413408cf4a94e4592315eb8d7c09084/users/6b6ca2a2b025441ba1a08b2fd9566d5b/roles/011de0f526aa41ffb99657ceaa1f3753 0.094s
2025-11-22 03:00:45.133 66342 INFO tempest.lib.common.dynamic_creds [-] Dynamic test user 6b6ca2a2b025441ba1a08b2fd9566d5b is created with scope project and roles: ['member']
2025-11-22 03:00:45.133 66342 INFO tempest.lib.common.dynamic_creds [-] Acquired dynamic creds: credentials: Credentials: {'domain_id': 'default', 'domain_name': 'Default', 'username': 'tempest-ServersAdmin275Test-1631443321-project-member', 'project_domain_id': 'default', 'project_domain_name': 'Default', 'project_id': 'b413408cf4a94e4592315eb8d7c09084', 'project_name': 'tempest-ServersAdmin275Test-1631443321', 'tenant_id': 'b413408cf4a94e4592315eb8d7c09084', 'tenant_name': 'tempest-ServersAdmin275Test-1631443321', 'user_domain_id': 'default', 'user_domain_name': 'Default', 'user_id': '6b6ca2a2b025441ba1a08b2fd9566d5b', 'system': None}, Network: None, Subnet: None, Router: None
2025-11-22 03:00:45.133 66342 INFO tempest.lib.common.dynamic_creds [-] Created isolated network resources for: credentials: Credentials: {'domain_id': 'default', 'domain_name': 'Default', 'username': 'tempest-ServersAdmin275Test-1631443321-project-member', 'project_domain_id': 'default', 'project_domain_name': 'Default', 'project_id': 'b413408cf4a94e4592315eb8d7c09084', 'project_name': 'tempest-ServersAdmin275Test-1631443321', 'tenant_id': 'b413408cf4a94e4592315eb8d7c09084', 'tenant_name': 'tempest-ServersAdmin275Test-1631443321', 'user_domain_id': 'default', 'user_domain_name': 'Default', 'user_id': '6b6ca2a2b025441ba1a08b2fd9566d5b', 'system': None}, Network: None, Subnet: None, Router: None
2025-11-22 03:00:45.165 66337 INFO tempest.lib.common.rest_client [req-8e869aec-60a1-44be-8609-699d087152c4 req-8e869aec-60a1-44be-8609-699d087152c4 ] Request (KeyPairsV2TestJSON:setUpClass): 201 POST http://10.180.1.21/identity/v3/auth/tokens 0.125s
2025-11-22 03:00:45.213 66342 INFO tempest.lib.common.rest_client [req-41139b48-5df7-4bcf-9c9a-18f986b14c7b req-41139b48-5df7-4bcf-9c9a-18f986b14c7b ] Request (ServersAdmin275Test:setUpClass): 201 POST http://10.180.1.21/identity/v3/auth/tokens 0.073s
2025-11-22 03:00:45.281 66342 INFO tempest.lib.common.rest_client [req-0730c705-8ffb-4205-8f6b-1a74823f3304 req-0730c705-8ffb-4205-8f6b-1a74823f3304 ] Request (ServersAdmin275Test:setUpClass): 201 POST http://10.180.1.21/identity/v3/projects 0.067s
2025-11-22 03:00:45.355 66342 INFO tempest.lib.common.rest_client [req-1b68f3bb-3eda-493f-ba5c-87ecc313879b req-1b68f3bb-3eda-493f-ba5c-87ecc313879b ] Request (ServersAdmin275Test:setUpClass): 201 POST http://10.180.1.21/identity/v3/users 0.074s
2025-11-22 03:00:45.378 66342 INFO tempest.lib.common.rest_client [req-ee640204-4417-4fc4-813f-d3c0df6d35d4 req-ee640204-4417-4fc4-813f-d3c0df6d35d4 ] Request (ServersAdmin275Test:setUpClass): 200 GET http://10.180.1.21/identity/v3/roles 0.022s
2025-11-22 03:00:45.385 66371 INFO tempest.lib.common.rest_client [req-176d1408-6bfd-4ff4-90d3-a519248b2631 req-176d1408-6bfd-4ff4-90d3-a519248b2631 ] Request (MigrationsAdminTest:test_list_migrations_in_flavor_resize_situation): 200 GET http://10.180.1.21/compute/v2.1/servers/9fe6ca77-4628-4a8b-a5d6-f85aca7c9e5f 4.026s
2025-11-22 03:00:45.395 66371 INFO tempest.common.waiters [-] State transition "RESIZE/resize_prep" ==> "RESIZE/resize_migrating" after 18 second wait
2025-11-22 03:00:45.410 66342 INFO tempest.lib.common.rest_client [req-6ee00b45-b574-4562-afdf-98eb0e15c324 req-6ee00b45-b574-4562-afdf-98eb0e15c324 ] Request (ServersAdmin275Test:setUpClass): 204 PUT http://10.180.1.21/identity/v3/projects/5e40253ec44f4154beb6ad7084c3f139/users/ede29f606b7e4cd69599df8cee59c35c/roles/7c76b7c1aa2e482a85f6c0087642a9f4 0.031s
2025-11-22 03:00:45.478 66342 INFO tempest.lib.common.rest_client [req-5c5b2217-1789-45ad-a8bc-2a4c8ea92e63 req-5c5b2217-1789-45ad-a8bc-2a4c8ea92e63 ] Request (ServersAdmin275Test:setUpClass): 200 GET http://10.180.1.21/identity/v3/roles 0.068s
2025-11-22 03:00:45.497 66342 INFO tempest.lib.common.rest_client [req-ad780d7a-6d95-4243-98f5-54fd1f2f8d13 req-ad780d7a-6d95-4243-98f5-54fd1f2f8d13 ] Request (ServersAdmin275Test:setUpClass): 204 PUT http://10.180.1.21/identity/v3/projects/5e40253ec44f4154beb6ad7084c3f139/users/ede29f606b7e4cd69599df8cee59c35c/roles/7c76b7c1aa2e482a85f6c0087642a9f4 0.019s
2025-11-22 03:00:45.498 66342 INFO tempest.lib.common.dynamic_creds [-] Dynamic test user ede29f606b7e4cd69599df8cee59c35c is created with scope project and roles: ['admin']
2025-11-22 03:00:45.498 66342 INFO tempest.lib.common.dynamic_creds [-] Acquired dynamic creds: credentials: Credentials: {'domain_id': 'default', 'domain_name': 'Default', 'username': 'tempest-ServersAdmin275Test-206005688-project-admin', 'project_domain_id': 'default', 'project_domain_name': 'Default', 'project_id': '5e40253ec44f4154beb6ad7084c3f139', 'project_name': 'tempest-ServersAdmin275Test-206005688', 'tenant_id': '5e40253ec44f4154beb6ad7084c3f139', 'tenant_name': 'tempest-ServersAdmin275Test-206005688', 'user_domain_id': 'default', 'user_domain_name': 'Default', 'user_id': 'ede29f606b7e4cd69599df8cee59c35c', 'system': None}, Network: None, Subnet: None, Router: None
2025-11-22 03:00:45.498 66342 INFO tempest.lib.common.dynamic_creds [-] Created isolated network resources for: credentials: Credentials: {'domain_id': 'default', 'domain_name': 'Default', 'username': 'tempest-ServersAdmin275Test-206005688-project-admin', 'project_domain_id': 'default', 'project_domain_name': 'Default', 'project_id': '5e40253ec44f4154beb6ad7084c3f139', 'project_name': 'tempest-ServersAdmin275Test-206005688', 'tenant_id': '5e40253ec44f4154beb6ad7084c3f139', 'tenant_name': 'tempest-ServersAdmin275Test-206005688', 'user_domain_id': 'default', 'user_domain_name': 'Default', 'user_id': 'ede29f606b7e4cd69599df8cee59c35c', 'system': None}, Network: None, Subnet: None, Router: None
2025-11-22 03:00:45.582 66342 INFO tempest.lib.common.rest_client [req-8fbd7aea-0722-4207-b730-a6f179e4c44a req-8fbd7aea-0722-4207-b730-a6f179e4c44a ] Request (ServersAdmin275Test:setUpClass): 201 POST http://10.180.1.21/identity/v3/auth/tokens 0.081s
2025-11-22 03:00:45.659 66342 INFO tempest.lib.common.rest_client [req-5f37d70c-1a83-48f6-96a1-5e58ddd27350 req-5f37d70c-1a83-48f6-96a1-5e58ddd27350 ] Request (ServersAdmin275Test:test_rebuild_update_server_275): 201 POST http://10.180.1.21/identity/v3/auth/tokens 0.072s
2025-11-22 03:00:45.660 66342 INFO tempest.lib.common.fixed_network [-] (ServersAdmin275Test:test_rebuild_update_server_275) Found network None available for tenant
2025-11-22 03:00:45.703 66346 INFO tempest.lib.common.rest_client [req-63efed21-59ec-4209-b797-c9d61ff7b21e req-63efed21-59ec-4209-b797-c9d61ff7b21e ] Request (FloatingIPsAssociationNegativeTestJSON:test_associate_ip_to_server_with_floating_ip): 200 POST http://10.180.1.21/compute/v2.1/os-floating-ips 6.190s
2025-11-22 03:00:45.771 66327 INFO tempest.lib.common.rest_client [req-cecf092c-5cff-4e61-a76c-a4b6d5654d16 req-cecf092c-5cff-4e61-a76c-a4b6d5654d16 ] Request (ListImageFiltersTestJSON:setUpClass): 200 GET http://10.180.1.21/compute/v2.1/servers/d8b16abf-3fd8-4a05-9539-eaf357b2a244 4.328s
2025-11-22 03:00:45.778 66327 INFO tempest.common.waiters [-] State transition "BUILD/None" ==> "BUILD/spawning" after 18 second wait
2025-11-22 03:00:45.884 66339 INFO tempest.lib.common.rest_client [req-ac6f03a1-967f-4c60-aee6-f8c1a8857988 req-ac6f03a1-967f-4c60-aee6-f8c1a8857988 ] Request (ServerActionsTestJSON:setUpClass): 200 POST http://10.180.1.21/compute/v2.1/os-keypairs 4.260s
2025-11-22 03:00:45.996 66325 INFO tempest.lib.common.rest_client [req-22b80c04-42c4-4e45-83da-131da5d7dcc5 req-22b80c04-42c4-4e45-83da-131da5d7dcc5 ] Request (QuotasAdminNegativeTest:_run_cleanups): 200 PUT http://10.180.1.21/compute/v2.1/os-quota-sets/6e22f598c89e471a92269b6b4b68771a 4.270s
2025-11-22 03:00:46.136 66339 INFO tempest.lib.common.rest_client [req-e1182cbd-e546-49b7-bf02-47536d96ea6e req-e1182cbd-e546-49b7-bf02-47536d96ea6e ] Request (ServerActionsTestJSON:setUpClass): 201 POST http://10.180.1.21/networking/v2.0/security-groups 0.249s
2025-11-22 03:00:46.169 66363 INFO tempest.lib.common.rest_client [req-d4b7d5b6-d630-45a9-b711-3bd9848b4715 req-d4b7d5b6-d630-45a9-b711-3bd9848b4715 ] Request (ServerExternalEventsTest:test_create_server_external_events): 200 GET http://10.180.1.21/compute/v2.1/servers/1b8764da-6986-4157-8ce1-34c5199cc920 4.487s
2025-11-22 03:00:46.177 66363 INFO tempest.common.waiters [-] State transition "BUILD/None" ==> "BUILD/spawning" after 19 second wait
2025-11-22 03:00:46.233 66351 INFO tempest.lib.common.rest_client [req-0231aa9e-45b4-4e4d-9f98-738956495376 req-0231aa9e-45b4-4e4d-9f98-738956495376 ] Request (HypervisorAdminV253TestBase:test_list_show_detail_hypervisors): 200 GET http://10.180.1.21/compute/v2.1/os-hypervisors?with_servers=True 4.261s
2025-11-22 03:00:46.263 66355 INFO tempest.lib.common.rest_client [req-bb8cd187-2744-4d01-b5ac-2846e3ce4b20 req-bb8cd187-2744-4d01-b5ac-2846e3ce4b20 ] Request (ServicesAdminNegativeTestJSON:test_get_service_with_valid_service_and_invalid_host): 200 GET http://10.180.1.21/compute/v2.1/os-services 4.266s
2025-11-22 03:00:46.271 66374 INFO tempest.lib.common.rest_client [req-c64a7ad2-30fd-4261-9151-3ac0b9b5fb56 req-c64a7ad2-30fd-4261-9151-3ac0b9b5fb56 ] Request (AggregatesAdminNegativeTestJSON:test_aggregate_create_as_user): 403 POST http://10.180.1.21/compute/v2.1/os-aggregates 4.272s
2025-11-22 03:00:46.385 66339 INFO tempest.lib.common.rest_client [req-a83226e4-1711-4b9c-b720-e6540a52fa84 req-a83226e4-1711-4b9c-b720-e6540a52fa84 ] Request (ServerActionsTestJSON:setUpClass): 201 POST http://10.180.1.21/networking/v2.0/security-group-rules 0.248s
2025-11-22 03:00:46.482 66379 INFO tempest.lib.common.rest_client [req-d86bffeb-0901-44af-8676-38db9312dfbf req-d86bffeb-0901-44af-8676-38db9312dfbf ] Request (TenantUsagesTestJSON:setUpClass): 200 GET http://10.180.1.21/compute/v2.1/servers/61e929b9-2d7f-4081-b001-ac051fed59a1 4.454s
2025-11-22 03:00:46.503 66375 INFO tempest.lib.common.rest_client [req-9000df7e-6db8-432e-aca3-eb5ee35597eb req-9000df7e-6db8-432e-aca3-eb5ee35597eb ] Request (FlavorsAccessNegativeTestJSON:_run_cleanups): 200 GET http://10.180.1.21/compute/v2.1/flavors/detail 4.448s
2025-11-22 03:00:46.560 66339 INFO tempest.lib.common.rest_client [req-baf73e3a-1dcd-4dc7-a89c-54470bd24cdb req-baf73e3a-1dcd-4dc7-a89c-54470bd24cdb ] Request (ServerActionsTestJSON:setUpClass): 201 POST http://10.180.1.21/networking/v2.0/security-group-rules 0.174s
2025-11-22 03:00:46.658 66343 INFO tempest.lib.common.rest_client [req-4658fee6-e5a2-4379-a5aa-54ea0eb43e4c req-4658fee6-e5a2-4379-a5aa-54ea0eb43e4c ] Request (ServersTestBootFromVolume:setUpClass): 200 GET http://10.180.1.21/compute/v2.1/servers/6fd039aa-5ff5-485d-b53f-6992a6d19bd9/os-interface 4.374s
2025-11-22 03:00:46.765 66369 WARNING tempest.lib.common.ssh [-] Failed to establish authenticated ssh connection to cirros@10.180.180.203 ([Errno None] Unable to connect to port 22 on 10.180.180.203). Number attempts: 2. Retry after 3 seconds.: paramiko.ssh_exception.NoValidConnectionsError: [Errno None] Unable to connect to port 22 on 10.180.180.203
2025-11-22 03:00:47.144 66339 INFO tempest.lib.common.rest_client [req-999d7646-2f85-4d0b-a902-b9194bfc8fb8 req-999d7646-2f85-4d0b-a902-b9194bfc8fb8 ] Request (ServerActionsTestJSON:setUpClass): 201 POST http://10.180.1.21/networking/v2.0/floatingips 0.583s
2025-11-22 03:00:47.179 66339 INFO tempest.lib.common.rest_client [req-946d5d8d-3d4b-4cd0-81a8-ca16335d7eaf req-946d5d8d-3d4b-4cd0-81a8-ca16335d7eaf ] Request (ServerActionsTestJSON:setUpClass): 201 POST http://10.180.1.21/identity/v3/auth/tokens 0.032s
2025-11-22 03:00:47.180 66339 INFO tempest.lib.common.fixed_network [-] (ServerActionsTestJSON:setUpClass) Found network {'id': '29a621a8-d37e-49cd-ab03-15bcb2dc5307', 'name': 'tempest-ServerActionsTestJSON-170563361-network', 'tenant_id': '17fe82fd1f6f45369eeee462f1b654fb', 'project_id': '17fe82fd1f6f45369eeee462f1b654fb', 'admin_state_up': True, 'mtu': 8950, 'status': 'ACTIVE', 'subnets': [], 'shared': False, 'port_security_enabled': True, 'router:external': False, 'provider:network_type': 'vlan', 'provider:physical_network': 'default', 'provider:segmentation_id': 240, 'availability_zone_hints': [], 'availability_zones': [], 'ipv4_address_scope': None, 'ipv6_address_scope': None, 'description': '', 'tags': [], 'created_at': '2025-11-22T03:00:38Z', 'updated_at': '2025-11-22T03:00:38Z', 'revision_number': 1} available for tenant
2025-11-22 03:00:47.201 66323 INFO tempest.lib.common.rest_client [req-1017cb23-87cb-4f86-8ed0-d5ab31940188 req-1017cb23-87cb-4f86-8ed0-d5ab31940188 ] Request (VolumesAssistedSnapshotsTest:test_volume_assisted_snapshot_create_delete): 200 GET http://10.180.1.21/compute/v2.1/servers/0b72f0dc-452d-4ee7-bc2a-455a71bd7d78/os-interface 4.119s
2025-11-22 03:00:47.384 66317 INFO tempest.lib.common.rest_client [req-cb9a3d9b-1f5b-4660-848f-411b7564bc6a req-cb9a3d9b-1f5b-4660-848f-411b7564bc6a ] Request (ServersAdminTestJSON:test_create_server_with_scheduling_hint): 202 POST http://10.180.1.21/compute/v2.1/servers 5.558s
2025-11-22 03:00:47.459 66343 INFO tempest.lib.common.rest_client [req-7de99f96-a1cf-40ff-a93a-0eac48ebf53d req-7de99f96-a1cf-40ff-a93a-0eac48ebf53d ] Request (ServersTestBootFromVolume:setUpClass): 200 PUT http://10.180.1.21/networking/v2.0/floatingips/2f4374d7-58dc-4023-8bf8-8ddb28a3cc04 0.797s
2025-11-22 03:00:47.581 66333 INFO tempest.lib.common.rest_client [req-4a6aebe9-5052-47b4-8c6f-6dbf5d8537b5 req-4a6aebe9-5052-47b4-8c6f-6dbf5d8537b5 ] Request (QuotaClassesAdminTestJSON:test_update_default_quotas): 200 PUT http://10.180.1.21/compute/v2.1/os-quota-class-sets/default 4.389s
2025-11-22 03:00:47.936 66323 INFO tempest.lib.common.rest_client [req-36622666-6f21-43c5-989b-f62bb2544e22 req-36622666-6f21-43c5-989b-f62bb2544e22 ] Request (VolumesAssistedSnapshotsTest:test_volume_assisted_snapshot_create_delete): 200 PUT http://10.180.1.21/networking/v2.0/floatingips/962661cc-71bf-4282-80c6-6e0c63d2ee29 0.732s
2025-11-22 03:00:47.938 66323 INFO tempest.lib.common.ssh [-] Creating ssh connection to '10.180.180.165:22' as 'cirros' with public key authentication
2025-11-22 03:00:48.033 66353 INFO tempest.lib.common.rest_client [req-39a008df-569b-439f-a23e-e80dde1415fc req-39a008df-569b-439f-a23e-e80dde1415fc ] Request (ServersTestManualDisk:setUpClass): 200 GET http://10.180.1.21/compute/v2.1/servers/12834aa2-4d29-4d90-aead-db7249797751/os-interface 3.949s
2025-11-22 03:00:48.675 66353 INFO tempest.lib.common.rest_client [req-7109f5f9-f56f-49f2-aef8-bae70489e90e req-7109f5f9-f56f-49f2-aef8-bae70489e90e ] Request (ServersTestManualDisk:setUpClass): 200 PUT http://10.180.1.21/networking/v2.0/floatingips/fa74a790-d3cc-4db8-9173-d7a79b90bd8e 0.639s
2025-11-22 03:00:49.058 66365 INFO tempest.lib.common.rest_client [req-a7615a7c-0e84-45b0-855f-b673405ebe18 req-a7615a7c-0e84-45b0-855f-b673405ebe18 ] Request (MultipleCreateTestJSON:test_multiple_create): 202 POST http://10.180.1.21/compute/v2.1/servers 5.963s
2025-11-22 03:00:49.290 66357 INFO tempest.lib.common.rest_client [req-eae53c88-26e1-45f7-9394-56c6682d8deb req-eae53c88-26e1-45f7-9394-56c6682d8deb ] Request (SecurityGroupsTestJSON:test_list_security_groups_by_server): 202 POST http://10.180.1.21/compute/v2.1/servers/18eb0418-c618-4f28-ad02-7c26aa50762f/action 5.054s
2025-11-22 03:00:49.308 66329 INFO tempest.lib.common.rest_client [req-954ca080-6c2e-4d4f-aff8-5424ff0b9f00 req-954ca080-6c2e-4d4f-aff8-5424ff0b9f00 ] Request (KeyPairsV22TestJSON:_run_cleanups): 204 DELETE http://10.180.1.21/compute/v2.1/os-keypairs/tempest-KeyPairsV22TestJSON-keypair-221160930 4.875s
2025-11-22 03:00:49.383 66377 INFO tempest.lib.common.rest_client [req-d4d4881c-bbfe-43c2-98a6-0183382c200e req-d4d4881c-bbfe-43c2-98a6-0183382c200e ] Request (ImagesTestJSON:test_create_image_from_stopped_server): 202 POST http://10.180.1.21/compute/v2.1/servers/2281e333-72d9-4c1b-954c-00fa68c9727c/action 4.933s
2025-11-22 03:00:49.579 66319 INFO tempest.lib.common.rest_client [req-0a5301bc-5d46-4ac1-b014-32ee1483a2f1 req-0a5301bc-5d46-4ac1-b014-32ee1483a2f1 ] Request (ImagesOneServerNegativeTestJSON:tearDown): 200 GET http://10.180.1.21/compute/v2.1/servers/66c0b63e-9aa4-46e1-a3ff-1201f5872a4a 5.161s
2025-11-22 03:00:49.609 66347 INFO tempest.lib.common.rest_client [req-5210e34d-db4e-497a-972c-2beacee1e69d req-5210e34d-db4e-497a-972c-2beacee1e69d ] Request (ImagesMetadataTestJSON:test_delete_image_metadata_item): 204 DELETE http://10.180.1.21/compute/v2.1/images/a9bfb586-7b05-4a8f-a5dd-d4a239092ee4/metadata/os_version 4.864s
2025-11-22 03:00:49.612 66361 INFO tempest.lib.common.rest_client [req-f6dc3cfd-c603-4963-99cb-39af442a5105 req-f6dc3cfd-c603-4963-99cb-39af442a5105 ] Request (FloatingIPsNegativeTestJSON:test_delete_nonexistent_floating_ip): 404 DELETE http://10.180.1.21/compute/v2.1/os-floating-ips/b7a30781-797c-4e77-8c06-b82cc9640cd7 4.790s
2025-11-22 03:00:49.745 66337 INFO tempest.lib.common.rest_client [req-8e53e44f-57d4-4207-b681-622d3c86ddee req-8e53e44f-57d4-4207-b681-622d3c86ddee ] Request (KeyPairsV2TestJSON:test_get_keypair_detail): 200 POST http://10.180.1.21/compute/v2.1/os-keypairs 4.578s
2025-11-22 03:00:49.804 66349 INFO tempest.lib.common.rest_client [req-bae0172d-39e0-4ffb-8fb3-1e951096ad57 req-bae0172d-39e0-4ffb-8fb3-1e951096ad57 ] Request (ImagesOneServerTestJSON:test_create_delete_image): 200 GET http://10.180.1.21/compute/v2.1/images/d2d5dc35-c3da-41ed-9674-9ca758061112 4.266s
2025-11-22 03:00:49.913 66331 INFO tempest.lib.common.rest_client [req-12d72330-e474-4366-bf2f-a5951522a781 req-12d72330-e474-4366-bf2f-a5951522a781 ] Request (ServersWithSpecificFlavorTestJSON:test_verify_created_server_ephemeral_disk): 200 GET http://10.180.1.21/compute/v2.1/servers/78bc03ef-2de9-46c0-86f3-608c8fc5b65a 4.495s
2025-11-22 03:00:49.923 66331 INFO tempest.common.waiters [-] State transition "BUILD/None" ==> "BUILD/spawning" after 14 second wait
2025-11-22 03:00:49.961 66342 INFO tempest.lib.common.rest_client [req-b003722a-9e40-49e7-a043-ae1c39a5c2f6 req-b003722a-9e40-49e7-a043-ae1c39a5c2f6 ] Request (ServersAdmin275Test:test_rebuild_update_server_275): 202 POST http://10.180.1.21/compute/v2.1/servers 4.300s
2025-11-22 03:00:49.964 66321 INFO tempest.lib.common.rest_client [req-42cb52d8-7b1e-4282-b829-0a67dc1aa0b4 req-42cb52d8-7b1e-4282-b829-0a67dc1aa0b4 ] Request (DeleteServersAdminTestJSON:test_delete_server_while_in_error_state): 200 GET http://10.180.1.21/compute/v2.1/servers/b68c82be-cf0f-4d91-88b3-b0c2261c0ab6 4.304s
2025-11-22 03:00:49.984 66335 INFO tempest.lib.common.rest_client [req-6671c23e-b2c1-4c67-826f-0f76e4a9a16b req-6671c23e-b2c1-4c67-826f-0f76e4a9a16b ] Request (ServerDiagnosticsV248Test:tearDownClass): 404 GET http://10.180.1.21/compute/v2.1/servers/7a685b90-de08-4e3d-84ec-09d0446649e2 4.199s
2025-11-22 03:00:49.991 66325 INFO tempest.lib.common.rest_client [req-8ab58b8f-7b04-4826-9e14-163dfcc29dcb req-8ab58b8f-7b04-4826-9e14-163dfcc29dcb ] Request (QuotasAdminNegativeTest:test_update_quota_normal_user): 403 PUT http://10.180.1.21/compute/v2.1/os-quota-sets/6e22f598c89e471a92269b6b4b68771a 3.991s
2025-11-22 03:00:50.014 66351 INFO tempest.lib.common.rest_client [req-8f34bec9-125c-4d91-9e6e-4e7a84ec724b req-8f34bec9-125c-4d91-9e6e-4e7a84ec724b ] Request (HypervisorAdminV253TestBase:test_list_show_detail_hypervisors): 200 GET http://10.180.1.21/compute/v2.1/os-hypervisors/05b13150-ac66-4728-9822-31ca6d008df2 3.779s
2025-11-22 03:00:50.044 66355 INFO tempest.lib.common.rest_client [req-d7b33356-859b-47f1-beeb-d5065bb99512 req-d7b33356-859b-47f1-beeb-d5065bb99512 ] Request (ServicesAdminNegativeTestJSON:test_get_service_with_valid_service_and_invalid_host): 200 GET http://10.180.1.21/compute/v2.1/os-services?host=xxx&binary=nova-scheduler 3.778s
2025-11-22 03:00:50.086 66374 INFO tempest.lib.common.rest_client [req-c2c2e540-3ab2-4f1d-8ca9-b8776ec99139 req-c2c2e540-3ab2-4f1d-8ca9-b8776ec99139 ] Request (AggregatesAdminNegativeTestJSON:test_aggregate_create_with_existent_aggregate_name): 200 POST http://10.180.1.21/compute/v2.1/os-aggregates 3.812s
2025-11-22 03:00:50.156 66335 INFO tempest.lib.common.rest_client [req-483d0d29-d00a-4026-856e-169a6faa7cdf req-483d0d29-d00a-4026-856e-169a6faa7cdf ] Request (ServerDiagnosticsV248Test:tearDownClass): 204 DELETE http://10.180.1.21/identity/v3/users/831e674790234544829ed52d19d7dd9d 0.172s
2025-11-22 03:00:50.161 66325 INFO tempest.lib.common.rest_client [req-96d0f352-c851-46c1-9790-b474c5d4cf27 req-96d0f352-c851-46c1-9790-b474c5d4cf27 ] Request (QuotasAdminNegativeTest:tearDownClass): 204 DELETE http://10.180.1.21/identity/v3/users/0f0ed515b2aa4900b83e68f2c11e72ca 0.168s
2025-11-22 03:00:50.270 66351 INFO tempest.lib.common.rest_client [req-0990cc4e-6ae3-4e1f-a8fa-656f5e80463f req-0990cc4e-6ae3-4e1f-a8fa-656f5e80463f ] Request (HypervisorAdminV253TestBase:tearDownClass): 204 DELETE http://10.180.1.21/identity/v3/users/1670c2e56a2144ddb97334ac6ccdf822 0.245s
2025-11-22 03:00:50.270 66369 WARNING tempest.lib.common.ssh [-] Failed to establish authenticated ssh connection to cirros@10.180.180.203 ([Errno None] Unable to connect to port 22 on 10.180.180.203). Number attempts: 3. Retry after 4 seconds.: paramiko.ssh_exception.NoValidConnectionsError: [Errno None] Unable to connect to port 22 on 10.180.180.203
2025-11-22 03:00:50.286 66335 INFO tempest.lib.common.rest_client [req-ae1d0384-fd52-4fb7-a9a1-9dee443567c5 req-ae1d0384-fd52-4fb7-a9a1-9dee443567c5 ] Request (ServerDiagnosticsV248Test:tearDownClass): 204 DELETE http://10.180.1.21/identity/v3/users/19086e2993f142a5ab21be91b56dbdd9 0.129s
2025-11-22 03:00:50.286 66335 INFO tempest.lib.common.dynamic_creds [-] Deleting project and security group for project: 34f962285b5c4c738955c675360d32d7
2025-11-22 03:00:50.403 66351 INFO tempest.lib.common.rest_client [req-d6e3d1ad-8045-405e-b285-2f8a0135e45e req-d6e3d1ad-8045-405e-b285-2f8a0135e45e ] Request (HypervisorAdminV253TestBase:tearDownClass): 204 DELETE http://10.180.1.21/identity/v3/users/da6f315d45e44e49b389c646845eae3a 0.131s
2025-11-22 03:00:50.408 66351 INFO tempest.lib.common.dynamic_creds [-] Deleting project and security group for project: 8baf7f499ac24020964af805c0670718
2025-11-22 03:00:50.420 66325 INFO tempest.lib.common.rest_client [req-7aa8ffe0-ceac-49a9-ac82-7200330e39e7 req-7aa8ffe0-ceac-49a9-ac82-7200330e39e7 ] Request (QuotasAdminNegativeTest:tearDownClass): 204 DELETE http://10.180.1.21/identity/v3/users/8d56f087679b47138c158e9d79d1ddb8 0.258s
2025-11-22 03:00:50.420 66325 INFO tempest.lib.common.dynamic_creds [-] Deleting project and security group for project: 83b42fd81b174442a5b475bcca2080a6
2025-11-22 03:00:50.459 66335 INFO tempest.lib.common.rest_client [req-900316f0-fe35-4adb-a4f0-7a0d9100ee77 req-900316f0-fe35-4adb-a4f0-7a0d9100ee77 ] Request (ServerDiagnosticsV248Test:tearDownClass): 201 POST http://10.180.1.21/identity/v3/auth/tokens 0.173s
2025-11-22 03:00:50.489 66351 INFO tempest.lib.common.rest_client [req-e04e1897-a85a-4420-8788-69c68f57e56e req-e04e1897-a85a-4420-8788-69c68f57e56e ] Request (HypervisorAdminV253TestBase:tearDownClass): 201 POST http://10.180.1.21/identity/v3/auth/tokens 0.081s
2025-11-22 03:00:50.491 66325 INFO tempest.lib.common.rest_client [req-79cf16b9-3099-408d-a3a6-29f63fab258d req-79cf16b9-3099-408d-a3a6-29f63fab258d ] Request (QuotasAdminNegativeTest:tearDownClass): 201 POST http://10.180.1.21/identity/v3/auth/tokens 0.068s
2025-11-22 03:00:50.561 66361 INFO tempest.lib.common.rest_client [req-f65f994b-e551-4e26-a871-445d54509cb7 req-f65f994b-e551-4e26-a871-445d54509cb7 ] Request (FloatingIPsNegativeTestJSON:tearDownClass): 200 PUT http://10.180.1.21/networking/v2.0/routers/e41b4b26-bf3e-4e6f-80f9-2e2597f6e780/remove_router_interface 0.945s
2025-11-22 03:00:50.818 66335 INFO tempest.lib.common.rest_client [req-7d267cc3-dbc6-4fe8-b478-ea97cb6db252 req-7d267cc3-dbc6-4fe8-b478-ea97cb6db252 ] Request (ServerDiagnosticsV248Test:tearDownClass): 200 GET http://10.180.1.21/networking/v2.0/security-groups?tenant_id=34f962285b5c4c738955c675360d32d7&name=default 0.358s
2025-11-22 03:00:50.836 66351 INFO tempest.lib.common.rest_client [req-f4ef7e80-8bb9-4f82-b48e-ef38d29756b5 req-f4ef7e80-8bb9-4f82-b48e-ef38d29756b5 ] Request (HypervisorAdminV253TestBase:tearDownClass): 200 GET http://10.180.1.21/networking/v2.0/security-groups?tenant_id=8baf7f499ac24020964af805c0670718&name=default 0.347s
2025-11-22 03:00:50.987 66325 INFO tempest.lib.common.rest_client [req-4adeaffe-1376-477b-b0b8-ed354540449c req-4adeaffe-1376-477b-b0b8-ed354540449c ] Request (QuotasAdminNegativeTest:tearDownClass): 200 GET http://10.180.1.21/networking/v2.0/security-groups?tenant_id=83b42fd81b174442a5b475bcca2080a6&name=default 0.495s
2025-11-22 03:00:51.137 66346 INFO tempest.lib.common.rest_client [req-d58cc699-8335-4430-95fd-105ab3d5d407 req-d58cc699-8335-4430-95fd-105ab3d5d407 ] Request (FloatingIPsAssociationNegativeTestJSON:test_associate_ip_to_server_with_floating_ip): 400 POST http://10.180.1.21/compute/v2.1/servers/48bec125-27b5-48fc-8713-6fa405a14260/action 5.431s
2025-11-22 03:00:51.169 66371 INFO tempest.lib.common.rest_client [req-02c96d08-b726-49dc-a078-0fb970840c20 req-02c96d08-b726-49dc-a078-0fb970840c20 ] Request (MigrationsAdminTest:test_list_migrations_in_flavor_resize_situation): 200 GET http://10.180.1.21/compute/v2.1/servers/9fe6ca77-4628-4a8b-a5d6-f85aca7c9e5f 4.774s
2025-11-22 03:00:51.179 66371 INFO tempest.common.waiters [-] State transition "RESIZE/resize_migrating" ==> "RESIZE/resize_migrated" after 24 second wait
