2025-11-22 03:03:15.893 66327 INFO tempest.lib.common.rest_client [req-a11e6826-0c7f-429f-861b-a66cb85f5108 req-a11e6826-0c7f-429f-861b-a66cb85f5108 ] Request (ListImageFiltersTestJSON:tearDownClass): 200 GET http://10.180.1.21/compute/v2.1/servers/d8b16abf-3fd8-4a05-9539-eaf357b2a244 1.368s
2025-11-22 03:03:15.963 66365 INFO tempest.lib.common.rest_client [req-4b23a09d-62e9-41a4-9bfa-d3782e7bedc4 req-4b23a09d-62e9-41a4-9bfa-d3782e7bedc4 ] Request (ExtensionsTest:setUpClass): 201 POST http://10.180.1.21/identity/v3/auth/tokens 0.068s
2025-11-22 03:03:15.998 66365 INFO tempest.lib.common.rest_client [req-ce5edfcb-f9a5-4673-b850-d9e433dc1afb req-ce5edfcb-f9a5-4673-b850-d9e433dc1afb ] Request (ExtensionsTest:setUpClass): 201 POST http://10.180.1.21/identity/v3/auth/tokens 0.032s
2025-11-22 03:03:16.001 66374 WARNING tempest.lib.common.ssh [-] Failed to establish authenticated ssh connection to cirros@10.180.180.197 ([Errno None] Unable to connect to port 22 on 10.180.180.197). Number attempts: 2. Retry after 3 seconds.: paramiko.ssh_exception.NoValidConnectionsError: [Errno None] Unable to connect to port 22 on 10.180.180.197
2025-11-22 03:03:16.025 66335 INFO tempest.lib.common.rest_client [req-d0a0a0c1-1061-4dcf-962e-5947494735f7 req-d0a0a0c1-1061-4dcf-962e-5947494735f7 ] Request (InstanceActionsV221TestJSON:test_get_list_deleted_instance_actions): 200 GET http://10.180.1.21/compute/v2.1/servers/83951af7-35bd-4476-bd7c-fe3e6877c457 1.428s
2025-11-22 03:03:16.027 66365 INFO tempest.lib.common.rest_client [req-d66c1aa6-35d0-456e-931f-f529a4b2b468 req-d66c1aa6-35d0-456e-931f-f529a4b2b468 ] Request (ExtensionsTest:setUpClass): 200 GET http://10.180.1.21/identity/v3/domains?name=Default 0.028s
2025-11-22 03:03:16.053 66369 INFO tempest.lib.common.rest_client [req-a1f28e22-3a60-4dd7-8381-dbfcd7aff7d4 req-a1f28e22-3a60-4dd7-8381-dbfcd7aff7d4 ] Request (ServerActionsTestOtherB:test_resize_server_confirm_from_stopped): 200 GET http://10.180.1.21/compute/v2.1/servers/58dd0223-5d87-4d72-bca6-63015528094a 1.505s
2025-11-22 03:03:16.061 66369 INFO tempest.common.waiters [-] State transition "RESIZE/resize_prep" ==> "RESIZE/resize_migrating" after 25 second wait
2025-11-22 03:03:16.070 66365 INFO tempest.lib.common.rest_client [req-dbeab008-e9f4-4fee-9bfa-dc0c5446f433 req-dbeab008-e9f4-4fee-9bfa-dc0c5446f433 ] Request (ExtensionsTest:setUpClass): 201 POST http://10.180.1.21/identity/v3/projects 0.042s
2025-11-22 03:03:16.087 66355 INFO tempest.lib.common.rest_client [req-eb165078-3528-4837-9a91-88d04f6ce528 req-eb165078-3528-4837-9a91-88d04f6ce528 ] Request (ServersTestJSON:test_create_specify_keypair): 200 GET http://10.180.1.21/compute/v2.1/servers/c8069dff-14e3-49c8-8eca-ee742e6b0e00 1.434s
2025-11-22 03:03:16.140 66325 INFO tempest.lib.common.rest_client [req-bc05166e-4a8d-4c14-aef9-db135a3ad88c req-bc05166e-4a8d-4c14-aef9-db135a3ad88c ] Request (AttachInterfacesTestJSON:_run_cleanups): 200 GET http://10.180.1.21/compute/v2.1/servers/ef41027b-87b1-476b-ac33-bd1ae96a1665 1.273s
2025-11-22 03:03:16.142 66365 INFO tempest.lib.common.rest_client [req-6d135ed3-9089-4664-ad47-a5ea92ce39bd req-6d135ed3-9089-4664-ad47-a5ea92ce39bd ] Request (ExtensionsTest:setUpClass): 201 POST http://10.180.1.21/identity/v3/users 0.071s
2025-11-22 03:03:16.164 66365 INFO tempest.lib.common.rest_client [req-13d3e369-ae1e-477e-83f0-3a6e0b09edb7 req-13d3e369-ae1e-477e-83f0-3a6e0b09edb7 ] Request (ExtensionsTest:setUpClass): 200 GET http://10.180.1.21/identity/v3/roles 0.021s
2025-11-22 03:03:16.177 66351 INFO tempest.lib.common.rest_client [req-382c5871-c2ab-4a5b-ba35-d32002ec3b81 req-382c5871-c2ab-4a5b-ba35-d32002ec3b81 ] Request (ServerGroupTestJSON:_run_cleanups): 200 GET http://10.180.1.21/compute/v2.1/servers/0bb17c36-b99a-4ced-b7c0-f9f64f2b36ac 1.255s
2025-11-22 03:03:16.196 66365 INFO tempest.lib.common.rest_client [req-34e0df6a-7d97-4cea-9216-5e7a87e0317f req-34e0df6a-7d97-4cea-9216-5e7a87e0317f ] Request (ExtensionsTest:setUpClass): 204 PUT http://10.180.1.21/identity/v3/projects/382b3e9c52b447c782952c916086979a/users/d3c06a6e7a504adfbcd475e86dba37bc/roles/011de0f526aa41ffb99657ceaa1f3753 0.032s
2025-11-22 03:03:16.197 66365 INFO tempest.lib.common.dynamic_creds [-] Dynamic test user d3c06a6e7a504adfbcd475e86dba37bc is created with scope project and roles: ['member']
2025-11-22 03:03:16.197 66365 INFO tempest.lib.common.dynamic_creds [-] Acquired dynamic creds: credentials: Credentials: {'domain_id': 'default', 'domain_name': 'Default', 'username': 'tempest-ExtensionsTest-783125128-project-member', 'project_domain_id': 'default', 'project_domain_name': 'Default', 'project_id': '382b3e9c52b447c782952c916086979a', 'project_name': 'tempest-ExtensionsTest-783125128', 'tenant_id': '382b3e9c52b447c782952c916086979a', 'tenant_name': 'tempest-ExtensionsTest-783125128', 'user_domain_id': 'default', 'user_domain_name': 'Default', 'user_id': 'd3c06a6e7a504adfbcd475e86dba37bc', 'system': None}, Network: None, Subnet: None, Router: None
2025-11-22 03:03:16.197 66365 INFO tempest.lib.common.dynamic_creds [-] Created isolated network resources for: credentials: Credentials: {'domain_id': 'default', 'domain_name': 'Default', 'username': 'tempest-ExtensionsTest-783125128-project-member', 'project_domain_id': 'default', 'project_domain_name': 'Default', 'project_id': '382b3e9c52b447c782952c916086979a', 'project_name': 'tempest-ExtensionsTest-783125128', 'tenant_id': '382b3e9c52b447c782952c916086979a', 'tenant_name': 'tempest-ExtensionsTest-783125128', 'user_domain_id': 'default', 'user_domain_name': 'Default', 'user_id': 'd3c06a6e7a504adfbcd475e86dba37bc', 'system': None}, Network: None, Subnet: None, Router: None
2025-11-22 03:03:16.210 66321 INFO tempest.lib.common.rest_client [req-ac761df1-e2e8-4044-9fd4-6d97f5c6a2bd req-ac761df1-e2e8-4044-9fd4-6d97f5c6a2bd ] Request (ServersAdminNegativeTestJSON:test_migrate_server_invalid_state): 200 GET http://10.180.1.21/compute/v2.1/servers/9ee9757b-4a98-41d8-a340-80219abb0779 1.254s
2025-11-22 03:03:16.242 66361 INFO tempest.lib.common.rest_client [req-47fae95c-f903-4a10-b0bc-4d5676bbb11c req-47fae95c-f903-4a10-b0bc-4d5676bbb11c ] Request (AttachInterfacesUnderV243Test:_run_cleanups): 200 GET http://10.180.1.21/compute/v2.1/servers/b6416826-929b-4b02-b8ce-c2adb043073f 1.256s
2025-11-22 03:03:16.279 66329 INFO tempest.lib.common.rest_client [req-d2a98806-d68b-4140-b997-86bf8889ad5a req-d2a98806-d68b-4140-b997-86bf8889ad5a ] Request (ServersTestJSON:tearDownClass): 200 GET http://10.180.1.21/compute/v2.1/servers/8c5e3a6d-4850-4bdb-91c0-7f81fb4d83cf 1.239s
2025-11-22 03:03:16.296 66365 INFO tempest.lib.common.rest_client [req-c44860b6-0f1c-4399-b14f-cf0365bdb2d1 req-c44860b6-0f1c-4399-b14f-cf0365bdb2d1 ] Request (ExtensionsTest:setUpClass): 201 POST http://10.180.1.21/identity/v3/auth/tokens 0.091s
2025-11-22 03:03:16.304 66319 INFO tempest.lib.common.rest_client [req-b374132d-7609-4685-9050-282e61c9cde0 req-b374132d-7609-4685-9050-282e61c9cde0 ] Request (ImagesOneServerNegativeTestJSON:_run_cleanups): 200 GET http://10.180.1.21/compute/v2.1/servers/416b3c7a-5a54-4622-9439-81ef53b7b458 1.247s
2025-11-22 03:03:16.323 66323 INFO tempest.lib.common.rest_client [req-2f3da910-d5b0-43bf-9ae2-29e121afd77f req-2f3da910-d5b0-43bf-9ae2-29e121afd77f ] Request (FlavorsAdminTestJSON:test_create_list_flavor_without_extra_data): 200 POST http://10.180.1.21/compute/v2.1/flavors 1.122s
2025-11-22 03:03:16.333 66349 INFO tempest.lib.common.rest_client [req-35e53355-e425-480f-a430-24c6372c5eb7 req-35e53355-e425-480f-a430-24c6372c5eb7 ] Request (ServerMetadataNegativeTestJSON:test_set_metadata_non_existent_server): 404 PUT http://10.180.1.21/compute/v2.1/servers/45958f0e-383f-48d2-a558-76bf82bbc5a3/metadata 1.111s
2025-11-22 03:03:16.357 66347 INFO tempest.lib.common.rest_client [req-7e8033cc-645f-4457-a12e-e404d9a233f8 req-7e8033cc-645f-4457-a12e-e404d9a233f8 ] Request (ServerMetadataTestJSON:setUpClass): 200 GET http://10.180.1.21/compute/v2.1/servers/13fc113f-1f25-44f3-bd6e-b35310a349d4 1.216s
2025-11-22 03:03:16.398 66353 INFO tempest.lib.common.rest_client [req-d4c3a46e-0458-476a-b579-dbf0473e7eb5 req-d4c3a46e-0458-476a-b579-dbf0473e7eb5 ] Request (ServersListShow2100Test:test_list_show_rebuild_update_server_2100): 200 GET http://10.180.1.21/compute/v2.1/servers/c73a7667-eee3-4660-a4d2-d40266061593 1.131s
2025-11-22 03:03:16.416 66353 INFO tempest.common.waiters [-] State transition "BUILD/scheduling" ==> "BUILD/None" after 2 second wait
2025-11-22 03:03:16.450 66375 INFO tempest.lib.common.rest_client [req-e044cf1b-eed0-45e5-b782-672c6cc253b7 req-e044cf1b-eed0-45e5-b782-672c6cc253b7 ] Request (ServersTestMultiNic:_run_cleanups): 204 DELETE http://10.180.1.21/compute/v2.1/servers/54f0bdfb-8743-4a52-87a3-7bbc388d4dad 0.741s
2025-11-22 03:03:16.550 66342 INFO tempest.lib.common.rest_client [req-2f71d3a6-cb32-46c6-823c-62a201ec3fb0 req-2f71d3a6-cb32-46c6-823c-62a201ec3fb0 ] Request (ImagesNegativeTestJSON:test_create_image_from_deleted_server): 200 GET http://10.180.1.21/compute/v2.1/servers/5d396a7c-465f-4de2-8649-fdc6843be6e0 0.393s
2025-11-22 03:03:16.558 66342 INFO tempest.common.waiters [-] State transition "BUILD/networking" ==> "BUILD/spawning" after 23 second wait
2025-11-22 03:03:16.579 66339 INFO tempest.lib.common.rest_client [req-0e4a9c45-6524-48ec-b378-6b1be6e08dc3 req-0e4a9c45-6524-48ec-b378-6b1be6e08dc3 ] Request (ServerActionsTestJSON:test_reboot_server_hard): 200 GET http://10.180.1.21/compute/v2.1/servers/21257151-955d-4f39-8a66-3c25d3fe03ad 0.399s
2025-11-22 03:03:16.587 66339 INFO tempest.common.waiters [-] State transition "HARD_REBOOT/reboot_started_hard" ==> "ACTIVE/None" after 5 second wait
2025-11-22 03:03:16.588 66339 INFO tempest.lib.common.ssh [-] Creating ssh connection to '10.180.180.182:22' as 'cirros' with public key authentication
2025-11-22 03:03:16.593 66323 INFO tempest.lib.common.rest_client [req-2dc3855b-3a32-4b75-813f-ca98bb2f8fb3 req-2dc3855b-3a32-4b75-813f-ca98bb2f8fb3 ] Request (FlavorsAdminTestJSON:test_create_list_flavor_without_extra_data): 200 GET http://10.180.1.21/compute/v2.1/flavors/1263170039 0.268s
2025-11-22 03:03:16.599 66349 INFO tempest.lib.common.rest_client [req-69afe67b-0d34-4aff-9b9c-7752ef4239a6 req-69afe67b-0d34-4aff-9b9c-7752ef4239a6 ] Request (ServerMetadataNegativeTestJSON:test_set_server_metadata_blank_key): 400 PUT http://10.180.1.21/compute/v2.1/servers/6ee0a531-378b-48be-920a-3864414b35c4/metadata 0.265s
2025-11-22 03:03:16.626 66365 INFO tempest.lib.common.rest_client [req-7bff5f0c-c4b5-4e43-9dc1-e0e0cf3272bc req-7bff5f0c-c4b5-4e43-9dc1-e0e0cf3272bc ] Request (ExtensionsTest:test_get_extension): 200 GET http://10.180.1.21/compute/v2.1/extensions/os-consoles 0.328s
2025-11-22 03:03:16.661 66377 INFO tempest.lib.common.rest_client [req-3625e57b-d1db-44ab-aadd-641051cdfbfb req-3625e57b-d1db-44ab-aadd-641051cdfbfb ] Request (ImagesTestJSON:test_create_server_from_snapshot): 200 GET http://10.180.1.21/compute/v2.1/servers/668c686c-7ca0-4404-bc34-0916eb454e00 0.251s
2025-11-22 03:03:16.670 66349 INFO tempest.lib.common.rest_client [req-3e34766b-28f0-443e-9fe3-f69f6b05cb59 req-3e34766b-28f0-443e-9fe3-f69f6b05cb59 ] Request (ServerMetadataNegativeTestJSON:test_set_server_metadata_missing_metadata): 400 PUT http://10.180.1.21/compute/v2.1/servers/6ee0a531-378b-48be-920a-3864414b35c4/metadata 0.069s
2025-11-22 03:03:16.676 66377 INFO tempest.common.waiters [-] State transition "BUILD/None" ==> "BUILD/networking" after 23 second wait
2025-11-22 03:03:16.763 66323 INFO tempest.lib.common.rest_client [req-1cb8210e-e3fa-4bd7-95f4-ab3eb8f76483 req-1cb8210e-e3fa-4bd7-95f4-ab3eb8f76483 ] Request (FlavorsAdminTestJSON:test_create_list_flavor_without_extra_data): 200 GET http://10.180.1.21/compute/v2.1/flavors/detail 0.163s
2025-11-22 03:03:16.781 66365 INFO tempest.lib.common.rest_client [req-4147c4d5-6016-4b78-bccb-c4915cef7efc req-4147c4d5-6016-4b78-bccb-c4915cef7efc ] Request (ExtensionsTest:test_list_extensions): 200 GET http://10.180.1.21/compute/v2.1/extensions 0.147s
2025-11-22 03:03:16.889 66375 INFO tempest.lib.common.rest_client [req-5969ab41-eb9d-454d-a436-fbdc9ba8d0cd req-5969ab41-eb9d-454d-a436-fbdc9ba8d0cd ] Request (ServersTestMultiNic:_run_cleanups): 200 GET http://10.180.1.21/compute/v2.1/servers/54f0bdfb-8743-4a52-87a3-7bbc388d4dad 0.439s
2025-11-22 03:03:16.896 66349 INFO tempest.lib.common.rest_client [req-503a2df4-9ba0-4da6-b06f-33aae0996ebd req-503a2df4-9ba0-4da6-b06f-33aae0996ebd ] Request (ServerMetadataNegativeTestJSON:test_update_metadata_non_existent_server): 404 POST http://10.180.1.21/compute/v2.1/servers/2a1a4309-0ea9-4ac7-9917-63885126dc0c/metadata 0.224s
2025-11-22 03:03:16.920 66379 INFO paramiko.transport [-] Connected (version 2.0, client dropbear_2020.81)
2025-11-22 03:03:16.957 66365 INFO tempest.lib.common.rest_client [req-2a617b36-6638-4f39-892a-c9413f3193f8 req-2a617b36-6638-4f39-892a-c9413f3193f8 ] Request (ExtensionsTest:tearDownClass): 204 DELETE http://10.180.1.21/identity/v3/users/d3c06a6e7a504adfbcd475e86dba37bc 0.157s
2025-11-22 03:03:16.958 66365 INFO tempest.lib.common.dynamic_creds [-] Deleting project and security group for project: 382b3e9c52b447c782952c916086979a
2025-11-22 03:03:16.979 66371 INFO tempest.lib.common.rest_client [req-cc85b89c-c485-431e-a5f0-7df78b715df7 req-cc85b89c-c485-431e-a5f0-7df78b715df7 ] Request (MigrationsAdminTest:test_resize_server_revert_deleted_flavor): 200 GET http://10.180.1.21/compute/v2.1/servers/ef0aa213-4350-4015-b418-0f816502ba8f 0.331s
2025-11-22 03:03:16.986 66379 INFO paramiko.transport [-] Authentication (publickey) successful!
2025-11-22 03:03:16.987 66379 INFO tempest.lib.common.ssh [-] ssh connection to cirros@10.180.180.142 successfully created
2025-11-22 03:03:16.992 66343 INFO tempest.lib.common.rest_client [req-4c05e469-d9c9-4090-8fe8-b6b2e8e16427 req-4c05e469-d9c9-4090-8fe8-b6b2e8e16427 ] Request (DeleteServersTestJSON:test_delete_active_server): 200 GET http://10.180.1.21/compute/v2.1/servers/7ee4f543-9ae4-4833-985d-cda9df8fde16 0.304s
2025-11-22 03:03:17.014 66323 INFO tempest.lib.common.rest_client [req-c0a89f0a-3ad6-452f-a242-f1780bacc812 req-c0a89f0a-3ad6-452f-a242-f1780bacc812 ] Request (FlavorsAdminTestJSON:_run_cleanups): 202 DELETE http://10.180.1.21/compute/v2.1/flavors/1263170039 0.245s
2025-11-22 03:03:17.028 66365 INFO tempest.lib.common.rest_client [req-7bf7d2c8-0a13-406b-8a6d-74fa5d59541f req-7bf7d2c8-0a13-406b-8a6d-74fa5d59541f ] Request (ExtensionsTest:tearDownClass): 201 POST http://10.180.1.21/identity/v3/auth/tokens 0.070s
2025-11-22 03:03:17.205 66365 INFO tempest.lib.common.rest_client [req-6007f0e7-e755-4f70-8852-fef48a7c954d req-6007f0e7-e755-4f70-8852-fef48a7c954d ] Request (ExtensionsTest:tearDownClass): 200 GET http://10.180.1.21/networking/v2.0/security-groups?tenant_id=382b3e9c52b447c782952c916086979a&name=default 0.177s
2025-11-22 03:03:17.228 66357 INFO tempest.lib.common.rest_client [req-abb0b008-3cdb-4e30-b6c3-c0eb72266b82 req-abb0b008-3cdb-4e30-b6c3-c0eb72266b82 ] Request (SecurityGroupsTestJSON:test_server_security_groups): 200 GET http://10.180.1.21/compute/v2.1/servers/0b3a5cb0-0bd7-456f-b5e7-80522aea1319 0.419s
2025-11-22 03:03:17.243 66359 INFO tempest.lib.common.rest_client [req-4ccd60b1-29ed-46ed-aeee-5080b11b1847 req-4ccd60b1-29ed-46ed-aeee-5080b11b1847 ] Request (InstanceActionsTestJSON:setUpClass): 200 GET http://10.180.1.21/compute/v2.1/servers/8d537f1e-dbb3-4235-8ca8-20d55799f9aa 0.410s
2025-11-22 03:03:17.253 66349 INFO tempest.lib.common.rest_client [req-61c2a130-e12b-475e-8fd2-929f78ae898b req-61c2a130-e12b-475e-8fd2-929f78ae898b ] Request (ServerMetadataNegativeTestJSON:test_update_metadata_with_blank_key): 400 POST http://10.180.1.21/compute/v2.1/servers/6ee0a531-378b-48be-920a-3864414b35c4/metadata 0.355s
2025-11-22 03:03:17.362 66365 INFO tempest.lib.common.rest_client [req-976106d0-28ef-41b6-a2df-5ffd8094b36d req-976106d0-28ef-41b6-a2df-5ffd8094b36d ] Request (ExtensionsTest:tearDownClass): 204 DELETE http://10.180.1.21/networking/v2.0/security-groups/227244b5-7b8d-4792-8474-2e7bffb8b65e 0.157s
2025-11-22 03:03:17.390 66327 INFO tempest.lib.common.rest_client [req-9ff7937c-860c-4d52-b4df-b93837faf821 req-9ff7937c-860c-4d52-b4df-b93837faf821 ] Request (ListImageFiltersTestJSON:tearDownClass): 200 GET http://10.180.1.21/compute/v2.1/servers/d8b16abf-3fd8-4a05-9539-eaf357b2a244 0.487s
2025-11-22 03:03:17.399 66327 INFO tempest.common.waiters [-] State transition "ACTIVE/deleting" ==> "DELETED/None" after 4 second wait
2025-11-22 03:03:17.402 66317 INFO tempest.lib.common.rest_client [req-af6b0690-b69a-4c07-94ed-accc270578c7 req-af6b0690-b69a-4c07-94ed-accc270578c7 ] Request (ServersAdminTestJSON:tearDownClass): 200 GET http://10.180.1.21/compute/v2.1/servers/27e2e7ec-cb60-4cad-87be-93b75336ab94 0.512s
2025-11-22 03:03:17.425 66379 INFO tempest.lib.common.rest_client [req-688e6a18-9131-4c50-aada-765fea568d98 req-688e6a18-9131-4c50-aada-765fea568d98 ] Request (AttachVolumeShelveTestJSON:test_attach_volume_shelved_or_offload_server): 200 GET http://10.180.1.21/compute/v2.1/servers/dd1ff284-3f6d-4508-a60c-117d44728108/ips 0.438s
2025-11-22 03:03:17.426 66323 INFO tempest.lib.common.rest_client [req-6898d760-4f9d-4065-b711-0aa57007f6d0 req-6898d760-4f9d-4065-b711-0aa57007f6d0 ] Request (FlavorsAdminTestJSON:_run_cleanups): 200 GET http://10.180.1.21/compute/v2.1/flavors/detail 0.412s
2025-11-22 03:03:17.448 66365 INFO tempest.lib.common.rest_client [req-cd83a748-bfb8-4303-ba36-2663bae0c1b2 req-cd83a748-bfb8-4303-ba36-2663bae0c1b2 ] Request (ExtensionsTest:tearDownClass): 204 DELETE http://10.180.1.21/identity/v3/projects/382b3e9c52b447c782952c916086979a 0.085s
2025-11-22 03:03:17.537 66335 INFO tempest.lib.common.rest_client [req-2eb079fa-b068-492c-b841-66a8727346d8 req-2eb079fa-b068-492c-b841-66a8727346d8 ] Request (InstanceActionsV221TestJSON:test_get_list_deleted_instance_actions): 200 GET http://10.180.1.21/compute/v2.1/servers/83951af7-35bd-4476-bd7c-fe3e6877c457 0.503s
2025-11-22 03:03:17.582 66369 INFO tempest.lib.common.rest_client [req-82a5b4c2-4109-4c69-814e-fdf73f484bbc req-82a5b4c2-4109-4c69-814e-fdf73f484bbc ] Request (ServerActionsTestOtherB:test_resize_server_confirm_from_stopped): 200 GET http://10.180.1.21/compute/v2.1/servers/58dd0223-5d87-4d72-bca6-63015528094a 0.520s
2025-11-22 03:03:17.623 66355 INFO tempest.lib.common.rest_client [req-e0c418df-94bd-4c38-9435-1339928e2955 req-e0c418df-94bd-4c38-9435-1339928e2955 ] Request (ServersTestJSON:test_create_specify_keypair): 200 GET http://10.180.1.21/compute/v2.1/servers/c8069dff-14e3-49c8-8eca-ee742e6b0e00 0.526s
2025-11-22 03:03:17.662 66379 INFO tempest.lib.common.rest_client [req-21c79737-1a9f-4527-b360-1208f8ebfff6 req-21c79737-1a9f-4527-b360-1208f8ebfff6 ] Request (AttachVolumeShelveTestJSON:test_attach_volume_shelved_or_offload_server): 202 POST http://10.180.1.21/volume/v3/volumes 0.231s
2025-11-22 03:03:17.683 66325 INFO tempest.lib.common.rest_client [req-df953d8d-9f0c-4663-8d1e-9c202b87636a req-df953d8d-9f0c-4663-8d1e-9c202b87636a ] Request (AttachInterfacesTestJSON:_run_cleanups): 200 GET http://10.180.1.21/compute/v2.1/servers/ef41027b-87b1-476b-ac33-bd1ae96a1665 0.534s
2025-11-22 03:03:17.695 66325 INFO tempest.common.waiters [-] State transition "ACTIVE/deleting" ==> "DELETED/None" after 5 second wait
2025-11-22 03:03:17.700 66351 INFO tempest.lib.common.rest_client [req-7e5d5194-7f41-443d-ab26-08f76e6af6f1 req-7e5d5194-7f41-443d-ab26-08f76e6af6f1 ] Request (ServerGroupTestJSON:_run_cleanups): 200 GET http://10.180.1.21/compute/v2.1/servers/0bb17c36-b99a-4ced-b7c0-f9f64f2b36ac 0.511s
2025-11-22 03:03:17.706 66379 INFO tempest.lib.common.rest_client [req-2d48fe51-9123-435e-a0dc-e48882cdee82 req-2d48fe51-9123-435e-a0dc-e48882cdee82 ] Request (AttachVolumeShelveTestJSON:test_attach_volume_shelved_or_offload_server): 200 GET http://10.180.1.21/volume/v3/volumes/d0afc7c1-6bba-4a91-91f3-0100a9770cc0 0.031s
2025-11-22 03:03:17.760 66321 INFO tempest.lib.common.rest_client [req-14cccd13-f0a3-44db-a0bd-7f4f38e64a4e req-14cccd13-f0a3-44db-a0bd-7f4f38e64a4e ] Request (ServersAdminNegativeTestJSON:test_migrate_server_invalid_state): 200 GET http://10.180.1.21/compute/v2.1/servers/9ee9757b-4a98-41d8-a340-80219abb0779 0.542s
2025-11-22 03:03:17.834 66361 INFO tempest.lib.common.rest_client [req-7fcdb523-f1fc-4a22-a1cb-89c4ff13e116 req-7fcdb523-f1fc-4a22-a1cb-89c4ff13e116 ] Request (AttachInterfacesUnderV243Test:_run_cleanups): 200 GET http://10.180.1.21/compute/v2.1/servers/b6416826-929b-4b02-b8ce-c2adb043073f 0.583s
2025-11-22 03:03:17.897 66349 INFO tempest.lib.common.rest_client [req-99b52214-6857-445b-9b6a-3cbae9d66682 req-99b52214-6857-445b-9b6a-3cbae9d66682 ] Request (ServerMetadataNegativeTestJSON:tearDownClass): 204 DELETE http://10.180.1.21/compute/v2.1/servers/6ee0a531-378b-48be-920a-3864414b35c4 0.640s
2025-11-22 03:03:17.941 66329 INFO tempest.lib.common.rest_client [req-8a3810f7-1f1a-41bd-8280-df0b9175aceb req-8a3810f7-1f1a-41bd-8280-df0b9175aceb ] Request (ServersTestJSON:tearDownClass): 200 GET http://10.180.1.21/compute/v2.1/servers/8c5e3a6d-4850-4bdb-91c0-7f81fb4d83cf 0.646s
2025-11-22 03:03:17.956 66319 INFO tempest.lib.common.rest_client [req-78749188-51d6-4544-ad61-44909a25ac09 req-78749188-51d6-4544-ad61-44909a25ac09 ] Request (ImagesOneServerNegativeTestJSON:_run_cleanups): 200 GET http://10.180.1.21/compute/v2.1/servers/416b3c7a-5a54-4622-9439-81ef53b7b458 0.641s
2025-11-22 03:03:18.035 66347 INFO tempest.lib.common.rest_client [req-9e114371-5254-4358-9d05-1e453256d686 req-9e114371-5254-4358-9d05-1e453256d686 ] Request (ServerMetadataTestJSON:setUpClass): 200 GET http://10.180.1.21/compute/v2.1/servers/13fc113f-1f25-44f3-bd6e-b35310a349d4 0.665s
2025-11-22 03:03:18.058 66353 INFO tempest.lib.common.rest_client [req-01d1a6e7-4a22-4d7f-ae5f-59da936eae9b req-01d1a6e7-4a22-4d7f-ae5f-59da936eae9b ] Request (ServersListShow2100Test:test_list_show_rebuild_update_server_2100): 200 GET http://10.180.1.21/compute/v2.1/servers/c73a7667-eee3-4660-a4d2-d40266061593 0.641s
2025-11-22 03:03:18.084 66323 INFO tempest.lib.common.rest_client [req-27a6860a-667c-4bf4-80f1-ebb06a258e73 req-27a6860a-667c-4bf4-80f1-ebb06a258e73 ] Request (FlavorsAdminTestJSON:test_create_server_with_non_public_flavor): 200 POST http://10.180.1.21/compute/v2.1/flavors 0.648s
2025-11-22 03:03:18.257 66342 INFO tempest.lib.common.rest_client [req-f0813419-718f-4e88-8fed-a43707aaed57 req-f0813419-718f-4e88-8fed-a43707aaed57 ] Request (ImagesNegativeTestJSON:test_create_image_from_deleted_server): 200 GET http://10.180.1.21/compute/v2.1/servers/5d396a7c-465f-4de2-8649-fdc6843be6e0 0.697s
2025-11-22 03:03:18.314 66377 INFO tempest.lib.common.rest_client [req-92f40d1b-27c7-4bd2-8a24-0dfb30efee87 req-92f40d1b-27c7-4bd2-8a24-0dfb30efee87 ] Request (ImagesTestJSON:test_create_server_from_snapshot): 200 GET http://10.180.1.21/compute/v2.1/servers/668c686c-7ca0-4404-bc34-0916eb454e00 0.637s
2025-11-22 03:03:18.324 66377 INFO tempest.common.waiters [-] State transition "BUILD/networking" ==> "BUILD/spawning" after 25 second wait
2025-11-22 03:03:18.581 66349 INFO tempest.lib.common.rest_client [req-4ef1900e-f893-41e2-a130-8b54ad5cc5c5 req-4ef1900e-f893-41e2-a130-8b54ad5cc5c5 ] Request (ServerMetadataNegativeTestJSON:tearDownClass): 200 GET http://10.180.1.21/compute/v2.1/servers/6ee0a531-378b-48be-920a-3864414b35c4 0.682s
2025-11-22 03:03:18.598 66375 INFO tempest.lib.common.rest_client [req-d4bd0ed2-78ec-46a8-b512-ef9ec3bf6763 req-d4bd0ed2-78ec-46a8-b512-ef9ec3bf6763 ] Request (ServersTestMultiNic:_run_cleanups): 200 GET http://10.180.1.21/compute/v2.1/servers/54f0bdfb-8743-4a52-87a3-7bbc388d4dad 0.700s
2025-11-22 03:03:18.683 66343 INFO tempest.lib.common.rest_client [req-df36fb20-7731-4f35-9709-30ce2f88b492 req-df36fb20-7731-4f35-9709-30ce2f88b492 ] Request (DeleteServersTestJSON:test_delete_active_server): 200 GET http://10.180.1.21/compute/v2.1/servers/7ee4f543-9ae4-4833-985d-cda9df8fde16 0.681s
2025-11-22 03:03:18.694 66323 INFO tempest.lib.common.rest_client [req-f3b74480-1436-4511-bad1-b91428a7fdd1 req-f3b74480-1436-4511-bad1-b91428a7fdd1 ] Request (FlavorsAdminTestJSON:test_create_server_with_non_public_flavor): 400 POST http://10.180.1.21/compute/v2.1/servers 0.606s
2025-11-22 03:03:18.704 66371 INFO tempest.lib.common.rest_client [req-cc70ba06-7ac0-4525-83b4-528466e69bc3 req-cc70ba06-7ac0-4525-83b4-528466e69bc3 ] Request (MigrationsAdminTest:test_resize_server_revert_deleted_flavor): 200 GET http://10.180.1.21/compute/v2.1/servers/ef0aa213-4350-4015-b418-0f816502ba8f 0.710s
2025-11-22 03:03:18.744 66379 INFO tempest.lib.common.rest_client [req-dadc945c-6e45-40db-aab5-01d2e8c561d6 req-dadc945c-6e45-40db-aab5-01d2e8c561d6 ] Request (AttachVolumeShelveTestJSON:test_attach_volume_shelved_or_offload_server): 200 GET http://10.180.1.21/volume/v3/volumes/d0afc7c1-6bba-4a91-91f3-0100a9770cc0 0.029s
2025-11-22 03:03:18.750 66379 INFO tempest.common.waiters [-] volume d0afc7c1-6bba-4a91-91f3-0100a9770cc0 reached available after waiting for 1.750875 seconds
2025-11-22 03:03:18.751 66379 INFO tempest.lib.common.ssh [-] Creating ssh connection to '10.180.180.142:22' as 'cirros' with public key authentication
2025-11-22 03:03:18.755 66379 INFO paramiko.transport [-] Connected (version 2.0, client dropbear_2020.81)
2025-11-22 03:03:18.764 66357 INFO tempest.lib.common.rest_client [req-2281ae20-1acc-413f-8a1f-3d765fbf0b7e req-2281ae20-1acc-413f-8a1f-3d765fbf0b7e ] Request (SecurityGroupsTestJSON:test_server_security_groups): 200 GET http://10.180.1.21/compute/v2.1/servers/0b3a5cb0-0bd7-456f-b5e7-80522aea1319 0.517s
2025-11-22 03:03:18.782 66359 INFO tempest.lib.common.rest_client [req-39a7df36-5d11-4e2e-8606-6f536b9b7ece req-39a7df36-5d11-4e2e-8606-6f536b9b7ece ] Request (InstanceActionsTestJSON:setUpClass): 200 GET http://10.180.1.21/compute/v2.1/servers/8d537f1e-dbb3-4235-8ca8-20d55799f9aa 0.531s
2025-11-22 03:03:18.848 66327 INFO tempest.lib.common.rest_client [req-013e6c6c-29d6-453b-9615-ec3203fd1ca4 req-013e6c6c-29d6-453b-9615-ec3203fd1ca4 ] Request (ListImageFiltersTestJSON:tearDownClass): 200 GET http://10.180.1.21/compute/v2.1/servers/d8b16abf-3fd8-4a05-9539-eaf357b2a244 0.448s
2025-11-22 03:03:18.860 66379 INFO paramiko.transport [-] Authentication (publickey) successful!
2025-11-22 03:03:18.860 66379 INFO tempest.lib.common.ssh [-] ssh connection to cirros@10.180.180.142 successfully created
2025-11-22 03:03:18.871 66379 INFO tempest.lib.common.ssh [-] Creating ssh connection to '10.180.180.142:22' as 'cirros' with public key authentication
2025-11-22 03:03:18.874 66379 INFO paramiko.transport [-] Connected (version 2.0, client dropbear_2020.81)
2025-11-22 03:03:18.907 66317 INFO tempest.lib.common.rest_client [req-1fc09085-8fca-4374-ac13-9700881b1455 req-1fc09085-8fca-4374-ac13-9700881b1455 ] Request (ServersAdminTestJSON:tearDownClass): 200 GET http://10.180.1.21/compute/v2.1/servers/27e2e7ec-cb60-4cad-87be-93b75336ab94 0.497s
2025-11-22 03:03:18.926 66335 INFO tempest.lib.common.rest_client [req-d750e2f8-754e-4e83-acc0-886d8446200a req-d750e2f8-754e-4e83-acc0-886d8446200a ] Request (InstanceActionsV221TestJSON:test_get_list_deleted_instance_actions): 200 GET http://10.180.1.21/compute/v2.1/servers/83951af7-35bd-4476-bd7c-fe3e6877c457 0.375s
2025-11-22 03:03:18.939 66379 INFO paramiko.transport [-] Authentication (publickey) successful!
2025-11-22 03:03:18.940 66379 INFO tempest.lib.common.ssh [-] ssh connection to cirros@10.180.180.142 successfully created
2025-11-22 03:03:19.013 66355 INFO tempest.lib.common.rest_client [req-ddc4a752-d05a-45b7-be24-5281c330bb94 req-ddc4a752-d05a-45b7-be24-5281c330bb94 ] Request (ServersTestJSON:test_create_specify_keypair): 200 GET http://10.180.1.21/compute/v2.1/servers/c8069dff-14e3-49c8-8eca-ee742e6b0e00 0.372s
2025-11-22 03:03:19.034 66323 INFO tempest.lib.common.rest_client [req-3360ea76-fb38-4615-9a26-11e5b741e104 req-3360ea76-fb38-4615-9a26-11e5b741e104 ] Request (FlavorsAdminTestJSON:_run_cleanups): 202 DELETE http://10.180.1.21/compute/v2.1/flavors/1565030957 0.339s
2025-11-22 03:03:19.041 66369 INFO tempest.lib.common.rest_client [req-298b9b21-7aa4-4a95-9716-b8e892025790 req-298b9b21-7aa4-4a95-9716-b8e892025790 ] Request (ServerActionsTestOtherB:test_resize_server_confirm_from_stopped): 200 GET http://10.180.1.21/compute/v2.1/servers/58dd0223-5d87-4d72-bca6-63015528094a 0.447s
2025-11-22 03:03:19.107 66325 INFO tempest.lib.common.rest_client [req-f10831bd-f041-40d9-a1f8-fb46a7c8f8bb req-f10831bd-f041-40d9-a1f8-fb46a7c8f8bb ] Request (AttachInterfacesTestJSON:_run_cleanups): 200 GET http://10.180.1.21/compute/v2.1/servers/ef41027b-87b1-476b-ac33-bd1ae96a1665 0.412s
2025-11-22 03:03:19.122 66351 INFO tempest.lib.common.rest_client [req-385f8bd5-89e5-4889-9df5-bccc8b3c1b1a req-385f8bd5-89e5-4889-9df5-bccc8b3c1b1a ] Request (ServerGroupTestJSON:_run_cleanups): 200 GET http://10.180.1.21/compute/v2.1/servers/0bb17c36-b99a-4ced-b7c0-f9f64f2b36ac 0.411s
2025-11-22 03:03:19.171 66321 INFO tempest.lib.common.rest_client [req-4eebe1e9-314e-405d-be97-989234642ef3 req-4eebe1e9-314e-405d-be97-989234642ef3 ] Request (ServersAdminNegativeTestJSON:test_migrate_server_invalid_state): 200 GET http://10.180.1.21/compute/v2.1/servers/9ee9757b-4a98-41d8-a340-80219abb0779 0.399s
2025-11-22 03:03:19.187 66361 INFO tempest.lib.common.rest_client [req-29ff0233-403b-4fea-9994-a5ad7d53a62a req-29ff0233-403b-4fea-9994-a5ad7d53a62a ] Request (AttachInterfacesUnderV243Test:_run_cleanups): 200 GET http://10.180.1.21/compute/v2.1/servers/b6416826-929b-4b02-b8ce-c2adb043073f 0.341s
2025-11-22 03:03:19.255 66329 INFO tempest.lib.common.rest_client [req-52e79702-8abf-454a-81f5-61219cedc2cb req-52e79702-8abf-454a-81f5-61219cedc2cb ] Request (ServersTestJSON:tearDownClass): 200 GET http://10.180.1.21/compute/v2.1/servers/8c5e3a6d-4850-4bdb-91c0-7f81fb4d83cf 0.304s
2025-11-22 03:03:19.309 66319 INFO tempest.lib.common.rest_client [req-0ebf5508-e095-4e55-bafe-ce9f3ca97d74 req-0ebf5508-e095-4e55-bafe-ce9f3ca97d74 ] Request (ImagesOneServerNegativeTestJSON:_run_cleanups): 200 GET http://10.180.1.21/compute/v2.1/servers/416b3c7a-5a54-4622-9439-81ef53b7b458 0.344s
2025-11-22 03:03:19.365 66323 INFO tempest.lib.common.rest_client [req-c905cecb-fb27-4a3e-86fd-24033985bc8e req-c905cecb-fb27-4a3e-86fd-24033985bc8e ] Request (FlavorsAdminTestJSON:_run_cleanups): 200 GET http://10.180.1.21/compute/v2.1/flavors/detail 0.331s
2025-11-22 03:03:19.430 66347 INFO tempest.lib.common.rest_client [req-5f815e03-d2df-4fa3-ba31-8a6a7a0dc075 req-5f815e03-d2df-4fa3-ba31-8a6a7a0dc075 ] Request (ServerMetadataTestJSON:setUpClass): 200 GET http://10.180.1.21/compute/v2.1/servers/13fc113f-1f25-44f3-bd6e-b35310a349d4 0.386s
2025-11-22 03:03:19.502 66353 INFO tempest.lib.common.rest_client [req-29177a77-4fcc-4f9a-996c-e1ef56f101cc req-29177a77-4fcc-4f9a-996c-e1ef56f101cc ] Request (ServersListShow2100Test:test_list_show_rebuild_update_server_2100): 200 GET http://10.180.1.21/compute/v2.1/servers/c73a7667-eee3-4660-a4d2-d40266061593 0.427s
2025-11-22 03:03:19.633 66342 INFO tempest.lib.common.rest_client [req-3da00e7b-36ad-483b-bd1f-069178f68855 req-3da00e7b-36ad-483b-bd1f-069178f68855 ] Request (ImagesNegativeTestJSON:test_create_image_from_deleted_server): 200 GET http://10.180.1.21/compute/v2.1/servers/5d396a7c-465f-4de2-8649-fdc6843be6e0 0.367s
2025-11-22 03:03:19.751 66377 INFO tempest.lib.common.rest_client [req-c797e711-4be6-4ff4-ac2d-cd3d29645e47 req-c797e711-4be6-4ff4-ac2d-cd3d29645e47 ] Request (ImagesTestJSON:test_create_server_from_snapshot): 200 GET http://10.180.1.21/compute/v2.1/servers/668c686c-7ca0-4404-bc34-0916eb454e00 0.426s
2025-11-22 03:03:19.775 66379 INFO tempest.lib.common.rest_client [req-fe11e323-1adc-46a7-978c-10d326733e1d req-fe11e323-1adc-46a7-978c-10d326733e1d ] Request (AttachVolumeShelveTestJSON:test_attach_volume_shelved_or_offload_server): 202 POST http://10.180.1.21/compute/v2.1/servers/dd1ff284-3f6d-4508-a60c-117d44728108/action 0.835s
2025-11-22 03:03:19.776 66323 INFO tempest.lib.common.rest_client [req-30aa8f7a-7e36-43e6-9b55-f93e0ef88fdc req-30aa8f7a-7e36-43e6-9b55-f93e0ef88fdc ] Request (FlavorsAdminTestJSON:test_is_public_string_variations): 200 POST http://10.180.1.21/compute/v2.1/flavors 0.404s
2025-11-22 03:03:19.950 66375 INFO tempest.lib.common.rest_client [req-2a6ae02e-ea87-4954-9cb0-c3832cadc519 req-2a6ae02e-ea87-4954-9cb0-c3832cadc519 ] Request (ServersTestMultiNic:_run_cleanups): 200 GET http://10.180.1.21/compute/v2.1/servers/54f0bdfb-8743-4a52-87a3-7bbc388d4dad 0.343s
2025-11-22 03:03:20.072 66349 INFO tempest.lib.common.rest_client [req-731f2e06-248f-48d1-bef1-5f9ab48bcb6b req-731f2e06-248f-48d1-bef1-5f9ab48bcb6b ] Request (ServerMetadataNegativeTestJSON:tearDownClass): 200 GET http://10.180.1.21/compute/v2.1/servers/6ee0a531-378b-48be-920a-3864414b35c4 0.482s
2025-11-22 03:03:20.128 66343 INFO tempest.lib.common.rest_client [req-4cb68390-a9f8-41cd-8e54-26940a00c6d6 req-4cb68390-a9f8-41cd-8e54-26940a00c6d6 ] Request (DeleteServersTestJSON:test_delete_active_server): 200 GET http://10.180.1.21/compute/v2.1/servers/7ee4f543-9ae4-4833-985d-cda9df8fde16 0.437s
2025-11-22 03:03:20.422 66371 INFO tempest.lib.common.rest_client [req-0e8d1b1d-bd76-4342-9ad6-e7f4d4a24d90 req-0e8d1b1d-bd76-4342-9ad6-e7f4d4a24d90 ] Request (MigrationsAdminTest:test_resize_server_revert_deleted_flavor): 200 GET http://10.180.1.21/compute/v2.1/servers/ef0aa213-4350-4015-b418-0f816502ba8f 0.709s
2025-11-22 03:03:20.460 66357 INFO tempest.lib.common.rest_client [req-e44abb7a-27bb-4e57-926d-c564c1b8ac75 req-e44abb7a-27bb-4e57-926d-c564c1b8ac75 ] Request (SecurityGroupsTestJSON:test_server_security_groups): 200 GET http://10.180.1.21/compute/v2.1/servers/0b3a5cb0-0bd7-456f-b5e7-80522aea1319 0.687s
2025-11-22 03:03:20.477 66323 INFO tempest.lib.common.rest_client [req-c1a80537-51d7-4e36-b81c-afe8d5a77b8d req-c1a80537-51d7-4e36-b81c-afe8d5a77b8d ] Request (FlavorsAdminTestJSON:test_is_public_string_variations): 200 POST http://10.180.1.21/compute/v2.1/flavors 0.697s
2025-11-22 03:03:20.688 66379 INFO tempest.lib.common.rest_client [req-20b13357-8e77-4b08-be46-fbe9828ee95b req-20b13357-8e77-4b08-be46-fbe9828ee95b ] Request (AttachVolumeShelveTestJSON:test_attach_volume_shelved_or_offload_server): 200 GET http://10.180.1.21/compute/v2.1/servers/dd1ff284-3f6d-4508-a60c-117d44728108 0.912s
2025-11-22 03:03:20.796 66359 INFO tempest.lib.common.rest_client [req-e7ceb024-ddb0-4d2b-aa8a-2e6a2529754e req-e7ceb024-ddb0-4d2b-aa8a-2e6a2529754e ] Request (InstanceActionsTestJSON:setUpClass): 200 GET http://10.180.1.21/compute/v2.1/servers/8d537f1e-dbb3-4235-8ca8-20d55799f9aa 1.006s
2025-11-22 03:03:20.798 66327 INFO tempest.lib.common.rest_client [req-490ee689-71cb-4b61-b365-c7cf0a701027 req-490ee689-71cb-4b61-b365-c7cf0a701027 ] Request (ListImageFiltersTestJSON:tearDownClass): 200 GET http://10.180.1.21/compute/v2.1/servers/d8b16abf-3fd8-4a05-9539-eaf357b2a244 0.943s
2025-11-22 03:03:20.808 66359 INFO tempest.common.waiters [-] State transition "BUILD/None" ==> "BUILD/block_device_mapping" after 26 second wait
2025-11-22 03:03:20.864 66317 INFO tempest.lib.common.rest_client [req-87b82602-31e6-44aa-a3a7-68c888bb401b req-87b82602-31e6-44aa-a3a7-68c888bb401b ] Request (ServersAdminTestJSON:tearDownClass): 200 GET http://10.180.1.21/compute/v2.1/servers/27e2e7ec-cb60-4cad-87be-93b75336ab94 0.949s
2025-11-22 03:03:20.881 66335 INFO tempest.lib.common.rest_client [req-a6e8f881-5c16-48a4-bc00-a04be40b2eea req-a6e8f881-5c16-48a4-bc00-a04be40b2eea ] Request (InstanceActionsV221TestJSON:test_get_list_deleted_instance_actions): 200 GET http://10.180.1.21/compute/v2.1/servers/83951af7-35bd-4476-bd7c-fe3e6877c457 0.943s
2025-11-22 03:03:20.922 66355 INFO tempest.lib.common.rest_client [req-9bbba4e8-8f2f-4969-ac50-100c5d284138 req-9bbba4e8-8f2f-4969-ac50-100c5d284138 ] Request (ServersTestJSON:test_create_specify_keypair): 200 GET http://10.180.1.21/compute/v2.1/servers/c8069dff-14e3-49c8-8eca-ee742e6b0e00 0.901s
2025-11-22 03:03:21.021 66325 INFO tempest.lib.common.rest_client [req-f962031a-bdf6-41b5-8c10-9155a9b53a92 req-f962031a-bdf6-41b5-8c10-9155a9b53a92 ] Request (AttachInterfacesTestJSON:_run_cleanups): 200 GET http://10.180.1.21/compute/v2.1/servers/ef41027b-87b1-476b-ac33-bd1ae96a1665 0.904s
2025-11-22 03:03:21.046 66369 INFO tempest.lib.common.rest_client [req-b6d58800-a643-4cc0-87d9-13185fc5c3b8 req-b6d58800-a643-4cc0-87d9-13185fc5c3b8 ] Request (ServerActionsTestOtherB:test_resize_server_confirm_from_stopped): 200 GET http://10.180.1.21/compute/v2.1/servers/58dd0223-5d87-4d72-bca6-63015528094a 0.995s
2025-11-22 03:03:21.053 66369 INFO tempest.common.waiters [-] State transition "RESIZE/resize_migrating" ==> "RESIZE/resize_migrated" after 30 second wait
2025-11-22 03:03:21.079 66351 INFO tempest.lib.common.rest_client [req-8231abd9-4690-4ece-b5f6-56897af02a1c req-8231abd9-4690-4ece-b5f6-56897af02a1c ] Request (ServerGroupTestJSON:_run_cleanups): 200 GET http://10.180.1.21/compute/v2.1/servers/0bb17c36-b99a-4ced-b7c0-f9f64f2b36ac 0.939s
2025-11-22 03:03:21.092 66321 INFO tempest.lib.common.rest_client [req-582df085-4009-47b9-87db-9dc21015d177 req-582df085-4009-47b9-87db-9dc21015d177 ] Request (ServersAdminNegativeTestJSON:test_migrate_server_invalid_state): 200 GET http://10.180.1.21/compute/v2.1/servers/9ee9757b-4a98-41d8-a340-80219abb0779 0.912s
2025-11-22 03:03:21.137 66361 INFO tempest.lib.common.rest_client [req-62f4afec-57b3-44a9-9dc8-f14b847d6bc0 req-62f4afec-57b3-44a9-9dc8-f14b847d6bc0 ] Request (AttachInterfacesUnderV243Test:_run_cleanups): 200 GET http://10.180.1.21/compute/v2.1/servers/b6416826-929b-4b02-b8ce-c2adb043073f 0.941s
2025-11-22 03:03:21.153 66329 INFO tempest.lib.common.rest_client [req-f504fda0-96aa-4980-ae81-bc851ba615f0 req-f504fda0-96aa-4980-ae81-bc851ba615f0 ] Request (ServersTestJSON:tearDownClass): 200 GET http://10.180.1.21/compute/v2.1/servers/8c5e3a6d-4850-4bdb-91c0-7f81fb4d83cf 0.889s
2025-11-22 03:03:21.188 66319 INFO tempest.lib.common.rest_client [req-04460cc1-782a-489a-ad68-fa61b263f6ca req-04460cc1-782a-489a-ad68-fa61b263f6ca ] Request (ImagesOneServerNegativeTestJSON:_run_cleanups): 200 GET http://10.180.1.21/compute/v2.1/servers/416b3c7a-5a54-4622-9439-81ef53b7b458 0.872s
2025-11-22 03:03:21.201 66347 INFO tempest.lib.common.rest_client [req-23810af3-d48a-4e27-96d7-b4e12b6231af req-23810af3-d48a-4e27-96d7-b4e12b6231af ] Request (ServerMetadataTestJSON:setUpClass): 200 GET http://10.180.1.21/compute/v2.1/servers/13fc113f-1f25-44f3-bd6e-b35310a349d4 0.764s
2025-11-22 03:03:21.205 66323 INFO tempest.lib.common.rest_client [req-77e555f0-c35b-41da-8030-06cbe5531132 req-77e555f0-c35b-41da-8030-06cbe5531132 ] Request (FlavorsAdminTestJSON:test_is_public_string_variations): 200 GET http://10.180.1.21/compute/v2.1/flavors/detail?is_public=f 0.724s
2025-11-22 03:03:21.314 66353 INFO tempest.lib.common.rest_client [req-88e9d7b4-a27e-42a3-aca2-cf612bc8b4c2 req-88e9d7b4-a27e-42a3-aca2-cf612bc8b4c2 ] Request (ServersListShow2100Test:test_list_show_rebuild_update_server_2100): 200 GET http://10.180.1.21/compute/v2.1/servers/c73a7667-eee3-4660-a4d2-d40266061593 0.799s
2025-11-22 03:03:21.345 66342 INFO tempest.lib.common.rest_client [req-e817d3aa-4266-4dfc-bc4d-de3655424ada req-e817d3aa-4266-4dfc-bc4d-de3655424ada ] Request (ImagesNegativeTestJSON:test_create_image_from_deleted_server): 200 GET http://10.180.1.21/compute/v2.1/servers/5d396a7c-465f-4de2-8649-fdc6843be6e0 0.702s
2025-11-22 03:03:21.422 66377 INFO tempest.lib.common.rest_client [req-8f76071d-4889-46d0-ab2b-8114d142698f req-8f76071d-4889-46d0-ab2b-8114d142698f ] Request (ImagesTestJSON:test_create_server_from_snapshot): 200 GET http://10.180.1.21/compute/v2.1/servers/668c686c-7ca0-4404-bc34-0916eb454e00 0.658s
2025-11-22 03:03:21.439 66375 INFO tempest.lib.common.rest_client [req-5b3b28c8-b3e4-439f-9e9e-9ae637fa3220 req-5b3b28c8-b3e4-439f-9e9e-9ae637fa3220 ] Request (ServersTestMultiNic:_run_cleanups): 200 GET http://10.180.1.21/compute/v2.1/servers/54f0bdfb-8743-4a52-87a3-7bbc388d4dad 0.481s
2025-11-22 03:03:21.447 66375 INFO tempest.common.waiters [-] State transition "ACTIVE/deleting" ==> "DELETED/None" after 5 second wait
2025-11-22 03:03:21.482 66349 INFO tempest.lib.common.rest_client [req-f9d97989-de58-4dca-994f-5fc4d0773859 req-f9d97989-de58-4dca-994f-5fc4d0773859 ] Request (ServerMetadataNegativeTestJSON:tearDownClass): 200 GET http://10.180.1.21/compute/v2.1/servers/6ee0a531-378b-48be-920a-3864414b35c4 0.402s
2025-11-22 03:03:21.501 66323 INFO tempest.lib.common.rest_client [req-a9f9d27c-8a04-4d1e-9a25-918f991ea99a req-a9f9d27c-8a04-4d1e-9a25-918f991ea99a ] Request (FlavorsAdminTestJSON:test_is_public_string_variations): 200 GET http://10.180.1.21/compute/v2.1/flavors/detail?is_public=false 0.293s
2025-11-22 03:03:21.511 66343 INFO tempest.lib.common.rest_client [req-1e46579a-da1a-422f-aeb7-6e1594f1c018 req-1e46579a-da1a-422f-aeb7-6e1594f1c018 ] Request (DeleteServersTestJSON:test_delete_active_server): 200 GET http://10.180.1.21/compute/v2.1/servers/7ee4f543-9ae4-4833-985d-cda9df8fde16 0.370s
2025-11-22 03:03:21.607 66357 INFO tempest.lib.common.rest_client [req-dfd76a3c-656a-43cd-a348-b3b57f739301 req-dfd76a3c-656a-43cd-a348-b3b57f739301 ] Request (SecurityGroupsTestJSON:test_server_security_groups): 200 GET http://10.180.1.21/compute/v2.1/servers/0b3a5cb0-0bd7-456f-b5e7-80522aea1319 0.138s
2025-11-22 03:03:21.621 66323 INFO tempest.lib.common.rest_client [req-8f98ef67-f657-43c0-a7c0-bab0b7f3413a req-8f98ef67-f657-43c0-a7c0-bab0b7f3413a ] Request (FlavorsAdminTestJSON:test_is_public_string_variations): 200 GET http://10.180.1.21/compute/v2.1/flavors/detail?is_public=no 0.115s
2025-11-22 03:03:21.634 66371 INFO tempest.lib.common.rest_client [req-2d25a6bc-ccfe-4b3a-8e06-d9a063912db5 req-2d25a6bc-ccfe-4b3a-8e06-d9a063912db5 ] Request (MigrationsAdminTest:test_resize_server_revert_deleted_flavor): 200 GET http://10.180.1.21/compute/v2.1/servers/ef0aa213-4350-4015-b418-0f816502ba8f 0.202s
2025-11-22 03:03:21.637 66323 INFO tempest.lib.common.rest_client [req-c2507c40-f0f5-4fc8-bc1e-0cb524f79381 req-c2507c40-f0f5-4fc8-bc1e-0cb524f79381 ] Request (FlavorsAdminTestJSON:test_is_public_string_variations): 200 GET http://10.180.1.21/compute/v2.1/flavors/detail?is_public=0 0.014s
2025-11-22 03:03:21.670 66323 INFO tempest.lib.common.rest_client [req-1617cb5f-5b6b-4366-ad10-56a2a68f2cd8 req-1617cb5f-5b6b-4366-ad10-56a2a68f2cd8 ] Request (FlavorsAdminTestJSON:test_is_public_string_variations): 200 GET http://10.180.1.21/compute/v2.1/flavors/detail?is_public=t 0.029s
2025-11-22 03:03:21.703 66323 INFO tempest.lib.common.rest_client [req-72ba11ea-2f2e-46b0-9e44-ed269157fcb2 req-72ba11ea-2f2e-46b0-9e44-ed269157fcb2 ] Request (FlavorsAdminTestJSON:test_is_public_string_variations): 200 GET http://10.180.1.21/compute/v2.1/flavors/detail?is_public=true 0.027s
2025-11-22 03:03:21.733 66323 INFO tempest.lib.common.rest_client [req-94c5fd99-a0a6-454f-b7b1-ade77ad18cc2 req-94c5fd99-a0a6-454f-b7b1-ade77ad18cc2 ] Request (FlavorsAdminTestJSON:test_is_public_string_variations): 200 GET http://10.180.1.21/compute/v2.1/flavors/detail?is_public=yes 0.025s
2025-11-22 03:03:21.764 66323 INFO tempest.lib.common.rest_client [req-cb561f66-8c5f-4c5c-b09f-27afd263cd31 req-cb561f66-8c5f-4c5c-b09f-27afd263cd31 ] Request (FlavorsAdminTestJSON:test_is_public_string_variations): 200 GET http://10.180.1.21/compute/v2.1/flavors/detail?is_public=1 0.026s
2025-11-22 03:03:21.800 66323 INFO tempest.lib.common.rest_client [req-3e153a17-4d4d-4948-ae6d-5aa816fc15cb req-3e153a17-4d4d-4948-ae6d-5aa816fc15cb ] Request (FlavorsAdminTestJSON:_run_cleanups): 202 DELETE http://10.180.1.21/compute/v2.1/flavors/1668205227 0.030s
2025-11-22 03:03:21.825 66379 INFO tempest.lib.common.rest_client [req-a654eae3-f26b-48c6-81c9-b99f3da9191f req-a654eae3-f26b-48c6-81c9-b99f3da9191f ] Request (AttachVolumeShelveTestJSON:test_attach_volume_shelved_or_offload_server): 200 GET http://10.180.1.21/compute/v2.1/servers/dd1ff284-3f6d-4508-a60c-117d44728108 0.125s
2025-11-22 03:03:21.835 66323 INFO tempest.lib.common.rest_client [req-87c5c428-816a-4234-b1c9-30d9819c45b7 req-87c5c428-816a-4234-b1c9-30d9819c45b7 ] Request (FlavorsAdminTestJSON:_run_cleanups): 200 GET http://10.180.1.21/compute/v2.1/flavors/detail 0.034s
2025-11-22 03:03:21.944 66327 INFO tempest.lib.common.rest_client [req-fc67a199-f574-4242-ae01-9d1e7020db2f req-fc67a199-f574-4242-ae01-9d1e7020db2f ] Request (ListImageFiltersTestJSON:tearDownClass): 200 GET http://10.180.1.21/compute/v2.1/servers/d8b16abf-3fd8-4a05-9539-eaf357b2a244 0.139s
2025-11-22 03:03:21.964 66323 INFO tempest.lib.common.rest_client [req-045897a3-5205-4d72-a1a8-9dd624906c2f req-045897a3-5205-4d72-a1a8-9dd624906c2f ] Request (FlavorsAdminTestJSON:_run_cleanups): 202 DELETE http://10.180.1.21/compute/v2.1/flavors/1740996345 0.122s
2025-11-22 03:03:21.975 66359 INFO tempest.lib.common.rest_client [req-7e4e89f2-27b0-4508-8b27-9e280b9a76f1 req-7e4e89f2-27b0-4508-8b27-9e280b9a76f1 ] Request (InstanceActionsTestJSON:setUpClass): 200 GET http://10.180.1.21/compute/v2.1/servers/8d537f1e-dbb3-4235-8ca8-20d55799f9aa 0.166s
2025-11-22 03:03:21.982 66359 INFO tempest.common.waiters [-] State transition "BUILD/block_device_mapping" ==> "BUILD/spawning" after 27 second wait
2025-11-22 03:03:22.000 66335 INFO tempest.lib.common.rest_client [req-1600bae6-9a9d-4ed8-a2d2-60ae80017204 req-1600bae6-9a9d-4ed8-a2d2-60ae80017204 ] Request (InstanceActionsV221TestJSON:test_get_list_deleted_instance_actions): 404 GET http://10.180.1.21/compute/v2.1/servers/83951af7-35bd-4476-bd7c-fe3e6877c457 0.110s
2025-11-22 03:03:22.028 66317 INFO tempest.lib.common.rest_client [req-b50121c6-519e-4f2c-ad8c-90256621070f req-b50121c6-519e-4f2c-ad8c-90256621070f ] Request (ServersAdminTestJSON:tearDownClass): 200 GET http://10.180.1.21/compute/v2.1/servers/27e2e7ec-cb60-4cad-87be-93b75336ab94 0.154s
2025-11-22 03:03:22.050 66355 INFO tempest.lib.common.rest_client [req-cb489b2f-3132-40cc-ad0d-74901e42e33e req-cb489b2f-3132-40cc-ad0d-74901e42e33e ] Request (ServersTestJSON:test_create_specify_keypair): 200 GET http://10.180.1.21/compute/v2.1/servers/c8069dff-14e3-49c8-8eca-ee742e6b0e00 0.119s
2025-11-22 03:03:22.056 66323 INFO tempest.lib.common.rest_client [req-a8a71d7a-9618-47be-8c54-39283c310ac4 req-a8a71d7a-9618-47be-8c54-39283c310ac4 ] Request (FlavorsAdminTestJSON:_run_cleanups): 200 GET http://10.180.1.21/compute/v2.1/flavors/detail 0.092s
2025-11-22 03:03:22.102 66335 INFO tempest.lib.common.rest_client [req-b77ee82a-99d7-49f8-825a-b8e3b9166755 req-b77ee82a-99d7-49f8-825a-b8e3b9166755 ] Request (InstanceActionsV221TestJSON:test_get_list_deleted_instance_actions): 200 GET http://10.180.1.21/compute/v2.1/servers/83951af7-35bd-4476-bd7c-fe3e6877c457/os-instance-actions 0.101s
2025-11-22 03:03:22.116 66325 INFO tempest.lib.common.rest_client [req-a823d9f4-ef63-4e7f-ac55-39afb9a54e66 req-a823d9f4-ef63-4e7f-ac55-39afb9a54e66 ] Request (AttachInterfacesTestJSON:_run_cleanups): 200 GET http://10.180.1.21/compute/v2.1/servers/ef41027b-87b1-476b-ac33-bd1ae96a1665 0.088s
2025-11-22 03:03:22.130 66323 INFO tempest.lib.common.rest_client [req-c19affd6-ed9e-4f76-9521-cfa12efdeb6a req-c19affd6-ed9e-4f76-9521-cfa12efdeb6a ] Request (FlavorsAdminTestJSON:test_list_non_public_flavor): 200 POST http://10.180.1.21/compute/v2.1/flavors 0.068s
2025-11-22 03:03:22.189 66351 INFO tempest.lib.common.rest_client [req-9b32de82-f003-4747-9f87-efaa2745aebb req-9b32de82-f003-4747-9f87-efaa2745aebb ] Request (ServerGroupTestJSON:_run_cleanups): 200 GET http://10.180.1.21/compute/v2.1/servers/0bb17c36-b99a-4ced-b7c0-f9f64f2b36ac 0.100s
2025-11-22 03:03:22.215 66369 INFO tempest.lib.common.rest_client [req-ec786146-47de-42dd-9916-72332d99c9db req-ec786146-47de-42dd-9916-72332d99c9db ] Request (ServerActionsTestOtherB:test_resize_server_confirm_from_stopped): 200 GET http://10.180.1.21/compute/v2.1/servers/58dd0223-5d87-4d72-bca6-63015528094a 0.159s
2025-11-22 03:03:22.234 66335 INFO tempest.lib.common.rest_client [req-274ffad1-5a95-41dd-94b7-922817ace9fb req-274ffad1-5a95-41dd-94b7-922817ace9fb ] Request (InstanceActionsV221TestJSON:tearDownClass): 404 DELETE http://10.180.1.21/compute/v2.1/servers/83951af7-35bd-4476-bd7c-fe3e6877c457 0.129s
2025-11-22 03:03:22.234 66321 INFO tempest.lib.common.rest_client [req-9406d3d4-e66c-4df2-b9dc-341d47c06b96 req-9406d3d4-e66c-4df2-b9dc-341d47c06b96 ] Request (ServersAdminNegativeTestJSON:test_migrate_server_invalid_state): 200 GET http://10.180.1.21/compute/v2.1/servers/9ee9757b-4a98-41d8-a340-80219abb0779 0.133s
2025-11-22 03:03:22.256 66323 INFO tempest.lib.common.rest_client [req-3ccdc281-9451-4d51-9ff2-6c4cd2e78abb req-3ccdc281-9451-4d51-9ff2-6c4cd2e78abb ] Request (FlavorsAdminTestJSON:test_list_non_public_flavor): 200 GET http://10.180.1.21/compute/v2.1/flavors/detail 0.123s
2025-11-22 03:03:22.279 66329 INFO tempest.lib.common.rest_client [req-a3ff8b3a-402a-4d02-b8f1-04102f50a05d req-a3ff8b3a-402a-4d02-b8f1-04102f50a05d ] Request (ServersTestJSON:tearDownClass): 404 GET http://10.180.1.21/compute/v2.1/servers/8c5e3a6d-4850-4bdb-91c0-7f81fb4d83cf 0.118s
2025-11-22 03:03:22.296 66361 INFO tempest.lib.common.rest_client [req-19ffe4d0-e253-4eef-b952-5f102e7e1519 req-19ffe4d0-e253-4eef-b952-5f102e7e1519 ] Request (AttachInterfacesUnderV243Test:_run_cleanups): 200 GET http://10.180.1.21/compute/v2.1/servers/b6416826-929b-4b02-b8ce-c2adb043073f 0.151s
2025-11-22 03:03:22.329 66319 INFO tempest.lib.common.rest_client [req-7208e256-c22a-483d-b15d-5ed0d154b48b req-7208e256-c22a-483d-b15d-5ed0d154b48b ] Request (ImagesOneServerNegativeTestJSON:_run_cleanups): 200 GET http://10.180.1.21/compute/v2.1/servers/416b3c7a-5a54-4622-9439-81ef53b7b458 0.133s
