2025-11-22 03:03:50.629 66357 INFO tempest.lib.common.rest_client [req-7dccd59f-f403-4d6c-ae57-9410cbac4b0b req-7dccd59f-f403-4d6c-ae57-9410cbac4b0b ] Request (SecurityGroupsTestJSON:tearDownClass): 200 GET http://10.180.1.21/compute/v2.1/servers/18eb0418-c618-4f28-ad02-7c26aa50762f 0.288s
2025-11-22 03:03:50.691 66361 INFO tempest.lib.common.rest_client [req-6c5c73fa-f963-4fcc-bf54-0599f3fceae7 req-6c5c73fa-f963-4fcc-bf54-0599f3fceae7 ] Request (ServerShowV247Test:test_update_rebuild_list_server): 200 GET http://10.180.1.21/compute/v2.1/servers/0eb3817f-1039-44b8-bfba-9632d473f950 0.303s
2025-11-22 03:03:50.823 66371 INFO tempest.lib.common.rest_client [req-d823437a-e864-4c8e-b27e-3f3bf14a5f18 req-d823437a-e864-4c8e-b27e-3f3bf14a5f18 ] Request (MigrationsAdminTest:test_resize_server_revert_deleted_flavor): 200 GET http://10.180.1.21/compute/v2.1/servers/ef0aa213-4350-4015-b418-0f816502ba8f 0.420s
2025-11-22 03:03:50.897 66329 INFO tempest.lib.common.rest_client [req-58870e59-6ba5-47c8-b0d0-bc0b9d9b7fd3 req-58870e59-6ba5-47c8-b0d0-bc0b9d9b7fd3 ] Request (ServersNegativeTestJSON:setUpClass): 200 GET http://10.180.1.21/compute/v2.1/servers/c2e77da1-da31-447c-b55e-6d2303fc0866 0.465s
2025-11-22 03:03:50.972 66359 INFO tempest.lib.common.rest_client [req-66d480ab-034d-4d13-b92b-1ab77ddc6448 req-66d480ab-034d-4d13-b92b-1ab77ddc6448 ] Request (InstanceActionsTestJSON:tearDownClass): 200 GET http://10.180.1.21/compute/v2.1/servers/8d537f1e-dbb3-4235-8ca8-20d55799f9aa 0.509s
2025-11-22 03:03:51.038 66331 INFO tempest.lib.common.rest_client [req-e4ae4007-f518-4f6b-9790-f0b3b9c66ea9 req-e4ae4007-f518-4f6b-9790-f0b3b9c66ea9 ] Request (ServersWithSpecificFlavorTestJSON:_run_cleanups): 200 GET http://10.180.1.21/compute/v2.1/servers/8360e631-b9b0-40fc-bc74-33c02b83a672 0.543s
2025-11-22 03:03:51.067 66325 INFO tempest.lib.common.rest_client [req-db19d39d-d4c8-42a7-a644-15117d11995f req-db19d39d-d4c8-42a7-a644-15117d11995f ] Request (AttachInterfacesTestJSON:test_create_list_show_delete_interfaces_by_network_port): 202 POST http://10.180.1.21/compute/v2.1/servers 0.690s
2025-11-22 03:03:51.134 66327 INFO tempest.lib.common.rest_client [req-70e5ec72-c032-4369-9335-c7b60ab023ba req-70e5ec72-c032-4369-9335-c7b60ab023ba ] Request (ListImageFiltersTestJSON:tearDownClass): 204 DELETE http://10.180.1.21/compute/v2.1/servers/37711353-a7d2-495a-8cdd-3c84fc5b23ea 0.608s
2025-11-22 03:03:51.142 66355 INFO tempest.lib.common.rest_client [req-b1c49f57-005a-4551-a2ee-ae0cc2ee54b7 req-b1c49f57-005a-4551-a2ee-ae0cc2ee54b7 ] Request (ServersTestJSON:_run_cleanups): 200 GET http://10.180.1.21/compute/v2.1/servers/c8069dff-14e3-49c8-8eca-ee742e6b0e00 0.589s
2025-11-22 03:03:51.217 66342 INFO tempest.lib.common.rest_client [req-aff2a871-80a1-40b8-901e-0afa89146d19 req-aff2a871-80a1-40b8-901e-0afa89146d19 ] Request (ImagesNegativeTestJSON:test_create_image_from_deleted_server): 200 GET http://10.180.1.21/compute/v2.1/servers/5d396a7c-465f-4de2-8649-fdc6843be6e0 0.651s
2025-11-22 03:03:51.296 66369 INFO tempest.lib.common.rest_client [req-e03e38e1-1781-45bb-8bc2-4379caea6713 req-e03e38e1-1781-45bb-8bc2-4379caea6713 ] Request (ServerActionsTestOtherB:test_resize_server_confirm_from_stopped): 200 GET http://10.180.1.21/compute/v2.1/servers/58dd0223-5d87-4d72-bca6-63015528094a 0.467s
2025-11-22 03:03:51.353 66347 INFO tempest.lib.common.rest_client [req-8110ddfd-8e6b-4ca2-a352-c5ea010aa80a req-8110ddfd-8e6b-4ca2-a352-c5ea010aa80a ] Request (ServerMetadataTestJSON:tearDownClass): 200 GET http://10.180.1.21/compute/v2.1/servers/13fc113f-1f25-44f3-bd6e-b35310a349d4 0.491s
2025-11-22 03:03:51.354 66325 INFO tempest.lib.common.rest_client [req-3b18045f-dde1-4840-9c74-e1b5592c7896 req-3b18045f-dde1-4840-9c74-e1b5592c7896 ] Request (AttachInterfacesTestJSON:test_create_list_show_delete_interfaces_by_network_port): 200 GET http://10.180.1.21/compute/v2.1/servers/60f0a6a7-c112-46c0-858f-f061207e9ed1 0.285s
2025-11-22 03:03:51.406 66375 INFO tempest.lib.common.rest_client [req-74b9c9e0-7367-468b-883e-a369878c7310 req-74b9c9e0-7367-468b-883e-a369878c7310 ] Request (ServersTestMultiNic:_run_cleanups): 200 GET http://10.180.1.21/compute/v2.1/servers/54f0bdfb-8743-4a52-87a3-7bbc388d4dad 0.236s
2025-11-22 03:03:51.445 66327 INFO tempest.lib.common.rest_client [req-b7d3668e-d41a-463a-93d0-c87ea5e90bf1 req-b7d3668e-d41a-463a-93d0-c87ea5e90bf1 ] Request (ListImageFiltersTestJSON:tearDownClass): 200 GET http://10.180.1.21/compute/v2.1/servers/37711353-a7d2-495a-8cdd-3c84fc5b23ea 0.310s
2025-11-22 03:03:51.505 66353 INFO tempest.lib.common.rest_client [req-937c2550-43b5-4bc1-ad05-ee6357a65917 req-937c2550-43b5-4bc1-ad05-ee6357a65917 ] Request (ServersListShow2100Test:test_list_show_rebuild_update_server_2100): 200 GET http://10.180.1.21/compute/v2.1/servers/c73a7667-eee3-4660-a4d2-d40266061593 0.170s
2025-11-22 03:03:51.517 66319 INFO tempest.lib.common.rest_client [req-be04f0df-0819-4e2d-ad27-4167d5f5a1ca req-be04f0df-0819-4e2d-ad27-4167d5f5a1ca ] Request (ImagesOneServerNegativeTestJSON:_run_cleanups): 200 GET http://10.180.1.21/compute/v2.1/servers/416b3c7a-5a54-4622-9439-81ef53b7b458 0.292s
2025-11-22 03:03:51.552 66335 INFO tempest.lib.common.rest_client [req-c3074249-f32f-4aae-af08-25846379251b req-c3074249-f32f-4aae-af08-25846379251b ] Request (AttachVolumeTestJSON:test_attach_detach_volume): 200 GET http://10.180.1.21/compute/v2.1/servers/2aea303b-87af-4f2f-91db-6f446c2c0f81 0.210s
2025-11-22 03:03:51.569 66317 INFO tempest.lib.common.rest_client [req-f8c3ccab-59d2-4509-a69e-53b40a0fd309 req-f8c3ccab-59d2-4509-a69e-53b40a0fd309 ] Request (ServersAdminTestJSON:tearDownClass): 200 GET http://10.180.1.21/compute/v2.1/servers/5215f498-1b85-4f70-872b-25845ee764ff 0.120s
2025-11-22 03:03:51.625 66321 INFO tempest.lib.common.rest_client [req-99606e17-50eb-4788-a87f-c067f04edb9d req-99606e17-50eb-4788-a87f-c067f04edb9d ] Request (ServersAdminNegativeTestJSON:tearDownClass): 200 GET http://10.180.1.21/compute/v2.1/servers/9ee9757b-4a98-41d8-a340-80219abb0779 0.148s
2025-11-22 03:03:51.632 66321 INFO tempest.common.waiters [-] State transition "SUSPENDED/deleting" ==> "DELETED/None" after 3 second wait
2025-11-22 03:03:51.636 66349 INFO tempest.lib.common.rest_client [req-f3afb7ba-6fd9-4b5f-88e3-90cdfcdea97a req-f3afb7ba-6fd9-4b5f-88e3-90cdfcdea97a ] Request (ServerMetadataNegativeTestJSON:tearDownClass): 200 GET http://10.180.1.21/compute/v2.1/servers/6ee0a531-378b-48be-920a-3864414b35c4 0.124s
2025-11-22 03:03:51.682 66343 INFO tempest.lib.common.rest_client [req-dd3645a3-f365-487f-b989-dcc4938f02dc req-dd3645a3-f365-487f-b989-dcc4938f02dc ] Request (DeleteServersTestJSON:test_delete_server_while_in_attached_volume): 200 GET http://10.180.1.21/compute/v2.1/servers/cbebb084-cd58-449e-9704-a80de049cec9 0.154s
2025-11-22 03:03:51.687 66377 INFO tempest.lib.common.rest_client [req-8f90738a-791b-4bf0-98d1-09fd55b81715 req-8f90738a-791b-4bf0-98d1-09fd55b81715 ] Request (ImagesTestJSON:test_create_server_from_snapshot): 200 GET http://10.180.1.21/compute/v2.1/servers/782796e9-d1db-4736-a9ec-a45a3bbccebb 0.101s
2025-11-22 03:03:51.745 66357 INFO tempest.lib.common.rest_client [req-41bcf15e-b3da-41a0-b05e-104add46d00e req-41bcf15e-b3da-41a0-b05e-104add46d00e ] Request (SecurityGroupsTestJSON:tearDownClass): 200 GET http://10.180.1.21/compute/v2.1/servers/18eb0418-c618-4f28-ad02-7c26aa50762f 0.107s
2025-11-22 03:03:51.753 66357 INFO tempest.common.waiters [-] State transition "ACTIVE/deleting" ==> "DELETED/None" after 4 second wait
2025-11-22 03:03:51.802 66361 INFO tempest.lib.common.rest_client [req-0aff2c0d-b156-4e93-a3c1-5b7c69def713 req-0aff2c0d-b156-4e93-a3c1-5b7c69def713 ] Request (ServerShowV247Test:test_update_rebuild_list_server): 200 GET http://10.180.1.21/compute/v2.1/servers/0eb3817f-1039-44b8-bfba-9632d473f950 0.100s
2025-11-22 03:03:51.848 66379 INFO tempest.lib.common.rest_client [req-102782b2-7058-4eca-8020-70b001086313 req-102782b2-7058-4eca-8020-70b001086313 ] Request (AttachVolumeShelveTestJSON:test_attach_volume_shelved_or_offload_server): 200 GET http://10.180.1.21/compute/v2.1/servers/dd1ff284-3f6d-4508-a60c-117d44728108 0.217s
2025-11-22 03:03:51.936 66339 INFO paramiko.transport [-] Connected (version 2.0, client dropbear_2020.81)
2025-11-22 03:03:51.948 66371 INFO tempest.lib.common.rest_client [req-41a7f8fc-2381-4772-b15a-f5c148b2b4f2 req-41a7f8fc-2381-4772-b15a-f5c148b2b4f2 ] Request (MigrationsAdminTest:test_resize_server_revert_deleted_flavor): 200 GET http://10.180.1.21/compute/v2.1/servers/ef0aa213-4350-4015-b418-0f816502ba8f 0.115s
2025-11-22 03:03:51.962 66329 INFO tempest.lib.common.rest_client [req-04098fa7-ec6a-4149-8dd6-81b8ae189ad3 req-04098fa7-ec6a-4149-8dd6-81b8ae189ad3 ] Request (ServersNegativeTestJSON:setUpClass): 200 GET http://10.180.1.21/compute/v2.1/servers/c2e77da1-da31-447c-b55e-6d2303fc0866 0.057s
2025-11-22 03:03:51.998 66339 INFO paramiko.transport [-] Authentication (publickey) successful!
2025-11-22 03:03:51.998 66339 INFO tempest.lib.common.ssh [-] ssh connection to cirros@10.180.180.182 successfully created
2025-11-22 03:03:52.038 66359 INFO tempest.lib.common.rest_client [req-c369f53f-d13c-4bfd-9d90-789d683e1297 req-c369f53f-d13c-4bfd-9d90-789d683e1297 ] Request (InstanceActionsTestJSON:tearDownClass): 200 GET http://10.180.1.21/compute/v2.1/servers/8d537f1e-dbb3-4235-8ca8-20d55799f9aa 0.059s
2025-11-22 03:03:52.105 66331 INFO tempest.lib.common.rest_client [req-5e855fd5-838f-47ab-916f-6b74732f4fb5 req-5e855fd5-838f-47ab-916f-6b74732f4fb5 ] Request (ServersWithSpecificFlavorTestJSON:_run_cleanups): 200 GET http://10.180.1.21/compute/v2.1/servers/8360e631-b9b0-40fc-bc74-33c02b83a672 0.059s
2025-11-22 03:03:52.140 66339 INFO tempest.lib.common.rest_client [req-c78ccdb6-4621-4b6a-937c-0b7aca6ed027 req-c78ccdb6-4621-4b6a-937c-0b7aca6ed027 ] Request (ServerActionsTestJSON:tearDown): 200 GET http://10.180.1.21/compute/v2.1/servers/21257151-955d-4f39-8a66-3c25d3fe03ad 0.136s
2025-11-22 03:03:52.217 66355 INFO tempest.lib.common.rest_client [req-fa979871-c97a-4428-91eb-a2e60bc2edc3 req-fa979871-c97a-4428-91eb-a2e60bc2edc3 ] Request (ServersTestJSON:_run_cleanups): 200 GET http://10.180.1.21/compute/v2.1/servers/c8069dff-14e3-49c8-8eca-ee742e6b0e00 0.063s
2025-11-22 03:03:52.256 66339 INFO tempest.lib.common.rest_client [req-d6c33b4a-560f-498a-9936-8cce3b77a8c8 req-d6c33b4a-560f-498a-9936-8cce3b77a8c8 ] Request (ServerActionsTestJSON:setUp): 200 GET http://10.180.1.21/compute/v2.1/servers/21257151-955d-4f39-8a66-3c25d3fe03ad 0.107s
2025-11-22 03:03:52.289 66342 INFO tempest.lib.common.rest_client [req-62fbba34-8c64-409f-83a2-2b712e00cac5 req-62fbba34-8c64-409f-83a2-2b712e00cac5 ] Request (ImagesNegativeTestJSON:test_create_image_from_deleted_server): 200 GET http://10.180.1.21/compute/v2.1/servers/5d396a7c-465f-4de2-8649-fdc6843be6e0 0.065s
2025-11-22 03:03:52.344 66339 INFO tempest.lib.common.rest_client [req-74d3e655-013f-4311-9801-5a6f409a9241 req-74d3e655-013f-4311-9801-5a6f409a9241 ] Request (ServerActionsTestJSON:test_rebuild_server): 201 POST http://10.180.1.21/identity/v3/auth/tokens 0.076s
2025-11-22 03:03:52.344 66339 INFO tempest.lib.common.fixed_network [-] (ServerActionsTestJSON:test_rebuild_server) Found network {'id': '29a621a8-d37e-49cd-ab03-15bcb2dc5307', 'name': 'tempest-ServerActionsTestJSON-170563361-network', 'tenant_id': '17fe82fd1f6f45369eeee462f1b654fb', 'project_id': '17fe82fd1f6f45369eeee462f1b654fb', 'admin_state_up': True, 'mtu': 8950, 'status': 'ACTIVE', 'subnets': [], 'shared': False, 'port_security_enabled': True, 'router:external': False, 'provider:network_type': 'vlan', 'provider:physical_network': 'default', 'provider:segmentation_id': 240, 'availability_zone_hints': [], 'availability_zones': [], 'ipv4_address_scope': None, 'ipv6_address_scope': None, 'description': '', 'tags': [], 'created_at': '2025-11-22T03:00:38Z', 'updated_at': '2025-11-22T03:00:38Z', 'revision_number': 1} available for tenant
2025-11-22 03:03:52.383 66339 INFO tempest.lib.common.rest_client [req-1776a171-8752-4062-8ed9-692fcaa20d15 req-1776a171-8752-4062-8ed9-692fcaa20d15 ] Request (ValidationResourcesFixture:setUp): 200 POST http://10.180.1.21/compute/v2.1/os-keypairs 0.038s
2025-11-22 03:03:52.519 66339 INFO tempest.lib.common.rest_client [req-9d2f33dc-f1f5-4e7f-b186-16a14240d85e req-9d2f33dc-f1f5-4e7f-b186-16a14240d85e ] Request (ValidationResourcesFixture:setUp): 201 POST http://10.180.1.21/networking/v2.0/security-groups 0.134s
2025-11-22 03:03:52.552 66369 INFO tempest.lib.common.rest_client [req-bd475fda-b821-44d3-b9d5-4e9aaee94809 req-bd475fda-b821-44d3-b9d5-4e9aaee94809 ] Request (ServerActionsTestOtherB:test_resize_server_confirm_from_stopped): 200 GET http://10.180.1.21/compute/v2.1/servers/58dd0223-5d87-4d72-bca6-63015528094a 0.248s
2025-11-22 03:03:52.564 66347 INFO tempest.lib.common.rest_client [req-955192cd-d362-4efb-a628-1c6c9ef14cd6 req-955192cd-d362-4efb-a628-1c6c9ef14cd6 ] Request (ServerMetadataTestJSON:tearDownClass): 200 GET http://10.180.1.21/compute/v2.1/servers/13fc113f-1f25-44f3-bd6e-b35310a349d4 0.203s
2025-11-22 03:03:52.584 66375 INFO tempest.lib.common.rest_client [req-7bfeea45-5540-41db-9275-b35de19ba650 req-7bfeea45-5540-41db-9275-b35de19ba650 ] Request (ServersTestMultiNic:_run_cleanups): 404 GET http://10.180.1.21/compute/v2.1/servers/54f0bdfb-8743-4a52-87a3-7bbc388d4dad 0.170s
2025-11-22 03:03:52.649 66339 INFO tempest.lib.common.rest_client [req-c6da2776-212c-4a05-956b-2de59c4f5b54 req-c6da2776-212c-4a05-956b-2de59c4f5b54 ] Request (ValidationResourcesFixture:setUp): 201 POST http://10.180.1.21/networking/v2.0/security-group-rules 0.130s
2025-11-22 03:03:52.676 66325 INFO tempest.lib.common.rest_client [req-394a5a4e-c7bc-4b09-83f2-82846ae0db61 req-394a5a4e-c7bc-4b09-83f2-82846ae0db61 ] Request (AttachInterfacesTestJSON:test_create_list_show_delete_interfaces_by_network_port): 200 GET http://10.180.1.21/compute/v2.1/servers/60f0a6a7-c112-46c0-858f-f061207e9ed1 0.314s
2025-11-22 03:03:52.682 66325 INFO tempest.common.waiters [-] State transition "BUILD/scheduling" ==> "BUILD/None" after 1 second wait
2025-11-22 03:03:52.715 66375 INFO tempest.lib.common.rest_client [req-921aaaf2-90e4-4a22-9fe7-a87703effe56 req-921aaaf2-90e4-4a22-9fe7-a87703effe56 ] Request (ServersTestMultiNic:_run_cleanups): 204 DELETE http://10.180.1.21/networking/v2.0/subnets/ce2ca082-b1d6-4bfa-89a3-40b183e6370d 0.130s
2025-11-22 03:03:52.746 66327 INFO tempest.lib.common.rest_client [req-077e0810-a465-41e9-a784-7d73b6635c6d req-077e0810-a465-41e9-a784-7d73b6635c6d ] Request (ListImageFiltersTestJSON:tearDownClass): 200 GET http://10.180.1.21/compute/v2.1/servers/37711353-a7d2-495a-8cdd-3c84fc5b23ea 0.293s
2025-11-22 03:03:52.822 66339 INFO tempest.lib.common.rest_client [req-009cd03f-69f9-4674-95ce-175102ac747c req-009cd03f-69f9-4674-95ce-175102ac747c ] Request (ValidationResourcesFixture:setUp): 201 POST http://10.180.1.21/networking/v2.0/security-group-rules 0.173s
2025-11-22 03:03:52.852 66353 INFO tempest.lib.common.rest_client [req-d07afb7d-dea4-4442-aff3-bd3677389ca9 req-d07afb7d-dea4-4442-aff3-bd3677389ca9 ] Request (ServersListShow2100Test:test_list_show_rebuild_update_server_2100): 200 GET http://10.180.1.21/compute/v2.1/servers/c73a7667-eee3-4660-a4d2-d40266061593 0.334s
2025-11-22 03:03:53.066 66375 INFO tempest.lib.common.rest_client [req-6d56e333-1d3c-450d-8412-cecbde70264f req-6d56e333-1d3c-450d-8412-cecbde70264f ] Request (ServersTestMultiNic:_run_cleanups): 204 DELETE http://10.180.1.21/networking/v2.0/networks/0eb0cd7e-78ea-47fe-805f-6672b92e80aa 0.351s
2025-11-22 03:03:53.110 66319 INFO tempest.lib.common.rest_client [req-ba9ae08e-421b-40bb-9f17-f37d3020d84c req-ba9ae08e-421b-40bb-9f17-f37d3020d84c ] Request (ImagesOneServerNegativeTestJSON:_run_cleanups): 200 GET http://10.180.1.21/compute/v2.1/servers/416b3c7a-5a54-4622-9439-81ef53b7b458 0.584s
2025-11-22 03:03:53.117 66319 INFO tempest.common.waiters [-] State transition "BUILD/spawning" ==> "ACTIVE/None" after 43 second wait
2025-11-22 03:03:53.125 66335 INFO tempest.lib.common.rest_client [req-f7f24ddb-1e32-4ec6-8e12-c12311a9e0cc req-f7f24ddb-1e32-4ec6-8e12-c12311a9e0cc ] Request (AttachVolumeTestJSON:test_attach_detach_volume): 200 GET http://10.180.1.21/compute/v2.1/servers/2aea303b-87af-4f2f-91db-6f446c2c0f81 0.565s
2025-11-22 03:03:53.245 66375 INFO tempest.lib.common.rest_client [req-710e98a7-033f-4fa6-9b9e-74a4fb168ef9 req-710e98a7-033f-4fa6-9b9e-74a4fb168ef9 ] Request (ServersTestMultiNic:_run_cleanups): 204 DELETE http://10.180.1.21/networking/v2.0/subnets/4cf019a5-e312-4021-b2cd-333391051477 0.178s
2025-11-22 03:03:53.265 66317 INFO tempest.lib.common.rest_client [req-8573463f-7d80-4836-aaa5-58b8fd42294b req-8573463f-7d80-4836-aaa5-58b8fd42294b ] Request (ServersAdminTestJSON:tearDownClass): 200 GET http://10.180.1.21/compute/v2.1/servers/5215f498-1b85-4f70-872b-25845ee764ff 0.688s
2025-11-22 03:03:53.279 66321 INFO tempest.lib.common.rest_client [req-af494951-0ca9-407d-b9d9-5e23fdcffc2e req-af494951-0ca9-407d-b9d9-5e23fdcffc2e ] Request (ServersAdminNegativeTestJSON:tearDownClass): 200 GET http://10.180.1.21/compute/v2.1/servers/9ee9757b-4a98-41d8-a340-80219abb0779 0.645s
2025-11-22 03:03:53.318 66339 INFO tempest.lib.common.rest_client [req-25d2ecaa-6e30-4766-9484-21cfdaaa9344 req-25d2ecaa-6e30-4766-9484-21cfdaaa9344 ] Request (ValidationResourcesFixture:setUp): 201 POST http://10.180.1.21/networking/v2.0/floatingips 0.494s
2025-11-22 03:03:53.398 66349 INFO tempest.lib.common.rest_client [req-3a6faf38-178d-4a86-a618-99c22e9f0c83 req-3a6faf38-178d-4a86-a618-99c22e9f0c83 ] Request (ServerMetadataNegativeTestJSON:tearDownClass): 200 GET http://10.180.1.21/compute/v2.1/servers/6ee0a531-378b-48be-920a-3864414b35c4 0.753s
2025-11-22 03:03:53.419 66343 INFO tempest.lib.common.rest_client [req-c922e7ec-2edf-4a04-b8bd-fe149aeec92c req-c922e7ec-2edf-4a04-b8bd-fe149aeec92c ] Request (DeleteServersTestJSON:test_delete_server_while_in_attached_volume): 200 GET http://10.180.1.21/compute/v2.1/servers/cbebb084-cd58-449e-9704-a80de049cec9 0.729s
2025-11-22 03:03:53.539 66375 INFO tempest.lib.common.rest_client [req-c7830ccb-ba1b-4e7e-80ce-a83235d2d55b req-c7830ccb-ba1b-4e7e-80ce-a83235d2d55b ] Request (ServersTestMultiNic:_run_cleanups): 204 DELETE http://10.180.1.21/networking/v2.0/networks/9384bd64-8adf-452b-9c36-2d06bc3f0f00 0.293s
2025-11-22 03:03:53.566 66377 INFO tempest.lib.common.rest_client [req-b7e5a346-7589-48c8-99b8-41df9d154649 req-b7e5a346-7589-48c8-99b8-41df9d154649 ] Request (ImagesTestJSON:test_create_server_from_snapshot): 200 GET http://10.180.1.21/compute/v2.1/servers/782796e9-d1db-4736-a9ec-a45a3bbccebb 0.870s
2025-11-22 03:03:53.581 66357 INFO tempest.lib.common.rest_client [req-314c94c7-4c8a-4949-a844-7925533940bb req-314c94c7-4c8a-4949-a844-7925533940bb ] Request (SecurityGroupsTestJSON:tearDownClass): 200 GET http://10.180.1.21/compute/v2.1/servers/18eb0418-c618-4f28-ad02-7c26aa50762f 0.827s
2025-11-22 03:03:53.667 66361 INFO tempest.lib.common.rest_client [req-774db6e1-2a1d-4026-a9c7-fe5576ed3b8c req-774db6e1-2a1d-4026-a9c7-fe5576ed3b8c ] Request (ServerShowV247Test:test_update_rebuild_list_server): 200 GET http://10.180.1.21/compute/v2.1/servers/0eb3817f-1039-44b8-bfba-9632d473f950 0.855s
2025-11-22 03:03:53.700 66375 INFO tempest.lib.common.rest_client [req-ec501991-1039-4d0f-942a-c51a3b974153 req-ec501991-1039-4d0f-942a-c51a3b974153 ] Request (ServersTestMultiNic:test_verify_multiple_nics_order): 201 POST http://10.180.1.21/networking/v2.0/networks 0.159s
2025-11-22 03:03:53.788 66379 INFO tempest.lib.common.rest_client [req-139b94c0-b732-4f7c-b721-f96be79ae97b req-139b94c0-b732-4f7c-b721-f96be79ae97b ] Request (AttachVolumeShelveTestJSON:test_attach_volume_shelved_or_offload_server): 200 GET http://10.180.1.21/compute/v2.1/servers/dd1ff284-3f6d-4508-a60c-117d44728108 0.931s
2025-11-22 03:03:53.829 66371 INFO tempest.lib.common.rest_client [req-37ad7818-c78e-44c1-862b-b2e4a7d25906 req-37ad7818-c78e-44c1-862b-b2e4a7d25906 ] Request (MigrationsAdminTest:test_resize_server_revert_deleted_flavor): 200 GET http://10.180.1.21/compute/v2.1/servers/ef0aa213-4350-4015-b418-0f816502ba8f 0.871s
2025-11-22 03:03:53.873 66329 INFO tempest.lib.common.rest_client [req-77f58dce-0da4-4569-99ab-dbf4d7bc8a7e req-77f58dce-0da4-4569-99ab-dbf4d7bc8a7e ] Request (ServersNegativeTestJSON:setUpClass): 200 GET http://10.180.1.21/compute/v2.1/servers/c2e77da1-da31-447c-b55e-6d2303fc0866 0.904s
2025-11-22 03:03:53.912 66359 INFO tempest.lib.common.rest_client [req-e704e55f-3f49-473e-bb2f-f4a3eedb5e6c req-e704e55f-3f49-473e-bb2f-f4a3eedb5e6c ] Request (InstanceActionsTestJSON:tearDownClass): 200 GET http://10.180.1.21/compute/v2.1/servers/8d537f1e-dbb3-4235-8ca8-20d55799f9aa 0.866s
2025-11-22 03:03:53.950 66375 INFO tempest.lib.common.rest_client [req-e11b372d-f689-405b-839c-82f97e884368 req-e11b372d-f689-405b-839c-82f97e884368 ] Request (ServersTestMultiNic:test_verify_multiple_nics_order): 201 POST http://10.180.1.21/networking/v2.0/subnets 0.250s
2025-11-22 03:03:53.953 66331 INFO tempest.lib.common.rest_client [req-052933c8-b3f8-49cb-b523-29013a5b3cbc req-052933c8-b3f8-49cb-b523-29013a5b3cbc ] Request (ServersWithSpecificFlavorTestJSON:_run_cleanups): 200 GET http://10.180.1.21/compute/v2.1/servers/8360e631-b9b0-40fc-bc74-33c02b83a672 0.839s
2025-11-22 03:03:53.988 66319 INFO tempest.lib.common.rest_client [req-86240815-a359-4983-8dff-7f3c2a1ee6e7 req-86240815-a359-4983-8dff-7f3c2a1ee6e7 ] Request (ImagesOneServerNegativeTestJSON:tearDownClass): 204 DELETE http://10.180.1.21/compute/v2.1/servers/416b3c7a-5a54-4622-9439-81ef53b7b458 0.870s
2025-11-22 03:03:54.016 66355 INFO tempest.lib.common.rest_client [req-c6eedb28-9097-402e-aa74-0c73780169e2 req-c6eedb28-9097-402e-aa74-0c73780169e2 ] Request (ServersTestJSON:_run_cleanups): 200 GET http://10.180.1.21/compute/v2.1/servers/c8069dff-14e3-49c8-8eca-ee742e6b0e00 0.790s
2025-11-22 03:03:54.053 66342 INFO tempest.lib.common.rest_client [req-98047b14-6464-4e55-8560-333f8adeed4c req-98047b14-6464-4e55-8560-333f8adeed4c ] Request (ImagesNegativeTestJSON:test_create_image_from_deleted_server): 200 GET http://10.180.1.21/compute/v2.1/servers/5d396a7c-465f-4de2-8649-fdc6843be6e0 0.752s
2025-11-22 03:03:54.096 66375 INFO tempest.lib.common.rest_client [req-09525944-cfac-4fb5-aa71-5157abf681f4 req-09525944-cfac-4fb5-aa71-5157abf681f4 ] Request (ServersTestMultiNic:test_verify_multiple_nics_order): 201 POST http://10.180.1.21/networking/v2.0/networks 0.145s
2025-11-22 03:03:54.228 66369 INFO tempest.lib.common.rest_client [req-8cd9e279-c585-4bd9-a9aa-27eb939a1c10 req-8cd9e279-c585-4bd9-a9aa-27eb939a1c10 ] Request (ServerActionsTestOtherB:test_resize_server_confirm_from_stopped): 200 GET http://10.180.1.21/compute/v2.1/servers/58dd0223-5d87-4d72-bca6-63015528094a 0.668s
2025-11-22 03:03:54.307 66375 INFO tempest.lib.common.rest_client [req-765e24fd-bfee-4fdf-804f-5e1c8e3341f9 req-765e24fd-bfee-4fdf-804f-5e1c8e3341f9 ] Request (ServersTestMultiNic:test_verify_multiple_nics_order): 201 POST http://10.180.1.21/networking/v2.0/subnets 0.211s
2025-11-22 03:03:54.324 66347 INFO tempest.lib.common.rest_client [req-1c979650-529b-4077-b224-a8763a69288d req-1c979650-529b-4077-b224-a8763a69288d ] Request (ServerMetadataTestJSON:tearDownClass): 200 GET http://10.180.1.21/compute/v2.1/servers/13fc113f-1f25-44f3-bd6e-b35310a349d4 0.752s
2025-11-22 03:03:54.332 66347 INFO tempest.common.waiters [-] State transition "ACTIVE/deleting" ==> "DELETED/None" after 5 second wait
2025-11-22 03:03:54.382 66325 INFO tempest.lib.common.rest_client [req-ed4874d4-6209-40c5-9060-7e5a570ed262 req-ed4874d4-6209-40c5-9060-7e5a570ed262 ] Request (AttachInterfacesTestJSON:test_create_list_show_delete_interfaces_by_network_port): 200 GET http://10.180.1.21/compute/v2.1/servers/60f0a6a7-c112-46c0-858f-f061207e9ed1 0.699s
2025-11-22 03:03:54.417 66375 INFO tempest.lib.common.rest_client [req-77ba60b7-c9a5-404b-b4b2-8d7a0c7621ab req-77ba60b7-c9a5-404b-b4b2-8d7a0c7621ab ] Request (ServersTestMultiNic:test_verify_multiple_nics_order): 201 POST http://10.180.1.21/identity/v3/auth/tokens 0.106s
2025-11-22 03:03:54.417 66375 INFO tempest.lib.common.fixed_network [-] (ServersTestMultiNic:test_verify_multiple_nics_order) Found network {'id': '9e31dcd1-510a-4a01-9107-3283798375a6', 'name': 'tempest-ServersTestMultiNic-2080671301-network', 'tenant_id': '1c59206847cc4b52931603137e87f4b4', 'project_id': '1c59206847cc4b52931603137e87f4b4', 'admin_state_up': True, 'mtu': 8950, 'status': 'ACTIVE', 'subnets': [], 'shared': False, 'port_security_enabled': True, 'router:external': False, 'provider:network_type': 'vlan', 'provider:physical_network': 'default', 'provider:segmentation_id': 842, 'availability_zone_hints': [], 'availability_zones': [], 'ipv4_address_scope': None, 'ipv6_address_scope': None, 'description': '', 'tags': [], 'created_at': '2025-11-22T03:02:26Z', 'updated_at': '2025-11-22T03:02:26Z', 'revision_number': 1} available for tenant
2025-11-22 03:03:54.443 66327 INFO tempest.lib.common.rest_client [req-812f381e-2092-48be-8189-53acd178f6da req-812f381e-2092-48be-8189-53acd178f6da ] Request (ListImageFiltersTestJSON:tearDownClass): 200 GET http://10.180.1.21/compute/v2.1/servers/37711353-a7d2-495a-8cdd-3c84fc5b23ea 0.689s
2025-11-22 03:03:54.484 66339 INFO tempest.lib.common.rest_client [req-481cf1bc-a3e8-4158-a869-adb79824ee1d req-481cf1bc-a3e8-4158-a869-adb79824ee1d ] Request (ServerActionsTestJSON:test_rebuild_server): 202 POST http://10.180.1.21/compute/v2.1/servers 1.165s
2025-11-22 03:03:54.528 66353 INFO tempest.lib.common.rest_client [req-3b17ab32-458d-4475-a588-4aac9720090e req-3b17ab32-458d-4475-a588-4aac9720090e ] Request (ServersListShow2100Test:test_list_show_rebuild_update_server_2100): 200 GET http://10.180.1.21/compute/v2.1/servers/c73a7667-eee3-4660-a4d2-d40266061593 0.661s
2025-11-22 03:03:54.542 66353 INFO tempest.common.waiters [-] State transition "BUILD/spawning" ==> "ACTIVE/None" after 40 second wait
2025-11-22 03:03:54.586 66335 INFO tempest.lib.common.rest_client [req-c21bcf41-313c-48b8-b8af-03e395ff025f req-c21bcf41-313c-48b8-b8af-03e395ff025f ] Request (AttachVolumeTestJSON:test_attach_detach_volume): 200 GET http://10.180.1.21/compute/v2.1/servers/2aea303b-87af-4f2f-91db-6f446c2c0f81 0.448s
2025-11-22 03:03:54.598 66319 INFO tempest.lib.common.rest_client [req-99adf864-4e6a-453f-a220-6599b03a1ef8 req-99adf864-4e6a-453f-a220-6599b03a1ef8 ] Request (ImagesOneServerNegativeTestJSON:tearDownClass): 200 GET http://10.180.1.21/compute/v2.1/servers/416b3c7a-5a54-4622-9439-81ef53b7b458 0.609s
2025-11-22 03:03:54.648 66317 INFO tempest.lib.common.rest_client [req-3a07d8c8-5ac8-417b-b5e1-4f2d783a65bf req-3a07d8c8-5ac8-417b-b5e1-4f2d783a65bf ] Request (ServersAdminTestJSON:tearDownClass): 200 GET http://10.180.1.21/compute/v2.1/servers/5215f498-1b85-4f70-872b-25845ee764ff 0.375s
2025-11-22 03:03:54.661 66321 INFO tempest.lib.common.rest_client [req-184e9346-0c34-47e8-9049-c78afeec176b req-184e9346-0c34-47e8-9049-c78afeec176b ] Request (ServersAdminNegativeTestJSON:tearDownClass): 200 GET http://10.180.1.21/compute/v2.1/servers/9ee9757b-4a98-41d8-a340-80219abb0779 0.367s
2025-11-22 03:03:54.675 66349 INFO tempest.lib.common.rest_client [req-f698e821-3e57-4635-94c6-7b7e33b6f960 req-f698e821-3e57-4635-94c6-7b7e33b6f960 ] Request (ServerMetadataNegativeTestJSON:tearDownClass): 404 GET http://10.180.1.21/compute/v2.1/servers/6ee0a531-378b-48be-920a-3864414b35c4 0.267s
2025-11-22 03:03:54.727 66343 INFO tempest.lib.common.rest_client [req-09d6161f-ec55-49b8-ba6e-19a9c5e9b023 req-09d6161f-ec55-49b8-ba6e-19a9c5e9b023 ] Request (DeleteServersTestJSON:test_delete_server_while_in_attached_volume): 200 GET http://10.180.1.21/compute/v2.1/servers/cbebb084-cd58-449e-9704-a80de049cec9 0.297s
2025-11-22 03:03:54.784 66339 INFO tempest.lib.common.rest_client [req-9aedaab8-42f3-4630-9103-5d6816403c0b req-9aedaab8-42f3-4630-9103-5d6816403c0b ] Request (ServerActionsTestJSON:test_rebuild_server): 200 GET http://10.180.1.21/compute/v2.1/servers/a567921f-d68b-40a0-80ab-e3db4980e86e 0.299s
2025-11-22 03:03:54.983 66353 INFO tempest.lib.common.rest_client [req-e5d13f81-51e2-41ca-8704-d25a740e8231 req-e5d13f81-51e2-41ca-8704-d25a740e8231 ] Request (ServersListShow2100Test:test_list_show_rebuild_update_server_2100): 200 GET http://10.180.1.21/compute/v2.1/servers/detail 0.440s
2025-11-22 03:03:55.046 66377 INFO tempest.lib.common.rest_client [req-0112d0cc-4a06-44cb-9ca8-c366c5fbcdbb req-0112d0cc-4a06-44cb-9ca8-c366c5fbcdbb ] Request (ImagesTestJSON:test_create_server_from_snapshot): 200 GET http://10.180.1.21/compute/v2.1/servers/782796e9-d1db-4736-a9ec-a45a3bbccebb 0.471s
2025-11-22 03:03:55.118 66357 INFO tempest.lib.common.rest_client [req-b406e890-3265-42e0-bca8-50d0a474d864 req-b406e890-3265-42e0-bca8-50d0a474d864 ] Request (SecurityGroupsTestJSON:tearDownClass): 200 GET http://10.180.1.21/compute/v2.1/servers/18eb0418-c618-4f28-ad02-7c26aa50762f 0.527s
2025-11-22 03:03:55.164 66375 INFO tempest.lib.common.rest_client [req-c3fd39ba-2dd6-45ea-b753-69e5e57ea626 req-c3fd39ba-2dd6-45ea-b753-69e5e57ea626 ] Request (ServersTestMultiNic:test_verify_multiple_nics_order): 202 POST http://10.180.1.21/compute/v2.1/servers 0.746s
2025-11-22 03:03:55.190 66361 INFO tempest.lib.common.rest_client [req-8eef47b2-275f-4ddd-8571-a475b2719be8 req-8eef47b2-275f-4ddd-8571-a475b2719be8 ] Request (ServerShowV247Test:test_update_rebuild_list_server): 200 GET http://10.180.1.21/compute/v2.1/servers/0eb3817f-1039-44b8-bfba-9632d473f950 0.512s
2025-11-22 03:03:55.354 66379 INFO tempest.lib.common.rest_client [req-f957541e-2ae7-42e8-8698-db2d317022f3 req-f957541e-2ae7-42e8-8698-db2d317022f3 ] Request (AttachVolumeShelveTestJSON:test_attach_volume_shelved_or_offload_server): 200 GET http://10.180.1.21/compute/v2.1/servers/dd1ff284-3f6d-4508-a60c-117d44728108 0.547s
2025-11-22 03:03:55.359 66374 WARNING tempest.lib.common.ssh [-] Failed to establish authenticated ssh connection to cirros@10.180.180.197 ([Errno None] Unable to connect to port 22 on 10.180.180.197). Number attempts: 7. Retry after 8 seconds.: paramiko.ssh_exception.NoValidConnectionsError: [Errno None] Unable to connect to port 22 on 10.180.180.197
2025-11-22 03:03:55.378 66371 INFO tempest.lib.common.rest_client [req-b3efd09d-e02f-42e9-9561-7deab958949b req-b3efd09d-e02f-42e9-9561-7deab958949b ] Request (MigrationsAdminTest:test_resize_server_revert_deleted_flavor): 200 GET http://10.180.1.21/compute/v2.1/servers/ef0aa213-4350-4015-b418-0f816502ba8f 0.537s
2025-11-22 03:03:55.415 66329 INFO tempest.lib.common.rest_client [req-8ee81155-86c4-4f6f-b97b-c2e650088003 req-8ee81155-86c4-4f6f-b97b-c2e650088003 ] Request (ServersNegativeTestJSON:setUpClass): 200 GET http://10.180.1.21/compute/v2.1/servers/c2e77da1-da31-447c-b55e-6d2303fc0866 0.530s
2025-11-22 03:03:55.481 66359 INFO tempest.lib.common.rest_client [req-ba80e5d1-ffab-4a2b-986b-59e9b70685b8 req-ba80e5d1-ffab-4a2b-986b-59e9b70685b8 ] Request (InstanceActionsTestJSON:tearDownClass): 200 GET http://10.180.1.21/compute/v2.1/servers/8d537f1e-dbb3-4235-8ca8-20d55799f9aa 0.560s
2025-11-22 03:03:55.502 66331 INFO tempest.lib.common.rest_client [req-4ab0e5b1-195f-466c-9428-993978b088f2 req-4ab0e5b1-195f-466c-9428-993978b088f2 ] Request (ServersWithSpecificFlavorTestJSON:_run_cleanups): 200 GET http://10.180.1.21/compute/v2.1/servers/8360e631-b9b0-40fc-bc74-33c02b83a672 0.540s
2025-11-22 03:03:55.532 66349 INFO tempest.lib.common.rest_client [req-e1469c87-ef98-4137-85a4-1dad785ad916 req-e1469c87-ef98-4137-85a4-1dad785ad916 ] Request (ServerMetadataNegativeTestJSON:tearDownClass): 200 PUT http://10.180.1.21/networking/v2.0/routers/7794b639-b915-4568-aa36-b0ee24e3eaa1/remove_router_interface 0.857s
2025-11-22 03:03:55.566 66353 INFO tempest.lib.common.rest_client [req-f024ebe4-c100-4961-ba46-2f4b3e44aa77 req-f024ebe4-c100-4961-ba46-2f4b3e44aa77 ] Request (ServersListShow2100Test:test_list_show_rebuild_update_server_2100): 200 GET http://10.180.1.21/compute/v2.1/servers/c73a7667-eee3-4660-a4d2-d40266061593 0.571s
2025-11-22 03:03:55.580 66355 INFO tempest.lib.common.rest_client [req-1f4d5fba-9ea1-4781-9fbd-14d60e12f95a req-1f4d5fba-9ea1-4781-9fbd-14d60e12f95a ] Request (ServersTestJSON:_run_cleanups): 200 GET http://10.180.1.21/compute/v2.1/servers/c8069dff-14e3-49c8-8eca-ee742e6b0e00 0.555s
2025-11-22 03:03:55.623 66375 INFO tempest.lib.common.rest_client [req-798492c5-7f37-471d-9c54-2617e139234f req-798492c5-7f37-471d-9c54-2617e139234f ] Request (ServersTestMultiNic:test_verify_multiple_nics_order): 200 GET http://10.180.1.21/compute/v2.1/servers/5d2e8623-ec76-4a0b-a020-6c20fdd79ddc 0.457s
2025-11-22 03:03:55.652 66342 INFO tempest.lib.common.rest_client [req-4bfa667f-f165-47a1-a921-bdd6b6368aca req-4bfa667f-f165-47a1-a921-bdd6b6368aca ] Request (ImagesNegativeTestJSON:test_create_image_from_deleted_server): 200 GET http://10.180.1.21/compute/v2.1/servers/5d396a7c-465f-4de2-8649-fdc6843be6e0 0.587s
2025-11-22 03:03:55.742 66347 INFO tempest.lib.common.rest_client [req-878ee448-fe78-4a96-8085-69edff269eaf req-878ee448-fe78-4a96-8085-69edff269eaf ] Request (ServerMetadataTestJSON:tearDownClass): 200 GET http://10.180.1.21/compute/v2.1/servers/13fc113f-1f25-44f3-bd6e-b35310a349d4 0.409s
2025-11-22 03:03:55.770 66369 INFO tempest.lib.common.rest_client [req-a6303135-6d9c-4885-9105-645319110dff req-a6303135-6d9c-4885-9105-645319110dff ] Request (ServerActionsTestOtherB:test_resize_server_confirm_from_stopped): 200 GET http://10.180.1.21/compute/v2.1/servers/58dd0223-5d87-4d72-bca6-63015528094a 0.534s
2025-11-22 03:03:55.808 66325 INFO tempest.lib.common.rest_client [req-93bc6246-4735-4b9c-911e-fe14505448d9 req-93bc6246-4735-4b9c-911e-fe14505448d9 ] Request (AttachInterfacesTestJSON:test_create_list_show_delete_interfaces_by_network_port): 200 GET http://10.180.1.21/compute/v2.1/servers/60f0a6a7-c112-46c0-858f-f061207e9ed1 0.416s
2025-11-22 03:03:55.862 66327 INFO tempest.lib.common.rest_client [req-9454cd45-6093-432b-9540-efbe97680925 req-9454cd45-6093-432b-9540-efbe97680925 ] Request (ListImageFiltersTestJSON:tearDownClass): 200 GET http://10.180.1.21/compute/v2.1/servers/37711353-a7d2-495a-8cdd-3c84fc5b23ea 0.407s
2025-11-22 03:03:55.872 66327 INFO tempest.common.waiters [-] State transition "ACTIVE/deleting" ==> "DELETED/None" after 4 second wait
2025-11-22 03:03:55.903 66353 INFO tempest.lib.common.rest_client [req-51e76bd3-42cd-4e0e-8a46-c5a67eafc5a4 req-51e76bd3-42cd-4e0e-8a46-c5a67eafc5a4 ] Request (ServersListShow2100Test:test_list_show_rebuild_update_server_2100): 200 PUT http://10.180.1.21/compute/v2.1/servers/c73a7667-eee3-4660-a4d2-d40266061593 0.309s
2025-11-22 03:03:55.929 66335 INFO tempest.lib.common.rest_client [req-16070cc8-20e5-48c1-9b6f-49fd542dcd71 req-16070cc8-20e5-48c1-9b6f-49fd542dcd71 ] Request (AttachVolumeTestJSON:test_attach_detach_volume): 200 GET http://10.180.1.21/compute/v2.1/servers/2aea303b-87af-4f2f-91db-6f446c2c0f81 0.333s
2025-11-22 03:03:56.003 66317 INFO tempest.lib.common.rest_client [req-fb08d6c4-3a6c-4383-b118-4b0688619e32 req-fb08d6c4-3a6c-4383-b118-4b0688619e32 ] Request (ServersAdminTestJSON:tearDownClass): 200 GET http://10.180.1.21/compute/v2.1/servers/5215f498-1b85-4f70-872b-25845ee764ff 0.346s
2025-11-22 03:03:56.033 66319 INFO tempest.lib.common.rest_client [req-615470db-f04d-49d8-bd6f-b92489f5b6cf req-615470db-f04d-49d8-bd6f-b92489f5b6cf ] Request (ImagesOneServerNegativeTestJSON:tearDownClass): 200 GET http://10.180.1.21/compute/v2.1/servers/416b3c7a-5a54-4622-9439-81ef53b7b458 0.425s
2025-11-22 03:03:56.048 66349 INFO tempest.lib.common.rest_client [req-a2f31d49-9da2-45b0-ad5c-951df5c65234 req-a2f31d49-9da2-45b0-ad5c-951df5c65234 ] Request (ServerMetadataNegativeTestJSON:tearDownClass): 204 DELETE http://10.180.1.21/networking/v2.0/routers/7794b639-b915-4568-aa36-b0ee24e3eaa1 0.515s
2025-11-22 03:03:56.082 66321 INFO tempest.lib.common.rest_client [req-2f7e931d-c212-4538-8b53-b0e5243950e2 req-2f7e931d-c212-4538-8b53-b0e5243950e2 ] Request (ServersAdminNegativeTestJSON:tearDownClass): 200 GET http://10.180.1.21/compute/v2.1/servers/9ee9757b-4a98-41d8-a340-80219abb0779 0.413s
2025-11-22 03:03:56.098 66343 INFO tempest.lib.common.rest_client [req-454adefe-01a6-47c7-b9da-0c223170e1d9 req-454adefe-01a6-47c7-b9da-0c223170e1d9 ] Request (DeleteServersTestJSON:test_delete_server_while_in_attached_volume): 200 GET http://10.180.1.21/compute/v2.1/servers/cbebb084-cd58-449e-9704-a80de049cec9 0.362s
2025-11-22 03:03:56.134 66339 INFO tempest.lib.common.rest_client [req-4f19c7b1-748d-4490-bf88-2fe440152333 req-4f19c7b1-748d-4490-bf88-2fe440152333 ] Request (ServerActionsTestJSON:test_rebuild_server): 200 GET http://10.180.1.21/compute/v2.1/servers/a567921f-d68b-40a0-80ab-e3db4980e86e 0.340s
2025-11-22 03:03:56.141 66339 INFO tempest.common.waiters [-] State transition "BUILD/scheduling" ==> "BUILD/None" after 2 second wait
2025-11-22 03:03:56.171 66353 INFO tempest.lib.common.rest_client [req-89584eb6-9f6d-43d5-8bbc-8619576fb5d5 req-89584eb6-9f6d-43d5-8bbc-8619576fb5d5 ] Request (ServersListShow2100Test:test_list_show_rebuild_update_server_2100): 200 GET http://10.180.1.21/compute/v2.1/servers/c73a7667-eee3-4660-a4d2-d40266061593 0.254s
2025-11-22 03:03:56.191 66349 INFO tempest.lib.common.rest_client [req-a362ff6c-0553-4641-8189-5b18559c2b59 req-a362ff6c-0553-4641-8189-5b18559c2b59 ] Request (ServerMetadataNegativeTestJSON:tearDownClass): 204 DELETE http://10.180.1.21/networking/v2.0/subnets/a0fff02b-8445-4df1-9c13-a156553fb9d9 0.143s
2025-11-22 03:03:56.196 66377 INFO tempest.lib.common.rest_client [req-b4920271-db5c-40cb-9654-7a96757f5e92 req-b4920271-db5c-40cb-9654-7a96757f5e92 ] Request (ImagesTestJSON:test_create_server_from_snapshot): 200 GET http://10.180.1.21/compute/v2.1/servers/782796e9-d1db-4736-a9ec-a45a3bbccebb 0.141s
2025-11-22 03:03:56.286 66357 INFO tempest.lib.common.rest_client [req-a678130c-27b9-41d7-b307-1a6ccfcd7efa req-a678130c-27b9-41d7-b307-1a6ccfcd7efa ] Request (SecurityGroupsTestJSON:tearDownClass): 200 GET http://10.180.1.21/compute/v2.1/servers/18eb0418-c618-4f28-ad02-7c26aa50762f 0.160s
2025-11-22 03:03:56.501 66349 INFO tempest.lib.common.rest_client [req-664b7e7d-ba7a-47d1-91e3-581d89c2210f req-664b7e7d-ba7a-47d1-91e3-581d89c2210f ] Request (ServerMetadataNegativeTestJSON:tearDownClass): 204 DELETE http://10.180.1.21/networking/v2.0/networks/272660b0-d380-451d-80dc-ac404ad34815 0.310s
2025-11-22 03:03:56.533 66361 INFO tempest.lib.common.rest_client [req-a67e234d-7a69-428e-93ec-e212a685e77b req-a67e234d-7a69-428e-93ec-e212a685e77b ] Request (ServerShowV247Test:test_update_rebuild_list_server): 200 GET http://10.180.1.21/compute/v2.1/servers/0eb3817f-1039-44b8-bfba-9632d473f950 0.331s
2025-11-22 03:03:56.546 66353 INFO tempest.lib.common.rest_client [req-66cf1171-4277-49f9-9eb4-e7afa68aa9b2 req-66cf1171-4277-49f9-9eb4-e7afa68aa9b2 ] Request (ServersListShow2100Test:test_list_show_rebuild_update_server_2100): 202 POST http://10.180.1.21/compute/v2.1/servers/c73a7667-eee3-4660-a4d2-d40266061593/action 0.359s
2025-11-22 03:03:56.642 66349 INFO tempest.lib.common.rest_client [req-71e04f67-bb62-4217-88dc-219b75dd5e71 req-71e04f67-bb62-4217-88dc-219b75dd5e71 ] Request (ServerMetadataNegativeTestJSON:tearDownClass): 204 DELETE http://10.180.1.21/identity/v3/users/5b19ff2600ca4a0fbc85684757cdf8db 0.139s
2025-11-22 03:03:56.642 66349 INFO tempest.lib.common.dynamic_creds [-] Deleting project and security group for project: d8853d1380ce44c2951b9aa60771accf
2025-11-22 03:03:56.653 66379 INFO tempest.lib.common.rest_client [req-b65e8041-7935-40fe-85fd-bb0627502a18 req-b65e8041-7935-40fe-85fd-bb0627502a18 ] Request (AttachVolumeShelveTestJSON:test_attach_volume_shelved_or_offload_server): 200 GET http://10.180.1.21/compute/v2.1/servers/dd1ff284-3f6d-4508-a60c-117d44728108 0.286s
2025-11-22 03:03:56.667 66349 INFO tempest.lib.common.rest_client [req-12c3296d-d6ce-44f0-99e3-1b13cf749d2d req-12c3296d-d6ce-44f0-99e3-1b13cf749d2d ] Request (ServerMetadataNegativeTestJSON:tearDownClass): 200 GET http://10.180.1.21/networking/v2.0/security-groups?tenant_id=d8853d1380ce44c2951b9aa60771accf&name=default 0.025s
2025-11-22 03:03:56.668 66371 INFO tempest.lib.common.rest_client [req-347e2453-0355-4650-bc22-d187f03586ce req-347e2453-0355-4650-bc22-d187f03586ce ] Request (MigrationsAdminTest:test_resize_server_revert_deleted_flavor): 200 GET http://10.180.1.21/compute/v2.1/servers/ef0aa213-4350-4015-b418-0f816502ba8f 0.282s
2025-11-22 03:03:56.710 66329 INFO tempest.lib.common.rest_client [req-6e69ae5b-50f7-4111-958a-520160f66578 req-6e69ae5b-50f7-4111-958a-520160f66578 ] Request (ServersNegativeTestJSON:setUpClass): 200 GET http://10.180.1.21/compute/v2.1/servers/c2e77da1-da31-447c-b55e-6d2303fc0866 0.286s
2025-11-22 03:03:56.725 66359 INFO tempest.lib.common.rest_client [req-ad3fa366-f508-4dfc-8115-b0e4eab8050a req-ad3fa366-f508-4dfc-8115-b0e4eab8050a ] Request (InstanceActionsTestJSON:tearDownClass): 200 GET http://10.180.1.21/compute/v2.1/servers/8d537f1e-dbb3-4235-8ca8-20d55799f9aa 0.237s
2025-11-22 03:03:56.756 66349 INFO tempest.lib.common.rest_client [req-da0d0785-0f50-4762-9430-3b5eaf1248a3 req-da0d0785-0f50-4762-9430-3b5eaf1248a3 ] Request (ServerMetadataNegativeTestJSON:tearDownClass): 204 DELETE http://10.180.1.21/networking/v2.0/security-groups/6d213dfa-2981-4f8c-b42b-71a633514b86 0.088s
2025-11-22 03:03:56.782 66331 INFO tempest.lib.common.rest_client [req-87bd9824-3614-4705-b5d9-23dfdb9bb20f req-87bd9824-3614-4705-b5d9-23dfdb9bb20f ] Request (ServersWithSpecificFlavorTestJSON:_run_cleanups): 200 GET http://10.180.1.21/compute/v2.1/servers/8360e631-b9b0-40fc-bc74-33c02b83a672 0.266s
2025-11-22 03:03:56.794 66353 INFO tempest.lib.common.rest_client [req-1f3200a0-67a8-448d-831d-5c9501d67c60 req-1f3200a0-67a8-448d-831d-5c9501d67c60 ] Request (ServersListShow2100Test:test_list_show_rebuild_update_server_2100): 200 GET http://10.180.1.21/compute/v2.1/servers/c73a7667-eee3-4660-a4d2-d40266061593 0.236s
2025-11-22 03:03:56.860 66355 INFO tempest.lib.common.rest_client [req-acc2b4cc-5a7b-413a-81b4-1cde53c9f6f4 req-acc2b4cc-5a7b-413a-81b4-1cde53c9f6f4 ] Request (ServersTestJSON:_run_cleanups): 200 GET http://10.180.1.21/compute/v2.1/servers/c8069dff-14e3-49c8-8eca-ee742e6b0e00 0.261s
2025-11-22 03:03:56.863 66375 INFO tempest.lib.common.rest_client [req-d57d4cdf-2bc1-4602-abd8-2e461b6de67d req-d57d4cdf-2bc1-4602-abd8-2e461b6de67d ] Request (ServersTestMultiNic:test_verify_multiple_nics_order): 200 GET http://10.180.1.21/compute/v2.1/servers/5d2e8623-ec76-4a0b-a020-6c20fdd79ddc 0.228s
2025-11-22 03:03:56.871 66375 INFO tempest.common.waiters [-] State transition "BUILD/scheduling" ==> "BUILD/None" after 1 second wait
2025-11-22 03:03:56.907 66349 INFO tempest.lib.common.rest_client [req-b875eb36-9ab9-4a00-b450-26c45dfbfa5b req-b875eb36-9ab9-4a00-b450-26c45dfbfa5b ] Request (ServerMetadataNegativeTestJSON:tearDownClass): 204 DELETE http://10.180.1.21/identity/v3/projects/d8853d1380ce44c2951b9aa60771accf 0.150s
2025-11-22 03:03:56.928 66342 INFO tempest.lib.common.rest_client [req-cbeceb52-b014-474a-b84f-67d902765e7c req-cbeceb52-b014-474a-b84f-67d902765e7c ] Request (ImagesNegativeTestJSON:test_create_image_from_deleted_server): 200 GET http://10.180.1.21/compute/v2.1/servers/5d396a7c-465f-4de2-8649-fdc6843be6e0 0.268s
2025-11-22 03:03:56.930 66347 INFO tempest.lib.common.rest_client [req-6cb30714-147d-4ae2-991a-f778a7bb226a req-6cb30714-147d-4ae2-991a-f778a7bb226a ] Request (ServerMetadataTestJSON:tearDownClass): 200 GET http://10.180.1.21/compute/v2.1/servers/13fc113f-1f25-44f3-bd6e-b35310a349d4 0.180s
2025-11-22 03:03:56.971 66349 INFO tempest.lib.common.rest_client [req-d5ec2566-be9e-4c66-a267-cb0cda9cd9c3 req-d5ec2566-be9e-4c66-a267-cb0cda9cd9c3 ] Request (ServerRescueTestJSON:setUpClass): 201 POST http://10.180.1.21/identity/v3/auth/tokens 0.062s
2025-11-22 03:03:56.982 66325 INFO tempest.lib.common.rest_client [req-02d14f90-e806-4e12-9080-138e241667cb req-02d14f90-e806-4e12-9080-138e241667cb ] Request (AttachInterfacesTestJSON:test_create_list_show_delete_interfaces_by_network_port): 200 GET http://10.180.1.21/compute/v2.1/servers/60f0a6a7-c112-46c0-858f-f061207e9ed1 0.156s
2025-11-22 03:03:57.010 66349 INFO tempest.lib.common.rest_client [req-570ad411-26fc-4859-829b-840822d3ec8f req-570ad411-26fc-4859-829b-840822d3ec8f ] Request (ServerRescueTestJSON:setUpClass): 201 POST http://10.180.1.21/identity/v3/auth/tokens 0.037s
2025-11-22 03:03:57.035 66349 INFO tempest.lib.common.rest_client [req-8ac3650d-42e4-4d70-b5da-22e1a36b7f81 req-8ac3650d-42e4-4d70-b5da-22e1a36b7f81 ] Request (ServerRescueTestJSON:setUpClass): 200 GET http://10.180.1.21/identity/v3/domains?name=Default 0.024s
2025-11-22 03:03:57.041 66327 INFO tempest.lib.common.rest_client [req-b888f35b-d67f-4db3-ac70-cfcdfa02689e req-b888f35b-d67f-4db3-ac70-cfcdfa02689e ] Request (ListImageFiltersTestJSON:tearDownClass): 200 GET http://10.180.1.21/compute/v2.1/servers/37711353-a7d2-495a-8cdd-3c84fc5b23ea 0.168s
2025-11-22 03:03:57.044 66369 INFO tempest.lib.common.rest_client [req-db391c04-7e74-4635-8d3e-2e5171c69216 req-db391c04-7e74-4635-8d3e-2e5171c69216 ] Request (ServerActionsTestOtherB:test_resize_server_confirm_from_stopped): 200 GET http://10.180.1.21/compute/v2.1/servers/58dd0223-5d87-4d72-bca6-63015528094a 0.258s
2025-11-22 03:03:57.065 66349 INFO tempest.lib.common.rest_client [req-57081a47-6945-4733-9acb-cc4001281827 req-57081a47-6945-4733-9acb-cc4001281827 ] Request (ServerRescueTestJSON:setUpClass): 201 POST http://10.180.1.21/identity/v3/projects 0.030s
2025-11-22 03:03:57.088 66335 INFO tempest.lib.common.rest_client [req-9a5f2daf-2ae6-420c-a83a-329f6c39dce4 req-9a5f2daf-2ae6-420c-a83a-329f6c39dce4 ] Request (AttachVolumeTestJSON:test_attach_detach_volume): 200 GET http://10.180.1.21/compute/v2.1/servers/2aea303b-87af-4f2f-91db-6f446c2c0f81 0.150s
2025-11-22 03:03:57.102 66317 INFO tempest.lib.common.rest_client [req-7de28670-81dd-4d79-ad6a-d1cbfa0d4cba req-7de28670-81dd-4d79-ad6a-d1cbfa0d4cba ] Request (ServersAdminTestJSON:tearDownClass): 200 GET http://10.180.1.21/compute/v2.1/servers/5215f498-1b85-4f70-872b-25845ee764ff 0.092s
2025-11-22 03:03:57.130 66349 INFO tempest.lib.common.rest_client [req-b2c2581f-d28e-4af4-a128-9f30d97acc5a req-b2c2581f-d28e-4af4-a128-9f30d97acc5a ] Request (ServerRescueTestJSON:setUpClass): 201 POST http://10.180.1.21/identity/v3/users 0.064s
2025-11-22 03:03:57.138 66319 INFO tempest.lib.common.rest_client [req-b24b51e3-2446-4a08-95c3-15247317be83 req-b24b51e3-2446-4a08-95c3-15247317be83 ] Request (ImagesOneServerNegativeTestJSON:tearDownClass): 200 GET http://10.180.1.21/compute/v2.1/servers/416b3c7a-5a54-4622-9439-81ef53b7b458 0.093s
2025-11-22 03:03:57.151 66349 INFO tempest.lib.common.rest_client [req-d67748cc-d1fb-4e12-a3d9-695b93a9daa4 req-d67748cc-d1fb-4e12-a3d9-695b93a9daa4 ] Request (ServerRescueTestJSON:setUpClass): 200 GET http://10.180.1.21/identity/v3/roles 0.021s
2025-11-22 03:03:57.158 66321 INFO tempest.lib.common.rest_client [req-2f75db2d-4b3e-45c9-ba8b-0dfa743a84f0 req-2f75db2d-4b3e-45c9-ba8b-0dfa743a84f0 ] Request (ServersAdminNegativeTestJSON:tearDownClass): 200 GET http://10.180.1.21/compute/v2.1/servers/9ee9757b-4a98-41d8-a340-80219abb0779 0.069s
2025-11-22 03:03:57.177 66349 INFO tempest.lib.common.rest_client [req-2ef44c50-5715-476f-9919-b41f07d78d39 req-2ef44c50-5715-476f-9919-b41f07d78d39 ] Request (ServerRescueTestJSON:setUpClass): 204 PUT http://10.180.1.21/identity/v3/projects/641aba87d1b94bf1a33423eec99e643d/users/748e8f3bd0054ba8b53d71a53931a0df/roles/011de0f526aa41ffb99657ceaa1f3753 0.025s
2025-11-22 03:03:57.177 66349 INFO tempest.lib.common.dynamic_creds [-] Dynamic test user 748e8f3bd0054ba8b53d71a53931a0df is created with scope project and roles: ['member']
2025-11-22 03:03:57.178 66349 INFO tempest.lib.common.dynamic_creds [-] Acquired dynamic creds: credentials: Credentials: {'domain_id': 'default', 'domain_name': 'Default', 'username': 'tempest-ServerRescueTestJSON-538323093-project-member', 'project_domain_id': 'default', 'project_domain_name': 'Default', 'project_id': '641aba87d1b94bf1a33423eec99e643d', 'project_name': 'tempest-ServerRescueTestJSON-538323093', 'tenant_id': '641aba87d1b94bf1a33423eec99e643d', 'tenant_name': 'tempest-ServerRescueTestJSON-538323093', 'user_domain_id': 'default', 'user_domain_name': 'Default', 'user_id': '748e8f3bd0054ba8b53d71a53931a0df', 'system': None}, Network: None, Subnet: None, Router: None
2025-11-22 03:03:57.184 66343 INFO tempest.lib.common.rest_client [req-d56c9549-09fd-4a43-b2d7-55b12d765e90 req-d56c9549-09fd-4a43-b2d7-55b12d765e90 ] Request (DeleteServersTestJSON:test_delete_server_while_in_attached_volume): 200 GET http://10.180.1.21/compute/v2.1/servers/cbebb084-cd58-449e-9704-a80de049cec9 0.075s
2025-11-22 03:03:57.192 66343 INFO tempest.common.waiters [-] State transition "BUILD/None" ==> "BUILD/networking" after 30 second wait
2025-11-22 03:03:57.204 66339 INFO tempest.lib.common.rest_client [req-cd0bb42c-6b49-49a0-a348-7f889d17daed req-cd0bb42c-6b49-49a0-a348-7f889d17daed ] Request (ServerActionsTestJSON:test_rebuild_server): 200 GET http://10.180.1.21/compute/v2.1/servers/a567921f-d68b-40a0-80ab-e3db4980e86e 0.062s
2025-11-22 03:03:57.239 66349 INFO tempest.lib.common.rest_client [req-e065f064-c586-46e5-96ac-31c92d372f8c req-e065f064-c586-46e5-96ac-31c92d372f8c ] Request (ServerRescueTestJSON:setUpClass): 201 POST http://10.180.1.21/identity/v3/auth/tokens 0.061s
2025-11-22 03:03:57.264 66377 INFO tempest.lib.common.rest_client [req-1f16b4fc-3e4f-49b8-9088-cd381644c662 req-1f16b4fc-3e4f-49b8-9088-cd381644c662 ] Request (ImagesTestJSON:test_create_server_from_snapshot): 200 GET http://10.180.1.21/compute/v2.1/servers/782796e9-d1db-4736-a9ec-a45a3bbccebb 0.056s
