2025-11-22 03:04:23.257 66319 INFO tempest.lib.common.rest_client [req-c3cbd398-ca61-47f1-9353-f97d34c2b5fc req-c3cbd398-ca61-47f1-9353-f97d34c2b5fc ] Request (ImagesOneServerNegativeTestJSON:tearDownClass): 200 GET http://10.180.1.21/compute/v2.1/servers/416b3c7a-5a54-4622-9439-81ef53b7b458 0.097s
2025-11-22 03:04:23.269 66377 INFO tempest.lib.common.rest_client [req-96bb5f2c-1184-4169-8418-bac6259f333c req-96bb5f2c-1184-4169-8418-bac6259f333c ] Request (ImagesTestJSON:test_create_server_from_snapshot): 200 GET http://10.180.1.21/compute/v2.1/servers/782796e9-d1db-4736-a9ec-a45a3bbccebb 0.067s
2025-11-22 03:04:23.354 66321 INFO tempest.lib.common.rest_client [req-80e824d0-1812-424d-8e39-c0f84444e584 req-80e824d0-1812-424d-8e39-c0f84444e584 ] Request (ServersAdminNegativeTestJSON:tearDownClass): 200 GET http://10.180.1.21/compute/v2.1/servers/9ee9757b-4a98-41d8-a340-80219abb0779 0.060s
2025-11-22 03:04:23.402 66343 INFO tempest.lib.common.rest_client [req-f2f41ded-0e10-47e4-817e-50c0f2735619 req-f2f41ded-0e10-47e4-817e-50c0f2735619 ] Request (DeleteServersTestJSON:test_delete_server_while_in_attached_volume): 200 GET http://10.180.1.21/compute/v2.1/servers/cbebb084-cd58-449e-9704-a80de049cec9 0.052s
2025-11-22 03:04:23.432 66357 INFO tempest.lib.common.rest_client [req-a4dcb860-b57b-49ce-b503-2c3c2ecf80ca req-a4dcb860-b57b-49ce-b503-2c3c2ecf80ca ] Request (SecurityGroupsTestJSON:tearDownClass): 200 GET http://10.180.1.21/compute/v2.1/servers/18eb0418-c618-4f28-ad02-7c26aa50762f 0.060s
2025-11-22 03:04:23.500 66361 INFO tempest.lib.common.rest_client [req-8d88a5a4-43a8-4fc7-bbe1-312a2de3cbe4 req-8d88a5a4-43a8-4fc7-bbe1-312a2de3cbe4 ] Request (ServerShowV247Test:test_update_rebuild_list_server): 200 GET http://10.180.1.21/compute/v2.1/servers/0eb3817f-1039-44b8-bfba-9632d473f950 0.059s
2025-11-22 03:04:23.598 66353 INFO tempest.lib.common.rest_client [req-4350a5cc-0f7e-41b1-8bf2-108031f6c5f5 req-4350a5cc-0f7e-41b1-8bf2-108031f6c5f5 ] Request (ServersListShow2100Test:tearDownClass): 200 GET http://10.180.1.21/compute/v2.1/servers/c73a7667-eee3-4660-a4d2-d40266061593 0.078s
2025-11-22 03:04:23.701 66371 INFO tempest.lib.common.rest_client [req-6c4b2a9d-316c-430f-a6ad-7aa2aa735b58 req-6c4b2a9d-316c-430f-a6ad-7aa2aa735b58 ] Request (MigrationsAdminTest:tearDownClass): 200 GET http://10.180.1.21/compute/v2.1/servers/ef0aa213-4350-4015-b418-0f816502ba8f 0.126s
2025-11-22 03:04:23.715 66335 WARNING tempest.lib.common.ssh [-] Failed to establish authenticated ssh connection to cirros@10.180.180.141 ([Errno None] Unable to connect to port 22 on 10.180.180.141). Number attempts: 1. Retry after 2 seconds.: paramiko.ssh_exception.NoValidConnectionsError: [Errno None] Unable to connect to port 22 on 10.180.180.141
2025-11-22 03:04:23.770 66329 INFO tempest.lib.common.rest_client [req-d62f0aa7-3b19-4a4b-8c87-00558200ae15 req-d62f0aa7-3b19-4a4b-8c87-00558200ae15 ] Request (ServersNegativeTestJSON:setUpClass): 200 GET http://10.180.1.21/compute/v2.1/servers/0f356edf-161f-40f4-af70-5e35824c0464 0.053s
2025-11-22 03:04:23.798 66359 INFO tempest.lib.common.rest_client [req-9f2525de-46f1-409a-9f25-1770c3289566 req-9f2525de-46f1-409a-9f25-1770c3289566 ] Request (InstanceActionsTestJSON:tearDownClass): 404 GET http://10.180.1.21/compute/v2.1/servers/8d537f1e-dbb3-4235-8ca8-20d55799f9aa 0.063s
2025-11-22 03:04:23.802 66379 INFO tempest.lib.common.rest_client [req-92c1b2a0-d2e3-4064-8781-72a6d7476899 req-92c1b2a0-d2e3-4064-8781-72a6d7476899 ] Request (AttachVolumeShelveTestJSON:test_attach_volume_shelved_or_offload_server): 200 GET http://10.180.1.21/compute/v2.1/servers/dd1ff284-3f6d-4508-a60c-117d44728108 0.156s
2025-11-22 03:04:23.869 66349 INFO tempest.lib.common.rest_client [req-ed825756-9a8c-4cc8-9fd4-e40f78f0bfda req-ed825756-9a8c-4cc8-9fd4-e40f78f0bfda ] Request (ServerRescueTestJSON:setUpClass): 200 GET http://10.180.1.21/compute/v2.1/servers/f496e459-d601-49e2-85cf-0b2fee0d00df 0.076s
2025-11-22 03:04:23.926 66325 INFO tempest.lib.common.rest_client [req-ab511299-0191-4b00-98c1-8fcf9bb76d27 req-ab511299-0191-4b00-98c1-8fcf9bb76d27 ] Request (AttachInterfacesTestJSON:test_create_list_show_delete_interfaces_by_network_port): 200 GET http://10.180.1.21/compute/v2.1/servers/60f0a6a7-c112-46c0-858f-f061207e9ed1 0.060s
2025-11-22 03:04:23.941 66355 INFO tempest.lib.common.rest_client [req-740d4f71-87cf-4710-a16d-35da5fe736aa req-740d4f71-87cf-4710-a16d-35da5fe736aa ] Request (ServersTestJSON:_run_cleanups): 200 GET http://10.180.1.21/compute/v2.1/servers/c8069dff-14e3-49c8-8eca-ee742e6b0e00 0.090s
2025-11-22 03:04:23.975 66331 INFO tempest.lib.common.rest_client [req-e9e155ab-1090-4031-9ad8-562112151464 req-e9e155ab-1090-4031-9ad8-562112151464 ] Request (VolumesAdminNegativeTest:test_update_attached_volume_with_nonexistent_volume_in_uri): 200 GET http://10.180.1.21/compute/v2.1/servers/c19e19cb-ca73-4655-9694-21c5f1cff602 0.067s
2025-11-22 03:04:24.040 66375 INFO tempest.lib.common.rest_client [req-ba317efa-1fdf-40be-a3e9-267c76e5bf30 req-ba317efa-1fdf-40be-a3e9-267c76e5bf30 ] Request (ServersTestMultiNic:test_verify_multiple_nics_order): 200 GET http://10.180.1.21/compute/v2.1/servers/5d2e8623-ec76-4a0b-a020-6c20fdd79ddc 0.060s
2025-11-22 03:04:24.162 66369 INFO tempest.lib.common.rest_client [req-1478b774-f284-406e-9cad-792e01e9cbdf req-1478b774-f284-406e-9cad-792e01e9cbdf ] Request (ServerActionsTestOtherB:_run_cleanups): 200 GET http://10.180.1.21/compute/v2.1/servers/58dd0223-5d87-4d72-bca6-63015528094a 0.060s
2025-11-22 03:04:24.176 66327 INFO tempest.lib.common.rest_client [req-b9944155-e423-444f-80bd-605ff9444fb3 req-b9944155-e423-444f-80bd-605ff9444fb3 ] Request (ListImageFiltersTestJSON:tearDownClass): 200 GET http://10.180.1.21/compute/v2.1/servers/37711353-a7d2-495a-8cdd-3c84fc5b23ea 0.062s
2025-11-22 03:04:24.227 66317 INFO tempest.lib.common.rest_client [req-b6161439-24f1-47fc-b70c-307c98a6dfe9 req-b6161439-24f1-47fc-b70c-307c98a6dfe9 ] Request (ServersAdminTestJSON:tearDownClass): 200 GET http://10.180.1.21/compute/v2.1/servers/5215f498-1b85-4f70-872b-25845ee764ff 0.063s
2025-11-22 03:04:24.254 66347 INFO tempest.lib.common.rest_client [req-66fba4ce-960c-4e8a-a2ae-5dcf24f0c20f req-66fba4ce-960c-4e8a-a2ae-5dcf24f0c20f ] Request (ServerMetadataTestJSON:tearDownClass): 200 GET http://10.180.1.21/compute/v2.1/servers/13fc113f-1f25-44f3-bd6e-b35310a349d4 0.073s
2025-11-22 03:04:24.276 66339 INFO tempest.lib.common.rest_client [req-561c9feb-12f4-469c-91bf-ab84f335bc4b req-561c9feb-12f4-469c-91bf-ab84f335bc4b ] Request (ServerActionsTestJSON:test_rebuild_server): 200 GET http://10.180.1.21/compute/v2.1/servers/a567921f-d68b-40a0-80ab-e3db4980e86e 0.056s
2025-11-22 03:04:24.326 66377 INFO tempest.lib.common.rest_client [req-431dfb50-01d9-42aa-9218-2157c7ab35eb req-431dfb50-01d9-42aa-9218-2157c7ab35eb ] Request (ImagesTestJSON:test_create_server_from_snapshot): 200 GET http://10.180.1.21/compute/v2.1/servers/782796e9-d1db-4736-a9ec-a45a3bbccebb 0.049s
2025-11-22 03:04:24.338 66319 INFO tempest.lib.common.rest_client [req-9a87bea6-0186-4d1c-ba5e-5ff94c6516aa req-9a87bea6-0186-4d1c-ba5e-5ff94c6516aa ] Request (ImagesOneServerNegativeTestJSON:tearDownClass): 200 GET http://10.180.1.21/compute/v2.1/servers/416b3c7a-5a54-4622-9439-81ef53b7b458 0.072s
2025-11-22 03:04:24.423 66321 INFO tempest.lib.common.rest_client [req-ab5f5156-e9ce-4a39-8e89-c8355dc9e701 req-ab5f5156-e9ce-4a39-8e89-c8355dc9e701 ] Request (ServersAdminNegativeTestJSON:tearDownClass): 200 GET http://10.180.1.21/compute/v2.1/servers/9ee9757b-4a98-41d8-a340-80219abb0779 0.060s
2025-11-22 03:04:24.464 66343 INFO tempest.lib.common.rest_client [req-abf4cdd6-976c-4715-969f-6141ea134215 req-abf4cdd6-976c-4715-969f-6141ea134215 ] Request (DeleteServersTestJSON:test_delete_server_while_in_attached_volume): 200 GET http://10.180.1.21/compute/v2.1/servers/cbebb084-cd58-449e-9704-a80de049cec9 0.055s
2025-11-22 03:04:24.497 66357 INFO tempest.lib.common.rest_client [req-ab4a2015-4343-4140-8029-ec50a6094bf7 req-ab4a2015-4343-4140-8029-ec50a6094bf7 ] Request (SecurityGroupsTestJSON:tearDownClass): 200 GET http://10.180.1.21/compute/v2.1/servers/18eb0418-c618-4f28-ad02-7c26aa50762f 0.057s
2025-11-22 03:04:24.529 66359 INFO tempest.lib.common.rest_client [req-d340e941-3e49-4d6a-9b32-67d2151c873a req-d340e941-3e49-4d6a-9b32-67d2151c873a ] Request (InstanceActionsTestJSON:tearDownClass): 200 PUT http://10.180.1.21/networking/v2.0/routers/6d0832b5-11f2-43cd-a515-b9e03a839ab0/remove_router_interface 0.730s
2025-11-22 03:04:24.567 66361 INFO tempest.lib.common.rest_client [req-496ad915-ca35-492c-ac7f-09dfa29ce4fc req-496ad915-ca35-492c-ac7f-09dfa29ce4fc ] Request (ServerShowV247Test:test_update_rebuild_list_server): 200 GET http://10.180.1.21/compute/v2.1/servers/0eb3817f-1039-44b8-bfba-9632d473f950 0.056s
2025-11-22 03:04:24.690 66353 INFO tempest.lib.common.rest_client [req-20d4f3b6-bcd2-4eae-8f98-185cebaf270f req-20d4f3b6-bcd2-4eae-8f98-185cebaf270f ] Request (ServersListShow2100Test:tearDownClass): 200 GET http://10.180.1.21/compute/v2.1/servers/c73a7667-eee3-4660-a4d2-d40266061593 0.079s
2025-11-22 03:04:24.779 66371 INFO tempest.lib.common.rest_client [req-a31fe428-cb0c-476e-9816-e64a54d41ccc req-a31fe428-cb0c-476e-9816-e64a54d41ccc ] Request (MigrationsAdminTest:tearDownClass): 200 GET http://10.180.1.21/compute/v2.1/servers/ef0aa213-4350-4015-b418-0f816502ba8f 0.066s
2025-11-22 03:04:24.856 66329 INFO tempest.lib.common.rest_client [req-66faf960-dc85-4657-9f46-18158cffd9eb req-66faf960-dc85-4657-9f46-18158cffd9eb ] Request (ServersNegativeTestJSON:setUpClass): 200 GET http://10.180.1.21/compute/v2.1/servers/0f356edf-161f-40f4-af70-5e35824c0464 0.071s
2025-11-22 03:04:24.947 66349 INFO tempest.lib.common.rest_client [req-108e07c4-ee2f-4d10-8434-ba0b2df4ca20 req-108e07c4-ee2f-4d10-8434-ba0b2df4ca20 ] Request (ServerRescueTestJSON:setUpClass): 200 GET http://10.180.1.21/compute/v2.1/servers/f496e459-d601-49e2-85cf-0b2fee0d00df 0.064s
2025-11-22 03:04:24.954 66359 INFO tempest.lib.common.rest_client [req-aed6b9df-9f26-4922-b907-4c6fa7d4d06d req-aed6b9df-9f26-4922-b907-4c6fa7d4d06d ] Request (InstanceActionsTestJSON:tearDownClass): 204 DELETE http://10.180.1.21/networking/v2.0/routers/6d0832b5-11f2-43cd-a515-b9e03a839ab0 0.425s
2025-11-22 03:04:24.977 66379 INFO tempest.lib.common.rest_client [req-4bc24a83-d98c-4d26-b596-d91cad5c0392 req-4bc24a83-d98c-4d26-b596-d91cad5c0392 ] Request (AttachVolumeShelveTestJSON:test_attach_volume_shelved_or_offload_server): 200 GET http://10.180.1.21/compute/v2.1/servers/dd1ff284-3f6d-4508-a60c-117d44728108 0.162s
2025-11-22 03:04:25.010 66325 INFO tempest.lib.common.rest_client [req-4cd5af7c-0929-468d-bbba-231c5bd26dc2 req-4cd5af7c-0929-468d-bbba-231c5bd26dc2 ] Request (AttachInterfacesTestJSON:test_create_list_show_delete_interfaces_by_network_port): 200 GET http://10.180.1.21/compute/v2.1/servers/60f0a6a7-c112-46c0-858f-f061207e9ed1 0.076s
2025-11-22 03:04:25.038 66355 INFO tempest.lib.common.rest_client [req-101136f4-15a1-41cd-965d-af9e692167b6 req-101136f4-15a1-41cd-965d-af9e692167b6 ] Request (ServersTestJSON:_run_cleanups): 200 GET http://10.180.1.21/compute/v2.1/servers/c8069dff-14e3-49c8-8eca-ee742e6b0e00 0.090s
2025-11-22 03:04:25.069 66331 INFO tempest.lib.common.rest_client [req-b3b94a4e-179f-4c9f-8767-845064e3b7a0 req-b3b94a4e-179f-4c9f-8767-845064e3b7a0 ] Request (VolumesAdminNegativeTest:test_update_attached_volume_with_nonexistent_volume_in_uri): 200 GET http://10.180.1.21/compute/v2.1/servers/c19e19cb-ca73-4655-9694-21c5f1cff602 0.086s
2025-11-22 03:04:25.111 66359 INFO tempest.lib.common.rest_client [req-e8dc9361-076b-4bef-997a-5fe5e5552b4b req-e8dc9361-076b-4bef-997a-5fe5e5552b4b ] Request (InstanceActionsTestJSON:tearDownClass): 204 DELETE http://10.180.1.21/networking/v2.0/subnets/ddffbaef-aed4-458a-b60c-f36ebaabbac2 0.156s
2025-11-22 03:04:25.111 66375 INFO tempest.lib.common.rest_client [req-8d05cb55-8f4c-4919-9d05-c77878a3b176 req-8d05cb55-8f4c-4919-9d05-c77878a3b176 ] Request (ServersTestMultiNic:test_verify_multiple_nics_order): 200 GET http://10.180.1.21/compute/v2.1/servers/5d2e8623-ec76-4a0b-a020-6c20fdd79ddc 0.064s
2025-11-22 03:04:25.235 66369 INFO tempest.lib.common.rest_client [req-0e803d5e-c372-47e9-bdb7-8b2cfa99a523 req-0e803d5e-c372-47e9-bdb7-8b2cfa99a523 ] Request (ServerActionsTestOtherB:_run_cleanups): 200 GET http://10.180.1.21/compute/v2.1/servers/58dd0223-5d87-4d72-bca6-63015528094a 0.066s
2025-11-22 03:04:25.247 66327 INFO tempest.lib.common.rest_client [req-8e9531a9-82b7-408c-8654-1297a08ee20f req-8e9531a9-82b7-408c-8654-1297a08ee20f ] Request (ListImageFiltersTestJSON:tearDownClass): 200 GET http://10.180.1.21/compute/v2.1/servers/37711353-a7d2-495a-8cdd-3c84fc5b23ea 0.061s
2025-11-22 03:04:25.268 66317 INFO tempest.lib.common.rest_client [req-1dedd1b1-45d3-4572-8c4b-d4e58b6f9ce0 req-1dedd1b1-45d3-4572-8c4b-d4e58b6f9ce0 ] Request (ServersAdminTestJSON:tearDownClass): 404 GET http://10.180.1.21/compute/v2.1/servers/5215f498-1b85-4f70-872b-25845ee764ff 0.033s
2025-11-22 03:04:25.328 66347 INFO tempest.lib.common.rest_client [req-1ce6f5da-ff46-431d-8d83-b11256af98dc req-1ce6f5da-ff46-431d-8d83-b11256af98dc ] Request (ServerMetadataTestJSON:tearDownClass): 200 GET http://10.180.1.21/compute/v2.1/servers/13fc113f-1f25-44f3-bd6e-b35310a349d4 0.066s
2025-11-22 03:04:25.361 66317 INFO tempest.lib.common.rest_client [req-3198274c-6c65-47b6-aa5b-d80226fa2444 req-3198274c-6c65-47b6-aa5b-d80226fa2444 ] Request (ServersAdminTestJSON:tearDownClass): 204 DELETE http://10.180.1.21/compute/v2.1/servers/3631498e-ec04-4376-ba7a-a2c95d5fd806 0.092s
2025-11-22 03:04:25.396 66359 INFO tempest.lib.common.rest_client [req-060a0fac-b037-41fb-afc5-5758ebfa096b req-060a0fac-b037-41fb-afc5-5758ebfa096b ] Request (InstanceActionsTestJSON:tearDownClass): 204 DELETE http://10.180.1.21/networking/v2.0/networks/42b8a037-24f5-4fc4-8b90-a8d06eb657fb 0.284s
2025-11-22 03:04:25.410 66339 INFO tempest.lib.common.rest_client [req-08da0743-0a9e-450b-8268-81116d51536c req-08da0743-0a9e-450b-8268-81116d51536c ] Request (ServerActionsTestJSON:test_rebuild_server): 200 GET http://10.180.1.21/compute/v2.1/servers/a567921f-d68b-40a0-80ab-e3db4980e86e 0.126s
2025-11-22 03:04:25.426 66377 INFO tempest.lib.common.rest_client [req-ca55f39b-687c-4203-a207-5e7e59d9ffc8 req-ca55f39b-687c-4203-a207-5e7e59d9ffc8 ] Request (ImagesTestJSON:test_create_server_from_snapshot): 200 GET http://10.180.1.21/compute/v2.1/servers/782796e9-d1db-4736-a9ec-a45a3bbccebb 0.092s
2025-11-22 03:04:25.479 66319 INFO tempest.lib.common.rest_client [req-f2497804-84e2-4d40-8efe-05bc3d090996 req-f2497804-84e2-4d40-8efe-05bc3d090996 ] Request (ImagesOneServerNegativeTestJSON:tearDownClass): 200 GET http://10.180.1.21/compute/v2.1/servers/416b3c7a-5a54-4622-9439-81ef53b7b458 0.134s
2025-11-22 03:04:25.539 66359 INFO tempest.lib.common.rest_client [req-fcb2283f-f4ee-445a-9da8-257881b5cd18 req-fcb2283f-f4ee-445a-9da8-257881b5cd18 ] Request (InstanceActionsTestJSON:tearDownClass): 204 DELETE http://10.180.1.21/identity/v3/users/39f2b9e35f7f4a959045de391fa61490 0.142s
2025-11-22 03:04:25.539 66359 INFO tempest.lib.common.dynamic_creds [-] Deleting project and security group for project: 4ffc352fe7e5457fbd5c39db2d6e42cb
2025-11-22 03:04:25.563 66321 INFO tempest.lib.common.rest_client [req-3633f8f9-0d4b-47e6-b43b-00d80df677f7 req-3633f8f9-0d4b-47e6-b43b-00d80df677f7 ] Request (ServersAdminNegativeTestJSON:tearDownClass): 200 GET http://10.180.1.21/compute/v2.1/servers/9ee9757b-4a98-41d8-a340-80219abb0779 0.132s
2025-11-22 03:04:25.584 66359 INFO tempest.lib.common.rest_client [req-cb055243-23fd-4cbe-b68c-b36f5d7d9af3 req-cb055243-23fd-4cbe-b68c-b36f5d7d9af3 ] Request (InstanceActionsTestJSON:tearDownClass): 200 GET http://10.180.1.21/networking/v2.0/security-groups?tenant_id=4ffc352fe7e5457fbd5c39db2d6e42cb&name=default 0.045s
2025-11-22 03:04:25.596 66317 INFO tempest.lib.common.rest_client [req-f734fbd1-50fc-477b-85c4-c5449a6fa9c4 req-f734fbd1-50fc-477b-85c4-c5449a6fa9c4 ] Request (ServersAdminTestJSON:tearDownClass): 200 GET http://10.180.1.21/compute/v2.1/servers/3631498e-ec04-4376-ba7a-a2c95d5fd806 0.235s
2025-11-22 03:04:25.623 66343 INFO tempest.lib.common.rest_client [req-2cfd315c-220f-4295-af54-0230c305679e req-2cfd315c-220f-4295-af54-0230c305679e ] Request (DeleteServersTestJSON:test_delete_server_while_in_attached_volume): 200 GET http://10.180.1.21/compute/v2.1/servers/cbebb084-cd58-449e-9704-a80de049cec9 0.148s
2025-11-22 03:04:25.632 66343 INFO tempest.common.waiters [-] State transition "ACTIVE/deleting" ==> "DELETED/None" after 6 second wait
2025-11-22 03:04:25.659 66357 INFO tempest.lib.common.rest_client [req-a520d70d-59da-4477-ab2e-1edee742fc4b req-a520d70d-59da-4477-ab2e-1edee742fc4b ] Request (SecurityGroupsTestJSON:tearDownClass): 200 GET http://10.180.1.21/compute/v2.1/servers/18eb0418-c618-4f28-ad02-7c26aa50762f 0.154s
2025-11-22 03:04:25.676 66361 INFO tempest.lib.common.rest_client [req-6e1aa097-a6a2-4c08-86e1-11aef9915809 req-6e1aa097-a6a2-4c08-86e1-11aef9915809 ] Request (ServerShowV247Test:test_update_rebuild_list_server): 200 GET http://10.180.1.21/compute/v2.1/servers/0eb3817f-1039-44b8-bfba-9632d473f950 0.100s
2025-11-22 03:04:25.679 66359 INFO tempest.lib.common.rest_client [req-b151ad40-1df0-49eb-b9d2-92226c71c606 req-b151ad40-1df0-49eb-b9d2-92226c71c606 ] Request (InstanceActionsTestJSON:tearDownClass): 204 DELETE http://10.180.1.21/networking/v2.0/security-groups/82626dd0-9ede-4ef1-afac-023f50203a13 0.094s
2025-11-22 03:04:25.766 66359 INFO tempest.lib.common.rest_client [req-5ab38439-8dbd-4a24-87c2-84cef059c00d req-5ab38439-8dbd-4a24-87c2-84cef059c00d ] Request (InstanceActionsTestJSON:tearDownClass): 204 DELETE http://10.180.1.21/identity/v3/projects/4ffc352fe7e5457fbd5c39db2d6e42cb 0.087s
2025-11-22 03:04:25.768 66359 INFO tempest.test [-] raised in ServerStableDeviceRescueTest.setUpClass. Invoking tearDownClass.
2025-11-22 03:04:25.770 66359 INFO tempest.test [-] raised in AttachVolumeMultiAttachTest.setUpClass. Invoking tearDownClass.
2025-11-22 03:04:25.780 66353 INFO tempest.lib.common.rest_client [req-2ba6c093-562d-4793-bdb6-65b8ff537964 req-2ba6c093-562d-4793-bdb6-65b8ff537964 ] Request (ServersListShow2100Test:tearDownClass): 200 GET http://10.180.1.21/compute/v2.1/servers/c73a7667-eee3-4660-a4d2-d40266061593 0.072s
2025-11-22 03:04:25.858 66371 INFO tempest.lib.common.rest_client [req-8f89c5e5-29f7-4f78-96ce-9d981a0153f7 req-8f89c5e5-29f7-4f78-96ce-9d981a0153f7 ] Request (MigrationsAdminTest:tearDownClass): 200 GET http://10.180.1.21/compute/v2.1/servers/ef0aa213-4350-4015-b418-0f816502ba8f 0.070s
2025-11-22 03:04:25.865 66371 INFO tempest.common.waiters [-] State transition "ACTIVE/deleting" ==> "DELETED/None" after 4 second wait
2025-11-22 03:04:25.949 66329 INFO tempest.lib.common.rest_client [req-2b9c14c3-fdd3-41c6-bec5-644c978e4f90 req-2b9c14c3-fdd3-41c6-bec5-644c978e4f90 ] Request (ServersNegativeTestJSON:setUpClass): 200 GET http://10.180.1.21/compute/v2.1/servers/0f356edf-161f-40f4-af70-5e35824c0464 0.082s
2025-11-22 03:04:26.029 66349 INFO tempest.lib.common.rest_client [req-c0bd64de-47e2-42fb-afe8-9f2b18aa4b33 req-c0bd64de-47e2-42fb-afe8-9f2b18aa4b33 ] Request (ServerRescueTestJSON:setUpClass): 200 GET http://10.180.1.21/compute/v2.1/servers/f496e459-d601-49e2-85cf-0b2fee0d00df 0.071s
2025-11-22 03:04:26.083 66325 INFO tempest.lib.common.rest_client [req-ea9a5db6-d547-45b9-b776-32c19751ce5f req-ea9a5db6-d547-45b9-b776-32c19751ce5f ] Request (AttachInterfacesTestJSON:test_create_list_show_delete_interfaces_by_network_port): 200 GET http://10.180.1.21/compute/v2.1/servers/60f0a6a7-c112-46c0-858f-f061207e9ed1 0.065s
2025-11-22 03:04:26.105 66379 INFO tempest.lib.common.rest_client [req-fe2630da-0085-4398-90ad-2a4120af93b0 req-fe2630da-0085-4398-90ad-2a4120af93b0 ] Request (AttachVolumeShelveTestJSON:test_attach_volume_shelved_or_offload_server): 200 GET http://10.180.1.21/compute/v2.1/servers/dd1ff284-3f6d-4508-a60c-117d44728108 0.118s
2025-11-22 03:04:26.144 66355 INFO tempest.lib.common.rest_client [req-06878af3-60f3-4751-b97a-4bfc1225f253 req-06878af3-60f3-4751-b97a-4bfc1225f253 ] Request (ServersTestJSON:_run_cleanups): 200 GET http://10.180.1.21/compute/v2.1/servers/c8069dff-14e3-49c8-8eca-ee742e6b0e00 0.096s
2025-11-22 03:04:26.156 66331 INFO tempest.lib.common.rest_client [req-50937597-9797-4d4a-9daa-643a205bbf36 req-50937597-9797-4d4a-9daa-643a205bbf36 ] Request (VolumesAdminNegativeTest:test_update_attached_volume_with_nonexistent_volume_in_uri): 200 GET http://10.180.1.21/compute/v2.1/servers/c19e19cb-ca73-4655-9694-21c5f1cff602 0.078s
2025-11-22 03:04:26.189 66375 INFO tempest.lib.common.rest_client [req-682d9a22-cfb2-4b3e-9392-4b2f0b2868d2 req-682d9a22-cfb2-4b3e-9392-4b2f0b2868d2 ] Request (ServersTestMultiNic:test_verify_multiple_nics_order): 200 GET http://10.180.1.21/compute/v2.1/servers/5d2e8623-ec76-4a0b-a020-6c20fdd79ddc 0.069s
2025-11-22 03:04:26.301 66369 INFO tempest.lib.common.rest_client [req-65ec439b-505a-49fe-821a-274392f02c44 req-65ec439b-505a-49fe-821a-274392f02c44 ] Request (ServerActionsTestOtherB:_run_cleanups): 200 GET http://10.180.1.21/compute/v2.1/servers/58dd0223-5d87-4d72-bca6-63015528094a 0.057s
2025-11-22 03:04:26.309 66327 INFO tempest.lib.common.rest_client [req-1ef39f7d-74a7-4246-ac88-9df1f09a32cb req-1ef39f7d-74a7-4246-ac88-9df1f09a32cb ] Request (ListImageFiltersTestJSON:tearDownClass): 200 GET http://10.180.1.21/compute/v2.1/servers/37711353-a7d2-495a-8cdd-3c84fc5b23ea 0.054s
2025-11-22 03:04:26.393 66347 INFO tempest.lib.common.rest_client [req-6f568282-1808-463b-bcde-bea22bcf9dbc req-6f568282-1808-463b-bcde-bea22bcf9dbc ] Request (ServerMetadataTestJSON:tearDownClass): 200 GET http://10.180.1.21/compute/v2.1/servers/13fc113f-1f25-44f3-bd6e-b35310a349d4 0.057s
2025-11-22 03:04:26.475 66339 INFO tempest.lib.common.rest_client [req-b0218a71-a797-4f8d-86d1-ae66b43654af req-b0218a71-a797-4f8d-86d1-ae66b43654af ] Request (ServerActionsTestJSON:test_rebuild_server): 200 GET http://10.180.1.21/compute/v2.1/servers/a567921f-d68b-40a0-80ab-e3db4980e86e 0.054s
2025-11-22 03:04:26.488 66377 INFO tempest.lib.common.rest_client [req-23c8e14c-50ff-4fb7-83aa-6ddf372a6d69 req-23c8e14c-50ff-4fb7-83aa-6ddf372a6d69 ] Request (ImagesTestJSON:test_create_server_from_snapshot): 200 GET http://10.180.1.21/compute/v2.1/servers/782796e9-d1db-4736-a9ec-a45a3bbccebb 0.051s
2025-11-22 03:04:26.552 66319 INFO tempest.lib.common.rest_client [req-684f9d03-b1d7-4d19-9e9d-2feca81f0cf8 req-684f9d03-b1d7-4d19-9e9d-2feca81f0cf8 ] Request (ImagesOneServerNegativeTestJSON:tearDownClass): 200 GET http://10.180.1.21/compute/v2.1/servers/416b3c7a-5a54-4622-9439-81ef53b7b458 0.060s
2025-11-22 03:04:26.639 66321 INFO tempest.lib.common.rest_client [req-1c12e0e7-0a30-4644-bd8d-a8d4d0d6e297 req-1c12e0e7-0a30-4644-bd8d-a8d4d0d6e297 ] Request (ServersAdminNegativeTestJSON:tearDownClass): 200 GET http://10.180.1.21/compute/v2.1/servers/9ee9757b-4a98-41d8-a340-80219abb0779 0.068s
2025-11-22 03:04:26.698 66343 INFO tempest.lib.common.rest_client [req-045a7994-2eb1-4c94-b015-cf23cd70e983 req-045a7994-2eb1-4c94-b015-cf23cd70e983 ] Request (DeleteServersTestJSON:test_delete_server_while_in_attached_volume): 200 GET http://10.180.1.21/compute/v2.1/servers/cbebb084-cd58-449e-9704-a80de049cec9 0.065s
2025-11-22 03:04:26.753 66357 INFO tempest.lib.common.rest_client [req-e07852b4-77b8-4ff8-86d9-92fc078bd7db req-e07852b4-77b8-4ff8-86d9-92fc078bd7db ] Request (SecurityGroupsTestJSON:tearDownClass): 200 GET http://10.180.1.21/compute/v2.1/servers/18eb0418-c618-4f28-ad02-7c26aa50762f 0.084s
2025-11-22 03:04:26.765 66317 INFO tempest.lib.common.rest_client [req-65fb3066-ab95-4eca-bdc3-f952e9980f8f req-65fb3066-ab95-4eca-bdc3-f952e9980f8f ] Request (ServersAdminTestJSON:tearDownClass): 200 GET http://10.180.1.21/compute/v2.1/servers/3631498e-ec04-4376-ba7a-a2c95d5fd806 0.156s
2025-11-22 03:04:26.804 66361 INFO tempest.lib.common.rest_client [req-1695e4e3-a59d-4606-be59-d94f932bcb7d req-1695e4e3-a59d-4606-be59-d94f932bcb7d ] Request (ServerShowV247Test:test_update_rebuild_list_server): 200 GET http://10.180.1.21/compute/v2.1/servers/0eb3817f-1039-44b8-bfba-9632d473f950 0.118s
2025-11-22 03:04:26.863 66353 INFO tempest.lib.common.rest_client [req-ce5f856e-652c-4872-938c-8b4a3fe83da7 req-ce5f856e-652c-4872-938c-8b4a3fe83da7 ] Request (ServersListShow2100Test:tearDownClass): 200 GET http://10.180.1.21/compute/v2.1/servers/c73a7667-eee3-4660-a4d2-d40266061593 0.071s
2025-11-22 03:04:26.934 66371 INFO tempest.lib.common.rest_client [req-507dfd23-ebb2-4fb3-b95a-a419fd7f64d2 req-507dfd23-ebb2-4fb3-b95a-a419fd7f64d2 ] Request (MigrationsAdminTest:tearDownClass): 200 GET http://10.180.1.21/compute/v2.1/servers/ef0aa213-4350-4015-b418-0f816502ba8f 0.068s
2025-11-22 03:04:27.010 66329 INFO tempest.lib.common.rest_client [req-613fb6d4-4fbd-4ed6-9eb2-8d33c4dade3e req-613fb6d4-4fbd-4ed6-9eb2-8d33c4dade3e ] Request (ServersNegativeTestJSON:setUpClass): 200 GET http://10.180.1.21/compute/v2.1/servers/0f356edf-161f-40f4-af70-5e35824c0464 0.052s
2025-11-22 03:04:27.089 66349 INFO tempest.lib.common.rest_client [req-88d49b3c-107f-452b-bd37-dc6f461239bb req-88d49b3c-107f-452b-bd37-dc6f461239bb ] Request (ServerRescueTestJSON:setUpClass): 200 GET http://10.180.1.21/compute/v2.1/servers/f496e459-d601-49e2-85cf-0b2fee0d00df 0.052s
2025-11-22 03:04:27.142 66325 INFO tempest.lib.common.rest_client [req-c59f9bb3-9fcd-426a-9434-e861915bc147 req-c59f9bb3-9fcd-426a-9434-e861915bc147 ] Request (AttachInterfacesTestJSON:test_create_list_show_delete_interfaces_by_network_port): 200 GET http://10.180.1.21/compute/v2.1/servers/60f0a6a7-c112-46c0-858f-f061207e9ed1 0.050s
2025-11-22 03:04:27.176 66355 INFO tempest.lib.common.rest_client [req-6832c34d-9ff4-44ce-b757-9bd1c86f552f req-6832c34d-9ff4-44ce-b757-9bd1c86f552f ] Request (ServersTestJSON:_run_cleanups): 404 GET http://10.180.1.21/compute/v2.1/servers/c8069dff-14e3-49c8-8eca-ee742e6b0e00 0.024s
2025-11-22 03:04:27.223 66331 INFO tempest.lib.common.rest_client [req-b5620b90-0884-40e5-be1b-5caf392ec287 req-b5620b90-0884-40e5-be1b-5caf392ec287 ] Request (VolumesAdminNegativeTest:test_update_attached_volume_with_nonexistent_volume_in_uri): 200 GET http://10.180.1.21/compute/v2.1/servers/c19e19cb-ca73-4655-9694-21c5f1cff602 0.060s
2025-11-22 03:04:27.225 66379 INFO tempest.lib.common.rest_client [req-82e4ca17-6475-41e8-80ad-c6984d27bb95 req-82e4ca17-6475-41e8-80ad-c6984d27bb95 ] Request (AttachVolumeShelveTestJSON:test_attach_volume_shelved_or_offload_server): 200 GET http://10.180.1.21/compute/v2.1/servers/dd1ff284-3f6d-4508-a60c-117d44728108 0.111s
2025-11-22 03:04:27.241 66355 INFO tempest.lib.common.rest_client [req-1c9812ac-3bbf-4ce5-beb3-e1ac04f15250 req-1c9812ac-3bbf-4ce5-beb3-e1ac04f15250 ] Request (ServersTestJSON:_run_cleanups): 202 DELETE http://10.180.1.21/compute/v2.1/os-keypairs/tempest-key-2549351 0.065s
2025-11-22 03:04:27.282 66375 INFO tempest.lib.common.rest_client [req-2b9d0762-bf68-4aed-909a-7ec7839c701d req-2b9d0762-bf68-4aed-909a-7ec7839c701d ] Request (ServersTestMultiNic:test_verify_multiple_nics_order): 200 GET http://10.180.1.21/compute/v2.1/servers/5d2e8623-ec76-4a0b-a020-6c20fdd79ddc 0.085s
2025-11-22 03:04:27.310 66355 INFO tempest.lib.common.rest_client [req-39d0a189-36ef-4817-962c-2868be6aaff4 req-39d0a189-36ef-4817-962c-2868be6aaff4 ] Request (ServersTestJSON:test_create_with_existing_server_name): 201 POST http://10.180.1.21/identity/v3/auth/tokens 0.064s
2025-11-22 03:04:27.310 66355 INFO tempest.lib.common.fixed_network [-] (ServersTestJSON:test_create_with_existing_server_name) Found network {'id': '60d3ef35-9a4d-4d0d-9d3e-25a9020bb9a0', 'name': 'tempest-ServersTestJSON-1085961552-network', 'tenant_id': 'a7fa83950cac435ba99a172ee1cbbfa3', 'project_id': 'a7fa83950cac435ba99a172ee1cbbfa3', 'admin_state_up': True, 'mtu': 8950, 'status': 'ACTIVE', 'subnets': [], 'shared': False, 'port_security_enabled': True, 'router:external': False, 'provider:network_type': 'vlan', 'provider:physical_network': 'default', 'provider:segmentation_id': 856, 'availability_zone_hints': [], 'availability_zones': [], 'ipv4_address_scope': None, 'ipv6_address_scope': None, 'description': '', 'tags': [], 'created_at': '2025-11-22T03:01:00Z', 'updated_at': '2025-11-22T03:01:00Z', 'revision_number': 1} available for tenant
2025-11-22 03:04:27.382 66369 INFO tempest.lib.common.rest_client [req-abf1b771-353e-46ff-a5b9-19514ef68c56 req-abf1b771-353e-46ff-a5b9-19514ef68c56 ] Request (ServerActionsTestOtherB:_run_cleanups): 200 GET http://10.180.1.21/compute/v2.1/servers/58dd0223-5d87-4d72-bca6-63015528094a 0.071s
2025-11-22 03:04:27.446 66327 INFO tempest.lib.common.rest_client [req-dd7d7460-fbbf-4a59-98bc-649aa64db832 req-dd7d7460-fbbf-4a59-98bc-649aa64db832 ] Request (ListImageFiltersTestJSON:tearDownClass): 200 GET http://10.180.1.21/compute/v2.1/servers/37711353-a7d2-495a-8cdd-3c84fc5b23ea 0.130s
2025-11-22 03:04:27.504 66347 INFO tempest.lib.common.rest_client [req-d946f86f-bb6c-476d-be82-4166c1964a25 req-d946f86f-bb6c-476d-be82-4166c1964a25 ] Request (ServerMetadataTestJSON:tearDownClass): 200 GET http://10.180.1.21/compute/v2.1/servers/13fc113f-1f25-44f3-bd6e-b35310a349d4 0.101s
2025-11-22 03:04:27.576 66339 INFO tempest.lib.common.rest_client [req-d704597f-c88e-4859-a860-3abc92fd30c4 req-d704597f-c88e-4859-a860-3abc92fd30c4 ] Request (ServerActionsTestJSON:test_rebuild_server): 200 GET http://10.180.1.21/compute/v2.1/servers/a567921f-d68b-40a0-80ab-e3db4980e86e 0.091s
2025-11-22 03:04:27.629 66355 INFO tempest.lib.common.rest_client [req-5f521a2f-00c7-47f3-9288-f9e60c2ebf2f req-5f521a2f-00c7-47f3-9288-f9e60c2ebf2f ] Request (ServersTestJSON:test_create_with_existing_server_name): 202 POST http://10.180.1.21/compute/v2.1/servers 0.318s
2025-11-22 03:04:27.629 66377 INFO tempest.lib.common.rest_client [req-d1cc3264-b6de-4195-b248-de4aadb5abd5 req-d1cc3264-b6de-4195-b248-de4aadb5abd5 ] Request (ImagesTestJSON:test_create_server_from_snapshot): 200 GET http://10.180.1.21/compute/v2.1/servers/782796e9-d1db-4736-a9ec-a45a3bbccebb 0.133s
2025-11-22 03:04:27.679 66355 INFO tempest.lib.common.rest_client [req-8ea37fb5-f03c-44c2-b6a7-81190e73cd86 req-8ea37fb5-f03c-44c2-b6a7-81190e73cd86 ] Request (ServersTestJSON:test_create_with_existing_server_name): 200 GET http://10.180.1.21/compute/v2.1/servers/404c7350-8c65-4e01-919f-31ed1a1cfe22 0.048s
2025-11-22 03:04:27.703 66319 INFO tempest.lib.common.rest_client [req-6bb95df4-8df0-42b0-ab5d-9a5fff8a94fb req-6bb95df4-8df0-42b0-ab5d-9a5fff8a94fb ] Request (ImagesOneServerNegativeTestJSON:tearDownClass): 200 GET http://10.180.1.21/compute/v2.1/servers/416b3c7a-5a54-4622-9439-81ef53b7b458 0.141s
2025-11-22 03:04:27.760 66321 INFO tempest.lib.common.rest_client [req-d471a9e2-5d2a-4f98-b1fe-2c279ba128e6 req-d471a9e2-5d2a-4f98-b1fe-2c279ba128e6 ] Request (ServersAdminNegativeTestJSON:tearDownClass): 200 GET http://10.180.1.21/compute/v2.1/servers/9ee9757b-4a98-41d8-a340-80219abb0779 0.114s
2025-11-22 03:04:27.784 66343 INFO tempest.lib.common.rest_client [req-05a339ba-307f-4a16-bd34-a3683ff80f46 req-05a339ba-307f-4a16-bd34-a3683ff80f46 ] Request (DeleteServersTestJSON:test_delete_server_while_in_attached_volume): 200 GET http://10.180.1.21/compute/v2.1/servers/cbebb084-cd58-449e-9704-a80de049cec9 0.077s
2025-11-22 03:04:27.833 66317 INFO tempest.lib.common.rest_client [req-f30b23be-6364-4ae3-a80b-bf0488286a1a req-f30b23be-6364-4ae3-a80b-bf0488286a1a ] Request (ServersAdminTestJSON:tearDownClass): 200 GET http://10.180.1.21/compute/v2.1/servers/3631498e-ec04-4376-ba7a-a2c95d5fd806 0.061s
2025-11-22 03:04:27.837 66357 INFO tempest.lib.common.rest_client [req-99d19414-2103-408b-bb60-0ac5e5e2a8c9 req-99d19414-2103-408b-bb60-0ac5e5e2a8c9 ] Request (SecurityGroupsTestJSON:tearDownClass): 200 GET http://10.180.1.21/compute/v2.1/servers/18eb0418-c618-4f28-ad02-7c26aa50762f 0.077s
2025-11-22 03:04:27.899 66361 INFO tempest.lib.common.rest_client [req-0b787870-18de-46fc-ad23-231ddcf5a1e9 req-0b787870-18de-46fc-ad23-231ddcf5a1e9 ] Request (ServerShowV247Test:test_update_rebuild_list_server): 200 GET http://10.180.1.21/compute/v2.1/servers/0eb3817f-1039-44b8-bfba-9632d473f950 0.085s
2025-11-22 03:04:27.952 66353 INFO tempest.lib.common.rest_client [req-ee464865-6773-456f-81aa-2955367a3b25 req-ee464865-6773-456f-81aa-2955367a3b25 ] Request (ServersListShow2100Test:tearDownClass): 200 GET http://10.180.1.21/compute/v2.1/servers/c73a7667-eee3-4660-a4d2-d40266061593 0.076s
2025-11-22 03:04:27.998 66371 INFO tempest.lib.common.rest_client [req-1c2b3598-5d95-4c40-bdb0-17e3d69c9082 req-1c2b3598-5d95-4c40-bdb0-17e3d69c9082 ] Request (MigrationsAdminTest:tearDownClass): 200 GET http://10.180.1.21/compute/v2.1/servers/ef0aa213-4350-4015-b418-0f816502ba8f 0.057s
2025-11-22 03:04:28.069 66329 INFO tempest.lib.common.rest_client [req-326a6d34-b074-4291-a502-c9550daddcb5 req-326a6d34-b074-4291-a502-c9550daddcb5 ] Request (ServersNegativeTestJSON:setUpClass): 200 GET http://10.180.1.21/compute/v2.1/servers/0f356edf-161f-40f4-af70-5e35824c0464 0.049s
2025-11-22 03:04:28.143 66349 INFO tempest.lib.common.rest_client [req-a72106b9-af47-4f71-84c9-bfec2749188e req-a72106b9-af47-4f71-84c9-bfec2749188e ] Request (ServerRescueTestJSON:setUpClass): 200 GET http://10.180.1.21/compute/v2.1/servers/f496e459-d601-49e2-85cf-0b2fee0d00df 0.047s
2025-11-22 03:04:28.204 66325 INFO tempest.lib.common.rest_client [req-51928b41-0a19-4b23-9110-fc3f291bbab6 req-51928b41-0a19-4b23-9110-fc3f291bbab6 ] Request (AttachInterfacesTestJSON:test_create_list_show_delete_interfaces_by_network_port): 200 GET http://10.180.1.21/compute/v2.1/servers/60f0a6a7-c112-46c0-858f-f061207e9ed1 0.055s
2025-11-22 03:04:28.288 66331 INFO tempest.lib.common.rest_client [req-f98e10f9-1d60-4dd5-aa31-d242fcef0c2a req-f98e10f9-1d60-4dd5-aa31-d242fcef0c2a ] Request (VolumesAdminNegativeTest:test_update_attached_volume_with_nonexistent_volume_in_uri): 200 GET http://10.180.1.21/compute/v2.1/servers/c19e19cb-ca73-4655-9694-21c5f1cff602 0.056s
2025-11-22 03:04:28.344 66375 INFO tempest.lib.common.rest_client [req-1b07a131-6807-424f-86fe-35f3242bb99e req-1b07a131-6807-424f-86fe-35f3242bb99e ] Request (ServersTestMultiNic:test_verify_multiple_nics_order): 200 GET http://10.180.1.21/compute/v2.1/servers/5d2e8623-ec76-4a0b-a020-6c20fdd79ddc 0.055s
2025-11-22 03:04:28.386 66379 INFO tempest.lib.common.rest_client [req-1bd173cd-20bf-4f85-be6e-90161066b764 req-1bd173cd-20bf-4f85-be6e-90161066b764 ] Request (AttachVolumeShelveTestJSON:test_attach_volume_shelved_or_offload_server): 200 GET http://10.180.1.21/compute/v2.1/servers/dd1ff284-3f6d-4508-a60c-117d44728108 0.152s
2025-11-22 03:04:28.449 66369 INFO tempest.lib.common.rest_client [req-e5389ca8-cc4f-4dd5-a7a2-2928ee8eab62 req-e5389ca8-cc4f-4dd5-a7a2-2928ee8eab62 ] Request (ServerActionsTestOtherB:_run_cleanups): 200 GET http://10.180.1.21/compute/v2.1/servers/58dd0223-5d87-4d72-bca6-63015528094a 0.059s
2025-11-22 03:04:28.508 66327 INFO tempest.lib.common.rest_client [req-de0c21fc-57d9-4730-9541-ea9cdbf91e41 req-de0c21fc-57d9-4730-9541-ea9cdbf91e41 ] Request (ListImageFiltersTestJSON:tearDownClass): 200 GET http://10.180.1.21/compute/v2.1/servers/37711353-a7d2-495a-8cdd-3c84fc5b23ea 0.054s
2025-11-22 03:04:28.567 66347 INFO tempest.lib.common.rest_client [req-4dff418f-ffe1-48c0-b76f-4fcb7b144359 req-4dff418f-ffe1-48c0-b76f-4fcb7b144359 ] Request (ServerMetadataTestJSON:tearDownClass): 200 GET http://10.180.1.21/compute/v2.1/servers/13fc113f-1f25-44f3-bd6e-b35310a349d4 0.055s
2025-11-22 03:04:28.635 66339 INFO tempest.lib.common.rest_client [req-8808e753-2a7c-4bef-a757-d6881312c657 req-8808e753-2a7c-4bef-a757-d6881312c657 ] Request (ServerActionsTestJSON:test_rebuild_server): 200 GET http://10.180.1.21/compute/v2.1/servers/a567921f-d68b-40a0-80ab-e3db4980e86e 0.049s
2025-11-22 03:04:28.685 66377 INFO tempest.lib.common.rest_client [req-f9e22765-6484-4212-807d-d6eedd26a3b0 req-f9e22765-6484-4212-807d-d6eedd26a3b0 ] Request (ImagesTestJSON:test_create_server_from_snapshot): 200 GET http://10.180.1.21/compute/v2.1/servers/782796e9-d1db-4736-a9ec-a45a3bbccebb 0.047s
2025-11-22 03:04:28.734 66355 INFO tempest.lib.common.rest_client [req-b14dfbf8-3d8e-4997-9c7a-2e8c99ca99cd req-b14dfbf8-3d8e-4997-9c7a-2e8c99ca99cd ] Request (ServersTestJSON:test_create_with_existing_server_name): 200 GET http://10.180.1.21/compute/v2.1/servers/404c7350-8c65-4e01-919f-31ed1a1cfe22 0.047s
2025-11-22 03:04:28.764 66319 INFO tempest.lib.common.rest_client [req-3719f0a4-6f26-4962-9c4b-0fe9bc68061a req-3719f0a4-6f26-4962-9c4b-0fe9bc68061a ] Request (ImagesOneServerNegativeTestJSON:tearDownClass): 200 GET http://10.180.1.21/compute/v2.1/servers/416b3c7a-5a54-4622-9439-81ef53b7b458 0.052s
2025-11-22 03:04:28.828 66321 INFO tempest.lib.common.rest_client [req-d7f24206-8073-4bb8-8a78-ed0653882428 req-d7f24206-8073-4bb8-8a78-ed0653882428 ] Request (ServersAdminNegativeTestJSON:tearDownClass): 200 GET http://10.180.1.21/compute/v2.1/servers/9ee9757b-4a98-41d8-a340-80219abb0779 0.058s
2025-11-22 03:04:28.850 66343 INFO tempest.lib.common.rest_client [req-278866e7-04ba-4305-9bd7-ea68214b10e0 req-278866e7-04ba-4305-9bd7-ea68214b10e0 ] Request (DeleteServersTestJSON:test_delete_server_while_in_attached_volume): 200 GET http://10.180.1.21/compute/v2.1/servers/cbebb084-cd58-449e-9704-a80de049cec9 0.056s
2025-11-22 03:04:28.908 66317 INFO tempest.lib.common.rest_client [req-0406a824-bfbc-4901-8516-0099d3839893 req-0406a824-bfbc-4901-8516-0099d3839893 ] Request (ServersAdminTestJSON:tearDownClass): 200 GET http://10.180.1.21/compute/v2.1/servers/3631498e-ec04-4376-ba7a-a2c95d5fd806 0.067s
2025-11-22 03:04:28.909 66357 INFO tempest.lib.common.rest_client [req-9ed24abf-b2c0-47a3-8688-912d04b08c48 req-9ed24abf-b2c0-47a3-8688-912d04b08c48 ] Request (SecurityGroupsTestJSON:tearDownClass): 200 GET http://10.180.1.21/compute/v2.1/servers/18eb0418-c618-4f28-ad02-7c26aa50762f 0.063s
2025-11-22 03:04:28.915 66317 INFO tempest.common.waiters [-] State transition "ACTIVE/deleting" ==> "DELETED/None" after 3 second wait
2025-11-22 03:04:28.956 66361 INFO tempest.lib.common.rest_client [req-42e2246e-27b2-4c17-b990-20284dc829b1 req-42e2246e-27b2-4c17-b990-20284dc829b1 ] Request (ServerShowV247Test:test_update_rebuild_list_server): 200 GET http://10.180.1.21/compute/v2.1/servers/0eb3817f-1039-44b8-bfba-9632d473f950 0.048s
2025-11-22 03:04:28.964 66361 INFO tempest.common.waiters [-] State transition "BUILD/spawning" ==> "ACTIVE/None" after 43 second wait
2025-11-22 03:04:29.032 66353 INFO tempest.lib.common.rest_client [req-b89d9bad-e86c-4404-a0eb-4a3e0c7e2943 req-b89d9bad-e86c-4404-a0eb-4a3e0c7e2943 ] Request (ServersListShow2100Test:tearDownClass): 200 GET http://10.180.1.21/compute/v2.1/servers/c73a7667-eee3-4660-a4d2-d40266061593 0.068s
2025-11-22 03:04:29.086 66371 INFO tempest.lib.common.rest_client [req-3f811203-9140-4e98-a047-863d8551a045 req-3f811203-9140-4e98-a047-863d8551a045 ] Request (MigrationsAdminTest:tearDownClass): 200 GET http://10.180.1.21/compute/v2.1/servers/ef0aa213-4350-4015-b418-0f816502ba8f 0.080s
2025-11-22 03:04:29.132 66329 INFO tempest.lib.common.rest_client [req-44fb8db8-df3a-43af-9f08-c7a6fbb8a167 req-44fb8db8-df3a-43af-9f08-c7a6fbb8a167 ] Request (ServersNegativeTestJSON:setUpClass): 200 GET http://10.180.1.21/compute/v2.1/servers/0f356edf-161f-40f4-af70-5e35824c0464 0.055s
2025-11-22 03:04:29.201 66349 INFO tempest.lib.common.rest_client [req-013fc126-8ee7-4400-9a29-9d9a1443beee req-013fc126-8ee7-4400-9a29-9d9a1443beee ] Request (ServerRescueTestJSON:setUpClass): 200 GET http://10.180.1.21/compute/v2.1/servers/f496e459-d601-49e2-85cf-0b2fee0d00df 0.050s
2025-11-22 03:04:29.263 66325 INFO tempest.lib.common.rest_client [req-dfad58d3-8e28-4c6d-8629-cd4fe72b0e30 req-dfad58d3-8e28-4c6d-8629-cd4fe72b0e30 ] Request (AttachInterfacesTestJSON:test_create_list_show_delete_interfaces_by_network_port): 200 GET http://10.180.1.21/compute/v2.1/servers/60f0a6a7-c112-46c0-858f-f061207e9ed1 0.051s
2025-11-22 03:04:29.281 66335 WARNING tempest.lib.common.ssh [-] Failed to establish authenticated ssh connection to cirros@10.180.180.141 ([Errno None] Unable to connect to port 22 on 10.180.180.141). Number attempts: 2. Retry after 3 seconds.: paramiko.ssh_exception.NoValidConnectionsError: [Errno None] Unable to connect to port 22 on 10.180.180.141
2025-11-22 03:04:29.345 66331 INFO tempest.lib.common.rest_client [req-e3083ae1-5cf3-4911-af78-e1235fcd6a23 req-e3083ae1-5cf3-4911-af78-e1235fcd6a23 ] Request (VolumesAdminNegativeTest:test_update_attached_volume_with_nonexistent_volume_in_uri): 200 GET http://10.180.1.21/compute/v2.1/servers/c19e19cb-ca73-4655-9694-21c5f1cff602 0.049s
2025-11-22 03:04:29.391 66361 INFO tempest.lib.common.rest_client [req-b433685d-c8b1-4d18-8d21-c3b21312ed05 req-b433685d-c8b1-4d18-8d21-c3b21312ed05 ] Request (ServerShowV247Test:test_update_rebuild_list_server): 202 POST http://10.180.1.21/compute/v2.1/servers/0eb3817f-1039-44b8-bfba-9632d473f950/action 0.426s
2025-11-22 03:04:29.423 66375 INFO tempest.lib.common.rest_client [req-fea746f0-2390-450a-bfde-f1dd8f4e4d94 req-fea746f0-2390-450a-bfde-f1dd8f4e4d94 ] Request (ServersTestMultiNic:test_verify_multiple_nics_order): 200 GET http://10.180.1.21/compute/v2.1/servers/5d2e8623-ec76-4a0b-a020-6c20fdd79ddc 0.072s
2025-11-22 03:04:29.482 66361 INFO tempest.lib.common.rest_client [req-b88db636-a0ff-40dc-aa47-c127a85cd2dd req-b88db636-a0ff-40dc-aa47-c127a85cd2dd ] Request (ServerShowV247Test:test_update_rebuild_list_server): 200 GET http://10.180.1.21/compute/v2.1/servers/0eb3817f-1039-44b8-bfba-9632d473f950 0.085s
2025-11-22 03:04:29.529 66379 INFO tempest.lib.common.rest_client [req-7e9faa0a-15a5-49fe-b938-d0d1291ea236 req-7e9faa0a-15a5-49fe-b938-d0d1291ea236 ] Request (AttachVolumeShelveTestJSON:test_attach_volume_shelved_or_offload_server): 200 GET http://10.180.1.21/compute/v2.1/servers/dd1ff284-3f6d-4508-a60c-117d44728108 0.132s
2025-11-22 03:04:29.571 66369 INFO tempest.lib.common.rest_client [req-7a7f6353-568d-4795-8d57-d871114ff33f req-7a7f6353-568d-4795-8d57-d871114ff33f ] Request (ServerActionsTestOtherB:_run_cleanups): 200 GET http://10.180.1.21/compute/v2.1/servers/58dd0223-5d87-4d72-bca6-63015528094a 0.114s
2025-11-22 03:04:29.591 66327 INFO tempest.lib.common.rest_client [req-e9223ebd-7038-4d49-9101-09cac7476d4a req-e9223ebd-7038-4d49-9101-09cac7476d4a ] Request (ListImageFiltersTestJSON:tearDownClass): 200 GET http://10.180.1.21/compute/v2.1/servers/37711353-a7d2-495a-8cdd-3c84fc5b23ea 0.075s
2025-11-22 03:04:29.636 66347 INFO tempest.lib.common.rest_client [req-fdcc9828-5b53-4f93-b468-0fd362649107 req-fdcc9828-5b53-4f93-b468-0fd362649107 ] Request (ServerMetadataTestJSON:tearDownClass): 200 GET http://10.180.1.21/compute/v2.1/servers/13fc113f-1f25-44f3-bd6e-b35310a349d4 0.061s
2025-11-22 03:04:29.701 66339 INFO tempest.lib.common.rest_client [req-15474f26-f9b2-4330-b144-5c065ac22f1d req-15474f26-f9b2-4330-b144-5c065ac22f1d ] Request (ServerActionsTestJSON:test_rebuild_server): 200 GET http://10.180.1.21/compute/v2.1/servers/a567921f-d68b-40a0-80ab-e3db4980e86e 0.058s
2025-11-22 03:04:29.745 66377 INFO tempest.lib.common.rest_client [req-03e71cc0-1957-4051-b71a-9416b6da88bd req-03e71cc0-1957-4051-b71a-9416b6da88bd ] Request (ImagesTestJSON:test_create_server_from_snapshot): 200 GET http://10.180.1.21/compute/v2.1/servers/782796e9-d1db-4736-a9ec-a45a3bbccebb 0.052s
2025-11-22 03:04:29.805 66355 INFO tempest.lib.common.rest_client [req-6880d4a0-b2ba-4392-b94e-0b39a7afa169 req-6880d4a0-b2ba-4392-b94e-0b39a7afa169 ] Request (ServersTestJSON:test_create_with_existing_server_name): 200 GET http://10.180.1.21/compute/v2.1/servers/404c7350-8c65-4e01-919f-31ed1a1cfe22 0.063s
2025-11-22 03:04:29.811 66355 INFO tempest.common.waiters [-] State transition "BUILD/scheduling" ==> "BUILD/None" after 2 second wait
2025-11-22 03:04:29.832 66319 INFO tempest.lib.common.rest_client [req-9b383bd2-b4f2-4969-9de1-5ec01e021583 req-9b383bd2-b4f2-4969-9de1-5ec01e021583 ] Request (ImagesOneServerNegativeTestJSON:tearDownClass): 200 GET http://10.180.1.21/compute/v2.1/servers/416b3c7a-5a54-4622-9439-81ef53b7b458 0.059s
2025-11-22 03:04:29.904 66321 INFO tempest.lib.common.rest_client [req-d8d92aa4-6397-4066-926e-41058863579e req-d8d92aa4-6397-4066-926e-41058863579e ] Request (ServersAdminNegativeTestJSON:tearDownClass): 200 GET http://10.180.1.21/compute/v2.1/servers/9ee9757b-4a98-41d8-a340-80219abb0779 0.067s
2025-11-22 03:04:29.943 66343 INFO tempest.lib.common.rest_client [req-946b9431-eaaf-4891-9e60-d30e02aae584 req-946b9431-eaaf-4891-9e60-d30e02aae584 ] Request (DeleteServersTestJSON:test_delete_server_while_in_attached_volume): 200 GET http://10.180.1.21/compute/v2.1/servers/cbebb084-cd58-449e-9704-a80de049cec9 0.084s
2025-11-22 03:04:29.975 66317 INFO tempest.lib.common.rest_client [req-ede17495-5dd1-4bc6-a0f5-589a0b652f45 req-ede17495-5dd1-4bc6-a0f5-589a0b652f45 ] Request (ServersAdminTestJSON:tearDownClass): 200 GET http://10.180.1.21/compute/v2.1/servers/3631498e-ec04-4376-ba7a-a2c95d5fd806 0.059s
2025-11-22 03:04:29.996 66357 INFO tempest.lib.common.rest_client [req-ff732239-7c1c-4def-9478-d70ef767f449 req-ff732239-7c1c-4def-9478-d70ef767f449 ] Request (SecurityGroupsTestJSON:tearDownClass): 200 GET http://10.180.1.21/compute/v2.1/servers/18eb0418-c618-4f28-ad02-7c26aa50762f 0.079s
2025-11-22 03:04:30.115 66353 INFO tempest.lib.common.rest_client [req-08a045db-267e-4a7c-a9b8-6ff41a811eb8 req-08a045db-267e-4a7c-a9b8-6ff41a811eb8 ] Request (ServersListShow2100Test:tearDownClass): 200 GET http://10.180.1.21/compute/v2.1/servers/c73a7667-eee3-4660-a4d2-d40266061593 0.070s
2025-11-22 03:04:30.157 66371 INFO tempest.lib.common.rest_client [req-045318d4-f146-4ce0-89e2-7c5b6da57a14 req-045318d4-f146-4ce0-89e2-7c5b6da57a14 ] Request (MigrationsAdminTest:tearDownClass): 200 GET http://10.180.1.21/compute/v2.1/servers/ef0aa213-4350-4015-b418-0f816502ba8f 0.061s
2025-11-22 03:04:30.187 66329 INFO tempest.lib.common.rest_client [req-ccfb957f-f933-4e85-91d2-c3b0830e61cc req-ccfb957f-f933-4e85-91d2-c3b0830e61cc ] Request (ServersNegativeTestJSON:setUpClass): 200 GET http://10.180.1.21/compute/v2.1/servers/0f356edf-161f-40f4-af70-5e35824c0464 0.047s
2025-11-22 03:04:30.262 66349 INFO tempest.lib.common.rest_client [req-4d5ba068-3155-4e40-9f7f-366897ec293c req-4d5ba068-3155-4e40-9f7f-366897ec293c ] Request (ServerRescueTestJSON:setUpClass): 200 GET http://10.180.1.21/compute/v2.1/servers/f496e459-d601-49e2-85cf-0b2fee0d00df 0.053s
2025-11-22 03:04:30.327 66325 INFO tempest.lib.common.rest_client [req-c51f7c67-030f-454f-9d6b-4bfa28b8c54b req-c51f7c67-030f-454f-9d6b-4bfa28b8c54b ] Request (AttachInterfacesTestJSON:test_create_list_show_delete_interfaces_by_network_port): 200 GET http://10.180.1.21/compute/v2.1/servers/60f0a6a7-c112-46c0-858f-f061207e9ed1 0.057s
2025-11-22 03:04:30.401 66331 INFO tempest.lib.common.rest_client [req-5858810c-16ae-46f6-91bb-87a5dcb5a224 req-5858810c-16ae-46f6-91bb-87a5dcb5a224 ] Request (VolumesAdminNegativeTest:test_update_attached_volume_with_nonexistent_volume_in_uri): 200 GET http://10.180.1.21/compute/v2.1/servers/c19e19cb-ca73-4655-9694-21c5f1cff602 0.048s
2025-11-22 03:04:30.491 66375 INFO tempest.lib.common.rest_client [req-75dcfb91-6d54-4376-ae10-79eac6f8a0bd req-75dcfb91-6d54-4376-ae10-79eac6f8a0bd ] Request (ServersTestMultiNic:test_verify_multiple_nics_order): 200 GET http://10.180.1.21/compute/v2.1/servers/5d2e8623-ec76-4a0b-a020-6c20fdd79ddc 0.054s
2025-11-22 03:04:30.552 66361 INFO tempest.lib.common.rest_client [req-21c8f0eb-641f-40fd-8271-e59b86bdc705 req-21c8f0eb-641f-40fd-8271-e59b86bdc705 ] Request (ServerShowV247Test:test_update_rebuild_list_server): 200 GET http://10.180.1.21/compute/v2.1/servers/0eb3817f-1039-44b8-bfba-9632d473f950 0.058s
2025-11-22 03:04:30.654 66379 INFO tempest.lib.common.rest_client [req-a0793264-61c7-49e2-9d15-d8b2fc8a809e req-a0793264-61c7-49e2-9d15-d8b2fc8a809e ] Request (AttachVolumeShelveTestJSON:test_attach_volume_shelved_or_offload_server): 200 GET http://10.180.1.21/compute/v2.1/servers/dd1ff284-3f6d-4508-a60c-117d44728108 0.110s
2025-11-22 03:04:30.669 66369 INFO tempest.lib.common.rest_client [req-d903c1b4-22f6-4be3-ac9b-1f55d650cc10 req-d903c1b4-22f6-4be3-ac9b-1f55d650cc10 ] Request (ServerActionsTestOtherB:_run_cleanups): 200 GET http://10.180.1.21/compute/v2.1/servers/58dd0223-5d87-4d72-bca6-63015528094a 0.091s
2025-11-22 03:04:30.713 66327 INFO tempest.lib.common.rest_client [req-a7321fde-68ea-4c07-9e2c-443e83b34491 req-a7321fde-68ea-4c07-9e2c-443e83b34491 ] Request (ListImageFiltersTestJSON:tearDownClass): 200 GET http://10.180.1.21/compute/v2.1/servers/37711353-a7d2-495a-8cdd-3c84fc5b23ea 0.114s
2025-11-22 03:04:30.728 66347 INFO tempest.lib.common.rest_client [req-f6d3e8f7-7401-41ee-ad5b-af691c4bc538 req-f6d3e8f7-7401-41ee-ad5b-af691c4bc538 ] Request (ServerMetadataTestJSON:tearDownClass): 200 GET http://10.180.1.21/compute/v2.1/servers/13fc113f-1f25-44f3-bd6e-b35310a349d4 0.083s
2025-11-22 03:04:30.764 66339 INFO tempest.lib.common.rest_client [req-fcff359e-4b3f-4720-b78b-39aaa77ebbc7 req-fcff359e-4b3f-4720-b78b-39aaa77ebbc7 ] Request (ServerActionsTestJSON:test_rebuild_server): 200 GET http://10.180.1.21/compute/v2.1/servers/a567921f-d68b-40a0-80ab-e3db4980e86e 0.054s
2025-11-22 03:04:30.868 66355 INFO tempest.lib.common.rest_client [req-ed2a2fb7-a317-4a60-935d-a4e0916ef759 req-ed2a2fb7-a317-4a60-935d-a4e0916ef759 ] Request (ServersTestJSON:test_create_with_existing_server_name): 200 GET http://10.180.1.21/compute/v2.1/servers/404c7350-8c65-4e01-919f-31ed1a1cfe22 0.055s
2025-11-22 03:04:30.894 66377 INFO tempest.lib.common.rest_client [req-1ec58221-4ac1-4a1b-97dc-d80af81a5a52 req-1ec58221-4ac1-4a1b-97dc-d80af81a5a52 ] Request (ImagesTestJSON:test_create_server_from_snapshot): 200 GET http://10.180.1.21/compute/v2.1/servers/782796e9-d1db-4736-a9ec-a45a3bbccebb 0.137s
