2025-11-22 03:01:59.030 66374 INFO tempest.lib.common.dynamic_creds [-] Deleting project and security group for project: 70eea2ccf5444150aad8ebcb15e98233
2025-11-22 03:01:59.225 66374 INFO tempest.lib.common.rest_client [req-ad02a41e-8e43-4857-ba11-077294897c2f req-ad02a41e-8e43-4857-ba11-077294897c2f ] Request (AggregatesAdminNegativeTestJSON:tearDownClass): 200 GET http://10.180.1.21/networking/v2.0/security-groups?tenant_id=70eea2ccf5444150aad8ebcb15e98233&name=default 0.195s
2025-11-22 03:01:59.262 66377 INFO tempest.lib.common.rest_client [req-2e84c1b2-7b44-4b77-b2cd-dd3f5f71c57c req-2e84c1b2-7b44-4b77-b2cd-dd3f5f71c57c ] Request (ImagesTestJSON:test_create_image_from_suspended_server): 200 GET http://10.180.1.21/compute/v2.1/servers/be6d102f-6c08-48ce-9a8c-22a43cea0dd0 2.308s
2025-11-22 03:01:59.275 66377 INFO tempest.common.waiters [-] State transition "BUILD/None" ==> "BUILD/spawning" after 15 second wait
2025-11-22 03:01:59.378 66375 INFO tempest.lib.common.rest_client [req-034ad86b-5459-4440-84c2-2ab36b9e64fe req-034ad86b-5459-4440-84c2-2ab36b9e64fe ] Request (SecurityGroupRulesNegativeTestJSON:test_create_security_group_rule_with_invalid_ip_protocol): 400 POST http://10.180.1.21/compute/v2.1/os-security-group-rules 2.263s
2025-11-22 03:01:59.477 66374 INFO tempest.lib.common.rest_client [req-ade7a777-bf2b-4347-8daf-d5f2ccca929f req-ade7a777-bf2b-4347-8daf-d5f2ccca929f ] Request (AggregatesAdminNegativeTestJSON:tearDownClass): 204 DELETE http://10.180.1.21/networking/v2.0/security-groups/56baacb6-0bc1-4e83-bdcd-a62da46a7328 0.251s
2025-11-22 03:01:59.614 66357 INFO tempest.lib.common.rest_client [req-11d9fd97-f984-445b-aa64-c42764cce937 req-11d9fd97-f984-445b-aa64-c42764cce937 ] Request (SecurityGroupsTestJSON:test_server_security_groups): 202 POST http://10.180.1.21/compute/v2.1/servers 3.068s
2025-11-22 03:01:59.647 66374 INFO tempest.lib.common.rest_client [req-9425d395-63b9-4467-b3ba-86ae3fdfdeb4 req-9425d395-63b9-4467-b3ba-86ae3fdfdeb4 ] Request (AggregatesAdminNegativeTestJSON:tearDownClass): 204 DELETE http://10.180.1.21/identity/v3/projects/70eea2ccf5444150aad8ebcb15e98233 0.170s
2025-11-22 03:01:59.648 66321 INFO tempest.lib.common.rest_client [req-bd585615-c7a9-4a8a-9670-cf0b1c305a7d req-bd585615-c7a9-4a8a-9670-cf0b1c305a7d ] Request (HypervisorAdminTestJSON:test_get_hypervisor_list): 200 GET http://10.180.1.21/compute/v2.1/os-hypervisors 2.496s
2025-11-22 03:01:59.685 66343 INFO tempest.lib.common.rest_client [req-09175bfd-18d2-4b20-b6d3-95b1870b19ff req-09175bfd-18d2-4b20-b6d3-95b1870b19ff ] Request (ServersTestBootFromVolume:tearDownClass): 404 GET http://10.180.1.21/compute/v2.1/servers/6fd039aa-5ff5-485d-b53f-6992a6d19bd9 2.113s
2025-11-22 03:01:59.751 66374 INFO tempest.lib.common.rest_client [req-0188d71e-4474-4867-a4b8-3f5f129df697 req-0188d71e-4474-4867-a4b8-3f5f129df697 ] Request (AZAdminNegativeTestJSON:setUpClass): 201 POST http://10.180.1.21/identity/v3/auth/tokens 0.100s
2025-11-22 03:01:59.797 66333 INFO tempest.lib.common.rest_client [req-fd0191a9-b33a-43db-b058-79ab72d7ae3f req-fd0191a9-b33a-43db-b058-79ab72d7ae3f ] Request (AbsoluteLimitsTestJSON:test_absLimits_get): 200 GET http://10.180.1.21/compute/v2.1/limits 2.410s
2025-11-22 03:01:59.801 66374 INFO tempest.lib.common.rest_client [req-5c3e0ba6-7e8e-46a1-9e39-d9b0e1614ebb req-5c3e0ba6-7e8e-46a1-9e39-d9b0e1614ebb ] Request (AZAdminNegativeTestJSON:setUpClass): 201 POST http://10.180.1.21/identity/v3/auth/tokens 0.043s
2025-11-22 03:01:59.825 66342 INFO tempest.lib.common.rest_client [req-a182836e-a2e8-458a-85e6-4a0b6525dae4 req-a182836e-a2e8-458a-85e6-4a0b6525dae4 ] Request (ServersAdmin275Test:tearDownClass): 204 DELETE http://10.180.1.21/compute/v2.1/servers/11ce0096-3f4a-4104-9ef4-11c3005ba824 2.137s
2025-11-22 03:01:59.847 66374 INFO tempest.lib.common.rest_client [req-c510f93d-2cf2-46eb-911a-1e4ca8e8f0c7 req-c510f93d-2cf2-46eb-911a-1e4ca8e8f0c7 ] Request (AZAdminNegativeTestJSON:setUpClass): 200 GET http://10.180.1.21/identity/v3/domains?name=Default 0.045s
2025-11-22 03:01:59.879 66371 INFO tempest.lib.common.rest_client [req-c1fb7f63-3d8e-4c55-8cf3-b40e2a3502f8 req-c1fb7f63-3d8e-4c55-8cf3-b40e2a3502f8 ] Request (MigrationsAdminTest:test_resize_server_revert_deleted_flavor): 200 GET http://10.180.1.21/compute/v2.1/servers/ef0aa213-4350-4015-b418-0f816502ba8f 2.153s
2025-11-22 03:01:59.879 66374 INFO tempest.lib.common.rest_client [req-1ecc454c-6752-46ab-8964-5ff0ea9a9ec6 req-1ecc454c-6752-46ab-8964-5ff0ea9a9ec6 ] Request (AZAdminNegativeTestJSON:setUpClass): 201 POST http://10.180.1.21/identity/v3/projects 0.031s
2025-11-22 03:01:59.891 66333 INFO tempest.lib.common.rest_client [req-3f8722c0-fb82-4394-a8c2-2df2f18462bf req-3f8722c0-fb82-4394-a8c2-2df2f18462bf ] Request (AbsoluteLimitsTestJSON:tearDownClass): 204 DELETE http://10.180.1.21/identity/v3/users/212aa1cf1d4f452991e7665b9da328c9 0.083s
2025-11-22 03:01:59.891 66333 INFO tempest.lib.common.dynamic_creds [-] Deleting project and security group for project: 77f72a38244342b2890619acf99eb5f1
2025-11-22 03:01:59.933 66329 INFO tempest.lib.common.rest_client [req-0ba973d2-ff07-4ebe-b92f-6a84dfae443d req-0ba973d2-ff07-4ebe-b92f-6a84dfae443d ] Request (ServersTestJSON:setUpClass): 200 GET http://10.180.1.21/compute/v2.1/servers/8c5e3a6d-4850-4bdb-91c0-7f81fb4d83cf 2.052s
2025-11-22 03:01:59.987 66374 INFO tempest.lib.common.rest_client [req-45a366a2-cb5f-4628-b610-22d0c7cb2551 req-45a366a2-cb5f-4628-b610-22d0c7cb2551 ] Request (AZAdminNegativeTestJSON:setUpClass): 201 POST http://10.180.1.21/identity/v3/users 0.107s
2025-11-22 03:02:00.015 66333 INFO tempest.lib.common.rest_client [req-7b4a55bb-9a20-467d-84ab-016515d437d5 req-7b4a55bb-9a20-467d-84ab-016515d437d5 ] Request (AbsoluteLimitsTestJSON:tearDownClass): 201 POST http://10.180.1.21/identity/v3/auth/tokens 0.123s
2025-11-22 03:02:00.022 66374 INFO tempest.lib.common.rest_client [req-c1a551a4-dc28-42c3-aac9-b95a7064d971 req-c1a551a4-dc28-42c3-aac9-b95a7064d971 ] Request (AZAdminNegativeTestJSON:setUpClass): 200 GET http://10.180.1.21/identity/v3/roles 0.035s
2025-11-22 03:02:00.056 66374 INFO tempest.lib.common.rest_client [req-0a03ab15-79b9-425d-9d30-6b4be6c01fcc req-0a03ab15-79b9-425d-9d30-6b4be6c01fcc ] Request (AZAdminNegativeTestJSON:setUpClass): 204 PUT http://10.180.1.21/identity/v3/projects/914eabed12394e8992a324a6c481a072/users/c42ccf387eb14036b69a72aa3c2d3d4b/roles/011de0f526aa41ffb99657ceaa1f3753 0.033s
2025-11-22 03:02:00.056 66374 INFO tempest.lib.common.dynamic_creds [-] Dynamic test user c42ccf387eb14036b69a72aa3c2d3d4b is created with scope project and roles: ['member']
2025-11-22 03:02:00.056 66374 INFO tempest.lib.common.dynamic_creds [-] Acquired dynamic creds: credentials: Credentials: {'domain_id': 'default', 'domain_name': 'Default', 'username': 'tempest-AZAdminNegativeTestJSON-423906790-project-member', 'project_domain_id': 'default', 'project_domain_name': 'Default', 'project_id': '914eabed12394e8992a324a6c481a072', 'project_name': 'tempest-AZAdminNegativeTestJSON-423906790', 'tenant_id': '914eabed12394e8992a324a6c481a072', 'tenant_name': 'tempest-AZAdminNegativeTestJSON-423906790', 'user_domain_id': 'default', 'user_domain_name': 'Default', 'user_id': 'c42ccf387eb14036b69a72aa3c2d3d4b', 'system': None}, Network: None, Subnet: None, Router: None
2025-11-22 03:02:00.056 66374 INFO tempest.lib.common.dynamic_creds [-] Created isolated network resources for: credentials: Credentials: {'domain_id': 'default', 'domain_name': 'Default', 'username': 'tempest-AZAdminNegativeTestJSON-423906790-project-member', 'project_domain_id': 'default', 'project_domain_name': 'Default', 'project_id': '914eabed12394e8992a324a6c481a072', 'project_name': 'tempest-AZAdminNegativeTestJSON-423906790', 'tenant_id': '914eabed12394e8992a324a6c481a072', 'tenant_name': 'tempest-AZAdminNegativeTestJSON-423906790', 'user_domain_id': 'default', 'user_domain_name': 'Default', 'user_id': 'c42ccf387eb14036b69a72aa3c2d3d4b', 'system': None}, Network: None, Subnet: None, Router: None
2025-11-22 03:02:00.084 66359 INFO tempest.lib.common.rest_client [req-2de7a10c-0007-4a8d-8c0b-0ff529068505 req-2de7a10c-0007-4a8d-8c0b-0ff529068505 ] Request (ServerDiagnosticsNegativeTest:test_get_server_diagnostics_by_non_admin): 200 GET http://10.180.1.21/compute/v2.1/servers/4309a91f-3783-4d28-b39c-9c3da5ffb350 2.146s
2025-11-22 03:02:00.087 66351 INFO tempest.lib.common.rest_client [req-d705c926-4420-4881-9486-45671e65665d req-d705c926-4420-4881-9486-45671e65665d ] Request (ServerGroupTestJSON:setUp): 200 POST http://10.180.1.21/compute/v2.1/os-server-groups 2.179s
2025-11-22 03:02:00.106 66335 INFO tempest.lib.common.rest_client [req-1d78c532-d9f1-4484-ae73-deaee74d002d req-1d78c532-d9f1-4484-ae73-deaee74d002d ] Request (FlavorsV2TestJSON:test_list_flavors_with_detail): 200 GET http://10.180.1.21/compute/v2.1/flavors/42 2.100s
2025-11-22 03:02:00.167 66374 INFO tempest.lib.common.rest_client [req-2c441bb2-08ae-4b6c-818a-439f8f8ab806 req-2c441bb2-08ae-4b6c-818a-439f8f8ab806 ] Request (AZAdminNegativeTestJSON:setUpClass): 201 POST http://10.180.1.21/identity/v3/auth/tokens 0.106s
2025-11-22 03:02:00.176 66365 INFO tempest.lib.common.rest_client [req-a15a6482-501a-4f35-8b25-5e661a571d8d req-a15a6482-501a-4f35-8b25-5e661a571d8d ] Request (MultipleCreateTestJSON:test_multiple_create_with_reservation_return): 200 GET http://10.180.1.21/compute/v2.1/servers/33bc95ab-e7a7-43f0-b558-39c5a39ef476 1.914s
2025-11-22 03:02:00.214 66374 INFO tempest.lib.common.rest_client [req-5304e633-eb25-4f22-ad25-02a32de6084a req-5304e633-eb25-4f22-ad25-02a32de6084a ] Request (AZAdminNegativeTestJSON:setUpClass): 201 POST http://10.180.1.21/identity/v3/projects 0.046s
2025-11-22 03:02:00.280 66374 INFO tempest.lib.common.rest_client [req-25a48127-24e3-487b-bdae-23c59162e45b req-25a48127-24e3-487b-bdae-23c59162e45b ] Request (AZAdminNegativeTestJSON:setUpClass): 201 POST http://10.180.1.21/identity/v3/users 0.066s
2025-11-22 03:02:00.326 66335 INFO tempest.lib.common.rest_client [req-b4442a75-1bd6-40d4-a84f-f8df2492b611 req-b4442a75-1bd6-40d4-a84f-f8df2492b611 ] Request (FlavorsV2TestJSON:tearDownClass): 204 DELETE http://10.180.1.21/identity/v3/users/6a5ebcb769ef486cb6330723862ed134 0.215s
2025-11-22 03:02:00.327 66335 INFO tempest.lib.common.dynamic_creds [-] Deleting project and security group for project: c8b9a397ca984b7b9b3972036ba1cdde
2025-11-22 03:02:00.336 66333 INFO tempest.lib.common.rest_client [req-e9e28623-8f8d-4d1b-a946-0ba8aa45b596 req-e9e28623-8f8d-4d1b-a946-0ba8aa45b596 ] Request (AbsoluteLimitsTestJSON:tearDownClass): 200 GET http://10.180.1.21/networking/v2.0/security-groups?tenant_id=77f72a38244342b2890619acf99eb5f1&name=default 0.320s
2025-11-22 03:02:00.373 66323 INFO tempest.lib.common.rest_client [req-d159b9f8-b753-4cc0-a735-36eee2bfac9e req-d159b9f8-b753-4cc0-a735-36eee2bfac9e ] Request (VolumesAssistedSnapshotsTest:tearDownClass): 200 GET http://10.180.1.21/compute/v2.1/servers/0b72f0dc-452d-4ee7-bc2a-455a71bd7d78 2.397s
2025-11-22 03:02:00.399 66374 INFO tempest.lib.common.rest_client [req-f542880b-c9b8-409d-a0b2-9f492e81363b req-f542880b-c9b8-409d-a0b2-9f492e81363b ] Request (AZAdminNegativeTestJSON:setUpClass): 200 GET http://10.180.1.21/identity/v3/roles 0.118s
2025-11-22 03:02:00.407 66335 INFO tempest.lib.common.rest_client [req-7440eeff-6333-463f-a818-7958fe4c50f6 req-7440eeff-6333-463f-a818-7958fe4c50f6 ] Request (FlavorsV2TestJSON:tearDownClass): 201 POST http://10.180.1.21/identity/v3/auth/tokens 0.079s
2025-11-22 03:02:00.432 66374 INFO tempest.lib.common.rest_client [req-58322051-a378-4913-873b-87880c3622f8 req-58322051-a378-4913-873b-87880c3622f8 ] Request (AZAdminNegativeTestJSON:setUpClass): 204 PUT http://10.180.1.21/identity/v3/projects/6d74b0d8c04a4dcda17ebac0f226e371/users/e19fac2aa5254530992ea163bc5ce6f1/roles/7c76b7c1aa2e482a85f6c0087642a9f4 0.033s
2025-11-22 03:02:00.454 66333 INFO tempest.lib.common.rest_client [req-35d3b06e-4b29-4ea3-8fdd-c6c7d8905b34 req-35d3b06e-4b29-4ea3-8fdd-c6c7d8905b34 ] Request (AbsoluteLimitsTestJSON:tearDownClass): 204 DELETE http://10.180.1.21/networking/v2.0/security-groups/2022b430-44c1-42d0-9df8-86015f58391e 0.117s
2025-11-22 03:02:00.481 66374 INFO tempest.lib.common.rest_client [req-5b730814-2ddf-4d58-98ed-2b317d3f4f9a req-5b730814-2ddf-4d58-98ed-2b317d3f4f9a ] Request (AZAdminNegativeTestJSON:setUpClass): 200 GET http://10.180.1.21/identity/v3/roles 0.049s
2025-11-22 03:02:00.546 66333 INFO tempest.lib.common.rest_client [req-510e51be-d9cd-42ab-8de6-82b62287cd3f req-510e51be-d9cd-42ab-8de6-82b62287cd3f ] Request (AbsoluteLimitsTestJSON:tearDownClass): 204 DELETE http://10.180.1.21/identity/v3/projects/77f72a38244342b2890619acf99eb5f1 0.092s
2025-11-22 03:02:00.602 66374 INFO tempest.lib.common.rest_client [req-f2816011-00f3-4cb1-a2bb-7d1b5cd828a4 req-f2816011-00f3-4cb1-a2bb-7d1b5cd828a4 ] Request (AZAdminNegativeTestJSON:setUpClass): 204 PUT http://10.180.1.21/identity/v3/projects/6d74b0d8c04a4dcda17ebac0f226e371/users/e19fac2aa5254530992ea163bc5ce6f1/roles/7c76b7c1aa2e482a85f6c0087642a9f4 0.120s
2025-11-22 03:02:00.602 66374 INFO tempest.lib.common.dynamic_creds [-] Dynamic test user e19fac2aa5254530992ea163bc5ce6f1 is created with scope project and roles: ['admin']
2025-11-22 03:02:00.602 66374 INFO tempest.lib.common.dynamic_creds [-] Acquired dynamic creds: credentials: Credentials: {'domain_id': 'default', 'domain_name': 'Default', 'username': 'tempest-AZAdminNegativeTestJSON-2030851354-project-admin', 'project_domain_id': 'default', 'project_domain_name': 'Default', 'project_id': '6d74b0d8c04a4dcda17ebac0f226e371', 'project_name': 'tempest-AZAdminNegativeTestJSON-2030851354', 'tenant_id': '6d74b0d8c04a4dcda17ebac0f226e371', 'tenant_name': 'tempest-AZAdminNegativeTestJSON-2030851354', 'user_domain_id': 'default', 'user_domain_name': 'Default', 'user_id': 'e19fac2aa5254530992ea163bc5ce6f1', 'system': None}, Network: None, Subnet: None, Router: None
2025-11-22 03:02:00.602 66374 INFO tempest.lib.common.dynamic_creds [-] Created isolated network resources for: credentials: Credentials: {'domain_id': 'default', 'domain_name': 'Default', 'username': 'tempest-AZAdminNegativeTestJSON-2030851354-project-admin', 'project_domain_id': 'default', 'project_domain_name': 'Default', 'project_id': '6d74b0d8c04a4dcda17ebac0f226e371', 'project_name': 'tempest-AZAdminNegativeTestJSON-2030851354', 'tenant_id': '6d74b0d8c04a4dcda17ebac0f226e371', 'tenant_name': 'tempest-AZAdminNegativeTestJSON-2030851354', 'user_domain_id': 'default', 'user_domain_name': 'Default', 'user_id': 'e19fac2aa5254530992ea163bc5ce6f1', 'system': None}, Network: None, Subnet: None, Router: None
2025-11-22 03:02:00.728 66374 INFO tempest.lib.common.rest_client [req-4332a588-353c-447e-be0b-70a0d5e0f8b8 req-4332a588-353c-447e-be0b-70a0d5e0f8b8 ] Request (AZAdminNegativeTestJSON:setUpClass): 201 POST http://10.180.1.21/identity/v3/auth/tokens 0.123s
2025-11-22 03:02:00.786 66335 INFO tempest.lib.common.rest_client [req-a38e9a48-2e83-4b25-8309-6b3eda7b233d req-a38e9a48-2e83-4b25-8309-6b3eda7b233d ] Request (FlavorsV2TestJSON:tearDownClass): 200 GET http://10.180.1.21/networking/v2.0/security-groups?tenant_id=c8b9a397ca984b7b9b3972036ba1cdde&name=default 0.378s
2025-11-22 03:02:00.823 66379 INFO tempest.lib.common.rest_client [req-ea489f0a-bc8b-46f0-aac1-97e0823efb68 req-ea489f0a-bc8b-46f0-aac1-97e0823efb68 ] Request (AttachVolumeShelveTestJSON:test_attach_volume_shelved_or_offload_server): 200 GET http://10.180.1.21/compute/v2.1/servers/dd1ff284-3f6d-4508-a60c-117d44728108 2.505s
2025-11-22 03:02:00.831 66363 INFO tempest.lib.common.rest_client [req-2590f868-f903-40a0-8015-09981923a228 req-2590f868-f903-40a0-8015-09981923a228 ] Request (KeyPairsNegativeTestJSON:test_create_keypair_with_long_keynames): 400 POST http://10.180.1.21/compute/v2.1/os-keypairs 2.482s
2025-11-22 03:02:00.950 66369 INFO tempest.lib.common.rest_client [req-5b25ec5f-bb86-41a7-aa03-8d4ebde85311 req-5b25ec5f-bb86-41a7-aa03-8d4ebde85311 ] Request (ServerActionsTestOtherB:test_create_backup): 202 POST http://10.180.1.21/compute/v2.1/servers/58dd0223-5d87-4d72-bca6-63015528094a/action 2.652s
2025-11-22 03:02:00.975 66369 INFO tempest.lib.common.rest_client [req-f8ed0994-5671-429a-9be5-39b19843c7a0 req-f8ed0994-5671-429a-9be5-39b19843c7a0 ] Request (ServerActionsTestOtherB:test_create_backup): 200 GET http://10.180.1.21/image/v2/images/c109c81c-d0e3-4bbe-8c17-1ff716ef7259/tasks 0.025s
2025-11-22 03:02:00.980 66335 INFO tempest.lib.common.rest_client [req-3e355e74-9540-4bca-b376-cbf54854e542 req-3e355e74-9540-4bca-b376-cbf54854e542 ] Request (FlavorsV2TestJSON:tearDownClass): 204 DELETE http://10.180.1.21/networking/v2.0/security-groups/837beb4d-9b77-483e-bc7a-5fadc7a2c665 0.194s
2025-11-22 03:02:00.990 66327 INFO tempest.lib.common.rest_client [req-3bb98380-1450-4b94-a4f1-afb1429d284b req-3bb98380-1450-4b94-a4f1-afb1429d284b ] Request (ListImageFiltersTestJSON:setUpClass): 200 GET http://10.180.1.21/compute/v2.1/images/df03b47f-69eb-4d24-82f6-47e1c857f41b 2.472s
2025-11-22 03:02:01.094 66347 INFO tempest.lib.common.rest_client [req-068a42e7-6d02-421e-9df8-67ddb91aa423 req-068a42e7-6d02-421e-9df8-67ddb91aa423 ] Request (SecurityGroupRulesTestJSON:test_security_group_rules_create_with_optional_cidr): 200 POST http://10.180.1.21/compute/v2.1/os-security-group-rules 2.619s
2025-11-22 03:02:01.144 66335 INFO tempest.lib.common.rest_client [req-6aed6f73-5a96-4f0c-a5c7-4745aa7a4c81 req-6aed6f73-5a96-4f0c-a5c7-4745aa7a4c81 ] Request (FlavorsV2TestJSON:tearDownClass): 204 DELETE http://10.180.1.21/identity/v3/projects/c8b9a397ca984b7b9b3972036ba1cdde 0.163s
2025-11-22 03:02:01.169 66355 INFO tempest.lib.common.rest_client [req-84c2d625-c46c-490a-bb8c-fe98173aa784 req-84c2d625-c46c-490a-bb8c-fe98173aa784 ] Request (ServersTestJSON:test_create_server_with_ipv6_addr_only): 200 GET http://10.180.1.21/compute/v2.1/servers/bea6ada9-99e0-4ccb-be0b-0ecc1da3a8bc 2.308s
2025-11-22 03:02:01.195 66317 INFO tempest.lib.common.rest_client [req-67b4772b-5b35-4eef-ad23-782e7c76285d req-67b4772b-5b35-4eef-ad23-782e7c76285d ] Request (ServersAdminTestJSON:test_list_servers_by_admin_with_specified_tenant): 200 GET http://10.180.1.21/compute/v2.1/servers/detail?all_tenants=&tenant_id=32974b69a9fc4f898ef3e946f529ede4 2.596s
2025-11-22 03:02:01.232 66319 INFO tempest.lib.common.rest_client [req-2c3c1144-4b35-426a-a945-604312d5d067 req-2c3c1144-4b35-426a-a945-604312d5d067 ] Request (ImagesOneServerNegativeTestJSON:_run_cleanups): 200 GET http://10.180.1.21/compute/v2.1/servers/65d1c284-001d-4616-878f-c67de322b185 2.353s
2025-11-22 03:02:01.253 66335 INFO tempest.lib.common.rest_client [req-0a221bbd-5762-440b-84ad-f22f62bedb49 req-0a221bbd-5762-440b-84ad-f22f62bedb49 ] Request (InstanceActionsV221TestJSON:setUpClass): 201 POST http://10.180.1.21/identity/v3/auth/tokens 0.107s
2025-11-22 03:02:01.265 66331 INFO tempest.lib.common.rest_client [req-756ab7d4-64d8-410d-be55-e0f093507a2b req-756ab7d4-64d8-410d-be55-e0f093507a2b ] Request (ServersWithSpecificFlavorTestJSON:test_verify_created_server_ephemeral_disk): 200 GET http://10.180.1.21/compute/v2.1/servers/8360e631-b9b0-40fc-bc74-33c02b83a672 2.140s
2025-11-22 03:02:01.291 66335 INFO tempest.lib.common.rest_client [req-d344eedd-6c99-41af-978a-d12b5c2e2c96 req-d344eedd-6c99-41af-978a-d12b5c2e2c96 ] Request (InstanceActionsV221TestJSON:setUpClass): 201 POST http://10.180.1.21/identity/v3/auth/tokens 0.032s
2025-11-22 03:02:01.321 66335 INFO tempest.lib.common.rest_client [req-e5874649-a5d2-4ef3-b491-5d0b772a4963 req-e5874649-a5d2-4ef3-b491-5d0b772a4963 ] Request (InstanceActionsV221TestJSON:setUpClass): 200 GET http://10.180.1.21/identity/v3/domains?name=Default 0.030s
2025-11-22 03:02:01.322 66357 INFO tempest.lib.common.rest_client [req-63a9aca0-5a8e-4bc9-9d95-da2ea7bd1019 req-63a9aca0-5a8e-4bc9-9d95-da2ea7bd1019 ] Request (SecurityGroupsTestJSON:test_server_security_groups): 200 GET http://10.180.1.21/compute/v2.1/servers/0b3a5cb0-0bd7-456f-b5e7-80522aea1319 1.705s
2025-11-22 03:02:01.346 66321 INFO tempest.lib.common.rest_client [req-5840835f-7ece-4477-b435-913299199632 req-5840835f-7ece-4477-b435-913299199632 ] Request (HypervisorAdminTestJSON:test_get_hypervisor_list_details): 200 GET http://10.180.1.21/compute/v2.1/os-hypervisors/detail 1.692s
2025-11-22 03:02:01.358 66335 INFO tempest.lib.common.rest_client [req-f0a21de2-dc46-4d98-95c3-cbcf1a078795 req-f0a21de2-dc46-4d98-95c3-cbcf1a078795 ] Request (InstanceActionsV221TestJSON:setUpClass): 201 POST http://10.180.1.21/identity/v3/projects 0.036s
2025-11-22 03:02:01.359 66375 INFO tempest.lib.common.rest_client [req-d902dd46-6106-4898-a763-9d6222c0f5de req-d902dd46-6106-4898-a763-9d6222c0f5de ] Request (SecurityGroupRulesNegativeTestJSON:test_create_security_group_rule_with_invalid_port_range): 200 POST http://10.180.1.21/compute/v2.1/os-security-groups 1.980s
2025-11-22 03:02:01.366 66343 INFO tempest.lib.common.rest_client [req-a894198b-790f-4f64-9979-bbac39f2a491 req-a894198b-790f-4f64-9979-bbac39f2a491 ] Request (ServersTestBootFromVolume:tearDownClass): 202 DELETE http://10.180.1.21/compute/v2.1/os-keypairs/tempest-keypair-1508712495 1.681s
2025-11-22 03:02:01.435 66335 INFO tempest.lib.common.rest_client [req-5b5e525b-61e2-47b5-b042-7330bec03589 req-5b5e525b-61e2-47b5-b042-7330bec03589 ] Request (InstanceActionsV221TestJSON:setUpClass): 201 POST http://10.180.1.21/identity/v3/users 0.076s
2025-11-22 03:02:01.457 66349 INFO tempest.lib.common.rest_client [req-c8616c27-aaa8-4a61-8bb6-d52cdc1f4b78 req-c8616c27-aaa8-4a61-8bb6-d52cdc1f4b78 ] Request (ImagesOneServerTestJSON:tearDownClass): 200 GET http://10.180.1.21/compute/v2.1/servers/717f1843-8fb4-45af-8f81-243e0cfffbf6 1.671s
2025-11-22 03:02:01.468 66335 INFO tempest.lib.common.rest_client [req-3e768a8f-72b0-4b8a-a868-a48cbb0a0228 req-3e768a8f-72b0-4b8a-a868-a48cbb0a0228 ] Request (InstanceActionsV221TestJSON:setUpClass): 200 GET http://10.180.1.21/identity/v3/roles 0.032s
2025-11-22 03:02:01.479 66342 INFO tempest.lib.common.rest_client [req-c7d5dafe-8c6b-4691-9745-228a0aea030c req-c7d5dafe-8c6b-4691-9745-228a0aea030c ] Request (ServersAdmin275Test:tearDownClass): 200 GET http://10.180.1.21/compute/v2.1/servers/11ce0096-3f4a-4104-9ef4-11c3005ba824 1.653s
2025-11-22 03:02:01.488 66343 INFO tempest.lib.common.rest_client [req-a0b34cdf-43c4-44ca-874e-17fa9c4c663d req-a0b34cdf-43c4-44ca-874e-17fa9c4c663d ] Request (ServersTestBootFromVolume:tearDownClass): 204 DELETE http://10.180.1.21/networking/v2.0/security-groups/41c5c068-adb8-400a-9512-f99c1e586886 0.122s
2025-11-22 03:02:01.501 66343 INFO tempest.lib.common.rest_client [req-967bc3ba-1cdd-4d14-86d6-1fb5d3ba7f06 req-967bc3ba-1cdd-4d14-86d6-1fb5d3ba7f06 ] Request (ServersTestBootFromVolume:tearDownClass): 404 GET http://10.180.1.21/networking/v2.0/security-groups/41c5c068-adb8-400a-9512-f99c1e586886 0.012s
2025-11-22 03:02:01.516 66335 INFO tempest.lib.common.rest_client [req-fc0aecea-da9b-4dee-9e87-bab4455da6bd req-fc0aecea-da9b-4dee-9e87-bab4455da6bd ] Request (InstanceActionsV221TestJSON:setUpClass): 204 PUT http://10.180.1.21/identity/v3/projects/b0f0be937fe64fa3b2055c297cc0f6ea/users/ab61aa191b984832b2b80488cd97763e/roles/011de0f526aa41ffb99657ceaa1f3753 0.047s
2025-11-22 03:02:01.516 66335 INFO tempest.lib.common.dynamic_creds [-] Dynamic test user ab61aa191b984832b2b80488cd97763e is created with scope project and roles: ['member']
2025-11-22 03:02:01.516 66335 INFO tempest.lib.common.dynamic_creds [-] Acquired dynamic creds: credentials: Credentials: {'domain_id': 'default', 'domain_name': 'Default', 'username': 'tempest-InstanceActionsV221TestJSON-1393793947-project-member', 'project_domain_id': 'default', 'project_domain_name': 'Default', 'project_id': 'b0f0be937fe64fa3b2055c297cc0f6ea', 'project_name': 'tempest-InstanceActionsV221TestJSON-1393793947', 'tenant_id': 'b0f0be937fe64fa3b2055c297cc0f6ea', 'tenant_name': 'tempest-InstanceActionsV221TestJSON-1393793947', 'user_domain_id': 'default', 'user_domain_name': 'Default', 'user_id': 'ab61aa191b984832b2b80488cd97763e', 'system': None}, Network: None, Subnet: None, Router: None
2025-11-22 03:02:01.544 66351 INFO tempest.lib.common.rest_client [req-9a3702db-ce04-407f-9163-8b397bbb4a30 req-9a3702db-ce04-407f-9163-8b397bbb4a30 ] Request (ServerGroupTestJSON:test_create_delete_multiple_server_groups_with_same_name_policy): 200 POST http://10.180.1.21/compute/v2.1/os-server-groups 1.456s
2025-11-22 03:02:01.588 66335 INFO tempest.lib.common.rest_client [req-ec5702e0-ef5e-4a95-a5f6-96ad1aeebd69 req-ec5702e0-ef5e-4a95-a5f6-96ad1aeebd69 ] Request (InstanceActionsV221TestJSON:setUpClass): 201 POST http://10.180.1.21/identity/v3/auth/tokens 0.071s
2025-11-22 03:02:01.602 66377 INFO tempest.lib.common.rest_client [req-a8af34c0-a9a4-4298-89b6-ead4820997dc req-a8af34c0-a9a4-4298-89b6-ead4820997dc ] Request (ImagesTestJSON:test_create_image_from_suspended_server): 200 GET http://10.180.1.21/compute/v2.1/servers/be6d102f-6c08-48ce-9a8c-22a43cea0dd0 1.326s
2025-11-22 03:02:01.645 66363 INFO tempest.lib.common.rest_client [req-64614693-9a4c-4a73-8225-da904d7348ad req-64614693-9a4c-4a73-8225-da904d7348ad ] Request (KeyPairsNegativeTestJSON:test_keypair_create_with_invalid_pub_key): 400 POST http://10.180.1.21/compute/v2.1/os-keypairs 0.813s
2025-11-22 03:02:01.713 66374 INFO tempest.lib.common.rest_client [req-635fb581-b83e-44e6-9d68-aa8785050792 req-635fb581-b83e-44e6-9d68-aa8785050792 ] Request (AZAdminNegativeTestJSON:test_get_availability_zone_list_detail_with_non_admin_user): 403 GET http://10.180.1.21/compute/v2.1/os-availability-zone/detail 0.983s
2025-11-22 03:02:01.816 66374 INFO tempest.lib.common.rest_client [req-1e256b71-83ee-4a96-b62b-00a79c699ae0 req-1e256b71-83ee-4a96-b62b-00a79c699ae0 ] Request (AZAdminNegativeTestJSON:tearDownClass): 204 DELETE http://10.180.1.21/identity/v3/users/c42ccf387eb14036b69a72aa3c2d3d4b 0.101s
2025-11-22 03:02:01.855 66343 INFO tempest.lib.common.rest_client [req-15bf75b5-6d87-42f0-9d70-a900e8639ddb req-15bf75b5-6d87-42f0-9d70-a900e8639ddb ] Request (ServersTestBootFromVolume:tearDownClass): 204 DELETE http://10.180.1.21/networking/v2.0/floatingips/2f4374d7-58dc-4023-8bf8-8ddb28a3cc04 0.354s
2025-11-22 03:02:01.923 66335 INFO tempest.lib.common.rest_client [req-9c600f1e-6097-4852-8f62-954edfe223d0 req-9c600f1e-6097-4852-8f62-954edfe223d0 ] Request (InstanceActionsV221TestJSON:setUpClass): 201 POST http://10.180.1.21/networking/v2.0/networks 0.335s
2025-11-22 03:02:01.929 66371 INFO tempest.lib.common.rest_client [req-a2c05a0a-0d55-4398-b22b-b80eae88ea35 req-a2c05a0a-0d55-4398-b22b-b80eae88ea35 ] Request (MigrationsAdminTest:test_resize_server_revert_deleted_flavor): 200 GET http://10.180.1.21/compute/v2.1/servers/ef0aa213-4350-4015-b418-0f816502ba8f 1.039s
2025-11-22 03:02:01.932 66374 INFO tempest.lib.common.rest_client [req-2ba6be31-3232-48b3-82c8-1d0d537fd0bc req-2ba6be31-3232-48b3-82c8-1d0d537fd0bc ] Request (AZAdminNegativeTestJSON:tearDownClass): 204 DELETE http://10.180.1.21/identity/v3/users/e19fac2aa5254530992ea163bc5ce6f1 0.115s
2025-11-22 03:02:01.932 66374 INFO tempest.lib.common.dynamic_creds [-] Deleting project and security group for project: 6d74b0d8c04a4dcda17ebac0f226e371
2025-11-22 03:02:02.008 66374 INFO tempest.lib.common.rest_client [req-f24864f1-107d-40fb-935b-3b6fb123e95d req-f24864f1-107d-40fb-935b-3b6fb123e95d ] Request (AZAdminNegativeTestJSON:tearDownClass): 201 POST http://10.180.1.21/identity/v3/auth/tokens 0.076s
2025-11-22 03:02:02.241 66335 INFO tempest.lib.common.rest_client [req-259cf18f-0437-4898-8535-69f423cb0dca req-259cf18f-0437-4898-8535-69f423cb0dca ] Request (InstanceActionsV221TestJSON:setUpClass): 201 POST http://10.180.1.21/networking/v2.0/subnets 0.317s
2025-11-22 03:02:02.338 66329 INFO tempest.lib.common.rest_client [req-4f75df12-5262-4e2f-888c-e2fa9d9408b3 req-4f75df12-5262-4e2f-888c-e2fa9d9408b3 ] Request (ServersTestJSON:setUpClass): 200 GET http://10.180.1.21/compute/v2.1/servers/8c5e3a6d-4850-4bdb-91c0-7f81fb4d83cf 1.395s
2025-11-22 03:02:02.491 66374 INFO tempest.lib.common.rest_client [req-d1d24f74-0f8a-433d-b162-3c1866abe346 req-d1d24f74-0f8a-433d-b162-3c1866abe346 ] Request (AZAdminNegativeTestJSON:tearDownClass): 200 GET http://10.180.1.21/networking/v2.0/security-groups?tenant_id=6d74b0d8c04a4dcda17ebac0f226e371&name=default 0.483s
2025-11-22 03:02:02.663 66343 INFO tempest.lib.common.rest_client [req-f4d1e10d-f5da-44cd-b57d-5965a7fae9cc req-f4d1e10d-f5da-44cd-b57d-5965a7fae9cc ] Request (ServersTestBootFromVolume:tearDownClass): 200 PUT http://10.180.1.21/networking/v2.0/routers/1f8788c4-0ec6-4c6c-97c6-2e1d26f8dcb6/remove_router_interface 0.807s
2025-11-22 03:02:02.710 66369 INFO tempest.lib.common.rest_client [req-00fd60b6-354d-46fd-8e57-9d09b14eb01b req-00fd60b6-354d-46fd-8e57-9d09b14eb01b ] Request (ServerActionsTestOtherB:test_create_backup): 200 GET http://10.180.1.21/compute/v2.1/servers/58dd0223-5d87-4d72-bca6-63015528094a 1.735s
2025-11-22 03:02:02.861 66374 INFO tempest.lib.common.rest_client [req-3c77ab8a-3b40-4cc2-883b-712f920e9999 req-3c77ab8a-3b40-4cc2-883b-712f920e9999 ] Request (AZAdminNegativeTestJSON:tearDownClass): 204 DELETE http://10.180.1.21/networking/v2.0/security-groups/8cbb8421-0765-4eda-927a-2ec44ebd71ea 0.369s
2025-11-22 03:02:02.911 66339 WARNING tempest.lib.common.ssh [-] Failed to establish authenticated ssh connection to cirros@10.180.180.182 ([Errno None] Unable to connect to port 22 on 10.180.180.182). Number attempts: 6. Retry after 7 seconds.: paramiko.ssh_exception.NoValidConnectionsError: [Errno None] Unable to connect to port 22 on 10.180.180.182
2025-11-22 03:02:02.938 66374 INFO tempest.lib.common.rest_client [req-3c2746ef-6d7a-43d1-8786-7661adb96594 req-3c2746ef-6d7a-43d1-8786-7661adb96594 ] Request (AZAdminNegativeTestJSON:tearDownClass): 204 DELETE http://10.180.1.21/identity/v3/projects/6d74b0d8c04a4dcda17ebac0f226e371 0.077s
2025-11-22 03:02:02.939 66374 INFO tempest.lib.common.dynamic_creds [-] Deleting project and security group for project: 914eabed12394e8992a324a6c481a072
2025-11-22 03:02:03.297 66335 INFO tempest.lib.common.rest_client [req-0a9876ce-6cd5-461a-a2d4-804c6f37cb79 req-0a9876ce-6cd5-461a-a2d4-804c6f37cb79 ] Request (InstanceActionsV221TestJSON:setUpClass): 201 POST http://10.180.1.21/networking/v2.0/routers 1.056s
2025-11-22 03:02:03.306 66325 WARNING tempest.lib.common.ssh [-] Failed to establish authenticated ssh connection to cirros@10.180.180.232 ([Errno None] Unable to connect to port 22 on 10.180.180.232). Number attempts: 4. Retry after 5 seconds.: paramiko.ssh_exception.NoValidConnectionsError: [Errno None] Unable to connect to port 22 on 10.180.180.232
2025-11-22 03:02:03.350 66343 INFO tempest.lib.common.rest_client [req-2f4ef4b4-4b1c-4695-bd69-3e413a9022ca req-2f4ef4b4-4b1c-4695-bd69-3e413a9022ca ] Request (ServersTestBootFromVolume:tearDownClass): 204 DELETE http://10.180.1.21/networking/v2.0/routers/1f8788c4-0ec6-4c6c-97c6-2e1d26f8dcb6 0.687s
2025-11-22 03:02:03.354 66327 INFO tempest.lib.common.rest_client [req-c1edd66d-76e9-48a1-a5d7-3241001ded11 req-c1edd66d-76e9-48a1-a5d7-3241001ded11 ] Request (ListImageFiltersTestJSON:setUpClass): 200 GET http://10.180.1.21/compute/v2.1/servers/d8b16abf-3fd8-4a05-9539-eaf357b2a244 2.359s
2025-11-22 03:02:03.542 66374 INFO tempest.lib.common.rest_client [req-3dadd960-d83e-4c0a-a241-ea4a29116a18 req-3dadd960-d83e-4c0a-a241-ea4a29116a18 ] Request (AZAdminNegativeTestJSON:tearDownClass): 200 GET http://10.180.1.21/networking/v2.0/security-groups?tenant_id=914eabed12394e8992a324a6c481a072&name=default 0.603s
2025-11-22 03:02:03.669 66343 INFO tempest.lib.common.rest_client [req-fcaf2691-a29d-466e-8fe9-a2cea7924878 req-fcaf2691-a29d-466e-8fe9-a2cea7924878 ] Request (ServersTestBootFromVolume:tearDownClass): 204 DELETE http://10.180.1.21/networking/v2.0/subnets/3f2efba4-21fb-4991-97e5-59de9d1fa5ed 0.318s
2025-11-22 03:02:03.848 66347 INFO tempest.lib.common.rest_client [req-c352d522-c792-4a6d-b3d0-5c3ab3e9c493 req-c352d522-c792-4a6d-b3d0-5c3ab3e9c493 ] Request (SecurityGroupRulesTestJSON:test_security_group_rules_create_with_optional_group_id): 200 POST http://10.180.1.21/compute/v2.1/os-security-groups 2.748s
2025-11-22 03:02:03.849 66353 WARNING tempest.lib.common.ssh [-] Failed to establish authenticated ssh connection to cirros@10.180.180.141 ([Errno None] Unable to connect to port 22 on 10.180.180.141). Number attempts: 9. Retry after 10 seconds.: paramiko.ssh_exception.NoValidConnectionsError: [Errno None] Unable to connect to port 22 on 10.180.180.141
2025-11-22 03:02:03.931 66359 INFO tempest.lib.common.rest_client [req-1e58a9a8-3527-4766-a13a-80dacb8c8a7f req-1e58a9a8-3527-4766-a13a-80dacb8c8a7f ] Request (ServerDiagnosticsNegativeTest:test_get_server_diagnostics_by_non_admin): 200 GET http://10.180.1.21/compute/v2.1/servers/4309a91f-3783-4d28-b39c-9c3da5ffb350 2.835s
2025-11-22 03:02:03.939 66359 INFO tempest.common.waiters [-] State transition "BUILD/spawning" ==> "ACTIVE/None" after 22 second wait
2025-11-22 03:02:03.964 66317 INFO tempest.lib.common.rest_client [req-29674e1d-ac53-485a-b2c8-6f0f76a004a2 req-29674e1d-ac53-485a-b2c8-6f0f76a004a2 ] Request (ServersAdminTestJSON:test_list_servers_by_admin_with_specified_tenant): 200 GET http://10.180.1.21/compute/v2.1/servers/detail?all_tenants=&tenant_id=bdbaaa3f48254c6c9459322babde72fe 2.754s
2025-11-22 03:02:03.987 66321 INFO tempest.lib.common.rest_client [req-23384e54-3630-4615-b958-5c1e0e790c33 req-23384e54-3630-4615-b958-5c1e0e790c33 ] Request (HypervisorAdminTestJSON:test_get_hypervisor_show_details): 200 GET http://10.180.1.21/compute/v2.1/os-hypervisors 2.633s
2025-11-22 03:02:04.067 66361 WARNING tempest.lib.common.ssh [-] Failed to establish authenticated ssh connection to cirros@10.180.180.138 ([Errno None] Unable to connect to port 22 on 10.180.180.138). Number attempts: 4. Retry after 5 seconds.: paramiko.ssh_exception.NoValidConnectionsError: [Errno None] Unable to connect to port 22 on 10.180.180.138
2025-11-22 03:02:04.070 66374 INFO tempest.lib.common.rest_client [req-be8a325f-9592-4700-8d5a-9e2b2f6e2b97 req-be8a325f-9592-4700-8d5a-9e2b2f6e2b97 ] Request (AZAdminNegativeTestJSON:tearDownClass): 204 DELETE http://10.180.1.21/networking/v2.0/security-groups/7434a450-bc61-4540-b6f7-e11c04af6e6d 0.527s
2025-11-22 03:02:04.177 66374 INFO tempest.lib.common.rest_client [req-36b67edb-7f70-4b07-8a9a-bdec89b6ce8c req-36b67edb-7f70-4b07-8a9a-bdec89b6ce8c ] Request (AZAdminNegativeTestJSON:tearDownClass): 204 DELETE http://10.180.1.21/identity/v3/projects/914eabed12394e8992a324a6c481a072 0.106s
2025-11-22 03:02:04.237 66374 INFO tempest.lib.common.rest_client [req-b60774cb-e3b3-4a4f-a208-56bddbba8065 req-b60774cb-e3b3-4a4f-a208-56bddbba8065 ] Request (HostsAdminTestJSON:setUpClass): 201 POST http://10.180.1.21/identity/v3/auth/tokens 0.058s
2025-11-22 03:02:04.274 66374 INFO tempest.lib.common.rest_client [req-3e1e8161-f9f5-4549-bfac-b708087ffec0 req-3e1e8161-f9f5-4549-bfac-b708087ffec0 ] Request (HostsAdminTestJSON:setUpClass): 201 POST http://10.180.1.21/identity/v3/auth/tokens 0.035s
2025-11-22 03:02:04.305 66374 INFO tempest.lib.common.rest_client [req-ca9dead1-f362-4754-a289-079cdbe91936 req-ca9dead1-f362-4754-a289-079cdbe91936 ] Request (HostsAdminTestJSON:setUpClass): 200 GET http://10.180.1.21/identity/v3/domains?name=Default 0.031s
2025-11-22 03:02:04.333 66343 INFO tempest.lib.common.rest_client [req-5401c527-c713-4772-83f6-e6ea94dbd308 req-5401c527-c713-4772-83f6-e6ea94dbd308 ] Request (ServersTestBootFromVolume:tearDownClass): 204 DELETE http://10.180.1.21/networking/v2.0/networks/d39cf273-bc5a-45af-98f6-8032459321d4 0.664s
2025-11-22 03:02:04.338 66374 INFO tempest.lib.common.rest_client [req-614aabbc-2ac5-4864-b6a9-805fc72ee228 req-614aabbc-2ac5-4864-b6a9-805fc72ee228 ] Request (HostsAdminTestJSON:setUpClass): 201 POST http://10.180.1.21/identity/v3/projects 0.033s
2025-11-22 03:02:04.369 66365 INFO tempest.lib.common.rest_client [req-bfda250c-8874-4e9d-b765-d57f49388111 req-bfda250c-8874-4e9d-b765-d57f49388111 ] Request (MultipleCreateTestJSON:test_multiple_create_with_reservation_return): 200 GET http://10.180.1.21/compute/v2.1/servers/33bc95ab-e7a7-43f0-b558-39c5a39ef476 3.181s
2025-11-22 03:02:04.432 66374 INFO tempest.lib.common.rest_client [req-75a33f7f-b98f-4ef3-b04b-ebf667569490 req-75a33f7f-b98f-4ef3-b04b-ebf667569490 ] Request (HostsAdminTestJSON:setUpClass): 201 POST http://10.180.1.21/identity/v3/users 0.093s
2025-11-22 03:02:04.455 66335 INFO tempest.lib.common.rest_client [req-f3ab4904-467f-4be7-9541-0c011ddb0898 req-f3ab4904-467f-4be7-9541-0c011ddb0898 ] Request (InstanceActionsV221TestJSON:setUpClass): 200 PUT http://10.180.1.21/networking/v2.0/routers/67b3708f-b1ef-45bf-9187-934bca6564be/add_router_interface 1.158s
2025-11-22 03:02:04.456 66335 INFO tempest.lib.common.dynamic_creds [-] Created isolated network resources for: credentials: Credentials: {'domain_id': 'default', 'domain_name': 'Default', 'username': 'tempest-InstanceActionsV221TestJSON-1393793947-project-member', 'project_domain_id': 'default', 'project_domain_name': 'Default', 'project_id': 'b0f0be937fe64fa3b2055c297cc0f6ea', 'project_name': 'tempest-InstanceActionsV221TestJSON-1393793947', 'tenant_id': 'b0f0be937fe64fa3b2055c297cc0f6ea', 'tenant_name': 'tempest-InstanceActionsV221TestJSON-1393793947', 'user_domain_id': 'default', 'user_domain_name': 'Default', 'user_id': 'ab61aa191b984832b2b80488cd97763e', 'system': None}, Network: {'id': '7662ddb8-177f-4db6-a4ca-a3a0a0231de2', 'name': 'tempest-InstanceActionsV221TestJSON-446411516-network', 'tenant_id': 'b0f0be937fe64fa3b2055c297cc0f6ea', 'project_id': 'b0f0be937fe64fa3b2055c297cc0f6ea', 'admin_state_up': True, 'mtu': 8950, 'status': 'ACTIVE', 'subnets': [], 'shared': False, 'port_security_enabled': True, 'router:external': False, 'provider:network_type': 'vlan', 'provider:physical_network': 'default', 'provider:segmentation_id': 568, 'availability_zone_hints': [], 'availability_zones': [], 'ipv4_address_scope': None, 'ipv6_address_scope': None, 'description': '', 'tags': [], 'created_at': '2025-11-22T03:02:01Z', 'updated_at': '2025-11-22T03:02:01Z', 'revision_number': 1}, Subnet: {'id': 'ee132e11-0871-499c-9a8e-824e2215ecf4', 'name': 'tempest-InstanceActionsV221TestJSON-446411516-subnet', 'tenant_id': 'b0f0be937fe64fa3b2055c297cc0f6ea', 'network_id': '7662ddb8-177f-4db6-a4ca-a3a0a0231de2', 'ip_version': 4, 'subnetpool_id': None, 'enable_dhcp': True, 'ipv6_ra_mode': None, 'ipv6_address_mode': None, 'gateway_ip': '192.168.128.1', 'cidr': '192.168.128.0/28', 'allocation_pools': [{'start': '192.168.128.2', 'end': '192.168.128.14'}], 'host_routes': [], 'dns_nameservers': [], 'description': '', 'router:external': False, 'service_types': [], 'tags': [], 'created_at': '2025-11-22T03:02:02Z', 'updated_at': '2025-11-22T03:02:02Z', 'revision_number': 0, 'project_id': 'b0f0be937fe64fa3b2055c297cc0f6ea'}, Router: {'id': '67b3708f-b1ef-45bf-9187-934bca6564be', 'name': 'tempest-InstanceActionsV221TestJSON-446411516-router', 'tenant_id': 'b0f0be937fe64fa3b2055c297cc0f6ea', 'admin_state_up': True, 'status': 'ACTIVE', 'external_gateway_info': {'network_id': '26732333-1e65-43ec-b805-b109962b23d8', 'external_fixed_ips': [{'subnet_id': '5a6ed5de-ea12-44c9-974a-8afc578b4f17', 'ip_address': '10.180.180.214'}], 'enable_snat': True}, 'description': '', 'availability_zones': [], 'distributed': False, 'ha': False, 'availability_zone_hints': [], 'routes': [], 'flavor_id': None, 'tags': [], 'created_at': '2025-11-22T03:02:02Z', 'updated_at': '2025-11-22T03:02:02Z', 'revision_number': 2, 'project_id': 'b0f0be937fe64fa3b2055c297cc0f6ea'}
2025-11-22 03:02:04.477 66343 INFO tempest.lib.common.rest_client [req-fadc5311-dd3a-46de-a939-950d984ad669 req-fadc5311-dd3a-46de-a939-950d984ad669 ] Request (ServersTestBootFromVolume:tearDownClass): 204 DELETE http://10.180.1.21/identity/v3/users/aacf8d45153a4cfc8942f585c46475d1 0.143s
2025-11-22 03:02:04.477 66343 INFO tempest.lib.common.dynamic_creds [-] Deleting project and security group for project: a1edf1468af24614b1ffa665949ec64d
2025-11-22 03:02:04.491 66375 INFO tempest.lib.common.rest_client [req-496acf13-3019-43c2-9830-b800ef31d0ca req-496acf13-3019-43c2-9830-b800ef31d0ca ] Request (SecurityGroupRulesNegativeTestJSON:test_create_security_group_rule_with_invalid_port_range): 400 POST http://10.180.1.21/compute/v2.1/os-security-group-rules 3.126s
2025-11-22 03:02:04.500 66374 INFO tempest.lib.common.rest_client [req-9a77c06c-75aa-49d8-815a-d4a6a8666216 req-9a77c06c-75aa-49d8-815a-d4a6a8666216 ] Request (HostsAdminTestJSON:setUpClass): 200 GET http://10.180.1.21/identity/v3/roles 0.068s
2025-11-22 03:02:04.518 66323 INFO tempest.lib.common.rest_client [req-df395055-6c0c-4a84-923e-6f3360141d88 req-df395055-6c0c-4a84-923e-6f3360141d88 ] Request (VolumesAssistedSnapshotsTest:tearDownClass): 200 GET http://10.180.1.21/compute/v2.1/servers/0b72f0dc-452d-4ee7-bc2a-455a71bd7d78 3.133s
2025-11-22 03:02:04.526 66323 INFO tempest.common.waiters [-] State transition "ACTIVE/deleting" ==> "DELETED/None" after 4 second wait
2025-11-22 03:02:04.537 66363 INFO tempest.lib.common.rest_client [req-eddf9c74-246c-479d-8232-8a581fb5cf96 req-eddf9c74-246c-479d-8232-8a581fb5cf96 ] Request (KeyPairsNegativeTestJSON:test_keypair_delete_nonexistent_key): 404 DELETE http://10.180.1.21/compute/v2.1/os-keypairs/tempest-keypair-non-existent-637534693 2.889s
2025-11-22 03:02:04.575 66374 INFO tempest.lib.common.rest_client [req-36345a76-ac5f-41ad-9579-d6d871ceb9e0 req-36345a76-ac5f-41ad-9579-d6d871ceb9e0 ] Request (HostsAdminTestJSON:setUpClass): 204 PUT http://10.180.1.21/identity/v3/projects/923f00aea4ce429fa62b6d276008e1ca/users/1f95cd133d164c61ac7418968d7e897b/roles/011de0f526aa41ffb99657ceaa1f3753 0.074s
2025-11-22 03:02:04.575 66374 INFO tempest.lib.common.dynamic_creds [-] Dynamic test user 1f95cd133d164c61ac7418968d7e897b is created with scope project and roles: ['member']
2025-11-22 03:02:04.576 66374 INFO tempest.lib.common.dynamic_creds [-] Acquired dynamic creds: credentials: Credentials: {'domain_id': 'default', 'domain_name': 'Default', 'username': 'tempest-HostsAdminTestJSON-2042823666-project-member', 'project_domain_id': 'default', 'project_domain_name': 'Default', 'project_id': '923f00aea4ce429fa62b6d276008e1ca', 'project_name': 'tempest-HostsAdminTestJSON-2042823666', 'tenant_id': '923f00aea4ce429fa62b6d276008e1ca', 'tenant_name': 'tempest-HostsAdminTestJSON-2042823666', 'user_domain_id': 'default', 'user_domain_name': 'Default', 'user_id': '1f95cd133d164c61ac7418968d7e897b', 'system': None}, Network: None, Subnet: None, Router: None
2025-11-22 03:02:04.576 66374 INFO tempest.lib.common.dynamic_creds [-] Created isolated network resources for: credentials: Credentials: {'domain_id': 'default', 'domain_name': 'Default', 'username': 'tempest-HostsAdminTestJSON-2042823666-project-member', 'project_domain_id': 'default', 'project_domain_name': 'Default', 'project_id': '923f00aea4ce429fa62b6d276008e1ca', 'project_name': 'tempest-HostsAdminTestJSON-2042823666', 'tenant_id': '923f00aea4ce429fa62b6d276008e1ca', 'tenant_name': 'tempest-HostsAdminTestJSON-2042823666', 'user_domain_id': 'default', 'user_domain_name': 'Default', 'user_id': '1f95cd133d164c61ac7418968d7e897b', 'system': None}, Network: None, Subnet: None, Router: None
2025-11-22 03:02:04.584 66343 INFO tempest.lib.common.rest_client [req-236002a6-f541-43c1-84c8-22eb2ed4c073 req-236002a6-f541-43c1-84c8-22eb2ed4c073 ] Request (ServersTestBootFromVolume:tearDownClass): 200 GET http://10.180.1.21/networking/v2.0/security-groups?tenant_id=a1edf1468af24614b1ffa665949ec64d&name=default 0.107s
2025-11-22 03:02:04.598 66351 INFO tempest.lib.common.rest_client [req-9f6c809d-14d4-4834-a334-d3cadcbed795 req-9f6c809d-14d4-4834-a334-d3cadcbed795 ] Request (ServerGroupTestJSON:test_create_delete_multiple_server_groups_with_same_name_policy): 200 POST http://10.180.1.21/compute/v2.1/os-server-groups 3.051s
2025-11-22 03:02:04.607 66335 INFO tempest.lib.common.rest_client [req-bce581fb-0f13-46e4-85b0-f24deee4c8ce req-bce581fb-0f13-46e4-85b0-f24deee4c8ce ] Request (InstanceActionsV221TestJSON:setUpClass): 201 POST http://10.180.1.21/identity/v3/auth/tokens 0.145s
2025-11-22 03:02:04.616 66379 INFO tempest.lib.common.rest_client [req-c25646dd-7c6a-4dc7-884b-b70a82ca9df6 req-c25646dd-7c6a-4dc7-884b-b70a82ca9df6 ] Request (AttachVolumeShelveTestJSON:test_attach_volume_shelved_or_offload_server): 200 GET http://10.180.1.21/compute/v2.1/servers/dd1ff284-3f6d-4508-a60c-117d44728108 2.777s
2025-11-22 03:02:04.688 66363 INFO tempest.lib.common.rest_client [req-653695b3-accb-4a48-a1f2-039421497a4d req-653695b3-accb-4a48-a1f2-039421497a4d ] Request (KeyPairsNegativeTestJSON:tearDownClass): 204 DELETE http://10.180.1.21/identity/v3/users/3e418c19fe314753ac42e7b6dc1319ed 0.144s
2025-11-22 03:02:04.688 66363 INFO tempest.lib.common.dynamic_creds [-] Deleting project and security group for project: a5548f6a2ea445c889cb2fbf9938719f
2025-11-22 03:02:04.707 66374 INFO tempest.lib.common.rest_client [req-0a7ed02b-ee82-4c84-8040-b4df956fe843 req-0a7ed02b-ee82-4c84-8040-b4df956fe843 ] Request (HostsAdminTestJSON:setUpClass): 201 POST http://10.180.1.21/identity/v3/auth/tokens 0.128s
2025-11-22 03:02:04.772 66343 INFO tempest.lib.common.rest_client [req-1e3efde8-1045-4257-88e2-f2a89e675b97 req-1e3efde8-1045-4257-88e2-f2a89e675b97 ] Request (ServersTestBootFromVolume:tearDownClass): 204 DELETE http://10.180.1.21/networking/v2.0/security-groups/5b48b045-c96b-468e-9226-648038051639 0.187s
2025-11-22 03:02:04.781 66335 INFO tempest.lib.common.rest_client [req-017a2306-30ad-43f8-85fd-07c6d3e0f4bd req-017a2306-30ad-43f8-85fd-07c6d3e0f4bd ] Request (InstanceActionsV221TestJSON:test_get_list_deleted_instance_actions): 201 POST http://10.180.1.21/identity/v3/auth/tokens 0.169s
2025-11-22 03:02:04.782 66335 INFO tempest.lib.common.fixed_network [-] (InstanceActionsV221TestJSON:test_get_list_deleted_instance_actions) Found network {'id': '7662ddb8-177f-4db6-a4ca-a3a0a0231de2', 'name': 'tempest-InstanceActionsV221TestJSON-446411516-network', 'tenant_id': 'b0f0be937fe64fa3b2055c297cc0f6ea', 'project_id': 'b0f0be937fe64fa3b2055c297cc0f6ea', 'admin_state_up': True, 'mtu': 8950, 'status': 'ACTIVE', 'subnets': [], 'shared': False, 'port_security_enabled': True, 'router:external': False, 'provider:network_type': 'vlan', 'provider:physical_network': 'default', 'provider:segmentation_id': 568, 'availability_zone_hints': [], 'availability_zones': [], 'ipv4_address_scope': None, 'ipv6_address_scope': None, 'description': '', 'tags': [], 'created_at': '2025-11-22T03:02:01Z', 'updated_at': '2025-11-22T03:02:01Z', 'revision_number': 1} available for tenant
2025-11-22 03:02:04.804 66363 INFO tempest.lib.common.rest_client [req-50a8571f-aa95-4f62-ab9b-ca48309e52b4 req-50a8571f-aa95-4f62-ab9b-ca48309e52b4 ] Request (KeyPairsNegativeTestJSON:tearDownClass): 201 POST http://10.180.1.21/identity/v3/auth/tokens 0.115s
2025-11-22 03:02:04.812 66355 INFO tempest.lib.common.rest_client [req-da6151fb-744a-4b5d-8527-8775bc1acbd3 req-da6151fb-744a-4b5d-8527-8775bc1acbd3 ] Request (ServersTestJSON:test_create_server_with_ipv6_addr_only): 200 GET http://10.180.1.21/compute/v2.1/servers/bea6ada9-99e0-4ccb-be0b-0ecc1da3a8bc 2.634s
2025-11-22 03:02:04.824 66319 INFO tempest.lib.common.rest_client [req-b17caa43-b1fd-421b-b7c0-30574d0426b8 req-b17caa43-b1fd-421b-b7c0-30574d0426b8 ] Request (ImagesOneServerNegativeTestJSON:_run_cleanups): 200 GET http://10.180.1.21/compute/v2.1/servers/65d1c284-001d-4616-878f-c67de322b185 2.581s
2025-11-22 03:02:04.898 66343 INFO tempest.lib.common.rest_client [req-92b68e96-23ca-431f-b410-fd5d774b5d1e req-92b68e96-23ca-431f-b410-fd5d774b5d1e ] Request (ServersTestBootFromVolume:tearDownClass): 204 DELETE http://10.180.1.21/identity/v3/projects/a1edf1468af24614b1ffa665949ec64d 0.126s
2025-11-22 03:02:04.972 66374 INFO tempest.lib.common.rest_client [req-0f6a13ad-49e3-45af-aa19-b3239a819ba3 req-0f6a13ad-49e3-45af-aa19-b3239a819ba3 ] Request (HostsAdminTestJSON:setUpClass): 201 POST http://10.180.1.21/identity/v3/projects 0.264s
2025-11-22 03:02:05.039 66357 INFO tempest.lib.common.rest_client [req-1aaef6dd-fd99-4556-ae3a-f9526c0e3b96 req-1aaef6dd-fd99-4556-ae3a-f9526c0e3b96 ] Request (SecurityGroupsTestJSON:test_server_security_groups): 200 GET http://10.180.1.21/compute/v2.1/servers/0b3a5cb0-0bd7-456f-b5e7-80522aea1319 2.709s
2025-11-22 03:02:05.047 66357 INFO tempest.common.waiters [-] State transition "BUILD/scheduling" ==> "BUILD/None" after 4 second wait
2025-11-22 03:02:05.066 66343 INFO tempest.lib.common.rest_client [req-d7116a4a-558a-4503-b6ab-6842b8745643 req-d7116a4a-558a-4503-b6ab-6842b8745643 ] Request (DeleteServersTestJSON:setUpClass): 201 POST http://10.180.1.21/identity/v3/auth/tokens 0.166s
2025-11-22 03:02:05.069 66374 INFO tempest.lib.common.rest_client [req-b0cdc3c6-38a4-40cb-b804-bea481b57f83 req-b0cdc3c6-38a4-40cb-b804-bea481b57f83 ] Request (HostsAdminTestJSON:setUpClass): 201 POST http://10.180.1.21/identity/v3/users 0.096s
2025-11-22 03:02:05.097 66374 INFO tempest.lib.common.rest_client [req-780d3c8b-21e0-470b-893a-3a8690a182ab req-780d3c8b-21e0-470b-893a-3a8690a182ab ] Request (HostsAdminTestJSON:setUpClass): 200 GET http://10.180.1.21/identity/v3/roles 0.027s
2025-11-22 03:02:05.103 66343 INFO tempest.lib.common.rest_client [req-57884710-4bc8-4973-9f3c-4fd3f84d972b req-57884710-4bc8-4973-9f3c-4fd3f84d972b ] Request (DeleteServersTestJSON:setUpClass): 201 POST http://10.180.1.21/identity/v3/auth/tokens 0.033s
2025-11-22 03:02:05.128 66374 INFO tempest.lib.common.rest_client [req-a6525cc9-c03f-4230-a2c8-13751816baeb req-a6525cc9-c03f-4230-a2c8-13751816baeb ] Request (HostsAdminTestJSON:setUpClass): 204 PUT http://10.180.1.21/identity/v3/projects/a773853eeece43b5b45abcfbc2360ef4/users/d9e645ce7b084cc3878778abcdbdbb85/roles/7c76b7c1aa2e482a85f6c0087642a9f4 0.030s
