2025-11-22 03:00:03.783 66329 INFO tempest.lib.common.dynamic_creds [-] Created isolated network resources for: credentials: Credentials: {'domain_id': 'default', 'domain_name': 'Default', 'username': 'tempest-KeyPairsV22TestJSON-1546573454-project-member', 'project_domain_id': 'default', 'project_domain_name': 'Default', 'project_id': '26131b5d2acf43f28bde9326ffa552c2', 'project_name': 'tempest-KeyPairsV22TestJSON-1546573454', 'tenant_id': '26131b5d2acf43f28bde9326ffa552c2', 'tenant_name': 'tempest-KeyPairsV22TestJSON-1546573454', 'user_domain_id': 'default', 'user_domain_name': 'Default', 'user_id': '339ffc4ad8204e5da8ecf10698ad4005', 'system': None}, Network: None, Subnet: None, Router: None
2025-11-22 03:00:03.864 66329 INFO tempest.lib.common.rest_client [req-dba2d587-50df-47af-a832-10ff3682305a req-dba2d587-50df-47af-a832-10ff3682305a ] Request (KeyPairsV22TestJSON:setUpClass): 201 POST http://10.180.1.21/identity/v3/auth/tokens 0.077s
2025-11-22 03:00:03.977 66355 INFO tempest.lib.common.rest_client [req-bd5a4586-66a8-48e1-bcc3-774060101ddf req-bd5a4586-66a8-48e1-bcc3-774060101ddf ] Request (NetworksTest:tearDownClass): 204 DELETE http://10.180.1.21/networking/v2.0/security-groups/026a4c53-faf5-4ad4-b46b-8cb96e03861a 0.334s
2025-11-22 03:00:04.124 66355 INFO tempest.lib.common.rest_client [req-ded45728-a65f-46e3-a77f-81a1f65a074d req-ded45728-a65f-46e3-a77f-81a1f65a074d ] Request (NetworksTest:tearDownClass): 204 DELETE http://10.180.1.21/identity/v3/projects/52021ec6c97a4debaab5e554a2302aee 0.147s
2025-11-22 03:00:04.190 66355 INFO tempest.lib.common.rest_client [req-b18b16af-ca18-4570-93e1-1131b3b45cd0 req-b18b16af-ca18-4570-93e1-1131b3b45cd0 ] Request (QuotasAdminTestV257:setUpClass): 201 POST http://10.180.1.21/identity/v3/auth/tokens 0.063s
2025-11-22 03:00:04.224 66355 INFO tempest.lib.common.rest_client [req-b9b1cd7b-61c3-4865-8d2f-819e5baab572 req-b9b1cd7b-61c3-4865-8d2f-819e5baab572 ] Request (QuotasAdminTestV257:setUpClass): 201 POST http://10.180.1.21/identity/v3/auth/tokens 0.030s
2025-11-22 03:00:04.256 66355 INFO tempest.lib.common.rest_client [req-05996248-879e-45af-8f7b-00377e34fddf req-05996248-879e-45af-8f7b-00377e34fddf ] Request (QuotasAdminTestV257:setUpClass): 200 GET http://10.180.1.21/identity/v3/domains?name=Default 0.031s
2025-11-22 03:00:04.277 66353 INFO tempest.lib.common.rest_client [req-434d40cc-c854-4de8-94bc-f1281dba2170 req-434d40cc-c854-4de8-94bc-f1281dba2170 ] Request (ServersTestManualDisk:setUpClass): 201 POST http://10.180.1.21/networking/v2.0/networks 0.564s
2025-11-22 03:00:04.291 66355 INFO tempest.lib.common.rest_client [req-695f997e-527b-43c8-b481-38d8902beb7c req-695f997e-527b-43c8-b481-38d8902beb7c ] Request (QuotasAdminTestV257:setUpClass): 201 POST http://10.180.1.21/identity/v3/projects 0.033s
2025-11-22 03:00:04.338 66369 INFO tempest.lib.common.rest_client [req-32c8acd7-7351-4c5b-8432-b9392a6042d4 req-32c8acd7-7351-4c5b-8432-b9392a6042d4 ] Request (ServerActionsTestOtherB:setUpClass): 201 POST http://10.180.1.21/networking/v2.0/security-group-rules 0.558s
2025-11-22 03:00:04.369 66355 INFO tempest.lib.common.rest_client [req-fe98fe04-f824-4eaf-bd65-7f6527aa36ea req-fe98fe04-f824-4eaf-bd65-7f6527aa36ea ] Request (QuotasAdminTestV257:setUpClass): 201 POST http://10.180.1.21/identity/v3/users 0.078s
2025-11-22 03:00:04.389 66319 INFO tempest.lib.common.rest_client [req-9791b0c5-5a33-4a21-abec-a8b3f66b0ad6 req-9791b0c5-5a33-4a21-abec-a8b3f66b0ad6 ] Request (ImagesOneServerNegativeTestJSON:setUpClass): 200 GET http://10.180.1.21/compute/v2.1/servers/66c0b63e-9aa4-46e1-a3ff-1201f5872a4a 5.914s
2025-11-22 03:00:04.395 66355 INFO tempest.lib.common.rest_client [req-5c53a14e-b4a5-48a3-9090-bc5dc1b297c6 req-5c53a14e-b4a5-48a3-9090-bc5dc1b297c6 ] Request (QuotasAdminTestV257:setUpClass): 200 GET http://10.180.1.21/identity/v3/roles 0.025s
2025-11-22 03:00:04.436 66355 INFO tempest.lib.common.rest_client [req-c279b239-d110-49f1-aee3-60249cf88774 req-c279b239-d110-49f1-aee3-60249cf88774 ] Request (QuotasAdminTestV257:setUpClass): 204 PUT http://10.180.1.21/identity/v3/projects/ea014e66eb4a4f5991418db85b126911/users/6236766bd7ff44deaae0c3016930523b/roles/011de0f526aa41ffb99657ceaa1f3753 0.041s
2025-11-22 03:00:04.437 66355 INFO tempest.lib.common.dynamic_creds [-] Dynamic test user 6236766bd7ff44deaae0c3016930523b is created with scope project and roles: ['member']
2025-11-22 03:00:04.437 66355 INFO tempest.lib.common.dynamic_creds [-] Acquired dynamic creds: credentials: Credentials: {'domain_id': 'default', 'domain_name': 'Default', 'username': 'tempest-QuotasAdminTestV257-1105321850-project-member', 'project_domain_id': 'default', 'project_domain_name': 'Default', 'project_id': 'ea014e66eb4a4f5991418db85b126911', 'project_name': 'tempest-QuotasAdminTestV257-1105321850', 'tenant_id': 'ea014e66eb4a4f5991418db85b126911', 'tenant_name': 'tempest-QuotasAdminTestV257-1105321850', 'user_domain_id': 'default', 'user_domain_name': 'Default', 'user_id': '6236766bd7ff44deaae0c3016930523b', 'system': None}, Network: None, Subnet: None, Router: None
2025-11-22 03:00:04.437 66355 INFO tempest.lib.common.dynamic_creds [-] Created isolated network resources for: credentials: Credentials: {'domain_id': 'default', 'domain_name': 'Default', 'username': 'tempest-QuotasAdminTestV257-1105321850-project-member', 'project_domain_id': 'default', 'project_domain_name': 'Default', 'project_id': 'ea014e66eb4a4f5991418db85b126911', 'project_name': 'tempest-QuotasAdminTestV257-1105321850', 'tenant_id': 'ea014e66eb4a4f5991418db85b126911', 'tenant_name': 'tempest-QuotasAdminTestV257-1105321850', 'user_domain_id': 'default', 'user_domain_name': 'Default', 'user_id': '6236766bd7ff44deaae0c3016930523b', 'system': None}, Network: None, Subnet: None, Router: None
2025-11-22 03:00:04.550 66353 INFO tempest.lib.common.rest_client [req-50c15f14-ac9f-422c-a295-2cd703c72741 req-50c15f14-ac9f-422c-a295-2cd703c72741 ] Request (ServersTestManualDisk:setUpClass): 201 POST http://10.180.1.21/networking/v2.0/subnets 0.273s
2025-11-22 03:00:04.588 66355 INFO tempest.lib.common.rest_client [req-07e39651-a6e8-4350-ada7-d55a821c213c req-07e39651-a6e8-4350-ada7-d55a821c213c ] Request (QuotasAdminTestV257:setUpClass): 201 POST http://10.180.1.21/identity/v3/auth/tokens 0.146s
2025-11-22 03:00:04.692 66355 INFO tempest.lib.common.rest_client [req-6201ab54-0a6a-437f-80c0-8242ca62e1eb req-6201ab54-0a6a-437f-80c0-8242ca62e1eb ] Request (QuotasAdminTestV257:setUpClass): 201 POST http://10.180.1.21/identity/v3/projects 0.100s
2025-11-22 03:00:04.697 66369 INFO tempest.lib.common.rest_client [req-db9075f7-1aee-4f06-98e0-40207208ace2 req-db9075f7-1aee-4f06-98e0-40207208ace2 ] Request (ServerActionsTestOtherB:setUpClass): 201 POST http://10.180.1.21/networking/v2.0/security-group-rules 0.358s
2025-11-22 03:00:04.746 66343 INFO tempest.lib.common.rest_client [req-a0f9e190-e388-4c90-9ab5-aa7ceeabc059 req-a0f9e190-e388-4c90-9ab5-aa7ceeabc059 ] Request (ServersTestBootFromVolume:setUpClass): 200 GET http://10.180.1.21/volume/v3/volumes/25bbc28b-ae68-448a-a432-391edbf6b67d 0.037s
2025-11-22 03:00:04.792 66355 INFO tempest.lib.common.rest_client [req-d0f695bf-3172-4b91-a7bf-36329033b047 req-d0f695bf-3172-4b91-a7bf-36329033b047 ] Request (QuotasAdminTestV257:setUpClass): 201 POST http://10.180.1.21/identity/v3/users 0.099s
2025-11-22 03:00:04.815 66355 INFO tempest.lib.common.rest_client [req-865812f0-ef3a-4707-b033-572ac5616487 req-865812f0-ef3a-4707-b033-572ac5616487 ] Request (QuotasAdminTestV257:setUpClass): 200 GET http://10.180.1.21/identity/v3/roles 0.022s
2025-11-22 03:00:04.848 66355 INFO tempest.lib.common.rest_client [req-04561afb-ea61-47b9-8ace-e5a246cfb134 req-04561afb-ea61-47b9-8ace-e5a246cfb134 ] Request (QuotasAdminTestV257:setUpClass): 204 PUT http://10.180.1.21/identity/v3/projects/5d9d4fdeda884cdc9335e798526ac199/users/cec9c5d16b6f47fab5e04df620387f05/roles/7c76b7c1aa2e482a85f6c0087642a9f4 0.032s
2025-11-22 03:00:04.906 66355 INFO tempest.lib.common.rest_client [req-0dfe47e7-c3c7-4837-866c-69b9e092a9d9 req-0dfe47e7-c3c7-4837-866c-69b9e092a9d9 ] Request (QuotasAdminTestV257:setUpClass): 200 GET http://10.180.1.21/identity/v3/roles 0.058s
2025-11-22 03:00:04.928 66355 INFO tempest.lib.common.rest_client [req-fd32c8c7-9b55-4105-92cb-a665be6f4867 req-fd32c8c7-9b55-4105-92cb-a665be6f4867 ] Request (QuotasAdminTestV257:setUpClass): 204 PUT http://10.180.1.21/identity/v3/projects/5d9d4fdeda884cdc9335e798526ac199/users/cec9c5d16b6f47fab5e04df620387f05/roles/7c76b7c1aa2e482a85f6c0087642a9f4 0.021s
2025-11-22 03:00:04.928 66355 INFO tempest.lib.common.dynamic_creds [-] Dynamic test user cec9c5d16b6f47fab5e04df620387f05 is created with scope project and roles: ['admin']
2025-11-22 03:00:04.929 66355 INFO tempest.lib.common.dynamic_creds [-] Acquired dynamic creds: credentials: Credentials: {'domain_id': 'default', 'domain_name': 'Default', 'username': 'tempest-QuotasAdminTestV257-2131398686-project-admin', 'project_domain_id': 'default', 'project_domain_name': 'Default', 'project_id': '5d9d4fdeda884cdc9335e798526ac199', 'project_name': 'tempest-QuotasAdminTestV257-2131398686', 'tenant_id': '5d9d4fdeda884cdc9335e798526ac199', 'tenant_name': 'tempest-QuotasAdminTestV257-2131398686', 'user_domain_id': 'default', 'user_domain_name': 'Default', 'user_id': 'cec9c5d16b6f47fab5e04df620387f05', 'system': None}, Network: None, Subnet: None, Router: None
2025-11-22 03:00:04.929 66355 INFO tempest.lib.common.dynamic_creds [-] Created isolated network resources for: credentials: Credentials: {'domain_id': 'default', 'domain_name': 'Default', 'username': 'tempest-QuotasAdminTestV257-2131398686-project-admin', 'project_domain_id': 'default', 'project_domain_name': 'Default', 'project_id': '5d9d4fdeda884cdc9335e798526ac199', 'project_name': 'tempest-QuotasAdminTestV257-2131398686', 'tenant_id': '5d9d4fdeda884cdc9335e798526ac199', 'tenant_name': 'tempest-QuotasAdminTestV257-2131398686', 'user_domain_id': 'default', 'user_domain_name': 'Default', 'user_id': 'cec9c5d16b6f47fab5e04df620387f05', 'system': None}, Network: None, Subnet: None, Router: None
2025-11-22 03:00:05.008 66355 INFO tempest.lib.common.rest_client [req-d4520ddf-df45-4f48-af6a-2ed0e75a05c5 req-d4520ddf-df45-4f48-af6a-2ed0e75a05c5 ] Request (QuotasAdminTestV257:setUpClass): 201 POST http://10.180.1.21/identity/v3/auth/tokens 0.076s
2025-11-22 03:00:05.009 66355 WARNING tempest.lib.common.rest_client [-] Deprecated: "tenant_id" property is deprecated for removal, use "project_id" instead
2025-11-22 03:00:05.448 66353 INFO tempest.lib.common.rest_client [req-16ac6ba9-ea47-48d8-90fa-efaf933d7a16 req-16ac6ba9-ea47-48d8-90fa-efaf933d7a16 ] Request (ServersTestManualDisk:setUpClass): 201 POST http://10.180.1.21/networking/v2.0/routers 0.897s
2025-11-22 03:00:05.802 66343 INFO tempest.lib.common.rest_client [req-ba42b10e-70bb-4e99-abbe-149e6656188d req-ba42b10e-70bb-4e99-abbe-149e6656188d ] Request (ServersTestBootFromVolume:setUpClass): 200 GET http://10.180.1.21/volume/v3/volumes/25bbc28b-ae68-448a-a432-391edbf6b67d 0.046s
2025-11-22 03:00:05.891 66369 INFO tempest.lib.common.rest_client [req-1491212c-7c9b-4002-9f15-25ac802932e6 req-1491212c-7c9b-4002-9f15-25ac802932e6 ] Request (ServerActionsTestOtherB:setUpClass): 201 POST http://10.180.1.21/networking/v2.0/floatingips 1.194s
2025-11-22 03:00:05.899 66365 INFO tempest.lib.common.rest_client [req-8bc2af39-b1c1-4028-a0de-071cd317fa18 req-8bc2af39-b1c1-4028-a0de-071cd317fa18 ] Request (FloatingIPDetailsTestJSON:setUpClass): 200 POST http://10.180.1.21/compute/v2.1/os-floating-ips 7.519s
2025-11-22 03:00:05.978 66369 INFO tempest.lib.common.rest_client [req-8f6b772d-7fcf-4711-9c71-5ee470cb6ddc req-8f6b772d-7fcf-4711-9c71-5ee470cb6ddc ] Request (ServerActionsTestOtherB:setUpClass): 201 POST http://10.180.1.21/identity/v3/auth/tokens 0.082s
2025-11-22 03:00:05.979 66369 INFO tempest.lib.common.fixed_network [-] (ServerActionsTestOtherB:setUpClass) Found network {'id': 'bb1bba9f-620b-47ea-a140-2703f6075aff', 'name': 'tempest-ServerActionsTestOtherB-1068964153-network', 'tenant_id': '4fb8840d3c9f48349d5522d15a574c1e', 'project_id': '4fb8840d3c9f48349d5522d15a574c1e', 'admin_state_up': True, 'mtu': 8950, 'status': 'ACTIVE', 'subnets': [], 'shared': False, 'port_security_enabled': True, 'router:external': False, 'provider:network_type': 'vlan', 'provider:physical_network': 'default', 'provider:segmentation_id': 323, 'availability_zone_hints': [], 'availability_zones': [], 'ipv4_address_scope': None, 'ipv6_address_scope': None, 'description': '', 'tags': [], 'created_at': '2025-11-22T02:59:53Z', 'updated_at': '2025-11-22T02:59:53Z', 'revision_number': 1} available for tenant
2025-11-22 03:00:05.994 66374 INFO tempest.lib.common.rest_client [req-1e1a887b-98d2-42a2-89b2-53c1f5ff3f05 req-1e1a887b-98d2-42a2-89b2-53c1f5ff3f05 ] Request (AggregatesAdminNegativeTestJSON:test_aggregate_add_existent_host): 409 POST http://10.180.1.21/compute/v2.1/os-aggregates/1/action 6.912s
2025-11-22 03:00:06.526 66357 INFO tempest.lib.common.rest_client [req-98f47fe1-09b5-4f06-8cd3-dd75538632a8 req-98f47fe1-09b5-4f06-8cd3-dd75538632a8 ] Request (SecurityGroupsTestJSON:test_list_security_groups_by_server): 200 POST http://10.180.1.21/compute/v2.1/os-security-groups 7.021s
2025-11-22 03:00:06.596 66357 INFO tempest.lib.common.rest_client [req-b220d599-cf0d-48b2-861f-6997a57ab9ff req-b220d599-cf0d-48b2-861f-6997a57ab9ff ] Request (SecurityGroupsTestJSON:test_list_security_groups_by_server): 201 POST http://10.180.1.21/identity/v3/auth/tokens 0.063s
2025-11-22 03:00:06.598 66357 INFO tempest.lib.common.fixed_network [-] (SecurityGroupsTestJSON:test_list_security_groups_by_server) Found network {'id': '7e960048-71e5-4e6f-82ea-12a55f620dc6', 'name': 'tempest-SecurityGroupsTestJSON-42478442-network', 'tenant_id': '91b47a028f314cb691537d60145b69ba', 'project_id': '91b47a028f314cb691537d60145b69ba', 'admin_state_up': True, 'mtu': 8950, 'status': 'ACTIVE', 'subnets': [], 'shared': False, 'port_security_enabled': True, 'router:external': False, 'provider:network_type': 'vlan', 'provider:physical_network': 'default', 'provider:segmentation_id': 26, 'availability_zone_hints': [], 'availability_zones': [], 'ipv4_address_scope': None, 'ipv6_address_scope': None, 'description': '', 'tags': [], 'created_at': '2025-11-22T02:59:43Z', 'updated_at': '2025-11-22T02:59:43Z', 'revision_number': 1} available for tenant
2025-11-22 03:00:06.650 66375 INFO tempest.lib.common.rest_client [req-a91ba470-f6d0-43da-b3f8-ae455198d3c2 req-a91ba470-f6d0-43da-b3f8-ae455198d3c2 ] Request (FlavorsAccessNegativeTestJSON:test_add_flavor_access_duplicate): 409 POST http://10.180.1.21/compute/v2.1/flavors/639399813/action 7.030s
2025-11-22 03:00:06.749 66323 INFO tempest.lib.common.rest_client [req-48643d45-c75d-443e-a08f-62490391d0e0 req-48643d45-c75d-443e-a08f-62490391d0e0 ] Request (VolumesAssistedSnapshotsTest:test_volume_assisted_snapshot_create_delete): 200 POST http://10.180.1.21/compute/v2.1/os-keypairs 6.876s
2025-11-22 03:00:06.812 66353 INFO tempest.lib.common.rest_client [req-a32b61d3-697d-4016-9e73-14f270ce3a04 req-a32b61d3-697d-4016-9e73-14f270ce3a04 ] Request (ServersTestManualDisk:setUpClass): 200 PUT http://10.180.1.21/networking/v2.0/routers/91dac7e6-45f2-4bb1-b9b1-1993aab51b1f/add_router_interface 1.363s
2025-11-22 03:00:06.812 66353 INFO tempest.lib.common.dynamic_creds [-] Created isolated network resources for: credentials: Credentials: {'domain_id': 'default', 'domain_name': 'Default', 'username': 'tempest-ServersTestManualDisk-1690603069-project-member', 'project_domain_id': 'default', 'project_domain_name': 'Default', 'project_id': '509782575f6b410b85389a2585fe5d29', 'project_name': 'tempest-ServersTestManualDisk-1690603069', 'tenant_id': '509782575f6b410b85389a2585fe5d29', 'tenant_name': 'tempest-ServersTestManualDisk-1690603069', 'user_domain_id': 'default', 'user_domain_name': 'Default', 'user_id': '5d5d23a5c09142e3bd5747edcd2703a5', 'system': None}, Network: {'id': 'a588b49f-6ace-4712-85ed-ad10d5a8d40b', 'name': 'tempest-ServersTestManualDisk-337520124-network', 'tenant_id': '509782575f6b410b85389a2585fe5d29', 'project_id': '509782575f6b410b85389a2585fe5d29', 'admin_state_up': True, 'mtu': 8950, 'status': 'ACTIVE', 'subnets': [], 'shared': False, 'port_security_enabled': True, 'router:external': False, 'provider:network_type': 'vlan', 'provider:physical_network': 'default', 'provider:segmentation_id': 702, 'availability_zone_hints': [], 'availability_zones': [], 'ipv4_address_scope': None, 'ipv6_address_scope': None, 'description': '', 'tags': [], 'created_at': '2025-11-22T03:00:04Z', 'updated_at': '2025-11-22T03:00:04Z', 'revision_number': 1}, Subnet: {'id': '87a27e0b-f7cc-4f57-a63b-53c0b0af1d7a', 'name': 'tempest-ServersTestManualDisk-337520124-subnet', 'tenant_id': '509782575f6b410b85389a2585fe5d29', 'network_id': 'a588b49f-6ace-4712-85ed-ad10d5a8d40b', 'ip_version': 4, 'subnetpool_id': None, 'enable_dhcp': True, 'ipv6_ra_mode': None, 'ipv6_address_mode': None, 'gateway_ip': '192.168.128.1', 'cidr': '192.168.128.0/28', 'allocation_pools': [{'start': '192.168.128.2', 'end': '192.168.128.14'}], 'host_routes': [], 'dns_nameservers': [], 'description': '', 'router:external': False, 'service_types': [], 'tags': [], 'created_at': '2025-11-22T03:00:04Z', 'updated_at': '2025-11-22T03:00:04Z', 'revision_number': 0, 'project_id': '509782575f6b410b85389a2585fe5d29'}, Router: {'id': '91dac7e6-45f2-4bb1-b9b1-1993aab51b1f', 'name': 'tempest-ServersTestManualDisk-337520124-router', 'tenant_id': '509782575f6b410b85389a2585fe5d29', 'admin_state_up': True, 'status': 'ACTIVE', 'external_gateway_info': {'network_id': '26732333-1e65-43ec-b805-b109962b23d8', 'external_fixed_ips': [{'subnet_id': '5a6ed5de-ea12-44c9-974a-8afc578b4f17', 'ip_address': '10.180.180.226'}], 'enable_snat': True}, 'description': '', 'availability_zones': [], 'distributed': False, 'ha': False, 'availability_zone_hints': [], 'routes': [], 'flavor_id': None, 'tags': [], 'created_at': '2025-11-22T03:00:04Z', 'updated_at': '2025-11-22T03:00:05Z', 'revision_number': 2, 'project_id': '509782575f6b410b85389a2585fe5d29'}
2025-11-22 03:00:06.838 66343 INFO tempest.lib.common.rest_client [req-8f0ba9e1-1732-481d-9d6a-ebae12c3fef1 req-8f0ba9e1-1732-481d-9d6a-ebae12c3fef1 ] Request (ServersTestBootFromVolume:setUpClass): 200 GET http://10.180.1.21/volume/v3/volumes/25bbc28b-ae68-448a-a432-391edbf6b67d 0.028s
2025-11-22 03:00:06.874 66325 INFO tempest.lib.common.rest_client [req-73402805-bb54-44d0-8411-7f2de6950cfe req-73402805-bb54-44d0-8411-7f2de6950cfe ] Request (QuotasAdminNegativeTest:test_create_server_when_cpu_quota_is_full): 200 PUT http://10.180.1.21/compute/v2.1/os-quota-sets/6e22f598c89e471a92269b6b4b68771a 6.355s
2025-11-22 03:00:06.900 66353 INFO tempest.lib.common.rest_client [req-fc92dbff-26b8-4a92-992c-7a7192088420 req-fc92dbff-26b8-4a92-992c-7a7192088420 ] Request (ServersTestManualDisk:setUpClass): 201 POST http://10.180.1.21/identity/v3/auth/tokens 0.084s
2025-11-22 03:00:06.921 66327 INFO tempest.lib.common.rest_client [req-02ac8610-2b18-4118-812d-89ac42284533 req-02ac8610-2b18-4118-812d-89ac42284533 ] Request (ListImageFiltersTestJSON:setUpClass): 200 GET http://10.180.1.21/compute/v2.1/images/49dcd4b2-b494-45d9-befc-ebc13e8e556a 5.987s
2025-11-22 03:00:06.952 66325 INFO tempest.lib.common.rest_client [req-018ad567-720a-486c-8658-f841beff6f7d req-018ad567-720a-486c-8658-f841beff6f7d ] Request (QuotasAdminNegativeTest:test_create_server_when_cpu_quota_is_full): 201 POST http://10.180.1.21/identity/v3/auth/tokens 0.067s
2025-11-22 03:00:06.952 66325 INFO tempest.lib.common.fixed_network [-] (QuotasAdminNegativeTest:test_create_server_when_cpu_quota_is_full) Found network None available for tenant
2025-11-22 03:00:06.958 66323 INFO tempest.lib.common.rest_client [req-bd6768b1-9b11-4a59-becd-937d0fa7976d req-bd6768b1-9b11-4a59-becd-937d0fa7976d ] Request (VolumesAssistedSnapshotsTest:test_volume_assisted_snapshot_create_delete): 201 POST http://10.180.1.21/networking/v2.0/security-groups 0.204s
2025-11-22 03:00:07.069 66346 INFO tempest.lib.common.rest_client [req-2b39f0bc-dabc-4cd0-a491-3b35ad47f8fe req-2b39f0bc-dabc-4cd0-a491-3b35ad47f8fe ] Request (FloatingIPsAssociationNegativeTestJSON:setUpClass): 202 POST http://10.180.1.21/compute/v2.1/servers 8.426s
2025-11-22 03:00:07.090 66323 INFO tempest.lib.common.rest_client [req-8366e36b-4a8a-4499-9d75-8836d8ae4810 req-8366e36b-4a8a-4499-9d75-8836d8ae4810 ] Request (VolumesAssistedSnapshotsTest:test_volume_assisted_snapshot_create_delete): 201 POST http://10.180.1.21/networking/v2.0/security-group-rules 0.131s
2025-11-22 03:00:07.204 66335 INFO tempest.lib.common.rest_client [req-2ab7c878-a918-4571-b3c6-3239a680ef40 req-2ab7c878-a918-4571-b3c6-3239a680ef40 ] Request (ServerDiagnosticsV248Test:test_get_server_diagnostics): 200 GET http://10.180.1.21/compute/v2.1/servers/7a685b90-de08-4e3d-84ec-09d0446649e2 5.866s
2025-11-22 03:00:07.212 66342 INFO tempest.lib.common.rest_client [req-5b3a958b-2e37-4d17-bd3d-ec7efe9105ee req-5b3a958b-2e37-4d17-bd3d-ec7efe9105ee ] Request (HostsAdminNegativeTestJSON:test_show_host_detail_with_non_admin_user): 403 GET http://10.180.1.21/compute/v2.1/os-hosts/devstack 5.874s
2025-11-22 03:00:07.216 66335 INFO tempest.common.waiters [-] State transition "BUILD/spawning" ==> "ACTIVE/None" after 16 second wait
2025-11-22 03:00:07.227 66371 INFO tempest.lib.common.rest_client [req-0d7fb66a-4df5-4a3d-87be-bad8f5ac1c73 req-0d7fb66a-4df5-4a3d-87be-bad8f5ac1c73 ] Request (MigrationsAdminTest:test_list_migrations_in_flavor_resize_situation): 200 GET http://10.180.1.21/compute/v2.1/servers/9fe6ca77-4628-4a8b-a5d6-f85aca7c9e5f 5.903s
2025-11-22 03:00:07.261 66337 INFO tempest.lib.common.rest_client [req-4db9052a-efcf-4263-9686-d162e3bd166f req-4db9052a-efcf-4263-9686-d162e3bd166f ] Request (FlavorsExtraSpecsTestJSON:test_flavor_non_admin_get_specific_key): 200 POST http://10.180.1.21/compute/v2.1/flavors/662651077/os-extra_specs 5.776s
2025-11-22 03:00:07.286 66323 INFO tempest.lib.common.rest_client [req-58efc461-f7a3-4fdd-84e4-fb96f5528647 req-58efc461-f7a3-4fdd-84e4-fb96f5528647 ] Request (VolumesAssistedSnapshotsTest:test_volume_assisted_snapshot_create_delete): 201 POST http://10.180.1.21/networking/v2.0/security-group-rules 0.196s
2025-11-22 03:00:07.300 66363 INFO tempest.lib.common.rest_client [req-e8132175-ce18-4df9-be02-40ed478555ad req-e8132175-ce18-4df9-be02-40ed478555ad ] Request (FlavorsV261TestJSON:test_crud_flavor): 200 GET http://10.180.1.21/compute/v2.1/flavors/detail 5.788s
2025-11-22 03:00:07.326 66339 INFO tempest.lib.common.rest_client [req-7879496f-d051-428e-a215-77202ad9cfdb req-7879496f-d051-428e-a215-77202ad9cfdb ] Request (FlavorsV255TestJSON:test_crud_flavor): 200 GET http://10.180.1.21/compute/v2.1/flavors/detail 5.775s
2025-11-22 03:00:07.390 66347 INFO tempest.lib.common.rest_client [req-382b6a4d-9d99-4ecf-9e0f-d36959917073 req-382b6a4d-9d99-4ecf-9e0f-d36959917073 ] Request (SecurityGroupsTestAdminJSON:test_list_security_groups_list_all_tenants_filter): 200 POST http://10.180.1.21/compute/v2.1/os-security-groups 5.916s
2025-11-22 03:00:07.417 66379 INFO tempest.lib.common.rest_client [req-948663c3-3cb2-4741-8775-7f15813a02fe req-948663c3-3cb2-4741-8775-7f15813a02fe ] Request (ServicesAdminNegativeV253TestJSON:test_get_service_by_invalid_params): 200 GET http://10.180.1.21/compute/v2.1/os-services 5.072s
2025-11-22 03:00:07.434 66351 INFO tempest.lib.common.rest_client [req-7a0b551d-b967-4835-a2e6-7d63f8b0ebdc req-7a0b551d-b967-4835-a2e6-7d63f8b0ebdc ] Request (FlavorsExtraSpecsNegativeTestJSON:test_flavor_non_admin_unset_keys): 200 POST http://10.180.1.21/compute/v2.1/flavors/1657048455/os-extra_specs 4.808s
2025-11-22 03:00:07.455 66377 INFO tempest.lib.common.rest_client [req-9063f2c1-6a48-47c0-a561-4351f78e1c3d req-9063f2c1-6a48-47c0-a561-4351f78e1c3d ] Request (HypervisorAdminUnderV252Test:test_search_hypervisor): 200 GET http://10.180.1.21/compute/v2.1/os-hypervisors/domain-c8.fc996f14-c53b-4953-92e3-bdfa48f5cc28/search 4.781s
2025-11-22 03:00:07.458 66333 INFO tempest.lib.common.rest_client [req-f0cabdbd-1841-4a93-8cfa-5d7379f0f4b1 req-f0cabdbd-1841-4a93-8cfa-5d7379f0f4b1 ] Request (KeyPairsV210TestJSON:test_admin_manage_keypairs_for_other_users): 201 POST http://10.180.1.21/compute/v2.1/os-keypairs 4.811s
2025-11-22 03:00:07.486 66367 INFO tempest.lib.common.rest_client [req-3011a0b3-7ef0-4698-b1bf-15b2a743e11b req-3011a0b3-7ef0-4698-b1bf-15b2a743e11b ] Request (FlavorMetadataValidation:_run_cleanups): 200 GET http://10.180.1.21/compute/v2.1/flavors/detail 4.768s
2025-11-22 03:00:07.631 66331 INFO tempest.lib.common.rest_client [req-095a43b6-1ad0-4c84-95f6-59b373c67674 req-095a43b6-1ad0-4c84-95f6-59b373c67674 ] Request (ServersWithSpecificFlavorTestJSON:test_verify_created_server_ephemeral_disk): 200 POST http://10.180.1.21/compute/v2.1/flavors 4.739s
2025-11-22 03:00:07.650 66377 INFO tempest.lib.common.rest_client [req-66d14b73-eb42-4aa0-8e1b-1d909b999274 req-66d14b73-eb42-4aa0-8e1b-1d909b999274 ] Request (HypervisorAdminUnderV252Test:tearDownClass): 204 DELETE http://10.180.1.21/identity/v3/users/c8d8eb1a2d344ae2adf041fcc57a73c3 0.192s
2025-11-22 03:00:07.759 66367 INFO tempest.lib.common.rest_client [req-b4fc3750-ed75-44e2-b644-ef126051067a req-b4fc3750-ed75-44e2-b644-ef126051067a ] Request (FlavorMetadataValidation:tearDownClass): 204 DELETE http://10.180.1.21/identity/v3/users/24bce70381e845cca1749de28d916938 0.262s
2025-11-22 03:00:07.824 66377 INFO tempest.lib.common.rest_client [req-fa3084c1-1a2a-4f71-8736-0d6566c1677b req-fa3084c1-1a2a-4f71-8736-0d6566c1677b ] Request (HypervisorAdminUnderV252Test:tearDownClass): 204 DELETE http://10.180.1.21/identity/v3/users/f3853d6749a9437d8fc453059cb843bf 0.174s
2025-11-22 03:00:07.825 66377 INFO tempest.lib.common.dynamic_creds [-] Deleting project and security group for project: 45fc7fb109e74029919c03f811effb49
2025-11-22 03:00:07.886 66343 INFO tempest.lib.common.rest_client [req-9c329284-d594-4291-955c-57183f38a7ba req-9c329284-d594-4291-955c-57183f38a7ba ] Request (ServersTestBootFromVolume:setUpClass): 200 GET http://10.180.1.21/volume/v3/volumes/25bbc28b-ae68-448a-a432-391edbf6b67d 0.039s
2025-11-22 03:00:07.912 66359 INFO tempest.lib.common.rest_client [req-57ab2aa3-1567-4212-a93e-aa4b78bd5138 req-57ab2aa3-1567-4212-a93e-aa4b78bd5138 ] Request (QuotasAdminTestJSON:test_delete_quota): 200 GET http://10.180.1.21/compute/v2.1/os-quota-sets/f12da3df3c5b45edb79fde326a52d47c 4.909s
2025-11-22 03:00:07.912 66323 INFO tempest.lib.common.rest_client [req-cc900b6e-e5c0-4e9c-a779-bbfef753f745 req-cc900b6e-e5c0-4e9c-a779-bbfef753f745 ] Request (VolumesAssistedSnapshotsTest:test_volume_assisted_snapshot_create_delete): 201 POST http://10.180.1.21/networking/v2.0/floatingips 0.625s
2025-11-22 03:00:07.938 66367 INFO tempest.lib.common.rest_client [req-8eae6163-a8a5-4647-a853-c2ce652171ad req-8eae6163-a8a5-4647-a853-c2ce652171ad ] Request (FlavorMetadataValidation:tearDownClass): 204 DELETE http://10.180.1.21/identity/v3/users/36639faa57404be4b3e26d20265c57f9 0.178s
2025-11-22 03:00:07.938 66367 INFO tempest.lib.common.dynamic_creds [-] Deleting project and security group for project: fb03e98d44a04bb988fce8545fad5878
2025-11-22 03:00:07.962 66377 INFO tempest.lib.common.rest_client [req-b14e97de-97f8-41ea-a03c-8d71ad638d1f req-b14e97de-97f8-41ea-a03c-8d71ad638d1f ] Request (HypervisorAdminUnderV252Test:tearDownClass): 201 POST http://10.180.1.21/identity/v3/auth/tokens 0.137s
2025-11-22 03:00:08.029 66323 INFO tempest.lib.common.rest_client [req-46906a96-ac2e-484b-9984-74eac53b9cc7 req-46906a96-ac2e-484b-9984-74eac53b9cc7 ] Request (VolumesAssistedSnapshotsTest:test_volume_assisted_snapshot_create_delete): 201 POST http://10.180.1.21/identity/v3/auth/tokens 0.112s
2025-11-22 03:00:08.029 66323 INFO tempest.lib.common.fixed_network [-] (VolumesAssistedSnapshotsTest:test_volume_assisted_snapshot_create_delete) Found network {'id': '83cd9b45-b44c-4a5c-a0db-abcb102b03d9', 'name': 'tempest-VolumesAssistedSnapshotsTest-1110987164-network', 'tenant_id': '4a0f060db2a94b268c00d8b0c8228d3d', 'project_id': '4a0f060db2a94b268c00d8b0c8228d3d', 'admin_state_up': True, 'mtu': 8950, 'status': 'ACTIVE', 'subnets': [], 'shared': False, 'port_security_enabled': True, 'router:external': False, 'provider:network_type': 'vlan', 'provider:physical_network': 'default', 'provider:segmentation_id': 545, 'availability_zone_hints': [], 'availability_zones': [], 'ipv4_address_scope': None, 'ipv6_address_scope': None, 'description': '', 'tags': [], 'created_at': '2025-11-22T02:59:37Z', 'updated_at': '2025-11-22T02:59:37Z', 'revision_number': 1} available for tenant
2025-11-22 03:00:08.067 66359 INFO tempest.lib.common.rest_client [req-b62851b2-8c68-4798-9dea-30716dec2380 req-b62851b2-8c68-4798-9dea-30716dec2380 ] Request (QuotasAdminTestJSON:_run_cleanups): 204 DELETE http://10.180.1.21/identity/v3/projects/f12da3df3c5b45edb79fde326a52d47c 0.153s
2025-11-22 03:00:08.089 66367 INFO tempest.lib.common.rest_client [req-5dcc8e81-a181-447d-81a7-8d0f21907554 req-5dcc8e81-a181-447d-81a7-8d0f21907554 ] Request (FlavorMetadataValidation:tearDownClass): 201 POST http://10.180.1.21/identity/v3/auth/tokens 0.151s
2025-11-22 03:00:08.211 66355 INFO tempest.lib.common.rest_client [req-34b23f57-0d53-4610-981b-3edb2d7117ad req-34b23f57-0d53-4610-981b-3edb2d7117ad ] Request (QuotasAdminTestV257:test_get_updated_quotas): 200 GET http://10.180.1.21/identity/v3/domains?name=Default 0.140s
2025-11-22 03:00:08.213 66361 INFO tempest.lib.common.rest_client [req-726a4bf2-035d-4681-ae22-a1f0227ca77f req-726a4bf2-035d-4681-ae22-a1f0227ca77f ] Request (FlavorsAccessTestJSON:test_flavor_access_add_remove): 200 POST http://10.180.1.21/compute/v2.1/flavors/135619923/action 5.212s
2025-11-22 03:00:08.247 66355 INFO tempest.lib.common.rest_client [req-71e62a47-77b6-4079-8f0b-11cb950ab854 req-71e62a47-77b6-4079-8f0b-11cb950ab854 ] Request (QuotasAdminTestV257:test_get_updated_quotas): 201 POST http://10.180.1.21/identity/v3/projects 0.036s
2025-11-22 03:00:08.273 66377 INFO tempest.lib.common.rest_client [req-8e77bc7c-4606-4ca8-8e3d-354ae4436823 req-8e77bc7c-4606-4ca8-8e3d-354ae4436823 ] Request (HypervisorAdminUnderV252Test:tearDownClass): 200 GET http://10.180.1.21/networking/v2.0/security-groups?tenant_id=45fc7fb109e74029919c03f811effb49&name=default 0.310s
2025-11-22 03:00:08.317 66355 INFO tempest.lib.common.rest_client [req-f36f9b76-ed34-47ea-b111-e8a8b0e15c79 req-f36f9b76-ed34-47ea-b111-e8a8b0e15c79 ] Request (QuotasAdminTestV257:test_get_updated_quotas): 200 GET http://10.180.1.21/identity/v3/domains?name=Default 0.070s
2025-11-22 03:00:08.524 66367 INFO tempest.lib.common.rest_client [req-f33f700a-f2f8-44ac-9e6b-fe4f743c24ae req-f33f700a-f2f8-44ac-9e6b-fe4f743c24ae ] Request (FlavorMetadataValidation:tearDownClass): 200 GET http://10.180.1.21/networking/v2.0/security-groups?tenant_id=fb03e98d44a04bb988fce8545fad5878&name=default 0.435s
2025-11-22 03:00:08.623 66377 INFO tempest.lib.common.rest_client [req-1340a3c3-0cc8-43fa-9d04-b11328a98f3f req-1340a3c3-0cc8-43fa-9d04-b11328a98f3f ] Request (HypervisorAdminUnderV252Test:tearDownClass): 204 DELETE http://10.180.1.21/networking/v2.0/security-groups/006b84a2-8151-47a3-9b4d-37793458341f 0.349s
2025-11-22 03:00:08.703 66377 INFO tempest.lib.common.rest_client [req-334aac8b-31a0-4880-a9a7-5fba36f8e62d req-334aac8b-31a0-4880-a9a7-5fba36f8e62d ] Request (HypervisorAdminUnderV252Test:tearDownClass): 204 DELETE http://10.180.1.21/identity/v3/projects/45fc7fb109e74029919c03f811effb49 0.080s
2025-11-22 03:00:08.703 66377 INFO tempest.lib.common.dynamic_creds [-] Deleting project and security group for project: 40608649470545f4b849bb51afbf4654
2025-11-22 03:00:08.930 66343 INFO tempest.lib.common.rest_client [req-15ddf838-9800-4261-959e-d22abf34491c req-15ddf838-9800-4261-959e-d22abf34491c ] Request (ServersTestBootFromVolume:setUpClass): 200 GET http://10.180.1.21/volume/v3/volumes/25bbc28b-ae68-448a-a432-391edbf6b67d 0.033s
2025-11-22 03:00:09.010 66367 INFO tempest.lib.common.rest_client [req-c8e96d6c-86fb-4a74-b3bf-ff775205dee5 req-c8e96d6c-86fb-4a74-b3bf-ff775205dee5 ] Request (FlavorMetadataValidation:tearDownClass): 204 DELETE http://10.180.1.21/networking/v2.0/security-groups/70177b7d-f863-4b96-bcf8-58ad5990b6ce 0.485s
2025-11-22 03:00:09.087 66377 INFO tempest.lib.common.rest_client [req-923210d4-2827-40c9-a65e-c411b1e4cbd9 req-923210d4-2827-40c9-a65e-c411b1e4cbd9 ] Request (HypervisorAdminUnderV252Test:tearDownClass): 200 GET http://10.180.1.21/networking/v2.0/security-groups?tenant_id=40608649470545f4b849bb51afbf4654&name=default 0.383s
2025-11-22 03:00:09.123 66367 INFO tempest.lib.common.rest_client [req-b744e671-1303-4b3c-b7ff-4e5dff7387c5 req-b744e671-1303-4b3c-b7ff-4e5dff7387c5 ] Request (FlavorMetadataValidation:tearDownClass): 204 DELETE http://10.180.1.21/identity/v3/projects/fb03e98d44a04bb988fce8545fad5878 0.112s
2025-11-22 03:00:09.123 66367 INFO tempest.lib.common.dynamic_creds [-] Deleting project and security group for project: 387b822c4a7d4a43810f46c48a41f16e
2025-11-22 03:00:09.226 66349 INFO tempest.lib.common.rest_client [req-4f3ed77b-e978-4445-b1c9-766ec0a81e35 req-4f3ed77b-e978-4445-b1c9-766ec0a81e35 ] Request (ImagesOneServerTestJSON:setUpClass): 202 POST http://10.180.1.21/compute/v2.1/servers 6.469s
2025-11-22 03:00:09.231 66377 INFO tempest.lib.common.rest_client [req-25323c33-1ecb-49b3-838d-6b9b3958f6e7 req-25323c33-1ecb-49b3-838d-6b9b3958f6e7 ] Request (HypervisorAdminUnderV252Test:tearDownClass): 204 DELETE http://10.180.1.21/networking/v2.0/security-groups/cb4563b3-69d9-40a7-a639-7f701239b15f 0.143s
2025-11-22 03:00:09.361 66377 INFO tempest.lib.common.rest_client [req-7773300c-50a2-40d2-9bc4-1cbfed9b60ff req-7773300c-50a2-40d2-9bc4-1cbfed9b60ff ] Request (HypervisorAdminUnderV252Test:tearDownClass): 204 DELETE http://10.180.1.21/identity/v3/projects/40608649470545f4b849bb51afbf4654 0.130s
2025-11-22 03:00:09.362 66377 INFO tempest.test [-] raised in LiveMigrationTest.setUpClass. Invoking tearDownClass.
2025-11-22 03:00:09.427 66377 INFO tempest.lib.common.rest_client [req-3de91a8b-bffe-40f3-a8e9-fce5f4be9108 req-3de91a8b-bffe-40f3-a8e9-fce5f4be9108 ] Request (ImagesTestJSON:setUpClass): 201 POST http://10.180.1.21/identity/v3/auth/tokens 0.058s
2025-11-22 03:00:09.440 66367 INFO tempest.lib.common.rest_client [req-9d23f06e-6410-48f4-ae9d-14b9ed4b2a01 req-9d23f06e-6410-48f4-ae9d-14b9ed4b2a01 ] Request (FlavorMetadataValidation:tearDownClass): 200 GET http://10.180.1.21/networking/v2.0/security-groups?tenant_id=387b822c4a7d4a43810f46c48a41f16e&name=default 0.316s
2025-11-22 03:00:09.464 66377 INFO tempest.lib.common.rest_client [req-182746a0-5399-485c-8115-0ae3867a8b15 req-182746a0-5399-485c-8115-0ae3867a8b15 ] Request (ImagesTestJSON:setUpClass): 201 POST http://10.180.1.21/identity/v3/auth/tokens 0.033s
2025-11-22 03:00:09.491 66377 INFO tempest.lib.common.rest_client [req-4849bb20-c682-425c-b205-e85da19a99f7 req-4849bb20-c682-425c-b205-e85da19a99f7 ] Request (ImagesTestJSON:setUpClass): 200 GET http://10.180.1.21/identity/v3/domains?name=Default 0.027s
2025-11-22 03:00:09.523 66377 INFO tempest.lib.common.rest_client [req-0b3f558f-24d7-4b25-826e-05790426347c req-0b3f558f-24d7-4b25-826e-05790426347c ] Request (ImagesTestJSON:setUpClass): 201 POST http://10.180.1.21/identity/v3/projects 0.031s
2025-11-22 03:00:09.588 66317 INFO tempest.lib.common.rest_client [req-ac4f2882-41c1-4c72-8f92-f35950f25ce3 req-ac4f2882-41c1-4c72-8f92-f35950f25ce3 ] Request (ServersAdminTestJSON:setUpClass): 202 POST http://10.180.1.21/compute/v2.1/servers 6.110s
2025-11-22 03:00:09.599 66377 INFO tempest.lib.common.rest_client [req-c3f94f71-1d81-48d6-b004-8fd25005b7db req-c3f94f71-1d81-48d6-b004-8fd25005b7db ] Request (ImagesTestJSON:setUpClass): 201 POST http://10.180.1.21/identity/v3/users 0.075s
2025-11-22 03:00:09.604 66367 INFO tempest.lib.common.rest_client [req-60891ca2-f8d1-426b-82eb-4c87502d01bc req-60891ca2-f8d1-426b-82eb-4c87502d01bc ] Request (FlavorMetadataValidation:tearDownClass): 204 DELETE http://10.180.1.21/networking/v2.0/security-groups/9293721f-b912-4cf7-ac89-45f00b51b54f 0.164s
2025-11-22 03:00:09.621 66377 INFO tempest.lib.common.rest_client [req-d04c61f4-d45e-4259-9fa5-64387eceefa3 req-d04c61f4-d45e-4259-9fa5-64387eceefa3 ] Request (ImagesTestJSON:setUpClass): 200 GET http://10.180.1.21/identity/v3/roles 0.022s
2025-11-22 03:00:09.652 66321 INFO tempest.lib.common.rest_client [req-ecf71db2-a6d9-43a0-8d75-58c8dd37a247 req-ecf71db2-a6d9-43a0-8d75-58c8dd37a247 ] Request (DeleteServersAdminTestJSON:test_admin_delete_servers_of_others): 200 GET http://10.180.1.21/compute/v2.1/servers/69783322-b4bc-496f-a9cc-91c1491e3422 6.021s
2025-11-22 03:00:09.700 66367 INFO tempest.lib.common.rest_client [req-370dae2e-6862-4d87-bfe6-6ae343a8b507 req-370dae2e-6862-4d87-bfe6-6ae343a8b507 ] Request (FlavorMetadataValidation:tearDownClass): 204 DELETE http://10.180.1.21/identity/v3/projects/387b822c4a7d4a43810f46c48a41f16e 0.095s
2025-11-22 03:00:09.740 66329 INFO tempest.lib.common.rest_client [req-e3df4755-e0c5-43a9-b829-0c84d9083c4e req-e3df4755-e0c5-43a9-b829-0c84d9083c4e ] Request (KeyPairsV22TestJSON:test_get_keypair_detail): 201 POST http://10.180.1.21/compute/v2.1/os-keypairs 5.874s
2025-11-22 03:00:09.761 66367 INFO tempest.lib.common.rest_client [req-a08378cc-154d-4ce5-8367-af972914d3b2 req-a08378cc-154d-4ce5-8367-af972914d3b2 ] Request (QuotasAdminTestV236:setUpClass): 201 POST http://10.180.1.21/identity/v3/auth/tokens 0.059s
2025-11-22 03:00:09.764 66377 INFO tempest.lib.common.rest_client [req-77ad430b-9521-4e3b-9a1d-091af24a4d74 req-77ad430b-9521-4e3b-9a1d-091af24a4d74 ] Request (ImagesTestJSON:setUpClass): 204 PUT http://10.180.1.21/identity/v3/projects/3d209044b4fe42c190c84d47c7e7b2b7/users/f67efe0ea3124c869f0253b1e2870bb4/roles/011de0f526aa41ffb99657ceaa1f3753 0.142s
2025-11-22 03:00:09.764 66377 INFO tempest.lib.common.dynamic_creds [-] Dynamic test user f67efe0ea3124c869f0253b1e2870bb4 is created with scope project and roles: ['member']
2025-11-22 03:00:09.764 66377 INFO tempest.lib.common.dynamic_creds [-] Acquired dynamic creds: credentials: Credentials: {'domain_id': 'default', 'domain_name': 'Default', 'username': 'tempest-ImagesTestJSON-203511683-project-member', 'project_domain_id': 'default', 'project_domain_name': 'Default', 'project_id': '3d209044b4fe42c190c84d47c7e7b2b7', 'project_name': 'tempest-ImagesTestJSON-203511683', 'tenant_id': '3d209044b4fe42c190c84d47c7e7b2b7', 'tenant_name': 'tempest-ImagesTestJSON-203511683', 'user_domain_id': 'default', 'user_domain_name': 'Default', 'user_id': 'f67efe0ea3124c869f0253b1e2870bb4', 'system': None}, Network: None, Subnet: None, Router: None
2025-11-22 03:00:09.820 66377 INFO tempest.lib.common.rest_client [req-0abacc04-6e2f-4aa0-b42c-b62f787410c6 req-0abacc04-6e2f-4aa0-b42c-b62f787410c6 ] Request (ImagesTestJSON:setUpClass): 201 POST http://10.180.1.21/identity/v3/auth/tokens 0.055s
2025-11-22 03:00:09.832 66367 INFO tempest.lib.common.rest_client [req-be4c9bb6-e871-4133-a8e9-1599a80023bc req-be4c9bb6-e871-4133-a8e9-1599a80023bc ] Request (QuotasAdminTestV236:setUpClass): 201 POST http://10.180.1.21/identity/v3/auth/tokens 0.065s
2025-11-22 03:00:09.841 66319 INFO tempest.lib.common.rest_client [req-25a53965-38f0-42a3-a761-ebbda3199eda req-25a53965-38f0-42a3-a761-ebbda3199eda ] Request (ImagesOneServerNegativeTestJSON:setUpClass): 200 GET http://10.180.1.21/compute/v2.1/servers/66c0b63e-9aa4-46e1-a3ff-1201f5872a4a 4.434s
2025-11-22 03:00:09.852 66319 INFO tempest.common.waiters [-] State transition "BUILD/networking" ==> "BUILD/spawning" after 5 second wait
2025-11-22 03:00:09.865 66367 INFO tempest.lib.common.rest_client [req-e5105bc1-605c-4fb9-be9d-617dec0d89ed req-e5105bc1-605c-4fb9-be9d-617dec0d89ed ] Request (QuotasAdminTestV236:setUpClass): 200 GET http://10.180.1.21/identity/v3/domains?name=Default 0.032s
2025-11-22 03:00:09.899 66367 INFO tempest.lib.common.rest_client [req-b41c69da-48cf-41c4-9d3c-8d796b4a004b req-b41c69da-48cf-41c4-9d3c-8d796b4a004b ] Request (QuotasAdminTestV236:setUpClass): 201 POST http://10.180.1.21/identity/v3/projects 0.034s
2025-11-22 03:00:09.968 66367 INFO tempest.lib.common.rest_client [req-6ca6e291-eef4-4e01-826d-e98b6709f873 req-6ca6e291-eef4-4e01-826d-e98b6709f873 ] Request (QuotasAdminTestV236:setUpClass): 201 POST http://10.180.1.21/identity/v3/users 0.068s
2025-11-22 03:00:09.972 66343 INFO tempest.lib.common.rest_client [req-4b23b1a6-3a1b-4f2c-9736-a41223d6557b req-4b23b1a6-3a1b-4f2c-9736-a41223d6557b ] Request (ServersTestBootFromVolume:setUpClass): 200 GET http://10.180.1.21/volume/v3/volumes/25bbc28b-ae68-448a-a432-391edbf6b67d 0.032s
2025-11-22 03:00:09.998 66367 INFO tempest.lib.common.rest_client [req-aaace9f4-cd6b-4980-8715-9a3fdf4b1050 req-aaace9f4-cd6b-4980-8715-9a3fdf4b1050 ] Request (QuotasAdminTestV236:setUpClass): 200 GET http://10.180.1.21/identity/v3/roles 0.030s
2025-11-22 03:00:10.043 66367 INFO tempest.lib.common.rest_client [req-bf0b05a5-c700-422b-b567-b0de6b3f4ad6 req-bf0b05a5-c700-422b-b567-b0de6b3f4ad6 ] Request (QuotasAdminTestV236:setUpClass): 204 PUT http://10.180.1.21/identity/v3/projects/ccc2867d22714d6399aeeb415ff5ea88/users/ab076c69792d4b58808707f7bbedee52/roles/011de0f526aa41ffb99657ceaa1f3753 0.044s
2025-11-22 03:00:10.043 66367 INFO tempest.lib.common.dynamic_creds [-] Dynamic test user ab076c69792d4b58808707f7bbedee52 is created with scope project and roles: ['member']
2025-11-22 03:00:10.043 66367 INFO tempest.lib.common.dynamic_creds [-] Acquired dynamic creds: credentials: Credentials: {'domain_id': 'default', 'domain_name': 'Default', 'username': 'tempest-QuotasAdminTestV236-1088080247-project-member', 'project_domain_id': 'default', 'project_domain_name': 'Default', 'project_id': 'ccc2867d22714d6399aeeb415ff5ea88', 'project_name': 'tempest-QuotasAdminTestV236-1088080247', 'tenant_id': 'ccc2867d22714d6399aeeb415ff5ea88', 'tenant_name': 'tempest-QuotasAdminTestV236-1088080247', 'user_domain_id': 'default', 'user_domain_name': 'Default', 'user_id': 'ab076c69792d4b58808707f7bbedee52', 'system': None}, Network: None, Subnet: None, Router: None
2025-11-22 03:00:10.043 66367 INFO tempest.lib.common.dynamic_creds [-] Created isolated network resources for: credentials: Credentials: {'domain_id': 'default', 'domain_name': 'Default', 'username': 'tempest-QuotasAdminTestV236-1088080247-project-member', 'project_domain_id': 'default', 'project_domain_name': 'Default', 'project_id': 'ccc2867d22714d6399aeeb415ff5ea88', 'project_name': 'tempest-QuotasAdminTestV236-1088080247', 'tenant_id': 'ccc2867d22714d6399aeeb415ff5ea88', 'tenant_name': 'tempest-QuotasAdminTestV236-1088080247', 'user_domain_id': 'default', 'user_domain_name': 'Default', 'user_id': 'ab076c69792d4b58808707f7bbedee52', 'system': None}, Network: None, Subnet: None, Router: None
2025-11-22 03:00:10.138 66367 INFO tempest.lib.common.rest_client [req-a75d7099-8852-495d-b604-980a679d82b3 req-a75d7099-8852-495d-b604-980a679d82b3 ] Request (QuotasAdminTestV236:setUpClass): 201 POST http://10.180.1.21/identity/v3/auth/tokens 0.090s
2025-11-22 03:00:10.210 66367 INFO tempest.lib.common.rest_client [req-8111528b-7324-4341-9314-bc72663db23b req-8111528b-7324-4341-9314-bc72663db23b ] Request (QuotasAdminTestV236:setUpClass): 201 POST http://10.180.1.21/identity/v3/projects 0.071s
2025-11-22 03:00:10.271 66367 INFO tempest.lib.common.rest_client [req-e97d332a-5f32-42ec-bd8d-3224a1aab374 req-e97d332a-5f32-42ec-bd8d-3224a1aab374 ] Request (QuotasAdminTestV236:setUpClass): 201 POST http://10.180.1.21/identity/v3/users 0.061s
2025-11-22 03:00:10.291 66367 INFO tempest.lib.common.rest_client [req-76681a02-ca50-43f9-ba9b-5576d3946e1f req-76681a02-ca50-43f9-ba9b-5576d3946e1f ] Request (QuotasAdminTestV236:setUpClass): 200 GET http://10.180.1.21/identity/v3/roles 0.019s
2025-11-22 03:00:10.317 66367 INFO tempest.lib.common.rest_client [req-1cd4fea1-6760-4ce9-8592-f265540f6faa req-1cd4fea1-6760-4ce9-8592-f265540f6faa ] Request (QuotasAdminTestV236:setUpClass): 204 PUT http://10.180.1.21/identity/v3/projects/f9341783b650441497c29feb6c795fa5/users/bb739ae4ceef4f459cab83300652c4c5/roles/7c76b7c1aa2e482a85f6c0087642a9f4 0.026s
2025-11-22 03:00:10.369 66367 INFO tempest.lib.common.rest_client [req-52f5e95a-74c4-4f7f-bc8a-57a06b3e41c9 req-52f5e95a-74c4-4f7f-bc8a-57a06b3e41c9 ] Request (QuotasAdminTestV236:setUpClass): 200 GET http://10.180.1.21/identity/v3/roles 0.051s
2025-11-22 03:00:10.387 66367 INFO tempest.lib.common.rest_client [req-9d2da0c1-3b5f-4f6a-a320-544ea6406189 req-9d2da0c1-3b5f-4f6a-a320-544ea6406189 ] Request (QuotasAdminTestV236:setUpClass): 204 PUT http://10.180.1.21/identity/v3/projects/f9341783b650441497c29feb6c795fa5/users/bb739ae4ceef4f459cab83300652c4c5/roles/7c76b7c1aa2e482a85f6c0087642a9f4 0.017s
2025-11-22 03:00:10.387 66367 INFO tempest.lib.common.dynamic_creds [-] Dynamic test user bb739ae4ceef4f459cab83300652c4c5 is created with scope project and roles: ['admin']
2025-11-22 03:00:10.387 66367 INFO tempest.lib.common.dynamic_creds [-] Acquired dynamic creds: credentials: Credentials: {'domain_id': 'default', 'domain_name': 'Default', 'username': 'tempest-QuotasAdminTestV236-1771542802-project-admin', 'project_domain_id': 'default', 'project_domain_name': 'Default', 'project_id': 'f9341783b650441497c29feb6c795fa5', 'project_name': 'tempest-QuotasAdminTestV236-1771542802', 'tenant_id': 'f9341783b650441497c29feb6c795fa5', 'tenant_name': 'tempest-QuotasAdminTestV236-1771542802', 'user_domain_id': 'default', 'user_domain_name': 'Default', 'user_id': 'bb739ae4ceef4f459cab83300652c4c5', 'system': None}, Network: None, Subnet: None, Router: None
2025-11-22 03:00:10.387 66367 INFO tempest.lib.common.dynamic_creds [-] Created isolated network resources for: credentials: Credentials: {'domain_id': 'default', 'domain_name': 'Default', 'username': 'tempest-QuotasAdminTestV236-1771542802-project-admin', 'project_domain_id': 'default', 'project_domain_name': 'Default', 'project_id': 'f9341783b650441497c29feb6c795fa5', 'project_name': 'tempest-QuotasAdminTestV236-1771542802', 'tenant_id': 'f9341783b650441497c29feb6c795fa5', 'tenant_name': 'tempest-QuotasAdminTestV236-1771542802', 'user_domain_id': 'default', 'user_domain_name': 'Default', 'user_id': 'bb739ae4ceef4f459cab83300652c4c5', 'system': None}, Network: None, Subnet: None, Router: None
2025-11-22 03:00:10.472 66367 INFO tempest.lib.common.rest_client [req-a4a86496-6b82-4d34-8ff0-b2450611acf7 req-a4a86496-6b82-4d34-8ff0-b2450611acf7 ] Request (QuotasAdminTestV236:setUpClass): 201 POST http://10.180.1.21/identity/v3/auth/tokens 0.083s
2025-11-22 03:00:10.474 66367 WARNING tempest.lib.common.rest_client [-] Deprecated: "tenant_id" property is deprecated for removal, use "project_id" instead
2025-11-22 03:00:10.509 66377 INFO tempest.lib.common.rest_client [req-19558f53-3033-4a1f-823e-aed2e410cea2 req-19558f53-3033-4a1f-823e-aed2e410cea2 ] Request (ImagesTestJSON:setUpClass): 201 POST http://10.180.1.21/networking/v2.0/networks 0.689s
2025-11-22 03:00:10.779 66365 INFO tempest.lib.common.rest_client [req-cdac1fd3-a6f5-4aa9-ad35-a6af14d184ed req-cdac1fd3-a6f5-4aa9-ad35-a6af14d184ed ] Request (FloatingIPDetailsTestJSON:setUpClass): 200 POST http://10.180.1.21/compute/v2.1/os-floating-ips 4.877s
2025-11-22 03:00:10.831 66377 INFO tempest.lib.common.rest_client [req-e2ab3589-c62f-42f5-9eb4-8d8367f1b8f5 req-e2ab3589-c62f-42f5-9eb4-8d8367f1b8f5 ] Request (ImagesTestJSON:setUpClass): 201 POST http://10.180.1.21/networking/v2.0/subnets 0.322s
2025-11-22 03:00:11.013 66343 INFO tempest.lib.common.rest_client [req-6fd85965-4c1d-42f3-9d94-38138aeca941 req-6fd85965-4c1d-42f3-9d94-38138aeca941 ] Request (ServersTestBootFromVolume:setUpClass): 200 GET http://10.180.1.21/volume/v3/volumes/25bbc28b-ae68-448a-a432-391edbf6b67d 0.033s
2025-11-22 03:00:11.119 66374 INFO tempest.lib.common.rest_client [req-1c996383-e652-4ced-91b6-a2af3fc5f137 req-1c996383-e652-4ced-91b6-a2af3fc5f137 ] Request (AggregatesAdminNegativeTestJSON:_run_cleanups): 200 POST http://10.180.1.21/compute/v2.1/os-aggregates/1/action 5.125s
2025-11-22 03:00:11.223 66369 INFO tempest.lib.common.rest_client [req-2c43b629-1943-49fa-8e25-f95897be939c req-2c43b629-1943-49fa-8e25-f95897be939c ] Request (ServerActionsTestOtherB:setUpClass): 202 POST http://10.180.1.21/compute/v2.1/servers 5.243s
2025-11-22 03:00:11.345 66375 INFO tempest.lib.common.rest_client [req-749e659d-be5f-4d38-92b1-6da0bf2e2139 req-749e659d-be5f-4d38-92b1-6da0bf2e2139 ] Request (FlavorsAccessNegativeTestJSON:_run_cleanups): 200 POST http://10.180.1.21/compute/v2.1/flavors/639399813/action 4.694s
2025-11-22 03:00:11.445 66353 INFO tempest.lib.common.rest_client [req-88fa8c03-82da-41e9-9b3c-9125308896cb req-88fa8c03-82da-41e9-9b3c-9125308896cb ] Request (ServersTestManualDisk:setUpClass): 200 POST http://10.180.1.21/compute/v2.1/os-keypairs 4.543s
2025-11-22 03:00:11.482 66327 INFO tempest.lib.common.rest_client [req-e8321a32-2b9b-4b5d-b0b4-18827fc57f21 req-e8321a32-2b9b-4b5d-b0b4-18827fc57f21 ] Request (ListImageFiltersTestJSON:setUpClass): 200 GET http://10.180.1.21/compute/v2.1/images/49dcd4b2-b494-45d9-befc-ebc13e8e556a 4.558s
2025-11-22 03:00:11.533 66357 INFO tempest.lib.common.rest_client [req-5a77d016-02c7-4550-bee0-0835a3098654 req-5a77d016-02c7-4550-bee0-0835a3098654 ] Request (SecurityGroupsTestJSON:test_list_security_groups_by_server): 202 POST http://10.180.1.21/compute/v2.1/servers 4.929s
2025-11-22 03:00:11.598 66353 INFO tempest.lib.common.rest_client [req-0c90bf59-b3ad-49db-8fba-d3ed88922838 req-0c90bf59-b3ad-49db-8fba-d3ed88922838 ] Request (ServersTestManualDisk:setUpClass): 201 POST http://10.180.1.21/networking/v2.0/security-groups 0.151s
