2025-11-22 02:34:28.043 66764 INFO tempest.lib.common.rest_client [req-57dd3c82-54ae-48a5-a54a-0a411709cd68 req-57dd3c82-54ae-48a5-a54a-0a411709cd68 ] Request (SecurityGroupsTestJSON:tearDownClass): 404 GET http://10.180.1.21/compute/v2.1/servers/63ab6bdd-6477-4d76-85c4-d5cad5d6ce97 0.896s
2025-11-22 02:34:28.067 66729 INFO tempest.lib.common.rest_client [req-9cebbe77-0858-4cfd-ae40-3390574a7a2b req-9cebbe77-0858-4cfd-ae40-3390574a7a2b ] Request (ImagesTestJSON:test_create_server_from_snapshot): 200 GET http://10.180.1.21/compute/v2.1/servers/84614c51-235b-4f38-91d1-073e9ddd69bf 1.005s
2025-11-22 02:34:28.131 66747 INFO tempest.lib.common.rest_client [req-4643898f-ae0a-434c-a68c-c960b823ac49 req-4643898f-ae0a-434c-a68c-c960b823ac49 ] Request (ServersAdminNegativeTestJSON:tearDownClass): 200 GET http://10.180.1.21/compute/v2.1/servers/f74394e4-9574-432f-aab7-a7f1a57b01b1 0.377s
2025-11-22 02:34:28.142 66775 INFO tempest.lib.common.rest_client [req-beae4c26-cdee-43f6-9a4f-2f37f26f4d7d req-beae4c26-cdee-43f6-9a4f-2f37f26f4d7d ] Request (ServerShowV247Test:tearDownClass): 200 GET http://10.180.1.21/compute/v2.1/servers/37a78e0e-fe63-4561-bb1c-a9ffee9c010c 0.424s
2025-11-22 02:34:28.196 66777 INFO tempest.lib.common.rest_client [req-ea797a76-e163-4639-9a3f-9693c2664670 req-ea797a76-e163-4639-9a3f-9693c2664670 ] Request (ServerExternalEventsTest:test_create_server_external_events): 200 GET http://10.180.1.21/compute/v2.1/servers/e8f0ee1c-7a30-4668-898f-d03aa316f3c3 0.398s
2025-11-22 02:34:28.198 66789 INFO paramiko.transport [-] Connected (version 2.0, client dropbear_2020.81)
2025-11-22 02:34:28.209 66773 INFO tempest.lib.common.rest_client [req-a0171c66-db84-41fd-a73c-5f9e843dbf34 req-a0171c66-db84-41fd-a73c-5f9e843dbf34 ] Request (ImagesOneServerNegativeTestJSON:_run_cleanups): 200 GET http://10.180.1.21/compute/v2.1/servers/c6c27808-21ad-458b-b272-7dbdb287ba9f 0.397s
2025-11-22 02:34:28.265 66749 INFO tempest.lib.common.rest_client [req-c8642b2a-bc3c-4001-aecd-bbd71e19c692 req-c8642b2a-bc3c-4001-aecd-bbd71e19c692 ] Request (DeleteServersTestJSON:test_delete_active_server): 200 GET http://10.180.1.21/compute/v2.1/servers/e5ebd5a8-bf76-4b5c-978d-59f468eaf8bc 0.414s
2025-11-22 02:34:28.284 66753 INFO tempest.lib.common.rest_client [req-c530cde3-aa10-4f75-a8ff-cb285651c12c req-c530cde3-aa10-4f75-a8ff-cb285651c12c ] Request (ServersNegativeTestMultiTenantJSON:tearDownClass): 200 GET http://10.180.1.21/compute/v2.1/servers/17aa261a-e0b4-459c-8cd6-001432d5578c 0.402s
2025-11-22 02:34:28.305 66751 INFO tempest.lib.common.rest_client [req-87e65945-108f-49ef-9e22-d6a46af0c53d req-87e65945-108f-49ef-9e22-d6a46af0c53d ] Request (ImagesNegativeTestJSON:tearDownClass): 204 DELETE http://10.180.1.21/networking/v2.0/routers/fe7e4e9a-fed8-4bbe-96b7-5247806890e8 0.452s
2025-11-22 02:34:28.306 66789 INFO paramiko.transport [-] Authentication (publickey) successful!
2025-11-22 02:34:28.307 66789 INFO tempest.lib.common.ssh [-] ssh connection to cirros@10.180.180.183 successfully created
2025-11-22 02:34:28.333 66741 INFO tempest.lib.common.rest_client [req-31e49abf-20d9-41be-9f89-293c4d098a8a req-31e49abf-20d9-41be-9f89-293c4d098a8a ] Request (InstanceActionsV221TestJSON:test_get_list_deleted_instance_actions): 200 GET http://10.180.1.21/compute/v2.1/servers/e0903771-596a-4f08-b0da-e957745193f7 0.404s
2025-11-22 02:34:28.389 66771 INFO tempest.lib.common.rest_client [req-84dbf026-981a-4df0-b499-84455a4b9919 req-84dbf026-981a-4df0-b499-84455a4b9919 ] Request (ServerRescueTestJSONUnderV235:setUpClass): 200 GET http://10.180.1.21/compute/v2.1/servers/1e757ef4-0093-4c90-9264-9231d326a663 0.389s
2025-11-22 02:34:28.423 66745 INFO tempest.lib.common.rest_client [req-05a20dec-e820-4308-9529-c7cb6c8f2d95 req-05a20dec-e820-4308-9529-c7cb6c8f2d95 ] Request (MigrationsAdminTest:test_resize_server_revert_deleted_flavor): 200 GET http://10.180.1.21/compute/v2.1/servers/c67cc974-b928-4421-9138-bcf19d91ffdd 0.430s
2025-11-22 02:34:28.427 66764 INFO tempest.lib.common.rest_client [req-c931f3d2-2cb6-4a62-bd0d-bff3258cf7be req-c931f3d2-2cb6-4a62-bd0d-bff3258cf7be ] Request (SecurityGroupsTestJSON:tearDownClass): 404 DELETE http://10.180.1.21/compute/v2.1/os-security-groups/b5844c9d-c196-40e8-9a43-e89d1e60d237 0.383s
2025-11-22 02:34:28.436 66751 INFO tempest.lib.common.rest_client [req-5b8a7d52-254e-4ecf-b66a-72ef8ed6be3f req-5b8a7d52-254e-4ecf-b66a-72ef8ed6be3f ] Request (ImagesNegativeTestJSON:tearDownClass): 204 DELETE http://10.180.1.21/networking/v2.0/subnets/77267ef1-1491-4fef-b008-caa1850b7917 0.130s
2025-11-22 02:34:28.484 66787 INFO tempest.lib.common.rest_client [req-606b5a66-177d-4522-a8ba-9b37c5bc1692 req-606b5a66-177d-4522-a8ba-9b37c5bc1692 ] Request (ServerActionsTestOtherB:setUpClass): 200 GET http://10.180.1.21/compute/v2.1/servers/fd1c8390-8ae2-4662-99b1-9d6782014750 0.381s
2025-11-22 02:34:28.488 66789 INFO tempest.lib.common.rest_client [req-6a098f2d-b24a-4334-a75a-af7b0b236f64 req-6a098f2d-b24a-4334-a75a-af7b0b236f64 ] Request (ServersTestJSON:test_list_servers): 200 GET http://10.180.1.21/compute/v2.1/servers 0.171s
2025-11-22 02:34:28.502 66764 INFO tempest.lib.common.rest_client [req-092fb2e2-4db6-4d0c-bffd-f4c36c4c3dd8 req-092fb2e2-4db6-4d0c-bffd-f4c36c4c3dd8 ] Request (SecurityGroupsTestJSON:tearDownClass): 404 DELETE http://10.180.1.21/compute/v2.1/os-security-groups/63a02b41-2b51-4fad-96f6-6707b3bc8ff7 0.075s
2025-11-22 02:34:28.522 66764 INFO tempest.lib.common.rest_client [req-c23452ea-4b78-4f4e-b446-c8261cfb478f req-c23452ea-4b78-4f4e-b446-c8261cfb478f ] Request (SecurityGroupsTestJSON:tearDownClass): 404 DELETE http://10.180.1.21/compute/v2.1/os-security-groups/f713ccd9-c313-4c27-af00-e7ddd4942797 0.020s
2025-11-22 02:34:28.545 66764 INFO tempest.lib.common.rest_client [req-6fe03906-64a4-49ea-a65c-e610b6a7e67d req-6fe03906-64a4-49ea-a65c-e610b6a7e67d ] Request (SecurityGroupsTestJSON:tearDownClass): 404 DELETE http://10.180.1.21/compute/v2.1/os-security-groups/4e26a3f2-455c-4ef9-af34-7c6bdd5bd5a3 0.022s
2025-11-22 02:34:28.568 66764 INFO tempest.lib.common.rest_client [req-5386ec2a-a832-429c-a97d-cc15d6440050 req-5386ec2a-a832-429c-a97d-cc15d6440050 ] Request (SecurityGroupsTestJSON:tearDownClass): 404 DELETE http://10.180.1.21/compute/v2.1/os-security-groups/83a6fcc9-eaff-4715-a292-4b6936a850d7 0.023s
2025-11-22 02:34:28.636 66764 INFO tempest.lib.common.rest_client [req-e6a49af5-1d1f-4380-923b-952967bdab1d req-e6a49af5-1d1f-4380-923b-952967bdab1d ] Request (SecurityGroupsTestJSON:tearDownClass): 404 DELETE http://10.180.1.21/compute/v2.1/os-security-groups/6136fc5b-7279-4f59-b98c-a1819383cfc6 0.067s
2025-11-22 02:34:28.662 66789 INFO tempest.lib.common.rest_client [req-fea40db1-d58b-4879-a047-57febcfd0f0a req-fea40db1-d58b-4879-a047-57febcfd0f0a ] Request (ServersTestJSON:test_list_servers_with_detail): 200 GET http://10.180.1.21/compute/v2.1/servers/detail 0.168s
2025-11-22 02:34:28.694 66789 INFO tempest.lib.common.rest_client [req-c696884b-d725-44ca-aa77-08333daa7e49 req-c696884b-d725-44ca-aa77-08333daa7e49 ] Request (ServersTestJSON:test_verify_created_server_vcpus): 200 GET http://10.180.1.21/compute/v2.1/flavors/42 0.021s
2025-11-22 02:34:28.697 66789 INFO tempest.lib.common.ssh [-] Creating ssh connection to '10.180.180.183:22' as 'cirros' with public key authentication
2025-11-22 02:34:28.700 66751 INFO tempest.lib.common.rest_client [req-f961dc08-a86a-49e5-9a1d-ae203706fab4 req-f961dc08-a86a-49e5-9a1d-ae203706fab4 ] Request (ImagesNegativeTestJSON:tearDownClass): 204 DELETE http://10.180.1.21/networking/v2.0/networks/bb83eba3-99e4-41ea-9b6f-ef207a6346d0 0.263s
2025-11-22 02:34:28.703 66789 INFO paramiko.transport [-] Connected (version 2.0, client dropbear_2020.81)
2025-11-22 02:34:28.758 66764 INFO tempest.lib.common.rest_client [req-aa1c3b28-cd78-4327-a73c-0dc216359f7b req-aa1c3b28-cd78-4327-a73c-0dc216359f7b ] Request (SecurityGroupsTestJSON:tearDownClass): 204 DELETE http://10.180.1.21/compute/v2.1/servers/017ce0fb-0029-4462-8e6c-6d4aed86a379 0.121s
2025-11-22 02:34:28.761 66759 INFO tempest.lib.common.rest_client [req-ef773ebe-46f6-4e13-a172-1d19ec06c044 req-ef773ebe-46f6-4e13-a172-1d19ec06c044 ] Request (ServerAddressesNegativeTestJSON:setUpClass): 200 GET http://10.180.1.21/compute/v2.1/servers/b26fba62-982e-482b-91fe-294bde97c907 0.067s
2025-11-22 02:34:28.767 66789 INFO paramiko.transport [-] Authentication (publickey) successful!
2025-11-22 02:34:28.767 66789 INFO tempest.lib.common.ssh [-] ssh connection to cirros@10.180.180.183 successfully created
2025-11-22 02:34:28.800 66751 INFO tempest.lib.common.rest_client [req-53ce64c5-be2e-4187-81f5-54bc888a9cc2 req-53ce64c5-be2e-4187-81f5-54bc888a9cc2 ] Request (ImagesNegativeTestJSON:tearDownClass): 204 DELETE http://10.180.1.21/identity/v3/users/15d5c09ec7f64c9a9b835e3cd4e6bde9 0.100s
2025-11-22 02:34:28.800 66751 INFO tempest.lib.common.dynamic_creds [-] Deleting project and security group for project: d4b8fa9ee7524181bfc3144f6b2e8c58
2025-11-22 02:34:28.854 66751 INFO tempest.lib.common.rest_client [req-616eff12-aacb-494f-b480-404aabffb1fb req-616eff12-aacb-494f-b480-404aabffb1fb ] Request (ImagesNegativeTestJSON:tearDownClass): 200 GET http://10.180.1.21/networking/v2.0/security-groups?tenant_id=d4b8fa9ee7524181bfc3144f6b2e8c58&name=default 0.054s
2025-11-22 02:34:28.965 66761 INFO tempest.lib.common.rest_client [req-9a0d7988-96d3-43fd-84d5-b936fd35dd6a req-9a0d7988-96d3-43fd-84d5-b936fd35dd6a ] Request (AttachVolumeShelveTestJSON:test_attach_volume_shelved_or_offload_server): 200 GET http://10.180.1.21/compute/v2.1/servers/5b07e7ea-8f5e-463d-8318-2f4f56779416 0.190s
2025-11-22 02:34:28.990 66764 INFO tempest.lib.common.rest_client [req-f7cdc763-0380-44d0-9fee-d59231c9c104 req-f7cdc763-0380-44d0-9fee-d59231c9c104 ] Request (SecurityGroupsTestJSON:tearDownClass): 200 GET http://10.180.1.21/compute/v2.1/servers/017ce0fb-0029-4462-8e6c-6d4aed86a379 0.231s
2025-11-22 02:34:29.004 66751 INFO tempest.lib.common.rest_client [req-c395e4b8-d168-42ed-ba69-717b45f671bc req-c395e4b8-d168-42ed-ba69-717b45f671bc ] Request (ImagesNegativeTestJSON:tearDownClass): 204 DELETE http://10.180.1.21/networking/v2.0/security-groups/0832a89a-abcf-4b2f-a153-b9b8672d1e5d 0.149s
2025-11-22 02:34:29.058 66735 INFO tempest.lib.common.rest_client [req-4723f30a-8a49-44a6-bcf2-02a8121b240d req-4723f30a-8a49-44a6-bcf2-02a8121b240d ] Request (ListServerFiltersTestJSON:tearDownClass): 200 GET http://10.180.1.21/compute/v2.1/servers/43169281-3e54-40f1-979f-14fd5ad74362 0.170s
2025-11-22 02:34:29.060 66789 INFO tempest.lib.common.rest_client [req-64213997-a49e-46c0-b48f-4129b89d133f req-64213997-a49e-46c0-b48f-4129b89d133f ] Request (ServersTestJSON:tearDownClass): 204 DELETE http://10.180.1.21/compute/v2.1/servers/4a25f0f1-2253-4071-9336-0c6528bf5fcf 0.281s
2025-11-22 02:34:29.107 66751 INFO tempest.lib.common.rest_client [req-386d7c57-7632-45dd-9d04-40df811a07af req-386d7c57-7632-45dd-9d04-40df811a07af ] Request (ImagesNegativeTestJSON:tearDownClass): 204 DELETE http://10.180.1.21/identity/v3/projects/d4b8fa9ee7524181bfc3144f6b2e8c58 0.102s
2025-11-22 02:34:29.134 66731 INFO tempest.lib.common.rest_client [req-2784870f-89ac-4141-b1f5-02e6ac7a7c34 req-2784870f-89ac-4141-b1f5-02e6ac7a7c34 ] Request (ServerActionsTestJSON:setUpClass): 200 GET http://10.180.1.21/compute/v2.1/servers/a34f7214-d457-4842-8772-bd8f75c9988e 0.163s
2025-11-22 02:34:29.209 66751 INFO tempest.lib.common.rest_client [req-76f1f62c-e8b8-4a9e-a807-d18373b965c9 req-76f1f62c-e8b8-4a9e-a807-d18373b965c9 ] Request (KeyPairsV2TestJSON:setUpClass): 201 POST http://10.180.1.21/identity/v3/auth/tokens 0.100s
2025-11-22 02:34:29.237 66783 INFO tempest.lib.common.rest_client [req-140cc16b-ec6b-4399-a3d6-02cad677d71d req-140cc16b-ec6b-4399-a3d6-02cad677d71d ] Request (ServersAdminTestJSON:tearDownClass): 200 GET http://10.180.1.21/compute/v2.1/servers/8149884c-96d1-48cd-8cab-60cce093191d 0.247s
2025-11-22 02:34:29.252 66751 INFO tempest.lib.common.rest_client [req-442b6475-812c-470e-a507-5fb5f145ff62 req-442b6475-812c-470e-a507-5fb5f145ff62 ] Request (KeyPairsV2TestJSON:setUpClass): 201 POST http://10.180.1.21/identity/v3/auth/tokens 0.040s
2025-11-22 02:34:29.262 66743 INFO tempest.lib.common.rest_client [req-efb7d055-709e-4b3b-ae7d-e606ea10a63c req-efb7d055-709e-4b3b-ae7d-e606ea10a63c ] Request (ServerActionsV293TestJSON:setUpClass): 200 GET http://10.180.1.21/compute/v2.1/servers/3a8eeb2d-10eb-41a1-9c86-9b62a20feb23 0.366s
2025-11-22 02:34:29.271 66743 INFO tempest.common.waiters [-] State transition "BUILD/block_device_mapping" ==> "BUILD/spawning" after 46 second wait
2025-11-22 02:34:29.277 66737 INFO tempest.lib.common.rest_client [req-dd5189db-ab26-4e2f-9d43-102a55bd382b req-dd5189db-ab26-4e2f-9d43-102a55bd382b ] Request (ImagesOneServerTestJSON:test_create_delete_image): 200 GET http://10.180.1.21/compute/v2.1/images/9288dce1-e601-4a0e-9c23-f6c6f434f5df 0.262s
2025-11-22 02:34:29.283 66751 INFO tempest.lib.common.rest_client [req-f0e951a2-f52b-466c-80c8-80d67a06fbe8 req-f0e951a2-f52b-466c-80c8-80d67a06fbe8 ] Request (KeyPairsV2TestJSON:setUpClass): 200 GET http://10.180.1.21/identity/v3/domains?name=Default 0.031s
2025-11-22 02:34:29.315 66751 INFO tempest.lib.common.rest_client [req-01c150d6-eb1a-4d87-b109-2231d2604aec req-01c150d6-eb1a-4d87-b109-2231d2604aec ] Request (KeyPairsV2TestJSON:setUpClass): 201 POST http://10.180.1.21/identity/v3/projects 0.031s
2025-11-22 02:34:29.325 66739 INFO tempest.lib.common.rest_client [req-89d56053-66a4-432d-9d93-7441a2095c83 req-89d56053-66a4-432d-9d93-7441a2095c83 ] Request (ServerActionsTestOtherA:test_rebuild_server_with_volume_attached): 200 GET http://10.180.1.21/compute/v2.1/servers/7e73f067-d408-4916-acb0-d8dafde03930 0.296s
2025-11-22 02:34:29.379 66729 INFO tempest.lib.common.rest_client [req-09371594-8016-4e08-be46-5666cdfc4722 req-09371594-8016-4e08-be46-5666cdfc4722 ] Request (ImagesTestJSON:test_create_server_from_snapshot): 200 GET http://10.180.1.21/compute/v2.1/servers/84614c51-235b-4f38-91d1-073e9ddd69bf 0.302s
2025-11-22 02:34:29.383 66751 INFO tempest.lib.common.rest_client [req-e802c642-9e10-4e55-b57f-6a2e4a924856 req-e802c642-9e10-4e55-b57f-6a2e4a924856 ] Request (KeyPairsV2TestJSON:setUpClass): 201 POST http://10.180.1.21/identity/v3/users 0.067s
2025-11-22 02:34:29.395 66789 INFO tempest.lib.common.rest_client [req-a13aa9ae-b994-40aa-aa11-7243b4d0e502 req-a13aa9ae-b994-40aa-aa11-7243b4d0e502 ] Request (ServersTestJSON:tearDownClass): 200 GET http://10.180.1.21/compute/v2.1/servers/4a25f0f1-2253-4071-9336-0c6528bf5fcf 0.334s
2025-11-22 02:34:29.407 66751 INFO tempest.lib.common.rest_client [req-bf8c3bcc-e470-43bf-b5f1-df6707c5f558 req-bf8c3bcc-e470-43bf-b5f1-df6707c5f558 ] Request (KeyPairsV2TestJSON:setUpClass): 200 GET http://10.180.1.21/identity/v3/roles 0.023s
2025-11-22 02:34:29.436 66751 INFO tempest.lib.common.rest_client [req-80f8eeb1-f456-4969-9a5c-46d94b8734b0 req-80f8eeb1-f456-4969-9a5c-46d94b8734b0 ] Request (KeyPairsV2TestJSON:setUpClass): 204 PUT http://10.180.1.21/identity/v3/projects/01c37f22e7df4468a203a721fb011e1f/users/3522245ea60b4836a4a45c2524a24946/roles/ca6c30c8b37546969829a0b4ad4f5f13 0.028s
2025-11-22 02:34:29.436 66751 INFO tempest.lib.common.dynamic_creds [-] Dynamic test user 3522245ea60b4836a4a45c2524a24946 is created with scope project and roles: ['member']
2025-11-22 02:34:29.436 66751 INFO tempest.lib.common.dynamic_creds [-] Acquired dynamic creds: credentials: Credentials: {'domain_id': 'default', 'domain_name': 'Default', 'username': 'tempest-KeyPairsV2TestJSON-1940658069-project-member', 'project_domain_id': 'default', 'project_domain_name': 'Default', 'project_id': '01c37f22e7df4468a203a721fb011e1f', 'project_name': 'tempest-KeyPairsV2TestJSON-1940658069', 'tenant_id': '01c37f22e7df4468a203a721fb011e1f', 'tenant_name': 'tempest-KeyPairsV2TestJSON-1940658069', 'user_domain_id': 'default', 'user_domain_name': 'Default', 'user_id': '3522245ea60b4836a4a45c2524a24946', 'system': None}, Network: None, Subnet: None, Router: None
2025-11-22 02:34:29.436 66751 INFO tempest.lib.common.dynamic_creds [-] Created isolated network resources for: credentials: Credentials: {'domain_id': 'default', 'domain_name': 'Default', 'username': 'tempest-KeyPairsV2TestJSON-1940658069-project-member', 'project_domain_id': 'default', 'project_domain_name': 'Default', 'project_id': '01c37f22e7df4468a203a721fb011e1f', 'project_name': 'tempest-KeyPairsV2TestJSON-1940658069', 'tenant_id': '01c37f22e7df4468a203a721fb011e1f', 'tenant_name': 'tempest-KeyPairsV2TestJSON-1940658069', 'user_domain_id': 'default', 'user_domain_name': 'Default', 'user_id': '3522245ea60b4836a4a45c2524a24946', 'system': None}, Network: None, Subnet: None, Router: None
2025-11-22 02:34:29.446 66747 INFO tempest.lib.common.rest_client [req-d03a63be-1bc4-4be9-82f4-841185eb212e req-d03a63be-1bc4-4be9-82f4-841185eb212e ] Request (ServersAdminNegativeTestJSON:tearDownClass): 200 GET http://10.180.1.21/compute/v2.1/servers/f74394e4-9574-432f-aab7-a7f1a57b01b1 0.306s
2025-11-22 02:34:29.460 66775 INFO tempest.lib.common.rest_client [req-b917ec27-5ed7-42b5-bab7-f2725a03cb7e req-b917ec27-5ed7-42b5-bab7-f2725a03cb7e ] Request (ServerShowV247Test:tearDownClass): 200 GET http://10.180.1.21/compute/v2.1/servers/37a78e0e-fe63-4561-bb1c-a9ffee9c010c 0.305s
2025-11-22 02:34:29.495 66777 INFO tempest.lib.common.rest_client [req-5c914d2e-d317-4b83-83cb-f3bc43a9bb8f req-5c914d2e-d317-4b83-83cb-f3bc43a9bb8f ] Request (ServerExternalEventsTest:test_create_server_external_events): 200 GET http://10.180.1.21/compute/v2.1/servers/e8f0ee1c-7a30-4668-898f-d03aa316f3c3 0.283s
2025-11-22 02:34:29.502 66751 INFO tempest.lib.common.rest_client [req-5ae62bdf-0c74-48d2-b26a-2cc449313238 req-5ae62bdf-0c74-48d2-b26a-2cc449313238 ] Request (KeyPairsV2TestJSON:setUpClass): 201 POST http://10.180.1.21/identity/v3/auth/tokens 0.063s
2025-11-22 02:34:29.513 66773 INFO tempest.lib.common.rest_client [req-a5f6f2cc-c138-48b5-88da-6d2bd38651df req-a5f6f2cc-c138-48b5-88da-6d2bd38651df ] Request (ImagesOneServerNegativeTestJSON:_run_cleanups): 200 GET http://10.180.1.21/compute/v2.1/servers/c6c27808-21ad-458b-b272-7dbdb287ba9f 0.294s
2025-11-22 02:34:29.540 66749 INFO tempest.lib.common.rest_client [req-448a8e68-ee07-43b2-ab1b-03a802a796e8 req-448a8e68-ee07-43b2-ab1b-03a802a796e8 ] Request (DeleteServersTestJSON:test_delete_active_server): 200 GET http://10.180.1.21/compute/v2.1/servers/e5ebd5a8-bf76-4b5c-978d-59f468eaf8bc 0.262s
2025-11-22 02:34:29.548 66737 INFO tempest.lib.common.rest_client [req-42225236-f131-4da0-9ed2-db79ab662916 req-42225236-f131-4da0-9ed2-db79ab662916 ] Request (ImagesOneServerTestJSON:test_create_delete_image): 200 GET http://10.180.1.21/compute/v2.1/images/9288dce1-e601-4a0e-9c23-f6c6f434f5df 0.267s
2025-11-22 02:34:29.599 66753 INFO tempest.lib.common.rest_client [req-78df89fd-afba-4d74-b6bf-6b6bcffffb1c req-78df89fd-afba-4d74-b6bf-6b6bcffffb1c ] Request (ServersNegativeTestMultiTenantJSON:tearDownClass): 200 GET http://10.180.1.21/compute/v2.1/servers/17aa261a-e0b4-459c-8cd6-001432d5578c 0.306s
2025-11-22 02:34:29.610 66741 INFO tempest.lib.common.rest_client [req-bab0ee59-fd3a-4f40-9bfb-617c1bafdb16 req-bab0ee59-fd3a-4f40-9bfb-617c1bafdb16 ] Request (InstanceActionsV221TestJSON:test_get_list_deleted_instance_actions): 200 GET http://10.180.1.21/compute/v2.1/servers/e0903771-596a-4f08-b0da-e957745193f7 0.267s
2025-11-22 02:34:29.652 66771 INFO tempest.lib.common.rest_client [req-e1549c3e-93a7-4435-8221-1e184823986e req-e1549c3e-93a7-4435-8221-1e184823986e ] Request (ServerRescueTestJSONUnderV235:setUpClass): 200 GET http://10.180.1.21/compute/v2.1/servers/1e757ef4-0093-4c90-9264-9231d326a663 0.253s
2025-11-22 02:34:29.700 66787 INFO tempest.lib.common.rest_client [req-09bd9e27-365f-4b39-8e41-1039bc90903a req-09bd9e27-365f-4b39-8e41-1039bc90903a ] Request (ServerActionsTestOtherB:setUpClass): 200 GET http://10.180.1.21/compute/v2.1/servers/fd1c8390-8ae2-4662-99b1-9d6782014750 0.207s
2025-11-22 02:34:29.713 66745 INFO tempest.lib.common.rest_client [req-acab23bd-c0f6-48fb-9c40-276d27ebe00f req-acab23bd-c0f6-48fb-9c40-276d27ebe00f ] Request (MigrationsAdminTest:test_resize_server_revert_deleted_flavor): 200 GET http://10.180.1.21/compute/v2.1/servers/c67cc974-b928-4421-9138-bcf19d91ffdd 0.280s
2025-11-22 02:34:29.812 66751 INFO tempest.lib.common.rest_client [req-5a6ebcbf-577a-49d3-b858-945cf876be34 req-5a6ebcbf-577a-49d3-b858-945cf876be34 ] Request (KeyPairsV2TestJSON:test_get_keypair_detail): 200 POST http://10.180.1.21/compute/v2.1/os-keypairs 0.307s
2025-11-22 02:34:29.847 66737 INFO tempest.lib.common.rest_client [req-32b089d4-6b0d-4e7f-948d-c84645a04e54 req-32b089d4-6b0d-4e7f-948d-c84645a04e54 ] Request (ImagesOneServerTestJSON:test_create_delete_image): 200 GET http://10.180.1.21/compute/v2.1/servers/4fccae79-aae1-49af-85f4-f103e81931b1 0.296s
2025-11-22 02:34:29.856 66751 INFO tempest.lib.common.rest_client [req-26937c1b-52b6-4ca5-8ade-b7daa135f4bb req-26937c1b-52b6-4ca5-8ade-b7daa135f4bb ] Request (KeyPairsV2TestJSON:test_get_keypair_detail): 200 GET http://10.180.1.21/compute/v2.1/os-keypairs/tempest-keypair-848428078 0.042s
2025-11-22 02:34:29.862 66759 INFO tempest.lib.common.rest_client [req-7023c497-b5a5-4e5f-8929-10908371c460 req-7023c497-b5a5-4e5f-8929-10908371c460 ] Request (ServerAddressesNegativeTestJSON:setUpClass): 200 GET http://10.180.1.21/compute/v2.1/servers/b26fba62-982e-482b-91fe-294bde97c907 0.094s
2025-11-22 02:34:29.875 66751 INFO tempest.lib.common.rest_client [req-470d2066-abee-4d7b-8f9b-873e2ca18b3a req-470d2066-abee-4d7b-8f9b-873e2ca18b3a ] Request (KeyPairsV2TestJSON:_run_cleanups): 202 DELETE http://10.180.1.21/compute/v2.1/os-keypairs/tempest-keypair-848428078 0.017s
2025-11-22 02:34:29.907 66751 INFO tempest.lib.common.rest_client [req-2b711646-ce39-467f-a8b8-9d342aad3574 req-2b711646-ce39-467f-a8b8-9d342aad3574 ] Request (KeyPairsV2TestJSON:test_keypair_create_delete): 200 POST http://10.180.1.21/compute/v2.1/os-keypairs 0.029s
2025-11-22 02:34:29.926 66751 INFO tempest.lib.common.rest_client [req-165a98fb-7c4f-49f6-ac4c-1ed86c5acd28 req-165a98fb-7c4f-49f6-ac4c-1ed86c5acd28 ] Request (KeyPairsV2TestJSON:_run_cleanups): 202 DELETE http://10.180.1.21/compute/v2.1/os-keypairs/tempest-keypair-1883946241 0.018s
2025-11-22 02:34:29.961 66751 INFO tempest.lib.common.rest_client [req-9afff8af-61cb-400c-b17a-9316dffc0c88 req-9afff8af-61cb-400c-b17a-9316dffc0c88 ] Request (KeyPairsV2TestJSON:test_keypair_create_with_pub_key): 200 POST http://10.180.1.21/compute/v2.1/os-keypairs 0.034s
2025-11-22 02:34:29.982 66751 INFO tempest.lib.common.rest_client [req-3ea93d7e-9c27-4b9d-a89e-3233c3f010b9 req-3ea93d7e-9c27-4b9d-a89e-3233c3f010b9 ] Request (KeyPairsV2TestJSON:_run_cleanups): 202 DELETE http://10.180.1.21/compute/v2.1/os-keypairs/tempest-keypair-379404962 0.019s
2025-11-22 02:34:30.020 66751 INFO tempest.lib.common.rest_client [req-b318b4cb-9d12-4cba-9b5e-2fe9ea4ad512 req-b318b4cb-9d12-4cba-9b5e-2fe9ea4ad512 ] Request (KeyPairsV2TestJSON:test_keypairs_create_list_delete): 200 POST http://10.180.1.21/compute/v2.1/os-keypairs 0.035s
2025-11-22 02:34:30.112 66761 INFO tempest.lib.common.rest_client [req-83af275e-1d4b-4258-90c6-505229004cba req-83af275e-1d4b-4258-90c6-505229004cba ] Request (AttachVolumeShelveTestJSON:test_attach_volume_shelved_or_offload_server): 200 GET http://10.180.1.21/compute/v2.1/servers/5b07e7ea-8f5e-463d-8318-2f4f56779416 0.134s
2025-11-22 02:34:30.140 66764 INFO tempest.lib.common.rest_client [req-0abf8ea6-302b-4633-8172-034f294c201d req-0abf8ea6-302b-4633-8172-034f294c201d ] Request (SecurityGroupsTestJSON:tearDownClass): 200 GET http://10.180.1.21/compute/v2.1/servers/017ce0fb-0029-4462-8e6c-6d4aed86a379 0.140s
2025-11-22 02:34:30.153 66751 INFO tempest.lib.common.rest_client [req-287723b3-7ea3-476c-b331-1f6f339232c1 req-287723b3-7ea3-476c-b331-1f6f339232c1 ] Request (KeyPairsV2TestJSON:test_keypairs_create_list_delete): 200 POST http://10.180.1.21/compute/v2.1/os-keypairs 0.131s
2025-11-22 02:34:30.215 66735 INFO tempest.lib.common.rest_client [req-e65babaf-4c10-4c0c-8ef0-bdc5299ea91c req-e65babaf-4c10-4c0c-8ef0-bdc5299ea91c ] Request (ListServerFiltersTestJSON:tearDownClass): 200 GET http://10.180.1.21/compute/v2.1/servers/43169281-3e54-40f1-979f-14fd5ad74362 0.148s
2025-11-22 02:34:30.231 66731 INFO tempest.lib.common.rest_client [req-e2d9be62-394c-4b87-b581-9450a5350525 req-e2d9be62-394c-4b87-b581-9450a5350525 ] Request (ServerActionsTestJSON:setUpClass): 200 GET http://10.180.1.21/compute/v2.1/servers/a34f7214-d457-4842-8772-bd8f75c9988e 0.083s
2025-11-22 02:34:30.243 66751 INFO tempest.lib.common.rest_client [req-0a945f7d-0ccb-4a99-9348-982ae8650991 req-0a945f7d-0ccb-4a99-9348-982ae8650991 ] Request (KeyPairsV2TestJSON:test_keypairs_create_list_delete): 200 POST http://10.180.1.21/compute/v2.1/os-keypairs 0.088s
2025-11-22 02:34:30.261 66751 INFO tempest.lib.common.rest_client [req-8c329a66-81c3-4100-b851-943eb152dedf req-8c329a66-81c3-4100-b851-943eb152dedf ] Request (KeyPairsV2TestJSON:test_keypairs_create_list_delete): 200 GET http://10.180.1.21/compute/v2.1/os-keypairs 0.016s
2025-11-22 02:34:30.280 66751 INFO tempest.lib.common.rest_client [req-3702e4c0-ceaa-4afa-992b-874155c0481b req-3702e4c0-ceaa-4afa-992b-874155c0481b ] Request (KeyPairsV2TestJSON:_run_cleanups): 202 DELETE http://10.180.1.21/compute/v2.1/os-keypairs/tempest-KeyPairsV2TestJSON-keypair-1717176306 0.017s
2025-11-22 02:34:30.328 66783 INFO tempest.lib.common.rest_client [req-9371ff08-7201-4ccc-aa7e-a85dfa37d53a req-9371ff08-7201-4ccc-aa7e-a85dfa37d53a ] Request (ServersAdminTestJSON:tearDownClass): 200 GET http://10.180.1.21/compute/v2.1/servers/8149884c-96d1-48cd-8cab-60cce093191d 0.080s
2025-11-22 02:34:30.343 66751 INFO tempest.lib.common.rest_client [req-9af82dc3-f429-4970-af32-86bc55e39715 req-9af82dc3-f429-4970-af32-86bc55e39715 ] Request (KeyPairsV2TestJSON:_run_cleanups): 202 DELETE http://10.180.1.21/compute/v2.1/os-keypairs/tempest-KeyPairsV2TestJSON-keypair-1364246170 0.062s
2025-11-22 02:34:30.393 66739 INFO tempest.lib.common.rest_client [req-81085770-e3e8-45a3-936f-48176c6c012f req-81085770-e3e8-45a3-936f-48176c6c012f ] Request (ServerActionsTestOtherA:test_rebuild_server_with_volume_attached): 200 GET http://10.180.1.21/compute/v2.1/servers/7e73f067-d408-4916-acb0-d8dafde03930 0.059s
2025-11-22 02:34:30.404 66743 INFO tempest.lib.common.rest_client [req-d53f49f2-4b15-4de4-9707-4acefa3e4502 req-d53f49f2-4b15-4de4-9707-4acefa3e4502 ] Request (ServerActionsV293TestJSON:setUpClass): 200 GET http://10.180.1.21/compute/v2.1/servers/3a8eeb2d-10eb-41a1-9c86-9b62a20feb23 0.132s
2025-11-22 02:34:30.409 66751 INFO tempest.lib.common.rest_client [req-7317eb84-570a-4109-9fe4-28f4e514f13d req-7317eb84-570a-4109-9fe4-28f4e514f13d ] Request (KeyPairsV2TestJSON:_run_cleanups): 202 DELETE http://10.180.1.21/compute/v2.1/os-keypairs/tempest-KeyPairsV2TestJSON-keypair-25242425 0.065s
2025-11-22 02:34:30.465 66729 INFO tempest.lib.common.rest_client [req-0d08160b-f17a-46a7-aeae-4e5ff1f4f57b req-0d08160b-f17a-46a7-aeae-4e5ff1f4f57b ] Request (ImagesTestJSON:test_create_server_from_snapshot): 200 GET http://10.180.1.21/compute/v2.1/servers/84614c51-235b-4f38-91d1-073e9ddd69bf 0.078s
2025-11-22 02:34:30.515 66789 INFO tempest.lib.common.rest_client [req-f4d2c85c-dbc1-44ab-8c93-038f86ff07de req-f4d2c85c-dbc1-44ab-8c93-038f86ff07de ] Request (ServersTestJSON:tearDownClass): 200 GET http://10.180.1.21/compute/v2.1/servers/4a25f0f1-2253-4071-9336-0c6528bf5fcf 0.110s
2025-11-22 02:34:30.529 66747 INFO tempest.lib.common.rest_client [req-ffc9bac3-dbff-4184-bdc5-97de0a1bfde1 req-ffc9bac3-dbff-4184-bdc5-97de0a1bfde1 ] Request (ServersAdminNegativeTestJSON:tearDownClass): 200 GET http://10.180.1.21/compute/v2.1/servers/f74394e4-9574-432f-aab7-a7f1a57b01b1 0.074s
2025-11-22 02:34:30.555 66751 INFO tempest.lib.common.rest_client [req-28501a26-efd1-4761-8e8e-484f8179b7b8 req-28501a26-efd1-4761-8e8e-484f8179b7b8 ] Request (KeyPairsV2TestJSON:tearDownClass): 204 DELETE http://10.180.1.21/identity/v3/users/3522245ea60b4836a4a45c2524a24946 0.141s
2025-11-22 02:34:30.556 66751 INFO tempest.lib.common.dynamic_creds [-] Deleting project and security group for project: 01c37f22e7df4468a203a721fb011e1f
2025-11-22 02:34:30.580 66775 INFO tempest.lib.common.rest_client [req-354621bc-809a-4daa-9a10-0840189d4fbc req-354621bc-809a-4daa-9a10-0840189d4fbc ] Request (ServerShowV247Test:tearDownClass): 200 GET http://10.180.1.21/compute/v2.1/servers/37a78e0e-fe63-4561-bb1c-a9ffee9c010c 0.107s
2025-11-22 02:34:30.581 66777 INFO tempest.lib.common.rest_client [req-15c66a00-0345-4f75-8424-f227f66f1058 req-15c66a00-0345-4f75-8424-f227f66f1058 ] Request (ServerExternalEventsTest:test_create_server_external_events): 200 GET http://10.180.1.21/compute/v2.1/servers/e8f0ee1c-7a30-4668-898f-d03aa316f3c3 0.078s
2025-11-22 02:34:30.588 66777 INFO tempest.common.waiters [-] State transition "BUILD/None" ==> "BUILD/networking" after 40 second wait
2025-11-22 02:34:30.623 66751 INFO tempest.lib.common.rest_client [req-62750fb6-2c51-4ae8-b434-43b55530347e req-62750fb6-2c51-4ae8-b434-43b55530347e ] Request (KeyPairsV2TestJSON:tearDownClass): 201 POST http://10.180.1.21/identity/v3/auth/tokens 0.067s
2025-11-22 02:34:30.634 66749 INFO tempest.lib.common.rest_client [req-94d949c6-fce1-4899-8df3-4dee59107c92 req-94d949c6-fce1-4899-8df3-4dee59107c92 ] Request (DeleteServersTestJSON:test_delete_active_server): 200 GET http://10.180.1.21/compute/v2.1/servers/e5ebd5a8-bf76-4b5c-978d-59f468eaf8bc 0.084s
2025-11-22 02:34:30.643 66773 INFO tempest.lib.common.rest_client [req-98d2a72f-51b8-4887-90f1-f0f1d82d774f req-98d2a72f-51b8-4887-90f1-f0f1d82d774f ] Request (ImagesOneServerNegativeTestJSON:_run_cleanups): 200 GET http://10.180.1.21/compute/v2.1/servers/c6c27808-21ad-458b-b272-7dbdb287ba9f 0.122s
2025-11-22 02:34:30.701 66753 INFO tempest.lib.common.rest_client [req-29857b3c-9dd5-47a7-a5ee-971b0d688a28 req-29857b3c-9dd5-47a7-a5ee-971b0d688a28 ] Request (ServersNegativeTestMultiTenantJSON:tearDownClass): 200 GET http://10.180.1.21/compute/v2.1/servers/17aa261a-e0b4-459c-8cd6-001432d5578c 0.092s
2025-11-22 02:34:30.717 66741 INFO tempest.lib.common.rest_client [req-524f48f9-44b2-4643-a392-98928d39504a req-524f48f9-44b2-4643-a392-98928d39504a ] Request (InstanceActionsV221TestJSON:test_get_list_deleted_instance_actions): 200 GET http://10.180.1.21/compute/v2.1/servers/e0903771-596a-4f08-b0da-e957745193f7 0.098s
2025-11-22 02:34:30.772 66771 INFO tempest.lib.common.rest_client [req-a0922604-9b44-46bf-8d52-04d22d00dbba req-a0922604-9b44-46bf-8d52-04d22d00dbba ] Request (ServerRescueTestJSONUnderV235:setUpClass): 200 GET http://10.180.1.21/compute/v2.1/servers/1e757ef4-0093-4c90-9264-9231d326a663 0.113s
2025-11-22 02:34:30.784 66787 INFO tempest.lib.common.rest_client [req-11d7a6c8-16bd-4075-aed1-aad1d718d7b6 req-11d7a6c8-16bd-4075-aed1-aad1d718d7b6 ] Request (ServerActionsTestOtherB:setUpClass): 200 GET http://10.180.1.21/compute/v2.1/servers/fd1c8390-8ae2-4662-99b1-9d6782014750 0.076s
2025-11-22 02:34:30.845 66751 INFO tempest.lib.common.rest_client [req-10e79c9a-8e6f-4dc1-affe-131a888b0b2d req-10e79c9a-8e6f-4dc1-affe-131a888b0b2d ] Request (KeyPairsV2TestJSON:tearDownClass): 200 GET http://10.180.1.21/networking/v2.0/security-groups?tenant_id=01c37f22e7df4468a203a721fb011e1f&name=default 0.222s
2025-11-22 02:34:30.967 66751 INFO tempest.lib.common.rest_client [req-56ac7436-7dd0-44a2-9cea-c1c1905b514e req-56ac7436-7dd0-44a2-9cea-c1c1905b514e ] Request (KeyPairsV2TestJSON:tearDownClass): 204 DELETE http://10.180.1.21/networking/v2.0/security-groups/0edba01b-eed7-4ecc-8f13-65b63a60668a 0.121s
2025-11-22 02:34:31.030 66745 INFO tempest.lib.common.rest_client [req-dddb0989-d03a-4a0a-9a0d-66a22c187096 req-dddb0989-d03a-4a0a-9a0d-66a22c187096 ] Request (MigrationsAdminTest:test_resize_server_revert_deleted_flavor): 200 GET http://10.180.1.21/compute/v2.1/servers/c67cc974-b928-4421-9138-bcf19d91ffdd 0.309s
2025-11-22 02:34:31.039 66745 INFO tempest.common.waiters [-] State transition "RESIZE/resize_prep" ==> "RESIZE/resize_migrating" after 44 second wait
2025-11-22 02:34:31.062 66751 INFO tempest.lib.common.rest_client [req-aa3cbe49-a714-4c74-a0d3-448f6b3c6203 req-aa3cbe49-a714-4c74-a0d3-448f6b3c6203 ] Request (KeyPairsV2TestJSON:tearDownClass): 204 DELETE http://10.180.1.21/identity/v3/projects/01c37f22e7df4468a203a721fb011e1f 0.094s
2025-11-22 02:34:31.076 66737 INFO tempest.lib.common.rest_client [req-72eff2ae-fb3d-4adb-99f7-51a72922976e req-72eff2ae-fb3d-4adb-99f7-51a72922976e ] Request (ImagesOneServerTestJSON:test_create_delete_image): 200 GET http://10.180.1.21/compute/v2.1/servers/4fccae79-aae1-49af-85f4-f103e81931b1 0.221s
2025-11-22 02:34:31.086 66737 INFO tempest.common.waiters [-] State transition "ACTIVE/image_uploading" ==> "ACTIVE/None" after 2 second wait
2025-11-22 02:34:31.137 66737 INFO tempest.lib.common.rest_client [req-6955aca6-6b6a-4c71-bbd3-a536f6aa494f req-6955aca6-6b6a-4c71-bbd3-a536f6aa494f ] Request (ImagesOneServerTestJSON:test_create_delete_image): 200 GET http://10.180.1.21/compute/v2.1/images/931a6c5b-00fc-4315-a663-b84d29748309 0.050s
2025-11-22 02:34:31.162 66751 INFO tempest.lib.common.rest_client [req-4d31f71e-aa15-4ad2-9584-dc0884e689a3 req-4d31f71e-aa15-4ad2-9584-dc0884e689a3 ] Request (ServersTestFqdnHostnames:setUpClass): 201 POST http://10.180.1.21/identity/v3/auth/tokens 0.098s
2025-11-22 02:34:31.202 66759 INFO tempest.lib.common.rest_client [req-7f9704f4-75f4-4f61-a9a7-97b389b6e292 req-7f9704f4-75f4-4f61-a9a7-97b389b6e292 ] Request (ServerAddressesNegativeTestJSON:setUpClass): 200 GET http://10.180.1.21/compute/v2.1/servers/b26fba62-982e-482b-91fe-294bde97c907 0.332s
2025-11-22 02:34:31.212 66751 INFO tempest.lib.common.rest_client [req-b49e368c-0f43-4089-a765-c73429f1ebc0 req-b49e368c-0f43-4089-a765-c73429f1ebc0 ] Request (ServersTestFqdnHostnames:setUpClass): 201 POST http://10.180.1.21/identity/v3/auth/tokens 0.044s
2025-11-22 02:34:31.221 66737 INFO tempest.lib.common.rest_client [req-6c387b8b-681d-4af1-935b-b9e6f15c341e req-6c387b8b-681d-4af1-935b-b9e6f15c341e ] Request (ImagesOneServerTestJSON:test_create_delete_image): 200 GET http://10.180.1.21/compute/v2.1/flavors/42 0.078s
2025-11-22 02:34:31.259 66751 INFO tempest.lib.common.rest_client [req-7a5ca300-42f4-42ab-97b4-5a9c40a0a224 req-7a5ca300-42f4-42ab-97b4-5a9c40a0a224 ] Request (ServersTestFqdnHostnames:setUpClass): 200 GET http://10.180.1.21/identity/v3/domains?name=Default 0.046s
2025-11-22 02:34:31.304 66751 INFO tempest.lib.common.rest_client [req-d8e017de-b6f4-43e7-aaea-8cf7eea972fd req-d8e017de-b6f4-43e7-aaea-8cf7eea972fd ] Request (ServersTestFqdnHostnames:setUpClass): 201 POST http://10.180.1.21/identity/v3/projects 0.044s
2025-11-22 02:34:31.400 66751 INFO tempest.lib.common.rest_client [req-066457b0-7492-4686-b4d3-a8e2b783d343 req-066457b0-7492-4686-b4d3-a8e2b783d343 ] Request (ServersTestFqdnHostnames:setUpClass): 201 POST http://10.180.1.21/identity/v3/users 0.095s
2025-11-22 02:34:31.426 66751 INFO tempest.lib.common.rest_client [req-f301eebd-c974-4ac6-99a2-610e1e9ace1d req-f301eebd-c974-4ac6-99a2-610e1e9ace1d ] Request (ServersTestFqdnHostnames:setUpClass): 200 GET http://10.180.1.21/identity/v3/roles 0.025s
2025-11-22 02:34:31.462 66751 INFO tempest.lib.common.rest_client [req-04ba9dce-243f-4538-bf9f-e199cf1733c9 req-04ba9dce-243f-4538-bf9f-e199cf1733c9 ] Request (ServersTestFqdnHostnames:setUpClass): 204 PUT http://10.180.1.21/identity/v3/projects/565ab990ed1744be958c5bfa84348ddd/users/7b1dfdfbdcfc4c459e434987712c7b84/roles/ca6c30c8b37546969829a0b4ad4f5f13 0.036s
2025-11-22 02:34:31.462 66751 INFO tempest.lib.common.dynamic_creds [-] Dynamic test user 7b1dfdfbdcfc4c459e434987712c7b84 is created with scope project and roles: ['member']
2025-11-22 02:34:31.463 66751 INFO tempest.lib.common.dynamic_creds [-] Acquired dynamic creds: credentials: Credentials: {'domain_id': 'default', 'domain_name': 'Default', 'username': 'tempest-ServersTestFqdnHostnames-2079979295-project-member', 'project_domain_id': 'default', 'project_domain_name': 'Default', 'project_id': '565ab990ed1744be958c5bfa84348ddd', 'project_name': 'tempest-ServersTestFqdnHostnames-2079979295', 'tenant_id': '565ab990ed1744be958c5bfa84348ddd', 'tenant_name': 'tempest-ServersTestFqdnHostnames-2079979295', 'user_domain_id': 'default', 'user_domain_name': 'Default', 'user_id': '7b1dfdfbdcfc4c459e434987712c7b84', 'system': None}, Network: None, Subnet: None, Router: None
2025-11-22 02:34:31.537 66751 INFO tempest.lib.common.rest_client [req-52bc16f4-7126-4d77-b0c7-dc44974f79b4 req-52bc16f4-7126-4d77-b0c7-dc44974f79b4 ] Request (ServersTestFqdnHostnames:setUpClass): 201 POST http://10.180.1.21/identity/v3/auth/tokens 0.074s
2025-11-22 02:34:31.575 66761 INFO tempest.lib.common.rest_client [req-98f12e67-a441-43bb-9eaf-24843c6f5ae7 req-98f12e67-a441-43bb-9eaf-24843c6f5ae7 ] Request (AttachVolumeShelveTestJSON:test_attach_volume_shelved_or_offload_server): 200 GET http://10.180.1.21/compute/v2.1/servers/5b07e7ea-8f5e-463d-8318-2f4f56779416 0.450s
2025-11-22 02:34:31.888 66751 INFO tempest.lib.common.rest_client [req-8291163a-452f-43a1-8157-fd980340f2a0 req-8291163a-452f-43a1-8157-fd980340f2a0 ] Request (ServersTestFqdnHostnames:setUpClass): 201 POST http://10.180.1.21/networking/v2.0/networks 0.350s
2025-11-22 02:34:31.925 66764 INFO tempest.lib.common.rest_client [req-51e0f92c-afb8-46c0-a8fa-bc89f837e49b req-51e0f92c-afb8-46c0-a8fa-bc89f837e49b ] Request (SecurityGroupsTestJSON:tearDownClass): 200 GET http://10.180.1.21/compute/v2.1/servers/017ce0fb-0029-4462-8e6c-6d4aed86a379 0.773s
2025-11-22 02:34:31.942 66735 INFO tempest.lib.common.rest_client [req-1a697bbc-2460-432e-a67b-0328cbb2aa5e req-1a697bbc-2460-432e-a67b-0328cbb2aa5e ] Request (ListServerFiltersTestJSON:tearDownClass): 200 GET http://10.180.1.21/compute/v2.1/servers/43169281-3e54-40f1-979f-14fd5ad74362 0.720s
2025-11-22 02:34:32.060 66737 INFO tempest.lib.common.rest_client [req-2ad48a28-50e6-411d-bbd6-21df094b30b9 req-2ad48a28-50e6-411d-bbd6-21df094b30b9 ] Request (ImagesOneServerTestJSON:test_create_delete_image): 204 DELETE http://10.180.1.21/compute/v2.1/images/9288dce1-e601-4a0e-9c23-f6c6f434f5df 0.837s
2025-11-22 02:34:32.210 66765 WARNING tempest.lib.common.ssh [-] Failed to establish authenticated ssh connection to cirros@10.180.180.244 ([Errno None] Unable to connect to port 22 on 10.180.180.244). Number attempts: 9. Retry after 10 seconds.: paramiko.ssh_exception.NoValidConnectionsError: [Errno None] Unable to connect to port 22 on 10.180.180.244
2025-11-22 02:34:32.391 66751 INFO tempest.lib.common.rest_client [req-01b3f66b-85db-4ed5-ae1c-522009dc666e req-01b3f66b-85db-4ed5-ae1c-522009dc666e ] Request (ServersTestFqdnHostnames:setUpClass): 201 POST http://10.180.1.21/networking/v2.0/subnets 0.503s
2025-11-22 02:34:32.417 66731 INFO tempest.lib.common.rest_client [req-0b538239-4aff-43c9-b782-0cb9f8f36c2d req-0b538239-4aff-43c9-b782-0cb9f8f36c2d ] Request (ServerActionsTestJSON:setUpClass): 200 GET http://10.180.1.21/compute/v2.1/servers/a34f7214-d457-4842-8772-bd8f75c9988e 1.177s
2025-11-22 02:34:32.431 66783 INFO tempest.lib.common.rest_client [req-557a6f57-488f-428d-9fe2-ca2fefb60650 req-557a6f57-488f-428d-9fe2-ca2fefb60650 ] Request (ServersAdminTestJSON:tearDownClass): 200 GET http://10.180.1.21/compute/v2.1/servers/8149884c-96d1-48cd-8cab-60cce093191d 1.092s
2025-11-22 02:34:32.805 66767 WARNING tempest.lib.common.ssh [-] Failed to establish authenticated ssh connection to cirros@10.180.180.231 ([Errno None] Unable to connect to port 22 on 10.180.180.231). Number attempts: 2. Retry after 3 seconds.: paramiko.ssh_exception.NoValidConnectionsError: [Errno None] Unable to connect to port 22 on 10.180.180.231
2025-11-22 02:34:33.205 66751 INFO tempest.lib.common.rest_client [req-4e66cf83-beb4-4b6d-853b-bebb3bc22f3e req-4e66cf83-beb4-4b6d-853b-bebb3bc22f3e ] Request (ServersTestFqdnHostnames:setUpClass): 201 POST http://10.180.1.21/networking/v2.0/routers 0.813s
2025-11-22 02:34:33.231 66739 INFO tempest.lib.common.rest_client [req-9d7b65aa-6dd9-484b-8414-0c60896a268c req-9d7b65aa-6dd9-484b-8414-0c60896a268c ] Request (ServerActionsTestOtherA:test_rebuild_server_with_volume_attached): 200 GET http://10.180.1.21/compute/v2.1/servers/7e73f067-d408-4916-acb0-d8dafde03930 1.831s
2025-11-22 02:34:33.620 66729 INFO tempest.lib.common.rest_client [req-872cff2a-ea91-425c-bd19-f78cfa0abb90 req-872cff2a-ea91-425c-bd19-f78cfa0abb90 ] Request (ImagesTestJSON:test_create_server_from_snapshot): 200 GET http://10.180.1.21/compute/v2.1/servers/84614c51-235b-4f38-91d1-073e9ddd69bf 2.145s
2025-11-22 02:34:33.647 66743 INFO tempest.lib.common.rest_client [req-dd839a7c-3cca-4723-a336-e9208c6f76c3 req-dd839a7c-3cca-4723-a336-e9208c6f76c3 ] Request (ServerActionsV293TestJSON:setUpClass): 200 GET http://10.180.1.21/compute/v2.1/servers/3a8eeb2d-10eb-41a1-9c86-9b62a20feb23 2.224s
2025-11-22 02:34:33.696 66789 INFO tempest.lib.common.rest_client [req-d52a7202-6b26-4be5-80ac-8ef77a0dd13d req-d52a7202-6b26-4be5-80ac-8ef77a0dd13d ] Request (ServersTestJSON:tearDownClass): 200 GET http://10.180.1.21/compute/v2.1/servers/4a25f0f1-2253-4071-9336-0c6528bf5fcf 2.171s
2025-11-22 02:34:33.706 66789 INFO tempest.common.waiters [-] State transition "ACTIVE/deleting" ==> "DELETED/None" after 4 second wait
2025-11-22 02:34:33.719 66747 INFO tempest.lib.common.rest_client [req-abea8ee4-4a48-48de-be64-8266d0f81fcf req-abea8ee4-4a48-48de-be64-8266d0f81fcf ] Request (ServersAdminNegativeTestJSON:tearDownClass): 200 GET http://10.180.1.21/compute/v2.1/servers/f74394e4-9574-432f-aab7-a7f1a57b01b1 2.179s
2025-11-22 02:34:33.816 66775 INFO tempest.lib.common.rest_client [req-a3d299eb-e43a-4b74-b4f7-ab00409fac54 req-a3d299eb-e43a-4b74-b4f7-ab00409fac54 ] Request (ServerShowV247Test:tearDownClass): 200 GET http://10.180.1.21/compute/v2.1/servers/37a78e0e-fe63-4561-bb1c-a9ffee9c010c 2.226s
2025-11-22 02:34:33.842 66777 INFO tempest.lib.common.rest_client [req-d9d507ea-673a-45b2-b55a-aa49eff47e99 req-d9d507ea-673a-45b2-b55a-aa49eff47e99 ] Request (ServerExternalEventsTest:test_create_server_external_events): 200 GET http://10.180.1.21/compute/v2.1/servers/e8f0ee1c-7a30-4668-898f-d03aa316f3c3 2.253s
2025-11-22 02:34:33.851 66777 INFO tempest.common.waiters [-] State transition "BUILD/networking" ==> "BUILD/spawning" after 43 second wait
2025-11-22 02:34:33.873 66749 INFO tempest.lib.common.rest_client [req-9de03656-a04e-44ac-90e8-f3f986942fef req-9de03656-a04e-44ac-90e8-f3f986942fef ] Request (DeleteServersTestJSON:test_delete_active_server): 200 GET http://10.180.1.21/compute/v2.1/servers/e5ebd5a8-bf76-4b5c-978d-59f468eaf8bc 2.232s
2025-11-22 02:34:33.906 66773 INFO tempest.lib.common.rest_client [req-7dac8a12-2523-43d1-9553-21c328fed6ae req-7dac8a12-2523-43d1-9553-21c328fed6ae ] Request (ImagesOneServerNegativeTestJSON:_run_cleanups): 200 GET http://10.180.1.21/compute/v2.1/servers/c6c27808-21ad-458b-b272-7dbdb287ba9f 2.254s
2025-11-22 02:34:33.927 66741 INFO tempest.lib.common.rest_client [req-cbc3239d-f5cc-4ddd-a999-e8a92036f4c2 req-cbc3239d-f5cc-4ddd-a999-e8a92036f4c2 ] Request (InstanceActionsV221TestJSON:test_get_list_deleted_instance_actions): 404 GET http://10.180.1.21/compute/v2.1/servers/e0903771-596a-4f08-b0da-e957745193f7 2.199s
2025-11-22 02:34:33.942 66753 INFO tempest.lib.common.rest_client [req-c5e96137-11b3-45fc-99b6-0d81198c4719 req-c5e96137-11b3-45fc-99b6-0d81198c4719 ] Request (ServersNegativeTestMultiTenantJSON:tearDownClass): 200 GET http://10.180.1.21/compute/v2.1/servers/17aa261a-e0b4-459c-8cd6-001432d5578c 2.233s
2025-11-22 02:34:33.985 66771 INFO tempest.lib.common.rest_client [req-a24f1f52-e5b0-4c29-9174-f54d89dcc024 req-a24f1f52-e5b0-4c29-9174-f54d89dcc024 ] Request (ServerRescueTestJSONUnderV235:setUpClass): 200 GET http://10.180.1.21/compute/v2.1/servers/1e757ef4-0093-4c90-9264-9231d326a663 2.203s
2025-11-22 02:34:33.998 66787 INFO tempest.lib.common.rest_client [req-36c693f9-e27c-4f4a-aa7f-a0e65a93763c req-36c693f9-e27c-4f4a-aa7f-a0e65a93763c ] Request (ServerActionsTestOtherB:setUpClass): 200 GET http://10.180.1.21/compute/v2.1/servers/fd1c8390-8ae2-4662-99b1-9d6782014750 2.206s
2025-11-22 02:34:34.020 66737 INFO tempest.lib.common.rest_client [req-cc28687a-eea5-4804-bcaa-da778adc423d req-cc28687a-eea5-4804-bcaa-da778adc423d ] Request (ImagesOneServerTestJSON:test_create_delete_image): 404 GET http://10.180.1.21/compute/v2.1/images/9288dce1-e601-4a0e-9c23-f6c6f434f5df 1.959s
2025-11-22 02:34:34.080 66745 INFO tempest.lib.common.rest_client [req-3e9cd00b-0981-4bdf-8599-cf91a7a2c752 req-3e9cd00b-0981-4bdf-8599-cf91a7a2c752 ] Request (MigrationsAdminTest:test_resize_server_revert_deleted_flavor): 200 GET http://10.180.1.21/compute/v2.1/servers/c67cc974-b928-4421-9138-bcf19d91ffdd 2.040s
2025-11-22 02:34:34.095 66759 INFO tempest.lib.common.rest_client [req-02ac915d-7fcf-4518-9a6e-5eafb03dc921 req-02ac915d-7fcf-4518-9a6e-5eafb03dc921 ] Request (ServerAddressesNegativeTestJSON:setUpClass): 200 GET http://10.180.1.21/compute/v2.1/servers/b26fba62-982e-482b-91fe-294bde97c907 1.884s
2025-11-22 02:34:34.148 66751 INFO tempest.lib.common.rest_client [req-9a502fb8-ffb5-4764-8f4e-997fae0e0314 req-9a502fb8-ffb5-4764-8f4e-997fae0e0314 ] Request (ServersTestFqdnHostnames:setUpClass): 200 PUT http://10.180.1.21/networking/v2.0/routers/1bec076e-d846-4566-a413-7b33387c61fd/add_router_interface 0.942s
2025-11-22 02:34:34.148 66751 INFO tempest.lib.common.dynamic_creds [-] Created isolated network resources for: credentials: Credentials: {'domain_id': 'default', 'domain_name': 'Default', 'username': 'tempest-ServersTestFqdnHostnames-2079979295-project-member', 'project_domain_id': 'default', 'project_domain_name': 'Default', 'project_id': '565ab990ed1744be958c5bfa84348ddd', 'project_name': 'tempest-ServersTestFqdnHostnames-2079979295', 'tenant_id': '565ab990ed1744be958c5bfa84348ddd', 'tenant_name': 'tempest-ServersTestFqdnHostnames-2079979295', 'user_domain_id': 'default', 'user_domain_name': 'Default', 'user_id': '7b1dfdfbdcfc4c459e434987712c7b84', 'system': None}, Network: {'id': '9ddbadc5-03da-48df-b1b3-53de4789ca18', 'name': 'tempest-ServersTestFqdnHostnames-785633800-network', 'tenant_id': '565ab990ed1744be958c5bfa84348ddd', 'project_id': '565ab990ed1744be958c5bfa84348ddd', 'admin_state_up': True, 'mtu': 8950, 'status': 'ACTIVE', 'subnets': [], 'shared': False, 'port_security_enabled': True, 'router:external': False, 'provider:network_type': 'vlan', 'provider:physical_network': 'default', 'provider:segmentation_id': 650, 'availability_zone_hints': [], 'availability_zones': [], 'ipv4_address_scope': None, 'ipv6_address_scope': None, 'description': '', 'tags': [], 'created_at': '2025-11-22T02:34:31Z', 'updated_at': '2025-11-22T02:34:31Z', 'revision_number': 1}, Subnet: {'id': 'a54cd2ec-6f5d-4585-a48a-b6cf1ece9cf1', 'name': 'tempest-ServersTestFqdnHostnames-785633800-subnet', 'tenant_id': '565ab990ed1744be958c5bfa84348ddd', 'network_id': '9ddbadc5-03da-48df-b1b3-53de4789ca18', 'ip_version': 4, 'subnetpool_id': None, 'enable_dhcp': True, 'ipv6_ra_mode': None, 'ipv6_address_mode': None, 'gateway_ip': '192.168.128.1', 'cidr': '192.168.128.0/28', 'allocation_pools': [{'start': '192.168.128.2', 'end': '192.168.128.14'}], 'host_routes': [], 'dns_nameservers': [], 'description': '', 'router:external': False, 'service_types': [], 'tags': [], 'created_at': '2025-11-22T02:34:32Z', 'updated_at': '2025-11-22T02:34:32Z', 'revision_number': 0, 'project_id': '565ab990ed1744be958c5bfa84348ddd'}, Router: {'id': '1bec076e-d846-4566-a413-7b33387c61fd', 'name': 'tempest-ServersTestFqdnHostnames-785633800-router', 'tenant_id': '565ab990ed1744be958c5bfa84348ddd', 'admin_state_up': True, 'status': 'ACTIVE', 'external_gateway_info': {'network_id': 'f3d415e3-46a8-42f5-a3f4-46d2ded0c70b', 'external_fixed_ips': [{'subnet_id': '8e5e03e4-ea7d-44b3-9f7e-a98d5e66d8d3', 'ip_address': '10.180.180.198'}], 'enable_snat': True}, 'description': '', 'availability_zones': [], 'distributed': False, 'ha': False, 'availability_zone_hints': [], 'routes': [], 'flavor_id': None, 'tags': [], 'created_at': '2025-11-22T02:34:32Z', 'updated_at': '2025-11-22T02:34:32Z', 'revision_number': 2, 'project_id': '565ab990ed1744be958c5bfa84348ddd'}
2025-11-22 02:34:34.177 66764 INFO tempest.lib.common.rest_client [req-6e05e3f2-ab74-4b8f-9e81-91dfe4f7f089 req-6e05e3f2-ab74-4b8f-9e81-91dfe4f7f089 ] Request (SecurityGroupsTestJSON:tearDownClass): 200 GET http://10.180.1.21/compute/v2.1/servers/017ce0fb-0029-4462-8e6c-6d4aed86a379 1.242s
2025-11-22 02:34:34.187 66764 INFO tempest.common.waiters [-] State transition "ACTIVE/deleting" ==> "DELETED/None" after 6 second wait
2025-11-22 02:34:34.188 66761 INFO tempest.lib.common.rest_client [req-bf25f4ab-342d-40c1-80a8-4840f76c1ff7 req-bf25f4ab-342d-40c1-80a8-4840f76c1ff7 ] Request (AttachVolumeShelveTestJSON:test_attach_volume_shelved_or_offload_server): 200 GET http://10.180.1.21/compute/v2.1/servers/5b07e7ea-8f5e-463d-8318-2f4f56779416 1.600s
2025-11-22 02:34:34.252 66731 INFO tempest.lib.common.rest_client [req-86d3e930-03c3-430c-a1fe-8b5be257cd7d req-86d3e930-03c3-430c-a1fe-8b5be257cd7d ] Request (ServerActionsTestJSON:setUpClass): 200 GET http://10.180.1.21/compute/v2.1/servers/a34f7214-d457-4842-8772-bd8f75c9988e 0.826s
2025-11-22 02:34:34.253 66751 INFO tempest.lib.common.rest_client [req-4679dfc7-6a48-4667-aea3-82fe713d9907 req-4679dfc7-6a48-4667-aea3-82fe713d9907 ] Request (ServersTestFqdnHostnames:setUpClass): 201 POST http://10.180.1.21/identity/v3/auth/tokens 0.101s
2025-11-22 02:34:34.256 66735 INFO tempest.lib.common.rest_client [req-38808f87-2604-4855-aff4-b74de27d28b1 req-38808f87-2604-4855-aff4-b74de27d28b1 ] Request (ListServerFiltersTestJSON:tearDownClass): 200 GET http://10.180.1.21/compute/v2.1/servers/43169281-3e54-40f1-979f-14fd5ad74362 1.304s
