2025-11-22 02:34:05.812 66735 INFO tempest.lib.common.rest_client [req-89229a0e-883b-4f13-9dc9-7a5458c397e4 req-89229a0e-883b-4f13-9dc9-7a5458c397e4 ] Request (ListServerFiltersTestJSON:tearDownClass): 200 GET http://10.180.1.21/compute/v2.1/servers/81fa0d60-92cb-4fe6-8d72-906b867a4d6b 0.882s
2025-11-22 02:34:05.834 66749 INFO tempest.lib.common.rest_client [req-bba13035-4354-4ede-bd0e-987cab976198 req-bba13035-4354-4ede-bd0e-987cab976198 ] Request (ServersTestMultiNic:_run_cleanups): 204 DELETE http://10.180.1.21/networking/v2.0/networks/fd41c420-b26e-4a1d-9766-3ed80a98069d 0.365s
2025-11-22 02:34:05.989 66761 INFO tempest.lib.common.rest_client [req-07a423ca-94b8-43e6-8119-7e75becfee2e req-07a423ca-94b8-43e6-8119-7e75becfee2e ] Request (AttachVolumeShelveTestJSON:test_attach_volume_shelved_or_offload_server): 200 GET http://10.180.1.21/compute/v2.1/servers/5b07e7ea-8f5e-463d-8318-2f4f56779416 1.031s
2025-11-22 02:34:06.001 66749 INFO tempest.lib.common.rest_client [req-90974e96-0fb9-4711-a882-bb77298a1179 req-90974e96-0fb9-4711-a882-bb77298a1179 ] Request (ServersTestMultiNic:_run_cleanups): 204 DELETE http://10.180.1.21/networking/v2.0/subnets/fdc2ee94-5ba9-4dd0-8a65-f651c5986480 0.167s
2025-11-22 02:34:06.231 66729 INFO tempest.lib.common.rest_client [req-38378ac4-12b5-4049-ba3b-7bd6b319e4f8 req-38378ac4-12b5-4049-ba3b-7bd6b319e4f8 ] Request (ImagesTestJSON:test_create_server_from_snapshot): 202 POST http://10.180.1.21/compute/v2.1/servers/26ab4636-b016-4014-8cc8-9d1d7dc58202/action 1.585s
2025-11-22 02:34:06.321 66749 INFO tempest.lib.common.rest_client [req-d6c3e19e-e059-409b-85c9-3c6161192e8d req-d6c3e19e-e059-409b-85c9-3c6161192e8d ] Request (ServersTestMultiNic:_run_cleanups): 204 DELETE http://10.180.1.21/networking/v2.0/networks/3c7373ac-9381-4b76-9be0-5195f3314773 0.319s
2025-11-22 02:34:06.339 66747 INFO tempest.lib.common.rest_client [req-65afba90-4b31-4363-b1ef-0d7e34597fa7 req-65afba90-4b31-4363-b1ef-0d7e34597fa7 ] Request (ServersAdminNegativeTestJSON:test_migrate_server_invalid_state): 202 POST http://10.180.1.21/compute/v2.1/servers/f74394e4-9574-432f-aab7-a7f1a57b01b1/action 0.883s
2025-11-22 02:34:06.469 66745 INFO tempest.lib.common.rest_client [req-7f31f148-4e2d-4c67-80ed-d8f03e0a8190 req-7f31f148-4e2d-4c67-80ed-d8f03e0a8190 ] Request (MigrationsAdminTest:test_resize_server_revert_deleted_flavor): 200 GET http://10.180.1.21/compute/v2.1/servers/c67cc974-b928-4421-9138-bcf19d91ffdd 0.661s
2025-11-22 02:34:06.537 66777 INFO tempest.lib.common.rest_client [req-ab679628-7494-4676-99f6-bb1cfe7afc9f req-ab679628-7494-4676-99f6-bb1cfe7afc9f ] Request (ServerExternalEventsTest:test_create_server_external_events): 200 GET http://10.180.1.21/compute/v2.1/servers/e8f0ee1c-7a30-4668-898f-d03aa316f3c3 0.660s
2025-11-22 02:34:06.585 66731 INFO tempest.lib.common.rest_client [req-d0ec4317-4288-42e6-9b90-a6b644cfa079 req-d0ec4317-4288-42e6-9b90-a6b644cfa079 ] Request (ServerActionsTestJSON:setUpClass): 202 POST http://10.180.1.21/compute/v2.1/servers 1.303s
2025-11-22 02:34:06.639 66787 INFO tempest.lib.common.rest_client [req-9967e027-186c-4b47-a1c2-e5262be49f93 req-9967e027-186c-4b47-a1c2-e5262be49f93 ] Request (AttachInterfacesUnderV243Test:_run_cleanups): 200 GET http://10.180.1.21/compute/v2.1/servers/39cf8f4e-b9e6-4be4-ae4c-477a30caa863 0.676s
2025-11-22 02:34:06.673 66753 INFO tempest.lib.common.rest_client [req-b330c2ce-3e02-425a-87c3-ade520d1d88d req-b330c2ce-3e02-425a-87c3-ade520d1d88d ] Request (ServersNegativeTestMultiTenantJSON:tearDownClass): 200 GET http://10.180.1.21/compute/v2.1/servers/17aa261a-e0b4-459c-8cd6-001432d5578c 0.674s
2025-11-22 02:34:06.681 66753 INFO tempest.common.waiters [-] State transition "ACTIVE/deleting" ==> "DELETED/None" after 4 second wait
2025-11-22 02:34:06.697 66775 INFO tempest.lib.common.rest_client [req-6a74cab1-4733-4323-812c-998e8c5c8f67 req-6a74cab1-4733-4323-812c-998e8c5c8f67 ] Request (ServerShowV247Test:tearDownClass): 404 GET http://10.180.1.21/compute/v2.1/servers/4ecbd9df-c719-403c-9044-106a88aba881 0.616s
2025-11-22 02:34:06.709 66767 INFO tempest.lib.common.rest_client [req-8c47115e-3612-4d8c-9e82-e7ff1b36d7f6 req-8c47115e-3612-4d8c-9e82-e7ff1b36d7f6 ] Request (ServersWithSpecificFlavorTestJSON:test_verify_created_server_ephemeral_disk): 200 GET http://10.180.1.21/compute/v2.1/servers/7cf6ddd6-5555-4935-a614-345f14c1e54b 0.690s
2025-11-22 02:34:06.778 66741 INFO tempest.lib.common.rest_client [req-97cdb307-4ba1-41ee-afd9-b13822c3263e req-97cdb307-4ba1-41ee-afd9-b13822c3263e ] Request (InstanceActionsV221TestJSON:test_get_list_deleted_instance_actions): 200 GET http://10.180.1.21/compute/v2.1/servers/e0903771-596a-4f08-b0da-e957745193f7 0.656s
2025-11-22 02:34:06.785 66764 INFO tempest.lib.common.rest_client [req-07429490-936c-4ffe-91d0-9c938ca9782d req-07429490-936c-4ffe-91d0-9c938ca9782d ] Request (SecurityGroupsTestJSON:test_server_security_groups): 200 GET http://10.180.1.21/compute/v2.1/servers/63ab6bdd-6477-4d76-85c4-d5cad5d6ce97 0.608s
2025-11-22 02:34:06.827 66729 INFO tempest.lib.common.rest_client [req-f9f31c38-dfc0-429b-9432-33955954f8ee req-f9f31c38-dfc0-429b-9432-33955954f8ee ] Request (ImagesTestJSON:test_create_server_from_snapshot): 200 GET http://10.180.1.21/compute/v2.1/images/f123dd4b-5550-4520-8e00-3eb64a230534 0.594s
2025-11-22 02:34:06.849 66751 INFO tempest.lib.common.rest_client [req-a027c83a-892b-4a81-bd27-7dc956b8a6e4 req-a027c83a-892b-4a81-bd27-7dc956b8a6e4 ] Request (ImagesNegativeTestJSON:test_create_image_from_deleted_server): 200 GET http://10.180.1.21/compute/v2.1/servers/9751f0d8-1396-476b-997c-9d0a6071b5f5 0.645s
2025-11-22 02:34:06.871 66749 INFO tempest.lib.common.rest_client [req-3e34e4a4-391b-4898-8670-f4f6547d7cdb req-3e34e4a4-391b-4898-8670-f4f6547d7cdb ] Request (ServersTestMultiNic:tearDownClass): 404 DELETE http://10.180.1.21/compute/v2.1/servers/e6d77ee7-e7a4-4541-8331-45ffc12a298a 0.548s
2025-11-22 02:34:06.887 66743 INFO tempest.lib.common.rest_client [req-f939541f-b43b-40ac-934e-cceac279b8ac req-f939541f-b43b-40ac-934e-cceac279b8ac ] Request (ServerActionsV293TestJSON:setUpClass): 200 GET http://10.180.1.21/compute/v2.1/servers/3a8eeb2d-10eb-41a1-9c86-9b62a20feb23 0.605s
2025-11-22 02:34:07.034 66773 INFO tempest.lib.common.rest_client [req-cbadc4b3-3fd8-4d90-8aac-6ca5b59b2f44 req-cbadc4b3-3fd8-4d90-8aac-6ca5b59b2f44 ] Request (ImagesOneServerNegativeTestJSON:tearDown): 200 GET http://10.180.1.21/compute/v2.1/servers/c6c27808-21ad-458b-b272-7dbdb287ba9f 0.710s
2025-11-22 02:34:07.043 66773 INFO tempest.common.waiters [-] State transition "ACTIVE/image_uploading" ==> "ACTIVE/None" after 7 second wait
2025-11-22 02:34:07.110 66771 INFO tempest.lib.common.rest_client [req-79330082-17be-405f-a124-c322a2af9176 req-79330082-17be-405f-a124-c322a2af9176 ] Request (ServerRescueTestJSONUnderV235:setUpClass): 200 GET http://10.180.1.21/compute/v2.1/servers/1e757ef4-0093-4c90-9264-9231d326a663 0.697s
2025-11-22 02:34:07.137 66747 INFO tempest.lib.common.rest_client [req-fd22ec1e-ac7a-4484-be52-46531ff492b1 req-fd22ec1e-ac7a-4484-be52-46531ff492b1 ] Request (ServersAdminNegativeTestJSON:test_migrate_server_invalid_state): 200 GET http://10.180.1.21/compute/v2.1/servers/f74394e4-9574-432f-aab7-a7f1a57b01b1 0.797s
2025-11-22 02:34:07.196 66731 INFO tempest.lib.common.rest_client [req-424b3b36-38cc-47ac-b468-323cd6f355b3 req-424b3b36-38cc-47ac-b468-323cd6f355b3 ] Request (ServerActionsTestJSON:setUpClass): 200 GET http://10.180.1.21/compute/v2.1/servers/a34f7214-d457-4842-8772-bd8f75c9988e 0.610s
2025-11-22 02:34:07.286 66737 INFO tempest.lib.common.rest_client [req-c9e6968e-01b7-4095-bf68-f25a2c9ba2d9 req-c9e6968e-01b7-4095-bf68-f25a2c9ba2d9 ] Request (ImagesOneServerTestJSON:setUpClass): 200 GET http://10.180.1.21/compute/v2.1/servers/4fccae79-aae1-49af-85f4-f103e81931b1 0.712s
2025-11-22 02:34:07.332 66783 INFO tempest.lib.common.rest_client [req-afb62abf-0e0e-43b2-b3be-e008a7d4b386 req-afb62abf-0e0e-43b2-b3be-e008a7d4b386 ] Request (ServersAdminTestJSON:_run_cleanups): 200 GET http://10.180.1.21/compute/v2.1/servers/a6edeec9-3add-4f63-aed4-515f8b0b8b84 0.734s
2025-11-22 02:34:07.341 66783 INFO tempest.common.waiters [-] State transition "REBUILD/rebuild_spawning" ==> "ACTIVE/None" after 10 second wait
2025-11-22 02:34:07.355 66759 INFO tempest.lib.common.rest_client [req-604bdd07-292d-40c4-9906-b6d5b2790a98 req-604bdd07-292d-40c4-9906-b6d5b2790a98 ] Request (ServersTestManualDisk:tearDownClass): 200 GET http://10.180.1.21/compute/v2.1/servers/0ad75889-46be-44eb-bb57-024346941623 0.705s
2025-11-22 02:34:07.408 66775 INFO tempest.lib.common.rest_client [req-d513af32-231e-4577-ba89-ef2fcf2d617c req-d513af32-231e-4577-ba89-ef2fcf2d617c ] Request (ServerShowV247Test:tearDownClass): 204 DELETE http://10.180.1.21/compute/v2.1/servers/37a78e0e-fe63-4561-bb1c-a9ffee9c010c 0.710s
2025-11-22 02:34:07.414 66739 INFO tempest.lib.common.rest_client [req-162ba689-9065-432e-8881-5cf9f3cfbaf7 req-162ba689-9065-432e-8881-5cf9f3cfbaf7 ] Request (ServerActionsTestOtherA:test_rebuild_server_with_volume_attached): 200 GET http://10.180.1.21/compute/v2.1/servers/7e73f067-d408-4916-acb0-d8dafde03930 0.680s
2025-11-22 02:34:07.422 66739 INFO tempest.common.waiters [-] State transition "BUILD/scheduling" ==> "BUILD/None" after 2 second wait
2025-11-22 02:34:07.437 66749 INFO tempest.lib.common.rest_client [req-888de734-6232-4f34-bb17-7b8c5885f7d6 req-888de734-6232-4f34-bb17-7b8c5885f7d6 ] Request (ServersTestMultiNic:tearDownClass): 404 GET http://10.180.1.21/compute/v2.1/servers/e6d77ee7-e7a4-4541-8331-45ffc12a298a 0.565s
2025-11-22 02:34:07.468 66735 INFO tempest.lib.common.rest_client [req-c3bddb35-a759-4964-8101-42f3ccefce8e req-c3bddb35-a759-4964-8101-42f3ccefce8e ] Request (ListServerFiltersTestJSON:tearDownClass): 200 GET http://10.180.1.21/compute/v2.1/servers/81fa0d60-92cb-4fe6-8d72-906b867a4d6b 0.646s
2025-11-22 02:34:07.547 66773 INFO tempest.lib.common.rest_client [req-3a4d0384-3e12-4fba-9979-9f59eec0973e req-3a4d0384-3e12-4fba-9979-9f59eec0973e ] Request (ImagesOneServerNegativeTestJSON:_run_cleanups): 204 DELETE http://10.180.1.21/compute/v2.1/servers/c6c27808-21ad-458b-b272-7dbdb287ba9f 0.503s
2025-11-22 02:34:07.583 66761 INFO tempest.lib.common.rest_client [req-fb4d4211-6d36-41b3-8566-e7d069c79c7e req-fb4d4211-6d36-41b3-8566-e7d069c79c7e ] Request (AttachVolumeShelveTestJSON:test_attach_volume_shelved_or_offload_server): 200 GET http://10.180.1.21/compute/v2.1/servers/5b07e7ea-8f5e-463d-8318-2f4f56779416 0.570s
2025-11-22 02:34:07.604 66783 INFO tempest.lib.common.rest_client [req-c7f2f1b6-b42c-4c63-9994-2700206310f4 req-c7f2f1b6-b42c-4c63-9994-2700206310f4 ] Request (ServersAdminTestJSON:test_reset_state_server): 202 POST http://10.180.1.21/compute/v2.1/servers/a6edeec9-3add-4f63-aed4-515f8b0b8b84/action 0.261s
2025-11-22 02:34:07.623 66749 INFO tempest.lib.common.rest_client [req-66957b45-069d-4084-a8cf-a3fd198da3ab req-66957b45-069d-4084-a8cf-a3fd198da3ab ] Request (ServersTestMultiNic:tearDownClass): 404 DELETE http://10.180.1.21/compute/v2.1/servers/9ecbaea6-0ae0-4a44-9c78-b36a22c767f6 0.185s
2025-11-22 02:34:07.644 66775 INFO tempest.lib.common.rest_client [req-318d32a9-e508-40e4-9a8a-5a4ba8354061 req-318d32a9-e508-40e4-9a8a-5a4ba8354061 ] Request (ServerShowV247Test:tearDownClass): 200 GET http://10.180.1.21/compute/v2.1/servers/37a78e0e-fe63-4561-bb1c-a9ffee9c010c 0.236s
2025-11-22 02:34:07.697 66777 INFO tempest.lib.common.rest_client [req-13f50608-a5e8-44c4-b603-b5463f0d0036 req-13f50608-a5e8-44c4-b603-b5463f0d0036 ] Request (ServerExternalEventsTest:test_create_server_external_events): 200 GET http://10.180.1.21/compute/v2.1/servers/e8f0ee1c-7a30-4668-898f-d03aa316f3c3 0.150s
2025-11-22 02:34:07.718 66745 INFO tempest.lib.common.rest_client [req-1b9de7cc-f5b4-4f0b-a2b1-afe6ab95b829 req-1b9de7cc-f5b4-4f0b-a2b1-afe6ab95b829 ] Request (MigrationsAdminTest:test_resize_server_revert_deleted_flavor): 200 GET http://10.180.1.21/compute/v2.1/servers/c67cc974-b928-4421-9138-bcf19d91ffdd 0.239s
2025-11-22 02:34:07.791 66773 INFO tempest.lib.common.rest_client [req-470bda2d-e2ac-451f-9839-91342b920c0f req-470bda2d-e2ac-451f-9839-91342b920c0f ] Request (ImagesOneServerNegativeTestJSON:_run_cleanups): 200 GET http://10.180.1.21/compute/v2.1/servers/c6c27808-21ad-458b-b272-7dbdb287ba9f 0.243s
2025-11-22 02:34:07.814 66749 INFO tempest.lib.common.rest_client [req-09dc6f22-2eb0-4c74-867e-39de778b43c7 req-09dc6f22-2eb0-4c74-867e-39de778b43c7 ] Request (ServersTestMultiNic:tearDownClass): 404 GET http://10.180.1.21/compute/v2.1/servers/9ecbaea6-0ae0-4a44-9c78-b36a22c767f6 0.191s
2025-11-22 02:34:07.824 66783 INFO tempest.lib.common.rest_client [req-eb8f7816-f514-4ffb-8976-dbfcf5303660 req-eb8f7816-f514-4ffb-8976-dbfcf5303660 ] Request (ServersAdminTestJSON:test_reset_state_server): 200 GET http://10.180.1.21/compute/v2.1/servers/a6edeec9-3add-4f63-aed4-515f8b0b8b84 0.220s
2025-11-22 02:34:07.891 66787 INFO tempest.lib.common.rest_client [req-b8524095-2d84-420f-b22a-a3ff629fe0be req-b8524095-2d84-420f-b22a-a3ff629fe0be ] Request (AttachInterfacesUnderV243Test:_run_cleanups): 200 GET http://10.180.1.21/compute/v2.1/servers/39cf8f4e-b9e6-4be4-ae4c-477a30caa863 0.244s
2025-11-22 02:34:07.908 66753 INFO tempest.lib.common.rest_client [req-62ae5088-866c-4748-b474-7320a32d922e req-62ae5088-866c-4748-b474-7320a32d922e ] Request (ServersNegativeTestMultiTenantJSON:tearDownClass): 200 GET http://10.180.1.21/compute/v2.1/servers/17aa261a-e0b4-459c-8cd6-001432d5578c 0.226s
2025-11-22 02:34:07.946 66767 INFO tempest.lib.common.rest_client [req-4e407346-3e62-4ac6-872f-8c50f7438af6 req-4e407346-3e62-4ac6-872f-8c50f7438af6 ] Request (ServersWithSpecificFlavorTestJSON:test_verify_created_server_ephemeral_disk): 200 GET http://10.180.1.21/compute/v2.1/servers/7cf6ddd6-5555-4935-a614-345f14c1e54b 0.224s
2025-11-22 02:34:07.969 66741 INFO tempest.lib.common.rest_client [req-8fa38568-b572-470e-9768-4798b93b4d23 req-8fa38568-b572-470e-9768-4798b93b4d23 ] Request (InstanceActionsV221TestJSON:test_get_list_deleted_instance_actions): 200 GET http://10.180.1.21/compute/v2.1/servers/e0903771-596a-4f08-b0da-e957745193f7 0.177s
2025-11-22 02:34:08.001 66764 INFO tempest.lib.common.rest_client [req-de0aaef7-98e0-43ea-9540-a18b922abfac req-de0aaef7-98e0-43ea-9540-a18b922abfac ] Request (SecurityGroupsTestJSON:test_server_security_groups): 200 GET http://10.180.1.21/compute/v2.1/servers/63ab6bdd-6477-4d76-85c4-d5cad5d6ce97 0.206s
2025-11-22 02:34:08.019 66783 INFO tempest.lib.common.rest_client [req-953aee6c-0a01-46ed-aa4b-90d0ea978590 req-953aee6c-0a01-46ed-aa4b-90d0ea978590 ] Request (ServersAdminTestJSON:test_reset_state_server): 202 POST http://10.180.1.21/compute/v2.1/servers/a6edeec9-3add-4f63-aed4-515f8b0b8b84/action 0.188s
2025-11-22 02:34:08.036 66729 INFO tempest.lib.common.rest_client [req-990ec836-be52-4885-a102-97ce936e95a6 req-990ec836-be52-4885-a102-97ce936e95a6 ] Request (ImagesTestJSON:test_create_server_from_snapshot): 200 GET http://10.180.1.21/compute/v2.1/images/f123dd4b-5550-4520-8e00-3eb64a230534 0.203s
2025-11-22 02:34:08.081 66751 INFO tempest.lib.common.rest_client [req-ab415e66-9ff2-4e1a-b036-5f6a82a693eb req-ab415e66-9ff2-4e1a-b036-5f6a82a693eb ] Request (ImagesNegativeTestJSON:test_create_image_from_deleted_server): 200 GET http://10.180.1.21/compute/v2.1/servers/9751f0d8-1396-476b-997c-9d0a6071b5f5 0.223s
2025-11-22 02:34:08.104 66743 INFO tempest.lib.common.rest_client [req-f628e9a3-3cae-49f6-89ee-a71a744d1c0c req-f628e9a3-3cae-49f6-89ee-a71a744d1c0c ] Request (ServerActionsV293TestJSON:setUpClass): 200 GET http://10.180.1.21/compute/v2.1/servers/3a8eeb2d-10eb-41a1-9c86-9b62a20feb23 0.203s
2025-11-22 02:34:08.193 66783 INFO tempest.lib.common.rest_client [req-49bc0ae5-ffd3-4256-a463-1e3ab9f7b1be req-49bc0ae5-ffd3-4256-a463-1e3ab9f7b1be ] Request (ServersAdminTestJSON:test_reset_state_server): 200 GET http://10.180.1.21/compute/v2.1/servers/a6edeec9-3add-4f63-aed4-515f8b0b8b84 0.173s
2025-11-22 02:34:08.203 66771 INFO tempest.lib.common.rest_client [req-351310b4-8e8d-4201-95d0-c98e09f314d0 req-351310b4-8e8d-4201-95d0-c98e09f314d0 ] Request (ServerRescueTestJSONUnderV235:setUpClass): 200 GET http://10.180.1.21/compute/v2.1/servers/1e757ef4-0093-4c90-9264-9231d326a663 0.086s
2025-11-22 02:34:08.285 66783 INFO tempest.lib.common.rest_client [req-daf259ac-0a7d-424f-bcfc-64509765d9c6 req-daf259ac-0a7d-424f-bcfc-64509765d9c6 ] Request (ServersAdminTestJSON:tearDownClass): 204 DELETE http://10.180.1.21/compute/v2.1/servers/8149884c-96d1-48cd-8cab-60cce093191d 0.080s
2025-11-22 02:34:08.288 66747 INFO tempest.lib.common.rest_client [req-37c9e488-03c6-437f-ba93-4d74484453ab req-37c9e488-03c6-437f-ba93-4d74484453ab ] Request (ServersAdminNegativeTestJSON:test_migrate_server_invalid_state): 200 GET http://10.180.1.21/compute/v2.1/servers/f74394e4-9574-432f-aab7-a7f1a57b01b1 0.142s
2025-11-22 02:34:08.295 66747 INFO tempest.common.waiters [-] State transition "ACTIVE/suspending" ==> "SUSPENDED/None" after 1 second wait
2025-11-22 02:34:08.415 66731 INFO tempest.lib.common.rest_client [req-5d75620e-7c36-422c-a22c-a25821d37e35 req-5d75620e-7c36-422c-a22c-a25821d37e35 ] Request (ServerActionsTestJSON:setUpClass): 200 GET http://10.180.1.21/compute/v2.1/servers/a34f7214-d457-4842-8772-bd8f75c9988e 0.211s
2025-11-22 02:34:08.424 66731 INFO tempest.common.waiters [-] State transition "BUILD/scheduling" ==> "BUILD/None" after 1 second wait
2025-11-22 02:34:08.476 66783 INFO tempest.lib.common.rest_client [req-e982d2ea-6acc-4d8e-a828-c5d312281806 req-e982d2ea-6acc-4d8e-a828-c5d312281806 ] Request (ServersAdminTestJSON:tearDownClass): 200 GET http://10.180.1.21/compute/v2.1/servers/8149884c-96d1-48cd-8cab-60cce093191d 0.191s
2025-11-22 02:34:08.587 66749 INFO tempest.lib.common.rest_client [req-9abbdf48-9f30-45c9-869f-4abd1c3ad3e5 req-9abbdf48-9f30-45c9-869f-4abd1c3ad3e5 ] Request (ServersTestMultiNic:tearDownClass): 200 PUT http://10.180.1.21/networking/v2.0/routers/bcdeaaaa-efe9-4c12-bc9d-7750b1b0c9b3/remove_router_interface 0.773s
2025-11-22 02:34:08.600 66747 INFO tempest.lib.common.rest_client [req-de434527-2b12-4712-bda7-9f8f5d41d1a7 req-de434527-2b12-4712-bda7-9f8f5d41d1a7 ] Request (ServersAdminNegativeTestJSON:test_migrate_server_invalid_state): 409 POST http://10.180.1.21/compute/v2.1/servers/f74394e4-9574-432f-aab7-a7f1a57b01b1/action 0.305s
2025-11-22 02:34:08.638 66737 INFO tempest.lib.common.rest_client [req-439cb033-097e-438d-9358-c7906da4392e req-439cb033-097e-438d-9358-c7906da4392e ] Request (ImagesOneServerTestJSON:setUpClass): 200 GET http://10.180.1.21/compute/v2.1/servers/4fccae79-aae1-49af-85f4-f103e81931b1 0.342s
2025-11-22 02:34:08.669 66789 WARNING tempest.lib.common.ssh [-] Failed to establish authenticated ssh connection to cirros@10.180.180.183 ([Errno None] Unable to connect to port 22 on 10.180.180.183). Number attempts: 4. Retry after 5 seconds.: paramiko.ssh_exception.NoValidConnectionsError: [Errno None] Unable to connect to port 22 on 10.180.180.183
2025-11-22 02:34:08.731 66759 INFO tempest.lib.common.rest_client [req-420aebd2-cd61-4ab4-85fa-03464f1205cd req-420aebd2-cd61-4ab4-85fa-03464f1205cd ] Request (ServersTestManualDisk:tearDownClass): 200 GET http://10.180.1.21/compute/v2.1/servers/0ad75889-46be-44eb-bb57-024346941623 0.369s
2025-11-22 02:34:08.745 66739 INFO tempest.lib.common.rest_client [req-07174675-4e8c-40a0-968e-b940d4b1c070 req-07174675-4e8c-40a0-968e-b940d4b1c070 ] Request (ServerActionsTestOtherA:test_rebuild_server_with_volume_attached): 200 GET http://10.180.1.21/compute/v2.1/servers/7e73f067-d408-4916-acb0-d8dafde03930 0.322s
2025-11-22 02:34:08.766 66735 INFO tempest.lib.common.rest_client [req-74217e52-1e82-4490-b1d7-2940952a0aba req-74217e52-1e82-4490-b1d7-2940952a0aba ] Request (ListServerFiltersTestJSON:tearDownClass): 404 GET http://10.180.1.21/compute/v2.1/servers/81fa0d60-92cb-4fe6-8d72-906b867a4d6b 0.290s
2025-11-22 02:34:08.773 66747 INFO tempest.lib.common.rest_client [req-ff7afc5e-fe98-4151-b420-592800f98dca req-ff7afc5e-fe98-4151-b420-592800f98dca ] Request (ServersAdminNegativeTestJSON:test_reset_state_server_invalid_state): 400 POST http://10.180.1.21/compute/v2.1/servers/34e3f818-6b62-44b0-bc25-c0c07369d48d/action 0.171s
2025-11-22 02:34:08.883 66775 INFO tempest.lib.common.rest_client [req-8d8e5104-9ba0-49a9-9def-ed416d84271a req-8d8e5104-9ba0-49a9-9def-ed416d84271a ] Request (ServerShowV247Test:tearDownClass): 200 GET http://10.180.1.21/compute/v2.1/servers/37a78e0e-fe63-4561-bb1c-a9ffee9c010c 0.230s
2025-11-22 02:34:08.912 66761 INFO tempest.lib.common.rest_client [req-c66bbed8-590b-4ee8-8c60-61344188608c req-c66bbed8-590b-4ee8-8c60-61344188608c ] Request (AttachVolumeShelveTestJSON:test_attach_volume_shelved_or_offload_server): 200 GET http://10.180.1.21/compute/v2.1/servers/5b07e7ea-8f5e-463d-8318-2f4f56779416 0.319s
2025-11-22 02:34:08.965 66777 INFO tempest.lib.common.rest_client [req-7dbf269c-6267-4761-8316-c671cf4b8241 req-7dbf269c-6267-4761-8316-c671cf4b8241 ] Request (ServerExternalEventsTest:test_create_server_external_events): 200 GET http://10.180.1.21/compute/v2.1/servers/e8f0ee1c-7a30-4668-898f-d03aa316f3c3 0.260s
2025-11-22 02:34:09.054 66735 INFO tempest.lib.common.rest_client [req-2676228f-7a9d-40d0-b25c-9fe86da5fba2 req-2676228f-7a9d-40d0-b25c-9fe86da5fba2 ] Request (ListServerFiltersTestJSON:tearDownClass): 204 DELETE http://10.180.1.21/compute/v2.1/servers/43169281-3e54-40f1-979f-14fd5ad74362 0.287s
2025-11-22 02:34:09.065 66747 INFO tempest.lib.common.rest_client [req-9486055a-4d5f-47c4-9641-4d4eab737edc req-9486055a-4d5f-47c4-9641-4d4eab737edc ] Request (ServersAdminNegativeTestJSON:test_reset_state_server_invalid_type): 400 POST http://10.180.1.21/compute/v2.1/servers/34e3f818-6b62-44b0-bc25-c0c07369d48d/action 0.291s
2025-11-22 02:34:09.099 66749 INFO tempest.lib.common.rest_client [req-5a50d0f0-6265-4b77-b4a2-1e00a7c62126 req-5a50d0f0-6265-4b77-b4a2-1e00a7c62126 ] Request (ServersTestMultiNic:tearDownClass): 204 DELETE http://10.180.1.21/networking/v2.0/routers/bcdeaaaa-efe9-4c12-bc9d-7750b1b0c9b3 0.511s
2025-11-22 02:34:09.371 66749 INFO tempest.lib.common.rest_client [req-2f3513db-fad2-4ce8-bae8-00938cf5270a req-2f3513db-fad2-4ce8-bae8-00938cf5270a ] Request (ServersTestMultiNic:tearDownClass): 204 DELETE http://10.180.1.21/networking/v2.0/subnets/b51eda4b-eed7-4bb9-8964-d45aca44a0bf 0.271s
2025-11-22 02:34:09.425 66773 INFO tempest.lib.common.rest_client [req-2ae74740-d0cb-41a3-9847-11270eb3cf4a req-2ae74740-d0cb-41a3-9847-11270eb3cf4a ] Request (ImagesOneServerNegativeTestJSON:_run_cleanups): 200 GET http://10.180.1.21/compute/v2.1/servers/c6c27808-21ad-458b-b272-7dbdb287ba9f 0.626s
2025-11-22 02:34:09.616 66745 INFO tempest.lib.common.rest_client [req-69eece5b-69d4-4a33-8cff-1ac6aa9c16c1 req-69eece5b-69d4-4a33-8cff-1ac6aa9c16c1 ] Request (MigrationsAdminTest:test_resize_server_revert_deleted_flavor): 200 GET http://10.180.1.21/compute/v2.1/servers/c67cc974-b928-4421-9138-bcf19d91ffdd 0.890s
2025-11-22 02:34:09.628 66787 INFO tempest.lib.common.rest_client [req-284404d5-eaa7-4787-bab7-559b406e1527 req-284404d5-eaa7-4787-bab7-559b406e1527 ] Request (AttachInterfacesUnderV243Test:_run_cleanups): 200 GET http://10.180.1.21/compute/v2.1/servers/39cf8f4e-b9e6-4be4-ae4c-477a30caa863 0.730s
2025-11-22 02:34:09.686 66753 INFO tempest.lib.common.rest_client [req-96d5c312-cfbd-4634-8ad2-843eba0e8a9f req-96d5c312-cfbd-4634-8ad2-843eba0e8a9f ] Request (ServersNegativeTestMultiTenantJSON:tearDownClass): 200 GET http://10.180.1.21/compute/v2.1/servers/17aa261a-e0b4-459c-8cd6-001432d5578c 0.769s
2025-11-22 02:34:09.707 66767 INFO tempest.lib.common.rest_client [req-52602f38-686c-432c-8f88-2bd69978b978 req-52602f38-686c-432c-8f88-2bd69978b978 ] Request (ServersWithSpecificFlavorTestJSON:test_verify_created_server_ephemeral_disk): 200 GET http://10.180.1.21/compute/v2.1/servers/7cf6ddd6-5555-4935-a614-345f14c1e54b 0.752s
2025-11-22 02:34:09.732 66749 INFO tempest.lib.common.rest_client [req-18721755-1450-4e06-8f11-ce700a1c6592 req-18721755-1450-4e06-8f11-ce700a1c6592 ] Request (ServersTestMultiNic:tearDownClass): 204 DELETE http://10.180.1.21/networking/v2.0/networks/e86679e6-e2ad-4454-8f4b-1ca1a109dc53 0.361s
2025-11-22 02:34:09.783 66741 INFO tempest.lib.common.rest_client [req-d0d5196f-ac35-40c5-8cb9-ff7631449fd3 req-d0d5196f-ac35-40c5-8cb9-ff7631449fd3 ] Request (InstanceActionsV221TestJSON:test_get_list_deleted_instance_actions): 200 GET http://10.180.1.21/compute/v2.1/servers/e0903771-596a-4f08-b0da-e957745193f7 0.804s
2025-11-22 02:34:09.790 66764 INFO tempest.lib.common.rest_client [req-a4a9a6bc-8be7-4c9b-9d89-f365209ff83b req-a4a9a6bc-8be7-4c9b-9d89-f365209ff83b ] Request (SecurityGroupsTestJSON:test_server_security_groups): 200 GET http://10.180.1.21/compute/v2.1/servers/63ab6bdd-6477-4d76-85c4-d5cad5d6ce97 0.782s
2025-11-22 02:34:09.821 66729 INFO tempest.lib.common.rest_client [req-b289323f-2f64-4f9c-80a5-7e6d7cefc817 req-b289323f-2f64-4f9c-80a5-7e6d7cefc817 ] Request (ImagesTestJSON:test_create_server_from_snapshot): 200 GET http://10.180.1.21/compute/v2.1/images/f123dd4b-5550-4520-8e00-3eb64a230534 0.781s
2025-11-22 02:34:09.827 66747 INFO tempest.lib.common.rest_client [req-e2e903e0-1904-4931-8e3f-a9ed796bfcdc req-e2e903e0-1904-4931-8e3f-a9ed796bfcdc ] Request (ServersAdminNegativeTestJSON:test_reset_state_server_nonexistent_server): 404 POST http://10.180.1.21/compute/v2.1/servers/999/action 0.759s
2025-11-22 02:34:09.868 66749 INFO tempest.lib.common.rest_client [req-24829409-4143-41cc-870a-189c537cd2e0 req-24829409-4143-41cc-870a-189c537cd2e0 ] Request (ServersTestMultiNic:tearDownClass): 204 DELETE http://10.180.1.21/identity/v3/users/e7ddc0b1fd1e4519b4ad01045cc953e6 0.136s
2025-11-22 02:34:09.868 66749 INFO tempest.lib.common.dynamic_creds [-] Deleting project and security group for project: 61431bebd334472aa1267b35031de988
2025-11-22 02:34:09.925 66749 INFO tempest.lib.common.rest_client [req-e4889663-17d4-4f20-a575-41b136ab3341 req-e4889663-17d4-4f20-a575-41b136ab3341 ] Request (ServersTestMultiNic:tearDownClass): 200 GET http://10.180.1.21/networking/v2.0/security-groups?tenant_id=61431bebd334472aa1267b35031de988&name=default 0.056s
2025-11-22 02:34:09.949 66751 INFO tempest.lib.common.rest_client [req-c637b12b-af05-459a-a240-87254675fd0a req-c637b12b-af05-459a-a240-87254675fd0a ] Request (ImagesNegativeTestJSON:test_create_image_from_deleted_server): 200 GET http://10.180.1.21/compute/v2.1/servers/9751f0d8-1396-476b-997c-9d0a6071b5f5 0.860s
2025-11-22 02:34:09.973 66735 INFO tempest.lib.common.rest_client [req-f066d262-b1af-48d2-91bc-be81e130aaba req-f066d262-b1af-48d2-91bc-be81e130aaba ] Request (ListServerFiltersTestJSON:tearDownClass): 200 GET http://10.180.1.21/compute/v2.1/servers/43169281-3e54-40f1-979f-14fd5ad74362 0.918s
2025-11-22 02:34:10.067 66749 INFO tempest.lib.common.rest_client [req-2e980c67-c7cb-4847-a11e-35dac2dfe5c9 req-2e980c67-c7cb-4847-a11e-35dac2dfe5c9 ] Request (ServersTestMultiNic:tearDownClass): 204 DELETE http://10.180.1.21/networking/v2.0/security-groups/64957bc0-2496-43d3-8cbd-8653bab5f68b 0.142s
2025-11-22 02:34:10.116 66771 INFO tempest.lib.common.rest_client [req-5dfb7571-c309-414a-8efe-223d053758ad req-5dfb7571-c309-414a-8efe-223d053758ad ] Request (ServerRescueTestJSONUnderV235:setUpClass): 200 GET http://10.180.1.21/compute/v2.1/servers/1e757ef4-0093-4c90-9264-9231d326a663 0.904s
2025-11-22 02:34:10.119 66743 INFO tempest.lib.common.rest_client [req-e5db2d9d-68e6-439e-948c-8757800cd2c2 req-e5db2d9d-68e6-439e-948c-8757800cd2c2 ] Request (ServerActionsV293TestJSON:setUpClass): 200 GET http://10.180.1.21/compute/v2.1/servers/3a8eeb2d-10eb-41a1-9c86-9b62a20feb23 1.005s
2025-11-22 02:34:10.203 66731 INFO tempest.lib.common.rest_client [req-5d3939e1-3848-4197-8d96-ef4d4a78ec15 req-5d3939e1-3848-4197-8d96-ef4d4a78ec15 ] Request (ServerActionsTestJSON:setUpClass): 200 GET http://10.180.1.21/compute/v2.1/servers/a34f7214-d457-4842-8772-bd8f75c9988e 0.778s
2025-11-22 02:34:10.263 66749 INFO tempest.lib.common.rest_client [req-13d0e3af-b9ba-4c3f-a544-82e19d8a1b68 req-13d0e3af-b9ba-4c3f-a544-82e19d8a1b68 ] Request (ServersTestMultiNic:tearDownClass): 204 DELETE http://10.180.1.21/identity/v3/projects/61431bebd334472aa1267b35031de988 0.195s
2025-11-22 02:34:10.365 66783 INFO tempest.lib.common.rest_client [req-93b7b360-9c6f-4fec-8ece-606ed2199dd6 req-93b7b360-9c6f-4fec-8ece-606ed2199dd6 ] Request (ServersAdminTestJSON:tearDownClass): 200 GET http://10.180.1.21/compute/v2.1/servers/8149884c-96d1-48cd-8cab-60cce093191d 0.881s
2025-11-22 02:34:10.367 66749 INFO tempest.lib.common.rest_client [req-3cc3d3ba-dd15-42cc-9e74-dd5d21bda773 req-3cc3d3ba-dd15-42cc-9e74-dd5d21bda773 ] Request (DeleteServersTestJSON:setUpClass): 201 POST http://10.180.1.21/identity/v3/auth/tokens 0.102s
2025-11-22 02:34:10.377 66737 INFO tempest.lib.common.rest_client [req-8d692249-d819-44c2-90e9-b56938d2b85d req-8d692249-d819-44c2-90e9-b56938d2b85d ] Request (ImagesOneServerTestJSON:setUpClass): 200 GET http://10.180.1.21/compute/v2.1/servers/4fccae79-aae1-49af-85f4-f103e81931b1 0.731s
2025-11-22 02:34:10.423 66749 INFO tempest.lib.common.rest_client [req-378fc1ae-8cc4-44d2-8a61-f2c162926ef2 req-378fc1ae-8cc4-44d2-8a61-f2c162926ef2 ] Request (DeleteServersTestJSON:setUpClass): 201 POST http://10.180.1.21/identity/v3/auth/tokens 0.053s
2025-11-22 02:34:10.451 66739 INFO tempest.lib.common.rest_client [req-dc4c9b35-2b49-4a67-a4a4-7628ab977b31 req-dc4c9b35-2b49-4a67-a4a4-7628ab977b31 ] Request (ServerActionsTestOtherA:test_rebuild_server_with_volume_attached): 200 GET http://10.180.1.21/compute/v2.1/servers/7e73f067-d408-4916-acb0-d8dafde03930 0.693s
2025-11-22 02:34:10.459 66749 INFO tempest.lib.common.rest_client [req-0093a73e-3a48-4245-bb29-6be7798e7197 req-0093a73e-3a48-4245-bb29-6be7798e7197 ] Request (DeleteServersTestJSON:setUpClass): 200 GET http://10.180.1.21/identity/v3/domains?name=Default 0.036s
2025-11-22 02:34:10.467 66759 INFO tempest.lib.common.rest_client [req-a0996e7b-51c0-46a6-b92f-676c319b586a req-a0996e7b-51c0-46a6-b92f-676c319b586a ] Request (ServersTestManualDisk:tearDownClass): 200 GET http://10.180.1.21/compute/v2.1/servers/0ad75889-46be-44eb-bb57-024346941623 0.723s
2025-11-22 02:34:10.492 66749 INFO tempest.lib.common.rest_client [req-318b5403-ec38-413e-8a94-bb919f5fac65 req-318b5403-ec38-413e-8a94-bb919f5fac65 ] Request (DeleteServersTestJSON:setUpClass): 201 POST http://10.180.1.21/identity/v3/projects 0.032s
2025-11-22 02:34:10.527 66775 INFO tempest.lib.common.rest_client [req-e3f427a3-19bc-41ba-8382-8c3adef3f610 req-e3f427a3-19bc-41ba-8382-8c3adef3f610 ] Request (ServerShowV247Test:tearDownClass): 200 GET http://10.180.1.21/compute/v2.1/servers/37a78e0e-fe63-4561-bb1c-a9ffee9c010c 0.629s
2025-11-22 02:34:10.563 66749 INFO tempest.lib.common.rest_client [req-68889ed1-1c64-4d8f-bd8b-8a68f7070a3b req-68889ed1-1c64-4d8f-bd8b-8a68f7070a3b ] Request (DeleteServersTestJSON:setUpClass): 201 POST http://10.180.1.21/identity/v3/users 0.070s
2025-11-22 02:34:10.592 66749 INFO tempest.lib.common.rest_client [req-2294ec73-5ca6-4d9a-9051-035a76fb3b26 req-2294ec73-5ca6-4d9a-9051-035a76fb3b26 ] Request (DeleteServersTestJSON:setUpClass): 200 GET http://10.180.1.21/identity/v3/roles 0.029s
2025-11-22 02:34:10.604 66747 INFO tempest.lib.common.rest_client [req-9309636c-9ed5-4ff5-8386-9c07d2314440 req-9309636c-9ed5-4ff5-8386-9c07d2314440 ] Request (ServersAdminNegativeTestJSON:test_resize_server_using_overlimit_ram): 200 GET http://10.180.1.21/compute/v2.1/os-quota-sets/2906d771e3bb4d4f802d7454f30b5a6e 0.775s
2025-11-22 02:34:10.624 66749 INFO tempest.lib.common.rest_client [req-b9e0ef48-2d4e-4f49-84e3-d7aef850ff64 req-b9e0ef48-2d4e-4f49-84e3-d7aef850ff64 ] Request (DeleteServersTestJSON:setUpClass): 204 PUT http://10.180.1.21/identity/v3/projects/39a9cfb1048443fe81c23d83e2074904/users/54b7350a74554f28808eb81da6d36c0f/roles/ca6c30c8b37546969829a0b4ad4f5f13 0.031s
2025-11-22 02:34:10.624 66749 INFO tempest.lib.common.dynamic_creds [-] Dynamic test user 54b7350a74554f28808eb81da6d36c0f is created with scope project and roles: ['member']
2025-11-22 02:34:10.624 66749 INFO tempest.lib.common.dynamic_creds [-] Acquired dynamic creds: credentials: Credentials: {'domain_id': 'default', 'domain_name': 'Default', 'username': 'tempest-DeleteServersTestJSON-268181847-project-member', 'project_domain_id': 'default', 'project_domain_name': 'Default', 'project_id': '39a9cfb1048443fe81c23d83e2074904', 'project_name': 'tempest-DeleteServersTestJSON-268181847', 'tenant_id': '39a9cfb1048443fe81c23d83e2074904', 'tenant_name': 'tempest-DeleteServersTestJSON-268181847', 'user_domain_id': 'default', 'user_domain_name': 'Default', 'user_id': '54b7350a74554f28808eb81da6d36c0f', 'system': None}, Network: None, Subnet: None, Router: None
2025-11-22 02:34:10.636 66761 INFO tempest.lib.common.rest_client [req-eaf350be-07e5-48e8-affa-4ef7503a513b req-eaf350be-07e5-48e8-affa-4ef7503a513b ] Request (AttachVolumeShelveTestJSON:test_attach_volume_shelved_or_offload_server): 200 GET http://10.180.1.21/compute/v2.1/servers/5b07e7ea-8f5e-463d-8318-2f4f56779416 0.711s
2025-11-22 02:34:10.667 66777 INFO tempest.lib.common.rest_client [req-ff6d7aa8-6f71-49b1-a23d-f51e6080d100 req-ff6d7aa8-6f71-49b1-a23d-f51e6080d100 ] Request (ServerExternalEventsTest:test_create_server_external_events): 200 GET http://10.180.1.21/compute/v2.1/servers/e8f0ee1c-7a30-4668-898f-d03aa316f3c3 0.690s
2025-11-22 02:34:10.688 66747 INFO tempest.lib.common.rest_client [req-d2bc8342-cc2a-4ee6-abb0-aafb1c0e7948 req-d2bc8342-cc2a-4ee6-abb0-aafb1c0e7948 ] Request (ServersAdminNegativeTestJSON:test_resize_server_using_overlimit_ram): 200 POST http://10.180.1.21/compute/v2.1/flavors 0.081s
2025-11-22 02:34:10.707 66749 INFO tempest.lib.common.rest_client [req-3bfc3697-0e31-43b1-b195-205be1c3813c req-3bfc3697-0e31-43b1-b195-205be1c3813c ] Request (DeleteServersTestJSON:setUpClass): 201 POST http://10.180.1.21/identity/v3/auth/tokens 0.083s
2025-11-22 02:34:10.724 66773 INFO tempest.lib.common.rest_client [req-83d143c4-3bef-42ea-8a5d-a2b5eda39bba req-83d143c4-3bef-42ea-8a5d-a2b5eda39bba ] Request (ImagesOneServerNegativeTestJSON:_run_cleanups): 200 GET http://10.180.1.21/compute/v2.1/servers/c6c27808-21ad-458b-b272-7dbdb287ba9f 0.291s
2025-11-22 02:34:10.865 66787 INFO tempest.lib.common.rest_client [req-2383ddfc-e135-4531-927f-fd502ee99895 req-2383ddfc-e135-4531-927f-fd502ee99895 ] Request (AttachInterfacesUnderV243Test:_run_cleanups): 200 GET http://10.180.1.21/compute/v2.1/servers/39cf8f4e-b9e6-4be4-ae4c-477a30caa863 0.224s
2025-11-22 02:34:10.887 66745 INFO tempest.lib.common.rest_client [req-c3e7f2e1-225f-4934-a06c-cee422c657f1 req-c3e7f2e1-225f-4934-a06c-cee422c657f1 ] Request (MigrationsAdminTest:test_resize_server_revert_deleted_flavor): 200 GET http://10.180.1.21/compute/v2.1/servers/c67cc974-b928-4421-9138-bcf19d91ffdd 0.262s
2025-11-22 02:34:10.977 66753 INFO tempest.lib.common.rest_client [req-0541535b-7146-47c3-98b8-b44e2b94f7c3 req-0541535b-7146-47c3-98b8-b44e2b94f7c3 ] Request (ServersNegativeTestMultiTenantJSON:tearDownClass): 200 GET http://10.180.1.21/compute/v2.1/servers/17aa261a-e0b4-459c-8cd6-001432d5578c 0.283s
2025-11-22 02:34:11.007 66747 INFO tempest.lib.common.rest_client [req-d5ace489-f1cf-467b-ad4f-5f3eb88d11a8 req-d5ace489-f1cf-467b-ad4f-5f3eb88d11a8 ] Request (ServersAdminNegativeTestJSON:test_resize_server_using_overlimit_ram): 403 POST http://10.180.1.21/compute/v2.1/servers/34e3f818-6b62-44b0-bc25-c0c07369d48d/action 0.316s
2025-11-22 02:34:11.037 66749 INFO tempest.lib.common.rest_client [req-ba9b516e-a910-43e1-a497-1df0286df51c req-ba9b516e-a910-43e1-a497-1df0286df51c ] Request (DeleteServersTestJSON:setUpClass): 201 POST http://10.180.1.21/networking/v2.0/networks 0.329s
2025-11-22 02:34:11.038 66767 INFO tempest.lib.common.rest_client [req-de8a6c74-d0bf-4080-a366-1c7931fab0f1 req-de8a6c74-d0bf-4080-a366-1c7931fab0f1 ] Request (ServersWithSpecificFlavorTestJSON:test_verify_created_server_ephemeral_disk): 200 GET http://10.180.1.21/compute/v2.1/servers/7cf6ddd6-5555-4935-a614-345f14c1e54b 0.322s
2025-11-22 02:34:11.102 66741 INFO tempest.lib.common.rest_client [req-4cfeaa59-b5d1-4a26-8a99-bae3d5f4cb20 req-4cfeaa59-b5d1-4a26-8a99-bae3d5f4cb20 ] Request (InstanceActionsV221TestJSON:test_get_list_deleted_instance_actions): 200 GET http://10.180.1.21/compute/v2.1/servers/e0903771-596a-4f08-b0da-e957745193f7 0.304s
2025-11-22 02:34:11.108 66765 WARNING tempest.lib.common.ssh [-] Failed to establish authenticated ssh connection to cirros@10.180.180.244 ([Errno None] Unable to connect to port 22 on 10.180.180.244). Number attempts: 7. Retry after 8 seconds.: paramiko.ssh_exception.NoValidConnectionsError: [Errno None] Unable to connect to port 22 on 10.180.180.244
2025-11-22 02:34:11.125 66764 INFO tempest.lib.common.rest_client [req-64a946c5-da16-41cc-828c-a6c58994ebf7 req-64a946c5-da16-41cc-828c-a6c58994ebf7 ] Request (SecurityGroupsTestJSON:test_server_security_groups): 200 GET http://10.180.1.21/compute/v2.1/servers/63ab6bdd-6477-4d76-85c4-d5cad5d6ce97 0.322s
2025-11-22 02:34:11.152 66729 INFO tempest.lib.common.rest_client [req-111cd9ff-6bf4-4fb9-8407-eaab6d65ccc5 req-111cd9ff-6bf4-4fb9-8407-eaab6d65ccc5 ] Request (ImagesTestJSON:test_create_server_from_snapshot): 200 GET http://10.180.1.21/compute/v2.1/images/f123dd4b-5550-4520-8e00-3eb64a230534 0.327s
2025-11-22 02:34:11.203 66751 INFO tempest.lib.common.rest_client [req-7515a7c5-7f85-4df4-83bf-ada0346c09d9 req-7515a7c5-7f85-4df4-83bf-ada0346c09d9 ] Request (ImagesNegativeTestJSON:test_create_image_from_deleted_server): 200 GET http://10.180.1.21/compute/v2.1/servers/9751f0d8-1396-476b-997c-9d0a6071b5f5 0.245s
2025-11-22 02:34:11.220 66747 INFO tempest.lib.common.rest_client [req-1934ea0a-b56b-4dfb-b4d7-6e4c7b790bcb req-1934ea0a-b56b-4dfb-b4d7-6e4c7b790bcb ] Request (ServersAdminNegativeTestJSON:_run_cleanups): 202 DELETE http://10.180.1.21/compute/v2.1/flavors/200658873 0.212s
2025-11-22 02:34:11.274 66749 INFO tempest.lib.common.rest_client [req-ed9482ac-f967-4ef3-9edf-170d4f09477f req-ed9482ac-f967-4ef3-9edf-170d4f09477f ] Request (DeleteServersTestJSON:setUpClass): 201 POST http://10.180.1.21/networking/v2.0/subnets 0.236s
2025-11-22 02:34:11.298 66771 INFO tempest.lib.common.rest_client [req-5ed22005-5c21-467e-a512-9ee0000041e9 req-5ed22005-5c21-467e-a512-9ee0000041e9 ] Request (ServerRescueTestJSONUnderV235:setUpClass): 200 GET http://10.180.1.21/compute/v2.1/servers/1e757ef4-0093-4c90-9264-9231d326a663 0.173s
2025-11-22 02:34:11.327 66735 INFO tempest.lib.common.rest_client [req-f9b5d0b0-127e-4bbd-b1d2-be3577867f43 req-f9b5d0b0-127e-4bbd-b1d2-be3577867f43 ] Request (ListServerFiltersTestJSON:tearDownClass): 200 GET http://10.180.1.21/compute/v2.1/servers/43169281-3e54-40f1-979f-14fd5ad74362 0.342s
2025-11-22 02:34:11.577 66743 INFO tempest.lib.common.rest_client [req-15715e39-b0c8-4da2-b99c-15ae28fb1b6b req-15715e39-b0c8-4da2-b99c-15ae28fb1b6b ] Request (ServerActionsV293TestJSON:setUpClass): 200 GET http://10.180.1.21/compute/v2.1/servers/3a8eeb2d-10eb-41a1-9c86-9b62a20feb23 0.445s
2025-11-22 02:34:11.585 66731 INFO tempest.lib.common.rest_client [req-4a154214-feef-4f03-9b37-75f8ffb3d335 req-4a154214-feef-4f03-9b37-75f8ffb3d335 ] Request (ServerActionsTestJSON:setUpClass): 200 GET http://10.180.1.21/compute/v2.1/servers/a34f7214-d457-4842-8772-bd8f75c9988e 0.369s
2025-11-22 02:34:11.602 66747 INFO tempest.lib.common.rest_client [req-30566987-0cd9-4a2a-a59a-543c92b96b3c req-30566987-0cd9-4a2a-a59a-543c92b96b3c ] Request (ServersAdminNegativeTestJSON:_run_cleanups): 200 GET http://10.180.1.21/compute/v2.1/flavors/detail 0.381s
2025-11-22 02:34:11.645 66783 INFO tempest.lib.common.rest_client [req-7ea8702f-86bf-4532-a996-cc278ea33230 req-7ea8702f-86bf-4532-a996-cc278ea33230 ] Request (ServersAdminTestJSON:tearDownClass): 200 GET http://10.180.1.21/compute/v2.1/servers/8149884c-96d1-48cd-8cab-60cce093191d 0.270s
2025-11-22 02:34:11.702 66737 INFO tempest.lib.common.rest_client [req-7bbfe9e7-bc02-45bb-9289-af300686e5a4 req-7bbfe9e7-bc02-45bb-9289-af300686e5a4 ] Request (ImagesOneServerTestJSON:setUpClass): 200 GET http://10.180.1.21/compute/v2.1/servers/4fccae79-aae1-49af-85f4-f103e81931b1 0.316s
2025-11-22 02:34:11.718 66739 INFO tempest.lib.common.rest_client [req-f23cf538-8306-4ec8-84ab-8ded62ec8a91 req-f23cf538-8306-4ec8-84ab-8ded62ec8a91 ] Request (ServerActionsTestOtherA:test_rebuild_server_with_volume_attached): 200 GET http://10.180.1.21/compute/v2.1/servers/7e73f067-d408-4916-acb0-d8dafde03930 0.257s
2025-11-22 02:34:11.771 66759 INFO tempest.lib.common.rest_client [req-67db9487-4c1e-47b6-9082-c080f29aafe3 req-67db9487-4c1e-47b6-9082-c080f29aafe3 ] Request (ServersTestManualDisk:tearDownClass): 200 GET http://10.180.1.21/compute/v2.1/servers/0ad75889-46be-44eb-bb57-024346941623 0.293s
2025-11-22 02:34:11.785 66775 INFO tempest.lib.common.rest_client [req-75a07439-9b39-4dad-90e5-90b0afac86c5 req-75a07439-9b39-4dad-90e5-90b0afac86c5 ] Request (ServerShowV247Test:tearDownClass): 200 GET http://10.180.1.21/compute/v2.1/servers/37a78e0e-fe63-4561-bb1c-a9ffee9c010c 0.249s
2025-11-22 02:34:11.927 66747 INFO tempest.lib.common.rest_client [req-b236be91-ef77-4bc4-9065-da2dc2b00d55 req-b236be91-ef77-4bc4-9065-da2dc2b00d55 ] Request (ServersAdminNegativeTestJSON:test_resize_server_using_overlimit_vcpus): 200 GET http://10.180.1.21/compute/v2.1/os-quota-sets/2906d771e3bb4d4f802d7454f30b5a6e 0.318s
2025-11-22 02:34:11.936 66761 INFO tempest.lib.common.rest_client [req-82e185bb-69f1-4732-8195-51a16ea4ca3d req-82e185bb-69f1-4732-8195-51a16ea4ca3d ] Request (AttachVolumeShelveTestJSON:test_attach_volume_shelved_or_offload_server): 200 GET http://10.180.1.21/compute/v2.1/servers/5b07e7ea-8f5e-463d-8318-2f4f56779416 0.291s
2025-11-22 02:34:12.069 66777 INFO tempest.lib.common.rest_client [req-1398936d-0730-4bff-9bc7-ab08cb12dfdf req-1398936d-0730-4bff-9bc7-ab08cb12dfdf ] Request (ServerExternalEventsTest:test_create_server_external_events): 200 GET http://10.180.1.21/compute/v2.1/servers/e8f0ee1c-7a30-4668-898f-d03aa316f3c3 0.392s
2025-11-22 02:34:12.084 66773 INFO tempest.lib.common.rest_client [req-43f12bcb-5caa-487a-aaba-c63aed792efc req-43f12bcb-5caa-487a-aaba-c63aed792efc ] Request (ImagesOneServerNegativeTestJSON:_run_cleanups): 200 GET http://10.180.1.21/compute/v2.1/servers/c6c27808-21ad-458b-b272-7dbdb287ba9f 0.352s
2025-11-22 02:34:12.092 66773 INFO tempest.common.waiters [-] State transition "ACTIVE/deleting" ==> "DELETED/None" after 5 second wait
2025-11-22 02:34:12.095 66749 INFO tempest.lib.common.rest_client [req-b1a0bf59-5bfc-4958-8664-be392b3cef8c req-b1a0bf59-5bfc-4958-8664-be392b3cef8c ] Request (DeleteServersTestJSON:setUpClass): 201 POST http://10.180.1.21/networking/v2.0/routers 0.820s
2025-11-22 02:34:12.228 66787 INFO tempest.lib.common.rest_client [req-ea5e6646-8308-49cb-b6d1-bc3699889380 req-ea5e6646-8308-49cb-b6d1-bc3699889380 ] Request (AttachInterfacesUnderV243Test:_run_cleanups): 200 GET http://10.180.1.21/compute/v2.1/servers/39cf8f4e-b9e6-4be4-ae4c-477a30caa863 0.355s
2025-11-22 02:34:12.247 66745 INFO tempest.lib.common.rest_client [req-a781c3ba-c978-4761-bab1-06916be3e030 req-a781c3ba-c978-4761-bab1-06916be3e030 ] Request (MigrationsAdminTest:test_resize_server_revert_deleted_flavor): 200 GET http://10.180.1.21/compute/v2.1/servers/c67cc974-b928-4421-9138-bcf19d91ffdd 0.351s
2025-11-22 02:34:12.248 66747 INFO tempest.lib.common.rest_client [req-3ef6655a-e816-440c-b9e4-4a05667aa93f req-3ef6655a-e816-440c-b9e4-4a05667aa93f ] Request (ServersAdminNegativeTestJSON:test_resize_server_using_overlimit_vcpus): 200 POST http://10.180.1.21/compute/v2.1/flavors 0.318s
2025-11-22 02:34:12.322 66767 INFO tempest.lib.common.rest_client [req-ec588146-1123-456d-b0af-1d205d1d0ccf req-ec588146-1123-456d-b0af-1d205d1d0ccf ] Request (ServersWithSpecificFlavorTestJSON:test_verify_created_server_ephemeral_disk): 200 GET http://10.180.1.21/compute/v2.1/servers/7cf6ddd6-5555-4935-a614-345f14c1e54b 0.276s
2025-11-22 02:34:12.339 66753 INFO tempest.lib.common.rest_client [req-e7f9c97b-a046-42ab-87f0-aa3781beac48 req-e7f9c97b-a046-42ab-87f0-aa3781beac48 ] Request (ServersNegativeTestMultiTenantJSON:tearDownClass): 200 GET http://10.180.1.21/compute/v2.1/servers/17aa261a-e0b4-459c-8cd6-001432d5578c 0.351s
2025-11-22 02:34:12.385 66741 INFO tempest.lib.common.rest_client [req-c549bd70-0a6b-4a2a-9866-111602c788b5 req-c549bd70-0a6b-4a2a-9866-111602c788b5 ] Request (InstanceActionsV221TestJSON:test_get_list_deleted_instance_actions): 200 GET http://10.180.1.21/compute/v2.1/servers/e0903771-596a-4f08-b0da-e957745193f7 0.271s
2025-11-22 02:34:12.403 66764 INFO tempest.lib.common.rest_client [req-38949aaa-c1a0-4478-86f0-06fcc50aa590 req-38949aaa-c1a0-4478-86f0-06fcc50aa590 ] Request (SecurityGroupsTestJSON:test_server_security_groups): 200 GET http://10.180.1.21/compute/v2.1/servers/63ab6bdd-6477-4d76-85c4-d5cad5d6ce97 0.268s
2025-11-22 02:34:12.426 66729 INFO tempest.lib.common.rest_client [req-af7a699b-6373-4961-a816-1a3325256e39 req-af7a699b-6373-4961-a816-1a3325256e39 ] Request (ImagesTestJSON:test_create_server_from_snapshot): 200 GET http://10.180.1.21/compute/v2.1/images/f123dd4b-5550-4520-8e00-3eb64a230534 0.270s
2025-11-22 02:34:12.474 66751 INFO tempest.lib.common.rest_client [req-f127ba0e-fef5-4036-83f3-b5591c7a6a15 req-f127ba0e-fef5-4036-83f3-b5591c7a6a15 ] Request (ImagesNegativeTestJSON:test_create_image_from_deleted_server): 200 GET http://10.180.1.21/compute/v2.1/servers/9751f0d8-1396-476b-997c-9d0a6071b5f5 0.264s
2025-11-22 02:34:12.544 66771 INFO tempest.lib.common.rest_client [req-bb5b3da9-308c-4114-b2cc-1f30dcf2a27e req-bb5b3da9-308c-4114-b2cc-1f30dcf2a27e ] Request (ServerRescueTestJSONUnderV235:setUpClass): 200 GET http://10.180.1.21/compute/v2.1/servers/1e757ef4-0093-4c90-9264-9231d326a663 0.234s
2025-11-22 02:34:12.576 66747 INFO tempest.lib.common.rest_client [req-2cdec92c-228f-4ecc-8a06-d932a632affb req-2cdec92c-228f-4ecc-8a06-d932a632affb ] Request (ServersAdminNegativeTestJSON:test_resize_server_using_overlimit_vcpus): 403 POST http://10.180.1.21/compute/v2.1/servers/34e3f818-6b62-44b0-bc25-c0c07369d48d/action 0.325s
2025-11-22 02:34:12.594 66747 INFO tempest.lib.common.rest_client [req-e15f2eb6-7dbd-4bc7-9355-3d7d9198750b req-e15f2eb6-7dbd-4bc7-9355-3d7d9198750b ] Request (ServersAdminNegativeTestJSON:_run_cleanups): 202 DELETE http://10.180.1.21/compute/v2.1/flavors/1034944345 0.017s
2025-11-22 02:34:12.636 66735 INFO tempest.lib.common.rest_client [req-00ac3794-1f09-4bf3-8b33-fb83b5d7bede req-00ac3794-1f09-4bf3-8b33-fb83b5d7bede ] Request (ListServerFiltersTestJSON:tearDownClass): 200 GET http://10.180.1.21/compute/v2.1/servers/43169281-3e54-40f1-979f-14fd5ad74362 0.299s
2025-11-22 02:34:12.660 66743 INFO tempest.lib.common.rest_client [req-e77134a1-a064-4271-b3b7-ea924352c95e req-e77134a1-a064-4271-b3b7-ea924352c95e ] Request (ServerActionsV293TestJSON:setUpClass): 200 GET http://10.180.1.21/compute/v2.1/servers/3a8eeb2d-10eb-41a1-9c86-9b62a20feb23 0.072s
2025-11-22 02:34:12.686 66747 INFO tempest.lib.common.rest_client [req-206d2627-0d54-4489-8a6a-b7352b9332b3 req-206d2627-0d54-4489-8a6a-b7352b9332b3 ] Request (ServersAdminNegativeTestJSON:_run_cleanups): 200 GET http://10.180.1.21/compute/v2.1/flavors/detail 0.091s
2025-11-22 02:34:12.703 66731 INFO tempest.lib.common.rest_client [req-4623be89-e1d6-4a2b-bf9b-8929439dad66 req-4623be89-e1d6-4a2b-bf9b-8929439dad66 ] Request (ServerActionsTestJSON:setUpClass): 200 GET http://10.180.1.21/compute/v2.1/servers/a34f7214-d457-4842-8772-bd8f75c9988e 0.110s
2025-11-22 02:34:12.734 66747 INFO tempest.lib.common.rest_client [req-46c0c819-d6ff-4892-b348-9f167aac983b req-46c0c819-d6ff-4892-b348-9f167aac983b ] Request (ServersAdminNegativeTestJSON:test_restore_server_invalid_state): 409 POST http://10.180.1.21/compute/v2.1/servers/34e3f818-6b62-44b0-bc25-c0c07369d48d/action 0.042s
2025-11-22 02:34:12.750 66783 INFO tempest.lib.common.rest_client [req-32e28573-fa5b-4c73-905d-9ee2a390e4cb req-32e28573-fa5b-4c73-905d-9ee2a390e4cb ] Request (ServersAdminTestJSON:tearDownClass): 200 GET http://10.180.1.21/compute/v2.1/servers/8149884c-96d1-48cd-8cab-60cce093191d 0.090s
2025-11-22 02:34:12.761 66783 INFO tempest.common.waiters [-] State transition "ACTIVE/deleting" ==> "DELETED/None" after 4 second wait
2025-11-22 02:34:12.849 66739 INFO tempest.lib.common.rest_client [req-b449c6bb-96e1-4037-8752-fdca675e01b6 req-b449c6bb-96e1-4037-8752-fdca675e01b6 ] Request (ServerActionsTestOtherA:test_rebuild_server_with_volume_attached): 200 GET http://10.180.1.21/compute/v2.1/servers/7e73f067-d408-4916-acb0-d8dafde03930 0.120s
2025-11-22 02:34:12.880 66737 INFO tempest.lib.common.rest_client [req-eb4d22bf-62ee-4054-99df-120905720cf8 req-eb4d22bf-62ee-4054-99df-120905720cf8 ] Request (ImagesOneServerTestJSON:setUpClass): 200 GET http://10.180.1.21/compute/v2.1/servers/4fccae79-aae1-49af-85f4-f103e81931b1 0.169s
2025-11-22 02:34:12.943 66759 INFO tempest.lib.common.rest_client [req-1bc55fb6-32d5-4694-a256-130f142c8d62 req-1bc55fb6-32d5-4694-a256-130f142c8d62 ] Request (ServersTestManualDisk:tearDownClass): 200 GET http://10.180.1.21/compute/v2.1/servers/0ad75889-46be-44eb-bb57-024346941623 0.163s
2025-11-22 02:34:12.943 66747 INFO tempest.lib.common.rest_client [req-12df4188-0477-4c69-a65e-1de4c76830ee req-12df4188-0477-4c69-a65e-1de4c76830ee ] Request (ServersAdminNegativeTestJSON:tearDownClass): 204 DELETE http://10.180.1.21/compute/v2.1/servers/f74394e4-9574-432f-aab7-a7f1a57b01b1 0.206s
2025-11-22 02:34:13.013 66749 INFO tempest.lib.common.rest_client [req-d2c35eaa-ff25-456b-acaa-fd1913e6af08 req-d2c35eaa-ff25-456b-acaa-fd1913e6af08 ] Request (DeleteServersTestJSON:setUpClass): 200 PUT http://10.180.1.21/networking/v2.0/routers/fc36c9a4-80ae-47ac-8bd7-63f92e795345/add_router_interface 0.918s
