2025-11-22 02:32:21.713 66773 INFO tempest.lib.common.rest_client [req-173d9076-8668-4628-b723-405e6fe9fe6e req-173d9076-8668-4628-b723-405e6fe9fe6e ] Request (ImagesOneServerNegativeTestJSON:_run_cleanups): 200 GET http://10.180.1.21/compute/v2.1/servers/6662f8cf-7067-498c-816c-a2a71eabb794 2.735s
2025-11-22 02:32:21.774 66783 INFO tempest.lib.common.rest_client [req-56b6af62-2661-441b-ba53-ee148dc5c3f9 req-56b6af62-2661-441b-ba53-ee148dc5c3f9 ] Request (ServersAdminTestJSON:test_inject_network_info): 200 GET http://10.180.1.21/compute/v2.1/servers/8149884c-96d1-48cd-8cab-60cce093191d 2.702s
2025-11-22 02:32:21.794 66759 INFO tempest.lib.common.rest_client [req-da7d82b8-5308-4bc6-a743-570ec57b62d4 req-da7d82b8-5308-4bc6-a743-570ec57b62d4 ] Request (ServersTestManualDisk:setUpClass): 200 GET http://10.180.1.21/compute/v2.1/servers/0ad75889-46be-44eb-bb57-024346941623 2.655s
2025-11-22 02:32:21.847 66775 INFO tempest.lib.common.rest_client [req-6d12dae4-7935-4808-9fd3-f6c53a935c60 req-6d12dae4-7935-4808-9fd3-f6c53a935c60 ] Request (ServerShowV247Test:test_update_rebuild_list_server): 200 GET http://10.180.1.21/compute/v2.1/servers/4ecbd9df-c719-403c-9044-106a88aba881 2.605s
2025-11-22 02:32:21.933 66771 INFO tempest.lib.common.rest_client [req-7b731571-49de-45a1-84ed-924fb9df5f5b req-7b731571-49de-45a1-84ed-924fb9df5f5b ] Request (ServersAdmin275Test:test_rebuild_update_server_275): 200 GET http://10.180.1.21/compute/v2.1/servers/4b2edd18-6c4c-41c5-8da0-729b41bc7727 2.450s
2025-11-22 02:32:21.940 66779 INFO tempest.lib.common.rest_client [req-e451715a-9253-4d5d-acf4-14bf71437aa0 req-e451715a-9253-4d5d-acf4-14bf71437aa0 ] Request (FloatingIPsAssociationNegativeTestJSON:test_associate_nonexistent_floating_ip): 404 POST http://10.180.1.21/compute/v2.1/servers/f14ef44c-5a8f-4b45-8739-6eea873192e7/action 2.552s
2025-11-22 02:32:21.990 66747 INFO tempest.lib.common.rest_client [req-65bcd46b-44c6-4783-9a86-0dffb368ceb2 req-65bcd46b-44c6-4783-9a86-0dffb368ceb2 ] Request (ServersAdminNegativeTestJSON:setUpClass): 200 GET http://10.180.1.21/compute/v2.1/servers/34e3f818-6b62-44b0-bc25-c0c07369d48d 2.443s
2025-11-22 02:32:22.418 66737 INFO tempest.lib.common.rest_client [req-fcb454af-6abd-4da9-a59f-c7a14b18bd3e req-fcb454af-6abd-4da9-a59f-c7a14b18bd3e ] Request (DeleteServersAdminTestJSON:test_delete_server_while_in_error_state): 200 GET http://10.180.1.21/compute/v2.1/servers/6ef46753-bbda-4768-b380-ce905ac08c52 2.799s
2025-11-22 02:32:22.434 66755 INFO tempest.lib.common.rest_client [req-1e4fb469-99df-4a20-b390-7b48bd37c2a8 req-1e4fb469-99df-4a20-b390-7b48bd37c2a8 ] Request (TenantUsagesTestJSON:tearDownClass): 200 GET http://10.180.1.21/compute/v2.1/servers/0cebebce-725e-4c64-bbad-57fa29ed8f40 2.745s
2025-11-22 02:32:22.452 66789 INFO tempest.lib.common.rest_client [req-ec199414-7efa-4100-a949-0293d79e2b17 req-ec199414-7efa-4100-a949-0293d79e2b17 ] Request (KeyPairsNegativeTestJSON:test_create_keypair_with_empty_public_key): 400 POST http://10.180.1.21/compute/v2.1/os-keypairs 2.659s
2025-11-22 02:32:22.463 66751 INFO tempest.lib.common.rest_client [req-6ef57066-091b-4a76-80f6-f155363e8c78 req-6ef57066-091b-4a76-80f6-f155363e8c78 ] Request (AggregatesAdminNegativeTestJSON:test_aggregate_remove_nonexistent_host): 200 POST http://10.180.1.21/compute/v2.1/os-aggregates 2.644s
2025-11-22 02:32:22.492 66791 INFO tempest.lib.common.rest_client [req-39fd8414-7099-4387-87a9-18102e3b32f8 req-39fd8414-7099-4387-87a9-18102e3b32f8 ] Request (FlavorsAdminTestJSON:test_is_public_string_variations): 200 GET http://10.180.1.21/compute/v2.1/flavors/detail?is_public=true 2.644s
2025-11-22 02:32:22.640 66743 INFO tempest.lib.common.rest_client [req-677ee969-a41a-4d37-9766-a6c42a424f97 req-677ee969-a41a-4d37-9766-a6c42a424f97 ] Request (InstanceActionsTestJSON:setUpClass): 200 GET http://10.180.1.21/compute/v2.1/servers/1570960e-219e-486d-96b5-168e5e04ecd6 2.796s
2025-11-22 02:32:22.741 66777 INFO tempest.lib.common.rest_client [req-eb07f6aa-e296-44ac-b5a3-141cf48eaea3 req-eb07f6aa-e296-44ac-b5a3-141cf48eaea3 ] Request (VolumesAssistedSnapshotsTest:test_volume_assisted_snapshot_create_delete): 200 GET http://10.180.1.21/volume/v3/volumes/9120c4e3-8580-4e33-b7cf-3c09c2900b08 0.042s
2025-11-22 02:32:22.850 66741 INFO tempest.lib.common.rest_client [req-309f57c9-60f1-4b39-902f-0c7459d43937 req-309f57c9-60f1-4b39-902f-0c7459d43937 ] Request (ImagesMetadataTestJSON:setUp): 200 PUT http://10.180.1.21/compute/v2.1/images/c7fba63b-96a6-4f56-a94e-38aef061d356/metadata 2.951s
2025-11-22 02:32:22.865 66764 INFO tempest.lib.common.rest_client [req-cd2a4c9d-7f36-49ec-9c24-321e67a8d383 req-cd2a4c9d-7f36-49ec-9c24-321e67a8d383 ] Request (SecurityGroupsTestJSON:test_server_security_groups): 202 POST http://10.180.1.21/compute/v2.1/servers 2.981s
2025-11-22 02:32:22.880 66753 INFO tempest.lib.common.rest_client [req-be3426b5-57e6-4d7d-9707-496957fe9574 req-be3426b5-57e6-4d7d-9707-496957fe9574 ] Request (FlavorsV2TestJSON:test_list_flavors_detailed_filter_by_min_disk): 200 GET http://10.180.1.21/compute/v2.1/flavors/detail?minDisk=2 2.961s
2025-11-22 02:32:22.921 66739 INFO tempest.lib.common.rest_client [req-76b7169a-b749-40f8-a114-58bb8cdb16bd req-76b7169a-b749-40f8-a114-58bb8cdb16bd ] Request (ServerActionsTestOtherA:test_rebuild_server_in_stop_state): 200 GET http://10.180.1.21/compute/v2.1/servers/7e6ce7bd-02d8-4e89-8c90-cdb3df2cb874 2.943s
2025-11-22 02:32:23.025 66785 INFO tempest.lib.common.rest_client [req-95d4d6f0-7820-4a8d-89af-1cb5b767972b req-95d4d6f0-7820-4a8d-89af-1cb5b767972b ] Request (ListServersNegativeTestJSON:setUpClass): 200 GET http://10.180.1.21/compute/v2.1/servers/dd1eb30d-c138-4044-bdf0-776e1522613e 2.639s
2025-11-22 02:32:23.081 66745 INFO tempest.lib.common.rest_client [req-f68404e7-15ee-4459-91eb-99e8dc5bae29 req-f68404e7-15ee-4459-91eb-99e8dc5bae29 ] Request (MigrationsAdminTest:test_list_migrations_in_flavor_resize_situation): 200 POST http://10.180.1.21/compute/v2.1/os-keypairs 1.829s
2025-11-22 02:32:23.147 66761 INFO tempest.lib.common.rest_client [req-e6cb741e-930b-4e67-9cb8-d7501828fb35 req-e6cb741e-930b-4e67-9cb8-d7501828fb35 ] Request (ValidationResourcesFixture:setUp): 201 POST http://10.180.1.21/compute/v2.1/os-keypairs 1.824s
2025-11-22 02:32:23.228 66745 INFO tempest.lib.common.rest_client [req-f0729b7b-4d43-4449-9fa5-c989a2d4cc98 req-f0729b7b-4d43-4449-9fa5-c989a2d4cc98 ] Request (MigrationsAdminTest:test_list_migrations_in_flavor_resize_situation): 201 POST http://10.180.1.21/networking/v2.0/security-groups 0.145s
2025-11-22 02:32:23.341 66761 INFO tempest.lib.common.rest_client [req-7f4a9c25-027b-4762-9426-7fc9531ab175 req-7f4a9c25-027b-4762-9426-7fc9531ab175 ] Request (ValidationResourcesFixture:setUp): 201 POST http://10.180.1.21/networking/v2.0/security-groups 0.193s
2025-11-22 02:32:23.443 66745 INFO tempest.lib.common.rest_client [req-039b6524-c0b3-4607-8869-e67679625235 req-039b6524-c0b3-4607-8869-e67679625235 ] Request (MigrationsAdminTest:test_list_migrations_in_flavor_resize_situation): 201 POST http://10.180.1.21/networking/v2.0/security-group-rules 0.215s
2025-11-22 02:32:23.537 66761 INFO tempest.lib.common.rest_client [req-2b4648c3-0343-4117-8638-c9bee34a32a0 req-2b4648c3-0343-4117-8638-c9bee34a32a0 ] Request (ValidationResourcesFixture:setUp): 201 POST http://10.180.1.21/networking/v2.0/security-group-rules 0.195s
2025-11-22 02:32:23.626 66745 INFO tempest.lib.common.rest_client [req-9d2d16cc-ff9c-4d75-993f-13592e9064e6 req-9d2d16cc-ff9c-4d75-993f-13592e9064e6 ] Request (MigrationsAdminTest:test_list_migrations_in_flavor_resize_situation): 201 POST http://10.180.1.21/networking/v2.0/security-group-rules 0.182s
2025-11-22 02:32:23.689 66765 INFO tempest.lib.common.rest_client [req-001398e7-b94c-434c-aaaa-43b47d706a4a req-001398e7-b94c-434c-aaaa-43b47d706a4a ] Request (AttachVolumeNegativeTest:test_attach_attached_volume_to_different_server): 202 POST http://10.180.1.21/compute/v2.1/servers 3.325s
2025-11-22 02:32:23.706 66761 INFO tempest.lib.common.rest_client [req-525bd47b-2476-45a2-8a3f-2c58d822f86b req-525bd47b-2476-45a2-8a3f-2c58d822f86b ] Request (ValidationResourcesFixture:setUp): 201 POST http://10.180.1.21/networking/v2.0/security-group-rules 0.168s
2025-11-22 02:32:23.714 66757 INFO tempest.lib.common.rest_client [req-c9a853fa-218c-41ee-bdef-9e883ccee493 req-c9a853fa-218c-41ee-bdef-9e883ccee493 ] Request (FloatingIPsAssociationTestJSON:test_associate_already_associated_floating_ip): 409 POST http://10.180.1.21/compute/v2.1/servers/f7c49a36-7406-4d67-b909-1fc499876839/action 2.015s
2025-11-22 02:32:23.783 66777 INFO tempest.lib.common.rest_client [req-9d7457e9-9477-4864-9513-d76856c4e940 req-9d7457e9-9477-4864-9513-d76856c4e940 ] Request (VolumesAssistedSnapshotsTest:test_volume_assisted_snapshot_create_delete): 200 GET http://10.180.1.21/volume/v3/volumes/9120c4e3-8580-4e33-b7cf-3c09c2900b08 0.033s
2025-11-22 02:32:24.174 66761 INFO tempest.lib.common.rest_client [req-8f30ea6b-1604-4fde-9aea-99e9a5bd6169 req-8f30ea6b-1604-4fde-9aea-99e9a5bd6169 ] Request (ValidationResourcesFixture:setUp): 201 POST http://10.180.1.21/networking/v2.0/floatingips 0.468s
2025-11-22 02:32:24.176 66745 INFO tempest.lib.common.rest_client [req-cfd877f0-e19d-4cec-932d-f78e249ded65 req-cfd877f0-e19d-4cec-932d-f78e249ded65 ] Request (MigrationsAdminTest:test_list_migrations_in_flavor_resize_situation): 201 POST http://10.180.1.21/networking/v2.0/floatingips 0.549s
2025-11-22 02:32:24.198 66779 INFO tempest.lib.common.rest_client [req-a5771ae8-dd15-4e65-a954-27ff6506fb91 req-a5771ae8-dd15-4e65-a954-27ff6506fb91 ] Request (FloatingIPsAssociationNegativeTestJSON:test_dissociate_nonexistent_floating_ip): 404 POST http://10.180.1.21/compute/v2.1/servers/f14ef44c-5a8f-4b45-8739-6eea873192e7/action 2.256s
2025-11-22 02:32:24.212 66761 INFO tempest.lib.common.rest_client [req-be438148-4436-4edb-8290-1baf3dfdc646 req-be438148-4436-4edb-8290-1baf3dfdc646 ] Request (AttachVolumeShelveTestJSON:test_attach_volume_shelved_or_offload_server): 201 POST http://10.180.1.21/identity/v3/auth/tokens 0.034s
2025-11-22 02:32:24.213 66761 INFO tempest.lib.common.fixed_network [-] (AttachVolumeShelveTestJSON:test_attach_volume_shelved_or_offload_server) Found network {'id': 'b6216478-0fb9-4260-b117-5dd8fcf066ec', 'name': 'tempest-AttachVolumeShelveTestJSON-1681679720-network', 'tenant_id': '3ccc6527d2ac46328d63cd50beeb9af9', 'project_id': '3ccc6527d2ac46328d63cd50beeb9af9', 'admin_state_up': True, 'mtu': 8950, 'status': 'ACTIVE', 'subnets': [], 'shared': False, 'port_security_enabled': True, 'router:external': False, 'provider:network_type': 'vlan', 'provider:physical_network': 'default', 'provider:segmentation_id': 580, 'availability_zone_hints': [], 'availability_zones': [], 'ipv4_address_scope': None, 'ipv6_address_scope': None, 'description': '', 'tags': [], 'created_at': '2025-11-22T02:32:18Z', 'updated_at': '2025-11-22T02:32:18Z', 'revision_number': 1} available for tenant
2025-11-22 02:32:24.284 66731 INFO tempest.lib.common.rest_client [req-fa65cba2-451c-45cb-8ad6-7b95f55427bf req-fa65cba2-451c-45cb-8ad6-7b95f55427bf ] Request (InstanceActionsNegativeTestJSON:setUpClass): 200 GET http://10.180.1.21/compute/v2.1/servers/075f8624-1b06-4977-98d6-9bcc69359235 2.254s
2025-11-22 02:32:24.312 66735 INFO tempest.lib.common.rest_client [req-ac71ab16-cc6d-47f8-b19b-b8d276f95c80 req-ac71ab16-cc6d-47f8-b19b-b8d276f95c80 ] Request (ListServerFiltersTestJSON:setUpClass): 200 GET http://10.180.1.21/compute/v2.1/servers/81fa0d60-92cb-4fe6-8d72-906b867a4d6b 2.372s
2025-11-22 02:32:24.326 66789 INFO tempest.lib.common.rest_client [req-0b4348cc-74e4-4748-ab52-5ea4268616ba req-0b4348cc-74e4-4748-ab52-5ea4268616ba ] Request (KeyPairsNegativeTestJSON:test_create_keypair_with_long_keynames): 400 POST http://10.180.1.21/compute/v2.1/os-keypairs 1.871s
2025-11-22 02:32:24.394 66749 INFO tempest.lib.common.rest_client [req-0f9502b6-a56d-4220-8a52-f3bb1903d19f req-0f9502b6-a56d-4220-8a52-f3bb1903d19f ] Request (ServersTestMultiNic:test_verify_multiple_nics_order): 200 GET http://10.180.1.21/compute/v2.1/servers/e6d77ee7-e7a4-4541-8331-45ffc12a298a 1.938s
2025-11-22 02:32:24.418 66751 INFO tempest.lib.common.rest_client [req-7ad2d0d5-cb5c-45e8-8f94-1c35fb1f48c9 req-7ad2d0d5-cb5c-45e8-8f94-1c35fb1f48c9 ] Request (AggregatesAdminNegativeTestJSON:test_aggregate_remove_nonexistent_host): 404 POST http://10.180.1.21/compute/v2.1/os-aggregates/8/action 1.951s
2025-11-22 02:32:24.430 66729 INFO tempest.lib.common.rest_client [req-9e974649-d3f0-4a11-879e-e15bcb4a7239 req-9e974649-d3f0-4a11-879e-e15bcb4a7239 ] Request (ImagesTestJSON:test_create_image_from_suspended_server): 200 GET http://10.180.1.21/compute/v2.1/servers/6bc56fdc-b3e8-47a3-a5e3-9e5292489484 2.034s
2025-11-22 02:32:24.449 66791 INFO tempest.lib.common.rest_client [req-9848706a-2cdc-480f-a09d-b36937d65d6e req-9848706a-2cdc-480f-a09d-b36937d65d6e ] Request (FlavorsAdminTestJSON:test_is_public_string_variations): 200 GET http://10.180.1.21/compute/v2.1/flavors/detail?is_public=yes 1.950s
2025-11-22 02:32:24.544 66782 INFO tempest.lib.common.rest_client [req-4e61826a-d355-46c3-970c-fccf474dc543 req-4e61826a-d355-46c3-970c-fccf474dc543 ] Request (ServerTagsTestJSON:setUpClass): 200 GET http://10.180.1.21/compute/v2.1/servers/63276508-1f28-41b8-a227-941cf769230b 1.908s
2025-11-22 02:32:24.557 66782 INFO tempest.common.waiters [-] State transition "BUILD/networking" ==> "BUILD/spawning" after 33 second wait
2025-11-22 02:32:24.563 66773 INFO tempest.lib.common.rest_client [req-341ac749-7e06-4665-919c-d484214771be req-341ac749-7e06-4665-919c-d484214771be ] Request (ImagesOneServerNegativeTestJSON:_run_cleanups): 200 GET http://10.180.1.21/compute/v2.1/servers/6662f8cf-7067-498c-816c-a2a71eabb794 1.841s
2025-11-22 02:32:24.600 66783 INFO tempest.lib.common.rest_client [req-06e33080-2491-4ed1-8afb-2f7359a03ff2 req-06e33080-2491-4ed1-8afb-2f7359a03ff2 ] Request (ServersAdminTestJSON:test_inject_network_info): 200 GET http://10.180.1.21/compute/v2.1/servers/8149884c-96d1-48cd-8cab-60cce093191d 1.813s
2025-11-22 02:32:24.623 66759 INFO tempest.lib.common.rest_client [req-4e48b1ac-8e53-4210-8316-0001b443b504 req-4e48b1ac-8e53-4210-8316-0001b443b504 ] Request (ServersTestManualDisk:setUpClass): 200 GET http://10.180.1.21/compute/v2.1/servers/0ad75889-46be-44eb-bb57-024346941623 1.820s
2025-11-22 02:32:24.680 66775 INFO tempest.lib.common.rest_client [req-597add83-ace7-4f35-bc71-29ad862ac068 req-597add83-ace7-4f35-bc71-29ad862ac068 ] Request (ServerShowV247Test:test_update_rebuild_list_server): 200 GET http://10.180.1.21/compute/v2.1/servers/4ecbd9df-c719-403c-9044-106a88aba881 1.816s
2025-11-22 02:32:24.732 66764 INFO tempest.lib.common.rest_client [req-8303c2d9-6487-4bd8-a006-ab7965f95fee req-8303c2d9-6487-4bd8-a006-ab7965f95fee ] Request (SecurityGroupsTestJSON:test_server_security_groups): 200 GET http://10.180.1.21/compute/v2.1/servers/63ab6bdd-6477-4d76-85c4-d5cad5d6ce97 1.863s
2025-11-22 02:32:24.747 66753 INFO tempest.lib.common.rest_client [req-392886ca-40c5-42db-a0f7-ec893828ac5b req-392886ca-40c5-42db-a0f7-ec893828ac5b ] Request (FlavorsV2TestJSON:test_list_flavors_detailed_filter_by_min_ram): 200 GET http://10.180.1.21/compute/v2.1/flavors/42 1.861s
2025-11-22 02:32:24.798 66771 INFO tempest.lib.common.rest_client [req-e5d588d6-0873-4d0e-8a13-34ea348a57c6 req-e5d588d6-0873-4d0e-8a13-34ea348a57c6 ] Request (ServersAdmin275Test:test_rebuild_update_server_275): 200 GET http://10.180.1.21/compute/v2.1/servers/4b2edd18-6c4c-41c5-8da0-729b41bc7727 1.852s
2025-11-22 02:32:24.825 66777 INFO tempest.lib.common.rest_client [req-78c6a03d-e397-4151-be9a-a035e9295b3a req-78c6a03d-e397-4151-be9a-a035e9295b3a ] Request (VolumesAssistedSnapshotsTest:test_volume_assisted_snapshot_create_delete): 200 GET http://10.180.1.21/volume/v3/volumes/9120c4e3-8580-4e33-b7cf-3c09c2900b08 0.029s
2025-11-22 02:32:24.846 66741 INFO tempest.lib.common.rest_client [req-c3a7fe0f-7c37-4b0e-ad4a-835c5c345f89 req-c3a7fe0f-7c37-4b0e-ad4a-835c5c345f89 ] Request (ImagesMetadataTestJSON:test_update_image_metadata): 200 POST http://10.180.1.21/compute/v2.1/images/c7fba63b-96a6-4f56-a94e-38aef061d356/metadata 1.995s
2025-11-22 02:32:24.855 66747 INFO tempest.lib.common.rest_client [req-fb517093-6feb-443a-ad48-c00fad675760 req-fb517093-6feb-443a-ad48-c00fad675760 ] Request (ServersAdminNegativeTestJSON:setUpClass): 200 GET http://10.180.1.21/compute/v2.1/servers/34e3f818-6b62-44b0-bc25-c0c07369d48d 1.855s
2025-11-22 02:32:24.918 66737 INFO tempest.lib.common.rest_client [req-b8d7af1a-a5e3-43a0-8d5e-752cd4826b7a req-b8d7af1a-a5e3-43a0-8d5e-752cd4826b7a ] Request (DeleteServersAdminTestJSON:test_delete_server_while_in_error_state): 200 GET http://10.180.1.21/compute/v2.1/servers/6ef46753-bbda-4768-b380-ce905ac08c52 1.491s
2025-11-22 02:32:24.931 66755 INFO tempest.lib.common.rest_client [req-c69e5e75-8085-4832-b1e3-3cb7c68a5dc2 req-c69e5e75-8085-4832-b1e3-3cb7c68a5dc2 ] Request (TenantUsagesTestJSON:tearDownClass): 200 GET http://10.180.1.21/compute/v2.1/servers/0cebebce-725e-4c64-bbad-57fa29ed8f40 1.488s
2025-11-22 02:32:24.991 66765 INFO tempest.lib.common.rest_client [req-81ed37f8-dffc-463b-9709-641369121d98 req-81ed37f8-dffc-463b-9709-641369121d98 ] Request (AttachVolumeNegativeTest:test_attach_attached_volume_to_different_server): 200 GET http://10.180.1.21/compute/v2.1/servers/68cce7af-74af-49fe-8b76-f72da82f5391 1.300s
2025-11-22 02:32:25.087 66743 INFO tempest.lib.common.rest_client [req-16081c62-9303-4497-94b0-7c1358bad0c1 req-16081c62-9303-4497-94b0-7c1358bad0c1 ] Request (InstanceActionsTestJSON:setUpClass): 200 GET http://10.180.1.21/compute/v2.1/servers/1570960e-219e-486d-96b5-168e5e04ecd6 1.439s
2025-11-22 02:32:25.155 66739 INFO tempest.lib.common.rest_client [req-4bf8f140-0a18-4cd8-b97b-a977b0b83e7c req-4bf8f140-0a18-4cd8-b97b-a977b0b83e7c ] Request (ServerActionsTestOtherA:test_rebuild_server_in_stop_state): 200 GET http://10.180.1.21/compute/v2.1/servers/7e6ce7bd-02d8-4e89-8c90-cdb3df2cb874 1.217s
2025-11-22 02:32:25.178 66785 INFO tempest.lib.common.rest_client [req-91d834fb-b153-4a51-8039-880bcc0ef36a req-91d834fb-b153-4a51-8039-880bcc0ef36a ] Request (ListServersNegativeTestJSON:setUpClass): 404 GET http://10.180.1.21/compute/v2.1/servers/dd1eb30d-c138-4044-bdf0-776e1522613e 1.139s
2025-11-22 02:32:25.195 66745 INFO tempest.lib.common.rest_client [req-38789a6b-2368-4f5e-b4e8-99db26e8620b req-38789a6b-2368-4f5e-b4e8-99db26e8620b ] Request (MigrationsAdminTest:test_list_migrations_in_flavor_resize_situation): 200 GET http://10.180.1.21/compute/v2.1/os-migrations 1.018s
2025-11-22 02:32:25.277 66779 INFO tempest.lib.common.rest_client [req-bce6dde9-29a1-4a1d-b92b-f899f0674508 req-bce6dde9-29a1-4a1d-b92b-f899f0674508 ] Request (FloatingIPsAssociationNegativeTestJSON:tearDownClass): 204 DELETE http://10.180.1.21/compute/v2.1/servers/f14ef44c-5a8f-4b45-8739-6eea873192e7 1.078s
2025-11-22 02:32:25.708 66761 INFO tempest.lib.common.rest_client [req-a79abc5a-563a-4a17-a765-1aca40f5424a req-a79abc5a-563a-4a17-a765-1aca40f5424a ] Request (AttachVolumeShelveTestJSON:test_attach_volume_shelved_or_offload_server): 202 POST http://10.180.1.21/compute/v2.1/servers 1.494s
2025-11-22 02:32:25.736 66789 INFO tempest.lib.common.rest_client [req-c1c1529d-27e1-470a-9095-ff3bf1b79223 req-c1c1529d-27e1-470a-9095-ff3bf1b79223 ] Request (KeyPairsNegativeTestJSON:test_keypair_create_with_invalid_pub_key): 400 POST http://10.180.1.21/compute/v2.1/os-keypairs 1.408s
2025-11-22 02:32:25.758 66751 INFO tempest.lib.common.rest_client [req-64ea1860-8719-440d-8289-09e896a94b7b req-64ea1860-8719-440d-8289-09e896a94b7b ] Request (AggregatesAdminNegativeTestJSON:_run_cleanups): 200 DELETE http://10.180.1.21/compute/v2.1/os-aggregates/8 1.339s
2025-11-22 02:32:25.791 66791 INFO tempest.lib.common.rest_client [req-ec9bb69d-c6fe-45cf-8894-3345163f5bb7 req-ec9bb69d-c6fe-45cf-8894-3345163f5bb7 ] Request (FlavorsAdminTestJSON:test_is_public_string_variations): 200 GET http://10.180.1.21/compute/v2.1/flavors/detail?is_public=1 1.337s
2025-11-22 02:32:25.831 66753 INFO tempest.lib.common.rest_client [req-948a29ab-440e-4f4f-b5ae-191dd1fe52c2 req-948a29ab-440e-4f4f-b5ae-191dd1fe52c2 ] Request (FlavorsV2TestJSON:test_list_flavors_detailed_filter_by_min_ram): 200 GET http://10.180.1.21/compute/v2.1/flavors/detail?minRam=193 1.078s
2025-11-22 02:32:25.878 66741 INFO tempest.lib.common.rest_client [req-97015dab-3ba4-4f3a-825d-f1762b45fcee req-97015dab-3ba4-4f3a-825d-f1762b45fcee ] Request (ImagesMetadataTestJSON:test_update_image_metadata): 200 GET http://10.180.1.21/compute/v2.1/images/c7fba63b-96a6-4f56-a94e-38aef061d356/metadata 1.031s
2025-11-22 02:32:25.897 66777 INFO tempest.lib.common.rest_client [req-89bba184-78e6-4307-9cdf-4c9c85b4c79b req-89bba184-78e6-4307-9cdf-4c9c85b4c79b ] Request (VolumesAssistedSnapshotsTest:test_volume_assisted_snapshot_create_delete): 200 GET http://10.180.1.21/volume/v3/volumes/9120c4e3-8580-4e33-b7cf-3c09c2900b08 0.062s
2025-11-22 02:32:25.915 66751 INFO tempest.lib.common.rest_client [req-6d30f5d4-5a3a-4594-a2f3-743f337c2b27 req-6d30f5d4-5a3a-4594-a2f3-743f337c2b27 ] Request (AggregatesAdminNegativeTestJSON:tearDownClass): 204 DELETE http://10.180.1.21/identity/v3/users/cf13938aa5b24c2083c4854bf140d0ac 0.155s
2025-11-22 02:32:25.963 66741 INFO tempest.lib.common.rest_client [req-34834668-b1aa-4cca-b0f7-90c273da8fe2 req-34834668-b1aa-4cca-b0f7-90c273da8fe2 ] Request (ImagesMetadataTestJSON:tearDownClass): 204 DELETE http://10.180.1.21/image/v2/images/c7fba63b-96a6-4f56-a94e-38aef061d356 0.083s
2025-11-22 02:32:25.977 66785 INFO tempest.lib.common.rest_client [req-67c9e63a-65ff-4bdd-a728-98e43cc65094 req-67c9e63a-65ff-4bdd-a728-98e43cc65094 ] Request (ListServersNegativeTestJSON:test_list_servers_by_changes_since_future_date): 200 GET http://10.180.1.21/compute/v2.1/servers?changes-since=2051-01-01T12%3A34%3A00Z&status=ACTIVE 0.798s
2025-11-22 02:32:25.977 66757 INFO tempest.lib.common.rest_client [req-2f4c35da-2bbf-4aba-ab6c-42924de42717 req-2f4c35da-2bbf-4aba-ab6c-42924de42717 ] Request (FloatingIPsAssociationTestJSON:_run_cleanups): 202 POST http://10.180.1.21/compute/v2.1/servers/483682f3-a48c-41fd-af61-33816e275468/action 2.262s
2025-11-22 02:32:25.997 66745 INFO tempest.lib.common.rest_client [req-89fabdae-1391-47bf-ae69-47db849a82a1 req-89fabdae-1391-47bf-ae69-47db849a82a1 ] Request (MigrationsAdminTest:test_resize_server_revert_deleted_flavor): 200 GET http://10.180.1.21/compute/v2.1/flavors/42 0.797s
2025-11-22 02:32:26.021 66767 WARNING tempest.lib.common.ssh [-] Failed to establish authenticated ssh connection to cirros@10.180.180.231 ([Errno None] Unable to connect to port 22 on 10.180.180.231). Number attempts: 5. Retry after 6 seconds.: paramiko.ssh_exception.NoValidConnectionsError: [Errno None] Unable to connect to port 22 on 10.180.180.231
2025-11-22 02:32:26.038 66751 INFO tempest.lib.common.rest_client [req-f4c08388-5f27-4aec-a380-047e779f9d63 req-f4c08388-5f27-4aec-a380-047e779f9d63 ] Request (AggregatesAdminNegativeTestJSON:tearDownClass): 204 DELETE http://10.180.1.21/identity/v3/users/98270e072fda481a9ab4aaecaaa5efd0 0.123s
2025-11-22 02:32:26.038 66751 INFO tempest.lib.common.dynamic_creds [-] Deleting project and security group for project: fa0330a1406343f7adbaaba4dea946bc
2025-11-22 02:32:26.067 66731 INFO tempest.lib.common.rest_client [req-19d56172-d9f1-46d3-a777-2160ce989af2 req-19d56172-d9f1-46d3-a777-2160ce989af2 ] Request (InstanceActionsNegativeTestJSON:setUpClass): 200 GET http://10.180.1.21/compute/v2.1/servers/075f8624-1b06-4977-98d6-9bcc69359235 0.771s
2025-11-22 02:32:26.076 66731 INFO tempest.common.waiters [-] State transition "BUILD/scheduling" ==> "BUILD/None" after 9 second wait
2025-11-22 02:32:26.120 66751 INFO tempest.lib.common.rest_client [req-51a88ac6-b2e5-44fb-a75d-351a66435cc7 req-51a88ac6-b2e5-44fb-a75d-351a66435cc7 ] Request (AggregatesAdminNegativeTestJSON:tearDownClass): 201 POST http://10.180.1.21/identity/v3/auth/tokens 0.081s
2025-11-22 02:32:26.132 66779 INFO tempest.lib.common.rest_client [req-3509e578-1165-4d94-8046-a66635e1a4d1 req-3509e578-1165-4d94-8046-a66635e1a4d1 ] Request (FloatingIPsAssociationNegativeTestJSON:tearDownClass): 200 GET http://10.180.1.21/compute/v2.1/servers/f14ef44c-5a8f-4b45-8739-6eea873192e7 0.854s
2025-11-22 02:32:26.143 66741 INFO tempest.lib.common.rest_client [req-10232086-d26e-4e83-b7e0-94c689398212 req-10232086-d26e-4e83-b7e0-94c689398212 ] Request (ImagesMetadataTestJSON:tearDownClass): 204 DELETE http://10.180.1.21/identity/v3/users/c7804885151d47088c3dd69b76bd7e67 0.179s
2025-11-22 02:32:26.144 66741 INFO tempest.lib.common.dynamic_creds [-] Deleting project and security group for project: 50a38280dc844389a006f6f8e365e7ea
2025-11-22 02:32:26.221 66741 INFO tempest.lib.common.rest_client [req-0e48dd9d-1ef1-4612-aabf-13df5a1537e5 req-0e48dd9d-1ef1-4612-aabf-13df5a1537e5 ] Request (ImagesMetadataTestJSON:tearDownClass): 201 POST http://10.180.1.21/identity/v3/auth/tokens 0.077s
2025-11-22 02:32:26.269 66749 INFO tempest.lib.common.rest_client [req-a03add85-5e38-4cb8-bda5-3375c4240a46 req-a03add85-5e38-4cb8-bda5-3375c4240a46 ] Request (ServersTestMultiNic:test_verify_multiple_nics_order): 200 GET http://10.180.1.21/compute/v2.1/servers/e6d77ee7-e7a4-4541-8331-45ffc12a298a 0.865s
2025-11-22 02:32:26.302 66735 INFO tempest.lib.common.rest_client [req-d4f6da2f-195a-473d-9b13-4e4267a08ce2 req-d4f6da2f-195a-473d-9b13-4e4267a08ce2 ] Request (ListServerFiltersTestJSON:setUpClass): 200 GET http://10.180.1.21/compute/v2.1/servers/81fa0d60-92cb-4fe6-8d72-906b867a4d6b 0.976s
2025-11-22 02:32:26.310 66735 INFO tempest.common.waiters [-] State transition "BUILD/spawning" ==> "ACTIVE/None" after 55 second wait
2025-11-22 02:32:26.354 66751 INFO tempest.lib.common.rest_client [req-fb9cad23-74cc-4fdd-9452-1233fd134991 req-fb9cad23-74cc-4fdd-9452-1233fd134991 ] Request (AggregatesAdminNegativeTestJSON:tearDownClass): 200 GET http://10.180.1.21/networking/v2.0/security-groups?tenant_id=fa0330a1406343f7adbaaba4dea946bc&name=default 0.234s
2025-11-22 02:32:26.430 66741 INFO tempest.lib.common.rest_client [req-87c1a9a7-f950-476c-b7dd-71c5cfaf457a req-87c1a9a7-f950-476c-b7dd-71c5cfaf457a ] Request (ImagesMetadataTestJSON:tearDownClass): 200 GET http://10.180.1.21/networking/v2.0/security-groups?tenant_id=50a38280dc844389a006f6f8e365e7ea&name=default 0.209s
2025-11-22 02:32:26.538 66751 INFO tempest.lib.common.rest_client [req-bc8e10e8-f117-43bf-94c0-ce87a59dd265 req-bc8e10e8-f117-43bf-94c0-ce87a59dd265 ] Request (AggregatesAdminNegativeTestJSON:tearDownClass): 204 DELETE http://10.180.1.21/networking/v2.0/security-groups/55d8cfbd-6248-4a0c-9d23-3409ece66e47 0.183s
2025-11-22 02:32:26.605 66751 INFO tempest.lib.common.rest_client [req-47c5b4e7-9fa4-4a38-ba8a-f3bb1cecb1f1 req-47c5b4e7-9fa4-4a38-ba8a-f3bb1cecb1f1 ] Request (AggregatesAdminNegativeTestJSON:tearDownClass): 204 DELETE http://10.180.1.21/identity/v3/projects/fa0330a1406343f7adbaaba4dea946bc 0.067s
2025-11-22 02:32:26.605 66751 INFO tempest.lib.common.dynamic_creds [-] Deleting project and security group for project: 6323e8a4fccf4ad9a3e9ca564f48e512
2025-11-22 02:32:26.615 66741 INFO tempest.lib.common.rest_client [req-23604e34-9a08-42d0-8c06-31e993be2e4e req-23604e34-9a08-42d0-8c06-31e993be2e4e ] Request (ImagesMetadataTestJSON:tearDownClass): 204 DELETE http://10.180.1.21/networking/v2.0/security-groups/9130f338-02dc-4db2-9476-838c43c86b9c 0.184s
2025-11-22 02:32:26.653 66729 INFO tempest.lib.common.rest_client [req-f3619220-d920-4a8f-9fbb-72a824f4f2b4 req-f3619220-d920-4a8f-9fbb-72a824f4f2b4 ] Request (ImagesTestJSON:test_create_image_from_suspended_server): 200 GET http://10.180.1.21/compute/v2.1/servers/6bc56fdc-b3e8-47a3-a5e3-9e5292489484 1.213s
2025-11-22 02:32:26.663 66729 INFO tempest.common.waiters [-] State transition "BUILD/spawning" ==> "ACTIVE/None" after 43 second wait
2025-11-22 02:32:26.693 66782 INFO tempest.lib.common.rest_client [req-1f3b2fda-f12a-4206-8bc4-233473d46cce req-1f3b2fda-f12a-4206-8bc4-233473d46cce ] Request (ServerTagsTestJSON:setUpClass): 200 GET http://10.180.1.21/compute/v2.1/servers/63276508-1f28-41b8-a227-941cf769230b 1.134s
2025-11-22 02:32:26.764 66741 INFO tempest.lib.common.rest_client [req-4f299b04-158b-4d89-b0f0-4a79c4e5a785 req-4f299b04-158b-4d89-b0f0-4a79c4e5a785 ] Request (ImagesMetadataTestJSON:tearDownClass): 204 DELETE http://10.180.1.21/identity/v3/projects/50a38280dc844389a006f6f8e365e7ea 0.148s
2025-11-22 02:32:26.813 66751 INFO tempest.lib.common.rest_client [req-bdc0790f-751f-4a4d-83eb-60d428923124 req-bdc0790f-751f-4a4d-83eb-60d428923124 ] Request (AggregatesAdminNegativeTestJSON:tearDownClass): 200 GET http://10.180.1.21/networking/v2.0/security-groups?tenant_id=6323e8a4fccf4ad9a3e9ca564f48e512&name=default 0.208s
2025-11-22 02:32:26.838 66773 INFO tempest.lib.common.rest_client [req-017375c1-50a2-49e3-964f-c4f91ac18225 req-017375c1-50a2-49e3-964f-c4f91ac18225 ] Request (ImagesOneServerNegativeTestJSON:_run_cleanups): 200 GET http://10.180.1.21/compute/v2.1/servers/6662f8cf-7067-498c-816c-a2a71eabb794 1.265s
2025-11-22 02:32:26.853 66787 WARNING tempest.lib.common.ssh [-] Failed to establish authenticated ssh connection to cirros@10.180.180.243 ([Errno None] Unable to connect to port 22 on 10.180.180.243). Number attempts: 4. Retry after 5 seconds.: paramiko.ssh_exception.NoValidConnectionsError: [Errno None] Unable to connect to port 22 on 10.180.180.243
2025-11-22 02:32:26.865 66741 INFO tempest.lib.common.rest_client [req-eba2e139-fb05-467d-bff7-66342243adc6 req-eba2e139-fb05-467d-bff7-66342243adc6 ] Request (AbsoluteLimitsTestJSON:setUpClass): 201 POST http://10.180.1.21/identity/v3/auth/tokens 0.100s
2025-11-22 02:32:26.887 66783 INFO tempest.lib.common.rest_client [req-aec9e83c-3b0f-48f8-b195-cbfe61917dfc req-aec9e83c-3b0f-48f8-b195-cbfe61917dfc ] Request (ServersAdminTestJSON:test_inject_network_info): 200 GET http://10.180.1.21/compute/v2.1/servers/8149884c-96d1-48cd-8cab-60cce093191d 1.277s
2025-11-22 02:32:26.914 66741 INFO tempest.lib.common.rest_client [req-833e9d09-c941-4fd8-a18f-2266e8314423 req-833e9d09-c941-4fd8-a18f-2266e8314423 ] Request (AbsoluteLimitsTestJSON:setUpClass): 201 POST http://10.180.1.21/identity/v3/auth/tokens 0.045s
2025-11-22 02:32:26.950 66777 INFO tempest.lib.common.rest_client [req-ee3b2206-a55b-447e-90b0-1a244952e992 req-ee3b2206-a55b-447e-90b0-1a244952e992 ] Request (VolumesAssistedSnapshotsTest:test_volume_assisted_snapshot_create_delete): 200 GET http://10.180.1.21/volume/v3/volumes/9120c4e3-8580-4e33-b7cf-3c09c2900b08 0.040s
2025-11-22 02:32:26.958 66777 INFO tempest.common.waiters [-] Attachment 76d7fca2-cc53-4d9a-a97a-37013d50194c created for volume 9120c4e3-8580-4e33-b7cf-3c09c2900b08 to server d14bcc9c-c480-41da-89b2-c5988879b84d after waiting for 7.958177 seconds
2025-11-22 02:32:26.961 66741 INFO tempest.lib.common.rest_client [req-bc4f2d24-3c9e-4f06-aa5c-fb473abbf94d req-bc4f2d24-3c9e-4f06-aa5c-fb473abbf94d ] Request (AbsoluteLimitsTestJSON:setUpClass): 200 GET http://10.180.1.21/identity/v3/domains?name=Default 0.047s
2025-11-22 02:32:26.997 66777 INFO tempest.lib.common.rest_client [req-ec944206-d320-4deb-a06b-0c415c41899c req-ec944206-d320-4deb-a06b-0c415c41899c ] Request (VolumesAssistedSnapshotsTest:test_volume_assisted_snapshot_create_delete): 200 GET http://10.180.1.21/volume/v3/volumes/9120c4e3-8580-4e33-b7cf-3c09c2900b08 0.039s
2025-11-22 02:32:27.006 66777 INFO tempest.common.waiters [-] volume 9120c4e3-8580-4e33-b7cf-3c09c2900b08 reached in-use after waiting for 0.006262 seconds
2025-11-22 02:32:27.009 66741 INFO tempest.lib.common.rest_client [req-ee8b9257-64bb-4832-ad92-20ddb04e1e52 req-ee8b9257-64bb-4832-ad92-20ddb04e1e52 ] Request (AbsoluteLimitsTestJSON:setUpClass): 201 POST http://10.180.1.21/identity/v3/projects 0.047s
2025-11-22 02:32:27.012 66751 INFO tempest.lib.common.rest_client [req-5b5d774a-f31f-48cb-9ea5-40bfff41ea85 req-5b5d774a-f31f-48cb-9ea5-40bfff41ea85 ] Request (AggregatesAdminNegativeTestJSON:tearDownClass): 204 DELETE http://10.180.1.21/networking/v2.0/security-groups/7662a5b6-acf3-4326-b6be-505ec9509068 0.198s
2025-11-22 02:32:27.103 66741 INFO tempest.lib.common.rest_client [req-9d7657b8-6e25-4bb0-900d-d338ac60d11e req-9d7657b8-6e25-4bb0-900d-d338ac60d11e ] Request (AbsoluteLimitsTestJSON:setUpClass): 201 POST http://10.180.1.21/identity/v3/users 0.094s
2025-11-22 02:32:27.131 66741 INFO tempest.lib.common.rest_client [req-7f8d7292-1d6d-4fab-a760-ddd9165ee8e9 req-7f8d7292-1d6d-4fab-a760-ddd9165ee8e9 ] Request (AbsoluteLimitsTestJSON:setUpClass): 200 GET http://10.180.1.21/identity/v3/roles 0.027s
2025-11-22 02:32:27.172 66751 INFO tempest.lib.common.rest_client [req-312c2170-0929-40ef-a8e1-f8e77a6a44d1 req-312c2170-0929-40ef-a8e1-f8e77a6a44d1 ] Request (AggregatesAdminNegativeTestJSON:tearDownClass): 204 DELETE http://10.180.1.21/identity/v3/projects/6323e8a4fccf4ad9a3e9ca564f48e512 0.159s
2025-11-22 02:32:27.219 66751 INFO tempest.lib.common.rest_client [req-48d8c2b0-4b9b-4b53-8dd6-306f667e6ec9 req-48d8c2b0-4b9b-4b53-8dd6-306f667e6ec9 ] Request (ImagesNegativeTestJSON:setUpClass): 201 POST http://10.180.1.21/identity/v3/auth/tokens 0.044s
2025-11-22 02:32:27.225 66741 INFO tempest.lib.common.rest_client [req-332a5645-f1bb-4102-8a53-bb9f6eacacc2 req-332a5645-f1bb-4102-8a53-bb9f6eacacc2 ] Request (AbsoluteLimitsTestJSON:setUpClass): 204 PUT http://10.180.1.21/identity/v3/projects/bca60b56bc504cc0a287b288bf55f309/users/f99c150b8f6743e988a2a11de47b4f9d/roles/ca6c30c8b37546969829a0b4ad4f5f13 0.094s
2025-11-22 02:32:27.225 66741 INFO tempest.lib.common.dynamic_creds [-] Dynamic test user f99c150b8f6743e988a2a11de47b4f9d is created with scope project and roles: ['member']
2025-11-22 02:32:27.225 66741 INFO tempest.lib.common.dynamic_creds [-] Acquired dynamic creds: credentials: Credentials: {'domain_id': 'default', 'domain_name': 'Default', 'username': 'tempest-AbsoluteLimitsTestJSON-325907149-project-member', 'project_domain_id': 'default', 'project_domain_name': 'Default', 'project_id': 'bca60b56bc504cc0a287b288bf55f309', 'project_name': 'tempest-AbsoluteLimitsTestJSON-325907149', 'tenant_id': 'bca60b56bc504cc0a287b288bf55f309', 'tenant_name': 'tempest-AbsoluteLimitsTestJSON-325907149', 'user_domain_id': 'default', 'user_domain_name': 'Default', 'user_id': 'f99c150b8f6743e988a2a11de47b4f9d', 'system': None}, Network: None, Subnet: None, Router: None
2025-11-22 02:32:27.226 66741 INFO tempest.lib.common.dynamic_creds [-] Created isolated network resources for: credentials: Credentials: {'domain_id': 'default', 'domain_name': 'Default', 'username': 'tempest-AbsoluteLimitsTestJSON-325907149-project-member', 'project_domain_id': 'default', 'project_domain_name': 'Default', 'project_id': 'bca60b56bc504cc0a287b288bf55f309', 'project_name': 'tempest-AbsoluteLimitsTestJSON-325907149', 'tenant_id': 'bca60b56bc504cc0a287b288bf55f309', 'tenant_name': 'tempest-AbsoluteLimitsTestJSON-325907149', 'user_domain_id': 'default', 'user_domain_name': 'Default', 'user_id': 'f99c150b8f6743e988a2a11de47b4f9d', 'system': None}, Network: None, Subnet: None, Router: None
2025-11-22 02:32:27.297 66775 INFO tempest.lib.common.rest_client [req-45e4d43b-d52a-4be8-b71b-e2d0f137fdf3 req-45e4d43b-d52a-4be8-b71b-e2d0f137fdf3 ] Request (ServerShowV247Test:test_update_rebuild_list_server): 200 GET http://10.180.1.21/compute/v2.1/servers/4ecbd9df-c719-403c-9044-106a88aba881 1.607s
2025-11-22 02:32:27.321 66751 INFO tempest.lib.common.rest_client [req-c8cac26f-dbd3-43ea-adfe-e19a541f8cc8 req-c8cac26f-dbd3-43ea-adfe-e19a541f8cc8 ] Request (ImagesNegativeTestJSON:setUpClass): 201 POST http://10.180.1.21/identity/v3/auth/tokens 0.097s
2025-11-22 02:32:27.321 66741 INFO tempest.lib.common.rest_client [req-47d82ac6-d075-4efa-b4e9-ce6e1e0adbaf req-47d82ac6-d075-4efa-b4e9-ce6e1e0adbaf ] Request (AbsoluteLimitsTestJSON:setUpClass): 201 POST http://10.180.1.21/identity/v3/auth/tokens 0.091s
2025-11-22 02:32:27.347 66759 INFO tempest.lib.common.rest_client [req-03d394fb-b08d-47ec-9898-bdeabd34f4b6 req-03d394fb-b08d-47ec-9898-bdeabd34f4b6 ] Request (ServersTestManualDisk:setUpClass): 200 GET http://10.180.1.21/compute/v2.1/servers/0ad75889-46be-44eb-bb57-024346941623 1.715s
2025-11-22 02:32:27.347 66751 INFO tempest.lib.common.rest_client [req-6d903def-d052-4c6b-8fde-4d9840c85fa1 req-6d903def-d052-4c6b-8fde-4d9840c85fa1 ] Request (ImagesNegativeTestJSON:setUpClass): 200 GET http://10.180.1.21/identity/v3/domains?name=Default 0.025s
2025-11-22 02:32:27.354 66759 INFO tempest.common.waiters [-] State transition "BUILD/None" ==> "BUILD/block_device_mapping" after 36 second wait
2025-11-22 02:32:27.365 66789 INFO tempest.lib.common.rest_client [req-1f843d47-9335-4acc-a2ed-c97995630926 req-1f843d47-9335-4acc-a2ed-c97995630926 ] Request (KeyPairsNegativeTestJSON:test_keypair_delete_nonexistent_key): 404 DELETE http://10.180.1.21/compute/v2.1/os-keypairs/tempest-keypair-non-existent-1931680680 1.628s
2025-11-22 02:32:27.389 66751 INFO tempest.lib.common.rest_client [req-c790d3c7-9214-4694-bcde-01a368c483fa req-c790d3c7-9214-4694-bcde-01a368c483fa ] Request (ImagesNegativeTestJSON:setUpClass): 201 POST http://10.180.1.21/identity/v3/projects 0.042s
2025-11-22 02:32:27.412 66761 INFO tempest.lib.common.rest_client [req-09cee55b-b4fe-4a72-a863-3189989e330a req-09cee55b-b4fe-4a72-a863-3189989e330a ] Request (AttachVolumeShelveTestJSON:test_attach_volume_shelved_or_offload_server): 200 GET http://10.180.1.21/compute/v2.1/servers/5b07e7ea-8f5e-463d-8318-2f4f56779416 1.702s
2025-11-22 02:32:27.439 66791 INFO tempest.lib.common.rest_client [req-49d04006-05b3-4f0a-a271-7a7a6e586082 req-49d04006-05b3-4f0a-a271-7a7a6e586082 ] Request (FlavorsAdminTestJSON:_run_cleanups): 202 DELETE http://10.180.1.21/compute/v2.1/flavors/1086344923 1.641s
2025-11-22 02:32:27.461 66789 INFO tempest.lib.common.rest_client [req-b957c5be-bf13-488c-920f-5859adf5d6c0 req-b957c5be-bf13-488c-920f-5859adf5d6c0 ] Request (KeyPairsNegativeTestJSON:tearDownClass): 204 DELETE http://10.180.1.21/identity/v3/users/b2b49601496842c19a8717b5e1650cef 0.092s
2025-11-22 02:32:27.461 66789 INFO tempest.lib.common.dynamic_creds [-] Deleting project and security group for project: cc06770293f943a59f2c48d2e6b4aedb
2025-11-22 02:32:27.476 66764 INFO tempest.lib.common.rest_client [req-58eae044-ea89-4ef2-b87f-b509337dd302 req-58eae044-ea89-4ef2-b87f-b509337dd302 ] Request (SecurityGroupsTestJSON:test_server_security_groups): 200 GET http://10.180.1.21/compute/v2.1/servers/63ab6bdd-6477-4d76-85c4-d5cad5d6ce97 1.734s
2025-11-22 02:32:27.491 66751 INFO tempest.lib.common.rest_client [req-75686b45-b1a4-48f4-8114-f6fc9c07e4d0 req-75686b45-b1a4-48f4-8114-f6fc9c07e4d0 ] Request (ImagesNegativeTestJSON:setUpClass): 201 POST http://10.180.1.21/identity/v3/users 0.100s
2025-11-22 02:32:27.492 66753 INFO tempest.lib.common.rest_client [req-78f69e0c-4733-4337-9529-2e30f0f9634b req-78f69e0c-4733-4337-9529-2e30f0f9634b ] Request (FlavorsV2TestJSON:test_list_flavors_detailed_limit_results): 200 GET http://10.180.1.21/compute/v2.1/flavors/detail?limit=1 1.654s
2025-11-22 02:32:27.535 66789 INFO tempest.lib.common.rest_client [req-2c1b869c-4240-4591-8195-495caf44ff95 req-2c1b869c-4240-4591-8195-495caf44ff95 ] Request (KeyPairsNegativeTestJSON:tearDownClass): 201 POST http://10.180.1.21/identity/v3/auth/tokens 0.073s
2025-11-22 02:32:27.549 66771 INFO tempest.lib.common.rest_client [req-1d4af1b5-6cde-4575-9c60-0732e538e5a9 req-1d4af1b5-6cde-4575-9c60-0732e538e5a9 ] Request (ServersAdmin275Test:test_rebuild_update_server_275): 200 GET http://10.180.1.21/compute/v2.1/servers/4b2edd18-6c4c-41c5-8da0-729b41bc7727 1.741s
2025-11-22 02:32:27.557 66751 INFO tempest.lib.common.rest_client [req-3136c0f6-c7ae-4955-8c26-cd094fc3cc8e req-3136c0f6-c7ae-4955-8c26-cd094fc3cc8e ] Request (ImagesNegativeTestJSON:setUpClass): 200 GET http://10.180.1.21/identity/v3/roles 0.065s
2025-11-22 02:32:27.590 66733 WARNING tempest.lib.common.ssh [-] Failed to establish authenticated ssh connection to cirros@10.180.180.145 ([Errno None] Unable to connect to port 22 on 10.180.180.145). Number attempts: 7. Retry after 8 seconds.: paramiko.ssh_exception.NoValidConnectionsError: [Errno None] Unable to connect to port 22 on 10.180.180.145
2025-11-22 02:32:27.596 66751 INFO tempest.lib.common.rest_client [req-a756f425-f28a-4362-895a-4a2f0ecaf419 req-a756f425-f28a-4362-895a-4a2f0ecaf419 ] Request (ImagesNegativeTestJSON:setUpClass): 204 PUT http://10.180.1.21/identity/v3/projects/d4b8fa9ee7524181bfc3144f6b2e8c58/users/15d5c09ec7f64c9a9b835e3cd4e6bde9/roles/ca6c30c8b37546969829a0b4ad4f5f13 0.039s
2025-11-22 02:32:27.596 66751 INFO tempest.lib.common.dynamic_creds [-] Dynamic test user 15d5c09ec7f64c9a9b835e3cd4e6bde9 is created with scope project and roles: ['member']
2025-11-22 02:32:27.596 66751 INFO tempest.lib.common.dynamic_creds [-] Acquired dynamic creds: credentials: Credentials: {'domain_id': 'default', 'domain_name': 'Default', 'username': 'tempest-ImagesNegativeTestJSON-327020873-project-member', 'project_domain_id': 'default', 'project_domain_name': 'Default', 'project_id': 'd4b8fa9ee7524181bfc3144f6b2e8c58', 'project_name': 'tempest-ImagesNegativeTestJSON-327020873', 'tenant_id': 'd4b8fa9ee7524181bfc3144f6b2e8c58', 'tenant_name': 'tempest-ImagesNegativeTestJSON-327020873', 'user_domain_id': 'default', 'user_domain_name': 'Default', 'user_id': '15d5c09ec7f64c9a9b835e3cd4e6bde9', 'system': None}, Network: None, Subnet: None, Router: None
2025-11-22 02:32:27.629 66747 INFO tempest.lib.common.rest_client [req-05f5496c-f6b3-43ef-bdcd-a600820e2b3b req-05f5496c-f6b3-43ef-bdcd-a600820e2b3b ] Request (ServersAdminNegativeTestJSON:setUpClass): 200 GET http://10.180.1.21/compute/v2.1/servers/34e3f818-6b62-44b0-bc25-c0c07369d48d 1.764s
2025-11-22 02:32:27.677 66751 INFO tempest.lib.common.rest_client [req-75c199ad-cdec-4751-91f0-aca0b51a29fb req-75c199ad-cdec-4751-91f0-aca0b51a29fb ] Request (ImagesNegativeTestJSON:setUpClass): 201 POST http://10.180.1.21/identity/v3/auth/tokens 0.080s
2025-11-22 02:32:27.831 66789 INFO tempest.lib.common.rest_client [req-4b8b1cb4-870c-4e0f-bf3e-c94ff1725818 req-4b8b1cb4-870c-4e0f-bf3e-c94ff1725818 ] Request (KeyPairsNegativeTestJSON:tearDownClass): 200 GET http://10.180.1.21/networking/v2.0/security-groups?tenant_id=cc06770293f943a59f2c48d2e6b4aedb&name=default 0.296s
2025-11-22 02:32:27.885 66737 INFO tempest.lib.common.rest_client [req-1ae91cf2-ef4e-4fd6-9155-e08cd3e0042b req-1ae91cf2-ef4e-4fd6-9155-e08cd3e0042b ] Request (DeleteServersAdminTestJSON:test_delete_server_while_in_error_state): 200 GET http://10.180.1.21/compute/v2.1/servers/6ef46753-bbda-4768-b380-ce905ac08c52 1.955s
2025-11-22 02:32:27.937 66755 INFO tempest.lib.common.rest_client [req-0430fdef-b2e7-492d-800d-d3f3a2e0fe0a req-0430fdef-b2e7-492d-800d-d3f3a2e0fe0a ] Request (TenantUsagesTestJSON:tearDownClass): 200 GET http://10.180.1.21/compute/v2.1/servers/0cebebce-725e-4c64-bbad-57fa29ed8f40 1.998s
2025-11-22 02:32:27.943 66785 INFO tempest.lib.common.rest_client [req-89a88360-1963-402e-83b7-a4e92f9477ca req-89a88360-1963-402e-83b7-a4e92f9477ca ] Request (ListServersNegativeTestJSON:test_list_servers_by_changes_since_invalid_date): 400 GET http://10.180.1.21/compute/v2.1/servers?changes-since=2011%2F01%2F01 1.960s
2025-11-22 02:32:27.957 66745 INFO tempest.lib.common.rest_client [req-314066eb-df21-49e3-8892-ca935dbc2bbd req-314066eb-df21-49e3-8892-ca935dbc2bbd ] Request (MigrationsAdminTest:test_resize_server_revert_deleted_flavor): 200 POST http://10.180.1.21/compute/v2.1/flavors 1.958s
2025-11-22 02:32:27.979 66757 INFO tempest.lib.common.rest_client [req-57fdd1dd-24e9-4575-bda7-cc5326428050 req-57fdd1dd-24e9-4575-bda7-cc5326428050 ] Request (FloatingIPsAssociationTestJSON:_run_cleanups): 204 DELETE http://10.180.1.21/compute/v2.1/servers/483682f3-a48c-41fd-af61-33816e275468 2.001s
2025-11-22 02:32:28.174 66751 INFO tempest.lib.common.rest_client [req-6b166717-6505-4f25-95a6-840e629d47b4 req-6b166717-6505-4f25-95a6-840e629d47b4 ] Request (ImagesNegativeTestJSON:setUpClass): 201 POST http://10.180.1.21/networking/v2.0/networks 0.496s
2025-11-22 02:32:28.247 66789 INFO tempest.lib.common.rest_client [req-16b7b993-7fd3-49a3-9d10-8f0e0cd9ab6b req-16b7b993-7fd3-49a3-9d10-8f0e0cd9ab6b ] Request (KeyPairsNegativeTestJSON:tearDownClass): 204 DELETE http://10.180.1.21/networking/v2.0/security-groups/9a821511-8cef-4a0a-b1df-48b33e22687f 0.415s
2025-11-22 02:32:28.323 66789 INFO tempest.lib.common.rest_client [req-55ddf90d-c7bf-4da0-b62f-54eec401f8f0 req-55ddf90d-c7bf-4da0-b62f-54eec401f8f0 ] Request (KeyPairsNegativeTestJSON:tearDownClass): 204 DELETE http://10.180.1.21/identity/v3/projects/cc06770293f943a59f2c48d2e6b4aedb 0.075s
2025-11-22 02:32:28.340 66765 INFO tempest.lib.common.rest_client [req-3a28794e-75ef-4355-9373-805160090bc2 req-3a28794e-75ef-4355-9373-805160090bc2 ] Request (AttachVolumeNegativeTest:test_attach_attached_volume_to_different_server): 200 GET http://10.180.1.21/compute/v2.1/servers/68cce7af-74af-49fe-8b76-f72da82f5391 2.335s
2025-11-22 02:32:28.403 66789 INFO tempest.lib.common.rest_client [req-bf8af409-7d92-454c-b1ee-c717d8bae87f req-bf8af409-7d92-454c-b1ee-c717d8bae87f ] Request (ServersTestJSON:setUpClass): 201 POST http://10.180.1.21/identity/v3/auth/tokens 0.078s
2025-11-22 02:32:28.441 66789 INFO tempest.lib.common.rest_client [req-c9cb27b8-982e-4554-8d32-dacc27f83696 req-c9cb27b8-982e-4554-8d32-dacc27f83696 ] Request (ServersTestJSON:setUpClass): 201 POST http://10.180.1.21/identity/v3/auth/tokens 0.035s
2025-11-22 02:32:28.469 66789 INFO tempest.lib.common.rest_client [req-a74b1342-edd8-4616-b6af-799c9c1e0fc0 req-a74b1342-edd8-4616-b6af-799c9c1e0fc0 ] Request (ServersTestJSON:setUpClass): 200 GET http://10.180.1.21/identity/v3/domains?name=Default 0.027s
2025-11-22 02:32:28.523 66789 INFO tempest.lib.common.rest_client [req-1726f4b4-c565-488a-b351-32f67c3c241f req-1726f4b4-c565-488a-b351-32f67c3c241f ] Request (ServersTestJSON:setUpClass): 201 POST http://10.180.1.21/identity/v3/projects 0.053s
2025-11-22 02:32:28.558 66751 INFO tempest.lib.common.rest_client [req-70225fb2-6fe4-4fca-99ea-669b96752b1c req-70225fb2-6fe4-4fca-99ea-669b96752b1c ] Request (ImagesNegativeTestJSON:setUpClass): 201 POST http://10.180.1.21/networking/v2.0/subnets 0.384s
2025-11-22 02:32:28.598 66789 INFO tempest.lib.common.rest_client [req-0acc44a9-a1a0-49f3-98b7-481bbd4c02f0 req-0acc44a9-a1a0-49f3-98b7-481bbd4c02f0 ] Request (ServersTestJSON:setUpClass): 201 POST http://10.180.1.21/identity/v3/users 0.073s
2025-11-22 02:32:28.622 66789 INFO tempest.lib.common.rest_client [req-f232fcee-56b7-4358-beaa-aae2ceabdc08 req-f232fcee-56b7-4358-beaa-aae2ceabdc08 ] Request (ServersTestJSON:setUpClass): 200 GET http://10.180.1.21/identity/v3/roles 0.023s
2025-11-22 02:32:28.655 66789 INFO tempest.lib.common.rest_client [req-f926d081-bbe5-4c7c-8da1-27e5b2d3af7d req-f926d081-bbe5-4c7c-8da1-27e5b2d3af7d ] Request (ServersTestJSON:setUpClass): 204 PUT http://10.180.1.21/identity/v3/projects/82fd3eb385444a6ea984f4a2edb68de3/users/b0cc94e24ea34d4b8d163f16438e9fb8/roles/ca6c30c8b37546969829a0b4ad4f5f13 0.033s
2025-11-22 02:32:28.655 66789 INFO tempest.lib.common.dynamic_creds [-] Dynamic test user b0cc94e24ea34d4b8d163f16438e9fb8 is created with scope project and roles: ['member']
2025-11-22 02:32:28.655 66789 INFO tempest.lib.common.dynamic_creds [-] Acquired dynamic creds: credentials: Credentials: {'domain_id': 'default', 'domain_name': 'Default', 'username': 'tempest-ServersTestJSON-1686957391-project-member', 'project_domain_id': 'default', 'project_domain_name': 'Default', 'project_id': '82fd3eb385444a6ea984f4a2edb68de3', 'project_name': 'tempest-ServersTestJSON-1686957391', 'tenant_id': '82fd3eb385444a6ea984f4a2edb68de3', 'tenant_name': 'tempest-ServersTestJSON-1686957391', 'user_domain_id': 'default', 'user_domain_name': 'Default', 'user_id': 'b0cc94e24ea34d4b8d163f16438e9fb8', 'system': None}, Network: None, Subnet: None, Router: None
2025-11-22 02:32:28.724 66743 INFO tempest.lib.common.rest_client [req-fb5af3fa-51ce-42be-9608-8ae54648ad0f req-fb5af3fa-51ce-42be-9608-8ae54648ad0f ] Request (InstanceActionsTestJSON:setUpClass): 200 GET http://10.180.1.21/compute/v2.1/servers/1570960e-219e-486d-96b5-168e5e04ecd6 2.628s
2025-11-22 02:32:28.733 66789 INFO tempest.lib.common.rest_client [req-cf365d85-1b32-42c9-b1d5-696fe027e3a8 req-cf365d85-1b32-42c9-b1d5-696fe027e3a8 ] Request (ServersTestJSON:setUpClass): 201 POST http://10.180.1.21/identity/v3/auth/tokens 0.078s
2025-11-22 02:32:28.738 66743 INFO tempest.common.waiters [-] State transition "BUILD/spawning" ==> "ACTIVE/None" after 39 second wait
2025-11-22 02:32:28.746 66739 INFO tempest.lib.common.rest_client [req-152dd6bf-50ca-4de7-bba6-726a368c9775 req-152dd6bf-50ca-4de7-bba6-726a368c9775 ] Request (ServerActionsTestOtherA:test_rebuild_server_in_stop_state): 200 GET http://10.180.1.21/compute/v2.1/servers/7e6ce7bd-02d8-4e89-8c90-cdb3df2cb874 2.579s
2025-11-22 02:32:28.858 66729 INFO tempest.lib.common.rest_client [req-dc2ff364-f1e6-49d0-84a7-000e7a43331a req-dc2ff364-f1e6-49d0-84a7-000e7a43331a ] Request (ImagesTestJSON:test_create_image_from_suspended_server): 202 POST http://10.180.1.21/compute/v2.1/servers/6bc56fdc-b3e8-47a3-a5e3-9e5292489484/action 2.194s
2025-11-22 02:32:29.065 66777 INFO tempest.lib.common.rest_client [req-bf8da998-ecab-4668-86bb-645ed8303f28 req-bf8da998-ecab-4668-86bb-645ed8303f28 ] Request (VolumesAssistedSnapshotsTest:test_volume_assisted_snapshot_create_delete): 200 POST http://10.180.1.21/compute/v2.1/os-assisted-volume-snapshots 2.059s
2025-11-22 02:32:29.120 66789 INFO tempest.lib.common.rest_client [req-2a4db4d2-26ee-4134-a66d-3f8df4bab864 req-2a4db4d2-26ee-4134-a66d-3f8df4bab864 ] Request (ServersTestJSON:setUpClass): 201 POST http://10.180.1.21/networking/v2.0/networks 0.386s
