2025-11-22 02:31:56.533 66765 INFO tempest.lib.common.rest_client [req-fa0007ec-af69-4b22-8e7a-c8dff4c1f8b4 req-fa0007ec-af69-4b22-8e7a-c8dff4c1f8b4 ] Request (FloatingIPDetailsNegativeTestJSON:tearDownClass): 204 DELETE http://10.180.1.21/identity/v3/projects/5d27bd1130db4f60bf5d1c40efeb1bde 0.151s
2025-11-22 02:31:56.548 66789 INFO tempest.lib.common.rest_client [req-0f0ed639-991f-477b-949e-4e8ef96bceda req-0f0ed639-991f-477b-949e-4e8ef96bceda ] Request (VolumesAdminNegativeTest:tearDownClass): 204 DELETE http://10.180.1.21/networking/v2.0/subnets/e83d3ccb-21ae-4a8b-8523-fe9350b6cea1 0.169s
2025-11-22 02:31:56.579 66782 INFO tempest.lib.common.rest_client [req-d571d7fc-18ff-4ee9-86fb-02f48bc147af req-d571d7fc-18ff-4ee9-86fb-02f48bc147af ] Request (ServerTagsTestJSON:setUpClass): 200 GET http://10.180.1.21/compute/v2.1/servers/63276508-1f28-41b8-a227-941cf769230b 3.859s
2025-11-22 02:31:56.591 66782 INFO tempest.common.waiters [-] State transition "BUILD/scheduling" ==> "BUILD/None" after 5 second wait
2025-11-22 02:31:56.616 66765 INFO tempest.lib.common.rest_client [req-9e4a584d-355d-4fc6-8409-defc77a09681 req-9e4a584d-355d-4fc6-8409-defc77a09681 ] Request (ImagesMetadataNegativeTestJSON:setUpClass): 201 POST http://10.180.1.21/identity/v3/auth/tokens 0.082s
2025-11-22 02:31:56.658 66765 INFO tempest.lib.common.rest_client [req-ba4f0104-cee9-49eb-a2ff-21b3f783ec5f req-ba4f0104-cee9-49eb-a2ff-21b3f783ec5f ] Request (ImagesMetadataNegativeTestJSON:setUpClass): 201 POST http://10.180.1.21/identity/v3/auth/tokens 0.039s
2025-11-22 02:31:56.688 66765 INFO tempest.lib.common.rest_client [req-2014c4cc-3427-4dca-8198-efa5bdddd744 req-2014c4cc-3427-4dca-8198-efa5bdddd744 ] Request (ImagesMetadataNegativeTestJSON:setUpClass): 200 GET http://10.180.1.21/identity/v3/domains?name=Default 0.030s
2025-11-22 02:31:56.722 66765 INFO tempest.lib.common.rest_client [req-18463634-85da-46e4-b91f-f8e9272ecd02 req-18463634-85da-46e4-b91f-f8e9272ecd02 ] Request (ImagesMetadataNegativeTestJSON:setUpClass): 201 POST http://10.180.1.21/identity/v3/projects 0.033s
2025-11-22 02:31:56.734 66787 INFO tempest.lib.common.rest_client [req-63b4e0be-6748-4bae-b37d-e94ac9366bc4 req-63b4e0be-6748-4bae-b37d-e94ac9366bc4 ] Request (AttachInterfacesUnderV243Test:test_add_remove_fixed_ip): 200 GET http://10.180.1.21/compute/v2.1/servers/39cf8f4e-b9e6-4be4-ae4c-477a30caa863 4.114s
2025-11-22 02:31:56.767 66745 INFO tempest.lib.common.rest_client [req-bb73e721-dfc4-4924-86a9-d22fc935cc69 req-bb73e721-dfc4-4924-86a9-d22fc935cc69 ] Request (MigrationsAdminTest:test_list_migrations_in_flavor_resize_situation): 200 GET http://10.180.1.21/compute/v2.1/servers/50100388-5d79-438b-84f9-6b544f3db280 3.956s
2025-11-22 02:31:56.817 66759 INFO tempest.lib.common.rest_client [req-c8d6e6e3-5069-4659-b158-e0e42778c593 req-c8d6e6e3-5069-4659-b158-e0e42778c593 ] Request (ServersTestManualDisk:setUpClass): 200 GET http://10.180.1.21/compute/v2.1/servers/0ad75889-46be-44eb-bb57-024346941623 3.983s
2025-11-22 02:31:56.835 66765 INFO tempest.lib.common.rest_client [req-58729dfb-5a73-45c7-8e55-137794f9513f req-58729dfb-5a73-45c7-8e55-137794f9513f ] Request (ImagesMetadataNegativeTestJSON:setUpClass): 201 POST http://10.180.1.21/identity/v3/users 0.112s
2025-11-22 02:31:56.870 66765 INFO tempest.lib.common.rest_client [req-b6d56d0a-995a-4d33-8b34-eaafa4ede2c7 req-b6d56d0a-995a-4d33-8b34-eaafa4ede2c7 ] Request (ImagesMetadataNegativeTestJSON:setUpClass): 200 GET http://10.180.1.21/identity/v3/roles 0.033s
2025-11-22 02:31:56.905 66765 INFO tempest.lib.common.rest_client [req-a2613e0c-fb28-4a9d-98a4-3903243f7ac5 req-a2613e0c-fb28-4a9d-98a4-3903243f7ac5 ] Request (ImagesMetadataNegativeTestJSON:setUpClass): 204 PUT http://10.180.1.21/identity/v3/projects/c95353bf62b84fcba0143936c814a41f/users/03cd5d6fd39d40b7996c993e955fdb7f/roles/ca6c30c8b37546969829a0b4ad4f5f13 0.035s
2025-11-22 02:31:56.905 66765 INFO tempest.lib.common.dynamic_creds [-] Dynamic test user 03cd5d6fd39d40b7996c993e955fdb7f is created with scope project and roles: ['member']
2025-11-22 02:31:56.905 66765 INFO tempest.lib.common.dynamic_creds [-] Acquired dynamic creds: credentials: Credentials: {'domain_id': 'default', 'domain_name': 'Default', 'username': 'tempest-ImagesMetadataNegativeTestJSON-1888808427-project-member', 'project_domain_id': 'default', 'project_domain_name': 'Default', 'project_id': 'c95353bf62b84fcba0143936c814a41f', 'project_name': 'tempest-ImagesMetadataNegativeTestJSON-1888808427', 'tenant_id': 'c95353bf62b84fcba0143936c814a41f', 'tenant_name': 'tempest-ImagesMetadataNegativeTestJSON-1888808427', 'user_domain_id': 'default', 'user_domain_name': 'Default', 'user_id': '03cd5d6fd39d40b7996c993e955fdb7f', 'system': None}, Network: None, Subnet: None, Router: None
2025-11-22 02:31:56.905 66765 INFO tempest.lib.common.dynamic_creds [-] Created isolated network resources for: credentials: Credentials: {'domain_id': 'default', 'domain_name': 'Default', 'username': 'tempest-ImagesMetadataNegativeTestJSON-1888808427-project-member', 'project_domain_id': 'default', 'project_domain_name': 'Default', 'project_id': 'c95353bf62b84fcba0143936c814a41f', 'project_name': 'tempest-ImagesMetadataNegativeTestJSON-1888808427', 'tenant_id': 'c95353bf62b84fcba0143936c814a41f', 'tenant_name': 'tempest-ImagesMetadataNegativeTestJSON-1888808427', 'user_domain_id': 'default', 'user_domain_name': 'Default', 'user_id': '03cd5d6fd39d40b7996c993e955fdb7f', 'system': None}, Network: None, Subnet: None, Router: None
2025-11-22 02:31:56.966 66733 WARNING tempest.lib.common.ssh [-] Failed to establish authenticated ssh connection to cirros@10.180.180.145 ([Errno None] Unable to connect to port 22 on 10.180.180.145). Number attempts: 2. Retry after 3 seconds.: paramiko.ssh_exception.NoValidConnectionsError: [Errno None] Unable to connect to port 22 on 10.180.180.145
2025-11-22 02:31:57.034 66765 INFO tempest.lib.common.rest_client [req-8a375ca4-57df-4d29-a674-3f1cb65c58e7 req-8a375ca4-57df-4d29-a674-3f1cb65c58e7 ] Request (ImagesMetadataNegativeTestJSON:setUpClass): 201 POST http://10.180.1.21/identity/v3/auth/tokens 0.125s
2025-11-22 02:31:57.092 66767 INFO tempest.lib.common.rest_client [req-f6745297-5c74-4db3-94d4-db90cefd02ae req-f6745297-5c74-4db3-94d4-db90cefd02ae ] Request (ServersWithSpecificFlavorTestJSON:test_verify_created_server_ephemeral_disk): 200 GET http://10.180.1.21/compute/v2.1/servers/ee267d90-4310-41c4-b628-c0cf4b46a4dd 4.174s
2025-11-22 02:31:57.102 66767 INFO tempest.lib.common.ssh [-] Creating ssh connection to '10.180.180.231:22' as 'cirros' with public key authentication
2025-11-22 02:31:57.116 66789 INFO tempest.lib.common.rest_client [req-039e195c-424f-4a64-a690-49ec36fc3495 req-039e195c-424f-4a64-a690-49ec36fc3495 ] Request (VolumesAdminNegativeTest:tearDownClass): 204 DELETE http://10.180.1.21/networking/v2.0/networks/541ef7db-6c43-4f0c-8ccd-482ff773f4eb 0.568s
2025-11-22 02:31:57.126 66791 INFO tempest.lib.common.rest_client [req-275e8306-51bc-487b-b78b-c090f9525642 req-275e8306-51bc-487b-b78b-c090f9525642 ] Request (FlavorsAdminTestJSON:_run_cleanups): 202 DELETE http://10.180.1.21/compute/v2.1/flavors/27824204 4.110s
2025-11-22 02:31:57.404 66777 WARNING tempest.lib.common.ssh [-] Failed to establish authenticated ssh connection to cirros@10.180.180.232 ([Errno None] Unable to connect to port 22 on 10.180.180.232). Number attempts: 6. Retry after 7 seconds.: paramiko.ssh_exception.NoValidConnectionsError: [Errno None] Unable to connect to port 22 on 10.180.180.232
2025-11-22 02:31:57.887 66789 INFO tempest.lib.common.rest_client [req-f35d69c3-d930-459a-af87-b069e48f1b6b req-f35d69c3-d930-459a-af87-b069e48f1b6b ] Request (VolumesAdminNegativeTest:tearDownClass): 200 PUT http://10.180.1.21/networking/v2.0/routers/7ada51e2-3791-4268-a6fa-72b5f54e4062/remove_router_interface 0.770s
2025-11-22 02:31:57.917 66771 INFO tempest.lib.common.rest_client [req-a2d68f85-9e50-4837-b48e-007021cd7e5e req-a2d68f85-9e50-4837-b48e-007021cd7e5e ] Request (ServersAdmin275Test:test_rebuild_update_server_275): 200 PUT http://10.180.1.21/compute/v2.1/servers/4b2edd18-6c4c-41c5-8da0-729b41bc7727 4.818s
2025-11-22 02:31:58.379 66789 INFO tempest.lib.common.rest_client [req-eaa85454-bba2-4d1f-94b2-0fc7062034ba req-eaa85454-bba2-4d1f-94b2-0fc7062034ba ] Request (VolumesAdminNegativeTest:tearDownClass): 204 DELETE http://10.180.1.21/networking/v2.0/routers/7ada51e2-3791-4268-a6fa-72b5f54e4062 0.491s
2025-11-22 02:31:58.545 66789 INFO tempest.lib.common.rest_client [req-41805ac8-fe3d-459c-a618-ecdfbce3a5d3 req-41805ac8-fe3d-459c-a618-ecdfbce3a5d3 ] Request (VolumesAdminNegativeTest:tearDownClass): 204 DELETE http://10.180.1.21/networking/v2.0/subnets/7bfeb1a6-211e-450d-b444-74081f168b9d 0.165s
2025-11-22 02:31:58.833 66789 INFO tempest.lib.common.rest_client [req-3943b9d5-ee03-47e0-994b-6d57ea68179d req-3943b9d5-ee03-47e0-994b-6d57ea68179d ] Request (VolumesAdminNegativeTest:tearDownClass): 204 DELETE http://10.180.1.21/networking/v2.0/networks/05bd4f35-ccdd-4c07-a5ee-200da9d0ebdf 0.287s
2025-11-22 02:31:58.952 66747 INFO tempest.lib.common.rest_client [req-119f9fdd-2739-4385-9c2a-514637b7a003 req-119f9fdd-2739-4385-9c2a-514637b7a003 ] Request (ServersAdminNegativeTestJSON:setUpClass): 202 POST http://10.180.1.21/compute/v2.1/servers 5.445s
2025-11-22 02:31:59.666 66789 INFO tempest.lib.common.rest_client [req-ea61bf77-76be-42c2-853c-6afbc9c3c48f req-ea61bf77-76be-42c2-853c-6afbc9c3c48f ] Request (VolumesAdminNegativeTest:tearDownClass): 200 PUT http://10.180.1.21/networking/v2.0/routers/f2dacb38-8379-42d3-8a17-e7291167126c/remove_router_interface 0.833s
2025-11-22 02:31:59.721 66764 INFO tempest.lib.common.rest_client [req-a7ba28e9-d240-4f83-be9a-f0f0019bdc7e req-a7ba28e9-d240-4f83-be9a-f0f0019bdc7e ] Request (SecurityGroupsTestJSON:test_security_groups_create_list_delete): 404 GET http://10.180.1.21/compute/v2.1/os-security-groups/83a6fcc9-eaff-4715-a292-4b6936a850d7 6.213s
2025-11-22 02:31:59.885 66753 INFO tempest.lib.common.rest_client [req-c38d38cf-15fd-4210-9a84-238786fb89c0 req-c38d38cf-15fd-4210-9a84-238786fb89c0 ] Request (QuotasAdminNegativeTest:test_create_server_when_memory_quota_is_full): 200 PUT http://10.180.1.21/compute/v2.1/os-quota-sets/7fdd8d1b22ed4b80a20149e9a7022bd4 6.223s
2025-11-22 02:31:59.981 66753 INFO tempest.lib.common.rest_client [req-34dd0869-17af-4c3d-bacf-37dda965b014 req-34dd0869-17af-4c3d-bacf-37dda965b014 ] Request (QuotasAdminNegativeTest:test_create_server_when_memory_quota_is_full): 201 POST http://10.180.1.21/identity/v3/auth/tokens 0.090s
2025-11-22 02:31:59.982 66753 INFO tempest.lib.common.fixed_network [-] (QuotasAdminNegativeTest:test_create_server_when_memory_quota_is_full) Found network None available for tenant
2025-11-22 02:32:00.166 66767 WARNING tempest.lib.common.ssh [-] Failed to establish authenticated ssh connection to cirros@10.180.180.231 ([Errno None] Unable to connect to port 22 on 10.180.180.231). Number attempts: 1. Retry after 2 seconds.: paramiko.ssh_exception.NoValidConnectionsError: [Errno None] Unable to connect to port 22 on 10.180.180.231
2025-11-22 02:32:00.207 66789 INFO tempest.lib.common.rest_client [req-214b310c-dcae-496a-a713-59b1a8bd77f0 req-214b310c-dcae-496a-a713-59b1a8bd77f0 ] Request (VolumesAdminNegativeTest:tearDownClass): 204 DELETE http://10.180.1.21/networking/v2.0/routers/f2dacb38-8379-42d3-8a17-e7291167126c 0.540s
2025-11-22 02:32:00.254 66743 INFO tempest.lib.common.rest_client [req-ab2d55b3-7c7c-435c-bb53-fdf2d56271c1 req-ab2d55b3-7c7c-435c-bb53-fdf2d56271c1 ] Request (InstanceActionsTestJSON:setUpClass): 200 GET http://10.180.1.21/compute/v2.1/servers/1570960e-219e-486d-96b5-168e5e04ecd6 6.518s
2025-11-22 02:32:00.383 66789 INFO tempest.lib.common.rest_client [req-5e5274cb-0a6f-4e2c-a34b-faab7647290d req-5e5274cb-0a6f-4e2c-a34b-faab7647290d ] Request (VolumesAdminNegativeTest:tearDownClass): 204 DELETE http://10.180.1.21/networking/v2.0/subnets/73b48e13-865f-447b-9b98-f37a9239cefb 0.175s
2025-11-22 02:32:00.471 66779 INFO tempest.lib.common.rest_client [req-b96cce39-e691-47a3-8bd7-c88925520587 req-b96cce39-e691-47a3-8bd7-c88925520587 ] Request (FloatingIPsAssociationNegativeTestJSON:test_associate_ip_to_server_with_floating_ip): 202 POST http://10.180.1.21/compute/v2.1/servers/f14ef44c-5a8f-4b45-8739-6eea873192e7/action 7.479s
2025-11-22 02:32:00.496 66751 INFO tempest.lib.common.rest_client [req-839e4e83-713a-42bb-8756-32d7cdf44c6e req-839e4e83-713a-42bb-8756-32d7cdf44c6e ] Request (AggregatesAdminNegativeTestJSON:_run_cleanups): 200 DELETE http://10.180.1.21/compute/v2.1/os-aggregates/6 5.907s
2025-11-22 02:32:00.516 66731 INFO tempest.lib.common.rest_client [req-0a01ce36-3305-42b4-b5bc-cefa7a0c2ccd req-0a01ce36-3305-42b4-b5bc-cefa7a0c2ccd ] Request (KeyPairsV210TestJSON:_run_cleanups): 204 DELETE http://10.180.1.21/compute/v2.1/os-keypairs/tempest-KeyPairsV210TestJSON-keypair-249190276 5.905s
2025-11-22 02:32:00.539 66775 INFO tempest.lib.common.rest_client [req-75a92637-5cc9-49a9-a73d-839ec410a54d req-75a92637-5cc9-49a9-a73d-839ec410a54d ] Request (FlavorsAccessNegativeTestJSON:_run_cleanups): 200 GET http://10.180.1.21/compute/v2.1/flavors/detail 5.911s
2025-11-22 02:32:00.648 66775 INFO tempest.lib.common.rest_client [req-456f0616-1ef6-401a-8875-acbd87389858 req-456f0616-1ef6-401a-8875-acbd87389858 ] Request (FlavorsAccessNegativeTestJSON:tearDownClass): 204 DELETE http://10.180.1.21/identity/v3/users/be20d9a894c840b4a00a1840ad3381de 0.102s
2025-11-22 02:32:00.680 66737 INFO tempest.lib.common.rest_client [req-4c5e015d-2973-439e-a770-9a4f92c41d8f req-4c5e015d-2973-439e-a770-9a4f92c41d8f ] Request (DeleteServersAdminTestJSON:test_delete_server_while_in_error_state): 200 GET http://10.180.1.21/compute/v2.1/servers/6ef46753-bbda-4768-b380-ce905ac08c52 6.196s
2025-11-22 02:32:00.690 66737 INFO tempest.common.waiters [-] State transition "BUILD/spawning" ==> "ACTIVE/None" after 38 second wait
2025-11-22 02:32:00.789 66789 INFO tempest.lib.common.rest_client [req-08d2e8c2-5b6f-4214-9f7a-96b2dd3bacd3 req-08d2e8c2-5b6f-4214-9f7a-96b2dd3bacd3 ] Request (VolumesAdminNegativeTest:tearDownClass): 204 DELETE http://10.180.1.21/networking/v2.0/networks/355ea368-1d1f-4fe8-8057-8ef56e4d4375 0.405s
2025-11-22 02:32:00.792 66775 INFO tempest.lib.common.rest_client [req-011be4cc-28af-4dc3-bac0-b39f9fb1384c req-011be4cc-28af-4dc3-bac0-b39f9fb1384c ] Request (FlavorsAccessNegativeTestJSON:tearDownClass): 204 DELETE http://10.180.1.21/identity/v3/users/b9353f3af2f04200afe833d72d20a904 0.144s
2025-11-22 02:32:00.836 66783 INFO tempest.lib.common.rest_client [req-0ad64761-bf91-4c13-9035-5aa94124d0a9 req-0ad64761-bf91-4c13-9035-5aa94124d0a9 ] Request (ServersAdminTestJSON:test_create_server_with_scheduling_hint): 200 GET http://10.180.1.21/compute/v2.1/servers/a1b254cc-d1af-4531-8155-ea45cbbb6b15 5.250s
2025-11-22 02:32:00.848 66783 INFO tempest.common.waiters [-] State transition "BUILD/None" ==> "BUILD/spawning" after 32 second wait
2025-11-22 02:32:00.908 66741 INFO tempest.lib.common.rest_client [req-379e8652-0fe8-481b-b216-9b82648ac51a req-379e8652-0fe8-481b-b216-9b82648ac51a ] Request (ImagesMetadataTestJSON:setUp): 200 PUT http://10.180.1.21/compute/v2.1/images/c7fba63b-96a6-4f56-a94e-38aef061d356/metadata 4.964s
2025-11-22 02:32:00.926 66789 INFO tempest.lib.common.rest_client [req-1159dd1a-b4c2-4d11-8cc2-9919e1ceddf0 req-1159dd1a-b4c2-4d11-8cc2-9919e1ceddf0 ] Request (VolumesAdminNegativeTest:tearDownClass): 204 DELETE http://10.180.1.21/identity/v3/users/6c3612a94a5f4e29ab26acba5f029ad3 0.137s
2025-11-22 02:32:00.937 66775 INFO tempest.lib.common.rest_client [req-26a0db31-aaad-40a4-9416-9313d4220fe7 req-26a0db31-aaad-40a4-9416-9313d4220fe7 ] Request (FlavorsAccessNegativeTestJSON:tearDownClass): 204 DELETE http://10.180.1.21/identity/v3/users/a38c6b2b75e5427384ebc85da54ec1e2 0.144s
2025-11-22 02:32:00.938 66775 INFO tempest.lib.common.dynamic_creds [-] Deleting project and security group for project: 78900face2184aecbaf8d11d305a9f13
2025-11-22 02:32:00.964 66739 INFO tempest.lib.common.rest_client [req-7ff07c56-f402-4f62-b5c0-ab1becadbb8f req-7ff07c56-f402-4f62-b5c0-ab1becadbb8f ] Request (ServerActionsTestOtherA:test_rebuild_server_in_stop_state): 200 GET http://10.180.1.21/compute/v2.1/servers/7e6ce7bd-02d8-4e89-8c90-cdb3df2cb874 4.923s
2025-11-22 02:32:01.105 66789 INFO tempest.lib.common.rest_client [req-6e46f7e5-9d55-4abf-b26c-2b20a778b82f req-6e46f7e5-9d55-4abf-b26c-2b20a778b82f ] Request (VolumesAdminNegativeTest:tearDownClass): 204 DELETE http://10.180.1.21/identity/v3/users/42759f3f8e2c437cb375bd0eb84b0f36 0.179s
2025-11-22 02:32:01.172 66775 INFO tempest.lib.common.rest_client [req-9b5e4a9b-9415-4e2e-9526-f4d0d802db4c req-9b5e4a9b-9415-4e2e-9526-f4d0d802db4c ] Request (FlavorsAccessNegativeTestJSON:tearDownClass): 201 POST http://10.180.1.21/identity/v3/auth/tokens 0.233s
2025-11-22 02:32:01.186 66755 INFO tempest.lib.common.rest_client [req-3b9e8942-0b1c-4f94-ada8-597bd35252e4 req-3b9e8942-0b1c-4f94-ada8-597bd35252e4 ] Request (TenantUsagesTestJSON:test_get_usage_tenant): 200 GET http://10.180.1.21/compute/v2.1/os-simple-tenant-usage/749524c355e7429da4763e542f6f7cbd?start=2025-11-21T02%3A31%3A56.150752&end=2025-11-23T02%3A31%3A56.150752 5.035s
2025-11-22 02:32:01.270 66789 INFO tempest.lib.common.rest_client [req-80a0ed91-362a-4dcb-8699-04f644af58f3 req-80a0ed91-362a-4dcb-8699-04f644af58f3 ] Request (VolumesAdminNegativeTest:tearDownClass): 204 DELETE http://10.180.1.21/identity/v3/users/406182e7180b4ebb8bc24f1b9104dc79 0.164s
2025-11-22 02:32:01.270 66789 INFO tempest.lib.common.dynamic_creds [-] Deleting project and security group for project: 5f2aa5b77dd843deb3a8371060e8ed41
2025-11-22 02:32:01.342 66761 INFO tempest.lib.common.rest_client [req-25036b8f-7ff2-43c9-8deb-51893dbccdea req-25036b8f-7ff2-43c9-8deb-51893dbccdea ] Request (QuotasAdminTestV257:test_get_updated_quotas): 200 GET http://10.180.1.21/compute/v2.1/os-quota-sets/9344cedf174a4e2aa71e7823f5095cb8?user_id=006d8178ad9441c1a3ada4af9eca2b38 4.979s
2025-11-22 02:32:01.412 66761 INFO tempest.lib.common.rest_client [req-7427fedf-c838-4db0-8ebf-6c35aeefdf28 req-7427fedf-c838-4db0-8ebf-6c35aeefdf28 ] Request (QuotasAdminTestV257:_run_cleanups): 204 DELETE http://10.180.1.21/identity/v3/users/006d8178ad9441c1a3ada4af9eca2b38 0.069s
2025-11-22 02:32:01.468 66775 INFO tempest.lib.common.rest_client [req-1b08f876-b70e-4c67-879c-155a8f231104 req-1b08f876-b70e-4c67-879c-155a8f231104 ] Request (FlavorsAccessNegativeTestJSON:tearDownClass): 200 GET http://10.180.1.21/networking/v2.0/security-groups?tenant_id=78900face2184aecbaf8d11d305a9f13&name=default 0.296s
2025-11-22 02:32:01.494 66761 INFO tempest.lib.common.rest_client [req-1acee9cb-a7d3-43f2-aed4-af303f0e6e8d req-1acee9cb-a7d3-43f2-aed4-af303f0e6e8d ] Request (QuotasAdminTestV257:_run_cleanups): 204 DELETE http://10.180.1.21/identity/v3/projects/9344cedf174a4e2aa71e7823f5095cb8 0.081s
2025-11-22 02:32:01.521 66785 INFO tempest.lib.common.rest_client [req-496849f7-2e01-4858-9cfc-e8f961355b20 req-496849f7-2e01-4858-9cfc-e8f961355b20 ] Request (ListServersNegativeTestJSON:setUpClass): 200 GET http://10.180.1.21/compute/v2.1/servers/dd1eb30d-c138-4044-bdf0-776e1522613e 5.071s
2025-11-22 02:32:01.528 66785 INFO tempest.common.waiters [-] State transition "ACTIVE/deleting" ==> "DELETED/None" after 6 second wait
2025-11-22 02:32:01.531 66789 INFO tempest.lib.common.rest_client [req-135a96c7-9990-4b69-9cad-dec18bb3f5aa req-135a96c7-9990-4b69-9cad-dec18bb3f5aa ] Request (VolumesAdminNegativeTest:tearDownClass): 200 GET http://10.180.1.21/networking/v2.0/security-groups?tenant_id=5f2aa5b77dd843deb3a8371060e8ed41&name=default 0.260s
2025-11-22 02:32:01.617 66761 INFO tempest.lib.common.rest_client [req-8d052925-a83e-4ef7-a7aa-0cbcba0ab8f4 req-8d052925-a83e-4ef7-a7aa-0cbcba0ab8f4 ] Request (QuotasAdminTestV257:tearDownClass): 204 DELETE http://10.180.1.21/identity/v3/users/578ed399976f4c44940c049eac4d32a8 0.121s
2025-11-22 02:32:01.631 66765 INFO tempest.lib.common.rest_client [req-4a194ed9-2552-4fda-9d7d-b63139114044 req-4a194ed9-2552-4fda-9d7d-b63139114044 ] Request (ImagesMetadataNegativeTestJSON:test_delete_nonexistent_image_metadata_item): 404 DELETE http://10.180.1.21/compute/v2.1/images/69487844-fbf1-44f3-bbbb-6b152e103c75/metadata/os_distro 4.595s
2025-11-22 02:32:01.657 66791 INFO tempest.lib.common.rest_client [req-f3155a4d-eb2a-4499-86c9-9cd01dd8384d req-f3155a4d-eb2a-4499-86c9-9cd01dd8384d ] Request (FlavorsAdminTestJSON:_run_cleanups): 200 GET http://10.180.1.21/compute/v2.1/flavors/detail 4.530s
2025-11-22 02:32:01.713 66775 INFO tempest.lib.common.rest_client [req-1a88a02a-f665-4301-a969-52f86e6f0e06 req-1a88a02a-f665-4301-a969-52f86e6f0e06 ] Request (FlavorsAccessNegativeTestJSON:tearDownClass): 204 DELETE http://10.180.1.21/networking/v2.0/security-groups/9ee882f5-7445-4eff-93b9-648c2d32da13 0.244s
2025-11-22 02:32:01.753 66761 INFO tempest.lib.common.rest_client [req-a6c4a9a9-f9a4-4148-b3c1-c0af05270efe req-a6c4a9a9-f9a4-4148-b3c1-c0af05270efe ] Request (QuotasAdminTestV257:tearDownClass): 204 DELETE http://10.180.1.21/identity/v3/users/1b0c8df97447425ebbd7cdbc82ba75a2 0.135s
2025-11-22 02:32:01.753 66761 INFO tempest.lib.common.dynamic_creds [-] Deleting project and security group for project: b910a3db712045fc87bf854774cf86b2
2025-11-22 02:32:01.824 66761 INFO tempest.lib.common.rest_client [req-22e96907-483a-458b-9c42-fcac614c1bfe req-22e96907-483a-458b-9c42-fcac614c1bfe ] Request (QuotasAdminTestV257:tearDownClass): 201 POST http://10.180.1.21/identity/v3/auth/tokens 0.071s
2025-11-22 02:32:01.838 66775 INFO tempest.lib.common.rest_client [req-0a184bfd-9d15-4bd4-96fb-a668672145a3 req-0a184bfd-9d15-4bd4-96fb-a668672145a3 ] Request (FlavorsAccessNegativeTestJSON:tearDownClass): 204 DELETE http://10.180.1.21/identity/v3/projects/78900face2184aecbaf8d11d305a9f13 0.124s
2025-11-22 02:32:01.838 66775 INFO tempest.lib.common.dynamic_creds [-] Deleting project and security group for project: cee3d9b3d2a54706a5b118f448a46d01
2025-11-22 02:32:01.839 66789 INFO tempest.lib.common.rest_client [req-85e8f770-85c0-4c21-9531-d16af860f093 req-85e8f770-85c0-4c21-9531-d16af860f093 ] Request (VolumesAdminNegativeTest:tearDownClass): 204 DELETE http://10.180.1.21/networking/v2.0/security-groups/c9dde915-fa65-4509-8423-f46e62870074 0.306s
2025-11-22 02:32:01.871 66773 INFO tempest.lib.common.rest_client [req-5faf1e8d-0bd6-4b95-874a-c7764fbe01a4 req-5faf1e8d-0bd6-4b95-874a-c7764fbe01a4 ] Request (ImagesOneServerNegativeTestJSON:tearDown): 200 GET http://10.180.1.21/compute/v2.1/servers/6662f8cf-7067-498c-816c-a2a71eabb794 4.958s
2025-11-22 02:32:01.970 66789 INFO tempest.lib.common.rest_client [req-9bc21c2a-0329-4b6e-94b2-e79c9dca1e21 req-9bc21c2a-0329-4b6e-94b2-e79c9dca1e21 ] Request (VolumesAdminNegativeTest:tearDownClass): 204 DELETE http://10.180.1.21/identity/v3/projects/5f2aa5b77dd843deb3a8371060e8ed41 0.131s
2025-11-22 02:32:01.971 66789 INFO tempest.lib.common.dynamic_creds [-] Deleting project and security group for project: 7d3c70d5cbde4d1385efee71e6deaf39
2025-11-22 02:32:02.241 66761 INFO tempest.lib.common.rest_client [req-1e01e156-af01-46f4-ac94-6762e0bea16f req-1e01e156-af01-46f4-ac94-6762e0bea16f ] Request (QuotasAdminTestV257:tearDownClass): 200 GET http://10.180.1.21/networking/v2.0/security-groups?tenant_id=b910a3db712045fc87bf854774cf86b2&name=default 0.417s
2025-11-22 02:32:02.331 66775 INFO tempest.lib.common.rest_client [req-629032e4-b687-49ca-b4f9-29ddd5967c42 req-629032e4-b687-49ca-b4f9-29ddd5967c42 ] Request (FlavorsAccessNegativeTestJSON:tearDownClass): 200 GET http://10.180.1.21/networking/v2.0/security-groups?tenant_id=cee3d9b3d2a54706a5b118f448a46d01&name=default 0.493s
2025-11-22 02:32:02.353 66749 INFO tempest.lib.common.rest_client [req-f55bca30-2ada-49b7-ad29-7f2439d7e56c req-f55bca30-2ada-49b7-ad29-7f2439d7e56c ] Request (ServersTestMultiNic:_run_cleanups): 200 GET http://10.180.1.21/compute/v2.1/servers/9ecbaea6-0ae0-4a44-9c78-b36a22c767f6 4.931s
2025-11-22 02:32:02.365 66789 INFO tempest.lib.common.rest_client [req-ce5dafcd-db09-4838-8bef-42ae68902900 req-ce5dafcd-db09-4838-8bef-42ae68902900 ] Request (VolumesAdminNegativeTest:tearDownClass): 200 GET http://10.180.1.21/networking/v2.0/security-groups?tenant_id=7d3c70d5cbde4d1385efee71e6deaf39&name=default 0.393s
2025-11-22 02:32:02.394 66757 INFO tempest.lib.common.rest_client [req-fb9a1ea6-fb7b-4b2a-a8be-d5fbae890fe9 req-fb9a1ea6-fb7b-4b2a-a8be-d5fbae890fe9 ] Request (FloatingIPsAssociationTestJSON:test_associate_already_associated_floating_ip): 200 GET http://10.180.1.21/compute/v2.1/servers/483682f3-a48c-41fd-af61-33816e275468 5.097s
2025-11-22 02:32:02.408 66757 INFO tempest.common.waiters [-] State transition "BUILD/None" ==> "BUILD/spawning" after 33 second wait
2025-11-22 02:32:02.470 66761 INFO tempest.lib.common.rest_client [req-df2e43cb-154d-4a81-9af9-586a8506d1cb req-df2e43cb-154d-4a81-9af9-586a8506d1cb ] Request (QuotasAdminTestV257:tearDownClass): 204 DELETE http://10.180.1.21/networking/v2.0/security-groups/56012147-d838-4653-a0b4-db88eda1bbc7 0.228s
2025-11-22 02:32:02.500 66775 INFO tempest.lib.common.rest_client [req-f31c0b5a-923c-4898-9d27-a44dfc329541 req-f31c0b5a-923c-4898-9d27-a44dfc329541 ] Request (FlavorsAccessNegativeTestJSON:tearDownClass): 204 DELETE http://10.180.1.21/networking/v2.0/security-groups/6669a6e8-f0ad-4415-96f5-fcee2f2ef557 0.168s
2025-11-22 02:32:02.523 66735 INFO tempest.lib.common.rest_client [req-2ba22af2-9817-4dac-ac34-9c06c804d019 req-2ba22af2-9817-4dac-ac34-9c06c804d019 ] Request (ListServerFiltersTestJSON:setUpClass): 200 GET http://10.180.1.21/compute/v2.1/servers/81fa0d60-92cb-4fe6-8d72-906b867a4d6b 5.047s
2025-11-22 02:32:02.547 66761 INFO tempest.lib.common.rest_client [req-70ce65f6-a30a-4fab-968b-d27c99186234 req-70ce65f6-a30a-4fab-968b-d27c99186234 ] Request (QuotasAdminTestV257:tearDownClass): 204 DELETE http://10.180.1.21/identity/v3/projects/b910a3db712045fc87bf854774cf86b2 0.076s
2025-11-22 02:32:02.547 66761 INFO tempest.lib.common.dynamic_creds [-] Deleting project and security group for project: 3f4d386edfe84574a09ef436777e4ca3
2025-11-22 02:32:02.561 66789 INFO tempest.lib.common.rest_client [req-1fd1d31f-0552-4405-8160-535c178b0bc0 req-1fd1d31f-0552-4405-8160-535c178b0bc0 ] Request (VolumesAdminNegativeTest:tearDownClass): 204 DELETE http://10.180.1.21/networking/v2.0/security-groups/0a05c868-0bbc-47ef-bda3-78e3cca359f4 0.195s
2025-11-22 02:32:02.575 66729 INFO tempest.lib.common.rest_client [req-1cb56d73-9487-4d1b-9cdc-175af07e6e83 req-1cb56d73-9487-4d1b-9cdc-175af07e6e83 ] Request (ImagesTestJSON:test_create_image_from_suspended_server): 200 GET http://10.180.1.21/compute/v2.1/servers/6bc56fdc-b3e8-47a3-a5e3-9e5292489484 5.062s
2025-11-22 02:32:02.624 66782 INFO tempest.lib.common.rest_client [req-1b2c6062-43a4-4bcb-b880-a57c05938fca req-1b2c6062-43a4-4bcb-b880-a57c05938fca ] Request (ServerTagsTestJSON:setUpClass): 200 GET http://10.180.1.21/compute/v2.1/servers/63276508-1f28-41b8-a227-941cf769230b 5.032s
2025-11-22 02:32:02.629 66775 INFO tempest.lib.common.rest_client [req-3b669a9c-30a7-401c-8c23-9c065cf98dba req-3b669a9c-30a7-401c-8c23-9c065cf98dba ] Request (FlavorsAccessNegativeTestJSON:tearDownClass): 204 DELETE http://10.180.1.21/identity/v3/projects/cee3d9b3d2a54706a5b118f448a46d01 0.129s
2025-11-22 02:32:02.629 66775 INFO tempest.lib.common.dynamic_creds [-] Deleting project and security group for project: 365071371a044c9b9f597852927c6d60
2025-11-22 02:32:02.663 66761 INFO tempest.lib.common.rest_client [req-bbd5a64f-c599-4470-8fe2-4a3e4e30105a req-bbd5a64f-c599-4470-8fe2-4a3e4e30105a ] Request (QuotasAdminTestV257:tearDownClass): 200 GET http://10.180.1.21/networking/v2.0/security-groups?tenant_id=3f4d386edfe84574a09ef436777e4ca3&name=default 0.115s
2025-11-22 02:32:02.700 66789 INFO tempest.lib.common.rest_client [req-23d81ea5-7924-430b-b93f-5442e58b90c2 req-23d81ea5-7924-430b-b93f-5442e58b90c2 ] Request (VolumesAdminNegativeTest:tearDownClass): 204 DELETE http://10.180.1.21/identity/v3/projects/7d3c70d5cbde4d1385efee71e6deaf39 0.139s
2025-11-22 02:32:02.700 66789 INFO tempest.lib.common.dynamic_creds [-] Deleting project and security group for project: be5a039c2908402e858101ee84b4b9dd
2025-11-22 02:32:02.776 66775 INFO tempest.lib.common.rest_client [req-9a592fdb-3ece-44ee-94be-5298bd3d2103 req-9a592fdb-3ece-44ee-94be-5298bd3d2103 ] Request (FlavorsAccessNegativeTestJSON:tearDownClass): 200 GET http://10.180.1.21/networking/v2.0/security-groups?tenant_id=365071371a044c9b9f597852927c6d60&name=default 0.147s
2025-11-22 02:32:02.811 66787 INFO tempest.lib.common.rest_client [req-2125ce13-1829-49c1-8fdc-8d2ee924d7ec req-2125ce13-1829-49c1-8fdc-8d2ee924d7ec ] Request (AttachInterfacesUnderV243Test:test_add_remove_fixed_ip): 200 GET http://10.180.1.21/compute/v2.1/servers/39cf8f4e-b9e6-4be4-ae4c-477a30caa863 5.066s
2025-11-22 02:32:02.822 66787 INFO tempest.common.waiters [-] State transition "BUILD/spawning" ==> "ACTIVE/None" after 40 second wait
2025-11-22 02:32:02.822 66761 INFO tempest.lib.common.rest_client [req-33b1e211-dea5-45c7-830a-4fd74c816a27 req-33b1e211-dea5-45c7-830a-4fd74c816a27 ] Request (QuotasAdminTestV257:tearDownClass): 204 DELETE http://10.180.1.21/networking/v2.0/security-groups/bc6b176c-a071-4cc2-afb6-b00efa0a77cf 0.159s
2025-11-22 02:32:02.825 66789 INFO tempest.lib.common.rest_client [req-b5628864-cd40-4250-b8df-7bd4df4c9b13 req-b5628864-cd40-4250-b8df-7bd4df4c9b13 ] Request (VolumesAdminNegativeTest:tearDownClass): 200 GET http://10.180.1.21/networking/v2.0/security-groups?tenant_id=be5a039c2908402e858101ee84b4b9dd&name=default 0.125s
2025-11-22 02:32:02.856 66745 INFO tempest.lib.common.rest_client [req-9ca31932-90f5-4c19-bb66-eb86653d9222 req-9ca31932-90f5-4c19-bb66-eb86653d9222 ] Request (MigrationsAdminTest:test_list_migrations_in_flavor_resize_situation): 200 GET http://10.180.1.21/compute/v2.1/servers/50100388-5d79-438b-84f9-6b544f3db280 5.077s
2025-11-22 02:32:02.897 66775 INFO tempest.lib.common.rest_client [req-4da5babe-8665-4949-b630-a33f12a82f33 req-4da5babe-8665-4949-b630-a33f12a82f33 ] Request (FlavorsAccessNegativeTestJSON:tearDownClass): 204 DELETE http://10.180.1.21/networking/v2.0/security-groups/06231917-3e31-4c68-9f02-a56cc276bad6 0.119s
2025-11-22 02:32:02.924 66759 INFO tempest.lib.common.rest_client [req-20514532-0aa9-49dc-a3f7-5842e3959df0 req-20514532-0aa9-49dc-a3f7-5842e3959df0 ] Request (ServersTestManualDisk:setUpClass): 200 GET http://10.180.1.21/compute/v2.1/servers/0ad75889-46be-44eb-bb57-024346941623 5.095s
2025-11-22 02:32:02.926 66789 INFO tempest.lib.common.rest_client [req-1452f5cf-ebd2-41aa-82de-3a4804c0666f req-1452f5cf-ebd2-41aa-82de-3a4804c0666f ] Request (VolumesAdminNegativeTest:tearDownClass): 204 DELETE http://10.180.1.21/networking/v2.0/security-groups/086a8ab4-a4b8-4a41-8c94-f38da3c6a14b 0.100s
2025-11-22 02:32:02.931 66759 INFO tempest.common.waiters [-] State transition "BUILD/scheduling" ==> "BUILD/None" after 11 second wait
2025-11-22 02:32:02.939 66761 INFO tempest.lib.common.rest_client [req-e4f22a21-c5d8-43d3-9317-a05014921197 req-e4f22a21-c5d8-43d3-9317-a05014921197 ] Request (QuotasAdminTestV257:tearDownClass): 204 DELETE http://10.180.1.21/identity/v3/projects/3f4d386edfe84574a09ef436777e4ca3 0.116s
2025-11-22 02:32:02.949 66771 INFO tempest.lib.common.rest_client [req-4b038a29-5382-4c0c-9572-a9f4034c30c0 req-4b038a29-5382-4c0c-9572-a9f4034c30c0 ] Request (ServersAdmin275Test:test_rebuild_update_server_275): 200 GET http://10.180.1.21/compute/v2.1/servers/4b2edd18-6c4c-41c5-8da0-729b41bc7727 5.022s
2025-11-22 02:32:03.001 66747 INFO tempest.lib.common.rest_client [req-c4db7e14-03ab-4ba7-a600-c94a5d44298a req-c4db7e14-03ab-4ba7-a600-c94a5d44298a ] Request (ServersAdminNegativeTestJSON:setUpClass): 200 GET http://10.180.1.21/compute/v2.1/servers/34e3f818-6b62-44b0-bc25-c0c07369d48d 4.047s
2025-11-22 02:32:03.011 66775 INFO tempest.lib.common.rest_client [req-c988289e-9aee-4c73-8df6-8eee5a797310 req-c988289e-9aee-4c73-8df6-8eee5a797310 ] Request (FlavorsAccessNegativeTestJSON:tearDownClass): 204 DELETE http://10.180.1.21/identity/v3/projects/365071371a044c9b9f597852927c6d60 0.113s
2025-11-22 02:32:03.093 66761 INFO tempest.lib.common.rest_client [req-3a9245fc-731e-474f-b12d-dc34e7dabb7e req-3a9245fc-731e-474f-b12d-dc34e7dabb7e ] Request (MultipleCreateNegativeTestJSON:setUpClass): 201 POST http://10.180.1.21/identity/v3/auth/tokens 0.152s
2025-11-22 02:32:03.111 66789 INFO tempest.lib.common.rest_client [req-346866e0-c92c-4ca8-8973-29aee9c86c48 req-346866e0-c92c-4ca8-8973-29aee9c86c48 ] Request (VolumesAdminNegativeTest:tearDownClass): 204 DELETE http://10.180.1.21/identity/v3/projects/be5a039c2908402e858101ee84b4b9dd 0.184s
2025-11-22 02:32:03.117 66764 INFO tempest.lib.common.rest_client [req-3fff8fb6-9ff3-4875-a9eb-38f5cbfaed6e req-3fff8fb6-9ff3-4875-a9eb-38f5cbfaed6e ] Request (SecurityGroupsTestJSON:test_security_groups_create_list_delete): 202 DELETE http://10.180.1.21/compute/v2.1/os-security-groups/4e26a3f2-455c-4ef9-af34-7c6bdd5bd5a3 3.395s
2025-11-22 02:32:03.168 66775 INFO tempest.lib.common.rest_client [req-7f6aba80-a52e-4442-ae8e-bb437f496809 req-7f6aba80-a52e-4442-ae8e-bb437f496809 ] Request (ServerShowV247Test:setUpClass): 201 POST http://10.180.1.21/identity/v3/auth/tokens 0.155s
2025-11-22 02:32:03.182 66761 INFO tempest.lib.common.rest_client [req-40a3dd05-c623-4448-97c9-40f5bc7810c8 req-40a3dd05-c623-4448-97c9-40f5bc7810c8 ] Request (MultipleCreateNegativeTestJSON:setUpClass): 201 POST http://10.180.1.21/identity/v3/auth/tokens 0.082s
2025-11-22 02:32:03.198 66789 INFO tempest.lib.common.rest_client [req-598e24ff-bd1f-46eb-b5de-f26705e25804 req-598e24ff-bd1f-46eb-b5de-f26705e25804 ] Request (KeyPairsNegativeTestJSON:setUpClass): 201 POST http://10.180.1.21/identity/v3/auth/tokens 0.085s
2025-11-22 02:32:03.217 66775 INFO tempest.lib.common.rest_client [req-0fa148b0-ecd9-4115-9989-01fa9b936ddb req-0fa148b0-ecd9-4115-9989-01fa9b936ddb ] Request (ServerShowV247Test:setUpClass): 201 POST http://10.180.1.21/identity/v3/auth/tokens 0.045s
2025-11-22 02:32:03.221 66761 INFO tempest.lib.common.rest_client [req-e68f4a3d-6a45-4c1c-a71d-a95760d55dfc req-e68f4a3d-6a45-4c1c-a71d-a95760d55dfc ] Request (MultipleCreateNegativeTestJSON:setUpClass): 200 GET http://10.180.1.21/identity/v3/domains?name=Default 0.038s
2025-11-22 02:32:03.238 66767 WARNING tempest.lib.common.ssh [-] Failed to establish authenticated ssh connection to cirros@10.180.180.231 ([Errno None] Unable to connect to port 22 on 10.180.180.231). Number attempts: 2. Retry after 3 seconds.: paramiko.ssh_exception.NoValidConnectionsError: [Errno None] Unable to connect to port 22 on 10.180.180.231
2025-11-22 02:32:03.248 66789 INFO tempest.lib.common.rest_client [req-359fc0bb-e21b-437b-aa49-732b330d047a req-359fc0bb-e21b-437b-aa49-732b330d047a ] Request (KeyPairsNegativeTestJSON:setUpClass): 201 POST http://10.180.1.21/identity/v3/auth/tokens 0.047s
2025-11-22 02:32:03.248 66775 INFO tempest.lib.common.rest_client [req-85ccc923-9ba7-4792-b0f1-e64b23d1aefd req-85ccc923-9ba7-4792-b0f1-e64b23d1aefd ] Request (ServerShowV247Test:setUpClass): 200 GET http://10.180.1.21/identity/v3/domains?name=Default 0.031s
2025-11-22 02:32:03.277 66761 INFO tempest.lib.common.rest_client [req-53bcbc9b-5ef3-4e31-9f8c-d647d0063691 req-53bcbc9b-5ef3-4e31-9f8c-d647d0063691 ] Request (MultipleCreateNegativeTestJSON:setUpClass): 201 POST http://10.180.1.21/identity/v3/projects 0.056s
2025-11-22 02:32:03.283 66789 INFO tempest.lib.common.rest_client [req-9c1ccd0a-8450-47f4-9bc9-bc8008756d26 req-9c1ccd0a-8450-47f4-9bc9-bc8008756d26 ] Request (KeyPairsNegativeTestJSON:setUpClass): 200 GET http://10.180.1.21/identity/v3/domains?name=Default 0.034s
2025-11-22 02:32:03.351 66775 INFO tempest.lib.common.rest_client [req-3cfce829-99b0-481f-b19f-a0b4bf851162 req-3cfce829-99b0-481f-b19f-a0b4bf851162 ] Request (ServerShowV247Test:setUpClass): 201 POST http://10.180.1.21/identity/v3/projects 0.102s
2025-11-22 02:32:03.380 66761 INFO tempest.lib.common.rest_client [req-f0b9b218-6453-4197-8f12-7153a48afe16 req-f0b9b218-6453-4197-8f12-7153a48afe16 ] Request (MultipleCreateNegativeTestJSON:setUpClass): 201 POST http://10.180.1.21/identity/v3/users 0.102s
2025-11-22 02:32:03.413 66789 INFO tempest.lib.common.rest_client [req-d8843243-69a7-4334-8ec1-09fac3eb9ad3 req-d8843243-69a7-4334-8ec1-09fac3eb9ad3 ] Request (KeyPairsNegativeTestJSON:setUpClass): 201 POST http://10.180.1.21/identity/v3/projects 0.130s
2025-11-22 02:32:03.442 66775 INFO tempest.lib.common.rest_client [req-eac61529-c687-4de0-bbdd-a851c3887aeb req-eac61529-c687-4de0-bbdd-a851c3887aeb ] Request (ServerShowV247Test:setUpClass): 201 POST http://10.180.1.21/identity/v3/users 0.088s
2025-11-22 02:32:03.478 66761 INFO tempest.lib.common.rest_client [req-bbd2a9ff-77bc-4b40-b38d-6e151d0d8d2f req-bbd2a9ff-77bc-4b40-b38d-6e151d0d8d2f ] Request (MultipleCreateNegativeTestJSON:setUpClass): 200 GET http://10.180.1.21/identity/v3/roles 0.098s
2025-11-22 02:32:03.497 66775 INFO tempest.lib.common.rest_client [req-ea1ecdb6-ec6c-4f74-8bc7-f9d3e5ae19bb req-ea1ecdb6-ec6c-4f74-8bc7-f9d3e5ae19bb ] Request (ServerShowV247Test:setUpClass): 200 GET http://10.180.1.21/identity/v3/roles 0.055s
2025-11-22 02:32:03.506 66789 INFO tempest.lib.common.rest_client [req-c144a830-f4bd-4aea-9624-385ebe2b5c8f req-c144a830-f4bd-4aea-9624-385ebe2b5c8f ] Request (KeyPairsNegativeTestJSON:setUpClass): 201 POST http://10.180.1.21/identity/v3/users 0.092s
2025-11-22 02:32:03.524 66761 INFO tempest.lib.common.rest_client [req-066b448a-65d5-4f2f-8c80-25d411431451 req-066b448a-65d5-4f2f-8c80-25d411431451 ] Request (MultipleCreateNegativeTestJSON:setUpClass): 204 PUT http://10.180.1.21/identity/v3/projects/89ec1c0649f54786b5f08326f1530cf8/users/6255dca9164a481e8b7149542718b6d3/roles/ca6c30c8b37546969829a0b4ad4f5f13 0.045s
2025-11-22 02:32:03.524 66761 INFO tempest.lib.common.dynamic_creds [-] Dynamic test user 6255dca9164a481e8b7149542718b6d3 is created with scope project and roles: ['member']
2025-11-22 02:32:03.526 66761 INFO tempest.lib.common.dynamic_creds [-] Acquired dynamic creds: credentials: Credentials: {'domain_id': 'default', 'domain_name': 'Default', 'username': 'tempest-MultipleCreateNegativeTestJSON-1740020495-project-member', 'project_domain_id': 'default', 'project_domain_name': 'Default', 'project_id': '89ec1c0649f54786b5f08326f1530cf8', 'project_name': 'tempest-MultipleCreateNegativeTestJSON-1740020495', 'tenant_id': '89ec1c0649f54786b5f08326f1530cf8', 'tenant_name': 'tempest-MultipleCreateNegativeTestJSON-1740020495', 'user_domain_id': 'default', 'user_domain_name': 'Default', 'user_id': '6255dca9164a481e8b7149542718b6d3', 'system': None}, Network: None, Subnet: None, Router: None
2025-11-22 02:32:03.526 66761 INFO tempest.lib.common.dynamic_creds [-] Created isolated network resources for: credentials: Credentials: {'domain_id': 'default', 'domain_name': 'Default', 'username': 'tempest-MultipleCreateNegativeTestJSON-1740020495-project-member', 'project_domain_id': 'default', 'project_domain_name': 'Default', 'project_id': '89ec1c0649f54786b5f08326f1530cf8', 'project_name': 'tempest-MultipleCreateNegativeTestJSON-1740020495', 'tenant_id': '89ec1c0649f54786b5f08326f1530cf8', 'tenant_name': 'tempest-MultipleCreateNegativeTestJSON-1740020495', 'user_domain_id': 'default', 'user_domain_name': 'Default', 'user_id': '6255dca9164a481e8b7149542718b6d3', 'system': None}, Network: None, Subnet: None, Router: None
2025-11-22 02:32:03.543 66775 INFO tempest.lib.common.rest_client [req-4376c902-18f7-429e-b4c8-8903f3d06120 req-4376c902-18f7-429e-b4c8-8903f3d06120 ] Request (ServerShowV247Test:setUpClass): 204 PUT http://10.180.1.21/identity/v3/projects/2f5925eaa8bb44aca68de307f848a00f/users/f9cf7f0e8afa4745bcd153ccf455ae91/roles/ca6c30c8b37546969829a0b4ad4f5f13 0.044s
2025-11-22 02:32:03.543 66775 INFO tempest.lib.common.dynamic_creds [-] Dynamic test user f9cf7f0e8afa4745bcd153ccf455ae91 is created with scope project and roles: ['member']
2025-11-22 02:32:03.543 66775 INFO tempest.lib.common.dynamic_creds [-] Acquired dynamic creds: credentials: Credentials: {'domain_id': 'default', 'domain_name': 'Default', 'username': 'tempest-ServerShowV247Test-1910577301-project-member', 'project_domain_id': 'default', 'project_domain_name': 'Default', 'project_id': '2f5925eaa8bb44aca68de307f848a00f', 'project_name': 'tempest-ServerShowV247Test-1910577301', 'tenant_id': '2f5925eaa8bb44aca68de307f848a00f', 'tenant_name': 'tempest-ServerShowV247Test-1910577301', 'user_domain_id': 'default', 'user_domain_name': 'Default', 'user_id': 'f9cf7f0e8afa4745bcd153ccf455ae91', 'system': None}, Network: None, Subnet: None, Router: None
2025-11-22 02:32:03.544 66775 INFO tempest.lib.common.dynamic_creds [-] Created isolated network resources for: credentials: Credentials: {'domain_id': 'default', 'domain_name': 'Default', 'username': 'tempest-ServerShowV247Test-1910577301-project-member', 'project_domain_id': 'default', 'project_domain_name': 'Default', 'project_id': '2f5925eaa8bb44aca68de307f848a00f', 'project_name': 'tempest-ServerShowV247Test-1910577301', 'tenant_id': '2f5925eaa8bb44aca68de307f848a00f', 'tenant_name': 'tempest-ServerShowV247Test-1910577301', 'user_domain_id': 'default', 'user_domain_name': 'Default', 'user_id': 'f9cf7f0e8afa4745bcd153ccf455ae91', 'system': None}, Network: None, Subnet: None, Router: None
2025-11-22 02:32:03.559 66733 WARNING tempest.lib.common.ssh [-] Failed to establish authenticated ssh connection to cirros@10.180.180.145 ([Errno None] Unable to connect to port 22 on 10.180.180.145). Number attempts: 3. Retry after 4 seconds.: paramiko.ssh_exception.NoValidConnectionsError: [Errno None] Unable to connect to port 22 on 10.180.180.145
2025-11-22 02:32:03.586 66753 INFO tempest.lib.common.rest_client [req-1d857733-e08b-45bc-811c-ad676a6f3a52 req-1d857733-e08b-45bc-811c-ad676a6f3a52 ] Request (QuotasAdminNegativeTest:test_create_server_when_memory_quota_is_full): 403 POST http://10.180.1.21/compute/v2.1/servers 3.603s
2025-11-22 02:32:03.594 66751 INFO tempest.lib.common.rest_client [req-627dbcad-e53d-4609-ba0f-c1806c65423a req-627dbcad-e53d-4609-ba0f-c1806c65423a ] Request (AggregatesAdminNegativeTestJSON:test_aggregate_get_details_with_invalid_id): 404 GET http://10.180.1.21/compute/v2.1/os-aggregates/-1 3.095s
2025-11-22 02:32:03.615 66731 INFO tempest.lib.common.rest_client [req-56b47971-1a3a-4eb6-8dfc-ad5acdf6255a req-56b47971-1a3a-4eb6-8dfc-ad5acdf6255a ] Request (KeyPairsV210TestJSON:_run_cleanups): 204 DELETE http://10.180.1.21/compute/v2.1/os-keypairs/tempest-keypair-907489012?user_id=a084cc1e4a4f4fb08e6593187f06d1c1 3.099s
2025-11-22 02:32:03.622 66789 INFO tempest.lib.common.rest_client [req-1a06cf00-36fc-4649-91e1-f4c4d77dac8b req-1a06cf00-36fc-4649-91e1-f4c4d77dac8b ] Request (KeyPairsNegativeTestJSON:setUpClass): 200 GET http://10.180.1.21/identity/v3/roles 0.115s
2025-11-22 02:32:03.632 66761 INFO tempest.lib.common.rest_client [req-99b9f516-12dc-41fd-98a8-ecc745f3ac66 req-99b9f516-12dc-41fd-98a8-ecc745f3ac66 ] Request (MultipleCreateNegativeTestJSON:setUpClass): 201 POST http://10.180.1.21/identity/v3/auth/tokens 0.101s
2025-11-22 02:32:03.669 66789 INFO tempest.lib.common.rest_client [req-e75ecbe6-b39f-4199-b571-f6b958a82d97 req-e75ecbe6-b39f-4199-b571-f6b958a82d97 ] Request (KeyPairsNegativeTestJSON:setUpClass): 204 PUT http://10.180.1.21/identity/v3/projects/cc06770293f943a59f2c48d2e6b4aedb/users/b2b49601496842c19a8717b5e1650cef/roles/ca6c30c8b37546969829a0b4ad4f5f13 0.046s
2025-11-22 02:32:03.669 66789 INFO tempest.lib.common.dynamic_creds [-] Dynamic test user b2b49601496842c19a8717b5e1650cef is created with scope project and roles: ['member']
2025-11-22 02:32:03.670 66789 INFO tempest.lib.common.dynamic_creds [-] Acquired dynamic creds: credentials: Credentials: {'domain_id': 'default', 'domain_name': 'Default', 'username': 'tempest-KeyPairsNegativeTestJSON-89156978-project-member', 'project_domain_id': 'default', 'project_domain_name': 'Default', 'project_id': 'cc06770293f943a59f2c48d2e6b4aedb', 'project_name': 'tempest-KeyPairsNegativeTestJSON-89156978', 'tenant_id': 'cc06770293f943a59f2c48d2e6b4aedb', 'tenant_name': 'tempest-KeyPairsNegativeTestJSON-89156978', 'user_domain_id': 'default', 'user_domain_name': 'Default', 'user_id': 'b2b49601496842c19a8717b5e1650cef', 'system': None}, Network: None, Subnet: None, Router: None
2025-11-22 02:32:03.670 66789 INFO tempest.lib.common.dynamic_creds [-] Created isolated network resources for: credentials: Credentials: {'domain_id': 'default', 'domain_name': 'Default', 'username': 'tempest-KeyPairsNegativeTestJSON-89156978-project-member', 'project_domain_id': 'default', 'project_domain_name': 'Default', 'project_id': 'cc06770293f943a59f2c48d2e6b4aedb', 'project_name': 'tempest-KeyPairsNegativeTestJSON-89156978', 'tenant_id': 'cc06770293f943a59f2c48d2e6b4aedb', 'tenant_name': 'tempest-KeyPairsNegativeTestJSON-89156978', 'user_domain_id': 'default', 'user_domain_name': 'Default', 'user_id': 'b2b49601496842c19a8717b5e1650cef', 'system': None}, Network: None, Subnet: None, Router: None
2025-11-22 02:32:03.693 66737 INFO tempest.lib.common.rest_client [req-c97dce39-b22b-477a-b275-cfc180e57dca req-c97dce39-b22b-477a-b275-cfc180e57dca ] Request (DeleteServersAdminTestJSON:test_delete_server_while_in_error_state): 202 POST http://10.180.1.21/compute/v2.1/servers/6ef46753-bbda-4768-b380-ce905ac08c52/action 3.003s
2025-11-22 02:32:03.722 66775 INFO tempest.lib.common.rest_client [req-eed6932e-bb55-4941-ba93-6858747cbb90 req-eed6932e-bb55-4941-ba93-6858747cbb90 ] Request (ServerShowV247Test:setUpClass): 201 POST http://10.180.1.21/identity/v3/auth/tokens 0.169s
2025-11-22 02:32:03.723 66761 INFO tempest.lib.common.rest_client [req-eee5e105-b5ab-4cf2-bb73-8b90b9c6a3c7 req-eee5e105-b5ab-4cf2-bb73-8b90b9c6a3c7 ] Request (MultipleCreateNegativeTestJSON:test_max_count_less_than_min_count): 201 POST http://10.180.1.21/identity/v3/auth/tokens 0.084s
2025-11-22 02:32:03.723 66761 INFO tempest.lib.common.fixed_network [-] (MultipleCreateNegativeTestJSON:test_max_count_less_than_min_count) Found network None available for tenant
2025-11-22 02:32:03.735 66741 INFO tempest.lib.common.rest_client [req-0428498f-278b-4552-adaa-99f061346355 req-0428498f-278b-4552-adaa-99f061346355 ] Request (ImagesMetadataTestJSON:test_list_image_metadata): 200 GET http://10.180.1.21/compute/v2.1/images/c7fba63b-96a6-4f56-a94e-38aef061d356/metadata 2.826s
2025-11-22 02:32:03.761 66755 INFO tempest.lib.common.rest_client [req-696e82af-15c4-4707-a455-ea5a47be660f req-696e82af-15c4-4707-a455-ea5a47be660f ] Request (TenantUsagesTestJSON:test_get_usage_tenant_with_non_admin_user): 200 GET http://10.180.1.21/compute/v2.1/os-simple-tenant-usage/749524c355e7429da4763e542f6f7cbd?start=2025-11-21T02%3A31%3A56.150752&end=2025-11-23T02%3A31%3A56.150752 2.570s
2025-11-22 02:32:03.789 66775 INFO tempest.lib.common.rest_client [req-d743d420-39db-439d-ab6f-71941b39a8ba req-d743d420-39db-439d-ab6f-71941b39a8ba ] Request (ServerShowV247Test:setUpClass): 200 GET http://10.180.1.21/identity/v3/projects/2f5925eaa8bb44aca68de307f848a00f 0.065s
2025-11-22 02:32:03.789 66775 INFO tempest.lib.common.dynamic_creds [-] Using the existing project 2f5925eaa8bb44aca68de307f848a00f for scope project and roles: ['reader']
2025-11-22 02:32:03.802 66789 INFO tempest.lib.common.rest_client [req-e0c8b732-15d5-44ed-afc1-360ad16f3f67 req-e0c8b732-15d5-44ed-afc1-360ad16f3f67 ] Request (KeyPairsNegativeTestJSON:setUpClass): 201 POST http://10.180.1.21/identity/v3/auth/tokens 0.128s
2025-11-22 02:32:03.815 66775 INFO tempest.lib.common.rest_client [req-11a07a69-77f3-4359-a875-9f8cb82e4647 req-11a07a69-77f3-4359-a875-9f8cb82e4647 ] Request (ServerShowV247Test:setUpClass): 201 POST http://10.180.1.21/identity/v3/users 0.025s
2025-11-22 02:32:03.835 66779 INFO tempest.lib.common.rest_client [req-c1f7a374-05b0-46c4-8c75-3c0c22403c4a req-c1f7a374-05b0-46c4-8c75-3c0c22403c4a ] Request (FloatingIPsAssociationNegativeTestJSON:test_associate_ip_to_server_with_floating_ip): 200 POST http://10.180.1.21/compute/v2.1/os-floating-ips 3.364s
2025-11-22 02:32:03.836 66775 INFO tempest.lib.common.rest_client [req-89903821-b745-426c-89c1-750d9853304e req-89903821-b745-426c-89c1-750d9853304e ] Request (ServerShowV247Test:setUpClass): 200 GET http://10.180.1.21/identity/v3/roles 0.021s
2025-11-22 02:32:03.856 66743 INFO tempest.lib.common.rest_client [req-459e514f-11cf-4563-b55a-7d9a0c02eab3 req-459e514f-11cf-4563-b55a-7d9a0c02eab3 ] Request (InstanceActionsTestJSON:setUpClass): 200 GET http://10.180.1.21/compute/v2.1/servers/1570960e-219e-486d-96b5-168e5e04ecd6 2.589s
2025-11-22 02:32:03.881 66765 INFO tempest.lib.common.rest_client [req-b10d06d6-1c45-4066-b73a-d45aab4c7c14 req-b10d06d6-1c45-4066-b73a-d45aab4c7c14 ] Request (ImagesMetadataNegativeTestJSON:test_get_nonexistent_image_metadata_item): 404 GET http://10.180.1.21/compute/v2.1/images/9d328077-0045-4055-9d71-1ee1b1e4a56b/metadata/os_version 2.249s
2025-11-22 02:32:03.891 66775 INFO tempest.lib.common.rest_client [req-441a56a3-8c77-4ccd-9984-19796da90af8 req-441a56a3-8c77-4ccd-9984-19796da90af8 ] Request (ServerShowV247Test:setUpClass): 204 PUT http://10.180.1.21/identity/v3/projects/2f5925eaa8bb44aca68de307f848a00f/users/59029d90ec7d4d218c0d77a84e3e1558/roles/17e5b62f12bc4237be5a85d49b0f75ac 0.053s
2025-11-22 02:32:03.891 66775 INFO tempest.lib.common.dynamic_creds [-] Dynamic test user 59029d90ec7d4d218c0d77a84e3e1558 is created with scope project and roles: ['reader']
