2025-11-12 11:32:08.106 68032 INFO tempest.lib.common.rest_client [req-872c7b53-3472-48ec-94ff-f48efd17045b req-872c7b53-3472-48ec-94ff-f48efd17045b ] Request (ServersTestMultiNic:test_verify_duplicate_network_nics): 200 GET http://10.180.1.21/compute/v2.1/servers/a11845b2-c4d7-42ee-9c1e-6ad7e894555b 0.148s
2025-11-12 11:32:08.143 68047 INFO tempest.lib.common.rest_client [req-b2bcf65d-e4bb-472f-9785-ed3edb40f0e8 req-b2bcf65d-e4bb-472f-9785-ed3edb40f0e8 ] Request (AttachVolumeTestJSON:test_attach_detach_volume): 202 DELETE http://10.180.1.21/compute/v2.1/servers/f585f920-bae7-4884-a28c-74cb89d8352c/os-volume_attachments/0d96a5d5-e6df-4283-83fb-56281f81cf73 0.203s
2025-11-12 11:32:08.201 68047 INFO tempest.lib.common.rest_client [req-66ecea32-4515-4a46-9ff2-2d8fedca9724 req-66ecea32-4515-4a46-9ff2-2d8fedca9724 ] Request (AttachVolumeTestJSON:test_attach_detach_volume): 200 GET http://10.180.1.21/volume/v3/volumes/0d96a5d5-e6df-4283-83fb-56281f81cf73 0.057s
2025-11-12 11:32:08.202 68033 INFO tempest.lib.common.rest_client [req-9e82c414-9ddc-479c-bd88-b7c6fc1651a2 req-9e82c414-9ddc-479c-bd88-b7c6fc1651a2 ] Request (ListImageFiltersTestJSON:setUpClass): 200 GET http://10.180.1.21/compute/v2.1/images/630bb117-74a6-4418-b1f0-6bf651c8bdf5 0.206s
2025-11-12 11:32:08.224 68003 INFO tempest.lib.common.rest_client [req-9bc20c88-1651-4728-a85f-3522d54b29f1 req-9bc20c88-1651-4728-a85f-3522d54b29f1 ] Request (ServerGroupTestJSON:test_create_server_with_scheduler_hint_group): 200 GET http://10.180.1.21/compute/v2.1/servers/2b128377-f6d4-48ba-b6b6-95a5655ef421 0.246s
2025-11-12 11:32:08.290 68015 INFO tempest.lib.common.rest_client [req-8b084b1b-9d62-48c6-aaa3-5e8149ae890f req-8b084b1b-9d62-48c6-aaa3-5e8149ae890f ] Request (DeleteServersAdminTestJSON:test_admin_delete_servers_of_others): 200 GET http://10.180.1.21/compute/v2.1/servers/18b20feb-1e1f-4f7f-b50c-eccca4897817 0.230s
2025-11-12 11:32:08.303 68005 INFO tempest.lib.common.rest_client [req-1c6696e5-2a0d-4e00-b902-2c5e14aea4a6 req-1c6696e5-2a0d-4e00-b902-2c5e14aea4a6 ] Request (ServerExternalEventsTest:tearDownClass): 200 GET http://10.180.1.21/compute/v2.1/servers/27d79e76-cbe5-4eba-b493-7e1595815034 0.165s
2025-11-12 11:32:08.355 67989 INFO tempest.lib.common.rest_client [req-e3caba7e-99cd-42ca-9f76-0a00b38277f2 req-e3caba7e-99cd-42ca-9f76-0a00b38277f2 ] Request (ServersAdminNegativeTestJSON:test_migrate_server_invalid_state): 200 GET http://10.180.1.21/compute/v2.1/servers/be79f020-66c4-4067-bb48-fcd7be28bff6 0.211s
2025-11-12 11:32:08.358 68019 INFO tempest.lib.common.rest_client [req-d51b38ac-04dc-409b-bbd9-020370d99e29 req-d51b38ac-04dc-409b-bbd9-020370d99e29 ] Request (ImagesOneServerNegativeTestJSON:_run_cleanups): 200 GET http://10.180.1.21/compute/v2.1/servers/da455d3d-a639-48e6-9bd8-2b34b127c4e5 0.170s
2025-11-12 11:32:08.421 68027 INFO tempest.lib.common.rest_client [req-de271ee2-7b66-4b30-9c94-0b46b8b358a5 req-de271ee2-7b66-4b30-9c94-0b46b8b358a5 ] Request (ListServerFiltersTestJSON:tearDownClass): 200 GET http://10.180.1.21/compute/v2.1/servers/1d34afeb-9caf-483b-98e6-e746f01e2922 0.092s
2025-11-12 11:32:08.436 67999 INFO tempest.lib.common.rest_client [req-1eda63b5-b678-4a2e-b18e-76598c1a5b6e req-1eda63b5-b678-4a2e-b18e-76598c1a5b6e ] Request (MigrationsAdminTest:test_resize_server_revert_deleted_flavor): 200 GET http://10.180.1.21/compute/v2.1/servers/970786d3-ce30-4c50-8399-7be3832263b6 0.061s
2025-11-12 11:32:08.532 68029 INFO tempest.lib.common.rest_client [req-709e74e5-2771-4db5-a357-4e78eee4a4ad req-709e74e5-2771-4db5-a357-4e78eee4a4ad ] Request (ServersNegativeTestJSON:setUpClass): 200 GET http://10.180.1.21/compute/v2.1/servers/702bd44d-aa05-4bcb-97e5-7ea8bedffbeb 0.067s
2025-11-12 11:32:08.585 68009 INFO tempest.lib.common.rest_client [req-b4164b21-6a47-4405-8f36-2651ce2facf3 req-b4164b21-6a47-4405-8f36-2651ce2facf3 ] Request (AttachInterfacesTestJSON:test_create_list_show_delete_interfaces_by_network_port): 200 GET http://10.180.1.21/compute/v2.1/servers/528ac943-be43-497d-a43c-bb39fa88375f 0.058s
2025-11-12 11:32:08.588 67995 INFO tempest.lib.common.rest_client [req-12991acc-ed9c-4173-a774-6513cfce9229 req-12991acc-ed9c-4173-a774-6513cfce9229 ] Request (InstanceActionsV221TestJSON:test_get_list_deleted_instance_actions): 200 GET http://10.180.1.21/compute/v2.1/servers/06fcafaf-bb77-4148-aa2d-1d1e98dca172 0.134s
2025-11-12 11:32:08.642 68013 INFO tempest.lib.common.rest_client [req-9275e58a-2767-4cb4-a6cb-a013e9625d01 req-9275e58a-2767-4cb4-a6cb-a013e9625d01 ] Request (ServerMetadataNegativeTestJSON:setUpClass): 200 GET http://10.180.1.21/compute/v2.1/servers/8e2f20df-7776-48af-bf5c-71384add7bb4 0.102s
2025-11-12 11:32:08.643 68011 INFO tempest.lib.common.rest_client [req-f79a3265-4922-46d9-a4fd-c66a8581a0b1 req-f79a3265-4922-46d9-a4fd-c66a8581a0b1 ] Request (ServerDiskConfigTestJSON:test_resize_server_from_auto_to_manual): 200 GET http://10.180.1.21/compute/v2.1/servers/b424e9f3-87bb-4aa9-baa1-74d032df0eed 0.060s
2025-11-12 11:32:08.698 68039 INFO tempest.lib.common.rest_client [req-7c5df2fd-e874-4783-8883-3da157f82e71 req-7c5df2fd-e874-4783-8883-3da157f82e71 ] Request (ImagesTestJSON:test_create_server_from_snapshot): 200 GET http://10.180.1.21/compute/v2.1/servers/146b880e-8d4e-4448-9440-da38e138c4f0 0.063s
2025-11-12 11:32:08.698 67985 INFO tempest.lib.common.rest_client [req-28a07a0e-eb9e-4d00-99e8-efbb92c871e5 req-28a07a0e-eb9e-4d00-99e8-efbb92c871e5 ] Request (FloatingIPsAssociationTestJSON:test_associate_already_associated_floating_ip): 200 GET http://10.180.1.21/compute/v2.1/servers/9246041e-7602-4024-a424-5d7198ba0adf 0.101s
2025-11-12 11:32:08.758 67997 INFO tempest.lib.common.rest_client [req-00718f7e-e414-41be-a065-d551cf063a5c req-00718f7e-e414-41be-a065-d551cf063a5c ] Request (ServerActionsTestOtherB:setUpClass): 200 GET http://10.180.1.21/compute/v2.1/servers/a7a0ba52-7a78-4a2c-bff3-f92e8c848b59 0.073s
2025-11-12 11:32:08.770 67987 INFO tempest.lib.common.rest_client [req-62b8ee48-0687-458c-b2df-fb02c1def197 req-62b8ee48-0687-458c-b2df-fb02c1def197 ] Request (MultipleCreateTestJSON:tearDownClass): 200 GET http://10.180.1.21/compute/v2.1/servers/d933790a-9d15-4a45-9f2e-a3ebc5ec2bf8 0.103s
2025-11-12 11:32:08.820 68035 INFO tempest.lib.common.rest_client [req-bebef038-a8b3-43d7-a573-5a00de78ab0f req-bebef038-a8b3-43d7-a573-5a00de78ab0f ] Request (SecurityGroupsTestJSON:test_server_security_groups): 200 GET http://10.180.1.21/compute/v2.1/servers/3b7c9d24-b619-476a-a9a3-b611c2e6bcf3 0.090s
2025-11-12 11:32:08.852 68023 INFO tempest.lib.common.rest_client [req-5281fb6c-5a2c-46d8-a2c1-6914cf21615c req-5281fb6c-5a2c-46d8-a2c1-6914cf21615c ] Request (AttachInterfacesUnderV243Test:_run_cleanups): 200 GET http://10.180.1.21/compute/v2.1/servers/d02fbbd9-f104-4905-9714-ceb1bcc72ec1 0.066s
2025-11-12 11:32:08.964 68043 INFO tempest.lib.common.rest_client [req-4450912f-5b63-4145-8f06-eef1bad8dad1 req-4450912f-5b63-4145-8f06-eef1bad8dad1 ] Request (ServersTestJSON:test_create_server_specify_multibyte_character_name): 200 GET http://10.180.1.21/compute/v2.1/servers/5810e5da-0d00-4789-9265-b5d0e0f9214e 0.053s
2025-11-12 11:32:09.185 68032 INFO tempest.lib.common.rest_client [req-53b2ecfc-5fcb-4e63-98b0-33035efdcea6 req-53b2ecfc-5fcb-4e63-98b0-33035efdcea6 ] Request (ServersTestMultiNic:test_verify_duplicate_network_nics): 200 GET http://10.180.1.21/compute/v2.1/servers/a11845b2-c4d7-42ee-9c1e-6ad7e894555b 0.061s
2025-11-12 11:32:09.199 68041 INFO tempest.lib.common.rest_client [req-bf9832da-ae32-4405-a2fe-c3d1fcf8b1ed req-bf9832da-ae32-4405-a2fe-c3d1fcf8b1ed ] Request (ServersAdminTestJSON:test_inject_network_info): 200 GET http://10.180.1.21/compute/v2.1/servers/11a1d282-3fd6-478e-83aa-86c482ff50ca 0.144s
2025-11-12 11:32:09.245 68047 INFO tempest.lib.common.rest_client [req-efff26fd-705a-4b79-8326-0e5d492e750f req-efff26fd-705a-4b79-8326-0e5d492e750f ] Request (AttachVolumeTestJSON:test_attach_detach_volume): 200 GET http://10.180.1.21/volume/v3/volumes/0d96a5d5-e6df-4283-83fb-56281f81cf73 0.031s
2025-11-12 11:32:09.257 68033 INFO tempest.lib.common.rest_client [req-1a68cff6-efc4-4a97-9d47-12d109078a7c req-1a68cff6-efc4-4a97-9d47-12d109078a7c ] Request (ListImageFiltersTestJSON:setUpClass): 200 GET http://10.180.1.21/compute/v2.1/images/630bb117-74a6-4418-b1f0-6bf651c8bdf5 0.042s
2025-11-12 11:32:09.317 68003 INFO tempest.lib.common.rest_client [req-63f3b720-3091-495a-b804-bb41570d58a7 req-63f3b720-3091-495a-b804-bb41570d58a7 ] Request (ServerGroupTestJSON:test_create_server_with_scheduler_hint_group): 200 GET http://10.180.1.21/compute/v2.1/servers/2b128377-f6d4-48ba-b6b6-95a5655ef421 0.083s
2025-11-12 11:32:09.369 68015 INFO tempest.lib.common.rest_client [req-1e16ca80-53f6-43fc-b886-9e3c5fd6556c req-1e16ca80-53f6-43fc-b886-9e3c5fd6556c ] Request (DeleteServersAdminTestJSON:test_admin_delete_servers_of_others): 200 GET http://10.180.1.21/compute/v2.1/servers/18b20feb-1e1f-4f7f-b50c-eccca4897817 0.069s
2025-11-12 11:32:09.394 68005 INFO tempest.lib.common.rest_client [req-98b6b5cd-5678-4555-8f22-160f6c97412d req-98b6b5cd-5678-4555-8f22-160f6c97412d ] Request (ServerExternalEventsTest:tearDownClass): 200 GET http://10.180.1.21/compute/v2.1/servers/27d79e76-cbe5-4eba-b493-7e1595815034 0.081s
2025-11-12 11:32:09.432 67989 INFO tempest.lib.common.rest_client [req-99db08a4-56d4-4357-baf7-d9873aa14d53 req-99db08a4-56d4-4357-baf7-d9873aa14d53 ] Request (ServersAdminNegativeTestJSON:test_migrate_server_invalid_state): 200 GET http://10.180.1.21/compute/v2.1/servers/be79f020-66c4-4067-bb48-fcd7be28bff6 0.067s
2025-11-12 11:32:09.449 68019 INFO tempest.lib.common.rest_client [req-605d593a-8048-4729-87bd-77715fcd0a99 req-605d593a-8048-4729-87bd-77715fcd0a99 ] Request (ImagesOneServerNegativeTestJSON:_run_cleanups): 200 GET http://10.180.1.21/compute/v2.1/servers/da455d3d-a639-48e6-9bd8-2b34b127c4e5 0.083s
2025-11-12 11:32:09.497 68027 INFO tempest.lib.common.rest_client [req-60b8f022-b987-48b7-b4ed-bf0bd17bf104 req-60b8f022-b987-48b7-b4ed-bf0bd17bf104 ] Request (ListServerFiltersTestJSON:tearDownClass): 200 GET http://10.180.1.21/compute/v2.1/servers/1d34afeb-9caf-483b-98e6-e746f01e2922 0.068s
2025-11-12 11:32:09.511 67999 INFO tempest.lib.common.rest_client [req-ffb6546d-b767-47d1-b27d-5079d874b2f8 req-ffb6546d-b767-47d1-b27d-5079d874b2f8 ] Request (MigrationsAdminTest:test_resize_server_revert_deleted_flavor): 200 GET http://10.180.1.21/compute/v2.1/servers/970786d3-ce30-4c50-8399-7be3832263b6 0.067s
2025-11-12 11:32:09.605 68029 INFO tempest.lib.common.rest_client [req-ca759be9-38c2-4d53-a64b-c6b6a8641e5b req-ca759be9-38c2-4d53-a64b-c6b6a8641e5b ] Request (ServersNegativeTestJSON:setUpClass): 200 GET http://10.180.1.21/compute/v2.1/servers/702bd44d-aa05-4bcb-97e5-7ea8bedffbeb 0.064s
2025-11-12 11:32:09.651 68009 INFO tempest.lib.common.rest_client [req-e2417172-77fa-49d8-9c19-f5946f470647 req-e2417172-77fa-49d8-9c19-f5946f470647 ] Request (AttachInterfacesTestJSON:test_create_list_show_delete_interfaces_by_network_port): 200 GET http://10.180.1.21/compute/v2.1/servers/528ac943-be43-497d-a43c-bb39fa88375f 0.056s
2025-11-12 11:32:09.707 68013 INFO tempest.lib.common.rest_client [req-23a5be36-8ed9-4b22-9093-0732724fe4ff req-23a5be36-8ed9-4b22-9093-0732724fe4ff ] Request (ServerMetadataNegativeTestJSON:setUpClass): 200 GET http://10.180.1.21/compute/v2.1/servers/8e2f20df-7776-48af-bf5c-71384add7bb4 0.056s
2025-11-12 11:32:09.714 67995 INFO tempest.lib.common.rest_client [req-61e5de5d-2348-4d8e-ba1c-a85e734dd64b req-61e5de5d-2348-4d8e-ba1c-a85e734dd64b ] Request (InstanceActionsV221TestJSON:test_get_list_deleted_instance_actions): 200 GET http://10.180.1.21/compute/v2.1/servers/06fcafaf-bb77-4148-aa2d-1d1e98dca172 0.117s
2025-11-12 11:32:09.766 68011 INFO tempest.lib.common.rest_client [req-b095a543-702d-4361-b82a-020ff1637042 req-b095a543-702d-4361-b82a-020ff1637042 ] Request (ServerDiskConfigTestJSON:test_resize_server_from_auto_to_manual): 200 GET http://10.180.1.21/compute/v2.1/servers/b424e9f3-87bb-4aa9-baa1-74d032df0eed 0.112s
2025-11-12 11:32:09.767 68039 INFO tempest.lib.common.rest_client [req-5bfc0ad2-9e92-4cc8-8c46-a750053005d9 req-5bfc0ad2-9e92-4cc8-8c46-a750053005d9 ] Request (ImagesTestJSON:test_create_server_from_snapshot): 200 GET http://10.180.1.21/compute/v2.1/servers/146b880e-8d4e-4448-9440-da38e138c4f0 0.061s
2025-11-12 11:32:09.822 67997 INFO tempest.lib.common.rest_client [req-928dd69d-1a27-4699-bb54-3000681c4bd7 req-928dd69d-1a27-4699-bb54-3000681c4bd7 ] Request (ServerActionsTestOtherB:setUpClass): 200 GET http://10.180.1.21/compute/v2.1/servers/a7a0ba52-7a78-4a2c-bff3-f92e8c848b59 0.056s
2025-11-12 11:32:09.826 67985 INFO tempest.lib.common.rest_client [req-df713b9a-8202-4a3c-ab78-2739aad251ff req-df713b9a-8202-4a3c-ab78-2739aad251ff ] Request (FloatingIPsAssociationTestJSON:test_associate_already_associated_floating_ip): 200 GET http://10.180.1.21/compute/v2.1/servers/9246041e-7602-4024-a424-5d7198ba0adf 0.116s
2025-11-12 11:32:09.847 67987 INFO tempest.lib.common.rest_client [req-6711cbfd-6e31-49e6-995e-99ee0b6bc9e1 req-6711cbfd-6e31-49e6-995e-99ee0b6bc9e1 ] Request (MultipleCreateTestJSON:tearDownClass): 404 GET http://10.180.1.21/compute/v2.1/servers/d933790a-9d15-4a45-9f2e-a3ebc5ec2bf8 0.068s
2025-11-12 11:32:09.899 68035 INFO tempest.lib.common.rest_client [req-80061d4b-3a0b-4e88-a344-0b8586334054 req-80061d4b-3a0b-4e88-a344-0b8586334054 ] Request (SecurityGroupsTestJSON:test_server_security_groups): 200 GET http://10.180.1.21/compute/v2.1/servers/3b7c9d24-b619-476a-a9a3-b611c2e6bcf3 0.071s
2025-11-12 11:32:09.914 67987 INFO tempest.lib.common.rest_client [req-8e6f7bd7-8331-41b6-b9c4-3fbd84d9e412 req-8e6f7bd7-8331-41b6-b9c4-3fbd84d9e412 ] Request (MultipleCreateTestJSON:tearDownClass): 200 GET http://10.180.1.21/compute/v2.1/servers/744742e4-3719-48ec-bc7d-b559acc2bd79 0.066s
2025-11-12 11:32:09.969 68023 INFO tempest.lib.common.rest_client [req-d7da7c9c-f6d1-42f6-919f-61a0880c88fa req-d7da7c9c-f6d1-42f6-919f-61a0880c88fa ] Request (AttachInterfacesUnderV243Test:_run_cleanups): 200 GET http://10.180.1.21/compute/v2.1/servers/d02fbbd9-f104-4905-9714-ceb1bcc72ec1 0.103s
2025-11-12 11:32:10.028 68043 INFO tempest.lib.common.rest_client [req-7d6fef74-652b-4394-8d08-e557f2590215 req-7d6fef74-652b-4394-8d08-e557f2590215 ] Request (ServersTestJSON:test_create_server_specify_multibyte_character_name): 200 GET http://10.180.1.21/compute/v2.1/servers/5810e5da-0d00-4789-9265-b5d0e0f9214e 0.055s
2025-11-12 11:32:10.267 68032 INFO tempest.lib.common.rest_client [req-554deb64-3c92-4d3a-a1b9-f6aeea7c232e req-554deb64-3c92-4d3a-a1b9-f6aeea7c232e ] Request (ServersTestMultiNic:test_verify_duplicate_network_nics): 200 GET http://10.180.1.21/compute/v2.1/servers/a11845b2-c4d7-42ee-9c1e-6ad7e894555b 0.073s
2025-11-12 11:32:10.295 68047 INFO tempest.lib.common.rest_client [req-1aeb5f2f-eed6-45ab-beba-c622b1347484 req-1aeb5f2f-eed6-45ab-beba-c622b1347484 ] Request (AttachVolumeTestJSON:test_attach_detach_volume): 200 GET http://10.180.1.21/volume/v3/volumes/0d96a5d5-e6df-4283-83fb-56281f81cf73 0.043s
2025-11-12 11:32:10.310 68033 INFO tempest.lib.common.rest_client [req-f796d3c2-dc08-46b2-9697-58683b1049da req-f796d3c2-dc08-46b2-9697-58683b1049da ] Request (ListImageFiltersTestJSON:setUpClass): 200 GET http://10.180.1.21/compute/v2.1/images/630bb117-74a6-4418-b1f0-6bf651c8bdf5 0.049s
2025-11-12 11:32:10.352 68041 INFO tempest.lib.common.rest_client [req-90c2c890-d199-4fbe-8dc6-6efc741d1acb req-90c2c890-d199-4fbe-8dc6-6efc741d1acb ] Request (ServersAdminTestJSON:test_inject_network_info): 200 GET http://10.180.1.21/compute/v2.1/servers/11a1d282-3fd6-478e-83aa-86c482ff50ca 0.144s
2025-11-12 11:32:10.404 68003 INFO tempest.lib.common.rest_client [req-56df4f15-bb8b-4296-88ed-3f57f9d0203e req-56df4f15-bb8b-4296-88ed-3f57f9d0203e ] Request (ServerGroupTestJSON:test_create_server_with_scheduler_hint_group): 200 GET http://10.180.1.21/compute/v2.1/servers/2b128377-f6d4-48ba-b6b6-95a5655ef421 0.073s
2025-11-12 11:32:10.439 68015 INFO tempest.lib.common.rest_client [req-f3bde7e6-7e24-4cb1-920a-56ac920acf2f req-f3bde7e6-7e24-4cb1-920a-56ac920acf2f ] Request (DeleteServersAdminTestJSON:test_admin_delete_servers_of_others): 200 GET http://10.180.1.21/compute/v2.1/servers/18b20feb-1e1f-4f7f-b50c-eccca4897817 0.062s
2025-11-12 11:32:10.476 68005 INFO tempest.lib.common.rest_client [req-7da8c6a7-77f5-48d0-9ef6-6887e9ee4797 req-7da8c6a7-77f5-48d0-9ef6-6887e9ee4797 ] Request (ServerExternalEventsTest:tearDownClass): 200 GET http://10.180.1.21/compute/v2.1/servers/27d79e76-cbe5-4eba-b493-7e1595815034 0.075s
2025-11-12 11:32:10.509 67989 INFO tempest.lib.common.rest_client [req-767fd884-a106-4ab4-9798-72b54739341a req-767fd884-a106-4ab4-9798-72b54739341a ] Request (ServersAdminNegativeTestJSON:test_migrate_server_invalid_state): 200 GET http://10.180.1.21/compute/v2.1/servers/be79f020-66c4-4067-bb48-fcd7be28bff6 0.067s
2025-11-12 11:32:10.536 68019 INFO tempest.lib.common.rest_client [req-7fb6ba65-d583-47f5-980e-ee71fa9d0bd1 req-7fb6ba65-d583-47f5-980e-ee71fa9d0bd1 ] Request (ImagesOneServerNegativeTestJSON:_run_cleanups): 200 GET http://10.180.1.21/compute/v2.1/servers/da455d3d-a639-48e6-9bd8-2b34b127c4e5 0.078s
2025-11-12 11:32:10.577 68027 INFO tempest.lib.common.rest_client [req-260d0d32-693e-4ade-9c6b-ddaa765defb2 req-260d0d32-693e-4ade-9c6b-ddaa765defb2 ] Request (ListServerFiltersTestJSON:tearDownClass): 200 GET http://10.180.1.21/compute/v2.1/servers/1d34afeb-9caf-483b-98e6-e746f01e2922 0.066s
2025-11-12 11:32:10.591 67999 INFO tempest.lib.common.rest_client [req-47dab560-fb56-4cac-a956-9f56a1f7663e req-47dab560-fb56-4cac-a956-9f56a1f7663e ] Request (MigrationsAdminTest:test_resize_server_revert_deleted_flavor): 200 GET http://10.180.1.21/compute/v2.1/servers/970786d3-ce30-4c50-8399-7be3832263b6 0.072s
2025-11-12 11:32:10.671 68029 INFO tempest.lib.common.rest_client [req-d9673b9e-6746-4f0c-910f-2c24a7329700 req-d9673b9e-6746-4f0c-910f-2c24a7329700 ] Request (ServersNegativeTestJSON:setUpClass): 200 GET http://10.180.1.21/compute/v2.1/servers/702bd44d-aa05-4bcb-97e5-7ea8bedffbeb 0.059s
2025-11-12 11:32:10.720 68009 INFO tempest.lib.common.rest_client [req-a755c307-47c6-4562-8b8e-868903c1551f req-a755c307-47c6-4562-8b8e-868903c1551f ] Request (AttachInterfacesTestJSON:test_create_list_show_delete_interfaces_by_network_port): 200 GET http://10.180.1.21/compute/v2.1/servers/528ac943-be43-497d-a43c-bb39fa88375f 0.061s
2025-11-12 11:32:10.788 68013 INFO tempest.lib.common.rest_client [req-a5d9c7bd-3d88-4e16-92e0-3a7908218bab req-a5d9c7bd-3d88-4e16-92e0-3a7908218bab ] Request (ServerMetadataNegativeTestJSON:setUpClass): 200 GET http://10.180.1.21/compute/v2.1/servers/8e2f20df-7776-48af-bf5c-71384add7bb4 0.074s
2025-11-12 11:32:10.872 68039 INFO tempest.lib.common.rest_client [req-0ceec956-3268-410b-830a-6a99c5302f6a req-0ceec956-3268-410b-830a-6a99c5302f6a ] Request (ImagesTestJSON:test_create_server_from_snapshot): 200 GET http://10.180.1.21/compute/v2.1/servers/146b880e-8d4e-4448-9440-da38e138c4f0 0.096s
2025-11-12 11:32:10.911 67995 INFO tempest.lib.common.rest_client [req-a52609e9-938b-474a-938b-ddd676bc8ae6 req-a52609e9-938b-474a-938b-ddd676bc8ae6 ] Request (InstanceActionsV221TestJSON:test_get_list_deleted_instance_actions): 200 GET http://10.180.1.21/compute/v2.1/servers/06fcafaf-bb77-4148-aa2d-1d1e98dca172 0.188s
2025-11-12 11:32:10.926 68011 INFO tempest.lib.common.rest_client [req-8b4d357f-abf8-49f0-bd72-a682c14ec2ec req-8b4d357f-abf8-49f0-bd72-a682c14ec2ec ] Request (ServerDiskConfigTestJSON:test_resize_server_from_auto_to_manual): 200 GET http://10.180.1.21/compute/v2.1/servers/b424e9f3-87bb-4aa9-baa1-74d032df0eed 0.149s
2025-11-12 11:32:10.966 67997 INFO tempest.lib.common.rest_client [req-474a39b2-9418-456a-b724-aaa3c3220f1d req-474a39b2-9418-456a-b724-aaa3c3220f1d ] Request (ServerActionsTestOtherB:setUpClass): 200 GET http://10.180.1.21/compute/v2.1/servers/a7a0ba52-7a78-4a2c-bff3-f92e8c848b59 0.135s
2025-11-12 11:32:10.985 67985 INFO tempest.lib.common.rest_client [req-fd11d32f-4887-48f0-a4ff-f4053e1ce06d req-fd11d32f-4887-48f0-a4ff-f4053e1ce06d ] Request (FloatingIPsAssociationTestJSON:test_associate_already_associated_floating_ip): 200 GET http://10.180.1.21/compute/v2.1/servers/9246041e-7602-4024-a424-5d7198ba0adf 0.150s
2025-11-12 11:32:11.034 68035 INFO tempest.lib.common.rest_client [req-debfe91d-95e0-457a-9e44-e6c187a0d3e4 req-debfe91d-95e0-457a-9e44-e6c187a0d3e4 ] Request (SecurityGroupsTestJSON:test_server_security_groups): 200 GET http://10.180.1.21/compute/v2.1/servers/3b7c9d24-b619-476a-a9a3-b611c2e6bcf3 0.126s
2025-11-12 11:32:11.051 67987 INFO tempest.lib.common.rest_client [req-0ce1f7c6-0a8d-4971-ae4b-5c7f5a1874f4 req-0ce1f7c6-0a8d-4971-ae4b-5c7f5a1874f4 ] Request (MultipleCreateTestJSON:tearDownClass): 200 GET http://10.180.1.21/compute/v2.1/servers/744742e4-3719-48ec-bc7d-b559acc2bd79 0.129s
2025-11-12 11:32:11.097 68023 INFO tempest.lib.common.rest_client [req-c0cb8abb-4dc3-488a-b8b3-2b74f6f22442 req-c0cb8abb-4dc3-488a-b8b3-2b74f6f22442 ] Request (AttachInterfacesUnderV243Test:_run_cleanups): 200 GET http://10.180.1.21/compute/v2.1/servers/d02fbbd9-f104-4905-9714-ceb1bcc72ec1 0.119s
2025-11-12 11:32:11.102 68043 INFO tempest.lib.common.rest_client [req-8d6b6285-f699-408c-b1d3-556fcd3a3413 req-8d6b6285-f699-408c-b1d3-556fcd3a3413 ] Request (ServersTestJSON:test_create_server_specify_multibyte_character_name): 200 GET http://10.180.1.21/compute/v2.1/servers/5810e5da-0d00-4789-9265-b5d0e0f9214e 0.065s
2025-11-12 11:32:11.335 68047 INFO tempest.lib.common.rest_client [req-c69e9cb5-c251-42f1-bec1-e666a9466e35 req-c69e9cb5-c251-42f1-bec1-e666a9466e35 ] Request (AttachVolumeTestJSON:test_attach_detach_volume): 200 GET http://10.180.1.21/volume/v3/volumes/0d96a5d5-e6df-4283-83fb-56281f81cf73 0.030s
2025-11-12 11:32:11.341 68047 INFO tempest.common.waiters [-] volume 0d96a5d5-e6df-4283-83fb-56281f81cf73 reached available after waiting for 3.341879 seconds
2025-11-12 11:32:11.354 68032 INFO tempest.lib.common.rest_client [req-7c914cc8-f423-4ff0-af30-7b67c3d40aa5 req-7c914cc8-f423-4ff0-af30-7b67c3d40aa5 ] Request (ServersTestMultiNic:test_verify_duplicate_network_nics): 200 GET http://10.180.1.21/compute/v2.1/servers/a11845b2-c4d7-42ee-9c1e-6ad7e894555b 0.076s
2025-11-12 11:32:11.363 68033 INFO tempest.lib.common.rest_client [req-3193bbb7-edcc-4d83-a8a2-33f527fff2cf req-3193bbb7-edcc-4d83-a8a2-33f527fff2cf ] Request (ListImageFiltersTestJSON:setUpClass): 200 GET http://10.180.1.21/compute/v2.1/images/630bb117-74a6-4418-b1f0-6bf651c8bdf5 0.047s
2025-11-12 11:32:11.443 68047 INFO tempest.lib.common.rest_client [req-38b29ca2-0f69-4619-8a56-21f61a583475 req-38b29ca2-0f69-4619-8a56-21f61a583475 ] Request (AttachVolumeTestJSON:test_attach_detach_volume): 202 POST http://10.180.1.21/compute/v2.1/servers/f585f920-bae7-4884-a28c-74cb89d8352c/action 0.101s
2025-11-12 11:32:11.479 68041 INFO tempest.lib.common.rest_client [req-091991e0-c819-412c-b4f3-48d20820f850 req-091991e0-c819-412c-b4f3-48d20820f850 ] Request (ServersAdminTestJSON:test_inject_network_info): 200 GET http://10.180.1.21/compute/v2.1/servers/11a1d282-3fd6-478e-83aa-86c482ff50ca 0.116s
2025-11-12 11:32:11.500 68003 INFO tempest.lib.common.rest_client [req-83754195-0025-4334-ad84-a306bfdfb625 req-83754195-0025-4334-ad84-a306bfdfb625 ] Request (ServerGroupTestJSON:test_create_server_with_scheduler_hint_group): 200 GET http://10.180.1.21/compute/v2.1/servers/2b128377-f6d4-48ba-b6b6-95a5655ef421 0.081s
2025-11-12 11:32:11.555 68015 INFO tempest.lib.common.rest_client [req-5830f7a0-2989-4a24-8b89-739efe9c4d97 req-5830f7a0-2989-4a24-8b89-739efe9c4d97 ] Request (DeleteServersAdminTestJSON:test_admin_delete_servers_of_others): 200 GET http://10.180.1.21/compute/v2.1/servers/18b20feb-1e1f-4f7f-b50c-eccca4897817 0.108s
2025-11-12 11:32:11.618 68047 INFO tempest.lib.common.rest_client [req-32338699-ab11-4e77-a35e-ff40d65d97d0 req-32338699-ab11-4e77-a35e-ff40d65d97d0 ] Request (AttachVolumeTestJSON:test_attach_detach_volume): 200 GET http://10.180.1.21/compute/v2.1/servers/f585f920-bae7-4884-a28c-74cb89d8352c 0.175s
2025-11-12 11:32:11.631 68005 INFO tempest.lib.common.rest_client [req-057ae69b-8438-4b79-ba0e-55523a5d3cb7 req-057ae69b-8438-4b79-ba0e-55523a5d3cb7 ] Request (ServerExternalEventsTest:tearDownClass): 200 GET http://10.180.1.21/compute/v2.1/servers/27d79e76-cbe5-4eba-b493-7e1595815034 0.147s
2025-11-12 11:32:11.677 67989 INFO tempest.lib.common.rest_client [req-ba6c2ec6-bf94-4f9c-9374-cbdfd751f85e req-ba6c2ec6-bf94-4f9c-9374-cbdfd751f85e ] Request (ServersAdminNegativeTestJSON:test_migrate_server_invalid_state): 200 GET http://10.180.1.21/compute/v2.1/servers/be79f020-66c4-4067-bb48-fcd7be28bff6 0.160s
2025-11-12 11:32:11.683 68019 INFO tempest.lib.common.rest_client [req-f2c78c57-daa8-4193-8858-ef4931a80375 req-f2c78c57-daa8-4193-8858-ef4931a80375 ] Request (ImagesOneServerNegativeTestJSON:_run_cleanups): 200 GET http://10.180.1.21/compute/v2.1/servers/da455d3d-a639-48e6-9bd8-2b34b127c4e5 0.139s
2025-11-12 11:32:11.739 67999 INFO tempest.lib.common.rest_client [req-a793b58b-a8a5-4e13-b8d9-12f652b28efc req-a793b58b-a8a5-4e13-b8d9-12f652b28efc ] Request (MigrationsAdminTest:test_resize_server_revert_deleted_flavor): 200 GET http://10.180.1.21/compute/v2.1/servers/970786d3-ce30-4c50-8399-7be3832263b6 0.140s
2025-11-12 11:32:11.739 68027 INFO tempest.lib.common.rest_client [req-c12b46fd-0415-49b0-8c9a-fa464e8ea4e6 req-c12b46fd-0415-49b0-8c9a-fa464e8ea4e6 ] Request (ListServerFiltersTestJSON:tearDownClass): 200 GET http://10.180.1.21/compute/v2.1/servers/1d34afeb-9caf-483b-98e6-e746f01e2922 0.154s
2025-11-12 11:32:11.797 68009 INFO tempest.lib.common.rest_client [req-481a9317-daf2-4bca-8c06-a61e683bb9ac req-481a9317-daf2-4bca-8c06-a61e683bb9ac ] Request (AttachInterfacesTestJSON:test_create_list_show_delete_interfaces_by_network_port): 200 GET http://10.180.1.21/compute/v2.1/servers/528ac943-be43-497d-a43c-bb39fa88375f 0.068s
2025-11-12 11:32:11.802 68029 INFO tempest.lib.common.rest_client [req-691b55bd-1cc9-4972-bed6-50a0e5ad02aa req-691b55bd-1cc9-4972-bed6-50a0e5ad02aa ] Request (ServersNegativeTestJSON:setUpClass): 200 GET http://10.180.1.21/compute/v2.1/servers/702bd44d-aa05-4bcb-97e5-7ea8bedffbeb 0.121s
2025-11-12 11:32:11.874 68013 INFO tempest.lib.common.rest_client [req-df83bef5-45d4-4299-aec7-785e44c66d9c req-df83bef5-45d4-4299-aec7-785e44c66d9c ] Request (ServerMetadataNegativeTestJSON:setUpClass): 200 GET http://10.180.1.21/compute/v2.1/servers/8e2f20df-7776-48af-bf5c-71384add7bb4 0.073s
2025-11-12 11:32:11.943 68039 INFO tempest.lib.common.rest_client [req-ec65e640-c397-41fe-8fe9-c4e58d58de9e req-ec65e640-c397-41fe-8fe9-c4e58d58de9e ] Request (ImagesTestJSON:test_create_server_from_snapshot): 200 GET http://10.180.1.21/compute/v2.1/servers/146b880e-8d4e-4448-9440-da38e138c4f0 0.063s
2025-11-12 11:32:11.993 68011 INFO tempest.lib.common.rest_client [req-167b30d1-4168-4cd7-a49d-17df6432b0b4 req-167b30d1-4168-4cd7-a49d-17df6432b0b4 ] Request (ServerDiskConfigTestJSON:test_resize_server_from_auto_to_manual): 200 GET http://10.180.1.21/compute/v2.1/servers/b424e9f3-87bb-4aa9-baa1-74d032df0eed 0.058s
2025-11-12 11:32:12.029 67995 INFO tempest.lib.common.rest_client [req-62c9a7f6-999a-423f-96c1-29ea4517ef06 req-62c9a7f6-999a-423f-96c1-29ea4517ef06 ] Request (InstanceActionsV221TestJSON:test_get_list_deleted_instance_actions): 200 GET http://10.180.1.21/compute/v2.1/servers/06fcafaf-bb77-4148-aa2d-1d1e98dca172 0.108s
2025-11-12 11:32:12.048 67997 INFO tempest.lib.common.rest_client [req-647f1504-4c98-46f2-81cc-56a32d075b93 req-647f1504-4c98-46f2-81cc-56a32d075b93 ] Request (ServerActionsTestOtherB:setUpClass): 200 GET http://10.180.1.21/compute/v2.1/servers/a7a0ba52-7a78-4a2c-bff3-f92e8c848b59 0.070s
2025-11-12 11:32:12.089 67985 INFO tempest.lib.common.rest_client [req-75154408-d2c9-4d66-b5f7-f1073c909b5e req-75154408-d2c9-4d66-b5f7-f1073c909b5e ] Request (FloatingIPsAssociationTestJSON:test_associate_already_associated_floating_ip): 200 GET http://10.180.1.21/compute/v2.1/servers/9246041e-7602-4024-a424-5d7198ba0adf 0.096s
2025-11-12 11:32:12.109 67987 INFO tempest.lib.common.rest_client [req-bcfd3eb3-8f4d-4214-afd5-3f2f490e2575 req-bcfd3eb3-8f4d-4214-afd5-3f2f490e2575 ] Request (MultipleCreateTestJSON:tearDownClass): 404 GET http://10.180.1.21/compute/v2.1/servers/744742e4-3719-48ec-bc7d-b559acc2bd79 0.048s
2025-11-12 11:32:12.115 68035 INFO tempest.lib.common.rest_client [req-60ad934f-4f21-4a30-bc70-813619d044f4 req-60ad934f-4f21-4a30-bc70-813619d044f4 ] Request (SecurityGroupsTestJSON:test_server_security_groups): 200 GET http://10.180.1.21/compute/v2.1/servers/3b7c9d24-b619-476a-a9a3-b611c2e6bcf3 0.066s
2025-11-12 11:32:12.168 68043 INFO tempest.lib.common.rest_client [req-37a6766d-6864-4dfc-83ca-96dd63e32c0d req-37a6766d-6864-4dfc-83ca-96dd63e32c0d ] Request (ServersTestJSON:test_create_server_specify_multibyte_character_name): 200 GET http://10.180.1.21/compute/v2.1/servers/5810e5da-0d00-4789-9265-b5d0e0f9214e 0.058s
2025-11-12 11:32:12.192 68023 INFO tempest.lib.common.rest_client [req-25ccca1c-4f81-4e56-8e31-acb080f00f9c req-25ccca1c-4f81-4e56-8e31-acb080f00f9c ] Request (AttachInterfacesUnderV243Test:_run_cleanups): 200 GET http://10.180.1.21/compute/v2.1/servers/d02fbbd9-f104-4905-9714-ceb1bcc72ec1 0.085s
2025-11-12 11:32:12.410 68033 INFO tempest.lib.common.rest_client [req-888bcd66-d7aa-4f09-a6ca-2ae21925398c req-888bcd66-d7aa-4f09-a6ca-2ae21925398c ] Request (ListImageFiltersTestJSON:setUpClass): 200 GET http://10.180.1.21/compute/v2.1/images/630bb117-74a6-4418-b1f0-6bf651c8bdf5 0.043s
2025-11-12 11:32:12.424 68032 INFO tempest.lib.common.rest_client [req-42827055-8a6e-4169-bae7-5dc5af5c6bea req-42827055-8a6e-4169-bae7-5dc5af5c6bea ] Request (ServersTestMultiNic:test_verify_duplicate_network_nics): 200 GET http://10.180.1.21/compute/v2.1/servers/a11845b2-c4d7-42ee-9c1e-6ad7e894555b 0.062s
2025-11-12 11:32:12.448 68033 INFO tempest.lib.common.rest_client [req-1eefc955-16f0-4102-951a-a183f9bc7652 req-1eefc955-16f0-4102-951a-a183f9bc7652 ] Request (ListImageFiltersTestJSON:setUpClass): 200 GET http://10.180.1.21/compute/v2.1/images/630bb117-74a6-4418-b1f0-6bf651c8bdf5 0.035s
2025-11-12 11:32:12.613 68033 INFO tempest.lib.common.rest_client [req-4610c0c1-7ccc-4210-bf9a-93bdc3a3f185 req-4610c0c1-7ccc-4210-bf9a-93bdc3a3f185 ] Request (ListImageFiltersTestJSON:setUpClass): 200 GET http://10.180.1.21/compute/v2.1/servers/fd89652a-3546-4acd-924d-27f2324cc88c 0.161s
2025-11-12 11:32:12.640 68041 INFO tempest.lib.common.rest_client [req-6a003419-5a0a-47be-8617-ca30775b7034 req-6a003419-5a0a-47be-8617-ca30775b7034 ] Request (ServersAdminTestJSON:test_inject_network_info): 200 GET http://10.180.1.21/compute/v2.1/servers/11a1d282-3fd6-478e-83aa-86c482ff50ca 0.152s
2025-11-12 11:32:12.651 68041 INFO tempest.common.waiters [-] State transition "BUILD/spawning" ==> "ACTIVE/None" after 79 second wait
2025-11-12 11:32:12.667 68003 INFO tempest.lib.common.rest_client [req-584ae99e-2166-4234-9933-80444ec0d89d req-584ae99e-2166-4234-9933-80444ec0d89d ] Request (ServerGroupTestJSON:test_create_server_with_scheduler_hint_group): 200 GET http://10.180.1.21/compute/v2.1/servers/2b128377-f6d4-48ba-b6b6-95a5655ef421 0.160s
2025-11-12 11:32:12.692 68015 INFO tempest.lib.common.rest_client [req-42e39eea-f6c4-4525-984e-9a15f19cb584 req-42e39eea-f6c4-4525-984e-9a15f19cb584 ] Request (DeleteServersAdminTestJSON:test_admin_delete_servers_of_others): 200 GET http://10.180.1.21/compute/v2.1/servers/18b20feb-1e1f-4f7f-b50c-eccca4897817 0.127s
2025-11-12 11:32:12.776 68005 INFO tempest.lib.common.rest_client [req-b8f0a87f-979b-406d-ac07-e9e0df19722b req-b8f0a87f-979b-406d-ac07-e9e0df19722b ] Request (ServerExternalEventsTest:tearDownClass): 200 GET http://10.180.1.21/compute/v2.1/servers/27d79e76-cbe5-4eba-b493-7e1595815034 0.137s
2025-11-12 11:32:12.807 68047 INFO tempest.lib.common.rest_client [req-53a22122-8713-4808-a239-b6ab2e005c4a req-53a22122-8713-4808-a239-b6ab2e005c4a ] Request (AttachVolumeTestJSON:test_attach_detach_volume): 200 GET http://10.180.1.21/compute/v2.1/servers/f585f920-bae7-4884-a28c-74cb89d8352c 0.181s
2025-11-12 11:32:12.836 67987 INFO tempest.lib.common.rest_client [req-da95a873-c53e-4097-9ff8-e6ca4f04140c req-da95a873-c53e-4097-9ff8-e6ca4f04140c ] Request (MultipleCreateTestJSON:tearDownClass): 200 PUT http://10.180.1.21/networking/v2.0/routers/3185fc3b-25be-44f2-afb6-de547e841a04/remove_router_interface 0.726s
2025-11-12 11:32:12.884 67989 INFO tempest.lib.common.rest_client [req-60501f10-73aa-436e-85ef-c50dc07d1170 req-60501f10-73aa-436e-85ef-c50dc07d1170 ] Request (ServersAdminNegativeTestJSON:test_migrate_server_invalid_state): 200 GET http://10.180.1.21/compute/v2.1/servers/be79f020-66c4-4067-bb48-fcd7be28bff6 0.197s
2025-11-12 11:32:12.949 68019 INFO tempest.lib.common.rest_client [req-3a8456ec-035b-4287-89ed-d5b13df4125e req-3a8456ec-035b-4287-89ed-d5b13df4125e ] Request (ImagesOneServerNegativeTestJSON:_run_cleanups): 200 GET http://10.180.1.21/compute/v2.1/servers/da455d3d-a639-48e6-9bd8-2b34b127c4e5 0.257s
2025-11-12 11:32:12.987 68041 INFO tempest.lib.common.rest_client [req-b899e7a9-fda5-4579-b8a4-5c5f092d9871 req-b899e7a9-fda5-4579-b8a4-5c5f092d9871 ] Request (ServersAdminTestJSON:test_inject_network_info): 202 POST http://10.180.1.21/compute/v2.1/servers/11a1d282-3fd6-478e-83aa-86c482ff50ca/action 0.335s
2025-11-12 11:32:13.020 68027 INFO tempest.lib.common.rest_client [req-cc164521-3cc2-4358-9431-2b66df4236ad req-cc164521-3cc2-4358-9431-2b66df4236ad ] Request (ListServerFiltersTestJSON:tearDownClass): 200 GET http://10.180.1.21/compute/v2.1/servers/1d34afeb-9caf-483b-98e6-e746f01e2922 0.273s
2025-11-12 11:32:13.048 67999 INFO tempest.lib.common.rest_client [req-3138db6e-d369-4b1b-97f8-aec14ed43822 req-3138db6e-d369-4b1b-97f8-aec14ed43822 ] Request (MigrationsAdminTest:test_resize_server_revert_deleted_flavor): 200 GET http://10.180.1.21/compute/v2.1/servers/970786d3-ce30-4c50-8399-7be3832263b6 0.300s
2025-11-12 11:32:13.084 68009 INFO tempest.lib.common.rest_client [req-60c53bb5-163b-4ebf-b4da-c460550bb7bb req-60c53bb5-163b-4ebf-b4da-c460550bb7bb ] Request (AttachInterfacesTestJSON:test_create_list_show_delete_interfaces_by_network_port): 200 GET http://10.180.1.21/compute/v2.1/servers/528ac943-be43-497d-a43c-bb39fa88375f 0.277s
2025-11-12 11:32:13.094 68009 INFO tempest.common.waiters [-] State transition "BUILD/scheduling" ==> "BUILD/None" after 53 second wait
2025-11-12 11:32:13.125 68029 INFO tempest.lib.common.rest_client [req-ff4e33ba-7382-4101-bfb3-551afe23ad8a req-ff4e33ba-7382-4101-bfb3-551afe23ad8a ] Request (ServersNegativeTestJSON:setUpClass): 200 GET http://10.180.1.21/compute/v2.1/servers/702bd44d-aa05-4bcb-97e5-7ea8bedffbeb 0.314s
2025-11-12 11:32:13.194 68039 INFO tempest.lib.common.rest_client [req-bf6bb98c-7f72-4df4-970b-f17e35c657cf req-bf6bb98c-7f72-4df4-970b-f17e35c657cf ] Request (ImagesTestJSON:test_create_server_from_snapshot): 200 GET http://10.180.1.21/compute/v2.1/servers/146b880e-8d4e-4448-9440-da38e138c4f0 0.241s
2025-11-12 11:32:13.247 68041 INFO tempest.lib.common.rest_client [req-f8ec7eb7-76c5-41e1-b10b-57ca938dd236 req-f8ec7eb7-76c5-41e1-b10b-57ca938dd236 ] Request (ServersAdminTestJSON:test_list_servers_by_admin): 200 GET http://10.180.1.21/compute/v2.1/servers/detail 0.257s
2025-11-12 11:32:13.344 68011 INFO tempest.lib.common.rest_client [req-0fe1ac38-159f-441f-bd58-b72007042a68 req-0fe1ac38-159f-441f-bd58-b72007042a68 ] Request (ServerDiskConfigTestJSON:test_resize_server_from_auto_to_manual): 200 GET http://10.180.1.21/compute/v2.1/servers/b424e9f3-87bb-4aa9-baa1-74d032df0eed 0.341s
2025-11-12 11:32:13.363 67987 INFO tempest.lib.common.rest_client [req-c89620c1-77cb-472e-ad95-e1dbdc0f6900 req-c89620c1-77cb-472e-ad95-e1dbdc0f6900 ] Request (MultipleCreateTestJSON:tearDownClass): 204 DELETE http://10.180.1.21/networking/v2.0/routers/3185fc3b-25be-44f2-afb6-de547e841a04 0.526s
2025-11-12 11:32:13.424 68013 INFO tempest.lib.common.rest_client [req-787d1a77-b920-49bf-a030-0f99832975be req-787d1a77-b920-49bf-a030-0f99832975be ] Request (ServerMetadataNegativeTestJSON:setUpClass): 200 GET http://10.180.1.21/compute/v2.1/servers/8e2f20df-7776-48af-bf5c-71384add7bb4 0.542s
2025-11-12 11:32:13.505 67987 INFO tempest.lib.common.rest_client [req-29dd468f-659b-4768-bd0c-4bfb3a6752f6 req-29dd468f-659b-4768-bd0c-4bfb3a6752f6 ] Request (MultipleCreateTestJSON:tearDownClass): 204 DELETE http://10.180.1.21/networking/v2.0/subnets/a5ad3cf9-21f7-4c02-838d-00336f46e56b 0.142s
2025-11-12 11:32:13.515 67997 INFO tempest.lib.common.rest_client [req-d30c2f9f-2e2e-471c-ab41-48ca189c9fd7 req-d30c2f9f-2e2e-471c-ab41-48ca189c9fd7 ] Request (ServerActionsTestOtherB:setUpClass): 200 GET http://10.180.1.21/compute/v2.1/servers/a7a0ba52-7a78-4a2c-bff3-f92e8c848b59 0.459s
2025-11-12 11:32:13.547 67995 INFO tempest.lib.common.rest_client [req-bbb83077-fbd1-4874-b654-d8c36562cd30 req-bbb83077-fbd1-4874-b654-d8c36562cd30 ] Request (InstanceActionsV221TestJSON:test_get_list_deleted_instance_actions): 200 GET http://10.180.1.21/compute/v2.1/servers/06fcafaf-bb77-4148-aa2d-1d1e98dca172 0.509s
2025-11-12 11:32:13.557 67995 INFO tempest.common.waiters [-] State transition "BUILD/spawning" ==> "ACTIVE/None" after 79 second wait
2025-11-12 11:32:13.574 67985 INFO tempest.lib.common.rest_client [req-67b6959c-a7e5-4243-b278-cdb849faf69a req-67b6959c-a7e5-4243-b278-cdb849faf69a ] Request (FloatingIPsAssociationTestJSON:test_associate_already_associated_floating_ip): 200 GET http://10.180.1.21/compute/v2.1/servers/9246041e-7602-4024-a424-5d7198ba0adf 0.473s
2025-11-12 11:32:13.634 68035 INFO tempest.lib.common.rest_client [req-ae2f4645-dd3c-47a1-a333-deda8d8ad132 req-ae2f4645-dd3c-47a1-a333-deda8d8ad132 ] Request (SecurityGroupsTestJSON:test_server_security_groups): 200 GET http://10.180.1.21/compute/v2.1/servers/3b7c9d24-b619-476a-a9a3-b611c2e6bcf3 0.511s
2025-11-12 11:32:13.654 68043 INFO tempest.lib.common.rest_client [req-644d514b-ba49-4a91-a218-2d40cd186986 req-644d514b-ba49-4a91-a218-2d40cd186986 ] Request (ServersTestJSON:test_create_server_specify_multibyte_character_name): 200 GET http://10.180.1.21/compute/v2.1/servers/5810e5da-0d00-4789-9265-b5d0e0f9214e 0.478s
2025-11-12 11:32:13.713 68023 INFO tempest.lib.common.rest_client [req-29d12b46-936a-4f8e-9db5-048b6ca74117 req-29d12b46-936a-4f8e-9db5-048b6ca74117 ] Request (AttachInterfacesUnderV243Test:_run_cleanups): 200 GET http://10.180.1.21/compute/v2.1/servers/d02fbbd9-f104-4905-9714-ceb1bcc72ec1 0.512s
2025-11-12 11:32:13.792 67987 INFO tempest.lib.common.rest_client [req-e3a3ee6e-7081-4669-8417-f2204e180f1a req-e3a3ee6e-7081-4669-8417-f2204e180f1a ] Request (MultipleCreateTestJSON:tearDownClass): 204 DELETE http://10.180.1.21/networking/v2.0/networks/68de07f7-e4c7-40b5-8b0f-b2f16d127e64 0.283s
2025-11-12 11:32:13.802 68032 INFO tempest.lib.common.rest_client [req-a8e8e148-762f-4a49-873a-5e63eb26a63c req-a8e8e148-762f-4a49-873a-5e63eb26a63c ] Request (ServersTestMultiNic:test_verify_duplicate_network_nics): 200 GET http://10.180.1.21/compute/v2.1/servers/a11845b2-c4d7-42ee-9c1e-6ad7e894555b 0.370s
2025-11-12 11:32:13.904 67995 INFO tempest.lib.common.rest_client [req-26ad86c5-54b0-4ce1-875b-d7941a2c6f66 req-26ad86c5-54b0-4ce1-875b-d7941a2c6f66 ] Request (InstanceActionsV221TestJSON:test_get_list_deleted_instance_actions): 204 DELETE http://10.180.1.21/compute/v2.1/servers/06fcafaf-bb77-4148-aa2d-1d1e98dca172 0.346s
2025-11-12 11:32:13.922 68017 WARNING tempest.lib.common.ssh [-] Failed to establish authenticated ssh connection to cirros@10.180.180.152 ([Errno None] Unable to connect to port 22 on 10.180.180.152). Number attempts: 6. Retry after 7 seconds.: paramiko.ssh_exception.NoValidConnectionsError: [Errno None] Unable to connect to port 22 on 10.180.180.152
2025-11-12 11:32:13.922 67987 INFO tempest.lib.common.rest_client [req-2a23d833-cc8e-41f5-aecc-e117f6e0242f req-2a23d833-cc8e-41f5-aecc-e117f6e0242f ] Request (MultipleCreateTestJSON:tearDownClass): 204 DELETE http://10.180.1.21/identity/v3/users/b97d799013e842409d04324bb6833687 0.130s
2025-11-12 11:32:13.922 67987 INFO tempest.lib.common.dynamic_creds [-] Deleting project and security group for project: bec33208117e45c884bbbc46bc14f96b
2025-11-12 11:32:13.951 67987 INFO tempest.lib.common.rest_client [req-c19fb485-b583-4f46-b87e-dcd6d56d7473 req-c19fb485-b583-4f46-b87e-dcd6d56d7473 ] Request (MultipleCreateTestJSON:tearDownClass): 200 GET http://10.180.1.21/networking/v2.0/security-groups?tenant_id=bec33208117e45c884bbbc46bc14f96b&name=default 0.029s
2025-11-12 11:32:14.028 68041 INFO tempest.lib.common.rest_client [req-6ead398d-a0d3-4a73-ae6e-915ad9e269be req-6ead398d-a0d3-4a73-ae6e-915ad9e269be ] Request (ServersAdminTestJSON:test_list_servers_by_admin_with_all_tenants): 200 GET http://10.180.1.21/compute/v2.1/servers/detail?all_tenants= 0.773s
2025-11-12 11:32:14.060 68033 INFO tempest.lib.common.rest_client [req-3dd6a1a2-24d7-41a7-942a-c4412e139334 req-3dd6a1a2-24d7-41a7-942a-c4412e139334 ] Request (ListImageFiltersTestJSON:setUpClass): 200 GET http://10.180.1.21/compute/v2.1/servers/fd89652a-3546-4acd-924d-27f2324cc88c 0.437s
2025-11-12 11:32:14.063 68041 WARNING tempest.lib.common.rest_client [-] Deprecated: "tenant_id" property is deprecated for removal, use "project_id" instead
2025-11-12 11:32:14.067 68033 INFO tempest.common.waiters [-] State transition "ACTIVE/image_uploading" ==> "ACTIVE/None" after 2 second wait
2025-11-12 11:32:14.072 67987 INFO tempest.lib.common.rest_client [req-2078c4a4-5d4e-4500-8cbd-c3a5d581258a req-2078c4a4-5d4e-4500-8cbd-c3a5d581258a ] Request (MultipleCreateTestJSON:tearDownClass): 204 DELETE http://10.180.1.21/networking/v2.0/security-groups/f97637cb-db13-4e48-9a2f-e4c7328836b4 0.120s
2025-11-12 11:32:14.087 68003 INFO tempest.lib.common.rest_client [req-5c1e6b65-68a4-45e6-9cbe-fac8f337c7e5 req-5c1e6b65-68a4-45e6-9cbe-fac8f337c7e5 ] Request (ServerGroupTestJSON:test_create_server_with_scheduler_hint_group): 200 GET http://10.180.1.21/compute/v2.1/servers/2b128377-f6d4-48ba-b6b6-95a5655ef421 0.412s
2025-11-12 11:32:14.124 68015 INFO tempest.lib.common.rest_client [req-416fa890-6113-47f4-a6ea-2f5ab5b80977 req-416fa890-6113-47f4-a6ea-2f5ab5b80977 ] Request (DeleteServersAdminTestJSON:test_admin_delete_servers_of_others): 200 GET http://10.180.1.21/compute/v2.1/servers/18b20feb-1e1f-4f7f-b50c-eccca4897817 0.423s
2025-11-12 11:32:14.164 68005 INFO tempest.lib.common.rest_client [req-0d100b58-7265-4b37-b59a-7711ac5ed974 req-0d100b58-7265-4b37-b59a-7711ac5ed974 ] Request (ServerExternalEventsTest:tearDownClass): 200 GET http://10.180.1.21/compute/v2.1/servers/27d79e76-cbe5-4eba-b493-7e1595815034 0.370s
2025-11-12 11:32:14.205 67987 INFO tempest.lib.common.rest_client [req-9b400c3f-4e22-417d-a3f1-9e952d9f585f req-9b400c3f-4e22-417d-a3f1-9e952d9f585f ] Request (MultipleCreateTestJSON:tearDownClass): 204 DELETE http://10.180.1.21/identity/v3/projects/bec33208117e45c884bbbc46bc14f96b 0.132s
2025-11-12 11:32:14.274 67989 INFO tempest.lib.common.rest_client [req-74e01101-4d92-4fe8-9333-fb689f7d6857 req-74e01101-4d92-4fe8-9333-fb689f7d6857 ] Request (ServersAdminNegativeTestJSON:test_migrate_server_invalid_state): 200 GET http://10.180.1.21/compute/v2.1/servers/be79f020-66c4-4067-bb48-fcd7be28bff6 0.381s
2025-11-12 11:32:14.275 68047 INFO tempest.lib.common.rest_client [req-84d5b821-d864-4038-93a8-164b644f82f0 req-84d5b821-d864-4038-93a8-164b644f82f0 ] Request (AttachVolumeTestJSON:test_attach_detach_volume): 200 GET http://10.180.1.21/compute/v2.1/servers/f585f920-bae7-4884-a28c-74cb89d8352c 0.457s
2025-11-12 11:32:14.281 67987 INFO tempest.lib.common.rest_client [req-a44e0ea6-cac3-4da1-8cf6-8f894c50294e req-a44e0ea6-cac3-4da1-8cf6-8f894c50294e ] Request (ServerRescueTestJSONUnderV235:setUpClass): 201 POST http://10.180.1.21/identity/v3/auth/tokens 0.074s
2025-11-12 11:32:14.282 68047 INFO tempest.common.waiters [-] State transition "ACTIVE/powering-off" ==> "SHUTOFF/None" after 3 second wait
2025-11-12 11:32:14.312 67987 INFO tempest.lib.common.rest_client [req-a777134b-c4cf-4b40-809a-424364051fa1 req-a777134b-c4cf-4b40-809a-424364051fa1 ] Request (ServerRescueTestJSONUnderV235:setUpClass): 201 POST http://10.180.1.21/identity/v3/auth/tokens 0.028s
2025-11-12 11:32:14.327 68019 INFO tempest.lib.common.rest_client [req-1ef65881-4850-48d5-8964-0d38060d3a8c req-1ef65881-4850-48d5-8964-0d38060d3a8c ] Request (ImagesOneServerNegativeTestJSON:_run_cleanups): 200 GET http://10.180.1.21/compute/v2.1/servers/da455d3d-a639-48e6-9bd8-2b34b127c4e5 0.369s
2025-11-12 11:32:14.339 67987 INFO tempest.lib.common.rest_client [req-4d1956b4-515c-4319-b4e2-ee342b5cd88e req-4d1956b4-515c-4319-b4e2-ee342b5cd88e ] Request (ServerRescueTestJSONUnderV235:setUpClass): 200 GET http://10.180.1.21/identity/v3/domains?name=Default 0.027s
2025-11-12 11:32:14.370 67987 INFO tempest.lib.common.rest_client [req-3107006d-cf64-4901-82fc-9ea7bb50e575 req-3107006d-cf64-4901-82fc-9ea7bb50e575 ] Request (ServerRescueTestJSONUnderV235:setUpClass): 201 POST http://10.180.1.21/identity/v3/projects 0.030s
2025-11-12 11:32:14.389 68027 INFO tempest.lib.common.rest_client [req-83e0cb55-ee0d-42cf-a9ca-bfac911dc76e req-83e0cb55-ee0d-42cf-a9ca-bfac911dc76e ] Request (ListServerFiltersTestJSON:tearDownClass): 200 GET http://10.180.1.21/compute/v2.1/servers/1d34afeb-9caf-483b-98e6-e746f01e2922 0.358s
2025-11-12 11:32:14.393 68001 WARNING tempest.lib.common.ssh [-] Failed to establish authenticated ssh connection to cirros@10.180.180.172 ([Errno None] Unable to connect to port 22 on 10.180.180.172). Number attempts: 7. Retry after 8 seconds.: paramiko.ssh_exception.NoValidConnectionsError: [Errno None] Unable to connect to port 22 on 10.180.180.172
2025-11-12 11:32:14.407 67995 INFO tempest.lib.common.rest_client [req-e10b67be-1fbc-415f-bdb0-d787d3f2bcde req-e10b67be-1fbc-415f-bdb0-d787d3f2bcde ] Request (InstanceActionsV221TestJSON:test_get_list_deleted_instance_actions): 200 GET http://10.180.1.21/compute/v2.1/servers/06fcafaf-bb77-4148-aa2d-1d1e98dca172 0.502s
2025-11-12 11:32:14.445 67987 INFO tempest.lib.common.rest_client [req-2ef34db9-2905-4526-9e7b-24c4fdcb0367 req-2ef34db9-2905-4526-9e7b-24c4fdcb0367 ] Request (ServerRescueTestJSONUnderV235:setUpClass): 201 POST http://10.180.1.21/identity/v3/users 0.074s
2025-11-12 11:32:14.455 67999 INFO tempest.lib.common.rest_client [req-c0f1fb66-7c5a-4507-ad3c-a66d22f0ce41 req-c0f1fb66-7c5a-4507-ad3c-a66d22f0ce41 ] Request (MigrationsAdminTest:test_resize_server_revert_deleted_flavor): 200 GET http://10.180.1.21/compute/v2.1/servers/970786d3-ce30-4c50-8399-7be3832263b6 0.399s
2025-11-12 11:32:14.472 67987 INFO tempest.lib.common.rest_client [req-e3f1a743-87b2-4633-9a68-6ed9609118f2 req-e3f1a743-87b2-4633-9a68-6ed9609118f2 ] Request (ServerRescueTestJSONUnderV235:setUpClass): 200 GET http://10.180.1.21/identity/v3/roles 0.026s
2025-11-12 11:32:14.491 68041 INFO tempest.lib.common.rest_client [req-36ab1a30-6911-47f2-bfc7-db93f3d9eb34 req-36ab1a30-6911-47f2-bfc7-db93f3d9eb34 ] Request (ServersAdminTestJSON:test_list_servers_by_admin_with_specified_tenant): 200 GET http://10.180.1.21/compute/v2.1/servers/detail?tenant_id=9089f7b2b29e4fa0a58c0baefcee7b0c 0.425s
2025-11-12 11:32:14.510 67987 INFO tempest.lib.common.rest_client [req-1bf824a1-a679-4b24-b45b-b0dfa7d77004 req-1bf824a1-a679-4b24-b45b-b0dfa7d77004 ] Request (ServerRescueTestJSONUnderV235:setUpClass): 204 PUT http://10.180.1.21/identity/v3/projects/117e624362864701885d8e71b8186df2/users/c9c8b8b960614df7ae5879ad9c6cd16a/roles/3b239aed87564a7ba2ce5339da7b2bf9 0.038s
2025-11-12 11:32:14.511 67987 INFO tempest.lib.common.dynamic_creds [-] Dynamic test user c9c8b8b960614df7ae5879ad9c6cd16a is created with scope project and roles: ['member']
2025-11-12 11:32:14.511 67987 INFO tempest.lib.common.dynamic_creds [-] Acquired dynamic creds: credentials: Credentials: {'domain_id': 'default', 'domain_name': 'Default', 'username': 'tempest-ServerRescueTestJSONUnderV235-1945311176-project-member', 'project_domain_id': 'default', 'project_domain_name': 'Default', 'project_id': '117e624362864701885d8e71b8186df2', 'project_name': 'tempest-ServerRescueTestJSONUnderV235-1945311176', 'tenant_id': '117e624362864701885d8e71b8186df2', 'tenant_name': 'tempest-ServerRescueTestJSONUnderV235-1945311176', 'user_domain_id': 'default', 'user_domain_name': 'Default', 'user_id': 'c9c8b8b960614df7ae5879ad9c6cd16a', 'system': None}, Network: None, Subnet: None, Router: None
2025-11-12 11:32:14.545 68009 INFO tempest.lib.common.rest_client [req-74589972-7030-4e68-9501-59fb35082abc req-74589972-7030-4e68-9501-59fb35082abc ] Request (AttachInterfacesTestJSON:test_create_list_show_delete_interfaces_by_network_port): 200 GET http://10.180.1.21/compute/v2.1/servers/528ac943-be43-497d-a43c-bb39fa88375f 0.448s
2025-11-12 11:32:14.572 67987 INFO tempest.lib.common.rest_client [req-2725d13a-3ff2-4ddb-9d9d-9bb93008ef86 req-2725d13a-3ff2-4ddb-9d9d-9bb93008ef86 ] Request (ServerRescueTestJSONUnderV235:setUpClass): 201 POST http://10.180.1.21/identity/v3/auth/tokens 0.060s
2025-11-12 11:32:14.607 68029 INFO tempest.lib.common.rest_client [req-0bed1d24-d021-40c6-97b8-52d7075fb9ec req-0bed1d24-d021-40c6-97b8-52d7075fb9ec ] Request (ServersNegativeTestJSON:setUpClass): 200 GET http://10.180.1.21/compute/v2.1/servers/702bd44d-aa05-4bcb-97e5-7ea8bedffbeb 0.466s
2025-11-12 11:32:14.658 68039 INFO tempest.lib.common.rest_client [req-9e73e478-e313-4044-9b18-a827597417e2 req-9e73e478-e313-4044-9b18-a827597417e2 ] Request (ImagesTestJSON:test_create_server_from_snapshot): 200 GET http://10.180.1.21/compute/v2.1/servers/146b880e-8d4e-4448-9440-da38e138c4f0 0.455s
