2025-11-12 11:32:00.866 68005 INFO tempest.lib.common.rest_client [req-2b3fe58f-933b-4590-90ed-804e6b43137e req-2b3fe58f-933b-4590-90ed-804e6b43137e ] Request (ServerExternalEventsTest:tearDownClass): 200 GET http://10.180.1.21/compute/v2.1/servers/27d79e76-cbe5-4eba-b493-7e1595815034 0.106s
2025-11-12 11:32:00.866 68033 INFO tempest.lib.common.rest_client [req-adaf592c-6a6e-468a-abe5-cd32a70f907e req-adaf592c-6a6e-468a-abe5-cd32a70f907e ] Request (ListImageFiltersTestJSON:setUpClass): 200 GET http://10.180.1.21/compute/v2.1/images/630bb117-74a6-4418-b1f0-6bf651c8bdf5 0.077s
2025-11-12 11:32:00.928 68043 INFO tempest.lib.common.rest_client [req-1bca1c84-5a49-4430-88c2-1507fd67f805 req-1bca1c84-5a49-4430-88c2-1507fd67f805 ] Request (ServersTestJSON:setUpClass): 201 POST http://10.180.1.21/identity/v3/auth/tokens 0.078s
2025-11-12 11:32:00.931 68015 INFO tempest.lib.common.rest_client [req-729adb5e-4bbd-48b2-a613-21a0ffea25fe req-729adb5e-4bbd-48b2-a613-21a0ffea25fe ] Request (DeleteServersAdminTestJSON:test_admin_delete_servers_of_others): 200 GET http://10.180.1.21/compute/v2.1/servers/18b20feb-1e1f-4f7f-b50c-eccca4897817 0.081s
2025-11-12 11:32:00.934 67989 INFO tempest.lib.common.rest_client [req-dfb6fdaa-6cb5-403c-b12c-07b4700cf801 req-dfb6fdaa-6cb5-403c-b12c-07b4700cf801 ] Request (ServersAdminNegativeTestJSON:test_migrate_server_invalid_state): 200 GET http://10.180.1.21/compute/v2.1/servers/be79f020-66c4-4067-bb48-fcd7be28bff6 0.117s
2025-11-12 11:32:00.963 68043 INFO tempest.lib.common.rest_client [req-3e6fcc31-ee23-4a79-bfe2-3bc51ebcac51 req-3e6fcc31-ee23-4a79-bfe2-3bc51ebcac51 ] Request (ServersTestJSON:setUpClass): 201 POST http://10.180.1.21/identity/v3/auth/tokens 0.032s
2025-11-12 11:32:00.989 68019 INFO tempest.lib.common.rest_client [req-8e958424-cbf5-4eed-b312-3830cdd4cb69 req-8e958424-cbf5-4eed-b312-3830cdd4cb69 ] Request (ImagesOneServerNegativeTestJSON:_run_cleanups): 200 GET http://10.180.1.21/compute/v2.1/servers/da455d3d-a639-48e6-9bd8-2b34b127c4e5 0.061s
2025-11-12 11:32:00.991 67995 INFO tempest.lib.common.rest_client [req-5de9fa28-3e5c-40bd-9cde-0c0ac6894205 req-5de9fa28-3e5c-40bd-9cde-0c0ac6894205 ] Request (InstanceActionsV221TestJSON:test_get_list_deleted_instance_actions): 200 GET http://10.180.1.21/compute/v2.1/servers/06fcafaf-bb77-4148-aa2d-1d1e98dca172 0.118s
2025-11-12 11:32:00.996 68043 INFO tempest.lib.common.rest_client [req-9f3ee523-306c-405b-8838-07fb78ffbddf req-9f3ee523-306c-405b-8838-07fb78ffbddf ] Request (ServersTestJSON:setUpClass): 200 GET http://10.180.1.21/identity/v3/domains?name=Default 0.032s
2025-11-12 11:32:01.026 68043 INFO tempest.lib.common.rest_client [req-0e26a008-34dd-4e55-9f8e-a79c6c43681d req-0e26a008-34dd-4e55-9f8e-a79c6c43681d ] Request (ServersTestJSON:setUpClass): 201 POST http://10.180.1.21/identity/v3/projects 0.029s
2025-11-12 11:32:01.081 68043 INFO tempest.lib.common.rest_client [req-99124875-d88f-4e27-afd6-c27cee5e42b0 req-99124875-d88f-4e27-afd6-c27cee5e42b0 ] Request (ServersTestJSON:setUpClass): 201 POST http://10.180.1.21/identity/v3/users 0.054s
2025-11-12 11:32:01.103 68043 INFO tempest.lib.common.rest_client [req-060e2e4f-ceae-407b-8806-55ba90bfdc54 req-060e2e4f-ceae-407b-8806-55ba90bfdc54 ] Request (ServersTestJSON:setUpClass): 200 GET http://10.180.1.21/identity/v3/roles 0.021s
2025-11-12 11:32:01.105 68027 INFO tempest.lib.common.rest_client [req-42949de8-b991-4986-ba56-3f06679991e7 req-42949de8-b991-4986-ba56-3f06679991e7 ] Request (ListServerFiltersTestJSON:tearDownClass): 200 GET http://10.180.1.21/compute/v2.1/servers/1d34afeb-9caf-483b-98e6-e746f01e2922 0.077s
2025-11-12 11:32:01.131 68043 INFO tempest.lib.common.rest_client [req-c2005598-3a4f-4f54-9b86-6df062ca7791 req-c2005598-3a4f-4f54-9b86-6df062ca7791 ] Request (ServersTestJSON:setUpClass): 204 PUT http://10.180.1.21/identity/v3/projects/a8cbd8ae573545ca8acb83b55e9c3b4b/users/aa1bfc6d59064e8aa9015be8c84a26b0/roles/3b239aed87564a7ba2ce5339da7b2bf9 0.028s
2025-11-12 11:32:01.131 68043 INFO tempest.lib.common.dynamic_creds [-] Dynamic test user aa1bfc6d59064e8aa9015be8c84a26b0 is created with scope project and roles: ['member']
2025-11-12 11:32:01.131 68043 INFO tempest.lib.common.dynamic_creds [-] Acquired dynamic creds: credentials: Credentials: {'domain_id': 'default', 'domain_name': 'Default', 'username': 'tempest-ServersTestJSON-1731377993-project-member', 'project_domain_id': 'default', 'project_domain_name': 'Default', 'project_id': 'a8cbd8ae573545ca8acb83b55e9c3b4b', 'project_name': 'tempest-ServersTestJSON-1731377993', 'tenant_id': 'a8cbd8ae573545ca8acb83b55e9c3b4b', 'tenant_name': 'tempest-ServersTestJSON-1731377993', 'user_domain_id': 'default', 'user_domain_name': 'Default', 'user_id': 'aa1bfc6d59064e8aa9015be8c84a26b0', 'system': None}, Network: None, Subnet: None, Router: None
2025-11-12 11:32:01.186 67999 INFO tempest.lib.common.rest_client [req-2efd1f12-df48-40c3-9d7b-e171f97d28c9 req-2efd1f12-df48-40c3-9d7b-e171f97d28c9 ] Request (MigrationsAdminTest:test_resize_server_revert_deleted_flavor): 200 GET http://10.180.1.21/compute/v2.1/servers/970786d3-ce30-4c50-8399-7be3832263b6 0.075s
2025-11-12 11:32:01.207 68043 INFO tempest.lib.common.rest_client [req-6ca5df32-972c-496d-8b38-efed25f99802 req-6ca5df32-972c-496d-8b38-efed25f99802 ] Request (ServersTestJSON:setUpClass): 201 POST http://10.180.1.21/identity/v3/auth/tokens 0.076s
2025-11-12 11:32:01.366 68037 INFO tempest.lib.common.rest_client [req-bca6fce6-80e6-4c68-a56d-3f12fb0812dd req-bca6fce6-80e6-4c68-a56d-3f12fb0812dd ] Request (ServersListShow2100Test:tearDownClass): 200 GET http://10.180.1.21/compute/v2.1/servers/25f4679f-5510-4630-9afc-ba31ee949f90 0.113s
2025-11-12 11:32:01.376 68029 INFO tempest.lib.common.rest_client [req-1be642d9-c1d7-4c9f-8522-eb7d5141d6d6 req-1be642d9-c1d7-4c9f-8522-eb7d5141d6d6 ] Request (ServersNegativeTestJSON:setUpClass): 200 GET http://10.180.1.21/compute/v2.1/servers/702bd44d-aa05-4bcb-97e5-7ea8bedffbeb 0.077s
2025-11-12 11:32:01.429 68009 INFO tempest.lib.common.rest_client [req-8fdd4b5a-c8d7-458b-8cfa-221d9840270d req-8fdd4b5a-c8d7-458b-8cfa-221d9840270d ] Request (AttachInterfacesTestJSON:test_create_list_show_delete_interfaces_by_network_port): 200 GET http://10.180.1.21/compute/v2.1/servers/528ac943-be43-497d-a43c-bb39fa88375f 0.057s
2025-11-12 11:32:01.448 68013 INFO tempest.lib.common.rest_client [req-9699cbaf-4e1a-40ff-b1ca-ffec3316a460 req-9699cbaf-4e1a-40ff-b1ca-ffec3316a460 ] Request (ServerMetadataNegativeTestJSON:setUpClass): 200 GET http://10.180.1.21/compute/v2.1/servers/8e2f20df-7776-48af-bf5c-71384add7bb4 0.136s
2025-11-12 11:32:01.503 68043 INFO tempest.lib.common.rest_client [req-87ca6fe6-cf03-46bc-b267-73a4cb247e2e req-87ca6fe6-cf03-46bc-b267-73a4cb247e2e ] Request (ServersTestJSON:setUpClass): 201 POST http://10.180.1.21/networking/v2.0/networks 0.295s
2025-11-12 11:32:01.520 67993 WARNING tempest.lib.common.ssh [-] Failed to establish authenticated ssh connection to cirros@10.180.180.187 ([Errno None] Unable to connect to port 22 on 10.180.180.187). Number attempts: 13. Retry after 14 seconds.: paramiko.ssh_exception.NoValidConnectionsError: [Errno None] Unable to connect to port 22 on 10.180.180.187
2025-11-12 11:32:01.700 68043 INFO tempest.lib.common.rest_client [req-6934dfa0-8938-434a-b602-6de90b331dd5 req-6934dfa0-8938-434a-b602-6de90b331dd5 ] Request (ServersTestJSON:setUpClass): 201 POST http://10.180.1.21/networking/v2.0/subnets 0.195s
2025-11-12 11:32:01.727 68011 INFO tempest.lib.common.rest_client [req-69baf66f-d964-4bf4-b216-768009b4633b req-69baf66f-d964-4bf4-b216-768009b4633b ] Request (ServerDiskConfigTestJSON:test_resize_server_from_auto_to_manual): 200 GET http://10.180.1.21/compute/v2.1/servers/b424e9f3-87bb-4aa9-baa1-74d032df0eed 0.235s
2025-11-12 11:32:01.742 67985 INFO tempest.lib.common.rest_client [req-04b053de-a0a9-4bba-8d50-935a2da002d5 req-04b053de-a0a9-4bba-8d50-935a2da002d5 ] Request (FloatingIPsAssociationTestJSON:test_associate_already_associated_floating_ip): 200 GET http://10.180.1.21/compute/v2.1/servers/9246041e-7602-4024-a424-5d7198ba0adf 0.209s
2025-11-12 11:32:01.926 68039 INFO tempest.lib.common.rest_client [req-e39caefc-cffb-4b22-962f-706f2b5bdb2e req-e39caefc-cffb-4b22-962f-706f2b5bdb2e ] Request (ImagesTestJSON:test_create_server_from_snapshot): 200 GET http://10.180.1.21/compute/v2.1/servers/146b880e-8d4e-4448-9440-da38e138c4f0 0.315s
2025-11-12 11:32:01.941 67987 INFO tempest.lib.common.rest_client [req-87eec36f-54d3-4b63-bcbd-ad29991353f2 req-87eec36f-54d3-4b63-bcbd-ad29991353f2 ] Request (MultipleCreateTestJSON:tearDownClass): 200 GET http://10.180.1.21/compute/v2.1/servers/d933790a-9d15-4a45-9f2e-a3ebc5ec2bf8 0.357s
2025-11-12 11:32:02.298 68047 WARNING tempest.lib.common.ssh [-] Failed to establish authenticated ssh connection to cirros@10.180.180.160 ([Errno None] Unable to connect to port 22 on 10.180.180.160). Number attempts: 4. Retry after 5 seconds.: paramiko.ssh_exception.NoValidConnectionsError: [Errno None] Unable to connect to port 22 on 10.180.180.160
2025-11-12 11:32:02.456 68043 INFO tempest.lib.common.rest_client [req-2076419a-3ef5-4ebe-8561-04a909fd35fd req-2076419a-3ef5-4ebe-8561-04a909fd35fd ] Request (ServersTestJSON:setUpClass): 201 POST http://10.180.1.21/networking/v2.0/routers 0.755s
2025-11-12 11:32:02.491 67997 INFO tempest.lib.common.rest_client [req-ce670aca-f91b-4c38-be2f-005e0b9bb15b req-ce670aca-f91b-4c38-be2f-005e0b9bb15b ] Request (ServerActionsTestOtherB:setUpClass): 200 GET http://10.180.1.21/compute/v2.1/servers/a7a0ba52-7a78-4a2c-bff3-f92e8c848b59 0.810s
2025-11-12 11:32:02.506 68035 INFO tempest.lib.common.rest_client [req-a3d9e2ef-ab08-406c-8e46-9fc6d3a45f26 req-a3d9e2ef-ab08-406c-8e46-9fc6d3a45f26 ] Request (SecurityGroupsTestJSON:test_server_security_groups): 200 GET http://10.180.1.21/compute/v2.1/servers/3b7c9d24-b619-476a-a9a3-b611c2e6bcf3 0.842s
2025-11-12 11:32:03.315 68043 INFO tempest.lib.common.rest_client [req-4bda6b48-9209-4201-b63f-80c92add18ab req-4bda6b48-9209-4201-b63f-80c92add18ab ] Request (ServersTestJSON:setUpClass): 200 PUT http://10.180.1.21/networking/v2.0/routers/e6267ae3-485a-444c-8a9b-39d810e14c40/add_router_interface 0.858s
2025-11-12 11:32:03.315 68043 INFO tempest.lib.common.dynamic_creds [-] Created isolated network resources for: credentials: Credentials: {'domain_id': 'default', 'domain_name': 'Default', 'username': 'tempest-ServersTestJSON-1731377993-project-member', 'project_domain_id': 'default', 'project_domain_name': 'Default', 'project_id': 'a8cbd8ae573545ca8acb83b55e9c3b4b', 'project_name': 'tempest-ServersTestJSON-1731377993', 'tenant_id': 'a8cbd8ae573545ca8acb83b55e9c3b4b', 'tenant_name': 'tempest-ServersTestJSON-1731377993', 'user_domain_id': 'default', 'user_domain_name': 'Default', 'user_id': 'aa1bfc6d59064e8aa9015be8c84a26b0', 'system': None}, Network: {'id': 'fec752bf-dca6-48d6-8e3d-0af8b09e331f', 'name': 'tempest-ServersTestJSON-1248181727-network', 'tenant_id': 'a8cbd8ae573545ca8acb83b55e9c3b4b', 'project_id': 'a8cbd8ae573545ca8acb83b55e9c3b4b', 'admin_state_up': True, 'mtu': 8950, 'status': 'ACTIVE', 'subnets': [], 'shared': False, 'port_security_enabled': True, 'router:external': False, 'provider:network_type': 'vlan', 'provider:physical_network': 'default', 'provider:segmentation_id': 380, 'availability_zone_hints': [], 'availability_zones': [], 'ipv4_address_scope': None, 'ipv6_address_scope': None, 'description': '', 'tags': [], 'created_at': '2025-11-12T11:32:01Z', 'updated_at': '2025-11-12T11:32:01Z', 'revision_number': 1}, Subnet: {'id': 'b66cf8f5-6cb0-45df-bf59-90cb88f05448', 'name': 'tempest-ServersTestJSON-1248181727-subnet', 'tenant_id': 'a8cbd8ae573545ca8acb83b55e9c3b4b', 'network_id': 'fec752bf-dca6-48d6-8e3d-0af8b09e331f', 'ip_version': 4, 'subnetpool_id': None, 'enable_dhcp': True, 'ipv6_ra_mode': None, 'ipv6_address_mode': None, 'gateway_ip': '192.168.128.1', 'cidr': '192.168.128.0/28', 'allocation_pools': [{'start': '192.168.128.2', 'end': '192.168.128.14'}], 'host_routes': [], 'dns_nameservers': [], 'description': '', 'router:external': False, 'service_types': [], 'tags': [], 'created_at': '2025-11-12T11:32:01Z', 'updated_at': '2025-11-12T11:32:01Z', 'revision_number': 0, 'project_id': 'a8cbd8ae573545ca8acb83b55e9c3b4b'}, Router: {'id': 'e6267ae3-485a-444c-8a9b-39d810e14c40', 'name': 'tempest-ServersTestJSON-1248181727-router', 'tenant_id': 'a8cbd8ae573545ca8acb83b55e9c3b4b', 'admin_state_up': True, 'status': 'ACTIVE', 'external_gateway_info': {'network_id': '6416ba02-21ea-4d63-9fbd-6a3c625ae245', 'external_fixed_ips': [{'subnet_id': 'fc21a2bd-d936-4550-af71-45dde09bc865', 'ip_address': '10.180.180.244'}], 'enable_snat': True}, 'description': '', 'availability_zones': [], 'distributed': False, 'ha': False, 'availability_zone_hints': [], 'routes': [], 'flavor_id': None, 'tags': [], 'created_at': '2025-11-12T11:32:01Z', 'updated_at': '2025-11-12T11:32:02Z', 'revision_number': 2, 'project_id': 'a8cbd8ae573545ca8acb83b55e9c3b4b'}
2025-11-12 11:32:03.405 68043 INFO tempest.lib.common.rest_client [req-736a58d9-e881-4cb3-a780-15fc7dca5588 req-736a58d9-e881-4cb3-a780-15fc7dca5588 ] Request (ServersTestJSON:setUpClass): 201 POST http://10.180.1.21/identity/v3/auth/tokens 0.086s
2025-11-12 11:32:03.413 68023 INFO tempest.lib.common.rest_client [req-e8fa7aff-5669-402c-a847-fc5cf8dc9919 req-e8fa7aff-5669-402c-a847-fc5cf8dc9919 ] Request (AttachInterfacesUnderV243Test:_run_cleanups): 200 GET http://10.180.1.21/compute/v2.1/servers/d02fbbd9-f104-4905-9714-ceb1bcc72ec1 1.655s
2025-11-12 11:32:03.419 68043 INFO tempest.lib.common.rest_client [req-152da5c9-3b4c-4d6d-be19-3208fd2694d2 req-152da5c9-3b4c-4d6d-be19-3208fd2694d2 ] Request (ServersTestJSON:setUpClass): 200 GET http://10.180.1.21/identity/v3/projects/a8cbd8ae573545ca8acb83b55e9c3b4b 0.013s
2025-11-12 11:32:03.419 68043 INFO tempest.lib.common.dynamic_creds [-] Using the existing project a8cbd8ae573545ca8acb83b55e9c3b4b for scope project and roles: ['reader']
2025-11-12 11:32:03.446 68041 INFO tempest.lib.common.rest_client [req-f4de362a-3447-496f-9818-fd5f6a8f30fe req-f4de362a-3447-496f-9818-fd5f6a8f30fe ] Request (ServersAdminTestJSON:test_inject_network_info): 200 GET http://10.180.1.21/compute/v2.1/servers/11a1d282-3fd6-478e-83aa-86c482ff50ca 1.712s
2025-11-12 11:32:03.455 68041 INFO tempest.common.waiters [-] State transition "BUILD/None" ==> "BUILD/block_device_mapping" after 70 second wait
2025-11-12 11:32:03.463 68043 INFO tempest.lib.common.rest_client [req-d914aaa5-4cf4-4d61-bf24-3d1f48189228 req-d914aaa5-4cf4-4d61-bf24-3d1f48189228 ] Request (ServersTestJSON:setUpClass): 201 POST http://10.180.1.21/identity/v3/users 0.043s
2025-11-12 11:32:03.497 68043 INFO tempest.lib.common.rest_client [req-fa2f79ca-4024-4f75-95bf-4c130ab6e692 req-fa2f79ca-4024-4f75-95bf-4c130ab6e692 ] Request (ServersTestJSON:setUpClass): 200 GET http://10.180.1.21/identity/v3/roles 0.033s
2025-11-12 11:32:03.497 68003 INFO tempest.lib.common.rest_client [req-3ac6cbc5-759c-4378-b01b-05fcf8c8f292 req-3ac6cbc5-759c-4378-b01b-05fcf8c8f292 ] Request (ServerGroupTestJSON:test_create_server_with_scheduler_hint_group): 200 GET http://10.180.1.21/compute/v2.1/servers/2b128377-f6d4-48ba-b6b6-95a5655ef421 1.703s
2025-11-12 11:32:03.519 68032 INFO tempest.lib.common.rest_client [req-d668ee7b-1b16-4d1a-8f4e-23872ca3cd0f req-d668ee7b-1b16-4d1a-8f4e-23872ca3cd0f ] Request (ServersTestMultiNic:test_verify_duplicate_network_nics): 200 GET http://10.180.1.21/compute/v2.1/servers/a11845b2-c4d7-42ee-9c1e-6ad7e894555b 1.692s
2025-11-12 11:32:03.541 68043 INFO tempest.lib.common.rest_client [req-0e84c61b-29e3-4c2b-a2e4-c9eff490b16f req-0e84c61b-29e3-4c2b-a2e4-c9eff490b16f ] Request (ServersTestJSON:setUpClass): 204 PUT http://10.180.1.21/identity/v3/projects/a8cbd8ae573545ca8acb83b55e9c3b4b/users/382eeaa916d34b7e8edfed41d21289a4/roles/30378f8f6e81472e885482e44de6de31 0.043s
2025-11-12 11:32:03.541 68043 INFO tempest.lib.common.dynamic_creds [-] Dynamic test user 382eeaa916d34b7e8edfed41d21289a4 is created with scope project and roles: ['reader']
2025-11-12 11:32:03.541 68043 INFO tempest.lib.common.dynamic_creds [-] Acquired dynamic creds: credentials: Credentials: {'domain_id': 'default', 'domain_name': 'Default', 'username': 'tempest-ServersTestJSON-1731377993-project-reader', 'project_domain_id': 'default', 'project_domain_name': 'Default', 'project_id': 'a8cbd8ae573545ca8acb83b55e9c3b4b', 'project_name': 'tempest-ServersTestJSON-1731377993', 'tenant_id': 'a8cbd8ae573545ca8acb83b55e9c3b4b', 'tenant_name': 'tempest-ServersTestJSON-1731377993', 'user_domain_id': 'default', 'user_domain_name': 'Default', 'user_id': '382eeaa916d34b7e8edfed41d21289a4', 'system': None}, Network: None, Subnet: None, Router: None
2025-11-12 11:32:03.541 68043 INFO tempest.lib.common.dynamic_creds [-] Network resources are not created for requested scope: project and credentials: Credentials: {'domain_id': 'default', 'domain_name': 'Default', 'username': 'tempest-ServersTestJSON-1731377993-project-reader', 'project_domain_id': 'default', 'project_domain_name': 'Default', 'project_id': 'a8cbd8ae573545ca8acb83b55e9c3b4b', 'project_name': 'tempest-ServersTestJSON-1731377993', 'tenant_id': 'a8cbd8ae573545ca8acb83b55e9c3b4b', 'tenant_name': 'tempest-ServersTestJSON-1731377993', 'user_domain_id': 'default', 'user_domain_name': 'Default', 'user_id': '382eeaa916d34b7e8edfed41d21289a4', 'system': None}, Network: None, Subnet: None, Router: None
2025-11-12 11:32:03.547 68033 INFO tempest.lib.common.rest_client [req-35629380-689f-41e9-a41b-06db3db6893c req-35629380-689f-41e9-a41b-06db3db6893c ] Request (ListImageFiltersTestJSON:setUpClass): 200 GET http://10.180.1.21/compute/v2.1/images/630bb117-74a6-4418-b1f0-6bf651c8bdf5 1.676s
2025-11-12 11:32:03.601 68005 INFO tempest.lib.common.rest_client [req-769e93f0-fce1-4159-9d9a-7b87ff96a341 req-769e93f0-fce1-4159-9d9a-7b87ff96a341 ] Request (ServerExternalEventsTest:tearDownClass): 200 GET http://10.180.1.21/compute/v2.1/servers/27d79e76-cbe5-4eba-b493-7e1595815034 1.726s
2025-11-12 11:32:03.616 68015 INFO tempest.lib.common.rest_client [req-53c8152a-8dd8-4899-a11c-75a1dc46a78d req-53c8152a-8dd8-4899-a11c-75a1dc46a78d ] Request (DeleteServersAdminTestJSON:test_admin_delete_servers_of_others): 200 GET http://10.180.1.21/compute/v2.1/servers/18b20feb-1e1f-4f7f-b50c-eccca4897817 1.672s
2025-11-12 11:32:03.632 68043 INFO tempest.lib.common.rest_client [req-1571da98-4d8b-47dc-9608-fe537d523343 req-1571da98-4d8b-47dc-9608-fe537d523343 ] Request (ServersTestJSON:setUpClass): 201 POST http://10.180.1.21/identity/v3/auth/tokens 0.087s
2025-11-12 11:32:03.664 67989 INFO tempest.lib.common.rest_client [req-e58e3cc5-5aa0-4e30-8ff6-cdbb0e7db61a req-e58e3cc5-5aa0-4e30-8ff6-cdbb0e7db61a ] Request (ServersAdminNegativeTestJSON:test_migrate_server_invalid_state): 200 GET http://10.180.1.21/compute/v2.1/servers/be79f020-66c4-4067-bb48-fcd7be28bff6 1.713s
2025-11-12 11:32:03.675 68019 INFO tempest.lib.common.rest_client [req-8b13f39f-d20b-4d40-8870-297b135a2f5e req-8b13f39f-d20b-4d40-8870-297b135a2f5e ] Request (ImagesOneServerNegativeTestJSON:_run_cleanups): 200 GET http://10.180.1.21/compute/v2.1/servers/da455d3d-a639-48e6-9bd8-2b34b127c4e5 1.677s
2025-11-12 11:32:03.701 68043 INFO tempest.lib.common.rest_client [req-bfcce5d2-4eb9-40e9-9cc2-5e131c221f72 req-bfcce5d2-4eb9-40e9-9cc2-5e131c221f72 ] Request (ServersTestJSON:test_create_server_specify_multibyte_character_name): 201 POST http://10.180.1.21/identity/v3/auth/tokens 0.064s
2025-11-12 11:32:03.702 68043 INFO tempest.lib.common.fixed_network [-] (ServersTestJSON:test_create_server_specify_multibyte_character_name) Found network {'id': 'fec752bf-dca6-48d6-8e3d-0af8b09e331f', 'name': 'tempest-ServersTestJSON-1248181727-network', 'tenant_id': 'a8cbd8ae573545ca8acb83b55e9c3b4b', 'project_id': 'a8cbd8ae573545ca8acb83b55e9c3b4b', 'admin_state_up': True, 'mtu': 8950, 'status': 'ACTIVE', 'subnets': [], 'shared': False, 'port_security_enabled': True, 'router:external': False, 'provider:network_type': 'vlan', 'provider:physical_network': 'default', 'provider:segmentation_id': 380, 'availability_zone_hints': [], 'availability_zones': [], 'ipv4_address_scope': None, 'ipv6_address_scope': None, 'description': '', 'tags': [], 'created_at': '2025-11-12T11:32:01Z', 'updated_at': '2025-11-12T11:32:01Z', 'revision_number': 1} available for tenant
2025-11-12 11:32:03.726 67995 INFO tempest.lib.common.rest_client [req-a987f9fe-bfbe-4d2f-a096-c596c192d6fd req-a987f9fe-bfbe-4d2f-a096-c596c192d6fd ] Request (InstanceActionsV221TestJSON:test_get_list_deleted_instance_actions): 200 GET http://10.180.1.21/compute/v2.1/servers/06fcafaf-bb77-4148-aa2d-1d1e98dca172 1.722s
2025-11-12 11:32:03.735 67995 INFO tempest.common.waiters [-] State transition "BUILD/None" ==> "BUILD/networking" after 69 second wait
2025-11-12 11:32:03.739 68027 INFO tempest.lib.common.rest_client [req-d2d7de9b-737c-4558-bdb9-77450c6eb8da req-d2d7de9b-737c-4558-bdb9-77450c6eb8da ] Request (ListServerFiltersTestJSON:tearDownClass): 200 GET http://10.180.1.21/compute/v2.1/servers/1d34afeb-9caf-483b-98e6-e746f01e2922 1.626s
2025-11-12 11:32:03.796 67999 INFO tempest.lib.common.rest_client [req-91996319-25f4-481c-817e-c39ff96c7a77 req-91996319-25f4-481c-817e-c39ff96c7a77 ] Request (MigrationsAdminTest:test_resize_server_revert_deleted_flavor): 200 GET http://10.180.1.21/compute/v2.1/servers/970786d3-ce30-4c50-8399-7be3832263b6 1.601s
2025-11-12 11:32:03.817 68037 INFO tempest.lib.common.rest_client [req-5a2ca7e6-f7e1-4bc1-901f-bf3ac6a0b502 req-5a2ca7e6-f7e1-4bc1-901f-bf3ac6a0b502 ] Request (ServersListShow2100Test:tearDownClass): 200 GET http://10.180.1.21/compute/v2.1/servers/25f4679f-5510-4630-9afc-ba31ee949f90 1.435s
2025-11-12 11:32:03.863 68029 INFO tempest.lib.common.rest_client [req-1667f803-650b-4e41-af64-617d2e84e1c1 req-1667f803-650b-4e41-af64-617d2e84e1c1 ] Request (ServersNegativeTestJSON:setUpClass): 200 GET http://10.180.1.21/compute/v2.1/servers/702bd44d-aa05-4bcb-97e5-7ea8bedffbeb 1.474s
2025-11-12 11:32:03.867 68009 INFO tempest.lib.common.rest_client [req-bb0f491d-762a-4c4b-912b-f2e6ab3198f3 req-bb0f491d-762a-4c4b-912b-f2e6ab3198f3 ] Request (AttachInterfacesTestJSON:test_create_list_show_delete_interfaces_by_network_port): 200 GET http://10.180.1.21/compute/v2.1/servers/528ac943-be43-497d-a43c-bb39fa88375f 1.429s
2025-11-12 11:32:03.910 68013 INFO tempest.lib.common.rest_client [req-83fa08fa-d97f-428d-a1b3-45ef48894c3f req-83fa08fa-d97f-428d-a1b3-45ef48894c3f ] Request (ServerMetadataNegativeTestJSON:setUpClass): 200 GET http://10.180.1.21/compute/v2.1/servers/8e2f20df-7776-48af-bf5c-71384add7bb4 1.453s
2025-11-12 11:32:03.912 68011 INFO tempest.lib.common.rest_client [req-8b2a7a62-0d79-4c90-bdac-ee2763bbf293 req-8b2a7a62-0d79-4c90-bdac-ee2763bbf293 ] Request (ServerDiskConfigTestJSON:test_resize_server_from_auto_to_manual): 200 GET http://10.180.1.21/compute/v2.1/servers/b424e9f3-87bb-4aa9-baa1-74d032df0eed 1.175s
2025-11-12 11:32:03.961 67985 INFO tempest.lib.common.rest_client [req-e600e2b1-b38a-4021-97f1-ff44dbffc72c req-e600e2b1-b38a-4021-97f1-ff44dbffc72c ] Request (FloatingIPsAssociationTestJSON:test_associate_already_associated_floating_ip): 200 GET http://10.180.1.21/compute/v2.1/servers/9246041e-7602-4024-a424-5d7198ba0adf 1.207s
2025-11-12 11:32:03.963 68039 INFO tempest.lib.common.rest_client [req-3a781f14-4aee-409b-8e58-773e84ece204 req-3a781f14-4aee-409b-8e58-773e84ece204 ] Request (ImagesTestJSON:test_create_server_from_snapshot): 200 GET http://10.180.1.21/compute/v2.1/servers/146b880e-8d4e-4448-9440-da38e138c4f0 1.027s
2025-11-12 11:32:04.017 67987 INFO tempest.lib.common.rest_client [req-2041b5e4-65ef-4925-ad85-cc721ff9db17 req-2041b5e4-65ef-4925-ad85-cc721ff9db17 ] Request (MultipleCreateTestJSON:tearDownClass): 200 GET http://10.180.1.21/compute/v2.1/servers/d933790a-9d15-4a45-9f2e-a3ebc5ec2bf8 1.068s
2025-11-12 11:32:04.037 67997 INFO tempest.lib.common.rest_client [req-6023ed82-431c-4905-8e17-747598e44282 req-6023ed82-431c-4905-8e17-747598e44282 ] Request (ServerActionsTestOtherB:setUpClass): 200 GET http://10.180.1.21/compute/v2.1/servers/a7a0ba52-7a78-4a2c-bff3-f92e8c848b59 0.532s
2025-11-12 11:32:04.075 68035 INFO tempest.lib.common.rest_client [req-9ddcd608-092a-4222-8594-7a031dbaa347 req-9ddcd608-092a-4222-8594-7a031dbaa347 ] Request (SecurityGroupsTestJSON:test_server_security_groups): 200 GET http://10.180.1.21/compute/v2.1/servers/3b7c9d24-b619-476a-a9a3-b611c2e6bcf3 0.553s
2025-11-12 11:32:04.322 68017 WARNING tempest.lib.common.ssh [-] Failed to establish authenticated ssh connection to cirros@10.180.180.152 ([Errno None] Unable to connect to port 22 on 10.180.180.152). Number attempts: 5. Retry after 6 seconds.: paramiko.ssh_exception.NoValidConnectionsError: [Errno None] Unable to connect to port 22 on 10.180.180.152
2025-11-12 11:32:04.463 68043 INFO tempest.lib.common.rest_client [req-86a1da27-2521-4b41-951e-1ca8517b4444 req-86a1da27-2521-4b41-951e-1ca8517b4444 ] Request (ServersTestJSON:test_create_server_specify_multibyte_character_name): 202 POST http://10.180.1.21/compute/v2.1/servers 0.760s
2025-11-12 11:32:04.532 68023 INFO tempest.lib.common.rest_client [req-955e4adf-52bb-406f-89bf-21631fa05361 req-955e4adf-52bb-406f-89bf-21631fa05361 ] Request (AttachInterfacesUnderV243Test:_run_cleanups): 200 GET http://10.180.1.21/compute/v2.1/servers/d02fbbd9-f104-4905-9714-ceb1bcc72ec1 0.108s
2025-11-12 11:32:04.639 68041 INFO tempest.lib.common.rest_client [req-4f9b65ce-ade6-4bee-95d7-7e8e4daa3093 req-4f9b65ce-ade6-4bee-95d7-7e8e4daa3093 ] Request (ServersAdminTestJSON:test_inject_network_info): 200 GET http://10.180.1.21/compute/v2.1/servers/11a1d282-3fd6-478e-83aa-86c482ff50ca 0.180s
2025-11-12 11:32:04.652 68041 INFO tempest.common.waiters [-] State transition "BUILD/block_device_mapping" ==> "BUILD/spawning" after 71 second wait
2025-11-12 11:32:04.652 68043 INFO tempest.lib.common.rest_client [req-d6d57131-7136-4c7d-bbdf-763305d5fa6b req-d6d57131-7136-4c7d-bbdf-763305d5fa6b ] Request (ServersTestJSON:test_create_server_specify_multibyte_character_name): 200 GET http://10.180.1.21/compute/v2.1/servers/5810e5da-0d00-4789-9265-b5d0e0f9214e 0.186s
2025-11-12 11:32:04.802 68032 INFO tempest.lib.common.rest_client [req-2faf079e-be12-49d6-b24b-767c23753f71 req-2faf079e-be12-49d6-b24b-767c23753f71 ] Request (ServersTestMultiNic:test_verify_duplicate_network_nics): 200 GET http://10.180.1.21/compute/v2.1/servers/a11845b2-c4d7-42ee-9c1e-6ad7e894555b 0.270s
2025-11-12 11:32:04.812 68003 INFO tempest.lib.common.rest_client [req-70ec0d79-21f1-4aac-9655-a844e94dd093 req-70ec0d79-21f1-4aac-9655-a844e94dd093 ] Request (ServerGroupTestJSON:test_create_server_with_scheduler_hint_group): 200 GET http://10.180.1.21/compute/v2.1/servers/2b128377-f6d4-48ba-b6b6-95a5655ef421 0.300s
2025-11-12 11:32:04.866 68033 INFO tempest.lib.common.rest_client [req-d2aa2bfc-5499-4094-bc04-0a96573d2b4f req-d2aa2bfc-5499-4094-bc04-0a96573d2b4f ] Request (ListImageFiltersTestJSON:setUpClass): 200 GET http://10.180.1.21/compute/v2.1/images/630bb117-74a6-4418-b1f0-6bf651c8bdf5 0.313s
2025-11-12 11:32:04.926 68015 INFO tempest.lib.common.rest_client [req-093a1129-761b-4d0f-aeb5-d63311720f12 req-093a1129-761b-4d0f-aeb5-d63311720f12 ] Request (DeleteServersAdminTestJSON:test_admin_delete_servers_of_others): 200 GET http://10.180.1.21/compute/v2.1/servers/18b20feb-1e1f-4f7f-b50c-eccca4897817 0.295s
2025-11-12 11:32:04.985 68005 INFO tempest.lib.common.rest_client [req-63aef82a-896b-4374-b901-0fb9c69c8651 req-63aef82a-896b-4374-b901-0fb9c69c8651 ] Request (ServerExternalEventsTest:tearDownClass): 200 GET http://10.180.1.21/compute/v2.1/servers/27d79e76-cbe5-4eba-b493-7e1595815034 0.370s
2025-11-12 11:32:05.005 67989 INFO tempest.lib.common.rest_client [req-33596bd0-7d31-4293-918f-508ed1ef7a4e req-33596bd0-7d31-4293-918f-508ed1ef7a4e ] Request (ServersAdminNegativeTestJSON:test_migrate_server_invalid_state): 200 GET http://10.180.1.21/compute/v2.1/servers/be79f020-66c4-4067-bb48-fcd7be28bff6 0.332s
2025-11-12 11:32:05.045 68019 INFO tempest.lib.common.rest_client [req-ff27cb7f-0759-455b-9331-4147965ecd0e req-ff27cb7f-0759-455b-9331-4147965ecd0e ] Request (ImagesOneServerNegativeTestJSON:_run_cleanups): 200 GET http://10.180.1.21/compute/v2.1/servers/da455d3d-a639-48e6-9bd8-2b34b127c4e5 0.362s
2025-11-12 11:32:05.144 68027 INFO tempest.lib.common.rest_client [req-e1477655-9a45-4bc9-b3de-bf7e23017cf2 req-e1477655-9a45-4bc9-b3de-bf7e23017cf2 ] Request (ListServerFiltersTestJSON:tearDownClass): 200 GET http://10.180.1.21/compute/v2.1/servers/1d34afeb-9caf-483b-98e6-e746f01e2922 0.393s
2025-11-12 11:32:05.184 67995 INFO tempest.lib.common.rest_client [req-e8a35098-d1fc-438e-b8ad-855a6d1c5e31 req-e8a35098-d1fc-438e-b8ad-855a6d1c5e31 ] Request (InstanceActionsV221TestJSON:test_get_list_deleted_instance_actions): 200 GET http://10.180.1.21/compute/v2.1/servers/06fcafaf-bb77-4148-aa2d-1d1e98dca172 0.442s
2025-11-12 11:32:05.194 67995 INFO tempest.common.waiters [-] State transition "BUILD/networking" ==> "BUILD/block_device_mapping" after 71 second wait
2025-11-12 11:32:05.220 67999 INFO tempest.lib.common.rest_client [req-724709f2-97c1-4aec-bdd1-d04ea92c8063 req-724709f2-97c1-4aec-bdd1-d04ea92c8063 ] Request (MigrationsAdminTest:test_resize_server_revert_deleted_flavor): 200 GET http://10.180.1.21/compute/v2.1/servers/970786d3-ce30-4c50-8399-7be3832263b6 0.415s
2025-11-12 11:32:05.278 68037 INFO tempest.lib.common.rest_client [req-a3916959-bff5-4d6b-9e92-3a2850747937 req-a3916959-bff5-4d6b-9e92-3a2850747937 ] Request (ServersListShow2100Test:tearDownClass): 200 GET http://10.180.1.21/compute/v2.1/servers/25f4679f-5510-4630-9afc-ba31ee949f90 0.445s
2025-11-12 11:32:05.304 68029 INFO tempest.lib.common.rest_client [req-81907b36-6a46-4501-ab65-cd0071f3aedd req-81907b36-6a46-4501-ab65-cd0071f3aedd ] Request (ServersNegativeTestJSON:setUpClass): 200 GET http://10.180.1.21/compute/v2.1/servers/702bd44d-aa05-4bcb-97e5-7ea8bedffbeb 0.433s
2025-11-12 11:32:05.340 68009 INFO tempest.lib.common.rest_client [req-873d8319-0507-4884-9e3b-45990283bda3 req-873d8319-0507-4884-9e3b-45990283bda3 ] Request (AttachInterfacesTestJSON:test_create_list_show_delete_interfaces_by_network_port): 200 GET http://10.180.1.21/compute/v2.1/servers/528ac943-be43-497d-a43c-bb39fa88375f 0.464s
2025-11-12 11:32:05.358 68013 INFO tempest.lib.common.rest_client [req-bd254999-55db-4826-9541-0d1f0770a055 req-bd254999-55db-4826-9541-0d1f0770a055 ] Request (ServerMetadataNegativeTestJSON:setUpClass): 200 GET http://10.180.1.21/compute/v2.1/servers/8e2f20df-7776-48af-bf5c-71384add7bb4 0.440s
2025-11-12 11:32:05.400 68011 INFO tempest.lib.common.rest_client [req-5b052443-bdc5-468e-a780-796b89f6b8ef req-5b052443-bdc5-468e-a780-796b89f6b8ef ] Request (ServerDiskConfigTestJSON:test_resize_server_from_auto_to_manual): 200 GET http://10.180.1.21/compute/v2.1/servers/b424e9f3-87bb-4aa9-baa1-74d032df0eed 0.481s
2025-11-12 11:32:05.422 67985 INFO tempest.lib.common.rest_client [req-05801c95-7c60-490d-aef7-94519216b4c7 req-05801c95-7c60-490d-aef7-94519216b4c7 ] Request (FloatingIPsAssociationTestJSON:test_associate_already_associated_floating_ip): 200 GET http://10.180.1.21/compute/v2.1/servers/9246041e-7602-4024-a424-5d7198ba0adf 0.452s
2025-11-12 11:32:05.461 68039 INFO tempest.lib.common.rest_client [req-67263c90-65f9-43a9-923d-18567dd3098a req-67263c90-65f9-43a9-923d-18567dd3098a ] Request (ImagesTestJSON:test_create_server_from_snapshot): 200 GET http://10.180.1.21/compute/v2.1/servers/146b880e-8d4e-4448-9440-da38e138c4f0 0.490s
2025-11-12 11:32:05.483 67987 INFO tempest.lib.common.rest_client [req-425c65b3-8b34-40b8-8803-a954f3823ad6 req-425c65b3-8b34-40b8-8803-a954f3823ad6 ] Request (MultipleCreateTestJSON:tearDownClass): 200 GET http://10.180.1.21/compute/v2.1/servers/d933790a-9d15-4a45-9f2e-a3ebc5ec2bf8 0.458s
2025-11-12 11:32:05.517 67997 INFO tempest.lib.common.rest_client [req-f27124eb-e74a-4643-9b60-7762c2e30929 req-f27124eb-e74a-4643-9b60-7762c2e30929 ] Request (ServerActionsTestOtherB:setUpClass): 200 GET http://10.180.1.21/compute/v2.1/servers/a7a0ba52-7a78-4a2c-bff3-f92e8c848b59 0.470s
2025-11-12 11:32:05.548 68035 INFO tempest.lib.common.rest_client [req-d6c5c535-bdea-42fd-8728-328aa5055f0f req-d6c5c535-bdea-42fd-8728-328aa5055f0f ] Request (SecurityGroupsTestJSON:test_server_security_groups): 200 GET http://10.180.1.21/compute/v2.1/servers/3b7c9d24-b619-476a-a9a3-b611c2e6bcf3 0.465s
2025-11-12 11:32:05.619 68023 INFO tempest.lib.common.rest_client [req-13d15395-1100-4733-b113-da12c53b07ce req-13d15395-1100-4733-b113-da12c53b07ce ] Request (AttachInterfacesUnderV243Test:_run_cleanups): 200 GET http://10.180.1.21/compute/v2.1/servers/d02fbbd9-f104-4905-9714-ceb1bcc72ec1 0.076s
2025-11-12 11:32:05.768 68043 INFO tempest.lib.common.rest_client [req-136f6a5c-bf85-4d91-a917-b722ba12fc96 req-136f6a5c-bf85-4d91-a917-b722ba12fc96 ] Request (ServersTestJSON:test_create_server_specify_multibyte_character_name): 200 GET http://10.180.1.21/compute/v2.1/servers/5810e5da-0d00-4789-9265-b5d0e0f9214e 0.106s
2025-11-12 11:32:05.800 68041 INFO tempest.lib.common.rest_client [req-34d1e9e9-4ed2-4a8c-9264-04762fc09292 req-34d1e9e9-4ed2-4a8c-9264-04762fc09292 ] Request (ServersAdminTestJSON:test_inject_network_info): 200 GET http://10.180.1.21/compute/v2.1/servers/11a1d282-3fd6-478e-83aa-86c482ff50ca 0.146s
2025-11-12 11:32:05.882 68032 INFO tempest.lib.common.rest_client [req-02c1e46f-b44e-416c-b1c9-ef97b6ef7f43 req-02c1e46f-b44e-416c-b1c9-ef97b6ef7f43 ] Request (ServersTestMultiNic:test_verify_duplicate_network_nics): 200 GET http://10.180.1.21/compute/v2.1/servers/a11845b2-c4d7-42ee-9c1e-6ad7e894555b 0.066s
2025-11-12 11:32:05.896 68003 INFO tempest.lib.common.rest_client [req-86f4c504-82f7-47dc-bda1-95f7b1e88ef2 req-86f4c504-82f7-47dc-bda1-95f7b1e88ef2 ] Request (ServerGroupTestJSON:test_create_server_with_scheduler_hint_group): 200 GET http://10.180.1.21/compute/v2.1/servers/2b128377-f6d4-48ba-b6b6-95a5655ef421 0.073s
2025-11-12 11:32:05.920 68033 INFO tempest.lib.common.rest_client [req-cd24dfd5-f234-490d-a4d1-114083115f6b req-cd24dfd5-f234-490d-a4d1-114083115f6b ] Request (ListImageFiltersTestJSON:setUpClass): 200 GET http://10.180.1.21/compute/v2.1/images/630bb117-74a6-4418-b1f0-6bf651c8bdf5 0.048s
2025-11-12 11:32:05.990 68015 INFO tempest.lib.common.rest_client [req-e8e461e6-69a9-4784-baf3-4955a0e3cd99 req-e8e461e6-69a9-4784-baf3-4955a0e3cd99 ] Request (DeleteServersAdminTestJSON:test_admin_delete_servers_of_others): 200 GET http://10.180.1.21/compute/v2.1/servers/18b20feb-1e1f-4f7f-b50c-eccca4897817 0.053s
2025-11-12 11:32:06.061 68005 INFO tempest.lib.common.rest_client [req-6877d993-4225-43f4-9495-eeee3f1a01bc req-6877d993-4225-43f4-9495-eeee3f1a01bc ] Request (ServerExternalEventsTest:tearDownClass): 200 GET http://10.180.1.21/compute/v2.1/servers/27d79e76-cbe5-4eba-b493-7e1595815034 0.061s
2025-11-12 11:32:06.074 67989 INFO tempest.lib.common.rest_client [req-6d3ed10f-e845-4c85-a4c9-1b4bd21af85f req-6d3ed10f-e845-4c85-a4c9-1b4bd21af85f ] Request (ServersAdminNegativeTestJSON:test_migrate_server_invalid_state): 200 GET http://10.180.1.21/compute/v2.1/servers/be79f020-66c4-4067-bb48-fcd7be28bff6 0.055s
2025-11-12 11:32:06.111 68019 INFO tempest.lib.common.rest_client [req-6425ba3d-17c9-4f5d-a50c-ea9830c2dadc req-6425ba3d-17c9-4f5d-a50c-ea9830c2dadc ] Request (ImagesOneServerNegativeTestJSON:_run_cleanups): 200 GET http://10.180.1.21/compute/v2.1/servers/da455d3d-a639-48e6-9bd8-2b34b127c4e5 0.058s
2025-11-12 11:32:06.236 68027 INFO tempest.lib.common.rest_client [req-f6119e49-e3a2-4636-a337-a02867e7ad8c req-f6119e49-e3a2-4636-a337-a02867e7ad8c ] Request (ListServerFiltersTestJSON:tearDownClass): 200 GET http://10.180.1.21/compute/v2.1/servers/1d34afeb-9caf-483b-98e6-e746f01e2922 0.083s
2025-11-12 11:32:06.297 67999 INFO tempest.lib.common.rest_client [req-d2343891-193b-4a3b-ad93-712a84d9e14e req-d2343891-193b-4a3b-ad93-712a84d9e14e ] Request (MigrationsAdminTest:test_resize_server_revert_deleted_flavor): 200 GET http://10.180.1.21/compute/v2.1/servers/970786d3-ce30-4c50-8399-7be3832263b6 0.066s
2025-11-12 11:32:06.324 67995 INFO tempest.lib.common.rest_client [req-a0f6ebb3-dda3-407b-b01f-2378f74d59b3 req-a0f6ebb3-dda3-407b-b01f-2378f74d59b3 ] Request (InstanceActionsV221TestJSON:test_get_list_deleted_instance_actions): 200 GET http://10.180.1.21/compute/v2.1/servers/06fcafaf-bb77-4148-aa2d-1d1e98dca172 0.128s
2025-11-12 11:32:06.333 67995 INFO tempest.common.waiters [-] State transition "BUILD/block_device_mapping" ==> "BUILD/spawning" after 72 second wait
2025-11-12 11:32:06.389 68029 INFO tempest.lib.common.rest_client [req-1157852a-52e4-41f0-bfc7-70ec9d828cf2 req-1157852a-52e4-41f0-bfc7-70ec9d828cf2 ] Request (ServersNegativeTestJSON:setUpClass): 200 GET http://10.180.1.21/compute/v2.1/servers/702bd44d-aa05-4bcb-97e5-7ea8bedffbeb 0.071s
2025-11-12 11:32:06.409 68037 INFO tempest.lib.common.rest_client [req-d5ee0ab4-6f49-4553-9058-8435aa34c09b req-d5ee0ab4-6f49-4553-9058-8435aa34c09b ] Request (ServersListShow2100Test:tearDownClass): 200 GET http://10.180.1.21/compute/v2.1/servers/25f4679f-5510-4630-9afc-ba31ee949f90 0.114s
2025-11-12 11:32:06.436 68009 INFO tempest.lib.common.rest_client [req-8da20b97-5413-4adf-82b0-13d636acabc1 req-8da20b97-5413-4adf-82b0-13d636acabc1 ] Request (AttachInterfacesTestJSON:test_create_list_show_delete_interfaces_by_network_port): 200 GET http://10.180.1.21/compute/v2.1/servers/528ac943-be43-497d-a43c-bb39fa88375f 0.086s
2025-11-12 11:32:06.457 68013 INFO tempest.lib.common.rest_client [req-6baad119-8b30-4e9c-8330-14b4c0964eb8 req-6baad119-8b30-4e9c-8330-14b4c0964eb8 ] Request (ServerMetadataNegativeTestJSON:setUpClass): 200 GET http://10.180.1.21/compute/v2.1/servers/8e2f20df-7776-48af-bf5c-71384add7bb4 0.088s
2025-11-12 11:32:06.483 68011 INFO tempest.lib.common.rest_client [req-da824582-b21d-4fbe-ad93-9fd9bfdc5ab9 req-da824582-b21d-4fbe-ad93-9fd9bfdc5ab9 ] Request (ServerDiskConfigTestJSON:test_resize_server_from_auto_to_manual): 200 GET http://10.180.1.21/compute/v2.1/servers/b424e9f3-87bb-4aa9-baa1-74d032df0eed 0.075s
2025-11-12 11:32:06.505 67985 INFO tempest.lib.common.rest_client [req-c8cc298f-7d9f-4aec-96cd-7eff2493ffea req-c8cc298f-7d9f-4aec-96cd-7eff2493ffea ] Request (FloatingIPsAssociationTestJSON:test_associate_already_associated_floating_ip): 200 GET http://10.180.1.21/compute/v2.1/servers/9246041e-7602-4024-a424-5d7198ba0adf 0.073s
2025-11-12 11:32:06.532 68039 INFO tempest.lib.common.rest_client [req-eed2cda7-742e-4c47-8295-1074489423b8 req-eed2cda7-742e-4c47-8295-1074489423b8 ] Request (ImagesTestJSON:test_create_server_from_snapshot): 200 GET http://10.180.1.21/compute/v2.1/servers/146b880e-8d4e-4448-9440-da38e138c4f0 0.063s
2025-11-12 11:32:06.561 67987 INFO tempest.lib.common.rest_client [req-a61bf635-503c-4b0d-bc94-9c5b60e83889 req-a61bf635-503c-4b0d-bc94-9c5b60e83889 ] Request (MultipleCreateTestJSON:tearDownClass): 200 GET http://10.180.1.21/compute/v2.1/servers/d933790a-9d15-4a45-9f2e-a3ebc5ec2bf8 0.070s
2025-11-12 11:32:06.582 67997 INFO tempest.lib.common.rest_client [req-1b2214d5-1cd6-4515-8c5e-20d2ac18d557 req-1b2214d5-1cd6-4515-8c5e-20d2ac18d557 ] Request (ServerActionsTestOtherB:setUpClass): 200 GET http://10.180.1.21/compute/v2.1/servers/a7a0ba52-7a78-4a2c-bff3-f92e8c848b59 0.057s
2025-11-12 11:32:06.618 68035 INFO tempest.lib.common.rest_client [req-8e88811c-a2ce-4c21-bbd1-e2d8db8bdf04 req-8e88811c-a2ce-4c21-bbd1-e2d8db8bdf04 ] Request (SecurityGroupsTestJSON:test_server_security_groups): 200 GET http://10.180.1.21/compute/v2.1/servers/3b7c9d24-b619-476a-a9a3-b611c2e6bcf3 0.062s
2025-11-12 11:32:06.696 68023 INFO tempest.lib.common.rest_client [req-61ba48ab-4234-4cda-ad82-a407b45ad6c8 req-61ba48ab-4234-4cda-ad82-a407b45ad6c8 ] Request (AttachInterfacesUnderV243Test:_run_cleanups): 200 GET http://10.180.1.21/compute/v2.1/servers/d02fbbd9-f104-4905-9714-ceb1bcc72ec1 0.069s
2025-11-12 11:32:06.831 68043 INFO tempest.lib.common.rest_client [req-256946d6-91aa-466b-a3aa-4532de085447 req-256946d6-91aa-466b-a3aa-4532de085447 ] Request (ServersTestJSON:test_create_server_specify_multibyte_character_name): 200 GET http://10.180.1.21/compute/v2.1/servers/5810e5da-0d00-4789-9265-b5d0e0f9214e 0.054s
2025-11-12 11:32:06.883 68001 WARNING tempest.lib.common.ssh [-] Failed to establish authenticated ssh connection to cirros@10.180.180.172 ([Errno None] Unable to connect to port 22 on 10.180.180.172). Number attempts: 6. Retry after 7 seconds.: paramiko.ssh_exception.NoValidConnectionsError: [Errno None] Unable to connect to port 22 on 10.180.180.172
2025-11-12 11:32:06.917 68041 INFO tempest.lib.common.rest_client [req-9536d2f1-ea2b-48c8-b529-92e1620dda45 req-9536d2f1-ea2b-48c8-b529-92e1620dda45 ] Request (ServersAdminTestJSON:test_inject_network_info): 200 GET http://10.180.1.21/compute/v2.1/servers/11a1d282-3fd6-478e-83aa-86c482ff50ca 0.108s
2025-11-12 11:32:06.950 68032 INFO tempest.lib.common.rest_client [req-092dd50d-f7ca-488a-a549-a3c834b82311 req-092dd50d-f7ca-488a-a549-a3c834b82311 ] Request (ServersTestMultiNic:test_verify_duplicate_network_nics): 200 GET http://10.180.1.21/compute/v2.1/servers/a11845b2-c4d7-42ee-9c1e-6ad7e894555b 0.059s
2025-11-12 11:32:06.969 68003 INFO tempest.lib.common.rest_client [req-bf2bedd1-5770-48e1-9dc3-b55fea66c473 req-bf2bedd1-5770-48e1-9dc3-b55fea66c473 ] Request (ServerGroupTestJSON:test_create_server_with_scheduler_hint_group): 200 GET http://10.180.1.21/compute/v2.1/servers/2b128377-f6d4-48ba-b6b6-95a5655ef421 0.061s
2025-11-12 11:32:06.988 68033 INFO tempest.lib.common.rest_client [req-41e83e2d-cbf8-4342-aa53-dbd13c9aed4b req-41e83e2d-cbf8-4342-aa53-dbd13c9aed4b ] Request (ListImageFiltersTestJSON:setUpClass): 200 GET http://10.180.1.21/compute/v2.1/images/630bb117-74a6-4418-b1f0-6bf651c8bdf5 0.063s
2025-11-12 11:32:07.052 68015 INFO tempest.lib.common.rest_client [req-409644cd-c63f-4fa8-965d-b094a94d8f86 req-409644cd-c63f-4fa8-965d-b094a94d8f86 ] Request (DeleteServersAdminTestJSON:test_admin_delete_servers_of_others): 200 GET http://10.180.1.21/compute/v2.1/servers/18b20feb-1e1f-4f7f-b50c-eccca4897817 0.055s
2025-11-12 11:32:07.130 68005 INFO tempest.lib.common.rest_client [req-2bce10d8-ad29-4e21-8716-e5df83158d56 req-2bce10d8-ad29-4e21-8716-e5df83158d56 ] Request (ServerExternalEventsTest:tearDownClass): 200 GET http://10.180.1.21/compute/v2.1/servers/27d79e76-cbe5-4eba-b493-7e1595815034 0.060s
2025-11-12 11:32:07.136 67989 INFO tempest.lib.common.rest_client [req-19e30b59-e514-400f-b7cf-8603ab1e5eda req-19e30b59-e514-400f-b7cf-8603ab1e5eda ] Request (ServersAdminNegativeTestJSON:test_migrate_server_invalid_state): 200 GET http://10.180.1.21/compute/v2.1/servers/be79f020-66c4-4067-bb48-fcd7be28bff6 0.053s
2025-11-12 11:32:07.180 68019 INFO tempest.lib.common.rest_client [req-9030a930-f7ca-491b-a3bb-8a40ea01dbfb req-9030a930-f7ca-491b-a3bb-8a40ea01dbfb ] Request (ImagesOneServerNegativeTestJSON:_run_cleanups): 200 GET http://10.180.1.21/compute/v2.1/servers/da455d3d-a639-48e6-9bd8-2b34b127c4e5 0.061s
2025-11-12 11:32:07.321 68027 INFO tempest.lib.common.rest_client [req-4fdd2adb-351b-4dad-937b-4902a9eda60d req-4fdd2adb-351b-4dad-937b-4902a9eda60d ] Request (ListServerFiltersTestJSON:tearDownClass): 200 GET http://10.180.1.21/compute/v2.1/servers/1d34afeb-9caf-483b-98e6-e746f01e2922 0.076s
2025-11-12 11:32:07.366 67999 INFO tempest.lib.common.rest_client [req-3b340c81-f05e-49be-902a-ea78742aac15 req-3b340c81-f05e-49be-902a-ea78742aac15 ] Request (MigrationsAdminTest:test_resize_server_revert_deleted_flavor): 200 GET http://10.180.1.21/compute/v2.1/servers/970786d3-ce30-4c50-8399-7be3832263b6 0.060s
2025-11-12 11:32:07.443 67995 INFO tempest.lib.common.rest_client [req-31d2986b-d8a2-468f-81af-1ebbb84cf6dc req-31d2986b-d8a2-468f-81af-1ebbb84cf6dc ] Request (InstanceActionsV221TestJSON:test_get_list_deleted_instance_actions): 200 GET http://10.180.1.21/compute/v2.1/servers/06fcafaf-bb77-4148-aa2d-1d1e98dca172 0.108s
2025-11-12 11:32:07.456 68029 INFO tempest.lib.common.rest_client [req-5628301f-33f1-4896-91ea-f4658a3aaadd req-5628301f-33f1-4896-91ea-f4658a3aaadd ] Request (ServersNegativeTestJSON:setUpClass): 200 GET http://10.180.1.21/compute/v2.1/servers/702bd44d-aa05-4bcb-97e5-7ea8bedffbeb 0.059s
2025-11-12 11:32:07.467 68037 INFO tempest.lib.common.rest_client [req-70114502-ae99-4e09-9eef-7055a6937ddd req-70114502-ae99-4e09-9eef-7055a6937ddd ] Request (ServersListShow2100Test:tearDownClass): 404 GET http://10.180.1.21/compute/v2.1/servers/25f4679f-5510-4630-9afc-ba31ee949f90 0.046s
2025-11-12 11:32:07.519 68009 INFO tempest.lib.common.rest_client [req-a612fa32-a743-4a99-ab34-9417fe102b01 req-a612fa32-a743-4a99-ab34-9417fe102b01 ] Request (AttachInterfacesTestJSON:test_create_list_show_delete_interfaces_by_network_port): 200 GET http://10.180.1.21/compute/v2.1/servers/528ac943-be43-497d-a43c-bb39fa88375f 0.073s
2025-11-12 11:32:07.532 68013 INFO tempest.lib.common.rest_client [req-110edbfc-6356-4421-b729-b391959c9d08 req-110edbfc-6356-4421-b729-b391959c9d08 ] Request (ServerMetadataNegativeTestJSON:setUpClass): 200 GET http://10.180.1.21/compute/v2.1/servers/8e2f20df-7776-48af-bf5c-71384add7bb4 0.067s
2025-11-12 11:32:07.574 68011 INFO tempest.lib.common.rest_client [req-767f7458-6aac-44f1-9c4e-a6c31aac0411 req-767f7458-6aac-44f1-9c4e-a6c31aac0411 ] Request (ServerDiskConfigTestJSON:test_resize_server_from_auto_to_manual): 200 GET http://10.180.1.21/compute/v2.1/servers/b424e9f3-87bb-4aa9-baa1-74d032df0eed 0.082s
2025-11-12 11:32:07.582 68037 INFO tempest.lib.common.rest_client [req-e7835254-55d1-4e9e-9537-1f83dea7dde4 req-e7835254-55d1-4e9e-9537-1f83dea7dde4 ] Request (ServersListShow2100Test:tearDownClass): 204 DELETE http://10.180.1.21/identity/v3/users/cb4f283a7e7549a0b20bdb1d81fe40c0 0.114s
2025-11-12 11:32:07.582 68037 INFO tempest.lib.common.dynamic_creds [-] Deleting project and security group for project: 280643689fdc469cbb6354b456a59dfc
2025-11-12 11:32:07.590 67985 INFO tempest.lib.common.rest_client [req-3b6a3185-11bb-4d9c-9bdf-dc0f44d330a9 req-3b6a3185-11bb-4d9c-9bdf-dc0f44d330a9 ] Request (FloatingIPsAssociationTestJSON:test_associate_already_associated_floating_ip): 200 GET http://10.180.1.21/compute/v2.1/servers/9246041e-7602-4024-a424-5d7198ba0adf 0.076s
2025-11-12 11:32:07.626 68039 INFO tempest.lib.common.rest_client [req-4bb91a6f-2f8a-4ea9-b59b-1dac99a1d3bb req-4bb91a6f-2f8a-4ea9-b59b-1dac99a1d3bb ] Request (ImagesTestJSON:test_create_server_from_snapshot): 200 GET http://10.180.1.21/compute/v2.1/servers/146b880e-8d4e-4448-9440-da38e138c4f0 0.084s
2025-11-12 11:32:07.647 68037 INFO tempest.lib.common.rest_client [req-0809a66e-a66d-4212-abc6-e275f88bf939 req-0809a66e-a66d-4212-abc6-e275f88bf939 ] Request (ServersListShow2100Test:tearDownClass): 201 POST http://10.180.1.21/identity/v3/auth/tokens 0.064s
2025-11-12 11:32:07.658 67987 INFO tempest.lib.common.rest_client [req-de5a26c0-64d8-40fe-8a07-d5fac85f81f2 req-de5a26c0-64d8-40fe-8a07-d5fac85f81f2 ] Request (MultipleCreateTestJSON:tearDownClass): 200 GET http://10.180.1.21/compute/v2.1/servers/d933790a-9d15-4a45-9f2e-a3ebc5ec2bf8 0.089s
2025-11-12 11:32:07.676 67997 INFO tempest.lib.common.rest_client [req-d55357f1-4f21-4c88-8cc5-8ddecef2be38 req-d55357f1-4f21-4c88-8cc5-8ddecef2be38 ] Request (ServerActionsTestOtherB:setUpClass): 200 GET http://10.180.1.21/compute/v2.1/servers/a7a0ba52-7a78-4a2c-bff3-f92e8c848b59 0.085s
2025-11-12 11:32:07.722 68035 INFO tempest.lib.common.rest_client [req-1474602f-665e-4a61-b07b-2795b59cab76 req-1474602f-665e-4a61-b07b-2795b59cab76 ] Request (SecurityGroupsTestJSON:test_server_security_groups): 200 GET http://10.180.1.21/compute/v2.1/servers/3b7c9d24-b619-476a-a9a3-b611c2e6bcf3 0.096s
2025-11-12 11:32:07.773 68023 INFO tempest.lib.common.rest_client [req-c0772def-57bd-43e9-a7c7-f8d28da849bc req-c0772def-57bd-43e9-a7c7-f8d28da849bc ] Request (AttachInterfacesUnderV243Test:_run_cleanups): 200 GET http://10.180.1.21/compute/v2.1/servers/d02fbbd9-f104-4905-9714-ceb1bcc72ec1 0.069s
2025-11-12 11:32:07.809 68047 INFO paramiko.transport [-] Connected (version 2.0, client dropbear_2020.81)
2025-11-12 11:32:07.827 68037 INFO tempest.lib.common.rest_client [req-f4522e51-9236-4ec4-947d-4d0890e11384 req-f4522e51-9236-4ec4-947d-4d0890e11384 ] Request (ServersListShow2100Test:tearDownClass): 200 GET http://10.180.1.21/networking/v2.0/security-groups?tenant_id=280643689fdc469cbb6354b456a59dfc&name=default 0.179s
2025-11-12 11:32:07.903 68043 INFO tempest.lib.common.rest_client [req-bb16f108-6426-4f0f-bc9c-6f930a602d97 req-bb16f108-6426-4f0f-bc9c-6f930a602d97 ] Request (ServersTestJSON:test_create_server_specify_multibyte_character_name): 200 GET http://10.180.1.21/compute/v2.1/servers/5810e5da-0d00-4789-9265-b5d0e0f9214e 0.063s
2025-11-12 11:32:07.930 68047 INFO paramiko.transport [-] Authentication (publickey) successful!
2025-11-12 11:32:07.930 68047 INFO tempest.lib.common.ssh [-] ssh connection to cirros@10.180.180.160 successfully created
2025-11-12 11:32:07.936 68037 INFO tempest.lib.common.rest_client [req-d9723115-82fb-4ccb-ad0c-74a6def35a00 req-d9723115-82fb-4ccb-ad0c-74a6def35a00 ] Request (ServersListShow2100Test:tearDownClass): 204 DELETE http://10.180.1.21/networking/v2.0/security-groups/be3c320a-38ee-4aa3-9d44-51fb83768898 0.109s
2025-11-12 11:32:08.031 68037 INFO tempest.lib.common.rest_client [req-6d31e132-daff-4f60-bb7f-c5283a9b53ea req-6d31e132-daff-4f60-bb7f-c5283a9b53ea ] Request (ServersListShow2100Test:tearDownClass): 204 DELETE http://10.180.1.21/identity/v3/projects/280643689fdc469cbb6354b456a59dfc 0.095s
2025-11-12 11:32:08.045 68041 INFO tempest.lib.common.rest_client [req-02f52e88-7538-497d-a440-70634ef5196d req-02f52e88-7538-497d-a440-70634ef5196d ] Request (ServersAdminTestJSON:test_inject_network_info): 200 GET http://10.180.1.21/compute/v2.1/servers/11a1d282-3fd6-478e-83aa-86c482ff50ca 0.120s
