2025-11-12 11:31:05.331 68005 INFO tempest.lib.common.rest_client [req-0832aa68-3c4b-4ee9-8181-475b9364799c req-0832aa68-3c4b-4ee9-8181-475b9364799c ] Request (ServerExternalEventsTest:test_create_server_external_events): 200 GET http://10.180.1.21/compute/v2.1/servers/27d79e76-cbe5-4eba-b493-7e1595815034 1.197s
2025-11-12 11:31:05.365 68017 INFO tempest.lib.common.rest_client [req-83ef3ff2-2fb9-40b2-933d-c9673cf6b720 req-83ef3ff2-2fb9-40b2-933d-c9673cf6b720 ] Request (ServersTestBootFromVolume:setUpClass): 200 GET http://10.180.1.21/compute/v2.1/servers/2f34e47a-1598-4d7a-82d3-1c9ecc562f6b 1.219s
2025-11-12 11:31:05.411 68011 INFO tempest.lib.common.rest_client [req-089f83a1-670e-472d-89a7-252fee7b5918 req-089f83a1-670e-472d-89a7-252fee7b5918 ] Request (ServerDiskConfigTestJSON:test_resize_server_from_auto_to_manual): 200 GET http://10.180.1.21/compute/v2.1/servers/b424e9f3-87bb-4aa9-baa1-74d032df0eed 1.055s
2025-11-12 11:31:05.470 68037 INFO tempest.lib.common.rest_client [req-3cb2b260-6943-417f-bfe1-d584929a2689 req-3cb2b260-6943-417f-bfe1-d584929a2689 ] Request (ServersListShow2100Test:test_list_show_rebuild_update_server_2100): 200 GET http://10.180.1.21/compute/v2.1/servers/25f4679f-5510-4630-9afc-ba31ee949f90 1.081s
2025-11-12 11:31:05.470 68043 INFO tempest.lib.common.rest_client [req-b593f7a9-b81c-4e11-bfd3-53f9e6678dfb req-b593f7a9-b81c-4e11-bfd3-53f9e6678dfb ] Request (ListServersNegativeTestJSON:test_list_servers_with_a_deleted_server): 200 GET http://10.180.1.21/compute/v2.1/servers 1.004s
2025-11-12 11:31:05.661 68013 INFO tempest.lib.common.rest_client [req-fb9ced48-581a-41a9-bc59-026cfd1dabdc req-fb9ced48-581a-41a9-bc59-026cfd1dabdc ] Request (VolumesAdminNegativeTest:tearDownClass): 200 GET http://10.180.1.21/compute/v2.1/servers/dafc6e9a-aa81-4c77-b58b-7a86f59d4dfe 1.070s
2025-11-12 11:31:05.691 68027 INFO tempest.lib.common.rest_client [req-2fcdb9d3-60c8-4262-9028-7a6a2e86d646 req-2fcdb9d3-60c8-4262-9028-7a6a2e86d646 ] Request (ListServerFiltersTestJSON:setUpClass): 200 GET http://10.180.1.21/compute/v2.1/servers/a923003c-3291-42b5-99e0-e456446d1b12 1.049s
2025-11-12 11:31:05.709 68032 INFO tempest.lib.common.rest_client [req-7498fa68-84fc-420b-a8c1-bb8f032a9f6a req-7498fa68-84fc-420b-a8c1-bb8f032a9f6a ] Request (FlavorsAccessTestJSON:_run_cleanups): 202 DELETE http://10.180.1.21/compute/v2.1/flavors/198295079 0.900s
2025-11-12 11:31:05.721 68039 INFO tempest.lib.common.rest_client [req-0ff3f7b1-bc88-402c-8df5-cf51413cbbfd req-0ff3f7b1-bc88-402c-8df5-cf51413cbbfd ] Request (ImagesTestJSON:test_create_server_from_snapshot): 200 GET http://10.180.1.21/compute/v2.1/servers/146b880e-8d4e-4448-9440-da38e138c4f0 1.069s
2025-11-12 11:31:05.764 67997 INFO tempest.lib.common.rest_client [req-a8b6608b-61bd-4025-ac4b-009f60c30cf6 req-a8b6608b-61bd-4025-ac4b-009f60c30cf6 ] Request (ServerActionsTestOtherB:setUpClass): 200 GET http://10.180.1.21/compute/v2.1/servers/a7a0ba52-7a78-4a2c-bff3-f92e8c848b59 0.872s
2025-11-12 11:31:05.793 68003 INFO tempest.lib.common.rest_client [req-d76c2a5d-3baa-4c7e-9631-2f9edef79f80 req-d76c2a5d-3baa-4c7e-9631-2f9edef79f80 ] Request (ServerGroupTestJSON:test_create_delete_multiple_server_groups_with_same_name_policy): 200 POST http://10.180.1.21/compute/v2.1/os-server-groups 0.878s
2025-11-12 11:31:05.821 68035 INFO tempest.lib.common.rest_client [req-ec527018-f876-4b8e-9e68-9e3eb61d8604 req-ec527018-f876-4b8e-9e68-9e3eb61d8604 ] Request (SecurityGroupsTestJSON:test_server_security_groups): 200 GET http://10.180.1.21/compute/v2.1/servers/3b7c9d24-b619-476a-a9a3-b611c2e6bcf3 0.761s
2025-11-12 11:31:05.844 68033 INFO tempest.lib.common.rest_client [req-59a067b8-bebc-44af-b415-30368fe6e70e req-59a067b8-bebc-44af-b415-30368fe6e70e ] Request (ListImageFiltersTestJSON:setUpClass): 200 GET http://10.180.1.21/compute/v2.1/servers/3813cc58-1915-4707-8fff-370188d36b4d 0.766s
2025-11-12 11:31:05.931 68021 INFO tempest.lib.common.rest_client [req-1a7e56cb-75ea-499c-bac2-c406745216af req-1a7e56cb-75ea-499c-bac2-c406745216af ] Request (ServerShowV254Test:test_rebuild_server): 200 GET http://10.180.1.21/compute/v2.1/servers/88caa9fc-e1cb-42b5-8df8-0ae585b1aacb 0.695s
2025-11-12 11:31:05.941 68021 INFO tempest.common.waiters [-] State transition "REBUILD/rebuild_spawning" ==> "ACTIVE/None" after 10 second wait
2025-11-12 11:31:05.984 68041 INFO tempest.lib.common.rest_client [req-ea215b61-6e72-4c2b-9714-06f06353e27b req-ea215b61-6e72-4c2b-9714-06f06353e27b ] Request (ServersAdminTestJSON:test_inject_network_info): 200 GET http://10.180.1.21/compute/v2.1/servers/11a1d282-3fd6-478e-83aa-86c482ff50ca 0.733s
2025-11-12 11:31:06.053 68029 INFO tempest.lib.common.rest_client [req-3f10f66c-f50d-49d6-902c-a3a6215b7148 req-3f10f66c-f50d-49d6-902c-a3a6215b7148 ] Request (ServersNegativeTestJSON:setUpClass): 200 GET http://10.180.1.21/compute/v2.1/servers/702bd44d-aa05-4bcb-97e5-7ea8bedffbeb 0.729s
2025-11-12 11:31:06.140 68015 INFO tempest.lib.common.rest_client [req-a92ad381-7f44-4d93-8bec-0575d7407ac4 req-a92ad381-7f44-4d93-8bec-0575d7407ac4 ] Request (VolumesAssistedSnapshotsTest:tearDownClass): 200 GET http://10.180.1.21/compute/v2.1/servers/9c64d743-2cc6-4f9d-9b84-0a0f4611a70f 0.679s
2025-11-12 11:31:06.149 68045 INFO tempest.lib.common.rest_client [req-efb99e49-08f1-4691-862d-8e1ba42c3b24 req-efb99e49-08f1-4691-862d-8e1ba42c3b24 ] Request (VolumesSnapshotsTestJSON:test_volume_snapshot_create_get_list_delete): 200 POST http://10.180.1.21/compute/v2.1/os-volumes 1.051s
2025-11-12 11:31:06.183 68025 INFO tempest.lib.common.rest_client [req-d73e5cdd-a57a-4bbf-bbea-84c552a79bdc req-d73e5cdd-a57a-4bbf-bbea-84c552a79bdc ] Request (InstanceActionsNegativeTestJSON:tearDownClass): 404 GET http://10.180.1.21/compute/v2.1/servers/4fae36a5-89f9-497a-9e5b-2184fc4597fb 0.719s
2025-11-12 11:31:06.186 68043 INFO tempest.lib.common.rest_client [req-13c66373-21f9-4df4-9507-542a594e3c2c req-13c66373-21f9-4df4-9507-542a594e3c2c ] Request (ListServersNegativeTestJSON:tearDownClass): 404 DELETE http://10.180.1.21/compute/v2.1/servers/b4dc601a-ed96-44bf-9b47-6ffff64ccf93 0.712s
2025-11-12 11:31:06.485 68019 INFO tempest.lib.common.rest_client [req-bc39dc44-e6fc-410e-92ae-220d3e261855 req-bc39dc44-e6fc-410e-92ae-220d3e261855 ] Request (ImagesOneServerNegativeTestJSON:_run_cleanups): 200 GET http://10.180.1.21/compute/v2.1/servers/1a2564d0-3654-477f-8d8e-eb072c395632 0.790s
2025-11-12 11:31:06.508 68032 INFO tempest.lib.common.rest_client [req-946aca37-03f4-438c-a023-65050bb864db req-946aca37-03f4-438c-a023-65050bb864db ] Request (FlavorsAccessTestJSON:_run_cleanups): 200 GET http://10.180.1.21/compute/v2.1/flavors/detail 0.798s
2025-11-12 11:31:06.579 67995 INFO tempest.lib.common.rest_client [req-9edd2368-242e-48ae-8131-7bc139ce76dd req-9edd2368-242e-48ae-8131-7bc139ce76dd ] Request (InstanceActionsV221TestJSON:test_get_list_deleted_instance_actions): 200 GET http://10.180.1.21/compute/v2.1/servers/06fcafaf-bb77-4148-aa2d-1d1e98dca172 0.858s
2025-11-12 11:31:06.594 68027 INFO tempest.lib.common.rest_client [req-95bec606-94f2-4e50-bcc6-1cd05f8057bb req-95bec606-94f2-4e50-bcc6-1cd05f8057bb ] Request (ListServerFiltersTestJSON:test_list_servers_detailed_filter_by_flavor): 200 GET http://10.180.1.21/compute/v2.1/servers/detail?flavor=84 0.895s
2025-11-12 11:31:06.662 68032 INFO tempest.lib.common.rest_client [req-85782643-280e-4540-9c32-246774bfd4ed req-85782643-280e-4540-9c32-246774bfd4ed ] Request (FlavorsAccessTestJSON:tearDownClass): 204 DELETE http://10.180.1.21/identity/v3/users/64f36eda6ae8478bbd9de10b564ee1d3 0.145s
2025-11-12 11:31:06.688 68009 INFO tempest.lib.common.rest_client [req-c5c630a6-d7b1-4a68-9ee2-10b0548155cb req-c5c630a6-d7b1-4a68-9ee2-10b0548155cb ] Request (AttachInterfacesTestJSON:_run_cleanups): 200 GET http://10.180.1.21/compute/v2.1/servers/7a4d3f97-ad64-4936-a806-f0673427dbcb 0.890s
2025-11-12 11:31:06.692 68003 INFO tempest.lib.common.rest_client [req-911381a8-a1da-44be-a3b4-4e09319ced5e req-911381a8-a1da-44be-a3b4-4e09319ced5e ] Request (ServerGroupTestJSON:test_create_delete_multiple_server_groups_with_same_name_policy): 200 POST http://10.180.1.21/compute/v2.1/os-server-groups 0.897s
2025-11-12 11:31:06.714 68021 INFO tempest.lib.common.rest_client [req-729d6cb7-a414-433d-b11d-d76c4dba4905 req-729d6cb7-a414-433d-b11d-d76c4dba4905 ] Request (ServerShowV254Test:_run_cleanups): 204 DELETE http://10.180.1.21/compute/v2.1/os-keypairs/tempest-ServerShowV254Test-keypair-1681796438 0.772s
2025-11-12 11:31:06.762 67989 INFO tempest.lib.common.rest_client [req-d822d768-f874-4a9c-877f-9a1d5e95ea48 req-d822d768-f874-4a9c-877f-9a1d5e95ea48 ] Request (ServersAdminNegativeTestJSON:setUpClass): 200 GET http://10.180.1.21/compute/v2.1/servers/d1727af5-8a09-4757-9536-fd25d9a0ffb2 0.873s
2025-11-12 11:31:06.800 68001 INFO tempest.lib.common.rest_client [req-4d32238f-0135-47d7-b824-27918ca375cd req-4d32238f-0135-47d7-b824-27918ca375cd ] Request (ServersTestJSON:setUpClass): 200 GET http://10.180.1.21/compute/v2.1/servers/378ce44f-0a74-46e7-92c4-1f6abd90e144 0.747s
2025-11-12 11:31:06.828 68032 INFO tempest.lib.common.rest_client [req-f0687b41-59a9-4631-a36f-d254668a724c req-f0687b41-59a9-4631-a36f-d254668a724c ] Request (FlavorsAccessTestJSON:tearDownClass): 204 DELETE http://10.180.1.21/identity/v3/users/b93c8d32c2e44a58ae9e8c624cc6fe81 0.165s
2025-11-12 11:31:06.828 68032 INFO tempest.lib.common.dynamic_creds [-] Deleting project and security group for project: 3fd8a41e6edf407da8cfe37b4b54ceb9
2025-11-12 11:31:06.850 68045 INFO tempest.lib.common.rest_client [req-4b409277-9bd7-44ac-8b34-872f8e7f1a48 req-4b409277-9bd7-44ac-8b34-872f8e7f1a48 ] Request (VolumesSnapshotsTestJSON:test_volume_snapshot_create_get_list_delete): 200 GET http://10.180.1.21/compute/v2.1/os-volumes/ff9beba3-5fb3-4926-90e5-63ccc3f7e10b 0.694s
2025-11-12 11:31:06.853 68045 INFO tempest.common.waiters [-] volume ff9beba3-5fb3-4926-90e5-63ccc3f7e10b reached available after waiting for 0.853608 seconds
2025-11-12 11:31:06.909 68032 INFO tempest.lib.common.rest_client [req-546e4128-d07e-42d4-a54c-7aae4618e40d req-546e4128-d07e-42d4-a54c-7aae4618e40d ] Request (FlavorsAccessTestJSON:tearDownClass): 201 POST http://10.180.1.21/identity/v3/auth/tokens 0.081s
2025-11-12 11:31:06.982 68043 INFO tempest.lib.common.rest_client [req-12714b8b-3621-4957-b499-04e4b33c820e req-12714b8b-3621-4957-b499-04e4b33c820e ] Request (ListServersNegativeTestJSON:tearDownClass): 204 DELETE http://10.180.1.21/compute/v2.1/servers/59752ab5-3c6d-4066-baa8-efebe81769ce 0.795s
2025-11-12 11:31:07.074 68025 INFO tempest.lib.common.rest_client [req-7fc9b920-8ee0-4d4e-bf89-4f9670ca0cb2 req-7fc9b920-8ee0-4d4e-bf89-4f9670ca0cb2 ] Request (InstanceActionsNegativeTestJSON:tearDownClass): 200 PUT http://10.180.1.21/networking/v2.0/routers/7ed959d0-c629-4990-ad6b-223340403943/remove_router_interface 0.890s
2025-11-12 11:31:07.204 68032 INFO tempest.lib.common.rest_client [req-6162d8d3-02a3-4a6c-b3e1-b459205d2234 req-6162d8d3-02a3-4a6c-b3e1-b459205d2234 ] Request (FlavorsAccessTestJSON:tearDownClass): 200 GET http://10.180.1.21/networking/v2.0/security-groups?tenant_id=3fd8a41e6edf407da8cfe37b4b54ceb9&name=default 0.295s
2025-11-12 11:31:07.246 67985 INFO tempest.lib.common.rest_client [req-26669932-77ac-4271-b941-1b2ca3d50437 req-26669932-77ac-4271-b941-1b2ca3d50437 ] Request (FloatingIPsAssociationTestJSON:setUpClass): 200 GET http://10.180.1.21/compute/v2.1/servers/4fee5191-08de-401f-ba1a-d6b752c28e57 1.160s
2025-11-12 11:31:07.260 67985 INFO tempest.common.waiters [-] State transition "BUILD/block_device_mapping" ==> "BUILD/spawning" after 43 second wait
2025-11-12 11:31:07.306 67999 INFO tempest.lib.common.rest_client [req-498a3e34-f1cb-4bdd-a009-77f651c73eda req-498a3e34-f1cb-4bdd-a009-77f651c73eda ] Request (MigrationsAdminTest:test_resize_server_revert_deleted_flavor): 200 GET http://10.180.1.21/compute/v2.1/servers/970786d3-ce30-4c50-8399-7be3832263b6 1.099s
2025-11-12 11:31:07.445 68032 INFO tempest.lib.common.rest_client [req-51ca1d77-a9cc-40b5-8841-d8aed0e81d48 req-51ca1d77-a9cc-40b5-8841-d8aed0e81d48 ] Request (FlavorsAccessTestJSON:tearDownClass): 204 DELETE http://10.180.1.21/networking/v2.0/security-groups/de4a765c-17b7-44f3-bbf2-8906a19bebb3 0.240s
2025-11-12 11:31:07.534 68005 INFO tempest.lib.common.rest_client [req-e034c89a-fc5b-4946-915b-cbad10a14122 req-e034c89a-fc5b-4946-915b-cbad10a14122 ] Request (ServerExternalEventsTest:test_create_server_external_events): 200 GET http://10.180.1.21/compute/v2.1/servers/27d79e76-cbe5-4eba-b493-7e1595815034 1.190s
2025-11-12 11:31:07.535 68032 INFO tempest.lib.common.rest_client [req-82e75691-7bab-4967-b70f-ef276587dafd req-82e75691-7bab-4967-b70f-ef276587dafd ] Request (FlavorsAccessTestJSON:tearDownClass): 204 DELETE http://10.180.1.21/identity/v3/projects/3fd8a41e6edf407da8cfe37b4b54ceb9 0.090s
2025-11-12 11:31:07.536 68032 INFO tempest.lib.common.dynamic_creds [-] Deleting project and security group for project: 324cb6c72d31498fb274549f6d2f8b4a
2025-11-12 11:31:07.590 67987 INFO tempest.lib.common.rest_client [req-f09d71c2-c309-433e-be82-c82aa79e87a9 req-f09d71c2-c309-433e-be82-c82aa79e87a9 ] Request (MultipleCreateTestJSON:test_multiple_create_with_reservation_return): 200 GET http://10.180.1.21/compute/v2.1/servers/d933790a-9d15-4a45-9f2e-a3ebc5ec2bf8 1.317s
2025-11-12 11:31:07.683 68032 INFO tempest.lib.common.rest_client [req-eadce920-9810-417c-8109-f33e9469688e req-eadce920-9810-417c-8109-f33e9469688e ] Request (FlavorsAccessTestJSON:tearDownClass): 200 GET http://10.180.1.21/networking/v2.0/security-groups?tenant_id=324cb6c72d31498fb274549f6d2f8b4a&name=default 0.147s
2025-11-12 11:31:07.712 68025 INFO tempest.lib.common.rest_client [req-e69e7c91-784f-4a42-8aa8-3963c5d84d5d req-e69e7c91-784f-4a42-8aa8-3963c5d84d5d ] Request (InstanceActionsNegativeTestJSON:tearDownClass): 204 DELETE http://10.180.1.21/networking/v2.0/routers/7ed959d0-c629-4990-ad6b-223340403943 0.638s
2025-11-12 11:31:07.732 68017 INFO tempest.lib.common.rest_client [req-09925a81-36a5-4219-bd01-9fe461e142cf req-09925a81-36a5-4219-bd01-9fe461e142cf ] Request (ServersTestBootFromVolume:setUpClass): 200 GET http://10.180.1.21/compute/v2.1/servers/2f34e47a-1598-4d7a-82d3-1c9ecc562f6b 1.355s
2025-11-12 11:31:07.736 68011 INFO tempest.lib.common.rest_client [req-3052a0b4-6dc9-4905-8362-2c52061c1f6e req-3052a0b4-6dc9-4905-8362-2c52061c1f6e ] Request (ServerDiskConfigTestJSON:test_resize_server_from_auto_to_manual): 200 GET http://10.180.1.21/compute/v2.1/servers/b424e9f3-87bb-4aa9-baa1-74d032df0eed 1.316s
2025-11-12 11:31:07.819 68032 INFO tempest.lib.common.rest_client [req-318b5bbb-91fe-4326-8a09-47bdbf2977d3 req-318b5bbb-91fe-4326-8a09-47bdbf2977d3 ] Request (FlavorsAccessTestJSON:tearDownClass): 204 DELETE http://10.180.1.21/networking/v2.0/security-groups/d14f4da2-0d21-4278-8922-e4b3473fcc17 0.136s
2025-11-12 11:31:07.898 68037 INFO tempest.lib.common.rest_client [req-a3e1ca73-2cd9-4083-b472-34297c3f7d89 req-a3e1ca73-2cd9-4083-b472-34297c3f7d89 ] Request (ServersListShow2100Test:test_list_show_rebuild_update_server_2100): 200 GET http://10.180.1.21/compute/v2.1/servers/25f4679f-5510-4630-9afc-ba31ee949f90 1.404s
2025-11-12 11:31:07.923 68025 INFO tempest.lib.common.rest_client [req-6803c720-d19a-4beb-8337-bca2e155d8f0 req-6803c720-d19a-4beb-8337-bca2e155d8f0 ] Request (InstanceActionsNegativeTestJSON:tearDownClass): 204 DELETE http://10.180.1.21/networking/v2.0/subnets/21be2710-af52-4f6a-a309-c829f868d18a 0.210s
2025-11-12 11:31:07.968 68032 INFO tempest.lib.common.rest_client [req-078f728e-4374-40d0-9dd3-6ef6e98fc234 req-078f728e-4374-40d0-9dd3-6ef6e98fc234 ] Request (FlavorsAccessTestJSON:tearDownClass): 204 DELETE http://10.180.1.21/identity/v3/projects/324cb6c72d31498fb274549f6d2f8b4a 0.147s
2025-11-12 11:31:08.024 68013 INFO tempest.lib.common.rest_client [req-6ea9b410-7fad-4c88-aadb-075fe9fe55cb req-6ea9b410-7fad-4c88-aadb-075fe9fe55cb ] Request (VolumesAdminNegativeTest:tearDownClass): 200 GET http://10.180.1.21/compute/v2.1/servers/dafc6e9a-aa81-4c77-b58b-7a86f59d4dfe 1.353s
2025-11-12 11:31:08.035 68032 INFO tempest.lib.common.rest_client [req-40fbf9a7-5481-4573-a61c-92f3a3d8134f req-40fbf9a7-5481-4573-a61c-92f3a3d8134f ] Request (ServersTestMultiNic:setUpClass): 201 POST http://10.180.1.21/identity/v3/auth/tokens 0.065s
2025-11-12 11:31:08.047 68027 INFO tempest.lib.common.rest_client [req-38302901-8261-46bd-8383-3de08e83f89f req-38302901-8261-46bd-8383-3de08e83f89f ] Request (ListServerFiltersTestJSON:test_list_servers_detailed_filter_by_server_name): 200 GET http://10.180.1.21/compute/v2.1/servers/detail?name=tempest-ListServerFiltersTestJSON-instance-401616888 1.443s
2025-11-12 11:31:08.061 68003 INFO tempest.lib.common.rest_client [req-54d833b5-0e4d-457d-b8f9-5e50d8785a7e req-54d833b5-0e4d-457d-b8f9-5e50d8785a7e ] Request (ServerGroupTestJSON:test_create_delete_multiple_server_groups_with_same_name_policy): 204 DELETE http://10.180.1.21/compute/v2.1/os-server-groups/06e779a8-4ad3-45a0-8cb2-5c85fff19249 1.366s
2025-11-12 11:31:08.097 68032 INFO tempest.lib.common.rest_client [req-2fc3ed93-43f0-4609-93cf-b6819b6799c2 req-2fc3ed93-43f0-4609-93cf-b6819b6799c2 ] Request (ServersTestMultiNic:setUpClass): 201 POST http://10.180.1.21/identity/v3/auth/tokens 0.058s
2025-11-12 11:31:08.133 68032 INFO tempest.lib.common.rest_client [req-7ca13ddb-e3c3-465a-8b5d-6341ca417913 req-7ca13ddb-e3c3-465a-8b5d-6341ca417913 ] Request (ServersTestMultiNic:setUpClass): 200 GET http://10.180.1.21/identity/v3/domains?name=Default 0.035s
2025-11-12 11:31:08.149 68039 INFO tempest.lib.common.rest_client [req-23773d38-f6e5-4fba-a9f3-b7f800b25a98 req-23773d38-f6e5-4fba-a9f3-b7f800b25a98 ] Request (ImagesTestJSON:test_create_server_from_snapshot): 200 GET http://10.180.1.21/compute/v2.1/servers/146b880e-8d4e-4448-9440-da38e138c4f0 1.421s
2025-11-12 11:31:08.175 68021 INFO tempest.lib.common.rest_client [req-28f3ee50-6b8d-434f-983c-2d7066b2fc78 req-28f3ee50-6b8d-434f-983c-2d7066b2fc78 ] Request (ServerShowV254Test:tearDownClass): 204 DELETE http://10.180.1.21/compute/v2.1/servers/88caa9fc-e1cb-42b5-8df8-0ae585b1aacb 1.448s
2025-11-12 11:31:08.184 68032 INFO tempest.lib.common.rest_client [req-c3d98dd2-c05c-4ec6-8b39-3e54e92ef942 req-c3d98dd2-c05c-4ec6-8b39-3e54e92ef942 ] Request (ServersTestMultiNic:setUpClass): 201 POST http://10.180.1.21/identity/v3/projects 0.051s
2025-11-12 11:31:08.250 67997 INFO tempest.lib.common.rest_client [req-89ebd8be-73cc-4e6d-a24d-a52aee25226e req-89ebd8be-73cc-4e6d-a24d-a52aee25226e ] Request (ServerActionsTestOtherB:setUpClass): 200 GET http://10.180.1.21/compute/v2.1/servers/a7a0ba52-7a78-4a2c-bff3-f92e8c848b59 1.477s
2025-11-12 11:31:08.288 68035 INFO tempest.lib.common.rest_client [req-6bb85340-64ea-47d9-9228-c6943f9294fe req-6bb85340-64ea-47d9-9228-c6943f9294fe ] Request (SecurityGroupsTestJSON:test_server_security_groups): 200 GET http://10.180.1.21/compute/v2.1/servers/3b7c9d24-b619-476a-a9a3-b611c2e6bcf3 1.459s
2025-11-12 11:31:08.289 68032 INFO tempest.lib.common.rest_client [req-612c26db-8414-4a12-b18e-4307ee06d4f6 req-612c26db-8414-4a12-b18e-4307ee06d4f6 ] Request (ServersTestMultiNic:setUpClass): 201 POST http://10.180.1.21/identity/v3/users 0.103s
2025-11-12 11:31:08.310 68025 INFO tempest.lib.common.rest_client [req-1b25c1b0-f16e-464a-a60f-334adfc4b916 req-1b25c1b0-f16e-464a-a60f-334adfc4b916 ] Request (InstanceActionsNegativeTestJSON:tearDownClass): 204 DELETE http://10.180.1.21/networking/v2.0/networks/6dd35a31-b68d-47fa-8c9b-5a155824a551 0.387s
2025-11-12 11:31:08.322 68032 INFO tempest.lib.common.rest_client [req-c2d0de5c-b015-496f-8ff2-17cc8c7d1428 req-c2d0de5c-b015-496f-8ff2-17cc8c7d1428 ] Request (ServersTestMultiNic:setUpClass): 200 GET http://10.180.1.21/identity/v3/roles 0.032s
2025-11-12 11:31:08.364 68033 INFO tempest.lib.common.rest_client [req-4ed5e382-1ce8-4994-99c1-9871ec5d3f23 req-4ed5e382-1ce8-4994-99c1-9871ec5d3f23 ] Request (ListImageFiltersTestJSON:setUpClass): 200 GET http://10.180.1.21/compute/v2.1/servers/3813cc58-1915-4707-8fff-370188d36b4d 1.510s
2025-11-12 11:31:08.382 68032 INFO tempest.lib.common.rest_client [req-c53f8ed2-2e8c-4f54-87af-c8c04bbfa85f req-c53f8ed2-2e8c-4f54-87af-c8c04bbfa85f ] Request (ServersTestMultiNic:setUpClass): 204 PUT http://10.180.1.21/identity/v3/projects/cf03d0e6721744edb5b28dbeca9d9d0e/users/f77c431d078140e78fea80a4ff7537d7/roles/3b239aed87564a7ba2ce5339da7b2bf9 0.060s
2025-11-12 11:31:08.382 68032 INFO tempest.lib.common.dynamic_creds [-] Dynamic test user f77c431d078140e78fea80a4ff7537d7 is created with scope project and roles: ['member']
2025-11-12 11:31:08.383 68032 INFO tempest.lib.common.dynamic_creds [-] Acquired dynamic creds: credentials: Credentials: {'domain_id': 'default', 'domain_name': 'Default', 'username': 'tempest-ServersTestMultiNic-1440343945-project-member', 'project_domain_id': 'default', 'project_domain_name': 'Default', 'project_id': 'cf03d0e6721744edb5b28dbeca9d9d0e', 'project_name': 'tempest-ServersTestMultiNic-1440343945', 'tenant_id': 'cf03d0e6721744edb5b28dbeca9d9d0e', 'tenant_name': 'tempest-ServersTestMultiNic-1440343945', 'user_domain_id': 'default', 'user_domain_name': 'Default', 'user_id': 'f77c431d078140e78fea80a4ff7537d7', 'system': None}, Network: None, Subnet: None, Router: None
2025-11-12 11:31:08.424 68025 INFO tempest.lib.common.rest_client [req-20692ac6-3b36-447e-aded-3d8ffbb96637 req-20692ac6-3b36-447e-aded-3d8ffbb96637 ] Request (InstanceActionsNegativeTestJSON:tearDownClass): 204 DELETE http://10.180.1.21/identity/v3/users/b5ce87400cbc40afa1c537dc44e248cd 0.114s
2025-11-12 11:31:08.425 68025 INFO tempest.lib.common.dynamic_creds [-] Deleting project and security group for project: 05a73e2f157548b284672136087c1cb4
2025-11-12 11:31:08.438 68045 INFO tempest.lib.common.rest_client [req-930348e8-ee98-4173-8048-3381755a1bb1 req-930348e8-ee98-4173-8048-3381755a1bb1 ] Request (VolumesSnapshotsTestJSON:test_volume_snapshot_create_get_list_delete): 200 POST http://10.180.1.21/compute/v2.1/os-snapshots 1.584s
2025-11-12 11:31:08.456 68025 INFO tempest.lib.common.rest_client [req-3026889d-b198-4892-ab3f-e139f41b1157 req-3026889d-b198-4892-ab3f-e139f41b1157 ] Request (InstanceActionsNegativeTestJSON:tearDownClass): 200 GET http://10.180.1.21/networking/v2.0/security-groups?tenant_id=05a73e2f157548b284672136087c1cb4&name=default 0.031s
2025-11-12 11:31:08.471 68043 INFO tempest.lib.common.rest_client [req-acb9c0e0-1766-4fcf-8b23-66fc8bedee5f req-acb9c0e0-1766-4fcf-8b23-66fc8bedee5f ] Request (ListServersNegativeTestJSON:tearDownClass): 204 DELETE http://10.180.1.21/compute/v2.1/servers/24c81182-f51d-4e33-b94a-a7c3eae7e16b 1.488s
2025-11-12 11:31:08.473 68032 INFO tempest.lib.common.rest_client [req-c927ee4b-2ee2-44b5-bd87-902fdbe1d5d3 req-c927ee4b-2ee2-44b5-bd87-902fdbe1d5d3 ] Request (ServersTestMultiNic:setUpClass): 201 POST http://10.180.1.21/identity/v3/auth/tokens 0.090s
2025-11-12 11:31:08.598 68025 INFO tempest.lib.common.rest_client [req-9cb71738-2416-4dbc-9fb9-6366ad776833 req-9cb71738-2416-4dbc-9fb9-6366ad776833 ] Request (InstanceActionsNegativeTestJSON:tearDownClass): 204 DELETE http://10.180.1.21/networking/v2.0/security-groups/38444a53-512a-4057-96c1-fc91ee5f5f94 0.141s
2025-11-12 11:31:08.628 68041 INFO tempest.lib.common.rest_client [req-4951c8f6-8a1d-49c1-9b82-a38aeb28b0ff req-4951c8f6-8a1d-49c1-9b82-a38aeb28b0ff ] Request (ServersAdminTestJSON:test_inject_network_info): 200 GET http://10.180.1.21/compute/v2.1/servers/11a1d282-3fd6-478e-83aa-86c482ff50ca 1.635s
2025-11-12 11:31:08.653 68029 INFO tempest.lib.common.rest_client [req-a6facb5d-01da-4236-b1a2-58bacc7a6560 req-a6facb5d-01da-4236-b1a2-58bacc7a6560 ] Request (ServersNegativeTestJSON:setUpClass): 200 GET http://10.180.1.21/compute/v2.1/servers/702bd44d-aa05-4bcb-97e5-7ea8bedffbeb 1.589s
2025-11-12 11:31:08.659 68015 INFO tempest.lib.common.rest_client [req-ab6fad55-b222-4c21-9860-431faee1bdbe req-ab6fad55-b222-4c21-9860-431faee1bdbe ] Request (VolumesAssistedSnapshotsTest:tearDownClass): 404 GET http://10.180.1.21/compute/v2.1/servers/9c64d743-2cc6-4f9d-9b84-0a0f4611a70f 1.508s
2025-11-12 11:31:08.681 68025 INFO tempest.lib.common.rest_client [req-1af20b28-f663-48d3-93d4-e77a303a2d6c req-1af20b28-f663-48d3-93d4-e77a303a2d6c ] Request (InstanceActionsNegativeTestJSON:tearDownClass): 204 DELETE http://10.180.1.21/identity/v3/projects/05a73e2f157548b284672136087c1cb4 0.083s
2025-11-12 11:31:08.742 68019 INFO tempest.lib.common.rest_client [req-ea84ebd0-77a2-45c3-ba79-197692f063e6 req-ea84ebd0-77a2-45c3-ba79-197692f063e6 ] Request (ImagesOneServerNegativeTestJSON:_run_cleanups): 200 GET http://10.180.1.21/compute/v2.1/servers/1a2564d0-3654-477f-8d8e-eb072c395632 1.249s
2025-11-12 11:31:08.758 67995 INFO tempest.lib.common.rest_client [req-9b1deaee-3a62-4ece-bfc4-b08d845c0c7c req-9b1deaee-3a62-4ece-bfc4-b08d845c0c7c ] Request (InstanceActionsV221TestJSON:test_get_list_deleted_instance_actions): 200 GET http://10.180.1.21/compute/v2.1/servers/06fcafaf-bb77-4148-aa2d-1d1e98dca172 1.167s
2025-11-12 11:31:08.818 68009 INFO tempest.lib.common.rest_client [req-e380fd4f-0b12-44d2-b097-e4c5e7d7bcfc req-e380fd4f-0b12-44d2-b097-e4c5e7d7bcfc ] Request (AttachInterfacesTestJSON:_run_cleanups): 200 GET http://10.180.1.21/compute/v2.1/servers/7a4d3f97-ad64-4936-a806-f0673427dbcb 1.119s
2025-11-12 11:31:08.834 67989 INFO tempest.lib.common.rest_client [req-c229d25d-c6eb-466f-ad38-2c1913ce0c6f req-c229d25d-c6eb-466f-ad38-2c1913ce0c6f ] Request (ServersAdminNegativeTestJSON:setUpClass): 200 GET http://10.180.1.21/compute/v2.1/servers/d1727af5-8a09-4757-9536-fd25d9a0ffb2 1.061s
2025-11-12 11:31:08.845 68032 INFO tempest.lib.common.rest_client [req-f10a0bf9-b0d5-4237-81e7-68625068533f req-f10a0bf9-b0d5-4237-81e7-68625068533f ] Request (ServersTestMultiNic:setUpClass): 201 POST http://10.180.1.21/networking/v2.0/networks 0.371s
2025-11-12 11:31:08.898 68001 INFO tempest.lib.common.rest_client [req-292e3437-1d1c-458a-9669-bf1fb9ce245c req-292e3437-1d1c-458a-9669-bf1fb9ce245c ] Request (ServersTestJSON:setUpClass): 200 GET http://10.180.1.21/compute/v2.1/servers/378ce44f-0a74-46e7-92c4-1f6abd90e144 1.082s
2025-11-12 11:31:08.921 68003 INFO tempest.lib.common.rest_client [req-425f8adb-4f1b-4d6b-abcc-caafb518a600 req-425f8adb-4f1b-4d6b-abcc-caafb518a600 ] Request (ServerGroupTestJSON:test_create_delete_multiple_server_groups_with_same_name_policy): 200 GET http://10.180.1.21/compute/v2.1/os-server-groups 0.860s
2025-11-12 11:31:09.002 68021 INFO tempest.lib.common.rest_client [req-d7a8cbc6-6766-4a18-9293-9e665c8d6c2b req-d7a8cbc6-6766-4a18-9293-9e665c8d6c2b ] Request (ServerShowV254Test:tearDownClass): 200 GET http://10.180.1.21/compute/v2.1/servers/88caa9fc-e1cb-42b5-8df8-0ae585b1aacb 0.826s
2025-11-12 11:31:09.047 68032 INFO tempest.lib.common.rest_client [req-77504b06-2e0d-4699-9e8f-16c484bff2ae req-77504b06-2e0d-4699-9e8f-16c484bff2ae ] Request (ServersTestMultiNic:setUpClass): 201 POST http://10.180.1.21/networking/v2.0/subnets 0.202s
2025-11-12 11:31:09.137 67985 INFO tempest.lib.common.rest_client [req-5f0ffe23-81d3-43ee-aac9-b378e673ab2f req-5f0ffe23-81d3-43ee-aac9-b378e673ab2f ] Request (FloatingIPsAssociationTestJSON:setUpClass): 200 GET http://10.180.1.21/compute/v2.1/servers/4fee5191-08de-401f-ba1a-d6b752c28e57 0.876s
2025-11-12 11:31:09.307 67999 INFO tempest.lib.common.rest_client [req-18da6fbe-fc15-4bcb-9d1f-0238fa71f108 req-18da6fbe-fc15-4bcb-9d1f-0238fa71f108 ] Request (MigrationsAdminTest:test_resize_server_revert_deleted_flavor): 200 GET http://10.180.1.21/compute/v2.1/servers/970786d3-ce30-4c50-8399-7be3832263b6 0.989s
2025-11-12 11:31:09.348 68045 INFO tempest.lib.common.rest_client [req-f17712e1-47cb-4b8e-a3b8-391403825c2e req-f17712e1-47cb-4b8e-a3b8-391403825c2e ] Request (VolumesSnapshotsTestJSON:test_volume_snapshot_create_get_list_delete): 200 GET http://10.180.1.21/compute/v2.1/os-snapshots/bf6d4b8b-bd17-4b1d-b8d8-0fe7a6168845 0.907s
2025-11-12 11:31:09.372 68043 INFO tempest.lib.common.rest_client [req-7ad98078-e0b2-4a39-9bb5-cc2cdd9ae97f req-7ad98078-e0b2-4a39-9bb5-cc2cdd9ae97f ] Request (ListServersNegativeTestJSON:tearDownClass): 404 GET http://10.180.1.21/compute/v2.1/servers/b4dc601a-ed96-44bf-9b47-6ffff64ccf93 0.900s
2025-11-12 11:31:09.502 68047 INFO paramiko.transport [-] Connected (version 2.0, client dropbear_2020.81)
2025-11-12 11:31:09.619 68047 INFO paramiko.transport [-] Authentication (publickey) successful!
2025-11-12 11:31:09.620 68047 INFO tempest.lib.common.ssh [-] ssh connection to cirros@10.180.180.160 successfully created
2025-11-12 11:31:09.657 68005 INFO tempest.lib.common.rest_client [req-af5acb33-aa13-4458-a837-556d31cd9e55 req-af5acb33-aa13-4458-a837-556d31cd9e55 ] Request (ServerExternalEventsTest:test_create_server_external_events): 200 GET http://10.180.1.21/compute/v2.1/servers/27d79e76-cbe5-4eba-b493-7e1595815034 1.115s
2025-11-12 11:31:09.676 68027 INFO tempest.lib.common.rest_client [req-15c72a18-b487-4ab2-ae8c-88adb114d8c7 req-15c72a18-b487-4ab2-ae8c-88adb114d8c7 ] Request (ListServerFiltersTestJSON:test_list_servers_detailed_filter_by_server_status): 200 GET http://10.180.1.21/compute/v2.1/servers/detail?status=active 1.619s
2025-11-12 11:31:09.698 68015 INFO tempest.lib.common.rest_client [req-998e8419-f879-44dc-9628-8e309186a64c req-998e8419-f879-44dc-9628-8e309186a64c ] Request (VolumesAssistedSnapshotsTest:tearDownClass): 202 DELETE http://10.180.1.21/compute/v2.1/os-keypairs/tempest-keypair-1593672869 1.038s
2025-11-12 11:31:09.870 68015 INFO tempest.lib.common.rest_client [req-048affd2-89f0-4839-b01c-d9e988a29553 req-048affd2-89f0-4839-b01c-d9e988a29553 ] Request (VolumesAssistedSnapshotsTest:tearDownClass): 204 DELETE http://10.180.1.21/networking/v2.0/security-groups/b3c78ac1-0746-41fb-a69b-e9004fc0aa6f 0.171s
2025-11-12 11:31:09.883 68032 INFO tempest.lib.common.rest_client [req-4717a34a-89ab-4705-88e8-3aea1baff41a req-4717a34a-89ab-4705-88e8-3aea1baff41a ] Request (ServersTestMultiNic:setUpClass): 201 POST http://10.180.1.21/networking/v2.0/routers 0.835s
2025-11-12 11:31:09.908 68017 INFO tempest.lib.common.rest_client [req-bf73502e-03a9-4692-87f3-e14d8a08a018 req-bf73502e-03a9-4692-87f3-e14d8a08a018 ] Request (ServersTestBootFromVolume:setUpClass): 200 GET http://10.180.1.21/compute/v2.1/servers/2f34e47a-1598-4d7a-82d3-1c9ecc562f6b 1.167s
2025-11-12 11:31:09.914 68015 INFO tempest.lib.common.rest_client [req-47af632f-bf85-425f-a5bd-4491d02fae52 req-47af632f-bf85-425f-a5bd-4491d02fae52 ] Request (VolumesAssistedSnapshotsTest:tearDownClass): 404 GET http://10.180.1.21/networking/v2.0/security-groups/b3c78ac1-0746-41fb-a69b-e9004fc0aa6f 0.043s
2025-11-12 11:31:09.935 67987 INFO tempest.lib.common.rest_client [req-3f477669-d97a-42aa-a4cd-6034f4d6b0b1 req-3f477669-d97a-42aa-a4cd-6034f4d6b0b1 ] Request (MultipleCreateTestJSON:test_multiple_create_with_reservation_return): 200 GET http://10.180.1.21/compute/v2.1/servers/d933790a-9d15-4a45-9f2e-a3ebc5ec2bf8 1.331s
2025-11-12 11:31:10.257 68015 INFO tempest.lib.common.rest_client [req-89c8e857-9a88-4d6e-ac21-5392539ce631 req-89c8e857-9a88-4d6e-ac21-5392539ce631 ] Request (VolumesAssistedSnapshotsTest:tearDownClass): 204 DELETE http://10.180.1.21/networking/v2.0/floatingips/f9eebfcb-31d2-40f8-aa83-b478b37f9eb8 0.341s
2025-11-12 11:31:10.276 68015 INFO tempest.lib.common.rest_client [req-e62b4889-64ca-4f01-9ff6-4a80888e5c8b req-e62b4889-64ca-4f01-9ff6-4a80888e5c8b ] Request (VolumesAssistedSnapshotsTest:tearDownClass): 404 DELETE http://10.180.1.21/volume/v3/volumes/6f0e3e0e-6c41-4220-b034-a2fd4176ded1 0.019s
2025-11-12 11:31:10.292 68015 INFO tempest.lib.common.rest_client [req-96484db5-5baf-44ca-abf6-44645882d514 req-96484db5-5baf-44ca-abf6-44645882d514 ] Request (VolumesAssistedSnapshotsTest:tearDownClass): 404 GET http://10.180.1.21/volume/v3/volumes/6f0e3e0e-6c41-4220-b034-a2fd4176ded1 0.014s
2025-11-12 11:31:10.294 68011 INFO tempest.lib.common.rest_client [req-5d9b4b9e-c3fc-4548-bc0a-eb31bff788a9 req-5d9b4b9e-c3fc-4548-bc0a-eb31bff788a9 ] Request (ServerDiskConfigTestJSON:test_resize_server_from_auto_to_manual): 200 GET http://10.180.1.21/compute/v2.1/servers/b424e9f3-87bb-4aa9-baa1-74d032df0eed 1.549s
2025-11-12 11:31:10.336 68003 INFO tempest.lib.common.rest_client [req-3a19115c-f38f-439b-a33c-1de7e24a0894 req-3a19115c-f38f-439b-a33c-1de7e24a0894 ] Request (ServerGroupTestJSON:test_create_delete_multiple_server_groups_with_same_name_policy): 204 DELETE http://10.180.1.21/compute/v2.1/os-server-groups/f05f91db-9b7e-4e50-bf3b-f3aeb15d7105 1.413s
2025-11-12 11:31:10.353 68037 INFO tempest.lib.common.rest_client [req-7638a313-a8ed-4c18-bf06-e76d5c40c404 req-7638a313-a8ed-4c18-bf06-e76d5c40c404 ] Request (ServersListShow2100Test:test_list_show_rebuild_update_server_2100): 200 GET http://10.180.1.21/compute/v2.1/servers/25f4679f-5510-4630-9afc-ba31ee949f90 1.434s
2025-11-12 11:31:10.367 68037 INFO tempest.common.waiters [-] State transition "REBUILD/rebuild_spawning" ==> "ACTIVE/None" after 11 second wait
2025-11-12 11:31:10.604 68023 WARNING tempest.lib.common.ssh [-] Failed to establish authenticated ssh connection to cirros@10.180.180.190 ([Errno None] Unable to connect to port 22 on 10.180.180.190). Number attempts: 9. Retry after 10 seconds.: paramiko.ssh_exception.NoValidConnectionsError: [Errno None] Unable to connect to port 22 on 10.180.180.190
2025-11-12 11:31:10.872 68032 INFO tempest.lib.common.rest_client [req-4fda5376-d30d-4081-9f16-184f4dda3a3f req-4fda5376-d30d-4081-9f16-184f4dda3a3f ] Request (ServersTestMultiNic:setUpClass): 200 PUT http://10.180.1.21/networking/v2.0/routers/082dc074-f970-4c9d-a6a6-7524382ac7ba/add_router_interface 0.988s
2025-11-12 11:31:10.872 68032 INFO tempest.lib.common.dynamic_creds [-] Created isolated network resources for: credentials: Credentials: {'domain_id': 'default', 'domain_name': 'Default', 'username': 'tempest-ServersTestMultiNic-1440343945-project-member', 'project_domain_id': 'default', 'project_domain_name': 'Default', 'project_id': 'cf03d0e6721744edb5b28dbeca9d9d0e', 'project_name': 'tempest-ServersTestMultiNic-1440343945', 'tenant_id': 'cf03d0e6721744edb5b28dbeca9d9d0e', 'tenant_name': 'tempest-ServersTestMultiNic-1440343945', 'user_domain_id': 'default', 'user_domain_name': 'Default', 'user_id': 'f77c431d078140e78fea80a4ff7537d7', 'system': None}, Network: {'id': 'd2ace15b-d422-477d-8364-ac6b15b464ea', 'name': 'tempest-ServersTestMultiNic-235647679-network', 'tenant_id': 'cf03d0e6721744edb5b28dbeca9d9d0e', 'project_id': 'cf03d0e6721744edb5b28dbeca9d9d0e', 'admin_state_up': True, 'mtu': 8950, 'status': 'ACTIVE', 'subnets': [], 'shared': False, 'port_security_enabled': True, 'router:external': False, 'provider:network_type': 'vlan', 'provider:physical_network': 'default', 'provider:segmentation_id': 87, 'availability_zone_hints': [], 'availability_zones': [], 'ipv4_address_scope': None, 'ipv6_address_scope': None, 'description': '', 'tags': [], 'created_at': '2025-11-12T11:31:08Z', 'updated_at': '2025-11-12T11:31:08Z', 'revision_number': 1}, Subnet: {'id': '4627adce-e51a-472e-8322-5afa7263fe98', 'name': 'tempest-ServersTestMultiNic-235647679-subnet', 'tenant_id': 'cf03d0e6721744edb5b28dbeca9d9d0e', 'network_id': 'd2ace15b-d422-477d-8364-ac6b15b464ea', 'ip_version': 4, 'subnetpool_id': None, 'enable_dhcp': True, 'ipv6_ra_mode': None, 'ipv6_address_mode': None, 'gateway_ip': '192.168.128.1', 'cidr': '192.168.128.0/28', 'allocation_pools': [{'start': '192.168.128.2', 'end': '192.168.128.14'}], 'host_routes': [], 'dns_nameservers': [], 'description': '', 'router:external': False, 'service_types': [], 'tags': [], 'created_at': '2025-11-12T11:31:08Z', 'updated_at': '2025-11-12T11:31:08Z', 'revision_number': 0, 'project_id': 'cf03d0e6721744edb5b28dbeca9d9d0e'}, Router: {'id': '082dc074-f970-4c9d-a6a6-7524382ac7ba', 'name': 'tempest-ServersTestMultiNic-235647679-router', 'tenant_id': 'cf03d0e6721744edb5b28dbeca9d9d0e', 'admin_state_up': True, 'status': 'ACTIVE', 'external_gateway_info': {'network_id': '6416ba02-21ea-4d63-9fbd-6a3c625ae245', 'external_fixed_ips': [{'subnet_id': 'fc21a2bd-d936-4550-af71-45dde09bc865', 'ip_address': '10.180.180.200'}], 'enable_snat': True}, 'description': '', 'availability_zones': [], 'distributed': False, 'ha': False, 'availability_zone_hints': [], 'routes': [], 'flavor_id': None, 'tags': [], 'created_at': '2025-11-12T11:31:09Z', 'updated_at': '2025-11-12T11:31:09Z', 'revision_number': 2, 'project_id': 'cf03d0e6721744edb5b28dbeca9d9d0e'}
2025-11-12 11:31:10.944 68039 INFO tempest.lib.common.rest_client [req-24143eaa-04a5-4a67-b0c5-1e0604e9203a req-24143eaa-04a5-4a67-b0c5-1e0604e9203a ] Request (ImagesTestJSON:test_create_server_from_snapshot): 200 GET http://10.180.1.21/compute/v2.1/servers/146b880e-8d4e-4448-9440-da38e138c4f0 1.776s
2025-11-12 11:31:10.966 68013 INFO tempest.lib.common.rest_client [req-b25528e7-d428-41d9-acbc-c2db86252ccf req-b25528e7-d428-41d9-acbc-c2db86252ccf ] Request (VolumesAdminNegativeTest:tearDownClass): 200 GET http://10.180.1.21/compute/v2.1/servers/dafc6e9a-aa81-4c77-b58b-7a86f59d4dfe 1.929s
2025-11-12 11:31:10.979 68013 INFO tempest.common.waiters [-] State transition "ACTIVE/deleting" ==> "DELETED/None" after 5 second wait
2025-11-12 11:31:10.998 68032 INFO tempest.lib.common.rest_client [req-d7fc793c-f8b6-4d16-9084-f4ae9973d403 req-d7fc793c-f8b6-4d16-9084-f4ae9973d403 ] Request (ServersTestMultiNic:setUpClass): 201 POST http://10.180.1.21/identity/v3/auth/tokens 0.121s
2025-11-12 11:31:11.068 67997 INFO tempest.lib.common.rest_client [req-6c9f4e48-d4df-4807-a5f9-a8d03be8a9b3 req-6c9f4e48-d4df-4807-a5f9-a8d03be8a9b3 ] Request (ServerActionsTestOtherB:setUpClass): 200 GET http://10.180.1.21/compute/v2.1/servers/a7a0ba52-7a78-4a2c-bff3-f92e8c848b59 1.807s
2025-11-12 11:31:11.111 68045 INFO tempest.lib.common.rest_client [req-dfb42787-7465-4f8e-999e-0deb3bfd1cf7 req-dfb42787-7465-4f8e-999e-0deb3bfd1cf7 ] Request (VolumesSnapshotsTestJSON:test_volume_snapshot_create_get_list_delete): 200 GET http://10.180.1.21/compute/v2.1/os-snapshots 1.761s
2025-11-12 11:31:11.191 68015 INFO tempest.lib.common.rest_client [req-dd00aab9-67f7-4fbc-8d0f-1cc5dfdb3fe9 req-dd00aab9-67f7-4fbc-8d0f-1cc5dfdb3fe9 ] Request (VolumesAssistedSnapshotsTest:tearDownClass): 200 PUT http://10.180.1.21/networking/v2.0/routers/a561852e-863d-4647-b8b9-3a1c7c9a4fa5/remove_router_interface 0.898s
2025-11-12 11:31:11.225 68035 INFO tempest.lib.common.rest_client [req-d56cc14a-362a-4fbb-876c-1a792a56a3d3 req-d56cc14a-362a-4fbb-876c-1a792a56a3d3 ] Request (SecurityGroupsTestJSON:test_server_security_groups): 200 GET http://10.180.1.21/compute/v2.1/servers/3b7c9d24-b619-476a-a9a3-b611c2e6bcf3 1.924s
2025-11-12 11:31:11.247 68043 INFO tempest.lib.common.rest_client [req-745492af-ab31-499d-8d33-b68bcc1b3b21 req-745492af-ab31-499d-8d33-b68bcc1b3b21 ] Request (ListServersNegativeTestJSON:tearDownClass): 200 GET http://10.180.1.21/compute/v2.1/servers/59752ab5-3c6d-4066-baa8-efebe81769ce 1.874s
2025-11-12 11:31:11.282 68047 INFO tempest.lib.common.rest_client [req-2e4110c5-30b5-4cd6-b830-b6efe6232183 req-2e4110c5-30b5-4cd6-b830-b6efe6232183 ] Request (AttachVolumeTestJSON:test_attach_detach_volume): 200 GET http://10.180.1.21/compute/v2.1/servers/f585f920-bae7-4884-a28c-74cb89d8352c/ips 1.661s
2025-11-12 11:31:11.284 68047 INFO tempest.lib.common.ssh [-] Creating ssh connection to '10.180.180.160:22' as 'cirros' with public key authentication
2025-11-12 11:31:11.296 68047 INFO paramiko.transport [-] Connected (version 2.0, client dropbear_2020.81)
2025-11-12 11:31:11.331 68032 INFO tempest.lib.common.rest_client [req-61bcd05e-dd36-441c-875d-03d8a947e457 req-61bcd05e-dd36-441c-875d-03d8a947e457 ] Request (ServersTestMultiNic:test_verify_duplicate_network_nics): 201 POST http://10.180.1.21/networking/v2.0/networks 0.331s
2025-11-12 11:31:11.356 68033 INFO tempest.lib.common.rest_client [req-44d26afd-02f2-468e-a7b7-32fc0ed37f5a req-44d26afd-02f2-468e-a7b7-32fc0ed37f5a ] Request (ListImageFiltersTestJSON:setUpClass): 200 GET http://10.180.1.21/compute/v2.1/servers/3813cc58-1915-4707-8fff-370188d36b4d 1.981s
2025-11-12 11:31:11.367 68041 INFO tempest.lib.common.rest_client [req-e90ed67e-b113-4199-9dae-972ee37aaaea req-e90ed67e-b113-4199-9dae-972ee37aaaea ] Request (ServersAdminTestJSON:test_inject_network_info): 200 GET http://10.180.1.21/compute/v2.1/servers/11a1d282-3fd6-478e-83aa-86c482ff50ca 1.730s
2025-11-12 11:31:11.401 68047 INFO paramiko.transport [-] Authentication (publickey) successful!
2025-11-12 11:31:11.401 68047 INFO tempest.lib.common.ssh [-] ssh connection to cirros@10.180.180.160 successfully created
2025-11-12 11:31:11.402 68047 INFO tempest.lib.common.ssh [-] Creating ssh connection to '10.180.180.160:22' as 'cirros' with public key authentication
2025-11-12 11:31:11.408 68047 INFO paramiko.transport [-] Connected (version 2.0, client dropbear_2020.81)
2025-11-12 11:31:11.516 68047 INFO paramiko.transport [-] Authentication (publickey) successful!
2025-11-12 11:31:11.517 68047 INFO tempest.lib.common.ssh [-] ssh connection to cirros@10.180.180.160 successfully created
2025-11-12 11:31:11.610 68032 INFO tempest.lib.common.rest_client [req-6de2c51b-8cc6-4b1a-ae68-5cb8a6d6ad8d req-6de2c51b-8cc6-4b1a-ae68-5cb8a6d6ad8d ] Request (ServersTestMultiNic:test_verify_duplicate_network_nics): 201 POST http://10.180.1.21/networking/v2.0/subnets 0.278s
2025-11-12 11:31:11.654 68029 INFO tempest.lib.common.rest_client [req-20ec180c-f328-4098-a97f-f65e3bb884f1 req-20ec180c-f328-4098-a97f-f65e3bb884f1 ] Request (ServersNegativeTestJSON:setUpClass): 200 GET http://10.180.1.21/compute/v2.1/servers/702bd44d-aa05-4bcb-97e5-7ea8bedffbeb 1.990s
2025-11-12 11:31:11.681 68019 INFO tempest.lib.common.rest_client [req-28833d58-3a6a-4599-8398-a60a1329f6eb req-28833d58-3a6a-4599-8398-a60a1329f6eb ] Request (ImagesOneServerNegativeTestJSON:_run_cleanups): 404 GET http://10.180.1.21/compute/v2.1/servers/1a2564d0-3654-477f-8d8e-eb072c395632 1.930s
2025-11-12 11:31:11.738 68015 INFO tempest.lib.common.rest_client [req-3481a4cf-ac60-4c20-8aaf-763a70842bf0 req-3481a4cf-ac60-4c20-8aaf-763a70842bf0 ] Request (VolumesAssistedSnapshotsTest:tearDownClass): 204 DELETE http://10.180.1.21/networking/v2.0/routers/a561852e-863d-4647-b8b9-3a1c7c9a4fa5 0.546s
2025-11-12 11:31:11.754 68047 INFO tempest.lib.common.rest_client [req-24a4ff8a-c5aa-49d9-9b10-fc76a934c7b3 req-24a4ff8a-c5aa-49d9-9b10-fc76a934c7b3 ] Request (AttachVolumeTestJSON:test_attach_detach_volume): 202 POST http://10.180.1.21/volume/v3/volumes 0.220s
2025-11-12 11:31:11.801 68047 INFO tempest.lib.common.rest_client [req-6712ff39-e4a6-4057-9344-dc1f8060b1b4 req-6712ff39-e4a6-4057-9344-dc1f8060b1b4 ] Request (AttachVolumeTestJSON:test_attach_detach_volume): 200 GET http://10.180.1.21/volume/v3/volumes/0d96a5d5-e6df-4283-83fb-56281f81cf73 0.039s
2025-11-12 11:31:11.922 68032 INFO tempest.lib.common.rest_client [req-adc2030c-f95d-423a-bb0c-6377d697f400 req-adc2030c-f95d-423a-bb0c-6377d697f400 ] Request (ServersTestMultiNic:test_verify_duplicate_network_nics): 201 POST http://10.180.1.21/networking/v2.0/networks 0.311s
2025-11-12 11:31:11.959 67995 INFO tempest.lib.common.rest_client [req-46d65a94-2025-4f72-b644-d916ce0f7dac req-46d65a94-2025-4f72-b644-d916ce0f7dac ] Request (InstanceActionsV221TestJSON:test_get_list_deleted_instance_actions): 200 GET http://10.180.1.21/compute/v2.1/servers/06fcafaf-bb77-4148-aa2d-1d1e98dca172 2.190s
2025-11-12 11:31:12.054 68027 INFO tempest.lib.common.rest_client [req-98d64699-fb9a-4b0e-8386-add8d4578787 req-98d64699-fb9a-4b0e-8386-add8d4578787 ] Request (ListServerFiltersTestJSON:test_list_servers_detailed_limit_results): 200 GET http://10.180.1.21/compute/v2.1/servers/detail?limit=1 2.367s
2025-11-12 11:31:12.106 68015 INFO tempest.lib.common.rest_client [req-69ea96df-2141-4e3a-b6e8-b63ec57772b3 req-69ea96df-2141-4e3a-b6e8-b63ec57772b3 ] Request (VolumesAssistedSnapshotsTest:tearDownClass): 204 DELETE http://10.180.1.21/networking/v2.0/subnets/c9143407-d7c9-49b5-ade4-0b373c7fcb92 0.367s
2025-11-12 11:31:12.154 68009 INFO tempest.lib.common.rest_client [req-c9c2c8e5-a733-4e08-83df-55ebdc9e03a1 req-c9c2c8e5-a733-4e08-83df-55ebdc9e03a1 ] Request (AttachInterfacesTestJSON:_run_cleanups): 200 GET http://10.180.1.21/compute/v2.1/servers/7a4d3f97-ad64-4936-a806-f0673427dbcb 2.328s
2025-11-12 11:31:12.158 67989 INFO tempest.lib.common.rest_client [req-607d2d10-5d10-4383-88e8-106bcfe95591 req-607d2d10-5d10-4383-88e8-106bcfe95591 ] Request (ServersAdminNegativeTestJSON:setUpClass): 200 GET http://10.180.1.21/compute/v2.1/servers/d1727af5-8a09-4757-9536-fd25d9a0ffb2 2.314s
2025-11-12 11:31:12.338 68032 INFO tempest.lib.common.rest_client [req-62a40f29-eb52-4d43-ad46-21fd36217aee req-62a40f29-eb52-4d43-ad46-21fd36217aee ] Request (ServersTestMultiNic:test_verify_duplicate_network_nics): 201 POST http://10.180.1.21/networking/v2.0/subnets 0.415s
2025-11-12 11:31:12.369 68021 INFO tempest.lib.common.rest_client [req-1136c3bc-9c37-4049-94ce-98c6cbcb9614 req-1136c3bc-9c37-4049-94ce-98c6cbcb9614 ] Request (ServerShowV254Test:tearDownClass): 200 GET http://10.180.1.21/compute/v2.1/servers/88caa9fc-e1cb-42b5-8df8-0ae585b1aacb 2.349s
2025-11-12 11:31:12.379 68032 INFO tempest.lib.common.rest_client [req-46f17966-1acb-4a6c-b9d5-7de69fa4d3a2 req-46f17966-1acb-4a6c-b9d5-7de69fa4d3a2 ] Request (ServersTestMultiNic:test_verify_duplicate_network_nics): 201 POST http://10.180.1.21/identity/v3/auth/tokens 0.039s
2025-11-12 11:31:12.379 68032 INFO tempest.lib.common.fixed_network [-] (ServersTestMultiNic:test_verify_duplicate_network_nics) Found network {'id': 'd2ace15b-d422-477d-8364-ac6b15b464ea', 'name': 'tempest-ServersTestMultiNic-235647679-network', 'tenant_id': 'cf03d0e6721744edb5b28dbeca9d9d0e', 'project_id': 'cf03d0e6721744edb5b28dbeca9d9d0e', 'admin_state_up': True, 'mtu': 8950, 'status': 'ACTIVE', 'subnets': [], 'shared': False, 'port_security_enabled': True, 'router:external': False, 'provider:network_type': 'vlan', 'provider:physical_network': 'default', 'provider:segmentation_id': 87, 'availability_zone_hints': [], 'availability_zones': [], 'ipv4_address_scope': None, 'ipv6_address_scope': None, 'description': '', 'tags': [], 'created_at': '2025-11-12T11:31:08Z', 'updated_at': '2025-11-12T11:31:08Z', 'revision_number': 1} available for tenant
2025-11-12 11:31:12.391 68001 INFO tempest.lib.common.rest_client [req-bde2f329-c181-42e5-95df-8fff2f71918c req-bde2f329-c181-42e5-95df-8fff2f71918c ] Request (ServersTestJSON:setUpClass): 200 GET http://10.180.1.21/compute/v2.1/servers/378ce44f-0a74-46e7-92c4-1f6abd90e144 2.485s
2025-11-12 11:31:12.499 68015 INFO tempest.lib.common.rest_client [req-0cc777f1-645e-436e-8a15-327b53543666 req-0cc777f1-645e-436e-8a15-327b53543666 ] Request (VolumesAssistedSnapshotsTest:tearDownClass): 204 DELETE http://10.180.1.21/networking/v2.0/networks/b0e60075-444a-4a38-b9af-60ff5fc1fe84 0.393s
2025-11-12 11:31:12.526 67999 INFO tempest.lib.common.rest_client [req-5522d9c1-68e1-47bd-b31a-0d38d5cfa7ba req-5522d9c1-68e1-47bd-b31a-0d38d5cfa7ba ] Request (MigrationsAdminTest:test_resize_server_revert_deleted_flavor): 200 GET http://10.180.1.21/compute/v2.1/servers/970786d3-ce30-4c50-8399-7be3832263b6 2.209s
2025-11-12 11:31:12.545 68003 INFO tempest.lib.common.rest_client [req-bd017b6e-10e7-4ea9-a679-73b42e6b4218 req-bd017b6e-10e7-4ea9-a679-73b42e6b4218 ] Request (ServerGroupTestJSON:test_create_delete_multiple_server_groups_with_same_name_policy): 200 GET http://10.180.1.21/compute/v2.1/os-server-groups 2.208s
2025-11-12 11:31:12.555 67985 INFO tempest.lib.common.rest_client [req-51ec9ea9-adb8-4a42-a00e-6219b7c61087 req-51ec9ea9-adb8-4a42-a00e-6219b7c61087 ] Request (FloatingIPsAssociationTestJSON:setUpClass): 200 GET http://10.180.1.21/compute/v2.1/servers/4fee5191-08de-401f-ba1a-d6b752c28e57 2.405s
2025-11-12 11:31:12.609 68005 INFO tempest.lib.common.rest_client [req-39b6b034-0f53-47ad-87a4-c1eaec0c23a2 req-39b6b034-0f53-47ad-87a4-c1eaec0c23a2 ] Request (ServerExternalEventsTest:test_create_server_external_events): 200 GET http://10.180.1.21/compute/v2.1/servers/27d79e76-cbe5-4eba-b493-7e1595815034 1.942s
2025-11-12 11:31:12.624 68037 INFO tempest.lib.common.rest_client [req-23afe6e4-ef9f-4a52-93d8-bbafc7e51e70 req-23afe6e4-ef9f-4a52-93d8-bbafc7e51e70 ] Request (ServersListShow2100Test:tearDownClass): 204 DELETE http://10.180.1.21/compute/v2.1/servers/25f4679f-5510-4630-9afc-ba31ee949f90 2.247s
2025-11-12 11:31:12.676 68017 INFO tempest.lib.common.rest_client [req-87d71c15-2e65-4f50-b44b-9c90352a48a2 req-87d71c15-2e65-4f50-b44b-9c90352a48a2 ] Request (ServersTestBootFromVolume:setUpClass): 200 GET http://10.180.1.21/compute/v2.1/servers/2f34e47a-1598-4d7a-82d3-1c9ecc562f6b 1.759s
2025-11-12 11:31:12.702 68045 INFO tempest.lib.common.rest_client [req-de282861-679e-43a1-918c-50a98bb415c5 req-de282861-679e-43a1-918c-50a98bb415c5 ] Request (VolumesSnapshotsTestJSON:_run_cleanups): 200 GET http://10.180.1.21/compute/v2.1/os-snapshots/bf6d4b8b-bd17-4b1d-b8d8-0fe7a6168845 1.589s
2025-11-12 11:31:12.704 68045 INFO tempest.common.waiters [-] snapshot bf6d4b8b-bd17-4b1d-b8d8-0fe7a6168845 reached available after waiting for 0.704880 seconds
2025-11-12 11:31:12.758 67987 INFO tempest.lib.common.rest_client [req-f36223df-7d7a-4d98-a05d-c4d6c3cac99c req-f36223df-7d7a-4d98-a05d-c4d6c3cac99c ] Request (MultipleCreateTestJSON:test_multiple_create_with_reservation_return): 200 GET http://10.180.1.21/compute/v2.1/servers/d933790a-9d15-4a45-9f2e-a3ebc5ec2bf8 1.816s
2025-11-12 11:31:12.765 67987 INFO tempest.common.waiters [-] State transition "BUILD/spawning" ==> "ACTIVE/None" after 7 second wait
2025-11-12 11:31:12.770 68011 INFO tempest.lib.common.rest_client [req-5adaa9d1-09b7-485c-aec0-a8916a782443 req-5adaa9d1-09b7-485c-aec0-a8916a782443 ] Request (ServerDiskConfigTestJSON:test_resize_server_from_auto_to_manual): 200 GET http://10.180.1.21/compute/v2.1/servers/b424e9f3-87bb-4aa9-baa1-74d032df0eed 1.464s
