2025-11-12 11:30:25.683 68011 INFO tempest.lib.common.rest_client [req-319f0f77-b742-48b2-aac1-bfc92d6483a9 req-319f0f77-b742-48b2-aac1-bfc92d6483a9 ] Request (ServerDiskConfigTestJSON:test_rebuild_server_with_manual_disk_config): 200 GET http://10.180.1.21/compute/v2.1/servers/77b6d81c-db79-4cea-99b4-827f43643f72 1.149s
2025-11-12 11:30:25.696 68032 INFO tempest.lib.common.rest_client [req-1ea896aa-58b6-41de-a5c5-8fc9c55f94dc req-1ea896aa-58b6-41de-a5c5-8fc9c55f94dc ] Request (FlavorsAdminTestJSON:test_is_public_string_variations): 200 GET http://10.180.1.21/compute/v2.1/flavors/detail?is_public=false 1.054s
2025-11-12 11:30:25.738 67997 INFO tempest.lib.common.rest_client [req-43982853-e342-485f-b921-b6807ca9eb2c req-43982853-e342-485f-b921-b6807ca9eb2c ] Request (KeyPairsV22TestJSON:test_keypairs_create_list_delete): 201 POST http://10.180.1.21/compute/v2.1/os-keypairs 1.093s
2025-11-12 11:30:25.748 68019 INFO tempest.lib.common.rest_client [req-bc6e3dcd-e41f-4585-a6a5-01391d97c11e req-bc6e3dcd-e41f-4585-a6a5-01391d97c11e ] Request (ImagesOneServerNegativeTestJSON:test_create_second_image_when_first_image_is_being_saved): 204 DELETE http://10.180.1.21/compute/v2.1/images/c808a6ba-d6a2-44ea-bd6b-24369c13ebcb 1.124s
2025-11-12 11:30:25.760 68033 INFO tempest.lib.common.rest_client [req-78495741-a073-4677-8858-15d62bb99ada req-78495741-a073-4677-8858-15d62bb99ada ] Request (ServicesAdminNegativeTestJSON:test_get_service_with_valid_service_and_invalid_host): 200 GET http://10.180.1.21/compute/v2.1/os-services?host=xxx&binary=nova-scheduler 1.099s
2025-11-12 11:30:25.884 68045 INFO tempest.lib.common.rest_client [req-93c0c785-d3ff-4cae-b93c-0342ca489376 req-93c0c785-d3ff-4cae-b93c-0342ca489376 ] Request (ServersNegativeTestMultiTenantJSON:setUp): 200 GET http://10.180.1.21/compute/v2.1/servers/bf5f54c5-93dc-40e2-bfc7-751ee673ac98 1.116s
2025-11-12 11:30:25.956 68043 INFO tempest.lib.common.rest_client [req-d7d7ce58-27a2-4eeb-8f93-854a32a62e5d req-d7d7ce58-27a2-4eeb-8f93-854a32a62e5d ] Request (ListServersNegativeTestJSON:setUpClass): 200 GET http://10.180.1.21/compute/v2.1/servers/b4dc601a-ed96-44bf-9b47-6ffff64ccf93 0.689s
2025-11-12 11:30:25.963 68043 INFO tempest.common.waiters [-] State transition "ACTIVE/deleting" ==> "DELETED/None" after 1 second wait
2025-11-12 11:30:26.021 67985 INFO tempest.lib.common.rest_client [req-b43065a3-712b-4125-973a-742b24f207df req-b43065a3-712b-4125-973a-742b24f207df ] Request (FloatingIPsAssociationTestJSON:setUpClass): 200 GET http://10.180.1.21/compute/v2.1/servers/4fee5191-08de-401f-ba1a-d6b752c28e57 0.687s
2025-11-12 11:30:26.101 68009 INFO tempest.lib.common.rest_client [req-696e05d2-5d32-4b30-b503-c8cacbb98674 req-696e05d2-5d32-4b30-b503-c8cacbb98674 ] Request (AttachInterfacesTestJSON:test_create_list_show_delete_interfaces_by_fixed_ip): 200 GET http://10.180.1.21/compute/v2.1/servers/7a4d3f97-ad64-4936-a806-f0673427dbcb/os-interface/85554a06-4ca7-436d-97b1-7841095650c2 0.725s
2025-11-12 11:30:26.108 67991 INFO tempest.lib.common.rest_client [req-49637fad-e03a-4506-af36-2de681b4853a req-49637fad-e03a-4506-af36-2de681b4853a ] Request (FlavorsExtraSpecsNegativeTestJSON:test_flavor_non_admin_unset_keys): 403 DELETE http://10.180.1.21/compute/v2.1/flavors/1775445133/os-extra_specs/hw:numa_nodes 0.713s
2025-11-12 11:30:26.208 68001 INFO tempest.lib.common.rest_client [req-f7b943d9-6ad6-42cf-9e53-067ccb51218f req-f7b943d9-6ad6-42cf-9e53-067ccb51218f ] Request (ServersTestJSON:setUpClass): 200 GET http://10.180.1.21/compute/v2.1/servers/378ce44f-0a74-46e7-92c4-1f6abd90e144 0.810s
2025-11-12 11:30:26.237 68007 INFO tempest.lib.common.rest_client [req-e7e06079-fdc4-4eab-be01-5cfe7d8ca233 req-e7e06079-fdc4-4eab-be01-5cfe7d8ca233 ] Request (FloatingIPDetailsTestJSON:_run_cleanups): 202 DELETE http://10.180.1.21/compute/v2.1/os-floating-ips/7ec280b1-ff98-4beb-985f-9ae96edfb7bc 1.049s
2025-11-12 11:30:26.304 68017 INFO tempest.lib.common.rest_client [req-20794b3b-9ee2-47d2-b697-d3888cb20d8f req-20794b3b-9ee2-47d2-b697-d3888cb20d8f ] Request (ServersTestBootFromVolume:setUpClass): 200 GET http://10.180.1.21/compute/v2.1/servers/2f34e47a-1598-4d7a-82d3-1c9ecc562f6b 0.846s
2025-11-12 11:30:26.312 68005 INFO tempest.lib.common.rest_client [req-f549abe4-c743-48af-bec3-2f1e5e2403fa req-f549abe4-c743-48af-bec3-2f1e5e2403fa ] Request (AggregatesAdminNegativeTestJSON:test_aggregate_remove_host_as_user): 403 POST http://10.180.1.21/compute/v2.1/os-aggregates/7/action 0.751s
2025-11-12 11:30:26.318 68039 INFO tempest.lib.common.rest_client [req-6523a919-b8a5-4246-b204-933d7ec9efeb req-6523a919-b8a5-4246-b204-933d7ec9efeb ] Request (ImagesTestJSON:test_create_image_from_suspended_server): 202 POST http://10.180.1.21/compute/v2.1/servers/de438ddc-44b5-4c5d-9e29-915fa6f213e5/action 0.900s
2025-11-12 11:30:26.351 68025 INFO tempest.lib.common.rest_client [req-f6ecf9f2-d351-42df-8f96-6fcebef5dfb4 req-f6ecf9f2-d351-42df-8f96-6fcebef5dfb4 ] Request (InstanceActionsNegativeTestJSON:test_get_instance_action_invalid_request): 404 GET http://10.180.1.21/compute/v2.1/servers/4fae36a5-89f9-497a-9e5b-2184fc4597fb/os-instance-actions/999 0.757s
2025-11-12 11:30:26.369 68032 INFO tempest.lib.common.rest_client [req-dc2a6825-2573-419a-8287-a4a77dbab55b req-dc2a6825-2573-419a-8287-a4a77dbab55b ] Request (FlavorsAdminTestJSON:test_is_public_string_variations): 200 GET http://10.180.1.21/compute/v2.1/flavors/detail?is_public=no 0.671s
2025-11-12 11:30:26.463 67987 INFO tempest.lib.common.rest_client [req-9b3c158d-bd44-4836-bb18-746923cc561f req-9b3c158d-bd44-4836-bb18-746923cc561f ] Request (MultipleCreateTestJSON:test_multiple_create_with_reservation_return): 200 GET http://10.180.1.21/compute/v2.1/servers/744742e4-3719-48ec-bc7d-b559acc2bd79 0.758s
2025-11-12 11:30:26.464 68035 INFO tempest.lib.common.rest_client [req-e80edd18-d686-483f-90bc-b8d5b2e090fd req-e80edd18-d686-483f-90bc-b8d5b2e090fd ] Request (SecurityGroupsTestJSON:test_security_groups_create_list_delete): 202 DELETE http://10.180.1.21/compute/v2.1/os-security-groups/7d1757ac-ed97-4de2-9e54-22e044503fd3 0.816s
2025-11-12 11:30:26.472 67987 INFO tempest.common.waiters [-] State transition "BUILD/scheduling" ==> "BUILD/None" after 2 second wait
2025-11-12 11:30:26.502 68015 INFO tempest.lib.common.rest_client [req-a097381b-89b6-4f1a-a753-4c2a9d26a0cf req-a097381b-89b6-4f1a-a753-4c2a9d26a0cf ] Request (VolumesAssistedSnapshotsTest:_run_cleanups): 200 GET http://10.180.1.21/compute/v2.1/servers/9c64d743-2cc6-4f9d-9b84-0a0f4611a70f/os-volume_attachments 0.774s
2025-11-12 11:30:26.518 67997 INFO tempest.lib.common.rest_client [req-b90d6db5-5e0b-4b58-9226-c88a391983f0 req-b90d6db5-5e0b-4b58-9226-c88a391983f0 ] Request (KeyPairsV22TestJSON:test_keypairs_create_list_delete): 201 POST http://10.180.1.21/compute/v2.1/os-keypairs 0.778s
2025-11-12 11:30:26.544 68015 INFO tempest.lib.common.rest_client [req-c464ebd5-ee94-4ff6-af36-c2174c48d08c req-c464ebd5-ee94-4ff6-af36-c2174c48d08c ] Request (VolumesAssistedSnapshotsTest:_run_cleanups): 200 GET http://10.180.1.21/volume/v3/volumes/6f0e3e0e-6c41-4220-b034-a2fd4176ded1 0.040s
2025-11-12 11:30:26.552 68015 INFO tempest.common.waiters [-] volume 6f0e3e0e-6c41-4220-b034-a2fd4176ded1 reached available after waiting for 0.552151 seconds
2025-11-12 11:30:26.614 68033 INFO tempest.lib.common.rest_client [req-36e4bbdd-ccae-4d31-a813-288ea49f890e req-36e4bbdd-ccae-4d31-a813-288ea49f890e ] Request (ServicesAdminNegativeTestJSON:test_list_services_with_non_admin_user): 403 GET http://10.180.1.21/compute/v2.1/os-services 0.850s
2025-11-12 11:30:26.626 68015 INFO tempest.lib.common.rest_client [req-85277932-f9df-411b-9785-6ad58c0d3de9 req-85277932-f9df-411b-9785-6ad58c0d3de9 ] Request (VolumesAssistedSnapshotsTest:_run_cleanups): 202 DELETE http://10.180.1.21/volume/v3/volumes/6f0e3e0e-6c41-4220-b034-a2fd4176ded1 0.074s
2025-11-12 11:30:26.671 68015 INFO tempest.lib.common.rest_client [req-fed10ee3-f117-46d3-8a1a-3ab57f4ac6e1 req-fed10ee3-f117-46d3-8a1a-3ab57f4ac6e1 ] Request (VolumesAssistedSnapshotsTest:_run_cleanups): 200 GET http://10.180.1.21/volume/v3/volumes/6f0e3e0e-6c41-4220-b034-a2fd4176ded1 0.044s
2025-11-12 11:30:26.706 68019 INFO tempest.lib.common.rest_client [req-b694269f-712e-4a71-8d52-fdd2a9fe5970 req-b694269f-712e-4a71-8d52-fdd2a9fe5970 ] Request (ImagesOneServerNegativeTestJSON:tearDown): 200 GET http://10.180.1.21/compute/v2.1/servers/1a2564d0-3654-477f-8d8e-eb072c395632 0.958s
2025-11-12 11:30:26.768 68013 INFO tempest.lib.common.rest_client [req-758ca3f0-23cd-48dc-b3ce-470f7447c0be req-758ca3f0-23cd-48dc-b3ce-470f7447c0be ] Request (VolumesAdminNegativeTest:test_update_attached_volume_with_nonexistent_volume_in_uri): 200 GET http://10.180.1.21/compute/v2.1/servers/dafc6e9a-aa81-4c77-b58b-7a86f59d4dfe 0.885s
2025-11-12 11:30:26.771 68033 INFO tempest.lib.common.rest_client [req-213936fd-cb75-4102-bbf3-4f5aac07185e req-213936fd-cb75-4102-bbf3-4f5aac07185e ] Request (ServicesAdminNegativeTestJSON:tearDownClass): 204 DELETE http://10.180.1.21/identity/v3/users/8a94f2d0a02146ff8292874c7fb2426c 0.155s
2025-11-12 11:30:26.772 67999 INFO tempest.lib.common.rest_client [req-f9c6b709-0423-4424-ba35-b7a4f009edbd req-f9c6b709-0423-4424-ba35-b7a4f009edbd ] Request (MigrationsAdminTest:test_list_migrations_in_flavor_resize_situation): 200 GET http://10.180.1.21/compute/v2.1/servers/5af4006f-a54a-4e9d-8d93-d1359eb20424 0.913s
2025-11-12 11:30:26.792 68045 INFO tempest.lib.common.rest_client [req-0a8652eb-3e9c-4a4c-aec6-27626575b9d1 req-0a8652eb-3e9c-4a4c-aec6-27626575b9d1 ] Request (ServersNegativeTestMultiTenantJSON:test_update_server_of_another_tenant): 404 PUT http://10.180.1.21/compute/v2.1/servers/bf5f54c5-93dc-40e2-bfc7-751ee673ac98 0.900s
2025-11-12 11:30:26.837 68027 INFO tempest.lib.common.rest_client [req-61b5fc83-9cee-47fd-8b0a-095fb6af69b6 req-61b5fc83-9cee-47fd-8b0a-095fb6af69b6 ] Request (ListServerFiltersTestJSON:setUpClass): 200 GET http://10.180.1.21/compute/v2.1/servers/1d34afeb-9caf-483b-98e6-e746f01e2922 0.903s
2025-11-12 11:30:26.844 68027 INFO tempest.common.waiters [-] State transition "BUILD/scheduling" ==> "BUILD/None" after 4 second wait
2025-11-12 11:30:26.852 68041 INFO tempest.lib.common.rest_client [req-61249a4c-f28d-428b-9272-d0ee0e0b3328 req-61249a4c-f28d-428b-9272-d0ee0e0b3328 ] Request (ServersAdminTestJSON:test_create_server_with_scheduling_hint): 200 GET http://10.180.1.21/compute/v2.1/servers/627a806d-7695-477b-a570-e6696726f915 0.907s
2025-11-12 11:30:26.875 68033 INFO tempest.lib.common.rest_client [req-40854d88-4dad-49e6-8932-16e75dcecc42 req-40854d88-4dad-49e6-8932-16e75dcecc42 ] Request (ServicesAdminNegativeTestJSON:tearDownClass): 204 DELETE http://10.180.1.21/identity/v3/users/898195c0bfb2416f8ad49c4282dcf4e5 0.104s
2025-11-12 11:30:26.876 68033 INFO tempest.lib.common.dynamic_creds [-] Deleting project and security group for project: aa0e9036477f4028b39e670fe6619f59
2025-11-12 11:30:26.907 67995 INFO tempest.lib.common.rest_client [req-e02eec67-c5d9-4b78-b626-664cdba91cb4 req-e02eec67-c5d9-4b78-b626-664cdba91cb4 ] Request (ServersV294TestFqdnHostnames:tearDownClass): 200 GET http://10.180.1.21/compute/v2.1/servers/e7931602-ff54-4975-ba3e-1b7998ccd141 0.900s
2025-11-12 11:30:26.917 68037 INFO tempest.lib.common.rest_client [req-1103fbe2-f8b1-4b80-82eb-966f51f5ffd1 req-1103fbe2-f8b1-4b80-82eb-966f51f5ffd1 ] Request (ServersListShow2100Test:test_list_show_rebuild_update_server_2100): 200 GET http://10.180.1.21/compute/v2.1/servers/25f4679f-5510-4630-9afc-ba31ee949f90 0.900s
2025-11-12 11:30:26.937 68033 INFO tempest.lib.common.rest_client [req-9e46b0e5-a0d9-470d-a054-ec52d2725444 req-9e46b0e5-a0d9-470d-a054-ec52d2725444 ] Request (ServicesAdminNegativeTestJSON:tearDownClass): 201 POST http://10.180.1.21/identity/v3/auth/tokens 0.061s
2025-11-12 11:30:26.966 68009 INFO tempest.lib.common.rest_client [req-a80db7ca-756c-4b90-9ebe-cb10f0d4309f req-a80db7ca-756c-4b90-9ebe-cb10f0d4309f ] Request (AttachInterfacesTestJSON:test_create_list_show_delete_interfaces_by_fixed_ip): 202 DELETE http://10.180.1.21/compute/v2.1/servers/7a4d3f97-ad64-4936-a806-f0673427dbcb/os-interface/161ec4d7-3bd2-420c-9f6c-4d17534a0ccb 0.863s
2025-11-12 11:30:26.973 68003 INFO tempest.lib.common.rest_client [req-770b8a05-46dc-4537-9d92-909f1969523f req-770b8a05-46dc-4537-9d92-909f1969523f ] Request (ServersTestManualDisk:tearDownClass): 200 GET http://10.180.1.21/compute/v2.1/servers/fb739767-addc-4993-bf0d-0ab6350f29e4 0.899s
2025-11-12 11:30:26.998 67991 INFO tempest.lib.common.rest_client [req-9688a203-fc75-43d9-9917-4915fe72c10c req-9688a203-fc75-43d9-9917-4915fe72c10c ] Request (FlavorsExtraSpecsNegativeTestJSON:test_flavor_non_admin_update_specific_key): 200 POST http://10.180.1.21/compute/v2.1/flavors/1775445133/os-extra_specs 0.888s
2025-11-12 11:30:27.085 67989 INFO tempest.lib.common.rest_client [req-0a80b619-92ef-4d99-9de9-c3397a2cdebf req-0a80b619-92ef-4d99-9de9-c3397a2cdebf ] Request (ServersAdminNegativeTestJSON:setUpClass): 200 GET http://10.180.1.21/compute/v2.1/servers/d1727af5-8a09-4757-9536-fd25d9a0ffb2 0.862s
2025-11-12 11:30:27.118 68029 INFO tempest.lib.common.rest_client [req-96af0fe6-f05a-43a7-8b9f-e1ad44ee7237 req-96af0fe6-f05a-43a7-8b9f-e1ad44ee7237 ] Request (ServersNegativeTestJSON:setUpClass): 200 GET http://10.180.1.21/compute/v2.1/servers/45ef2eb9-22ea-4fc7-9c78-566ba9c54e5d 0.970s
2025-11-12 11:30:27.118 68033 INFO tempest.lib.common.rest_client [req-155c2841-7432-4d25-9444-7ba5041875a1 req-155c2841-7432-4d25-9444-7ba5041875a1 ] Request (ServicesAdminNegativeTestJSON:tearDownClass): 200 GET http://10.180.1.21/networking/v2.0/security-groups?tenant_id=aa0e9036477f4028b39e670fe6619f59&name=default 0.180s
2025-11-12 11:30:27.222 68033 INFO tempest.lib.common.rest_client [req-9a12f718-7b05-4e7d-8b02-79e7b61cb702 req-9a12f718-7b05-4e7d-8b02-79e7b61cb702 ] Request (ServicesAdminNegativeTestJSON:tearDownClass): 204 DELETE http://10.180.1.21/networking/v2.0/security-groups/9ada5e17-ede3-4793-b52f-6af3977249dc 0.103s
2025-11-12 11:30:27.229 68007 INFO tempest.lib.common.rest_client [req-57ba96fc-f440-452f-b8a1-7664622f0026 req-57ba96fc-f440-452f-b8a1-7664622f0026 ] Request (FloatingIPDetailsTestJSON:test_list_floating_ips): 200 GET http://10.180.1.21/compute/v2.1/os-floating-ips 0.989s
2025-11-12 11:30:27.247 68021 INFO tempest.lib.common.rest_client [req-e6cf074a-6685-46bb-a530-67f732b39776 req-e6cf074a-6685-46bb-a530-67f732b39776 ] Request (ServerShowV254Test:test_rebuild_server): 200 GET http://10.180.1.21/compute/v2.1/servers/88caa9fc-e1cb-42b5-8df8-0ae585b1aacb 0.988s
2025-11-12 11:30:27.300 68033 INFO tempest.lib.common.rest_client [req-5c6ae3d4-2998-459e-9cf8-682bd59694ee req-5c6ae3d4-2998-459e-9cf8-682bd59694ee ] Request (ServicesAdminNegativeTestJSON:tearDownClass): 204 DELETE http://10.180.1.21/identity/v3/projects/aa0e9036477f4028b39e670fe6619f59 0.077s
2025-11-12 11:30:27.300 68033 INFO tempest.lib.common.dynamic_creds [-] Deleting project and security group for project: 0e674578b193412797366e8915fdc0bc
2025-11-12 11:30:27.366 68039 INFO tempest.lib.common.rest_client [req-0240718c-0a99-4a9d-827e-494e6d2b7cca req-0240718c-0a99-4a9d-827e-494e6d2b7cca ] Request (ImagesTestJSON:test_create_image_from_suspended_server): 200 GET http://10.180.1.21/compute/v2.1/servers/de438ddc-44b5-4c5d-9e29-915fa6f213e5 1.046s
2025-11-12 11:30:27.371 68005 INFO tempest.lib.common.rest_client [req-9d80c756-7fc5-44e2-89f6-0f3e0fa85d48 req-9d80c756-7fc5-44e2-89f6-0f3e0fa85d48 ] Request (AggregatesAdminNegativeTestJSON:_run_cleanups): 200 POST http://10.180.1.21/compute/v2.1/os-aggregates/7/action 1.058s
2025-11-12 11:30:27.377 68025 INFO tempest.lib.common.rest_client [req-d34f7864-18f2-4562-b1c6-920d68ee8f32 req-d34f7864-18f2-4562-b1c6-920d68ee8f32 ] Request (InstanceActionsNegativeTestJSON:test_list_instance_actions_non_existent_server): 404 GET http://10.180.1.21/compute/v2.1/servers/73465fe1-b634-45da-b6b3-1b693b55ce12/os-instance-actions 1.023s
2025-11-12 11:30:27.382 68032 INFO tempest.lib.common.rest_client [req-da4e320f-8734-4771-bc37-de82326b3a8c req-da4e320f-8734-4771-bc37-de82326b3a8c ] Request (FlavorsAdminTestJSON:test_is_public_string_variations): 200 GET http://10.180.1.21/compute/v2.1/flavors/detail?is_public=0 1.010s
2025-11-12 11:30:27.397 68035 INFO tempest.lib.common.rest_client [req-18974820-2f0e-41ab-bf48-2ba6bb80e956 req-18974820-2f0e-41ab-bf48-2ba6bb80e956 ] Request (SecurityGroupsTestJSON:test_security_groups_create_list_delete): 404 GET http://10.180.1.21/compute/v2.1/os-security-groups/7d1757ac-ed97-4de2-9e54-22e044503fd3 0.933s
2025-11-12 11:30:27.414 68033 INFO tempest.lib.common.rest_client [req-6c35513b-3e4c-4337-bada-3f6e49afa9d2 req-6c35513b-3e4c-4337-bada-3f6e49afa9d2 ] Request (ServicesAdminNegativeTestJSON:tearDownClass): 200 GET http://10.180.1.21/networking/v2.0/security-groups?tenant_id=0e674578b193412797366e8915fdc0bc&name=default 0.114s
2025-11-12 11:30:27.414 67997 INFO tempest.lib.common.rest_client [req-309c8ab8-7e75-4b60-8fd1-60667a6bdd28 req-309c8ab8-7e75-4b60-8fd1-60667a6bdd28 ] Request (KeyPairsV22TestJSON:test_keypairs_create_list_delete): 201 POST http://10.180.1.21/compute/v2.1/os-keypairs 0.894s
2025-11-12 11:30:27.488 68045 INFO tempest.lib.common.rest_client [req-0732dc15-a3e0-4748-a8b1-b56993683577 req-0732dc15-a3e0-4748-a8b1-b56993683577 ] Request (ServersNegativeTestMultiTenantJSON:tearDownClass): 204 DELETE http://10.180.1.21/compute/v2.1/servers/bf5f54c5-93dc-40e2-bfc7-751ee673ac98 0.695s
2025-11-12 11:30:27.498 68033 INFO tempest.lib.common.rest_client [req-9dcc82f4-22cb-42fb-b91b-c1f465ae4cf6 req-9dcc82f4-22cb-42fb-b91b-c1f465ae4cf6 ] Request (ServicesAdminNegativeTestJSON:tearDownClass): 204 DELETE http://10.180.1.21/networking/v2.0/security-groups/622445fa-d293-4c18-8dd3-37e44922e8af 0.083s
2025-11-12 11:30:27.534 68011 INFO tempest.lib.common.rest_client [req-545d0adc-8fcc-4b75-9f48-4bc59ff32554 req-545d0adc-8fcc-4b75-9f48-4bc59ff32554 ] Request (ServerDiskConfigTestJSON:test_rebuild_server_with_manual_disk_config): 200 GET http://10.180.1.21/compute/v2.1/servers/77b6d81c-db79-4cea-99b4-827f43643f72 0.843s
2025-11-12 11:30:27.568 68043 INFO tempest.lib.common.rest_client [req-df3c05c0-5459-44ec-b909-3101bfc6ff64 req-df3c05c0-5459-44ec-b909-3101bfc6ff64 ] Request (ListServersNegativeTestJSON:setUpClass): 200 GET http://10.180.1.21/compute/v2.1/servers/b4dc601a-ed96-44bf-9b47-6ffff64ccf93 0.604s
2025-11-12 11:30:27.574 67991 INFO tempest.lib.common.rest_client [req-d8edf12e-1629-4418-8496-dbaf1a05d3ce req-d8edf12e-1629-4418-8496-dbaf1a05d3ce ] Request (FlavorsExtraSpecsNegativeTestJSON:test_flavor_non_admin_update_specific_key): 403 PUT http://10.180.1.21/compute/v2.1/flavors/1775445133/os-extra_specs/hw:numa_nodes 0.575s
2025-11-12 11:30:27.593 68033 INFO tempest.lib.common.rest_client [req-b394f728-058d-4020-8959-492aa7e0371a req-b394f728-058d-4020-8959-492aa7e0371a ] Request (ServicesAdminNegativeTestJSON:tearDownClass): 204 DELETE http://10.180.1.21/identity/v3/projects/0e674578b193412797366e8915fdc0bc 0.094s
2025-11-12 11:30:27.623 67985 INFO tempest.lib.common.rest_client [req-61f197ac-2882-4a56-ad3e-83434dcbfd15 req-61f197ac-2882-4a56-ad3e-83434dcbfd15 ] Request (FloatingIPsAssociationTestJSON:setUpClass): 200 GET http://10.180.1.21/compute/v2.1/servers/4fee5191-08de-401f-ba1a-d6b752c28e57 0.590s
2025-11-12 11:30:27.649 68009 INFO tempest.lib.common.rest_client [req-24b54fee-ff81-48c8-aa5a-831f5c43908f req-24b54fee-ff81-48c8-aa5a-831f5c43908f ] Request (AttachInterfacesTestJSON:test_create_list_show_delete_interfaces_by_fixed_ip): 200 GET http://10.180.1.21/compute/v2.1/servers/7a4d3f97-ad64-4936-a806-f0673427dbcb/os-interface 0.681s
2025-11-12 11:30:27.658 68033 INFO tempest.lib.common.rest_client [req-7b32c034-ea4a-41b3-b765-bd55fefbd051 req-7b32c034-ea4a-41b3-b765-bd55fefbd051 ] Request (ListImageFiltersTestJSON:setUpClass): 201 POST http://10.180.1.21/identity/v3/auth/tokens 0.062s
2025-11-12 11:30:27.677 68001 INFO tempest.lib.common.rest_client [req-ad3ed4ac-2ec1-43f7-87db-636ab7dc29ee req-ad3ed4ac-2ec1-43f7-87db-636ab7dc29ee ] Request (ServersTestJSON:setUpClass): 200 GET http://10.180.1.21/compute/v2.1/servers/378ce44f-0a74-46e7-92c4-1f6abd90e144 0.459s
2025-11-12 11:30:27.694 68033 INFO tempest.lib.common.rest_client [req-c43a17d3-e1fd-4530-9f7f-df422e59f596 req-c43a17d3-e1fd-4530-9f7f-df422e59f596 ] Request (ListImageFiltersTestJSON:setUpClass): 201 POST http://10.180.1.21/identity/v3/auth/tokens 0.032s
2025-11-12 11:30:27.722 68015 INFO tempest.lib.common.rest_client [req-f4cef11d-6a50-4b58-b79a-c456079ec9b2 req-f4cef11d-6a50-4b58-b79a-c456079ec9b2 ] Request (VolumesAssistedSnapshotsTest:_run_cleanups): 200 GET http://10.180.1.21/volume/v3/volumes/6f0e3e0e-6c41-4220-b034-a2fd4176ded1 0.040s
2025-11-12 11:30:27.725 68033 INFO tempest.lib.common.rest_client [req-fa14d3e6-88c7-4fe7-a0bf-5dcd4eb6a55c req-fa14d3e6-88c7-4fe7-a0bf-5dcd4eb6a55c ] Request (ListImageFiltersTestJSON:setUpClass): 200 GET http://10.180.1.21/identity/v3/domains?name=Default 0.031s
2025-11-12 11:30:27.765 68033 INFO tempest.lib.common.rest_client [req-7d50b4a7-01a4-45e0-9e17-1abe35dffe4f req-7d50b4a7-01a4-45e0-9e17-1abe35dffe4f ] Request (ListImageFiltersTestJSON:setUpClass): 201 POST http://10.180.1.21/identity/v3/projects 0.039s
2025-11-12 11:30:27.783 68017 INFO tempest.lib.common.rest_client [req-c3c6e32f-c841-4fe4-afb4-60d21bd795c1 req-c3c6e32f-c841-4fe4-afb4-60d21bd795c1 ] Request (ServersTestBootFromVolume:setUpClass): 200 GET http://10.180.1.21/compute/v2.1/servers/2f34e47a-1598-4d7a-82d3-1c9ecc562f6b 0.470s
2025-11-12 11:30:27.813 68005 INFO tempest.lib.common.rest_client [req-b4d63ffa-0c6c-46fe-8b62-5883ee6a236c req-b4d63ffa-0c6c-46fe-8b62-5883ee6a236c ] Request (AggregatesAdminNegativeTestJSON:_run_cleanups): 200 DELETE http://10.180.1.21/compute/v2.1/os-aggregates/7 0.440s
2025-11-12 11:30:27.859 68033 INFO tempest.lib.common.rest_client [req-aba9968d-dfae-4ef2-bb55-80858aa78473 req-aba9968d-dfae-4ef2-bb55-80858aa78473 ] Request (ListImageFiltersTestJSON:setUpClass): 201 POST http://10.180.1.21/identity/v3/users 0.093s
2025-11-12 11:30:27.882 68033 INFO tempest.lib.common.rest_client [req-be9c101e-d1a6-4f25-9849-da6cfc9c5c1f req-be9c101e-d1a6-4f25-9849-da6cfc9c5c1f ] Request (ListImageFiltersTestJSON:setUpClass): 200 GET http://10.180.1.21/identity/v3/roles 0.022s
2025-11-12 11:30:27.913 68033 INFO tempest.lib.common.rest_client [req-e4f66c25-709c-468f-b397-13bf995a571d req-e4f66c25-709c-468f-b397-13bf995a571d ] Request (ListImageFiltersTestJSON:setUpClass): 204 PUT http://10.180.1.21/identity/v3/projects/3dc87396075e452bb5987d1757bca5b1/users/c6e244558c244ff8a42bece5ab4aa65f/roles/3b239aed87564a7ba2ce5339da7b2bf9 0.031s
2025-11-12 11:30:27.914 68033 INFO tempest.lib.common.dynamic_creds [-] Dynamic test user c6e244558c244ff8a42bece5ab4aa65f is created with scope project and roles: ['member']
2025-11-12 11:30:27.914 68033 INFO tempest.lib.common.dynamic_creds [-] Acquired dynamic creds: credentials: Credentials: {'domain_id': 'default', 'domain_name': 'Default', 'username': 'tempest-ListImageFiltersTestJSON-1200250182-project-member', 'project_domain_id': 'default', 'project_domain_name': 'Default', 'project_id': '3dc87396075e452bb5987d1757bca5b1', 'project_name': 'tempest-ListImageFiltersTestJSON-1200250182', 'tenant_id': '3dc87396075e452bb5987d1757bca5b1', 'tenant_name': 'tempest-ListImageFiltersTestJSON-1200250182', 'user_domain_id': 'default', 'user_domain_name': 'Default', 'user_id': 'c6e244558c244ff8a42bece5ab4aa65f', 'system': None}, Network: None, Subnet: None, Router: None
2025-11-12 11:30:27.914 68033 INFO tempest.lib.common.dynamic_creds [-] Created isolated network resources for: credentials: Credentials: {'domain_id': 'default', 'domain_name': 'Default', 'username': 'tempest-ListImageFiltersTestJSON-1200250182-project-member', 'project_domain_id': 'default', 'project_domain_name': 'Default', 'project_id': '3dc87396075e452bb5987d1757bca5b1', 'project_name': 'tempest-ListImageFiltersTestJSON-1200250182', 'tenant_id': '3dc87396075e452bb5987d1757bca5b1', 'tenant_name': 'tempest-ListImageFiltersTestJSON-1200250182', 'user_domain_id': 'default', 'user_domain_name': 'Default', 'user_id': 'c6e244558c244ff8a42bece5ab4aa65f', 'system': None}, Network: None, Subnet: None, Router: None
2025-11-12 11:30:27.919 68025 INFO tempest.lib.common.rest_client [req-daca0d9d-4067-408a-9159-3c53dd51d8c5 req-daca0d9d-4067-408a-9159-3c53dd51d8c5 ] Request (InstanceActionsNegativeTestJSON:tearDownClass): 204 DELETE http://10.180.1.21/compute/v2.1/servers/4fae36a5-89f9-497a-9e5b-2184fc4597fb 0.537s
2025-11-12 11:30:27.948 68032 INFO tempest.lib.common.rest_client [req-687b3738-a7bc-4151-a986-5722150360c0 req-687b3738-a7bc-4151-a986-5722150360c0 ] Request (FlavorsAdminTestJSON:test_is_public_string_variations): 200 GET http://10.180.1.21/compute/v2.1/flavors/detail?is_public=t 0.562s
2025-11-12 11:30:28.031 68033 INFO tempest.lib.common.rest_client [req-5c1f88d3-1863-4398-a184-b372c9a1b2e7 req-5c1f88d3-1863-4398-a184-b372c9a1b2e7 ] Request (ListImageFiltersTestJSON:setUpClass): 201 POST http://10.180.1.21/identity/v3/auth/tokens 0.113s
2025-11-12 11:30:28.102 68035 INFO tempest.lib.common.rest_client [req-7fe67ecd-6f5d-4d97-84d6-10a2f8e7fabf req-7fe67ecd-6f5d-4d97-84d6-10a2f8e7fabf ] Request (SecurityGroupsTestJSON:test_security_groups_create_list_delete): 200 GET http://10.180.1.21/compute/v2.1/os-security-groups 0.704s
2025-11-12 11:30:28.118 67997 INFO tempest.lib.common.rest_client [req-1d1ec278-2e91-4b0f-b41b-1ad347a6e9a4 req-1d1ec278-2e91-4b0f-b41b-1ad347a6e9a4 ] Request (KeyPairsV22TestJSON:test_keypairs_create_list_delete): 200 GET http://10.180.1.21/compute/v2.1/os-keypairs 0.702s
2025-11-12 11:30:28.205 68007 INFO tempest.lib.common.rest_client [req-182474cf-ae49-476b-80dd-8e4f559009a2 req-182474cf-ae49-476b-80dd-8e4f559009a2 ] Request (FloatingIPDetailsTestJSON:tearDownClass): 202 DELETE http://10.180.1.21/compute/v2.1/os-floating-ips/ac3fc748-80b3-4e23-a6e0-d13e330b9e95 0.969s
2025-11-12 11:30:28.206 67987 INFO tempest.lib.common.rest_client [req-3abef809-0bc6-4ed9-995b-bd2d9a0f7ddc req-3abef809-0bc6-4ed9-995b-bd2d9a0f7ddc ] Request (MultipleCreateTestJSON:test_multiple_create_with_reservation_return): 200 GET http://10.180.1.21/compute/v2.1/servers/744742e4-3719-48ec-bc7d-b559acc2bd79 0.732s
2025-11-12 11:30:28.220 67991 INFO tempest.lib.common.rest_client [req-3c3dd703-0423-495d-a29e-524ad360bf42 req-3c3dd703-0423-495d-a29e-524ad360bf42 ] Request (FlavorsExtraSpecsNegativeTestJSON:test_flavor_unset_nonexistent_key): 404 DELETE http://10.180.1.21/compute/v2.1/flavors/1775445133/os-extra_specs/hw:cpu_thread_policy 0.644s
2025-11-12 11:30:28.391 68045 INFO tempest.lib.common.rest_client [req-4a8bfd16-31f6-425d-953f-fe611d7c4435 req-4a8bfd16-31f6-425d-953f-fe611d7c4435 ] Request (ServersNegativeTestMultiTenantJSON:tearDownClass): 200 GET http://10.180.1.21/compute/v2.1/servers/bf5f54c5-93dc-40e2-bfc7-751ee673ac98 0.902s
2025-11-12 11:30:28.393 68019 INFO tempest.lib.common.rest_client [req-aa4de3bf-9592-45f5-93e7-41e1adcffc7e req-aa4de3bf-9592-45f5-93e7-41e1adcffc7e ] Request (ImagesOneServerNegativeTestJSON:tearDown): 200 GET http://10.180.1.21/compute/v2.1/servers/1a2564d0-3654-477f-8d8e-eb072c395632 0.678s
2025-11-12 11:30:28.455 68013 INFO tempest.lib.common.rest_client [req-40e6f836-8946-4ab0-a7d7-7186828a097c req-40e6f836-8946-4ab0-a7d7-7186828a097c ] Request (VolumesAdminNegativeTest:test_update_attached_volume_with_nonexistent_volume_in_uri): 200 GET http://10.180.1.21/compute/v2.1/servers/dafc6e9a-aa81-4c77-b58b-7a86f59d4dfe 0.674s
2025-11-12 11:30:28.478 68005 INFO tempest.lib.common.rest_client [req-67251c95-0fe6-45bb-b056-531d92a26c67 req-67251c95-0fe6-45bb-b056-531d92a26c67 ] Request (AggregatesAdminNegativeTestJSON:test_aggregate_remove_nonexistent_host): 200 POST http://10.180.1.21/compute/v2.1/os-aggregates 0.664s
2025-11-12 11:30:28.500 67999 INFO tempest.lib.common.rest_client [req-92a40fc3-028f-4cbf-bea2-79428ad2704f req-92a40fc3-028f-4cbf-bea2-79428ad2704f ] Request (MigrationsAdminTest:test_list_migrations_in_flavor_resize_situation): 200 GET http://10.180.1.21/compute/v2.1/servers/5af4006f-a54a-4e9d-8d93-d1359eb20424 0.720s
2025-11-12 11:30:28.539 68027 INFO tempest.lib.common.rest_client [req-b6a700a9-301c-4db4-87ad-349980bc0d53 req-b6a700a9-301c-4db4-87ad-349980bc0d53 ] Request (ListServerFiltersTestJSON:setUpClass): 200 GET http://10.180.1.21/compute/v2.1/servers/1d34afeb-9caf-483b-98e6-e746f01e2922 0.693s
2025-11-12 11:30:28.563 68041 INFO tempest.lib.common.rest_client [req-b3ad0b88-bde0-4621-bc1c-43839f465261 req-b3ad0b88-bde0-4621-bc1c-43839f465261 ] Request (ServersAdminTestJSON:test_create_server_with_scheduling_hint): 200 GET http://10.180.1.21/compute/v2.1/servers/627a806d-7695-477b-a570-e6696726f915 0.703s
2025-11-12 11:30:28.569 68033 INFO tempest.lib.common.rest_client [req-7384797e-bf5c-4653-a39c-de2cc422c8f6 req-7384797e-bf5c-4653-a39c-de2cc422c8f6 ] Request (ListImageFiltersTestJSON:setUpClass): 201 POST http://10.180.1.21/image/v2/images 0.536s
2025-11-12 11:30:28.603 67995 INFO tempest.lib.common.rest_client [req-78cd9240-8966-4002-9219-34806f2c3e2f req-78cd9240-8966-4002-9219-34806f2c3e2f ] Request (ServersV294TestFqdnHostnames:tearDownClass): 200 GET http://10.180.1.21/compute/v2.1/servers/e7931602-ff54-4975-ba3e-1b7998ccd141 0.685s
2025-11-12 11:30:28.669 68037 INFO tempest.lib.common.rest_client [req-121e3705-7369-4384-aff5-7bc17927f162 req-121e3705-7369-4384-aff5-7bc17927f162 ] Request (ServersListShow2100Test:test_list_show_rebuild_update_server_2100): 200 GET http://10.180.1.21/compute/v2.1/servers/25f4679f-5510-4630-9afc-ba31ee949f90 0.738s
2025-11-12 11:30:28.688 68025 INFO tempest.lib.common.rest_client [req-084890da-4b9c-45e6-b31e-91b156f76d76 req-084890da-4b9c-45e6-b31e-91b156f76d76 ] Request (InstanceActionsNegativeTestJSON:tearDownClass): 200 GET http://10.180.1.21/compute/v2.1/servers/4fae36a5-89f9-497a-9e5b-2184fc4597fb 0.768s
2025-11-12 11:30:28.694 68032 INFO tempest.lib.common.rest_client [req-0414e83a-aaed-4cd7-b24f-ff71c2b17284 req-0414e83a-aaed-4cd7-b24f-ff71c2b17284 ] Request (FlavorsAdminTestJSON:test_is_public_string_variations): 200 GET http://10.180.1.21/compute/v2.1/flavors/detail?is_public=true 0.742s
2025-11-12 11:30:28.751 67989 INFO tempest.lib.common.rest_client [req-bad0feec-5a61-4779-b610-6da207f42657 req-bad0feec-5a61-4779-b610-6da207f42657 ] Request (ServersAdminNegativeTestJSON:setUpClass): 200 GET http://10.180.1.21/compute/v2.1/servers/d1727af5-8a09-4757-9536-fd25d9a0ffb2 0.657s
2025-11-12 11:30:28.752 68003 INFO tempest.lib.common.rest_client [req-53229aab-d079-4165-a22d-ee84ff52d6dd req-53229aab-d079-4165-a22d-ee84ff52d6dd ] Request (ServersTestManualDisk:tearDownClass): 200 GET http://10.180.1.21/compute/v2.1/servers/fb739767-addc-4993-bf0d-0ab6350f29e4 0.766s
2025-11-12 11:30:28.765 68015 INFO tempest.lib.common.rest_client [req-824f004b-090d-4b64-b47d-ed8ff8cd15e8 req-824f004b-090d-4b64-b47d-ed8ff8cd15e8 ] Request (VolumesAssistedSnapshotsTest:_run_cleanups): 200 GET http://10.180.1.21/volume/v3/volumes/6f0e3e0e-6c41-4220-b034-a2fd4176ded1 0.035s
2025-11-12 11:30:28.773 67997 INFO tempest.lib.common.rest_client [req-16b8b328-191c-42bc-bbed-3c773eaff6f7 req-16b8b328-191c-42bc-bbed-3c773eaff6f7 ] Request (KeyPairsV22TestJSON:_run_cleanups): 204 DELETE http://10.180.1.21/compute/v2.1/os-keypairs/tempest-KeyPairsV22TestJSON-keypair-2002485958 0.652s
2025-11-12 11:30:28.898 68035 INFO tempest.lib.common.rest_client [req-86e3bc31-5d3b-469c-8a51-dea62213c6ac req-86e3bc31-5d3b-469c-8a51-dea62213c6ac ] Request (SecurityGroupsTestJSON:test_server_security_groups): 200 POST http://10.180.1.21/compute/v2.1/os-security-groups 0.791s
2025-11-12 11:30:28.920 68029 INFO tempest.lib.common.rest_client [req-c17ba68e-e841-4721-8649-67d97306a399 req-c17ba68e-e841-4721-8649-67d97306a399 ] Request (ServersNegativeTestJSON:setUpClass): 200 GET http://10.180.1.21/compute/v2.1/servers/45ef2eb9-22ea-4fc7-9c78-566ba9c54e5d 0.792s
2025-11-12 11:30:28.929 67991 INFO tempest.lib.common.rest_client [req-9ab4ec39-38bb-4aa7-a113-b248436c9805 req-9ab4ec39-38bb-4aa7-a113-b248436c9805 ] Request (FlavorsExtraSpecsNegativeTestJSON:test_flavor_update_mismatch_key): 400 PUT http://10.180.1.21/compute/v2.1/flavors/1775445133/os-extra_specs/hw:numa_nodes 0.708s
2025-11-12 11:30:28.995 68021 INFO tempest.lib.common.rest_client [req-277ec8c9-9de9-45d7-a64a-92b3000e61e2 req-277ec8c9-9de9-45d7-a64a-92b3000e61e2 ] Request (ServerShowV254Test:test_rebuild_server): 200 GET http://10.180.1.21/compute/v2.1/servers/88caa9fc-e1cb-42b5-8df8-0ae585b1aacb 0.739s
2025-11-12 11:30:29.162 68039 INFO tempest.lib.common.rest_client [req-c780c066-e910-4268-b5b2-7b21557f9edb req-c780c066-e910-4268-b5b2-7b21557f9edb ] Request (ImagesTestJSON:test_create_image_from_suspended_server): 200 GET http://10.180.1.21/compute/v2.1/servers/de438ddc-44b5-4c5d-9e29-915fa6f213e5 0.789s
2025-11-12 11:30:29.171 68039 INFO tempest.common.waiters [-] State transition "ACTIVE/suspending" ==> "SUSPENDED/None" after 2 second wait
2025-11-12 11:30:29.189 68005 INFO tempest.lib.common.rest_client [req-e88a5b00-ede6-4fc5-a499-11ac65077641 req-e88a5b00-ede6-4fc5-a499-11ac65077641 ] Request (AggregatesAdminNegativeTestJSON:test_aggregate_remove_nonexistent_host): 404 POST http://10.180.1.21/compute/v2.1/os-aggregates/8/action 0.707s
2025-11-12 11:30:29.343 68007 INFO tempest.lib.common.rest_client [req-54e71051-9433-47dd-b422-9a5b7319e725 req-54e71051-9433-47dd-b422-9a5b7319e725 ] Request (FloatingIPDetailsTestJSON:tearDownClass): 202 DELETE http://10.180.1.21/compute/v2.1/os-floating-ips/42afa18c-a799-4cc7-907b-9606abb6f486 1.137s
2025-11-12 11:30:29.354 68011 INFO tempest.lib.common.rest_client [req-1c1808c2-4bc2-495f-ac71-1a92c351d522 req-1c1808c2-4bc2-495f-ac71-1a92c351d522 ] Request (ServerDiskConfigTestJSON:test_rebuild_server_with_manual_disk_config): 200 GET http://10.180.1.21/compute/v2.1/servers/77b6d81c-db79-4cea-99b4-827f43643f72 0.811s
2025-11-12 11:30:29.414 68043 INFO tempest.lib.common.rest_client [req-0129c337-d13f-49bc-93ee-4ac7a3754055 req-0129c337-d13f-49bc-93ee-4ac7a3754055 ] Request (ListServersNegativeTestJSON:setUpClass): 200 GET http://10.180.1.21/compute/v2.1/servers/b4dc601a-ed96-44bf-9b47-6ffff64ccf93 0.839s
2025-11-12 11:30:29.417 67985 INFO tempest.lib.common.rest_client [req-7dff2aa6-5e91-45b2-be38-8f79938e5117 req-7dff2aa6-5e91-45b2-be38-8f79938e5117 ] Request (FloatingIPsAssociationTestJSON:setUpClass): 200 GET http://10.180.1.21/compute/v2.1/servers/4fee5191-08de-401f-ba1a-d6b752c28e57 0.786s
2025-11-12 11:30:29.470 68001 INFO tempest.lib.common.rest_client [req-0b14fe30-c05e-4423-b9e3-39766c3f7394 req-0b14fe30-c05e-4423-b9e3-39766c3f7394 ] Request (ServersTestJSON:setUpClass): 200 GET http://10.180.1.21/compute/v2.1/servers/378ce44f-0a74-46e7-92c4-1f6abd90e144 0.782s
2025-11-12 11:30:29.475 67993 WARNING tempest.lib.common.ssh [-] Failed to establish authenticated ssh connection to cirros@10.180.180.187 ([Errno None] Unable to connect to port 22 on 10.180.180.187). Number attempts: 6. Retry after 7 seconds.: paramiko.ssh_exception.NoValidConnectionsError: [Errno None] Unable to connect to port 22 on 10.180.180.187
2025-11-12 11:30:29.489 68009 INFO tempest.lib.common.rest_client [req-41b4f00a-c83a-4dea-acbc-a9c042ac3730 req-41b4f00a-c83a-4dea-acbc-a9c042ac3730 ] Request (AttachInterfacesTestJSON:test_create_list_show_delete_interfaces_by_fixed_ip): 200 GET http://10.180.1.21/compute/v2.1/servers/7a4d3f97-ad64-4936-a806-f0673427dbcb/os-interface 0.835s
2025-11-12 11:30:29.493 68032 INFO tempest.lib.common.rest_client [req-c4896ce0-bf9a-4537-a9ea-7ef31e3cbb55 req-c4896ce0-bf9a-4537-a9ea-7ef31e3cbb55 ] Request (FlavorsAdminTestJSON:test_is_public_string_variations): 200 GET http://10.180.1.21/compute/v2.1/flavors/detail?is_public=yes 0.793s
2025-11-12 11:30:29.512 67997 INFO tempest.lib.common.rest_client [req-3c4eb595-072e-444b-b8b9-6e31074dfb63 req-3c4eb595-072e-444b-b8b9-6e31074dfb63 ] Request (KeyPairsV22TestJSON:_run_cleanups): 204 DELETE http://10.180.1.21/compute/v2.1/os-keypairs/tempest-KeyPairsV22TestJSON-keypair-325658099 0.738s
2025-11-12 11:30:29.629 68035 INFO tempest.lib.common.rest_client [req-55cd8da4-9502-4bdd-87be-c310e15ac299 req-55cd8da4-9502-4bdd-87be-c310e15ac299 ] Request (SecurityGroupsTestJSON:test_server_security_groups): 200 POST http://10.180.1.21/compute/v2.1/os-security-groups 0.727s
2025-11-12 11:30:29.634 67991 INFO tempest.lib.common.rest_client [req-a9515e32-4d16-4022-bb41-d9e6aceb161e req-a9515e32-4d16-4022-bb41-d9e6aceb161e ] Request (FlavorsExtraSpecsNegativeTestJSON:test_flavor_update_more_key): 400 PUT http://10.180.1.21/compute/v2.1/flavors/1775445133/os-extra_specs/hw:numa_nodes 0.703s
2025-11-12 11:30:29.655 68017 INFO tempest.lib.common.rest_client [req-adad7060-d4ec-475b-a005-1c432581e6f7 req-adad7060-d4ec-475b-a005-1c432581e6f7 ] Request (ServersTestBootFromVolume:setUpClass): 200 GET http://10.180.1.21/compute/v2.1/servers/2f34e47a-1598-4d7a-82d3-1c9ecc562f6b 0.863s
2025-11-12 11:30:29.693 68005 INFO tempest.lib.common.rest_client [req-c1e48c1c-b8ec-460e-87dd-d40f2ef819ce req-c1e48c1c-b8ec-460e-87dd-d40f2ef819ce ] Request (AggregatesAdminNegativeTestJSON:_run_cleanups): 200 DELETE http://10.180.1.21/compute/v2.1/os-aggregates/8 0.503s
2025-11-12 11:30:29.719 68035 INFO tempest.lib.common.rest_client [req-07c9f6c6-1a11-41c6-92f5-0907a85c89c6 req-07c9f6c6-1a11-41c6-92f5-0907a85c89c6 ] Request (SecurityGroupsTestJSON:test_server_security_groups): 201 POST http://10.180.1.21/identity/v3/auth/tokens 0.085s
2025-11-12 11:30:29.719 68035 INFO tempest.lib.common.fixed_network [-] (SecurityGroupsTestJSON:test_server_security_groups) Found network {'id': '99d0d62c-5246-4b67-b1c8-2fb0ed0490f5', 'name': 'tempest-SecurityGroupsTestJSON-821637528-network', 'tenant_id': '00ec64b476614c35b21aacf1586d54ce', 'project_id': '00ec64b476614c35b21aacf1586d54ce', 'admin_state_up': True, 'mtu': 8950, 'status': 'ACTIVE', 'subnets': [], 'shared': False, 'port_security_enabled': True, 'router:external': False, 'provider:network_type': 'vlan', 'provider:physical_network': 'default', 'provider:segmentation_id': 981, 'availability_zone_hints': [], 'availability_zones': [], 'ipv4_address_scope': None, 'ipv6_address_scope': None, 'description': '', 'tags': [], 'created_at': '2025-11-12T11:28:29Z', 'updated_at': '2025-11-12T11:28:29Z', 'revision_number': 1} available for tenant
2025-11-12 11:30:29.766 67987 INFO tempest.lib.common.rest_client [req-adbfb41d-b5dd-4075-8276-7660174cfd8d req-adbfb41d-b5dd-4075-8276-7660174cfd8d ] Request (MultipleCreateTestJSON:test_multiple_create_with_reservation_return): 200 GET http://10.180.1.21/compute/v2.1/servers/744742e4-3719-48ec-bc7d-b559acc2bd79 0.551s
2025-11-12 11:30:29.795 68015 INFO tempest.lib.common.rest_client [req-309127c6-e397-48d1-8a53-7bc2653ddec5 req-309127c6-e397-48d1-8a53-7bc2653ddec5 ] Request (VolumesAssistedSnapshotsTest:_run_cleanups): 404 GET http://10.180.1.21/volume/v3/volumes/6f0e3e0e-6c41-4220-b034-a2fd4176ded1 0.018s
2025-11-12 11:30:29.856 68005 INFO tempest.lib.common.rest_client [req-c8d9beb5-96d7-447e-895f-0708709b4e42 req-c8d9beb5-96d7-447e-895f-0708709b4e42 ] Request (AggregatesAdminNegativeTestJSON:tearDownClass): 204 DELETE http://10.180.1.21/identity/v3/users/20ad2bad89574d38a617cb9c3f47a244 0.160s
2025-11-12 11:30:29.982 68005 INFO tempest.lib.common.rest_client [req-18ae3498-b148-46af-be65-fdbc47afb722 req-18ae3498-b148-46af-be65-fdbc47afb722 ] Request (AggregatesAdminNegativeTestJSON:tearDownClass): 204 DELETE http://10.180.1.21/identity/v3/users/848f7c802972402698612c705fe15d61 0.125s
2025-11-12 11:30:29.982 68005 INFO tempest.lib.common.dynamic_creds [-] Deleting project and security group for project: 0e6cf46be0354453b616df0f39147546
2025-11-12 11:30:30.069 68005 INFO tempest.lib.common.rest_client [req-3eacc23a-707c-4703-a0bb-172ee4463ff3 req-3eacc23a-707c-4703-a0bb-172ee4463ff3 ] Request (AggregatesAdminNegativeTestJSON:tearDownClass): 201 POST http://10.180.1.21/identity/v3/auth/tokens 0.086s
2025-11-12 11:30:30.236 68039 INFO tempest.lib.common.rest_client [req-ac4d6461-2e7b-4457-bf80-83e4bf969378 req-ac4d6461-2e7b-4457-bf80-83e4bf969378 ] Request (ImagesTestJSON:test_create_image_from_suspended_server): 202 POST http://10.180.1.21/compute/v2.1/servers/de438ddc-44b5-4c5d-9e29-915fa6f213e5/action 1.064s
2025-11-12 11:30:30.245 68007 INFO tempest.lib.common.rest_client [req-515e669a-d389-4dd6-a7f5-75786c6c7dae req-515e669a-d389-4dd6-a7f5-75786c6c7dae ] Request (FloatingIPDetailsTestJSON:tearDownClass): 202 DELETE http://10.180.1.21/compute/v2.1/os-floating-ips/4eab9fae-6ea0-4065-aced-22c1b49e3cca 0.902s
2025-11-12 11:30:30.346 68005 INFO tempest.lib.common.rest_client [req-016ec6a9-d855-4457-af3c-ef32c2c7b397 req-016ec6a9-d855-4457-af3c-ef32c2c7b397 ] Request (AggregatesAdminNegativeTestJSON:tearDownClass): 200 GET http://10.180.1.21/networking/v2.0/security-groups?tenant_id=0e6cf46be0354453b616df0f39147546&name=default 0.277s
2025-11-12 11:30:30.376 68045 INFO tempest.lib.common.rest_client [req-daa6a72d-e697-4f91-a4f3-8c6b7068cf26 req-daa6a72d-e697-4f91-a4f3-8c6b7068cf26 ] Request (ServersNegativeTestMultiTenantJSON:tearDownClass): 200 GET http://10.180.1.21/compute/v2.1/servers/bf5f54c5-93dc-40e2-bfc7-751ee673ac98 0.974s
2025-11-12 11:30:30.414 68033 INFO tempest.lib.common.rest_client [req-20d5cdea-c37b-4cbc-8ecc-f8b4d3de092d req-20d5cdea-c37b-4cbc-8ecc-f8b4d3de092d ] Request (ListImageFiltersTestJSON:setUpClass): 204 PUT http://10.180.1.21/image/v2/images/65eeb724-f8f6-4934-81ce-7f8a4b1e0f22/file 0.844s
2025-11-12 11:30:30.755 68047 WARNING tempest.lib.common.ssh [-] Failed to establish authenticated ssh connection to cirros@10.180.180.160 ([Errno None] Unable to connect to port 22 on 10.180.180.160). Number attempts: 3. Retry after 4 seconds.: paramiko.ssh_exception.NoValidConnectionsError: [Errno None] Unable to connect to port 22 on 10.180.180.160
2025-11-12 11:30:30.990 68005 INFO tempest.lib.common.rest_client [req-56b8c9c1-6c87-46c0-b248-efab9677316d req-56b8c9c1-6c87-46c0-b248-efab9677316d ] Request (AggregatesAdminNegativeTestJSON:tearDownClass): 204 DELETE http://10.180.1.21/networking/v2.0/security-groups/aa52bd67-20d4-4b82-9795-566a8afccd5a 0.643s
2025-11-12 11:30:31.032 68019 INFO tempest.lib.common.rest_client [req-cd1e9e5a-1315-4ee3-9477-ad8d9ae38d97 req-cd1e9e5a-1315-4ee3-9477-ad8d9ae38d97 ] Request (ImagesOneServerNegativeTestJSON:tearDown): 200 GET http://10.180.1.21/compute/v2.1/servers/1a2564d0-3654-477f-8d8e-eb072c395632 1.629s
2025-11-12 11:30:31.040 68019 INFO tempest.common.waiters [-] State transition "ACTIVE/image_uploading" ==> "ACTIVE/None" after 5 second wait
2025-11-12 11:30:31.054 68013 INFO tempest.lib.common.rest_client [req-7593c42e-7c6d-47eb-85a4-d25226449eb5 req-7593c42e-7c6d-47eb-85a4-d25226449eb5 ] Request (VolumesAdminNegativeTest:test_update_attached_volume_with_nonexistent_volume_in_uri): 200 GET http://10.180.1.21/compute/v2.1/servers/dafc6e9a-aa81-4c77-b58b-7a86f59d4dfe 1.590s
2025-11-12 11:30:31.063 68032 INFO tempest.lib.common.rest_client [req-d9a027fd-93a7-44db-a6b9-854b2b2343a9 req-d9a027fd-93a7-44db-a6b9-854b2b2343a9 ] Request (FlavorsAdminTestJSON:test_is_public_string_variations): 200 GET http://10.180.1.21/compute/v2.1/flavors/detail?is_public=1 1.564s
2025-11-12 11:30:31.083 67997 INFO tempest.lib.common.rest_client [req-0842db3b-5cbf-4bd7-9862-61f0335feab8 req-0842db3b-5cbf-4bd7-9862-61f0335feab8 ] Request (KeyPairsV22TestJSON:_run_cleanups): 204 DELETE http://10.180.1.21/compute/v2.1/os-keypairs/tempest-KeyPairsV22TestJSON-keypair-624798012 1.571s
2025-11-12 11:30:31.092 68007 INFO tempest.lib.common.rest_client [req-2fe6d2eb-00d9-4017-92a5-85ee1d6c9823 req-2fe6d2eb-00d9-4017-92a5-85ee1d6c9823 ] Request (FloatingIPDetailsTestJSON:tearDownClass): 200 PUT http://10.180.1.21/networking/v2.0/routers/d1237247-9146-488c-a38d-8e7b18da6f81/remove_router_interface 0.846s
2025-11-12 11:30:31.103 68005 INFO tempest.lib.common.rest_client [req-9b3c87e4-370b-4405-b151-a405a07f9580 req-9b3c87e4-370b-4405-b151-a405a07f9580 ] Request (AggregatesAdminNegativeTestJSON:tearDownClass): 204 DELETE http://10.180.1.21/identity/v3/projects/0e6cf46be0354453b616df0f39147546 0.112s
2025-11-12 11:30:31.103 68005 INFO tempest.lib.common.dynamic_creds [-] Deleting project and security group for project: 5beec0d4197348b0b8d065232a3b7c5e
2025-11-12 11:30:31.527 68007 INFO tempest.lib.common.rest_client [req-ffd5240d-a0c0-4f73-aec0-5a0314c49533 req-ffd5240d-a0c0-4f73-aec0-5a0314c49533 ] Request (FloatingIPDetailsTestJSON:tearDownClass): 204 DELETE http://10.180.1.21/networking/v2.0/routers/d1237247-9146-488c-a38d-8e7b18da6f81 0.434s
2025-11-12 11:30:31.620 68005 INFO tempest.lib.common.rest_client [req-ce33fd71-17a9-40bc-b12d-a6f389cbdef3 req-ce33fd71-17a9-40bc-b12d-a6f389cbdef3 ] Request (AggregatesAdminNegativeTestJSON:tearDownClass): 200 GET http://10.180.1.21/networking/v2.0/security-groups?tenant_id=5beec0d4197348b0b8d065232a3b7c5e&name=default 0.516s
2025-11-12 11:30:31.711 68027 INFO tempest.lib.common.rest_client [req-1814da0b-b92e-4a23-a3da-0afa6721887a req-1814da0b-b92e-4a23-a3da-0afa6721887a ] Request (ListServerFiltersTestJSON:setUpClass): 200 GET http://10.180.1.21/compute/v2.1/servers/1d34afeb-9caf-483b-98e6-e746f01e2922 2.165s
2025-11-12 11:30:31.812 68007 INFO tempest.lib.common.rest_client [req-fb4f9297-ee7b-49fa-b240-199c70b60c50 req-fb4f9297-ee7b-49fa-b240-199c70b60c50 ] Request (FloatingIPDetailsTestJSON:tearDownClass): 204 DELETE http://10.180.1.21/networking/v2.0/subnets/24c30f66-e39c-410c-b686-982229bb0107 0.285s
2025-11-12 11:30:31.910 68005 INFO tempest.lib.common.rest_client [req-f5bc2e2b-04dd-434c-9156-096f5293521d req-f5bc2e2b-04dd-434c-9156-096f5293521d ] Request (AggregatesAdminNegativeTestJSON:tearDownClass): 204 DELETE http://10.180.1.21/networking/v2.0/security-groups/990c0e8d-f0a8-4931-b9cb-3ac45ff27c60 0.289s
2025-11-12 11:30:31.946 67999 INFO tempest.lib.common.rest_client [req-798be1b6-6598-4235-a8e9-4e8621d3483b req-798be1b6-6598-4235-a8e9-4e8621d3483b ] Request (MigrationsAdminTest:test_list_migrations_in_flavor_resize_situation): 200 GET http://10.180.1.21/compute/v2.1/servers/5af4006f-a54a-4e9d-8d93-d1359eb20424 2.435s
2025-11-12 11:30:31.960 68041 INFO tempest.lib.common.rest_client [req-9fa99c82-3d90-42ea-9a2d-03b599bbda3f req-9fa99c82-3d90-42ea-9a2d-03b599bbda3f ] Request (ServersAdminTestJSON:test_create_server_with_scheduling_hint): 200 GET http://10.180.1.21/compute/v2.1/servers/627a806d-7695-477b-a570-e6696726f915 2.386s
2025-11-12 11:30:31.991 67991 INFO tempest.lib.common.rest_client [req-63f3662c-5c4d-46c1-a4d1-eddf72d18349 req-63f3662c-5c4d-46c1-a4d1-eddf72d18349 ] Request (FlavorsExtraSpecsNegativeTestJSON:tearDownClass): 202 DELETE http://10.180.1.21/compute/v2.1/flavors/1775445133 2.354s
2025-11-12 11:30:32.059 68005 INFO tempest.lib.common.rest_client [req-796cb072-d2dc-4b1a-83c8-aa5b271b91c8 req-796cb072-d2dc-4b1a-83c8-aa5b271b91c8 ] Request (AggregatesAdminNegativeTestJSON:tearDownClass): 204 DELETE http://10.180.1.21/identity/v3/projects/5beec0d4197348b0b8d065232a3b7c5e 0.149s
2025-11-12 11:30:32.123 68007 INFO tempest.lib.common.rest_client [req-210d410d-078b-43f3-b47a-728b586c919b req-210d410d-078b-43f3-b47a-728b586c919b ] Request (FloatingIPDetailsTestJSON:tearDownClass): 204 DELETE http://10.180.1.21/networking/v2.0/networks/ca59b426-d57d-4272-b273-5db2ed06b7af 0.310s
2025-11-12 11:30:32.148 68005 INFO tempest.lib.common.rest_client [req-9b89f7f0-590a-423c-9c8d-c06c2d88a0a0 req-9b89f7f0-590a-423c-9c8d-c06c2d88a0a0 ] Request (QuotasAdminTestV257:setUpClass): 201 POST http://10.180.1.21/identity/v3/auth/tokens 0.086s
2025-11-12 11:30:32.161 67995 INFO tempest.lib.common.rest_client [req-cad2e0e2-ddc5-4359-9adc-46d59d1d5325 req-cad2e0e2-ddc5-4359-9adc-46d59d1d5325 ] Request (ServersV294TestFqdnHostnames:tearDownClass): 200 GET http://10.180.1.21/compute/v2.1/servers/e7931602-ff54-4975-ba3e-1b7998ccd141 2.545s
2025-11-12 11:30:32.171 68037 INFO tempest.lib.common.rest_client [req-41700dda-6862-459a-9610-a56e5ed33c50 req-41700dda-6862-459a-9610-a56e5ed33c50 ] Request (ServersListShow2100Test:test_list_show_rebuild_update_server_2100): 200 GET http://10.180.1.21/compute/v2.1/servers/25f4679f-5510-4630-9afc-ba31ee949f90 2.485s
2025-11-12 11:30:32.183 68005 INFO tempest.lib.common.rest_client [req-be9ffcad-93df-40ff-9b94-e0fc122556d8 req-be9ffcad-93df-40ff-9b94-e0fc122556d8 ] Request (QuotasAdminTestV257:setUpClass): 201 POST http://10.180.1.21/identity/v3/auth/tokens 0.030s
2025-11-12 11:30:32.210 68005 INFO tempest.lib.common.rest_client [req-2c0321a2-ef01-47e9-8f40-4310cc9667dc req-2c0321a2-ef01-47e9-8f40-4310cc9667dc ] Request (QuotasAdminTestV257:setUpClass): 200 GET http://10.180.1.21/identity/v3/domains?name=Default 0.026s
2025-11-12 11:30:32.234 68025 INFO tempest.lib.common.rest_client [req-dbd58ad7-cf46-4480-a78d-66482bae502a req-dbd58ad7-cf46-4480-a78d-66482bae502a ] Request (InstanceActionsNegativeTestJSON:tearDownClass): 200 GET http://10.180.1.21/compute/v2.1/servers/4fae36a5-89f9-497a-9e5b-2184fc4597fb 2.536s
2025-11-12 11:30:32.239 68007 INFO tempest.lib.common.rest_client [req-ebf269e7-1717-4c81-a6a5-b011aa262b7e req-ebf269e7-1717-4c81-a6a5-b011aa262b7e ] Request (FloatingIPDetailsTestJSON:tearDownClass): 204 DELETE http://10.180.1.21/identity/v3/users/b3b081f8098b4e9fb5d68b264f891abb 0.115s
2025-11-12 11:30:32.239 68007 INFO tempest.lib.common.dynamic_creds [-] Deleting project and security group for project: b77c2c44fb6644b084059e5c17c13300
2025-11-12 11:30:32.242 68025 INFO tempest.common.waiters [-] State transition "ACTIVE/deleting" ==> "DELETED/None" after 4 second wait
