2025-11-12 11:29:43.731 67989 INFO tempest.lib.common.rest_client [req-626728be-f186-49d6-9cff-82b566c87523 req-626728be-f186-49d6-9cff-82b566c87523 ] Request (QuotaClassesAdmin257Test:setUpClass): 204 PUT http://10.180.1.21/identity/v3/projects/d1426de6404a4e3db7dd4d14bd4a8df7/users/1e0c1f540809415daea5b6d6551eed58/roles/3b239aed87564a7ba2ce5339da7b2bf9 0.053s
2025-11-12 11:29:43.732 67989 INFO tempest.lib.common.dynamic_creds [-] Dynamic test user 1e0c1f540809415daea5b6d6551eed58 is created with scope project and roles: ['member']
2025-11-12 11:29:43.732 67989 INFO tempest.lib.common.dynamic_creds [-] Acquired dynamic creds: credentials: Credentials: {'domain_id': 'default', 'domain_name': 'Default', 'username': 'tempest-QuotaClassesAdmin257Test-1698283638-project-member', 'project_domain_id': 'default', 'project_domain_name': 'Default', 'project_id': 'd1426de6404a4e3db7dd4d14bd4a8df7', 'project_name': 'tempest-QuotaClassesAdmin257Test-1698283638', 'tenant_id': 'd1426de6404a4e3db7dd4d14bd4a8df7', 'tenant_name': 'tempest-QuotaClassesAdmin257Test-1698283638', 'user_domain_id': 'default', 'user_domain_name': 'Default', 'user_id': '1e0c1f540809415daea5b6d6551eed58', 'system': None}, Network: None, Subnet: None, Router: None
2025-11-12 11:29:43.732 67989 INFO tempest.lib.common.dynamic_creds [-] Created isolated network resources for: credentials: Credentials: {'domain_id': 'default', 'domain_name': 'Default', 'username': 'tempest-QuotaClassesAdmin257Test-1698283638-project-member', 'project_domain_id': 'default', 'project_domain_name': 'Default', 'project_id': 'd1426de6404a4e3db7dd4d14bd4a8df7', 'project_name': 'tempest-QuotaClassesAdmin257Test-1698283638', 'tenant_id': 'd1426de6404a4e3db7dd4d14bd4a8df7', 'tenant_name': 'tempest-QuotaClassesAdmin257Test-1698283638', 'user_domain_id': 'default', 'user_domain_name': 'Default', 'user_id': '1e0c1f540809415daea5b6d6551eed58', 'system': None}, Network: None, Subnet: None, Router: None
2025-11-12 11:29:43.768 68025 INFO tempest.lib.common.rest_client [req-d2a5bc48-ea28-4dff-90ee-433350b3a8fe req-d2a5bc48-ea28-4dff-90ee-433350b3a8fe ] Request (InstanceActionsNegativeTestJSON:setUpClass): 201 POST http://10.180.1.21/networking/v2.0/networks 0.452s
2025-11-12 11:29:43.822 67989 INFO tempest.lib.common.rest_client [req-7247f500-24d2-490d-a5be-67a3afa83202 req-7247f500-24d2-490d-a5be-67a3afa83202 ] Request (QuotaClassesAdmin257Test:setUpClass): 201 POST http://10.180.1.21/identity/v3/auth/tokens 0.087s
2025-11-12 11:29:43.902 67989 INFO tempest.lib.common.rest_client [req-3fce0ca3-05bb-4c2e-981b-1826b2bd27f0 req-3fce0ca3-05bb-4c2e-981b-1826b2bd27f0 ] Request (QuotaClassesAdmin257Test:setUpClass): 201 POST http://10.180.1.21/identity/v3/projects 0.078s
2025-11-12 11:29:43.998 67989 INFO tempest.lib.common.rest_client [req-ee1a03ef-cfb7-44b7-8841-c051eaf27581 req-ee1a03ef-cfb7-44b7-8841-c051eaf27581 ] Request (QuotaClassesAdmin257Test:setUpClass): 201 POST http://10.180.1.21/identity/v3/users 0.095s
2025-11-12 11:29:44.027 67989 INFO tempest.lib.common.rest_client [req-98b0bb87-d46b-43e7-b650-e7e3182ead7c req-98b0bb87-d46b-43e7-b650-e7e3182ead7c ] Request (QuotaClassesAdmin257Test:setUpClass): 200 GET http://10.180.1.21/identity/v3/roles 0.028s
2025-11-12 11:29:44.074 67989 INFO tempest.lib.common.rest_client [req-b9f9bd33-6132-47ec-b76e-8b6566f26ce3 req-b9f9bd33-6132-47ec-b76e-8b6566f26ce3 ] Request (QuotaClassesAdmin257Test:setUpClass): 204 PUT http://10.180.1.21/identity/v3/projects/34ec96a4aab74752a41e722ad45e5408/users/94289730c25449158ee990ee5ccca4fe/roles/12e2ea0f3a364125be3c710d0c07e767 0.047s
2025-11-12 11:29:44.158 67989 INFO tempest.lib.common.rest_client [req-142c0ece-28e3-40a2-ad41-61bf5313519f req-142c0ece-28e3-40a2-ad41-61bf5313519f ] Request (QuotaClassesAdmin257Test:setUpClass): 200 GET http://10.180.1.21/identity/v3/roles 0.083s
2025-11-12 11:29:44.185 67989 INFO tempest.lib.common.rest_client [req-0942ed53-dfab-4fd7-82ac-eb644b0ad127 req-0942ed53-dfab-4fd7-82ac-eb644b0ad127 ] Request (QuotaClassesAdmin257Test:setUpClass): 204 PUT http://10.180.1.21/identity/v3/projects/34ec96a4aab74752a41e722ad45e5408/users/94289730c25449158ee990ee5ccca4fe/roles/12e2ea0f3a364125be3c710d0c07e767 0.026s
2025-11-12 11:29:44.185 67989 INFO tempest.lib.common.dynamic_creds [-] Dynamic test user 94289730c25449158ee990ee5ccca4fe is created with scope project and roles: ['admin']
2025-11-12 11:29:44.185 67989 INFO tempest.lib.common.dynamic_creds [-] Acquired dynamic creds: credentials: Credentials: {'domain_id': 'default', 'domain_name': 'Default', 'username': 'tempest-QuotaClassesAdmin257Test-1188660314-project-admin', 'project_domain_id': 'default', 'project_domain_name': 'Default', 'project_id': '34ec96a4aab74752a41e722ad45e5408', 'project_name': 'tempest-QuotaClassesAdmin257Test-1188660314', 'tenant_id': '34ec96a4aab74752a41e722ad45e5408', 'tenant_name': 'tempest-QuotaClassesAdmin257Test-1188660314', 'user_domain_id': 'default', 'user_domain_name': 'Default', 'user_id': '94289730c25449158ee990ee5ccca4fe', 'system': None}, Network: None, Subnet: None, Router: None
2025-11-12 11:29:44.185 67989 INFO tempest.lib.common.dynamic_creds [-] Created isolated network resources for: credentials: Credentials: {'domain_id': 'default', 'domain_name': 'Default', 'username': 'tempest-QuotaClassesAdmin257Test-1188660314-project-admin', 'project_domain_id': 'default', 'project_domain_name': 'Default', 'project_id': '34ec96a4aab74752a41e722ad45e5408', 'project_name': 'tempest-QuotaClassesAdmin257Test-1188660314', 'tenant_id': '34ec96a4aab74752a41e722ad45e5408', 'tenant_name': 'tempest-QuotaClassesAdmin257Test-1188660314', 'user_domain_id': 'default', 'user_domain_name': 'Default', 'user_id': '94289730c25449158ee990ee5ccca4fe', 'system': None}, Network: None, Subnet: None, Router: None
2025-11-12 11:29:44.263 67989 INFO tempest.lib.common.rest_client [req-6b6e52cb-be97-475a-a5f3-2e69e1dfd0ce req-6b6e52cb-be97-475a-a5f3-2e69e1dfd0ce ] Request (QuotaClassesAdmin257Test:setUpClass): 201 POST http://10.180.1.21/identity/v3/auth/tokens 0.075s
2025-11-12 11:29:44.409 68029 INFO tempest.lib.common.rest_client [req-596c3847-3cd8-4469-b532-ea0485d2db18 req-596c3847-3cd8-4469-b532-ea0485d2db18 ] Request (ServerAddressesTestJSON:tearDownClass): 200 PUT http://10.180.1.21/networking/v2.0/routers/45a3af52-129e-4d61-a61a-566ee229ddc2/remove_router_interface 0.965s
2025-11-12 11:29:44.494 67993 INFO tempest.lib.common.rest_client [req-24745e52-a77c-42cc-90af-1069a1a1b020 req-24745e52-a77c-42cc-90af-1069a1a1b020 ] Request (ServersWithSpecificFlavorTestJSON:test_verify_created_server_ephemeral_disk): 200 PUT http://10.180.1.21/networking/v2.0/floatingips/516d574a-6149-40ba-a313-5a5c19646f87 0.996s
2025-11-12 11:29:44.634 68017 INFO tempest.lib.common.rest_client [req-7df3901e-d836-4ca4-82dd-96b6cb329905 req-7df3901e-d836-4ca4-82dd-96b6cb329905 ] Request (ImagesMetadataTestJSON:tearDownClass): 200 GET http://10.180.1.21/networking/v2.0/security-groups?tenant_id=d6fa6eee887845a9935e1a19f6f80453&name=default 1.127s
2025-11-12 11:29:44.669 68041 INFO tempest.lib.common.rest_client [req-08bad622-13e8-4cda-a359-d9a37f9139da req-08bad622-13e8-4cda-a359-d9a37f9139da ] Request (ServersAdminTestJSON:setUpClass): 200 GET http://10.180.1.21/compute/v2.1/servers/bee4e8ba-f14c-4ea3-9fd1-b0fbe2700ca9 4.280s
2025-11-12 11:29:44.684 68021 INFO tempest.lib.common.rest_client [req-ffc6b47f-53d4-4e06-b067-11edc2a479f8 req-ffc6b47f-53d4-4e06-b067-11edc2a479f8 ] Request (FlavorsV2TestJSON:test_list_flavors_using_marker): 200 GET http://10.180.1.21/compute/v2.1/flavors/42 2.760s
2025-11-12 11:29:44.747 68025 INFO tempest.lib.common.rest_client [req-31075212-763d-4cd2-940f-aab72618bd04 req-31075212-763d-4cd2-940f-aab72618bd04 ] Request (InstanceActionsNegativeTestJSON:setUpClass): 201 POST http://10.180.1.21/networking/v2.0/subnets 0.979s
2025-11-12 11:29:44.840 68037 INFO tempest.lib.common.rest_client [req-575fe50e-f310-4625-95c7-b184cca0f67e req-575fe50e-f310-4625-95c7-b184cca0f67e ] Request (SecurityGroupsTestAdminJSON:_run_cleanups): 202 DELETE http://10.180.1.21/compute/v2.1/os-security-groups/b011b333-6bce-490e-85ee-cd2b3ee04526 2.959s
2025-11-12 11:29:44.974 68017 INFO tempest.lib.common.rest_client [req-f24e0d9c-babd-4db3-a93e-648f7df43dcc req-f24e0d9c-babd-4db3-a93e-648f7df43dcc ] Request (ImagesMetadataTestJSON:tearDownClass): 204 DELETE http://10.180.1.21/networking/v2.0/security-groups/90384069-0c50-4902-b9c2-ee025ded7b49 0.339s
2025-11-12 11:29:45.017 68033 INFO tempest.lib.common.rest_client [req-534976e6-4484-48d8-879f-1a7377f72f60 req-534976e6-4484-48d8-879f-1a7377f72f60 ] Request (ServersAdmin275Test:tearDownClass): 200 GET http://10.180.1.21/compute/v2.1/servers/2e78131b-3f27-483b-addf-193de1fd25a1 2.785s
2025-11-12 11:29:45.023 68019 INFO tempest.lib.common.rest_client [req-bc0658f5-ba4f-4370-99ed-cc77c042a085 req-bc0658f5-ba4f-4370-99ed-cc77c042a085 ] Request (ImagesOneServerNegativeTestJSON:test_create_image_specify_metadata_over_limits): 400 POST http://10.180.1.21/compute/v2.1/servers/1a2564d0-3654-477f-8d8e-eb072c395632/action 2.674s
2025-11-12 11:29:45.118 68017 INFO tempest.lib.common.rest_client [req-fa37274b-05b0-41dc-9822-43bb6c0071d4 req-fa37274b-05b0-41dc-9822-43bb6c0071d4 ] Request (ImagesMetadataTestJSON:tearDownClass): 204 DELETE http://10.180.1.21/identity/v3/projects/d6fa6eee887845a9935e1a19f6f80453 0.143s
2025-11-12 11:29:45.184 68029 INFO tempest.lib.common.rest_client [req-ff3bc603-f1cb-490a-9a97-2c526623ea8c req-ff3bc603-f1cb-490a-9a97-2c526623ea8c ] Request (ServerAddressesTestJSON:tearDownClass): 204 DELETE http://10.180.1.21/networking/v2.0/routers/45a3af52-129e-4d61-a61a-566ee229ddc2 0.774s
2025-11-12 11:29:45.232 68027 INFO tempest.lib.common.rest_client [req-f74d284f-3527-4919-b40d-7df9d923a75d req-f74d284f-3527-4919-b40d-7df9d923a75d ] Request (AttachInterfacesV270Test:tearDownClass): 200 GET http://10.180.1.21/compute/v2.1/servers/597ebd03-3354-4ae4-8b5d-b9e3d1bd19e6 2.987s
2025-11-12 11:29:45.243 68017 INFO tempest.lib.common.rest_client [req-3e2fa3a4-161b-4334-b80c-1d7d3ad59878 req-3e2fa3a4-161b-4334-b80c-1d7d3ad59878 ] Request (ServersTestBootFromVolume:setUpClass): 201 POST http://10.180.1.21/identity/v3/auth/tokens 0.121s
2025-11-12 11:29:45.278 68007 INFO tempest.lib.common.rest_client [req-a363cccb-5ff2-495b-85d7-2d88c638ccea req-a363cccb-5ff2-495b-85d7-2d88c638ccea ] Request (QuotasAdminTestV236:test_get_updated_quotas): 200 GET http://10.180.1.21/compute/v2.1/os-quota-sets/5ab57563557b4b64bd273a1a3fb1a566/detail 2.564s
2025-11-12 11:29:45.289 68017 INFO tempest.lib.common.rest_client [req-3016b9c5-b3c3-46e1-b467-615afafdd64b req-3016b9c5-b3c3-46e1-b467-615afafdd64b ] Request (ServersTestBootFromVolume:setUpClass): 201 POST http://10.180.1.21/identity/v3/auth/tokens 0.044s
2025-11-12 11:29:45.305 67985 INFO tempest.lib.common.rest_client [req-c503a3bb-db06-4eec-9bdf-09180aab870c req-c503a3bb-db06-4eec-9bdf-09180aab870c ] Request (ServicesAdminNegativeV253TestJSON:test_get_service_by_invalid_params): 200 GET http://10.180.1.21/compute/v2.1/os-services?xxx=nova-compute 2.447s
2025-11-12 11:29:45.334 68017 INFO tempest.lib.common.rest_client [req-334c329f-3a95-4a13-a51b-0f53df75acf0 req-334c329f-3a95-4a13-a51b-0f53df75acf0 ] Request (ServersTestBootFromVolume:setUpClass): 200 GET http://10.180.1.21/identity/v3/domains?name=Default 0.043s
2025-11-12 11:29:45.345 68007 INFO tempest.lib.common.rest_client [req-c9769336-e3b5-457c-b31e-4e4cc558224e req-c9769336-e3b5-457c-b31e-4e4cc558224e ] Request (QuotasAdminTestV236:test_get_updated_quotas): 200 GET http://10.180.1.21/identity/v3/domains?name=Default 0.061s
2025-11-12 11:29:45.378 68017 INFO tempest.lib.common.rest_client [req-fd159668-632b-4c4c-965d-35499705d9cc req-fd159668-632b-4c4c-965d-35499705d9cc ] Request (ServersTestBootFromVolume:setUpClass): 201 POST http://10.180.1.21/identity/v3/projects 0.043s
2025-11-12 11:29:45.385 68007 INFO tempest.lib.common.rest_client [req-522242cc-7e36-426b-9346-fa657a52d60b req-522242cc-7e36-426b-9346-fa657a52d60b ] Request (QuotasAdminTestV236:test_get_updated_quotas): 201 POST http://10.180.1.21/identity/v3/users 0.040s
2025-11-12 11:29:45.408 68009 WARNING tempest.lib.common.ssh [-] Failed to establish authenticated ssh connection to cirros@10.180.180.158 ([Errno None] Unable to connect to port 22 on 10.180.180.158). Number attempts: 5. Retry after 6 seconds.: paramiko.ssh_exception.NoValidConnectionsError: [Errno None] Unable to connect to port 22 on 10.180.180.158
2025-11-12 11:29:45.438 68017 INFO tempest.lib.common.rest_client [req-3cbeb2e9-f1c6-4b8a-8737-efd69e9e5fd8 req-3cbeb2e9-f1c6-4b8a-8737-efd69e9e5fd8 ] Request (ServersTestBootFromVolume:setUpClass): 201 POST http://10.180.1.21/identity/v3/users 0.060s
2025-11-12 11:29:45.450 68007 INFO tempest.lib.common.rest_client [req-4e911dcb-73d4-4d04-aeeb-338ca94af49c req-4e911dcb-73d4-4d04-aeeb-338ca94af49c ] Request (QuotasAdminTestV236:test_get_updated_quotas): 200 GET http://10.180.1.21/identity/v3/domains?name=Default 0.064s
2025-11-12 11:29:45.461 68017 INFO tempest.lib.common.rest_client [req-91513a8e-5d96-4ff0-9909-971da207922b req-91513a8e-5d96-4ff0-9909-971da207922b ] Request (ServersTestBootFromVolume:setUpClass): 200 GET http://10.180.1.21/identity/v3/roles 0.022s
2025-11-12 11:29:45.492 68029 INFO tempest.lib.common.rest_client [req-55466ca5-9b3a-4a3d-9df9-960e4094377c req-55466ca5-9b3a-4a3d-9df9-960e4094377c ] Request (ServerAddressesTestJSON:tearDownClass): 204 DELETE http://10.180.1.21/networking/v2.0/subnets/c828ae35-8592-49c0-ba27-810bdc2c3245 0.307s
2025-11-12 11:29:45.498 68017 INFO tempest.lib.common.rest_client [req-da1e9fce-40d8-4fab-8028-b6f8675420e4 req-da1e9fce-40d8-4fab-8028-b6f8675420e4 ] Request (ServersTestBootFromVolume:setUpClass): 204 PUT http://10.180.1.21/identity/v3/projects/36751275a3fd41db9672be3a33abb3fc/users/fe82194f222247c9a2ef0649838092e4/roles/3b239aed87564a7ba2ce5339da7b2bf9 0.036s
2025-11-12 11:29:45.498 68017 INFO tempest.lib.common.dynamic_creds [-] Dynamic test user fe82194f222247c9a2ef0649838092e4 is created with scope project and roles: ['member']
2025-11-12 11:29:45.499 68017 INFO tempest.lib.common.dynamic_creds [-] Acquired dynamic creds: credentials: Credentials: {'domain_id': 'default', 'domain_name': 'Default', 'username': 'tempest-ServersTestBootFromVolume-2034987498-project-member', 'project_domain_id': 'default', 'project_domain_name': 'Default', 'project_id': '36751275a3fd41db9672be3a33abb3fc', 'project_name': 'tempest-ServersTestBootFromVolume-2034987498', 'tenant_id': '36751275a3fd41db9672be3a33abb3fc', 'tenant_name': 'tempest-ServersTestBootFromVolume-2034987498', 'user_domain_id': 'default', 'user_domain_name': 'Default', 'user_id': 'fe82194f222247c9a2ef0649838092e4', 'system': None}, Network: None, Subnet: None, Router: None
2025-11-12 11:29:45.578 68017 INFO tempest.lib.common.rest_client [req-4283f591-f06f-470b-9d5c-72be6ffcd94e req-4283f591-f06f-470b-9d5c-72be6ffcd94e ] Request (ServersTestBootFromVolume:setUpClass): 201 POST http://10.180.1.21/identity/v3/auth/tokens 0.076s
2025-11-12 11:29:45.886 68025 INFO tempest.lib.common.rest_client [req-9fd8ee6e-48ff-440a-8a2c-4c7a7802e0de req-9fd8ee6e-48ff-440a-8a2c-4c7a7802e0de ] Request (InstanceActionsNegativeTestJSON:setUpClass): 201 POST http://10.180.1.21/networking/v2.0/routers 1.138s
2025-11-12 11:29:45.887 67987 INFO tempest.lib.common.rest_client [req-646a0d4f-a9b3-4ee8-815d-2b16c2f61477 req-646a0d4f-a9b3-4ee8-815d-2b16c2f61477 ] Request (MultipleCreateTestJSON:_run_cleanups): 200 GET http://10.180.1.21/compute/v2.1/servers/a3f1cfc4-6dbd-4ece-b172-95f6014e6664 3.052s
2025-11-12 11:29:45.985 68039 INFO tempest.lib.common.rest_client [req-6adff815-7d83-4bf6-a768-5e379ff25bb7 req-6adff815-7d83-4bf6-a768-5e379ff25bb7 ] Request (ImagesTestJSON:_run_cleanups): 204 DELETE http://10.180.1.21/compute/v2.1/servers/6a85e8a2-434d-479d-9555-7ee1f3431b7f 2.989s
2025-11-12 11:29:46.059 68003 INFO tempest.lib.common.rest_client [req-c085e182-4478-4501-a8c4-751861884d80 req-c085e182-4478-4501-a8c4-751861884d80 ] Request (ServersTestManualDisk:test_list_servers): 200 GET http://10.180.1.21/compute/v2.1/servers 3.038s
2025-11-12 11:29:46.072 68039 INFO tempest.lib.common.rest_client [req-76245795-7580-4200-9639-3e47cdada2e9 req-76245795-7580-4200-9639-3e47cdada2e9 ] Request (ImagesTestJSON:test_create_image_from_suspended_server): 201 POST http://10.180.1.21/identity/v3/auth/tokens 0.081s
2025-11-12 11:29:46.073 68039 INFO tempest.lib.common.fixed_network [-] (ImagesTestJSON:test_create_image_from_suspended_server) Found network {'id': '286e136f-5cfd-4d5b-9295-125db7d55583', 'name': 'tempest-ImagesTestJSON-372650665-network', 'tenant_id': '890b0be2631f4e8b98adf79289fc1720', 'project_id': '890b0be2631f4e8b98adf79289fc1720', 'admin_state_up': True, 'mtu': 8950, 'status': 'ACTIVE', 'subnets': [], 'shared': False, 'port_security_enabled': True, 'router:external': False, 'provider:network_type': 'vlan', 'provider:physical_network': 'default', 'provider:segmentation_id': 517, 'availability_zone_hints': [], 'availability_zones': [], 'ipv4_address_scope': None, 'ipv6_address_scope': None, 'description': '', 'tags': [], 'created_at': '2025-11-12T11:28:24Z', 'updated_at': '2025-11-12T11:28:24Z', 'revision_number': 1} available for tenant
2025-11-12 11:29:46.113 68015 WARNING tempest.lib.common.ssh [-] Failed to establish authenticated ssh connection to cirros@10.180.180.230 ([Errno None] Unable to connect to port 22 on 10.180.180.230). Number attempts: 5. Retry after 6 seconds.: paramiko.ssh_exception.NoValidConnectionsError: [Errno None] Unable to connect to port 22 on 10.180.180.230
2025-11-12 11:29:46.221 68029 INFO tempest.lib.common.rest_client [req-bd481ec3-4b0d-4082-a38b-bdbfcdc8991d req-bd481ec3-4b0d-4082-a38b-bdbfcdc8991d ] Request (ServerAddressesTestJSON:tearDownClass): 204 DELETE http://10.180.1.21/networking/v2.0/networks/92518755-4229-4548-9d20-f0184e6ad7b2 0.728s
2025-11-12 11:29:46.298 68017 INFO tempest.lib.common.rest_client [req-4309c01f-cf91-49fb-8870-59e6373ffcc0 req-4309c01f-cf91-49fb-8870-59e6373ffcc0 ] Request (ServersTestBootFromVolume:setUpClass): 201 POST http://10.180.1.21/networking/v2.0/networks 0.716s
2025-11-12 11:29:46.341 68029 INFO tempest.lib.common.rest_client [req-b797ce10-6d5a-4cba-9788-689647b12cca req-b797ce10-6d5a-4cba-9788-689647b12cca ] Request (ServerAddressesTestJSON:tearDownClass): 204 DELETE http://10.180.1.21/identity/v3/users/8b1ffa208cfd45f5ad4ef0667e147069 0.120s
2025-11-12 11:29:46.341 68029 INFO tempest.lib.common.dynamic_creds [-] Deleting project and security group for project: 24e69ea054d84d42aa3ed08dbc8ee90f
2025-11-12 11:29:46.369 67995 WARNING tempest.lib.common.ssh [-] Failed to establish authenticated ssh connection to cirros@10.180.180.197 ([Errno None] Unable to connect to port 22 on 10.180.180.197). Number attempts: 4. Retry after 5 seconds.: paramiko.ssh_exception.NoValidConnectionsError: [Errno None] Unable to connect to port 22 on 10.180.180.197
2025-11-12 11:29:47.181 68025 INFO tempest.lib.common.rest_client [req-8048e745-c6d3-48f2-9941-241cf2b8e757 req-8048e745-c6d3-48f2-9941-241cf2b8e757 ] Request (InstanceActionsNegativeTestJSON:setUpClass): 200 PUT http://10.180.1.21/networking/v2.0/routers/7ed959d0-c629-4990-ad6b-223340403943/add_router_interface 1.294s
2025-11-12 11:29:47.182 68025 INFO tempest.lib.common.dynamic_creds [-] Created isolated network resources for: credentials: Credentials: {'domain_id': 'default', 'domain_name': 'Default', 'username': 'tempest-InstanceActionsNegativeTestJSON-567271418-project-member', 'project_domain_id': 'default', 'project_domain_name': 'Default', 'project_id': '05a73e2f157548b284672136087c1cb4', 'project_name': 'tempest-InstanceActionsNegativeTestJSON-567271418', 'tenant_id': '05a73e2f157548b284672136087c1cb4', 'tenant_name': 'tempest-InstanceActionsNegativeTestJSON-567271418', 'user_domain_id': 'default', 'user_domain_name': 'Default', 'user_id': 'b5ce87400cbc40afa1c537dc44e248cd', 'system': None}, Network: {'id': '6dd35a31-b68d-47fa-8c9b-5a155824a551', 'name': 'tempest-InstanceActionsNegativeTestJSON-45636994-network', 'tenant_id': '05a73e2f157548b284672136087c1cb4', 'project_id': '05a73e2f157548b284672136087c1cb4', 'admin_state_up': True, 'mtu': 8950, 'status': 'ACTIVE', 'subnets': [], 'shared': False, 'port_security_enabled': True, 'router:external': False, 'provider:network_type': 'vlan', 'provider:physical_network': 'default', 'provider:segmentation_id': 500, 'availability_zone_hints': [], 'availability_zones': [], 'ipv4_address_scope': None, 'ipv6_address_scope': None, 'description': '', 'tags': [], 'created_at': '2025-11-12T11:29:43Z', 'updated_at': '2025-11-12T11:29:43Z', 'revision_number': 1}, Subnet: {'id': '21be2710-af52-4f6a-a309-c829f868d18a', 'name': 'tempest-InstanceActionsNegativeTestJSON-45636994-subnet', 'tenant_id': '05a73e2f157548b284672136087c1cb4', 'network_id': '6dd35a31-b68d-47fa-8c9b-5a155824a551', 'ip_version': 4, 'subnetpool_id': None, 'enable_dhcp': True, 'ipv6_ra_mode': None, 'ipv6_address_mode': None, 'gateway_ip': '192.168.128.1', 'cidr': '192.168.128.0/28', 'allocation_pools': [{'start': '192.168.128.2', 'end': '192.168.128.14'}], 'host_routes': [], 'dns_nameservers': [], 'description': '', 'router:external': False, 'service_types': [], 'tags': [], 'created_at': '2025-11-12T11:29:44Z', 'updated_at': '2025-11-12T11:29:44Z', 'revision_number': 0, 'project_id': '05a73e2f157548b284672136087c1cb4'}, Router: {'id': '7ed959d0-c629-4990-ad6b-223340403943', 'name': 'tempest-InstanceActionsNegativeTestJSON-45636994-router', 'tenant_id': '05a73e2f157548b284672136087c1cb4', 'admin_state_up': True, 'status': 'ACTIVE', 'external_gateway_info': {'network_id': '6416ba02-21ea-4d63-9fbd-6a3c625ae245', 'external_fixed_ips': [{'subnet_id': 'fc21a2bd-d936-4550-af71-45dde09bc865', 'ip_address': '10.180.180.153'}], 'enable_snat': True}, 'description': '', 'availability_zones': [], 'distributed': False, 'ha': False, 'availability_zone_hints': [], 'routes': [], 'flavor_id': None, 'tags': [], 'created_at': '2025-11-12T11:29:45Z', 'updated_at': '2025-11-12T11:29:45Z', 'revision_number': 2, 'project_id': '05a73e2f157548b284672136087c1cb4'}
2025-11-12 11:29:47.274 67999 INFO tempest.lib.common.rest_client [req-9a0de2e4-af26-43f2-9c9a-57ae14589d61 req-9a0de2e4-af26-43f2-9c9a-57ae14589d61 ] Request (MigrationsAdminTest:test_list_migrations_in_flavor_resize_situation): 200 GET http://10.180.1.21/compute/v2.1/servers/5af4006f-a54a-4e9d-8d93-d1359eb20424 4.324s
2025-11-12 11:29:47.282 68025 INFO tempest.lib.common.rest_client [req-9fa978fe-8bb5-4607-97e3-5fd54b13864c req-9fa978fe-8bb5-4607-97e3-5fd54b13864c ] Request (InstanceActionsNegativeTestJSON:setUpClass): 201 POST http://10.180.1.21/identity/v3/auth/tokens 0.096s
2025-11-12 11:29:47.331 68025 INFO tempest.lib.common.rest_client [req-d838c492-3e89-447c-8a88-35c2cdfa309f req-d838c492-3e89-447c-8a88-35c2cdfa309f ] Request (InstanceActionsNegativeTestJSON:setUpClass): 201 POST http://10.180.1.21/identity/v3/auth/tokens 0.044s
2025-11-12 11:29:47.331 68025 INFO tempest.lib.common.fixed_network [-] (InstanceActionsNegativeTestJSON:setUpClass) Found network {'id': '6dd35a31-b68d-47fa-8c9b-5a155824a551', 'name': 'tempest-InstanceActionsNegativeTestJSON-45636994-network', 'tenant_id': '05a73e2f157548b284672136087c1cb4', 'project_id': '05a73e2f157548b284672136087c1cb4', 'admin_state_up': True, 'mtu': 8950, 'status': 'ACTIVE', 'subnets': [], 'shared': False, 'port_security_enabled': True, 'router:external': False, 'provider:network_type': 'vlan', 'provider:physical_network': 'default', 'provider:segmentation_id': 500, 'availability_zone_hints': [], 'availability_zones': [], 'ipv4_address_scope': None, 'ipv6_address_scope': None, 'description': '', 'tags': [], 'created_at': '2025-11-12T11:29:43Z', 'updated_at': '2025-11-12T11:29:43Z', 'revision_number': 1} available for tenant
2025-11-12 11:29:47.568 68045 INFO tempest.lib.common.rest_client [req-72a40183-f446-4c48-855a-dfc0e3eaed45 req-72a40183-f446-4c48-855a-dfc0e3eaed45 ] Request (ServersNegativeTestMultiTenantJSON:setUpClass): 200 GET http://10.180.1.21/compute/v2.1/servers/bf5f54c5-93dc-40e2-bfc7-751ee673ac98 4.446s
2025-11-12 11:29:47.589 67997 INFO tempest.lib.common.rest_client [req-30ccbf6f-424f-4fa1-b189-7485c537c90f req-30ccbf6f-424f-4fa1-b189-7485c537c90f ] Request (ImagesDeleteNegativeTestJSON:test_delete_non_existent_image): 404 DELETE http://10.180.1.21/compute/v2.1/images/8152158e-6a82-401d-961c-1592c695c0e5 4.361s
2025-11-12 11:29:47.754 67997 INFO tempest.lib.common.rest_client [req-d92d80d3-89d2-49d9-a5ad-d84afa0c627e req-d92d80d3-89d2-49d9-a5ad-d84afa0c627e ] Request (ImagesDeleteNegativeTestJSON:tearDownClass): 204 DELETE http://10.180.1.21/identity/v3/users/1dc346be38fe4484a8bfce201abd0882 0.164s
2025-11-12 11:29:47.755 67997 INFO tempest.lib.common.dynamic_creds [-] Deleting project and security group for project: 5c6328f036994ae79e26697dd864532c
2025-11-12 11:29:47.758 68017 INFO tempest.lib.common.rest_client [req-6384a68e-f823-49b0-afc6-fd4abb13e028 req-6384a68e-f823-49b0-afc6-fd4abb13e028 ] Request (ServersTestBootFromVolume:setUpClass): 201 POST http://10.180.1.21/networking/v2.0/subnets 1.459s
2025-11-12 11:29:47.788 68029 INFO tempest.lib.common.rest_client [req-9a686238-d047-46b3-8782-4ad4a8e22f52 req-9a686238-d047-46b3-8782-4ad4a8e22f52 ] Request (ServerAddressesTestJSON:tearDownClass): 200 GET http://10.180.1.21/networking/v2.0/security-groups?tenant_id=24e69ea054d84d42aa3ed08dbc8ee90f&name=default 1.446s
2025-11-12 11:29:47.835 67997 INFO tempest.lib.common.rest_client [req-b3ee52ef-2ccb-47a0-8a11-4f73c639546e req-b3ee52ef-2ccb-47a0-8a11-4f73c639546e ] Request (ImagesDeleteNegativeTestJSON:tearDownClass): 201 POST http://10.180.1.21/identity/v3/auth/tokens 0.079s
2025-11-12 11:29:47.848 68035 INFO tempest.lib.common.rest_client [req-35384fb0-7294-4658-90df-0994a90e696f req-35384fb0-7294-4658-90df-0994a90e696f ] Request (SecurityGroupsTestJSON:test_security_group_create_get_delete): 404 GET http://10.180.1.21/compute/v2.1/os-security-groups/62e01ab8-712f-40e3-a94d-5256dbd4ad0f 4.642s
2025-11-12 11:29:47.920 68047 INFO tempest.lib.common.rest_client [req-bf4dce4b-4cf5-4ad6-a207-d115e1b68f14 req-bf4dce4b-4cf5-4ad6-a207-d115e1b68f14 ] Request (AttachVolumeTestJSON:test_attach_detach_volume): 200 GET http://10.180.1.21/compute/v2.1/servers/f585f920-bae7-4884-a28c-74cb89d8352c 4.689s
2025-11-12 11:29:48.063 68011 INFO tempest.lib.common.rest_client [req-3758be26-a07c-44db-b32a-6b1cef48f993 req-3758be26-a07c-44db-b32a-6b1cef48f993 ] Request (ServerDiskConfigTestJSON:_run_cleanups): 204 DELETE http://10.180.1.21/compute/v2.1/servers/fd6d93f7-c673-4c1a-970c-7dca1579a903 4.630s
2025-11-12 11:29:48.092 68005 INFO tempest.lib.common.rest_client [req-82da4cf0-b4e2-4742-8bf9-cfd97bb1c89a req-82da4cf0-b4e2-4742-8bf9-cfd97bb1c89a ] Request (AggregatesAdminNegativeTestJSON:_run_cleanups): 200 DELETE http://10.180.1.21/compute/v2.1/os-aggregates/5 4.646s
2025-11-12 11:29:48.140 68029 INFO tempest.lib.common.rest_client [req-8aade871-0b3b-40dd-801f-506ab14aef8c req-8aade871-0b3b-40dd-801f-506ab14aef8c ] Request (ServerAddressesTestJSON:tearDownClass): 204 DELETE http://10.180.1.21/networking/v2.0/security-groups/0397f84d-a88b-47d9-adfc-c8bc8f018ba6 0.351s
2025-11-12 11:29:48.163 68011 INFO tempest.lib.common.rest_client [req-829ff6df-1e77-47eb-900a-2ff7d1fae4b5 req-829ff6df-1e77-47eb-900a-2ff7d1fae4b5 ] Request (ServerDiskConfigTestJSON:test_rebuild_server_with_manual_disk_config): 201 POST http://10.180.1.21/identity/v3/auth/tokens 0.093s
2025-11-12 11:29:48.163 68011 INFO tempest.lib.common.fixed_network [-] (ServerDiskConfigTestJSON:test_rebuild_server_with_manual_disk_config) Found network {'id': 'f5a8c7a4-dc68-4988-b02f-dd6243429749', 'name': 'tempest-ServerDiskConfigTestJSON-1929001478-network', 'tenant_id': '98f15181819d4618a01bd4f91370ef71', 'project_id': '98f15181819d4618a01bd4f91370ef71', 'admin_state_up': True, 'mtu': 8950, 'status': 'ACTIVE', 'subnets': [], 'shared': False, 'port_security_enabled': True, 'router:external': False, 'provider:network_type': 'vlan', 'provider:physical_network': 'default', 'provider:segmentation_id': 647, 'availability_zone_hints': [], 'availability_zones': [], 'ipv4_address_scope': None, 'ipv6_address_scope': None, 'description': '', 'tags': [], 'created_at': '2025-11-12T11:28:33Z', 'updated_at': '2025-11-12T11:28:33Z', 'revision_number': 1} available for tenant
2025-11-12 11:29:48.221 68029 INFO tempest.lib.common.rest_client [req-91210a10-ca07-43a9-9d0e-181f6dd3e4e0 req-91210a10-ca07-43a9-9d0e-181f6dd3e4e0 ] Request (ServerAddressesTestJSON:tearDownClass): 204 DELETE http://10.180.1.21/identity/v3/projects/24e69ea054d84d42aa3ed08dbc8ee90f 0.080s
2025-11-12 11:29:48.284 68029 INFO tempest.lib.common.rest_client [req-9eb5e326-72df-46ee-9adf-da1c8e7c2d3e req-9eb5e326-72df-46ee-9adf-da1c8e7c2d3e ] Request (ServersNegativeTestJSON:setUpClass): 201 POST http://10.180.1.21/identity/v3/auth/tokens 0.061s
2025-11-12 11:29:48.316 68029 INFO tempest.lib.common.rest_client [req-8daccba5-94e1-456c-b670-48f56f11773f req-8daccba5-94e1-456c-b670-48f56f11773f ] Request (ServersNegativeTestJSON:setUpClass): 201 POST http://10.180.1.21/identity/v3/auth/tokens 0.030s
2025-11-12 11:29:48.345 68029 INFO tempest.lib.common.rest_client [req-d92427c9-5318-4b34-89e0-991e669d2389 req-d92427c9-5318-4b34-89e0-991e669d2389 ] Request (ServersNegativeTestJSON:setUpClass): 200 GET http://10.180.1.21/identity/v3/domains?name=Default 0.028s
2025-11-12 11:29:48.378 68029 INFO tempest.lib.common.rest_client [req-32821573-7704-4bce-989d-5b6aa3c544b7 req-32821573-7704-4bce-989d-5b6aa3c544b7 ] Request (ServersNegativeTestJSON:setUpClass): 201 POST http://10.180.1.21/identity/v3/projects 0.033s
2025-11-12 11:29:48.404 67997 INFO tempest.lib.common.rest_client [req-727a6d39-7271-4901-80f0-6c633538f07d req-727a6d39-7271-4901-80f0-6c633538f07d ] Request (ImagesDeleteNegativeTestJSON:tearDownClass): 200 GET http://10.180.1.21/networking/v2.0/security-groups?tenant_id=5c6328f036994ae79e26697dd864532c&name=default 0.569s
2025-11-12 11:29:48.460 68029 INFO tempest.lib.common.rest_client [req-061b279a-ea98-4b63-86c6-4ec09f4dfb52 req-061b279a-ea98-4b63-86c6-4ec09f4dfb52 ] Request (ServersNegativeTestJSON:setUpClass): 201 POST http://10.180.1.21/identity/v3/users 0.081s
2025-11-12 11:29:48.486 68029 INFO tempest.lib.common.rest_client [req-d4fdb13c-3dff-4c4a-81e2-0901005c78cf req-d4fdb13c-3dff-4c4a-81e2-0901005c78cf ] Request (ServersNegativeTestJSON:setUpClass): 200 GET http://10.180.1.21/identity/v3/roles 0.025s
2025-11-12 11:29:48.514 68029 INFO tempest.lib.common.rest_client [req-df3e6a6d-70ab-4949-a28a-3b7f05ee4368 req-df3e6a6d-70ab-4949-a28a-3b7f05ee4368 ] Request (ServersNegativeTestJSON:setUpClass): 204 PUT http://10.180.1.21/identity/v3/projects/594cc9b800d2479693be4041ca32bb7f/users/fb59f6ee0f8740f0a980f2261b904d46/roles/3b239aed87564a7ba2ce5339da7b2bf9 0.028s
2025-11-12 11:29:48.514 68029 INFO tempest.lib.common.dynamic_creds [-] Dynamic test user fb59f6ee0f8740f0a980f2261b904d46 is created with scope project and roles: ['member']
2025-11-12 11:29:48.515 68029 INFO tempest.lib.common.dynamic_creds [-] Acquired dynamic creds: credentials: Credentials: {'domain_id': 'default', 'domain_name': 'Default', 'username': 'tempest-ServersNegativeTestJSON-724668874-project-member', 'project_domain_id': 'default', 'project_domain_name': 'Default', 'project_id': '594cc9b800d2479693be4041ca32bb7f', 'project_name': 'tempest-ServersNegativeTestJSON-724668874', 'tenant_id': '594cc9b800d2479693be4041ca32bb7f', 'tenant_name': 'tempest-ServersNegativeTestJSON-724668874', 'user_domain_id': 'default', 'user_domain_name': 'Default', 'user_id': 'fb59f6ee0f8740f0a980f2261b904d46', 'system': None}, Network: None, Subnet: None, Router: None
2025-11-12 11:29:48.569 68029 INFO tempest.lib.common.rest_client [req-55446887-2184-4d92-a862-d23eb28064e6 req-55446887-2184-4d92-a862-d23eb28064e6 ] Request (ServersNegativeTestJSON:setUpClass): 201 POST http://10.180.1.21/identity/v3/auth/tokens 0.054s
2025-11-12 11:29:48.728 68017 INFO tempest.lib.common.rest_client [req-42c864e0-101f-4b25-8689-e90b2c52b307 req-42c864e0-101f-4b25-8689-e90b2c52b307 ] Request (ServersTestBootFromVolume:setUpClass): 201 POST http://10.180.1.21/networking/v2.0/routers 0.970s
2025-11-12 11:29:48.866 67997 INFO tempest.lib.common.rest_client [req-ffce0cb7-cef0-4962-99b0-90c8dbff4cae req-ffce0cb7-cef0-4962-99b0-90c8dbff4cae ] Request (ImagesDeleteNegativeTestJSON:tearDownClass): 204 DELETE http://10.180.1.21/networking/v2.0/security-groups/1d02fb43-299e-4eaa-b460-955c1ee9097c 0.462s
2025-11-12 11:29:48.873 68001 INFO tempest.lib.common.rest_client [req-9d4dbf02-a333-440c-b568-8ff22e116dba req-9d4dbf02-a333-440c-b568-8ff22e116dba ] Request (SecurityGroupRulesNegativeTestJSON:tearDownClass): 202 DELETE http://10.180.1.21/compute/v2.1/os-security-groups/6a1db7b1-feb2-41fd-8e8e-7d3605f998a5 5.501s
2025-11-12 11:29:48.934 67997 INFO tempest.lib.common.rest_client [req-7d8b2f8d-6ace-41b9-a7c1-1984f5fb4c37 req-7d8b2f8d-6ace-41b9-a7c1-1984f5fb4c37 ] Request (ImagesDeleteNegativeTestJSON:tearDownClass): 204 DELETE http://10.180.1.21/identity/v3/projects/5c6328f036994ae79e26697dd864532c 0.068s
2025-11-12 11:29:48.992 67997 INFO tempest.lib.common.rest_client [req-7feafb2a-f469-467b-bf33-782c0b9d2bc1 req-7feafb2a-f469-467b-bf33-782c0b9d2bc1 ] Request (KeyPairsV22TestJSON:setUpClass): 201 POST http://10.180.1.21/identity/v3/auth/tokens 0.055s
2025-11-12 11:29:49.029 67997 INFO tempest.lib.common.rest_client [req-d2c69dda-be9e-44c9-bef6-8bab73b4b780 req-d2c69dda-be9e-44c9-bef6-8bab73b4b780 ] Request (KeyPairsV22TestJSON:setUpClass): 201 POST http://10.180.1.21/identity/v3/auth/tokens 0.035s
2025-11-12 11:29:49.068 67997 INFO tempest.lib.common.rest_client [req-1a9fb538-55ad-477c-9c82-f6ea469a42c6 req-1a9fb538-55ad-477c-9c82-f6ea469a42c6 ] Request (KeyPairsV22TestJSON:setUpClass): 200 GET http://10.180.1.21/identity/v3/domains?name=Default 0.038s
2025-11-12 11:29:49.121 67997 INFO tempest.lib.common.rest_client [req-2851a65e-af89-4a0d-bd63-30e5cfb322d4 req-2851a65e-af89-4a0d-bd63-30e5cfb322d4 ] Request (KeyPairsV22TestJSON:setUpClass): 201 POST http://10.180.1.21/identity/v3/projects 0.051s
2025-11-12 11:29:49.208 67997 INFO tempest.lib.common.rest_client [req-a43597ba-2979-4926-93f6-7b6f8b56a2f6 req-a43597ba-2979-4926-93f6-7b6f8b56a2f6 ] Request (KeyPairsV22TestJSON:setUpClass): 201 POST http://10.180.1.21/identity/v3/users 0.086s
2025-11-12 11:29:49.235 68029 INFO tempest.lib.common.rest_client [req-2a16fe68-f338-47c4-bcc8-8bcbe7f7043e req-2a16fe68-f338-47c4-bcc8-8bcbe7f7043e ] Request (ServersNegativeTestJSON:setUpClass): 201 POST http://10.180.1.21/networking/v2.0/networks 0.665s
2025-11-12 11:29:49.240 67997 INFO tempest.lib.common.rest_client [req-ff2a1ab7-d0dc-44ca-9a39-56385266bc09 req-ff2a1ab7-d0dc-44ca-9a39-56385266bc09 ] Request (KeyPairsV22TestJSON:setUpClass): 200 GET http://10.180.1.21/identity/v3/roles 0.031s
2025-11-12 11:29:49.273 67997 INFO tempest.lib.common.rest_client [req-44675ab9-9236-4501-a08b-2d5c8511a974 req-44675ab9-9236-4501-a08b-2d5c8511a974 ] Request (KeyPairsV22TestJSON:setUpClass): 204 PUT http://10.180.1.21/identity/v3/projects/478d17cceb3a456fa6cc293364dee23f/users/c65eda6651de46979395f67f2d06dfb6/roles/3b239aed87564a7ba2ce5339da7b2bf9 0.032s
2025-11-12 11:29:49.273 67997 INFO tempest.lib.common.dynamic_creds [-] Dynamic test user c65eda6651de46979395f67f2d06dfb6 is created with scope project and roles: ['member']
2025-11-12 11:29:49.273 67997 INFO tempest.lib.common.dynamic_creds [-] Acquired dynamic creds: credentials: Credentials: {'domain_id': 'default', 'domain_name': 'Default', 'username': 'tempest-KeyPairsV22TestJSON-543003485-project-member', 'project_domain_id': 'default', 'project_domain_name': 'Default', 'project_id': '478d17cceb3a456fa6cc293364dee23f', 'project_name': 'tempest-KeyPairsV22TestJSON-543003485', 'tenant_id': '478d17cceb3a456fa6cc293364dee23f', 'tenant_name': 'tempest-KeyPairsV22TestJSON-543003485', 'user_domain_id': 'default', 'user_domain_name': 'Default', 'user_id': 'c65eda6651de46979395f67f2d06dfb6', 'system': None}, Network: None, Subnet: None, Router: None
2025-11-12 11:29:49.273 67997 INFO tempest.lib.common.dynamic_creds [-] Created isolated network resources for: credentials: Credentials: {'domain_id': 'default', 'domain_name': 'Default', 'username': 'tempest-KeyPairsV22TestJSON-543003485-project-member', 'project_domain_id': 'default', 'project_domain_name': 'Default', 'project_id': '478d17cceb3a456fa6cc293364dee23f', 'project_name': 'tempest-KeyPairsV22TestJSON-543003485', 'tenant_id': '478d17cceb3a456fa6cc293364dee23f', 'tenant_name': 'tempest-KeyPairsV22TestJSON-543003485', 'user_domain_id': 'default', 'user_domain_name': 'Default', 'user_id': 'c65eda6651de46979395f67f2d06dfb6', 'system': None}, Network: None, Subnet: None, Router: None
2025-11-12 11:29:49.379 67997 INFO tempest.lib.common.rest_client [req-c430be62-c66c-421f-9222-74edffe4fbf4 req-c430be62-c66c-421f-9222-74edffe4fbf4 ] Request (KeyPairsV22TestJSON:setUpClass): 201 POST http://10.180.1.21/identity/v3/auth/tokens 0.102s
2025-11-12 11:29:50.162 68017 INFO tempest.lib.common.rest_client [req-3b4354b3-c63e-4d74-b46b-fd122eeb3176 req-3b4354b3-c63e-4d74-b46b-fd122eeb3176 ] Request (ServersTestBootFromVolume:setUpClass): 200 PUT http://10.180.1.21/networking/v2.0/routers/724bc8c2-21b5-4608-bf77-101c6251fe1a/add_router_interface 1.434s
2025-11-12 11:29:50.163 68017 INFO tempest.lib.common.dynamic_creds [-] Created isolated network resources for: credentials: Credentials: {'domain_id': 'default', 'domain_name': 'Default', 'username': 'tempest-ServersTestBootFromVolume-2034987498-project-member', 'project_domain_id': 'default', 'project_domain_name': 'Default', 'project_id': '36751275a3fd41db9672be3a33abb3fc', 'project_name': 'tempest-ServersTestBootFromVolume-2034987498', 'tenant_id': '36751275a3fd41db9672be3a33abb3fc', 'tenant_name': 'tempest-ServersTestBootFromVolume-2034987498', 'user_domain_id': 'default', 'user_domain_name': 'Default', 'user_id': 'fe82194f222247c9a2ef0649838092e4', 'system': None}, Network: {'id': 'eafd2217-e5aa-4ab0-b7ae-f8ecddbcaec9', 'name': 'tempest-ServersTestBootFromVolume-1900873325-network', 'tenant_id': '36751275a3fd41db9672be3a33abb3fc', 'project_id': '36751275a3fd41db9672be3a33abb3fc', 'admin_state_up': True, 'mtu': 8950, 'status': 'ACTIVE', 'subnets': [], 'shared': False, 'port_security_enabled': True, 'router:external': False, 'provider:network_type': 'vlan', 'provider:physical_network': 'default', 'provider:segmentation_id': 461, 'availability_zone_hints': [], 'availability_zones': [], 'ipv4_address_scope': None, 'ipv6_address_scope': None, 'description': '', 'tags': [], 'created_at': '2025-11-12T11:29:46Z', 'updated_at': '2025-11-12T11:29:46Z', 'revision_number': 1}, Subnet: {'id': '2a84454f-c9c6-43f9-81e7-2fb706ed171d', 'name': 'tempest-ServersTestBootFromVolume-1900873325-subnet', 'tenant_id': '36751275a3fd41db9672be3a33abb3fc', 'network_id': 'eafd2217-e5aa-4ab0-b7ae-f8ecddbcaec9', 'ip_version': 4, 'subnetpool_id': None, 'enable_dhcp': True, 'ipv6_ra_mode': None, 'ipv6_address_mode': None, 'gateway_ip': '192.168.128.1', 'cidr': '192.168.128.0/28', 'allocation_pools': [{'start': '192.168.128.2', 'end': '192.168.128.14'}], 'host_routes': [], 'dns_nameservers': [], 'description': '', 'router:external': False, 'service_types': [], 'tags': [], 'created_at': '2025-11-12T11:29:47Z', 'updated_at': '2025-11-12T11:29:47Z', 'revision_number': 0, 'project_id': '36751275a3fd41db9672be3a33abb3fc'}, Router: {'id': '724bc8c2-21b5-4608-bf77-101c6251fe1a', 'name': 'tempest-ServersTestBootFromVolume-1900873325-router', 'tenant_id': '36751275a3fd41db9672be3a33abb3fc', 'admin_state_up': True, 'status': 'ACTIVE', 'external_gateway_info': {'network_id': '6416ba02-21ea-4d63-9fbd-6a3c625ae245', 'external_fixed_ips': [{'subnet_id': 'fc21a2bd-d936-4550-af71-45dde09bc865', 'ip_address': '10.180.180.154'}], 'enable_snat': True}, 'description': '', 'availability_zones': [], 'distributed': False, 'ha': False, 'availability_zone_hints': [], 'routes': [], 'flavor_id': None, 'tags': [], 'created_at': '2025-11-12T11:29:47Z', 'updated_at': '2025-11-12T11:29:48Z', 'revision_number': 2, 'project_id': '36751275a3fd41db9672be3a33abb3fc'}
2025-11-12 11:29:50.242 68043 INFO tempest.lib.common.rest_client [req-52f23fe9-d25a-4c8c-ba57-8bb9a483954c req-52f23fe9-d25a-4c8c-ba57-8bb9a483954c ] Request (ListServersNegativeTestJSON:setUpClass): 200 GET http://10.180.1.21/compute/v2.1/servers/24c81182-f51d-4e33-b94a-a7c3eae7e16b 6.754s
2025-11-12 11:29:50.253 68043 INFO tempest.common.waiters [-] State transition "BUILD/None" ==> "BUILD/networking" after 23 second wait
2025-11-12 11:29:50.268 67991 INFO tempest.lib.common.rest_client [req-8a7fae42-59de-4b08-818d-5f98b74e0e3d req-8a7fae42-59de-4b08-818d-5f98b74e0e3d ] Request (FlavorsAccessNegativeTestJSON:test_remove_flavor_access_not_found): 200 POST http://10.180.1.21/compute/v2.1/flavors 6.732s
2025-11-12 11:29:50.270 68017 INFO tempest.lib.common.rest_client [req-ed83cfc8-882b-48de-a83c-89d9d9c324cc req-ed83cfc8-882b-48de-a83c-89d9d9c324cc ] Request (ServersTestBootFromVolume:setUpClass): 201 POST http://10.180.1.21/identity/v3/auth/tokens 0.104s
2025-11-12 11:29:50.293 68032 INFO tempest.lib.common.rest_client [req-3d3beb7e-3f19-4936-bc06-ae8d235bd766 req-3d3beb7e-3f19-4936-bc06-ae8d235bd766 ] Request (FlavorsAdminTestJSON:_run_cleanups): 200 GET http://10.180.1.21/compute/v2.1/flavors/detail 6.745s
2025-11-12 11:29:50.420 68013 INFO tempest.lib.common.rest_client [req-b152de7b-f6a6-4dca-98a3-42079b06a0f1 req-b152de7b-f6a6-4dca-98a3-42079b06a0f1 ] Request (TenantUsagesNegativeTestJSON:test_list_usage_all_tenants_with_non_admin_user): 403 GET http://10.180.1.21/compute/v2.1/os-simple-tenant-usage?start=2025-11-11T11%3A29%3A37.004398&end=2025-11-13T11%3A29%3A37.004398&detailed=1 6.864s
2025-11-12 11:29:50.512 68029 INFO tempest.lib.common.rest_client [req-3a6322b6-41e1-46ac-8bdf-ae80ca05de33 req-3a6322b6-41e1-46ac-8bdf-ae80ca05de33 ] Request (ServersNegativeTestJSON:setUpClass): 201 POST http://10.180.1.21/networking/v2.0/subnets 1.275s
2025-11-12 11:29:50.558 68013 INFO tempest.lib.common.rest_client [req-784b7b28-856c-48d0-ac68-b8944e4910a6 req-784b7b28-856c-48d0-ac68-b8944e4910a6 ] Request (TenantUsagesNegativeTestJSON:tearDownClass): 204 DELETE http://10.180.1.21/identity/v3/users/8a2ee47a8a40488a817c2c78db305aaa 0.137s
2025-11-12 11:29:50.598 68023 INFO tempest.lib.common.rest_client [req-eba93011-0784-4375-ae7a-f9b9b5902334 req-eba93011-0784-4375-ae7a-f9b9b5902334 ] Request (AttachInterfacesUnderV243Test:test_add_remove_fixed_ip): 200 GET http://10.180.1.21/compute/v2.1/servers/d02fbbd9-f104-4905-9714-ceb1bcc72ec1 7.077s
2025-11-12 11:29:50.613 68023 INFO tempest.common.waiters [-] State transition "BUILD/spawning" ==> "ACTIVE/None" after 34 second wait
2025-11-12 11:29:50.634 68021 INFO tempest.lib.common.rest_client [req-8224a8bc-f6dd-4221-8ba8-ae684a79e792 req-8224a8bc-f6dd-4221-8ba8-ae684a79e792 ] Request (FlavorsV2TestJSON:test_list_flavors_using_marker): 200 GET http://10.180.1.21/compute/v2.1/flavors?marker=42 5.946s
2025-11-12 11:29:50.668 68013 INFO tempest.lib.common.rest_client [req-6c843000-c57c-45e3-828b-086553331275 req-6c843000-c57c-45e3-828b-086553331275 ] Request (TenantUsagesNegativeTestJSON:tearDownClass): 204 DELETE http://10.180.1.21/identity/v3/users/738c6db059e94518a6eea812df61f088 0.110s
2025-11-12 11:29:50.669 68013 INFO tempest.lib.common.dynamic_creds [-] Deleting project and security group for project: dabb949d7f654f14a213a025be75af6f
2025-11-12 11:29:50.738 68013 INFO tempest.lib.common.rest_client [req-1a9a33d1-271f-422c-8bd8-948c90f0605e req-1a9a33d1-271f-422c-8bd8-948c90f0605e ] Request (TenantUsagesNegativeTestJSON:tearDownClass): 201 POST http://10.180.1.21/identity/v3/auth/tokens 0.069s
2025-11-12 11:29:50.954 67993 INFO tempest.lib.common.rest_client [req-4ad67250-0564-42cf-b9e9-e61824da7acd req-4ad67250-0564-42cf-b9e9-e61824da7acd ] Request (ServersWithSpecificFlavorTestJSON:test_verify_created_server_ephemeral_disk): 200 GET http://10.180.1.21/compute/v2.1/servers/5f7b3e79-793c-4284-abb1-42ba9d05d5f8 6.460s
2025-11-12 11:29:50.963 67993 INFO tempest.lib.common.ssh [-] Creating ssh connection to '10.180.180.187:22' as 'cirros' with public key authentication
2025-11-12 11:29:51.175 68013 INFO tempest.lib.common.rest_client [req-62cd0b9e-0235-4d07-bbdf-3d4a4d4aa938 req-62cd0b9e-0235-4d07-bbdf-3d4a4d4aa938 ] Request (TenantUsagesNegativeTestJSON:tearDownClass): 200 GET http://10.180.1.21/networking/v2.0/security-groups?tenant_id=dabb949d7f654f14a213a025be75af6f&name=default 0.437s
2025-11-12 11:29:51.336 68037 INFO tempest.lib.common.rest_client [req-0f1218f6-4f27-4395-9864-cad91d0962dd req-0f1218f6-4f27-4395-9864-cad91d0962dd ] Request (SecurityGroupsTestAdminJSON:_run_cleanups): 202 DELETE http://10.180.1.21/compute/v2.1/os-security-groups/c79394f3-a407-4252-8f40-6d8ba12c939b 6.496s
2025-11-12 11:29:51.399 67985 INFO tempest.lib.common.rest_client [req-8f93168f-85f8-4615-b904-9ad49f3c8cf8 req-8f93168f-85f8-4615-b904-9ad49f3c8cf8 ] Request (ServicesAdminNegativeV253TestJSON:test_get_service_by_invalid_service_and_valid_host): 200 GET http://10.180.1.21/compute/v2.1/os-services 6.087s
2025-11-12 11:29:51.429 68029 INFO tempest.lib.common.rest_client [req-eb61708e-93c0-41b2-bdb2-2e95bbee87b6 req-eb61708e-93c0-41b2-bdb2-2e95bbee87b6 ] Request (ServersNegativeTestJSON:setUpClass): 201 POST http://10.180.1.21/networking/v2.0/routers 0.917s
2025-11-12 11:29:51.474 68013 INFO tempest.lib.common.rest_client [req-55f6523f-af88-4e9b-95fa-c6d29f22a6d4 req-55f6523f-af88-4e9b-95fa-c6d29f22a6d4 ] Request (TenantUsagesNegativeTestJSON:tearDownClass): 204 DELETE http://10.180.1.21/networking/v2.0/security-groups/7f854af6-69dc-4962-aa69-8ecabb0667d0 0.299s
2025-11-12 11:29:51.521 68019 INFO tempest.lib.common.rest_client [req-b10d46d2-76e4-4a03-8dfa-eca093fb18bc req-b10d46d2-76e4-4a03-8dfa-eca093fb18bc ] Request (ImagesOneServerNegativeTestJSON:tearDown): 200 GET http://10.180.1.21/compute/v2.1/servers/1a2564d0-3654-477f-8d8e-eb072c395632 6.497s
2025-11-12 11:29:51.573 68013 INFO tempest.lib.common.rest_client [req-cd258cdc-a7e9-4b89-ba1b-89038bf8f82e req-cd258cdc-a7e9-4b89-ba1b-89038bf8f82e ] Request (TenantUsagesNegativeTestJSON:tearDownClass): 204 DELETE http://10.180.1.21/identity/v3/projects/dabb949d7f654f14a213a025be75af6f 0.099s
2025-11-12 11:29:51.573 68013 INFO tempest.lib.common.dynamic_creds [-] Deleting project and security group for project: 35499a05e0384ae9b6932ed19bbce219
2025-11-12 11:29:51.610 68007 INFO tempest.lib.common.rest_client [req-a4280d58-76be-4236-b98b-ac6a4ed0d950 req-a4280d58-76be-4236-b98b-ac6a4ed0d950 ] Request (QuotasAdminTestV236:test_get_updated_quotas): 200 PUT http://10.180.1.21/compute/v2.1/os-quota-sets/5ab57563557b4b64bd273a1a3fb1a566?user_id=73391dd044d54298980c9155401de79b 6.159s
2025-11-12 11:29:51.876 67995 WARNING tempest.lib.common.ssh [-] Failed to establish authenticated ssh connection to cirros@10.180.180.197 ([Errno None] Unable to connect to port 22 on 10.180.180.197). Number attempts: 5. Retry after 6 seconds.: paramiko.ssh_exception.NoValidConnectionsError: [Errno None] Unable to connect to port 22 on 10.180.180.197
2025-11-12 11:29:51.918 68009 INFO paramiko.transport [-] Connected (version 2.0, client dropbear_2020.81)
2025-11-12 11:29:51.934 68013 INFO tempest.lib.common.rest_client [req-a4fa1f74-ceae-41a7-b8ec-76afc9343239 req-a4fa1f74-ceae-41a7-b8ec-76afc9343239 ] Request (TenantUsagesNegativeTestJSON:tearDownClass): 200 GET http://10.180.1.21/networking/v2.0/security-groups?tenant_id=35499a05e0384ae9b6932ed19bbce219&name=default 0.360s
2025-11-12 11:29:51.961 68033 INFO tempest.lib.common.rest_client [req-d1c9b1b1-7dc7-4f37-b497-aadab67f5860 req-d1c9b1b1-7dc7-4f37-b497-aadab67f5860 ] Request (ServersAdmin275Test:tearDownClass): 200 GET http://10.180.1.21/compute/v2.1/servers/2e78131b-3f27-483b-addf-193de1fd25a1 5.928s
2025-11-12 11:29:51.981 68009 INFO paramiko.transport [-] Authentication (publickey) successful!
2025-11-12 11:29:51.981 68009 INFO tempest.lib.common.ssh [-] ssh connection to cirros@10.180.180.158 successfully created
2025-11-12 11:29:52.017 68041 INFO tempest.lib.common.rest_client [req-37dbe348-e6f2-4160-a155-ef3ecfd22bd1 req-37dbe348-e6f2-4160-a155-ef3ecfd22bd1 ] Request (ServersAdminTestJSON:setUpClass): 200 GET http://10.180.1.21/compute/v2.1/servers/bee4e8ba-f14c-4ea3-9fd1-b0fbe2700ca9 6.336s
2025-11-12 11:29:52.025 68041 INFO tempest.common.waiters [-] State transition "BUILD/spawning" ==> "ACTIVE/None" after 35 second wait
2025-11-12 11:29:52.190 68013 INFO tempest.lib.common.rest_client [req-6d156944-6093-4969-8267-039e893504c0 req-6d156944-6093-4969-8267-039e893504c0 ] Request (TenantUsagesNegativeTestJSON:tearDownClass): 204 DELETE http://10.180.1.21/networking/v2.0/security-groups/06f7bcce-7b35-4e1d-8097-914bc4d6382d 0.256s
2025-11-12 11:29:52.331 68013 INFO tempest.lib.common.rest_client [req-1be8217f-0f4f-4b68-881d-e7da29e54c13 req-1be8217f-0f4f-4b68-881d-e7da29e54c13 ] Request (TenantUsagesNegativeTestJSON:tearDownClass): 204 DELETE http://10.180.1.21/identity/v3/projects/35499a05e0384ae9b6932ed19bbce219 0.140s
2025-11-12 11:29:52.414 68013 INFO tempest.lib.common.rest_client [req-3a353915-6740-4446-a48d-f15452cc54da req-3a353915-6740-4446-a48d-f15452cc54da ] Request (VolumesAdminNegativeTest:setUpClass): 201 POST http://10.180.1.21/identity/v3/auth/tokens 0.081s
