2025-11-12 11:31:19.604 68009 INFO tempest.lib.common.fixed_network [-] (AttachInterfacesTestJSON:test_create_list_show_delete_interfaces_by_network_port) Found network {'id': 'e8bad5dc-a7ca-420c-ae7e-d8802d28d9ff', 'name': 'tempest-AttachInterfacesTestJSON-849197985-network', 'tenant_id': 'f983cbf9ef724bfd8e27882fccbebbaf', 'project_id': 'f983cbf9ef724bfd8e27882fccbebbaf', 'admin_state_up': True, 'mtu': 8950, 'status': 'ACTIVE', 'subnets': [], 'shared': False, 'port_security_enabled': True, 'router:external': False, 'provider:network_type': 'vlan', 'provider:physical_network': 'default', 'provider:segmentation_id': 727, 'availability_zone_hints': [], 'availability_zones': [], 'ipv4_address_scope': None, 'ipv6_address_scope': None, 'description': '', 'tags': [], 'created_at': '2025-11-12T11:28:35Z', 'updated_at': '2025-11-12T11:28:35Z', 'revision_number': 1} available for tenant
2025-11-12 11:31:19.617 67997 INFO tempest.lib.common.rest_client [req-905f0c00-17ed-491a-82af-e2bf21da5a39 req-905f0c00-17ed-491a-82af-e2bf21da5a39 ] Request (ServerActionsTestOtherB:setUpClass): 200 GET http://10.180.1.21/compute/v2.1/servers/a7a0ba52-7a78-4a2c-bff3-f92e8c848b59 0.666s
2025-11-12 11:31:19.649 68027 INFO tempest.lib.common.rest_client [req-4690bc2c-fd1c-4a2e-ac44-6d0bbdba9a40 req-4690bc2c-fd1c-4a2e-ac44-6d0bbdba9a40 ] Request (ListServerFiltersTestJSON:test_list_servers_filter_by_server_name): 200 GET http://10.180.1.21/compute/v2.1/servers?name=tempest-ListServerFiltersTestJSON-instance-401616888 0.737s
2025-11-12 11:31:19.702 68035 INFO tempest.lib.common.rest_client [req-048db2d6-f14e-4cfa-9f6e-77b8ee4643e3 req-048db2d6-f14e-4cfa-9f6e-77b8ee4643e3 ] Request (SecurityGroupsTestJSON:test_server_security_groups): 200 GET http://10.180.1.21/compute/v2.1/servers/3b7c9d24-b619-476a-a9a3-b611c2e6bcf3 0.683s
2025-11-12 11:31:19.758 68032 INFO tempest.lib.common.rest_client [req-e1c56dbb-e551-4aa3-88d4-b557505482e0 req-e1c56dbb-e551-4aa3-88d4-b557505482e0 ] Request (ServersTestMultiNic:test_verify_duplicate_network_nics): 200 GET http://10.180.1.21/compute/v2.1/servers/a11845b2-c4d7-42ee-9c1e-6ad7e894555b 0.720s
2025-11-12 11:31:19.812 68033 INFO tempest.lib.common.rest_client [req-2f9ac5dc-0be9-4525-81d3-a3a8e5603886 req-2f9ac5dc-0be9-4525-81d3-a3a8e5603886 ] Request (ListImageFiltersTestJSON:setUpClass): 200 GET http://10.180.1.21/compute/v2.1/servers/3813cc58-1915-4707-8fff-370188d36b4d 0.486s
2025-11-12 11:31:19.881 68043 INFO tempest.lib.common.rest_client [req-4931ef59-64a3-4885-a54c-d96d797405fb req-4931ef59-64a3-4885-a54c-d96d797405fb ] Request (ListServersNegativeTestJSON:tearDownClass): 200 GET http://10.180.1.21/compute/v2.1/servers/59752ab5-3c6d-4066-baa8-efebe81769ce 0.545s
2025-11-12 11:31:19.893 68003 INFO tempest.lib.common.rest_client [req-20aa3b9f-4aab-4a6f-89a2-743cc001e6e5 req-20aa3b9f-4aab-4a6f-89a2-743cc001e6e5 ] Request (ServerGroupTestJSON:test_create_delete_server_group_with_anti_affinity_policy): 200 GET http://10.180.1.21/compute/v2.1/os-server-groups 0.349s
2025-11-12 11:31:19.914 68045 INFO tempest.lib.common.rest_client [req-0aec3895-3603-4d96-9cc4-31642a2b838f req-0aec3895-3603-4d96-9cc4-31642a2b838f ] Request (VolumesSnapshotsTestJSON:tearDownClass): 404 GET http://10.180.1.21/compute/v2.1/os-volumes/ff9beba3-5fb3-4926-90e5-63ccc3f7e10b 0.350s
2025-11-12 11:31:19.950 68015 INFO tempest.lib.common.rest_client [req-49f82254-23e1-472d-be4c-346a6e5ad6f0 req-49f82254-23e1-472d-be4c-346a6e5ad6f0 ] Request (DeleteServersAdminTestJSON:test_admin_delete_servers_of_others): 202 POST http://10.180.1.21/compute/v2.1/servers 0.983s
2025-11-12 11:31:19.963 68003 INFO tempest.lib.common.rest_client [req-c0f61f64-2aaa-46b4-b747-9cac29652778 req-c0f61f64-2aaa-46b4-b747-9cac29652778 ] Request (ServerGroupTestJSON:test_create_server_with_scheduler_hint_group): 201 POST http://10.180.1.21/identity/v3/auth/tokens 0.065s
2025-11-12 11:31:19.964 68003 INFO tempest.lib.common.fixed_network [-] (ServerGroupTestJSON:test_create_server_with_scheduler_hint_group) Found network {'id': 'ca32fb40-d890-4f86-9104-8422585a946f', 'name': 'tempest-ServerGroupTestJSON-1061132151-network', 'tenant_id': 'ea0f85aae4784b49ab6183f1f98b3b90', 'project_id': 'ea0f85aae4784b49ab6183f1f98b3b90', 'admin_state_up': True, 'mtu': 8950, 'status': 'ACTIVE', 'subnets': [], 'shared': False, 'port_security_enabled': True, 'router:external': False, 'provider:network_type': 'vlan', 'provider:physical_network': 'default', 'provider:segmentation_id': 63, 'availability_zone_hints': [], 'availability_zones': [], 'ipv4_address_scope': None, 'ipv6_address_scope': None, 'description': '', 'tags': [], 'created_at': '2025-11-12T11:30:59Z', 'updated_at': '2025-11-12T11:30:59Z', 'revision_number': 1} available for tenant
2025-11-12 11:31:19.997 68027 INFO tempest.lib.common.rest_client [req-25a5a55b-adf7-4175-b246-544bd0990737 req-25a5a55b-adf7-4175-b246-544bd0990737 ] Request (ListServerFiltersTestJSON:test_list_servers_filter_by_shutoff_status): 202 POST http://10.180.1.21/compute/v2.1/servers/09680099-d5c1-4f94-9404-48e539feb312/action 0.345s
2025-11-12 11:31:20.027 68045 INFO tempest.lib.common.rest_client [req-41087572-c716-4384-ab34-28f3c7b234b5 req-41087572-c716-4384-ab34-28f3c7b234b5 ] Request (VolumesSnapshotsTestJSON:tearDownClass): 204 DELETE http://10.180.1.21/identity/v3/users/cddc6ef580904b1390488f001e3e50fd 0.113s
2025-11-12 11:31:20.028 68045 INFO tempest.lib.common.dynamic_creds [-] Deleting project and security group for project: 6eae7ab05eeb447a973bf6ee852d4779
2025-11-12 11:31:20.064 68041 INFO tempest.lib.common.rest_client [req-8295b900-4e2b-4876-a676-e2ad6857d589 req-8295b900-4e2b-4876-a676-e2ad6857d589 ] Request (ServersAdminTestJSON:test_inject_network_info): 200 GET http://10.180.1.21/compute/v2.1/servers/11a1d282-3fd6-478e-83aa-86c482ff50ca 0.204s
2025-11-12 11:31:20.114 68015 INFO tempest.lib.common.rest_client [req-b4df62f1-52f8-4bb8-8328-be9d35f47bc7 req-b4df62f1-52f8-4bb8-8328-be9d35f47bc7 ] Request (DeleteServersAdminTestJSON:test_admin_delete_servers_of_others): 200 GET http://10.180.1.21/compute/v2.1/servers/18b20feb-1e1f-4f7f-b50c-eccca4897817 0.162s
2025-11-12 11:31:20.116 68045 INFO tempest.lib.common.rest_client [req-4af63308-691f-4f17-9a78-259a480053f2 req-4af63308-691f-4f17-9a78-259a480053f2 ] Request (VolumesSnapshotsTestJSON:tearDownClass): 201 POST http://10.180.1.21/identity/v3/auth/tokens 0.088s
2025-11-12 11:31:20.181 68047 INFO tempest.lib.common.rest_client [req-2eb0a370-e39d-42eb-a3c3-00240b1a2e6f req-2eb0a370-e39d-42eb-a3c3-00240b1a2e6f ] Request (AttachVolumeTestJSON:test_attach_detach_volume): 200 GET http://10.180.1.21/volume/v3/volumes/0d96a5d5-e6df-4283-83fb-56281f81cf73 0.041s
2025-11-12 11:31:20.313 68045 INFO tempest.lib.common.rest_client [req-a909ba0f-fbf6-4439-b5d1-a15f43b02365 req-a909ba0f-fbf6-4439-b5d1-a15f43b02365 ] Request (VolumesSnapshotsTestJSON:tearDownClass): 200 GET http://10.180.1.21/networking/v2.0/security-groups?tenant_id=6eae7ab05eeb447a973bf6ee852d4779&name=default 0.197s
2025-11-12 11:31:20.418 68045 INFO tempest.lib.common.rest_client [req-e7ea6ef5-3120-424a-841d-17c0acd4f5c3 req-e7ea6ef5-3120-424a-841d-17c0acd4f5c3 ] Request (VolumesSnapshotsTestJSON:tearDownClass): 204 DELETE http://10.180.1.21/networking/v2.0/security-groups/f391159a-d6b1-4768-a9f5-6c097b3ba222 0.105s
2025-11-12 11:31:20.449 68009 INFO tempest.lib.common.rest_client [req-24ff7aed-edb7-4066-a529-9db70687e57d req-24ff7aed-edb7-4066-a529-9db70687e57d ] Request (AttachInterfacesTestJSON:test_create_list_show_delete_interfaces_by_network_port): 202 POST http://10.180.1.21/compute/v2.1/servers 0.844s
2025-11-12 11:31:20.498 68045 INFO tempest.lib.common.rest_client [req-8e2619ea-6545-41ba-a36a-a060552f971a req-8e2619ea-6545-41ba-a36a-a060552f971a ] Request (VolumesSnapshotsTestJSON:tearDownClass): 204 DELETE http://10.180.1.21/identity/v3/projects/6eae7ab05eeb447a973bf6ee852d4779 0.079s
2025-11-12 11:31:20.612 68027 INFO tempest.lib.common.rest_client [req-1bec5484-af68-41d4-a064-92f8d1e716d2 req-1bec5484-af68-41d4-a064-92f8d1e716d2 ] Request (ListServerFiltersTestJSON:test_list_servers_filter_by_shutoff_status): 200 GET http://10.180.1.21/compute/v2.1/servers/09680099-d5c1-4f94-9404-48e539feb312 0.614s
2025-11-12 11:31:20.666 68029 INFO tempest.lib.common.rest_client [req-c6f6bc9b-1ac8-4744-a15a-8981a0ce6686 req-c6f6bc9b-1ac8-4744-a15a-8981a0ce6686 ] Request (ServersNegativeTestJSON:setUpClass): 200 GET http://10.180.1.21/compute/v2.1/servers/702bd44d-aa05-4bcb-97e5-7ea8bedffbeb 0.592s
2025-11-12 11:31:20.673 68003 INFO tempest.lib.common.rest_client [req-87965a85-f2ea-45d1-bee1-643e769682ce req-87965a85-f2ea-45d1-bee1-643e769682ce ] Request (ServerGroupTestJSON:test_create_server_with_scheduler_hint_group): 202 POST http://10.180.1.21/compute/v2.1/servers 0.709s
2025-11-12 11:31:20.731 67995 INFO tempest.lib.common.rest_client [req-22e8836b-8e0c-4dba-b30e-4943e9a7eef4 req-22e8836b-8e0c-4dba-b30e-4943e9a7eef4 ] Request (InstanceActionsV221TestJSON:test_get_list_deleted_instance_actions): 200 GET http://10.180.1.21/compute/v2.1/servers/06fcafaf-bb77-4148-aa2d-1d1e98dca172 0.564s
2025-11-12 11:31:20.758 68037 INFO tempest.lib.common.rest_client [req-1930336d-40b1-4ebf-885b-3f1296207358 req-1930336d-40b1-4ebf-885b-3f1296207358 ] Request (ServersListShow2100Test:tearDownClass): 200 GET http://10.180.1.21/compute/v2.1/servers/25f4679f-5510-4630-9afc-ba31ee949f90 0.686s
2025-11-12 11:31:20.785 68019 INFO tempest.lib.common.rest_client [req-27ef5af9-abe8-41ba-b244-521c093a594f req-27ef5af9-abe8-41ba-b244-521c093a594f ] Request (ImagesOneServerNegativeTestJSON:_run_cleanups): 200 GET http://10.180.1.21/compute/v2.1/servers/da455d3d-a639-48e6-9bd8-2b34b127c4e5 0.597s
2025-11-12 11:31:20.809 67989 INFO tempest.lib.common.rest_client [req-a67f36be-8c5b-40e0-9693-399faca5a9d7 req-a67f36be-8c5b-40e0-9693-399faca5a9d7 ] Request (ServersAdminNegativeTestJSON:setUpClass): 200 GET http://10.180.1.21/compute/v2.1/servers/d1727af5-8a09-4757-9536-fd25d9a0ffb2 0.566s
2025-11-12 11:31:20.852 68021 INFO tempest.lib.common.rest_client [req-1bd17f45-5979-483a-97aa-f6bdc30a4a79 req-1bd17f45-5979-483a-97aa-f6bdc30a4a79 ] Request (ServerShowV254Test:tearDownClass): 200 GET http://10.180.1.21/compute/v2.1/servers/88caa9fc-e1cb-42b5-8df8-0ae585b1aacb 0.564s
2025-11-12 11:31:20.855 67999 INFO tempest.lib.common.rest_client [req-fd3793c7-789e-4e50-9a54-826bf7522f03 req-fd3793c7-789e-4e50-9a54-826bf7522f03 ] Request (MigrationsAdminTest:test_resize_server_revert_deleted_flavor): 200 GET http://10.180.1.21/compute/v2.1/servers/970786d3-ce30-4c50-8399-7be3832263b6 0.519s
2025-11-12 11:31:20.906 67987 INFO tempest.lib.common.rest_client [req-37dafd71-c7fe-4052-8eba-8f4c00a2fe14 req-37dafd71-c7fe-4052-8eba-8f4c00a2fe14 ] Request (MultipleCreateTestJSON:tearDownClass): 200 GET http://10.180.1.21/compute/v2.1/servers/d933790a-9d15-4a45-9f2e-a3ebc5ec2bf8 0.500s
2025-11-12 11:31:20.943 68001 INFO tempest.lib.common.rest_client [req-fc7f8270-5218-4a7c-b442-208b7fff7e55 req-fc7f8270-5218-4a7c-b442-208b7fff7e55 ] Request (ServersTestJSON:setUpClass): 200 GET http://10.180.1.21/compute/v2.1/servers/378ce44f-0a74-46e7-92c4-1f6abd90e144 0.572s
2025-11-12 11:31:20.956 68005 INFO tempest.lib.common.rest_client [req-f0da40b5-03b1-4c98-a525-c38694696238 req-f0da40b5-03b1-4c98-a525-c38694696238 ] Request (ServerExternalEventsTest:test_create_server_external_events): 200 GET http://10.180.1.21/compute/v2.1/servers/27d79e76-cbe5-4eba-b493-7e1595815034 0.526s
2025-11-12 11:31:20.984 68009 INFO tempest.lib.common.rest_client [req-673f5bad-f150-4e11-b5f3-1ab45c7df11c req-673f5bad-f150-4e11-b5f3-1ab45c7df11c ] Request (AttachInterfacesTestJSON:test_create_list_show_delete_interfaces_by_network_port): 200 GET http://10.180.1.21/compute/v2.1/servers/528ac943-be43-497d-a43c-bb39fa88375f 0.531s
2025-11-12 11:31:21.015 68017 INFO tempest.lib.common.rest_client [req-77e143de-a4de-4cfc-aae9-9b708d6ec80e req-77e143de-a4de-4cfc-aae9-9b708d6ec80e ] Request (ServersTestBootFromVolume:setUpClass): 200 GET http://10.180.1.21/compute/v2.1/servers/2f34e47a-1598-4d7a-82d3-1c9ecc562f6b 0.549s
2025-11-12 11:31:21.052 68011 INFO tempest.lib.common.rest_client [req-de7f2ede-8a9f-4f4e-a039-839e0fc655ce req-de7f2ede-8a9f-4f4e-a039-839e0fc655ce ] Request (ServerDiskConfigTestJSON:test_resize_server_from_auto_to_manual): 200 GET http://10.180.1.21/compute/v2.1/servers/b424e9f3-87bb-4aa9-baa1-74d032df0eed 0.573s
2025-11-12 11:31:21.076 67985 INFO tempest.lib.common.rest_client [req-0dffb9e7-c40d-441a-b573-b7ad4fe62f36 req-0dffb9e7-c40d-441a-b573-b7ad4fe62f36 ] Request (FloatingIPsAssociationTestJSON:test_associate_already_associated_floating_ip): 200 GET http://10.180.1.21/compute/v2.1/servers/9246041e-7602-4024-a424-5d7198ba0adf 0.560s
2025-11-12 11:31:21.110 68039 INFO tempest.lib.common.rest_client [req-63577fa7-b33e-421f-8799-f4a531d96ddf req-63577fa7-b33e-421f-8799-f4a531d96ddf ] Request (ImagesTestJSON:test_create_server_from_snapshot): 200 GET http://10.180.1.21/compute/v2.1/servers/146b880e-8d4e-4448-9440-da38e138c4f0 0.575s
2025-11-12 11:31:21.117 68023 WARNING tempest.lib.common.ssh [-] Failed to establish authenticated ssh connection to cirros@10.180.180.190 ([Errno None] Unable to connect to port 22 on 10.180.180.190). Number attempts: 10. Retry after 11 seconds.: paramiko.ssh_exception.NoValidConnectionsError: [Errno None] Unable to connect to port 22 on 10.180.180.190
2025-11-12 11:31:21.142 68013 INFO tempest.lib.common.rest_client [req-10d95be3-85a3-4c71-b885-9c5f72d1a4a9 req-10d95be3-85a3-4c71-b885-9c5f72d1a4a9 ] Request (VolumesAdminNegativeTest:tearDownClass): 200 GET http://10.180.1.21/compute/v2.1/servers/dafc6e9a-aa81-4c77-b58b-7a86f59d4dfe 0.565s
2025-11-12 11:31:21.181 67997 INFO tempest.lib.common.rest_client [req-70962d76-4d8e-42df-8670-dcf3101f4ef5 req-70962d76-4d8e-42df-8670-dcf3101f4ef5 ] Request (ServerActionsTestOtherB:setUpClass): 200 GET http://10.180.1.21/compute/v2.1/servers/a7a0ba52-7a78-4a2c-bff3-f92e8c848b59 0.556s
2025-11-12 11:31:21.198 68003 INFO tempest.lib.common.rest_client [req-ba576c8e-3a81-4206-8ec5-165c550873d9 req-ba576c8e-3a81-4206-8ec5-165c550873d9 ] Request (ServerGroupTestJSON:test_create_server_with_scheduler_hint_group): 200 GET http://10.180.1.21/compute/v2.1/servers/2b128377-f6d4-48ba-b6b6-95a5655ef421 0.521s
2025-11-12 11:31:21.230 68047 INFO tempest.lib.common.rest_client [req-233242c0-cdad-44e3-a0ae-da359f3ba9be req-233242c0-cdad-44e3-a0ae-da359f3ba9be ] Request (AttachVolumeTestJSON:test_attach_detach_volume): 200 GET http://10.180.1.21/volume/v3/volumes/0d96a5d5-e6df-4283-83fb-56281f81cf73 0.038s
2025-11-12 11:31:21.265 68035 INFO tempest.lib.common.rest_client [req-31b77984-4acf-4687-9154-99709e2096e0 req-31b77984-4acf-4687-9154-99709e2096e0 ] Request (SecurityGroupsTestJSON:test_server_security_groups): 200 GET http://10.180.1.21/compute/v2.1/servers/3b7c9d24-b619-476a-a9a3-b611c2e6bcf3 0.555s
2025-11-12 11:31:21.269 68032 INFO tempest.lib.common.rest_client [req-dc42915b-d01d-4e6c-a4ab-1e54583ec50d req-dc42915b-d01d-4e6c-a4ab-1e54583ec50d ] Request (ServersTestMultiNic:test_verify_duplicate_network_nics): 200 GET http://10.180.1.21/compute/v2.1/servers/a11845b2-c4d7-42ee-9c1e-6ad7e894555b 0.501s
2025-11-12 11:31:21.338 68033 INFO tempest.lib.common.rest_client [req-81fee29b-ceea-49ab-ae23-9a1853a1c5f8 req-81fee29b-ceea-49ab-ae23-9a1853a1c5f8 ] Request (ListImageFiltersTestJSON:setUpClass): 200 GET http://10.180.1.21/compute/v2.1/servers/3813cc58-1915-4707-8fff-370188d36b4d 0.518s
2025-11-12 11:31:21.373 68043 INFO tempest.lib.common.rest_client [req-84d63ae6-ba3e-497f-a1c8-0d69b61c2da6 req-84d63ae6-ba3e-497f-a1c8-0d69b61c2da6 ] Request (ListServersNegativeTestJSON:tearDownClass): 200 GET http://10.180.1.21/compute/v2.1/servers/59752ab5-3c6d-4066-baa8-efebe81769ce 0.484s
2025-11-12 11:31:21.399 68041 INFO tempest.lib.common.rest_client [req-bc88a848-c766-4f59-9e5e-ccee5483c2d6 req-bc88a848-c766-4f59-9e5e-ccee5483c2d6 ] Request (ServersAdminTestJSON:test_inject_network_info): 200 GET http://10.180.1.21/compute/v2.1/servers/11a1d282-3fd6-478e-83aa-86c482ff50ca 0.322s
2025-11-12 11:31:21.427 68015 INFO tempest.lib.common.rest_client [req-130ab2f3-da00-447c-9d8e-9c8ee424d88d req-130ab2f3-da00-447c-9d8e-9c8ee424d88d ] Request (DeleteServersAdminTestJSON:test_admin_delete_servers_of_others): 200 GET http://10.180.1.21/compute/v2.1/servers/18b20feb-1e1f-4f7f-b50c-eccca4897817 0.304s
2025-11-12 11:31:21.740 68029 INFO tempest.lib.common.rest_client [req-7b3bfbed-f21a-44f9-9b5e-a8c2dc59bdf4 req-7b3bfbed-f21a-44f9-9b5e-a8c2dc59bdf4 ] Request (ServersNegativeTestJSON:setUpClass): 200 GET http://10.180.1.21/compute/v2.1/servers/702bd44d-aa05-4bcb-97e5-7ea8bedffbeb 0.060s
2025-11-12 11:31:21.778 68027 INFO tempest.lib.common.rest_client [req-5ff47626-bb6f-47b4-925e-cd789ca774a3 req-5ff47626-bb6f-47b4-925e-cd789ca774a3 ] Request (ListServerFiltersTestJSON:test_list_servers_filter_by_shutoff_status): 200 GET http://10.180.1.21/compute/v2.1/servers/09680099-d5c1-4f94-9404-48e539feb312 0.157s
2025-11-12 11:31:21.805 67995 INFO tempest.lib.common.rest_client [req-19dc2c95-9e09-4df6-9e0e-94807319fcde req-19dc2c95-9e09-4df6-9e0e-94807319fcde ] Request (InstanceActionsV221TestJSON:test_get_list_deleted_instance_actions): 200 GET http://10.180.1.21/compute/v2.1/servers/06fcafaf-bb77-4148-aa2d-1d1e98dca172 0.063s
2025-11-12 11:31:21.862 68019 INFO tempest.lib.common.rest_client [req-fadec186-abd9-4b38-bb1e-4416a6d9eddb req-fadec186-abd9-4b38-bb1e-4416a6d9eddb ] Request (ImagesOneServerNegativeTestJSON:_run_cleanups): 200 GET http://10.180.1.21/compute/v2.1/servers/da455d3d-a639-48e6-9bd8-2b34b127c4e5 0.069s
2025-11-12 11:31:21.869 68037 INFO tempest.lib.common.rest_client [req-e6e2519e-35d9-4736-bcc4-889718bd9811 req-e6e2519e-35d9-4736-bcc4-889718bd9811 ] Request (ServersListShow2100Test:tearDownClass): 200 GET http://10.180.1.21/compute/v2.1/servers/25f4679f-5510-4630-9afc-ba31ee949f90 0.097s
2025-11-12 11:31:21.918 67989 INFO tempest.lib.common.rest_client [req-d7ce773d-3638-4384-aa64-14babde8fe33 req-d7ce773d-3638-4384-aa64-14babde8fe33 ] Request (ServersAdminNegativeTestJSON:setUpClass): 200 GET http://10.180.1.21/compute/v2.1/servers/d1727af5-8a09-4757-9536-fd25d9a0ffb2 0.098s
2025-11-12 11:31:21.930 68021 INFO tempest.lib.common.rest_client [req-a09238d3-bb79-4f48-bb94-15baa012fb8f req-a09238d3-bb79-4f48-bb94-15baa012fb8f ] Request (ServerShowV254Test:tearDownClass): 200 GET http://10.180.1.21/compute/v2.1/servers/88caa9fc-e1cb-42b5-8df8-0ae585b1aacb 0.067s
2025-11-12 11:31:21.967 67999 INFO tempest.lib.common.rest_client [req-b7e7f78b-2b81-46e2-b8f3-52a5b1a787a9 req-b7e7f78b-2b81-46e2-b8f3-52a5b1a787a9 ] Request (MigrationsAdminTest:test_resize_server_revert_deleted_flavor): 200 GET http://10.180.1.21/compute/v2.1/servers/970786d3-ce30-4c50-8399-7be3832263b6 0.103s
2025-11-12 11:31:21.986 67987 INFO tempest.lib.common.rest_client [req-f3b8e4d6-01e7-4961-8c99-617cc3b31797 req-f3b8e4d6-01e7-4961-8c99-617cc3b31797 ] Request (MultipleCreateTestJSON:tearDownClass): 200 GET http://10.180.1.21/compute/v2.1/servers/d933790a-9d15-4a45-9f2e-a3ebc5ec2bf8 0.071s
2025-11-12 11:31:22.042 68005 INFO tempest.lib.common.rest_client [req-932e5c8e-dfc4-4232-adca-7eca12aa18d7 req-932e5c8e-dfc4-4232-adca-7eca12aa18d7 ] Request (ServerExternalEventsTest:test_create_server_external_events): 200 GET http://10.180.1.21/compute/v2.1/servers/27d79e76-cbe5-4eba-b493-7e1595815034 0.076s
2025-11-12 11:31:22.071 68001 INFO tempest.lib.common.rest_client [req-5a209533-c1b2-4cfd-a79d-65ae09c8dc66 req-5a209533-c1b2-4cfd-a79d-65ae09c8dc66 ] Request (ServersTestJSON:setUpClass): 200 GET http://10.180.1.21/compute/v2.1/servers/378ce44f-0a74-46e7-92c4-1f6abd90e144 0.120s
2025-11-12 11:31:22.097 68009 INFO tempest.lib.common.rest_client [req-1121ca60-1b18-4dea-bc3a-ded2c74205cb req-1121ca60-1b18-4dea-bc3a-ded2c74205cb ] Request (AttachInterfacesTestJSON:test_create_list_show_delete_interfaces_by_network_port): 200 GET http://10.180.1.21/compute/v2.1/servers/528ac943-be43-497d-a43c-bb39fa88375f 0.105s
2025-11-12 11:31:22.119 68017 INFO tempest.lib.common.rest_client [req-5c059fd0-3c57-4693-90b9-ff2005646752 req-5c059fd0-3c57-4693-90b9-ff2005646752 ] Request (ServersTestBootFromVolume:setUpClass): 200 GET http://10.180.1.21/compute/v2.1/servers/2f34e47a-1598-4d7a-82d3-1c9ecc562f6b 0.089s
2025-11-12 11:31:22.145 68011 INFO tempest.lib.common.rest_client [req-13ee39c4-8efd-490e-bb40-a1ca66c2ffcb req-13ee39c4-8efd-490e-bb40-a1ca66c2ffcb ] Request (ServerDiskConfigTestJSON:test_resize_server_from_auto_to_manual): 200 GET http://10.180.1.21/compute/v2.1/servers/b424e9f3-87bb-4aa9-baa1-74d032df0eed 0.081s
2025-11-12 11:31:22.175 67985 INFO tempest.lib.common.rest_client [req-e361b901-b68c-4d16-98d6-ae5a88401c36 req-e361b901-b68c-4d16-98d6-ae5a88401c36 ] Request (FloatingIPsAssociationTestJSON:test_associate_already_associated_floating_ip): 200 GET http://10.180.1.21/compute/v2.1/servers/9246041e-7602-4024-a424-5d7198ba0adf 0.088s
2025-11-12 11:31:22.214 68039 INFO tempest.lib.common.rest_client [req-698edf0b-93ac-4e32-a932-58ec27b2aba5 req-698edf0b-93ac-4e32-a932-58ec27b2aba5 ] Request (ImagesTestJSON:test_create_server_from_snapshot): 200 GET http://10.180.1.21/compute/v2.1/servers/146b880e-8d4e-4448-9440-da38e138c4f0 0.096s
2025-11-12 11:31:22.257 68013 INFO tempest.lib.common.rest_client [req-ff4320ca-f444-4be9-999e-401efe99f1d8 req-ff4320ca-f444-4be9-999e-401efe99f1d8 ] Request (VolumesAdminNegativeTest:tearDownClass): 200 GET http://10.180.1.21/compute/v2.1/servers/dafc6e9a-aa81-4c77-b58b-7a86f59d4dfe 0.108s
2025-11-12 11:31:22.269 67997 INFO tempest.lib.common.rest_client [req-81415032-7394-422e-9f90-93e9531e9570 req-81415032-7394-422e-9f90-93e9531e9570 ] Request (ServerActionsTestOtherB:setUpClass): 200 GET http://10.180.1.21/compute/v2.1/servers/a7a0ba52-7a78-4a2c-bff3-f92e8c848b59 0.074s
2025-11-12 11:31:22.275 68047 INFO tempest.lib.common.rest_client [req-137ed4ff-87c9-4bb0-a1fa-effcbae9830a req-137ed4ff-87c9-4bb0-a1fa-effcbae9830a ] Request (AttachVolumeTestJSON:test_attach_detach_volume): 200 GET http://10.180.1.21/volume/v3/volumes/0d96a5d5-e6df-4283-83fb-56281f81cf73 0.034s
2025-11-12 11:31:22.317 68003 INFO tempest.lib.common.rest_client [req-12c9c8f0-c812-442b-b4d5-aeba3636120e req-12c9c8f0-c812-442b-b4d5-aeba3636120e ] Request (ServerGroupTestJSON:test_create_server_with_scheduler_hint_group): 200 GET http://10.180.1.21/compute/v2.1/servers/2b128377-f6d4-48ba-b6b6-95a5655ef421 0.110s
2025-11-12 11:31:22.333 68035 INFO tempest.lib.common.rest_client [req-26e8436a-2887-4253-a287-1e7178752ee3 req-26e8436a-2887-4253-a287-1e7178752ee3 ] Request (SecurityGroupsTestJSON:test_server_security_groups): 200 GET http://10.180.1.21/compute/v2.1/servers/3b7c9d24-b619-476a-a9a3-b611c2e6bcf3 0.058s
2025-11-12 11:31:22.369 68032 INFO tempest.lib.common.rest_client [req-3325b726-e53b-4d22-b033-c5931139e653 req-3325b726-e53b-4d22-b033-c5931139e653 ] Request (ServersTestMultiNic:test_verify_duplicate_network_nics): 200 GET http://10.180.1.21/compute/v2.1/servers/a11845b2-c4d7-42ee-9c1e-6ad7e894555b 0.091s
2025-11-12 11:31:22.403 68033 INFO tempest.lib.common.rest_client [req-25bfa0c9-b52d-4c53-9520-ca0dec84dac9 req-25bfa0c9-b52d-4c53-9520-ca0dec84dac9 ] Request (ListImageFiltersTestJSON:setUpClass): 200 GET http://10.180.1.21/compute/v2.1/servers/3813cc58-1915-4707-8fff-370188d36b4d 0.054s
2025-11-12 11:31:22.446 68043 INFO tempest.lib.common.rest_client [req-a6783111-ceaa-409c-8539-b21727869920 req-a6783111-ceaa-409c-8539-b21727869920 ] Request (ListServersNegativeTestJSON:tearDownClass): 200 GET http://10.180.1.21/compute/v2.1/servers/59752ab5-3c6d-4066-baa8-efebe81769ce 0.065s
2025-11-12 11:31:22.459 68041 INFO tempest.lib.common.rest_client [req-99e2fad8-2f40-4510-8068-01ecad49b9ff req-99e2fad8-2f40-4510-8068-01ecad49b9ff ] Request (ServersAdminTestJSON:test_inject_network_info): 200 GET http://10.180.1.21/compute/v2.1/servers/11a1d282-3fd6-478e-83aa-86c482ff50ca 0.051s
2025-11-12 11:31:22.491 68015 INFO tempest.lib.common.rest_client [req-251be42e-e9ea-44d9-8d4a-28e5ea871a2f req-251be42e-e9ea-44d9-8d4a-28e5ea871a2f ] Request (DeleteServersAdminTestJSON:test_admin_delete_servers_of_others): 200 GET http://10.180.1.21/compute/v2.1/servers/18b20feb-1e1f-4f7f-b50c-eccca4897817 0.056s
2025-11-12 11:31:22.801 68029 INFO tempest.lib.common.rest_client [req-fd1e857b-dc89-4790-9cb6-880aac69bdda req-fd1e857b-dc89-4790-9cb6-880aac69bdda ] Request (ServersNegativeTestJSON:setUpClass): 200 GET http://10.180.1.21/compute/v2.1/servers/702bd44d-aa05-4bcb-97e5-7ea8bedffbeb 0.053s
2025-11-12 11:31:22.870 67995 INFO tempest.lib.common.rest_client [req-a09d0f4a-97f4-4e55-a2fc-af0adf3393ae req-a09d0f4a-97f4-4e55-a2fc-af0adf3393ae ] Request (InstanceActionsV221TestJSON:test_get_list_deleted_instance_actions): 200 GET http://10.180.1.21/compute/v2.1/servers/06fcafaf-bb77-4148-aa2d-1d1e98dca172 0.055s
2025-11-12 11:31:22.934 68019 INFO tempest.lib.common.rest_client [req-97ceb4d8-e36b-4ff8-abb4-1d9036974040 req-97ceb4d8-e36b-4ff8-abb4-1d9036974040 ] Request (ImagesOneServerNegativeTestJSON:_run_cleanups): 200 GET http://10.180.1.21/compute/v2.1/servers/da455d3d-a639-48e6-9bd8-2b34b127c4e5 0.064s
2025-11-12 11:31:23.006 68037 INFO tempest.lib.common.rest_client [req-048dc1eb-cc99-4cab-a976-52033148ace9 req-048dc1eb-cc99-4cab-a976-52033148ace9 ] Request (ServersListShow2100Test:tearDownClass): 200 GET http://10.180.1.21/compute/v2.1/servers/25f4679f-5510-4630-9afc-ba31ee949f90 0.121s
2025-11-12 11:31:23.060 67989 INFO tempest.lib.common.rest_client [req-0e8bdcc9-78b9-47eb-894a-ab67b9aeded4 req-0e8bdcc9-78b9-47eb-894a-ab67b9aeded4 ] Request (ServersAdminNegativeTestJSON:setUpClass): 200 GET http://10.180.1.21/compute/v2.1/servers/d1727af5-8a09-4757-9536-fd25d9a0ffb2 0.131s
2025-11-12 11:31:23.128 68021 INFO tempest.lib.common.rest_client [req-d5baa0c3-8d1d-4f0e-ba0c-a85f069f484a req-d5baa0c3-8d1d-4f0e-ba0c-a85f069f484a ] Request (ServerShowV254Test:tearDownClass): 200 GET http://10.180.1.21/compute/v2.1/servers/88caa9fc-e1cb-42b5-8df8-0ae585b1aacb 0.188s
2025-11-12 11:31:23.185 67999 INFO tempest.lib.common.rest_client [req-f535a360-5957-489a-ac4f-48280085dbbe req-f535a360-5957-489a-ac4f-48280085dbbe ] Request (MigrationsAdminTest:test_resize_server_revert_deleted_flavor): 200 GET http://10.180.1.21/compute/v2.1/servers/970786d3-ce30-4c50-8399-7be3832263b6 0.210s
2025-11-12 11:31:23.290 67987 INFO tempest.lib.common.rest_client [req-9bb8edbd-4f09-41f2-bcb2-dbebcdf45a78 req-9bb8edbd-4f09-41f2-bcb2-dbebcdf45a78 ] Request (MultipleCreateTestJSON:tearDownClass): 200 GET http://10.180.1.21/compute/v2.1/servers/d933790a-9d15-4a45-9f2e-a3ebc5ec2bf8 0.296s
2025-11-12 11:31:23.327 68047 INFO tempest.lib.common.rest_client [req-20ed9964-8161-4aae-b0bc-0f2a85c53dce req-20ed9964-8161-4aae-b0bc-0f2a85c53dce ] Request (AttachVolumeTestJSON:test_attach_detach_volume): 200 GET http://10.180.1.21/volume/v3/volumes/0d96a5d5-e6df-4283-83fb-56281f81cf73 0.039s
2025-11-12 11:31:23.333 68047 INFO tempest.common.waiters [-] Attachment 02305b87-a512-4709-b624-d306bda9cde8 created for volume 0d96a5d5-e6df-4283-83fb-56281f81cf73 to server f585f920-bae7-4884-a28c-74cb89d8352c after waiting for 8.333854 seconds
2025-11-12 11:31:23.369 68047 INFO tempest.lib.common.rest_client [req-d73b7604-516e-4aba-b736-19ce3dadbc7c req-d73b7604-516e-4aba-b736-19ce3dadbc7c ] Request (AttachVolumeTestJSON:test_attach_detach_volume): 200 GET http://10.180.1.21/volume/v3/volumes/0d96a5d5-e6df-4283-83fb-56281f81cf73 0.035s
2025-11-12 11:31:23.371 68005 INFO tempest.lib.common.rest_client [req-4d12cbcb-1223-47b1-b46c-5b40c7d67e4d req-4d12cbcb-1223-47b1-b46c-5b40c7d67e4d ] Request (ServerExternalEventsTest:test_create_server_external_events): 200 GET http://10.180.1.21/compute/v2.1/servers/27d79e76-cbe5-4eba-b493-7e1595815034 0.321s
2025-11-12 11:31:23.376 68047 INFO tempest.common.waiters [-] volume 0d96a5d5-e6df-4283-83fb-56281f81cf73 reached in-use after waiting for 0.376704 seconds
2025-11-12 11:31:23.383 68027 INFO tempest.lib.common.rest_client [req-3dae1bed-1aee-4454-bd48-be0cc95d8b3b req-3dae1bed-1aee-4454-bd48-be0cc95d8b3b ] Request (ListServerFiltersTestJSON:test_list_servers_filter_by_shutoff_status): 200 GET http://10.180.1.21/compute/v2.1/servers/09680099-d5c1-4f94-9404-48e539feb312 0.590s
2025-11-12 11:31:23.395 68027 INFO tempest.common.waiters [-] State transition "ACTIVE/powering-off" ==> "SHUTOFF/None" after 3 second wait
2025-11-12 11:31:23.483 68009 INFO tempest.lib.common.rest_client [req-c3b0e497-40ba-43c8-a8b5-5d56d28d43bd req-c3b0e497-40ba-43c8-a8b5-5d56d28d43bd ] Request (AttachInterfacesTestJSON:test_create_list_show_delete_interfaces_by_network_port): 200 GET http://10.180.1.21/compute/v2.1/servers/528ac943-be43-497d-a43c-bb39fa88375f 0.378s
2025-11-12 11:31:23.513 68001 INFO tempest.lib.common.rest_client [req-75501ebc-4ef0-4c91-9dad-c800f9c91c63 req-75501ebc-4ef0-4c91-9dad-c800f9c91c63 ] Request (ServersTestJSON:setUpClass): 200 GET http://10.180.1.21/compute/v2.1/servers/378ce44f-0a74-46e7-92c4-1f6abd90e144 0.432s
2025-11-12 11:31:23.540 68017 INFO tempest.lib.common.rest_client [req-85a73538-547d-4dd3-aa06-2d0b18729eaf req-85a73538-547d-4dd3-aa06-2d0b18729eaf ] Request (ServersTestBootFromVolume:setUpClass): 200 GET http://10.180.1.21/compute/v2.1/servers/2f34e47a-1598-4d7a-82d3-1c9ecc562f6b 0.411s
2025-11-12 11:31:23.548 68017 INFO tempest.common.waiters [-] State transition "BUILD/None" ==> "BUILD/networking" after 59 second wait
2025-11-12 11:31:23.571 68011 INFO tempest.lib.common.rest_client [req-0ea7fbbe-a37b-493b-8c2b-f56dbee9d65a req-0ea7fbbe-a37b-493b-8c2b-f56dbee9d65a ] Request (ServerDiskConfigTestJSON:test_resize_server_from_auto_to_manual): 200 GET http://10.180.1.21/compute/v2.1/servers/b424e9f3-87bb-4aa9-baa1-74d032df0eed 0.416s
2025-11-12 11:31:23.598 67985 INFO tempest.lib.common.rest_client [req-5e96cc57-f3d4-49a7-89e4-f610c23e8f69 req-5e96cc57-f3d4-49a7-89e4-f610c23e8f69 ] Request (FloatingIPsAssociationTestJSON:test_associate_already_associated_floating_ip): 200 GET http://10.180.1.21/compute/v2.1/servers/9246041e-7602-4024-a424-5d7198ba0adf 0.413s
2025-11-12 11:31:23.622 68039 INFO tempest.lib.common.rest_client [req-4cda1479-cd7c-43fd-a823-f598c7aa3e78 req-4cda1479-cd7c-43fd-a823-f598c7aa3e78 ] Request (ImagesTestJSON:test_create_server_from_snapshot): 200 GET http://10.180.1.21/compute/v2.1/servers/146b880e-8d4e-4448-9440-da38e138c4f0 0.400s
2025-11-12 11:31:23.670 68013 INFO tempest.lib.common.rest_client [req-f78b6997-a8ad-40b2-ad64-a8bd28ed2672 req-f78b6997-a8ad-40b2-ad64-a8bd28ed2672 ] Request (VolumesAdminNegativeTest:tearDownClass): 200 GET http://10.180.1.21/compute/v2.1/servers/dafc6e9a-aa81-4c77-b58b-7a86f59d4dfe 0.403s
2025-11-12 11:31:23.683 67997 INFO tempest.lib.common.rest_client [req-fa7e4d5a-b8cd-43bd-8fb4-e51ab5c933b4 req-fa7e4d5a-b8cd-43bd-8fb4-e51ab5c933b4 ] Request (ServerActionsTestOtherB:setUpClass): 200 GET http://10.180.1.21/compute/v2.1/servers/a7a0ba52-7a78-4a2c-bff3-f92e8c848b59 0.404s
2025-11-12 11:31:23.719 68003 INFO tempest.lib.common.rest_client [req-09f3d9a2-67af-4fae-83d9-6b7244fcea57 req-09f3d9a2-67af-4fae-83d9-6b7244fcea57 ] Request (ServerGroupTestJSON:test_create_server_with_scheduler_hint_group): 200 GET http://10.180.1.21/compute/v2.1/servers/2b128377-f6d4-48ba-b6b6-95a5655ef421 0.394s
2025-11-12 11:31:23.737 68035 INFO tempest.lib.common.rest_client [req-9d6a54f4-39b3-4d74-a532-90776ef9ff74 req-9d6a54f4-39b3-4d74-a532-90776ef9ff74 ] Request (SecurityGroupsTestJSON:test_server_security_groups): 200 GET http://10.180.1.21/compute/v2.1/servers/3b7c9d24-b619-476a-a9a3-b611c2e6bcf3 0.394s
2025-11-12 11:31:23.776 68047 INFO tempest.lib.common.rest_client [req-59c5b887-2d8b-46c2-b23d-1e0dcf8f0d1f req-59c5b887-2d8b-46c2-b23d-1e0dcf8f0d1f ] Request (AttachVolumeTestJSON:test_attach_detach_volume): 202 POST http://10.180.1.21/compute/v2.1/servers/f585f920-bae7-4884-a28c-74cb89d8352c/action 0.400s
2025-11-12 11:31:23.798 68032 INFO tempest.lib.common.rest_client [req-f065af54-efd9-47f4-9648-287a71a117e2 req-f065af54-efd9-47f4-9648-287a71a117e2 ] Request (ServersTestMultiNic:test_verify_duplicate_network_nics): 200 GET http://10.180.1.21/compute/v2.1/servers/a11845b2-c4d7-42ee-9c1e-6ad7e894555b 0.420s
2025-11-12 11:31:23.832 68027 INFO tempest.lib.common.rest_client [req-875a59db-e15c-4fae-9961-2c34076acdf1 req-875a59db-e15c-4fae-9961-2c34076acdf1 ] Request (ListServerFiltersTestJSON:test_list_servers_filter_by_shutoff_status): 200 GET http://10.180.1.21/compute/v2.1/servers?status=shutoff 0.437s
2025-11-12 11:31:23.864 68033 INFO tempest.lib.common.rest_client [req-878f0e7a-57e7-431f-af47-55aa3df6f962 req-878f0e7a-57e7-431f-af47-55aa3df6f962 ] Request (ListImageFiltersTestJSON:setUpClass): 200 GET http://10.180.1.21/compute/v2.1/servers/3813cc58-1915-4707-8fff-370188d36b4d 0.452s
2025-11-12 11:31:23.897 68043 INFO tempest.lib.common.rest_client [req-9d34f61a-4bff-49f3-a2dc-96b73f668322 req-9d34f61a-4bff-49f3-a2dc-96b73f668322 ] Request (ListServersNegativeTestJSON:tearDownClass): 200 GET http://10.180.1.21/compute/v2.1/servers/59752ab5-3c6d-4066-baa8-efebe81769ce 0.443s
2025-11-12 11:31:23.927 68041 INFO tempest.lib.common.rest_client [req-b7c91c7c-ff3a-4ef3-8c1b-f77642f528a9 req-b7c91c7c-ff3a-4ef3-8c1b-f77642f528a9 ] Request (ServersAdminTestJSON:test_inject_network_info): 200 GET http://10.180.1.21/compute/v2.1/servers/11a1d282-3fd6-478e-83aa-86c482ff50ca 0.459s
2025-11-12 11:31:23.961 68015 INFO tempest.lib.common.rest_client [req-7e97b922-a556-4994-abe2-a6a5e21e4bae req-7e97b922-a556-4994-abe2-a6a5e21e4bae ] Request (DeleteServersAdminTestJSON:test_admin_delete_servers_of_others): 200 GET http://10.180.1.21/compute/v2.1/servers/18b20feb-1e1f-4f7f-b50c-eccca4897817 0.461s
2025-11-12 11:31:24.039 68029 INFO tempest.lib.common.rest_client [req-865ae97b-fedb-4d22-92d1-24b3923bd2fd req-865ae97b-fedb-4d22-92d1-24b3923bd2fd ] Request (ServersNegativeTestJSON:setUpClass): 200 GET http://10.180.1.21/compute/v2.1/servers/702bd44d-aa05-4bcb-97e5-7ea8bedffbeb 0.229s
2025-11-12 11:31:24.063 68047 INFO tempest.lib.common.rest_client [req-4a88ddb1-b551-4b6f-a932-e2a2d5d09f2c req-4a88ddb1-b551-4b6f-a932-e2a2d5d09f2c ] Request (AttachVolumeTestJSON:test_attach_detach_volume): 200 GET http://10.180.1.21/compute/v2.1/servers/f585f920-bae7-4884-a28c-74cb89d8352c 0.287s
2025-11-12 11:31:24.090 68027 INFO tempest.lib.common.rest_client [req-7de37ea5-d643-4944-b483-962bd68ecd77 req-7de37ea5-d643-4944-b483-962bd68ecd77 ] Request (ListServerFiltersTestJSON:test_list_servers_filter_by_shutoff_status): 202 POST http://10.180.1.21/compute/v2.1/servers/09680099-d5c1-4f94-9404-48e539feb312/action 0.254s
2025-11-12 11:31:24.121 67995 INFO tempest.lib.common.rest_client [req-d8f17d02-bcb2-4f6c-9f90-f502a8bb9645 req-d8f17d02-bcb2-4f6c-9f90-f502a8bb9645 ] Request (InstanceActionsV221TestJSON:test_get_list_deleted_instance_actions): 200 GET http://10.180.1.21/compute/v2.1/servers/06fcafaf-bb77-4148-aa2d-1d1e98dca172 0.241s
2025-11-12 11:31:24.159 68019 INFO tempest.lib.common.rest_client [req-0dee7d6a-cbd4-4f9b-8d27-870d9e5233a6 req-0dee7d6a-cbd4-4f9b-8d27-870d9e5233a6 ] Request (ImagesOneServerNegativeTestJSON:_run_cleanups): 200 GET http://10.180.1.21/compute/v2.1/servers/da455d3d-a639-48e6-9bd8-2b34b127c4e5 0.215s
2025-11-12 11:31:24.224 68037 INFO tempest.lib.common.rest_client [req-d7c75943-5643-4a2a-bc2e-8a292423bad4 req-d7c75943-5643-4a2a-bc2e-8a292423bad4 ] Request (ServersListShow2100Test:tearDownClass): 200 GET http://10.180.1.21/compute/v2.1/servers/25f4679f-5510-4630-9afc-ba31ee949f90 0.203s
2025-11-12 11:31:24.226 67989 INFO tempest.lib.common.rest_client [req-ddf87df9-ddbd-4c5f-a276-63fccd561186 req-ddf87df9-ddbd-4c5f-a276-63fccd561186 ] Request (ServersAdminNegativeTestJSON:setUpClass): 200 GET http://10.180.1.21/compute/v2.1/servers/d1727af5-8a09-4757-9536-fd25d9a0ffb2 0.159s
2025-11-12 11:31:24.314 68021 INFO tempest.lib.common.rest_client [req-1c0b0c45-1f10-40ea-811c-de66a3f692a4 req-1c0b0c45-1f10-40ea-811c-de66a3f692a4 ] Request (ServerShowV254Test:tearDownClass): 200 GET http://10.180.1.21/compute/v2.1/servers/88caa9fc-e1cb-42b5-8df8-0ae585b1aacb 0.168s
2025-11-12 11:31:24.339 68027 INFO tempest.lib.common.rest_client [req-37177e36-1623-4d1e-bdf1-b17cb3ddf196 req-37177e36-1623-4d1e-bdf1-b17cb3ddf196 ] Request (ListServerFiltersTestJSON:test_list_servers_filter_by_shutoff_status): 200 GET http://10.180.1.21/compute/v2.1/servers/09680099-d5c1-4f94-9404-48e539feb312 0.248s
2025-11-12 11:31:24.366 67999 INFO tempest.lib.common.rest_client [req-2b0fe220-2598-4643-bf24-512bb96c9154 req-2b0fe220-2598-4643-bf24-512bb96c9154 ] Request (MigrationsAdminTest:test_resize_server_revert_deleted_flavor): 200 GET http://10.180.1.21/compute/v2.1/servers/970786d3-ce30-4c50-8399-7be3832263b6 0.173s
2025-11-12 11:31:24.399 67987 INFO tempest.lib.common.rest_client [req-ceb68b4e-b75e-49a5-9d85-75db798f3ec0 req-ceb68b4e-b75e-49a5-9d85-75db798f3ec0 ] Request (MultipleCreateTestJSON:tearDownClass): 200 GET http://10.180.1.21/compute/v2.1/servers/d933790a-9d15-4a45-9f2e-a3ebc5ec2bf8 0.101s
2025-11-12 11:31:24.433 68005 INFO tempest.lib.common.rest_client [req-337b1759-52ef-4cbe-980b-13762f8ea75e req-337b1759-52ef-4cbe-980b-13762f8ea75e ] Request (ServerExternalEventsTest:test_create_server_external_events): 200 GET http://10.180.1.21/compute/v2.1/servers/27d79e76-cbe5-4eba-b493-7e1595815034 0.055s
2025-11-12 11:31:24.545 68009 INFO tempest.lib.common.rest_client [req-d54a1576-3efb-4af7-a317-0d736fb2ee4c req-d54a1576-3efb-4af7-a317-0d736fb2ee4c ] Request (AttachInterfacesTestJSON:test_create_list_show_delete_interfaces_by_network_port): 200 GET http://10.180.1.21/compute/v2.1/servers/528ac943-be43-497d-a43c-bb39fa88375f 0.053s
2025-11-12 11:31:24.700 68001 INFO tempest.lib.common.rest_client [req-2b2a89bb-43fd-4f42-82b2-8b38938feb47 req-2b2a89bb-43fd-4f42-82b2-8b38938feb47 ] Request (ServersTestJSON:setUpClass): 200 GET http://10.180.1.21/compute/v2.1/servers/378ce44f-0a74-46e7-92c4-1f6abd90e144 0.177s
2025-11-12 11:31:24.722 68017 INFO tempest.lib.common.rest_client [req-531db2a4-afec-49d0-9464-1dd8a25ef674 req-531db2a4-afec-49d0-9464-1dd8a25ef674 ] Request (ServersTestBootFromVolume:setUpClass): 200 GET http://10.180.1.21/compute/v2.1/servers/2f34e47a-1598-4d7a-82d3-1c9ecc562f6b 0.170s
2025-11-12 11:31:24.729 68017 INFO tempest.common.waiters [-] State transition "BUILD/networking" ==> "BUILD/block_device_mapping" after 60 second wait
2025-11-12 11:31:24.753 68011 INFO tempest.lib.common.rest_client [req-47025bef-c902-4860-bc29-5c047f8550c9 req-47025bef-c902-4860-bc29-5c047f8550c9 ] Request (ServerDiskConfigTestJSON:test_resize_server_from_auto_to_manual): 200 GET http://10.180.1.21/compute/v2.1/servers/b424e9f3-87bb-4aa9-baa1-74d032df0eed 0.173s
2025-11-12 11:31:24.771 67985 INFO tempest.lib.common.rest_client [req-a439ed6a-d634-4916-a597-3e647ba4651c req-a439ed6a-d634-4916-a597-3e647ba4651c ] Request (FloatingIPsAssociationTestJSON:test_associate_already_associated_floating_ip): 200 GET http://10.180.1.21/compute/v2.1/servers/9246041e-7602-4024-a424-5d7198ba0adf 0.160s
2025-11-12 11:31:24.806 68039 INFO tempest.lib.common.rest_client [req-b6e8f460-8aa6-4b3b-b5c8-489bbf051325 req-b6e8f460-8aa6-4b3b-b5c8-489bbf051325 ] Request (ImagesTestJSON:test_create_server_from_snapshot): 200 GET http://10.180.1.21/compute/v2.1/servers/146b880e-8d4e-4448-9440-da38e138c4f0 0.173s
2025-11-12 11:31:24.845 68013 INFO tempest.lib.common.rest_client [req-00865d0d-170f-496e-82f3-47e043bfe30b req-00865d0d-170f-496e-82f3-47e043bfe30b ] Request (VolumesAdminNegativeTest:tearDownClass): 200 GET http://10.180.1.21/compute/v2.1/servers/dafc6e9a-aa81-4c77-b58b-7a86f59d4dfe 0.165s
2025-11-12 11:31:24.870 67997 INFO tempest.lib.common.rest_client [req-8f1dadae-45b1-4c89-bcc1-44a2e5dc7db3 req-8f1dadae-45b1-4c89-bcc1-44a2e5dc7db3 ] Request (ServerActionsTestOtherB:setUpClass): 200 GET http://10.180.1.21/compute/v2.1/servers/a7a0ba52-7a78-4a2c-bff3-f92e8c848b59 0.177s
2025-11-12 11:31:24.894 68003 INFO tempest.lib.common.rest_client [req-4ca834fe-c6d6-42e2-9d36-594f24880622 req-4ca834fe-c6d6-42e2-9d36-594f24880622 ] Request (ServerGroupTestJSON:test_create_server_with_scheduler_hint_group): 200 GET http://10.180.1.21/compute/v2.1/servers/2b128377-f6d4-48ba-b6b6-95a5655ef421 0.167s
2025-11-12 11:31:24.922 68035 INFO tempest.lib.common.rest_client [req-d4304479-843b-495f-a4b9-8386cc62c72e req-d4304479-843b-495f-a4b9-8386cc62c72e ] Request (SecurityGroupsTestJSON:test_server_security_groups): 200 GET http://10.180.1.21/compute/v2.1/servers/3b7c9d24-b619-476a-a9a3-b611c2e6bcf3 0.172s
2025-11-12 11:31:24.945 68032 INFO tempest.lib.common.rest_client [req-a64409aa-121f-484b-b2fd-1acfea2d56b0 req-a64409aa-121f-484b-b2fd-1acfea2d56b0 ] Request (ServersTestMultiNic:test_verify_duplicate_network_nics): 200 GET http://10.180.1.21/compute/v2.1/servers/a11845b2-c4d7-42ee-9c1e-6ad7e894555b 0.135s
2025-11-12 11:31:24.971 68033 INFO tempest.lib.common.rest_client [req-aef3603c-9c5c-46dd-9e97-7dfb7e5a97c9 req-aef3603c-9c5c-46dd-9e97-7dfb7e5a97c9 ] Request (ListImageFiltersTestJSON:setUpClass): 200 GET http://10.180.1.21/compute/v2.1/servers/3813cc58-1915-4707-8fff-370188d36b4d 0.098s
2025-11-12 11:31:25.005 68043 INFO tempest.lib.common.rest_client [req-b8345458-6c62-4c0f-9a22-061f05961b3c req-b8345458-6c62-4c0f-9a22-061f05961b3c ] Request (ListServersNegativeTestJSON:tearDownClass): 200 GET http://10.180.1.21/compute/v2.1/servers/59752ab5-3c6d-4066-baa8-efebe81769ce 0.098s
2025-11-12 11:31:25.020 68041 INFO tempest.lib.common.rest_client [req-417a9c99-9c67-4e87-b3b2-1f6d0ad38926 req-417a9c99-9c67-4e87-b3b2-1f6d0ad38926 ] Request (ServersAdminTestJSON:test_inject_network_info): 200 GET http://10.180.1.21/compute/v2.1/servers/11a1d282-3fd6-478e-83aa-86c482ff50ca 0.083s
2025-11-12 11:31:25.055 68015 INFO tempest.lib.common.rest_client [req-1941459a-3d23-4412-aac3-490e59ecaa57 req-1941459a-3d23-4412-aac3-490e59ecaa57 ] Request (DeleteServersAdminTestJSON:test_admin_delete_servers_of_others): 200 GET http://10.180.1.21/compute/v2.1/servers/18b20feb-1e1f-4f7f-b50c-eccca4897817 0.085s
2025-11-12 11:31:25.099 68029 INFO tempest.lib.common.rest_client [req-e6d3210e-aeff-4553-be84-700abd37d026 req-e6d3210e-aeff-4553-be84-700abd37d026 ] Request (ServersNegativeTestJSON:setUpClass): 200 GET http://10.180.1.21/compute/v2.1/servers/702bd44d-aa05-4bcb-97e5-7ea8bedffbeb 0.050s
2025-11-12 11:31:25.175 68047 INFO tempest.lib.common.rest_client [req-b58f647b-6433-456d-a15e-b189ea41adfe req-b58f647b-6433-456d-a15e-b189ea41adfe ] Request (AttachVolumeTestJSON:test_attach_detach_volume): 200 GET http://10.180.1.21/compute/v2.1/servers/f585f920-bae7-4884-a28c-74cb89d8352c 0.102s
2025-11-12 11:31:25.190 67995 INFO tempest.lib.common.rest_client [req-cfd74c75-ff32-46c6-9b6e-d35cd198c6f6 req-cfd74c75-ff32-46c6-9b6e-d35cd198c6f6 ] Request (InstanceActionsV221TestJSON:test_get_list_deleted_instance_actions): 200 GET http://10.180.1.21/compute/v2.1/servers/06fcafaf-bb77-4148-aa2d-1d1e98dca172 0.056s
2025-11-12 11:31:25.224 68019 INFO tempest.lib.common.rest_client [req-1ee66f34-ee20-4aa3-a452-e92d9b9be3a9 req-1ee66f34-ee20-4aa3-a452-e92d9b9be3a9 ] Request (ImagesOneServerNegativeTestJSON:_run_cleanups): 200 GET http://10.180.1.21/compute/v2.1/servers/da455d3d-a639-48e6-9bd8-2b34b127c4e5 0.057s
2025-11-12 11:31:25.286 67989 INFO tempest.lib.common.rest_client [req-0f2c7bbc-b5f9-4af5-b8cf-6ab0e20ffcde req-0f2c7bbc-b5f9-4af5-b8cf-6ab0e20ffcde ] Request (ServersAdminNegativeTestJSON:setUpClass): 200 GET http://10.180.1.21/compute/v2.1/servers/d1727af5-8a09-4757-9536-fd25d9a0ffb2 0.052s
2025-11-12 11:31:25.310 68037 INFO tempest.lib.common.rest_client [req-d498de6a-5022-4a02-bad4-64a01989ed27 req-d498de6a-5022-4a02-bad4-64a01989ed27 ] Request (ServersListShow2100Test:tearDownClass): 200 GET http://10.180.1.21/compute/v2.1/servers/25f4679f-5510-4630-9afc-ba31ee949f90 0.070s
2025-11-12 11:31:25.404 68021 INFO tempest.lib.common.rest_client [req-73894d4a-b611-4c3b-95e1-888ed36de155 req-73894d4a-b611-4c3b-95e1-888ed36de155 ] Request (ServerShowV254Test:tearDownClass): 200 GET http://10.180.1.21/compute/v2.1/servers/88caa9fc-e1cb-42b5-8df8-0ae585b1aacb 0.079s
2025-11-12 11:31:25.463 67999 INFO tempest.lib.common.rest_client [req-f9f8527b-0133-4df8-b246-35440d43ea3d req-f9f8527b-0133-4df8-b246-35440d43ea3d ] Request (MigrationsAdminTest:test_resize_server_revert_deleted_flavor): 200 GET http://10.180.1.21/compute/v2.1/servers/970786d3-ce30-4c50-8399-7be3832263b6 0.087s
2025-11-12 11:31:25.470 68027 INFO tempest.lib.common.rest_client [req-461e5f1f-42e9-427d-9ad3-4df834b2fb8c req-461e5f1f-42e9-427d-9ad3-4df834b2fb8c ] Request (ListServerFiltersTestJSON:test_list_servers_filter_by_shutoff_status): 200 GET http://10.180.1.21/compute/v2.1/servers/09680099-d5c1-4f94-9404-48e539feb312 0.122s
2025-11-12 11:31:25.528 67987 INFO tempest.lib.common.rest_client [req-082ef77e-53e3-4b31-a47e-9ff20ca2ddb7 req-082ef77e-53e3-4b31-a47e-9ff20ca2ddb7 ] Request (MultipleCreateTestJSON:tearDownClass): 200 GET http://10.180.1.21/compute/v2.1/servers/d933790a-9d15-4a45-9f2e-a3ebc5ec2bf8 0.121s
2025-11-12 11:31:25.530 68005 INFO tempest.lib.common.rest_client [req-8b40316c-bde9-4356-b68e-dd1eb5d5f11a req-8b40316c-bde9-4356-b68e-dd1eb5d5f11a ] Request (ServerExternalEventsTest:test_create_server_external_events): 200 GET http://10.180.1.21/compute/v2.1/servers/27d79e76-cbe5-4eba-b493-7e1595815034 0.089s
2025-11-12 11:31:25.605 68009 INFO tempest.lib.common.rest_client [req-ea4eac90-0775-48bf-9c83-5748c8255ec2 req-ea4eac90-0775-48bf-9c83-5748c8255ec2 ] Request (AttachInterfacesTestJSON:test_create_list_show_delete_interfaces_by_network_port): 200 GET http://10.180.1.21/compute/v2.1/servers/528ac943-be43-497d-a43c-bb39fa88375f 0.052s
2025-11-12 11:31:25.807 68001 INFO tempest.lib.common.rest_client [req-016b5d34-17d7-4d8d-9720-4dfb0b7ad577 req-016b5d34-17d7-4d8d-9720-4dfb0b7ad577 ] Request (ServersTestJSON:setUpClass): 200 GET http://10.180.1.21/compute/v2.1/servers/378ce44f-0a74-46e7-92c4-1f6abd90e144 0.099s
2025-11-12 11:31:25.854 68017 INFO tempest.lib.common.rest_client [req-8ef5af23-8365-4e51-ac1d-87a2b88431fe req-8ef5af23-8365-4e51-ac1d-87a2b88431fe ] Request (ServersTestBootFromVolume:setUpClass): 200 GET http://10.180.1.21/compute/v2.1/servers/2f34e47a-1598-4d7a-82d3-1c9ecc562f6b 0.125s
2025-11-12 11:31:25.858 68011 INFO tempest.lib.common.rest_client [req-7b0e15e3-78f9-4b87-8221-e23a74f5d336 req-7b0e15e3-78f9-4b87-8221-e23a74f5d336 ] Request (ServerDiskConfigTestJSON:test_resize_server_from_auto_to_manual): 200 GET http://10.180.1.21/compute/v2.1/servers/b424e9f3-87bb-4aa9-baa1-74d032df0eed 0.098s
2025-11-12 11:31:25.912 67985 INFO tempest.lib.common.rest_client [req-9ed3f573-9f90-4472-8c55-4efdacd987c1 req-9ed3f573-9f90-4472-8c55-4efdacd987c1 ] Request (FloatingIPsAssociationTestJSON:test_associate_already_associated_floating_ip): 200 GET http://10.180.1.21/compute/v2.1/servers/9246041e-7602-4024-a424-5d7198ba0adf 0.133s
2025-11-12 11:31:25.912 68039 INFO tempest.lib.common.rest_client [req-64c1fc7a-2e19-44f7-a491-ce6b9fb09a0d req-64c1fc7a-2e19-44f7-a491-ce6b9fb09a0d ] Request (ImagesTestJSON:test_create_server_from_snapshot): 200 GET http://10.180.1.21/compute/v2.1/servers/146b880e-8d4e-4448-9440-da38e138c4f0 0.097s
2025-11-12 11:31:25.965 67997 INFO tempest.lib.common.rest_client [req-f7fdab2f-ba64-4f5f-831f-90085da24658 req-f7fdab2f-ba64-4f5f-831f-90085da24658 ] Request (ServerActionsTestOtherB:setUpClass): 200 GET http://10.180.1.21/compute/v2.1/servers/a7a0ba52-7a78-4a2c-bff3-f92e8c848b59 0.088s
2025-11-12 11:31:25.970 68013 INFO tempest.lib.common.rest_client [req-be8f1b3e-c58d-4cf2-a233-c05ff643eb04 req-be8f1b3e-c58d-4cf2-a233-c05ff643eb04 ] Request (VolumesAdminNegativeTest:tearDownClass): 200 GET http://10.180.1.21/compute/v2.1/servers/dafc6e9a-aa81-4c77-b58b-7a86f59d4dfe 0.117s
2025-11-12 11:31:26.014 68003 INFO tempest.lib.common.rest_client [req-25c72cb4-05cc-421d-a6eb-dcb6f24cca06 req-25c72cb4-05cc-421d-a6eb-dcb6f24cca06 ] Request (ServerGroupTestJSON:test_create_server_with_scheduler_hint_group): 200 GET http://10.180.1.21/compute/v2.1/servers/2b128377-f6d4-48ba-b6b6-95a5655ef421 0.111s
2025-11-12 11:31:26.021 68035 INFO tempest.lib.common.rest_client [req-6ad142c8-9f4a-4031-9398-c66fc26f530c req-6ad142c8-9f4a-4031-9398-c66fc26f530c ] Request (SecurityGroupsTestJSON:test_server_security_groups): 200 GET http://10.180.1.21/compute/v2.1/servers/3b7c9d24-b619-476a-a9a3-b611c2e6bcf3 0.088s
2025-11-12 11:31:26.071 68032 INFO tempest.lib.common.rest_client [req-5f6e5638-63ee-4e7c-b093-6eabd2f10d6e req-5f6e5638-63ee-4e7c-b093-6eabd2f10d6e ] Request (ServersTestMultiNic:test_verify_duplicate_network_nics): 200 GET http://10.180.1.21/compute/v2.1/servers/a11845b2-c4d7-42ee-9c1e-6ad7e894555b 0.119s
2025-11-12 11:31:26.071 68033 INFO tempest.lib.common.rest_client [req-7a998d7c-4d25-47e8-ac77-17d4f5ddfda4 req-7a998d7c-4d25-47e8-ac77-17d4f5ddfda4 ] Request (ListImageFiltersTestJSON:setUpClass): 200 GET http://10.180.1.21/compute/v2.1/servers/3813cc58-1915-4707-8fff-370188d36b4d 0.093s
2025-11-12 11:31:26.121 68041 INFO tempest.lib.common.rest_client [req-bd501570-412d-4c16-98c7-0dcb77ba1872 req-bd501570-412d-4c16-98c7-0dcb77ba1872 ] Request (ServersAdminTestJSON:test_inject_network_info): 200 GET http://10.180.1.21/compute/v2.1/servers/11a1d282-3fd6-478e-83aa-86c482ff50ca 0.092s
2025-11-12 11:31:26.131 68043 INFO tempest.lib.common.rest_client [req-90d607a1-6f9c-44ef-9730-5d19267fd195 req-90d607a1-6f9c-44ef-9730-5d19267fd195 ] Request (ListServersNegativeTestJSON:tearDownClass): 200 GET http://10.180.1.21/compute/v2.1/servers/59752ab5-3c6d-4066-baa8-efebe81769ce 0.117s
