2025-11-12 11:28:54.573 68021 INFO tempest.lib.common.rest_client [req-88e2fa51-a1d4-4f45-9dd0-40004e89b04b req-88e2fa51-a1d4-4f45-9dd0-40004e89b04b ] Request (FlavorsV2TestJSON:test_list_flavors): 200 GET http://10.180.1.21/compute/v2.1/flavors 2.054s
2025-11-12 11:28:54.611 67997 INFO tempest.lib.common.rest_client [req-359e2d00-9e89-4a84-ade1-32f56d28c4a2 req-359e2d00-9e89-4a84-ade1-32f56d28c4a2 ] Request (QuotasAdminTestJSON:test_get_updated_quotas): 201 POST http://10.180.1.21/identity/v3/projects 0.039s
2025-11-12 11:28:54.662 68041 INFO tempest.lib.common.rest_client [req-fc5757e4-7a33-42c0-a94f-5810edb5c583 req-fc5757e4-7a33-42c0-a94f-5810edb5c583 ] Request (FlavorsV255TestJSON:tearDownClass): 204 DELETE http://10.180.1.21/identity/v3/projects/a7f9a66665854a95b6fd5dfd56ae8076 0.134s
2025-11-12 11:28:54.675 68001 INFO tempest.lib.common.rest_client [req-7a28085e-8d3d-42f5-a49b-bcb6382c88aa req-7a28085e-8d3d-42f5-a49b-bcb6382c88aa ] Request (SecurityGroupRulesNegativeTestJSON:_run_cleanups): 202 DELETE http://10.180.1.21/compute/v2.1/os-security-group-rules/32d400bb-06a8-47bb-89c4-45828dccf3c4 2.452s
2025-11-12 11:28:54.690 68023 INFO tempest.lib.common.rest_client [req-dfd84302-4a99-40f4-9eba-fce9f82e6781 req-dfd84302-4a99-40f4-9eba-fce9f82e6781 ] Request (InstanceUsageAuditLogTestJSON:test_list_instance_usage_audit_logs): 200 GET http://10.180.1.21/compute/v2.1/os-instance_usage_audit_log 2.066s
2025-11-12 11:28:54.697 68027 INFO tempest.lib.common.rest_client [req-3f709aa0-be5a-42fd-85fd-da624646ab97 req-3f709aa0-be5a-42fd-85fd-da624646ab97 ] Request (AttachInterfacesV270Test:test_create_get_list_interfaces): 200 GET http://10.180.1.21/compute/v2.1/servers/597ebd03-3354-4ae4-8b5d-b9e3d1bd19e6 2.135s
2025-11-12 11:28:54.706 67989 INFO tempest.lib.common.rest_client [req-0a611cda-68a3-4b90-a176-e0c211f8d97a req-0a611cda-68a3-4b90-a176-e0c211f8d97a ] Request (HostsAdminNegativeTestJSON:test_startup_host_with_non_admin_user): 403 GET http://10.180.1.21/compute/v2.1/os-hosts/devstack/startup 1.795s
2025-11-12 11:28:54.709 67993 INFO tempest.lib.common.rest_client [req-38eaf8ac-01cc-4479-9f2a-86938faba233 req-38eaf8ac-01cc-4479-9f2a-86938faba233 ] Request (ServersWithSpecificFlavorTestJSON:test_verify_created_server_ephemeral_disk): 200 POST http://10.180.1.21/compute/v2.1/flavors 1.812s
2025-11-12 11:28:54.722 67987 INFO tempest.lib.common.rest_client [req-673bb93f-6522-4000-95f9-7123d88ca1ee req-673bb93f-6522-4000-95f9-7123d88ca1ee ] Request (KeyPairsV210TestJSON:_run_cleanups): 204 DELETE http://10.180.1.21/compute/v2.1/os-keypairs/tempest-keypair-686625278?user_id=8288b6bae0604b5ea3bec6c26d11a784 1.793s
2025-11-12 11:28:54.723 67997 INFO tempest.lib.common.rest_client [req-bb982bbd-b087-41ff-9fbe-3e71d71529d7 req-bb982bbd-b087-41ff-9fbe-3e71d71529d7 ] Request (QuotasAdminTestJSON:test_get_updated_quotas): 200 GET http://10.180.1.21/identity/v3/domains?name=Default 0.112s
2025-11-12 11:28:54.732 68041 INFO tempest.lib.common.rest_client [req-6f901a0a-8f3e-48ee-b245-9b52d2d3c9e2 req-6f901a0a-8f3e-48ee-b245-9b52d2d3c9e2 ] Request (ServersAdminTestJSON:setUpClass): 201 POST http://10.180.1.21/identity/v3/auth/tokens 0.067s
2025-11-12 11:28:54.734 68047 INFO tempest.lib.common.rest_client [req-d66e1339-598c-4e36-91a2-fc93f965cdc4 req-d66e1339-598c-4e36-91a2-fc93f965cdc4 ] Request (FlavorsExtraSpecsTestJSON:test_flavor_set_get_update_show_unset_keys): 200 GET http://10.180.1.21/compute/v2.1/flavors/845669906/os-extra_specs 1.740s
2025-11-12 11:28:54.739 68032 INFO tempest.lib.common.rest_client [req-6a6baf51-1843-465c-8803-77f3ea1971f8 req-6a6baf51-1843-465c-8803-77f3ea1971f8 ] Request (FlavorsAdminTestJSON:_run_cleanups): 200 GET http://10.180.1.21/compute/v2.1/flavors/detail 1.779s
2025-11-12 11:28:54.759 68043 INFO tempest.lib.common.rest_client [req-93f388dc-c77e-44b2-87e1-4285006439d3 req-93f388dc-c77e-44b2-87e1-4285006439d3 ] Request (FlavorsV261TestJSON:_run_cleanups): 200 GET http://10.180.1.21/compute/v2.1/flavors/detail 1.614s
2025-11-12 11:28:54.768 68041 INFO tempest.lib.common.rest_client [req-e6ff385d-0124-4dda-ad77-9cb8fa378177 req-e6ff385d-0124-4dda-ad77-9cb8fa378177 ] Request (ServersAdminTestJSON:setUpClass): 201 POST http://10.180.1.21/identity/v3/auth/tokens 0.033s
2025-11-12 11:28:54.800 68041 INFO tempest.lib.common.rest_client [req-67d846bb-1004-4e6d-b0e1-ecf7bea60f7c req-67d846bb-1004-4e6d-b0e1-ecf7bea60f7c ] Request (ServersAdminTestJSON:setUpClass): 200 GET http://10.180.1.21/identity/v3/domains?name=Default 0.030s
2025-11-12 11:28:54.814 68023 INFO tempest.lib.common.rest_client [req-62348be6-f1e1-428d-abb9-b930ee26a030 req-62348be6-f1e1-428d-abb9-b930ee26a030 ] Request (InstanceUsageAuditLogTestJSON:tearDownClass): 204 DELETE http://10.180.1.21/identity/v3/users/c54b220d11ee43b682ed6c2c8d54144a 0.116s
2025-11-12 11:28:54.869 68019 INFO tempest.lib.common.rest_client [req-ff056f22-fce4-479e-a738-9035fc312089 req-ff056f22-fce4-479e-a738-9035fc312089 ] Request (ImagesOneServerNegativeTestJSON:setUpClass): 200 GET http://10.180.1.21/compute/v2.1/servers/1a2564d0-3654-477f-8d8e-eb072c395632 1.630s
2025-11-12 11:28:54.872 68041 INFO tempest.lib.common.rest_client [req-7c4df95f-ddb8-4c83-92ed-02eb597c785a req-7c4df95f-ddb8-4c83-92ed-02eb597c785a ] Request (ServersAdminTestJSON:setUpClass): 201 POST http://10.180.1.21/identity/v3/projects 0.072s
2025-11-12 11:28:54.891 68043 INFO tempest.lib.common.rest_client [req-1696fbbf-c91f-4023-9dbb-41fbf32de7ca req-1696fbbf-c91f-4023-9dbb-41fbf32de7ca ] Request (FlavorsV261TestJSON:tearDownClass): 204 DELETE http://10.180.1.21/identity/v3/users/57dfa541e1d94e9daa39a1e22622221b 0.117s
2025-11-12 11:28:54.893 68005 INFO tempest.lib.common.rest_client [req-8779ee85-b5df-401c-b881-b297f69514fb req-8779ee85-b5df-401c-b881-b297f69514fb ] Request (AggregatesAdminNegativeTestJSON:test_aggregate_add_host_as_user): 200 POST http://10.180.1.21/compute/v2.1/os-aggregates 1.620s
2025-11-12 11:28:54.902 68025 INFO tempest.lib.common.rest_client [req-325d46e7-9e14-4f92-8d5c-db8c75118c9b req-325d46e7-9e14-4f92-8d5c-db8c75118c9b ] Request (ServerDiagnosticsNegativeTest:test_get_server_diagnostics_by_non_admin): 200 GET http://10.180.1.21/compute/v2.1/servers/4b7daa20-5c4e-43ec-be7b-fe7e7064f150 1.710s
2025-11-12 11:28:54.925 68037 INFO tempest.lib.common.rest_client [req-a7518f9e-b27b-49a0-b73f-3350b87733bf req-a7518f9e-b27b-49a0-b73f-3350b87733bf ] Request (HostsAdminTestJSON:test_list_hosts_with_zone): 200 GET http://10.180.1.21/compute/v2.1/os-hosts 1.576s
2025-11-12 11:28:54.973 68041 INFO tempest.lib.common.rest_client [req-19481ffe-6b24-40de-b0c9-ad576ebfe2df req-19481ffe-6b24-40de-b0c9-ad576ebfe2df ] Request (ServersAdminTestJSON:setUpClass): 201 POST http://10.180.1.21/identity/v3/users 0.101s
2025-11-12 11:28:55.005 68011 INFO tempest.lib.common.rest_client [req-c5f97136-7c86-4995-8c8f-9792a4910ef1 req-c5f97136-7c86-4995-8c8f-9792a4910ef1 ] Request (ServerDiskConfigTestJSON:test_rebuild_server_with_auto_disk_config): 200 GET http://10.180.1.21/compute/v2.1/servers/fd6d93f7-c673-4c1a-970c-7dca1579a903 1.624s
2025-11-12 11:28:55.017 67985 INFO tempest.lib.common.rest_client [req-68d713c9-c4fb-464b-b068-bda5f02256f0 req-68d713c9-c4fb-464b-b068-bda5f02256f0 ] Request (HypervisorAdminNegativeTestJSON:test_get_hypervisor_uptime_with_non_admin_user): 403 GET http://10.180.1.21/compute/v2.1/os-hypervisors/1/uptime 1.609s
2025-11-12 11:28:55.021 68013 INFO tempest.lib.common.rest_client [req-7e4d26ce-b324-40c6-8b65-9b95ceda039f req-7e4d26ce-b324-40c6-8b65-9b95ceda039f ] Request (ServerDiagnosticsTest:test_get_server_diagnostics): 200 GET http://10.180.1.21/compute/v2.1/servers/7955179d-ba4b-454f-b2d8-162e190c5e1f 1.691s
2025-11-12 11:28:55.048 67991 INFO tempest.lib.common.rest_client [req-a2e52a0e-04bf-43fc-8261-84228f1456eb req-a2e52a0e-04bf-43fc-8261-84228f1456eb ] Request (FlavorsAccessNegativeTestJSON:test_flavor_access_list_with_public_flavor): 200 POST http://10.180.1.21/compute/v2.1/flavors 1.591s
2025-11-12 11:28:55.075 68043 INFO tempest.lib.common.rest_client [req-6bf6cf9e-357d-4e86-8801-c3c76b8d02b3 req-6bf6cf9e-357d-4e86-8801-c3c76b8d02b3 ] Request (FlavorsV261TestJSON:tearDownClass): 204 DELETE http://10.180.1.21/identity/v3/users/f381db090118471e930749c95ce89915 0.184s
2025-11-12 11:28:55.076 68043 INFO tempest.lib.common.dynamic_creds [-] Deleting project and security group for project: 6d978c23a96b476d84df1b4a4ac36fcb
2025-11-12 11:28:55.083 68023 INFO tempest.lib.common.rest_client [req-8c649d88-ea36-46b7-939d-a01d54388691 req-8c649d88-ea36-46b7-939d-a01d54388691 ] Request (InstanceUsageAuditLogTestJSON:tearDownClass): 204 DELETE http://10.180.1.21/identity/v3/users/74847af169cb4c9c82e949830ebb1816 0.268s
2025-11-12 11:28:55.083 68023 INFO tempest.lib.common.dynamic_creds [-] Deleting project and security group for project: 25d2f566e5944b54809aa64f02391cc9
2025-11-12 11:28:55.126 68009 INFO tempest.lib.common.rest_client [req-d6daa163-1d32-45d3-98e7-8abc648a6eb5 req-d6daa163-1d32-45d3-98e7-8abc648a6eb5 ] Request (AttachInterfacesTestJSON:test_create_list_show_delete_interfaces_by_fixed_ip): 200 GET http://10.180.1.21/compute/v2.1/servers/7a4d3f97-ad64-4936-a806-f0673427dbcb 1.248s
2025-11-12 11:28:55.166 68043 INFO tempest.lib.common.rest_client [req-8b7a363b-0fb5-4945-8835-7684b64f183b req-8b7a363b-0fb5-4945-8835-7684b64f183b ] Request (FlavorsV261TestJSON:tearDownClass): 201 POST http://10.180.1.21/identity/v3/auth/tokens 0.090s
2025-11-12 11:28:55.196 67999 INFO tempest.lib.common.rest_client [req-37ff2b3b-a5e3-4cf5-884f-dcce26e7fb29 req-37ff2b3b-a5e3-4cf5-884f-dcce26e7fb29 ] Request (MigrationsAdminTest:test_list_migrations_in_flavor_resize_situation): 200 GET http://10.180.1.21/compute/v2.1/servers/5af4006f-a54a-4e9d-8d93-d1359eb20424 1.176s
2025-11-12 11:28:55.199 68023 INFO tempest.lib.common.rest_client [req-800f1ef0-bb5f-44f8-85d3-00fdaa51fd33 req-800f1ef0-bb5f-44f8-85d3-00fdaa51fd33 ] Request (InstanceUsageAuditLogTestJSON:tearDownClass): 201 POST http://10.180.1.21/identity/v3/auth/tokens 0.116s
2025-11-12 11:28:55.199 68029 INFO tempest.lib.common.rest_client [req-ea036fd9-4057-40ce-9d71-2775c5cd5b1f req-ea036fd9-4057-40ce-9d71-2775c5cd5b1f ] Request (ServerAddressesTestJSON:setUpClass): 200 GET http://10.180.1.21/compute/v2.1/servers/0a1293d9-3b57-4b55-9fa2-3c204999538e 1.437s
2025-11-12 11:28:55.207 68041 INFO tempest.lib.common.rest_client [req-f29df258-286d-4db9-84bb-ec4d47c9ed8b req-f29df258-286d-4db9-84bb-ec4d47c9ed8b ] Request (ServersAdminTestJSON:setUpClass): 200 GET http://10.180.1.21/identity/v3/roles 0.233s
2025-11-12 11:28:55.290 68041 INFO tempest.lib.common.rest_client [req-b4c91063-c75b-4e8f-98b8-ecaf06f542f0 req-b4c91063-c75b-4e8f-98b8-ecaf06f542f0 ] Request (ServersAdminTestJSON:setUpClass): 204 PUT http://10.180.1.21/identity/v3/projects/9089f7b2b29e4fa0a58c0baefcee7b0c/users/b84df2f094734087ba0263a6f6ae5752/roles/3b239aed87564a7ba2ce5339da7b2bf9 0.083s
2025-11-12 11:28:55.290 68041 INFO tempest.lib.common.dynamic_creds [-] Dynamic test user b84df2f094734087ba0263a6f6ae5752 is created with scope project and roles: ['member']
2025-11-12 11:28:55.291 68041 INFO tempest.lib.common.dynamic_creds [-] Acquired dynamic creds: credentials: Credentials: {'domain_id': 'default', 'domain_name': 'Default', 'username': 'tempest-ServersAdminTestJSON-442587708-project-member', 'project_domain_id': 'default', 'project_domain_name': 'Default', 'project_id': '9089f7b2b29e4fa0a58c0baefcee7b0c', 'project_name': 'tempest-ServersAdminTestJSON-442587708', 'tenant_id': '9089f7b2b29e4fa0a58c0baefcee7b0c', 'tenant_name': 'tempest-ServersAdminTestJSON-442587708', 'user_domain_id': 'default', 'user_domain_name': 'Default', 'user_id': 'b84df2f094734087ba0263a6f6ae5752', 'system': None}, Network: None, Subnet: None, Router: None
2025-11-12 11:28:55.371 68041 INFO tempest.lib.common.rest_client [req-54b82e34-618f-40fb-804b-d2930a74610f req-54b82e34-618f-40fb-804b-d2930a74610f ] Request (ServersAdminTestJSON:setUpClass): 201 POST http://10.180.1.21/identity/v3/auth/tokens 0.080s
2025-11-12 11:28:55.398 68043 INFO tempest.lib.common.rest_client [req-3cc87fdd-9e2d-4fe2-b729-35b57e1c5c28 req-3cc87fdd-9e2d-4fe2-b729-35b57e1c5c28 ] Request (FlavorsV261TestJSON:tearDownClass): 200 GET http://10.180.1.21/networking/v2.0/security-groups?tenant_id=6d978c23a96b476d84df1b4a4ac36fcb&name=default 0.232s
2025-11-12 11:28:55.407 68023 INFO tempest.lib.common.rest_client [req-aea23a3b-2383-49e6-8dad-9f7954fbb95f req-aea23a3b-2383-49e6-8dad-9f7954fbb95f ] Request (InstanceUsageAuditLogTestJSON:tearDownClass): 200 GET http://10.180.1.21/networking/v2.0/security-groups?tenant_id=25d2f566e5944b54809aa64f02391cc9&name=default 0.207s
2025-11-12 11:28:55.424 68035 INFO tempest.lib.common.rest_client [req-5325fabf-1006-414b-a5ba-4dd4fec6d2e1 req-5325fabf-1006-414b-a5ba-4dd4fec6d2e1 ] Request (SecurityGroupsTestJSON:test_list_security_groups_by_server): 200 GET http://10.180.1.21/compute/v2.1/servers/c5168c79-f839-4cfe-9893-4c54a094db3c 1.302s
2025-11-12 11:28:55.432 68017 INFO tempest.lib.common.rest_client [req-7c19dfad-1092-482f-88a3-7c2326035df2 req-7c19dfad-1092-482f-88a3-7c2326035df2 ] Request (ImagesMetadataTestJSON:setUp): 200 PUT http://10.180.1.21/compute/v2.1/images/5f2743d4-7957-42b9-9f10-438ff474f32d/metadata 1.378s
2025-11-12 11:28:55.459 68021 INFO tempest.lib.common.rest_client [req-fc9bd558-479d-4b05-ab10-960380abb9e6 req-fc9bd558-479d-4b05-ab10-960380abb9e6 ] Request (FlavorsV2TestJSON:test_list_flavors): 200 GET http://10.180.1.21/compute/v2.1/flavors/42 0.882s
2025-11-12 11:28:55.473 67989 INFO tempest.lib.common.rest_client [req-c3af2504-a690-4e33-b68c-1034619248ff req-c3af2504-a690-4e33-b68c-1034619248ff ] Request (HostsAdminNegativeTestJSON:test_startup_nonexistent_host): 404 GET http://10.180.1.21/compute/v2.1/os-hosts/nonexistent_hostname/startup 0.766s
2025-11-12 11:28:55.489 67993 INFO tempest.lib.common.rest_client [req-693208a0-1138-4e35-9202-9a4c5b47ba0b req-693208a0-1138-4e35-9202-9a4c5b47ba0b ] Request (ServersWithSpecificFlavorTestJSON:test_verify_created_server_ephemeral_disk): 200 GET http://10.180.1.21/compute/v2.1/flavors/42/os-extra_specs 0.777s
2025-11-12 11:28:55.508 68043 INFO tempest.lib.common.rest_client [req-ef906af0-1f74-4643-8a02-517b6e9eb699 req-ef906af0-1f74-4643-8a02-517b6e9eb699 ] Request (FlavorsV261TestJSON:tearDownClass): 204 DELETE http://10.180.1.21/networking/v2.0/security-groups/94160bbe-d545-4551-b3ce-000beb363f84 0.109s
2025-11-12 11:28:55.508 67987 INFO tempest.lib.common.rest_client [req-d1e11c88-289f-43a6-91f5-9fde736dcb87 req-d1e11c88-289f-43a6-91f5-9fde736dcb87 ] Request (KeyPairsV210TestJSON:_run_cleanups): 204 DELETE http://10.180.1.21/compute/v2.1/os-keypairs/tempest-keypair-2087101631?user_id=8288b6bae0604b5ea3bec6c26d11a784 0.786s
2025-11-12 11:28:55.573 68043 INFO tempest.lib.common.rest_client [req-b8c1e1fa-15aa-4a44-b160-283173d98987 req-b8c1e1fa-15aa-4a44-b160-283173d98987 ] Request (FlavorsV261TestJSON:tearDownClass): 204 DELETE http://10.180.1.21/identity/v3/projects/6d978c23a96b476d84df1b4a4ac36fcb 0.064s
2025-11-12 11:28:55.573 68043 INFO tempest.lib.common.dynamic_creds [-] Deleting project and security group for project: 4a0131e2cdfa4d998064ac029cd83940
2025-11-12 11:28:55.586 67987 INFO tempest.lib.common.rest_client [req-a0a26b93-335a-4b78-98eb-7ee3c6b2f4d0 req-a0a26b93-335a-4b78-98eb-7ee3c6b2f4d0 ] Request (KeyPairsV210TestJSON:tearDownClass): 204 DELETE http://10.180.1.21/identity/v3/users/8288b6bae0604b5ea3bec6c26d11a784 0.071s
2025-11-12 11:28:55.595 68023 INFO tempest.lib.common.rest_client [req-2b81690b-3e11-485b-a9aa-1bee016789d4 req-2b81690b-3e11-485b-a9aa-1bee016789d4 ] Request (InstanceUsageAuditLogTestJSON:tearDownClass): 204 DELETE http://10.180.1.21/networking/v2.0/security-groups/4a8b83c3-46d4-444d-8f01-b9fad85a4de6 0.186s
2025-11-12 11:28:55.669 68041 INFO tempest.lib.common.rest_client [req-4ccecccb-ed64-48fc-a82b-80ed46ec3549 req-4ccecccb-ed64-48fc-a82b-80ed46ec3549 ] Request (ServersAdminTestJSON:setUpClass): 201 POST http://10.180.1.21/networking/v2.0/networks 0.298s
2025-11-12 11:28:55.692 67987 INFO tempest.lib.common.rest_client [req-9b518ee8-e93b-4eb7-8e78-95e341176d4c req-9b518ee8-e93b-4eb7-8e78-95e341176d4c ] Request (KeyPairsV210TestJSON:tearDownClass): 204 DELETE http://10.180.1.21/identity/v3/users/7f80e4375f6f4cc798deda4cd9504030 0.106s
2025-11-12 11:28:55.693 67987 INFO tempest.lib.common.dynamic_creds [-] Deleting project and security group for project: 67abb3234096445990bd20f677304a65
2025-11-12 11:28:55.701 68001 INFO tempest.lib.common.rest_client [req-d270955b-0a27-4dbe-859b-dffc2334f964 req-d270955b-0a27-4dbe-859b-dffc2334f964 ] Request (SecurityGroupRulesNegativeTestJSON:test_create_security_group_rule_with_invalid_from_port): 200 POST http://10.180.1.21/compute/v2.1/os-security-groups 1.024s
2025-11-12 11:28:55.731 68047 INFO tempest.lib.common.rest_client [req-72cdefc0-09be-4795-acac-bafa12f0637f req-72cdefc0-09be-4795-acac-bafa12f0637f ] Request (FlavorsExtraSpecsTestJSON:test_flavor_set_get_update_show_unset_keys): 200 PUT http://10.180.1.21/compute/v2.1/flavors/845669906/os-extra_specs/hw:numa_nodes 0.995s
2025-11-12 11:28:55.737 67987 INFO tempest.lib.common.rest_client [req-4d95b0a5-4587-4f7f-a24a-9e7b530c6b32 req-4d95b0a5-4587-4f7f-a24a-9e7b530c6b32 ] Request (KeyPairsV210TestJSON:tearDownClass): 201 POST http://10.180.1.21/identity/v3/auth/tokens 0.043s
2025-11-12 11:28:55.764 67997 INFO tempest.lib.common.rest_client [req-373499d5-6a46-48e6-89ff-8bcbb3bb843b req-373499d5-6a46-48e6-89ff-8bcbb3bb843b ] Request (QuotasAdminTestJSON:test_get_updated_quotas): 200 PUT http://10.180.1.21/compute/v2.1/os-quota-sets/e878ea0df1b94dd2b69872e19490600f 1.039s
2025-11-12 11:28:55.777 68023 INFO tempest.lib.common.rest_client [req-eac9803a-2927-4a46-881e-761dfa17eb7b req-eac9803a-2927-4a46-881e-761dfa17eb7b ] Request (InstanceUsageAuditLogTestJSON:tearDownClass): 204 DELETE http://10.180.1.21/identity/v3/projects/25d2f566e5944b54809aa64f02391cc9 0.182s
2025-11-12 11:28:55.777 68023 INFO tempest.lib.common.dynamic_creds [-] Deleting project and security group for project: 7f9338db4149466ea32a800dc5007632
2025-11-12 11:28:55.777 68043 INFO tempest.lib.common.rest_client [req-f350fdd5-736a-433a-8c7d-87dd80ef2a8b req-f350fdd5-736a-433a-8c7d-87dd80ef2a8b ] Request (FlavorsV261TestJSON:tearDownClass): 200 GET http://10.180.1.21/networking/v2.0/security-groups?tenant_id=4a0131e2cdfa4d998064ac029cd83940&name=default 0.204s
2025-11-12 11:28:55.780 68032 INFO tempest.lib.common.rest_client [req-f97ea8a0-3866-426d-9712-b0122d6a76fa req-f97ea8a0-3866-426d-9712-b0122d6a76fa ] Request (FlavorsAdminTestJSON:test_create_flavor_with_int_id): 200 POST http://10.180.1.21/compute/v2.1/flavors 1.033s
2025-11-12 11:28:55.855 68041 INFO tempest.lib.common.rest_client [req-5cffa6d7-4c11-41fb-8d8d-bb13af645c9a req-5cffa6d7-4c11-41fb-8d8d-bb13af645c9a ] Request (ServersAdminTestJSON:setUpClass): 201 POST http://10.180.1.21/networking/v2.0/subnets 0.185s
2025-11-12 11:28:55.891 68005 INFO tempest.lib.common.rest_client [req-7655b016-34bb-42d0-b7d0-82c5eafc9e69 req-7655b016-34bb-42d0-b7d0-82c5eafc9e69 ] Request (AggregatesAdminNegativeTestJSON:test_aggregate_add_host_as_user): 403 POST http://10.180.1.21/compute/v2.1/os-aggregates/2/action 0.996s
2025-11-12 11:28:55.912 68037 INFO tempest.lib.common.rest_client [req-fb3e7397-2726-4f7f-b66a-3b254454e49a req-fb3e7397-2726-4f7f-b66a-3b254454e49a ] Request (HostsAdminTestJSON:test_list_hosts_with_zone): 200 GET http://10.180.1.21/compute/v2.1/os-hosts?zone=internal 0.984s
2025-11-12 11:28:56.001 67987 INFO tempest.lib.common.rest_client [req-c6791d5e-3159-4761-9bcc-dee3f33fcef7 req-c6791d5e-3159-4761-9bcc-dee3f33fcef7 ] Request (KeyPairsV210TestJSON:tearDownClass): 200 GET http://10.180.1.21/networking/v2.0/security-groups?tenant_id=67abb3234096445990bd20f677304a65&name=default 0.263s
2025-11-12 11:28:56.034 68023 INFO tempest.lib.common.rest_client [req-5733c149-f9c4-4ced-9201-26f1a14ccac4 req-5733c149-f9c4-4ced-9201-26f1a14ccac4 ] Request (InstanceUsageAuditLogTestJSON:tearDownClass): 200 GET http://10.180.1.21/networking/v2.0/security-groups?tenant_id=7f9338db4149466ea32a800dc5007632&name=default 0.257s
2025-11-12 11:28:56.102 68043 INFO tempest.lib.common.rest_client [req-7e659c1f-f5e3-4ff1-8712-a6c5cfb31c2e req-7e659c1f-f5e3-4ff1-8712-a6c5cfb31c2e ] Request (FlavorsV261TestJSON:tearDownClass): 204 DELETE http://10.180.1.21/networking/v2.0/security-groups/0791229c-dc47-42e8-99c0-b023efd4606f 0.323s
2025-11-12 11:28:56.166 68043 INFO tempest.lib.common.rest_client [req-7babe65a-6f47-4357-a7f7-8bcfdda2738f req-7babe65a-6f47-4357-a7f7-8bcfdda2738f ] Request (FlavorsV261TestJSON:tearDownClass): 204 DELETE http://10.180.1.21/identity/v3/projects/4a0131e2cdfa4d998064ac029cd83940 0.063s
2025-11-12 11:28:56.173 68039 INFO tempest.lib.common.rest_client [req-1816c4f1-2c7b-4c20-89d8-8274393894d8 req-1816c4f1-2c7b-4c20-89d8-8274393894d8 ] Request (ImagesTestJSON:test_create_image_from_stopped_server): 200 GET http://10.180.1.21/compute/v2.1/servers/6a85e8a2-434d-479d-9555-7ee1f3431b7f 1.433s
2025-11-12 11:28:56.180 67985 INFO tempest.lib.common.rest_client [req-791d94df-9174-4160-9182-ff1cfb670270 req-791d94df-9174-4160-9182-ff1cfb670270 ] Request (HypervisorAdminNegativeTestJSON:test_get_nonexistent_hypervisor_uptime): 404 GET http://10.180.1.21/compute/v2.1/os-hypervisors/c79d93d4-d99c-4b28-95c7-77f6d59d67b5/uptime 1.161s
2025-11-12 11:28:56.181 68015 INFO tempest.lib.common.rest_client [req-e6b39b35-4aec-4f7b-820c-f1712a25c794 req-e6b39b35-4aec-4f7b-820c-f1712a25c794 ] Request (VolumesAssistedSnapshotsTest:test_volume_assisted_snapshot_create_delete): 200 GET http://10.180.1.21/compute/v2.1/servers/9c64d743-2cc6-4f9d-9b84-0a0f4611a70f 1.197s
2025-11-12 11:28:56.196 67991 INFO tempest.lib.common.rest_client [req-675f6d26-1210-4243-9222-30b511374e59 req-675f6d26-1210-4243-9222-30b511374e59 ] Request (FlavorsAccessNegativeTestJSON:test_flavor_access_list_with_public_flavor): 404 GET http://10.180.1.21/compute/v2.1/flavors/1250502888/os-flavor-access 1.146s
2025-11-12 11:28:56.251 68043 INFO tempest.lib.common.rest_client [req-40408cb0-de67-4fff-90b5-bab9a5b97473 req-40408cb0-de67-4fff-90b5-bab9a5b97473 ] Request (ListImagesTestJSON:setUpClass): 201 POST http://10.180.1.21/identity/v3/auth/tokens 0.083s
2025-11-12 11:28:56.277 68043 INFO tempest.lib.common.rest_client [req-88db17c2-2b01-4617-8236-c70142ea7aa2 req-88db17c2-2b01-4617-8236-c70142ea7aa2 ] Request (ListImagesTestJSON:setUpClass): 201 POST http://10.180.1.21/identity/v3/auth/tokens 0.024s
2025-11-12 11:28:56.302 68043 INFO tempest.lib.common.rest_client [req-d8f41c00-bce1-485a-b473-15ef0c19f330 req-d8f41c00-bce1-485a-b473-15ef0c19f330 ] Request (ListImagesTestJSON:setUpClass): 200 GET http://10.180.1.21/identity/v3/domains?name=Default 0.024s
2025-11-12 11:28:56.310 67987 INFO tempest.lib.common.rest_client [req-9d9de5c0-221e-4957-be94-79e58bc28fca req-9d9de5c0-221e-4957-be94-79e58bc28fca ] Request (KeyPairsV210TestJSON:tearDownClass): 204 DELETE http://10.180.1.21/networking/v2.0/security-groups/ae9d8d42-b8bd-440f-a920-088c7c3ca712 0.308s
2025-11-12 11:28:56.331 68043 INFO tempest.lib.common.rest_client [req-39670c09-790c-4d5d-89ce-4925b34a2899 req-39670c09-790c-4d5d-89ce-4925b34a2899 ] Request (ListImagesTestJSON:setUpClass): 201 POST http://10.180.1.21/identity/v3/projects 0.028s
2025-11-12 11:28:56.367 67987 INFO tempest.lib.common.rest_client [req-2c744562-5ca8-4e55-bd99-a9e15dfeb07e req-2c744562-5ca8-4e55-bd99-a9e15dfeb07e ] Request (KeyPairsV210TestJSON:tearDownClass): 204 DELETE http://10.180.1.21/identity/v3/projects/67abb3234096445990bd20f677304a65 0.057s
2025-11-12 11:28:56.367 67987 INFO tempest.lib.common.dynamic_creds [-] Deleting project and security group for project: 9df3d97a99f64cec86a04ed676f4575f
2025-11-12 11:28:56.388 68023 INFO tempest.lib.common.rest_client [req-bca8dc64-cfea-418f-a03b-244ddf449966 req-bca8dc64-cfea-418f-a03b-244ddf449966 ] Request (InstanceUsageAuditLogTestJSON:tearDownClass): 204 DELETE http://10.180.1.21/networking/v2.0/security-groups/be05623a-93bb-4e6d-bd09-b07ed9586f87 0.353s
2025-11-12 11:28:56.437 68043 INFO tempest.lib.common.rest_client [req-459ff132-ef83-4879-b9f4-045e853ae36c req-459ff132-ef83-4879-b9f4-045e853ae36c ] Request (ListImagesTestJSON:setUpClass): 201 POST http://10.180.1.21/identity/v3/users 0.106s
2025-11-12 11:28:56.465 68043 INFO tempest.lib.common.rest_client [req-309d5e0e-956d-49b0-8726-d987d21ba7a7 req-309d5e0e-956d-49b0-8726-d987d21ba7a7 ] Request (ListImagesTestJSON:setUpClass): 200 GET http://10.180.1.21/identity/v3/roles 0.027s
2025-11-12 11:28:56.487 68023 INFO tempest.lib.common.rest_client [req-25992c66-f483-4a4e-aa2f-1fafd543a927 req-25992c66-f483-4a4e-aa2f-1fafd543a927 ] Request (InstanceUsageAuditLogTestJSON:tearDownClass): 204 DELETE http://10.180.1.21/identity/v3/projects/7f9338db4149466ea32a800dc5007632 0.099s
2025-11-12 11:28:56.488 68023 INFO tempest.test [-] raised in SpiceDirectConsoleTestJSON.setUpClass. Invoking tearDownClass.
2025-11-12 11:28:56.520 68033 INFO tempest.lib.common.rest_client [req-6417d2a4-0c07-4846-afe0-128fb53a7e9b req-6417d2a4-0c07-4846-afe0-128fb53a7e9b ] Request (ServersAdmin275Test:test_rebuild_update_server_275): 200 GET http://10.180.1.21/compute/v2.1/servers/2e78131b-3f27-483b-addf-193de1fd25a1 1.106s
2025-11-12 11:28:56.522 68023 INFO tempest.lib.common.rest_client [req-d6eb6a86-563e-4730-8598-f7380c410412 req-d6eb6a86-563e-4730-8598-f7380c410412 ] Request (AttachInterfacesUnderV243Test:setUpClass): 201 POST http://10.180.1.21/identity/v3/auth/tokens 0.029s
2025-11-12 11:28:56.535 67995 INFO tempest.lib.common.rest_client [req-5071e74c-86e7-4602-b15b-43c5f8e239d0 req-5071e74c-86e7-4602-b15b-43c5f8e239d0 ] Request (ServersV294TestFqdnHostnames:setUpClass): 200 GET http://10.180.1.21/compute/v2.1/servers/e7931602-ff54-4975-ba3e-1b7998ccd141 1.353s
2025-11-12 11:28:56.537 68033 INFO tempest.common.waiters [-] State transition "REBUILD/rebuilding" ==> "REBUILD/rebuild_spawning" after 2 second wait
2025-11-12 11:28:56.539 68043 INFO tempest.lib.common.rest_client [req-85716134-b313-477a-a345-ca215c29f3d5 req-85716134-b313-477a-a345-ca215c29f3d5 ] Request (ListImagesTestJSON:setUpClass): 204 PUT http://10.180.1.21/identity/v3/projects/c5bed4aa93ed4679a3b44d599f4ec3a4/users/6f910658fc494846b1e6bfecb635fe09/roles/3b239aed87564a7ba2ce5339da7b2bf9 0.073s
2025-11-12 11:28:56.540 68043 INFO tempest.lib.common.dynamic_creds [-] Dynamic test user 6f910658fc494846b1e6bfecb635fe09 is created with scope project and roles: ['member']
2025-11-12 11:28:56.540 68043 INFO tempest.lib.common.dynamic_creds [-] Acquired dynamic creds: credentials: Credentials: {'domain_id': 'default', 'domain_name': 'Default', 'username': 'tempest-ListImagesTestJSON-714299563-project-member', 'project_domain_id': 'default', 'project_domain_name': 'Default', 'project_id': 'c5bed4aa93ed4679a3b44d599f4ec3a4', 'project_name': 'tempest-ListImagesTestJSON-714299563', 'tenant_id': 'c5bed4aa93ed4679a3b44d599f4ec3a4', 'tenant_name': 'tempest-ListImagesTestJSON-714299563', 'user_domain_id': 'default', 'user_domain_name': 'Default', 'user_id': '6f910658fc494846b1e6bfecb635fe09', 'system': None}, Network: None, Subnet: None, Router: None
2025-11-12 11:28:56.540 68043 INFO tempest.lib.common.dynamic_creds [-] Created isolated network resources for: credentials: Credentials: {'domain_id': 'default', 'domain_name': 'Default', 'username': 'tempest-ListImagesTestJSON-714299563-project-member', 'project_domain_id': 'default', 'project_domain_name': 'Default', 'project_id': 'c5bed4aa93ed4679a3b44d599f4ec3a4', 'project_name': 'tempest-ListImagesTestJSON-714299563', 'tenant_id': 'c5bed4aa93ed4679a3b44d599f4ec3a4', 'tenant_name': 'tempest-ListImagesTestJSON-714299563', 'user_domain_id': 'default', 'user_domain_name': 'Default', 'user_id': '6f910658fc494846b1e6bfecb635fe09', 'system': None}, Network: None, Subnet: None, Router: None
2025-11-12 11:28:56.588 68017 INFO tempest.lib.common.rest_client [req-be7d8184-c587-414e-b3d7-9f37d5183f06 req-be7d8184-c587-414e-b3d7-9f37d5183f06 ] Request (ImagesMetadataTestJSON:test_get_image_metadata_item): 200 GET http://10.180.1.21/compute/v2.1/images/5f2743d4-7957-42b9-9f10-438ff474f32d/metadata/os_distro 1.155s
2025-11-12 11:28:56.601 68021 INFO tempest.lib.common.rest_client [req-f2d2ce4d-0a8e-4fb3-b07c-e3442d33e17d req-f2d2ce4d-0a8e-4fb3-b07c-e3442d33e17d ] Request (FlavorsV2TestJSON:test_list_flavors_detailed_filter_by_min_disk): 200 GET http://10.180.1.21/compute/v2.1/flavors/42 1.135s
2025-11-12 11:28:56.602 68023 INFO tempest.lib.common.rest_client [req-e7f81567-9602-495e-88a0-dc7d5792cd89 req-e7f81567-9602-495e-88a0-dc7d5792cd89 ] Request (AttachInterfacesUnderV243Test:setUpClass): 201 POST http://10.180.1.21/identity/v3/auth/tokens 0.078s
2025-11-12 11:28:56.606 67989 INFO tempest.lib.common.rest_client [req-acb8049e-f913-4e0c-9468-32680eea85ce req-acb8049e-f913-4e0c-9468-32680eea85ce ] Request (HostsAdminNegativeTestJSON:test_update_host_with_invalid_maintenance_mode): 400 PUT http://10.180.1.21/compute/v2.1/os-hosts/devstack 1.131s
2025-11-12 11:28:56.631 68023 INFO tempest.lib.common.rest_client [req-67854067-ed0c-4b60-ba66-259ddfec0dfe req-67854067-ed0c-4b60-ba66-259ddfec0dfe ] Request (AttachInterfacesUnderV243Test:setUpClass): 200 GET http://10.180.1.21/identity/v3/domains?name=Default 0.028s
2025-11-12 11:28:56.633 67993 INFO tempest.lib.common.rest_client [req-8986a639-7965-46e6-81f8-45740fb9b215 req-8986a639-7965-46e6-81f8-45740fb9b215 ] Request (ServersWithSpecificFlavorTestJSON:test_verify_created_server_ephemeral_disk): 200 POST http://10.180.1.21/compute/v2.1/flavors/1751334363/os-extra_specs 1.143s
2025-11-12 11:28:56.655 68043 INFO tempest.lib.common.rest_client [req-5720e27b-d0bd-4342-ac73-30aa2937c032 req-5720e27b-d0bd-4342-ac73-30aa2937c032 ] Request (ListImagesTestJSON:setUpClass): 201 POST http://10.180.1.21/identity/v3/auth/tokens 0.103s
2025-11-12 11:28:56.660 68023 INFO tempest.lib.common.rest_client [req-36955bdc-a4cc-4318-9f15-a9c686f61c0b req-36955bdc-a4cc-4318-9f15-a9c686f61c0b ] Request (AttachInterfacesUnderV243Test:setUpClass): 201 POST http://10.180.1.21/identity/v3/projects 0.028s
2025-11-12 11:28:56.706 67987 INFO tempest.lib.common.rest_client [req-6cee9347-9884-449f-8b6e-07cc40d471f1 req-6cee9347-9884-449f-8b6e-07cc40d471f1 ] Request (KeyPairsV210TestJSON:tearDownClass): 200 GET http://10.180.1.21/networking/v2.0/security-groups?tenant_id=9df3d97a99f64cec86a04ed676f4575f&name=default 0.338s
2025-11-12 11:28:56.720 68023 INFO tempest.lib.common.rest_client [req-f254e589-5c79-45a3-b45e-b2ca083196ec req-f254e589-5c79-45a3-b45e-b2ca083196ec ] Request (AttachInterfacesUnderV243Test:setUpClass): 201 POST http://10.180.1.21/identity/v3/users 0.059s
2025-11-12 11:28:56.737 68041 INFO tempest.lib.common.rest_client [req-65983ed0-6f81-4670-97d4-0ae7fa4dd16b req-65983ed0-6f81-4670-97d4-0ae7fa4dd16b ] Request (ServersAdminTestJSON:setUpClass): 201 POST http://10.180.1.21/networking/v2.0/routers 0.881s
2025-11-12 11:28:56.750 68023 INFO tempest.lib.common.rest_client [req-b8f649ea-6ebf-40d5-a240-a6d969137773 req-b8f649ea-6ebf-40d5-a240-a6d969137773 ] Request (AttachInterfacesUnderV243Test:setUpClass): 200 GET http://10.180.1.21/identity/v3/roles 0.030s
2025-11-12 11:28:56.785 68023 INFO tempest.lib.common.rest_client [req-076a2a36-cf3b-427d-b31a-fdda2d614b54 req-076a2a36-cf3b-427d-b31a-fdda2d614b54 ] Request (AttachInterfacesUnderV243Test:setUpClass): 204 PUT http://10.180.1.21/identity/v3/projects/2543a7f743414f838555c5587e04a5ab/users/832d1d69dd3b4cc6bb0348b0a9d0d9c5/roles/3b239aed87564a7ba2ce5339da7b2bf9 0.034s
2025-11-12 11:28:56.786 68023 INFO tempest.lib.common.dynamic_creds [-] Dynamic test user 832d1d69dd3b4cc6bb0348b0a9d0d9c5 is created with scope project and roles: ['member']
2025-11-12 11:28:56.786 68023 INFO tempest.lib.common.dynamic_creds [-] Acquired dynamic creds: credentials: Credentials: {'domain_id': 'default', 'domain_name': 'Default', 'username': 'tempest-AttachInterfacesUnderV243Test-1625693706-project-member', 'project_domain_id': 'default', 'project_domain_name': 'Default', 'project_id': '2543a7f743414f838555c5587e04a5ab', 'project_name': 'tempest-AttachInterfacesUnderV243Test-1625693706', 'tenant_id': '2543a7f743414f838555c5587e04a5ab', 'tenant_name': 'tempest-AttachInterfacesUnderV243Test-1625693706', 'user_domain_id': 'default', 'user_domain_name': 'Default', 'user_id': '832d1d69dd3b4cc6bb0348b0a9d0d9c5', 'system': None}, Network: None, Subnet: None, Router: None
2025-11-12 11:28:56.836 68001 INFO tempest.lib.common.rest_client [req-1f0d9909-e803-42bd-912c-feebfa7bcec8 req-1f0d9909-e803-42bd-912c-feebfa7bcec8 ] Request (SecurityGroupRulesNegativeTestJSON:test_create_security_group_rule_with_invalid_from_port): 400 POST http://10.180.1.21/compute/v2.1/os-security-group-rules 1.128s
2025-11-12 11:28:56.852 68023 INFO tempest.lib.common.rest_client [req-16562735-1d58-41e7-b530-ca1bff0a2d74 req-16562735-1d58-41e7-b530-ca1bff0a2d74 ] Request (AttachInterfacesUnderV243Test:setUpClass): 201 POST http://10.180.1.21/identity/v3/auth/tokens 0.066s
2025-11-12 11:28:56.930 67987 INFO tempest.lib.common.rest_client [req-a7c5f334-0642-41c5-85b3-9ea7bf82b066 req-a7c5f334-0642-41c5-85b3-9ea7bf82b066 ] Request (KeyPairsV210TestJSON:tearDownClass): 204 DELETE http://10.180.1.21/networking/v2.0/security-groups/b87f5ffc-c386-40bb-abec-8d5960124e07 0.223s
2025-11-12 11:28:57.018 67987 INFO tempest.lib.common.rest_client [req-b4f6a4e5-6b20-4eea-8c11-9702dc0fde0a req-b4f6a4e5-6b20-4eea-8c11-9702dc0fde0a ] Request (KeyPairsV210TestJSON:tearDownClass): 204 DELETE http://10.180.1.21/identity/v3/projects/9df3d97a99f64cec86a04ed676f4575f 0.088s
2025-11-12 11:28:57.120 67987 INFO tempest.lib.common.rest_client [req-ca342292-3ae2-4db0-989d-9a1766b67132 req-ca342292-3ae2-4db0-989d-9a1766b67132 ] Request (MultipleCreateTestJSON:setUpClass): 201 POST http://10.180.1.21/identity/v3/auth/tokens 0.099s
2025-11-12 11:28:57.151 67987 INFO tempest.lib.common.rest_client [req-9b308277-34ee-42e3-ac41-be97cd8951c3 req-9b308277-34ee-42e3-ac41-be97cd8951c3 ] Request (MultipleCreateTestJSON:setUpClass): 201 POST http://10.180.1.21/identity/v3/auth/tokens 0.028s
2025-11-12 11:28:57.183 67987 INFO tempest.lib.common.rest_client [req-912b1f4e-b0d1-4fe1-a6c7-d6601f46246d req-912b1f4e-b0d1-4fe1-a6c7-d6601f46246d ] Request (MultipleCreateTestJSON:setUpClass): 200 GET http://10.180.1.21/identity/v3/domains?name=Default 0.032s
2025-11-12 11:28:57.214 68003 INFO tempest.lib.common.rest_client [req-fc9ec227-0ff1-4c8a-a23e-8fb2ab30f4ca req-fc9ec227-0ff1-4c8a-a23e-8fb2ab30f4ca ] Request (ServersTestManualDisk:setUpClass): 200 GET http://10.180.1.21/compute/v2.1/servers/fb739767-addc-4993-bf0d-0ab6350f29e4 1.783s
2025-11-12 11:28:57.216 67987 INFO tempest.lib.common.rest_client [req-4a0ee0e0-7e7d-4dd7-be0a-4393a5c2f7b2 req-4a0ee0e0-7e7d-4dd7-be0a-4393a5c2f7b2 ] Request (MultipleCreateTestJSON:setUpClass): 201 POST http://10.180.1.21/identity/v3/projects 0.032s
2025-11-12 11:28:57.233 68047 INFO tempest.lib.common.rest_client [req-47726e57-a4a2-47f2-be63-393a62dc8206 req-47726e57-a4a2-47f2-be63-393a62dc8206 ] Request (FlavorsExtraSpecsTestJSON:test_flavor_set_get_update_show_unset_keys): 200 GET http://10.180.1.21/compute/v2.1/flavors/845669906/os-extra_specs 1.501s
2025-11-12 11:28:57.299 67987 INFO tempest.lib.common.rest_client [req-954f8764-99ba-4f02-957b-45ab41ac3ca5 req-954f8764-99ba-4f02-957b-45ab41ac3ca5 ] Request (MultipleCreateTestJSON:setUpClass): 201 POST http://10.180.1.21/identity/v3/users 0.083s
2025-11-12 11:28:57.327 67987 INFO tempest.lib.common.rest_client [req-ff0208ca-9a14-422d-b11e-43d585430fd3 req-ff0208ca-9a14-422d-b11e-43d585430fd3 ] Request (MultipleCreateTestJSON:setUpClass): 200 GET http://10.180.1.21/identity/v3/roles 0.027s
2025-11-12 11:28:57.357 67987 INFO tempest.lib.common.rest_client [req-4923d3c8-d580-48e4-9dcd-94b6a0212155 req-4923d3c8-d580-48e4-9dcd-94b6a0212155 ] Request (MultipleCreateTestJSON:setUpClass): 204 PUT http://10.180.1.21/identity/v3/projects/bec33208117e45c884bbbc46bc14f96b/users/b97d799013e842409d04324bb6833687/roles/3b239aed87564a7ba2ce5339da7b2bf9 0.030s
2025-11-12 11:28:57.357 67987 INFO tempest.lib.common.dynamic_creds [-] Dynamic test user b97d799013e842409d04324bb6833687 is created with scope project and roles: ['member']
2025-11-12 11:28:57.358 67987 INFO tempest.lib.common.dynamic_creds [-] Acquired dynamic creds: credentials: Credentials: {'domain_id': 'default', 'domain_name': 'Default', 'username': 'tempest-MultipleCreateTestJSON-915425427-project-member', 'project_domain_id': 'default', 'project_domain_name': 'Default', 'project_id': 'bec33208117e45c884bbbc46bc14f96b', 'project_name': 'tempest-MultipleCreateTestJSON-915425427', 'tenant_id': 'bec33208117e45c884bbbc46bc14f96b', 'tenant_name': 'tempest-MultipleCreateTestJSON-915425427', 'user_domain_id': 'default', 'user_domain_name': 'Default', 'user_id': 'b97d799013e842409d04324bb6833687', 'system': None}, Network: None, Subnet: None, Router: None
2025-11-12 11:28:57.444 67987 INFO tempest.lib.common.rest_client [req-c41ead60-f63e-46b0-b303-6d5586a65d9f req-c41ead60-f63e-46b0-b303-6d5586a65d9f ] Request (MultipleCreateTestJSON:setUpClass): 201 POST http://10.180.1.21/identity/v3/auth/tokens 0.086s
2025-11-12 11:28:57.470 67997 INFO tempest.lib.common.rest_client [req-e7f4052f-d5aa-4435-9424-f3fc94432bb7 req-e7f4052f-d5aa-4435-9424-f3fc94432bb7 ] Request (QuotasAdminTestJSON:test_get_updated_quotas): 200 GET http://10.180.1.21/compute/v2.1/os-quota-sets/e878ea0df1b94dd2b69872e19490600f/detail 1.704s
2025-11-12 11:28:57.491 68032 INFO tempest.lib.common.rest_client [req-f0917969-6ad5-49f4-9612-0c2a63da92e5 req-f0917969-6ad5-49f4-9612-0c2a63da92e5 ] Request (FlavorsAdminTestJSON:_run_cleanups): 202 DELETE http://10.180.1.21/compute/v2.1/flavors/2115955057 1.708s
2025-11-12 11:28:57.500 67997 INFO tempest.lib.common.rest_client [req-0db4f70d-94ce-4728-a768-3a3fbaa406e2 req-0db4f70d-94ce-4728-a768-3a3fbaa406e2 ] Request (QuotasAdminTestJSON:test_get_updated_quotas): 200 GET http://10.180.1.21/identity/v3/domains?name=Default 0.024s
2025-11-12 11:28:57.512 68023 INFO tempest.lib.common.rest_client [req-020ccf10-8cc9-4b44-ae3b-29e1d3de4fbb req-020ccf10-8cc9-4b44-ae3b-29e1d3de4fbb ] Request (AttachInterfacesUnderV243Test:setUpClass): 201 POST http://10.180.1.21/networking/v2.0/networks 0.659s
2025-11-12 11:28:57.543 67997 INFO tempest.lib.common.rest_client [req-904f4175-0271-41db-a83c-dc0d29f932cd req-904f4175-0271-41db-a83c-dc0d29f932cd ] Request (QuotasAdminTestJSON:test_get_updated_quotas): 201 POST http://10.180.1.21/identity/v3/users 0.042s
2025-11-12 11:28:57.571 67997 INFO tempest.lib.common.rest_client [req-986f99c3-d8f0-434c-8718-63d1dfdfbb17 req-986f99c3-d8f0-434c-8718-63d1dfdfbb17 ] Request (QuotasAdminTestJSON:test_get_updated_quotas): 200 GET http://10.180.1.21/identity/v3/domains?name=Default 0.027s
2025-11-12 11:28:58.223 68041 INFO tempest.lib.common.rest_client [req-2c94a5ce-bb48-4133-b8cc-c4097335492b req-2c94a5ce-bb48-4133-b8cc-c4097335492b ] Request (ServersAdminTestJSON:setUpClass): 200 PUT http://10.180.1.21/networking/v2.0/routers/ffaf1ba0-9b04-4f77-9283-75da232a2fa2/add_router_interface 1.485s
2025-11-12 11:28:58.224 68041 INFO tempest.lib.common.dynamic_creds [-] Created isolated network resources for: credentials: Credentials: {'domain_id': 'default', 'domain_name': 'Default', 'username': 'tempest-ServersAdminTestJSON-442587708-project-member', 'project_domain_id': 'default', 'project_domain_name': 'Default', 'project_id': '9089f7b2b29e4fa0a58c0baefcee7b0c', 'project_name': 'tempest-ServersAdminTestJSON-442587708', 'tenant_id': '9089f7b2b29e4fa0a58c0baefcee7b0c', 'tenant_name': 'tempest-ServersAdminTestJSON-442587708', 'user_domain_id': 'default', 'user_domain_name': 'Default', 'user_id': 'b84df2f094734087ba0263a6f6ae5752', 'system': None}, Network: {'id': '48f43d33-acc7-4fad-a085-3e320ce82996', 'name': 'tempest-ServersAdminTestJSON-316193100-network', 'tenant_id': '9089f7b2b29e4fa0a58c0baefcee7b0c', 'project_id': '9089f7b2b29e4fa0a58c0baefcee7b0c', 'admin_state_up': True, 'mtu': 8950, 'status': 'ACTIVE', 'subnets': [], 'shared': False, 'port_security_enabled': True, 'router:external': False, 'provider:network_type': 'vlan', 'provider:physical_network': 'default', 'provider:segmentation_id': 646, 'availability_zone_hints': [], 'availability_zones': [], 'ipv4_address_scope': None, 'ipv6_address_scope': None, 'description': '', 'tags': [], 'created_at': '2025-11-12T11:28:55Z', 'updated_at': '2025-11-12T11:28:55Z', 'revision_number': 1}, Subnet: {'id': 'f79693d9-51c6-4c33-ba98-473c91895269', 'name': 'tempest-ServersAdminTestJSON-316193100-subnet', 'tenant_id': '9089f7b2b29e4fa0a58c0baefcee7b0c', 'network_id': '48f43d33-acc7-4fad-a085-3e320ce82996', 'ip_version': 4, 'subnetpool_id': None, 'enable_dhcp': True, 'ipv6_ra_mode': None, 'ipv6_address_mode': None, 'gateway_ip': '192.168.128.1', 'cidr': '192.168.128.0/28', 'allocation_pools': [{'start': '192.168.128.2', 'end': '192.168.128.14'}], 'host_routes': [], 'dns_nameservers': [], 'description': '', 'router:external': False, 'service_types': [], 'tags': [], 'created_at': '2025-11-12T11:28:55Z', 'updated_at': '2025-11-12T11:28:55Z', 'revision_number': 0, 'project_id': '9089f7b2b29e4fa0a58c0baefcee7b0c'}, Router: {'id': 'ffaf1ba0-9b04-4f77-9283-75da232a2fa2', 'name': 'tempest-ServersAdminTestJSON-316193100-router', 'tenant_id': '9089f7b2b29e4fa0a58c0baefcee7b0c', 'admin_state_up': True, 'status': 'ACTIVE', 'external_gateway_info': {'network_id': '6416ba02-21ea-4d63-9fbd-6a3c625ae245', 'external_fixed_ips': [{'subnet_id': 'fc21a2bd-d936-4550-af71-45dde09bc865', 'ip_address': '10.180.180.192'}], 'enable_snat': True}, 'description': '', 'availability_zones': [], 'distributed': False, 'ha': False, 'availability_zone_hints': [], 'routes': [], 'flavor_id': None, 'tags': [], 'created_at': '2025-11-12T11:28:56Z', 'updated_at': '2025-11-12T11:28:56Z', 'revision_number': 2, 'project_id': '9089f7b2b29e4fa0a58c0baefcee7b0c'}
2025-11-12 11:28:58.312 68041 INFO tempest.lib.common.rest_client [req-192bfd84-a069-400a-a249-af07bd97d16f req-192bfd84-a069-400a-a249-af07bd97d16f ] Request (ServersAdminTestJSON:setUpClass): 201 POST http://10.180.1.21/identity/v3/auth/tokens 0.082s
2025-11-12 11:28:58.354 68041 INFO tempest.lib.common.rest_client [req-899d34a0-c88c-4d63-a5fe-a3a48dfb98e5 req-899d34a0-c88c-4d63-a5fe-a3a48dfb98e5 ] Request (ServersAdminTestJSON:setUpClass): 201 POST http://10.180.1.21/identity/v3/projects 0.041s
2025-11-12 11:28:58.413 68041 INFO tempest.lib.common.rest_client [req-2f415530-c68f-4230-a067-517143abd22f req-2f415530-c68f-4230-a067-517143abd22f ] Request (ServersAdminTestJSON:setUpClass): 201 POST http://10.180.1.21/identity/v3/users 0.058s
2025-11-12 11:28:58.434 68041 INFO tempest.lib.common.rest_client [req-0f629288-2c1d-42d0-bc1a-9d60ced29ff8 req-0f629288-2c1d-42d0-bc1a-9d60ced29ff8 ] Request (ServersAdminTestJSON:setUpClass): 200 GET http://10.180.1.21/identity/v3/roles 0.021s
2025-11-12 11:28:58.478 68041 INFO tempest.lib.common.rest_client [req-8e1062d3-729d-44eb-b4f3-41e114118308 req-8e1062d3-729d-44eb-b4f3-41e114118308 ] Request (ServersAdminTestJSON:setUpClass): 204 PUT http://10.180.1.21/identity/v3/projects/7cadbaddecb5417ca47cd0649842273f/users/0af08807e1ef4f7490d83758b452f9d7/roles/12e2ea0f3a364125be3c710d0c07e767 0.043s
2025-11-12 11:28:58.556 68041 INFO tempest.lib.common.rest_client [req-c7fdeefe-de62-4a14-986a-9e9e6382543c req-c7fdeefe-de62-4a14-986a-9e9e6382543c ] Request (ServersAdminTestJSON:setUpClass): 200 GET http://10.180.1.21/identity/v3/roles 0.077s
2025-11-12 11:28:58.580 68041 INFO tempest.lib.common.rest_client [req-ffaaed66-0ec9-468a-86c9-0266ada04c86 req-ffaaed66-0ec9-468a-86c9-0266ada04c86 ] Request (ServersAdminTestJSON:setUpClass): 204 PUT http://10.180.1.21/identity/v3/projects/7cadbaddecb5417ca47cd0649842273f/users/0af08807e1ef4f7490d83758b452f9d7/roles/12e2ea0f3a364125be3c710d0c07e767 0.024s
2025-11-12 11:28:58.580 68041 INFO tempest.lib.common.dynamic_creds [-] Dynamic test user 0af08807e1ef4f7490d83758b452f9d7 is created with scope project and roles: ['admin']
2025-11-12 11:28:58.581 68041 INFO tempest.lib.common.dynamic_creds [-] Acquired dynamic creds: credentials: Credentials: {'domain_id': 'default', 'domain_name': 'Default', 'username': 'tempest-ServersAdminTestJSON-2052458002-project-admin', 'project_domain_id': 'default', 'project_domain_name': 'Default', 'project_id': '7cadbaddecb5417ca47cd0649842273f', 'project_name': 'tempest-ServersAdminTestJSON-2052458002', 'tenant_id': '7cadbaddecb5417ca47cd0649842273f', 'tenant_name': 'tempest-ServersAdminTestJSON-2052458002', 'user_domain_id': 'default', 'user_domain_name': 'Default', 'user_id': '0af08807e1ef4f7490d83758b452f9d7', 'system': None}, Network: None, Subnet: None, Router: None
2025-11-12 11:28:58.621 67987 INFO tempest.lib.common.rest_client [req-77bd0f5a-dddd-4606-871a-e844033a405d req-77bd0f5a-dddd-4606-871a-e844033a405d ] Request (MultipleCreateTestJSON:setUpClass): 201 POST http://10.180.1.21/networking/v2.0/networks 1.177s
2025-11-12 11:28:58.763 68023 INFO tempest.lib.common.rest_client [req-e245458f-dd9b-46dd-867d-189c2aa2776b req-e245458f-dd9b-46dd-867d-189c2aa2776b ] Request (AttachInterfacesUnderV243Test:setUpClass): 201 POST http://10.180.1.21/networking/v2.0/subnets 1.251s
2025-11-12 11:28:58.786 68019 INFO tempest.lib.common.rest_client [req-366fa0da-0ac4-47b5-8de9-73cf1594bbcf req-366fa0da-0ac4-47b5-8de9-73cf1594bbcf ] Request (ImagesOneServerNegativeTestJSON:setUpClass): 200 GET http://10.180.1.21/compute/v2.1/servers/1a2564d0-3654-477f-8d8e-eb072c395632 2.907s
2025-11-12 11:28:58.813 68005 INFO tempest.lib.common.rest_client [req-22eadb07-1d5c-4aee-8b68-5f8cecf6099f req-22eadb07-1d5c-4aee-8b68-5f8cecf6099f ] Request (AggregatesAdminNegativeTestJSON:_run_cleanups): 200 DELETE http://10.180.1.21/compute/v2.1/os-aggregates/2 2.921s
2025-11-12 11:28:58.823 68027 INFO tempest.lib.common.rest_client [req-4b1424b6-648b-4810-9a8b-f6eeb5faf570 req-4b1424b6-648b-4810-9a8b-f6eeb5faf570 ] Request (AttachInterfacesV270Test:test_create_get_list_interfaces): 200 GET http://10.180.1.21/compute/v2.1/servers/597ebd03-3354-4ae4-8b5d-b9e3d1bd19e6 3.114s
2025-11-12 11:28:58.832 68027 INFO tempest.common.waiters [-] State transition "BUILD/None" ==> "BUILD/block_device_mapping" after 12 second wait
2025-11-12 11:28:58.847 68037 INFO tempest.lib.common.rest_client [req-573111bd-5bd8-4428-9b1a-9a9e77a4b989 req-573111bd-5bd8-4428-9b1a-9a9e77a4b989 ] Request (HostsAdminTestJSON:test_show_host_detail): 200 GET http://10.180.1.21/compute/v2.1/os-hosts 2.933s
2025-11-12 11:28:59.106 68041 INFO tempest.lib.common.rest_client [req-d40c0bdb-fae5-4f46-a039-96ee6d1a76be req-d40c0bdb-fae5-4f46-a039-96ee6d1a76be ] Request (ServersAdminTestJSON:setUpClass): 201 POST http://10.180.1.21/networking/v2.0/networks 0.525s
2025-11-12 11:28:59.255 67987 INFO tempest.lib.common.rest_client [req-517c685a-1e58-4f0e-ac67-5d1ab3e9c068 req-517c685a-1e58-4f0e-ac67-5d1ab3e9c068 ] Request (MultipleCreateTestJSON:setUpClass): 201 POST http://10.180.1.21/networking/v2.0/subnets 0.633s
2025-11-12 11:28:59.314 68011 INFO tempest.lib.common.rest_client [req-6485ad37-e657-4fe3-9c07-db7fe6aaa69c req-6485ad37-e657-4fe3-9c07-db7fe6aaa69c ] Request (ServerDiskConfigTestJSON:test_rebuild_server_with_auto_disk_config): 200 GET http://10.180.1.21/compute/v2.1/servers/fd6d93f7-c673-4c1a-970c-7dca1579a903 3.297s
2025-11-12 11:28:59.324 68011 INFO tempest.common.waiters [-] State transition "BUILD/None" ==> "BUILD/networking" after 12 second wait
2025-11-12 11:28:59.544 68041 INFO tempest.lib.common.rest_client [req-1482a271-b8f8-46c0-bddb-02d89f6f1eaf req-1482a271-b8f8-46c0-bddb-02d89f6f1eaf ] Request (ServersAdminTestJSON:setUpClass): 201 POST http://10.180.1.21/networking/v2.0/subnets 0.437s
2025-11-12 11:28:59.889 68023 INFO tempest.lib.common.rest_client [req-1221c716-a049-4657-bae6-e849ff219c2a req-1221c716-a049-4657-bae6-e849ff219c2a ] Request (AttachInterfacesUnderV243Test:setUpClass): 201 POST http://10.180.1.21/networking/v2.0/routers 1.126s
2025-11-12 11:28:59.924 68025 INFO tempest.lib.common.rest_client [req-be847a71-de54-4f1a-a6a0-5e5e667e1f94 req-be847a71-de54-4f1a-a6a0-5e5e667e1f94 ] Request (ServerDiagnosticsNegativeTest:test_get_server_diagnostics_by_non_admin): 200 GET http://10.180.1.21/compute/v2.1/servers/4b7daa20-5c4e-43ec-be7b-fe7e7064f150 4.012s
2025-11-12 11:28:59.937 68025 INFO tempest.common.waiters [-] State transition "BUILD/spawning" ==> "ACTIVE/None" after 16 second wait
2025-11-12 11:29:00.675 67987 INFO tempest.lib.common.rest_client [req-81fd24aa-f2d3-4d5c-aa1a-caeb2ac1c70a req-81fd24aa-f2d3-4d5c-aa1a-caeb2ac1c70a ] Request (MultipleCreateTestJSON:setUpClass): 201 POST http://10.180.1.21/networking/v2.0/routers 1.420s
2025-11-12 11:29:00.768 68041 INFO tempest.lib.common.rest_client [req-58394a4c-b9fb-4495-a9ae-a173018fc179 req-58394a4c-b9fb-4495-a9ae-a173018fc179 ] Request (ServersAdminTestJSON:setUpClass): 201 POST http://10.180.1.21/networking/v2.0/routers 1.223s
2025-11-12 11:29:01.899 68023 INFO tempest.lib.common.rest_client [req-c967e7f0-c652-4ed8-b497-6c5b3cd754e8 req-c967e7f0-c652-4ed8-b497-6c5b3cd754e8 ] Request (AttachInterfacesUnderV243Test:setUpClass): 200 PUT http://10.180.1.21/networking/v2.0/routers/94ed6090-26e6-4588-ab0a-769385a4c4ff/add_router_interface 2.009s
