2025-11-12 12:29:38.359 67469 INFO tempest.lib.common.rest_client [req-14e52190-a208-4c36-90bb-140137184063 req-14e52190-a208-4c36-90bb-140137184063 ] Request (KeyPairsV210TestJSON:tearDownClass): 204 DELETE http://10.180.1.21/identity/v3/projects/b604a84d7a594676bfdfd58dabb02c80 0.102s
2025-11-12 12:29:38.359 67469 INFO tempest.lib.common.dynamic_creds [-] Deleting project and security group for project: 0dcdb9773f2d49c6b72b3c8c7154dade
2025-11-12 12:29:38.703 67469 INFO tempest.lib.common.rest_client [req-bdf7ad47-2486-4523-aaaf-d251590e9772 req-bdf7ad47-2486-4523-aaaf-d251590e9772 ] Request (KeyPairsV210TestJSON:tearDownClass): 200 GET http://10.180.1.21/networking/v2.0/security-groups?tenant_id=0dcdb9773f2d49c6b72b3c8c7154dade&name=default 0.344s
2025-11-12 12:29:38.749 67471 INFO tempest.lib.common.rest_client [req-6ce9fb10-6c84-4077-9980-dc704ec6f823 req-6ce9fb10-6c84-4077-9980-dc704ec6f823 ] Request (ImagesOneServerTestJSON:setUpClass): 200 GET http://10.180.1.21/compute/v2.1/servers/0eaa8181-62d4-4ca2-bff3-cf7b1f3491a1 2.675s
2025-11-12 12:29:38.760 67471 INFO tempest.common.waiters [-] State transition "BUILD/spawning" ==> "ACTIVE/None" after 24 second wait
2025-11-12 12:29:38.963 67469 INFO tempest.lib.common.rest_client [req-2ba270d0-cb44-4c0d-a3bd-fdc78f01b678 req-2ba270d0-cb44-4c0d-a3bd-fdc78f01b678 ] Request (KeyPairsV210TestJSON:tearDownClass): 204 DELETE http://10.180.1.21/networking/v2.0/security-groups/2e6a97b9-08f6-442a-bd73-f903febbdff3 0.259s
2025-11-12 12:29:39.022 67485 INFO tempest.lib.common.rest_client [req-94fe87a6-28a2-4137-8b18-4680b178bc3e req-94fe87a6-28a2-4137-8b18-4680b178bc3e ] Request (ServersV294TestFqdnHostnames:setUpClass): 200 GET http://10.180.1.21/compute/v2.1/servers/c9221d82-1dfb-47bb-97d5-4d1e3c4e2323 2.830s
2025-11-12 12:29:39.054 67489 INFO tempest.lib.common.rest_client [req-fcc0d6e8-fd73-4dbc-a5b4-5d8395c7c981 req-fcc0d6e8-fd73-4dbc-a5b4-5d8395c7c981 ] Request (ServicesAdminNegativeTestJSON:test_get_service_by_invalid_params): 200 GET http://10.180.1.21/compute/v2.1/os-services?xxx=nova-compute 2.784s
2025-11-12 12:29:39.076 67479 INFO tempest.lib.common.rest_client [req-387873d2-f5a6-4b3f-a332-987f233053de req-387873d2-f5a6-4b3f-a332-987f233053de ] Request (ServersTestBootFromVolume:setUpClass): 202 POST http://10.180.1.21/volume/v3/volumes 0.835s
2025-11-12 12:29:39.116 67469 INFO tempest.lib.common.rest_client [req-3f61d32d-435e-46a5-bf4e-2e63e50669d2 req-3f61d32d-435e-46a5-bf4e-2e63e50669d2 ] Request (KeyPairsV210TestJSON:tearDownClass): 204 DELETE http://10.180.1.21/identity/v3/projects/0dcdb9773f2d49c6b72b3c8c7154dade 0.152s
2025-11-12 12:29:39.161 67435 INFO tempest.lib.common.rest_client [req-0632744d-330d-4a08-81b1-8cc875d58292 req-0632744d-330d-4a08-81b1-8cc875d58292 ] Request (ServerDiagnosticsNegativeTest:tearDownClass): 200 GET http://10.180.1.21/compute/v2.1/servers/38f5ce3f-8e00-408d-8956-b3b649788446 2.930s
2025-11-12 12:29:39.206 67469 INFO tempest.lib.common.rest_client [req-f1451de9-6d96-4ec9-a6f8-1aa6a83c2586 req-f1451de9-6d96-4ec9-a6f8-1aa6a83c2586 ] Request (ServicesAdminNegativeV253TestJSON:setUpClass): 201 POST http://10.180.1.21/identity/v3/auth/tokens 0.089s
2025-11-12 12:29:39.252 67469 INFO tempest.lib.common.rest_client [req-a2c8133f-b38c-468a-8830-e3ddfa9ede1d req-a2c8133f-b38c-468a-8830-e3ddfa9ede1d ] Request (ServicesAdminNegativeV253TestJSON:setUpClass): 201 POST http://10.180.1.21/identity/v3/auth/tokens 0.043s
2025-11-12 12:29:39.279 67479 INFO tempest.lib.common.rest_client [req-5eee3d4d-5218-43bd-b29d-99fccebafbf1 req-5eee3d4d-5218-43bd-b29d-99fccebafbf1 ] Request (ServersTestBootFromVolume:setUpClass): 200 GET http://10.180.1.21/volume/v3/volumes/3bee8069-2263-449e-aa40-d25af6c89358 0.195s
2025-11-12 12:29:39.286 67469 INFO tempest.lib.common.rest_client [req-dfb1eda9-85da-4d44-8b98-3d255deef6be req-dfb1eda9-85da-4d44-8b98-3d255deef6be ] Request (ServicesAdminNegativeV253TestJSON:setUpClass): 200 GET http://10.180.1.21/identity/v3/domains?name=Default 0.034s
2025-11-12 12:29:39.299 67465 INFO tempest.lib.common.rest_client [req-40c970ec-55a8-4266-8416-7ac65f5df415 req-40c970ec-55a8-4266-8416-7ac65f5df415 ] Request (VolumesAssistedSnapshotsTest:test_volume_assisted_snapshot_create_delete): 200 GET http://10.180.1.21/compute/v2.1/servers/3ff5ac13-6b3f-44c3-94b0-548152e735a3 2.942s
2025-11-12 12:29:39.321 67469 INFO tempest.lib.common.rest_client [req-4215920c-0dbe-4436-9226-376e3a11b236 req-4215920c-0dbe-4436-9226-376e3a11b236 ] Request (ServicesAdminNegativeV253TestJSON:setUpClass): 201 POST http://10.180.1.21/identity/v3/projects 0.034s
2025-11-12 12:29:39.333 67483 INFO tempest.lib.common.rest_client [req-04938a94-e599-4a0c-8847-d0e031c976fb req-04938a94-e599-4a0c-8847-d0e031c976fb ] Request (ImagesNegativeTestJSON:test_create_image_from_deleted_server): 200 GET http://10.180.1.21/compute/v2.1/servers/013ad1f7-d65e-4244-9da7-9ce0be700a54 3.039s
2025-11-12 12:29:39.347 67483 INFO tempest.common.waiters [-] State transition "BUILD/None" ==> "BUILD/spawning" after 10 second wait
2025-11-12 12:29:39.394 67469 INFO tempest.lib.common.rest_client [req-1fae0d97-e86a-42dc-8d0f-12d8b69e6f0b req-1fae0d97-e86a-42dc-8d0f-12d8b69e6f0b ] Request (ServicesAdminNegativeV253TestJSON:setUpClass): 201 POST http://10.180.1.21/identity/v3/users 0.072s
2025-11-12 12:29:39.415 67469 INFO tempest.lib.common.rest_client [req-3c39b12b-e749-4870-aa61-fc0d15d4c685 req-3c39b12b-e749-4870-aa61-fc0d15d4c685 ] Request (ServicesAdminNegativeV253TestJSON:setUpClass): 200 GET http://10.180.1.21/identity/v3/roles 0.021s
2025-11-12 12:29:39.452 67469 INFO tempest.lib.common.rest_client [req-5ea18a55-c68e-4f0a-b281-678ed9fb48d0 req-5ea18a55-c68e-4f0a-b281-678ed9fb48d0 ] Request (ServicesAdminNegativeV253TestJSON:setUpClass): 204 PUT http://10.180.1.21/identity/v3/projects/b721d4c501ef4737aa5c439d339af6b2/users/3e4c9dc6d20844889be848480ebbf549/roles/d86b6f0dbe7b426b9da2c296faeca5ab 0.036s
2025-11-12 12:29:39.452 67469 INFO tempest.lib.common.dynamic_creds [-] Dynamic test user 3e4c9dc6d20844889be848480ebbf549 is created with scope project and roles: ['member']
2025-11-12 12:29:39.452 67469 INFO tempest.lib.common.dynamic_creds [-] Acquired dynamic creds: credentials: Credentials: {'domain_id': 'default', 'domain_name': 'Default', 'username': 'tempest-ServicesAdminNegativeV253TestJSON-811323685-project-member', 'project_domain_id': 'default', 'project_domain_name': 'Default', 'project_id': 'b721d4c501ef4737aa5c439d339af6b2', 'project_name': 'tempest-ServicesAdminNegativeV253TestJSON-811323685', 'tenant_id': 'b721d4c501ef4737aa5c439d339af6b2', 'tenant_name': 'tempest-ServicesAdminNegativeV253TestJSON-811323685', 'user_domain_id': 'default', 'user_domain_name': 'Default', 'user_id': '3e4c9dc6d20844889be848480ebbf549', 'system': None}, Network: None, Subnet: None, Router: None
2025-11-12 12:29:39.452 67469 INFO tempest.lib.common.dynamic_creds [-] Created isolated network resources for: credentials: Credentials: {'domain_id': 'default', 'domain_name': 'Default', 'username': 'tempest-ServicesAdminNegativeV253TestJSON-811323685-project-member', 'project_domain_id': 'default', 'project_domain_name': 'Default', 'project_id': 'b721d4c501ef4737aa5c439d339af6b2', 'project_name': 'tempest-ServicesAdminNegativeV253TestJSON-811323685', 'tenant_id': 'b721d4c501ef4737aa5c439d339af6b2', 'tenant_name': 'tempest-ServicesAdminNegativeV253TestJSON-811323685', 'user_domain_id': 'default', 'user_domain_name': 'Default', 'user_id': '3e4c9dc6d20844889be848480ebbf549', 'system': None}, Network: None, Subnet: None, Router: None
2025-11-12 12:29:39.522 67469 INFO tempest.lib.common.rest_client [req-4959dfc4-07a2-4839-9551-8fe8704914e0 req-4959dfc4-07a2-4839-9551-8fe8704914e0 ] Request (ServicesAdminNegativeV253TestJSON:setUpClass): 201 POST http://10.180.1.21/identity/v3/auth/tokens 0.066s
2025-11-12 12:29:39.595 67469 INFO tempest.lib.common.rest_client [req-4ca92286-236e-4b8a-90e3-133d92abe467 req-4ca92286-236e-4b8a-90e3-133d92abe467 ] Request (ServicesAdminNegativeV253TestJSON:setUpClass): 201 POST http://10.180.1.21/identity/v3/projects 0.072s
2025-11-12 12:29:39.611 67457 INFO tempest.lib.common.rest_client [req-f9dcc07e-bc8f-4e7e-aa06-c691353a666b req-f9dcc07e-bc8f-4e7e-aa06-c691353a666b ] Request (FloatingIPsAssociationTestJSON:setUpClass): 200 GET http://10.180.1.21/compute/v2.1/servers/d262b230-e7b1-45e3-8fb9-e6a68388a200 3.109s
2025-11-12 12:29:39.660 67469 INFO tempest.lib.common.rest_client [req-d90e3abd-fbef-4bae-ba58-21ff134ede88 req-d90e3abd-fbef-4bae-ba58-21ff134ede88 ] Request (ServicesAdminNegativeV253TestJSON:setUpClass): 201 POST http://10.180.1.21/identity/v3/users 0.065s
2025-11-12 12:29:39.666 67447 INFO tempest.lib.common.rest_client [req-b6248b46-7216-4140-a4be-e3f201cb2ebd req-b6248b46-7216-4140-a4be-e3f201cb2ebd ] Request (ServersAdminTestJSON:setUpClass): 200 GET http://10.180.1.21/compute/v2.1/servers/a0c39246-cb6c-462d-a06d-28dc932f4156 3.104s
2025-11-12 12:29:39.676 67447 INFO tempest.common.waiters [-] State transition "BUILD/networking" ==> "BUILD/spawning" after 14 second wait
2025-11-12 12:29:39.684 67469 INFO tempest.lib.common.rest_client [req-8b50e53b-89e8-4db8-a25e-65431e82d51e req-8b50e53b-89e8-4db8-a25e-65431e82d51e ] Request (ServicesAdminNegativeV253TestJSON:setUpClass): 200 GET http://10.180.1.21/identity/v3/roles 0.024s
2025-11-12 12:29:39.715 67469 INFO tempest.lib.common.rest_client [req-754416ab-8e8d-4f75-91f8-b0e745f129d9 req-754416ab-8e8d-4f75-91f8-b0e745f129d9 ] Request (ServicesAdminNegativeV253TestJSON:setUpClass): 204 PUT http://10.180.1.21/identity/v3/projects/2083603b7e764f87a91083f8969df22e/users/df660f892a0a43c0a9df71e24f098bb1/roles/d163fbf59ed1427c9149848333b8d69d 0.030s
2025-11-12 12:29:39.775 67469 INFO tempest.lib.common.rest_client [req-4c17dea4-1bc7-491f-9275-81d75eee8ef2 req-4c17dea4-1bc7-491f-9275-81d75eee8ef2 ] Request (ServicesAdminNegativeV253TestJSON:setUpClass): 200 GET http://10.180.1.21/identity/v3/roles 0.059s
2025-11-12 12:29:39.803 67469 INFO tempest.lib.common.rest_client [req-db2f84f3-d745-4b62-95fb-294c581fc488 req-db2f84f3-d745-4b62-95fb-294c581fc488 ] Request (ServicesAdminNegativeV253TestJSON:setUpClass): 204 PUT http://10.180.1.21/identity/v3/projects/2083603b7e764f87a91083f8969df22e/users/df660f892a0a43c0a9df71e24f098bb1/roles/d163fbf59ed1427c9149848333b8d69d 0.027s
2025-11-12 12:29:39.805 67469 INFO tempest.lib.common.dynamic_creds [-] Dynamic test user df660f892a0a43c0a9df71e24f098bb1 is created with scope project and roles: ['admin']
2025-11-12 12:29:39.805 67469 INFO tempest.lib.common.dynamic_creds [-] Acquired dynamic creds: credentials: Credentials: {'domain_id': 'default', 'domain_name': 'Default', 'username': 'tempest-ServicesAdminNegativeV253TestJSON-855014887-project-admin', 'project_domain_id': 'default', 'project_domain_name': 'Default', 'project_id': '2083603b7e764f87a91083f8969df22e', 'project_name': 'tempest-ServicesAdminNegativeV253TestJSON-855014887', 'tenant_id': '2083603b7e764f87a91083f8969df22e', 'tenant_name': 'tempest-ServicesAdminNegativeV253TestJSON-855014887', 'user_domain_id': 'default', 'user_domain_name': 'Default', 'user_id': 'df660f892a0a43c0a9df71e24f098bb1', 'system': None}, Network: None, Subnet: None, Router: None
2025-11-12 12:29:39.805 67469 INFO tempest.lib.common.dynamic_creds [-] Created isolated network resources for: credentials: Credentials: {'domain_id': 'default', 'domain_name': 'Default', 'username': 'tempest-ServicesAdminNegativeV253TestJSON-855014887-project-admin', 'project_domain_id': 'default', 'project_domain_name': 'Default', 'project_id': '2083603b7e764f87a91083f8969df22e', 'project_name': 'tempest-ServicesAdminNegativeV253TestJSON-855014887', 'tenant_id': '2083603b7e764f87a91083f8969df22e', 'tenant_name': 'tempest-ServicesAdminNegativeV253TestJSON-855014887', 'user_domain_id': 'default', 'user_domain_name': 'Default', 'user_id': 'df660f892a0a43c0a9df71e24f098bb1', 'system': None}, Network: None, Subnet: None, Router: None
2025-11-12 12:29:39.948 67469 INFO tempest.lib.common.rest_client [req-428eabe9-974f-4f52-8eee-f32f74dce688 req-428eabe9-974f-4f52-8eee-f32f74dce688 ] Request (ServicesAdminNegativeV253TestJSON:setUpClass): 201 POST http://10.180.1.21/identity/v3/auth/tokens 0.141s
2025-11-12 12:29:40.059 67433 INFO tempest.lib.common.rest_client [req-f8f612d2-0f3b-45a3-afa1-5b06e79a0789 req-f8f612d2-0f3b-45a3-afa1-5b06e79a0789 ] Request (ImagesOneServerNegativeTestJSON:setUpClass): 200 GET http://10.180.1.21/compute/v2.1/servers/4dcd85ca-f534-441b-a232-9f4d02797d9e 3.437s
2025-11-12 12:29:40.163 67439 INFO tempest.lib.common.rest_client [req-d946f232-3078-4d6f-8f16-14d9cdc94cda req-d946f232-3078-4d6f-8f16-14d9cdc94cda ] Request (FloatingIPsAssociationNegativeTestJSON:setUpClass): 200 GET http://10.180.1.21/compute/v2.1/servers/457a99e2-e399-4447-a49d-f0b6fd9814e8 3.419s
2025-11-12 12:29:40.245 67477 INFO tempest.lib.common.rest_client [req-7bc7abfc-c7f9-4751-9d55-ac8f5c17b5a9 req-7bc7abfc-c7f9-4751-9d55-ac8f5c17b5a9 ] Request (ServersAdmin275Test:test_rebuild_update_server_275): 200 GET http://10.180.1.21/compute/v2.1/servers/06320d13-26ed-461e-a445-772a039c59a2 3.338s
2025-11-12 12:29:40.256 67477 INFO tempest.common.waiters [-] State transition "REBUILD/rebuild_spawning" ==> "ACTIVE/None" after 9 second wait
2025-11-12 12:29:40.323 67454 INFO tempest.lib.common.rest_client [req-467d5589-1efa-46c7-8565-53d733a32c87 req-467d5589-1efa-46c7-8565-53d733a32c87 ] Request (DeleteServersAdminTestJSON:test_admin_delete_servers_of_others): 200 GET http://10.180.1.21/compute/v2.1/servers/961e1203-30a2-4538-ab77-722c3932952e 3.240s
2025-11-12 12:29:40.328 67479 INFO tempest.lib.common.rest_client [req-0c2b2581-d1ba-411d-938c-405d77255fbe req-0c2b2581-d1ba-411d-938c-405d77255fbe ] Request (ServersTestBootFromVolume:setUpClass): 200 GET http://10.180.1.21/volume/v3/volumes/3bee8069-2263-449e-aa40-d25af6c89358 0.039s
2025-11-12 12:29:40.401 67493 INFO tempest.lib.common.rest_client [req-bafa1702-e692-4d2e-9730-3c543a021d66 req-bafa1702-e692-4d2e-9730-3c543a021d66 ] Request (FloatingIPsTestJSON:test_delete_floating_ip): 404 GET http://10.180.1.21/compute/v2.1/os-floating-ips/4afdc7c6-12fd-44b4-93d1-de0ece90b2d7 3.057s
2025-11-12 12:29:40.416 67473 INFO tempest.lib.common.rest_client [req-d664ad51-dba5-462a-85d4-083802c080d6 req-d664ad51-dba5-462a-85d4-083802c080d6 ] Request (QuotaClassesAdminTestJSON:test_update_default_quotas): 200 GET http://10.180.1.21/compute/v2.1/os-quota-class-sets/default 2.849s
2025-11-12 12:29:40.446 67495 INFO tempest.lib.common.rest_client [req-2818716d-cfcf-4b55-8955-9da50abb351b req-2818716d-cfcf-4b55-8955-9da50abb351b ] Request (FlavorsAdminTestJSON:_run_cleanups): 202 DELETE http://10.180.1.21/compute/v2.1/flavors/2088485662 2.862s
2025-11-12 12:29:40.454 67482 INFO tempest.lib.common.rest_client [req-2e54af1e-c61f-4e08-9e9c-cec6d45269cd req-2e54af1e-c61f-4e08-9e9c-cec6d45269cd ] Request (HypervisorAdminNegativeTestJSON:test_show_nonexistent_hypervisor): 404 GET http://10.180.1.21/compute/v2.1/os-hypervisors/16902530-8e48-446f-bdb8-478db29fb086 2.865s
2025-11-12 12:29:40.512 67459 INFO tempest.lib.common.rest_client [req-cfcff456-230f-454f-9710-3acc546f6eb4 req-cfcff456-230f-454f-9710-3acc546f6eb4 ] Request (ValidationResourcesFixture:setUp): 200 POST http://10.180.1.21/compute/v2.1/os-keypairs 2.888s
2025-11-12 12:29:40.600 67482 INFO tempest.lib.common.rest_client [req-46efec19-a033-4386-94f7-f9b78237080c req-46efec19-a033-4386-94f7-f9b78237080c ] Request (HypervisorAdminNegativeTestJSON:tearDownClass): 204 DELETE http://10.180.1.21/identity/v3/users/0d1940c6187c48dcb63ecfe4a576c72e 0.141s
2025-11-12 12:29:40.636 67459 INFO tempest.lib.common.rest_client [req-5dc56874-bf3d-4fd0-a2e1-d952929a5714 req-5dc56874-bf3d-4fd0-a2e1-d952929a5714 ] Request (ValidationResourcesFixture:setUp): 201 POST http://10.180.1.21/networking/v2.0/security-groups 0.121s
2025-11-12 12:29:40.709 67482 INFO tempest.lib.common.rest_client [req-8439567a-ca4a-4642-aa4f-97fca3ecf462 req-8439567a-ca4a-4642-aa4f-97fca3ecf462 ] Request (HypervisorAdminNegativeTestJSON:tearDownClass): 204 DELETE http://10.180.1.21/identity/v3/users/72d2f973c9064ef3afd95b871bca9df0 0.109s
2025-11-12 12:29:40.709 67482 INFO tempest.lib.common.dynamic_creds [-] Deleting project and security group for project: db8e1868713943788a7c60ecbca1e450
2025-11-12 12:29:40.773 67482 INFO tempest.lib.common.rest_client [req-92b6a588-ed2a-4b70-9c3a-8c113eee816c req-92b6a588-ed2a-4b70-9c3a-8c113eee816c ] Request (HypervisorAdminNegativeTestJSON:tearDownClass): 201 POST http://10.180.1.21/identity/v3/auth/tokens 0.063s
2025-11-12 12:29:40.833 67459 INFO tempest.lib.common.rest_client [req-c208a95b-c171-4624-8571-609e674e6b65 req-c208a95b-c171-4624-8571-609e674e6b65 ] Request (ValidationResourcesFixture:setUp): 201 POST http://10.180.1.21/networking/v2.0/security-group-rules 0.197s
2025-11-12 12:29:40.870 67443 INFO tempest.lib.common.rest_client [req-606ae913-07df-4d78-87da-efbd4a13d047 req-606ae913-07df-4d78-87da-efbd4a13d047 ] Request (SecurityGroupsNegativeTestJSON:test_delete_the_default_security_group): 400 DELETE http://10.180.1.21/compute/v2.1/os-security-groups/95cdeec8-efc0-45dc-aa79-9d549ec458eb 3.178s
2025-11-12 12:29:40.928 67463 INFO tempest.lib.common.rest_client [req-0bc751ab-83bc-496e-b9ec-f669190f54c3 req-0bc751ab-83bc-496e-b9ec-f669190f54c3 ] Request (TenantUsagesTestJSON:test_get_usage_tenant_with_non_admin_user): 200 GET http://10.180.1.21/compute/v2.1/os-simple-tenant-usage/0d4f03fb7775460a87bd9f4f390fc439?start=2025-11-11T12%3A29%3A35.532240&end=2025-11-13T12%3A29%3A35.532240 3.045s
2025-11-12 12:29:41.086 67482 INFO tempest.lib.common.rest_client [req-565373db-e61f-4b36-94b1-25474a8d153a req-565373db-e61f-4b36-94b1-25474a8d153a ] Request (HypervisorAdminNegativeTestJSON:tearDownClass): 200 GET http://10.180.1.21/networking/v2.0/security-groups?tenant_id=db8e1868713943788a7c60ecbca1e450&name=default 0.312s
2025-11-12 12:29:41.114 67461 INFO tempest.lib.common.rest_client [req-30e278f7-c9e4-4de6-8559-84bfbab49ca6 req-30e278f7-c9e4-4de6-8559-84bfbab49ca6 ] Request (QuotasAdminNegativeTest:test_create_server_when_memory_quota_is_full): 200 GET http://10.180.1.21/compute/v2.1/os-quota-sets/edf3cbf5952d4b86aea8e999196b8e50 3.096s
2025-11-12 12:29:41.141 67441 INFO tempest.lib.common.rest_client [req-9188450b-149d-46a9-ac6d-7574b6d610da req-9188450b-149d-46a9-ac6d-7574b6d610da ] Request (FlavorsAccessNegativeTestJSON:_run_cleanups): 202 DELETE http://10.180.1.21/compute/v2.1/flavors/276096808 3.111s
2025-11-12 12:29:41.162 67451 INFO tempest.lib.common.rest_client [req-6e701ae9-c7b1-4e5c-b569-244d1ee0021a req-6e701ae9-c7b1-4e5c-b569-244d1ee0021a ] Request (FlavorsAccessTestJSON:_run_cleanups): 202 DELETE http://10.180.1.21/compute/v2.1/flavors/530574521 3.115s
2025-11-12 12:29:41.189 67467 INFO tempest.lib.common.rest_client [req-bbcbfc21-c190-47ca-af2d-b968be45d6f5 req-bbcbfc21-c190-47ca-af2d-b968be45d6f5 ] Request (AggregatesAdminNegativeTestJSON:test_aggregate_add_non_exist_host): 200 POST http://10.180.1.21/compute/v2.1/os-aggregates 3.120s
2025-11-12 12:29:41.230 67459 INFO tempest.lib.common.rest_client [req-4b956c5d-ea27-4eff-960e-342e313928f6 req-4b956c5d-ea27-4eff-960e-342e313928f6 ] Request (ValidationResourcesFixture:setUp): 201 POST http://10.180.1.21/networking/v2.0/security-group-rules 0.396s
2025-11-12 12:29:41.242 67491 INFO tempest.lib.common.rest_client [req-4d50b2fc-888c-4b0e-93eb-4c95933ab79e req-4d50b2fc-888c-4b0e-93eb-4c95933ab79e ] Request (HypervisorAdminUnderV252Test:test_get_hypervisor_show_servers): 200 GET http://10.180.1.21/compute/v2.1/os-hypervisors/domain-c8.fc996f14-c53b-4953-92e3-bdfa48f5cc28/servers 3.008s
2025-11-12 12:29:41.349 67482 INFO tempest.lib.common.rest_client [req-f436bf72-c863-4476-8598-21712a0f7e1a req-f436bf72-c863-4476-8598-21712a0f7e1a ] Request (HypervisorAdminNegativeTestJSON:tearDownClass): 204 DELETE http://10.180.1.21/networking/v2.0/security-groups/e55fd9a5-dfed-4194-b0b7-42e12505968b 0.262s
2025-11-12 12:29:41.382 67479 INFO tempest.lib.common.rest_client [req-ffd14a71-d82a-4691-91b6-4e91b6759124 req-ffd14a71-d82a-4691-91b6-4e91b6759124 ] Request (ServersTestBootFromVolume:setUpClass): 200 GET http://10.180.1.21/volume/v3/volumes/3bee8069-2263-449e-aa40-d25af6c89358 0.041s
2025-11-12 12:29:41.413 67482 INFO tempest.lib.common.rest_client [req-3224f219-4abd-4245-bf63-8dce0ad7eed6 req-3224f219-4abd-4245-bf63-8dce0ad7eed6 ] Request (HypervisorAdminNegativeTestJSON:tearDownClass): 204 DELETE http://10.180.1.21/identity/v3/projects/db8e1868713943788a7c60ecbca1e450 0.064s
2025-11-12 12:29:41.414 67482 INFO tempest.lib.common.dynamic_creds [-] Deleting project and security group for project: a04d6bf199db422b8bdc255aa1f0a1ff
2025-11-12 12:29:41.768 67459 INFO tempest.lib.common.rest_client [req-c22c675d-8546-492c-a863-fa1a9c34efee req-c22c675d-8546-492c-a863-fa1a9c34efee ] Request (ValidationResourcesFixture:setUp): 201 POST http://10.180.1.21/networking/v2.0/floatingips 0.537s
2025-11-12 12:29:41.769 67471 INFO tempest.lib.common.rest_client [req-05a40458-f665-43e2-b0f5-67c7a94fc0ad req-05a40458-f665-43e2-b0f5-67c7a94fc0ad ] Request (ImagesOneServerTestJSON:test_create_delete_image): 202 POST http://10.180.1.21/compute/v2.1/servers/0eaa8181-62d4-4ca2-bff3-cf7b1f3491a1/action 3.008s
2025-11-12 12:29:41.789 67489 INFO tempest.lib.common.rest_client [req-65692cec-158d-4a60-bf23-03a5c27d9e15 req-65692cec-158d-4a60-bf23-03a5c27d9e15 ] Request (ServicesAdminNegativeTestJSON:test_get_service_by_invalid_service_and_valid_host): 200 GET http://10.180.1.21/compute/v2.1/os-services 2.731s
2025-11-12 12:29:41.837 67459 INFO tempest.lib.common.rest_client [req-3a451c85-80f0-415f-81fa-0b507f3b9d04 req-3a451c85-80f0-415f-81fa-0b507f3b9d04 ] Request (ServersWithSpecificFlavorTestJSON:test_verify_created_server_ephemeral_disk): 201 POST http://10.180.1.21/identity/v3/auth/tokens 0.065s
2025-11-12 12:29:41.838 67459 INFO tempest.lib.common.fixed_network [-] (ServersWithSpecificFlavorTestJSON:test_verify_created_server_ephemeral_disk) Found network {'id': '0e2eda7b-4796-4103-90d0-c4233c6ee1c1', 'name': 'tempest-ServersWithSpecificFlavorTestJSON-304968910-network', 'tenant_id': '439c3041eefa4a43968ee3e8ef5b50a4', 'project_id': '439c3041eefa4a43968ee3e8ef5b50a4', 'admin_state_up': True, 'mtu': 8950, 'status': 'ACTIVE', 'subnets': [], 'shared': False, 'port_security_enabled': True, 'router:external': False, 'provider:network_type': 'vlan', 'provider:physical_network': 'default', 'provider:segmentation_id': 822, 'availability_zone_hints': [], 'availability_zones': [], 'ipv4_address_scope': None, 'ipv6_address_scope': None, 'description': '', 'tags': [], 'created_at': '2025-11-12T12:28:55Z', 'updated_at': '2025-11-12T12:28:55Z', 'revision_number': 1} available for tenant
2025-11-12 12:29:41.974 67482 INFO tempest.lib.common.rest_client [req-bf7c343a-98e9-4082-8b26-6c06318d0466 req-bf7c343a-98e9-4082-8b26-6c06318d0466 ] Request (HypervisorAdminNegativeTestJSON:tearDownClass): 200 GET http://10.180.1.21/networking/v2.0/security-groups?tenant_id=a04d6bf199db422b8bdc255aa1f0a1ff&name=default 0.560s
2025-11-12 12:29:42.204 67482 INFO tempest.lib.common.rest_client [req-a07bf5aa-9719-4b43-9bb4-da79b0a1d1dc req-a07bf5aa-9719-4b43-9bb4-da79b0a1d1dc ] Request (HypervisorAdminNegativeTestJSON:tearDownClass): 204 DELETE http://10.180.1.21/networking/v2.0/security-groups/7d2bbf65-226b-42ab-bd4a-c3ba452d15da 0.230s
2025-11-12 12:29:42.303 67475 INFO tempest.lib.common.rest_client [req-9bccd1c6-2147-4d18-b18f-bf8f8092a451 req-9bccd1c6-2147-4d18-b18f-bf8f8092a451 ] Request (ServersAdminNegativeTestJSON:setUpClass): 200 GET http://10.180.1.21/compute/v2.1/servers/69fe7fa2-9a9c-4baa-af4a-b37cdb48e608 3.196s
2025-11-12 12:29:42.315 67475 INFO tempest.common.waiters [-] State transition "BUILD/spawning" ==> "ACTIVE/None" after 29 second wait
2025-11-12 12:29:42.363 67482 INFO tempest.lib.common.rest_client [req-8dad271d-71fe-4c01-aa54-d15e0ddb9fe5 req-8dad271d-71fe-4c01-aa54-d15e0ddb9fe5 ] Request (HypervisorAdminNegativeTestJSON:tearDownClass): 204 DELETE http://10.180.1.21/identity/v3/projects/a04d6bf199db422b8bdc255aa1f0a1ff 0.158s
2025-11-12 12:29:42.423 67479 INFO tempest.lib.common.rest_client [req-f2f88859-4405-4c74-8d80-6c4b79f3fd77 req-f2f88859-4405-4c74-8d80-6c4b79f3fd77 ] Request (ServersTestBootFromVolume:setUpClass): 200 GET http://10.180.1.21/volume/v3/volumes/3bee8069-2263-449e-aa40-d25af6c89358 0.032s
2025-11-12 12:29:42.438 67449 INFO tempest.lib.common.rest_client [req-122deb7c-4fff-4b8b-ae88-bba5ef4df3f3 req-122deb7c-4fff-4b8b-ae88-bba5ef4df3f3 ] Request (ServerExternalEventsTest:tearDownClass): 200 GET http://10.180.1.21/compute/v2.1/servers/1819ac96-c146-401b-96af-191f73d3d582 3.074s
2025-11-12 12:29:42.439 67482 INFO tempest.lib.common.rest_client [req-1242b1cc-9939-42d2-8f8e-78f7b005539e req-1242b1cc-9939-42d2-8f8e-78f7b005539e ] Request (SecurityGroupRulesTestJSON:setUpClass): 201 POST http://10.180.1.21/identity/v3/auth/tokens 0.074s
2025-11-12 12:29:42.446 67449 INFO tempest.common.waiters [-] State transition "ACTIVE/deleting" ==> "DELETED/None" after 4 second wait
2025-11-12 12:29:42.475 67482 INFO tempest.lib.common.rest_client [req-2c5ccb78-f7c7-41b7-9588-ef13bd5ccafd req-2c5ccb78-f7c7-41b7-9588-ef13bd5ccafd ] Request (SecurityGroupRulesTestJSON:setUpClass): 201 POST http://10.180.1.21/identity/v3/auth/tokens 0.031s
2025-11-12 12:29:42.504 67482 INFO tempest.lib.common.rest_client [req-5842e89a-8303-4801-a938-d3d3b40e5114 req-5842e89a-8303-4801-a938-d3d3b40e5114 ] Request (SecurityGroupRulesTestJSON:setUpClass): 200 GET http://10.180.1.21/identity/v3/domains?name=Default 0.029s
2025-11-12 12:29:42.539 67482 INFO tempest.lib.common.rest_client [req-aac2fb4b-5c6a-4ae6-9750-660be2e250af req-aac2fb4b-5c6a-4ae6-9750-660be2e250af ] Request (SecurityGroupRulesTestJSON:setUpClass): 201 POST http://10.180.1.21/identity/v3/projects 0.034s
2025-11-12 12:29:42.588 67469 INFO tempest.lib.common.rest_client [req-a72e759b-3ae0-4eb9-9983-4e7585958123 req-a72e759b-3ae0-4eb9-9983-4e7585958123 ] Request (ServicesAdminNegativeV253TestJSON:test_disable_log_reason_with_invalid_service_id): 404 PUT http://10.180.1.21/compute/v2.1/os-services/8c874187-1d6d-4020-abed-f7e0c45324ea 2.637s
2025-11-12 12:29:42.624 67482 INFO tempest.lib.common.rest_client [req-a07c9a51-d8d5-451c-a42f-067f4dba3e13 req-a07c9a51-d8d5-451c-a42f-067f4dba3e13 ] Request (SecurityGroupRulesTestJSON:setUpClass): 201 POST http://10.180.1.21/identity/v3/users 0.083s
2025-11-12 12:29:42.662 67482 INFO tempest.lib.common.rest_client [req-ede02e9c-a800-40d7-b5ae-84cacf80eb37 req-ede02e9c-a800-40d7-b5ae-84cacf80eb37 ] Request (SecurityGroupRulesTestJSON:setUpClass): 200 GET http://10.180.1.21/identity/v3/roles 0.037s
2025-11-12 12:29:42.706 67482 INFO tempest.lib.common.rest_client [req-0cf97949-e4e5-461c-9ecc-c4dc0d2b46c2 req-0cf97949-e4e5-461c-9ecc-c4dc0d2b46c2 ] Request (SecurityGroupRulesTestJSON:setUpClass): 204 PUT http://10.180.1.21/identity/v3/projects/56c1f271def94a529c5a6a9f3386bd4d/users/e52b0c7fba1a4004932f68997af8111f/roles/d86b6f0dbe7b426b9da2c296faeca5ab 0.044s
2025-11-12 12:29:42.707 67482 INFO tempest.lib.common.dynamic_creds [-] Dynamic test user e52b0c7fba1a4004932f68997af8111f is created with scope project and roles: ['member']
2025-11-12 12:29:42.707 67482 INFO tempest.lib.common.dynamic_creds [-] Acquired dynamic creds: credentials: Credentials: {'domain_id': 'default', 'domain_name': 'Default', 'username': 'tempest-SecurityGroupRulesTestJSON-2081492605-project-member', 'project_domain_id': 'default', 'project_domain_name': 'Default', 'project_id': '56c1f271def94a529c5a6a9f3386bd4d', 'project_name': 'tempest-SecurityGroupRulesTestJSON-2081492605', 'tenant_id': '56c1f271def94a529c5a6a9f3386bd4d', 'tenant_name': 'tempest-SecurityGroupRulesTestJSON-2081492605', 'user_domain_id': 'default', 'user_domain_name': 'Default', 'user_id': 'e52b0c7fba1a4004932f68997af8111f', 'system': None}, Network: None, Subnet: None, Router: None
2025-11-12 12:29:42.811 67482 INFO tempest.lib.common.rest_client [req-5762a11c-a839-4206-8e39-988ad69146de req-5762a11c-a839-4206-8e39-988ad69146de ] Request (SecurityGroupRulesTestJSON:setUpClass): 201 POST http://10.180.1.21/identity/v3/auth/tokens 0.103s
2025-11-12 12:29:42.820 67485 INFO tempest.lib.common.rest_client [req-ed40e15f-d874-4c02-aa0d-6f5ac05d8c37 req-ed40e15f-d874-4c02-aa0d-6f5ac05d8c37 ] Request (ServersV294TestFqdnHostnames:setUpClass): 200 GET http://10.180.1.21/compute/v2.1/servers/c9221d82-1dfb-47bb-97d5-4d1e3c4e2323 2.784s
2025-11-12 12:29:42.832 67485 INFO tempest.common.waiters [-] State transition "BUILD/spawning" ==> "ACTIVE/None" after 21 second wait
2025-11-12 12:29:42.926 67435 INFO tempest.lib.common.rest_client [req-cf655908-d4fc-4c0d-a53a-ce41e4665341 req-cf655908-d4fc-4c0d-a53a-ce41e4665341 ] Request (ServerDiagnosticsNegativeTest:tearDownClass): 200 GET http://10.180.1.21/compute/v2.1/servers/38f5ce3f-8e00-408d-8956-b3b649788446 2.749s
2025-11-12 12:29:42.933 67435 INFO tempest.common.waiters [-] State transition "ACTIVE/deleting" ==> "DELETED/None" after 3 second wait
2025-11-12 12:29:43.154 67482 INFO tempest.lib.common.rest_client [req-d3105d3f-10e1-4f09-8c23-77a96f6b89cd req-d3105d3f-10e1-4f09-8c23-77a96f6b89cd ] Request (SecurityGroupRulesTestJSON:setUpClass): 201 POST http://10.180.1.21/networking/v2.0/networks 0.342s
2025-11-12 12:29:43.329 67482 INFO tempest.lib.common.rest_client [req-f27143b3-2ba6-4c64-b20b-60ad349538de req-f27143b3-2ba6-4c64-b20b-60ad349538de ] Request (SecurityGroupRulesTestJSON:setUpClass): 201 POST http://10.180.1.21/networking/v2.0/subnets 0.174s
2025-11-12 12:29:43.461 67479 INFO tempest.lib.common.rest_client [req-bf8beb86-fe36-40c5-a34e-dd4ec9adc341 req-bf8beb86-fe36-40c5-a34e-dd4ec9adc341 ] Request (ServersTestBootFromVolume:setUpClass): 200 GET http://10.180.1.21/volume/v3/volumes/3bee8069-2263-449e-aa40-d25af6c89358 0.028s
2025-11-12 12:29:43.573 67477 INFO tempest.lib.common.rest_client [req-97351702-b329-4d31-a590-de17e01e89be req-97351702-b329-4d31-a590-de17e01e89be ] Request (ServersAdmin275Test:test_rebuild_update_server_275): 202 POST http://10.180.1.21/compute/v2.1/servers/06320d13-26ed-461e-a445-772a039c59a2/action 3.316s
2025-11-12 12:29:43.857 67465 INFO tempest.lib.common.rest_client [req-e2fd7635-33c4-43de-9440-118c989dfce2 req-e2fd7635-33c4-43de-9440-118c989dfce2 ] Request (VolumesAssistedSnapshotsTest:test_volume_assisted_snapshot_create_delete): 200 GET http://10.180.1.21/compute/v2.1/servers/3ff5ac13-6b3f-44c3-94b0-548152e735a3 3.549s
2025-11-12 12:29:43.868 67465 INFO tempest.common.waiters [-] State transition "BUILD/None" ==> "BUILD/spawning" after 13 second wait
2025-11-12 12:29:44.096 67482 INFO tempest.lib.common.rest_client [req-7c526fad-a87f-4d2b-9ecf-2386332d997d req-7c526fad-a87f-4d2b-9ecf-2386332d997d ] Request (SecurityGroupRulesTestJSON:setUpClass): 201 POST http://10.180.1.21/networking/v2.0/routers 0.766s
2025-11-12 12:29:44.149 67483 INFO tempest.lib.common.rest_client [req-339a7fb7-25b8-47b3-bd78-fcb6df502821 req-339a7fb7-25b8-47b3-bd78-fcb6df502821 ] Request (ImagesNegativeTestJSON:test_create_image_from_deleted_server): 200 GET http://10.180.1.21/compute/v2.1/servers/013ad1f7-d65e-4244-9da7-9ce0be700a54 3.801s
2025-11-12 12:29:44.171 67487 INFO tempest.lib.common.rest_client [req-932fe967-091b-4c94-8677-592faf9d813e req-932fe967-091b-4c94-8677-592faf9d813e ] Request (SecurityGroupsTestAdminJSON:test_list_security_groups_list_all_tenants_filter): 200 GET http://10.180.1.21/compute/v2.1/os-security-groups?all_tenants=true 7.463s
2025-11-12 12:29:44.251 67473 INFO tempest.lib.common.rest_client [req-1381f7e9-49ae-4ef7-9583-25a03a7f2cae req-1381f7e9-49ae-4ef7-9583-25a03a7f2cae ] Request (QuotaClassesAdminTestJSON:_run_cleanups): 200 PUT http://10.180.1.21/compute/v2.1/os-quota-class-sets/default 3.827s
2025-11-12 12:29:44.283 67495 INFO tempest.lib.common.rest_client [req-987ca181-395b-4b71-9870-8c4b499a293f req-987ca181-395b-4b71-9870-8c4b499a293f ] Request (FlavorsAdminTestJSON:_run_cleanups): 200 GET http://10.180.1.21/compute/v2.1/flavors/detail 3.836s
2025-11-12 12:29:44.310 67493 INFO tempest.lib.common.rest_client [req-a0bb4388-b5ce-441b-bc50-5d385f9ba95d req-a0bb4388-b5ce-441b-bc50-5d385f9ba95d ] Request (FloatingIPsTestJSON:_run_cleanups): 404 DELETE http://10.180.1.21/compute/v2.1/os-floating-ips/4afdc7c6-12fd-44b4-93d1-de0ece90b2d7 3.908s
2025-11-12 12:29:44.367 67473 INFO tempest.lib.common.rest_client [req-a13e6939-4d75-4f04-98b6-8229ba0f8fca req-a13e6939-4d75-4f04-98b6-8229ba0f8fca ] Request (QuotaClassesAdminTestJSON:tearDownClass): 204 DELETE http://10.180.1.21/identity/v3/users/527cfb7a4d074ed89a4f798114431e71 0.111s
2025-11-12 12:29:44.484 67473 INFO tempest.lib.common.rest_client [req-81df4b20-2f56-4365-9618-71e1779b9487 req-81df4b20-2f56-4365-9618-71e1779b9487 ] Request (QuotaClassesAdminTestJSON:tearDownClass): 204 DELETE http://10.180.1.21/identity/v3/users/6d892d02c57040d08189bbbd1b257a53 0.117s
2025-11-12 12:29:44.484 67473 INFO tempest.lib.common.dynamic_creds [-] Deleting project and security group for project: 5f726155a3a54209aa47ca336890462f
2025-11-12 12:29:44.512 67479 INFO tempest.lib.common.rest_client [req-e3b045aa-a360-402a-9a1b-df2ebef939b2 req-e3b045aa-a360-402a-9a1b-df2ebef939b2 ] Request (ServersTestBootFromVolume:setUpClass): 200 GET http://10.180.1.21/volume/v3/volumes/3bee8069-2263-449e-aa40-d25af6c89358 0.040s
2025-11-12 12:29:44.552 67473 INFO tempest.lib.common.rest_client [req-488c5c45-11f8-4e5f-b935-8156d746083b req-488c5c45-11f8-4e5f-b935-8156d746083b ] Request (QuotaClassesAdminTestJSON:tearDownClass): 201 POST http://10.180.1.21/identity/v3/auth/tokens 0.068s
2025-11-12 12:29:45.076 67482 INFO tempest.lib.common.rest_client [req-fee13c15-c2e8-4b19-81c6-48efc5460890 req-fee13c15-c2e8-4b19-81c6-48efc5460890 ] Request (SecurityGroupRulesTestJSON:setUpClass): 200 PUT http://10.180.1.21/networking/v2.0/routers/54d89701-2e9b-4f07-9acd-93cac6cf6998/add_router_interface 0.979s
2025-11-12 12:29:45.076 67482 INFO tempest.lib.common.dynamic_creds [-] Created isolated network resources for: credentials: Credentials: {'domain_id': 'default', 'domain_name': 'Default', 'username': 'tempest-SecurityGroupRulesTestJSON-2081492605-project-member', 'project_domain_id': 'default', 'project_domain_name': 'Default', 'project_id': '56c1f271def94a529c5a6a9f3386bd4d', 'project_name': 'tempest-SecurityGroupRulesTestJSON-2081492605', 'tenant_id': '56c1f271def94a529c5a6a9f3386bd4d', 'tenant_name': 'tempest-SecurityGroupRulesTestJSON-2081492605', 'user_domain_id': 'default', 'user_domain_name': 'Default', 'user_id': 'e52b0c7fba1a4004932f68997af8111f', 'system': None}, Network: {'id': '58a5da88-1dd7-4b3b-ac9d-3e4a83340e28', 'name': 'tempest-SecurityGroupRulesTestJSON-1533273410-network', 'tenant_id': '56c1f271def94a529c5a6a9f3386bd4d', 'project_id': '56c1f271def94a529c5a6a9f3386bd4d', 'admin_state_up': True, 'mtu': 8950, 'status': 'ACTIVE', 'subnets': [], 'shared': False, 'port_security_enabled': True, 'router:external': False, 'provider:network_type': 'vlan', 'provider:physical_network': 'default', 'provider:segmentation_id': 749, 'availability_zone_hints': [], 'availability_zones': [], 'ipv4_address_scope': None, 'ipv6_address_scope': None, 'description': '', 'tags': [], 'created_at': '2025-11-12T12:29:43Z', 'updated_at': '2025-11-12T12:29:43Z', 'revision_number': 1}, Subnet: {'id': 'fd03f841-a3ed-40fa-a2d9-e5406cd898c2', 'name': 'tempest-SecurityGroupRulesTestJSON-1533273410-subnet', 'tenant_id': '56c1f271def94a529c5a6a9f3386bd4d', 'network_id': '58a5da88-1dd7-4b3b-ac9d-3e4a83340e28', 'ip_version': 4, 'subnetpool_id': None, 'enable_dhcp': True, 'ipv6_ra_mode': None, 'ipv6_address_mode': None, 'gateway_ip': '192.168.128.1', 'cidr': '192.168.128.0/28', 'allocation_pools': [{'start': '192.168.128.2', 'end': '192.168.128.14'}], 'host_routes': [], 'dns_nameservers': [], 'description': '', 'router:external': False, 'service_types': [], 'tags': [], 'created_at': '2025-11-12T12:29:43Z', 'updated_at': '2025-11-12T12:29:43Z', 'revision_number': 0, 'project_id': '56c1f271def94a529c5a6a9f3386bd4d'}, Router: {'id': '54d89701-2e9b-4f07-9acd-93cac6cf6998', 'name': 'tempest-SecurityGroupRulesTestJSON-1533273410-router', 'tenant_id': '56c1f271def94a529c5a6a9f3386bd4d', 'admin_state_up': True, 'status': 'ACTIVE', 'external_gateway_info': {'network_id': 'c25566d7-97dd-4766-8937-15ff5c3a26a8', 'external_fixed_ips': [{'subnet_id': 'f5189748-722c-4e72-b635-b6f348b273de', 'ip_address': '10.180.180.139'}], 'enable_snat': True}, 'description': '', 'availability_zones': [], 'distributed': False, 'ha': False, 'availability_zone_hints': [], 'routes': [], 'flavor_id': None, 'tags': [], 'created_at': '2025-11-12T12:29:43Z', 'updated_at': '2025-11-12T12:29:43Z', 'revision_number': 2, 'project_id': '56c1f271def94a529c5a6a9f3386bd4d'}
2025-11-12 12:29:45.210 67482 INFO tempest.lib.common.rest_client [req-c54f579f-27c0-407f-ba53-d3eeb8feddfe req-c54f579f-27c0-407f-ba53-d3eeb8feddfe ] Request (SecurityGroupRulesTestJSON:setUpClass): 201 POST http://10.180.1.21/identity/v3/auth/tokens 0.129s
2025-11-12 12:29:45.370 67493 INFO tempest.lib.common.rest_client [req-d891b918-24bc-41d3-96c4-9196dc6b30fa req-d891b918-24bc-41d3-96c4-9196dc6b30fa ] Request (FloatingIPsTestJSON:tearDownClass): 200 PUT http://10.180.1.21/networking/v2.0/routers/40bcf1c6-974e-4597-83c8-f9204897900b/remove_router_interface 1.057s
2025-11-12 12:29:45.410 67457 INFO tempest.lib.common.rest_client [req-6d4af20a-7d50-4082-a27a-b8b55dd1a71c req-6d4af20a-7d50-4082-a27a-b8b55dd1a71c ] Request (FloatingIPsAssociationTestJSON:setUpClass): 200 GET http://10.180.1.21/compute/v2.1/servers/d262b230-e7b1-45e3-8fb9-e6a68388a200 4.786s
2025-11-12 12:29:45.418 67457 INFO tempest.common.waiters [-] State transition "BUILD/spawning" ==> "ACTIVE/None" after 21 second wait
2025-11-12 12:29:45.434 67447 INFO tempest.lib.common.rest_client [req-0233f8ff-8284-42c4-af02-06b2216e46c5 req-0233f8ff-8284-42c4-af02-06b2216e46c5 ] Request (ServersAdminTestJSON:setUpClass): 200 GET http://10.180.1.21/compute/v2.1/servers/a0c39246-cb6c-462d-a06d-28dc932f4156 4.757s
2025-11-12 12:29:45.486 67463 INFO tempest.lib.common.rest_client [req-4bea2da4-4846-4ff2-af8f-dffd6a7a4f22 req-4bea2da4-4846-4ff2-af8f-dffd6a7a4f22 ] Request (TenantUsagesTestJSON:test_list_usage_all_tenants): 200 GET http://10.180.1.21/compute/v2.1/os-simple-tenant-usage?start=2025-11-11T12%3A29%3A35.532240&end=2025-11-13T12%3A29%3A35.532240&detailed=1 4.553s
2025-11-12 12:29:45.493 67473 INFO tempest.lib.common.rest_client [req-414caeb9-1090-403d-99fe-89e772524d9d req-414caeb9-1090-403d-99fe-89e772524d9d ] Request (QuotaClassesAdminTestJSON:tearDownClass): 200 GET http://10.180.1.21/networking/v2.0/security-groups?tenant_id=5f726155a3a54209aa47ca336890462f&name=default 0.940s
2025-11-12 12:29:45.504 67443 INFO tempest.lib.common.rest_client [req-5c67512b-e7ce-40c6-bfb5-543260fe444b req-5c67512b-e7ce-40c6-bfb5-543260fe444b ] Request (SecurityGroupsNegativeTestJSON:test_security_group_get_nonexistent_group): 404 GET http://10.180.1.21/compute/v2.1/os-security-groups/bf3f3e29-ad08-48b2-8b13-a3101f6d9759 4.629s
2025-11-12 12:29:45.554 67479 INFO tempest.lib.common.rest_client [req-a72ea0b9-27bc-4706-bf39-8cbd1e4571ff req-a72ea0b9-27bc-4706-bf39-8cbd1e4571ff ] Request (ServersTestBootFromVolume:setUpClass): 200 GET http://10.180.1.21/volume/v3/volumes/3bee8069-2263-449e-aa40-d25af6c89358 0.034s
2025-11-12 12:29:45.617 67473 INFO tempest.lib.common.rest_client [req-e1a33696-5a5d-42c2-b87d-2a4fe591d04a req-e1a33696-5a5d-42c2-b87d-2a4fe591d04a ] Request (QuotaClassesAdminTestJSON:tearDownClass): 204 DELETE http://10.180.1.21/networking/v2.0/security-groups/94d69714-36bd-4770-bab7-0465378d4810 0.122s
2025-11-12 12:29:45.653 67433 INFO tempest.lib.common.rest_client [req-b7c66388-8c59-4051-802d-65e245a6d2ff req-b7c66388-8c59-4051-802d-65e245a6d2ff ] Request (ImagesOneServerNegativeTestJSON:setUpClass): 200 GET http://10.180.1.21/compute/v2.1/servers/4dcd85ca-f534-441b-a232-9f4d02797d9e 4.583s
2025-11-12 12:29:45.681 67441 INFO tempest.lib.common.rest_client [req-40424cdb-3007-40ee-a11b-da370e913e1e req-40424cdb-3007-40ee-a11b-da370e913e1e ] Request (FlavorsAccessNegativeTestJSON:_run_cleanups): 200 GET http://10.180.1.21/compute/v2.1/flavors/detail 4.539s
2025-11-12 12:29:45.706 67451 INFO tempest.lib.common.rest_client [req-fa396648-d066-4812-85f0-3e37ba19dc86 req-fa396648-d066-4812-85f0-3e37ba19dc86 ] Request (FlavorsAccessTestJSON:_run_cleanups): 200 GET http://10.180.1.21/compute/v2.1/flavors/detail 4.543s
2025-11-12 12:29:45.744 67473 INFO tempest.lib.common.rest_client [req-a3057936-4bad-4897-ad33-df6e06e2776f req-a3057936-4bad-4897-ad33-df6e06e2776f ] Request (QuotaClassesAdminTestJSON:tearDownClass): 204 DELETE http://10.180.1.21/identity/v3/projects/5f726155a3a54209aa47ca336890462f 0.126s
2025-11-12 12:29:45.744 67473 INFO tempest.lib.common.dynamic_creds [-] Deleting project and security group for project: 308a57f332e14149a3a73665f1906706
2025-11-12 12:29:45.749 67461 INFO tempest.lib.common.rest_client [req-854835a7-8f00-43ec-b3d8-a6c712c73876 req-854835a7-8f00-43ec-b3d8-a6c712c73876 ] Request (QuotasAdminNegativeTest:test_create_server_when_memory_quota_is_full): 200 PUT http://10.180.1.21/compute/v2.1/os-quota-sets/edf3cbf5952d4b86aea8e999196b8e50 4.633s
2025-11-12 12:29:45.790 67467 INFO tempest.lib.common.rest_client [req-f92606db-f068-4631-b50e-f4075db1c3c2 req-f92606db-f068-4631-b50e-f4075db1c3c2 ] Request (AggregatesAdminNegativeTestJSON:test_aggregate_add_non_exist_host): 404 POST http://10.180.1.21/compute/v2.1/os-aggregates/3/action 4.599s
2025-11-12 12:29:45.827 67491 INFO tempest.lib.common.rest_client [req-8f3b659a-e8dd-4318-b1ef-f8bdd2842770 req-8f3b659a-e8dd-4318-b1ef-f8bdd2842770 ] Request (HypervisorAdminUnderV252Test:test_search_hypervisor): 200 GET http://10.180.1.21/compute/v2.1/os-hypervisors 4.582s
2025-11-12 12:29:45.835 67461 INFO tempest.lib.common.rest_client [req-9ffe8cc6-ce33-439a-93a3-2b62ccd115ee req-9ffe8cc6-ce33-439a-93a3-2b62ccd115ee ] Request (QuotasAdminNegativeTest:test_create_server_when_memory_quota_is_full): 201 POST http://10.180.1.21/identity/v3/auth/tokens 0.076s
2025-11-12 12:29:45.836 67461 INFO tempest.lib.common.fixed_network [-] (QuotasAdminNegativeTest:test_create_server_when_memory_quota_is_full) Found network None available for tenant
2025-11-12 12:29:45.894 67451 INFO tempest.lib.common.rest_client [req-a1510930-31fb-4412-9059-5fda3e5aa102 req-a1510930-31fb-4412-9059-5fda3e5aa102 ] Request (FlavorsAccessTestJSON:tearDownClass): 204 DELETE http://10.180.1.21/identity/v3/users/8bffa69472024ebfa490766bf7316294 0.180s
2025-11-12 12:29:45.909 67473 INFO tempest.lib.common.rest_client [req-3ca6b68b-8e5b-4728-b228-cfcea3644490 req-3ca6b68b-8e5b-4728-b228-cfcea3644490 ] Request (QuotaClassesAdminTestJSON:tearDownClass): 200 GET http://10.180.1.21/networking/v2.0/security-groups?tenant_id=308a57f332e14149a3a73665f1906706&name=default 0.164s
2025-11-12 12:29:45.942 67439 INFO tempest.lib.common.rest_client [req-a3ceeef9-16d7-41da-bbb3-3e0ec514aefc req-a3ceeef9-16d7-41da-bbb3-3e0ec514aefc ] Request (FloatingIPsAssociationNegativeTestJSON:setUpClass): 200 GET http://10.180.1.21/compute/v2.1/servers/457a99e2-e399-4447-a49d-f0b6fd9814e8 4.770s
2025-11-12 12:29:45.953 67454 INFO tempest.lib.common.rest_client [req-f38b94cf-30ba-4339-9222-73b2a30fb7d0 req-f38b94cf-30ba-4339-9222-73b2a30fb7d0 ] Request (DeleteServersAdminTestJSON:test_admin_delete_servers_of_others): 200 GET http://10.180.1.21/compute/v2.1/servers/961e1203-30a2-4538-ab77-722c3932952e 4.614s
2025-11-12 12:29:45.986 67489 INFO tempest.lib.common.rest_client [req-26a8dc5d-5327-4cb1-a390-23aa34e09dc9 req-26a8dc5d-5327-4cb1-a390-23aa34e09dc9 ] Request (ServicesAdminNegativeTestJSON:test_get_service_by_invalid_service_and_valid_host): 200 GET http://10.180.1.21/compute/v2.1/os-services?host=devstack&binary=xxx 4.194s
2025-11-12 12:29:46.002 67471 INFO tempest.lib.common.rest_client [req-9b911082-da9c-40d1-857b-a2e84c8c8917 req-9b911082-da9c-40d1-857b-a2e84c8c8917 ] Request (ImagesOneServerTestJSON:test_create_delete_image): 200 GET http://10.180.1.21/compute/v2.1/images/b3c65a7c-fce8-4049-93d7-2539562f6258 4.231s
2025-11-12 12:29:46.066 67451 INFO tempest.lib.common.rest_client [req-2577cdec-3109-4d4e-b98e-49e65d646be0 req-2577cdec-3109-4d4e-b98e-49e65d646be0 ] Request (FlavorsAccessTestJSON:tearDownClass): 204 DELETE http://10.180.1.21/identity/v3/users/c99aa604a9014d80b3923ae0a16b308e 0.171s
2025-11-12 12:29:46.066 67451 INFO tempest.lib.common.dynamic_creds [-] Deleting project and security group for project: 709b1c2cc720413d8ceb14335eb9f151
2025-11-12 12:29:46.079 67493 INFO tempest.lib.common.rest_client [req-cb191691-94b4-4972-89c1-0d12c4794dfd req-cb191691-94b4-4972-89c1-0d12c4794dfd ] Request (FloatingIPsTestJSON:tearDownClass): 204 DELETE http://10.180.1.21/networking/v2.0/routers/40bcf1c6-974e-4597-83c8-f9204897900b 0.709s
2025-11-12 12:29:46.082 67473 INFO tempest.lib.common.rest_client [req-b3d9f3e0-d7e7-453f-9870-05f29e50d7ee req-b3d9f3e0-d7e7-453f-9870-05f29e50d7ee ] Request (QuotaClassesAdminTestJSON:tearDownClass): 204 DELETE http://10.180.1.21/networking/v2.0/security-groups/30d0363d-bbdb-4632-b133-f808c7689b25 0.171s
2025-11-12 12:29:46.139 67451 INFO tempest.lib.common.rest_client [req-8330f2f0-bdd4-4850-9931-2853005cb522 req-8330f2f0-bdd4-4850-9931-2853005cb522 ] Request (FlavorsAccessTestJSON:tearDownClass): 201 POST http://10.180.1.21/identity/v3/auth/tokens 0.073s
2025-11-12 12:29:46.210 67475 INFO tempest.lib.common.rest_client [req-d8d0ce7a-7d9d-4181-90b4-1bae0e044660 req-d8d0ce7a-7d9d-4181-90b4-1bae0e044660 ] Request (ServersAdminNegativeTestJSON:test_migrate_non_existent_server): 404 POST http://10.180.1.21/compute/v2.1/servers/cb00423a-3655-4a3a-9ab6-4f04007966ba/action 3.894s
2025-11-12 12:29:46.220 67473 INFO tempest.lib.common.rest_client [req-57d0bda2-868c-4b70-81fb-e9e3f974b4d9 req-57d0bda2-868c-4b70-81fb-e9e3f974b4d9 ] Request (QuotaClassesAdminTestJSON:tearDownClass): 204 DELETE http://10.180.1.21/identity/v3/projects/308a57f332e14149a3a73665f1906706 0.138s
2025-11-12 12:29:46.260 67493 INFO tempest.lib.common.rest_client [req-b0bd1bb0-9db8-4702-bedd-66eecce92ff0 req-b0bd1bb0-9db8-4702-bedd-66eecce92ff0 ] Request (FloatingIPsTestJSON:tearDownClass): 204 DELETE http://10.180.1.21/networking/v2.0/subnets/36d8f995-2481-40ac-86d0-0ccd9c558121 0.180s
2025-11-12 12:29:46.276 67469 INFO tempest.lib.common.rest_client [req-a55cae4d-f0d8-4b16-b393-d0c62deb63ed req-a55cae4d-f0d8-4b16-b393-d0c62deb63ed ] Request (ServicesAdminNegativeV253TestJSON:test_disable_service_with_invalid_service_id): 404 PUT http://10.180.1.21/compute/v2.1/os-services/8c874187-1d6d-4020-abed-f7e0c45324ea 3.687s
2025-11-12 12:29:46.301 67475 INFO tempest.lib.common.rest_client [req-bfd07bd2-d8c0-48fe-9945-7cf513f8d126 req-bfd07bd2-d8c0-48fe-9945-7cf513f8d126 ] Request (ServersAdminNegativeTestJSON:test_migrate_server_invalid_state): 201 POST http://10.180.1.21/identity/v3/auth/tokens 0.080s
2025-11-12 12:29:46.301 67475 INFO tempest.lib.common.fixed_network [-] (ServersAdminNegativeTestJSON:test_migrate_server_invalid_state) Found network None available for tenant
2025-11-12 12:29:46.375 67473 INFO tempest.lib.common.rest_client [req-8bf2471c-84c2-4513-99e1-450773181706 req-8bf2471c-84c2-4513-99e1-450773181706 ] Request (InstanceActionsV221TestJSON:setUpClass): 201 POST http://10.180.1.21/identity/v3/auth/tokens 0.148s
2025-11-12 12:29:46.420 67473 INFO tempest.lib.common.rest_client [req-ee3dbef8-0fdd-42fa-b50c-379550f9f54a req-ee3dbef8-0fdd-42fa-b50c-379550f9f54a ] Request (InstanceActionsV221TestJSON:setUpClass): 201 POST http://10.180.1.21/identity/v3/auth/tokens 0.042s
2025-11-12 12:29:46.450 67473 INFO tempest.lib.common.rest_client [req-cb37fa39-9ad8-4ee5-8158-5a0ac3b35247 req-cb37fa39-9ad8-4ee5-8158-5a0ac3b35247 ] Request (InstanceActionsV221TestJSON:setUpClass): 200 GET http://10.180.1.21/identity/v3/domains?name=Default 0.030s
2025-11-12 12:29:46.479 67451 INFO tempest.lib.common.rest_client [req-d7efbff9-7acd-4d7c-ad4e-b92cbd43e1e9 req-d7efbff9-7acd-4d7c-ad4e-b92cbd43e1e9 ] Request (FlavorsAccessTestJSON:tearDownClass): 200 GET http://10.180.1.21/networking/v2.0/security-groups?tenant_id=709b1c2cc720413d8ceb14335eb9f151&name=default 0.339s
2025-11-12 12:29:46.492 67473 INFO tempest.lib.common.rest_client [req-e482280f-6c4b-4eaa-a7f4-435ee05ad514 req-e482280f-6c4b-4eaa-a7f4-435ee05ad514 ] Request (InstanceActionsV221TestJSON:setUpClass): 201 POST http://10.180.1.21/identity/v3/projects 0.041s
2025-11-12 12:29:46.574 67473 INFO tempest.lib.common.rest_client [req-5694dd99-6d73-4491-8928-5c4fb7d0e808 req-5694dd99-6d73-4491-8928-5c4fb7d0e808 ] Request (InstanceActionsV221TestJSON:setUpClass): 201 POST http://10.180.1.21/identity/v3/users 0.081s
2025-11-12 12:29:46.603 67479 INFO tempest.lib.common.rest_client [req-c527f071-b2fe-460c-aceb-cb2d674ad896 req-c527f071-b2fe-460c-aceb-cb2d674ad896 ] Request (ServersTestBootFromVolume:setUpClass): 200 GET http://10.180.1.21/volume/v3/volumes/3bee8069-2263-449e-aa40-d25af6c89358 0.041s
2025-11-12 12:29:46.605 67473 INFO tempest.lib.common.rest_client [req-400ea0ae-dde6-4a26-8119-2ad898bde7ab req-400ea0ae-dde6-4a26-8119-2ad898bde7ab ] Request (InstanceActionsV221TestJSON:setUpClass): 200 GET http://10.180.1.21/identity/v3/roles 0.030s
2025-11-12 12:29:46.615 67485 INFO tempest.lib.common.rest_client [req-17304356-a4eb-4a9f-a7e6-6a7698ba2c88 req-17304356-a4eb-4a9f-a7e6-6a7698ba2c88 ] Request (ServersV294TestFqdnHostnames:setUpClass): 200 GET http://10.180.1.21/compute/v2.1/servers/c9221d82-1dfb-47bb-97d5-4d1e3c4e2323/os-interface 3.782s
