2025-11-12 12:31:18.772 67463 INFO tempest.lib.common.rest_client [req-82edb01e-075b-4807-b588-8b694b63d3e9 req-82edb01e-075b-4807-b588-8b694b63d3e9 ] Request (ServerGroup264TestJSON:tearDownClass): 200 PUT http://10.180.1.21/networking/v2.0/routers/26e5a78c-499e-4852-a22b-d7f57a49525d/remove_router_interface 0.781s
2025-11-12 12:31:18.777 67441 INFO tempest.lib.common.rest_client [req-a0eca1df-5fc9-42be-a948-9d213806b7b2 req-a0eca1df-5fc9-42be-a948-9d213806b7b2 ] Request (HostsAdminNegativeTestJSON:test_update_nonexistent_host): 404 PUT http://10.180.1.21/compute/v2.1/os-hosts/nonexistent_hostname 1.334s
2025-11-12 12:31:18.875 67454 INFO tempest.lib.common.rest_client [req-2b7cdce3-32bb-431f-ba19-39bfe29fc93f req-2b7cdce3-32bb-431f-ba19-39bfe29fc93f ] Request (FlavorsV261TestJSON:test_crud_flavor): 200 GET http://10.180.1.21/compute/v2.1/flavors/1033846056 1.438s
2025-11-12 12:31:18.891 67493 INFO tempest.lib.common.rest_client [req-efff2e09-a89c-4c07-be90-70b944295b84 req-efff2e09-a89c-4c07-be90-70b944295b84 ] Request (ListServerFiltersTestJSON:test_list_servers_filter_by_flavor): 200 GET http://10.180.1.21/compute/v2.1/servers?flavor=84 1.425s
2025-11-12 12:31:18.905 67475 INFO tempest.lib.common.rest_client [req-aa4794f8-2bf7-4198-9e07-335952fbba7b req-aa4794f8-2bf7-4198-9e07-335952fbba7b ] Request (ServersAdminNegativeTestJSON:test_restore_server_invalid_state): 409 POST http://10.180.1.21/compute/v2.1/servers/69fe7fa2-9a9c-4baa-af4a-b37cdb48e608/action 1.430s
2025-11-12 12:31:18.915 67451 INFO tempest.lib.common.rest_client [req-46140401-4eee-4dad-84fd-cd125f14ea46 req-46140401-4eee-4dad-84fd-cd125f14ea46 ] Request (KeyPairsV2TestJSON:_run_cleanups): 202 DELETE http://10.180.1.21/compute/v2.1/os-keypairs/tempest-keypair-1010763156 1.436s
2025-11-12 12:31:18.936 67441 INFO tempest.lib.common.rest_client [req-7bb0245a-1ffd-440a-8d49-729af72a0a91 req-7bb0245a-1ffd-440a-8d49-729af72a0a91 ] Request (HostsAdminNegativeTestJSON:tearDownClass): 204 DELETE http://10.180.1.21/identity/v3/users/2d1ed83af9484601b0f6ea72b6cfd1bb 0.158s
2025-11-12 12:31:19.010 67439 INFO tempest.lib.common.rest_client [req-c4391bee-e46a-4567-b2be-a71de3b18536 req-c4391bee-e46a-4567-b2be-a71de3b18536 ] Request (MultipleCreateNegativeTestJSON:tearDownClass): 200 GET http://10.180.1.21/networking/v2.0/security-groups?tenant_id=03cb4968fccb402c8ef8a1c1a8c9b3ec&name=default 0.791s
2025-11-12 12:31:19.079 67479 WARNING tempest.lib.common.ssh [-] Failed to establish authenticated ssh connection to cirros@10.180.180.254 ([Errno None] Unable to connect to port 22 on 10.180.180.254). Number attempts: 7. Retry after 8 seconds.: paramiko.ssh_exception.NoValidConnectionsError: [Errno None] Unable to connect to port 22 on 10.180.180.254
2025-11-12 12:31:19.081 67441 INFO tempest.lib.common.rest_client [req-31f5ccbd-38d4-45df-b8d4-236e58022653 req-31f5ccbd-38d4-45df-b8d4-236e58022653 ] Request (HostsAdminNegativeTestJSON:tearDownClass): 204 DELETE http://10.180.1.21/identity/v3/users/9d4e58bbdd0c4eaf9a35dbc9f770cc8a 0.144s
2025-11-12 12:31:19.082 67441 INFO tempest.lib.common.dynamic_creds [-] Deleting project and security group for project: b8c9eab524c14e36a2147c2cdb4381bc
2025-11-12 12:31:19.172 67441 INFO tempest.lib.common.rest_client [req-1ed05b1f-69c5-4a09-96f1-bf4232a8ed19 req-1ed05b1f-69c5-4a09-96f1-bf4232a8ed19 ] Request (HostsAdminNegativeTestJSON:tearDownClass): 201 POST http://10.180.1.21/identity/v3/auth/tokens 0.090s
2025-11-12 12:31:19.500 67463 INFO tempest.lib.common.rest_client [req-f6c85d92-53f6-403e-a762-435a552c6903 req-f6c85d92-53f6-403e-a762-435a552c6903 ] Request (ServerGroup264TestJSON:tearDownClass): 204 DELETE http://10.180.1.21/networking/v2.0/routers/26e5a78c-499e-4852-a22b-d7f57a49525d 0.728s
2025-11-12 12:31:19.657 67487 INFO tempest.lib.common.rest_client [req-15cc8614-9384-4469-ad63-1caead76ec5a req-15cc8614-9384-4469-ad63-1caead76ec5a ] Request (ListServersNegativeTestJSON:setUpClass): 200 GET http://10.180.1.21/compute/v2.1/servers/1099898f-60d3-4527-ba7b-fd5c6b02b9fa 2.130s
2025-11-12 12:31:19.754 67439 INFO tempest.lib.common.rest_client [req-bad0d984-c090-4579-a01f-6ef63a08a82a req-bad0d984-c090-4579-a01f-6ef63a08a82a ] Request (MultipleCreateNegativeTestJSON:tearDownClass): 204 DELETE http://10.180.1.21/networking/v2.0/security-groups/14e07562-b16c-44e7-8668-a2e6ae29d4cb 0.744s
2025-11-12 12:31:19.804 67482 INFO tempest.lib.common.rest_client [req-72b3aad8-5e27-490d-8d0a-279f1dea3cbd req-72b3aad8-5e27-490d-8d0a-279f1dea3cbd ] Request (ServerActionsTestOtherB:setUpClass): 200 PUT http://10.180.1.21/networking/v2.0/routers/02b116d1-8f39-4d76-90e8-81e7f98223e0/add_router_interface 1.115s
2025-11-12 12:31:19.805 67482 INFO tempest.lib.common.dynamic_creds [-] Created isolated network resources for: credentials: Credentials: {'domain_id': 'default', 'domain_name': 'Default', 'username': 'tempest-ServerActionsTestOtherB-1891732265-project-member', 'project_domain_id': 'default', 'project_domain_name': 'Default', 'project_id': '7934bb542c7d4194bf68f6da22d51d60', 'project_name': 'tempest-ServerActionsTestOtherB-1891732265', 'tenant_id': '7934bb542c7d4194bf68f6da22d51d60', 'tenant_name': 'tempest-ServerActionsTestOtherB-1891732265', 'user_domain_id': 'default', 'user_domain_name': 'Default', 'user_id': 'd9bf18c4e97f494c9225be0d9f6da30a', 'system': None}, Network: {'id': '0ccd1ab7-da48-467c-84a6-5c98f5e29a0b', 'name': 'tempest-ServerActionsTestOtherB-1308837630-network', 'tenant_id': '7934bb542c7d4194bf68f6da22d51d60', 'project_id': '7934bb542c7d4194bf68f6da22d51d60', 'admin_state_up': True, 'mtu': 8950, 'status': 'ACTIVE', 'subnets': [], 'shared': False, 'port_security_enabled': True, 'router:external': False, 'provider:network_type': 'vlan', 'provider:physical_network': 'default', 'provider:segmentation_id': 729, 'availability_zone_hints': [], 'availability_zones': [], 'ipv4_address_scope': None, 'ipv6_address_scope': None, 'description': '', 'tags': [], 'created_at': '2025-11-12T12:31:17Z', 'updated_at': '2025-11-12T12:31:17Z', 'revision_number': 1}, Subnet: {'id': '30146958-93cd-4ab0-8ceb-5450f1535561', 'name': 'tempest-ServerActionsTestOtherB-1308837630-subnet', 'tenant_id': '7934bb542c7d4194bf68f6da22d51d60', 'network_id': '0ccd1ab7-da48-467c-84a6-5c98f5e29a0b', 'ip_version': 4, 'subnetpool_id': None, 'enable_dhcp': True, 'ipv6_ra_mode': None, 'ipv6_address_mode': None, 'gateway_ip': '192.168.128.1', 'cidr': '192.168.128.0/28', 'allocation_pools': [{'start': '192.168.128.2', 'end': '192.168.128.14'}], 'host_routes': [], 'dns_nameservers': [], 'description': '', 'router:external': False, 'service_types': [], 'tags': [], 'created_at': '2025-11-12T12:31:17Z', 'updated_at': '2025-11-12T12:31:17Z', 'revision_number': 0, 'project_id': '7934bb542c7d4194bf68f6da22d51d60'}, Router: {'id': '02b116d1-8f39-4d76-90e8-81e7f98223e0', 'name': 'tempest-ServerActionsTestOtherB-1308837630-router', 'tenant_id': '7934bb542c7d4194bf68f6da22d51d60', 'admin_state_up': True, 'status': 'ACTIVE', 'external_gateway_info': {'network_id': 'c25566d7-97dd-4766-8937-15ff5c3a26a8', 'external_fixed_ips': [{'subnet_id': 'f5189748-722c-4e72-b635-b6f348b273de', 'ip_address': '10.180.180.199'}], 'enable_snat': True}, 'description': '', 'availability_zones': [], 'distributed': False, 'ha': False, 'availability_zone_hints': [], 'routes': [], 'flavor_id': None, 'tags': [], 'created_at': '2025-11-12T12:31:17Z', 'updated_at': '2025-11-12T12:31:18Z', 'revision_number': 2, 'project_id': '7934bb542c7d4194bf68f6da22d51d60'}
2025-11-12 12:31:19.857 67439 INFO tempest.lib.common.rest_client [req-e40333d3-1944-4b61-81e6-92adda3f2c47 req-e40333d3-1944-4b61-81e6-92adda3f2c47 ] Request (MultipleCreateNegativeTestJSON:tearDownClass): 204 DELETE http://10.180.1.21/identity/v3/projects/03cb4968fccb402c8ef8a1c1a8c9b3ec 0.102s
2025-11-12 12:31:19.935 67463 INFO tempest.lib.common.rest_client [req-96ccf6a0-84fb-46ef-a75a-c1a0be33045b req-96ccf6a0-84fb-46ef-a75a-c1a0be33045b ] Request (ServerGroup264TestJSON:tearDownClass): 204 DELETE http://10.180.1.21/networking/v2.0/subnets/ab907975-3c00-47a3-99c3-e34497c5d555 0.434s
2025-11-12 12:31:19.954 67482 INFO tempest.lib.common.rest_client [req-abf10796-a0e2-4081-8638-88f685fc5e1f req-abf10796-a0e2-4081-8638-88f685fc5e1f ] Request (ServerActionsTestOtherB:setUpClass): 201 POST http://10.180.1.21/identity/v3/auth/tokens 0.145s
2025-11-12 12:31:19.986 67439 INFO tempest.lib.common.rest_client [req-0399bb3b-e46b-443e-8375-da2a8a8a6c48 req-0399bb3b-e46b-443e-8375-da2a8a8a6c48 ] Request (ComputeTenantNetworksTest:setUpClass): 201 POST http://10.180.1.21/identity/v3/auth/tokens 0.126s
2025-11-12 12:31:20.037 67439 INFO tempest.lib.common.rest_client [req-a3248cae-beff-4712-8b70-ff7ef330d370 req-a3248cae-beff-4712-8b70-ff7ef330d370 ] Request (ComputeTenantNetworksTest:setUpClass): 201 POST http://10.180.1.21/identity/v3/auth/tokens 0.049s
2025-11-12 12:31:20.038 67447 INFO tempest.lib.common.rest_client [req-f3fdfbf6-5db9-4cb4-8d37-e0df60e50bb3 req-f3fdfbf6-5db9-4cb4-8d37-e0df60e50bb3 ] Request (ServersAdminTestJSON:test_inject_network_info): 200 GET http://10.180.1.21/compute/v2.1/servers/07a83833-8428-479f-8d2e-9e4fde5c9074 2.531s
2025-11-12 12:31:20.078 67439 INFO tempest.lib.common.rest_client [req-e0760ef5-f88a-468b-84b5-18f8e12a799b req-e0760ef5-f88a-468b-84b5-18f8e12a799b ] Request (ComputeTenantNetworksTest:setUpClass): 200 GET http://10.180.1.21/identity/v3/domains?name=Default 0.040s
2025-11-12 12:31:20.120 67439 INFO tempest.lib.common.rest_client [req-b3b921e6-56ab-4117-9cac-e3434b36aa58 req-b3b921e6-56ab-4117-9cac-e3434b36aa58 ] Request (ComputeTenantNetworksTest:setUpClass): 201 POST http://10.180.1.21/identity/v3/projects 0.041s
2025-11-12 12:31:20.166 67441 INFO tempest.lib.common.rest_client [req-c65d00d0-6911-4509-ab0b-a421041d699f req-c65d00d0-6911-4509-ab0b-a421041d699f ] Request (HostsAdminNegativeTestJSON:tearDownClass): 200 GET http://10.180.1.21/networking/v2.0/security-groups?tenant_id=b8c9eab524c14e36a2147c2cdb4381bc&name=default 0.993s
2025-11-12 12:31:20.199 67439 INFO tempest.lib.common.rest_client [req-30d69b1e-da4d-41bb-a940-f0c4b1179489 req-30d69b1e-da4d-41bb-a940-f0c4b1179489 ] Request (ComputeTenantNetworksTest:setUpClass): 201 POST http://10.180.1.21/identity/v3/users 0.079s
2025-11-12 12:31:20.230 67439 INFO tempest.lib.common.rest_client [req-30dc1ae6-d5a1-407e-9d78-bd9a15dddc88 req-30dc1ae6-d5a1-407e-9d78-bd9a15dddc88 ] Request (ComputeTenantNetworksTest:setUpClass): 200 GET http://10.180.1.21/identity/v3/roles 0.030s
2025-11-12 12:31:20.234 67435 INFO tempest.lib.common.rest_client [req-cc9dd292-fe85-4820-8cfe-c6b865e20360 req-cc9dd292-fe85-4820-8cfe-c6b865e20360 ] Request (MultipleCreateTestJSON:_run_cleanups): 200 GET http://10.180.1.21/compute/v2.1/servers/d0d2ede3-3640-46d2-997b-f0112b8d0ca2 2.621s
2025-11-12 12:31:20.274 67439 INFO tempest.lib.common.rest_client [req-1e3d384b-ba39-44a3-8308-2ee66d5e734c req-1e3d384b-ba39-44a3-8308-2ee66d5e734c ] Request (ComputeTenantNetworksTest:setUpClass): 204 PUT http://10.180.1.21/identity/v3/projects/4e7ce49deb8c43cebd9ff5d7baab901d/users/c09acf40499d40869dbeedc31a053599/roles/d86b6f0dbe7b426b9da2c296faeca5ab 0.043s
2025-11-12 12:31:20.274 67439 INFO tempest.lib.common.dynamic_creds [-] Dynamic test user c09acf40499d40869dbeedc31a053599 is created with scope project and roles: ['member']
2025-11-12 12:31:20.274 67439 INFO tempest.lib.common.dynamic_creds [-] Acquired dynamic creds: credentials: Credentials: {'domain_id': 'default', 'domain_name': 'Default', 'username': 'tempest-ComputeTenantNetworksTest-92457687-project-member', 'project_domain_id': 'default', 'project_domain_name': 'Default', 'project_id': '4e7ce49deb8c43cebd9ff5d7baab901d', 'project_name': 'tempest-ComputeTenantNetworksTest-92457687', 'tenant_id': '4e7ce49deb8c43cebd9ff5d7baab901d', 'tenant_name': 'tempest-ComputeTenantNetworksTest-92457687', 'user_domain_id': 'default', 'user_domain_name': 'Default', 'user_id': 'c09acf40499d40869dbeedc31a053599', 'system': None}, Network: None, Subnet: None, Router: None
2025-11-12 12:31:20.338 67463 INFO tempest.lib.common.rest_client [req-d37d20e4-4b8e-45c1-940e-47157c099992 req-d37d20e4-4b8e-45c1-940e-47157c099992 ] Request (ServerGroup264TestJSON:tearDownClass): 204 DELETE http://10.180.1.21/networking/v2.0/networks/fdfafaee-6370-4e8d-a4ea-33567338437b 0.402s
2025-11-12 12:31:20.345 67439 INFO tempest.lib.common.rest_client [req-2197fd4c-9609-4c36-9eea-80a53d426c55 req-2197fd4c-9609-4c36-9eea-80a53d426c55 ] Request (ComputeTenantNetworksTest:setUpClass): 201 POST http://10.180.1.21/identity/v3/auth/tokens 0.070s
2025-11-12 12:31:20.376 67457 INFO tempest.lib.common.rest_client [req-ba5a9f86-3cee-4f71-bc05-9b250f20913f req-ba5a9f86-3cee-4f71-bc05-9b250f20913f ] Request (FloatingIPsAssociationTestJSON:tearDownClass): 200 GET http://10.180.1.21/compute/v2.1/servers/d262b230-e7b1-45e3-8fb9-e6a68388a200 2.824s
2025-11-12 12:31:20.448 67477 INFO tempest.lib.common.rest_client [req-b60e93a6-3733-4449-8848-84aa957837e2 req-b60e93a6-3733-4449-8848-84aa957837e2 ] Request (ImagesMetadataTestJSON:test_list_image_metadata): 200 GET http://10.180.1.21/compute/v2.1/images/36f2054f-d14b-4082-9fb5-a08c003d18bf/metadata 2.495s
2025-11-12 12:31:20.452 67463 INFO tempest.lib.common.rest_client [req-4e06bc7f-c04f-4c7c-9242-83b3dfa9169b req-4e06bc7f-c04f-4c7c-9242-83b3dfa9169b ] Request (ServerGroup264TestJSON:tearDownClass): 204 DELETE http://10.180.1.21/identity/v3/users/e4872cad9f5946149009194d77de2a28 0.114s
2025-11-12 12:31:20.452 67463 INFO tempest.lib.common.dynamic_creds [-] Deleting project and security group for project: fd9cbd21b23d4d6e9785246412cd0416
2025-11-12 12:31:20.468 67441 INFO tempest.lib.common.rest_client [req-9362e0f9-1c3b-49c4-974f-ea560279080e req-9362e0f9-1c3b-49c4-974f-ea560279080e ] Request (HostsAdminNegativeTestJSON:tearDownClass): 204 DELETE http://10.180.1.21/networking/v2.0/security-groups/867038e9-8533-4b6c-adb6-6d4ea93b5735 0.301s
2025-11-12 12:31:20.507 67467 INFO tempest.lib.common.rest_client [req-5b4bc5ef-6cba-432a-a225-f8ee4ac809be req-5b4bc5ef-6cba-432a-a225-f8ee4ac809be ] Request (NetworksTest:test_get_network): 200 GET http://10.180.1.21/compute/v2.1/os-networks/c25566d7-97dd-4766-8937-15ff5c3a26a8 2.742s
2025-11-12 12:31:20.523 67463 INFO tempest.lib.common.rest_client [req-8461479c-e00c-4851-945c-e376612d167e req-8461479c-e00c-4851-945c-e376612d167e ] Request (ServerGroup264TestJSON:tearDownClass): 200 GET http://10.180.1.21/networking/v2.0/security-groups?tenant_id=fd9cbd21b23d4d6e9785246412cd0416&name=default 0.069s
2025-11-12 12:31:20.531 67495 INFO tempest.lib.common.rest_client [req-bf79ace0-6cea-47a1-9824-578dd77afc46 req-bf79ace0-6cea-47a1-9824-578dd77afc46 ] Request (FlavorsAdminTestJSON:test_list_non_public_flavor): 200 GET http://10.180.1.21/compute/v2.1/flavors/detail 2.532s
2025-11-12 12:31:20.583 67459 WARNING tempest.lib.common.ssh [-] Failed to establish authenticated ssh connection to cirros@10.180.180.196 ([Errno None] Unable to connect to port 22 on 10.180.180.196). Number attempts: 8. Retry after 9 seconds.: paramiko.ssh_exception.NoValidConnectionsError: [Errno None] Unable to connect to port 22 on 10.180.180.196
2025-11-12 12:31:20.585 67441 INFO tempest.lib.common.rest_client [req-bde565b4-f91f-4c16-a571-7a2f3346baec req-bde565b4-f91f-4c16-a571-7a2f3346baec ] Request (HostsAdminNegativeTestJSON:tearDownClass): 204 DELETE http://10.180.1.21/identity/v3/projects/b8c9eab524c14e36a2147c2cdb4381bc 0.117s
2025-11-12 12:31:20.585 67441 INFO tempest.lib.common.dynamic_creds [-] Deleting project and security group for project: 226c2b604fcc4e76a29f1aa2a3431a22
2025-11-12 12:31:20.700 67463 INFO tempest.lib.common.rest_client [req-17d6a4f6-a111-47c5-8c21-1ada69f603a3 req-17d6a4f6-a111-47c5-8c21-1ada69f603a3 ] Request (ServerGroup264TestJSON:tearDownClass): 204 DELETE http://10.180.1.21/networking/v2.0/security-groups/4172fcb4-c8dd-430a-b78d-d09d9623c05b 0.173s
2025-11-12 12:31:20.752 67439 INFO tempest.lib.common.rest_client [req-09d68773-98e8-47d3-878f-943a20c17ed1 req-09d68773-98e8-47d3-878f-943a20c17ed1 ] Request (ComputeTenantNetworksTest:setUpClass): 201 POST http://10.180.1.21/networking/v2.0/networks 0.407s
2025-11-12 12:31:20.752 67439 INFO tempest.lib.common.dynamic_creds [-] Created isolated network resources for: credentials: Credentials: {'domain_id': 'default', 'domain_name': 'Default', 'username': 'tempest-ComputeTenantNetworksTest-92457687-project-member', 'project_domain_id': 'default', 'project_domain_name': 'Default', 'project_id': '4e7ce49deb8c43cebd9ff5d7baab901d', 'project_name': 'tempest-ComputeTenantNetworksTest-92457687', 'tenant_id': '4e7ce49deb8c43cebd9ff5d7baab901d', 'tenant_name': 'tempest-ComputeTenantNetworksTest-92457687', 'user_domain_id': 'default', 'user_domain_name': 'Default', 'user_id': 'c09acf40499d40869dbeedc31a053599', 'system': None}, Network: {'id': '6db4a504-c202-4fd5-b8e3-ae885778300b', 'name': 'tempest-ComputeTenantNetworksTest-599556404-network', 'tenant_id': '4e7ce49deb8c43cebd9ff5d7baab901d', 'project_id': '4e7ce49deb8c43cebd9ff5d7baab901d', 'admin_state_up': True, 'mtu': 8950, 'status': 'ACTIVE', 'subnets': [], 'shared': False, 'port_security_enabled': True, 'router:external': False, 'provider:network_type': 'vlan', 'provider:physical_network': 'default', 'provider:segmentation_id': 231, 'availability_zone_hints': [], 'availability_zones': [], 'ipv4_address_scope': None, 'ipv6_address_scope': None, 'description': '', 'tags': [], 'created_at': '2025-11-12T12:31:20Z', 'updated_at': '2025-11-12T12:31:20Z', 'revision_number': 1}, Subnet: None, Router: None
2025-11-12 12:31:20.784 67471 INFO tempest.lib.common.rest_client [req-14a25f6a-e2d8-41c5-b93d-5fb3719a07e1 req-14a25f6a-e2d8-41c5-b93d-5fb3719a07e1 ] Request (ImagesOneServerTestJSON:tearDownClass): 200 GET http://10.180.1.21/compute/v2.1/servers/0eaa8181-62d4-4ca2-bff3-cf7b1f3491a1 2.766s
2025-11-12 12:31:20.804 67497 INFO tempest.lib.common.rest_client [req-fdddf4ce-3809-4835-992c-6817f7627ece req-fdddf4ce-3809-4835-992c-6817f7627ece ] Request (ListImageFiltersTestJSON:setUpClass): 200 GET http://10.180.1.21/compute/v2.1/servers/030eb774-e4a7-4645-93cd-2bb03fe80f8b 2.807s
2025-11-12 12:31:20.807 67441 INFO tempest.lib.common.rest_client [req-14bb6e8a-5fc6-4e8d-b440-1e74db200e20 req-14bb6e8a-5fc6-4e8d-b440-1e74db200e20 ] Request (HostsAdminNegativeTestJSON:tearDownClass): 200 GET http://10.180.1.21/networking/v2.0/security-groups?tenant_id=226c2b604fcc4e76a29f1aa2a3431a22&name=default 0.221s
2025-11-12 12:31:20.833 67463 INFO tempest.lib.common.rest_client [req-2e0e5721-8883-40a4-a393-f39faf7e4158 req-2e0e5721-8883-40a4-a393-f39faf7e4158 ] Request (ServerGroup264TestJSON:tearDownClass): 204 DELETE http://10.180.1.21/identity/v3/projects/fd9cbd21b23d4d6e9785246412cd0416 0.132s
2025-11-12 12:31:20.855 67437 INFO tempest.lib.common.rest_client [req-ce634404-c03d-4d28-ae52-17fb13d60590 req-ce634404-c03d-4d28-ae52-17fb13d60590 ] Request (ServerRescueTestJSON:test_rescue_unrescue_instance): 200 GET http://10.180.1.21/compute/v2.1/servers/f90be738-e638-4bf0-bf2e-9972c79d86a7 2.720s
2025-11-12 12:31:20.873 67439 INFO tempest.lib.common.rest_client [req-1601ad74-c45e-44f1-84fa-f5f5dc21f5d1 req-1601ad74-c45e-44f1-84fa-f5f5dc21f5d1 ] Request (ComputeTenantNetworksTest:setUpClass): 201 POST http://10.180.1.21/identity/v3/auth/tokens 0.115s
2025-11-12 12:31:20.900 67441 INFO tempest.lib.common.rest_client [req-0b25a6f5-fce2-4b36-87d4-cafc2f6a4c29 req-0b25a6f5-fce2-4b36-87d4-cafc2f6a4c29 ] Request (HostsAdminNegativeTestJSON:tearDownClass): 204 DELETE http://10.180.1.21/networking/v2.0/security-groups/b269657f-be2d-4408-81f8-a3b247683c10 0.093s
2025-11-12 12:31:20.930 67463 INFO tempest.lib.common.rest_client [req-f92f10fa-315e-407e-a199-0e2f44b25b68 req-f92f10fa-315e-407e-a199-0e2f44b25b68 ] Request (VolumesSnapshotsTestJSON:setUpClass): 201 POST http://10.180.1.21/identity/v3/auth/tokens 0.095s
2025-11-12 12:31:20.934 67439 INFO tempest.lib.common.rest_client [req-b2ea22cd-e535-4d29-9529-6e5496f8b19d req-b2ea22cd-e535-4d29-9529-6e5496f8b19d ] Request (ComputeTenantNetworksTest:setUpClass): 201 POST http://10.180.1.21/identity/v3/auth/tokens 0.057s
2025-11-12 12:31:20.935 67439 INFO tempest.lib.common.fixed_network [-] (ComputeTenantNetworksTest:setUpClass) Found network {'id': '6db4a504-c202-4fd5-b8e3-ae885778300b', 'name': 'tempest-ComputeTenantNetworksTest-599556404-network', 'tenant_id': '4e7ce49deb8c43cebd9ff5d7baab901d', 'project_id': '4e7ce49deb8c43cebd9ff5d7baab901d', 'admin_state_up': True, 'mtu': 8950, 'status': 'ACTIVE', 'subnets': [], 'shared': False, 'port_security_enabled': True, 'router:external': False, 'provider:network_type': 'vlan', 'provider:physical_network': 'default', 'provider:segmentation_id': 231, 'availability_zone_hints': [], 'availability_zones': [], 'ipv4_address_scope': None, 'ipv6_address_scope': None, 'description': '', 'tags': [], 'created_at': '2025-11-12T12:31:20Z', 'updated_at': '2025-11-12T12:31:20Z', 'revision_number': 1} available for tenant
2025-11-12 12:31:20.958 67433 INFO tempest.lib.common.rest_client [req-e0b3f664-18cc-462a-967a-588862b8faf4 req-e0b3f664-18cc-462a-967a-588862b8faf4 ] Request (ImagesOneServerNegativeTestJSON:_run_cleanups): 200 GET http://10.180.1.21/compute/v2.1/servers/4dcd85ca-f534-441b-a232-9f4d02797d9e 2.725s
2025-11-12 12:31:20.970 67463 INFO tempest.lib.common.rest_client [req-442c4aca-391d-4709-90cb-2e915c3547a0 req-442c4aca-391d-4709-90cb-2e915c3547a0 ] Request (VolumesSnapshotsTestJSON:setUpClass): 201 POST http://10.180.1.21/identity/v3/auth/tokens 0.037s
2025-11-12 12:31:20.999 67449 INFO tempest.lib.common.rest_client [req-b3364602-fc28-4532-89aa-bf4f12c3df1a req-b3364602-fc28-4532-89aa-bf4f12c3df1a ] Request (InstanceActionsTestJSON:test_list_instance_actions): 200 GET http://10.180.1.21/compute/v2.1/servers/b1862abd-5908-4be5-8683-e20bfad5e313 2.863s
2025-11-12 12:31:21.009 67441 INFO tempest.lib.common.rest_client [req-a8060b9e-86cf-458f-9371-95816a09e65a req-a8060b9e-86cf-458f-9371-95816a09e65a ] Request (HostsAdminNegativeTestJSON:tearDownClass): 204 DELETE http://10.180.1.21/identity/v3/projects/226c2b604fcc4e76a29f1aa2a3431a22 0.108s
2025-11-12 12:31:21.045 67461 INFO tempest.lib.common.rest_client [req-c8925df2-7b2c-4d34-9122-22844463847f req-c8925df2-7b2c-4d34-9122-22844463847f ] Request (ServerDiagnosticsTest:tearDownClass): 200 GET http://10.180.1.21/compute/v2.1/servers/8d0416a6-116f-4b3d-b7a3-e03981e5353a 2.811s
2025-11-12 12:31:21.086 67463 INFO tempest.lib.common.rest_client [req-e101daf3-861b-4279-b80c-0b712a274ce0 req-e101daf3-861b-4279-b80c-0b712a274ce0 ] Request (VolumesSnapshotsTestJSON:setUpClass): 200 GET http://10.180.1.21/identity/v3/domains?name=Default 0.116s
2025-11-12 12:31:21.094 67443 WARNING tempest.lib.common.ssh [-] Failed to establish authenticated ssh connection to cirros@10.180.180.159 ([Errno None] Unable to connect to port 22 on 10.180.180.159). Number attempts: 2. Retry after 3 seconds.: paramiko.ssh_exception.NoValidConnectionsError: [Errno None] Unable to connect to port 22 on 10.180.180.159
2025-11-12 12:31:21.100 67445 INFO tempest.lib.common.rest_client [req-28c5568b-9284-417c-8f18-a0d403e2bb09 req-28c5568b-9284-417c-8f18-a0d403e2bb09 ] Request (ServersTestMultiNic:test_verify_duplicate_network_nics): 200 GET http://10.180.1.21/compute/v2.1/servers/439c5789-4ffb-499d-9265-719f52caa158 2.771s
2025-11-12 12:31:21.110 67441 INFO tempest.lib.common.rest_client [req-9cb4779c-bb6d-4854-8372-281dec11e989 req-9cb4779c-bb6d-4854-8372-281dec11e989 ] Request (MigrationsAdminTest:setUpClass): 201 POST http://10.180.1.21/identity/v3/auth/tokens 0.100s
2025-11-12 12:31:21.134 67463 INFO tempest.lib.common.rest_client [req-850ea957-97e1-4030-82fd-126d74fb797a req-850ea957-97e1-4030-82fd-126d74fb797a ] Request (VolumesSnapshotsTestJSON:setUpClass): 201 POST http://10.180.1.21/identity/v3/projects 0.047s
2025-11-12 12:31:21.137 67465 INFO tempest.lib.common.rest_client [req-03ca6f87-adfc-465b-a812-47c3828d48f8 req-03ca6f87-adfc-465b-a812-47c3828d48f8 ] Request (VolumesAssistedSnapshotsTest:tearDownClass): 200 GET http://10.180.1.21/compute/v2.1/servers/3ff5ac13-6b3f-44c3-94b0-548152e735a3 2.733s
2025-11-12 12:31:21.159 67485 WARNING tempest.lib.common.ssh [-] Failed to establish authenticated ssh connection to cirros@10.180.180.253 ([Errno None] Unable to connect to port 22 on 10.180.180.253). Number attempts: 10. Retry after 11 seconds.: paramiko.ssh_exception.NoValidConnectionsError: [Errno None] Unable to connect to port 22 on 10.180.180.253
2025-11-12 12:31:21.180 67454 INFO tempest.lib.common.rest_client [req-0a337a78-81c6-40be-b46c-0259bfc3ff7d req-0a337a78-81c6-40be-b46c-0259bfc3ff7d ] Request (FlavorsV261TestJSON:test_crud_flavor): 200 PUT http://10.180.1.21/compute/v2.1/flavors/1033846056 2.298s
2025-11-12 12:31:21.199 67441 INFO tempest.lib.common.rest_client [req-014608b6-0373-44df-9998-f1970a21b5f2 req-014608b6-0373-44df-9998-f1970a21b5f2 ] Request (MigrationsAdminTest:setUpClass): 201 POST http://10.180.1.21/identity/v3/auth/tokens 0.085s
2025-11-12 12:31:21.226 67463 INFO tempest.lib.common.rest_client [req-f4861a6d-8aa7-4c05-843f-31d58688a330 req-f4861a6d-8aa7-4c05-843f-31d58688a330 ] Request (VolumesSnapshotsTestJSON:setUpClass): 201 POST http://10.180.1.21/identity/v3/users 0.091s
2025-11-12 12:31:21.242 67493 INFO tempest.lib.common.rest_client [req-3b0d24b0-3ad0-45d8-ada8-0077581488d0 req-3b0d24b0-3ad0-45d8-ada8-0077581488d0 ] Request (ListServerFiltersTestJSON:test_list_servers_filter_by_limit): 200 GET http://10.180.1.21/compute/v2.1/servers?limit=1 2.343s
2025-11-12 12:31:21.254 67441 INFO tempest.lib.common.rest_client [req-63b53121-b4d1-481c-b644-3c129a2fda4c req-63b53121-b4d1-481c-b644-3c129a2fda4c ] Request (MigrationsAdminTest:setUpClass): 200 GET http://10.180.1.21/identity/v3/domains?name=Default 0.054s
2025-11-12 12:31:21.265 67463 INFO tempest.lib.common.rest_client [req-5aeb39ca-3af8-4237-a549-80982f6f945e req-5aeb39ca-3af8-4237-a549-80982f6f945e ] Request (VolumesSnapshotsTestJSON:setUpClass): 200 GET http://10.180.1.21/identity/v3/roles 0.038s
2025-11-12 12:31:21.293 67469 INFO tempest.lib.common.rest_client [req-1518afa8-9981-4cf3-810e-ea7eee6b1b4b req-1518afa8-9981-4cf3-810e-ea7eee6b1b4b ] Request (ServersTestJSON:test_create_server_specify_multibyte_character_name): 200 GET http://10.180.1.21/compute/v2.1/servers/426e1397-bff0-4ae8-b79e-f687621b82af 2.487s
2025-11-12 12:31:21.303 67441 INFO tempest.lib.common.rest_client [req-b3d72fa3-3143-4c22-bd0b-40205387f2c3 req-b3d72fa3-3143-4c22-bd0b-40205387f2c3 ] Request (MigrationsAdminTest:setUpClass): 201 POST http://10.180.1.21/identity/v3/projects 0.049s
2025-11-12 12:31:21.311 67469 INFO tempest.common.waiters [-] State transition "BUILD/spawning" ==> "ACTIVE/None" after 38 second wait
2025-11-12 12:31:21.313 67463 INFO tempest.lib.common.rest_client [req-5b1e6ded-fe38-4b97-88d0-590941c0a7b9 req-5b1e6ded-fe38-4b97-88d0-590941c0a7b9 ] Request (VolumesSnapshotsTestJSON:setUpClass): 204 PUT http://10.180.1.21/identity/v3/projects/27efd163da174e7fa2ce5216d9af1ca6/users/0c656ee838874eb398e81b863feb703d/roles/d86b6f0dbe7b426b9da2c296faeca5ab 0.047s
2025-11-12 12:31:21.313 67463 INFO tempest.lib.common.dynamic_creds [-] Dynamic test user 0c656ee838874eb398e81b863feb703d is created with scope project and roles: ['member']
2025-11-12 12:31:21.313 67463 INFO tempest.lib.common.dynamic_creds [-] Acquired dynamic creds: credentials: Credentials: {'domain_id': 'default', 'domain_name': 'Default', 'username': 'tempest-VolumesSnapshotsTestJSON-1347886625-project-member', 'project_domain_id': 'default', 'project_domain_name': 'Default', 'project_id': '27efd163da174e7fa2ce5216d9af1ca6', 'project_name': 'tempest-VolumesSnapshotsTestJSON-1347886625', 'tenant_id': '27efd163da174e7fa2ce5216d9af1ca6', 'tenant_name': 'tempest-VolumesSnapshotsTestJSON-1347886625', 'user_domain_id': 'default', 'user_domain_name': 'Default', 'user_id': '0c656ee838874eb398e81b863feb703d', 'system': None}, Network: None, Subnet: None, Router: None
2025-11-12 12:31:21.314 67463 INFO tempest.lib.common.dynamic_creds [-] Created isolated network resources for: credentials: Credentials: {'domain_id': 'default', 'domain_name': 'Default', 'username': 'tempest-VolumesSnapshotsTestJSON-1347886625-project-member', 'project_domain_id': 'default', 'project_domain_name': 'Default', 'project_id': '27efd163da174e7fa2ce5216d9af1ca6', 'project_name': 'tempest-VolumesSnapshotsTestJSON-1347886625', 'tenant_id': '27efd163da174e7fa2ce5216d9af1ca6', 'tenant_name': 'tempest-VolumesSnapshotsTestJSON-1347886625', 'user_domain_id': 'default', 'user_domain_name': 'Default', 'user_id': '0c656ee838874eb398e81b863feb703d', 'system': None}, Network: None, Subnet: None, Router: None
2025-11-12 12:31:21.340 67451 INFO tempest.lib.common.rest_client [req-5b1c569f-72a1-4a73-8af9-d9c5918d0983 req-5b1c569f-72a1-4a73-8af9-d9c5918d0983 ] Request (KeyPairsV2TestJSON:test_keypair_create_delete): 200 POST http://10.180.1.21/compute/v2.1/os-keypairs 2.423s
2025-11-12 12:31:21.377 67475 INFO tempest.lib.common.rest_client [req-d2416942-6ed3-4ba8-9eb8-c12d79e60c2f req-d2416942-6ed3-4ba8-9eb8-c12d79e60c2f ] Request (ServersAdminNegativeTestJSON:tearDownClass): 204 DELETE http://10.180.1.21/compute/v2.1/servers/c5723bf0-a6dc-44d2-9c4d-ef72dc3fa5e2 2.470s
2025-11-12 12:31:21.405 67463 INFO tempest.lib.common.rest_client [req-81453816-5fdf-42e8-9ec8-49804705856e req-81453816-5fdf-42e8-9ec8-49804705856e ] Request (VolumesSnapshotsTestJSON:setUpClass): 201 POST http://10.180.1.21/identity/v3/auth/tokens 0.087s
2025-11-12 12:31:21.407 67491 INFO tempest.lib.common.rest_client [req-74bb745d-e4b0-463b-b9f9-209d862df851 req-74bb745d-e4b0-463b-b9f9-209d862df851 ] Request (ServerGroupTestJSON:test_create_server_with_scheduler_hint_group): 200 GET http://10.180.1.21/compute/v2.1/servers/bc8c17e3-a8e6-45e7-8470-0c01a51deb03 1.652s
2025-11-12 12:31:21.417 67441 INFO tempest.lib.common.rest_client [req-d3dab189-18fa-41e0-9f1c-5c8d9a221ea1 req-d3dab189-18fa-41e0-9f1c-5c8d9a221ea1 ] Request (MigrationsAdminTest:setUpClass): 201 POST http://10.180.1.21/identity/v3/users 0.113s
2025-11-12 12:31:21.440 67473 INFO tempest.lib.common.rest_client [req-7eb081c6-137e-4785-a149-9aac6b93bb72 req-7eb081c6-137e-4785-a149-9aac6b93bb72 ] Request (ServerAddressesTestJSON:setUpClass): 200 GET http://10.180.1.21/compute/v2.1/servers/f7289989-6869-406c-ae60-782081d6dbc7 1.668s
2025-11-12 12:31:21.478 67469 INFO tempest.lib.common.rest_client [req-1fc6c3ef-4195-4a3f-98c6-452bf12f42b0 req-1fc6c3ef-4195-4a3f-98c6-452bf12f42b0 ] Request (ServersTestJSON:test_create_server_with_admin_password): 201 POST http://10.180.1.21/identity/v3/auth/tokens 0.154s
2025-11-12 12:31:21.478 67469 INFO tempest.lib.common.fixed_network [-] (ServersTestJSON:test_create_server_with_admin_password) Found network {'id': '47739904-19dc-4bc6-b37b-885ba1f49343', 'name': 'tempest-ServersTestJSON-573209210-network', 'tenant_id': 'f28bbada8f0149028aeb2da803a6bb66', 'project_id': 'f28bbada8f0149028aeb2da803a6bb66', 'admin_state_up': True, 'mtu': 8950, 'status': 'ACTIVE', 'subnets': [], 'shared': False, 'port_security_enabled': True, 'router:external': False, 'provider:network_type': 'vlan', 'provider:physical_network': 'default', 'provider:segmentation_id': 557, 'availability_zone_hints': [], 'availability_zones': [], 'ipv4_address_scope': None, 'ipv6_address_scope': None, 'description': '', 'tags': [], 'created_at': '2025-11-12T12:30:33Z', 'updated_at': '2025-11-12T12:30:33Z', 'revision_number': 1} available for tenant
2025-11-12 12:31:21.497 67441 INFO tempest.lib.common.rest_client [req-842b6852-5e8d-41f6-9c70-7851717d3945 req-842b6852-5e8d-41f6-9c70-7851717d3945 ] Request (MigrationsAdminTest:setUpClass): 200 GET http://10.180.1.21/identity/v3/roles 0.079s
2025-11-12 12:31:21.534 67441 INFO tempest.lib.common.rest_client [req-34e22f4f-859d-4073-94d7-ffa27888a606 req-34e22f4f-859d-4073-94d7-ffa27888a606 ] Request (MigrationsAdminTest:setUpClass): 204 PUT http://10.180.1.21/identity/v3/projects/7291adfd7be64f3cb418acc3156d7dd8/users/8c50fe9964284a178f7bf07a236d3d8d/roles/d86b6f0dbe7b426b9da2c296faeca5ab 0.036s
2025-11-12 12:31:21.534 67441 INFO tempest.lib.common.dynamic_creds [-] Dynamic test user 8c50fe9964284a178f7bf07a236d3d8d is created with scope project and roles: ['member']
2025-11-12 12:31:21.534 67441 INFO tempest.lib.common.dynamic_creds [-] Acquired dynamic creds: credentials: Credentials: {'domain_id': 'default', 'domain_name': 'Default', 'username': 'tempest-MigrationsAdminTest-2127426748-project-member', 'project_domain_id': 'default', 'project_domain_name': 'Default', 'project_id': '7291adfd7be64f3cb418acc3156d7dd8', 'project_name': 'tempest-MigrationsAdminTest-2127426748', 'tenant_id': '7291adfd7be64f3cb418acc3156d7dd8', 'tenant_name': 'tempest-MigrationsAdminTest-2127426748', 'user_domain_id': 'default', 'user_domain_name': 'Default', 'user_id': '8c50fe9964284a178f7bf07a236d3d8d', 'system': None}, Network: None, Subnet: None, Router: None
2025-11-12 12:31:21.534 67441 INFO tempest.lib.common.dynamic_creds [-] Created isolated network resources for: credentials: Credentials: {'domain_id': 'default', 'domain_name': 'Default', 'username': 'tempest-MigrationsAdminTest-2127426748-project-member', 'project_domain_id': 'default', 'project_domain_name': 'Default', 'project_id': '7291adfd7be64f3cb418acc3156d7dd8', 'project_name': 'tempest-MigrationsAdminTest-2127426748', 'tenant_id': '7291adfd7be64f3cb418acc3156d7dd8', 'tenant_name': 'tempest-MigrationsAdminTest-2127426748', 'user_domain_id': 'default', 'user_domain_name': 'Default', 'user_id': '8c50fe9964284a178f7bf07a236d3d8d', 'system': None}, Network: None, Subnet: None, Router: None
2025-11-12 12:31:21.573 67482 INFO tempest.lib.common.rest_client [req-93f604b6-3191-47ca-9d78-08d69625a9d4 req-93f604b6-3191-47ca-9d78-08d69625a9d4 ] Request (ServerActionsTestOtherB:setUpClass): 200 POST http://10.180.1.21/compute/v2.1/os-keypairs 1.616s
2025-11-12 12:31:21.607 67477 INFO tempest.lib.common.rest_client [req-c4db2499-5e70-4b41-a04c-392febd85eeb req-c4db2499-5e70-4b41-a04c-392febd85eeb ] Request (ImagesMetadataTestJSON:setUp): 200 PUT http://10.180.1.21/compute/v2.1/images/36f2054f-d14b-4082-9fb5-a08c003d18bf/metadata 1.156s
2025-11-12 12:31:21.623 67441 INFO tempest.lib.common.rest_client [req-f375cbe5-670b-4223-a583-f0ddaf50a167 req-f375cbe5-670b-4223-a583-f0ddaf50a167 ] Request (MigrationsAdminTest:setUpClass): 201 POST http://10.180.1.21/identity/v3/auth/tokens 0.085s
2025-11-12 12:31:21.624 67495 INFO tempest.lib.common.rest_client [req-060c3b56-c475-436f-8f9b-7cb1d4fe225b req-060c3b56-c475-436f-8f9b-7cb1d4fe225b ] Request (FlavorsAdminTestJSON:_run_cleanups): 202 DELETE http://10.180.1.21/compute/v2.1/flavors/547969739 1.088s
2025-11-12 12:31:21.694 67441 INFO tempest.lib.common.rest_client [req-d4e8336c-8f1f-438b-bbcc-dbf75142015f req-d4e8336c-8f1f-438b-bbcc-dbf75142015f ] Request (MigrationsAdminTest:setUpClass): 201 POST http://10.180.1.21/identity/v3/projects 0.070s
2025-11-12 12:31:21.725 67482 INFO tempest.lib.common.rest_client [req-337f070a-0c48-4d58-9cf6-7a3836441680 req-337f070a-0c48-4d58-9cf6-7a3836441680 ] Request (ServerActionsTestOtherB:setUpClass): 201 POST http://10.180.1.21/networking/v2.0/security-groups 0.148s
2025-11-12 12:31:21.758 67487 INFO tempest.lib.common.rest_client [req-94290763-c004-44ed-a4e7-34ec2205786b req-94290763-c004-44ed-a4e7-34ec2205786b ] Request (ListServersNegativeTestJSON:setUpClass): 200 GET http://10.180.1.21/compute/v2.1/servers/1099898f-60d3-4527-ba7b-fd5c6b02b9fa 1.091s
2025-11-12 12:31:21.766 67441 INFO tempest.lib.common.rest_client [req-fd90c65e-828a-4114-a8b9-39dbddcde657 req-fd90c65e-828a-4114-a8b9-39dbddcde657 ] Request (MigrationsAdminTest:setUpClass): 201 POST http://10.180.1.21/identity/v3/users 0.071s
2025-11-12 12:31:21.781 67467 INFO tempest.lib.common.rest_client [req-1ee80bbb-254e-465d-92a1-3a7f15ece6e3 req-1ee80bbb-254e-465d-92a1-3a7f15ece6e3 ] Request (NetworksTest:test_list_all_networks): 200 GET http://10.180.1.21/compute/v2.1/os-networks 1.271s
2025-11-12 12:31:21.787 67441 INFO tempest.lib.common.rest_client [req-af252c8d-581e-4023-b207-02fe43f47431 req-af252c8d-581e-4023-b207-02fe43f47431 ] Request (MigrationsAdminTest:setUpClass): 200 GET http://10.180.1.21/identity/v3/roles 0.021s
2025-11-12 12:31:21.848 67482 INFO tempest.lib.common.rest_client [req-6acecca8-4609-4ced-a680-7e712e97214b req-6acecca8-4609-4ced-a680-7e712e97214b ] Request (ServerActionsTestOtherB:setUpClass): 201 POST http://10.180.1.21/networking/v2.0/security-group-rules 0.123s
2025-11-12 12:31:21.862 67467 INFO tempest.lib.common.rest_client [req-10000d39-e865-4421-a8c6-cf72774b0e77 req-10000d39-e865-4421-a8c6-cf72774b0e77 ] Request (NetworksTest:tearDownClass): 204 DELETE http://10.180.1.21/identity/v3/users/845a317e636f4453a39063c4b625cff2 0.078s
2025-11-12 12:31:21.931 67441 INFO tempest.lib.common.rest_client [req-5fa95dee-f9cc-4939-a84f-88e9666d371b req-5fa95dee-f9cc-4939-a84f-88e9666d371b ] Request (MigrationsAdminTest:setUpClass): 204 PUT http://10.180.1.21/identity/v3/projects/c3f97aa2dbf547a2a7920936cac379f9/users/0086f6755acd49d1856f6a0310e2f226/roles/d163fbf59ed1427c9149848333b8d69d 0.143s
2025-11-12 12:31:21.958 67482 INFO tempest.lib.common.rest_client [req-fe8ec1b0-b624-4d62-9630-20a2682c6d9a req-fe8ec1b0-b624-4d62-9630-20a2682c6d9a ] Request (ServerActionsTestOtherB:setUpClass): 201 POST http://10.180.1.21/networking/v2.0/security-group-rules 0.109s
2025-11-12 12:31:22.002 67439 INFO tempest.lib.common.rest_client [req-13dbe1fb-c2b7-48a8-98ae-291b6a77e6d9 req-13dbe1fb-c2b7-48a8-98ae-291b6a77e6d9 ] Request (ComputeTenantNetworksTest:test_list_show_tenant_networks): 200 GET http://10.180.1.21/compute/v2.1/os-tenant-networks 1.066s
2025-11-12 12:31:22.011 67441 INFO tempest.lib.common.rest_client [req-5609e8fd-e56f-4b44-b5cb-ab64808b7eff req-5609e8fd-e56f-4b44-b5cb-ab64808b7eff ] Request (MigrationsAdminTest:setUpClass): 200 GET http://10.180.1.21/identity/v3/roles 0.079s
2025-11-12 12:31:22.050 67467 INFO tempest.lib.common.rest_client [req-0caf001f-9b84-42db-b2ef-324a494d9a77 req-0caf001f-9b84-42db-b2ef-324a494d9a77 ] Request (NetworksTest:tearDownClass): 204 DELETE http://10.180.1.21/identity/v3/users/5bac8dd8c14a457fb58c41c4f97479e8 0.188s
2025-11-12 12:31:22.050 67467 INFO tempest.lib.common.dynamic_creds [-] Deleting project and security group for project: 9327d113c7334a4ca5f042113e5c7739
2025-11-12 12:31:22.110 67441 INFO tempest.lib.common.rest_client [req-6c7067ce-7a80-4f6a-b845-3dd1f3172eef req-6c7067ce-7a80-4f6a-b845-3dd1f3172eef ] Request (MigrationsAdminTest:setUpClass): 204 PUT http://10.180.1.21/identity/v3/projects/c3f97aa2dbf547a2a7920936cac379f9/users/0086f6755acd49d1856f6a0310e2f226/roles/d163fbf59ed1427c9149848333b8d69d 0.099s
2025-11-12 12:31:22.110 67441 INFO tempest.lib.common.dynamic_creds [-] Dynamic test user 0086f6755acd49d1856f6a0310e2f226 is created with scope project and roles: ['admin']
2025-11-12 12:31:22.110 67441 INFO tempest.lib.common.dynamic_creds [-] Acquired dynamic creds: credentials: Credentials: {'domain_id': 'default', 'domain_name': 'Default', 'username': 'tempest-MigrationsAdminTest-2120122063-project-admin', 'project_domain_id': 'default', 'project_domain_name': 'Default', 'project_id': 'c3f97aa2dbf547a2a7920936cac379f9', 'project_name': 'tempest-MigrationsAdminTest-2120122063', 'tenant_id': 'c3f97aa2dbf547a2a7920936cac379f9', 'tenant_name': 'tempest-MigrationsAdminTest-2120122063', 'user_domain_id': 'default', 'user_domain_name': 'Default', 'user_id': '0086f6755acd49d1856f6a0310e2f226', 'system': None}, Network: None, Subnet: None, Router: None
2025-11-12 12:31:22.110 67441 INFO tempest.lib.common.dynamic_creds [-] Created isolated network resources for: credentials: Credentials: {'domain_id': 'default', 'domain_name': 'Default', 'username': 'tempest-MigrationsAdminTest-2120122063-project-admin', 'project_domain_id': 'default', 'project_domain_name': 'Default', 'project_id': 'c3f97aa2dbf547a2a7920936cac379f9', 'project_name': 'tempest-MigrationsAdminTest-2120122063', 'tenant_id': 'c3f97aa2dbf547a2a7920936cac379f9', 'tenant_name': 'tempest-MigrationsAdminTest-2120122063', 'user_domain_id': 'default', 'user_domain_name': 'Default', 'user_id': '0086f6755acd49d1856f6a0310e2f226', 'system': None}, Network: None, Subnet: None, Router: None
2025-11-12 12:31:22.153 67467 INFO tempest.lib.common.rest_client [req-f8b3606c-0abd-4fae-9453-f4bce5df8306 req-f8b3606c-0abd-4fae-9453-f4bce5df8306 ] Request (NetworksTest:tearDownClass): 201 POST http://10.180.1.21/identity/v3/auth/tokens 0.102s
2025-11-12 12:31:22.190 67447 INFO tempest.lib.common.rest_client [req-1bffb7f3-f6e7-4e59-beb8-3cc3a84c5824 req-1bffb7f3-f6e7-4e59-beb8-3cc3a84c5824 ] Request (ServersAdminTestJSON:test_inject_network_info): 200 GET http://10.180.1.21/compute/v2.1/servers/07a83833-8428-479f-8d2e-9e4fde5c9074 1.143s
2025-11-12 12:31:22.219 67454 INFO tempest.lib.common.rest_client [req-ee817bdc-ea6f-4933-a3f2-325793feff0c req-ee817bdc-ea6f-4933-a3f2-325793feff0c ] Request (FlavorsV261TestJSON:test_crud_flavor): 200 GET http://10.180.1.21/compute/v2.1/flavors/detail 1.033s
2025-11-12 12:31:22.241 67441 INFO tempest.lib.common.rest_client [req-60555b83-982f-48d5-9f11-c81989779ff4 req-60555b83-982f-48d5-9f11-c81989779ff4 ] Request (MigrationsAdminTest:setUpClass): 201 POST http://10.180.1.21/identity/v3/auth/tokens 0.126s
2025-11-12 12:31:22.282 67441 INFO tempest.lib.common.rest_client [req-ba2f450d-c8fc-4c06-a774-6a3047a99028 req-ba2f450d-c8fc-4c06-a774-6a3047a99028 ] Request (MigrationsAdminTest:setUpClass): 200 GET http://10.180.1.21/identity/v3/projects/7291adfd7be64f3cb418acc3156d7dd8 0.040s
2025-11-12 12:31:22.282 67441 INFO tempest.lib.common.dynamic_creds [-] Using the existing project 7291adfd7be64f3cb418acc3156d7dd8 for scope project and roles: ['manager']
2025-11-12 12:31:22.332 67441 INFO tempest.lib.common.rest_client [req-041f792d-03b6-4aea-85c6-4319a65f683e req-041f792d-03b6-4aea-85c6-4319a65f683e ] Request (MigrationsAdminTest:setUpClass): 201 POST http://10.180.1.21/identity/v3/users 0.050s
2025-11-12 12:31:22.353 67441 INFO tempest.lib.common.rest_client [req-cb60462f-581d-4107-9e50-7dc9c17b62fd req-cb60462f-581d-4107-9e50-7dc9c17b62fd ] Request (MigrationsAdminTest:setUpClass): 200 GET http://10.180.1.21/identity/v3/roles 0.020s
2025-11-12 12:31:22.389 67441 INFO tempest.lib.common.rest_client [req-ece57770-2a1d-40d9-883a-68c9cb15bdba req-ece57770-2a1d-40d9-883a-68c9cb15bdba ] Request (MigrationsAdminTest:setUpClass): 204 PUT http://10.180.1.21/identity/v3/projects/7291adfd7be64f3cb418acc3156d7dd8/users/81e0b7d0e0be4b9fbddb39118d71bbb9/roles/4562ff65046f4dec8807f0609bf5f006 0.035s
2025-11-12 12:31:22.389 67441 INFO tempest.lib.common.dynamic_creds [-] Dynamic test user 81e0b7d0e0be4b9fbddb39118d71bbb9 is created with scope project and roles: ['manager']
2025-11-12 12:31:22.389 67441 INFO tempest.lib.common.dynamic_creds [-] Acquired dynamic creds: credentials: Credentials: {'domain_id': 'default', 'domain_name': 'Default', 'username': 'tempest-MigrationsAdminTest-2127426748-project-manager', 'project_domain_id': 'default', 'project_domain_name': 'Default', 'project_id': '7291adfd7be64f3cb418acc3156d7dd8', 'project_name': 'tempest-MigrationsAdminTest-2127426748', 'tenant_id': '7291adfd7be64f3cb418acc3156d7dd8', 'tenant_name': 'tempest-MigrationsAdminTest-2127426748', 'user_domain_id': 'default', 'user_domain_name': 'Default', 'user_id': '81e0b7d0e0be4b9fbddb39118d71bbb9', 'system': None}, Network: None, Subnet: None, Router: None
2025-11-12 12:31:22.389 67441 INFO tempest.lib.common.dynamic_creds [-] Network resources are not created for requested scope: project and credentials: Credentials: {'domain_id': 'default', 'domain_name': 'Default', 'username': 'tempest-MigrationsAdminTest-2127426748-project-manager', 'project_domain_id': 'default', 'project_domain_name': 'Default', 'project_id': '7291adfd7be64f3cb418acc3156d7dd8', 'project_name': 'tempest-MigrationsAdminTest-2127426748', 'tenant_id': '7291adfd7be64f3cb418acc3156d7dd8', 'tenant_name': 'tempest-MigrationsAdminTest-2127426748', 'user_domain_id': 'default', 'user_domain_name': 'Default', 'user_id': '81e0b7d0e0be4b9fbddb39118d71bbb9', 'system': None}, Network: None, Subnet: None, Router: None
2025-11-12 12:31:22.400 67467 INFO tempest.lib.common.rest_client [req-79ae5033-9ec7-445f-ba23-781c94ac0fde req-79ae5033-9ec7-445f-ba23-781c94ac0fde ] Request (NetworksTest:tearDownClass): 200 GET http://10.180.1.21/networking/v2.0/security-groups?tenant_id=9327d113c7334a4ca5f042113e5c7739&name=default 0.247s
2025-11-12 12:31:22.432 67435 INFO tempest.lib.common.rest_client [req-db4501ef-5eb4-44ea-87dc-8ee315002d4a req-db4501ef-5eb4-44ea-87dc-8ee315002d4a ] Request (MultipleCreateTestJSON:_run_cleanups): 200 GET http://10.180.1.21/compute/v2.1/servers/d0d2ede3-3640-46d2-997b-f0112b8d0ca2 1.186s
2025-11-12 12:31:22.483 67497 INFO tempest.lib.common.rest_client [req-b9764100-1667-4a4e-9d1e-8e1f0d589f23 req-b9764100-1667-4a4e-9d1e-8e1f0d589f23 ] Request (ListImageFiltersTestJSON:setUpClass): 202 POST http://10.180.1.21/compute/v2.1/servers/030eb774-e4a7-4645-93cd-2bb03fe80f8b/action 1.666s
2025-11-12 12:31:22.510 67482 INFO tempest.lib.common.rest_client [req-4e714ba2-afba-4220-8fa0-6a4092f3c8b0 req-4e714ba2-afba-4220-8fa0-6a4092f3c8b0 ] Request (ServerActionsTestOtherB:setUpClass): 201 POST http://10.180.1.21/networking/v2.0/floatingips 0.552s
2025-11-12 12:31:22.518 67451 INFO tempest.lib.common.rest_client [req-3f2f9929-e0bd-455d-baf5-e4b7ba155231 req-3f2f9929-e0bd-455d-baf5-e4b7ba155231 ] Request (KeyPairsV2TestJSON:_run_cleanups): 202 DELETE http://10.180.1.21/compute/v2.1/os-keypairs/tempest-keypair-1089152670 1.174s
2025-11-12 12:31:22.530 67441 INFO tempest.lib.common.rest_client [req-8fa696a3-7bc0-4525-ba6b-fd4077aab263 req-8fa696a3-7bc0-4525-ba6b-fd4077aab263 ] Request (MigrationsAdminTest:setUpClass): 201 POST http://10.180.1.21/identity/v3/auth/tokens 0.134s
2025-11-12 12:31:22.531 67441 INFO tempest.api.compute.admin.test_migrations [-] Using project manager for migrating servers, project manager user id: 81e0b7d0e0be4b9fbddb39118d71bbb9
2025-11-12 12:31:22.565 67467 INFO tempest.lib.common.rest_client [req-96d0b616-fbe1-4f7d-8e52-7c042f61d66c req-96d0b616-fbe1-4f7d-8e52-7c042f61d66c ] Request (NetworksTest:tearDownClass): 204 DELETE http://10.180.1.21/networking/v2.0/security-groups/73bd85ad-0cac-452f-bc75-f30159f507d3 0.164s
2025-11-12 12:31:22.567 67493 INFO tempest.lib.common.rest_client [req-7d62c2d8-d530-47c8-8fa6-15dc4538b92a req-7d62c2d8-d530-47c8-8fa6-15dc4538b92a ] Request (ListServerFiltersTestJSON:test_list_servers_filter_by_server_name): 200 GET http://10.180.1.21/compute/v2.1/servers?name=tempest-ListServerFiltersTestJSON-instance-1399682950 1.316s
2025-11-12 12:31:22.611 67482 INFO tempest.lib.common.rest_client [req-1be5fec7-0961-475e-a27d-f85ce4212848 req-1be5fec7-0961-475e-a27d-f85ce4212848 ] Request (ServerActionsTestOtherB:setUpClass): 201 POST http://10.180.1.21/identity/v3/auth/tokens 0.091s
2025-11-12 12:31:22.612 67482 INFO tempest.lib.common.fixed_network [-] (ServerActionsTestOtherB:setUpClass) Found network {'id': '0ccd1ab7-da48-467c-84a6-5c98f5e29a0b', 'name': 'tempest-ServerActionsTestOtherB-1308837630-network', 'tenant_id': '7934bb542c7d4194bf68f6da22d51d60', 'project_id': '7934bb542c7d4194bf68f6da22d51d60', 'admin_state_up': True, 'mtu': 8950, 'status': 'ACTIVE', 'subnets': [], 'shared': False, 'port_security_enabled': True, 'router:external': False, 'provider:network_type': 'vlan', 'provider:physical_network': 'default', 'provider:segmentation_id': 729, 'availability_zone_hints': [], 'availability_zones': [], 'ipv4_address_scope': None, 'ipv6_address_scope': None, 'description': '', 'tags': [], 'created_at': '2025-11-12T12:31:17Z', 'updated_at': '2025-11-12T12:31:17Z', 'revision_number': 1} available for tenant
2025-11-12 12:31:22.643 67457 INFO tempest.lib.common.rest_client [req-34c772e7-e318-4db7-8daa-a3dec8502c0e req-34c772e7-e318-4db7-8daa-a3dec8502c0e ] Request (FloatingIPsAssociationTestJSON:tearDownClass): 200 GET http://10.180.1.21/compute/v2.1/servers/d262b230-e7b1-45e3-8fb9-e6a68388a200 1.256s
2025-11-12 12:31:22.652 67457 INFO tempest.common.waiters [-] State transition "ACTIVE/deleting" ==> "DELETED/None" after 2 second wait
2025-11-12 12:31:22.697 67467 INFO tempest.lib.common.rest_client [req-1ecc524b-e065-48ad-b0c4-f1dc3b7862b5 req-1ecc524b-e065-48ad-b0c4-f1dc3b7862b5 ] Request (NetworksTest:tearDownClass): 204 DELETE http://10.180.1.21/identity/v3/projects/9327d113c7334a4ca5f042113e5c7739 0.132s
2025-11-12 12:31:22.697 67467 INFO tempest.lib.common.dynamic_creds [-] Deleting project and security group for project: b0f56ae2804a42f8b6e5e1c296db261b
2025-11-12 12:31:22.716 67475 INFO tempest.lib.common.rest_client [req-68cc8bfd-a745-4237-8468-b595dc72b947 req-68cc8bfd-a745-4237-8468-b595dc72b947 ] Request (ServersAdminNegativeTestJSON:tearDownClass): 200 GET http://10.180.1.21/compute/v2.1/servers/c5723bf0-a6dc-44d2-9c4d-ef72dc3fa5e2 1.338s
2025-11-12 12:31:22.811 67467 INFO tempest.lib.common.rest_client [req-df10286a-692e-4f01-9130-414e6539482d req-df10286a-692e-4f01-9130-414e6539482d ] Request (NetworksTest:tearDownClass): 200 GET http://10.180.1.21/networking/v2.0/security-groups?tenant_id=b0f56ae2804a42f8b6e5e1c296db261b&name=default 0.113s
2025-11-12 12:31:22.940 67467 INFO tempest.lib.common.rest_client [req-7d5a045a-c1f2-4d7d-b960-d9848748ef2a req-7d5a045a-c1f2-4d7d-b960-d9848748ef2a ] Request (NetworksTest:tearDownClass): 204 DELETE http://10.180.1.21/networking/v2.0/security-groups/a3e47048-4b40-4011-ab40-d8b12c57b885 0.129s
