2025-11-12 12:33:11.836 67477 INFO tempest.lib.common.rest_client [req-55a6895c-8e70-40cc-8c67-f337a7e513dc req-55a6895c-8e70-40cc-8c67-f337a7e513dc ] Request (ImagesTestJSON:test_create_image_from_suspended_server): 200 GET http://10.180.1.21/compute/v2.1/servers/d0dd1f14-822c-4951-ba9c-a9de536e0b48 0.215s
2025-11-12 12:33:11.915 67445 INFO tempest.lib.common.rest_client [req-cb147cb8-d07f-4b80-8374-218591c5a24a req-cb147cb8-d07f-4b80-8374-218591c5a24a ] Request (ServersTestMultiNic:test_verify_multiple_nics_order): 200 GET http://10.180.1.21/compute/v2.1/servers/da6c4f77-5491-4fd9-a742-cd32d1e6b8b2 0.267s
2025-11-12 12:33:12.008 67443 WARNING tempest.lib.common.ssh [-] Failed to establish authenticated ssh connection to cirros@10.180.180.159 ([Errno None] Unable to connect to port 22 on 10.180.180.159). Number attempts: 12. Retry after 13 seconds.: paramiko.ssh_exception.NoValidConnectionsError: [Errno None] Unable to connect to port 22 on 10.180.180.159
2025-11-12 12:33:12.176 67457 INFO tempest.lib.common.rest_client [req-0c8c7474-26cc-416a-90d0-4b2a8050e814 req-0c8c7474-26cc-416a-90d0-4b2a8050e814 ] Request (AttachInterfacesUnderV243Test:_run_cleanups): 200 GET http://10.180.1.21/compute/v2.1/servers/be4d7d26-fc80-4d87-b07a-78a5c7139933 0.062s
2025-11-12 12:33:12.187 67469 INFO tempest.lib.common.rest_client [req-152a07cb-d393-4c88-9a33-c772b845b426 req-152a07cb-d393-4c88-9a33-c772b845b426 ] Request (ServersTestJSON:test_create_specify_keypair): 200 GET http://10.180.1.21/compute/v2.1/servers/b090bca6-7f8d-46cb-9ecf-6ed31eac6569 0.065s
2025-11-12 12:33:12.483 67482 INFO tempest.lib.common.rest_client [req-af582588-e8bd-4155-8f6b-ec7d6af6244c req-af582588-e8bd-4155-8f6b-ec7d6af6244c ] Request (ServerActionsTestOtherB:test_create_backup): 200 GET http://10.180.1.21/image/v2/images/8cbcebc4-0afe-43d3-a93b-be1aec8c7026 0.022s
2025-11-12 12:33:12.561 67435 INFO tempest.lib.common.rest_client [req-5950488f-34e6-4ea6-8f0c-1c0ef5304302 req-5950488f-34e6-4ea6-8f0c-1c0ef5304302 ] Request (ServersListShow296Test:test_list_show_update_rebuild_server_296): 200 GET http://10.180.1.21/compute/v2.1/servers/58013c82-74e7-46ad-bd8f-bb10fc6e3fbb 0.318s
2025-11-12 12:33:13.504 67482 INFO tempest.lib.common.rest_client [req-bb300813-00a0-4b46-a467-15258f308eb0 req-bb300813-00a0-4b46-a467-15258f308eb0 ] Request (ServerActionsTestOtherB:test_create_backup): 200 GET http://10.180.1.21/image/v2/images/8cbcebc4-0afe-43d3-a93b-be1aec8c7026 0.019s
2025-11-12 12:33:13.808 67459 INFO tempest.lib.common.rest_client [req-b95c243a-bee9-4d3b-bb63-b09295968da2 req-b95c243a-bee9-4d3b-bb63-b09295968da2 ] Request (ServersWithSpecificFlavorTestJSON:test_verify_created_server_ephemeral_disk): 200 GET http://10.180.1.21/compute/v2.1/servers/9e68e3b6-ffd9-4920-a93c-008c9cc47a60 1.485s
2025-11-12 12:33:13.834 67441 INFO tempest.lib.common.rest_client [req-a202a1f8-6649-4037-9534-2b7cadc461ad req-a202a1f8-6649-4037-9534-2b7cadc461ad ] Request (MigrationsAdminTest:test_list_migrations_in_flavor_resize_situation): 200 GET http://10.180.1.21/compute/v2.1/servers/f4d12191-a16a-4e51-8d07-d92f8b86731a 1.567s
2025-11-12 12:33:13.868 67433 INFO tempest.lib.common.rest_client [req-bf901590-7500-4654-84bc-0568bafcf806 req-bf901590-7500-4654-84bc-0568bafcf806 ] Request (ImagesOneServerNegativeTestJSON:_run_cleanups): 200 GET http://10.180.1.21/compute/v2.1/servers/bf2477e9-4737-450d-8479-dbe58993f42a 1.533s
2025-11-12 12:33:13.903 67449 INFO tempest.lib.common.rest_client [req-86546f80-8f31-4632-9a26-950ecff7a24f req-86546f80-8f31-4632-9a26-950ecff7a24f ] Request (ServerMetadataTestJSON:tearDownClass): 200 GET http://10.180.1.21/compute/v2.1/servers/91748286-e20b-4112-8130-79b9742c2bc4 1.510s
2025-11-12 12:33:13.927 67475 INFO tempest.lib.common.rest_client [req-88b124f0-25fc-4156-8771-6394921d32fa req-88b124f0-25fc-4156-8771-6394921d32fa ] Request (VolumesAdminNegativeTest:tearDownClass): 200 GET http://10.180.1.21/compute/v2.1/servers/c158baf7-a086-4a44-b672-5ea4c785aea2 1.515s
2025-11-12 12:33:13.962 67471 INFO tempest.lib.common.rest_client [req-c3b219dd-d70a-44ca-8cd4-f68bcb9f6597 req-c3b219dd-d70a-44ca-8cd4-f68bcb9f6597 ] Request (AttachInterfacesV270Test:test_create_get_list_interfaces): 200 GET http://10.180.1.21/compute/v2.1/servers/fac2d8a1-6a55-4ce5-bd62-b33afd0e0df4 1.479s
2025-11-12 12:33:13.994 67495 INFO tempest.lib.common.rest_client [req-b4c7e8bb-af31-4ddd-82b7-2e6ec4955757 req-b4c7e8bb-af31-4ddd-82b7-2e6ec4955757 ] Request (ServerShowV257Test:tearDownClass): 200 GET http://10.180.1.21/compute/v2.1/servers/34af5b14-b519-4b13-95bd-2cc1107d8b73 1.491s
2025-11-12 12:33:14.020 67467 INFO tempest.lib.common.rest_client [req-de457b3f-5a0e-459b-be0b-e40021e54921 req-de457b3f-5a0e-459b-be0b-e40021e54921 ] Request (ServersTestJSON:tearDownClass): 200 GET http://10.180.1.21/compute/v2.1/servers/5b91a548-f68a-4bde-8102-ad7f2358a059 1.478s
2025-11-12 12:33:14.051 67447 INFO tempest.lib.common.rest_client [req-16ab59e0-b59f-4166-a9b6-0a1f9f5ee0e7 req-16ab59e0-b59f-4166-a9b6-0a1f9f5ee0e7 ] Request (ServersAdminTestJSON:tearDownClass): 200 GET http://10.180.1.21/compute/v2.1/servers/07a83833-8428-479f-8d2e-9e4fde5c9074 1.495s
2025-11-12 12:33:14.081 67493 INFO tempest.lib.common.rest_client [req-107d5637-1b1f-4a5e-bdaf-c286152bd920 req-107d5637-1b1f-4a5e-bdaf-c286152bd920 ] Request (ListServerFiltersTestJSON:tearDownClass): 200 GET http://10.180.1.21/compute/v2.1/servers/da045a3a-631c-4fbb-89d7-30f1a40ea5a1 1.459s
2025-11-12 12:33:14.116 67437 INFO tempest.lib.common.rest_client [req-d0aeb4c1-4465-4ec1-a80f-3b4c03e14a9a req-d0aeb4c1-4465-4ec1-a80f-3b4c03e14a9a ] Request (ServerRescueTestJSON:tearDownClass): 200 GET http://10.180.1.21/compute/v2.1/servers/0e30eda0-6247-475f-860e-6cebe124d895 1.475s
2025-11-12 12:33:14.142 67451 INFO tempest.lib.common.rest_client [req-e738129e-acb5-44be-b3fa-961307d0b9d3 req-e738129e-acb5-44be-b3fa-961307d0b9d3 ] Request (ServerDiskConfigTestJSON:test_rebuild_server_with_manual_disk_config): 200 GET http://10.180.1.21/compute/v2.1/servers/952190b2-e2c5-4180-988d-7883677ab1be 1.458s
2025-11-12 12:33:14.211 67497 INFO tempest.lib.common.rest_client [req-6d88857e-d624-4105-a366-6c2b60c325db req-6d88857e-d624-4105-a366-6c2b60c325db ] Request (ListImageFiltersTestJSON:tearDownClass): 200 GET http://10.180.1.21/compute/v2.1/servers/6d6a0c7c-4c01-436b-800e-bc486a1cc31d 1.460s
2025-11-12 12:33:14.237 67491 INFO tempest.lib.common.rest_client [req-2c5025b2-f4ca-4d6f-b8c2-89eb3d4e564a req-2c5025b2-f4ca-4d6f-b8c2-89eb3d4e564a ] Request (ServerTagsTestJSON:setUpClass): 200 GET http://10.180.1.21/compute/v2.1/servers/d30c2edc-2022-4137-b3fc-9ef964b95a8e 1.528s
2025-11-12 12:33:14.247 67491 INFO tempest.common.waiters [-] State transition "BUILD/networking" ==> "BUILD/spawning" after 37 second wait
2025-11-12 12:33:14.281 67461 INFO tempest.lib.common.rest_client [req-a676e663-691c-4524-b709-c7b10e10d163 req-a676e663-691c-4524-b709-c7b10e10d163 ] Request (ServersAaction247Test:test_create_backup): 200 GET http://10.180.1.21/compute/v2.1/servers/e3173899-eb33-4ab6-822e-b40f694792db 1.519s
2025-11-12 12:33:14.305 67465 INFO tempest.lib.common.rest_client [req-a8247c5b-db8c-44d7-a930-f9c5ad3d032d req-a8247c5b-db8c-44d7-a930-f9c5ad3d032d ] Request (AttachVolumeShelveTestJSON:test_attach_volume_shelved_or_offload_server): 200 GET http://10.180.1.21/compute/v2.1/servers/26e767f6-fda7-4986-9a2d-80d06a3eb781 1.495s
2025-11-12 12:33:14.341 67477 INFO tempest.lib.common.rest_client [req-5a3996d9-5022-4356-b197-cdbaa2be49b5 req-5a3996d9-5022-4356-b197-cdbaa2be49b5 ] Request (ImagesTestJSON:test_create_image_from_suspended_server): 200 GET http://10.180.1.21/compute/v2.1/servers/d0dd1f14-822c-4951-ba9c-a9de536e0b48 1.495s
2025-11-12 12:33:14.401 67457 INFO tempest.lib.common.rest_client [req-b6c2359c-23e8-4fa2-8c66-24f9fb47bb57 req-b6c2359c-23e8-4fa2-8c66-24f9fb47bb57 ] Request (AttachInterfacesUnderV243Test:_run_cleanups): 200 GET http://10.180.1.21/compute/v2.1/servers/be4d7d26-fc80-4d87-b07a-78a5c7139933 1.216s
2025-11-12 12:33:14.409 67457 INFO tempest.common.waiters [-] State transition "ACTIVE/deleting" ==> "DELETED/None" after 6 second wait
2025-11-12 12:33:14.410 67445 INFO tempest.lib.common.rest_client [req-fefb206b-5d1a-4863-88b1-12f19fcfdd4d req-fefb206b-5d1a-4863-88b1-12f19fcfdd4d ] Request (ServersTestMultiNic:test_verify_multiple_nics_order): 200 GET http://10.180.1.21/compute/v2.1/servers/da6c4f77-5491-4fd9-a742-cd32d1e6b8b2 1.486s
2025-11-12 12:33:14.452 67469 INFO tempest.lib.common.rest_client [req-3278688b-e5c6-4c4f-b1d0-ab0f5403a483 req-3278688b-e5c6-4c4f-b1d0-ab0f5403a483 ] Request (ServersTestJSON:test_create_specify_keypair): 200 GET http://10.180.1.21/compute/v2.1/servers/b090bca6-7f8d-46cb-9ecf-6ed31eac6569 1.257s
2025-11-12 12:33:14.470 67435 INFO tempest.lib.common.rest_client [req-c0bd5f3d-f181-4134-8eb3-60aa4e130c6e req-c0bd5f3d-f181-4134-8eb3-60aa4e130c6e ] Request (ServersListShow296Test:test_list_show_update_rebuild_server_296): 200 GET http://10.180.1.21/compute/v2.1/servers/58013c82-74e7-46ad-bd8f-bb10fc6e3fbb 0.899s
2025-11-12 12:33:14.525 67482 INFO tempest.lib.common.rest_client [req-15783116-56ea-4b60-9e55-d4e5ff6d4fa3 req-15783116-56ea-4b60-9e55-d4e5ff6d4fa3 ] Request (ServerActionsTestOtherB:test_create_backup): 200 GET http://10.180.1.21/image/v2/images/8cbcebc4-0afe-43d3-a93b-be1aec8c7026 0.019s
2025-11-12 12:33:14.882 67459 INFO tempest.lib.common.rest_client [req-d27ceb91-a9aa-4105-9461-72cf7255e230 req-d27ceb91-a9aa-4105-9461-72cf7255e230 ] Request (ServersWithSpecificFlavorTestJSON:test_verify_created_server_ephemeral_disk): 200 GET http://10.180.1.21/compute/v2.1/servers/9e68e3b6-ffd9-4920-a93c-008c9cc47a60 0.065s
2025-11-12 12:33:15.006 67433 INFO tempest.lib.common.rest_client [req-a7f7b4eb-911c-475c-bac6-8ea11f30ece0 req-a7f7b4eb-911c-475c-bac6-8ea11f30ece0 ] Request (ImagesOneServerNegativeTestJSON:_run_cleanups): 200 GET http://10.180.1.21/compute/v2.1/servers/bf2477e9-4737-450d-8479-dbe58993f42a 0.131s
2025-11-12 12:33:15.026 67441 INFO tempest.lib.common.rest_client [req-456bb363-ad33-46f8-b435-1878a63b2275 req-456bb363-ad33-46f8-b435-1878a63b2275 ] Request (MigrationsAdminTest:test_list_migrations_in_flavor_resize_situation): 200 GET http://10.180.1.21/compute/v2.1/servers/f4d12191-a16a-4e51-8d07-d92f8b86731a 0.182s
2025-11-12 12:33:15.080 67449 INFO tempest.lib.common.rest_client [req-a2127426-1c2b-4ba3-8ca0-3d1686dbf8d5 req-a2127426-1c2b-4ba3-8ca0-3d1686dbf8d5 ] Request (ServerMetadataTestJSON:tearDownClass): 200 GET http://10.180.1.21/compute/v2.1/servers/91748286-e20b-4112-8130-79b9742c2bc4 0.169s
2025-11-12 12:33:15.137 67475 INFO tempest.lib.common.rest_client [req-dc31481e-4d7c-4384-917f-d135216dd6dc req-dc31481e-4d7c-4384-917f-d135216dd6dc ] Request (VolumesAdminNegativeTest:tearDownClass): 200 GET http://10.180.1.21/compute/v2.1/servers/c158baf7-a086-4a44-b672-5ea4c785aea2 0.201s
2025-11-12 12:33:15.174 67471 INFO tempest.lib.common.rest_client [req-94d045fb-5e1f-4100-adc2-1e90d66c7f43 req-94d045fb-5e1f-4100-adc2-1e90d66c7f43 ] Request (AttachInterfacesV270Test:test_create_get_list_interfaces): 200 GET http://10.180.1.21/compute/v2.1/servers/fac2d8a1-6a55-4ce5-bd62-b33afd0e0df4 0.201s
2025-11-12 12:33:15.226 67495 INFO tempest.lib.common.rest_client [req-c5ebecea-3783-4e8b-8aa2-dac0fd10ea9a req-c5ebecea-3783-4e8b-8aa2-dac0fd10ea9a ] Request (ServerShowV257Test:tearDownClass): 200 GET http://10.180.1.21/compute/v2.1/servers/34af5b14-b519-4b13-95bd-2cc1107d8b73 0.223s
2025-11-12 12:33:15.308 67467 INFO tempest.lib.common.rest_client [req-ac486b08-a49e-4ab1-9cf8-a70375674cbd req-ac486b08-a49e-4ab1-9cf8-a70375674cbd ] Request (ServersTestJSON:tearDownClass): 200 GET http://10.180.1.21/compute/v2.1/servers/5b91a548-f68a-4bde-8102-ad7f2358a059 0.280s
2025-11-12 12:33:15.359 67447 INFO tempest.lib.common.rest_client [req-3b95f585-1884-4ea9-8d16-82d82428825e req-3b95f585-1884-4ea9-8d16-82d82428825e ] Request (ServersAdminTestJSON:tearDownClass): 200 GET http://10.180.1.21/compute/v2.1/servers/07a83833-8428-479f-8d2e-9e4fde5c9074 0.296s
2025-11-12 12:33:15.431 67493 INFO tempest.lib.common.rest_client [req-2c609c4a-6db7-4475-82b3-a24049525625 req-2c609c4a-6db7-4475-82b3-a24049525625 ] Request (ListServerFiltersTestJSON:tearDownClass): 200 GET http://10.180.1.21/compute/v2.1/servers/da045a3a-631c-4fbb-89d7-30f1a40ea5a1 0.342s
2025-11-12 12:33:15.486 67437 INFO tempest.lib.common.rest_client [req-2104da07-18d1-43e7-a0cd-3af1931817aa req-2104da07-18d1-43e7-a0cd-3af1931817aa ] Request (ServerRescueTestJSON:tearDownClass): 200 GET http://10.180.1.21/compute/v2.1/servers/0e30eda0-6247-475f-860e-6cebe124d895 0.352s
2025-11-12 12:33:15.542 67451 INFO tempest.lib.common.rest_client [req-ecff7ea4-0c6b-47d2-ba5c-9599360449ea req-ecff7ea4-0c6b-47d2-ba5c-9599360449ea ] Request (ServerDiskConfigTestJSON:test_rebuild_server_with_manual_disk_config): 200 GET http://10.180.1.21/compute/v2.1/servers/952190b2-e2c5-4180-988d-7883677ab1be 0.389s
2025-11-12 12:33:15.545 67482 INFO tempest.lib.common.rest_client [req-a307c362-e791-446f-8903-4b25b9ced8b8 req-a307c362-e791-446f-8903-4b25b9ced8b8 ] Request (ServerActionsTestOtherB:test_create_backup): 200 GET http://10.180.1.21/image/v2/images/8cbcebc4-0afe-43d3-a93b-be1aec8c7026 0.019s
2025-11-12 12:33:15.584 67497 INFO tempest.lib.common.rest_client [req-ccd51b47-319b-4284-85d4-f13a1db94531 req-ccd51b47-319b-4284-85d4-f13a1db94531 ] Request (ListImageFiltersTestJSON:tearDownClass): 200 GET http://10.180.1.21/compute/v2.1/servers/6d6a0c7c-4c01-436b-800e-bc486a1cc31d 0.364s
2025-11-12 12:33:15.645 67491 INFO tempest.lib.common.rest_client [req-4caa19c5-db9b-44cd-b42f-1a68af1755b7 req-4caa19c5-db9b-44cd-b42f-1a68af1755b7 ] Request (ServerTagsTestJSON:setUpClass): 200 GET http://10.180.1.21/compute/v2.1/servers/d30c2edc-2022-4137-b3fc-9ef964b95a8e 0.397s
2025-11-12 12:33:15.658 67461 INFO tempest.lib.common.rest_client [req-f476a648-41fe-45cf-bdef-f28890dd11f1 req-f476a648-41fe-45cf-bdef-f28890dd11f1 ] Request (ServersAaction247Test:test_create_backup): 200 GET http://10.180.1.21/compute/v2.1/servers/e3173899-eb33-4ab6-822e-b40f694792db 0.367s
2025-11-12 12:33:15.737 67477 INFO tempest.lib.common.rest_client [req-8e61965c-779e-40d2-9d24-4cf21e80623c req-8e61965c-779e-40d2-9d24-4cf21e80623c ] Request (ImagesTestJSON:test_create_image_from_suspended_server): 200 GET http://10.180.1.21/compute/v2.1/servers/d0dd1f14-822c-4951-ba9c-a9de536e0b48 0.386s
2025-11-12 12:33:16.211 67465 INFO tempest.lib.common.rest_client [req-ba706b07-ab45-4058-8d36-15c01f20f602 req-ba706b07-ab45-4058-8d36-15c01f20f602 ] Request (AttachVolumeShelveTestJSON:test_attach_volume_shelved_or_offload_server): 200 GET http://10.180.1.21/compute/v2.1/servers/26e767f6-fda7-4986-9a2d-80d06a3eb781 0.893s
2025-11-12 12:33:16.224 67457 INFO tempest.lib.common.rest_client [req-253cf950-fee0-4c20-b11a-4ebb0c4e7bf4 req-253cf950-fee0-4c20-b11a-4ebb0c4e7bf4 ] Request (AttachInterfacesUnderV243Test:_run_cleanups): 200 GET http://10.180.1.21/compute/v2.1/servers/be4d7d26-fc80-4d87-b07a-78a5c7139933 0.812s
2025-11-12 12:33:16.226 67465 INFO tempest.common.waiters [-] State transition "BUILD/None" ==> "BUILD/block_device_mapping" after 38 second wait
2025-11-12 12:33:16.283 67469 INFO tempest.lib.common.rest_client [req-dc1c6d6d-52c4-4980-898a-34f01c5143d8 req-dc1c6d6d-52c4-4980-898a-34f01c5143d8 ] Request (ServersTestJSON:test_create_specify_keypair): 200 GET http://10.180.1.21/compute/v2.1/servers/b090bca6-7f8d-46cb-9ecf-6ed31eac6569 0.823s
2025-11-12 12:33:16.454 67435 INFO tempest.lib.common.rest_client [req-06b4fdf0-9cc1-427c-be9b-791ea5b109ea req-06b4fdf0-9cc1-427c-be9b-791ea5b109ea ] Request (ServersListShow296Test:test_list_show_update_rebuild_server_296): 200 GET http://10.180.1.21/compute/v2.1/servers/58013c82-74e7-46ad-bd8f-bb10fc6e3fbb 0.973s
2025-11-12 12:33:16.471 67445 INFO tempest.lib.common.rest_client [req-4a69302c-075d-4766-826f-1142aef96351 req-4a69302c-075d-4766-826f-1142aef96351 ] Request (ServersTestMultiNic:test_verify_multiple_nics_order): 200 GET http://10.180.1.21/compute/v2.1/servers/da6c4f77-5491-4fd9-a742-cd32d1e6b8b2 1.050s
2025-11-12 12:33:16.558 67459 INFO tempest.lib.common.rest_client [req-73479f39-79ff-4e86-a570-cd6c62077d12 req-73479f39-79ff-4e86-a570-cd6c62077d12 ] Request (ServersWithSpecificFlavorTestJSON:test_verify_created_server_ephemeral_disk): 200 GET http://10.180.1.21/compute/v2.1/servers/9e68e3b6-ffd9-4920-a93c-008c9cc47a60 0.668s
2025-11-12 12:33:16.567 67482 INFO tempest.lib.common.rest_client [req-d7c0cfe6-fe8b-4518-b055-551ee2514f61 req-d7c0cfe6-fe8b-4518-b055-551ee2514f61 ] Request (ServerActionsTestOtherB:test_create_backup): 200 GET http://10.180.1.21/image/v2/images/8cbcebc4-0afe-43d3-a93b-be1aec8c7026 0.021s
2025-11-12 12:33:16.576 67433 INFO tempest.lib.common.rest_client [req-71b3bb7e-f372-49b5-a8fd-d973cf34c42e req-71b3bb7e-f372-49b5-a8fd-d973cf34c42e ] Request (ImagesOneServerNegativeTestJSON:_run_cleanups): 200 GET http://10.180.1.21/compute/v2.1/servers/bf2477e9-4737-450d-8479-dbe58993f42a 0.561s
2025-11-12 12:33:16.708 67449 INFO tempest.lib.common.rest_client [req-3bb14996-a43e-4323-9867-a019ac0f6ef7 req-3bb14996-a43e-4323-9867-a019ac0f6ef7 ] Request (ServerMetadataTestJSON:tearDownClass): 200 GET http://10.180.1.21/compute/v2.1/servers/91748286-e20b-4112-8130-79b9742c2bc4 0.614s
2025-11-12 12:33:16.731 67441 INFO tempest.lib.common.rest_client [req-d181d256-bfa9-4fcd-936c-98ed957b3609 req-d181d256-bfa9-4fcd-936c-98ed957b3609 ] Request (MigrationsAdminTest:test_list_migrations_in_flavor_resize_situation): 200 GET http://10.180.1.21/compute/v2.1/servers/f4d12191-a16a-4e51-8d07-d92f8b86731a 0.697s
2025-11-12 12:33:16.786 67475 INFO tempest.lib.common.rest_client [req-453719c0-5a5e-43f6-9055-ac0ccec1d3f5 req-453719c0-5a5e-43f6-9055-ac0ccec1d3f5 ] Request (VolumesAdminNegativeTest:tearDownClass): 200 GET http://10.180.1.21/compute/v2.1/servers/c158baf7-a086-4a44-b672-5ea4c785aea2 0.636s
2025-11-12 12:33:16.804 67471 INFO tempest.lib.common.rest_client [req-76ccdaf3-f522-4507-a33a-3f59e4015655 req-76ccdaf3-f522-4507-a33a-3f59e4015655 ] Request (AttachInterfacesV270Test:test_create_get_list_interfaces): 200 GET http://10.180.1.21/compute/v2.1/servers/fac2d8a1-6a55-4ce5-bd62-b33afd0e0df4 0.617s
2025-11-12 12:33:16.857 67495 INFO tempest.lib.common.rest_client [req-17a71953-b5d9-44a9-b767-57fbecff8714 req-17a71953-b5d9-44a9-b767-57fbecff8714 ] Request (ServerShowV257Test:tearDownClass): 200 GET http://10.180.1.21/compute/v2.1/servers/34af5b14-b519-4b13-95bd-2cc1107d8b73 0.615s
2025-11-12 12:33:16.868 67467 INFO tempest.lib.common.rest_client [req-b6fdc6dc-06c7-47e6-a61b-5797302008ba req-b6fdc6dc-06c7-47e6-a61b-5797302008ba ] Request (ServersTestJSON:tearDownClass): 200 GET http://10.180.1.21/compute/v2.1/servers/5b91a548-f68a-4bde-8102-ad7f2358a059 0.548s
2025-11-12 12:33:16.936 67493 INFO tempest.lib.common.rest_client [req-78165db5-f79d-41e4-859d-9c3ba0899b63 req-78165db5-f79d-41e4-859d-9c3ba0899b63 ] Request (ListServerFiltersTestJSON:tearDownClass): 200 GET http://10.180.1.21/compute/v2.1/servers/da045a3a-631c-4fbb-89d7-30f1a40ea5a1 0.493s
2025-11-12 12:33:16.940 67447 INFO tempest.lib.common.rest_client [req-9552f2e4-2347-4418-8351-6ae2739fece7 req-9552f2e4-2347-4418-8351-6ae2739fece7 ] Request (ServersAdminTestJSON:tearDownClass): 200 GET http://10.180.1.21/compute/v2.1/servers/07a83833-8428-479f-8d2e-9e4fde5c9074 0.572s
2025-11-12 12:33:17.005 67437 INFO tempest.lib.common.rest_client [req-a48d0ffa-f6d5-4194-a0da-1d4704d62074 req-a48d0ffa-f6d5-4194-a0da-1d4704d62074 ] Request (ServerRescueTestJSON:tearDownClass): 200 GET http://10.180.1.21/compute/v2.1/servers/0e30eda0-6247-475f-860e-6cebe124d895 0.503s
2025-11-12 12:33:17.022 67451 INFO tempest.lib.common.rest_client [req-26e72350-11ea-4b0d-a6f1-f9ca90729365 req-26e72350-11ea-4b0d-a6f1-f9ca90729365 ] Request (ServerDiskConfigTestJSON:test_rebuild_server_with_manual_disk_config): 200 GET http://10.180.1.21/compute/v2.1/servers/952190b2-e2c5-4180-988d-7883677ab1be 0.470s
2025-11-12 12:33:17.069 67497 INFO tempest.lib.common.rest_client [req-52ec71f4-8d5b-4639-a8f1-a4f10c4b55a0 req-52ec71f4-8d5b-4639-a8f1-a4f10c4b55a0 ] Request (ListImageFiltersTestJSON:tearDownClass): 200 GET http://10.180.1.21/compute/v2.1/servers/6d6a0c7c-4c01-436b-800e-bc486a1cc31d 0.474s
2025-11-12 12:33:17.124 67461 INFO tempest.lib.common.rest_client [req-254200d3-dc5f-41d8-bd2c-c90aefaec95d req-254200d3-dc5f-41d8-bd2c-c90aefaec95d ] Request (ServersAaction247Test:test_create_backup): 200 GET http://10.180.1.21/compute/v2.1/servers/e3173899-eb33-4ab6-822e-b40f694792db 0.457s
2025-11-12 12:33:17.136 67491 INFO tempest.lib.common.rest_client [req-da352746-c9de-4fa1-b587-b0d865b06bba req-da352746-c9de-4fa1-b587-b0d865b06bba ] Request (ServerTagsTestJSON:setUpClass): 200 GET http://10.180.1.21/compute/v2.1/servers/d30c2edc-2022-4137-b3fc-9ef964b95a8e 0.478s
2025-11-12 12:33:17.199 67477 INFO tempest.lib.common.rest_client [req-ffc5909e-4057-4218-ab4f-ea12d99cca0a req-ffc5909e-4057-4218-ab4f-ea12d99cca0a ] Request (ImagesTestJSON:test_create_image_from_suspended_server): 200 GET http://10.180.1.21/compute/v2.1/servers/d0dd1f14-822c-4951-ba9c-a9de536e0b48 0.455s
2025-11-12 12:33:17.310 67457 INFO tempest.lib.common.rest_client [req-91727c01-a520-4db4-95d7-80aa911df315 req-91727c01-a520-4db4-95d7-80aa911df315 ] Request (AttachInterfacesUnderV243Test:_run_cleanups): 200 GET http://10.180.1.21/compute/v2.1/servers/be4d7d26-fc80-4d87-b07a-78a5c7139933 0.077s
2025-11-12 12:33:17.367 67469 INFO tempest.lib.common.rest_client [req-0644977b-8508-4f07-8ae1-5a1cf76bde15 req-0644977b-8508-4f07-8ae1-5a1cf76bde15 ] Request (ServersTestJSON:test_create_specify_keypair): 200 GET http://10.180.1.21/compute/v2.1/servers/b090bca6-7f8d-46cb-9ecf-6ed31eac6569 0.073s
2025-11-12 12:33:17.375 67469 INFO tempest.common.waiters [-] State transition "BUILD/None" ==> "BUILD/networking" after 37 second wait
2025-11-12 12:33:17.380 67465 INFO tempest.lib.common.rest_client [req-84c7c24f-2a50-4bdc-b2c0-6b6bed66416b req-84c7c24f-2a50-4bdc-b2c0-6b6bed66416b ] Request (AttachVolumeShelveTestJSON:test_attach_volume_shelved_or_offload_server): 200 GET http://10.180.1.21/compute/v2.1/servers/26e767f6-fda7-4986-9a2d-80d06a3eb781 0.153s
2025-11-12 12:33:17.388 67465 INFO tempest.common.waiters [-] State transition "BUILD/block_device_mapping" ==> "BUILD/spawning" after 39 second wait
2025-11-12 12:33:17.534 67435 INFO tempest.lib.common.rest_client [req-be0dc975-597f-49f7-b6d0-03a991d89107 req-be0dc975-597f-49f7-b6d0-03a991d89107 ] Request (ServersListShow296Test:test_list_show_update_rebuild_server_296): 200 GET http://10.180.1.21/compute/v2.1/servers/58013c82-74e7-46ad-bd8f-bb10fc6e3fbb 0.068s
2025-11-12 12:33:17.589 67482 INFO tempest.lib.common.rest_client [req-f5358661-fd04-4987-acd8-4d2a08310ae6 req-f5358661-fd04-4987-acd8-4d2a08310ae6 ] Request (ServerActionsTestOtherB:test_create_backup): 200 GET http://10.180.1.21/image/v2/images/8cbcebc4-0afe-43d3-a93b-be1aec8c7026 0.019s
2025-11-12 12:33:17.731 67459 INFO tempest.lib.common.rest_client [req-9f79cd6a-e328-4ab0-8292-032297d1e82f req-9f79cd6a-e328-4ab0-8292-032297d1e82f ] Request (ServersWithSpecificFlavorTestJSON:test_verify_created_server_ephemeral_disk): 200 GET http://10.180.1.21/compute/v2.1/servers/9e68e3b6-ffd9-4920-a93c-008c9cc47a60 0.161s
2025-11-12 12:33:17.769 67445 INFO tempest.lib.common.rest_client [req-d9b39003-1a3a-4463-bc46-44fbf498287d req-d9b39003-1a3a-4463-bc46-44fbf498287d ] Request (ServersTestMultiNic:test_verify_multiple_nics_order): 200 GET http://10.180.1.21/compute/v2.1/servers/da6c4f77-5491-4fd9-a742-cd32d1e6b8b2 0.288s
2025-11-12 12:33:17.810 67433 INFO tempest.lib.common.rest_client [req-cf8436e4-8712-4fbf-ba45-c22b2575ae42 req-cf8436e4-8712-4fbf-ba45-c22b2575ae42 ] Request (ImagesOneServerNegativeTestJSON:_run_cleanups): 200 GET http://10.180.1.21/compute/v2.1/servers/bf2477e9-4737-450d-8479-dbe58993f42a 0.222s
2025-11-12 12:33:17.880 67449 INFO tempest.lib.common.rest_client [req-5b468f84-eeb2-4f9f-bb69-e5874359ab32 req-5b468f84-eeb2-4f9f-bb69-e5874359ab32 ] Request (ServerMetadataTestJSON:tearDownClass): 200 GET http://10.180.1.21/compute/v2.1/servers/91748286-e20b-4112-8130-79b9742c2bc4 0.162s
2025-11-12 12:33:18.100 67441 INFO tempest.lib.common.rest_client [req-c0c9bba2-8060-43ab-aa10-0b35aa8de7ee req-c0c9bba2-8060-43ab-aa10-0b35aa8de7ee ] Request (MigrationsAdminTest:test_list_migrations_in_flavor_resize_situation): 200 GET http://10.180.1.21/compute/v2.1/servers/f4d12191-a16a-4e51-8d07-d92f8b86731a 0.360s
2025-11-12 12:33:18.238 67471 INFO tempest.lib.common.rest_client [req-17470981-da4e-4501-8bbb-622eacdf1ef5 req-17470981-da4e-4501-8bbb-622eacdf1ef5 ] Request (AttachInterfacesV270Test:test_create_get_list_interfaces): 200 GET http://10.180.1.21/compute/v2.1/servers/fac2d8a1-6a55-4ce5-bd62-b33afd0e0df4 0.421s
2025-11-12 12:33:18.333 67475 INFO tempest.lib.common.rest_client [req-edfa5ca7-3289-452c-9980-0db2fd83a2f1 req-edfa5ca7-3289-452c-9980-0db2fd83a2f1 ] Request (VolumesAdminNegativeTest:tearDownClass): 200 GET http://10.180.1.21/compute/v2.1/servers/c158baf7-a086-4a44-b672-5ea4c785aea2 0.538s
2025-11-12 12:33:18.390 67495 INFO tempest.lib.common.rest_client [req-992106af-05a0-4353-8cbe-6b63846442b5 req-992106af-05a0-4353-8cbe-6b63846442b5 ] Request (ServerShowV257Test:tearDownClass): 200 GET http://10.180.1.21/compute/v2.1/servers/34af5b14-b519-4b13-95bd-2cc1107d8b73 0.523s
2025-11-12 12:33:18.417 67493 INFO tempest.lib.common.rest_client [req-200d0741-98e3-4ea0-8de4-ca1ae274c9c6 req-200d0741-98e3-4ea0-8de4-ca1ae274c9c6 ] Request (ListServerFiltersTestJSON:tearDownClass): 404 GET http://10.180.1.21/compute/v2.1/servers/da045a3a-631c-4fbb-89d7-30f1a40ea5a1 0.470s
2025-11-12 12:33:18.485 67467 INFO tempest.lib.common.rest_client [req-e4d70f6c-bd92-4b7b-871d-7d2631fc2554 req-e4d70f6c-bd92-4b7b-871d-7d2631fc2554 ] Request (ServersTestJSON:tearDownClass): 200 GET http://10.180.1.21/compute/v2.1/servers/5b91a548-f68a-4bde-8102-ad7f2358a059 0.607s
2025-11-12 12:33:18.499 67447 INFO tempest.lib.common.rest_client [req-f2ed78a0-ab28-4d7e-a0f1-85ed663f68f7 req-f2ed78a0-ab28-4d7e-a0f1-85ed663f68f7 ] Request (ServersAdminTestJSON:tearDownClass): 200 GET http://10.180.1.21/compute/v2.1/servers/07a83833-8428-479f-8d2e-9e4fde5c9074 0.543s
2025-11-12 12:33:18.556 67451 INFO tempest.lib.common.rest_client [req-bcab8fd7-84f7-405e-a607-1c82b55c7189 req-bcab8fd7-84f7-405e-a607-1c82b55c7189 ] Request (ServerDiskConfigTestJSON:test_rebuild_server_with_manual_disk_config): 200 GET http://10.180.1.21/compute/v2.1/servers/952190b2-e2c5-4180-988d-7883677ab1be 0.526s
2025-11-12 12:33:18.572 67437 INFO tempest.lib.common.rest_client [req-a0116b38-066f-47fb-b42f-a3f452278a40 req-a0116b38-066f-47fb-b42f-a3f452278a40 ] Request (ServerRescueTestJSON:tearDownClass): 200 GET http://10.180.1.21/compute/v2.1/servers/0e30eda0-6247-475f-860e-6cebe124d895 0.555s
2025-11-12 12:33:18.615 67482 INFO tempest.lib.common.rest_client [req-dbd7afc8-7158-4912-9754-3b053771c748 req-dbd7afc8-7158-4912-9754-3b053771c748 ] Request (ServerActionsTestOtherB:test_create_backup): 200 GET http://10.180.1.21/image/v2/images/8cbcebc4-0afe-43d3-a93b-be1aec8c7026 0.025s
2025-11-12 12:33:18.627 67497 INFO tempest.lib.common.rest_client [req-00c0ac10-dc2d-4129-ba8f-1175a99bbffb req-00c0ac10-dc2d-4129-ba8f-1175a99bbffb ] Request (ListImageFiltersTestJSON:tearDownClass): 200 GET http://10.180.1.21/compute/v2.1/servers/6d6a0c7c-4c01-436b-800e-bc486a1cc31d 0.546s
2025-11-12 12:33:18.640 67482 INFO tempest.lib.common.rest_client [req-2f24e6eb-38cb-4289-8dfe-c4dae62bd650 req-2f24e6eb-38cb-4289-8dfe-c4dae62bd650 ] Request (ServerActionsTestOtherB:test_create_backup): 200 GET http://10.180.1.21/image/v2/images/8cbcebc4-0afe-43d3-a93b-be1aec8c7026/tasks 0.025s
2025-11-12 12:33:18.643 67461 INFO tempest.lib.common.rest_client [req-fefed2ba-68bf-4207-b87f-79260524f4a8 req-fefed2ba-68bf-4207-b87f-79260524f4a8 ] Request (ServersAaction247Test:test_create_backup): 200 GET http://10.180.1.21/compute/v2.1/servers/e3173899-eb33-4ab6-822e-b40f694792db 0.505s
2025-11-12 12:33:18.770 67477 INFO tempest.lib.common.rest_client [req-f43a8bcb-e6be-4728-9e3f-fd92b73ef681 req-f43a8bcb-e6be-4728-9e3f-fd92b73ef681 ] Request (ImagesTestJSON:test_create_image_from_suspended_server): 200 GET http://10.180.1.21/compute/v2.1/servers/d0dd1f14-822c-4951-ba9c-a9de536e0b48 0.562s
2025-11-12 12:33:18.805 67491 INFO tempest.lib.common.rest_client [req-1de0c040-8552-4c13-99f6-16757dfee36c req-1de0c040-8552-4c13-99f6-16757dfee36c ] Request (ServerTagsTestJSON:setUpClass): 200 GET http://10.180.1.21/compute/v2.1/servers/d30c2edc-2022-4137-b3fc-9ef964b95a8e 0.653s
2025-11-12 12:33:18.839 67457 INFO tempest.lib.common.rest_client [req-3e0ce531-b0aa-4a47-a4f2-a90bfafb2e63 req-3e0ce531-b0aa-4a47-a4f2-a90bfafb2e63 ] Request (AttachInterfacesUnderV243Test:_run_cleanups): 200 GET http://10.180.1.21/compute/v2.1/servers/be4d7d26-fc80-4d87-b07a-78a5c7139933 0.520s
2025-11-12 12:33:19.000 67469 INFO tempest.lib.common.rest_client [req-42bf7148-63dd-4757-bd51-65d1ffc3d866 req-42bf7148-63dd-4757-bd51-65d1ffc3d866 ] Request (ServersTestJSON:test_create_specify_keypair): 200 GET http://10.180.1.21/compute/v2.1/servers/b090bca6-7f8d-46cb-9ecf-6ed31eac6569 0.621s
2025-11-12 12:33:19.014 67469 INFO tempest.common.waiters [-] State transition "BUILD/networking" ==> "BUILD/spawning" after 39 second wait
2025-11-12 12:33:19.030 67465 INFO tempest.lib.common.rest_client [req-cb24a5fc-99fa-4131-bdda-3c1486a65a1c req-cb24a5fc-99fa-4131-bdda-3c1486a65a1c ] Request (AttachVolumeShelveTestJSON:test_attach_volume_shelved_or_offload_server): 200 GET http://10.180.1.21/compute/v2.1/servers/26e767f6-fda7-4986-9a2d-80d06a3eb781 0.640s
2025-11-12 12:33:19.091 67493 INFO tempest.lib.common.rest_client [req-ca90345b-215f-420d-99c6-4c261274eefc req-ca90345b-215f-420d-99c6-4c261274eefc ] Request (ListServerFiltersTestJSON:tearDownClass): 204 DELETE http://10.180.1.21/compute/v2.1/servers/79946947-e552-4b98-b75c-e9880c6be08a 0.673s
2025-11-12 12:33:19.107 67435 INFO tempest.lib.common.rest_client [req-ee41b32f-6c30-41e9-83bf-d8286cb1b133 req-ee41b32f-6c30-41e9-83bf-d8286cb1b133 ] Request (ServersListShow296Test:test_list_show_update_rebuild_server_296): 200 GET http://10.180.1.21/compute/v2.1/servers/58013c82-74e7-46ad-bd8f-bb10fc6e3fbb 0.562s
2025-11-12 12:33:19.243 67459 INFO tempest.lib.common.rest_client [req-41588d9b-741c-4a44-adab-5c48e08d19a7 req-41588d9b-741c-4a44-adab-5c48e08d19a7 ] Request (ServersWithSpecificFlavorTestJSON:test_verify_created_server_ephemeral_disk): 200 GET http://10.180.1.21/compute/v2.1/servers/9e68e3b6-ffd9-4920-a93c-008c9cc47a60 0.500s
2025-11-12 12:33:19.274 67482 INFO tempest.lib.common.rest_client [req-d491c3f1-230c-4350-b011-6359b62aeb5e req-d491c3f1-230c-4350-b011-6359b62aeb5e ] Request (ServerActionsTestOtherB:test_create_backup): 200 GET http://10.180.1.21/compute/v2.1/servers/d260e85b-0996-44ed-964f-fe82158034a7 0.633s
2025-11-12 12:33:19.391 67433 INFO tempest.lib.common.rest_client [req-f6567ee8-5af4-41a0-a619-2aeeb49b31bb req-f6567ee8-5af4-41a0-a619-2aeeb49b31bb ] Request (ImagesOneServerNegativeTestJSON:_run_cleanups): 200 GET http://10.180.1.21/compute/v2.1/servers/bf2477e9-4737-450d-8479-dbe58993f42a 0.572s
2025-11-12 12:33:19.430 67445 INFO tempest.lib.common.rest_client [req-e7c03687-3552-41a7-88e1-1ed8953a3918 req-e7c03687-3552-41a7-88e1-1ed8953a3918 ] Request (ServersTestMultiNic:test_verify_multiple_nics_order): 200 GET http://10.180.1.21/compute/v2.1/servers/da6c4f77-5491-4fd9-a742-cd32d1e6b8b2 0.650s
2025-11-12 12:33:19.472 67449 INFO tempest.lib.common.rest_client [req-edf3fd3e-dbea-4ec9-ac1c-3bfb271e807d req-edf3fd3e-dbea-4ec9-ac1c-3bfb271e807d ] Request (ServerMetadataTestJSON:tearDownClass): 200 GET http://10.180.1.21/compute/v2.1/servers/91748286-e20b-4112-8130-79b9742c2bc4 0.582s
2025-11-12 12:33:19.611 67493 INFO tempest.lib.common.rest_client [req-10175689-9f1d-49d1-b7d6-aec82e3569ec req-10175689-9f1d-49d1-b7d6-aec82e3569ec ] Request (ListServerFiltersTestJSON:tearDownClass): 200 GET http://10.180.1.21/compute/v2.1/servers/79946947-e552-4b98-b75c-e9880c6be08a 0.519s
2025-11-12 12:33:19.641 67441 INFO tempest.lib.common.rest_client [req-bab28b7c-c689-448c-87de-9bf9fd749f30 req-bab28b7c-c689-448c-87de-9bf9fd749f30 ] Request (MigrationsAdminTest:test_list_migrations_in_flavor_resize_situation): 200 GET http://10.180.1.21/compute/v2.1/servers/f4d12191-a16a-4e51-8d07-d92f8b86731a 0.532s
2025-11-12 12:33:19.702 67471 INFO tempest.lib.common.rest_client [req-1137da01-78cf-451e-936e-27ae05c08268 req-1137da01-78cf-451e-936e-27ae05c08268 ] Request (AttachInterfacesV270Test:test_create_get_list_interfaces): 200 GET http://10.180.1.21/compute/v2.1/servers/fac2d8a1-6a55-4ce5-bd62-b33afd0e0df4 0.454s
2025-11-12 12:33:19.732 67475 INFO tempest.lib.common.rest_client [req-edd23f7f-61af-467f-b23b-f06e1f524cb4 req-edd23f7f-61af-467f-b23b-f06e1f524cb4 ] Request (VolumesAdminNegativeTest:tearDownClass): 200 GET http://10.180.1.21/compute/v2.1/servers/c158baf7-a086-4a44-b672-5ea4c785aea2 0.390s
2025-11-12 12:33:19.765 67495 INFO tempest.lib.common.rest_client [req-50250cff-d286-4a41-8460-d2aebe11c3b6 req-50250cff-d286-4a41-8460-d2aebe11c3b6 ] Request (ServerShowV257Test:tearDownClass): 200 GET http://10.180.1.21/compute/v2.1/servers/34af5b14-b519-4b13-95bd-2cc1107d8b73 0.361s
2025-11-12 12:33:19.796 67467 INFO tempest.lib.common.rest_client [req-fe006c08-6851-4a88-8b54-5db927340da6 req-fe006c08-6851-4a88-8b54-5db927340da6 ] Request (ServersTestJSON:tearDownClass): 200 GET http://10.180.1.21/compute/v2.1/servers/5b91a548-f68a-4bde-8102-ad7f2358a059 0.302s
2025-11-12 12:33:19.829 67447 INFO tempest.lib.common.rest_client [req-3643a8b1-7aef-415f-8ccd-3abf0da3d030 req-3643a8b1-7aef-415f-8ccd-3abf0da3d030 ] Request (ServersAdminTestJSON:tearDownClass): 200 GET http://10.180.1.21/compute/v2.1/servers/07a83833-8428-479f-8d2e-9e4fde5c9074 0.321s
2025-11-12 12:33:19.852 67451 INFO tempest.lib.common.rest_client [req-fe639da4-9ce4-410f-a5b7-b91bdbf79c4d req-fe639da4-9ce4-410f-a5b7-b91bdbf79c4d ] Request (ServerDiskConfigTestJSON:test_rebuild_server_with_manual_disk_config): 200 GET http://10.180.1.21/compute/v2.1/servers/952190b2-e2c5-4180-988d-7883677ab1be 0.286s
2025-11-12 12:33:19.896 67437 INFO tempest.lib.common.rest_client [req-579f9f0b-d374-4340-8115-c189182671e7 req-579f9f0b-d374-4340-8115-c189182671e7 ] Request (ServerRescueTestJSON:tearDownClass): 200 GET http://10.180.1.21/compute/v2.1/servers/0e30eda0-6247-475f-860e-6cebe124d895 0.315s
2025-11-12 12:33:19.922 67497 INFO tempest.lib.common.rest_client [req-ff7bd709-c1b6-4c01-98c7-9e5d2ec14691 req-ff7bd709-c1b6-4c01-98c7-9e5d2ec14691 ] Request (ListImageFiltersTestJSON:tearDownClass): 200 GET http://10.180.1.21/compute/v2.1/servers/6d6a0c7c-4c01-436b-800e-bc486a1cc31d 0.286s
2025-11-12 12:33:19.962 67461 INFO tempest.lib.common.rest_client [req-b96f08be-be4a-4249-8c33-12939b3ebf38 req-b96f08be-be4a-4249-8c33-12939b3ebf38 ] Request (ServersAaction247Test:test_create_backup): 200 GET http://10.180.1.21/compute/v2.1/servers/e3173899-eb33-4ab6-822e-b40f694792db 0.308s
2025-11-12 12:33:19.986 67477 INFO tempest.lib.common.rest_client [req-f2d496b0-e31c-409b-b435-b5b25748e928 req-f2d496b0-e31c-409b-b435-b5b25748e928 ] Request (ImagesTestJSON:test_create_image_from_suspended_server): 200 GET http://10.180.1.21/compute/v2.1/servers/d0dd1f14-822c-4951-ba9c-a9de536e0b48 0.208s
2025-11-12 12:33:20.066 67457 INFO tempest.lib.common.rest_client [req-6cddfd59-a75c-49b4-a597-be0aae3e07bc req-6cddfd59-a75c-49b4-a597-be0aae3e07bc ] Request (AttachInterfacesUnderV243Test:_run_cleanups): 200 GET http://10.180.1.21/compute/v2.1/servers/be4d7d26-fc80-4d87-b07a-78a5c7139933 0.217s
2025-11-12 12:33:20.122 67491 INFO tempest.lib.common.rest_client [req-ea19579d-68bd-48e8-acf8-2b454a6e1fcd req-ea19579d-68bd-48e8-acf8-2b454a6e1fcd ] Request (ServerTagsTestJSON:setUpClass): 200 GET http://10.180.1.21/compute/v2.1/servers/d30c2edc-2022-4137-b3fc-9ef964b95a8e 0.308s
2025-11-12 12:33:20.210 67469 INFO tempest.lib.common.rest_client [req-45354812-24f1-4f2c-b735-d0c6118cb9f4 req-45354812-24f1-4f2c-b735-d0c6118cb9f4 ] Request (ServersTestJSON:test_create_specify_keypair): 200 GET http://10.180.1.21/compute/v2.1/servers/b090bca6-7f8d-46cb-9ecf-6ed31eac6569 0.195s
2025-11-12 12:33:20.288 67435 INFO tempest.lib.common.rest_client [req-ed8cdf37-922d-4c1f-b0f8-067890a3ed22 req-ed8cdf37-922d-4c1f-b0f8-067890a3ed22 ] Request (ServersListShow296Test:test_list_show_update_rebuild_server_296): 200 GET http://10.180.1.21/compute/v2.1/servers/58013c82-74e7-46ad-bd8f-bb10fc6e3fbb 0.170s
2025-11-12 12:33:20.318 67465 INFO tempest.lib.common.rest_client [req-47bc54c7-82a0-49ae-b1f4-80c54a4ecf17 req-47bc54c7-82a0-49ae-b1f4-80c54a4ecf17 ] Request (AttachVolumeShelveTestJSON:test_attach_volume_shelved_or_offload_server): 200 GET http://10.180.1.21/compute/v2.1/servers/26e767f6-fda7-4986-9a2d-80d06a3eb781 0.278s
2025-11-12 12:33:20.366 67459 INFO tempest.lib.common.rest_client [req-7cf66ebd-bd79-49ca-9efb-90efc9cf7b65 req-7cf66ebd-bd79-49ca-9efb-90efc9cf7b65 ] Request (ServersWithSpecificFlavorTestJSON:test_verify_created_server_ephemeral_disk): 200 GET http://10.180.1.21/compute/v2.1/servers/9e68e3b6-ffd9-4920-a93c-008c9cc47a60 0.113s
2025-11-12 12:33:20.423 67482 INFO tempest.lib.common.rest_client [req-e3dd137d-fb72-4f50-8ff2-3a9906858528 req-e3dd137d-fb72-4f50-8ff2-3a9906858528 ] Request (ServerActionsTestOtherB:test_create_backup): 200 GET http://10.180.1.21/compute/v2.1/servers/d260e85b-0996-44ed-964f-fe82158034a7 0.137s
2025-11-12 12:33:20.430 67482 INFO tempest.common.waiters [-] State transition "ACTIVE/image_uploading" ==> "ACTIVE/None" after 1 second wait
2025-11-12 12:33:20.458 67433 INFO tempest.lib.common.rest_client [req-0244b81b-8c75-4236-a5d4-00c3822ef42e req-0244b81b-8c75-4236-a5d4-00c3822ef42e ] Request (ImagesOneServerNegativeTestJSON:_run_cleanups): 200 GET http://10.180.1.21/compute/v2.1/servers/bf2477e9-4737-450d-8479-dbe58993f42a 0.059s
2025-11-12 12:33:20.573 67445 INFO tempest.lib.common.rest_client [req-155cb1bc-0909-4910-90a7-b3a9e668ed0b req-155cb1bc-0909-4910-90a7-b3a9e668ed0b ] Request (ServersTestMultiNic:test_verify_multiple_nics_order): 200 GET http://10.180.1.21/compute/v2.1/servers/da6c4f77-5491-4fd9-a742-cd32d1e6b8b2 0.133s
2025-11-12 12:33:20.634 67449 INFO tempest.lib.common.rest_client [req-56c78c21-3019-439c-9fae-b5814ce82287 req-56c78c21-3019-439c-9fae-b5814ce82287 ] Request (ServerMetadataTestJSON:tearDownClass): 200 GET http://10.180.1.21/compute/v2.1/servers/91748286-e20b-4112-8130-79b9742c2bc4 0.151s
2025-11-12 12:33:20.762 67493 INFO tempest.lib.common.rest_client [req-8728be86-749a-4de2-8aaa-71f5613e9621 req-8728be86-749a-4de2-8aaa-71f5613e9621 ] Request (ListServerFiltersTestJSON:tearDownClass): 200 GET http://10.180.1.21/compute/v2.1/servers/79946947-e552-4b98-b75c-e9880c6be08a 0.143s
2025-11-12 12:33:20.855 67482 INFO tempest.lib.common.rest_client [req-9196ebb3-7e35-497c-bfc9-138ca0e6c58c req-9196ebb3-7e35-497c-bfc9-138ca0e6c58c ] Request (ServerActionsTestOtherB:test_create_backup): 202 POST http://10.180.1.21/compute/v2.1/servers/d260e85b-0996-44ed-964f-fe82158034a7/action 0.424s
2025-11-12 12:33:20.872 67482 INFO tempest.lib.common.rest_client [req-1cf8f31e-4b35-4429-82fd-ce1dc85e83e5 req-1cf8f31e-4b35-4429-82fd-ce1dc85e83e5 ] Request (ServerActionsTestOtherB:test_create_backup): 200 GET http://10.180.1.21/image/v2/images/1a77d9a4-aeb9-43e8-ae15-c8c66e116e78 0.016s
2025-11-12 12:33:20.890 67441 INFO tempest.lib.common.rest_client [req-1289a263-b4cb-4834-b9b6-575eef7c8482 req-1289a263-b4cb-4834-b9b6-575eef7c8482 ] Request (MigrationsAdminTest:test_list_migrations_in_flavor_resize_situation): 200 GET http://10.180.1.21/compute/v2.1/servers/f4d12191-a16a-4e51-8d07-d92f8b86731a 0.240s
2025-11-12 12:33:20.898 67441 INFO tempest.common.waiters [-] State transition "VERIFY_RESIZE/None" ==> "ACTIVE/None" after 40 second wait
2025-11-12 12:33:20.921 67471 INFO tempest.lib.common.rest_client [req-399dc658-42e4-4c06-a4ae-df02119c81df req-399dc658-42e4-4c06-a4ae-df02119c81df ] Request (AttachInterfacesV270Test:test_create_get_list_interfaces): 200 GET http://10.180.1.21/compute/v2.1/servers/fac2d8a1-6a55-4ce5-bd62-b33afd0e0df4 0.209s
2025-11-12 12:33:20.950 67475 INFO tempest.lib.common.rest_client [req-90a706b5-d519-4fde-a4f4-6555f8be49ce req-90a706b5-d519-4fde-a4f4-6555f8be49ce ] Request (VolumesAdminNegativeTest:tearDownClass): 200 GET http://10.180.1.21/compute/v2.1/servers/c158baf7-a086-4a44-b672-5ea4c785aea2 0.206s
2025-11-12 12:33:20.994 67495 INFO tempest.lib.common.rest_client [req-32e37833-c02b-4805-ad8d-a7a3261f2a0d req-32e37833-c02b-4805-ad8d-a7a3261f2a0d ] Request (ServerShowV257Test:tearDownClass): 200 GET http://10.180.1.21/compute/v2.1/servers/34af5b14-b519-4b13-95bd-2cc1107d8b73 0.215s
2025-11-12 12:33:21.014 67467 INFO tempest.lib.common.rest_client [req-26171211-a072-47f6-bbca-434279926321 req-26171211-a072-47f6-bbca-434279926321 ] Request (ServersTestJSON:tearDownClass): 200 GET http://10.180.1.21/compute/v2.1/servers/5b91a548-f68a-4bde-8102-ad7f2358a059 0.210s
2025-11-12 12:33:21.056 67447 INFO tempest.lib.common.rest_client [req-074b988c-e8db-4312-a682-9e14f7d8beb7 req-074b988c-e8db-4312-a682-9e14f7d8beb7 ] Request (ServersAdminTestJSON:tearDownClass): 200 GET http://10.180.1.21/compute/v2.1/servers/07a83833-8428-479f-8d2e-9e4fde5c9074 0.217s
2025-11-12 12:33:21.070 67451 INFO tempest.lib.common.rest_client [req-9c157784-3e9f-4709-baa6-d486f97ae8f7 req-9c157784-3e9f-4709-baa6-d486f97ae8f7 ] Request (ServerDiskConfigTestJSON:test_rebuild_server_with_manual_disk_config): 200 GET http://10.180.1.21/compute/v2.1/servers/952190b2-e2c5-4180-988d-7883677ab1be 0.210s
2025-11-12 12:33:21.136 67437 INFO tempest.lib.common.rest_client [req-fd11f90e-06a7-4801-8bbb-35889ca09dad req-fd11f90e-06a7-4801-8bbb-35889ca09dad ] Request (ServerRescueTestJSON:tearDownClass): 200 GET http://10.180.1.21/compute/v2.1/servers/0e30eda0-6247-475f-860e-6cebe124d895 0.213s
2025-11-12 12:33:21.175 67441 INFO tempest.lib.common.rest_client [req-e480d435-30c8-429c-b108-ca0a1b3b2664 req-e480d435-30c8-429c-b108-ca0a1b3b2664 ] Request (MigrationsAdminTest:test_list_migrations_in_flavor_resize_situation): 200 GET http://10.180.1.21/compute/v2.1/servers/f4d12191-a16a-4e51-8d07-d92f8b86731a 0.276s
2025-11-12 12:33:21.216 67497 INFO tempest.lib.common.rest_client [req-4800f411-66b8-4f15-a180-ddd00ea88ee7 req-4800f411-66b8-4f15-a180-ddd00ea88ee7 ] Request (ListImageFiltersTestJSON:tearDownClass): 200 GET http://10.180.1.21/compute/v2.1/servers/6d6a0c7c-4c01-436b-800e-bc486a1cc31d 0.284s
2025-11-12 12:33:21.234 67461 INFO tempest.lib.common.rest_client [req-f8690001-65e1-436e-a85c-742ea8fa5212 req-f8690001-65e1-436e-a85c-742ea8fa5212 ] Request (ServersAaction247Test:test_create_backup): 200 GET http://10.180.1.21/compute/v2.1/servers/e3173899-eb33-4ab6-822e-b40f694792db 0.262s
2025-11-12 12:33:21.269 67477 INFO tempest.lib.common.rest_client [req-b94c006f-0166-4eeb-9080-298b6a27ec0a req-b94c006f-0166-4eeb-9080-298b6a27ec0a ] Request (ImagesTestJSON:test_create_image_from_suspended_server): 200 GET http://10.180.1.21/compute/v2.1/servers/d0dd1f14-822c-4951-ba9c-a9de536e0b48 0.274s
2025-11-12 12:33:21.272 67485 ERROR tempest.lib.common.ssh [-] Failed to establish authenticated ssh connection to cirros@10.180.180.253 after 16 attempts. Proxy client: no proxy client: paramiko.ssh_exception.NoValidConnectionsError: [Errno None] Unable to connect to port 22 on 10.180.180.253
2025-11-12 12:33:21.272 67485 ERROR tempest.lib.common.ssh
Traceback (most recent call last):
2025-11-12 12:33:21.272 67485 ERROR tempest.lib.common.ssh
File "/opt/stack/tempest/tempest/lib/common/ssh.py", line 136, in _get_ssh_connection
2025-11-12 12:33:21.272 67485 ERROR tempest.lib.common.ssh ssh.connect(self.host, port=self.port, username=self.username,
2025-11-12 12:33:21.272 67485 ERROR tempest.lib.common.ssh
File "/opt/stack/tempest/.tox/venv/lib/python3.10/site-packages/paramiko/client.py", line 407, in connect
2025-11-12 12:33:21.272 67485 ERROR tempest.lib.common.ssh raise NoValidConnectionsError(errors)
2025-11-12 12:33:21.272 67485 ERROR tempest.lib.common.ssh paramiko.ssh_exception.NoValidConnectionsError: [Errno None] Unable to connect to port 22 on 10.180.180.253
2025-11-12 12:33:21.272 67485 ERROR tempest.lib.common.ssh
2025-11-12 12:33:21.296 67457 INFO tempest.lib.common.rest_client [req-1d67c8c1-abd1-47c2-93c9-aa27ed3a0c6d req-1d67c8c1-abd1-47c2-93c9-aa27ed3a0c6d ] Request (AttachInterfacesUnderV243Test:_run_cleanups): 200 GET http://10.180.1.21/compute/v2.1/servers/be4d7d26-fc80-4d87-b07a-78a5c7139933 0.221s
2025-11-12 12:33:21.347 67441 INFO tempest.lib.common.rest_client [req-c8614ca2-265f-457a-b99b-15cc17ddd42d req-c8614ca2-265f-457a-b99b-15cc17ddd42d ] Request (MigrationsAdminTest:test_list_migrations_in_flavor_resize_situation): 200 POST http://10.180.1.21/compute/v2.1/os-keypairs 0.162s
2025-11-12 12:33:21.469 67441 INFO tempest.lib.common.rest_client [req-46d69393-cf1c-4022-9a3b-070076adca54 req-46d69393-cf1c-4022-9a3b-070076adca54 ] Request (MigrationsAdminTest:test_list_migrations_in_flavor_resize_situation): 201 POST http://10.180.1.21/networking/v2.0/security-groups 0.120s
2025-11-12 12:33:21.506 67491 INFO tempest.lib.common.rest_client [req-8e0c50f9-9e43-47d0-821a-a3e1d3599768 req-8e0c50f9-9e43-47d0-821a-a3e1d3599768 ] Request (ServerTagsTestJSON:setUpClass): 200 GET http://10.180.1.21/compute/v2.1/servers/d30c2edc-2022-4137-b3fc-9ef964b95a8e 0.374s
2025-11-12 12:33:21.588 67469 INFO tempest.lib.common.rest_client [req-385f37af-d3ca-474f-b22d-fff8aae2fd98 req-385f37af-d3ca-474f-b22d-fff8aae2fd98 ] Request (ServersTestJSON:test_create_specify_keypair): 200 GET http://10.180.1.21/compute/v2.1/servers/b090bca6-7f8d-46cb-9ecf-6ed31eac6569 0.368s
2025-11-12 12:33:21.607 67454 WARNING tempest.lib.common.ssh [-] Failed to establish authenticated ssh connection to cirros@10.180.180.158 ([Errno None] Unable to connect to port 22 on 10.180.180.158). Number attempts: 7. Retry after 8 seconds.: paramiko.ssh_exception.NoValidConnectionsError: [Errno None] Unable to connect to port 22 on 10.180.180.158
2025-11-12 12:33:21.630 67441 INFO tempest.lib.common.rest_client [req-8fa083a3-b3fd-4a1c-86c4-d2d1ba9ab35a req-8fa083a3-b3fd-4a1c-86c4-d2d1ba9ab35a ] Request (MigrationsAdminTest:test_list_migrations_in_flavor_resize_situation): 201 POST http://10.180.1.21/networking/v2.0/security-group-rules 0.160s
2025-11-12 12:33:21.669 67435 INFO tempest.lib.common.rest_client [req-a5f8fe7f-6ee9-4a50-83b6-7f9ed800d915 req-a5f8fe7f-6ee9-4a50-83b6-7f9ed800d915 ] Request (ServersListShow296Test:test_list_show_update_rebuild_server_296): 200 GET http://10.180.1.21/compute/v2.1/servers/58013c82-74e7-46ad-bd8f-bb10fc6e3fbb 0.364s
2025-11-12 12:33:21.734 67441 INFO tempest.lib.common.rest_client [req-8f14f0c5-f4fe-4c50-aa7f-03a60fcdf4d5 req-8f14f0c5-f4fe-4c50-aa7f-03a60fcdf4d5 ] Request (MigrationsAdminTest:test_list_migrations_in_flavor_resize_situation): 201 POST http://10.180.1.21/networking/v2.0/security-group-rules 0.104s
2025-11-12 12:33:21.773 67465 INFO tempest.lib.common.rest_client [req-61f33025-a048-44f7-bd90-592162f2a045 req-61f33025-a048-44f7-bd90-592162f2a045 ] Request (AttachVolumeShelveTestJSON:test_attach_volume_shelved_or_offload_server): 200 GET http://10.180.1.21/compute/v2.1/servers/26e767f6-fda7-4986-9a2d-80d06a3eb781 0.446s
2025-11-12 12:33:21.824 67459 INFO tempest.lib.common.rest_client [req-8a3ea3df-989b-40e4-9517-5309b76c8a55 req-8a3ea3df-989b-40e4-9517-5309b76c8a55 ] Request (ServersWithSpecificFlavorTestJSON:test_verify_created_server_ephemeral_disk): 200 GET http://10.180.1.21/compute/v2.1/servers/9e68e3b6-ffd9-4920-a93c-008c9cc47a60 0.451s
2025-11-12 12:33:21.881 67433 INFO tempest.lib.common.rest_client [req-6a59c1e0-beb8-49d0-9136-e6ad93f44067 req-6a59c1e0-beb8-49d0-9136-e6ad93f44067 ] Request (ImagesOneServerNegativeTestJSON:_run_cleanups): 200 GET http://10.180.1.21/compute/v2.1/servers/bf2477e9-4737-450d-8479-dbe58993f42a 0.415s
2025-11-12 12:33:21.905 67482 INFO tempest.lib.common.rest_client [req-195788c3-0c2e-4441-8e97-9c4ed97606d3 req-195788c3-0c2e-4441-8e97-9c4ed97606d3 ] Request (ServerActionsTestOtherB:test_create_backup): 200 GET http://10.180.1.21/image/v2/images/1a77d9a4-aeb9-43e8-ae15-c8c66e116e78 0.032s
2025-11-12 12:33:22.047 67485 INFO tempest.lib.common.rest_client [req-2dea8068-88b1-4869-b9b4-4687bff2edc2 req-2dea8068-88b1-4869-b9b4-4687bff2edc2 ] Request (ServersV294TestFqdnHostnames:test_verify_hostname_allows_fqdn): 200 POST http://10.180.1.21/compute/v2.1/servers/c9221d82-1dfb-47bb-97d5-4d1e3c4e2323/action 0.774s
2025-11-12 12:33:22.080 67445 INFO tempest.lib.common.rest_client [req-45522490-18fa-469f-a570-153b32888ea5 req-45522490-18fa-469f-a570-153b32888ea5 ] Request (ServersTestMultiNic:test_verify_multiple_nics_order): 200 GET http://10.180.1.21/compute/v2.1/servers/da6c4f77-5491-4fd9-a742-cd32d1e6b8b2 0.496s
2025-11-12 12:33:22.117 67449 INFO tempest.lib.common.rest_client [req-c445a95d-3f0c-43cf-96d1-91cdedcde503 req-c445a95d-3f0c-43cf-96d1-91cdedcde503 ] Request (ServerMetadataTestJSON:tearDownClass): 200 GET http://10.180.1.21/compute/v2.1/servers/91748286-e20b-4112-8130-79b9742c2bc4 0.475s
2025-11-12 12:33:22.200 67471 INFO tempest.lib.common.rest_client [req-066f4d68-a805-4856-8cee-0d7e0d767021 req-066f4d68-a805-4856-8cee-0d7e0d767021 ] Request (AttachInterfacesV270Test:test_create_get_list_interfaces): 200 GET http://10.180.1.21/compute/v2.1/servers/fac2d8a1-6a55-4ce5-bd62-b33afd0e0df4 0.268s
