2025-11-12 12:31:23.033 67463 INFO tempest.lib.common.rest_client [req-c28594fd-6f27-4cf3-89c9-8ce6dcf22eae req-c28594fd-6f27-4cf3-89c9-8ce6dcf22eae ] Request (VolumesSnapshotsTestJSON:test_volume_snapshot_create_get_list_delete): 200 POST http://10.180.1.21/compute/v2.1/os-volumes 1.623s
2025-11-12 12:31:23.113 67467 INFO tempest.lib.common.rest_client [req-a210eb1f-230e-4f08-a5fa-71e9bd9ada1c req-a210eb1f-230e-4f08-a5fa-71e9bd9ada1c ] Request (NetworksTest:tearDownClass): 204 DELETE http://10.180.1.21/identity/v3/projects/b0f56ae2804a42f8b6e5e1c296db261b 0.173s
2025-11-12 12:31:23.152 67469 INFO tempest.lib.common.rest_client [req-d15cf044-c86d-442a-b639-a1603e073ab2 req-d15cf044-c86d-442a-b639-a1603e073ab2 ] Request (ServersTestJSON:test_create_server_with_admin_password): 202 POST http://10.180.1.21/compute/v2.1/servers 1.673s
2025-11-12 12:31:23.184 67495 INFO tempest.lib.common.rest_client [req-1da8d3a0-b9f6-4e6e-90eb-c8adceeb1402 req-1da8d3a0-b9f6-4e6e-90eb-c8adceeb1402 ] Request (FlavorsAdminTestJSON:_run_cleanups): 200 GET http://10.180.1.21/compute/v2.1/flavors/detail 1.559s
2025-11-12 12:31:23.253 67467 INFO tempest.lib.common.rest_client [req-2dee940d-52f3-4432-94cf-aa1492a1b514 req-2dee940d-52f3-4432-94cf-aa1492a1b514 ] Request (ServersTestJSON:setUpClass): 201 POST http://10.180.1.21/identity/v3/auth/tokens 0.136s
2025-11-12 12:31:23.337 67467 INFO tempest.lib.common.rest_client [req-572b344d-367f-4a3e-a95c-e206c225dd6f req-572b344d-367f-4a3e-a95c-e206c225dd6f ] Request (ServersTestJSON:setUpClass): 201 POST http://10.180.1.21/identity/v3/auth/tokens 0.079s
2025-11-12 12:31:23.371 67467 INFO tempest.lib.common.rest_client [req-09e264a5-87c7-4095-baee-1c66691992fe req-09e264a5-87c7-4095-baee-1c66691992fe ] Request (ServersTestJSON:setUpClass): 200 GET http://10.180.1.21/identity/v3/domains?name=Default 0.033s
2025-11-12 12:31:23.376 67477 INFO tempest.lib.common.rest_client [req-4cc10b8c-f9b2-4831-a148-a781b10ccabf req-4cc10b8c-f9b2-4831-a148-a781b10ccabf ] Request (ImagesMetadataTestJSON:test_set_image_metadata): 200 PUT http://10.180.1.21/compute/v2.1/images/36f2054f-d14b-4082-9fb5-a08c003d18bf/metadata 1.768s
2025-11-12 12:31:23.410 67467 INFO tempest.lib.common.rest_client [req-497818f3-25b0-474b-8599-f881a5c99d9b req-497818f3-25b0-474b-8599-f881a5c99d9b ] Request (ServersTestJSON:setUpClass): 201 POST http://10.180.1.21/identity/v3/projects 0.039s
2025-11-12 12:31:23.501 67467 INFO tempest.lib.common.rest_client [req-ad51d315-c595-45dc-8565-9d992b58876e req-ad51d315-c595-45dc-8565-9d992b58876e ] Request (ServersTestJSON:setUpClass): 201 POST http://10.180.1.21/identity/v3/users 0.090s
2025-11-12 12:31:23.506 67471 INFO tempest.lib.common.rest_client [req-43f8009b-cc93-4f62-8f4c-48008a258e23 req-43f8009b-cc93-4f62-8f4c-48008a258e23 ] Request (ImagesOneServerTestJSON:tearDownClass): 200 GET http://10.180.1.21/compute/v2.1/servers/0eaa8181-62d4-4ca2-bff3-cf7b1f3491a1 1.711s
2025-11-12 12:31:23.526 67437 INFO tempest.lib.common.rest_client [req-3b27d6d7-49d5-49e2-a395-e7c0143666bf req-3b27d6d7-49d5-49e2-a395-e7c0143666bf ] Request (ServerRescueTestJSON:test_rescue_unrescue_instance): 200 GET http://10.180.1.21/compute/v2.1/servers/f90be738-e638-4bf0-bf2e-9972c79d86a7 1.661s
2025-11-12 12:31:23.543 67467 INFO tempest.lib.common.rest_client [req-a276a8c4-6086-4e45-9cab-ba4638b9cd16 req-a276a8c4-6086-4e45-9cab-ba4638b9cd16 ] Request (ServersTestJSON:setUpClass): 200 GET http://10.180.1.21/identity/v3/roles 0.041s
2025-11-12 12:31:23.567 67439 INFO tempest.lib.common.rest_client [req-12814d9d-785f-47c0-9de4-846eb90ba74c req-12814d9d-785f-47c0-9de4-846eb90ba74c ] Request (ComputeTenantNetworksTest:test_list_show_tenant_networks): 200 GET http://10.180.1.21/compute/v2.1/os-tenant-networks/6db4a504-c202-4fd5-b8e3-ae885778300b 1.563s
2025-11-12 12:31:23.576 67467 INFO tempest.lib.common.rest_client [req-7d373248-7633-467f-8287-2151e7048236 req-7d373248-7633-467f-8287-2151e7048236 ] Request (ServersTestJSON:setUpClass): 204 PUT http://10.180.1.21/identity/v3/projects/50ac93c4e5fc454c81d3dce89bf71bf0/users/aed054b6e92347c6ac5b260dadb3274b/roles/d86b6f0dbe7b426b9da2c296faeca5ab 0.032s
2025-11-12 12:31:23.576 67467 INFO tempest.lib.common.dynamic_creds [-] Dynamic test user aed054b6e92347c6ac5b260dadb3274b is created with scope project and roles: ['member']
2025-11-12 12:31:23.576 67467 INFO tempest.lib.common.dynamic_creds [-] Acquired dynamic creds: credentials: Credentials: {'domain_id': 'default', 'domain_name': 'Default', 'username': 'tempest-ServersTestJSON-428956918-project-member', 'project_domain_id': 'default', 'project_domain_name': 'Default', 'project_id': '50ac93c4e5fc454c81d3dce89bf71bf0', 'project_name': 'tempest-ServersTestJSON-428956918', 'tenant_id': '50ac93c4e5fc454c81d3dce89bf71bf0', 'tenant_name': 'tempest-ServersTestJSON-428956918', 'user_domain_id': 'default', 'user_domain_name': 'Default', 'user_id': 'aed054b6e92347c6ac5b260dadb3274b', 'system': None}, Network: None, Subnet: None, Router: None
2025-11-12 12:31:23.593 67433 INFO tempest.lib.common.rest_client [req-139b3256-b4a4-4842-b524-541a7997cb42 req-139b3256-b4a4-4842-b524-541a7997cb42 ] Request (ImagesOneServerNegativeTestJSON:_run_cleanups): 200 GET http://10.180.1.21/compute/v2.1/servers/4dcd85ca-f534-441b-a232-9f4d02797d9e 1.626s
2025-11-12 12:31:23.639 67467 INFO tempest.lib.common.rest_client [req-374dc56a-7a0a-4452-888c-e44f118e8a4b req-374dc56a-7a0a-4452-888c-e44f118e8a4b ] Request (ServersTestJSON:setUpClass): 201 POST http://10.180.1.21/identity/v3/auth/tokens 0.062s
2025-11-12 12:31:23.736 67439 INFO tempest.lib.common.rest_client [req-1a3c7317-aa96-432f-8d89-c4e09b2a469b req-1a3c7317-aa96-432f-8d89-c4e09b2a469b ] Request (ComputeTenantNetworksTest:tearDownClass): 204 DELETE http://10.180.1.21/networking/v2.0/networks/6db4a504-c202-4fd5-b8e3-ae885778300b 0.164s
2025-11-12 12:31:23.795 67461 INFO tempest.lib.common.rest_client [req-27fe41cb-6d97-422d-b421-fc9b560b4333 req-27fe41cb-6d97-422d-b421-fc9b560b4333 ] Request (ServerDiagnosticsTest:tearDownClass): 200 GET http://10.180.1.21/compute/v2.1/servers/8d0416a6-116f-4b3d-b7a3-e03981e5353a 1.739s
2025-11-12 12:31:23.837 67439 INFO tempest.lib.common.rest_client [req-129a6f4d-9350-4af0-8681-d598c854e554 req-129a6f4d-9350-4af0-8681-d598c854e554 ] Request (ComputeTenantNetworksTest:tearDownClass): 204 DELETE http://10.180.1.21/identity/v3/users/c09acf40499d40869dbeedc31a053599 0.100s
2025-11-12 12:31:23.837 67439 INFO tempest.lib.common.dynamic_creds [-] Deleting project and security group for project: 4e7ce49deb8c43cebd9ff5d7baab901d
2025-11-12 12:31:24.113 67467 INFO tempest.lib.common.rest_client [req-f33ca290-80d7-4e99-99b2-353b3aa8b8b5 req-f33ca290-80d7-4e99-99b2-353b3aa8b8b5 ] Request (ServersTestJSON:setUpClass): 201 POST http://10.180.1.21/networking/v2.0/networks 0.474s
2025-11-12 12:31:24.144 67449 INFO tempest.lib.common.rest_client [req-c3444d90-4f5f-4da4-ac26-b4989d9e0fd9 req-c3444d90-4f5f-4da4-ac26-b4989d9e0fd9 ] Request (InstanceActionsTestJSON:test_list_instance_actions): 200 GET http://10.180.1.21/compute/v2.1/servers/b1862abd-5908-4be5-8683-e20bfad5e313 2.131s
2025-11-12 12:31:24.151 67449 INFO tempest.common.waiters [-] State transition "HARD_REBOOT/rebooting_hard" ==> "ACTIVE/None" after 7 second wait
2025-11-12 12:31:24.155 67445 INFO tempest.lib.common.rest_client [req-39da7cb8-2a0f-42ec-9c9a-103365030626 req-39da7cb8-2a0f-42ec-9c9a-103365030626 ] Request (ServersTestMultiNic:test_verify_duplicate_network_nics): 200 GET http://10.180.1.21/compute/v2.1/servers/439c5789-4ffb-499d-9265-719f52caa158 2.039s
2025-11-12 12:31:24.168 67439 INFO tempest.lib.common.rest_client [req-9081ae00-4687-47d3-b27c-e2f7dc9d6bd4 req-9081ae00-4687-47d3-b27c-e2f7dc9d6bd4 ] Request (ComputeTenantNetworksTest:tearDownClass): 200 GET http://10.180.1.21/networking/v2.0/security-groups?tenant_id=4e7ce49deb8c43cebd9ff5d7baab901d&name=default 0.330s
2025-11-12 12:31:24.177 67454 INFO tempest.lib.common.rest_client [req-22d87c16-5d87-447d-b423-4f806b060963 req-22d87c16-5d87-447d-b423-4f806b060963 ] Request (FlavorsV261TestJSON:test_crud_flavor): 200 GET http://10.180.1.21/compute/v2.1/flavors 1.949s
2025-11-12 12:31:24.346 67467 INFO tempest.lib.common.rest_client [req-2ce4394e-d57c-4494-b0da-727d7499e7b6 req-2ce4394e-d57c-4494-b0da-727d7499e7b6 ] Request (ServersTestJSON:setUpClass): 201 POST http://10.180.1.21/networking/v2.0/subnets 0.233s
2025-11-12 12:31:24.436 67439 INFO tempest.lib.common.rest_client [req-b95d0a81-89f1-403d-bdae-4689856f27cc req-b95d0a81-89f1-403d-bdae-4689856f27cc ] Request (ComputeTenantNetworksTest:tearDownClass): 204 DELETE http://10.180.1.21/networking/v2.0/security-groups/85f01db4-83a7-4fa1-bfed-bc00d994c7f7 0.267s
2025-11-12 12:31:24.457 67465 INFO tempest.lib.common.rest_client [req-3a995e5f-f7c7-44db-b0f6-6ae81d9e686d req-3a995e5f-f7c7-44db-b0f6-6ae81d9e686d ] Request (VolumesAssistedSnapshotsTest:tearDownClass): 200 GET http://10.180.1.21/compute/v2.1/servers/3ff5ac13-6b3f-44c3-94b0-548152e735a3 2.305s
2025-11-12 12:31:24.551 67439 INFO tempest.lib.common.rest_client [req-7518d0f4-acfb-4b3c-8fe5-7cc1a814a6df req-7518d0f4-acfb-4b3c-8fe5-7cc1a814a6df ] Request (ComputeTenantNetworksTest:tearDownClass): 204 DELETE http://10.180.1.21/identity/v3/projects/4e7ce49deb8c43cebd9ff5d7baab901d 0.114s
2025-11-12 12:31:25.156 67473 INFO tempest.lib.common.rest_client [req-84c0e54d-dcf9-45d5-8428-1ec9b4035b53 req-84c0e54d-dcf9-45d5-8428-1ec9b4035b53 ] Request (ServerAddressesTestJSON:setUpClass): 200 GET http://10.180.1.21/compute/v2.1/servers/f7289989-6869-406c-ae60-782081d6dbc7 2.707s
2025-11-12 12:31:25.179 67491 INFO tempest.lib.common.rest_client [req-b266f3e4-b143-48ea-bb24-3607535962fe req-b266f3e4-b143-48ea-bb24-3607535962fe ] Request (ServerGroupTestJSON:test_create_server_with_scheduler_hint_group): 200 GET http://10.180.1.21/compute/v2.1/servers/bc8c17e3-a8e6-45e7-8470-0c01a51deb03 2.757s
2025-11-12 12:31:25.188 67491 INFO tempest.common.waiters [-] State transition "BUILD/None" ==> "BUILD/spawning" after 39 second wait
2025-11-12 12:31:25.196 67497 INFO tempest.lib.common.rest_client [req-061b508b-c162-471a-925f-bfb726e4cd11 req-061b508b-c162-471a-925f-bfb726e4cd11 ] Request (ListImageFiltersTestJSON:setUpClass): 200 GET http://10.180.1.21/compute/v2.1/images/2e922eb2-5838-4b0a-b55e-52525bcda95c 2.711s
2025-11-12 12:31:25.216 67451 INFO tempest.lib.common.rest_client [req-8a6b5b52-b54b-4405-b4de-6661b4418f13 req-8a6b5b52-b54b-4405-b4de-6661b4418f13 ] Request (KeyPairsV2TestJSON:test_keypair_create_with_pub_key): 200 POST http://10.180.1.21/compute/v2.1/os-keypairs 2.691s
2025-11-12 12:31:25.263 67467 INFO tempest.lib.common.rest_client [req-1d0be633-9beb-42e6-930b-ae63433c1c53 req-1d0be633-9beb-42e6-930b-ae63433c1c53 ] Request (ServersTestJSON:setUpClass): 201 POST http://10.180.1.21/networking/v2.0/routers 0.916s
2025-11-12 12:31:25.301 67493 INFO tempest.lib.common.rest_client [req-7ff82c78-0166-4fa5-8c7e-68c63ae26076 req-7ff82c78-0166-4fa5-8c7e-68c63ae26076 ] Request (ListServerFiltersTestJSON:test_list_servers_filter_by_shutoff_status): 202 POST http://10.180.1.21/compute/v2.1/servers/44e849d3-8774-463a-a643-cd496142b2bb/action 2.731s
2025-11-12 12:31:25.382 67441 INFO tempest.lib.common.rest_client [req-7a0db780-3a56-4f0b-b087-21925aacfe07 req-7a0db780-3a56-4f0b-b087-21925aacfe07 ] Request (MigrationsAdminTest:test_list_migrations): 200 GET http://10.180.1.21/compute/v2.1/os-migrations 2.848s
2025-11-12 12:31:25.474 67441 INFO tempest.lib.common.rest_client [req-ff767a3a-1829-445a-9282-f43628252779 req-ff767a3a-1829-445a-9282-f43628252779 ] Request (MigrationsAdminTest:test_list_migrations_in_flavor_resize_situation): 201 POST http://10.180.1.21/identity/v3/auth/tokens 0.083s
2025-11-12 12:31:25.474 67441 INFO tempest.lib.common.fixed_network [-] (MigrationsAdminTest:test_list_migrations_in_flavor_resize_situation) Found network None available for tenant
2025-11-12 12:31:25.612 67487 INFO tempest.lib.common.rest_client [req-a501d443-b2c4-4aca-9799-2b775aa5faba req-a501d443-b2c4-4aca-9799-2b775aa5faba ] Request (ListServersNegativeTestJSON:setUpClass): 200 GET http://10.180.1.21/compute/v2.1/servers/1099898f-60d3-4527-ba7b-fd5c6b02b9fa 2.846s
2025-11-12 12:31:25.659 67463 INFO tempest.lib.common.rest_client [req-64abc262-5f36-4420-bb88-3eaa40c61537 req-64abc262-5f36-4420-bb88-3eaa40c61537 ] Request (VolumesSnapshotsTestJSON:test_volume_snapshot_create_get_list_delete): 200 GET http://10.180.1.21/compute/v2.1/os-volumes/e2eb3164-43c1-44b0-b92f-f0edb2257d5a 2.623s
2025-11-12 12:31:25.662 67463 INFO tempest.common.waiters [-] volume e2eb3164-43c1-44b0-b92f-f0edb2257d5a reached available after waiting for 0.662481 seconds
2025-11-12 12:31:25.918 67469 INFO tempest.lib.common.rest_client [req-cd00899f-5988-462f-ad60-97cc130292f1 req-cd00899f-5988-462f-ad60-97cc130292f1 ] Request (ServersTestJSON:_run_cleanups): 204 DELETE http://10.180.1.21/compute/v2.1/servers/d07a44d6-0117-4971-b80b-b871746c6459 2.762s
2025-11-12 12:31:25.936 67495 INFO tempest.lib.common.rest_client [req-793a2754-fcaa-4d82-82db-d01c45abf8f1 req-793a2754-fcaa-4d82-82db-d01c45abf8f1 ] Request (FlavorsAdminTestJSON:test_list_public_flavor_with_other_user): 200 POST http://10.180.1.21/compute/v2.1/flavors 2.746s
2025-11-12 12:31:26.151 67467 INFO tempest.lib.common.rest_client [req-b881568d-d610-42ed-9523-9c4418e7fdfb req-b881568d-d610-42ed-9523-9c4418e7fdfb ] Request (ServersTestJSON:setUpClass): 200 PUT http://10.180.1.21/networking/v2.0/routers/736bd3a8-9bbe-4e03-835e-391f4798a803/add_router_interface 0.887s
2025-11-12 12:31:26.151 67467 INFO tempest.lib.common.dynamic_creds [-] Created isolated network resources for: credentials: Credentials: {'domain_id': 'default', 'domain_name': 'Default', 'username': 'tempest-ServersTestJSON-428956918-project-member', 'project_domain_id': 'default', 'project_domain_name': 'Default', 'project_id': '50ac93c4e5fc454c81d3dce89bf71bf0', 'project_name': 'tempest-ServersTestJSON-428956918', 'tenant_id': '50ac93c4e5fc454c81d3dce89bf71bf0', 'tenant_name': 'tempest-ServersTestJSON-428956918', 'user_domain_id': 'default', 'user_domain_name': 'Default', 'user_id': 'aed054b6e92347c6ac5b260dadb3274b', 'system': None}, Network: {'id': '6ef9fff8-334b-43ea-9325-219bd5b0f33d', 'name': 'tempest-ServersTestJSON-941069734-network', 'tenant_id': '50ac93c4e5fc454c81d3dce89bf71bf0', 'project_id': '50ac93c4e5fc454c81d3dce89bf71bf0', 'admin_state_up': True, 'mtu': 8950, 'status': 'ACTIVE', 'subnets': [], 'shared': False, 'port_security_enabled': True, 'router:external': False, 'provider:network_type': 'vlan', 'provider:physical_network': 'default', 'provider:segmentation_id': 365, 'availability_zone_hints': [], 'availability_zones': [], 'ipv4_address_scope': None, 'ipv6_address_scope': None, 'description': '', 'tags': [], 'created_at': '2025-11-12T12:31:24Z', 'updated_at': '2025-11-12T12:31:24Z', 'revision_number': 1}, Subnet: {'id': 'c62842a8-a6f3-4653-be3c-3fb1672ca177', 'name': 'tempest-ServersTestJSON-941069734-subnet', 'tenant_id': '50ac93c4e5fc454c81d3dce89bf71bf0', 'network_id': '6ef9fff8-334b-43ea-9325-219bd5b0f33d', 'ip_version': 4, 'subnetpool_id': None, 'enable_dhcp': True, 'ipv6_ra_mode': None, 'ipv6_address_mode': None, 'gateway_ip': '192.168.128.1', 'cidr': '192.168.128.0/28', 'allocation_pools': [{'start': '192.168.128.2', 'end': '192.168.128.14'}], 'host_routes': [], 'dns_nameservers': [], 'description': '', 'router:external': False, 'service_types': [], 'tags': [], 'created_at': '2025-11-12T12:31:24Z', 'updated_at': '2025-11-12T12:31:24Z', 'revision_number': 0, 'project_id': '50ac93c4e5fc454c81d3dce89bf71bf0'}, Router: {'id': '736bd3a8-9bbe-4e03-835e-391f4798a803', 'name': 'tempest-ServersTestJSON-941069734-router', 'tenant_id': '50ac93c4e5fc454c81d3dce89bf71bf0', 'admin_state_up': True, 'status': 'ACTIVE', 'external_gateway_info': {'network_id': 'c25566d7-97dd-4766-8937-15ff5c3a26a8', 'external_fixed_ips': [{'subnet_id': 'f5189748-722c-4e72-b635-b6f348b273de', 'ip_address': '10.180.180.178'}], 'enable_snat': True}, 'description': '', 'availability_zones': [], 'distributed': False, 'ha': False, 'availability_zone_hints': [], 'routes': [], 'flavor_id': None, 'tags': [], 'created_at': '2025-11-12T12:31:24Z', 'updated_at': '2025-11-12T12:31:24Z', 'revision_number': 2, 'project_id': '50ac93c4e5fc454c81d3dce89bf71bf0'}
2025-11-12 12:31:26.241 67467 INFO tempest.lib.common.rest_client [req-66ae6fb3-ac2d-4c7c-974a-465f1d90869a req-66ae6fb3-ac2d-4c7c-974a-465f1d90869a ] Request (ServersTestJSON:setUpClass): 201 POST http://10.180.1.21/identity/v3/auth/tokens 0.085s
2025-11-12 12:31:26.305 67447 INFO tempest.lib.common.rest_client [req-bf2d7fb3-ebfc-4536-9487-8bdfee291096 req-bf2d7fb3-ebfc-4536-9487-8bdfee291096 ] Request (ServersAdminTestJSON:test_inject_network_info): 200 GET http://10.180.1.21/compute/v2.1/servers/07a83833-8428-479f-8d2e-9e4fde5c9074 3.101s
2025-11-12 12:31:26.313 67447 INFO tempest.common.waiters [-] State transition "BUILD/spawning" ==> "ACTIVE/None" after 42 second wait
2025-11-12 12:31:26.338 67477 INFO tempest.lib.common.rest_client [req-10dca858-2add-45c7-8618-c7153ed4f015 req-10dca858-2add-45c7-8618-c7153ed4f015 ] Request (ImagesMetadataTestJSON:test_set_image_metadata): 200 GET http://10.180.1.21/compute/v2.1/images/36f2054f-d14b-4082-9fb5-a08c003d18bf/metadata 2.961s
2025-11-12 12:31:26.454 67435 INFO tempest.lib.common.rest_client [req-09245cc9-48fa-4880-8056-213b6e5ae781 req-09245cc9-48fa-4880-8056-213b6e5ae781 ] Request (MultipleCreateTestJSON:_run_cleanups): 200 GET http://10.180.1.21/compute/v2.1/servers/d0d2ede3-3640-46d2-997b-f0112b8d0ca2 3.014s
2025-11-12 12:31:26.564 67457 INFO tempest.lib.common.rest_client [req-d1872af6-8537-4f4f-9679-bd247d6342ca req-d1872af6-8537-4f4f-9679-bd247d6342ca ] Request (FloatingIPsAssociationTestJSON:tearDownClass): 200 GET http://10.180.1.21/compute/v2.1/servers/d262b230-e7b1-45e3-8fb9-e6a68388a200 2.911s
2025-11-12 12:31:26.601 67482 INFO tempest.lib.common.rest_client [req-5d448fa1-02a0-4b32-91b0-9b3190c52167 req-5d448fa1-02a0-4b32-91b0-9b3190c52167 ] Request (ServerActionsTestOtherB:setUpClass): 202 POST http://10.180.1.21/compute/v2.1/servers 3.988s
2025-11-12 12:31:26.631 67475 INFO tempest.lib.common.rest_client [req-dcc91b63-4733-471c-a980-e6b8ab75f4ca req-dcc91b63-4733-471c-a980-e6b8ab75f4ca ] Request (ServersAdminNegativeTestJSON:tearDownClass): 200 GET http://10.180.1.21/compute/v2.1/servers/c5723bf0-a6dc-44d2-9c4d-ef72dc3fa5e2 2.907s
2025-11-12 12:31:26.639 67449 INFO tempest.lib.common.rest_client [req-a73e9bc2-bfe7-4d63-b5ee-709f297d7331 req-a73e9bc2-bfe7-4d63-b5ee-709f297d7331 ] Request (InstanceActionsTestJSON:test_list_instance_actions): 200 GET http://10.180.1.21/compute/v2.1/servers/b1862abd-5908-4be5-8683-e20bfad5e313/os-instance-actions 2.487s
2025-11-12 12:31:26.639 67475 INFO tempest.common.waiters [-] State transition "SUSPENDED/deleting" ==> "DELETED/None" after 4 second wait
2025-11-12 12:31:26.649 67454 INFO tempest.lib.common.rest_client [req-70cc6aeb-4df9-4bb3-b88f-cd11f13545ea req-70cc6aeb-4df9-4bb3-b88f-cd11f13545ea ] Request (FlavorsV261TestJSON:_run_cleanups): 202 DELETE http://10.180.1.21/compute/v2.1/flavors/1033846056 2.469s
2025-11-12 12:31:26.663 67471 INFO tempest.lib.common.rest_client [req-6752fda8-8beb-4af2-a1fd-681684f6e8a9 req-6752fda8-8beb-4af2-a1fd-681684f6e8a9 ] Request (ImagesOneServerTestJSON:tearDownClass): 404 GET http://10.180.1.21/compute/v2.1/servers/0eaa8181-62d4-4ca2-bff3-cf7b1f3491a1 2.147s
2025-11-12 12:31:26.697 67433 INFO tempest.lib.common.rest_client [req-73a09111-4357-4d88-99d7-3845aca09880 req-73a09111-4357-4d88-99d7-3845aca09880 ] Request (ImagesOneServerNegativeTestJSON:_run_cleanups): 404 GET http://10.180.1.21/compute/v2.1/servers/4dcd85ca-f534-441b-a232-9f4d02797d9e 2.096s
2025-11-12 12:31:27.355 67461 INFO tempest.lib.common.rest_client [req-0fe6f072-736f-4293-90dc-11dd42c54df1 req-0fe6f072-736f-4293-90dc-11dd42c54df1 ] Request (ServerDiagnosticsTest:tearDownClass): 200 GET http://10.180.1.21/compute/v2.1/servers/8d0416a6-116f-4b3d-b7a3-e03981e5353a 2.552s
2025-11-12 12:31:27.392 67437 INFO tempest.lib.common.rest_client [req-ffdbbf83-4c11-48b4-99c8-b083fbf19ba5 req-ffdbbf83-4c11-48b4-99c8-b083fbf19ba5 ] Request (ServerRescueTestJSON:test_rescue_unrescue_instance): 200 GET http://10.180.1.21/compute/v2.1/servers/f90be738-e638-4bf0-bf2e-9972c79d86a7 2.856s
2025-11-12 12:31:27.402 67437 INFO tempest.common.waiters [-] State transition "BUILD/None" ==> "BUILD/spawning" after 27 second wait
2025-11-12 12:31:27.408 67451 INFO tempest.lib.common.rest_client [req-5e5ca2f5-05b5-4f6e-854c-e7b8bc0cf58b req-5e5ca2f5-05b5-4f6e-854c-e7b8bc0cf58b ] Request (KeyPairsV2TestJSON:_run_cleanups): 202 DELETE http://10.180.1.21/compute/v2.1/os-keypairs/tempest-keypair-401681064 2.190s
2025-11-12 12:31:27.540 67471 INFO tempest.lib.common.rest_client [req-93561729-f69c-4854-8cb5-0133575e4ba3 req-93561729-f69c-4854-8cb5-0133575e4ba3 ] Request (ImagesOneServerTestJSON:tearDownClass): 200 PUT http://10.180.1.21/networking/v2.0/routers/efacd23c-91b2-44fd-a7e9-c1d44ed4a3f3/remove_router_interface 0.876s
2025-11-12 12:31:27.573 67445 INFO tempest.lib.common.rest_client [req-dd9b05e7-f897-4d55-9bf5-4b09ba8de38f req-dd9b05e7-f897-4d55-9bf5-4b09ba8de38f ] Request (ServersTestMultiNic:test_verify_duplicate_network_nics): 200 GET http://10.180.1.21/compute/v2.1/servers/439c5789-4ffb-499d-9265-719f52caa158 2.411s
2025-11-12 12:31:27.583 67445 INFO tempest.common.waiters [-] State transition "BUILD/None" ==> "BUILD/networking" after 22 second wait
2025-11-12 12:31:27.592 67479 INFO paramiko.transport [-] Connected (version 2.0, client dropbear_2020.81)
2025-11-12 12:31:27.657 67479 INFO paramiko.transport [-] Authentication (publickey) successful!
2025-11-12 12:31:27.657 67479 INFO tempest.lib.common.ssh [-] ssh connection to cirros@10.180.180.254 successfully created
2025-11-12 12:31:27.686 67443 WARNING tempest.lib.common.ssh [-] Failed to establish authenticated ssh connection to cirros@10.180.180.159 ([Errno None] Unable to connect to port 22 on 10.180.180.159). Number attempts: 3. Retry after 4 seconds.: paramiko.ssh_exception.NoValidConnectionsError: [Errno None] Unable to connect to port 22 on 10.180.180.159
2025-11-12 12:31:27.824 67465 INFO tempest.lib.common.rest_client [req-d65891c8-372a-4a5d-9989-2e7f7f97651d req-d65891c8-372a-4a5d-9989-2e7f7f97651d ] Request (VolumesAssistedSnapshotsTest:tearDownClass): 200 GET http://10.180.1.21/compute/v2.1/servers/3ff5ac13-6b3f-44c3-94b0-548152e735a3 2.360s
2025-11-12 12:31:27.872 67493 INFO tempest.lib.common.rest_client [req-d23ec4c5-0d40-46b3-961c-794c688a3a51 req-d23ec4c5-0d40-46b3-961c-794c688a3a51 ] Request (ListServerFiltersTestJSON:test_list_servers_filter_by_shutoff_status): 200 GET http://10.180.1.21/compute/v2.1/servers/44e849d3-8774-463a-a643-cd496142b2bb 2.570s
2025-11-12 12:31:28.127 67463 INFO tempest.lib.common.rest_client [req-d42e0e38-e694-41b1-a372-e0efd00b2ab9 req-d42e0e38-e694-41b1-a372-e0efd00b2ab9 ] Request (VolumesSnapshotsTestJSON:test_volume_snapshot_create_get_list_delete): 200 POST http://10.180.1.21/compute/v2.1/os-snapshots 2.465s
2025-11-12 12:31:28.171 67471 INFO tempest.lib.common.rest_client [req-96374a72-b931-4800-88e6-8d4773c9b812 req-96374a72-b931-4800-88e6-8d4773c9b812 ] Request (ImagesOneServerTestJSON:tearDownClass): 204 DELETE http://10.180.1.21/networking/v2.0/routers/efacd23c-91b2-44fd-a7e9-c1d44ed4a3f3 0.630s
2025-11-12 12:31:28.171 67469 INFO tempest.lib.common.rest_client [req-c4d94e28-0434-45be-b2ad-cf1612159ae0 req-c4d94e28-0434-45be-b2ad-cf1612159ae0 ] Request (ServersTestJSON:_run_cleanups): 404 GET http://10.180.1.21/compute/v2.1/servers/d07a44d6-0117-4971-b80b-b871746c6459 2.253s
2025-11-12 12:31:28.204 67495 INFO tempest.lib.common.rest_client [req-157821ab-bed6-43e6-9cc8-609d0c1c5f46 req-157821ab-bed6-43e6-9cc8-609d0c1c5f46 ] Request (FlavorsAdminTestJSON:test_list_public_flavor_with_other_user): 200 GET http://10.180.1.21/compute/v2.1/flavors/detail 2.264s
2025-11-12 12:31:28.296 67469 INFO tempest.lib.common.rest_client [req-2fbd5704-f28f-4c2d-88fe-bdc280e8786a req-2fbd5704-f28f-4c2d-88fe-bdc280e8786a ] Request (ServersTestJSON:test_create_server_with_ipv6_addr_only): 201 POST http://10.180.1.21/identity/v3/auth/tokens 0.119s
2025-11-12 12:31:28.296 67469 INFO tempest.lib.common.fixed_network [-] (ServersTestJSON:test_create_server_with_ipv6_addr_only) Found network {'id': '47739904-19dc-4bc6-b37b-885ba1f49343', 'name': 'tempest-ServersTestJSON-573209210-network', 'tenant_id': 'f28bbada8f0149028aeb2da803a6bb66', 'project_id': 'f28bbada8f0149028aeb2da803a6bb66', 'admin_state_up': True, 'mtu': 8950, 'status': 'ACTIVE', 'subnets': [], 'shared': False, 'port_security_enabled': True, 'router:external': False, 'provider:network_type': 'vlan', 'provider:physical_network': 'default', 'provider:segmentation_id': 557, 'availability_zone_hints': [], 'availability_zones': [], 'ipv4_address_scope': None, 'ipv6_address_scope': None, 'description': '', 'tags': [], 'created_at': '2025-11-12T12:30:33Z', 'updated_at': '2025-11-12T12:30:33Z', 'revision_number': 1} available for tenant
2025-11-12 12:31:28.352 67471 INFO tempest.lib.common.rest_client [req-c60013c9-ec2b-4e36-a8e8-6482e56decda req-c60013c9-ec2b-4e36-a8e8-6482e56decda ] Request (ImagesOneServerTestJSON:tearDownClass): 204 DELETE http://10.180.1.21/networking/v2.0/subnets/915d94b8-a7ee-402e-9980-4ed55123cbcb 0.181s
2025-11-12 12:31:28.430 67473 INFO tempest.lib.common.rest_client [req-29c9d72e-6ad7-483e-87ae-4570882029b7 req-29c9d72e-6ad7-483e-87ae-4570882029b7 ] Request (ServerAddressesTestJSON:setUpClass): 200 GET http://10.180.1.21/compute/v2.1/servers/f7289989-6869-406c-ae60-782081d6dbc7 2.264s
2025-11-12 12:31:28.699 67471 INFO tempest.lib.common.rest_client [req-187e5508-504d-4852-b451-48ff975f1dfd req-187e5508-504d-4852-b451-48ff975f1dfd ] Request (ImagesOneServerTestJSON:tearDownClass): 204 DELETE http://10.180.1.21/networking/v2.0/networks/3880fde2-ece5-493e-bc51-c810398e8594 0.346s
2025-11-12 12:31:28.818 67441 INFO tempest.lib.common.rest_client [req-51ef24db-ef0b-46f6-83de-56d8391dc3f8 req-51ef24db-ef0b-46f6-83de-56d8391dc3f8 ] Request (MigrationsAdminTest:test_list_migrations_in_flavor_resize_situation): 202 POST http://10.180.1.21/compute/v2.1/servers 3.344s
2025-11-12 12:31:28.844 67491 INFO tempest.lib.common.rest_client [req-7dc3b3d5-f766-4908-bee4-149599d9408f req-7dc3b3d5-f766-4908-bee4-149599d9408f ] Request (ServerGroupTestJSON:test_create_server_with_scheduler_hint_group): 200 GET http://10.180.1.21/compute/v2.1/servers/bc8c17e3-a8e6-45e7-8470-0c01a51deb03 2.655s
2025-11-12 12:31:28.851 67471 INFO tempest.lib.common.rest_client [req-868beabd-c823-4f1e-9043-dc32c557d6c0 req-868beabd-c823-4f1e-9043-dc32c557d6c0 ] Request (ImagesOneServerTestJSON:tearDownClass): 204 DELETE http://10.180.1.21/identity/v3/users/cec1ed7700d9426bb11b2e2104adbbec 0.151s
2025-11-12 12:31:28.851 67471 INFO tempest.lib.common.dynamic_creds [-] Deleting project and security group for project: 5e57d6f6ce8c4c45960d78aa2c910c09
2025-11-12 12:31:28.883 67497 INFO tempest.lib.common.rest_client [req-4cce5590-b135-4e51-b9fa-be88f01bceb0 req-4cce5590-b135-4e51-b9fa-be88f01bceb0 ] Request (ListImageFiltersTestJSON:setUpClass): 200 GET http://10.180.1.21/compute/v2.1/images/2e922eb2-5838-4b0a-b55e-52525bcda95c 2.681s
2025-11-12 12:31:28.938 67471 INFO tempest.lib.common.rest_client [req-0941f86c-78f2-46b2-8562-18a796a95bd4 req-0941f86c-78f2-46b2-8562-18a796a95bd4 ] Request (ImagesOneServerTestJSON:tearDownClass): 200 GET http://10.180.1.21/networking/v2.0/security-groups?tenant_id=5e57d6f6ce8c4c45960d78aa2c910c09&name=default 0.086s
2025-11-12 12:31:29.073 67447 INFO tempest.lib.common.rest_client [req-77013709-41eb-4b4e-865b-0cd962286b58 req-77013709-41eb-4b4e-865b-0cd962286b58 ] Request (ServersAdminTestJSON:test_inject_network_info): 202 POST http://10.180.1.21/compute/v2.1/servers/07a83833-8428-479f-8d2e-9e4fde5c9074/action 2.760s
2025-11-12 12:31:29.102 67467 INFO tempest.lib.common.rest_client [req-deb55ada-95dc-47df-98e8-71c7a7891676 req-deb55ada-95dc-47df-98e8-71c7a7891676 ] Request (ServersTestJSON:setUpClass): 200 POST http://10.180.1.21/compute/v2.1/os-keypairs 2.859s
2025-11-12 12:31:29.123 67471 INFO tempest.lib.common.rest_client [req-a0f1f559-0b24-409d-90a5-d6ff6104698d req-a0f1f559-0b24-409d-90a5-d6ff6104698d ] Request (ImagesOneServerTestJSON:tearDownClass): 204 DELETE http://10.180.1.21/networking/v2.0/security-groups/2e85f7fb-bdf5-4e3e-ac0f-caf198ab2c0a 0.185s
2025-11-12 12:31:29.251 67471 INFO tempest.lib.common.rest_client [req-8e38cddd-a9d3-4e5f-bade-7a235b3d0859 req-8e38cddd-a9d3-4e5f-bade-7a235b3d0859 ] Request (ImagesOneServerTestJSON:tearDownClass): 204 DELETE http://10.180.1.21/identity/v3/projects/5e57d6f6ce8c4c45960d78aa2c910c09 0.127s
2025-11-12 12:31:29.273 67467 INFO tempest.lib.common.rest_client [req-7352ed3d-e215-4a08-a568-2c8bea08a8f8 req-7352ed3d-e215-4a08-a568-2c8bea08a8f8 ] Request (ServersTestJSON:setUpClass): 201 POST http://10.180.1.21/networking/v2.0/security-groups 0.169s
2025-11-12 12:31:29.313 67482 INFO tempest.lib.common.rest_client [req-e5ae3b13-f06e-40fb-910e-28498d0700b7 req-e5ae3b13-f06e-40fb-910e-28498d0700b7 ] Request (ServerActionsTestOtherB:setUpClass): 200 GET http://10.180.1.21/compute/v2.1/servers/d260e85b-0996-44ed-964f-fe82158034a7 2.709s
2025-11-12 12:31:29.315 67471 INFO tempest.lib.common.rest_client [req-7eb3d677-7bf1-4b20-a6f3-b84de273406f req-7eb3d677-7bf1-4b20-a6f3-b84de273406f ] Request (SecurityGroupRulesNegativeTestJSON:setUpClass): 201 POST http://10.180.1.21/identity/v3/auth/tokens 0.062s
2025-11-12 12:31:29.359 67471 INFO tempest.lib.common.rest_client [req-c0598671-33af-46c5-8bc2-43606ddc2c90 req-c0598671-33af-46c5-8bc2-43606ddc2c90 ] Request (SecurityGroupRulesNegativeTestJSON:setUpClass): 201 POST http://10.180.1.21/identity/v3/auth/tokens 0.041s
2025-11-12 12:31:29.396 67477 INFO tempest.lib.common.rest_client [req-e1960ec3-d604-4829-8e35-610067e64fa5 req-e1960ec3-d604-4829-8e35-610067e64fa5 ] Request (ImagesMetadataTestJSON:setUp): 200 PUT http://10.180.1.21/compute/v2.1/images/36f2054f-d14b-4082-9fb5-a08c003d18bf/metadata 3.052s
2025-11-12 12:31:29.413 67471 INFO tempest.lib.common.rest_client [req-a235326a-f7f7-49cd-a6c3-b6bdd34288b0 req-a235326a-f7f7-49cd-a6c3-b6bdd34288b0 ] Request (SecurityGroupRulesNegativeTestJSON:setUpClass): 200 GET http://10.180.1.21/identity/v3/domains?name=Default 0.054s
2025-11-12 12:31:29.413 67467 INFO tempest.lib.common.rest_client [req-c18c4fd4-55bd-4d70-bbb8-1964dd9b1078 req-c18c4fd4-55bd-4d70-bbb8-1964dd9b1078 ] Request (ServersTestJSON:setUpClass): 201 POST http://10.180.1.21/networking/v2.0/security-group-rules 0.140s
2025-11-12 12:31:29.449 67487 INFO tempest.lib.common.rest_client [req-93e38f6b-70a3-47e2-9dfb-24fb744ef371 req-93e38f6b-70a3-47e2-9dfb-24fb744ef371 ] Request (ListServersNegativeTestJSON:setUpClass): 200 GET http://10.180.1.21/compute/v2.1/servers/1099898f-60d3-4527-ba7b-fd5c6b02b9fa 2.827s
2025-11-12 12:31:29.474 67471 INFO tempest.lib.common.rest_client [req-7d6b4d88-ebc4-48f6-bd36-9c6333e7d976 req-7d6b4d88-ebc4-48f6-bd36-9c6333e7d976 ] Request (SecurityGroupRulesNegativeTestJSON:setUpClass): 201 POST http://10.180.1.21/identity/v3/projects 0.060s
2025-11-12 12:31:29.485 67454 INFO tempest.lib.common.rest_client [req-570f2e31-3577-475c-8e29-ec3da460d2bd req-570f2e31-3577-475c-8e29-ec3da460d2bd ] Request (FlavorsV261TestJSON:_run_cleanups): 200 GET http://10.180.1.21/compute/v2.1/flavors/detail 2.835s
2025-11-12 12:31:29.537 67449 INFO tempest.lib.common.rest_client [req-7c4e244e-7397-4d83-bda6-09f70933c836 req-7c4e244e-7397-4d83-bda6-09f70933c836 ] Request (InstanceActionsTestJSON:tearDownClass): 204 DELETE http://10.180.1.21/compute/v2.1/servers/b1862abd-5908-4be5-8683-e20bfad5e313 2.894s
2025-11-12 12:31:29.550 67471 INFO tempest.lib.common.rest_client [req-4ff530a6-a579-4d13-887d-da5698a7fded req-4ff530a6-a579-4d13-887d-da5698a7fded ] Request (SecurityGroupRulesNegativeTestJSON:setUpClass): 201 POST http://10.180.1.21/identity/v3/users 0.076s
2025-11-12 12:31:29.551 67433 INFO tempest.lib.common.rest_client [req-7036f333-8fca-4bb4-b3a8-fc8d1e76f07b req-7036f333-8fca-4bb4-b3a8-fc8d1e76f07b ] Request (ImagesOneServerNegativeTestJSON:_run_cleanups): 200 POST http://10.180.1.21/compute/v2.1/os-keypairs 2.851s
2025-11-12 12:31:29.561 67467 INFO tempest.lib.common.rest_client [req-ed7b9429-8dcc-4f29-a2fd-28ae7a092a4d req-ed7b9429-8dcc-4f29-a2fd-28ae7a092a4d ] Request (ServersTestJSON:setUpClass): 201 POST http://10.180.1.21/networking/v2.0/security-group-rules 0.148s
2025-11-12 12:31:29.569 67451 INFO tempest.lib.common.rest_client [req-e561e233-4408-464c-b330-798a6ea6f860 req-e561e233-4408-464c-b330-798a6ea6f860 ] Request (KeyPairsV2TestJSON:test_keypairs_create_list_delete): 200 POST http://10.180.1.21/compute/v2.1/os-keypairs 2.159s
2025-11-12 12:31:29.575 67435 INFO tempest.lib.common.rest_client [req-bb0b1201-c93e-456d-aaf2-45aa91c7b1e9 req-bb0b1201-c93e-456d-aaf2-45aa91c7b1e9 ] Request (MultipleCreateTestJSON:_run_cleanups): 404 GET http://10.180.1.21/compute/v2.1/servers/d0d2ede3-3640-46d2-997b-f0112b8d0ca2 2.108s
2025-11-12 12:31:29.659 67454 INFO tempest.lib.common.rest_client [req-dd5e0582-11bd-48bd-aeac-5b207f816bbd req-dd5e0582-11bd-48bd-aeac-5b207f816bbd ] Request (FlavorsV261TestJSON:tearDownClass): 204 DELETE http://10.180.1.21/identity/v3/users/ac65b433af714eeb894748250ce6fbab 0.161s
2025-11-12 12:31:29.693 67433 INFO tempest.lib.common.rest_client [req-2b2289b3-b301-4bde-861d-5e0307a47714 req-2b2289b3-b301-4bde-861d-5e0307a47714 ] Request (ImagesOneServerNegativeTestJSON:_run_cleanups): 201 POST http://10.180.1.21/networking/v2.0/security-groups 0.139s
2025-11-12 12:31:29.745 67471 INFO tempest.lib.common.rest_client [req-c7e8d689-5d12-4cb1-9ea2-079760706000 req-c7e8d689-5d12-4cb1-9ea2-079760706000 ] Request (SecurityGroupRulesNegativeTestJSON:setUpClass): 200 GET http://10.180.1.21/identity/v3/roles 0.194s
2025-11-12 12:31:29.799 67471 INFO tempest.lib.common.rest_client [req-cdfef578-7afc-489e-9f68-4feec3a98e27 req-cdfef578-7afc-489e-9f68-4feec3a98e27 ] Request (SecurityGroupRulesNegativeTestJSON:setUpClass): 204 PUT http://10.180.1.21/identity/v3/projects/7d86aa0986eb45b1af40f0376c5099cc/users/00fd5e2ccdd144ff96f81ce23cece423/roles/d86b6f0dbe7b426b9da2c296faeca5ab 0.053s
2025-11-12 12:31:29.799 67471 INFO tempest.lib.common.dynamic_creds [-] Dynamic test user 00fd5e2ccdd144ff96f81ce23cece423 is created with scope project and roles: ['member']
2025-11-12 12:31:29.800 67471 INFO tempest.lib.common.dynamic_creds [-] Acquired dynamic creds: credentials: Credentials: {'domain_id': 'default', 'domain_name': 'Default', 'username': 'tempest-SecurityGroupRulesNegativeTestJSON-393875186-project-member', 'project_domain_id': 'default', 'project_domain_name': 'Default', 'project_id': '7d86aa0986eb45b1af40f0376c5099cc', 'project_name': 'tempest-SecurityGroupRulesNegativeTestJSON-393875186', 'tenant_id': '7d86aa0986eb45b1af40f0376c5099cc', 'tenant_name': 'tempest-SecurityGroupRulesNegativeTestJSON-393875186', 'user_domain_id': 'default', 'user_domain_name': 'Default', 'user_id': '00fd5e2ccdd144ff96f81ce23cece423', 'system': None}, Network: None, Subnet: None, Router: None
2025-11-12 12:31:29.847 67454 INFO tempest.lib.common.rest_client [req-97e50252-f5a6-49fc-be6b-4f405160144b req-97e50252-f5a6-49fc-be6b-4f405160144b ] Request (FlavorsV261TestJSON:tearDownClass): 204 DELETE http://10.180.1.21/identity/v3/users/fac2e86d6587435bba8a6a978e2a93ac 0.188s
2025-11-12 12:31:29.847 67454 INFO tempest.lib.common.dynamic_creds [-] Deleting project and security group for project: 792abd62c0f74adf9f64acd2ce6d7601
2025-11-12 12:31:29.924 67471 INFO tempest.lib.common.rest_client [req-ffc270b6-04ec-4269-aef7-49c745e8c869 req-ffc270b6-04ec-4269-aef7-49c745e8c869 ] Request (SecurityGroupRulesNegativeTestJSON:setUpClass): 201 POST http://10.180.1.21/identity/v3/auth/tokens 0.124s
2025-11-12 12:31:29.952 67454 INFO tempest.lib.common.rest_client [req-d86f31fe-f683-42f2-b9ec-3837030e3db8 req-d86f31fe-f683-42f2-b9ec-3837030e3db8 ] Request (FlavorsV261TestJSON:tearDownClass): 201 POST http://10.180.1.21/identity/v3/auth/tokens 0.105s
2025-11-12 12:31:30.253 67467 INFO tempest.lib.common.rest_client [req-0e3e9d30-6732-4607-bb0a-16428e6d5b4c req-0e3e9d30-6732-4607-bb0a-16428e6d5b4c ] Request (ServersTestJSON:setUpClass): 201 POST http://10.180.1.21/networking/v2.0/floatingips 0.691s
2025-11-12 12:31:30.317 67475 INFO tempest.lib.common.rest_client [req-a6268313-7c14-4672-91b9-44ce6e844192 req-a6268313-7c14-4672-91b9-44ce6e844192 ] Request (ServersAdminNegativeTestJSON:tearDownClass): 200 GET http://10.180.1.21/compute/v2.1/servers/c5723bf0-a6dc-44d2-9c4d-ef72dc3fa5e2 2.675s
2025-11-12 12:31:30.333 67457 INFO tempest.lib.common.rest_client [req-716c2990-17dc-476f-9967-47baff7a367f req-716c2990-17dc-476f-9967-47baff7a367f ] Request (FloatingIPsAssociationTestJSON:tearDownClass): 200 GET http://10.180.1.21/compute/v2.1/servers/d262b230-e7b1-45e3-8fb9-e6a68388a200 2.758s
2025-11-12 12:31:30.350 67467 INFO tempest.lib.common.rest_client [req-38cc3718-0402-4b95-9790-752c8c218c5a req-38cc3718-0402-4b95-9790-752c8c218c5a ] Request (ServersTestJSON:setUpClass): 201 POST http://10.180.1.21/identity/v3/auth/tokens 0.094s
2025-11-12 12:31:30.351 67467 INFO tempest.lib.common.fixed_network [-] (ServersTestJSON:setUpClass) Found network {'id': '6ef9fff8-334b-43ea-9325-219bd5b0f33d', 'name': 'tempest-ServersTestJSON-941069734-network', 'tenant_id': '50ac93c4e5fc454c81d3dce89bf71bf0', 'project_id': '50ac93c4e5fc454c81d3dce89bf71bf0', 'admin_state_up': True, 'mtu': 8950, 'status': 'ACTIVE', 'subnets': [], 'shared': False, 'port_security_enabled': True, 'router:external': False, 'provider:network_type': 'vlan', 'provider:physical_network': 'default', 'provider:segmentation_id': 365, 'availability_zone_hints': [], 'availability_zones': [], 'ipv4_address_scope': None, 'ipv6_address_scope': None, 'description': '', 'tags': [], 'created_at': '2025-11-12T12:31:24Z', 'updated_at': '2025-11-12T12:31:24Z', 'revision_number': 1} available for tenant
2025-11-12 12:31:30.380 67463 INFO tempest.lib.common.rest_client [req-c7726d9c-d675-4766-b986-de67eebb125b req-c7726d9c-d675-4766-b986-de67eebb125b ] Request (VolumesSnapshotsTestJSON:test_volume_snapshot_create_get_list_delete): 200 GET http://10.180.1.21/compute/v2.1/os-snapshots/5bcfb303-45b0-402c-b567-aeecdfecee21 2.251s
2025-11-12 12:31:30.390 67479 INFO tempest.lib.common.rest_client [req-badd5279-40e6-4fe2-a766-daea300dd891 req-badd5279-40e6-4fe2-a766-daea300dd891 ] Request (ServersTestBootFromVolume:test_list_servers): 200 GET http://10.180.1.21/compute/v2.1/servers 2.724s
2025-11-12 12:31:30.403 67495 INFO tempest.lib.common.rest_client [req-99c0330d-bf1f-4e6d-9d18-9328c60a357f req-99c0330d-bf1f-4e6d-9d18-9328c60a357f ] Request (FlavorsAdminTestJSON:_run_cleanups): 202 DELETE http://10.180.1.21/compute/v2.1/flavors/851893723 2.189s
2025-11-12 12:31:30.432 67461 INFO tempest.lib.common.rest_client [req-86345ee6-acc6-4291-9f18-ca4cc54b9307 req-86345ee6-acc6-4291-9f18-ca4cc54b9307 ] Request (ServerDiagnosticsTest:tearDownClass): 404 GET http://10.180.1.21/compute/v2.1/servers/8d0416a6-116f-4b3d-b7a3-e03981e5353a 2.064s
2025-11-12 12:31:30.436 67433 INFO tempest.lib.common.rest_client [req-441538ab-aa46-42a3-b001-b003d3c1a70b req-441538ab-aa46-42a3-b001-b003d3c1a70b ] Request (ImagesOneServerNegativeTestJSON:_run_cleanups): 201 POST http://10.180.1.21/networking/v2.0/security-group-rules 0.742s
2025-11-12 12:31:30.523 67461 INFO tempest.lib.common.rest_client [req-44d7219d-8288-4ec9-838e-14c95dff1b0e req-44d7219d-8288-4ec9-838e-14c95dff1b0e ] Request (ServerDiagnosticsTest:tearDownClass): 204 DELETE http://10.180.1.21/identity/v3/users/286eb80086f14b50a5538e9c002faf2e 0.090s
2025-11-12 12:31:30.641 67461 INFO tempest.lib.common.rest_client [req-9fb8b49a-4174-4e38-b942-e6fe7fa4b580 req-9fb8b49a-4174-4e38-b942-e6fe7fa4b580 ] Request (ServerDiagnosticsTest:tearDownClass): 204 DELETE http://10.180.1.21/identity/v3/users/fec07fe9ba8548fcbaf25bc662eac7dc 0.118s
2025-11-12 12:31:30.642 67461 INFO tempest.lib.common.dynamic_creds [-] Deleting project and security group for project: 1657f3d095b044cf98881715518a53e5
2025-11-12 12:31:30.736 67461 INFO tempest.lib.common.rest_client [req-eaf3a0b6-614d-40f7-abbf-56eb2d4a3499 req-eaf3a0b6-614d-40f7-abbf-56eb2d4a3499 ] Request (ServerDiagnosticsTest:tearDownClass): 201 POST http://10.180.1.21/identity/v3/auth/tokens 0.094s
2025-11-12 12:31:30.810 67471 INFO tempest.lib.common.rest_client [req-ee5d2f82-8b6a-4186-b540-f9f5f05b1835 req-ee5d2f82-8b6a-4186-b540-f9f5f05b1835 ] Request (SecurityGroupRulesNegativeTestJSON:setUpClass): 201 POST http://10.180.1.21/networking/v2.0/networks 0.886s
2025-11-12 12:31:30.882 67454 INFO tempest.lib.common.rest_client [req-8051ec5b-6126-4c11-a7f1-52085e231374 req-8051ec5b-6126-4c11-a7f1-52085e231374 ] Request (FlavorsV261TestJSON:tearDownClass): 200 GET http://10.180.1.21/networking/v2.0/security-groups?tenant_id=792abd62c0f74adf9f64acd2ce6d7601&name=default 0.929s
2025-11-12 12:31:30.972 67433 INFO tempest.lib.common.rest_client [req-ac33cda7-eb5e-42db-ad2a-0571c7df1e5d req-ac33cda7-eb5e-42db-ad2a-0571c7df1e5d ] Request (ImagesOneServerNegativeTestJSON:_run_cleanups): 201 POST http://10.180.1.21/networking/v2.0/security-group-rules 0.536s
2025-11-12 12:31:31.018 67461 INFO tempest.lib.common.rest_client [req-7fedc1ff-f970-4cff-98e6-1f771f3f4a1c req-7fedc1ff-f970-4cff-98e6-1f771f3f4a1c ] Request (ServerDiagnosticsTest:tearDownClass): 200 GET http://10.180.1.21/networking/v2.0/security-groups?tenant_id=1657f3d095b044cf98881715518a53e5&name=default 0.281s
2025-11-12 12:31:31.318 67471 INFO tempest.lib.common.rest_client [req-13f8e80c-f2e7-4cc6-b995-fc368dfd405d req-13f8e80c-f2e7-4cc6-b995-fc368dfd405d ] Request (SecurityGroupRulesNegativeTestJSON:setUpClass): 201 POST http://10.180.1.21/networking/v2.0/subnets 0.507s
2025-11-12 12:31:31.446 67454 INFO tempest.lib.common.rest_client [req-af39ee6c-8f51-4e64-ac51-52dec33deea7 req-af39ee6c-8f51-4e64-ac51-52dec33deea7 ] Request (FlavorsV261TestJSON:tearDownClass): 204 DELETE http://10.180.1.21/networking/v2.0/security-groups/0e4c91ac-3c77-4f71-889c-f279bdd59eb0 0.563s
2025-11-12 12:31:31.511 67437 INFO tempest.lib.common.rest_client [req-6bc6204f-8717-4c86-88e6-a9d0cecadd8a req-6bc6204f-8717-4c86-88e6-a9d0cecadd8a ] Request (ServerRescueTestJSON:test_rescue_unrescue_instance): 200 GET http://10.180.1.21/compute/v2.1/servers/f90be738-e638-4bf0-bf2e-9972c79d86a7 3.108s
2025-11-12 12:31:31.532 67454 INFO tempest.lib.common.rest_client [req-66ac44fc-a10e-4518-b05b-b97f57d89ea1 req-66ac44fc-a10e-4518-b05b-b97f57d89ea1 ] Request (FlavorsV261TestJSON:tearDownClass): 204 DELETE http://10.180.1.21/identity/v3/projects/792abd62c0f74adf9f64acd2ce6d7601 0.086s
2025-11-12 12:31:31.533 67454 INFO tempest.lib.common.dynamic_creds [-] Deleting project and security group for project: 26c27820d271499ca57ea1f2b39832f3
2025-11-12 12:31:31.581 67461 INFO tempest.lib.common.rest_client [req-4ad27e45-ac66-472a-bd93-db9f21e578b5 req-4ad27e45-ac66-472a-bd93-db9f21e578b5 ] Request (ServerDiagnosticsTest:tearDownClass): 204 DELETE http://10.180.1.21/networking/v2.0/security-groups/fa1b7e95-7684-4712-b323-6d410e0e0d5b 0.539s
2025-11-12 12:31:31.699 67461 INFO tempest.lib.common.rest_client [req-ad94563d-f02d-44cc-9fe9-2f377a558589 req-ad94563d-f02d-44cc-9fe9-2f377a558589 ] Request (ServerDiagnosticsTest:tearDownClass): 204 DELETE http://10.180.1.21/identity/v3/projects/1657f3d095b044cf98881715518a53e5 0.118s
2025-11-12 12:31:31.700 67461 INFO tempest.lib.common.dynamic_creds [-] Deleting project and security group for project: ea573b075b354c15b6db354227a5a43b
2025-11-12 12:31:31.852 67433 INFO tempest.lib.common.rest_client [req-c9ced856-4c6d-41f1-852a-9f28eeaa0882 req-c9ced856-4c6d-41f1-852a-9f28eeaa0882 ] Request (ImagesOneServerNegativeTestJSON:_run_cleanups): 201 POST http://10.180.1.21/networking/v2.0/floatingips 0.879s
2025-11-12 12:31:31.924 67433 INFO tempest.lib.common.rest_client [req-f2d788ef-78d0-49d2-9142-666cfbd510b2 req-f2d788ef-78d0-49d2-9142-666cfbd510b2 ] Request (ImagesOneServerNegativeTestJSON:_run_cleanups): 201 POST http://10.180.1.21/identity/v3/auth/tokens 0.067s
2025-11-12 12:31:31.924 67433 INFO tempest.lib.common.fixed_network [-] (ImagesOneServerNegativeTestJSON:_run_cleanups) Found network {'id': '07b018ff-bebf-4860-92f1-19c40ba578c8', 'name': 'tempest-ImagesOneServerNegativeTestJSON-342601331-network', 'tenant_id': '2b898c6a96614186a0383b461cd2cb2b', 'project_id': '2b898c6a96614186a0383b461cd2cb2b', 'admin_state_up': True, 'mtu': 8950, 'status': 'ACTIVE', 'subnets': [], 'shared': False, 'port_security_enabled': True, 'router:external': False, 'provider:network_type': 'vlan', 'provider:physical_network': 'default', 'provider:segmentation_id': 767, 'availability_zone_hints': [], 'availability_zones': [], 'ipv4_address_scope': None, 'ipv6_address_scope': None, 'description': '', 'tags': [], 'created_at': '2025-11-12T12:29:18Z', 'updated_at': '2025-11-12T12:29:18Z', 'revision_number': 1} available for tenant
2025-11-12 12:31:32.660 67471 INFO tempest.lib.common.rest_client [req-c86bcda4-bee1-411a-9a8b-dccc82003ce3 req-c86bcda4-bee1-411a-9a8b-dccc82003ce3 ] Request (SecurityGroupRulesNegativeTestJSON:setUpClass): 201 POST http://10.180.1.21/networking/v2.0/routers 1.341s
2025-11-12 12:31:33.190 67459 WARNING tempest.lib.common.ssh [-] Failed to establish authenticated ssh connection to cirros@10.180.180.196 ([Errno None] Unable to connect to port 22 on 10.180.180.196). Number attempts: 9. Retry after 10 seconds.: paramiko.ssh_exception.NoValidConnectionsError: [Errno None] Unable to connect to port 22 on 10.180.180.196
2025-11-12 12:31:33.357 67454 INFO tempest.lib.common.rest_client [req-5241d42c-35ee-474b-8d79-a36dd6d563f4 req-5241d42c-35ee-474b-8d79-a36dd6d563f4 ] Request (FlavorsV261TestJSON:tearDownClass): 200 GET http://10.180.1.21/networking/v2.0/security-groups?tenant_id=26c27820d271499ca57ea1f2b39832f3&name=default 1.824s
2025-11-12 12:31:33.551 67461 INFO tempest.lib.common.rest_client [req-bcb51505-4367-457e-b6fd-e51ef25691d1 req-bcb51505-4367-457e-b6fd-e51ef25691d1 ] Request (ServerDiagnosticsTest:tearDownClass): 200 GET http://10.180.1.21/networking/v2.0/security-groups?tenant_id=ea573b075b354c15b6db354227a5a43b&name=default 1.851s
2025-11-12 12:31:34.460 67454 INFO tempest.lib.common.rest_client [req-d985ecb5-9035-4f30-9081-239e24e51728 req-d985ecb5-9035-4f30-9081-239e24e51728 ] Request (FlavorsV261TestJSON:tearDownClass): 204 DELETE http://10.180.1.21/networking/v2.0/security-groups/d72c815b-727e-42af-b617-131630e12285 1.102s
2025-11-12 12:31:34.497 67445 INFO tempest.lib.common.rest_client [req-372ac8e9-9a9e-4d4d-aebf-f5b60d2646c5 req-372ac8e9-9a9e-4d4d-aebf-f5b60d2646c5 ] Request (ServersTestMultiNic:test_verify_duplicate_network_nics): 200 GET http://10.180.1.21/compute/v2.1/servers/439c5789-4ffb-499d-9265-719f52caa158 5.912s
2025-11-12 12:31:34.506 67445 INFO tempest.common.waiters [-] State transition "BUILD/networking" ==> "BUILD/spawning" after 29 second wait
2025-11-12 12:31:34.534 67471 INFO tempest.lib.common.rest_client [req-a566b64e-a2cf-40a6-b662-6193aa5343a5 req-a566b64e-a2cf-40a6-b662-6193aa5343a5 ] Request (SecurityGroupRulesNegativeTestJSON:setUpClass): 200 PUT http://10.180.1.21/networking/v2.0/routers/67d61efd-0b49-42cf-9ce0-44eb8b392dd1/add_router_interface 1.873s
