2025-11-12 12:29:30.961 67479 INFO tempest.lib.common.rest_client [req-40b9b6e1-b136-473f-bd4c-344fefaa8ad5 req-40b9b6e1-b136-473f-bd4c-344fefaa8ad5 ] Request (ServersTestBootFromVolume:setUpClass): 200 GET http://10.180.1.21/identity/v3/domains?name=Default 0.033s
2025-11-12 12:29:30.997 67479 INFO tempest.lib.common.rest_client [req-3ce93ffb-e7e1-4119-8ea7-c0e949f55cf3 req-3ce93ffb-e7e1-4119-8ea7-c0e949f55cf3 ] Request (ServersTestBootFromVolume:setUpClass): 201 POST http://10.180.1.21/identity/v3/projects 0.036s
2025-11-12 12:29:31.038 67489 INFO tempest.lib.common.rest_client [req-15437e9b-6429-44ff-94d3-b898506169b2 req-15437e9b-6429-44ff-94d3-b898506169b2 ] Request (QuotasAdminTestV236:tearDownClass): 204 DELETE http://10.180.1.21/identity/v3/users/526afb8e2d0543778c90b0e87b531b75 0.125s
2025-11-12 12:29:31.086 67477 INFO tempest.lib.common.rest_client [req-5b478bb8-ffeb-4525-a579-c4d4cf9a614a req-5b478bb8-ffeb-4525-a579-c4d4cf9a614a ] Request (ServersAdmin275Test:test_rebuild_update_server_275): 200 GET http://10.180.1.21/compute/v2.1/servers/06320d13-26ed-461e-a445-772a039c59a2 2.824s
2025-11-12 12:29:31.105 67479 INFO tempest.lib.common.rest_client [req-bc278dc6-2b0a-4f0f-a7cd-d1dcb7300de6 req-bc278dc6-2b0a-4f0f-a7cd-d1dcb7300de6 ] Request (ServersTestBootFromVolume:setUpClass): 201 POST http://10.180.1.21/identity/v3/users 0.107s
2025-11-12 12:29:31.115 67495 INFO tempest.lib.common.rest_client [req-5382855a-524e-4514-a6f0-e3c9ff01ae72 req-5382855a-524e-4514-a6f0-e3c9ff01ae72 ] Request (FlavorsAdminTestJSON:_run_cleanups): 202 DELETE http://10.180.1.21/compute/v2.1/flavors/2086738829 2.833s
2025-11-12 12:29:31.122 67482 INFO tempest.lib.common.rest_client [req-269f53c9-f3ad-4dd6-b6ae-f69e13a59554 req-269f53c9-f3ad-4dd6-b6ae-f69e13a59554 ] Request (HypervisorAdminNegativeTestJSON:test_get_nonexistent_hypervisor_uptime): 404 GET http://10.180.1.21/compute/v2.1/os-hypervisors/09ba2139-d46d-423e-bd0d-063582cc4ec0/uptime 2.837s
2025-11-12 12:29:31.134 67479 INFO tempest.lib.common.rest_client [req-bccd9fdc-a8df-414e-b117-73ff0324e793 req-bccd9fdc-a8df-414e-b117-73ff0324e793 ] Request (ServersTestBootFromVolume:setUpClass): 200 GET http://10.180.1.21/identity/v3/roles 0.029s
2025-11-12 12:29:31.140 67459 INFO tempest.lib.common.rest_client [req-5e36d282-5947-433e-9cc4-f6069b879f0c req-5e36d282-5947-433e-9cc4-f6069b879f0c ] Request (ServersWithSpecificFlavorTestJSON:test_verify_created_server_ephemeral_disk): 200 POST http://10.180.1.21/compute/v2.1/flavors 2.826s
2025-11-12 12:29:31.162 67489 INFO tempest.lib.common.rest_client [req-8fc4d02f-4531-4b20-8d7c-4462a844e119 req-8fc4d02f-4531-4b20-8d7c-4462a844e119 ] Request (QuotasAdminTestV236:tearDownClass): 204 DELETE http://10.180.1.21/identity/v3/users/39a1d900ab764603bf836c92bfdbffb9 0.124s
2025-11-12 12:29:31.163 67489 INFO tempest.lib.common.dynamic_creds [-] Deleting project and security group for project: c244cd7564c14c5ea0db711d51f145da
2025-11-12 12:29:31.200 67479 INFO tempest.lib.common.rest_client [req-32ef0884-4980-494d-ada8-d527183ff2a5 req-32ef0884-4980-494d-ada8-d527183ff2a5 ] Request (ServersTestBootFromVolume:setUpClass): 204 PUT http://10.180.1.21/identity/v3/projects/ac7463ed0cf54fd6a68855f415804024/users/947f6f3c7e7b411ba88f1a81209bdea2/roles/d86b6f0dbe7b426b9da2c296faeca5ab 0.065s
2025-11-12 12:29:31.200 67479 INFO tempest.lib.common.dynamic_creds [-] Dynamic test user 947f6f3c7e7b411ba88f1a81209bdea2 is created with scope project and roles: ['member']
2025-11-12 12:29:31.201 67479 INFO tempest.lib.common.dynamic_creds [-] Acquired dynamic creds: credentials: Credentials: {'domain_id': 'default', 'domain_name': 'Default', 'username': 'tempest-ServersTestBootFromVolume-2076386020-project-member', 'project_domain_id': 'default', 'project_domain_name': 'Default', 'project_id': 'ac7463ed0cf54fd6a68855f415804024', 'project_name': 'tempest-ServersTestBootFromVolume-2076386020', 'tenant_id': 'ac7463ed0cf54fd6a68855f415804024', 'tenant_name': 'tempest-ServersTestBootFromVolume-2076386020', 'user_domain_id': 'default', 'user_domain_name': 'Default', 'user_id': '947f6f3c7e7b411ba88f1a81209bdea2', 'system': None}, Network: None, Subnet: None, Router: None
2025-11-12 12:29:31.224 67489 INFO tempest.lib.common.rest_client [req-3d2168db-c9af-4baf-b251-dc97b02c52a6 req-3d2168db-c9af-4baf-b251-dc97b02c52a6 ] Request (QuotasAdminTestV236:tearDownClass): 201 POST http://10.180.1.21/identity/v3/auth/tokens 0.061s
2025-11-12 12:29:31.264 67479 INFO tempest.lib.common.rest_client [req-cc11e4e0-21ab-4901-82d9-3a85f3600c28 req-cc11e4e0-21ab-4901-82d9-3a85f3600c28 ] Request (ServersTestBootFromVolume:setUpClass): 201 POST http://10.180.1.21/identity/v3/auth/tokens 0.063s
2025-11-12 12:29:31.467 67454 INFO tempest.lib.common.rest_client [req-7d962b54-1f72-4e0a-8f10-5d4b9cc44bac req-7d962b54-1f72-4e0a-8f10-5d4b9cc44bac ] Request (DeleteServersAdminTestJSON:test_admin_delete_servers_of_others): 200 GET http://10.180.1.21/compute/v2.1/servers/961e1203-30a2-4538-ab77-722c3932952e 2.772s
2025-11-12 12:29:31.627 67461 INFO tempest.lib.common.rest_client [req-d6738c0b-ca3c-4a57-a06e-7b811241c17c req-d6738c0b-ca3c-4a57-a06e-7b811241c17c ] Request (QuotasAdminNegativeTest:test_create_server_when_instances_quota_is_full): 200 PUT http://10.180.1.21/compute/v2.1/os-quota-sets/edf3cbf5952d4b86aea8e999196b8e50 2.844s
2025-11-12 12:29:31.661 67489 INFO tempest.lib.common.rest_client [req-6ab253b9-e4d7-42d0-be66-4d22a6da785e req-6ab253b9-e4d7-42d0-be66-4d22a6da785e ] Request (QuotasAdminTestV236:tearDownClass): 200 GET http://10.180.1.21/networking/v2.0/security-groups?tenant_id=c244cd7564c14c5ea0db711d51f145da&name=default 0.436s
2025-11-12 12:29:31.685 67461 INFO tempest.lib.common.rest_client [req-e27ae34b-804a-4226-a8f6-42734a02ba47 req-e27ae34b-804a-4226-a8f6-42734a02ba47 ] Request (QuotasAdminNegativeTest:test_create_server_when_instances_quota_is_full): 201 POST http://10.180.1.21/identity/v3/auth/tokens 0.053s
2025-11-12 12:29:31.686 67461 INFO tempest.lib.common.fixed_network [-] (QuotasAdminNegativeTest:test_create_server_when_instances_quota_is_full) Found network None available for tenant
2025-11-12 12:29:31.804 67479 INFO tempest.lib.common.rest_client [req-22e12f70-48f1-4d37-b916-22d997c1d0d3 req-22e12f70-48f1-4d37-b916-22d997c1d0d3 ] Request (ServersTestBootFromVolume:setUpClass): 201 POST http://10.180.1.21/networking/v2.0/networks 0.539s
2025-11-12 12:29:31.880 67489 INFO tempest.lib.common.rest_client [req-5931e2eb-b6e8-4da4-bf70-196359ec1e14 req-5931e2eb-b6e8-4da4-bf70-196359ec1e14 ] Request (QuotasAdminTestV236:tearDownClass): 204 DELETE http://10.180.1.21/networking/v2.0/security-groups/c0d14fff-d011-478d-8394-53afe781f9ba 0.219s
2025-11-12 12:29:31.963 67439 INFO tempest.lib.common.rest_client [req-530f16ff-6d22-4d9b-90b2-471f17c90f05 req-530f16ff-6d22-4d9b-90b2-471f17c90f05 ] Request (FloatingIPsAssociationNegativeTestJSON:setUpClass): 202 POST http://10.180.1.21/compute/v2.1/servers 4.338s
2025-11-12 12:29:31.963 67489 INFO tempest.lib.common.rest_client [req-fcc9a42b-9f24-4642-ac1f-0bb533754841 req-fcc9a42b-9f24-4642-ac1f-0bb533754841 ] Request (QuotasAdminTestV236:tearDownClass): 204 DELETE http://10.180.1.21/identity/v3/projects/c244cd7564c14c5ea0db711d51f145da 0.082s
2025-11-12 12:29:31.964 67489 INFO tempest.lib.common.dynamic_creds [-] Deleting project and security group for project: ff2bc6f49c9a4903ae5fcd8ef087c181
2025-11-12 12:29:31.987 67441 INFO tempest.lib.common.rest_client [req-3961993a-5a14-462a-97a9-9e5f5f828337 req-3961993a-5a14-462a-97a9-9e5f5f828337 ] Request (FlavorsAccessNegativeTestJSON:_run_cleanups): 200 GET http://10.180.1.21/compute/v2.1/flavors/detail 2.820s
2025-11-12 12:29:32.010 67491 INFO tempest.lib.common.rest_client [req-e6e97248-1a40-4b1c-9ecb-759520e31078 req-e6e97248-1a40-4b1c-9ecb-759520e31078 ] Request (FlavorsV255TestJSON:_run_cleanups): 200 GET http://10.180.1.21/compute/v2.1/flavors/detail 2.826s
2025-11-12 12:29:32.035 67467 INFO tempest.lib.common.rest_client [req-9e1ee0dd-67b9-46d4-8a49-82a1c51c7363 req-9e1ee0dd-67b9-46d4-8a49-82a1c51c7363 ] Request (AggregatesAdminNegativeTestJSON:test_aggregate_add_host_as_user): 200 POST http://10.180.1.21/compute/v2.1/os-aggregates 2.739s
2025-11-12 12:29:32.056 67451 INFO tempest.lib.common.rest_client [req-73ab118a-4ba4-4308-98af-9415a6623573 req-73ab118a-4ba4-4308-98af-9415a6623573 ] Request (FlavorsAccessTestJSON:_run_cleanups): 200 GET http://10.180.1.21/compute/v2.1/flavors/detail 2.745s
2025-11-12 12:29:32.082 67479 INFO tempest.lib.common.rest_client [req-3c639798-7ce4-4211-905b-ff51002ba739 req-3c639798-7ce4-4211-905b-ff51002ba739 ] Request (ServersTestBootFromVolume:setUpClass): 201 POST http://10.180.1.21/networking/v2.0/subnets 0.277s
2025-11-12 12:29:32.157 67491 INFO tempest.lib.common.rest_client [req-1701254d-8f77-49c5-af6b-fdc5975607ab req-1701254d-8f77-49c5-af6b-fdc5975607ab ] Request (FlavorsV255TestJSON:tearDownClass): 204 DELETE http://10.180.1.21/identity/v3/users/1b53095680f64498859ab1f6909ec93f 0.135s
2025-11-12 12:29:32.275 67449 INFO tempest.lib.common.rest_client [req-1cfead83-cfc3-4dbc-8e09-e9bd225bd8a3 req-1cfead83-cfc3-4dbc-8e09-e9bd225bd8a3 ] Request (ServerExternalEventsTest:test_create_server_external_events): 200 POST http://10.180.1.21/compute/v2.1/os-server-external-events 2.631s
2025-11-12 12:29:32.275 67491 INFO tempest.lib.common.rest_client [req-ee4240d6-1c31-4b57-a3bf-2d3d058d41e0 req-ee4240d6-1c31-4b57-a3bf-2d3d058d41e0 ] Request (FlavorsV255TestJSON:tearDownClass): 204 DELETE http://10.180.1.21/identity/v3/users/58e4e27ed94548a3b1386337f621edb8 0.117s
2025-11-12 12:29:32.275 67491 INFO tempest.lib.common.dynamic_creds [-] Deleting project and security group for project: 162b657c913241679c73ee6552ea95d4
2025-11-12 12:29:32.353 67489 INFO tempest.lib.common.rest_client [req-2656d9a5-4c2a-49bd-9e45-c0f6e43d5d6d req-2656d9a5-4c2a-49bd-9e45-c0f6e43d5d6d ] Request (QuotasAdminTestV236:tearDownClass): 200 GET http://10.180.1.21/networking/v2.0/security-groups?tenant_id=ff2bc6f49c9a4903ae5fcd8ef087c181&name=default 0.388s
2025-11-12 12:29:32.360 67491 INFO tempest.lib.common.rest_client [req-4535be71-f1bf-4f98-8b26-44a80a947a36 req-4535be71-f1bf-4f98-8b26-44a80a947a36 ] Request (FlavorsV255TestJSON:tearDownClass): 201 POST http://10.180.1.21/identity/v3/auth/tokens 0.085s
2025-11-12 12:29:32.857 67489 INFO tempest.lib.common.rest_client [req-0ba137d5-0945-434c-8b91-ec68e20864f0 req-0ba137d5-0945-434c-8b91-ec68e20864f0 ] Request (QuotasAdminTestV236:tearDownClass): 204 DELETE http://10.180.1.21/networking/v2.0/security-groups/458670c0-ad3e-4b45-a8be-9b230cf85464 0.504s
2025-11-12 12:29:32.950 67489 INFO tempest.lib.common.rest_client [req-717dbe8d-4163-4cbc-bdbb-87aadaf7046a req-717dbe8d-4163-4cbc-bdbb-87aadaf7046a ] Request (QuotasAdminTestV236:tearDownClass): 204 DELETE http://10.180.1.21/identity/v3/projects/ff2bc6f49c9a4903ae5fcd8ef087c181 0.093s
2025-11-12 12:29:32.957 67497 INFO tempest.lib.common.rest_client [req-750520f7-a00a-4547-a98b-1b0013b4ee58 req-750520f7-a00a-4547-a98b-1b0013b4ee58 ] Request (ServerDiagnosticsV248Test:test_get_server_diagnostics): 200 GET http://10.180.1.21/compute/v2.1/servers/9331d1fc-74e4-4143-8f37-8c028d5eead7/diagnostics 3.107s
2025-11-12 12:29:32.994 67435 INFO tempest.lib.common.rest_client [req-b8086668-efbb-4de4-b411-de7766e9db01 req-b8086668-efbb-4de4-b411-de7766e9db01 ] Request (ServerDiagnosticsNegativeTest:test_get_server_diagnostics_by_non_admin): 403 GET http://10.180.1.21/compute/v2.1/servers/38f5ce3f-8e00-408d-8956-b3b649788446/diagnostics 2.861s
2025-11-12 12:29:33.022 67489 INFO tempest.lib.common.rest_client [req-b719292a-6f1a-421f-8168-0e253f0a82dc req-b719292a-6f1a-421f-8168-0e253f0a82dc ] Request (ServicesAdminNegativeTestJSON:setUpClass): 201 POST http://10.180.1.21/identity/v3/auth/tokens 0.069s
2025-11-12 12:29:33.054 67489 INFO tempest.lib.common.rest_client [req-295bfde4-f064-4265-8921-8f6fd52e5aba req-295bfde4-f064-4265-8921-8f6fd52e5aba ] Request (ServicesAdminNegativeTestJSON:setUpClass): 201 POST http://10.180.1.21/identity/v3/auth/tokens 0.030s
2025-11-12 12:29:33.089 67489 INFO tempest.lib.common.rest_client [req-7be551e5-54d6-4257-99ba-8aa6becfb2f1 req-7be551e5-54d6-4257-99ba-8aa6becfb2f1 ] Request (ServicesAdminNegativeTestJSON:setUpClass): 200 GET http://10.180.1.21/identity/v3/domains?name=Default 0.035s
2025-11-12 12:29:33.130 67489 INFO tempest.lib.common.rest_client [req-a6eac429-82d2-4799-99b9-226b2144095f req-a6eac429-82d2-4799-99b9-226b2144095f ] Request (ServicesAdminNegativeTestJSON:setUpClass): 201 POST http://10.180.1.21/identity/v3/projects 0.040s
2025-11-12 12:29:33.147 67491 INFO tempest.lib.common.rest_client [req-d7bf2663-d873-4608-9981-2f162f31f3fa req-d7bf2663-d873-4608-9981-2f162f31f3fa ] Request (FlavorsV255TestJSON:tearDownClass): 200 GET http://10.180.1.21/networking/v2.0/security-groups?tenant_id=162b657c913241679c73ee6552ea95d4&name=default 0.786s
2025-11-12 12:29:33.188 67479 INFO tempest.lib.common.rest_client [req-81a9e084-12a7-44bb-8804-ca305bf9c35b req-81a9e084-12a7-44bb-8804-ca305bf9c35b ] Request (ServersTestBootFromVolume:setUpClass): 201 POST http://10.180.1.21/networking/v2.0/routers 1.106s
2025-11-12 12:29:33.244 67489 INFO tempest.lib.common.rest_client [req-97962034-606f-472f-8396-f9ea5413dc6f req-97962034-606f-472f-8396-f9ea5413dc6f ] Request (ServicesAdminNegativeTestJSON:setUpClass): 201 POST http://10.180.1.21/identity/v3/users 0.112s
2025-11-12 12:29:33.272 67489 INFO tempest.lib.common.rest_client [req-075b8c1d-18fe-4fbd-82ee-b755c7afd82b req-075b8c1d-18fe-4fbd-82ee-b755c7afd82b ] Request (ServicesAdminNegativeTestJSON:setUpClass): 200 GET http://10.180.1.21/identity/v3/roles 0.028s
2025-11-12 12:29:33.317 67489 INFO tempest.lib.common.rest_client [req-4d7f31ad-8f46-4485-8085-0ee9e5131aea req-4d7f31ad-8f46-4485-8085-0ee9e5131aea ] Request (ServicesAdminNegativeTestJSON:setUpClass): 204 PUT http://10.180.1.21/identity/v3/projects/7a8388d04eb9434b868c225cba23f3f0/users/38efab27413948e5a4b91262f68677e2/roles/d86b6f0dbe7b426b9da2c296faeca5ab 0.044s
2025-11-12 12:29:33.318 67489 INFO tempest.lib.common.dynamic_creds [-] Dynamic test user 38efab27413948e5a4b91262f68677e2 is created with scope project and roles: ['member']
2025-11-12 12:29:33.319 67489 INFO tempest.lib.common.dynamic_creds [-] Acquired dynamic creds: credentials: Credentials: {'domain_id': 'default', 'domain_name': 'Default', 'username': 'tempest-ServicesAdminNegativeTestJSON-933080149-project-member', 'project_domain_id': 'default', 'project_domain_name': 'Default', 'project_id': '7a8388d04eb9434b868c225cba23f3f0', 'project_name': 'tempest-ServicesAdminNegativeTestJSON-933080149', 'tenant_id': '7a8388d04eb9434b868c225cba23f3f0', 'tenant_name': 'tempest-ServicesAdminNegativeTestJSON-933080149', 'user_domain_id': 'default', 'user_domain_name': 'Default', 'user_id': '38efab27413948e5a4b91262f68677e2', 'system': None}, Network: None, Subnet: None, Router: None
2025-11-12 12:29:33.319 67489 INFO tempest.lib.common.dynamic_creds [-] Created isolated network resources for: credentials: Credentials: {'domain_id': 'default', 'domain_name': 'Default', 'username': 'tempest-ServicesAdminNegativeTestJSON-933080149-project-member', 'project_domain_id': 'default', 'project_domain_name': 'Default', 'project_id': '7a8388d04eb9434b868c225cba23f3f0', 'project_name': 'tempest-ServicesAdminNegativeTestJSON-933080149', 'tenant_id': '7a8388d04eb9434b868c225cba23f3f0', 'tenant_name': 'tempest-ServicesAdminNegativeTestJSON-933080149', 'user_domain_id': 'default', 'user_domain_name': 'Default', 'user_id': '38efab27413948e5a4b91262f68677e2', 'system': None}, Network: None, Subnet: None, Router: None
2025-11-12 12:29:33.419 67489 INFO tempest.lib.common.rest_client [req-d22befbe-7d77-4400-8ed2-6aebe34043d4 req-d22befbe-7d77-4400-8ed2-6aebe34043d4 ] Request (ServicesAdminNegativeTestJSON:setUpClass): 201 POST http://10.180.1.21/identity/v3/auth/tokens 0.095s
2025-11-12 12:29:33.431 67491 INFO tempest.lib.common.rest_client [req-9e15547d-b97b-49ab-b402-65461efc22d3 req-9e15547d-b97b-49ab-b402-65461efc22d3 ] Request (FlavorsV255TestJSON:tearDownClass): 204 DELETE http://10.180.1.21/networking/v2.0/security-groups/b95d7dc0-3992-4e39-bd1a-4a361dba7444 0.283s
2025-11-12 12:29:33.512 67489 INFO tempest.lib.common.rest_client [req-531a0124-910e-4ffe-a4e7-7f9a7522486f req-531a0124-910e-4ffe-a4e7-7f9a7522486f ] Request (ServicesAdminNegativeTestJSON:setUpClass): 201 POST http://10.180.1.21/identity/v3/projects 0.093s
2025-11-12 12:29:33.588 67491 INFO tempest.lib.common.rest_client [req-6eeff50e-4189-4ba1-bce9-1fa922aef75d req-6eeff50e-4189-4ba1-bce9-1fa922aef75d ] Request (FlavorsV255TestJSON:tearDownClass): 204 DELETE http://10.180.1.21/identity/v3/projects/162b657c913241679c73ee6552ea95d4 0.156s
2025-11-12 12:29:33.589 67491 INFO tempest.lib.common.dynamic_creds [-] Deleting project and security group for project: 29354ef4948b42adb0a57dd2e83ad287
2025-11-12 12:29:33.636 67489 INFO tempest.lib.common.rest_client [req-e170ec6d-ee15-4e16-9d1b-139527be5245 req-e170ec6d-ee15-4e16-9d1b-139527be5245 ] Request (ServicesAdminNegativeTestJSON:setUpClass): 201 POST http://10.180.1.21/identity/v3/users 0.122s
2025-11-12 12:29:33.672 67489 INFO tempest.lib.common.rest_client [req-d2d1687f-296d-40f0-b401-40095827b53c req-d2d1687f-296d-40f0-b401-40095827b53c ] Request (ServicesAdminNegativeTestJSON:setUpClass): 200 GET http://10.180.1.21/identity/v3/roles 0.035s
2025-11-12 12:29:33.703 67489 INFO tempest.lib.common.rest_client [req-b22a04ea-9c81-4434-a7c8-0b14d55c581e req-b22a04ea-9c81-4434-a7c8-0b14d55c581e ] Request (ServicesAdminNegativeTestJSON:setUpClass): 204 PUT http://10.180.1.21/identity/v3/projects/3ec6d1b44e6e4ba3862e4ffae109b96f/users/383a5037e5ed4e5cb01dd0361adfafa4/roles/d163fbf59ed1427c9149848333b8d69d 0.031s
2025-11-12 12:29:33.765 67489 INFO tempest.lib.common.rest_client [req-3f61092a-a2e2-49f9-b537-d3268d948bcf req-3f61092a-a2e2-49f9-b537-d3268d948bcf ] Request (ServicesAdminNegativeTestJSON:setUpClass): 200 GET http://10.180.1.21/identity/v3/roles 0.061s
2025-11-12 12:29:33.785 67489 INFO tempest.lib.common.rest_client [req-50caf9ed-2e17-4428-9dfd-da0ec6e85f3b req-50caf9ed-2e17-4428-9dfd-da0ec6e85f3b ] Request (ServicesAdminNegativeTestJSON:setUpClass): 204 PUT http://10.180.1.21/identity/v3/projects/3ec6d1b44e6e4ba3862e4ffae109b96f/users/383a5037e5ed4e5cb01dd0361adfafa4/roles/d163fbf59ed1427c9149848333b8d69d 0.019s
2025-11-12 12:29:33.785 67489 INFO tempest.lib.common.dynamic_creds [-] Dynamic test user 383a5037e5ed4e5cb01dd0361adfafa4 is created with scope project and roles: ['admin']
2025-11-12 12:29:33.785 67489 INFO tempest.lib.common.dynamic_creds [-] Acquired dynamic creds: credentials: Credentials: {'domain_id': 'default', 'domain_name': 'Default', 'username': 'tempest-ServicesAdminNegativeTestJSON-1321340453-project-admin', 'project_domain_id': 'default', 'project_domain_name': 'Default', 'project_id': '3ec6d1b44e6e4ba3862e4ffae109b96f', 'project_name': 'tempest-ServicesAdminNegativeTestJSON-1321340453', 'tenant_id': '3ec6d1b44e6e4ba3862e4ffae109b96f', 'tenant_name': 'tempest-ServicesAdminNegativeTestJSON-1321340453', 'user_domain_id': 'default', 'user_domain_name': 'Default', 'user_id': '383a5037e5ed4e5cb01dd0361adfafa4', 'system': None}, Network: None, Subnet: None, Router: None
2025-11-12 12:29:33.786 67489 INFO tempest.lib.common.dynamic_creds [-] Created isolated network resources for: credentials: Credentials: {'domain_id': 'default', 'domain_name': 'Default', 'username': 'tempest-ServicesAdminNegativeTestJSON-1321340453-project-admin', 'project_domain_id': 'default', 'project_domain_name': 'Default', 'project_id': '3ec6d1b44e6e4ba3862e4ffae109b96f', 'project_name': 'tempest-ServicesAdminNegativeTestJSON-1321340453', 'tenant_id': '3ec6d1b44e6e4ba3862e4ffae109b96f', 'tenant_name': 'tempest-ServicesAdminNegativeTestJSON-1321340453', 'user_domain_id': 'default', 'user_domain_name': 'Default', 'user_id': '383a5037e5ed4e5cb01dd0361adfafa4', 'system': None}, Network: None, Subnet: None, Router: None
2025-11-12 12:29:33.871 67489 INFO tempest.lib.common.rest_client [req-f89eae8e-2399-45db-a69b-55d4b0e3552f req-f89eae8e-2399-45db-a69b-55d4b0e3552f ] Request (ServicesAdminNegativeTestJSON:setUpClass): 201 POST http://10.180.1.21/identity/v3/auth/tokens 0.083s
2025-11-12 12:29:34.296 67479 INFO tempest.lib.common.rest_client [req-21d0111f-931d-4e61-be7f-d0ce1f052721 req-21d0111f-931d-4e61-be7f-d0ce1f052721 ] Request (ServersTestBootFromVolume:setUpClass): 200 PUT http://10.180.1.21/networking/v2.0/routers/15bf28c4-bfc3-400f-b1c2-8c0e0b7f2db4/add_router_interface 1.107s
2025-11-12 12:29:34.297 67479 INFO tempest.lib.common.dynamic_creds [-] Created isolated network resources for: credentials: Credentials: {'domain_id': 'default', 'domain_name': 'Default', 'username': 'tempest-ServersTestBootFromVolume-2076386020-project-member', 'project_domain_id': 'default', 'project_domain_name': 'Default', 'project_id': 'ac7463ed0cf54fd6a68855f415804024', 'project_name': 'tempest-ServersTestBootFromVolume-2076386020', 'tenant_id': 'ac7463ed0cf54fd6a68855f415804024', 'tenant_name': 'tempest-ServersTestBootFromVolume-2076386020', 'user_domain_id': 'default', 'user_domain_name': 'Default', 'user_id': '947f6f3c7e7b411ba88f1a81209bdea2', 'system': None}, Network: {'id': 'f5905284-a261-4cae-88cc-80559adad99d', 'name': 'tempest-ServersTestBootFromVolume-1613575113-network', 'tenant_id': 'ac7463ed0cf54fd6a68855f415804024', 'project_id': 'ac7463ed0cf54fd6a68855f415804024', 'admin_state_up': True, 'mtu': 8950, 'status': 'ACTIVE', 'subnets': [], 'shared': False, 'port_security_enabled': True, 'router:external': False, 'provider:network_type': 'vlan', 'provider:physical_network': 'default', 'provider:segmentation_id': 605, 'availability_zone_hints': [], 'availability_zones': [], 'ipv4_address_scope': None, 'ipv6_address_scope': None, 'description': '', 'tags': [], 'created_at': '2025-11-12T12:29:31Z', 'updated_at': '2025-11-12T12:29:31Z', 'revision_number': 1}, Subnet: {'id': 'a655c728-8cbd-4b0b-99d7-fbbe6c0031c5', 'name': 'tempest-ServersTestBootFromVolume-1613575113-subnet', 'tenant_id': 'ac7463ed0cf54fd6a68855f415804024', 'network_id': 'f5905284-a261-4cae-88cc-80559adad99d', 'ip_version': 4, 'subnetpool_id': None, 'enable_dhcp': True, 'ipv6_ra_mode': None, 'ipv6_address_mode': None, 'gateway_ip': '192.168.128.1', 'cidr': '192.168.128.0/28', 'allocation_pools': [{'start': '192.168.128.2', 'end': '192.168.128.14'}], 'host_routes': [], 'dns_nameservers': [], 'description': '', 'router:external': False, 'service_types': [], 'tags': [], 'created_at': '2025-11-12T12:29:31Z', 'updated_at': '2025-11-12T12:29:31Z', 'revision_number': 0, 'project_id': 'ac7463ed0cf54fd6a68855f415804024'}, Router: {'id': '15bf28c4-bfc3-400f-b1c2-8c0e0b7f2db4', 'name': 'tempest-ServersTestBootFromVolume-1613575113-router', 'tenant_id': 'ac7463ed0cf54fd6a68855f415804024', 'admin_state_up': True, 'status': 'ACTIVE', 'external_gateway_info': {'network_id': 'c25566d7-97dd-4766-8937-15ff5c3a26a8', 'external_fixed_ips': [{'subnet_id': 'f5189748-722c-4e72-b635-b6f348b273de', 'ip_address': '10.180.180.142'}], 'enable_snat': True}, 'description': '', 'availability_zones': [], 'distributed': False, 'ha': False, 'availability_zone_hints': [], 'routes': [], 'flavor_id': None, 'tags': [], 'created_at': '2025-11-12T12:29:32Z', 'updated_at': '2025-11-12T12:29:32Z', 'revision_number': 2, 'project_id': 'ac7463ed0cf54fd6a68855f415804024'}
2025-11-12 12:29:34.359 67493 INFO tempest.lib.common.rest_client [req-2b909953-9f5a-4d0d-91ac-1390596c3d1e req-2b909953-9f5a-4d0d-91ac-1390596c3d1e ] Request (FloatingIPsTestJSON:test_delete_floating_ip): 200 POST http://10.180.1.21/compute/v2.1/os-floating-ips 5.230s
2025-11-12 12:29:34.397 67479 INFO tempest.lib.common.rest_client [req-30ae4b83-51ce-4efc-b6db-abd3e2b49e23 req-30ae4b83-51ce-4efc-b6db-abd3e2b49e23 ] Request (ServersTestBootFromVolume:setUpClass): 201 POST http://10.180.1.21/identity/v3/auth/tokens 0.096s
2025-11-12 12:29:34.494 67475 INFO tempest.lib.common.rest_client [req-b2f6be77-7310-4fa7-839d-11cc0280835b req-b2f6be77-7310-4fa7-839d-11cc0280835b ] Request (ServersAdminNegativeTestJSON:setUpClass): 200 GET http://10.180.1.21/compute/v2.1/servers/69fe7fa2-9a9c-4baa-af4a-b37cdb48e608 4.223s
2025-11-12 12:29:34.606 67491 INFO tempest.lib.common.rest_client [req-3f3acd8b-9161-4a05-ac48-c6aa96e8e224 req-3f3acd8b-9161-4a05-ac48-c6aa96e8e224 ] Request (FlavorsV255TestJSON:tearDownClass): 200 GET http://10.180.1.21/networking/v2.0/security-groups?tenant_id=29354ef4948b42adb0a57dd2e83ad287&name=default 1.017s
2025-11-12 12:29:34.850 67487 INFO tempest.lib.common.rest_client [req-8582a487-350b-422c-b9fd-0df801dd3916 req-8582a487-350b-422c-b9fd-0df801dd3916 ] Request (SecurityGroupsTestAdminJSON:test_list_security_groups_list_all_tenants_filter): 200 POST http://10.180.1.21/compute/v2.1/os-security-groups 4.562s
2025-11-12 12:29:34.976 67491 INFO tempest.lib.common.rest_client [req-c2ff593b-8dad-4c5a-ba22-82524ce5eb91 req-c2ff593b-8dad-4c5a-ba22-82524ce5eb91 ] Request (FlavorsV255TestJSON:tearDownClass): 204 DELETE http://10.180.1.21/networking/v2.0/security-groups/0747ec8d-a942-452a-9cc5-b2823b46fbd4 0.370s
2025-11-12 12:29:35.064 67471 INFO tempest.lib.common.rest_client [req-bb3737b3-9453-4875-ab96-a90e02666e76 req-bb3737b3-9453-4875-ab96-a90e02666e76 ] Request (ImagesOneServerTestJSON:setUpClass): 200 GET http://10.180.1.21/compute/v2.1/servers/0eaa8181-62d4-4ca2-bff3-cf7b1f3491a1 4.687s
2025-11-12 12:29:35.070 67443 INFO tempest.lib.common.rest_client [req-3f4aeb4f-8480-4efc-80c9-c4094298cd32 req-3f4aeb4f-8480-4efc-80c9-c4094298cd32 ] Request (SecurityGroupsNegativeTestJSON:test_delete_security_group_without_passing_id): 404 DELETE http://10.180.1.21/compute/v2.1/os-security-groups/ 4.347s
2025-11-12 12:29:35.090 67469 INFO tempest.lib.common.rest_client [req-65ff3932-b388-4698-b20c-9f231b573ab0 req-65ff3932-b388-4698-b20c-9f231b573ab0 ] Request (KeyPairsV210TestJSON:_run_cleanups): 204 DELETE http://10.180.1.21/compute/v2.1/os-keypairs/tempest-keypair-877675200?user_id=162490a52f5d4a56a92b5df27e1060e9 4.256s
2025-11-12 12:29:35.128 67491 INFO tempest.lib.common.rest_client [req-367c03f7-1010-4f46-b7ca-874d99448925 req-367c03f7-1010-4f46-b7ca-874d99448925 ] Request (FlavorsV255TestJSON:tearDownClass): 204 DELETE http://10.180.1.21/identity/v3/projects/29354ef4948b42adb0a57dd2e83ad287 0.151s
2025-11-12 12:29:35.178 67485 INFO tempest.lib.common.rest_client [req-038d2dda-7d1d-4765-9957-d58195122f40 req-038d2dda-7d1d-4765-9957-d58195122f40 ] Request (ServersV294TestFqdnHostnames:setUpClass): 200 GET http://10.180.1.21/compute/v2.1/servers/c9221d82-1dfb-47bb-97d5-4d1e3c4e2323 4.774s
2025-11-12 12:29:35.191 67485 INFO tempest.common.waiters [-] State transition "BUILD/networking" ==> "BUILD/spawning" after 14 second wait
2025-11-12 12:29:35.250 67491 INFO tempest.lib.common.rest_client [req-965eeb95-58cc-4e3d-a44d-8f2cbb92904b req-965eeb95-58cc-4e3d-a44d-8f2cbb92904b ] Request (HypervisorAdminUnderV252Test:setUpClass): 201 POST http://10.180.1.21/identity/v3/auth/tokens 0.120s
2025-11-12 12:29:35.280 67473 INFO tempest.lib.common.rest_client [req-1369cb3d-37a5-4e0c-ad55-bf3a1fa7ca10 req-1369cb3d-37a5-4e0c-ad55-bf3a1fa7ca10 ] Request (QuotaClassesAdminTestJSON:test_update_default_quotas): 200 GET http://10.180.1.21/compute/v2.1/os-quota-class-sets/default 4.348s
2025-11-12 12:29:35.284 67483 INFO tempest.lib.common.rest_client [req-625fabc0-99a0-48e3-af6b-3fc0ed7839f5 req-625fabc0-99a0-48e3-af6b-3fc0ed7839f5 ] Request (ImagesNegativeTestJSON:test_create_image_from_deleted_server): 200 GET http://10.180.1.21/compute/v2.1/servers/013ad1f7-d65e-4244-9da7-9ce0be700a54 4.339s
2025-11-12 12:29:35.289 67491 INFO tempest.lib.common.rest_client [req-f8108315-82f1-4036-8006-9f54c492ace4 req-f8108315-82f1-4036-8006-9f54c492ace4 ] Request (HypervisorAdminUnderV252Test:setUpClass): 201 POST http://10.180.1.21/identity/v3/auth/tokens 0.036s
2025-11-12 12:29:35.310 67495 INFO tempest.lib.common.rest_client [req-a34b26a3-2405-4369-bd3c-c4a3692890dd req-a34b26a3-2405-4369-bd3c-c4a3692890dd ] Request (FlavorsAdminTestJSON:_run_cleanups): 200 GET http://10.180.1.21/compute/v2.1/flavors/detail 4.195s
2025-11-12 12:29:35.319 67491 INFO tempest.lib.common.rest_client [req-e91d16cb-3f45-45fe-8a04-12c403428471 req-e91d16cb-3f45-45fe-8a04-12c403428471 ] Request (HypervisorAdminUnderV252Test:setUpClass): 200 GET http://10.180.1.21/identity/v3/domains?name=Default 0.029s
2025-11-12 12:29:35.334 67482 INFO tempest.lib.common.rest_client [req-892bd133-7fa1-43c0-98f5-81b4cbe092da req-892bd133-7fa1-43c0-98f5-81b4cbe092da ] Request (HypervisorAdminNegativeTestJSON:test_show_hypervisor_with_non_admin_user): 200 GET http://10.180.1.21/compute/v2.1/os-hypervisors 4.210s
2025-11-12 12:29:35.343 67459 INFO tempest.lib.common.rest_client [req-91929e61-8617-45aa-aede-10d413d84016 req-91929e61-8617-45aa-aede-10d413d84016 ] Request (ServersWithSpecificFlavorTestJSON:test_verify_created_server_ephemeral_disk): 200 GET http://10.180.1.21/compute/v2.1/flavors/42/os-extra_specs 4.200s
2025-11-12 12:29:35.347 67465 INFO tempest.lib.common.rest_client [req-c2648403-18c5-4e95-8538-af8f9d7ba2ca req-c2648403-18c5-4e95-8538-af8f9d7ba2ca ] Request (VolumesAssistedSnapshotsTest:test_volume_assisted_snapshot_create_delete): 200 GET http://10.180.1.21/compute/v2.1/servers/3ff5ac13-6b3f-44c3-94b0-548152e735a3 4.291s
2025-11-12 12:29:35.360 67491 INFO tempest.lib.common.rest_client [req-49f14053-6846-4ab6-914b-0b8970858322 req-49f14053-6846-4ab6-914b-0b8970858322 ] Request (HypervisorAdminUnderV252Test:setUpClass): 201 POST http://10.180.1.21/identity/v3/projects 0.040s
2025-11-12 12:29:35.427 67491 INFO tempest.lib.common.rest_client [req-c0f88819-8530-46ba-9101-567c31bca039 req-c0f88819-8530-46ba-9101-567c31bca039 ] Request (HypervisorAdminUnderV252Test:setUpClass): 201 POST http://10.180.1.21/identity/v3/users 0.067s
2025-11-12 12:29:35.451 67491 INFO tempest.lib.common.rest_client [req-c5efdaef-91c1-4535-b138-86cca1c0bcd9 req-c5efdaef-91c1-4535-b138-86cca1c0bcd9 ] Request (HypervisorAdminUnderV252Test:setUpClass): 200 GET http://10.180.1.21/identity/v3/roles 0.024s
2025-11-12 12:29:35.482 67491 INFO tempest.lib.common.rest_client [req-7c48763a-f20e-4886-a411-28f9d6073bd2 req-7c48763a-f20e-4886-a411-28f9d6073bd2 ] Request (HypervisorAdminUnderV252Test:setUpClass): 204 PUT http://10.180.1.21/identity/v3/projects/4ba61f6f91934cfaba8d581be058a600/users/13bfb4d4dc464715bb971f93b398e71d/roles/d86b6f0dbe7b426b9da2c296faeca5ab 0.030s
2025-11-12 12:29:35.482 67491 INFO tempest.lib.common.dynamic_creds [-] Dynamic test user 13bfb4d4dc464715bb971f93b398e71d is created with scope project and roles: ['member']
2025-11-12 12:29:35.483 67491 INFO tempest.lib.common.dynamic_creds [-] Acquired dynamic creds: credentials: Credentials: {'domain_id': 'default', 'domain_name': 'Default', 'username': 'tempest-HypervisorAdminUnderV252Test-874902190-project-member', 'project_domain_id': 'default', 'project_domain_name': 'Default', 'project_id': '4ba61f6f91934cfaba8d581be058a600', 'project_name': 'tempest-HypervisorAdminUnderV252Test-874902190', 'tenant_id': '4ba61f6f91934cfaba8d581be058a600', 'tenant_name': 'tempest-HypervisorAdminUnderV252Test-874902190', 'user_domain_id': 'default', 'user_domain_name': 'Default', 'user_id': '13bfb4d4dc464715bb971f93b398e71d', 'system': None}, Network: None, Subnet: None, Router: None
2025-11-12 12:29:35.483 67491 INFO tempest.lib.common.dynamic_creds [-] Created isolated network resources for: credentials: Credentials: {'domain_id': 'default', 'domain_name': 'Default', 'username': 'tempest-HypervisorAdminUnderV252Test-874902190-project-member', 'project_domain_id': 'default', 'project_domain_name': 'Default', 'project_id': '4ba61f6f91934cfaba8d581be058a600', 'project_name': 'tempest-HypervisorAdminUnderV252Test-874902190', 'tenant_id': '4ba61f6f91934cfaba8d581be058a600', 'tenant_name': 'tempest-HypervisorAdminUnderV252Test-874902190', 'user_domain_id': 'default', 'user_domain_name': 'Default', 'user_id': '13bfb4d4dc464715bb971f93b398e71d', 'system': None}, Network: None, Subnet: None, Router: None
2025-11-12 12:29:35.493 67457 INFO tempest.lib.common.rest_client [req-7afef836-6224-4d10-80ba-686c02428fb4 req-7afef836-6224-4d10-80ba-686c02428fb4 ] Request (FloatingIPsAssociationTestJSON:setUpClass): 200 GET http://10.180.1.21/compute/v2.1/servers/d262b230-e7b1-45e3-8fb9-e6a68388a200 3.982s
2025-11-12 12:29:35.500 67457 INFO tempest.common.waiters [-] State transition "BUILD/None" ==> "BUILD/spawning" after 11 second wait
2025-11-12 12:29:35.520 67463 INFO tempest.lib.common.rest_client [req-a48a9c6d-9c2b-4fd1-a3aa-bc766c4e694a req-a48a9c6d-9c2b-4fd1-a3aa-bc766c4e694a ] Request (TenantUsagesTestJSON:setUpClass): 200 GET http://10.180.1.21/compute/v2.1/servers/205ab6c9-b868-48de-a242-593141e4c032 4.032s
2025-11-12 12:29:35.531 67463 INFO tempest.common.waiters [-] State transition "BUILD/spawning" ==> "ACTIVE/None" after 23 second wait
2025-11-12 12:29:35.553 67447 INFO tempest.lib.common.rest_client [req-8944dbc7-a6b4-46ef-8ec8-dfa7dfac396b req-8944dbc7-a6b4-46ef-8ec8-dfa7dfac396b ] Request (ServersAdminTestJSON:setUpClass): 200 GET http://10.180.1.21/compute/v2.1/servers/a0c39246-cb6c-462d-a06d-28dc932f4156 3.873s
2025-11-12 12:29:35.560 67447 INFO tempest.common.waiters [-] State transition "BUILD/None" ==> "BUILD/networking" after 10 second wait
2025-11-12 12:29:35.562 67491 INFO tempest.lib.common.rest_client [req-57cd5850-c71f-4da2-aa27-3e9b2b83f1a7 req-57cd5850-c71f-4da2-aa27-3e9b2b83f1a7 ] Request (HypervisorAdminUnderV252Test:setUpClass): 201 POST http://10.180.1.21/identity/v3/auth/tokens 0.074s
2025-11-12 12:29:35.613 67433 INFO tempest.lib.common.rest_client [req-faf24ee7-3417-416f-ae5d-002dd9b6f817 req-faf24ee7-3417-416f-ae5d-002dd9b6f817 ] Request (ImagesOneServerNegativeTestJSON:setUpClass): 200 GET http://10.180.1.21/compute/v2.1/servers/4dcd85ca-f534-441b-a232-9f4d02797d9e 3.811s
2025-11-12 12:29:35.628 67491 INFO tempest.lib.common.rest_client [req-ef3dc591-6760-4f0b-895a-886b00f2e003 req-ef3dc591-6760-4f0b-895a-886b00f2e003 ] Request (HypervisorAdminUnderV252Test:setUpClass): 201 POST http://10.180.1.21/identity/v3/projects 0.065s
2025-11-12 12:29:35.732 67439 INFO tempest.lib.common.rest_client [req-1755ca37-0556-465b-b3ae-4835a34c2760 req-1755ca37-0556-465b-b3ae-4835a34c2760 ] Request (FloatingIPsAssociationNegativeTestJSON:setUpClass): 200 GET http://10.180.1.21/compute/v2.1/servers/457a99e2-e399-4447-a49d-f0b6fd9814e8 3.767s
2025-11-12 12:29:35.733 67461 INFO tempest.lib.common.rest_client [req-2281b9f9-0d4c-4319-8caf-aa68cc9d18d4 req-2281b9f9-0d4c-4319-8caf-aa68cc9d18d4 ] Request (QuotasAdminNegativeTest:test_create_server_when_instances_quota_is_full): 403 POST http://10.180.1.21/compute/v2.1/servers 4.047s
2025-11-12 12:29:35.738 67491 INFO tempest.lib.common.rest_client [req-74d65055-0fd6-4eed-a074-908a5063f382 req-74d65055-0fd6-4eed-a074-908a5063f382 ] Request (HypervisorAdminUnderV252Test:setUpClass): 201 POST http://10.180.1.21/identity/v3/users 0.108s
2025-11-12 12:29:35.761 67491 INFO tempest.lib.common.rest_client [req-5a94ccbc-93b7-4588-b994-231f0d59d519 req-5a94ccbc-93b7-4588-b994-231f0d59d519 ] Request (HypervisorAdminUnderV252Test:setUpClass): 200 GET http://10.180.1.21/identity/v3/roles 0.022s
2025-11-12 12:29:35.772 67441 INFO tempest.lib.common.rest_client [req-5a4f65c7-72a2-4a99-907e-2f7017d9714f req-5a4f65c7-72a2-4a99-907e-2f7017d9714f ] Request (FlavorsAccessNegativeTestJSON:test_flavor_access_list_with_public_flavor): 200 POST http://10.180.1.21/compute/v2.1/flavors 3.773s
2025-11-12 12:29:35.796 67491 INFO tempest.lib.common.rest_client [req-c63e71b2-94bc-42cb-ba70-864860767659 req-c63e71b2-94bc-42cb-ba70-864860767659 ] Request (HypervisorAdminUnderV252Test:setUpClass): 204 PUT http://10.180.1.21/identity/v3/projects/aec8f836d6334439b9c87bcff78d7b8e/users/8615766108804f199ccd2a4bb0029439/roles/d163fbf59ed1427c9149848333b8d69d 0.034s
2025-11-12 12:29:35.796 67451 INFO tempest.lib.common.rest_client [req-4a8a6ff7-f056-4088-bc2a-d8bc44231569 req-4a8a6ff7-f056-4088-bc2a-d8bc44231569 ] Request (FlavorsAccessTestJSON:test_flavor_access_list_with_private_flavor): 200 POST http://10.180.1.21/compute/v2.1/flavors 3.725s
2025-11-12 12:29:35.855 67491 INFO tempest.lib.common.rest_client [req-f9595246-de61-4558-a113-fb5335bcb4f2 req-f9595246-de61-4558-a113-fb5335bcb4f2 ] Request (HypervisorAdminUnderV252Test:setUpClass): 200 GET http://10.180.1.21/identity/v3/roles 0.058s
2025-11-12 12:29:35.887 67477 INFO tempest.lib.common.rest_client [req-8e85a213-3298-47f2-a6e0-e434f27ce1de req-8e85a213-3298-47f2-a6e0-e434f27ce1de ] Request (ServersAdmin275Test:test_rebuild_update_server_275): 200 GET http://10.180.1.21/compute/v2.1/servers/06320d13-26ed-461e-a445-772a039c59a2 3.777s
2025-11-12 12:29:35.892 67491 INFO tempest.lib.common.rest_client [req-317e5bd3-fe48-4dd3-b609-d95edaf78831 req-317e5bd3-fe48-4dd3-b609-d95edaf78831 ] Request (HypervisorAdminUnderV252Test:setUpClass): 204 PUT http://10.180.1.21/identity/v3/projects/aec8f836d6334439b9c87bcff78d7b8e/users/8615766108804f199ccd2a4bb0029439/roles/d163fbf59ed1427c9149848333b8d69d 0.037s
2025-11-12 12:29:35.893 67491 INFO tempest.lib.common.dynamic_creds [-] Dynamic test user 8615766108804f199ccd2a4bb0029439 is created with scope project and roles: ['admin']
2025-11-12 12:29:35.894 67491 INFO tempest.lib.common.dynamic_creds [-] Acquired dynamic creds: credentials: Credentials: {'domain_id': 'default', 'domain_name': 'Default', 'username': 'tempest-HypervisorAdminUnderV252Test-907621016-project-admin', 'project_domain_id': 'default', 'project_domain_name': 'Default', 'project_id': 'aec8f836d6334439b9c87bcff78d7b8e', 'project_name': 'tempest-HypervisorAdminUnderV252Test-907621016', 'tenant_id': 'aec8f836d6334439b9c87bcff78d7b8e', 'tenant_name': 'tempest-HypervisorAdminUnderV252Test-907621016', 'user_domain_id': 'default', 'user_domain_name': 'Default', 'user_id': '8615766108804f199ccd2a4bb0029439', 'system': None}, Network: None, Subnet: None, Router: None
2025-11-12 12:29:35.894 67491 INFO tempest.lib.common.dynamic_creds [-] Created isolated network resources for: credentials: Credentials: {'domain_id': 'default', 'domain_name': 'Default', 'username': 'tempest-HypervisorAdminUnderV252Test-907621016-project-admin', 'project_domain_id': 'default', 'project_domain_name': 'Default', 'project_id': 'aec8f836d6334439b9c87bcff78d7b8e', 'project_name': 'tempest-HypervisorAdminUnderV252Test-907621016', 'tenant_id': 'aec8f836d6334439b9c87bcff78d7b8e', 'tenant_name': 'tempest-HypervisorAdminUnderV252Test-907621016', 'user_domain_id': 'default', 'user_domain_name': 'Default', 'user_id': '8615766108804f199ccd2a4bb0029439', 'system': None}, Network: None, Subnet: None, Router: None
2025-11-12 12:29:35.906 67477 INFO tempest.common.waiters [-] State transition "REBUILD/rebuild_block_device_mapping" ==> "REBUILD/rebuild_spawning" after 4 second wait
2025-11-12 12:29:35.951 67467 INFO tempest.lib.common.rest_client [req-aab9ceac-c87f-48d8-9ac6-c54570950270 req-aab9ceac-c87f-48d8-9ac6-c54570950270 ] Request (AggregatesAdminNegativeTestJSON:test_aggregate_add_host_as_user): 403 POST http://10.180.1.21/compute/v2.1/os-aggregates/2/action 3.914s
2025-11-12 12:29:36.047 67449 INFO tempest.lib.common.rest_client [req-b2989791-86cc-4e2f-9dc2-16624dce6b77 req-b2989791-86cc-4e2f-9dc2-16624dce6b77 ] Request (ServerExternalEventsTest:tearDownClass): 204 DELETE http://10.180.1.21/compute/v2.1/servers/1819ac96-c146-401b-96af-191f73d3d582 3.762s
2025-11-12 12:29:36.071 67454 INFO tempest.lib.common.rest_client [req-0d173a6a-b06b-495e-a8be-3c23ea1e9e15 req-0d173a6a-b06b-495e-a8be-3c23ea1e9e15 ] Request (DeleteServersAdminTestJSON:test_admin_delete_servers_of_others): 200 GET http://10.180.1.21/compute/v2.1/servers/961e1203-30a2-4538-ab77-722c3932952e 3.596s
2025-11-12 12:29:36.072 67491 INFO tempest.lib.common.rest_client [req-e53dc0ed-fbec-41c7-b052-4076a48cb107 req-e53dc0ed-fbec-41c7-b052-4076a48cb107 ] Request (HypervisorAdminUnderV252Test:setUpClass): 201 POST http://10.180.1.21/identity/v3/auth/tokens 0.173s
2025-11-12 12:29:36.081 67454 INFO tempest.common.waiters [-] State transition "ACTIVE/deleting" ==> "DELETED/None" after 5 second wait
2025-11-12 12:29:36.230 67435 INFO tempest.lib.common.rest_client [req-365f8051-d137-4331-b7cd-65b09e0512c0 req-365f8051-d137-4331-b7cd-65b09e0512c0 ] Request (ServerDiagnosticsNegativeTest:tearDownClass): 204 DELETE http://10.180.1.21/compute/v2.1/servers/38f5ce3f-8e00-408d-8956-b3b649788446 3.234s
2025-11-12 12:29:36.266 67489 INFO tempest.lib.common.rest_client [req-1dfe10bf-0c10-48c5-bc28-9e395d6e6d16 req-1dfe10bf-0c10-48c5-bc28-9e395d6e6d16 ] Request (ServicesAdminNegativeTestJSON:test_get_service_by_invalid_params): 200 GET http://10.180.1.21/compute/v2.1/os-services 2.393s
2025-11-12 12:29:36.399 67479 INFO tempest.lib.common.rest_client [req-25892474-100e-44b7-8504-f611cb7dd085 req-25892474-100e-44b7-8504-f611cb7dd085 ] Request (ServersTestBootFromVolume:setUpClass): 200 POST http://10.180.1.21/compute/v2.1/os-keypairs 2.001s
2025-11-12 12:29:36.590 67479 INFO tempest.lib.common.rest_client [req-5d2dedb1-475b-46fe-b15b-9a44f542c212 req-5d2dedb1-475b-46fe-b15b-9a44f542c212 ] Request (ServersTestBootFromVolume:setUpClass): 201 POST http://10.180.1.21/networking/v2.0/security-groups 0.189s
2025-11-12 12:29:36.705 67487 INFO tempest.lib.common.rest_client [req-e28a9693-e3e1-4fbc-88fa-0c641779fefb req-e28a9693-e3e1-4fbc-88fa-0c641779fefb ] Request (SecurityGroupsTestAdminJSON:test_list_security_groups_list_all_tenants_filter): 200 POST http://10.180.1.21/compute/v2.1/os-security-groups 1.850s
2025-11-12 12:29:36.888 67479 INFO tempest.lib.common.rest_client [req-1fcb6c70-b7fd-4fc1-8a7a-7d05588ab94a req-1fcb6c70-b7fd-4fc1-8a7a-7d05588ab94a ] Request (ServersTestBootFromVolume:setUpClass): 201 POST http://10.180.1.21/networking/v2.0/security-group-rules 0.298s
2025-11-12 12:29:37.343 67493 INFO tempest.lib.common.rest_client [req-28c8e20c-9ca6-455c-b983-70119ba72e48 req-28c8e20c-9ca6-455c-b983-70119ba72e48 ] Request (FloatingIPsTestJSON:test_delete_floating_ip): 202 DELETE http://10.180.1.21/compute/v2.1/os-floating-ips/4afdc7c6-12fd-44b4-93d1-de0ece90b2d7 2.982s
2025-11-12 12:29:37.375 67469 INFO tempest.lib.common.rest_client [req-9bcdbc16-0b2d-41f8-8eba-4322a930a8bd req-9bcdbc16-0b2d-41f8-8eba-4322a930a8bd ] Request (KeyPairsV210TestJSON:_run_cleanups): 204 DELETE http://10.180.1.21/compute/v2.1/os-keypairs/tempest-keypair-1860381744?user_id=162490a52f5d4a56a92b5df27e1060e9 2.284s
2025-11-12 12:29:37.458 67479 INFO tempest.lib.common.rest_client [req-50b9c651-ffd3-4347-b617-e9cc55bec517 req-50b9c651-ffd3-4347-b617-e9cc55bec517 ] Request (ServersTestBootFromVolume:setUpClass): 201 POST http://10.180.1.21/networking/v2.0/security-group-rules 0.569s
2025-11-12 12:29:37.565 67473 INFO tempest.lib.common.rest_client [req-d19743c6-86fb-4f9b-8415-040451c28911 req-d19743c6-86fb-4f9b-8415-040451c28911 ] Request (QuotaClassesAdminTestJSON:test_update_default_quotas): 200 PUT http://10.180.1.21/compute/v2.1/os-quota-class-sets/default 2.282s
2025-11-12 12:29:37.575 67469 INFO tempest.lib.common.rest_client [req-e68648f8-4c64-42a8-9820-36012d6cbbc5 req-e68648f8-4c64-42a8-9820-36012d6cbbc5 ] Request (KeyPairsV210TestJSON:tearDownClass): 204 DELETE http://10.180.1.21/identity/v3/users/162490a52f5d4a56a92b5df27e1060e9 0.190s
2025-11-12 12:29:37.580 67495 INFO tempest.lib.common.rest_client [req-4a0a7c3d-5172-4a4e-9d3b-6a86da82d079 req-4a0a7c3d-5172-4a4e-9d3b-6a86da82d079 ] Request (FlavorsAdminTestJSON:test_create_flavor_with_int_id): 200 POST http://10.180.1.21/compute/v2.1/flavors 2.258s
2025-11-12 12:29:37.587 67482 INFO tempest.lib.common.rest_client [req-cc2c346e-6d1d-431e-aacc-adcdeed8b0de req-cc2c346e-6d1d-431e-aacc-adcdeed8b0de ] Request (HypervisorAdminNegativeTestJSON:test_show_hypervisor_with_non_admin_user): 403 GET http://10.180.1.21/compute/v2.1/os-hypervisors/1 2.252s
2025-11-12 12:29:37.622 67459 INFO tempest.lib.common.rest_client [req-e4e8e71c-6212-4b9b-a937-0ee401d63a0c req-e4e8e71c-6212-4b9b-a937-0ee401d63a0c ] Request (ServersWithSpecificFlavorTestJSON:test_verify_created_server_ephemeral_disk): 200 POST http://10.180.1.21/compute/v2.1/flavors/1409741772/os-extra_specs 2.278s
2025-11-12 12:29:37.686 67443 INFO tempest.lib.common.rest_client [req-b7f9f9fa-7974-4ea9-abc0-4c04b5a5a3e4 req-b7f9f9fa-7974-4ea9-abc0-4c04b5a5a3e4 ] Request (SecurityGroupsNegativeTestJSON:test_delete_the_default_security_group): 200 GET http://10.180.1.21/compute/v2.1/os-security-groups 2.614s
2025-11-12 12:29:37.704 67469 INFO tempest.lib.common.rest_client [req-46960229-f6cc-4d75-942e-ef8f5341d872 req-46960229-f6cc-4d75-942e-ef8f5341d872 ] Request (KeyPairsV210TestJSON:tearDownClass): 204 DELETE http://10.180.1.21/identity/v3/users/12e9842cd3cc4035a4e4eb1ca9d92391 0.128s
2025-11-12 12:29:37.704 67469 INFO tempest.lib.common.dynamic_creds [-] Deleting project and security group for project: b604a84d7a594676bfdfd58dabb02c80
2025-11-12 12:29:37.761 67469 INFO tempest.lib.common.rest_client [req-22ff7487-f878-43ec-991f-1821223062b2 req-22ff7487-f878-43ec-991f-1821223062b2 ] Request (KeyPairsV210TestJSON:tearDownClass): 201 POST http://10.180.1.21/identity/v3/auth/tokens 0.057s
2025-11-12 12:29:37.869 67463 INFO tempest.lib.common.rest_client [req-12bedfa2-59f1-4c00-87a7-8ef891c65a20 req-12bedfa2-59f1-4c00-87a7-8ef891c65a20 ] Request (TenantUsagesTestJSON:test_get_usage_tenant): 200 GET http://10.180.1.21/compute/v2.1/os-simple-tenant-usage/0d4f03fb7775460a87bd9f4f390fc439?start=2025-11-11T12%3A29%3A35.532240&end=2025-11-13T12%3A29%3A35.532240 2.337s
2025-11-12 12:29:38.013 67461 INFO tempest.lib.common.rest_client [req-63034279-bb8b-4bdf-b377-b80e86411045 req-63034279-bb8b-4bdf-b377-b80e86411045 ] Request (QuotasAdminNegativeTest:_run_cleanups): 200 PUT http://10.180.1.21/compute/v2.1/os-quota-sets/edf3cbf5952d4b86aea8e999196b8e50 2.279s
2025-11-12 12:29:38.029 67441 INFO tempest.lib.common.rest_client [req-49bbd218-6736-44d1-99a6-4985cedcd83d req-49bbd218-6736-44d1-99a6-4985cedcd83d ] Request (FlavorsAccessNegativeTestJSON:test_flavor_access_list_with_public_flavor): 404 GET http://10.180.1.21/compute/v2.1/flavors/276096808/os-flavor-access 2.253s
2025-11-12 12:29:38.045 67451 INFO tempest.lib.common.rest_client [req-ee0202e5-ac95-4e5a-80a7-3fe48d4b5d8e req-ee0202e5-ac95-4e5a-80a7-3fe48d4b5d8e ] Request (FlavorsAccessTestJSON:test_flavor_access_list_with_private_flavor): 200 GET http://10.180.1.21/compute/v2.1/flavors/530574521/os-flavor-access 2.244s
2025-11-12 12:29:38.054 67469 INFO tempest.lib.common.rest_client [req-3db419fe-fda8-4401-9887-028538a6db4d req-3db419fe-fda8-4401-9887-028538a6db4d ] Request (KeyPairsV210TestJSON:tearDownClass): 200 GET http://10.180.1.21/networking/v2.0/security-groups?tenant_id=b604a84d7a594676bfdfd58dabb02c80&name=default 0.292s
2025-11-12 12:29:38.067 67467 INFO tempest.lib.common.rest_client [req-2190e82f-25bc-44aa-92f4-5f8f887de872 req-2190e82f-25bc-44aa-92f4-5f8f887de872 ] Request (AggregatesAdminNegativeTestJSON:_run_cleanups): 200 DELETE http://10.180.1.21/compute/v2.1/os-aggregates/2 2.115s
2025-11-12 12:29:38.092 67475 INFO tempest.lib.common.rest_client [req-c7065123-975e-4efd-86f5-d7a89fe3960d req-c7065123-975e-4efd-86f5-d7a89fe3960d ] Request (ServersAdminNegativeTestJSON:setUpClass): 200 GET http://10.180.1.21/compute/v2.1/servers/69fe7fa2-9a9c-4baa-af4a-b37cdb48e608 2.588s
2025-11-12 12:29:38.149 67479 INFO tempest.lib.common.rest_client [req-f9adf031-5a6d-4b43-92c6-667efe116025 req-f9adf031-5a6d-4b43-92c6-667efe116025 ] Request (ServersTestBootFromVolume:setUpClass): 201 POST http://10.180.1.21/networking/v2.0/floatingips 0.689s
2025-11-12 12:29:38.232 67491 INFO tempest.lib.common.rest_client [req-3352ba4c-9721-49fa-98ce-753777b741df req-3352ba4c-9721-49fa-98ce-753777b741df ] Request (HypervisorAdminUnderV252Test:test_get_hypervisor_show_servers): 200 GET http://10.180.1.21/compute/v2.1/os-hypervisors 2.159s
2025-11-12 12:29:38.240 67479 INFO tempest.lib.common.rest_client [req-d85fc7d0-79d9-4918-a8c5-fcee2fb22550 req-d85fc7d0-79d9-4918-a8c5-fcee2fb22550 ] Request (ServersTestBootFromVolume:setUpClass): 201 POST http://10.180.1.21/identity/v3/auth/tokens 0.088s
2025-11-12 12:29:38.240 67479 INFO tempest.lib.common.fixed_network [-] (ServersTestBootFromVolume:setUpClass) Found network {'id': 'f5905284-a261-4cae-88cc-80559adad99d', 'name': 'tempest-ServersTestBootFromVolume-1613575113-network', 'tenant_id': 'ac7463ed0cf54fd6a68855f415804024', 'project_id': 'ac7463ed0cf54fd6a68855f415804024', 'admin_state_up': True, 'mtu': 8950, 'status': 'ACTIVE', 'subnets': [], 'shared': False, 'port_security_enabled': True, 'router:external': False, 'provider:network_type': 'vlan', 'provider:physical_network': 'default', 'provider:segmentation_id': 605, 'availability_zone_hints': [], 'availability_zones': [], 'ipv4_address_scope': None, 'ipv6_address_scope': None, 'description': '', 'tags': [], 'created_at': '2025-11-12T12:29:31Z', 'updated_at': '2025-11-12T12:29:31Z', 'revision_number': 1} available for tenant
2025-11-12 12:29:38.256 67469 INFO tempest.lib.common.rest_client [req-08893133-74b6-46a6-b6e2-8833496dd5e2 req-08893133-74b6-46a6-b6e2-8833496dd5e2 ] Request (KeyPairsV210TestJSON:tearDownClass): 204 DELETE http://10.180.1.21/networking/v2.0/security-groups/7a7dfa15-f5d2-49d2-82e9-24f0d26ab590 0.201s
2025-11-12 12:29:38.352 67449 INFO tempest.lib.common.rest_client [req-88f47e94-4ab1-4cd4-9234-c58100e765c6 req-88f47e94-4ab1-4cd4-9234-c58100e765c6 ] Request (ServerExternalEventsTest:tearDownClass): 200 GET http://10.180.1.21/compute/v2.1/servers/1819ac96-c146-401b-96af-191f73d3d582 2.304s
