2025-12-01 11:28:37.874 62653 INFO tempest.lib.common.rest_client [req-f5067079-db69-4058-8bef-bb8376eb641f req-f5067079-db69-4058-8bef-bb8376eb641f ] Request (ServerDiagnosticsNegativeTest:test_get_server_diagnostics_by_non_admin): 200 GET http://10.180.1.21/compute/v2.1/servers/eac976d1-2988-4106-ac61-59b8c1d9c1a3 0.895s
2025-12-01 11:28:37.878 62623 INFO tempest.lib.common.rest_client [req-cd09a9ca-878e-4e3c-b9f2-38baa76080d8 req-cd09a9ca-878e-4e3c-b9f2-38baa76080d8 ] Request (AggregatesAdminNegativeTestJSON:tearDownClass): 204 DELETE http://10.180.1.21/identity/v3/projects/48fc7f1db17a492ab70f2fe26d8117f6 0.143s
2025-12-01 11:28:37.899 62601 INFO tempest.lib.common.rest_client [req-c06ef343-fb38-41bd-9c53-0aafef384b45 req-c06ef343-fb38-41bd-9c53-0aafef384b45 ] Request (TenantUsagesTestJSON:setUpClass): 200 GET http://10.180.1.21/compute/v2.1/servers/29eba656-6430-4009-8d24-c5a6f33bef95 0.848s
2025-12-01 11:28:37.954 62633 INFO tempest.lib.common.rest_client [req-9c82aeb0-548e-4fb3-a0c4-881584f5e27e req-9c82aeb0-548e-4fb3-a0c4-881584f5e27e ] Request (ServersV294TestFqdnHostnames:setUpClass): 200 GET http://10.180.1.21/compute/v2.1/servers/daf47742-054a-496d-b754-3a2687ebe973 0.874s
2025-12-01 11:28:37.957 62655 INFO tempest.lib.common.rest_client [req-d48ce20a-f954-4691-96a5-47421f968288 req-d48ce20a-f954-4691-96a5-47421f968288 ] Request (ListServerFiltersTestJSON:setUpClass): 200 GET http://10.180.1.21/compute/v2.1/servers/64da10a6-4063-4288-88ab-ae97b8c1fd88 0.775s
2025-12-01 11:28:37.969 62647 INFO tempest.lib.common.rest_client [req-d0e9b63b-cb02-402b-b77c-764979b4b141 req-d0e9b63b-cb02-402b-b77c-764979b4b141 ] Request (FlavorsAdminTestJSON:_run_cleanups): 202 DELETE http://10.180.1.21/compute/v2.1/flavors/1593869007 0.728s
2025-12-01 11:28:37.975 62623 INFO tempest.lib.common.rest_client [req-dcfec9f4-b945-414f-8e5d-af7f2a64c4c9 req-dcfec9f4-b945-414f-8e5d-af7f2a64c4c9 ] Request (QuotaClassesAdmin257Test:setUpClass): 201 POST http://10.180.1.21/identity/v3/auth/tokens 0.094s
2025-12-01 11:28:38.017 62623 INFO tempest.lib.common.rest_client [req-3082fea1-5c99-4cc2-947c-a529fd775abb req-3082fea1-5c99-4cc2-947c-a529fd775abb ] Request (QuotaClassesAdmin257Test:setUpClass): 201 POST http://10.180.1.21/identity/v3/auth/tokens 0.037s
2025-12-01 11:28:38.040 62623 INFO tempest.lib.common.rest_client [req-6410ab92-c23d-4627-8a31-7ab41bbb4d80 req-6410ab92-c23d-4627-8a31-7ab41bbb4d80 ] Request (QuotaClassesAdmin257Test:setUpClass): 200 GET http://10.180.1.21/identity/v3/domains?name=Default 0.023s
2025-12-01 11:28:38.070 62623 INFO tempest.lib.common.rest_client [req-f7e2f3ca-e5ea-44f3-8977-93cc76db2d8f req-f7e2f3ca-e5ea-44f3-8977-93cc76db2d8f ] Request (QuotaClassesAdmin257Test:setUpClass): 201 POST http://10.180.1.21/identity/v3/projects 0.030s
2025-12-01 11:28:38.082 62621 INFO tempest.lib.common.rest_client [req-6799bba3-328f-4fcb-9d29-982a729128fd req-6799bba3-328f-4fcb-9d29-982a729128fd ] Request (ServersAdminNegativeTestJSON:setUpClass): 200 GET http://10.180.1.21/compute/v2.1/servers/ef410c62-2279-4be0-bb88-9fb0735eca19 0.691s
2025-12-01 11:28:38.084 62615 INFO tempest.lib.common.rest_client [req-fc26ab6e-95b8-413c-920f-35a77d576590 req-fc26ab6e-95b8-413c-920f-35a77d576590 ] Request (MigrationsAdminTest:test_list_migrations_in_flavor_resize_situation): 200 GET http://10.180.1.21/compute/v2.1/servers/1157187b-7051-4921-bd95-9ef3e2d17104 0.776s
2025-12-01 11:28:38.108 62663 INFO tempest.lib.common.rest_client [req-f00ca9a5-b78c-40b6-9991-129f6a09811f req-f00ca9a5-b78c-40b6-9991-129f6a09811f ] Request (VolumesGetTestJSON:tearDownClass): 404 GET http://10.180.1.21/compute/v2.1/os-volumes/afce40b1-bf3d-43ca-a154-8fe3ad2b31cb 0.651s
2025-12-01 11:28:38.138 62623 INFO tempest.lib.common.rest_client [req-5ee61c45-0552-4ef4-9f9d-34fa751d380a req-5ee61c45-0552-4ef4-9f9d-34fa751d380a ] Request (QuotaClassesAdmin257Test:setUpClass): 201 POST http://10.180.1.21/identity/v3/users 0.067s
2025-12-01 11:28:38.138 62641 INFO tempest.lib.common.rest_client [req-d770ce47-99c4-4a56-9e7b-f9cb91c23191 req-d770ce47-99c4-4a56-9e7b-f9cb91c23191 ] Request (AttachInterfacesUnderV243Test:test_add_remove_fixed_ip): 200 GET http://10.180.1.21/compute/v2.1/servers/2aa479bb-71e8-4d21-9af8-d2af9d284c14 0.738s
2025-12-01 11:28:38.165 62605 INFO tempest.lib.common.rest_client [req-81586136-2a24-47d3-ae88-c62f83817110 req-81586136-2a24-47d3-ae88-c62f83817110 ] Request (ServersTestManualDisk:setUpClass): 200 GET http://10.180.1.21/compute/v2.1/servers/d87291e9-b698-4e6c-a265-55c00b863ac1 0.708s
2025-12-01 11:28:38.165 62623 INFO tempest.lib.common.rest_client [req-d2d13bc3-d853-4317-a5fe-dfd642cba03c req-d2d13bc3-d853-4317-a5fe-dfd642cba03c ] Request (QuotaClassesAdmin257Test:setUpClass): 200 GET http://10.180.1.21/identity/v3/roles 0.027s
2025-12-01 11:28:38.193 62635 INFO tempest.lib.common.rest_client [req-1b23f7f9-6874-4b5f-8d70-3b21a734b78f req-1b23f7f9-6874-4b5f-8d70-3b21a734b78f ] Request (ServerDiskConfigTestJSON:test_rebuild_server_with_auto_disk_config): 200 GET http://10.180.1.21/compute/v2.1/servers/682b49a4-4901-4c62-9e5a-cf03047e1cb8 0.651s
2025-12-01 11:28:38.221 62619 INFO tempest.lib.common.rest_client [req-db89120a-65c9-411a-9fa3-9b0b028c2e47 req-db89120a-65c9-411a-9fa3-9b0b028c2e47 ] Request (VolumesSnapshotsTestJSON:tearDownClass): 404 DELETE http://10.180.1.21/compute/v2.1/os-volumes/0df1f4ac-dd53-4a44-b10c-5fd694c7a30f 0.645s
2025-12-01 11:28:38.238 62663 INFO tempest.lib.common.rest_client [req-92828d56-9cd0-4aa5-9d2a-d23b826c5ad6 req-92828d56-9cd0-4aa5-9d2a-d23b826c5ad6 ] Request (VolumesGetTestJSON:tearDownClass): 204 DELETE http://10.180.1.21/identity/v3/users/a087b59cae554d4eae6ccbc78265f95c 0.129s
2025-12-01 11:28:38.238 62663 INFO tempest.lib.common.dynamic_creds [-] Deleting project and security group for project: 67a4b32c715c4c1a8a69178767e315fd
2025-12-01 11:28:38.284 62663 INFO tempest.lib.common.rest_client [req-7bdb9cd0-50a5-4f95-ac3d-16bdc8935fb1 req-7bdb9cd0-50a5-4f95-ac3d-16bdc8935fb1 ] Request (VolumesGetTestJSON:tearDownClass): 201 POST http://10.180.1.21/identity/v3/auth/tokens 0.045s
2025-12-01 11:28:38.311 62661 INFO tempest.lib.common.rest_client [req-091a807a-e622-43e8-b831-e5c8df3afb3d req-091a807a-e622-43e8-b831-e5c8df3afb3d ] Request (ListImageFiltersTestJSON:setUpClass): 204 PUT http://10.180.1.21/image/v2/images/344dc648-3887-40e9-bf3c-1f0dc112e058/file 0.820s
2025-12-01 11:28:38.313 62623 INFO tempest.lib.common.rest_client [req-e2a405af-0af4-4a89-89a1-e6b21e225476 req-e2a405af-0af4-4a89-89a1-e6b21e225476 ] Request (QuotaClassesAdmin257Test:setUpClass): 204 PUT http://10.180.1.21/identity/v3/projects/bcc10d2c7f944d36999cec3f6f63ee97/users/5e043bcb6d3a41c493d87ddbe0cda21b/roles/ebfe7c085443428d9bf8ced0210a93ab 0.146s
2025-12-01 11:28:38.313 62623 INFO tempest.lib.common.dynamic_creds [-] Dynamic test user 5e043bcb6d3a41c493d87ddbe0cda21b is created with scope project and roles: ['member']
2025-12-01 11:28:38.313 62623 INFO tempest.lib.common.dynamic_creds [-] Acquired dynamic creds: credentials: Credentials: {'domain_id': 'default', 'domain_name': 'Default', 'username': 'tempest-QuotaClassesAdmin257Test-969180446-project-member', 'project_domain_id': 'default', 'project_domain_name': 'Default', 'project_id': 'bcc10d2c7f944d36999cec3f6f63ee97', 'project_name': 'tempest-QuotaClassesAdmin257Test-969180446', 'tenant_id': 'bcc10d2c7f944d36999cec3f6f63ee97', 'tenant_name': 'tempest-QuotaClassesAdmin257Test-969180446', 'user_domain_id': 'default', 'user_domain_name': 'Default', 'user_id': '5e043bcb6d3a41c493d87ddbe0cda21b', 'system': None}, Network: None, Subnet: None, Router: None
2025-12-01 11:28:38.313 62623 INFO tempest.lib.common.dynamic_creds [-] Created isolated network resources for: credentials: Credentials: {'domain_id': 'default', 'domain_name': 'Default', 'username': 'tempest-QuotaClassesAdmin257Test-969180446-project-member', 'project_domain_id': 'default', 'project_domain_name': 'Default', 'project_id': 'bcc10d2c7f944d36999cec3f6f63ee97', 'project_name': 'tempest-QuotaClassesAdmin257Test-969180446', 'tenant_id': 'bcc10d2c7f944d36999cec3f6f63ee97', 'tenant_name': 'tempest-QuotaClassesAdmin257Test-969180446', 'user_domain_id': 'default', 'user_domain_name': 'Default', 'user_id': '5e043bcb6d3a41c493d87ddbe0cda21b', 'system': None}, Network: None, Subnet: None, Router: None
2025-12-01 11:28:38.358 62631 INFO tempest.lib.common.rest_client [req-262f5fc7-b142-4159-b2ad-44ce2977c02a req-262f5fc7-b142-4159-b2ad-44ce2977c02a ] Request (DeleteServersAdminTestJSON:test_admin_delete_servers_of_others): 200 GET http://10.180.1.21/compute/v2.1/servers/f71cb62c-8dc2-4dcc-9da4-2f26c0960531 0.695s
2025-12-01 11:28:38.388 62623 INFO tempest.lib.common.rest_client [req-e41b3951-169d-4388-b09e-dbdf749e1d1c req-e41b3951-169d-4388-b09e-dbdf749e1d1c ] Request (QuotaClassesAdmin257Test:setUpClass): 201 POST http://10.180.1.21/identity/v3/auth/tokens 0.071s
2025-12-01 11:28:38.413 62626 INFO tempest.lib.common.rest_client [req-9748455d-cfc8-49c6-81e2-60b97ff674be req-9748455d-cfc8-49c6-81e2-60b97ff674be ] Request (ImagesTestJSON:test_create_image_from_stopped_server): 200 GET http://10.180.1.21/compute/v2.1/servers/b3cb6cbd-a508-4b62-a2b0-14d2963884fb 0.856s
2025-12-01 11:28:38.421 62646 INFO tempest.lib.common.rest_client [req-3fd9aa30-b66e-4ec6-bbd7-c558128b305b req-3fd9aa30-b66e-4ec6-bbd7-c558128b305b ] Request (ServerActionsTestOtherA:setUpClass): 200 GET http://10.180.1.21/compute/v2.1/servers/8e698dc0-2883-4987-8baa-f5b6b43fff06 0.698s
2025-12-01 11:28:38.450 62623 INFO tempest.lib.common.rest_client [req-040308df-11fe-4ebe-a13c-d64afd6b653d req-040308df-11fe-4ebe-a13c-d64afd6b653d ] Request (QuotaClassesAdmin257Test:setUpClass): 201 POST http://10.180.1.21/identity/v3/projects 0.061s
2025-12-01 11:28:38.467 62639 INFO tempest.lib.common.rest_client [req-123ea9cf-71c7-406b-afd9-adbe60777f31 req-123ea9cf-71c7-406b-afd9-adbe60777f31 ] Request (FloatingIPsAssociationTestJSON:setUpClass): 200 GET http://10.180.1.21/compute/v2.1/servers/35d268f6-0573-4f9b-85ac-09359c56ef8d 0.739s
2025-12-01 11:28:38.475 62603 INFO tempest.lib.common.rest_client [req-34704c0c-5772-4b46-b2fa-93d204e1ed2b req-34704c0c-5772-4b46-b2fa-93d204e1ed2b ] Request (ServersNegativeTestJSON:setUpClass): 200 GET http://10.180.1.21/compute/v2.1/servers/f0d00a15-7869-4b1a-bf6f-a7f5e1c88138 0.732s
2025-12-01 11:28:38.520 62623 INFO tempest.lib.common.rest_client [req-36f19321-aa62-412d-9626-25b79ec29494 req-36f19321-aa62-412d-9626-25b79ec29494 ] Request (QuotaClassesAdmin257Test:setUpClass): 201 POST http://10.180.1.21/identity/v3/users 0.070s
2025-12-01 11:28:38.524 62629 INFO tempest.lib.common.rest_client [req-cd1d2758-01a7-4b5a-bd3c-971cb2ba4a91 req-cd1d2758-01a7-4b5a-bd3c-971cb2ba4a91 ] Request (InstanceActionsV221TestJSON:test_get_list_deleted_instance_actions): 200 GET http://10.180.1.21/compute/v2.1/servers/ff9e8fca-e137-4c4a-aec5-bacdbd1e04f3 0.741s
2025-12-01 11:28:38.545 62623 INFO tempest.lib.common.rest_client [req-d0743767-a211-4b4d-9a66-d2702699f5dd req-d0743767-a211-4b4d-9a66-d2702699f5dd ] Request (QuotaClassesAdmin257Test:setUpClass): 200 GET http://10.180.1.21/identity/v3/roles 0.024s
2025-12-01 11:28:38.577 62623 INFO tempest.lib.common.rest_client [req-2f6d580c-11c9-40d6-9504-533c89d5adc8 req-2f6d580c-11c9-40d6-9504-533c89d5adc8 ] Request (QuotaClassesAdmin257Test:setUpClass): 204 PUT http://10.180.1.21/identity/v3/projects/76ba13ad8682490cb8b344820bab9afe/users/7d8b0aee63b1476684c626d543ac15dc/roles/9ce1a50cc5fd4cdbbf91fefc847fe765 0.032s
2025-12-01 11:28:38.580 62663 INFO tempest.lib.common.rest_client [req-62a2950f-6da3-4bd7-91ac-1846bd60b258 req-62a2950f-6da3-4bd7-91ac-1846bd60b258 ] Request (VolumesGetTestJSON:tearDownClass): 200 GET http://10.180.1.21:9696/networking/v2.0/security-groups?tenant_id=67a4b32c715c4c1a8a69178767e315fd&name=default 0.296s
2025-12-01 11:28:38.593 62613 INFO tempest.lib.common.rest_client [req-b3f1ec0a-ee7f-446a-a84f-f68efb93156c req-b3f1ec0a-ee7f-446a-a84f-f68efb93156c ] Request (ServerDiagnosticsV248Test:test_get_server_diagnostics): 200 GET http://10.180.1.21/compute/v2.1/servers/88293424-7e33-4c64-ac8a-fc1f5494f01d 0.645s
2025-12-01 11:28:38.603 62611 INFO tempest.lib.common.rest_client [req-47113ade-50ee-4d8a-99b7-174871426fac req-47113ade-50ee-4d8a-99b7-174871426fac ] Request (ServerDiagnosticsTest:test_get_server_diagnostics): 200 GET http://10.180.1.21/compute/v2.1/servers/6f2656bf-8ae5-4741-bdbb-7b42fafd4fd2 0.732s
2025-12-01 11:28:38.607 62647 INFO tempest.lib.common.rest_client [req-e604d5e3-fc1b-4552-8d80-21d8188af327 req-e604d5e3-fc1b-4552-8d80-21d8188af327 ] Request (FlavorsAdminTestJSON:_run_cleanups): 200 GET http://10.180.1.21/compute/v2.1/flavors/detail 0.638s
2025-12-01 11:28:38.631 62623 INFO tempest.lib.common.rest_client [req-b91da1aa-6154-4572-b907-a2a8f39e6918 req-b91da1aa-6154-4572-b907-a2a8f39e6918 ] Request (QuotaClassesAdmin257Test:setUpClass): 200 GET http://10.180.1.21/identity/v3/roles 0.053s
2025-12-01 11:28:38.650 62623 INFO tempest.lib.common.rest_client [req-50e8b7bf-bb99-4ab4-bf40-c8e6a5622238 req-50e8b7bf-bb99-4ab4-bf40-c8e6a5622238 ] Request (QuotaClassesAdmin257Test:setUpClass): 204 PUT http://10.180.1.21/identity/v3/projects/76ba13ad8682490cb8b344820bab9afe/users/7d8b0aee63b1476684c626d543ac15dc/roles/9ce1a50cc5fd4cdbbf91fefc847fe765 0.018s
2025-12-01 11:28:38.650 62623 INFO tempest.lib.common.dynamic_creds [-] Dynamic test user 7d8b0aee63b1476684c626d543ac15dc is created with scope project and roles: ['admin']
2025-12-01 11:28:38.650 62623 INFO tempest.lib.common.dynamic_creds [-] Acquired dynamic creds: credentials: Credentials: {'domain_id': 'default', 'domain_name': 'Default', 'username': 'tempest-QuotaClassesAdmin257Test-300300007-project-admin', 'project_domain_id': 'default', 'project_domain_name': 'Default', 'project_id': '76ba13ad8682490cb8b344820bab9afe', 'project_name': 'tempest-QuotaClassesAdmin257Test-300300007', 'tenant_id': '76ba13ad8682490cb8b344820bab9afe', 'tenant_name': 'tempest-QuotaClassesAdmin257Test-300300007', 'user_domain_id': 'default', 'user_domain_name': 'Default', 'user_id': '7d8b0aee63b1476684c626d543ac15dc', 'system': None}, Network: None, Subnet: None, Router: None
2025-12-01 11:28:38.651 62623 INFO tempest.lib.common.dynamic_creds [-] Created isolated network resources for: credentials: Credentials: {'domain_id': 'default', 'domain_name': 'Default', 'username': 'tempest-QuotaClassesAdmin257Test-300300007-project-admin', 'project_domain_id': 'default', 'project_domain_name': 'Default', 'project_id': '76ba13ad8682490cb8b344820bab9afe', 'project_name': 'tempest-QuotaClassesAdmin257Test-300300007', 'tenant_id': '76ba13ad8682490cb8b344820bab9afe', 'tenant_name': 'tempest-QuotaClassesAdmin257Test-300300007', 'user_domain_id': 'default', 'user_domain_name': 'Default', 'user_id': '7d8b0aee63b1476684c626d543ac15dc', 'system': None}, Network: None, Subnet: None, Router: None
2025-12-01 11:28:38.658 62607 INFO tempest.lib.common.rest_client [req-4f9b9790-b5b0-47e4-bcb6-7063c8d8cc57 req-4f9b9790-b5b0-47e4-bcb6-7063c8d8cc57 ] Request (ServersTestBootFromVolume:setUpClass): 200 GET http://10.180.1.21/compute/v2.1/servers/cc78290c-3615-4e59-b0f2-95d967b07569 0.637s
2025-12-01 11:28:38.664 62637 INFO tempest.lib.common.rest_client [req-0f0ca0a5-b9e8-48be-9df5-d43baaba9a2e req-0f0ca0a5-b9e8-48be-9df5-d43baaba9a2e ] Request (ServersWithSpecificFlavorTestJSON:test_verify_created_server_ephemeral_disk): 200 GET http://10.180.1.21/compute/v2.1/servers/84536893-aa88-4ac3-8340-509cb9d88088 0.648s
2025-12-01 11:28:38.713 62663 INFO tempest.lib.common.rest_client [req-f476d66f-4486-4272-b1fe-ad0399035ad6 req-f476d66f-4486-4272-b1fe-ad0399035ad6 ] Request (VolumesGetTestJSON:tearDownClass): 204 DELETE http://10.180.1.21:9696/networking/v2.0/security-groups/330f3ba9-8a41-4907-8c11-ebf511460f4b 0.133s
2025-12-01 11:28:38.715 62643 INFO tempest.lib.common.rest_client [req-3f05fec6-e416-4d5d-a5c3-db9cc62e5f92 req-3f05fec6-e416-4d5d-a5c3-db9cc62e5f92 ] Request (ServersAaction247Test:test_create_backup): 200 GET http://10.180.1.21/compute/v2.1/servers/67fbd771-9a97-428e-9453-4e1eba7e141d 0.635s
2025-12-01 11:28:38.715 62659 INFO tempest.lib.common.rest_client [req-e598df9b-8985-41ba-bc2a-1229c9dad3ad req-e598df9b-8985-41ba-bc2a-1229c9dad3ad ] Request (ServerTagsTestJSON:setUpClass): 200 GET http://10.180.1.21/compute/v2.1/servers/865c8799-4a94-41af-921c-c4206331ba81 0.619s
2025-12-01 11:28:38.741 62623 INFO tempest.lib.common.rest_client [req-b4dd1007-e9e6-4f93-856d-6391852e6c3c req-b4dd1007-e9e6-4f93-856d-6391852e6c3c ] Request (QuotaClassesAdmin257Test:setUpClass): 201 POST http://10.180.1.21/identity/v3/auth/tokens 0.087s
2025-12-01 11:28:38.768 62657 INFO tempest.lib.common.rest_client [req-825b5420-4719-4f80-aea4-7beb88766ec4 req-825b5420-4719-4f80-aea4-7beb88766ec4 ] Request (AttachInterfacesV270Test:test_create_get_list_interfaces): 200 GET http://10.180.1.21/compute/v2.1/servers/c48b9d0d-37c3-47bb-9f9a-4055eb607c93 0.621s
2025-12-01 11:28:38.777 62617 INFO tempest.lib.common.rest_client [req-f3e527d2-5f50-425f-bfed-64e8d7ff6785 req-f3e527d2-5f50-425f-bfed-64e8d7ff6785 ] Request (ServersAdminTestJSON:setUpClass): 200 GET http://10.180.1.21/compute/v2.1/servers/f0a463df-07ca-48b0-9254-a1a746d3f5b1 0.556s
2025-12-01 11:28:38.788 62619 INFO tempest.lib.common.rest_client [req-bee8f298-e407-4a49-a86a-57e56b571ce9 req-bee8f298-e407-4a49-a86a-57e56b571ce9 ] Request (VolumesSnapshotsTestJSON:tearDownClass): 404 GET http://10.180.1.21/compute/v2.1/os-volumes/0df1f4ac-dd53-4a44-b10c-5fd694c7a30f 0.566s
2025-12-01 11:28:38.809 62661 INFO tempest.lib.common.rest_client [req-d716f27c-0d73-4718-8db8-9524924c07d6 req-d716f27c-0d73-4718-8db8-9524924c07d6 ] Request (ListImageFiltersTestJSON:setUpClass): 200 GET http://10.180.1.21/compute/v2.1/images/344dc648-3887-40e9-bf3c-1f0dc112e058 0.498s
2025-12-01 11:28:38.834 62663 INFO tempest.lib.common.rest_client [req-2c50f8c7-3359-4021-baaa-5d11e5c23bb5 req-2c50f8c7-3359-4021-baaa-5d11e5c23bb5 ] Request (VolumesGetTestJSON:tearDownClass): 204 DELETE http://10.180.1.21/identity/v3/projects/67a4b32c715c4c1a8a69178767e315fd 0.120s
2025-12-01 11:28:38.867 62619 INFO tempest.lib.common.rest_client [req-cdb866f5-59e5-49a8-9ca3-808042b57079 req-cdb866f5-59e5-49a8-9ca3-808042b57079 ] Request (VolumesSnapshotsTestJSON:tearDownClass): 204 DELETE http://10.180.1.21/identity/v3/users/1c2821e8c09640598fd59c3efdb6101b 0.079s
2025-12-01 11:28:38.867 62619 INFO tempest.lib.common.dynamic_creds [-] Deleting project and security group for project: 528fea4f4e68428581e9d275e419e5f7
2025-12-01 11:28:38.869 62649 INFO tempest.lib.common.rest_client [req-6edff65a-f023-4630-a6f0-e82e834d9a7a req-6edff65a-f023-4630-a6f0-e82e834d9a7a ] Request (ServerShowV257Test:test_rebuild_server): 200 GET http://10.180.1.21/compute/v2.1/servers/9684739f-82ae-4738-8d27-9d273b547ad6 0.321s
2025-12-01 11:28:38.888 62647 INFO tempest.lib.common.rest_client [req-07bb6604-b17c-49a6-bcad-74fa955d7451 req-07bb6604-b17c-49a6-bcad-74fa955d7451 ] Request (FlavorsAdminTestJSON:test_list_non_public_flavor): 200 POST http://10.180.1.21/compute/v2.1/flavors 0.275s
2025-12-01 11:28:38.900 62627 INFO tempest.lib.common.rest_client [req-bb6b653e-4e96-4b06-9810-7e87d6d5a666 req-bb6b653e-4e96-4b06-9810-7e87d6d5a666 ] Request (VolumesAssistedSnapshotsTest:test_volume_assisted_snapshot_create_delete): 200 GET http://10.180.1.21/compute/v2.1/servers/a040a266-a77e-4ef4-ac34-df4781f2a757 0.500s
2025-12-01 11:28:38.939 62619 INFO tempest.lib.common.rest_client [req-a7b22216-78cc-47a7-bfe5-8963af6520e7 req-a7b22216-78cc-47a7-bfe5-8963af6520e7 ] Request (VolumesSnapshotsTestJSON:tearDownClass): 201 POST http://10.180.1.21/identity/v3/auth/tokens 0.071s
2025-12-01 11:28:38.939 62609 INFO tempest.lib.common.rest_client [req-9cbdc7e8-a66a-4173-91bf-258a16d6c6c2 req-9cbdc7e8-a66a-4173-91bf-258a16d6c6c2 ] Request (ServerPasswordTestJSON:setUpClass): 200 GET http://10.180.1.21/compute/v2.1/servers/f1604dfe-1368-48d0-b3c3-c0dd9c24e3c6 0.287s
2025-12-01 11:28:38.967 62661 INFO tempest.lib.common.rest_client [req-14167547-484f-4809-b13f-4c90eff66d1b req-14167547-484f-4809-b13f-4c90eff66d1b ] Request (ListImageFiltersTestJSON:setUpClass): 200 GET http://10.180.1.21/compute/v2.1/images/344dc648-3887-40e9-bf3c-1f0dc112e058 0.155s
2025-12-01 11:28:39.030 62623 INFO tempest.lib.common.rest_client [req-37e593f5-97a1-438e-9116-12443bd633d1 req-37e593f5-97a1-438e-9116-12443bd633d1 ] Request (QuotaClassesAdmin257Test:test_update_default_quotas): 200 GET http://10.180.1.21/compute/v2.1/os-quota-class-sets/default 0.287s
2025-12-01 11:28:39.133 62653 INFO tempest.lib.common.rest_client [req-ed6126bb-e64a-411b-8faa-3290c89d7b8e req-ed6126bb-e64a-411b-8faa-3290c89d7b8e ] Request (ServerDiagnosticsNegativeTest:test_get_server_diagnostics_by_non_admin): 200 GET http://10.180.1.21/compute/v2.1/servers/eac976d1-2988-4106-ac61-59b8c1d9c1a3 0.250s
2025-12-01 11:28:39.148 62647 INFO tempest.lib.common.rest_client [req-42cf1784-08a1-47a3-9701-3d9e2c7659a6 req-42cf1784-08a1-47a3-9701-3d9e2c7659a6 ] Request (FlavorsAdminTestJSON:test_list_non_public_flavor): 200 GET http://10.180.1.21/compute/v2.1/flavors/detail 0.257s
2025-12-01 11:28:39.206 62601 INFO tempest.lib.common.rest_client [req-fd80847f-c8ca-4edf-a93f-094f5a50db66 req-fd80847f-c8ca-4edf-a93f-094f5a50db66 ] Request (TenantUsagesTestJSON:setUpClass): 200 GET http://10.180.1.21/compute/v2.1/servers/29eba656-6430-4009-8d24-c5a6f33bef95 0.295s
2025-12-01 11:28:39.279 62655 INFO tempest.lib.common.rest_client [req-9dbbb6f7-0754-43cb-a530-350c9d3731b1 req-9dbbb6f7-0754-43cb-a530-350c9d3731b1 ] Request (ListServerFiltersTestJSON:setUpClass): 200 GET http://10.180.1.21/compute/v2.1/servers/64da10a6-4063-4288-88ab-ae97b8c1fd88 0.311s
2025-12-01 11:28:39.302 62651 INFO tempest.lib.common.rest_client [req-8f085fde-51bb-45c6-8e72-2e07ffd18639 req-8f085fde-51bb-45c6-8e72-2e07ffd18639 ] Request (ImagesOneServerNegativeTestJSON:setUpClass): 200 GET http://10.180.1.21/compute/v2.1/servers/7c5cd006-1ac3-430f-aeb5-c58e3a9223bd 0.452s
2025-12-01 11:28:39.314 62661 INFO tempest.lib.common.rest_client [req-69b7b2f6-b4af-4eeb-9a4d-03e79c3de332 req-69b7b2f6-b4af-4eeb-9a4d-03e79c3de332 ] Request (ListImageFiltersTestJSON:setUpClass): 201 POST http://10.180.1.21/image/v2/images 0.339s
2025-12-01 11:28:39.339 62619 INFO tempest.lib.common.rest_client [req-b5adb63b-4093-4fcc-9b08-5952bdf0a3d4 req-b5adb63b-4093-4fcc-9b08-5952bdf0a3d4 ] Request (VolumesSnapshotsTestJSON:tearDownClass): 200 GET http://10.180.1.21:9696/networking/v2.0/security-groups?tenant_id=528fea4f4e68428581e9d275e419e5f7&name=default 0.400s
2025-12-01 11:28:39.341 62633 INFO tempest.lib.common.rest_client [req-e861ee22-3f88-4e00-9cc3-f279d2e19c1c req-e861ee22-3f88-4e00-9cc3-f279d2e19c1c ] Request (ServersV294TestFqdnHostnames:setUpClass): 200 GET http://10.180.1.21/compute/v2.1/servers/daf47742-054a-496d-b754-3a2687ebe973 0.372s
2025-12-01 11:28:39.362 62623 INFO tempest.lib.common.rest_client [req-a7048da0-cb34-4e16-8d06-5cc898b1f5e3 req-a7048da0-cb34-4e16-8d06-5cc898b1f5e3 ] Request (QuotaClassesAdmin257Test:test_update_default_quotas): 200 PUT http://10.180.1.21/compute/v2.1/os-quota-class-sets/default 0.331s
2025-12-01 11:28:39.478 62615 INFO tempest.lib.common.rest_client [req-1653b97d-cc70-4f88-b79b-c1a4b3b3264d req-1653b97d-cc70-4f88-b79b-c1a4b3b3264d ] Request (MigrationsAdminTest:test_list_migrations_in_flavor_resize_situation): 200 GET http://10.180.1.21/compute/v2.1/servers/1157187b-7051-4921-bd95-9ef3e2d17104 0.387s
2025-12-01 11:28:39.479 62619 INFO tempest.lib.common.rest_client [req-61ce0010-f68e-435a-a902-5df23799c774 req-61ce0010-f68e-435a-a902-5df23799c774 ] Request (VolumesSnapshotsTestJSON:tearDownClass): 204 DELETE http://10.180.1.21:9696/networking/v2.0/security-groups/3f983971-5983-4143-8f1c-9ef2b8b7155d 0.139s
2025-12-01 11:28:39.514 62621 INFO tempest.lib.common.rest_client [req-69c6307f-6c94-4f65-ba52-73343ad9c40a req-69c6307f-6c94-4f65-ba52-73343ad9c40a ] Request (ServersAdminNegativeTestJSON:setUpClass): 200 GET http://10.180.1.21/compute/v2.1/servers/ef410c62-2279-4be0-bb88-9fb0735eca19 0.420s
2025-12-01 11:28:39.529 62647 INFO tempest.lib.common.rest_client [req-1f67c98e-5156-456b-8ed2-8c4327d95ad2 req-1f67c98e-5156-456b-8ed2-8c4327d95ad2 ] Request (FlavorsAdminTestJSON:test_list_non_public_flavor): 200 GET http://10.180.1.21/compute/v2.1/flavors/detail 0.377s
2025-12-01 11:28:39.537 62641 INFO tempest.lib.common.rest_client [req-28947bea-2fcf-4cf1-9aad-7d6d72e1d54f req-28947bea-2fcf-4cf1-9aad-7d6d72e1d54f ] Request (AttachInterfacesUnderV243Test:test_add_remove_fixed_ip): 200 GET http://10.180.1.21/compute/v2.1/servers/2aa479bb-71e8-4d21-9af8-d2af9d284c14 0.392s
2025-12-01 11:28:39.556 62619 INFO tempest.lib.common.rest_client [req-d0419d3c-e255-44da-9af7-d36d9d6798bb req-d0419d3c-e255-44da-9af7-d36d9d6798bb ] Request (VolumesSnapshotsTestJSON:tearDownClass): 204 DELETE http://10.180.1.21/identity/v3/projects/528fea4f4e68428581e9d275e419e5f7 0.076s
2025-12-01 11:28:39.577 62605 INFO tempest.lib.common.rest_client [req-c12ba1a7-37c5-4a73-8e6a-0e32722de74b req-c12ba1a7-37c5-4a73-8e6a-0e32722de74b ] Request (ServersTestManualDisk:setUpClass): 200 GET http://10.180.1.21/compute/v2.1/servers/d87291e9-b698-4e6c-a265-55c00b863ac1 0.403s
2025-12-01 11:28:39.584 62635 INFO tempest.lib.common.rest_client [req-abd9b6b5-0a16-415a-bd8d-0b6e30c91cee req-abd9b6b5-0a16-415a-bd8d-0b6e30c91cee ] Request (ServerDiskConfigTestJSON:test_rebuild_server_with_auto_disk_config): 200 GET http://10.180.1.21/compute/v2.1/servers/682b49a4-4901-4c62-9e5a-cf03047e1cb8 0.378s
2025-12-01 11:28:39.587 62623 INFO tempest.lib.common.rest_client [req-ba1dd35b-4606-4227-b6c3-2917015134cb req-ba1dd35b-4606-4227-b6c3-2917015134cb ] Request (QuotaClassesAdmin257Test:test_update_default_quotas): 200 GET http://10.180.1.21/compute/v2.1/os-quota-class-sets/default 0.223s
2025-12-01 11:28:39.683 62631 INFO tempest.lib.common.rest_client [req-2103464e-8c44-4291-bf7e-2ca217371dee req-2103464e-8c44-4291-bf7e-2ca217371dee ] Request (DeleteServersAdminTestJSON:test_admin_delete_servers_of_others): 200 GET http://10.180.1.21/compute/v2.1/servers/f71cb62c-8dc2-4dcc-9da4-2f26c0960531 0.316s
2025-12-01 11:28:39.684 62626 INFO tempest.lib.common.rest_client [req-0d9127fb-2b4d-420a-a5fa-d19b7cafae62 req-0d9127fb-2b4d-420a-a5fa-d19b7cafae62 ] Request (ImagesTestJSON:test_create_image_from_stopped_server): 200 GET http://10.180.1.21/compute/v2.1/servers/b3cb6cbd-a508-4b62-a2b0-14d2963884fb 0.262s
2025-12-01 11:28:39.732 62639 INFO tempest.lib.common.rest_client [req-ddb5a480-c431-440f-8eaf-87e8aadfb627 req-ddb5a480-c431-440f-8eaf-87e8aadfb627 ] Request (FloatingIPsAssociationTestJSON:setUpClass): 200 GET http://10.180.1.21/compute/v2.1/servers/35d268f6-0573-4f9b-85ac-09359c56ef8d 0.259s
2025-12-01 11:28:39.733 62646 INFO tempest.lib.common.rest_client [req-b4a52efb-34b6-4322-b01f-eead11150ec5 req-b4a52efb-34b6-4322-b01f-eead11150ec5 ] Request (ServerActionsTestOtherA:setUpClass): 200 GET http://10.180.1.21/compute/v2.1/servers/8e698dc0-2883-4987-8baa-f5b6b43fff06 0.305s
2025-12-01 11:28:39.778 62603 INFO tempest.lib.common.rest_client [req-eef7569b-cb26-47fd-bf96-e8e6fc96a9b8 req-eef7569b-cb26-47fd-bf96-e8e6fc96a9b8 ] Request (ServersNegativeTestJSON:setUpClass): 200 GET http://10.180.1.21/compute/v2.1/servers/f0d00a15-7869-4b1a-bf6f-a7f5e1c88138 0.295s
2025-12-01 11:28:39.781 62629 INFO tempest.lib.common.rest_client [req-f7979b7e-f05a-4edd-ae2e-e34c8dc05cb3 req-f7979b7e-f05a-4edd-ae2e-e34c8dc05cb3 ] Request (InstanceActionsV221TestJSON:test_get_list_deleted_instance_actions): 200 GET http://10.180.1.21/compute/v2.1/servers/ff9e8fca-e137-4c4a-aec5-bacdbd1e04f3 0.248s
2025-12-01 11:28:39.792 62647 INFO tempest.lib.common.rest_client [req-6327d254-fc31-419f-b0fd-a8c145b9bce8 req-6327d254-fc31-419f-b0fd-a8c145b9bce8 ] Request (FlavorsAdminTestJSON:_run_cleanups): 202 DELETE http://10.180.1.21/compute/v2.1/flavors/212813954 0.258s
2025-12-01 11:28:39.813 62623 INFO tempest.lib.common.rest_client [req-ce996449-9d7a-4b39-a0d2-12b88097a7e0 req-ce996449-9d7a-4b39-a0d2-12b88097a7e0 ] Request (QuotaClassesAdmin257Test:_run_cleanups): 200 PUT http://10.180.1.21/compute/v2.1/os-quota-class-sets/default 0.224s
2025-12-01 11:28:39.843 62613 INFO tempest.lib.common.rest_client [req-fa8c3133-655e-4b83-ae34-e385bcdba959 req-fa8c3133-655e-4b83-ae34-e385bcdba959 ] Request (ServerDiagnosticsV248Test:test_get_server_diagnostics): 200 GET http://10.180.1.21/compute/v2.1/servers/88293424-7e33-4c64-ac8a-fc1f5494f01d 0.242s
2025-12-01 11:28:39.888 62607 INFO tempest.lib.common.rest_client [req-6ba130dd-9892-4641-8566-85d0e01ceadd req-6ba130dd-9892-4641-8566-85d0e01ceadd ] Request (ServersTestBootFromVolume:setUpClass): 200 GET http://10.180.1.21/compute/v2.1/servers/cc78290c-3615-4e59-b0f2-95d967b07569 0.222s
2025-12-01 11:28:39.908 62611 INFO tempest.lib.common.rest_client [req-e229d4c2-5df6-481b-bf6c-e14619eb046c req-e229d4c2-5df6-481b-bf6c-e14619eb046c ] Request (ServerDiagnosticsTest:test_get_server_diagnostics): 200 GET http://10.180.1.21/compute/v2.1/servers/6f2656bf-8ae5-4741-bdbb-7b42fafd4fd2 0.296s
2025-12-01 11:28:39.916 62623 INFO tempest.lib.common.rest_client [req-15ebfe1d-5099-4943-a106-4c3e3735e2b5 req-15ebfe1d-5099-4943-a106-4c3e3735e2b5 ] Request (QuotaClassesAdmin257Test:tearDownClass): 204 DELETE http://10.180.1.21/identity/v3/users/5e043bcb6d3a41c493d87ddbe0cda21b 0.100s
2025-12-01 11:28:39.934 62637 INFO tempest.lib.common.rest_client [req-15b9e3ee-051c-4827-91ed-33f34f006550 req-15b9e3ee-051c-4827-91ed-33f34f006550 ] Request (ServersWithSpecificFlavorTestJSON:test_verify_created_server_ephemeral_disk): 200 GET http://10.180.1.21/compute/v2.1/servers/84536893-aa88-4ac3-8340-509cb9d88088 0.261s
2025-12-01 11:28:39.957 62659 INFO tempest.lib.common.rest_client [req-d4820e87-8599-4956-a3aa-240a14686def req-d4820e87-8599-4956-a3aa-240a14686def ] Request (ServerTagsTestJSON:setUpClass): 200 GET http://10.180.1.21/compute/v2.1/servers/865c8799-4a94-41af-921c-c4206331ba81 0.232s
2025-12-01 11:28:39.983 62643 INFO tempest.lib.common.rest_client [req-c91fec90-64bd-4bbd-ae8d-f2149d03dedb req-c91fec90-64bd-4bbd-ae8d-f2149d03dedb ] Request (ServersAaction247Test:test_create_backup): 200 GET http://10.180.1.21/compute/v2.1/servers/67fbd771-9a97-428e-9453-4e1eba7e141d 0.256s
2025-12-01 11:28:40.006 62657 INFO tempest.lib.common.rest_client [req-a5e42810-0ddf-477d-b87b-1412f70c595d req-a5e42810-0ddf-477d-b87b-1412f70c595d ] Request (AttachInterfacesV270Test:test_create_get_list_interfaces): 200 GET http://10.180.1.21/compute/v2.1/servers/c48b9d0d-37c3-47bb-9f9a-4055eb607c93 0.223s
2025-12-01 11:28:40.011 62623 INFO tempest.lib.common.rest_client [req-a902cc13-4509-4ce0-850c-8cf0f2da6c38 req-a902cc13-4509-4ce0-850c-8cf0f2da6c38 ] Request (QuotaClassesAdmin257Test:tearDownClass): 204 DELETE http://10.180.1.21/identity/v3/users/7d8b0aee63b1476684c626d543ac15dc 0.095s
2025-12-01 11:28:40.012 62623 INFO tempest.lib.common.dynamic_creds [-] Deleting project and security group for project: 76ba13ad8682490cb8b344820bab9afe
2025-12-01 11:28:40.021 62647 INFO tempest.lib.common.rest_client [req-7aa84cd0-38ef-4fec-8573-d86b072a721e req-7aa84cd0-38ef-4fec-8573-d86b072a721e ] Request (FlavorsAdminTestJSON:_run_cleanups): 200 GET http://10.180.1.21/compute/v2.1/flavors/detail 0.228s
2025-12-01 11:28:40.037 62617 INFO tempest.lib.common.rest_client [req-9a3760dd-3340-4890-8c84-3bdb3779628a req-9a3760dd-3340-4890-8c84-3bdb3779628a ] Request (ServersAdminTestJSON:setUpClass): 200 GET http://10.180.1.21/compute/v2.1/servers/f0a463df-07ca-48b0-9254-a1a746d3f5b1 0.253s
2025-12-01 11:28:40.074 62649 INFO tempest.lib.common.rest_client [req-5b7d7691-5940-4cf4-af30-0bec028c38c2 req-5b7d7691-5940-4cf4-af30-0bec028c38c2 ] Request (ServerShowV257Test:test_rebuild_server): 200 GET http://10.180.1.21/compute/v2.1/servers/9684739f-82ae-4738-8d27-9d273b547ad6 0.190s
2025-12-01 11:28:40.076 62623 INFO tempest.lib.common.rest_client [req-9a7ce3b4-91e5-46bc-88b4-bf19856536fc req-9a7ce3b4-91e5-46bc-88b4-bf19856536fc ] Request (QuotaClassesAdmin257Test:tearDownClass): 201 POST http://10.180.1.21/identity/v3/auth/tokens 0.064s
2025-12-01 11:28:40.129 62609 INFO tempest.lib.common.rest_client [req-06e386a6-f3e3-4e71-ace4-d1399cc3463a req-06e386a6-f3e3-4e71-ace4-d1399cc3463a ] Request (ServerPasswordTestJSON:setUpClass): 200 GET http://10.180.1.21/compute/v2.1/servers/f1604dfe-1368-48d0-b3c3-c0dd9c24e3c6 0.182s
2025-12-01 11:28:40.143 62647 INFO tempest.lib.common.rest_client [req-1b764f99-6cbb-46d2-9b32-bbd9e9c4bbb6 req-1b764f99-6cbb-46d2-9b32-bbd9e9c4bbb6 ] Request (FlavorsAdminTestJSON:test_list_public_flavor_with_other_user): 200 POST http://10.180.1.21/compute/v2.1/flavors 0.116s
2025-12-01 11:28:40.193 62627 INFO tempest.lib.common.rest_client [req-3de57306-3fc6-4eac-8c6a-8598d59de967 req-3de57306-3fc6-4eac-8c6a-8598d59de967 ] Request (VolumesAssistedSnapshotsTest:test_volume_assisted_snapshot_create_delete): 200 GET http://10.180.1.21/compute/v2.1/servers/a040a266-a77e-4ef4-ac34-df4781f2a757 0.285s
2025-12-01 11:28:40.215 62647 INFO tempest.lib.common.rest_client [req-4ce28093-c1b6-4f2f-84d7-66f157d48f9e req-4ce28093-c1b6-4f2f-84d7-66f157d48f9e ] Request (FlavorsAdminTestJSON:test_list_public_flavor_with_other_user): 200 GET http://10.180.1.21/compute/v2.1/flavors/detail 0.070s
2025-12-01 11:28:40.265 62623 INFO tempest.lib.common.rest_client [req-38e49a28-d449-463b-8af1-d6ebdfcc263f req-38e49a28-d449-463b-8af1-d6ebdfcc263f ] Request (QuotaClassesAdmin257Test:tearDownClass): 200 GET http://10.180.1.21:9696/networking/v2.0/security-groups?tenant_id=76ba13ad8682490cb8b344820bab9afe&name=default 0.189s
2025-12-01 11:28:40.294 62601 INFO tempest.lib.common.rest_client [req-0e70c9ec-683e-42dd-93a7-6c4543b7263b req-0e70c9ec-683e-42dd-93a7-6c4543b7263b ] Request (TenantUsagesTestJSON:setUpClass): 200 GET http://10.180.1.21/compute/v2.1/servers/29eba656-6430-4009-8d24-c5a6f33bef95 0.081s
2025-12-01 11:28:40.311 62647 INFO tempest.lib.common.rest_client [req-640b3c5b-1a0f-4c8d-ba2c-5f4bc942d499 req-640b3c5b-1a0f-4c8d-ba2c-5f4bc942d499 ] Request (FlavorsAdminTestJSON:_run_cleanups): 202 DELETE http://10.180.1.21/compute/v2.1/flavors/594644546 0.091s
2025-12-01 11:28:40.318 62653 INFO tempest.lib.common.rest_client [req-bedccd1d-f3f2-43c8-93b5-7c74eef5d34a req-bedccd1d-f3f2-43c8-93b5-7c74eef5d34a ] Request (ServerDiagnosticsNegativeTest:test_get_server_diagnostics_by_non_admin): 200 GET http://10.180.1.21/compute/v2.1/servers/eac976d1-2988-4106-ac61-59b8c1d9c1a3 0.177s
2025-12-01 11:28:40.341 62647 INFO tempest.lib.common.rest_client [req-1c2420b4-0cc0-4a9c-b749-00fd8ffecb02 req-1c2420b4-0cc0-4a9c-b749-00fd8ffecb02 ] Request (FlavorsAdminTestJSON:_run_cleanups): 200 GET http://10.180.1.21/compute/v2.1/flavors/detail 0.028s
2025-12-01 11:28:40.363 62655 INFO tempest.lib.common.rest_client [req-ea91adc0-5aa8-426c-8730-78ece56e1d57 req-ea91adc0-5aa8-426c-8730-78ece56e1d57 ] Request (ListServerFiltersTestJSON:setUpClass): 200 GET http://10.180.1.21/compute/v2.1/servers/64da10a6-4063-4288-88ab-ae97b8c1fd88 0.076s
2025-12-01 11:28:40.415 62623 INFO tempest.lib.common.rest_client [req-889d6007-735b-4126-94b4-83c79eb3475b req-889d6007-735b-4126-94b4-83c79eb3475b ] Request (QuotaClassesAdmin257Test:tearDownClass): 204 DELETE http://10.180.1.21:9696/networking/v2.0/security-groups/f8309ffc-7e80-4379-9b97-e228d638889a 0.150s
2025-12-01 11:28:40.440 62633 INFO tempest.lib.common.rest_client [req-8293adb2-09db-4629-9823-35d0ec2f3787 req-8293adb2-09db-4629-9823-35d0ec2f3787 ] Request (ServersV294TestFqdnHostnames:setUpClass): 200 GET http://10.180.1.21/compute/v2.1/servers/daf47742-054a-496d-b754-3a2687ebe973 0.088s
2025-12-01 11:28:40.442 62647 INFO tempest.lib.common.rest_client [req-ddf49071-89f0-4651-a947-f9347c8d16ee req-ddf49071-89f0-4651-a947-f9347c8d16ee ] Request (FlavorsAdminTestJSON:tearDownClass): 204 DELETE http://10.180.1.21/identity/v3/users/be50940b7d0541c09d68cafc94eeb1dc 0.096s
2025-12-01 11:28:40.533 62651 INFO tempest.lib.common.rest_client [req-5433534c-9e7d-4196-b4cd-d35f7505f496 req-5433534c-9e7d-4196-b4cd-d35f7505f496 ] Request (ImagesOneServerNegativeTestJSON:setUpClass): 200 GET http://10.180.1.21/compute/v2.1/servers/7c5cd006-1ac3-430f-aeb5-c58e3a9223bd 0.219s
2025-12-01 11:28:40.573 62623 INFO tempest.lib.common.rest_client [req-533c75f6-e6c5-4b6e-a5b8-816fe265dc0c req-533c75f6-e6c5-4b6e-a5b8-816fe265dc0c ] Request (QuotaClassesAdmin257Test:tearDownClass): 204 DELETE http://10.180.1.21/identity/v3/projects/76ba13ad8682490cb8b344820bab9afe 0.157s
2025-12-01 11:28:40.573 62623 INFO tempest.lib.common.dynamic_creds [-] Deleting project and security group for project: bcc10d2c7f944d36999cec3f6f63ee97
2025-12-01 11:28:40.587 62647 INFO tempest.lib.common.rest_client [req-2360931a-85cd-439e-be37-95ed598652bc req-2360931a-85cd-439e-be37-95ed598652bc ] Request (FlavorsAdminTestJSON:tearDownClass): 204 DELETE http://10.180.1.21/identity/v3/users/1c1c8cede11d47148d9693f939ae9646 0.145s
2025-12-01 11:28:40.588 62647 INFO tempest.lib.common.dynamic_creds [-] Deleting project and security group for project: c20f75eb33cc4d3da426b31232ab1e6f
2025-12-01 11:28:40.616 62615 INFO tempest.lib.common.rest_client [req-b4e10bb3-ad9d-44f1-bc9f-143f60ca7b18 req-b4e10bb3-ad9d-44f1-bc9f-143f60ca7b18 ] Request (MigrationsAdminTest:test_list_migrations_in_flavor_resize_situation): 200 GET http://10.180.1.21/compute/v2.1/servers/1157187b-7051-4921-bd95-9ef3e2d17104 0.130s
2025-12-01 11:28:40.645 62621 INFO tempest.lib.common.rest_client [req-7f3aab40-af51-404d-b55d-1d1679fc099a req-7f3aab40-af51-404d-b55d-1d1679fc099a ] Request (ServersAdminNegativeTestJSON:setUpClass): 200 GET http://10.180.1.21/compute/v2.1/servers/ef410c62-2279-4be0-bb88-9fb0735eca19 0.122s
2025-12-01 11:28:40.647 62647 INFO tempest.lib.common.rest_client [req-ee7cdfff-289c-454c-93dd-04a6e7d8dcbc req-ee7cdfff-289c-454c-93dd-04a6e7d8dcbc ] Request (FlavorsAdminTestJSON:tearDownClass): 201 POST http://10.180.1.21/identity/v3/auth/tokens 0.059s
2025-12-01 11:28:40.673 62641 INFO tempest.lib.common.rest_client [req-eb85e3dd-aa79-44a9-b7aa-59ca17d6e6a2 req-eb85e3dd-aa79-44a9-b7aa-59ca17d6e6a2 ] Request (AttachInterfacesUnderV243Test:test_add_remove_fixed_ip): 200 GET http://10.180.1.21/compute/v2.1/servers/2aa479bb-71e8-4d21-9af8-d2af9d284c14 0.128s
2025-12-01 11:28:40.700 62605 INFO tempest.lib.common.rest_client [req-5d98bb80-9a5b-44ce-87b8-a6f85acd7e55 req-5d98bb80-9a5b-44ce-87b8-a6f85acd7e55 ] Request (ServersTestManualDisk:setUpClass): 200 GET http://10.180.1.21/compute/v2.1/servers/d87291e9-b698-4e6c-a265-55c00b863ac1 0.116s
2025-12-01 11:28:40.700 62623 INFO tempest.lib.common.rest_client [req-4221f53f-8dc2-4a15-a0bf-70f03aacf7ea req-4221f53f-8dc2-4a15-a0bf-70f03aacf7ea ] Request (QuotaClassesAdmin257Test:tearDownClass): 200 GET http://10.180.1.21:9696/networking/v2.0/security-groups?tenant_id=bcc10d2c7f944d36999cec3f6f63ee97&name=default 0.127s
2025-12-01 11:28:40.729 62635 INFO tempest.lib.common.rest_client [req-ad875e10-2935-4781-984c-b3574f68062e req-ad875e10-2935-4781-984c-b3574f68062e ] Request (ServerDiskConfigTestJSON:test_rebuild_server_with_auto_disk_config): 200 GET http://10.180.1.21/compute/v2.1/servers/682b49a4-4901-4c62-9e5a-cf03047e1cb8 0.136s
2025-12-01 11:28:40.830 62626 INFO tempest.lib.common.rest_client [req-8548db0d-86ce-4ad6-9a3a-6b678e597413 req-8548db0d-86ce-4ad6-9a3a-6b678e597413 ] Request (ImagesTestJSON:test_create_image_from_stopped_server): 200 GET http://10.180.1.21/compute/v2.1/servers/b3cb6cbd-a508-4b62-a2b0-14d2963884fb 0.139s
2025-12-01 11:28:40.874 62631 INFO tempest.lib.common.rest_client [req-2b453795-249d-40a6-85b5-47809c2d6745 req-2b453795-249d-40a6-85b5-47809c2d6745 ] Request (DeleteServersAdminTestJSON:test_admin_delete_servers_of_others): 200 GET http://10.180.1.21/compute/v2.1/servers/f71cb62c-8dc2-4dcc-9da4-2f26c0960531 0.183s
2025-12-01 11:28:40.881 62646 INFO tempest.lib.common.rest_client [req-1f8f8ef4-2b0f-4d80-9c19-eb43fe0159fa req-1f8f8ef4-2b0f-4d80-9c19-eb43fe0159fa ] Request (ServerActionsTestOtherA:setUpClass): 200 GET http://10.180.1.21/compute/v2.1/servers/8e698dc0-2883-4987-8baa-f5b6b43fff06 0.141s
2025-12-01 11:28:40.894 62623 INFO tempest.lib.common.rest_client [req-71c01e9f-9b6c-4ec0-ade6-7442f3597cce req-71c01e9f-9b6c-4ec0-ade6-7442f3597cce ] Request (QuotaClassesAdmin257Test:tearDownClass): 204 DELETE http://10.180.1.21:9696/networking/v2.0/security-groups/97e89127-f5a5-449a-8fab-0aeff10437c9 0.193s
2025-12-01 11:28:40.909 62647 INFO tempest.lib.common.rest_client [req-2f4e24fb-4cad-4b21-9b9b-f666d1c35536 req-2f4e24fb-4cad-4b21-9b9b-f666d1c35536 ] Request (FlavorsAdminTestJSON:tearDownClass): 200 GET http://10.180.1.21:9696/networking/v2.0/security-groups?tenant_id=c20f75eb33cc4d3da426b31232ab1e6f&name=default 0.261s
2025-12-01 11:28:40.939 62639 INFO tempest.lib.common.rest_client [req-0fdfe94d-6be7-4257-9502-0c2d3bfe01df req-0fdfe94d-6be7-4257-9502-0c2d3bfe01df ] Request (FloatingIPsAssociationTestJSON:setUpClass): 200 GET http://10.180.1.21/compute/v2.1/servers/35d268f6-0573-4f9b-85ac-09359c56ef8d 0.199s
2025-12-01 11:28:40.957 62603 INFO tempest.lib.common.rest_client [req-77275c76-067e-4b73-9f31-4a2712f7ed8d req-77275c76-067e-4b73-9f31-4a2712f7ed8d ] Request (ServersNegativeTestJSON:setUpClass): 200 GET http://10.180.1.21/compute/v2.1/servers/f0d00a15-7869-4b1a-bf6f-a7f5e1c88138 0.172s
2025-12-01 11:28:40.967 62623 INFO tempest.lib.common.rest_client [req-ed7136ec-a7a6-4715-95fe-606ac634c83a req-ed7136ec-a7a6-4715-95fe-606ac634c83a ] Request (QuotaClassesAdmin257Test:tearDownClass): 204 DELETE http://10.180.1.21/identity/v3/projects/bcc10d2c7f944d36999cec3f6f63ee97 0.072s
2025-12-01 11:28:40.995 62629 INFO tempest.lib.common.rest_client [req-1d016828-70d7-48f2-890b-4ac0124a5046 req-1d016828-70d7-48f2-890b-4ac0124a5046 ] Request (InstanceActionsV221TestJSON:test_get_list_deleted_instance_actions): 200 GET http://10.180.1.21/compute/v2.1/servers/ff9e8fca-e137-4c4a-aec5-bacdbd1e04f3 0.202s
2025-12-01 11:28:41.014 62647 INFO tempest.lib.common.rest_client [req-52fed992-1288-4bbd-a7d2-9f602fda901e req-52fed992-1288-4bbd-a7d2-9f602fda901e ] Request (FlavorsAdminTestJSON:tearDownClass): 204 DELETE http://10.180.1.21:9696/networking/v2.0/security-groups/b42a147b-7d1b-4631-8e29-fdd587dcb494 0.105s
2025-12-01 11:28:41.024 62613 INFO tempest.lib.common.rest_client [req-e4151df2-8c83-47ae-a1b4-1b66a78adbd3 req-e4151df2-8c83-47ae-a1b4-1b66a78adbd3 ] Request (ServerDiagnosticsV248Test:test_get_server_diagnostics): 200 GET http://10.180.1.21/compute/v2.1/servers/88293424-7e33-4c64-ac8a-fc1f5494f01d 0.171s
2025-12-01 11:28:41.025 62623 INFO tempest.lib.common.rest_client [req-6b19d471-8218-40d8-ac05-c8c724942cab req-6b19d471-8218-40d8-ac05-c8c724942cab ] Request (KeyPairsNegativeTestJSON:setUpClass): 201 POST http://10.180.1.21/identity/v3/auth/tokens 0.056s
2025-12-01 11:28:41.050 62661 INFO tempest.lib.common.rest_client [req-ecf36673-3535-4fda-b56c-fb4d26c6ee80 req-ecf36673-3535-4fda-b56c-fb4d26c6ee80 ] Request (ListImageFiltersTestJSON:setUpClass): 204 PUT http://10.180.1.21/image/v2/images/1930ca29-3a1f-453d-9647-25f6b4b73d92/file 0.735s
2025-12-01 11:28:41.054 62623 INFO tempest.lib.common.rest_client [req-917c35d0-b983-46f4-beee-b0396cff13c5 req-917c35d0-b983-46f4-beee-b0396cff13c5 ] Request (KeyPairsNegativeTestJSON:setUpClass): 201 POST http://10.180.1.21/identity/v3/auth/tokens 0.026s
2025-12-01 11:28:41.054 62607 INFO tempest.lib.common.rest_client [req-1a3ad84a-8393-4be2-bddb-1a79e9b013ef req-1a3ad84a-8393-4be2-bddb-1a79e9b013ef ] Request (ServersTestBootFromVolume:setUpClass): 200 GET http://10.180.1.21/compute/v2.1/servers/cc78290c-3615-4e59-b0f2-95d967b07569 0.159s
2025-12-01 11:28:41.073 62623 INFO tempest.lib.common.rest_client [req-b86ec6d9-1699-4d47-b48d-69673ddd84f6 req-b86ec6d9-1699-4d47-b48d-69673ddd84f6 ] Request (KeyPairsNegativeTestJSON:setUpClass): 200 GET http://10.180.1.21/identity/v3/domains?name=Default 0.019s
2025-12-01 11:28:41.109 62623 INFO tempest.lib.common.rest_client [req-815d0a2b-2257-4a74-b4e9-db002c757acc req-815d0a2b-2257-4a74-b4e9-db002c757acc ] Request (KeyPairsNegativeTestJSON:setUpClass): 201 POST http://10.180.1.21/identity/v3/projects 0.035s
2025-12-01 11:28:41.113 62637 INFO tempest.lib.common.rest_client [req-0ce018d0-9600-48e5-ab97-f2fd0a239bc8 req-0ce018d0-9600-48e5-ab97-f2fd0a239bc8 ] Request (ServersWithSpecificFlavorTestJSON:test_verify_created_server_ephemeral_disk): 200 GET http://10.180.1.21/compute/v2.1/servers/84536893-aa88-4ac3-8340-509cb9d88088 0.172s
2025-12-01 11:28:41.132 62647 INFO tempest.lib.common.rest_client [req-11170603-ca96-4eb9-80c1-7828e070eb58 req-11170603-ca96-4eb9-80c1-7828e070eb58 ] Request (FlavorsAdminTestJSON:tearDownClass): 204 DELETE http://10.180.1.21/identity/v3/projects/c20f75eb33cc4d3da426b31232ab1e6f 0.117s
2025-12-01 11:28:41.132 62647 INFO tempest.lib.common.dynamic_creds [-] Deleting project and security group for project: cc95715449544d30910197ee410b2df1
2025-12-01 11:28:41.136 62611 INFO tempest.lib.common.rest_client [req-afbf9c9b-7366-4552-928e-f74262845d48 req-afbf9c9b-7366-4552-928e-f74262845d48 ] Request (ServerDiagnosticsTest:test_get_server_diagnostics): 200 GET http://10.180.1.21/compute/v2.1/servers/6f2656bf-8ae5-4741-bdbb-7b42fafd4fd2 0.222s
2025-12-01 11:28:41.168 62623 INFO tempest.lib.common.rest_client [req-024a9a23-284d-4fa7-bf80-23578dcebe5f req-024a9a23-284d-4fa7-bf80-23578dcebe5f ] Request (KeyPairsNegativeTestJSON:setUpClass): 201 POST http://10.180.1.21/identity/v3/users 0.059s
2025-12-01 11:28:41.174 62659 INFO tempest.lib.common.rest_client [req-9c6420c9-58ce-4808-b3ec-dee899be85ef req-9c6420c9-58ce-4808-b3ec-dee899be85ef ] Request (ServerTagsTestJSON:setUpClass): 200 GET http://10.180.1.21/compute/v2.1/servers/865c8799-4a94-41af-921c-c4206331ba81 0.207s
2025-12-01 11:28:41.201 62643 INFO tempest.lib.common.rest_client [req-7e63d972-c881-4fda-8835-210054b6ac4c req-7e63d972-c881-4fda-8835-210054b6ac4c ] Request (ServersAaction247Test:test_create_backup): 200 GET http://10.180.1.21/compute/v2.1/servers/67fbd771-9a97-428e-9453-4e1eba7e141d 0.208s
2025-12-01 11:28:41.222 62623 INFO tempest.lib.common.rest_client [req-65a8b6d9-3b38-4d42-a5f5-99d369665936 req-65a8b6d9-3b38-4d42-a5f5-99d369665936 ] Request (KeyPairsNegativeTestJSON:setUpClass): 200 GET http://10.180.1.21/identity/v3/roles 0.054s
2025-12-01 11:28:41.243 62657 INFO tempest.lib.common.rest_client [req-f8729043-19dd-4fc8-a61c-d8a3c924cabb req-f8729043-19dd-4fc8-a61c-d8a3c924cabb ] Request (AttachInterfacesV270Test:test_create_get_list_interfaces): 200 GET http://10.180.1.21/compute/v2.1/servers/c48b9d0d-37c3-47bb-9f9a-4055eb607c93 0.221s
2025-12-01 11:28:41.255 62623 INFO tempest.lib.common.rest_client [req-b05a9064-1984-441b-a852-8382a414db63 req-b05a9064-1984-441b-a852-8382a414db63 ] Request (KeyPairsNegativeTestJSON:setUpClass): 204 PUT http://10.180.1.21/identity/v3/projects/b39398c596be496c992e96301f99f71e/users/4eb2e4dca5d847e2ae199bae95afb5cd/roles/ebfe7c085443428d9bf8ced0210a93ab 0.031s
2025-12-01 11:28:41.255 62623 INFO tempest.lib.common.dynamic_creds [-] Dynamic test user 4eb2e4dca5d847e2ae199bae95afb5cd is created with scope project and roles: ['member']
2025-12-01 11:28:41.256 62623 INFO tempest.lib.common.dynamic_creds [-] Acquired dynamic creds: credentials: Credentials: {'domain_id': 'default', 'domain_name': 'Default', 'username': 'tempest-KeyPairsNegativeTestJSON-540166059-project-member', 'project_domain_id': 'default', 'project_domain_name': 'Default', 'project_id': 'b39398c596be496c992e96301f99f71e', 'project_name': 'tempest-KeyPairsNegativeTestJSON-540166059', 'tenant_id': 'b39398c596be496c992e96301f99f71e', 'tenant_name': 'tempest-KeyPairsNegativeTestJSON-540166059', 'user_domain_id': 'default', 'user_domain_name': 'Default', 'user_id': '4eb2e4dca5d847e2ae199bae95afb5cd', 'system': None}, Network: None, Subnet: None, Router: None
2025-12-01 11:28:41.256 62623 INFO tempest.lib.common.dynamic_creds [-] Created isolated network resources for: credentials: Credentials: {'domain_id': 'default', 'domain_name': 'Default', 'username': 'tempest-KeyPairsNegativeTestJSON-540166059-project-member', 'project_domain_id': 'default', 'project_domain_name': 'Default', 'project_id': 'b39398c596be496c992e96301f99f71e', 'project_name': 'tempest-KeyPairsNegativeTestJSON-540166059', 'tenant_id': 'b39398c596be496c992e96301f99f71e', 'tenant_name': 'tempest-KeyPairsNegativeTestJSON-540166059', 'user_domain_id': 'default', 'user_domain_name': 'Default', 'user_id': '4eb2e4dca5d847e2ae199bae95afb5cd', 'system': None}, Network: None, Subnet: None, Router: None
2025-12-01 11:28:41.256 62617 INFO tempest.lib.common.rest_client [req-82c47e6b-f3bf-4a09-bbe6-8689fc7f2bf5 req-82c47e6b-f3bf-4a09-bbe6-8689fc7f2bf5 ] Request (ServersAdminTestJSON:setUpClass): 200 GET http://10.180.1.21/compute/v2.1/servers/f0a463df-07ca-48b0-9254-a1a746d3f5b1 0.210s
2025-12-01 11:28:41.269 62647 INFO tempest.lib.common.rest_client [req-46859b04-b80a-463b-9cbc-672f37510e8a req-46859b04-b80a-463b-9cbc-672f37510e8a ] Request (FlavorsAdminTestJSON:tearDownClass): 200 GET http://10.180.1.21:9696/networking/v2.0/security-groups?tenant_id=cc95715449544d30910197ee410b2df1&name=default 0.137s
2025-12-01 11:28:41.279 62661 INFO tempest.lib.common.rest_client [req-470667cf-1944-4182-84f7-49481514f90b req-470667cf-1944-4182-84f7-49481514f90b ] Request (ListImageFiltersTestJSON:setUpClass): 200 GET http://10.180.1.21/compute/v2.1/images/1930ca29-3a1f-453d-9647-25f6b4b73d92 0.228s
2025-12-01 11:28:41.325 62649 INFO tempest.lib.common.rest_client [req-5ff396d7-9f5a-4a05-8647-79055834a420 req-5ff396d7-9f5a-4a05-8647-79055834a420 ] Request (ServerShowV257Test:test_rebuild_server): 200 GET http://10.180.1.21/compute/v2.1/servers/9684739f-82ae-4738-8d27-9d273b547ad6 0.243s
