2025-12-01 11:27:45.727 62651 INFO tempest.lib.common.rest_client [req-498c1a18-3d00-4a97-8871-f82768509f82 req-498c1a18-3d00-4a97-8871-f82768509f82 ] Request (ImagesOneServerNegativeTestJSON:setUpClass): 201 POST http://10.180.1.21/identity/v3/auth/tokens 0.161s
2025-12-01 11:27:45.739 62613 INFO tempest.lib.common.rest_client [req-dc9d3189-0682-4753-ba8b-f32b0e76452d req-dc9d3189-0682-4753-ba8b-f32b0e76452d ] Request (HypervisorAdminV253TestBase:setUpClass): 204 PUT http://10.180.1.21/identity/v3/projects/880d7d4248154cffae0a8de47bc52753/users/0e84e07a0ce74f43b9c040b08c30ce8c/roles/ebfe7c085443428d9bf8ced0210a93ab 0.149s
2025-12-01 11:27:45.740 62613 INFO tempest.lib.common.dynamic_creds [-] Dynamic test user 0e84e07a0ce74f43b9c040b08c30ce8c is created with scope project and roles: ['member']
2025-12-01 11:27:45.740 62613 INFO tempest.lib.common.dynamic_creds [-] Acquired dynamic creds: credentials: Credentials: {'domain_id': 'default', 'domain_name': 'Default', 'username': 'tempest-HypervisorAdminV253TestBase-931771768-project-member', 'project_domain_id': 'default', 'project_domain_name': 'Default', 'project_id': '880d7d4248154cffae0a8de47bc52753', 'project_name': 'tempest-HypervisorAdminV253TestBase-931771768', 'tenant_id': '880d7d4248154cffae0a8de47bc52753', 'tenant_name': 'tempest-HypervisorAdminV253TestBase-931771768', 'user_domain_id': 'default', 'user_domain_name': 'Default', 'user_id': '0e84e07a0ce74f43b9c040b08c30ce8c', 'system': None}, Network: None, Subnet: None, Router: None
2025-12-01 11:27:45.740 62613 INFO tempest.lib.common.dynamic_creds [-] Created isolated network resources for: credentials: Credentials: {'domain_id': 'default', 'domain_name': 'Default', 'username': 'tempest-HypervisorAdminV253TestBase-931771768-project-member', 'project_domain_id': 'default', 'project_domain_name': 'Default', 'project_id': '880d7d4248154cffae0a8de47bc52753', 'project_name': 'tempest-HypervisorAdminV253TestBase-931771768', 'tenant_id': '880d7d4248154cffae0a8de47bc52753', 'tenant_name': 'tempest-HypervisorAdminV253TestBase-931771768', 'user_domain_id': 'default', 'user_domain_name': 'Default', 'user_id': '0e84e07a0ce74f43b9c040b08c30ce8c', 'system': None}, Network: None, Subnet: None, Router: None
2025-12-01 11:27:45.753 62627 INFO tempest.lib.common.rest_client [req-65a568a2-a791-4d72-9df9-22878220f23c req-65a568a2-a791-4d72-9df9-22878220f23c ] Request (VolumesAssistedSnapshotsTest:test_volume_assisted_snapshot_create_delete): 202 POST http://10.180.1.21/volume/v3/d2630fe87a74449996ca5336f2694b97/volumes 0.511s
2025-12-01 11:27:45.761 62623 INFO tempest.lib.common.rest_client [req-8603260b-185b-46e2-8e0e-e7b1ce31c2ed req-8603260b-185b-46e2-8e0e-e7b1ce31c2ed ] Request (AggregatesAdminNegativeTestJSON:_run_cleanups): 200 DELETE http://10.180.1.21/compute/v2.1/os-aggregates/1 2.563s
2025-12-01 11:27:45.801 62663 INFO tempest.lib.common.rest_client [req-884f6193-3476-42a5-aed9-ceaa195b9671 req-884f6193-3476-42a5-aed9-ceaa195b9671 ] Request (FlavorsExtraSpecsTestJSON:test_flavor_set_get_update_show_unset_keys): 200 POST http://10.180.1.21/compute/v2.1/flavors/332967375/os-extra_specs 2.576s
2025-12-01 11:27:45.818 62651 INFO tempest.lib.common.rest_client [req-6662716f-56ca-423a-904e-e8fb9e0f9ced req-6662716f-56ca-423a-904e-e8fb9e0f9ced ] Request (ImagesOneServerNegativeTestJSON:setUpClass): 200 GET http://10.180.1.21/identity/v3/domains?name=Default 0.090s
2025-12-01 11:27:45.823 62629 INFO tempest.lib.common.rest_client [req-d65306e6-3d9b-4366-bb80-f2abc099a2e6 req-d65306e6-3d9b-4366-bb80-f2abc099a2e6 ] Request (FlavorsV2NegativeTest:setUpClass): 201 POST http://10.180.1.21/identity/v3/auth/tokens 0.158s
2025-12-01 11:27:45.836 62627 INFO tempest.lib.common.rest_client [req-2d8f1a63-2291-4697-a7c2-06346c908127 req-2d8f1a63-2291-4697-a7c2-06346c908127 ] Request (VolumesAssistedSnapshotsTest:test_volume_assisted_snapshot_create_delete): 200 GET http://10.180.1.21/volume/v3/d2630fe87a74449996ca5336f2694b97/volumes/38628359-2b92-43be-a35a-3be25f8b4589 0.073s
2025-12-01 11:27:45.864 62651 INFO tempest.lib.common.rest_client [req-15ee0a32-783e-4bd8-863c-ce75d5978079 req-15ee0a32-783e-4bd8-863c-ce75d5978079 ] Request (ImagesOneServerNegativeTestJSON:setUpClass): 201 POST http://10.180.1.21/identity/v3/projects 0.045s
2025-12-01 11:27:45.914 62613 INFO tempest.lib.common.rest_client [req-e5292b3a-7bcf-4a20-817d-7a2fccf78b2a req-e5292b3a-7bcf-4a20-817d-7a2fccf78b2a ] Request (HypervisorAdminV253TestBase:setUpClass): 201 POST http://10.180.1.21/identity/v3/auth/tokens 0.169s
2025-12-01 11:27:45.924 62629 INFO tempest.lib.common.rest_client [req-71481c4e-c43e-43f8-aff2-443bce6cb676 req-71481c4e-c43e-43f8-aff2-443bce6cb676 ] Request (FlavorsV2NegativeTest:setUpClass): 201 POST http://10.180.1.21/identity/v3/auth/tokens 0.099s
2025-12-01 11:27:45.955 62613 INFO tempest.lib.common.rest_client [req-f496f6db-e179-49b5-a993-16e4b0dfd059 req-f496f6db-e179-49b5-a993-16e4b0dfd059 ] Request (HypervisorAdminV253TestBase:setUpClass): 201 POST http://10.180.1.21/identity/v3/projects 0.041s
2025-12-01 11:27:45.963 62643 INFO tempest.lib.common.rest_client [req-28301b32-388a-4a8a-9032-06b1ce1faeee req-28301b32-388a-4a8a-9032-06b1ce1faeee ] Request (ServersAaction247Test:test_create_backup): 200 GET http://10.180.1.21/compute/v2.1/servers/67fbd771-9a97-428e-9453-4e1eba7e141d 2.474s
2025-12-01 11:27:45.973 62651 INFO tempest.lib.common.rest_client [req-d2bcf2a1-3cca-4301-ba72-a5cab866da41 req-d2bcf2a1-3cca-4301-ba72-a5cab866da41 ] Request (ImagesOneServerNegativeTestJSON:setUpClass): 201 POST http://10.180.1.21/identity/v3/users 0.108s
2025-12-01 11:27:46.024 62629 INFO tempest.lib.common.rest_client [req-2e2b1d55-dc86-4b02-9ab3-ea8dd086d8cd req-2e2b1d55-dc86-4b02-9ab3-ea8dd086d8cd ] Request (FlavorsV2NegativeTest:setUpClass): 200 GET http://10.180.1.21/identity/v3/domains?name=Default 0.099s
2025-12-01 11:27:46.032 62613 INFO tempest.lib.common.rest_client [req-3fdb7f1f-91e9-46fc-b62f-45b6f9c3378b req-3fdb7f1f-91e9-46fc-b62f-45b6f9c3378b ] Request (HypervisorAdminV253TestBase:setUpClass): 201 POST http://10.180.1.21/identity/v3/users 0.075s
2025-12-01 11:27:46.047 62651 INFO tempest.lib.common.rest_client [req-54915c04-ca23-4566-984a-841853507eb1 req-54915c04-ca23-4566-984a-841853507eb1 ] Request (ImagesOneServerNegativeTestJSON:setUpClass): 200 GET http://10.180.1.21/identity/v3/roles 0.074s
2025-12-01 11:27:46.077 62629 INFO tempest.lib.common.rest_client [req-9a95be9b-b5eb-4339-81dc-f83aaefd373d req-9a95be9b-b5eb-4339-81dc-f83aaefd373d ] Request (FlavorsV2NegativeTest:setUpClass): 201 POST http://10.180.1.21/identity/v3/projects 0.053s
2025-12-01 11:27:46.137 62613 INFO tempest.lib.common.rest_client [req-062202b0-6e75-494c-b2e7-613423e3cf8c req-062202b0-6e75-494c-b2e7-613423e3cf8c ] Request (HypervisorAdminV253TestBase:setUpClass): 200 GET http://10.180.1.21/identity/v3/roles 0.104s
2025-12-01 11:27:46.165 62629 INFO tempest.lib.common.rest_client [req-9b58cf08-e5f1-4c3e-8f9a-0c44e0c296ee req-9b58cf08-e5f1-4c3e-8f9a-0c44e0c296ee ] Request (FlavorsV2NegativeTest:setUpClass): 201 POST http://10.180.1.21/identity/v3/users 0.088s
2025-12-01 11:27:46.166 62651 INFO tempest.lib.common.rest_client [req-5339d005-823b-4492-a931-0b3ce30b394c req-5339d005-823b-4492-a931-0b3ce30b394c ] Request (ImagesOneServerNegativeTestJSON:setUpClass): 204 PUT http://10.180.1.21/identity/v3/projects/e556bdf0bd9c4ea9a15e33b2ecde4f11/users/abe531327c22473989d0ca0c3e16d419/roles/ebfe7c085443428d9bf8ced0210a93ab 0.117s
2025-12-01 11:27:46.166 62651 INFO tempest.lib.common.dynamic_creds [-] Dynamic test user abe531327c22473989d0ca0c3e16d419 is created with scope project and roles: ['member']
2025-12-01 11:27:46.167 62651 INFO tempest.lib.common.dynamic_creds [-] Acquired dynamic creds: credentials: Credentials: {'domain_id': 'default', 'domain_name': 'Default', 'username': 'tempest-ImagesOneServerNegativeTestJSON-299772790-project-member', 'project_domain_id': 'default', 'project_domain_name': 'Default', 'project_id': 'e556bdf0bd9c4ea9a15e33b2ecde4f11', 'project_name': 'tempest-ImagesOneServerNegativeTestJSON-299772790', 'tenant_id': 'e556bdf0bd9c4ea9a15e33b2ecde4f11', 'tenant_name': 'tempest-ImagesOneServerNegativeTestJSON-299772790', 'user_domain_id': 'default', 'user_domain_name': 'Default', 'user_id': 'abe531327c22473989d0ca0c3e16d419', 'system': None}, Network: None, Subnet: None, Router: None
2025-12-01 11:27:46.241 62629 INFO tempest.lib.common.rest_client [req-40edc788-6834-4fc8-97c8-e8e1d64047c3 req-40edc788-6834-4fc8-97c8-e8e1d64047c3 ] Request (FlavorsV2NegativeTest:setUpClass): 200 GET http://10.180.1.21/identity/v3/roles 0.075s
2025-12-01 11:27:46.242 62613 INFO tempest.lib.common.rest_client [req-cb0a9621-73ce-4a1c-89ea-f6858795095b req-cb0a9621-73ce-4a1c-89ea-f6858795095b ] Request (HypervisorAdminV253TestBase:setUpClass): 204 PUT http://10.180.1.21/identity/v3/projects/a6288b2315e3446abf26b02c14487131/users/738ecbdd96f64c91911210f8d00ca8a8/roles/9ce1a50cc5fd4cdbbf91fefc847fe765 0.104s
2025-12-01 11:27:46.325 62651 INFO tempest.lib.common.rest_client [req-cd3251da-b65a-4284-ae68-766109186b06 req-cd3251da-b65a-4284-ae68-766109186b06 ] Request (ImagesOneServerNegativeTestJSON:setUpClass): 201 POST http://10.180.1.21/identity/v3/auth/tokens 0.158s
2025-12-01 11:27:46.359 62629 INFO tempest.lib.common.rest_client [req-dfeb105e-2f00-42dd-ac70-bbcd2c93fa58 req-dfeb105e-2f00-42dd-ac70-bbcd2c93fa58 ] Request (FlavorsV2NegativeTest:setUpClass): 204 PUT http://10.180.1.21/identity/v3/projects/50bdb660c9ef4ec6b7a6bc75aa96c389/users/c52b52a8d8f743298aad9528b54af484/roles/ebfe7c085443428d9bf8ced0210a93ab 0.117s
2025-12-01 11:27:46.359 62629 INFO tempest.lib.common.dynamic_creds [-] Dynamic test user c52b52a8d8f743298aad9528b54af484 is created with scope project and roles: ['member']
2025-12-01 11:27:46.359 62629 INFO tempest.lib.common.dynamic_creds [-] Acquired dynamic creds: credentials: Credentials: {'domain_id': 'default', 'domain_name': 'Default', 'username': 'tempest-FlavorsV2NegativeTest-996166388-project-member', 'project_domain_id': 'default', 'project_domain_name': 'Default', 'project_id': '50bdb660c9ef4ec6b7a6bc75aa96c389', 'project_name': 'tempest-FlavorsV2NegativeTest-996166388', 'tenant_id': '50bdb660c9ef4ec6b7a6bc75aa96c389', 'tenant_name': 'tempest-FlavorsV2NegativeTest-996166388', 'user_domain_id': 'default', 'user_domain_name': 'Default', 'user_id': 'c52b52a8d8f743298aad9528b54af484', 'system': None}, Network: None, Subnet: None, Router: None
2025-12-01 11:27:46.359 62629 INFO tempest.lib.common.dynamic_creds [-] Created isolated network resources for: credentials: Credentials: {'domain_id': 'default', 'domain_name': 'Default', 'username': 'tempest-FlavorsV2NegativeTest-996166388-project-member', 'project_domain_id': 'default', 'project_domain_name': 'Default', 'project_id': '50bdb660c9ef4ec6b7a6bc75aa96c389', 'project_name': 'tempest-FlavorsV2NegativeTest-996166388', 'tenant_id': '50bdb660c9ef4ec6b7a6bc75aa96c389', 'tenant_name': 'tempest-FlavorsV2NegativeTest-996166388', 'user_domain_id': 'default', 'user_domain_name': 'Default', 'user_id': 'c52b52a8d8f743298aad9528b54af484', 'system': None}, Network: None, Subnet: None, Router: None
2025-12-01 11:27:46.376 62657 INFO tempest.lib.common.rest_client [req-723c544c-c62c-4c33-b34c-82c0b38af941 req-723c544c-c62c-4c33-b34c-82c0b38af941 ] Request (QuotasAdminTestJSON:test_delete_quota): 200 GET http://10.180.1.21/compute/v2.1/os-quota-sets/a46d7e2c3456402e9d590b4c423bfce2 2.862s
2025-12-01 11:27:46.404 62613 INFO tempest.lib.common.rest_client [req-98878a20-45ba-48f6-b915-265c6a75aee9 req-98878a20-45ba-48f6-b915-265c6a75aee9 ] Request (HypervisorAdminV253TestBase:setUpClass): 200 GET http://10.180.1.21/identity/v3/roles 0.162s
2025-12-01 11:27:46.440 62613 INFO tempest.lib.common.rest_client [req-3ad6adde-bb1b-4c2b-909f-6d8052d7e6a3 req-3ad6adde-bb1b-4c2b-909f-6d8052d7e6a3 ] Request (HypervisorAdminV253TestBase:setUpClass): 204 PUT http://10.180.1.21/identity/v3/projects/a6288b2315e3446abf26b02c14487131/users/738ecbdd96f64c91911210f8d00ca8a8/roles/9ce1a50cc5fd4cdbbf91fefc847fe765 0.036s
2025-12-01 11:27:46.440 62613 INFO tempest.lib.common.dynamic_creds [-] Dynamic test user 738ecbdd96f64c91911210f8d00ca8a8 is created with scope project and roles: ['admin']
2025-12-01 11:27:46.440 62613 INFO tempest.lib.common.dynamic_creds [-] Acquired dynamic creds: credentials: Credentials: {'domain_id': 'default', 'domain_name': 'Default', 'username': 'tempest-HypervisorAdminV253TestBase-1088220389-project-admin', 'project_domain_id': 'default', 'project_domain_name': 'Default', 'project_id': 'a6288b2315e3446abf26b02c14487131', 'project_name': 'tempest-HypervisorAdminV253TestBase-1088220389', 'tenant_id': 'a6288b2315e3446abf26b02c14487131', 'tenant_name': 'tempest-HypervisorAdminV253TestBase-1088220389', 'user_domain_id': 'default', 'user_domain_name': 'Default', 'user_id': '738ecbdd96f64c91911210f8d00ca8a8', 'system': None}, Network: None, Subnet: None, Router: None
2025-12-01 11:27:46.441 62613 INFO tempest.lib.common.dynamic_creds [-] Created isolated network resources for: credentials: Credentials: {'domain_id': 'default', 'domain_name': 'Default', 'username': 'tempest-HypervisorAdminV253TestBase-1088220389-project-admin', 'project_domain_id': 'default', 'project_domain_name': 'Default', 'project_id': 'a6288b2315e3446abf26b02c14487131', 'project_name': 'tempest-HypervisorAdminV253TestBase-1088220389', 'tenant_id': 'a6288b2315e3446abf26b02c14487131', 'tenant_name': 'tempest-HypervisorAdminV253TestBase-1088220389', 'user_domain_id': 'default', 'user_domain_name': 'Default', 'user_id': '738ecbdd96f64c91911210f8d00ca8a8', 'system': None}, Network: None, Subnet: None, Router: None
2025-12-01 11:27:46.482 62629 INFO tempest.lib.common.rest_client [req-bf592d89-456c-40ff-9061-aad0dd1a0e91 req-bf592d89-456c-40ff-9061-aad0dd1a0e91 ] Request (FlavorsV2NegativeTest:setUpClass): 201 POST http://10.180.1.21/identity/v3/auth/tokens 0.116s
2025-12-01 11:27:46.526 62613 INFO tempest.lib.common.rest_client [req-97d8a1be-9bc0-48ec-833b-158fddfb8323 req-97d8a1be-9bc0-48ec-833b-158fddfb8323 ] Request (HypervisorAdminV253TestBase:setUpClass): 201 POST http://10.180.1.21/identity/v3/auth/tokens 0.082s
2025-12-01 11:27:46.887 62627 INFO tempest.lib.common.rest_client [req-56f1f0b5-08ac-4f49-9cb2-09e319974bb9 req-56f1f0b5-08ac-4f49-9cb2-09e319974bb9 ] Request (VolumesAssistedSnapshotsTest:test_volume_assisted_snapshot_create_delete): 200 GET http://10.180.1.21/volume/v3/d2630fe87a74449996ca5336f2694b97/volumes/38628359-2b92-43be-a35a-3be25f8b4589 0.044s
2025-12-01 11:27:46.895 62627 INFO tempest.common.waiters [-] volume 38628359-2b92-43be-a35a-3be25f8b4589 reached available after waiting for 1.895484 seconds
2025-12-01 11:27:46.916 62619 INFO tempest.lib.common.rest_client [req-46f5dfd0-ff26-4881-9944-6fd6023a9c67 req-46f5dfd0-ff26-4881-9944-6fd6023a9c67 ] Request (SecurityGroupsTestAdminJSON:test_list_security_groups_list_all_tenants_filter): 200 GET http://10.180.1.21/compute/v2.1/os-security-groups?all_tenants=true 4.592s
2025-12-01 11:27:46.922 62639 INFO tempest.lib.common.rest_client [req-f32510e2-e000-45bf-9fcf-5c90f4a96e00 req-f32510e2-e000-45bf-9fcf-5c90f4a96e00 ] Request (HostsAdminNegativeTestJSON:test_shutdown_host_with_non_admin_user): 403 GET http://10.180.1.21/compute/v2.1/os-hosts/devstack/shutdown 3.345s
2025-12-01 11:27:46.922 62626 INFO tempest.lib.common.rest_client [req-8e74c6ec-f10e-4883-afb5-02730d613da1 req-8e74c6ec-f10e-4883-afb5-02730d613da1 ] Request (ImagesTestJSON:test_create_image_from_stopped_server): 200 GET http://10.180.1.21/compute/v2.1/servers/b3cb6cbd-a508-4b62-a2b0-14d2963884fb 3.379s
2025-12-01 11:27:47.001 62607 INFO tempest.lib.common.rest_client [req-f4b57fb3-a832-4091-8cd4-c5f1c1638ea4 req-f4b57fb3-a832-4091-8cd4-c5f1c1638ea4 ] Request (FlavorsAccessTestJSON:test_flavor_access_list_with_private_flavor): 200 POST http://10.180.1.21/compute/v2.1/flavors 3.224s
2025-12-01 11:27:47.144 62659 INFO tempest.lib.common.rest_client [req-435e8dcf-eaec-43ac-93c2-3f46d327d76b req-435e8dcf-eaec-43ac-93c2-3f46d327d76b ] Request (NetworksTest:test_get_network): 200 GET http://10.180.1.21/compute/v2.1/os-networks/1813ecfb-90b2-4f01-985e-3f0eb76a16d4 3.529s
2025-12-01 11:27:47.161 62651 INFO tempest.lib.common.rest_client [req-712236eb-ef2d-480a-9543-bfc4233b590f req-712236eb-ef2d-480a-9543-bfc4233b590f ] Request (ImagesOneServerNegativeTestJSON:setUpClass): 201 POST http://10.180.1.21:9696/networking/v2.0/networks 0.834s
2025-12-01 11:27:47.345 62621 INFO tempest.lib.common.rest_client [req-5aabd245-0e83-4143-9be7-aeeacaa36192 req-5aabd245-0e83-4143-9be7-aeeacaa36192 ] Request (ServersAdminNegativeTestJSON:setUpClass): 200 GET http://10.180.1.21/compute/v2.1/servers/ef410c62-2279-4be0-bb88-9fb0735eca19 3.295s
2025-12-01 11:27:47.438 62661 INFO tempest.lib.common.rest_client [req-1462f853-4a02-48bd-80f2-258cf6f4cf98 req-1462f853-4a02-48bd-80f2-258cf6f4cf98 ] Request (ServersAdmin275Test:test_rebuild_update_server_275): 200 GET http://10.180.1.21/compute/v2.1/servers/d1dcf710-5f98-478f-ada7-c07bc99b6a2e 2.859s
2025-12-01 11:27:47.551 62649 INFO tempest.lib.common.rest_client [req-4b18ed7e-75ec-45e1-b42e-fe6fad6495bd req-4b18ed7e-75ec-45e1-b42e-fe6fad6495bd ] Request (ServerShowV257Test:test_rebuild_server): 200 GET http://10.180.1.21/compute/v2.1/servers/9684739f-82ae-4738-8d27-9d273b547ad6 2.793s
2025-12-01 11:27:47.645 62651 INFO tempest.lib.common.rest_client [req-cc7ada0d-3e20-4468-a1d9-a045e28b67d4 req-cc7ada0d-3e20-4468-a1d9-a045e28b67d4 ] Request (ImagesOneServerNegativeTestJSON:setUpClass): 201 POST http://10.180.1.21:9696/networking/v2.0/subnets 0.484s
2025-12-01 11:27:47.753 62631 INFO tempest.lib.common.rest_client [req-5867c036-973d-4873-a82c-71d8cd512dc2 req-5867c036-973d-4873-a82c-71d8cd512dc2 ] Request (DeleteServersAdminTestJSON:test_admin_delete_servers_of_others): 200 GET http://10.180.1.21/compute/v2.1/servers/f71cb62c-8dc2-4dcc-9da4-2f26c0960531 2.541s
2025-12-01 11:27:48.033 62646 INFO tempest.lib.common.rest_client [req-05cb14d0-c9b5-4115-9bd5-d74318301e5c req-05cb14d0-c9b5-4115-9bd5-d74318301e5c ] Request (ServerActionsTestOtherA:setUpClass): 201 POST http://10.180.1.21:9696/networking/v2.0/routers 2.906s
2025-12-01 11:27:48.188 62611 INFO tempest.lib.common.rest_client [req-faf49de7-ac5b-4e70-8355-eeb75b658624 req-faf49de7-ac5b-4e70-8355-eeb75b658624 ] Request (ServerDiagnosticsTest:test_get_server_diagnostics): 200 GET http://10.180.1.21/compute/v2.1/servers/6f2656bf-8ae5-4741-bdbb-7b42fafd4fd2 2.906s
2025-12-01 11:27:48.284 62617 INFO tempest.lib.common.rest_client [req-9c8b2e26-b9e1-434d-a876-4d74d9dd0d93 req-9c8b2e26-b9e1-434d-a876-4d74d9dd0d93 ] Request (ServersAdminTestJSON:setUpClass): 201 POST http://10.180.1.21:9696/networking/v2.0/routers 2.944s
2025-12-01 11:27:48.660 62635 INFO tempest.lib.common.rest_client [req-71eed767-78da-4f4a-bbf9-eee575a9ef3a req-71eed767-78da-4f4a-bbf9-eee575a9ef3a ] Request (SecurityGroupRulesNegativeTestJSON:test_create_security_group_rule_duplicate): 200 POST http://10.180.1.21/compute/v2.1/os-security-groups 3.297s
2025-12-01 11:27:48.687 62605 INFO tempest.lib.common.rest_client [req-32dc0b4c-fa36-40b8-8d00-048c7b950269 req-32dc0b4c-fa36-40b8-8d00-048c7b950269 ] Request (FlavorsAccessNegativeTestJSON:test_flavor_access_list_with_public_flavor): 200 POST http://10.180.1.21/compute/v2.1/flavors 3.316s
2025-12-01 11:27:48.708 62647 INFO tempest.lib.common.rest_client [req-d1459f2d-053b-4185-aeaf-e94e826935f8 req-d1459f2d-053b-4185-aeaf-e94e826935f8 ] Request (FlavorsAdminTestJSON:_run_cleanups): 200 GET http://10.180.1.21/compute/v2.1/flavors/detail 3.324s
2025-12-01 11:27:48.719 62609 INFO tempest.lib.common.rest_client [req-92d3681f-8583-4f03-9ca4-57bccebd8557 req-92d3681f-8583-4f03-9ca4-57bccebd8557 ] Request (FlavorsExtraSpecsNegativeTestJSON:test_flavor_unset_nonexistent_key): 404 DELETE http://10.180.1.21/compute/v2.1/flavors/1708567495/os-extra_specs/hw:cpu_thread_policy 3.325s
2025-12-01 11:27:48.741 62601 INFO tempest.lib.common.rest_client [req-dead824f-ca8c-41b5-93e1-940db948748f req-dead824f-ca8c-41b5-93e1-940db948748f ] Request (HypervisorAdminUnderV252Test:test_search_hypervisor): 200 GET http://10.180.1.21/compute/v2.1/os-hypervisors 3.287s
2025-12-01 11:27:48.812 62637 INFO tempest.lib.common.rest_client [req-280a57dd-661c-46ce-8c27-bee58010a94f req-280a57dd-661c-46ce-8c27-bee58010a94f ] Request (ServersWithSpecificFlavorTestJSON:test_verify_created_server_ephemeral_disk): 200 POST http://10.180.1.21/compute/v2.1/flavors 3.110s
2025-12-01 11:27:48.837 62633 INFO tempest.lib.common.rest_client [req-95040e6f-205c-4c24-b24f-07f6d95d821c req-95040e6f-205c-4c24-b24f-07f6d95d821c ] Request (KeyPairsV210TestJSON:_run_cleanups): 204 DELETE http://10.180.1.21/compute/v2.1/os-keypairs/tempest-keypair-1380185454?user_id=a07838a607004f9392e95dba398e2167 3.113s
2025-12-01 11:27:48.868 62623 INFO tempest.lib.common.rest_client [req-89e5ff6d-182c-48da-ac1a-e2ac08f4ce80 req-89e5ff6d-182c-48da-ac1a-e2ac08f4ce80 ] Request (AggregatesAdminNegativeTestJSON:test_aggregate_add_host_as_user): 200 POST http://10.180.1.21/compute/v2.1/os-aggregates 3.094s
2025-12-01 11:27:48.877 62663 INFO tempest.lib.common.rest_client [req-9abcae98-a4dd-4c8d-bdb9-d6b841d18200 req-9abcae98-a4dd-4c8d-bdb9-d6b841d18200 ] Request (FlavorsExtraSpecsTestJSON:test_flavor_set_get_update_show_unset_keys): 200 GET http://10.180.1.21/compute/v2.1/flavors/332967375/os-extra_specs 3.075s
2025-12-01 11:27:48.900 62603 INFO tempest.lib.common.rest_client [req-9305bd21-77bd-4f92-9238-5e2ef5c656ac req-9305bd21-77bd-4f92-9238-5e2ef5c656ac ] Request (HostsAdminTestJSON:test_list_hosts_with_zone): 200 GET http://10.180.1.21/compute/v2.1/os-hosts 3.053s
2025-12-01 11:27:49.233 62653 INFO tempest.lib.common.rest_client [req-8109e885-6e1e-43a5-a2fa-92bc6c01ae13 req-8109e885-6e1e-43a5-a2fa-92bc6c01ae13 ] Request (ServerDiagnosticsNegativeTest:test_get_server_diagnostics_by_non_admin): 200 GET http://10.180.1.21/compute/v2.1/servers/eac976d1-2988-4106-ac61-59b8c1d9c1a3 3.219s
2025-12-01 11:27:49.309 62655 INFO tempest.lib.common.rest_client [req-1618b708-fafa-4e30-b469-ed58243a3493 req-1618b708-fafa-4e30-b469-ed58243a3493 ] Request (FloatingIPsTestJSON:test_allocate_floating_ip): 200 POST http://10.180.1.21/compute/v2.1/os-floating-ips 5.009s
2025-12-01 11:27:49.477 62657 INFO tempest.lib.common.rest_client [req-89ce6b0b-e357-426e-90d4-34990e210246 req-89ce6b0b-e357-426e-90d4-34990e210246 ] Request (QuotasAdminTestJSON:test_delete_quota): 200 PUT http://10.180.1.21/compute/v2.1/os-quota-sets/a46d7e2c3456402e9d590b4c423bfce2 3.099s
2025-12-01 11:27:49.501 62615 INFO tempest.lib.common.rest_client [req-d99c8ea7-3bb2-4ce2-b272-56f83731d9b5 req-d99c8ea7-3bb2-4ce2-b272-56f83731d9b5 ] Request (MigrationsAdminTest:test_list_migrations_in_flavor_resize_situation): 200 GET http://10.180.1.21/compute/v2.1/servers/1157187b-7051-4921-bd95-9ef3e2d17104 3.152s
2025-12-01 11:27:49.551 62629 INFO tempest.lib.common.rest_client [req-34b1f6b7-35ec-4975-a57e-e24a96839250 req-34b1f6b7-35ec-4975-a57e-e24a96839250 ] Request (FlavorsV2NegativeTest:test_boot_with_low_ram): 200 GET http://10.180.1.21/compute/v2.1/flavors/42 3.068s
2025-12-01 11:27:49.591 62613 INFO tempest.lib.common.rest_client [req-ad9e2a30-7397-4397-92dc-863eed137466 req-ad9e2a30-7397-4397-92dc-863eed137466 ] Request (HypervisorAdminV253TestBase:test_list_show_detail_hypervisors): 200 GET http://10.180.1.21/compute/v2.1/os-hypervisors/detail?with_servers=True 3.060s
2025-12-01 11:27:49.608 62639 INFO tempest.lib.common.rest_client [req-6c094394-57ea-4619-9ee3-78ddb948af3e req-6c094394-57ea-4619-9ee3-78ddb948af3e ] Request (HostsAdminNegativeTestJSON:test_shutdown_nonexistent_host): 404 GET http://10.180.1.21/compute/v2.1/os-hosts/nonexistent_hostname/shutdown 2.684s
2025-12-01 11:27:49.672 62627 INFO tempest.lib.common.rest_client [req-6e653004-e74d-454d-9634-0ee6464b252e req-6e653004-e74d-454d-9634-0ee6464b252e ] Request (VolumesAssistedSnapshotsTest:test_volume_assisted_snapshot_create_delete): 200 POST http://10.180.1.21/compute/v2.1/os-keypairs 2.775s
2025-12-01 11:27:49.779 62643 INFO tempest.lib.common.rest_client [req-6224762f-e1cc-4646-b685-61598a26bf3c req-6224762f-e1cc-4646-b685-61598a26bf3c ] Request (ServersAaction247Test:test_create_backup): 200 GET http://10.180.1.21/compute/v2.1/servers/67fbd771-9a97-428e-9453-4e1eba7e141d 2.804s
2025-12-01 11:27:49.798 62607 INFO tempest.lib.common.rest_client [req-215655f1-57d4-49c2-80b8-e683dc06be23 req-215655f1-57d4-49c2-80b8-e683dc06be23 ] Request (FlavorsAccessTestJSON:test_flavor_access_list_with_private_flavor): 200 GET http://10.180.1.21/compute/v2.1/flavors/709991115/os-flavor-access 2.794s
2025-12-01 11:27:49.878 62619 INFO tempest.lib.common.rest_client [req-9419968a-7ff9-448b-93bb-cb2edb31eda2 req-9419968a-7ff9-448b-93bb-cb2edb31eda2 ] Request (SecurityGroupsTestAdminJSON:test_list_security_groups_list_all_tenants_filter): 200 GET http://10.180.1.21/compute/v2.1/os-security-groups?all_tenants=true 2.951s
2025-12-01 11:27:49.990 62659 INFO tempest.lib.common.rest_client [req-bf94f574-2a24-4acb-b63c-3d8a8c46b409 req-bf94f574-2a24-4acb-b63c-3d8a8c46b409 ] Request (NetworksTest:test_list_all_networks): 200 GET http://10.180.1.21/compute/v2.1/os-networks 2.844s
2025-12-01 11:27:50.006 62629 INFO tempest.lib.common.rest_client [req-a686d374-b7c5-465e-bb1f-7847ec511db8 req-a686d374-b7c5-465e-bb1f-7847ec511db8 ] Request (FlavorsV2NegativeTest:test_boot_with_low_ram): 201 POST http://10.180.1.21/image/v2/images 0.446s
2025-12-01 11:27:50.033 62627 INFO tempest.lib.common.rest_client [req-b4dcb89d-e9c5-48dc-a347-b0cae2041162 req-b4dcb89d-e9c5-48dc-a347-b0cae2041162 ] Request (VolumesAssistedSnapshotsTest:test_volume_assisted_snapshot_create_delete): 201 POST http://10.180.1.21:9696/networking/v2.0/security-groups 0.359s
2025-12-01 11:27:50.052 62651 INFO tempest.lib.common.rest_client [req-23f8b38d-9d4f-43e9-a75f-f509bed365e5 req-23f8b38d-9d4f-43e9-a75f-f509bed365e5 ] Request (ImagesOneServerNegativeTestJSON:setUpClass): 201 POST http://10.180.1.21:9696/networking/v2.0/routers 2.406s
2025-12-01 11:27:50.169 62659 INFO tempest.lib.common.rest_client [req-4f1e11ec-830e-4eca-b133-4e98650f0f3e req-4f1e11ec-830e-4eca-b133-4e98650f0f3e ] Request (NetworksTest:tearDownClass): 204 DELETE http://10.180.1.21/identity/v3/users/e810e30841f54b30b7d7e2fce4bb360d 0.177s
2025-12-01 11:27:50.316 62659 INFO tempest.lib.common.rest_client [req-d3b99335-f05b-45f4-bdb9-6ee8100818a8 req-d3b99335-f05b-45f4-bdb9-6ee8100818a8 ] Request (NetworksTest:tearDownClass): 204 DELETE http://10.180.1.21/identity/v3/users/13cbd1fd32094b7388e6b0d89c41e111 0.146s
2025-12-01 11:27:50.316 62659 INFO tempest.lib.common.dynamic_creds [-] Deleting project and security group for project: 9a18a2a20ff94622af448348a2d4bea3
2025-12-01 11:27:50.398 62659 INFO tempest.lib.common.rest_client [req-a3ab7ee2-fce6-451b-b2d1-2801b95d707d req-a3ab7ee2-fce6-451b-b2d1-2801b95d707d ] Request (NetworksTest:tearDownClass): 201 POST http://10.180.1.21/identity/v3/auth/tokens 0.082s
2025-12-01 11:27:50.472 62626 INFO tempest.lib.common.rest_client [req-d6a5a8f7-9a1c-4768-b6b4-72f42fa767e3 req-d6a5a8f7-9a1c-4768-b6b4-72f42fa767e3 ] Request (ImagesTestJSON:test_create_image_from_stopped_server): 200 GET http://10.180.1.21/compute/v2.1/servers/b3cb6cbd-a508-4b62-a2b0-14d2963884fb 2.541s
2025-12-01 11:27:50.510 62621 INFO tempest.lib.common.rest_client [req-c85d086c-96d9-4784-976e-9954bbbdc9eb req-c85d086c-96d9-4784-976e-9954bbbdc9eb ] Request (ServersAdminNegativeTestJSON:setUpClass): 200 GET http://10.180.1.21/compute/v2.1/servers/ef410c62-2279-4be0-bb88-9fb0735eca19 2.155s
2025-12-01 11:27:50.578 62661 INFO tempest.lib.common.rest_client [req-ebb9f1a4-922c-451c-9f68-62ac6f0bc57a req-ebb9f1a4-922c-451c-9f68-62ac6f0bc57a ] Request (ServersAdmin275Test:test_rebuild_update_server_275): 200 GET http://10.180.1.21/compute/v2.1/servers/d1dcf710-5f98-478f-ada7-c07bc99b6a2e 2.126s
2025-12-01 11:27:50.607 62649 INFO tempest.lib.common.rest_client [req-95117cb6-ef99-40fb-a80d-88dcf1690fd6 req-95117cb6-ef99-40fb-a80d-88dcf1690fd6 ] Request (ServerShowV257Test:test_rebuild_server): 200 GET http://10.180.1.21/compute/v2.1/servers/9684739f-82ae-4738-8d27-9d273b547ad6 2.046s
2025-12-01 11:27:50.610 62627 INFO tempest.lib.common.rest_client [req-db4e2cec-c50f-4565-a24c-056bb973befb req-db4e2cec-c50f-4565-a24c-056bb973befb ] Request (VolumesAssistedSnapshotsTest:test_volume_assisted_snapshot_create_delete): 201 POST http://10.180.1.21:9696/networking/v2.0/security-group-rules 0.577s
2025-12-01 11:27:50.628 62617 INFO tempest.lib.common.rest_client [req-1a3b1a89-fc41-4a5a-b455-21c050ae92ee req-1a3b1a89-fc41-4a5a-b455-21c050ae92ee ] Request (ServersAdminTestJSON:setUpClass): 200 PUT http://10.180.1.21:9696/networking/v2.0/routers/42be2391-055e-4bf3-9adc-614a7bbd7815/add_router_interface 2.343s
2025-12-01 11:27:50.629 62605 INFO tempest.lib.common.rest_client [req-3674f7d1-f698-4b80-b158-93f57d46fe86 req-3674f7d1-f698-4b80-b158-93f57d46fe86 ] Request (FlavorsAccessNegativeTestJSON:test_flavor_access_list_with_public_flavor): 404 GET http://10.180.1.21/compute/v2.1/flavors/1694297308/os-flavor-access 1.938s
2025-12-01 11:27:50.629 62617 INFO tempest.lib.common.dynamic_creds [-] Created isolated network resources for: credentials: Credentials: {'domain_id': 'default', 'domain_name': 'Default', 'username': 'tempest-ServersAdminTestJSON-1500978182-project-member', 'project_domain_id': 'default', 'project_domain_name': 'Default', 'project_id': 'b78fc51f99c24c6ea72878dd26eeebf4', 'project_name': 'tempest-ServersAdminTestJSON-1500978182', 'tenant_id': 'b78fc51f99c24c6ea72878dd26eeebf4', 'tenant_name': 'tempest-ServersAdminTestJSON-1500978182', 'user_domain_id': 'default', 'user_domain_name': 'Default', 'user_id': 'e992fdeb04e34ccc8427155e34a2c455', 'system': None}, Network: {'id': 'cb9b99d0-b357-4bde-b3b8-a70f880ed56a', 'name': 'tempest-ServersAdminTestJSON-719054034-network', 'tenant_id': 'b78fc51f99c24c6ea72878dd26eeebf4', 'admin_state_up': True, 'mtu': 8950, 'status': 'ACTIVE', 'subnets': [], 'shared': False, 'project_id': 'b78fc51f99c24c6ea72878dd26eeebf4', 'port_security_enabled': True, 'router:external': False, 'provider:network_type': 'vlan', 'provider:physical_network': 'default', 'provider:segmentation_id': 739, 'is_default': False, 'availability_zone_hints': [], 'availability_zones': [], 'ipv4_address_scope': None, 'ipv6_address_scope': None, 'description': '', 'tags': [], 'created_at': '2025-12-01T11:27:43Z', 'updated_at': '2025-12-01T11:27:43Z', 'revision_number': 1}, Subnet: {'id': '8b02ca11-198c-4439-afd7-bda12f5bf8dd', 'name': 'tempest-ServersAdminTestJSON-719054034-subnet', 'tenant_id': 'b78fc51f99c24c6ea72878dd26eeebf4', 'network_id': 'cb9b99d0-b357-4bde-b3b8-a70f880ed56a', 'ip_version': 4, 'subnetpool_id': None, 'enable_dhcp': True, 'ipv6_ra_mode': None, 'ipv6_address_mode': None, 'gateway_ip': '192.168.128.1', 'cidr': '192.168.128.0/28', 'allocation_pools': [{'start': '192.168.128.2', 'end': '192.168.128.14'}], 'host_routes': [], 'dns_nameservers': [], 'description': '', 'service_types': [], 'tags': [], 'created_at': '2025-12-01T11:27:44Z', 'updated_at': '2025-12-01T11:27:44Z', 'revision_number': 0, 'project_id': 'b78fc51f99c24c6ea72878dd26eeebf4'}, Router: {'id': '42be2391-055e-4bf3-9adc-614a7bbd7815', 'name': 'tempest-ServersAdminTestJSON-719054034-router', 'tenant_id': 'b78fc51f99c24c6ea72878dd26eeebf4', 'admin_state_up': True, 'status': 'ACTIVE', 'external_gateway_info': {'network_id': '1813ecfb-90b2-4f01-985e-3f0eb76a16d4', 'external_fixed_ips': [{'subnet_id': '8c87d8c1-cc55-436f-93ec-7cee9b9e88a1', 'ip_address': '10.180.180.253'}], 'enable_snat': True}, 'description': '', 'availability_zones': [], 'distributed': False, 'ha': False, 'availability_zone_hints': [], 'routes': [], 'flavor_id': None, 'tags': [], 'created_at': '2025-12-01T11:27:45Z', 'updated_at': '2025-12-01T11:27:46Z', 'revision_number': 2, 'project_id': 'b78fc51f99c24c6ea72878dd26eeebf4'}
2025-12-01 11:27:50.641 62647 INFO tempest.lib.common.rest_client [req-f8d098ce-b33d-4c26-afab-66a71c855f40 req-f8d098ce-b33d-4c26-afab-66a71c855f40 ] Request (FlavorsAdminTestJSON:test_create_flavor_with_int_id): 200 POST http://10.180.1.21/compute/v2.1/flavors 1.927s
2025-12-01 11:27:50.653 62609 INFO tempest.lib.common.rest_client [req-58e1aa02-1f53-4376-8ba7-64e2900e21e6 req-58e1aa02-1f53-4376-8ba7-64e2900e21e6 ] Request (FlavorsExtraSpecsNegativeTestJSON:test_flavor_update_mismatch_key): 400 PUT http://10.180.1.21/compute/v2.1/flavors/1708567495/os-extra_specs/hw:numa_nodes 1.932s
2025-12-01 11:27:50.673 62601 INFO tempest.lib.common.rest_client [req-0d8c6e5e-b826-454e-b069-a21811651b2f req-0d8c6e5e-b826-454e-b069-a21811651b2f ] Request (HypervisorAdminUnderV252Test:test_search_hypervisor): 200 GET http://10.180.1.21/compute/v2.1/os-hypervisors/domain-c8.fc996f14-c53b-4953-92e3-bdfa48f5cc28/search 1.931s
2025-12-01 11:27:50.710 62659 INFO tempest.lib.common.rest_client [req-42443cad-fc7e-4614-aaf5-326ab39f3382 req-42443cad-fc7e-4614-aaf5-326ab39f3382 ] Request (NetworksTest:tearDownClass): 200 GET http://10.180.1.21:9696/networking/v2.0/security-groups?tenant_id=9a18a2a20ff94622af448348a2d4bea3&name=default 0.311s
2025-12-01 11:27:50.734 62617 INFO tempest.lib.common.rest_client [req-a8c76421-f2de-4c5e-a804-5fe594c747e1 req-a8c76421-f2de-4c5e-a804-5fe594c747e1 ] Request (ServersAdminTestJSON:setUpClass): 201 POST http://10.180.1.21/identity/v3/auth/tokens 0.099s
2025-12-01 11:27:50.788 62617 INFO tempest.lib.common.rest_client [req-e635166e-415b-4f3a-b227-f69bdef92a90 req-e635166e-415b-4f3a-b227-f69bdef92a90 ] Request (ServersAdminTestJSON:setUpClass): 201 POST http://10.180.1.21/identity/v3/projects 0.054s
2025-12-01 11:27:50.837 62629 INFO tempest.lib.common.rest_client [req-3bcd5d25-5f09-456a-a4f9-7e65db97f992 req-3bcd5d25-5f09-456a-a4f9-7e65db97f992 ] Request (FlavorsV2NegativeTest:test_boot_with_low_ram): 204 PUT http://10.180.1.21/image/v2/images/80025d25-d8cd-49e8-87a7-c5781a44983d/file 0.829s
2025-12-01 11:27:50.838 62601 INFO tempest.lib.common.rest_client [req-2108e021-48b1-41ab-b445-1b11fff49b23 req-2108e021-48b1-41ab-b445-1b11fff49b23 ] Request (HypervisorAdminUnderV252Test:tearDownClass): 204 DELETE http://10.180.1.21/identity/v3/users/b9464e018f154b6ba7c0ddd3d9d189cc 0.158s
2025-12-01 11:27:50.885 62617 INFO tempest.lib.common.rest_client [req-7b3f69b6-01f7-48a8-ae0e-744987ac2f6e req-7b3f69b6-01f7-48a8-ae0e-744987ac2f6e ] Request (ServersAdminTestJSON:setUpClass): 201 POST http://10.180.1.21/identity/v3/users 0.096s
2025-12-01 11:27:50.899 62627 INFO tempest.lib.common.rest_client [req-1fea40f7-22bf-4fed-8a96-39f227db2dea req-1fea40f7-22bf-4fed-8a96-39f227db2dea ] Request (VolumesAssistedSnapshotsTest:test_volume_assisted_snapshot_create_delete): 201 POST http://10.180.1.21:9696/networking/v2.0/security-group-rules 0.287s
2025-12-01 11:27:50.915 62631 INFO tempest.lib.common.rest_client [req-f84151e7-7c51-4e36-a567-a57db5e43d78 req-f84151e7-7c51-4e36-a567-a57db5e43d78 ] Request (DeleteServersAdminTestJSON:test_admin_delete_servers_of_others): 200 GET http://10.180.1.21/compute/v2.1/servers/f71cb62c-8dc2-4dcc-9da4-2f26c0960531 2.154s
2025-12-01 11:27:50.926 62637 INFO tempest.lib.common.rest_client [req-107a9394-7739-42a0-8895-2fdd93afc132 req-107a9394-7739-42a0-8895-2fdd93afc132 ] Request (ServersWithSpecificFlavorTestJSON:test_verify_created_server_ephemeral_disk): 200 GET http://10.180.1.21/compute/v2.1/flavors/42/os-extra_specs 2.111s
2025-12-01 11:27:50.945 62629 INFO tempest.lib.common.rest_client [req-28101083-c65d-435c-8de7-f98519b28545 req-28101083-c65d-435c-8de7-f98519b28545 ] Request (FlavorsV2NegativeTest:test_boot_with_low_ram): 201 POST http://10.180.1.21/identity/v3/auth/tokens 0.106s
2025-12-01 11:27:50.946 62629 INFO tempest.lib.common.fixed_network [-] (FlavorsV2NegativeTest:test_boot_with_low_ram) Found network None available for tenant
2025-12-01 11:27:50.960 62633 INFO tempest.lib.common.rest_client [req-f6df27d3-085c-40ca-b747-073ae6f2a223 req-f6df27d3-085c-40ca-b747-073ae6f2a223 ] Request (KeyPairsV210TestJSON:_run_cleanups): 204 DELETE http://10.180.1.21/compute/v2.1/os-keypairs/tempest-keypair-1502633213?user_id=a07838a607004f9392e95dba398e2167 2.123s
2025-12-01 11:27:50.982 62601 INFO tempest.lib.common.rest_client [req-7567a26f-6d3d-4731-a8c2-e5f81c845629 req-7567a26f-6d3d-4731-a8c2-e5f81c845629 ] Request (HypervisorAdminUnderV252Test:tearDownClass): 204 DELETE http://10.180.1.21/identity/v3/users/3e80d256750647f1bbe759f4fb258ec2 0.143s
2025-12-01 11:27:50.983 62601 INFO tempest.lib.common.dynamic_creds [-] Deleting project and security group for project: e3e932216e1147f397f6370dbcd5fa02
2025-12-01 11:27:51.011 62659 INFO tempest.lib.common.rest_client [req-1a61b26e-ba51-4c08-b3c4-5986d236db0d req-1a61b26e-ba51-4c08-b3c4-5986d236db0d ] Request (NetworksTest:tearDownClass): 204 DELETE http://10.180.1.21:9696/networking/v2.0/security-groups/e248a4ab-c157-419c-98bc-15102e15abbf 0.301s
2025-12-01 11:27:51.036 62617 INFO tempest.lib.common.rest_client [req-70d56294-7bac-41cb-ba70-12f5bae9c00e req-70d56294-7bac-41cb-ba70-12f5bae9c00e ] Request (ServersAdminTestJSON:setUpClass): 200 GET http://10.180.1.21/identity/v3/roles 0.150s
2025-12-01 11:27:51.039 62635 INFO tempest.lib.common.rest_client [req-f488e2b7-3fc8-4b30-a302-c91726c4a2e0 req-f488e2b7-3fc8-4b30-a302-c91726c4a2e0 ] Request (SecurityGroupRulesNegativeTestJSON:test_create_security_group_rule_duplicate): 200 POST http://10.180.1.21/compute/v2.1/os-security-group-rules 2.375s
2025-12-01 11:27:51.072 62663 INFO tempest.lib.common.rest_client [req-2ba651ca-97a1-4192-b0ef-e17b14a63b2a req-2ba651ca-97a1-4192-b0ef-e17b14a63b2a ] Request (FlavorsExtraSpecsTestJSON:test_flavor_set_get_update_show_unset_keys): 200 PUT http://10.180.1.21/compute/v2.1/flavors/332967375/os-extra_specs/hw:numa_nodes 2.193s
2025-12-01 11:27:51.101 62603 INFO tempest.lib.common.rest_client [req-f0c2b6c5-5f16-489f-a933-f59e705c76c7 req-f0c2b6c5-5f16-489f-a933-f59e705c76c7 ] Request (HostsAdminTestJSON:test_list_hosts_with_zone): 200 GET http://10.180.1.21/compute/v2.1/os-hosts?zone=internal 2.200s
2025-12-01 11:27:51.120 62623 INFO tempest.lib.common.rest_client [req-be073aa4-6cbf-4a5c-8695-58191a7ad8ba req-be073aa4-6cbf-4a5c-8695-58191a7ad8ba ] Request (AggregatesAdminNegativeTestJSON:test_aggregate_add_host_as_user): 403 POST http://10.180.1.21/compute/v2.1/os-aggregates/2/action 2.250s
2025-12-01 11:27:51.130 62601 INFO tempest.lib.common.rest_client [req-bf380339-ca0c-40b5-b46d-8ad7573882d0 req-bf380339-ca0c-40b5-b46d-8ad7573882d0 ] Request (HypervisorAdminUnderV252Test:tearDownClass): 201 POST http://10.180.1.21/identity/v3/auth/tokens 0.147s
2025-12-01 11:27:51.138 62646 INFO tempest.lib.common.rest_client [req-89edc212-eb65-498a-b777-c3f2f2617ea4 req-89edc212-eb65-498a-b777-c3f2f2617ea4 ] Request (ServerActionsTestOtherA:setUpClass): 200 PUT http://10.180.1.21:9696/networking/v2.0/routers/dae308a4-f67c-4ecb-9276-4fff463e4b81/add_router_interface 3.104s
2025-12-01 11:27:51.138 62646 INFO tempest.lib.common.dynamic_creds [-] Created isolated network resources for: credentials: Credentials: {'domain_id': 'default', 'domain_name': 'Default', 'username': 'tempest-ServerActionsTestOtherA-150056699-project-member', 'project_domain_id': 'default', 'project_domain_name': 'Default', 'project_id': '86b987e66ef94d7ab1a1bdb96ddc4a41', 'project_name': 'tempest-ServerActionsTestOtherA-150056699', 'tenant_id': '86b987e66ef94d7ab1a1bdb96ddc4a41', 'tenant_name': 'tempest-ServerActionsTestOtherA-150056699', 'user_domain_id': 'default', 'user_domain_name': 'Default', 'user_id': '34997955519c4b47bb967d4fd431be32', 'system': None}, Network: {'id': '62b8d2b1-382d-4e30-af78-47fca4e5f2b6', 'name': 'tempest-ServerActionsTestOtherA-1543893235-network', 'tenant_id': '86b987e66ef94d7ab1a1bdb96ddc4a41', 'admin_state_up': True, 'mtu': 8950, 'status': 'ACTIVE', 'subnets': [], 'shared': False, 'project_id': '86b987e66ef94d7ab1a1bdb96ddc4a41', 'port_security_enabled': True, 'router:external': False, 'provider:network_type': 'vlan', 'provider:physical_network': 'default', 'provider:segmentation_id': 890, 'is_default': False, 'availability_zone_hints': [], 'availability_zones': [], 'ipv4_address_scope': None, 'ipv6_address_scope': None, 'description': '', 'tags': [], 'created_at': '2025-12-01T11:27:43Z', 'updated_at': '2025-12-01T11:27:43Z', 'revision_number': 1}, Subnet: {'id': '903ede1b-9543-404b-a3a7-b9d9fdf52005', 'name': 'tempest-ServerActionsTestOtherA-1543893235-subnet', 'tenant_id': '86b987e66ef94d7ab1a1bdb96ddc4a41', 'network_id': '62b8d2b1-382d-4e30-af78-47fca4e5f2b6', 'ip_version': 4, 'subnetpool_id': None, 'enable_dhcp': True, 'ipv6_ra_mode': None, 'ipv6_address_mode': None, 'gateway_ip': '192.168.128.1', 'cidr': '192.168.128.0/28', 'allocation_pools': [{'start': '192.168.128.2', 'end': '192.168.128.14'}], 'host_routes': [], 'dns_nameservers': [], 'description': '', 'service_types': [], 'tags': [], 'created_at': '2025-12-01T11:27:44Z', 'updated_at': '2025-12-01T11:27:44Z', 'revision_number': 0, 'project_id': '86b987e66ef94d7ab1a1bdb96ddc4a41'}, Router: {'id': 'dae308a4-f67c-4ecb-9276-4fff463e4b81', 'name': 'tempest-ServerActionsTestOtherA-1543893235-router', 'tenant_id': '86b987e66ef94d7ab1a1bdb96ddc4a41', 'admin_state_up': True, 'status': 'ACTIVE', 'external_gateway_info': {'network_id': '1813ecfb-90b2-4f01-985e-3f0eb76a16d4', 'external_fixed_ips': [{'subnet_id': '8c87d8c1-cc55-436f-93ec-7cee9b9e88a1', 'ip_address': '10.180.180.197'}], 'enable_snat': True}, 'description': '', 'availability_zones': [], 'distributed': False, 'ha': False, 'availability_zone_hints': [], 'routes': [], 'flavor_id': None, 'tags': [], 'created_at': '2025-12-01T11:27:45Z', 'updated_at': '2025-12-01T11:27:46Z', 'revision_number': 2, 'project_id': '86b987e66ef94d7ab1a1bdb96ddc4a41'}
2025-12-01 11:27:51.212 62659 INFO tempest.lib.common.rest_client [req-c8b24156-2573-4757-bb58-0e89a4b7554a req-c8b24156-2573-4757-bb58-0e89a4b7554a ] Request (NetworksTest:tearDownClass): 204 DELETE http://10.180.1.21/identity/v3/projects/9a18a2a20ff94622af448348a2d4bea3 0.200s
2025-12-01 11:27:51.212 62659 INFO tempest.lib.common.dynamic_creds [-] Deleting project and security group for project: dfece4a71eeb43fca87e41128d40048c
2025-12-01 11:27:51.235 62633 INFO tempest.lib.common.rest_client [req-6de21512-393b-4463-ba43-43aa68983745 req-6de21512-393b-4463-ba43-43aa68983745 ] Request (KeyPairsV210TestJSON:tearDownClass): 204 DELETE http://10.180.1.21/identity/v3/users/a07838a607004f9392e95dba398e2167 0.266s
2025-12-01 11:27:51.322 62646 INFO tempest.lib.common.rest_client [req-bb177204-b1fc-462c-a4c1-2ffa20dd6d07 req-bb177204-b1fc-462c-a4c1-2ffa20dd6d07 ] Request (ServerActionsTestOtherA:setUpClass): 201 POST http://10.180.1.21/identity/v3/auth/tokens 0.178s
2025-12-01 11:27:51.340 62617 INFO tempest.lib.common.rest_client [req-eadff555-ff0c-48e8-a37a-c0b3d44a743f req-eadff555-ff0c-48e8-a37a-c0b3d44a743f ] Request (ServersAdminTestJSON:setUpClass): 204 PUT http://10.180.1.21/identity/v3/projects/407361dac5a5474e8a3d75a4b045d19d/users/cfb504e712384b599aafc800090c6c2d/roles/9ce1a50cc5fd4cdbbf91fefc847fe765 0.304s
2025-12-01 11:27:51.353 62655 INFO tempest.lib.common.rest_client [req-f97217a4-82d7-4d4c-a1a4-a31e1cdfbae9 req-f97217a4-82d7-4d4c-a1a4-a31e1cdfbae9 ] Request (FloatingIPsTestJSON:test_allocate_floating_ip): 200 GET http://10.180.1.21/compute/v2.1/os-floating-ips/ba75c82a-9abb-4ade-9810-5f69184669e6 2.041s
2025-12-01 11:27:51.371 62657 INFO tempest.lib.common.rest_client [req-9ed9fcb3-6436-42ab-b363-18fee103a8a5 req-9ed9fcb3-6436-42ab-b363-18fee103a8a5 ] Request (QuotasAdminTestJSON:test_delete_quota): 202 DELETE http://10.180.1.21/compute/v2.1/os-quota-sets/a46d7e2c3456402e9d590b4c423bfce2 1.891s
2025-12-01 11:27:51.401 62611 INFO tempest.lib.common.rest_client [req-9525f130-2c76-49a4-9e18-ac380d091ad3 req-9525f130-2c76-49a4-9e18-ac380d091ad3 ] Request (ServerDiagnosticsTest:test_get_server_diagnostics): 200 GET http://10.180.1.21/compute/v2.1/servers/6f2656bf-8ae5-4741-bdbb-7b42fafd4fd2 2.206s
2025-12-01 11:27:51.418 62639 INFO tempest.lib.common.rest_client [req-3cf0beab-58b5-4686-9f34-b0feabd81dec req-3cf0beab-58b5-4686-9f34-b0feabd81dec ] Request (HostsAdminNegativeTestJSON:test_startup_host_with_non_admin_user): 403 GET http://10.180.1.21/compute/v2.1/os-hosts/devstack/startup 1.809s
2025-12-01 11:27:51.443 62607 INFO tempest.lib.common.rest_client [req-83e23552-c79f-4737-8259-afe748d288c5 req-83e23552-c79f-4737-8259-afe748d288c5 ] Request (FlavorsAccessTestJSON:_run_cleanups): 202 DELETE http://10.180.1.21/compute/v2.1/flavors/709991115 1.644s
2025-12-01 11:27:51.462 62633 INFO tempest.lib.common.rest_client [req-e5f7cd42-134d-40a2-84e5-7370e6c9722e req-e5f7cd42-134d-40a2-84e5-7370e6c9722e ] Request (KeyPairsV210TestJSON:tearDownClass): 204 DELETE http://10.180.1.21/identity/v3/users/289785b8ad524bdcb371aef5e9594d8e 0.225s
2025-12-01 11:27:51.463 62633 INFO tempest.lib.common.dynamic_creds [-] Deleting project and security group for project: 3391c6709b314dbcba76ef1d44b30436
2025-12-01 11:27:51.467 62613 INFO tempest.lib.common.rest_client [req-e59d3e5a-403c-478e-8192-605acdf348c5 req-e59d3e5a-403c-478e-8192-605acdf348c5 ] Request (HypervisorAdminV253TestBase:test_list_show_detail_hypervisors): 200 GET http://10.180.1.21/compute/v2.1/os-hypervisors?with_servers=True 1.867s
2025-12-01 11:27:51.503 62659 INFO tempest.lib.common.rest_client [req-7a29abb3-88d0-40a1-bc7a-31197ece292b req-7a29abb3-88d0-40a1-bc7a-31197ece292b ] Request (NetworksTest:tearDownClass): 200 GET http://10.180.1.21:9696/networking/v2.0/security-groups?tenant_id=dfece4a71eeb43fca87e41128d40048c&name=default 0.289s
2025-12-01 11:27:51.505 62617 INFO tempest.lib.common.rest_client [req-7d51bbb0-76a5-4514-b512-ff62324394c5 req-7d51bbb0-76a5-4514-b512-ff62324394c5 ] Request (ServersAdminTestJSON:setUpClass): 200 GET http://10.180.1.21/identity/v3/roles 0.164s
2025-12-01 11:27:51.533 62633 INFO tempest.lib.common.rest_client [req-ead5b12a-e98c-40c4-9a7b-7b1515283df4 req-ead5b12a-e98c-40c4-9a7b-7b1515283df4 ] Request (KeyPairsV210TestJSON:tearDownClass): 201 POST http://10.180.1.21/identity/v3/auth/tokens 0.070s
2025-12-01 11:27:51.570 62617 INFO tempest.lib.common.rest_client [req-405086df-3ce6-43ef-bf82-352138f948c5 req-405086df-3ce6-43ef-bf82-352138f948c5 ] Request (ServersAdminTestJSON:setUpClass): 204 PUT http://10.180.1.21/identity/v3/projects/407361dac5a5474e8a3d75a4b045d19d/users/cfb504e712384b599aafc800090c6c2d/roles/9ce1a50cc5fd4cdbbf91fefc847fe765 0.063s
2025-12-01 11:27:51.570 62617 INFO tempest.lib.common.dynamic_creds [-] Dynamic test user cfb504e712384b599aafc800090c6c2d is created with scope project and roles: ['admin']
2025-12-01 11:27:51.570 62617 INFO tempest.lib.common.dynamic_creds [-] Acquired dynamic creds: credentials: Credentials: {'domain_id': 'default', 'domain_name': 'Default', 'username': 'tempest-ServersAdminTestJSON-2123276863-project-admin', 'project_domain_id': 'default', 'project_domain_name': 'Default', 'project_id': '407361dac5a5474e8a3d75a4b045d19d', 'project_name': 'tempest-ServersAdminTestJSON-2123276863', 'tenant_id': '407361dac5a5474e8a3d75a4b045d19d', 'tenant_name': 'tempest-ServersAdminTestJSON-2123276863', 'user_domain_id': 'default', 'user_domain_name': 'Default', 'user_id': 'cfb504e712384b599aafc800090c6c2d', 'system': None}, Network: None, Subnet: None, Router: None
2025-12-01 11:27:51.811 62653 INFO tempest.lib.common.rest_client [req-750ef069-6144-4eff-8538-32f910dbbb97 req-750ef069-6144-4eff-8538-32f910dbbb97 ] Request (ServerDiagnosticsNegativeTest:test_get_server_diagnostics_by_non_admin): 200 GET http://10.180.1.21/compute/v2.1/servers/eac976d1-2988-4106-ac61-59b8c1d9c1a3 1.567s
2025-12-01 11:27:51.864 62601 INFO tempest.lib.common.rest_client [req-2b1c77d5-4b92-4f44-8b51-ebc667b76bed req-2b1c77d5-4b92-4f44-8b51-ebc667b76bed ] Request (HypervisorAdminUnderV252Test:tearDownClass): 200 GET http://10.180.1.21:9696/networking/v2.0/security-groups?tenant_id=e3e932216e1147f397f6370dbcd5fa02&name=default 0.734s
2025-12-01 11:27:51.886 62659 INFO tempest.lib.common.rest_client [req-8f24b1fe-0041-4ebf-a8bb-ecf697ca3322 req-8f24b1fe-0041-4ebf-a8bb-ecf697ca3322 ] Request (NetworksTest:tearDownClass): 204 DELETE http://10.180.1.21:9696/networking/v2.0/security-groups/86fa359d-29d1-451e-aa5f-5c42dbaa5f1f 0.382s
2025-12-01 11:27:51.955 62659 INFO tempest.lib.common.rest_client [req-8514df11-ab91-434d-a182-b6d209c6a25d req-8514df11-ab91-434d-a182-b6d209c6a25d ] Request (NetworksTest:tearDownClass): 204 DELETE http://10.180.1.21/identity/v3/projects/dfece4a71eeb43fca87e41128d40048c 0.069s
2025-12-01 11:27:52.031 62659 INFO tempest.lib.common.rest_client [req-86edbe9d-92b9-447d-b990-b8439ba936e0 req-86edbe9d-92b9-447d-b990-b8439ba936e0 ] Request (ImagesMetadataTestJSON:setUpClass): 201 POST http://10.180.1.21/identity/v3/auth/tokens 0.071s
2025-12-01 11:27:52.046 62619 INFO tempest.lib.common.rest_client [req-5e6dd939-aa53-4815-a78b-647d30c331f3 req-5e6dd939-aa53-4815-a78b-647d30c331f3 ] Request (SecurityGroupsTestAdminJSON:_run_cleanups): 202 DELETE http://10.180.1.21/compute/v2.1/os-security-groups/f84e174d-bd71-48ff-b72a-5a65be82dedc 2.163s
2025-12-01 11:27:52.066 62659 INFO tempest.lib.common.rest_client [req-480a7deb-40cf-4611-b012-1b85fc80f684 req-480a7deb-40cf-4611-b012-1b85fc80f684 ] Request (ImagesMetadataTestJSON:setUpClass): 201 POST http://10.180.1.21/identity/v3/auth/tokens 0.033s
2025-12-01 11:27:52.067 62605 INFO tempest.lib.common.rest_client [req-f3799663-8494-4df8-b515-57d8ce5ed5e1 req-f3799663-8494-4df8-b515-57d8ce5ed5e1 ] Request (FlavorsAccessNegativeTestJSON:_run_cleanups): 202 DELETE http://10.180.1.21/compute/v2.1/flavors/1694297308 1.438s
