2025-12-01 11:27:29.822 62619 INFO tempest.lib.common.dynamic_creds [-] Created isolated network resources for: credentials: Credentials: {'domain_id': 'default', 'domain_name': 'Default', 'username': 'tempest-SecurityGroupsTestAdminJSON-322389135-project-admin', 'project_domain_id': 'default', 'project_domain_name': 'Default', 'project_id': '2e3c196597f04009a4c644265c9d86cc', 'project_name': 'tempest-SecurityGroupsTestAdminJSON-322389135', 'tenant_id': '2e3c196597f04009a4c644265c9d86cc', 'tenant_name': 'tempest-SecurityGroupsTestAdminJSON-322389135', 'user_domain_id': 'default', 'user_domain_name': 'Default', 'user_id': '604d643b797940acbb55435d0bc37cb7', 'system': None}, Network: None, Subnet: None, Router: None
2025-12-01 11:27:29.871 62611 INFO tempest.lib.common.rest_client [req-e6184f12-fa22-4478-b1e8-e18cb30b64f8 req-e6184f12-fa22-4478-b1e8-e18cb30b64f8 ] Request (ServerDiagnosticsTest:setUpClass): 204 PUT http://10.180.1.21/identity/v3/projects/b1922b1f78834108b88ec9d752a87164/users/bdf8fc10251040d5a9ac8a7bd73d2b2f/roles/9ce1a50cc5fd4cdbbf91fefc847fe765 0.840s
2025-12-01 11:27:29.871 62611 INFO tempest.lib.common.dynamic_creds [-] Dynamic test user bdf8fc10251040d5a9ac8a7bd73d2b2f is created with scope project and roles: ['admin']
2025-12-01 11:27:29.871 62611 INFO tempest.lib.common.dynamic_creds [-] Acquired dynamic creds: credentials: Credentials: {'domain_id': 'default', 'domain_name': 'Default', 'username': 'tempest-ServerDiagnosticsTest-47058850-project-admin', 'project_domain_id': 'default', 'project_domain_name': 'Default', 'project_id': 'b1922b1f78834108b88ec9d752a87164', 'project_name': 'tempest-ServerDiagnosticsTest-47058850', 'tenant_id': 'b1922b1f78834108b88ec9d752a87164', 'tenant_name': 'tempest-ServerDiagnosticsTest-47058850', 'user_domain_id': 'default', 'user_domain_name': 'Default', 'user_id': 'bdf8fc10251040d5a9ac8a7bd73d2b2f', 'system': None}, Network: None, Subnet: None, Router: None
2025-12-01 11:27:29.873 62653 INFO tempest.lib.common.rest_client [req-8017a217-56b2-4f68-a60d-4d9e5ddbf5fc req-8017a217-56b2-4f68-a60d-4d9e5ddbf5fc ] Request (ServerDiagnosticsNegativeTest:setUpClass): 204 PUT http://10.180.1.21/identity/v3/projects/c5c52ea65f9045ed909c7e849cfa247b/users/e679131a3e0d4d2bb4e9f16cfa9667ef/roles/9ce1a50cc5fd4cdbbf91fefc847fe765 0.836s
2025-12-01 11:27:29.873 62653 INFO tempest.lib.common.dynamic_creds [-] Dynamic test user e679131a3e0d4d2bb4e9f16cfa9667ef is created with scope project and roles: ['admin']
2025-12-01 11:27:29.872 62611 INFO tempest.lib.common.dynamic_creds [-] Created isolated network resources for: credentials: Credentials: {'domain_id': 'default', 'domain_name': 'Default', 'username': 'tempest-ServerDiagnosticsTest-47058850-project-admin', 'project_domain_id': 'default', 'project_domain_name': 'Default', 'project_id': 'b1922b1f78834108b88ec9d752a87164', 'project_name': 'tempest-ServerDiagnosticsTest-47058850', 'tenant_id': 'b1922b1f78834108b88ec9d752a87164', 'tenant_name': 'tempest-ServerDiagnosticsTest-47058850', 'user_domain_id': 'default', 'user_domain_name': 'Default', 'user_id': 'bdf8fc10251040d5a9ac8a7bd73d2b2f', 'system': None}, Network: None, Subnet: None, Router: None
2025-12-01 11:27:29.873 62653 INFO tempest.lib.common.dynamic_creds [-] Acquired dynamic creds: credentials: Credentials: {'domain_id': 'default', 'domain_name': 'Default', 'username': 'tempest-ServerDiagnosticsNegativeTest-30455546-project-admin', 'project_domain_id': 'default', 'project_domain_name': 'Default', 'project_id': 'c5c52ea65f9045ed909c7e849cfa247b', 'project_name': 'tempest-ServerDiagnosticsNegativeTest-30455546', 'tenant_id': 'c5c52ea65f9045ed909c7e849cfa247b', 'tenant_name': 'tempest-ServerDiagnosticsNegativeTest-30455546', 'user_domain_id': 'default', 'user_domain_name': 'Default', 'user_id': 'e679131a3e0d4d2bb4e9f16cfa9667ef', 'system': None}, Network: None, Subnet: None, Router: None
2025-12-01 11:27:29.873 62653 INFO tempest.lib.common.dynamic_creds [-] Created isolated network resources for: credentials: Credentials: {'domain_id': 'default', 'domain_name': 'Default', 'username': 'tempest-ServerDiagnosticsNegativeTest-30455546-project-admin', 'project_domain_id': 'default', 'project_domain_name': 'Default', 'project_id': 'c5c52ea65f9045ed909c7e849cfa247b', 'project_name': 'tempest-ServerDiagnosticsNegativeTest-30455546', 'tenant_id': 'c5c52ea65f9045ed909c7e849cfa247b', 'tenant_name': 'tempest-ServerDiagnosticsNegativeTest-30455546', 'user_domain_id': 'default', 'user_domain_name': 'Default', 'user_id': 'e679131a3e0d4d2bb4e9f16cfa9667ef', 'system': None}, Network: None, Subnet: None, Router: None
2025-12-01 11:27:29.923 62633 INFO tempest.lib.common.rest_client [req-6549f019-387e-4285-9db3-6bbf50d3a601 req-6549f019-387e-4285-9db3-6bbf50d3a601 ] Request (KeyPairsV210TestJSON:setUpClass): 204 PUT http://10.180.1.21/identity/v3/projects/42afd021daed45e986c35f112b17b8ed/users/289785b8ad524bdcb371aef5e9594d8e/roles/9ce1a50cc5fd4cdbbf91fefc847fe765 0.805s
2025-12-01 11:27:29.924 62633 INFO tempest.lib.common.dynamic_creds [-] Dynamic test user 289785b8ad524bdcb371aef5e9594d8e is created with scope project and roles: ['admin']
2025-12-01 11:27:29.924 62641 INFO tempest.lib.common.rest_client [req-04a3974f-08a1-4f9c-ab2d-d629bcce1290 req-04a3974f-08a1-4f9c-ab2d-d629bcce1290 ] Request (QuotaClassesAdminTestJSON:setUpClass): 204 PUT http://10.180.1.21/identity/v3/projects/67703c68d8984c2396e23fe60d729e85/users/8a3146213af140b58e131a2231f45fd0/roles/9ce1a50cc5fd4cdbbf91fefc847fe765 0.867s
2025-12-01 11:27:29.924 62633 INFO tempest.lib.common.dynamic_creds [-] Acquired dynamic creds: credentials: Credentials: {'domain_id': 'default', 'domain_name': 'Default', 'username': 'tempest-KeyPairsV210TestJSON-1682413540-project-admin', 'project_domain_id': 'default', 'project_domain_name': 'Default', 'project_id': '42afd021daed45e986c35f112b17b8ed', 'project_name': 'tempest-KeyPairsV210TestJSON-1682413540', 'tenant_id': '42afd021daed45e986c35f112b17b8ed', 'tenant_name': 'tempest-KeyPairsV210TestJSON-1682413540', 'user_domain_id': 'default', 'user_domain_name': 'Default', 'user_id': '289785b8ad524bdcb371aef5e9594d8e', 'system': None}, Network: None, Subnet: None, Router: None
2025-12-01 11:27:29.924 62641 INFO tempest.lib.common.dynamic_creds [-] Dynamic test user 8a3146213af140b58e131a2231f45fd0 is created with scope project and roles: ['admin']
2025-12-01 11:27:29.924 62633 INFO tempest.lib.common.dynamic_creds [-] Created isolated network resources for: credentials: Credentials: {'domain_id': 'default', 'domain_name': 'Default', 'username': 'tempest-KeyPairsV210TestJSON-1682413540-project-admin', 'project_domain_id': 'default', 'project_domain_name': 'Default', 'project_id': '42afd021daed45e986c35f112b17b8ed', 'project_name': 'tempest-KeyPairsV210TestJSON-1682413540', 'tenant_id': '42afd021daed45e986c35f112b17b8ed', 'tenant_name': 'tempest-KeyPairsV210TestJSON-1682413540', 'user_domain_id': 'default', 'user_domain_name': 'Default', 'user_id': '289785b8ad524bdcb371aef5e9594d8e', 'system': None}, Network: None, Subnet: None, Router: None
2025-12-01 11:27:29.924 62641 INFO tempest.lib.common.dynamic_creds [-] Acquired dynamic creds: credentials: Credentials: {'domain_id': 'default', 'domain_name': 'Default', 'username': 'tempest-QuotaClassesAdminTestJSON-1623716457-project-admin', 'project_domain_id': 'default', 'project_domain_name': 'Default', 'project_id': '67703c68d8984c2396e23fe60d729e85', 'project_name': 'tempest-QuotaClassesAdminTestJSON-1623716457', 'tenant_id': '67703c68d8984c2396e23fe60d729e85', 'tenant_name': 'tempest-QuotaClassesAdminTestJSON-1623716457', 'user_domain_id': 'default', 'user_domain_name': 'Default', 'user_id': '8a3146213af140b58e131a2231f45fd0', 'system': None}, Network: None, Subnet: None, Router: None
2025-12-01 11:27:29.924 62641 INFO tempest.lib.common.dynamic_creds [-] Created isolated network resources for: credentials: Credentials: {'domain_id': 'default', 'domain_name': 'Default', 'username': 'tempest-QuotaClassesAdminTestJSON-1623716457-project-admin', 'project_domain_id': 'default', 'project_domain_name': 'Default', 'project_id': '67703c68d8984c2396e23fe60d729e85', 'project_name': 'tempest-QuotaClassesAdminTestJSON-1623716457', 'tenant_id': '67703c68d8984c2396e23fe60d729e85', 'tenant_name': 'tempest-QuotaClassesAdminTestJSON-1623716457', 'user_domain_id': 'default', 'user_domain_name': 'Default', 'user_id': '8a3146213af140b58e131a2231f45fd0', 'system': None}, Network: None, Subnet: None, Router: None
2025-12-01 11:27:29.993 62603 INFO tempest.lib.common.rest_client [req-4f6aa2c1-85fb-45cb-94e3-b37e38267869 req-4f6aa2c1-85fb-45cb-94e3-b37e38267869 ] Request (HostsAdminTestJSON:setUpClass): 201 POST http://10.180.1.21/identity/v3/auth/tokens 0.871s
2025-12-01 11:27:30.016 62655 INFO tempest.lib.common.rest_client [req-a233634d-6f7f-4a19-a285-22f2c5166678 req-a233634d-6f7f-4a19-a285-22f2c5166678 ] Request (FloatingIPsTestJSON:setUpClass): 200 GET http://10.180.1.21/identity/v3/domains?name=Default 0.863s
2025-12-01 11:27:30.091 62629 INFO tempest.lib.common.rest_client [req-7d644ff8-dc40-4170-bc23-f6929d7c521d req-7d644ff8-dc40-4170-bc23-f6929d7c521d ] Request (QuotasAdminTestV257:test_get_updated_quotas): 200 GET http://10.180.1.21/identity/v3/domains?name=Default 0.749s
2025-12-01 11:27:30.107 62663 INFO tempest.lib.common.rest_client [req-e38ef430-490a-44ec-a8c8-775dca4865c1 req-e38ef430-490a-44ec-a8c8-775dca4865c1 ] Request (FlavorsExtraSpecsTestJSON:setUpClass): 204 PUT http://10.180.1.21/identity/v3/projects/bc86977c84434e3f9ddd9e647c511c98/users/6c463cd79971432185a6294d72665633/roles/9ce1a50cc5fd4cdbbf91fefc847fe765 0.710s
2025-12-01 11:27:30.108 62663 INFO tempest.lib.common.dynamic_creds [-] Dynamic test user 6c463cd79971432185a6294d72665633 is created with scope project and roles: ['admin']
2025-12-01 11:27:30.108 62663 INFO tempest.lib.common.dynamic_creds [-] Acquired dynamic creds: credentials: Credentials: {'domain_id': 'default', 'domain_name': 'Default', 'username': 'tempest-FlavorsExtraSpecsTestJSON-705383192-project-admin', 'project_domain_id': 'default', 'project_domain_name': 'Default', 'project_id': 'bc86977c84434e3f9ddd9e647c511c98', 'project_name': 'tempest-FlavorsExtraSpecsTestJSON-705383192', 'tenant_id': 'bc86977c84434e3f9ddd9e647c511c98', 'tenant_name': 'tempest-FlavorsExtraSpecsTestJSON-705383192', 'user_domain_id': 'default', 'user_domain_name': 'Default', 'user_id': '6c463cd79971432185a6294d72665633', 'system': None}, Network: None, Subnet: None, Router: None
2025-12-01 11:27:30.108 62663 INFO tempest.lib.common.dynamic_creds [-] Created isolated network resources for: credentials: Credentials: {'domain_id': 'default', 'domain_name': 'Default', 'username': 'tempest-FlavorsExtraSpecsTestJSON-705383192-project-admin', 'project_domain_id': 'default', 'project_domain_name': 'Default', 'project_id': 'bc86977c84434e3f9ddd9e647c511c98', 'project_name': 'tempest-FlavorsExtraSpecsTestJSON-705383192', 'tenant_id': 'bc86977c84434e3f9ddd9e647c511c98', 'tenant_name': 'tempest-FlavorsExtraSpecsTestJSON-705383192', 'user_domain_id': 'default', 'user_domain_name': 'Default', 'user_id': '6c463cd79971432185a6294d72665633', 'system': None}, Network: None, Subnet: None, Router: None
2025-12-01 11:27:30.134 62635 INFO tempest.lib.common.rest_client [req-50de7882-0e27-424c-899f-679c47293533 req-50de7882-0e27-424c-899f-679c47293533 ] Request (ListImageFiltersNegativeTestJSON:tearDownClass): 200 GET http://10.180.1.21:9696/networking/v2.0/security-groups?tenant_id=0991a4cb07094f0784e5f4e289ea70e1&name=default 0.991s
2025-12-01 11:27:30.135 62631 INFO tempest.lib.common.rest_client [req-70c97f3d-594e-42ca-9d5b-4b6614a3ba3f req-70c97f3d-594e-42ca-9d5b-4b6614a3ba3f ] Request (DeleteServersAdminTestJSON:setUpClass): 201 POST http://10.180.1.21/identity/v3/auth/tokens 0.814s
2025-12-01 11:27:30.197 62647 INFO tempest.lib.common.rest_client [req-2914e686-5eed-4238-a9e3-1f502eb202c7 req-2914e686-5eed-4238-a9e3-1f502eb202c7 ] Request (FlavorsAdminTestJSON:setUpClass): 201 POST http://10.180.1.21/identity/v3/auth/tokens 0.792s
2025-12-01 11:27:30.239 62635 INFO tempest.lib.common.rest_client [req-ee609496-812f-45f1-83a2-ec3329aea0ca req-ee609496-812f-45f1-83a2-ec3329aea0ca ] Request (ListImageFiltersNegativeTestJSON:tearDownClass): 204 DELETE http://10.180.1.21:9696/networking/v2.0/security-groups/8d57ae77-c7ff-40cc-852f-f79286013125 0.104s
2025-12-01 11:27:30.266 62617 INFO tempest.lib.common.rest_client [req-0bed7e11-d252-40b2-8cdc-ec5a56bf470a req-0bed7e11-d252-40b2-8cdc-ec5a56bf470a ] Request (InstanceUsageAuditLogNegativeTestJSON:setUpClass): 201 POST http://10.180.1.21/identity/v3/auth/tokens 0.767s
2025-12-01 11:27:30.268 62609 INFO tempest.lib.common.rest_client [req-a530e185-a634-41ed-bcf3-0c98d92f3600 req-a530e185-a634-41ed-bcf3-0c98d92f3600 ] Request (FlavorsExtraSpecsNegativeTestJSON:setUpClass): 200 POST http://10.180.1.21/compute/v2.1/flavors 1.522s
2025-12-01 11:27:30.312 62637 INFO tempest.lib.common.rest_client [req-7812f1ab-c9e1-432f-8775-6752673d7f39 req-7812f1ab-c9e1-432f-8775-6752673d7f39 ] Request (ServersWithSpecificFlavorTestJSON:setUpClass): 201 POST http://10.180.1.21/identity/v3/projects 0.830s
2025-12-01 11:27:30.333 62657 INFO tempest.lib.common.rest_client [req-c61085ad-bcb6-44cc-b8ea-325bf715d55f req-c61085ad-bcb6-44cc-b8ea-325bf715d55f ] Request (QuotasAdminTestJSON:setUpClass): 201 POST http://10.180.1.21/identity/v3/auth/tokens 0.739s
2025-12-01 11:27:30.334 62657 WARNING tempest.lib.common.rest_client [-] Deprecated: "tenant_id" property is deprecated for removal, use "project_id" instead
2025-12-01 11:27:30.366 62627 INFO tempest.lib.common.rest_client [req-092b9f6e-371d-401e-9783-59adf6bfc3d1 req-092b9f6e-371d-401e-9783-59adf6bfc3d1 ] Request (VolumesAssistedSnapshotsTest:setUpClass): 201 POST http://10.180.1.21:9696/networking/v2.0/routers 1.014s
2025-12-01 11:27:30.381 62601 INFO tempest.lib.common.rest_client [req-6135a4fb-0f6d-41f3-961e-b9870d75b669 req-6135a4fb-0f6d-41f3-961e-b9870d75b669 ] Request (AZAdminV2TestJSON:setUpClass): 201 POST http://10.180.1.21/identity/v3/auth/tokens 0.779s
2025-12-01 11:27:30.408 62623 INFO tempest.lib.common.rest_client [req-5c3a04e5-494a-4fd7-a59f-855344328cb4 req-5c3a04e5-494a-4fd7-a59f-855344328cb4 ] Request (AggregatesAdminNegativeTestJSON:setUpClass): 201 POST http://10.180.1.21/identity/v3/auth/tokens 0.752s
2025-12-01 11:27:30.450 62643 INFO tempest.lib.common.rest_client [req-da31a0bb-9631-45d1-a363-ea21902e4b23 req-da31a0bb-9631-45d1-a363-ea21902e4b23 ] Request (AZAdminNegativeTestJSON:setUpClass): 201 POST http://10.180.1.21/identity/v3/auth/tokens 0.751s
2025-12-01 11:27:30.516 62659 INFO tempest.lib.common.rest_client [req-cdf039c5-38db-47e2-9ff4-1caae6eb72c8 req-cdf039c5-38db-47e2-9ff4-1caae6eb72c8 ] Request (HypervisorAdminV228Test:setUpClass): 201 POST http://10.180.1.21/identity/v3/auth/tokens 0.761s
2025-12-01 11:27:30.578 62615 INFO tempest.lib.common.rest_client [req-6498ad32-d8cd-4501-a59a-546692d66839 req-6498ad32-d8cd-4501-a59a-546692d66839 ] Request (MigrationsAdminTest:setUpClass): 201 POST http://10.180.1.21/identity/v3/auth/tokens 0.705s
2025-12-01 11:27:30.589 62619 INFO tempest.lib.common.rest_client [req-b477c5be-8956-4623-b04c-90e5150ecc5b req-b477c5be-8956-4623-b04c-90e5150ecc5b ] Request (SecurityGroupsTestAdminJSON:setUpClass): 201 POST http://10.180.1.21/identity/v3/auth/tokens 0.710s
2025-12-01 11:27:30.657 62611 INFO tempest.lib.common.rest_client [req-d097dd62-cfb9-47ce-a57f-981353b0026b req-d097dd62-cfb9-47ce-a57f-981353b0026b ] Request (ServerDiagnosticsTest:setUpClass): 201 POST http://10.180.1.21/identity/v3/auth/tokens 0.736s
2025-12-01 11:27:30.660 62653 INFO tempest.lib.common.rest_client [req-dd4e2260-203f-4be7-a8b8-bfd976da1544 req-dd4e2260-203f-4be7-a8b8-bfd976da1544 ] Request (ServerDiagnosticsNegativeTest:setUpClass): 201 POST http://10.180.1.21/identity/v3/auth/tokens 0.736s
2025-12-01 11:27:30.749 62641 INFO tempest.lib.common.rest_client [req-80facec6-878b-4d88-a680-a714c4b130a3 req-80facec6-878b-4d88-a680-a714c4b130a3 ] Request (QuotaClassesAdminTestJSON:setUpClass): 201 POST http://10.180.1.21/identity/v3/auth/tokens 0.822s
2025-12-01 11:27:30.750 62633 INFO tempest.lib.common.rest_client [req-442856c7-fdfb-4bd0-936a-d12d998677ba req-442856c7-fdfb-4bd0-936a-d12d998677ba ] Request (KeyPairsV210TestJSON:setUpClass): 201 POST http://10.180.1.21/identity/v3/auth/tokens 0.779s
2025-12-01 11:27:30.804 62655 INFO tempest.lib.common.rest_client [req-eb18efcf-206e-42c1-8954-9a7f78d5d067 req-eb18efcf-206e-42c1-8954-9a7f78d5d067 ] Request (FloatingIPsTestJSON:setUpClass): 201 POST http://10.180.1.21/identity/v3/projects 0.787s
2025-12-01 11:27:30.822 62629 INFO tempest.lib.common.rest_client [req-94a8d1bb-c092-491e-81b5-14af9da75afa req-94a8d1bb-c092-491e-81b5-14af9da75afa ] Request (QuotasAdminTestV257:test_get_updated_quotas): 201 POST http://10.180.1.21/identity/v3/projects 0.730s
2025-12-01 11:27:30.856 62631 INFO tempest.lib.common.rest_client [req-67f8edf0-85de-4824-b897-6db9dd0f6e3e req-67f8edf0-85de-4824-b897-6db9dd0f6e3e ] Request (DeleteServersAdminTestJSON:test_admin_delete_servers_of_others): 201 POST http://10.180.1.21/identity/v3/auth/tokens 0.716s
2025-12-01 11:27:30.856 62631 INFO tempest.lib.common.fixed_network [-] (DeleteServersAdminTestJSON:test_admin_delete_servers_of_others) Found network None available for tenant
2025-12-01 11:27:30.894 62663 INFO tempest.lib.common.rest_client [req-84968fba-1430-4b00-a380-ed27db9103d8 req-84968fba-1430-4b00-a380-ed27db9103d8 ] Request (FlavorsExtraSpecsTestJSON:setUpClass): 201 POST http://10.180.1.21/identity/v3/auth/tokens 0.737s
2025-12-01 11:27:30.959 62635 INFO tempest.lib.common.rest_client [req-8f8404d6-12e1-406e-a1ad-55709883e0b8 req-8f8404d6-12e1-406e-a1ad-55709883e0b8 ] Request (ListImageFiltersNegativeTestJSON:tearDownClass): 204 DELETE http://10.180.1.21/identity/v3/projects/0991a4cb07094f0784e5f4e289ea70e1 0.720s
2025-12-01 11:27:31.024 62637 INFO tempest.lib.common.rest_client [req-c012ee1b-44f4-4d2e-9362-d05e1f1b8554 req-c012ee1b-44f4-4d2e-9362-d05e1f1b8554 ] Request (ServersWithSpecificFlavorTestJSON:setUpClass): 201 POST http://10.180.1.21/identity/v3/users 0.712s
2025-12-01 11:27:31.052 62615 INFO tempest.lib.common.rest_client [req-87f35f71-81bd-4c2f-9e7f-7065418a17cd req-87f35f71-81bd-4c2f-9e7f-7065418a17cd ] Request (MigrationsAdminTest:setUpClass): 200 GET http://10.180.1.21/identity/v3/projects/7d9801d7e83545239af34201cc557278 0.474s
2025-12-01 11:27:31.053 62615 INFO tempest.lib.common.dynamic_creds [-] Using the existing project 7d9801d7e83545239af34201cc557278 for scope project and roles: ['manager']
2025-12-01 11:27:31.054 62613 INFO tempest.lib.common.rest_client [req-a8c9371e-6111-42f8-992b-b714ee5a9991 req-a8c9371e-6111-42f8-992b-b714ee5a9991 ] Request (HypervisorAdminTestJSON:test_get_hypervisor_list): 200 GET http://10.180.1.21/compute/v2.1/os-hypervisors 2.143s
2025-12-01 11:27:31.060 62646 INFO tempest.lib.common.rest_client [req-5715b080-2d7d-43d0-a593-bcb3dc5bf328 req-5715b080-2d7d-43d0-a593-bcb3dc5bf328 ] Request (MultipleCreateNegativeTestJSON:test_max_count_less_than_one): 400 POST http://10.180.1.21/compute/v2.1/servers 1.817s
2025-12-01 11:27:31.110 62611 INFO tempest.lib.common.rest_client [req-755e6ff9-7dd0-47d7-874c-ea9bf243f004 req-755e6ff9-7dd0-47d7-874c-ea9bf243f004 ] Request (ServerDiagnosticsTest:test_get_server_diagnostics): 201 POST http://10.180.1.21/identity/v3/auth/tokens 0.447s
2025-12-01 11:27:31.110 62611 INFO tempest.lib.common.fixed_network [-] (ServerDiagnosticsTest:test_get_server_diagnostics) Found network None available for tenant
2025-12-01 11:27:31.120 62653 INFO tempest.lib.common.rest_client [req-a8943f50-befc-4399-ac83-85ec11568ff6 req-a8943f50-befc-4399-ac83-85ec11568ff6 ] Request (ServerDiagnosticsNegativeTest:test_get_server_diagnostics_by_non_admin): 201 POST http://10.180.1.21/identity/v3/auth/tokens 0.454s
2025-12-01 11:27:31.121 62653 INFO tempest.lib.common.fixed_network [-] (ServerDiagnosticsNegativeTest:test_get_server_diagnostics_by_non_admin) Found network None available for tenant
2025-12-01 11:27:31.154 62655 INFO tempest.lib.common.rest_client [req-ec255e11-e77e-4495-b97d-382663191c3c req-ec255e11-e77e-4495-b97d-382663191c3c ] Request (FloatingIPsTestJSON:setUpClass): 201 POST http://10.180.1.21/identity/v3/users 0.349s
2025-12-01 11:27:31.181 62635 INFO tempest.lib.common.rest_client [req-7cca657b-d10a-41a6-834d-07f6d78ed4b5 req-7cca657b-d10a-41a6-834d-07f6d78ed4b5 ] Request (SecurityGroupRulesNegativeTestJSON:setUpClass): 201 POST http://10.180.1.21/identity/v3/auth/tokens 0.220s
2025-12-01 11:27:31.182 62629 INFO tempest.lib.common.rest_client [req-e30cd974-0bb2-4101-a678-d41fcbf136a6 req-e30cd974-0bb2-4101-a678-d41fcbf136a6 ] Request (QuotasAdminTestV257:test_get_updated_quotas): 200 GET http://10.180.1.21/identity/v3/domains?name=Default 0.360s
2025-12-01 11:27:31.195 62637 INFO tempest.lib.common.rest_client [req-e090a8bd-0c37-4287-87e0-d17ddbb05148 req-e090a8bd-0c37-4287-87e0-d17ddbb05148 ] Request (ServersWithSpecificFlavorTestJSON:setUpClass): 200 GET http://10.180.1.21/identity/v3/roles 0.170s
2025-12-01 11:27:31.209 62615 INFO tempest.lib.common.rest_client [req-c7daa5d9-bbaf-4be7-b0e1-0e3d08d03442 req-c7daa5d9-bbaf-4be7-b0e1-0e3d08d03442 ] Request (MigrationsAdminTest:setUpClass): 201 POST http://10.180.1.21/identity/v3/users 0.155s
2025-12-01 11:27:31.257 62646 INFO tempest.lib.common.rest_client [req-37ce988a-a3ca-458f-a88e-ce8b8e0617b4 req-37ce988a-a3ca-458f-a88e-ce8b8e0617b4 ] Request (MultipleCreateNegativeTestJSON:test_max_count_non_integer): 201 POST http://10.180.1.21/identity/v3/auth/tokens 0.192s
2025-12-01 11:27:31.258 62646 INFO tempest.lib.common.fixed_network [-] (MultipleCreateNegativeTestJSON:test_max_count_non_integer) Found network None available for tenant
2025-12-01 11:27:31.272 62655 INFO tempest.lib.common.rest_client [req-e328f40d-3de6-4e6d-b217-316db5a00386 req-e328f40d-3de6-4e6d-b217-316db5a00386 ] Request (FloatingIPsTestJSON:setUpClass): 200 GET http://10.180.1.21/identity/v3/roles 0.117s
2025-12-01 11:27:31.298 62635 INFO tempest.lib.common.rest_client [req-ac496050-6d8f-4e0f-b783-1dce15b92e43 req-ac496050-6d8f-4e0f-b783-1dce15b92e43 ] Request (SecurityGroupRulesNegativeTestJSON:setUpClass): 201 POST http://10.180.1.21/identity/v3/auth/tokens 0.114s
2025-12-01 11:27:31.322 62615 INFO tempest.lib.common.rest_client [req-b7daadaf-ff02-434f-91e1-13f1afe01128 req-b7daadaf-ff02-434f-91e1-13f1afe01128 ] Request (MigrationsAdminTest:setUpClass): 200 GET http://10.180.1.21/identity/v3/roles 0.113s
2025-12-01 11:27:31.330 62637 INFO tempest.lib.common.rest_client [req-23360e74-0dea-4328-a1c1-713b2488c439 req-23360e74-0dea-4328-a1c1-713b2488c439 ] Request (ServersWithSpecificFlavorTestJSON:setUpClass): 204 PUT http://10.180.1.21/identity/v3/projects/dfd1547588c641ff82f2b1faf9aec11f/users/763026ceb89d4d3e85073eef5a227680/roles/9ce1a50cc5fd4cdbbf91fefc847fe765 0.131s
2025-12-01 11:27:31.387 62655 INFO tempest.lib.common.rest_client [req-e3ed57cf-f219-4e13-ad5f-97b16371bc99 req-e3ed57cf-f219-4e13-ad5f-97b16371bc99 ] Request (FloatingIPsTestJSON:setUpClass): 204 PUT http://10.180.1.21/identity/v3/projects/eb14b36ae7c548468b60e68786a989cf/users/8d58f2792b4a4ab0a141adcab11fcff9/roles/ebfe7c085443428d9bf8ced0210a93ab 0.115s
2025-12-01 11:27:31.387 62655 INFO tempest.lib.common.dynamic_creds [-] Dynamic test user 8d58f2792b4a4ab0a141adcab11fcff9 is created with scope project and roles: ['member']
2025-12-01 11:27:31.388 62655 INFO tempest.lib.common.dynamic_creds [-] Acquired dynamic creds: credentials: Credentials: {'domain_id': 'default', 'domain_name': 'Default', 'username': 'tempest-FloatingIPsTestJSON-719802101-project-member', 'project_domain_id': 'default', 'project_domain_name': 'Default', 'project_id': 'eb14b36ae7c548468b60e68786a989cf', 'project_name': 'tempest-FloatingIPsTestJSON-719802101', 'tenant_id': 'eb14b36ae7c548468b60e68786a989cf', 'tenant_name': 'tempest-FloatingIPsTestJSON-719802101', 'user_domain_id': 'default', 'user_domain_name': 'Default', 'user_id': '8d58f2792b4a4ab0a141adcab11fcff9', 'system': None}, Network: None, Subnet: None, Router: None
2025-12-01 11:27:31.440 62635 INFO tempest.lib.common.rest_client [req-0a30790b-d660-4052-8415-e0613bd5d79f req-0a30790b-d660-4052-8415-e0613bd5d79f ] Request (SecurityGroupRulesNegativeTestJSON:setUpClass): 200 GET http://10.180.1.21/identity/v3/domains?name=Default 0.142s
2025-12-01 11:27:31.468 62607 INFO tempest.lib.common.rest_client [req-f18029c1-8d9d-42ce-9311-fa89cc02a2bb req-f18029c1-8d9d-42ce-9311-fa89cc02a2bb ] Request (FlavorsAccessTestJSON:test_flavor_access_add_remove): 200 POST http://10.180.1.21/compute/v2.1/flavors/1708574534/action 2.148s
2025-12-01 11:27:31.477 62615 INFO tempest.lib.common.rest_client [req-d10c54e8-9d64-4c58-8f23-0643fec9f3f1 req-d10c54e8-9d64-4c58-8f23-0643fec9f3f1 ] Request (MigrationsAdminTest:setUpClass): 204 PUT http://10.180.1.21/identity/v3/projects/7d9801d7e83545239af34201cc557278/users/dd94c44d4a0e4f92b81ec075dd229292/roles/e839e6960a1b41c79965b501836e80ac 0.155s
2025-12-01 11:27:31.478 62615 INFO tempest.lib.common.dynamic_creds [-] Dynamic test user dd94c44d4a0e4f92b81ec075dd229292 is created with scope project and roles: ['manager']
2025-12-01 11:27:31.478 62615 INFO tempest.lib.common.dynamic_creds [-] Acquired dynamic creds: credentials: Credentials: {'domain_id': 'default', 'domain_name': 'Default', 'username': 'tempest-MigrationsAdminTest-1316875804-project-manager', 'project_domain_id': 'default', 'project_domain_name': 'Default', 'project_id': '7d9801d7e83545239af34201cc557278', 'project_name': 'tempest-MigrationsAdminTest-1316875804', 'tenant_id': '7d9801d7e83545239af34201cc557278', 'tenant_name': 'tempest-MigrationsAdminTest-1316875804', 'user_domain_id': 'default', 'user_domain_name': 'Default', 'user_id': 'dd94c44d4a0e4f92b81ec075dd229292', 'system': None}, Network: None, Subnet: None, Router: None
2025-12-01 11:27:31.478 62615 INFO tempest.lib.common.dynamic_creds [-] Network resources are not created for requested scope: project and credentials: Credentials: {'domain_id': 'default', 'domain_name': 'Default', 'username': 'tempest-MigrationsAdminTest-1316875804-project-manager', 'project_domain_id': 'default', 'project_domain_name': 'Default', 'project_id': '7d9801d7e83545239af34201cc557278', 'project_name': 'tempest-MigrationsAdminTest-1316875804', 'tenant_id': '7d9801d7e83545239af34201cc557278', 'tenant_name': 'tempest-MigrationsAdminTest-1316875804', 'user_domain_id': 'default', 'user_domain_name': 'Default', 'user_id': 'dd94c44d4a0e4f92b81ec075dd229292', 'system': None}, Network: None, Subnet: None, Router: None
2025-12-01 11:27:31.514 62627 INFO tempest.lib.common.rest_client [req-590c71b3-8151-418b-a879-245233f70b2e req-590c71b3-8151-418b-a879-245233f70b2e ] Request (VolumesAssistedSnapshotsTest:setUpClass): 200 PUT http://10.180.1.21:9696/networking/v2.0/routers/14407b12-8a93-4717-b967-8c7f8803e6e6/add_router_interface 1.147s
2025-12-01 11:27:31.514 62627 INFO tempest.lib.common.dynamic_creds [-] Created isolated network resources for: credentials: Credentials: {'domain_id': 'default', 'domain_name': 'Default', 'username': 'tempest-VolumesAssistedSnapshotsTest-107033206-project-admin', 'project_domain_id': 'default', 'project_domain_name': 'Default', 'project_id': 'd2630fe87a74449996ca5336f2694b97', 'project_name': 'tempest-VolumesAssistedSnapshotsTest-107033206', 'tenant_id': 'd2630fe87a74449996ca5336f2694b97', 'tenant_name': 'tempest-VolumesAssistedSnapshotsTest-107033206', 'user_domain_id': 'default', 'user_domain_name': 'Default', 'user_id': 'ddc0589f40474db5a1088df49289df62', 'system': None}, Network: {'id': 'c575ebbb-b499-4370-bafd-a076813783d5', 'name': 'tempest-VolumesAssistedSnapshotsTest-670927420-network', 'tenant_id': 'd2630fe87a74449996ca5336f2694b97', 'admin_state_up': True, 'mtu': 8950, 'status': 'ACTIVE', 'subnets': [], 'shared': False, 'project_id': 'd2630fe87a74449996ca5336f2694b97', 'port_security_enabled': True, 'router:external': False, 'provider:network_type': 'vlan', 'provider:physical_network': 'default', 'provider:segmentation_id': 78, 'is_default': False, 'availability_zone_hints': [], 'availability_zones': [], 'ipv4_address_scope': None, 'ipv6_address_scope': None, 'description': '', 'tags': [], 'created_at': '2025-12-01T11:27:28Z', 'updated_at': '2025-12-01T11:27:28Z', 'revision_number': 1}, Subnet: {'id': '6a350cfb-5047-4c13-b8c6-d9e719d7e7ec', 'name': 'tempest-VolumesAssistedSnapshotsTest-670927420-subnet', 'tenant_id': 'd2630fe87a74449996ca5336f2694b97', 'network_id': 'c575ebbb-b499-4370-bafd-a076813783d5', 'ip_version': 4, 'subnetpool_id': None, 'enable_dhcp': True, 'ipv6_ra_mode': None, 'ipv6_address_mode': None, 'gateway_ip': '192.168.128.1', 'cidr': '192.168.128.0/28', 'allocation_pools': [{'start': '192.168.128.2', 'end': '192.168.128.14'}], 'host_routes': [], 'dns_nameservers': [], 'description': '', 'service_types': [], 'tags': [], 'created_at': '2025-12-01T11:27:29Z', 'updated_at': '2025-12-01T11:27:29Z', 'revision_number': 0, 'project_id': 'd2630fe87a74449996ca5336f2694b97'}, Router: {'id': '14407b12-8a93-4717-b967-8c7f8803e6e6', 'name': 'tempest-VolumesAssistedSnapshotsTest-670927420-router', 'tenant_id': 'd2630fe87a74449996ca5336f2694b97', 'admin_state_up': True, 'status': 'ACTIVE', 'external_gateway_info': {'network_id': '1813ecfb-90b2-4f01-985e-3f0eb76a16d4', 'external_fixed_ips': [{'subnet_id': '8c87d8c1-cc55-436f-93ec-7cee9b9e88a1', 'ip_address': '10.180.180.135'}], 'enable_snat': True}, 'description': '', 'availability_zones': [], 'distributed': False, 'ha': False, 'availability_zone_hints': [], 'routes': [], 'flavor_id': None, 'tags': [], 'created_at': '2025-12-01T11:27:29Z', 'updated_at': '2025-12-01T11:27:29Z', 'revision_number': 2, 'project_id': 'd2630fe87a74449996ca5336f2694b97'}
2025-12-01 11:27:31.544 62637 INFO tempest.lib.common.rest_client [req-0d165628-6ee1-46f1-82a6-a2aa2c47f4a2 req-0d165628-6ee1-46f1-82a6-a2aa2c47f4a2 ] Request (ServersWithSpecificFlavorTestJSON:setUpClass): 200 GET http://10.180.1.21/identity/v3/roles 0.214s
2025-12-01 11:27:31.557 62655 INFO tempest.lib.common.rest_client [req-85a2e268-d635-4d0d-89c8-8ce03f1c0d6b req-85a2e268-d635-4d0d-89c8-8ce03f1c0d6b ] Request (FloatingIPsTestJSON:setUpClass): 201 POST http://10.180.1.21/identity/v3/auth/tokens 0.169s
2025-12-01 11:27:31.570 62635 INFO tempest.lib.common.rest_client [req-e91ff7f6-8ccd-4788-94e8-241ea99a2dd0 req-e91ff7f6-8ccd-4788-94e8-241ea99a2dd0 ] Request (SecurityGroupRulesNegativeTestJSON:setUpClass): 201 POST http://10.180.1.21/identity/v3/projects 0.128s
2025-12-01 11:27:31.651 62615 INFO tempest.lib.common.rest_client [req-f06818df-6007-470d-a1f2-862e6e01216a req-f06818df-6007-470d-a1f2-862e6e01216a ] Request (MigrationsAdminTest:setUpClass): 201 POST http://10.180.1.21/identity/v3/auth/tokens 0.171s
2025-12-01 11:27:31.716 62639 INFO tempest.lib.common.rest_client [req-c95591fc-ff84-4e47-adeb-f793a33c6db2 req-c95591fc-ff84-4e47-adeb-f793a33c6db2 ] Request (HostsAdminNegativeTestJSON:setUpClass): 200 GET http://10.180.1.21/compute/v2.1/os-hosts 2.279s
2025-12-01 11:27:31.741 62627 INFO tempest.lib.common.rest_client [req-f53d6ee4-0558-49a6-9212-fe30537f6cd8 req-f53d6ee4-0558-49a6-9212-fe30537f6cd8 ] Request (VolumesAssistedSnapshotsTest:setUpClass): 201 POST http://10.180.1.21/identity/v3/auth/tokens 0.222s
2025-12-01 11:27:31.749 62637 INFO tempest.lib.common.rest_client [req-cb7c7a67-7e4e-4641-ba4e-d370c13467c0 req-cb7c7a67-7e4e-4641-ba4e-d370c13467c0 ] Request (ServersWithSpecificFlavorTestJSON:setUpClass): 204 PUT http://10.180.1.21/identity/v3/projects/dfd1547588c641ff82f2b1faf9aec11f/users/763026ceb89d4d3e85073eef5a227680/roles/9ce1a50cc5fd4cdbbf91fefc847fe765 0.204s
2025-12-01 11:27:31.749 62637 INFO tempest.lib.common.dynamic_creds [-] Dynamic test user 763026ceb89d4d3e85073eef5a227680 is created with scope project and roles: ['admin']
2025-12-01 11:27:31.749 62637 INFO tempest.lib.common.dynamic_creds [-] Acquired dynamic creds: credentials: Credentials: {'domain_id': 'default', 'domain_name': 'Default', 'username': 'tempest-ServersWithSpecificFlavorTestJSON-243369378-project-admin', 'project_domain_id': 'default', 'project_domain_name': 'Default', 'project_id': 'dfd1547588c641ff82f2b1faf9aec11f', 'project_name': 'tempest-ServersWithSpecificFlavorTestJSON-243369378', 'tenant_id': 'dfd1547588c641ff82f2b1faf9aec11f', 'tenant_name': 'tempest-ServersWithSpecificFlavorTestJSON-243369378', 'user_domain_id': 'default', 'user_domain_name': 'Default', 'user_id': '763026ceb89d4d3e85073eef5a227680', 'system': None}, Network: None, Subnet: None, Router: None
2025-12-01 11:27:31.750 62651 INFO tempest.lib.common.rest_client [req-c2731785-f793-40b9-ab20-2f2112af234e req-c2731785-f793-40b9-ab20-2f2112af234e ] Request (FlavorsV261TestJSON:test_crud_flavor): 200 PUT http://10.180.1.21/compute/v2.1/flavors/1824211677 2.042s
2025-12-01 11:27:31.759 62626 INFO tempest.lib.common.rest_client [req-4b51f8c2-e879-4bb5-a601-d31df9911d4f req-4b51f8c2-e879-4bb5-a601-d31df9911d4f ] Request (ImagesTestJSON:test_create_image_from_stopped_server): 202 POST http://10.180.1.21/compute/v2.1/servers 2.959s
2025-12-01 11:27:31.826 62635 INFO tempest.lib.common.rest_client [req-db890a61-c974-4870-bbcc-1eb87e05a059 req-db890a61-c974-4870-bbcc-1eb87e05a059 ] Request (SecurityGroupRulesNegativeTestJSON:setUpClass): 201 POST http://10.180.1.21/identity/v3/users 0.256s
2025-12-01 11:27:31.878 62627 INFO tempest.lib.common.rest_client [req-3399e449-018f-4e30-9b12-417069b34fa9 req-3399e449-018f-4e30-9b12-417069b34fa9 ] Request (VolumesAssistedSnapshotsTest:setUpClass): 201 POST http://10.180.1.21/identity/v3/projects 0.136s
2025-12-01 11:27:31.991 62649 INFO tempest.lib.common.rest_client [req-061d8d8c-726a-43c2-a77d-38a99cf0e191 req-061d8d8c-726a-43c2-a77d-38a99cf0e191 ] Request (InstanceUsageAuditLogTestJSON:test_get_instance_usage_audit_log): 200 GET http://10.180.1.21/compute/v2.1/os-instance_usage_audit_log/2025-12-01%2011%3A27%3A29 2.236s
2025-12-01 11:27:32.012 62635 INFO tempest.lib.common.rest_client [req-a0813b0a-85b5-47ad-8784-0def7237783d req-a0813b0a-85b5-47ad-8784-0def7237783d ] Request (SecurityGroupRulesNegativeTestJSON:setUpClass): 200 GET http://10.180.1.21/identity/v3/roles 0.185s
2025-12-01 11:27:32.027 62637 INFO tempest.lib.common.rest_client [req-5c63f466-838a-43fe-b622-16917ff5e521 req-5c63f466-838a-43fe-b622-16917ff5e521 ] Request (ServersWithSpecificFlavorTestJSON:setUpClass): 201 POST http://10.180.1.21:9696/networking/v2.0/networks 0.278s
2025-12-01 11:27:32.044 62605 INFO tempest.lib.common.rest_client [req-5c19ad79-ad9d-4400-95dc-77e15a0b6bf9 req-5c19ad79-ad9d-4400-95dc-77e15a0b6bf9 ] Request (FlavorsAccessNegativeTestJSON:test_add_flavor_access_duplicate): 200 POST http://10.180.1.21/compute/v2.1/flavors 2.273s
2025-12-01 11:27:32.083 62627 INFO tempest.lib.common.rest_client [req-56a13a07-6767-4127-8d8a-10bf74077039 req-56a13a07-6767-4127-8d8a-10bf74077039 ] Request (VolumesAssistedSnapshotsTest:setUpClass): 201 POST http://10.180.1.21/identity/v3/users 0.204s
2025-12-01 11:27:32.121 62635 INFO tempest.lib.common.rest_client [req-9548e85e-a975-4d7b-8c1f-a11f8f047ce2 req-9548e85e-a975-4d7b-8c1f-a11f8f047ce2 ] Request (SecurityGroupRulesNegativeTestJSON:setUpClass): 204 PUT http://10.180.1.21/identity/v3/projects/35d986e15119418182b4e7f2dc68bff3/users/2e1040689c3b4a77806b8230a92ff453/roles/ebfe7c085443428d9bf8ced0210a93ab 0.108s
2025-12-01 11:27:32.121 62635 INFO tempest.lib.common.dynamic_creds [-] Dynamic test user 2e1040689c3b4a77806b8230a92ff453 is created with scope project and roles: ['member']
2025-12-01 11:27:32.121 62635 INFO tempest.lib.common.dynamic_creds [-] Acquired dynamic creds: credentials: Credentials: {'domain_id': 'default', 'domain_name': 'Default', 'username': 'tempest-SecurityGroupRulesNegativeTestJSON-604417447-project-member', 'project_domain_id': 'default', 'project_domain_name': 'Default', 'project_id': '35d986e15119418182b4e7f2dc68bff3', 'project_name': 'tempest-SecurityGroupRulesNegativeTestJSON-604417447', 'tenant_id': '35d986e15119418182b4e7f2dc68bff3', 'tenant_name': 'tempest-SecurityGroupRulesNegativeTestJSON-604417447', 'user_domain_id': 'default', 'user_domain_name': 'Default', 'user_id': '2e1040689c3b4a77806b8230a92ff453', 'system': None}, Network: None, Subnet: None, Router: None
2025-12-01 11:27:32.178 62627 INFO tempest.lib.common.rest_client [req-73c0d8f9-2bcf-4451-9893-7b56a5560716 req-73c0d8f9-2bcf-4451-9893-7b56a5560716 ] Request (VolumesAssistedSnapshotsTest:setUpClass): 200 GET http://10.180.1.21/identity/v3/roles 0.095s
2025-12-01 11:27:32.198 62635 INFO tempest.lib.common.rest_client [req-8690f161-1c13-42c0-baa0-d89e162d2129 req-8690f161-1c13-42c0-baa0-d89e162d2129 ] Request (SecurityGroupRulesNegativeTestJSON:setUpClass): 201 POST http://10.180.1.21/identity/v3/auth/tokens 0.076s
2025-12-01 11:27:32.201 62603 INFO tempest.lib.common.rest_client [req-c296548b-49b1-474f-8bf3-a15e41dd8b83 req-c296548b-49b1-474f-8bf3-a15e41dd8b83 ] Request (HostsAdminTestJSON:test_list_hosts): 200 GET http://10.180.1.21/compute/v2.1/os-hosts 2.207s
2025-12-01 11:27:32.215 62627 INFO tempest.lib.common.rest_client [req-a436530e-6739-4741-91e8-3e674c6c3f88 req-a436530e-6739-4741-91e8-3e674c6c3f88 ] Request (VolumesAssistedSnapshotsTest:setUpClass): 204 PUT http://10.180.1.21/identity/v3/projects/1a603ab3a169453d9aeb8916ab668428/users/add544717df34ce7947a70d00f3712de/roles/3f626b8233de423b994392383399bf49 0.036s
2025-12-01 11:27:32.278 62655 INFO tempest.lib.common.rest_client [req-44ea1dcd-3e80-4750-9ea2-3702c2abbae2 req-44ea1dcd-3e80-4750-9ea2-3702c2abbae2 ] Request (FloatingIPsTestJSON:setUpClass): 201 POST http://10.180.1.21:9696/networking/v2.0/networks 0.720s
2025-12-01 11:27:32.346 62647 INFO tempest.lib.common.rest_client [req-c3064db5-2aaa-4d63-a88e-231841f8628c req-c3064db5-2aaa-4d63-a88e-231841f8628c ] Request (FlavorsAdminTestJSON:test_create_flavor_using_string_ram): 200 POST http://10.180.1.21/compute/v2.1/flavors 2.145s
2025-12-01 11:27:32.382 62627 INFO tempest.lib.common.rest_client [req-6a71644e-b8f8-44f1-9363-fcf15acad212 req-6a71644e-b8f8-44f1-9363-fcf15acad212 ] Request (VolumesAssistedSnapshotsTest:setUpClass): 200 GET http://10.180.1.21/identity/v3/roles 0.166s
2025-12-01 11:27:32.407 62617 INFO tempest.lib.common.rest_client [req-e48175fc-53c2-4713-816c-e78859905332 req-e48175fc-53c2-4713-816c-e78859905332 ] Request (InstanceUsageAuditLogNegativeTestJSON:test_get_instance_usage_audit_logs_with_invalid_time): 400 GET http://10.180.1.21/compute/v2.1/os-instance_usage_audit_log/invalid_time 2.140s
2025-12-01 11:27:32.411 62627 INFO tempest.lib.common.rest_client [req-4361a05a-aa3d-489c-a975-6c3ba45ba49d req-4361a05a-aa3d-489c-a975-6c3ba45ba49d ] Request (VolumesAssistedSnapshotsTest:setUpClass): 204 PUT http://10.180.1.21/identity/v3/projects/1a603ab3a169453d9aeb8916ab668428/users/add544717df34ce7947a70d00f3712de/roles/9ce1a50cc5fd4cdbbf91fefc847fe765 0.029s
2025-12-01 11:27:32.412 62627 INFO tempest.lib.common.dynamic_creds [-] Dynamic test user add544717df34ce7947a70d00f3712de is created with scope project and roles: ['service', 'admin']
2025-12-01 11:27:32.412 62627 INFO tempest.lib.common.dynamic_creds [-] Acquired dynamic creds: credentials: Credentials: {'domain_id': 'default', 'domain_name': 'Default', 'username': 'tempest-VolumesAssistedSnapshotsTest-305289249-project', 'project_domain_id': 'default', 'project_domain_name': 'Default', 'project_id': '1a603ab3a169453d9aeb8916ab668428', 'project_name': 'tempest-VolumesAssistedSnapshotsTest-305289249', 'tenant_id': '1a603ab3a169453d9aeb8916ab668428', 'tenant_name': 'tempest-VolumesAssistedSnapshotsTest-305289249', 'user_domain_id': 'default', 'user_domain_name': 'Default', 'user_id': 'add544717df34ce7947a70d00f3712de', 'system': None}, Network: None, Subnet: None, Router: None
2025-12-01 11:27:32.512 62637 INFO tempest.lib.common.rest_client [req-7289ab9e-d811-4497-afa1-a9ef3e766fa5 req-7289ab9e-d811-4497-afa1-a9ef3e766fa5 ] Request (ServersWithSpecificFlavorTestJSON:setUpClass): 201 POST http://10.180.1.21:9696/networking/v2.0/subnets 0.484s
2025-12-01 11:27:32.537 62609 INFO tempest.lib.common.rest_client [req-b8965c37-0bc9-4880-969d-605031d17116 req-b8965c37-0bc9-4880-969d-605031d17116 ] Request (FlavorsExtraSpecsNegativeTestJSON:test_flavor_get_nonexistent_key): 404 GET http://10.180.1.21/compute/v2.1/flavors/1708567495/os-extra_specs/hw:cpu_thread_policy 2.264s
2025-12-01 11:27:32.584 62621 INFO tempest.lib.common.rest_client [req-8c4d6e11-a87d-430d-8835-d1f016d8081c req-8c4d6e11-a87d-430d-8835-d1f016d8081c ] Request (ServersAdminNegativeTestJSON:setUpClass): 202 POST http://10.180.1.21/compute/v2.1/servers 2.777s
2025-12-01 11:27:32.685 62601 INFO tempest.lib.common.rest_client [req-ddddcad3-9737-449d-9056-e6c47a8de5b6 req-ddddcad3-9737-449d-9056-e6c47a8de5b6 ] Request (AZAdminV2TestJSON:test_get_availability_zone_list): 200 GET http://10.180.1.21/compute/v2.1/os-availability-zone 2.303s
2025-12-01 11:27:32.690 62655 INFO tempest.lib.common.rest_client [req-9be993ab-0dae-4254-b9d8-6adbacfcf2dd req-9be993ab-0dae-4254-b9d8-6adbacfcf2dd ] Request (FloatingIPsTestJSON:setUpClass): 201 POST http://10.180.1.21:9696/networking/v2.0/subnets 0.412s
2025-12-01 11:27:32.698 62623 INFO tempest.lib.common.rest_client [req-2689c117-a136-4975-9d78-45054b76c41b req-2689c117-a136-4975-9d78-45054b76c41b ] Request (AggregatesAdminNegativeTestJSON:setUpClass): 200 GET http://10.180.1.21/compute/v2.1/os-services?binary=nova-compute 2.287s
2025-12-01 11:27:32.776 62643 INFO tempest.lib.common.rest_client [req-403dec75-f56e-4004-b034-395825e839bf req-403dec75-f56e-4004-b034-395825e839bf ] Request (AZAdminNegativeTestJSON:test_get_availability_zone_list_detail_with_non_admin_user): 403 GET http://10.180.1.21/compute/v2.1/os-availability-zone/detail 2.325s
2025-12-01 11:27:32.795 62661 INFO tempest.lib.common.rest_client [req-955f7fac-134a-4767-ad47-8e09c3959f30 req-955f7fac-134a-4767-ad47-8e09c3959f30 ] Request (ServersAdmin275Test:test_rebuild_update_server_275): 200 GET http://10.180.1.21/compute/v2.1/servers/d1dcf710-5f98-478f-ada7-c07bc99b6a2e 2.330s
2025-12-01 11:27:32.799 62635 INFO tempest.lib.common.rest_client [req-62b3a21c-0faa-4953-9aa9-5368be9cd16a req-62b3a21c-0faa-4953-9aa9-5368be9cd16a ] Request (SecurityGroupRulesNegativeTestJSON:setUpClass): 201 POST http://10.180.1.21:9696/networking/v2.0/networks 0.601s
2025-12-01 11:27:32.812 62661 INFO tempest.common.waiters [-] State transition "BUILD/scheduling" ==> "BUILD/spawning" after 3 second wait
2025-12-01 11:27:32.891 62627 INFO tempest.lib.common.rest_client [req-7444dfde-56d1-4a58-a5ca-636c1080bd61 req-7444dfde-56d1-4a58-a5ca-636c1080bd61 ] Request (VolumesAssistedSnapshotsTest:setUpClass): 201 POST http://10.180.1.21:9696/networking/v2.0/networks 0.478s
2025-12-01 11:27:32.893 62659 INFO tempest.lib.common.rest_client [req-94bca734-ac4a-43ad-8dff-006996cfd566 req-94bca734-ac4a-43ad-8dff-006996cfd566 ] Request (HypervisorAdminV228Test:test_get_list_hypervisor_details): 200 GET http://10.180.1.21/compute/v2.1/os-hypervisors 2.375s
2025-12-01 11:27:32.968 62643 INFO tempest.lib.common.rest_client [req-e5fa7473-f7b8-487b-b032-caa30b59bf9f req-e5fa7473-f7b8-487b-b032-caa30b59bf9f ] Request (AZAdminNegativeTestJSON:tearDownClass): 204 DELETE http://10.180.1.21/identity/v3/users/137a9de035fa45b782be5dcf1262d067 0.183s
2025-12-01 11:27:33.135 62643 INFO tempest.lib.common.rest_client [req-ccc7551a-cb7c-4334-98e0-c8279ee01157 req-ccc7551a-cb7c-4334-98e0-c8279ee01157 ] Request (AZAdminNegativeTestJSON:tearDownClass): 204 DELETE http://10.180.1.21/identity/v3/users/767cb20973c74ab99dda229f859966ea 0.166s
2025-12-01 11:27:33.135 62643 INFO tempest.lib.common.dynamic_creds [-] Deleting project and security group for project: 8b1fa934f8164deab66d4f41f53994af
2025-12-01 11:27:33.141 62633 INFO tempest.lib.common.rest_client [req-3deda8ef-b36a-4ba3-8181-dc1968ba25dc req-3deda8ef-b36a-4ba3-8181-dc1968ba25dc ] Request (KeyPairsV210TestJSON:test_admin_manage_keypairs_for_other_users): 201 POST http://10.180.1.21/compute/v2.1/os-keypairs 2.389s
2025-12-01 11:27:33.255 62643 INFO tempest.lib.common.rest_client [req-0330dc27-88fb-47d1-bcd3-e67905464bf7 req-0330dc27-88fb-47d1-bcd3-e67905464bf7 ] Request (AZAdminNegativeTestJSON:tearDownClass): 201 POST http://10.180.1.21/identity/v3/auth/tokens 0.119s
2025-12-01 11:27:33.354 62635 INFO tempest.lib.common.rest_client [req-18fc5022-c1e4-4b43-8f6c-43df4f379ccb req-18fc5022-c1e4-4b43-8f6c-43df4f379ccb ] Request (SecurityGroupRulesNegativeTestJSON:setUpClass): 201 POST http://10.180.1.21:9696/networking/v2.0/subnets 0.555s
2025-12-01 11:27:33.460 62619 INFO tempest.lib.common.rest_client [req-aec9eb9b-4c9c-4d25-a571-4cc5ceb0a9be req-aec9eb9b-4c9c-4d25-a571-4cc5ceb0a9be ] Request (SecurityGroupsTestAdminJSON:test_list_security_groups_list_all_tenants_filter): 200 POST http://10.180.1.21/compute/v2.1/os-security-groups 2.869s
2025-12-01 11:27:33.559 62663 INFO tempest.lib.common.rest_client [req-3db4d413-8703-43d0-9125-17e2ca76d383 req-3db4d413-8703-43d0-9125-17e2ca76d383 ] Request (FlavorsExtraSpecsTestJSON:setUpClass): 200 POST http://10.180.1.21/compute/v2.1/flavors 2.664s
2025-12-01 11:27:33.581 62613 INFO tempest.lib.common.rest_client [req-b442debc-71f7-4f6e-b54b-4ce4e66d40c0 req-b442debc-71f7-4f6e-b54b-4ce4e66d40c0 ] Request (HypervisorAdminTestJSON:test_get_hypervisor_list_details): 200 GET http://10.180.1.21/compute/v2.1/os-hypervisors/detail 2.517s
2025-12-01 11:27:33.767 62643 INFO tempest.lib.common.rest_client [req-3dcb169b-ecf2-4af3-bfce-a2d4b82859c0 req-3dcb169b-ecf2-4af3-bfce-a2d4b82859c0 ] Request (AZAdminNegativeTestJSON:tearDownClass): 200 GET http://10.180.1.21:9696/networking/v2.0/security-groups?tenant_id=8b1fa934f8164deab66d4f41f53994af&name=default 0.512s
2025-12-01 11:27:33.767 62631 INFO tempest.lib.common.rest_client [req-7fe06bbc-7b62-4a02-b0e0-a0e0584495bf req-7fe06bbc-7b62-4a02-b0e0-a0e0584495bf ] Request (DeleteServersAdminTestJSON:test_admin_delete_servers_of_others): 202 POST http://10.180.1.21/compute/v2.1/servers 2.910s
2025-12-01 11:27:33.777 62627 INFO tempest.lib.common.rest_client [req-285fef10-8ea4-4786-a91e-5bbad6f331d4 req-285fef10-8ea4-4786-a91e-5bbad6f331d4 ] Request (VolumesAssistedSnapshotsTest:setUpClass): 201 POST http://10.180.1.21:9696/networking/v2.0/subnets 0.885s
2025-12-01 11:27:34.305 62611 INFO tempest.lib.common.rest_client [req-e0a8095b-1cc9-4580-a95d-03199343c3de req-e0a8095b-1cc9-4580-a95d-03199343c3de ] Request (ServerDiagnosticsTest:test_get_server_diagnostics): 202 POST http://10.180.1.21/compute/v2.1/servers 3.194s
2025-12-01 11:27:34.333 62643 INFO tempest.lib.common.rest_client [req-011fc477-9304-4555-9ce7-e9d69db0858c req-011fc477-9304-4555-9ce7-e9d69db0858c ] Request (AZAdminNegativeTestJSON:tearDownClass): 204 DELETE http://10.180.1.21:9696/networking/v2.0/security-groups/6c7919a5-7a62-47da-a47a-c199406d7718 0.565s
2025-12-01 11:27:34.464 62643 INFO tempest.lib.common.rest_client [req-c68287e4-36a7-4f88-975d-87fb1061f466 req-c68287e4-36a7-4f88-975d-87fb1061f466 ] Request (AZAdminNegativeTestJSON:tearDownClass): 204 DELETE http://10.180.1.21/identity/v3/projects/8b1fa934f8164deab66d4f41f53994af 0.131s
2025-12-01 11:27:34.465 62643 INFO tempest.lib.common.dynamic_creds [-] Deleting project and security group for project: d7e788c81bb34b279832ecc90045af4a
2025-12-01 11:27:34.485 62653 INFO tempest.lib.common.rest_client [req-4e5d45df-c7a9-44c6-98ac-ba858bead97a req-4e5d45df-c7a9-44c6-98ac-ba858bead97a ] Request (ServerDiagnosticsNegativeTest:test_get_server_diagnostics_by_non_admin): 202 POST http://10.180.1.21/compute/v2.1/servers 3.364s
2025-12-01 11:27:34.491 62646 INFO tempest.lib.common.rest_client [req-49c611d7-44d0-40ef-8af5-0650774fd76b req-49c611d7-44d0-40ef-8af5-0650774fd76b ] Request (MultipleCreateNegativeTestJSON:test_max_count_non_integer): 400 POST http://10.180.1.21/compute/v2.1/servers 3.233s
2025-12-01 11:27:34.633 62646 INFO tempest.lib.common.rest_client [req-aa33a130-980a-43d0-ba4e-5b7c932efc3d req-aa33a130-980a-43d0-ba4e-5b7c932efc3d ] Request (MultipleCreateNegativeTestJSON:test_min_count_less_than_one): 201 POST http://10.180.1.21/identity/v3/auth/tokens 0.136s
2025-12-01 11:27:34.633 62646 INFO tempest.lib.common.fixed_network [-] (MultipleCreateNegativeTestJSON:test_min_count_less_than_one) Found network None available for tenant
2025-12-01 11:27:34.654 62629 INFO tempest.lib.common.rest_client [req-98215c01-0668-4cc3-aa20-b24cac9b78b0 req-98215c01-0668-4cc3-aa20-b24cac9b78b0 ] Request (QuotasAdminTestV257:test_get_updated_quotas): 200 PUT http://10.180.1.21/compute/v2.1/os-quota-sets/7cf09cd748fc4b8abf347fb214bd4fc0 3.471s
2025-12-01 11:27:34.662 62607 INFO tempest.lib.common.rest_client [req-dd911294-97ed-4617-9f38-e5cb0855930b req-dd911294-97ed-4617-9f38-e5cb0855930b ] Request (FlavorsAccessTestJSON:test_flavor_access_add_remove): 200 GET http://10.180.1.21/compute/v2.1/flavors/detail 3.193s
2025-12-01 11:27:34.760 62639 INFO tempest.lib.common.rest_client [req-11da8462-c4ce-4af8-85a7-fd74d4d8c5e3 req-11da8462-c4ce-4af8-85a7-fd74d4d8c5e3 ] Request (HostsAdminNegativeTestJSON:test_list_hosts_with_non_admin_user): 403 GET http://10.180.1.21/compute/v2.1/os-hosts 3.042s
2025-12-01 11:27:34.782 62651 INFO tempest.lib.common.rest_client [req-7d53b301-d5b6-43cc-96ce-cf05c76f8bd2 req-7d53b301-d5b6-43cc-96ce-cf05c76f8bd2 ] Request (FlavorsV261TestJSON:test_crud_flavor): 200 GET http://10.180.1.21/compute/v2.1/flavors/detail 3.028s
