2025-12-01 10:47:27.756 61817 INFO tempest.lib.common.rest_client [req-b8dc89a7-f2f1-4953-9126-0694bfd3c562 req-b8dc89a7-f2f1-4953-9126-0694bfd3c562 ] Request (AttachInterfacesTestJSON:test_create_list_show_delete_interfaces_by_fixed_ip): 200 GET http://10.180.1.21/compute/v2.1/servers/abf366b6-380a-4108-b351-8a2f2cceb018 0.097s
2025-12-01 10:47:27.785 61819 INFO tempest.lib.common.rest_client [req-fb54c9f1-e4fb-4c8f-9d03-03aebae25a34 req-fb54c9f1-e4fb-4c8f-9d03-03aebae25a34 ] Request (ServerActionsTestOtherA:setUpClass): 200 GET http://10.180.1.21/compute/v2.1/servers/9f25c9d9-4936-4773-8fc3-bf52648752be 0.124s
2025-12-01 10:47:27.805 61799 INFO tempest.lib.common.rest_client [req-1f2daa5e-a8da-4d80-a2d0-26c33621b6a8 req-1f2daa5e-a8da-4d80-a2d0-26c33621b6a8 ] Request (ServerDiagnosticsTest:test_get_server_diagnostics): 200 GET http://10.180.1.21/compute/v2.1/servers/c6acb8ba-7877-44c9-a78b-f15fc6d47b28 0.100s
2025-12-01 10:47:27.851 61853 INFO tempest.lib.common.rest_client [req-453b78a1-d0d4-4a44-a76d-e0a26db4ad95 req-453b78a1-d0d4-4a44-a76d-e0a26db4ad95 ] Request (ServerDiagnosticsV248Test:test_get_server_diagnostics): 200 GET http://10.180.1.21/compute/v2.1/servers/63eeeab2-6aa3-49c9-b76b-09cc81f8d269 0.095s
2025-12-01 10:47:27.897 61801 INFO tempest.lib.common.rest_client [req-d29df904-2c94-469c-a214-7f4294335cea req-d29df904-2c94-469c-a214-7f4294335cea ] Request (SecurityGroupsTestJSON:test_list_security_groups_by_server): 200 GET http://10.180.1.21/compute/v2.1/servers/cec56dfe-ec77-4824-8751-43f85b57c6d2 0.095s
2025-12-01 10:47:27.914 61847 INFO tempest.lib.common.rest_client [req-4615f74d-8c3f-40b2-9a84-22f4fee67d4b req-4615f74d-8c3f-40b2-9a84-22f4fee67d4b ] Request (AttachInterfacesV270Test:test_create_get_list_interfaces): 200 GET http://10.180.1.21/compute/v2.1/servers/bf561c56-a65d-4bfb-80c0-a68b3bddfdb7 0.161s
2025-12-01 10:47:27.977 61849 INFO tempest.lib.common.rest_client [req-d5c32f53-55d8-4f14-adab-7eff583e949d req-d5c32f53-55d8-4f14-adab-7eff583e949d ] Request (VolumesAdminNegativeTest:test_update_attached_volume_with_nonexistent_volume_in_uri): 200 GET http://10.180.1.21/compute/v2.1/servers/e4f4573c-040a-49d6-ba20-e051a265b3e4 0.047s
2025-12-01 10:47:27.986 61829 INFO tempest.lib.common.rest_client [req-13d101f7-4520-418a-b90c-893007ba9a32 req-13d101f7-4520-418a-b90c-893007ba9a32 ] Request (FloatingIPsAssociationTestJSON:setUpClass): 200 GET http://10.180.1.21/compute/v2.1/servers/48b87f3a-879c-4578-90cf-3e4328299e81 0.100s
2025-12-01 10:47:28.032 61841 INFO tempest.lib.common.rest_client [req-2ebe5e19-6f63-4183-99e9-bd9bbf6c382a req-2ebe5e19-6f63-4183-99e9-bd9bbf6c382a ] Request (ImagesOneServerNegativeTestJSON:setUpClass): 200 GET http://10.180.1.21/compute/v2.1/servers/966ce8b7-1a10-46f7-b113-e191cdc9a6ea 0.058s
2025-12-01 10:47:28.067 61821 INFO tempest.lib.common.rest_client [req-0434a167-41d0-42fe-8b96-5829fddbfc20 req-0434a167-41d0-42fe-8b96-5829fddbfc20 ] Request (ServerDiagnosticsNegativeTest:test_get_server_diagnostics_by_non_admin): 200 GET http://10.180.1.21/compute/v2.1/servers/8926a7b1-989f-4290-8828-1e75efbc0553 0.134s
2025-12-01 10:47:28.076 61809 INFO tempest.lib.common.rest_client [req-3144748d-e45c-440a-9be0-0ad1d6c618ac req-3144748d-e45c-440a-9be0-0ad1d6c618ac ] Request (ServerExternalEventsTest:test_create_server_external_events): 200 GET http://10.180.1.21/compute/v2.1/servers/8962f2e6-007f-47be-8c56-bb33c8354287 0.077s
2025-12-01 10:47:28.111 61813 INFO tempest.lib.common.rest_client [req-2b961eb0-02d5-4fce-919f-e56b7b214d1d req-2b961eb0-02d5-4fce-919f-e56b7b214d1d ] Request (ListServerFiltersTestJSON:setUpClass): 200 GET http://10.180.1.21/compute/v2.1/servers/76e1cf2e-74c6-408b-9d9c-cd04d8e2b4c2 0.073s
2025-12-01 10:47:28.136 61851 INFO tempest.lib.common.rest_client [req-8ab1adcc-6ace-4cd1-926e-4e1ad43ce4ae req-8ab1adcc-6ace-4cd1-926e-4e1ad43ce4ae ] Request (ServersTestMultiNic:test_verify_duplicate_network_nics): 200 GET http://10.180.1.21/compute/v2.1/servers/7a5f2f6a-db7f-410d-96cf-376be4ef6dc5 0.047s
2025-12-01 10:47:28.183 61839 INFO tempest.lib.common.rest_client [req-5ee8fde6-0e02-4b78-8ce0-cb236f3b927e req-5ee8fde6-0e02-4b78-8ce0-cb236f3b927e ] Request (ServerRescueTestJSON:setUpClass): 200 GET http://10.180.1.21/compute/v2.1/servers/fb6a424d-c4b0-4913-a4ef-aa361ff25101 0.046s
2025-12-01 10:47:28.274 61833 INFO tempest.lib.common.rest_client [req-7eb3abc4-9a7f-48a4-b688-b7df5a37568a req-7eb3abc4-9a7f-48a4-b688-b7df5a37568a ] Request (DeleteServersTestJSON:test_delete_active_server): 200 GET http://10.180.1.21/compute/v2.1/servers/497d6954-60e5-4a83-932c-c95de38b6f7b 0.049s
2025-12-01 10:47:28.279 61846 INFO tempest.lib.common.rest_client [req-4d849a25-043d-40e3-8012-8e4172391150 req-4d849a25-043d-40e3-8012-8e4172391150 ] Request (ServersV294TestFqdnHostnames:setUpClass): 200 GET http://10.180.1.21/compute/v2.1/servers/12435283-c350-4d85-be82-1c85e1ea17be 0.097s
2025-12-01 10:47:28.324 61835 INFO tempest.lib.common.rest_client [req-a9c53d76-c2fb-4090-87e4-d744fd2f5b13 req-a9c53d76-c2fb-4090-87e4-d744fd2f5b13 ] Request (ServersWithSpecificFlavorTestJSON:test_verify_created_server_ephemeral_disk): 200 GET http://10.180.1.21/compute/v2.1/servers/0a39a01c-4e3f-4031-98a2-2a12c492a2ea 0.054s
2025-12-01 10:47:28.364 61823 INFO tempest.lib.common.rest_client [req-ab722886-7b30-4b1b-80bc-e1ef045169e2 req-ab722886-7b30-4b1b-80bc-e1ef045169e2 ] Request (MigrationsAdminTest:test_list_migrations_in_flavor_resize_situation): 200 GET http://10.180.1.21/compute/v2.1/servers/ded35886-716c-4725-8fc9-cd6dfc04281a 0.136s
2025-12-01 10:47:28.448 61815 INFO tempest.lib.common.rest_client [req-80c92d38-008f-4b34-a629-3aa69972badb req-80c92d38-008f-4b34-a629-3aa69972badb ] Request (TenantUsagesTestJSON:setUpClass): 200 GET http://10.180.1.21/compute/v2.1/servers/25e22032-2ee7-44df-ae6a-022b5bda9f2c 0.095s
2025-12-01 10:47:28.648 61805 INFO tempest.lib.common.rest_client [req-494fcabc-99c1-44a8-92f9-874981a8683a req-494fcabc-99c1-44a8-92f9-874981a8683a ] Request (ServersAdminTestJSON:setUpClass): 200 GET http://10.180.1.21/compute/v2.1/servers/0a37f623-f757-4f67-a796-a8e17cfb9496 0.092s
2025-12-01 10:47:28.675 61837 INFO tempest.lib.common.rest_client [req-ccae07f3-c127-4c32-bc0c-a4185414dce7 req-ccae07f3-c127-4c32-bc0c-a4185414dce7 ] Request (DeleteServersAdminTestJSON:test_admin_delete_servers_of_others): 200 GET http://10.180.1.21/compute/v2.1/servers/766812ee-e272-4779-b85d-7fdde876e877 0.092s
2025-12-01 10:47:28.693 61855 INFO tempest.lib.common.rest_client [req-f391f40d-c488-4692-9db7-fca68dc80c2a req-f391f40d-c488-4692-9db7-fca68dc80c2a ] Request (ServerDiskConfigTestJSON:test_rebuild_server_with_manual_disk_config): 200 GET http://10.180.1.21/compute/v2.1/servers/29078f8b-7d23-4d10-ab27-88c49ac7fa97 0.087s
2025-12-01 10:47:28.720 61811 INFO tempest.lib.common.rest_client [req-9a4747df-dffe-461d-982d-d4dc233da33e req-9a4747df-dffe-461d-982d-d4dc233da33e ] Request (VolumesAssistedSnapshotsTest:test_volume_assisted_snapshot_create_delete): 200 GET http://10.180.1.21/compute/v2.1/servers/1435e51b-58b8-406f-9def-f9e6e7bffd8a 0.092s
2025-12-01 10:47:28.737 61807 INFO tempest.lib.common.rest_client [req-92729561-a17b-41dc-a5d7-3c9257b68e19 req-92729561-a17b-41dc-a5d7-3c9257b68e19 ] Request (ServersTestBootFromVolume:setUpClass): 200 GET http://10.180.1.21/compute/v2.1/servers/243873bb-c6d0-4212-8bc6-5512044b9025 0.081s
2025-12-01 10:47:28.766 61825 INFO tempest.lib.common.rest_client [req-834f343d-1421-4fc4-8dd4-40e6c43c6a00 req-834f343d-1421-4fc4-8dd4-40e6c43c6a00 ] Request (ServersTestJSON:test_create_server_specify_multibyte_character_name): 200 GET http://10.180.1.21/compute/v2.1/servers/8dfc1050-3c8f-43fc-b51a-c7b5d3c875ce 0.065s
2025-12-01 10:47:28.811 61862 INFO tempest.lib.common.rest_client [req-9b421610-31b5-4249-b8ad-df7f23643f57 req-9b421610-31b5-4249-b8ad-df7f23643f57 ] Request (ServerAddressesNegativeTestJSON:setUpClass): 200 GET http://10.180.1.21/compute/v2.1/servers/82b9c976-583a-46f1-b412-87dd225dba12 0.064s
2025-12-01 10:47:28.830 61859 INFO tempest.lib.common.rest_client [req-d8b974fb-1803-40eb-ad79-1c3aa5ba4735 req-d8b974fb-1803-40eb-ad79-1c3aa5ba4735 ] Request (ServerTagsTestJSON:setUpClass): 200 GET http://10.180.1.21/compute/v2.1/servers/e95d1ce4-26b0-496e-8a74-fc0a8ab00d96 0.107s
2025-12-01 10:47:28.858 61817 INFO tempest.lib.common.rest_client [req-7f60d786-aadc-4675-9485-5d0d3a168779 req-7f60d786-aadc-4675-9485-5d0d3a168779 ] Request (AttachInterfacesTestJSON:test_create_list_show_delete_interfaces_by_fixed_ip): 200 GET http://10.180.1.21/compute/v2.1/servers/abf366b6-380a-4108-b351-8a2f2cceb018 0.094s
2025-12-01 10:47:28.877 61819 INFO tempest.lib.common.rest_client [req-883d7fc4-d310-4645-b93a-6705a76ce06e req-883d7fc4-d310-4645-b93a-6705a76ce06e ] Request (ServerActionsTestOtherA:setUpClass): 200 GET http://10.180.1.21/compute/v2.1/servers/9f25c9d9-4936-4773-8fc3-bf52648752be 0.084s
2025-12-01 10:47:28.903 61799 INFO tempest.lib.common.rest_client [req-1201dff0-209d-47d4-b7ab-ff9f21372153 req-1201dff0-209d-47d4-b7ab-ff9f21372153 ] Request (ServerDiagnosticsTest:test_get_server_diagnostics): 200 GET http://10.180.1.21/compute/v2.1/servers/c6acb8ba-7877-44c9-a78b-f15fc6d47b28 0.091s
2025-12-01 10:47:28.923 61853 INFO tempest.lib.common.rest_client [req-47004cc2-ee5e-4011-abf2-7a19752f6148 req-47004cc2-ee5e-4011-abf2-7a19752f6148 ] Request (ServerDiagnosticsV248Test:test_get_server_diagnostics): 200 GET http://10.180.1.21/compute/v2.1/servers/63eeeab2-6aa3-49c9-b76b-09cc81f8d269 0.063s
2025-12-01 10:47:28.952 61801 INFO tempest.lib.common.rest_client [req-57a074bf-dda7-4b5c-b0c3-3a1e93f17b25 req-57a074bf-dda7-4b5c-b0c3-3a1e93f17b25 ] Request (SecurityGroupsTestJSON:test_list_security_groups_by_server): 200 GET http://10.180.1.21/compute/v2.1/servers/cec56dfe-ec77-4824-8751-43f85b57c6d2 0.048s
2025-12-01 10:47:29.019 61847 INFO tempest.lib.common.rest_client [req-c0120b97-9b94-4050-a6cb-0d35ddfdd047 req-c0120b97-9b94-4050-a6cb-0d35ddfdd047 ] Request (AttachInterfacesV270Test:test_create_get_list_interfaces): 200 GET http://10.180.1.21/compute/v2.1/servers/bf561c56-a65d-4bfb-80c0-a68b3bddfdb7 0.096s
2025-12-01 10:47:29.032 61849 INFO tempest.lib.common.rest_client [req-939ce826-f05c-4d6c-b747-e01f89f50432 req-939ce826-f05c-4d6c-b747-e01f89f50432 ] Request (VolumesAdminNegativeTest:test_update_attached_volume_with_nonexistent_volume_in_uri): 200 GET http://10.180.1.21/compute/v2.1/servers/e4f4573c-040a-49d6-ba20-e051a265b3e4 0.048s
2025-12-01 10:47:29.088 61841 INFO tempest.lib.common.rest_client [req-f17be9c5-8b1c-455f-a414-22da296a60ea req-f17be9c5-8b1c-455f-a414-22da296a60ea ] Request (ImagesOneServerNegativeTestJSON:setUpClass): 200 GET http://10.180.1.21/compute/v2.1/servers/966ce8b7-1a10-46f7-b113-e191cdc9a6ea 0.049s
2025-12-01 10:47:29.113 61829 INFO tempest.lib.common.rest_client [req-419b380b-1ba3-42ad-98f1-2622edf63c9c req-419b380b-1ba3-42ad-98f1-2622edf63c9c ] Request (FloatingIPsAssociationTestJSON:setUpClass): 200 GET http://10.180.1.21/compute/v2.1/servers/48b87f3a-879c-4578-90cf-3e4328299e81 0.120s
2025-12-01 10:47:29.161 61809 INFO tempest.lib.common.rest_client [req-6d38a19f-68b3-4876-aa0e-e706c62bbe4f req-6d38a19f-68b3-4876-aa0e-e706c62bbe4f ] Request (ServerExternalEventsTest:test_create_server_external_events): 200 GET http://10.180.1.21/compute/v2.1/servers/8962f2e6-007f-47be-8c56-bb33c8354287 0.078s
2025-12-01 10:47:29.177 61821 INFO tempest.lib.common.rest_client [req-66b652b2-960d-4280-957d-67003274b6a5 req-66b652b2-960d-4280-957d-67003274b6a5 ] Request (ServerDiagnosticsNegativeTest:test_get_server_diagnostics_by_non_admin): 200 GET http://10.180.1.21/compute/v2.1/servers/8926a7b1-989f-4290-8828-1e75efbc0553 0.103s
2025-12-01 10:47:29.208 61813 INFO tempest.lib.common.rest_client [req-a023ebff-b7b9-4664-952d-c29c26dceb2c req-a023ebff-b7b9-4664-952d-c29c26dceb2c ] Request (ListServerFiltersTestJSON:setUpClass): 200 GET http://10.180.1.21/compute/v2.1/servers/76e1cf2e-74c6-408b-9d9c-cd04d8e2b4c2 0.090s
2025-12-01 10:47:29.224 61851 INFO tempest.lib.common.rest_client [req-8802c421-0255-4a63-ab9e-ae585bbe5205 req-8802c421-0255-4a63-ab9e-ae585bbe5205 ] Request (ServersTestMultiNic:test_verify_duplicate_network_nics): 200 GET http://10.180.1.21/compute/v2.1/servers/7a5f2f6a-db7f-410d-96cf-376be4ef6dc5 0.081s
2025-12-01 10:47:29.252 61839 INFO tempest.lib.common.rest_client [req-54593601-f7e7-45ca-992d-78e2ffe83d67 req-54593601-f7e7-45ca-992d-78e2ffe83d67 ] Request (ServerRescueTestJSON:setUpClass): 200 GET http://10.180.1.21/compute/v2.1/servers/fb6a424d-c4b0-4913-a4ef-aa361ff25101 0.064s
2025-12-01 10:47:29.329 61833 INFO tempest.lib.common.rest_client [req-add8d1dc-ee6f-486b-904f-a4cf0d9a9e47 req-add8d1dc-ee6f-486b-904f-a4cf0d9a9e47 ] Request (DeleteServersTestJSON:test_delete_active_server): 200 GET http://10.180.1.21/compute/v2.1/servers/497d6954-60e5-4a83-932c-c95de38b6f7b 0.047s
2025-12-01 10:47:29.377 61835 INFO tempest.lib.common.rest_client [req-6aa1611b-1b46-489d-9254-b3a2aa8fc039 req-6aa1611b-1b46-489d-9254-b3a2aa8fc039 ] Request (ServersWithSpecificFlavorTestJSON:test_verify_created_server_ephemeral_disk): 200 GET http://10.180.1.21/compute/v2.1/servers/0a39a01c-4e3f-4031-98a2-2a12c492a2ea 0.046s
2025-12-01 10:47:29.383 61846 INFO tempest.lib.common.rest_client [req-40dcf68c-8606-447e-9f81-f40c148ee1fe req-40dcf68c-8606-447e-9f81-f40c148ee1fe ] Request (ServersV294TestFqdnHostnames:setUpClass): 200 GET http://10.180.1.21/compute/v2.1/servers/12435283-c350-4d85-be82-1c85e1ea17be 0.095s
2025-12-01 10:47:29.462 61823 INFO tempest.lib.common.rest_client [req-d2a855a3-cca0-4d6d-b263-66cf26e97e53 req-d2a855a3-cca0-4d6d-b263-66cf26e97e53 ] Request (MigrationsAdminTest:test_list_migrations_in_flavor_resize_situation): 200 GET http://10.180.1.21/compute/v2.1/servers/ded35886-716c-4725-8fc9-cd6dfc04281a 0.091s
2025-12-01 10:47:29.548 61815 INFO tempest.lib.common.rest_client [req-7dc6c78f-fad6-40b3-8b9f-d0501b39defe req-7dc6c78f-fad6-40b3-8b9f-d0501b39defe ] Request (TenantUsagesTestJSON:setUpClass): 200 GET http://10.180.1.21/compute/v2.1/servers/25e22032-2ee7-44df-ae6a-022b5bda9f2c 0.093s
2025-12-01 10:47:29.784 61837 INFO tempest.lib.common.rest_client [req-5042a460-9a0e-482f-8729-fe63d7369cd5 req-5042a460-9a0e-482f-8729-fe63d7369cd5 ] Request (DeleteServersAdminTestJSON:test_admin_delete_servers_of_others): 200 GET http://10.180.1.21/compute/v2.1/servers/766812ee-e272-4779-b85d-7fdde876e877 0.102s
2025-12-01 10:47:29.817 61805 INFO tempest.lib.common.rest_client [req-a79a7e97-2889-4055-b1ae-08f2dd533538 req-a79a7e97-2889-4055-b1ae-08f2dd533538 ] Request (ServersAdminTestJSON:setUpClass): 200 GET http://10.180.1.21/compute/v2.1/servers/0a37f623-f757-4f67-a796-a8e17cfb9496 0.162s
2025-12-01 10:47:29.832 61855 INFO tempest.lib.common.rest_client [req-32f6ad9a-8130-4dd8-ae87-bed7741d6f5b req-32f6ad9a-8130-4dd8-ae87-bed7741d6f5b ] Request (ServerDiskConfigTestJSON:test_rebuild_server_with_manual_disk_config): 200 GET http://10.180.1.21/compute/v2.1/servers/29078f8b-7d23-4d10-ab27-88c49ac7fa97 0.132s
2025-12-01 10:47:29.865 61811 INFO tempest.lib.common.rest_client [req-2c9481f8-2069-4b28-9453-a97f18cc0adc req-2c9481f8-2069-4b28-9453-a97f18cc0adc ] Request (VolumesAssistedSnapshotsTest:test_volume_assisted_snapshot_create_delete): 200 GET http://10.180.1.21/compute/v2.1/servers/1435e51b-58b8-406f-9def-f9e6e7bffd8a 0.137s
2025-12-01 10:47:29.882 61807 INFO tempest.lib.common.rest_client [req-ff3cc005-f223-4a7e-9b15-0d2223d1c859 req-ff3cc005-f223-4a7e-9b15-0d2223d1c859 ] Request (ServersTestBootFromVolume:setUpClass): 200 GET http://10.180.1.21/compute/v2.1/servers/243873bb-c6d0-4212-8bc6-5512044b9025 0.138s
2025-12-01 10:47:29.913 61825 INFO tempest.lib.common.rest_client [req-8096c8ae-becd-4d88-803d-7d1e833c12eb req-8096c8ae-becd-4d88-803d-7d1e833c12eb ] Request (ServersTestJSON:test_create_server_specify_multibyte_character_name): 200 GET http://10.180.1.21/compute/v2.1/servers/8dfc1050-3c8f-43fc-b51a-c7b5d3c875ce 0.140s
2025-12-01 10:47:29.927 61862 INFO tempest.lib.common.rest_client [req-865d817b-695f-4a5f-9017-be30c2ad182b req-865d817b-695f-4a5f-9017-be30c2ad182b ] Request (ServerAddressesNegativeTestJSON:setUpClass): 200 GET http://10.180.1.21/compute/v2.1/servers/82b9c976-583a-46f1-b412-87dd225dba12 0.108s
2025-12-01 10:47:29.973 61817 INFO tempest.lib.common.rest_client [req-cd6bdbfa-6704-4fb6-a15c-2d3981386913 req-cd6bdbfa-6704-4fb6-a15c-2d3981386913 ] Request (AttachInterfacesTestJSON:test_create_list_show_delete_interfaces_by_fixed_ip): 200 GET http://10.180.1.21/compute/v2.1/servers/abf366b6-380a-4108-b351-8a2f2cceb018 0.108s
2025-12-01 10:47:30.004 61859 INFO tempest.lib.common.rest_client [req-f0dad25c-1f4b-4b35-a75a-365c924fc38c req-f0dad25c-1f4b-4b35-a75a-365c924fc38c ] Request (ServerTagsTestJSON:setUpClass): 200 GET http://10.180.1.21/compute/v2.1/servers/e95d1ce4-26b0-496e-8a74-fc0a8ab00d96 0.165s
2025-12-01 10:47:30.026 61819 INFO tempest.lib.common.rest_client [req-2e129190-4f2e-4615-a275-e6fc52710208 req-2e129190-4f2e-4615-a275-e6fc52710208 ] Request (ServerActionsTestOtherA:setUpClass): 200 GET http://10.180.1.21/compute/v2.1/servers/9f25c9d9-4936-4773-8fc3-bf52648752be 0.144s
2025-12-01 10:47:30.059 61799 INFO tempest.lib.common.rest_client [req-1b9c8024-aee7-49f7-b8e3-4a8b7d3c01e4 req-1b9c8024-aee7-49f7-b8e3-4a8b7d3c01e4 ] Request (ServerDiagnosticsTest:test_get_server_diagnostics): 200 GET http://10.180.1.21/compute/v2.1/servers/c6acb8ba-7877-44c9-a78b-f15fc6d47b28 0.149s
2025-12-01 10:47:30.074 61853 INFO tempest.lib.common.rest_client [req-9fd38d35-4a4d-40d2-9d47-04f1a0fef4eb req-9fd38d35-4a4d-40d2-9d47-04f1a0fef4eb ] Request (ServerDiagnosticsV248Test:test_get_server_diagnostics): 200 GET http://10.180.1.21/compute/v2.1/servers/63eeeab2-6aa3-49c9-b76b-09cc81f8d269 0.142s
2025-12-01 10:47:30.104 61801 INFO tempest.lib.common.rest_client [req-89891a22-5e98-43bd-9ed9-f1c8f532ea1b req-89891a22-5e98-43bd-9ed9-f1c8f532ea1b ] Request (SecurityGroupsTestJSON:test_list_security_groups_by_server): 200 GET http://10.180.1.21/compute/v2.1/servers/cec56dfe-ec77-4824-8751-43f85b57c6d2 0.145s
2025-12-01 10:47:30.151 61849 INFO tempest.lib.common.rest_client [req-3fe0db2b-34a5-4270-a811-88f685273fe2 req-3fe0db2b-34a5-4270-a811-88f685273fe2 ] Request (VolumesAdminNegativeTest:test_update_attached_volume_with_nonexistent_volume_in_uri): 200 GET http://10.180.1.21/compute/v2.1/servers/e4f4573c-040a-49d6-ba20-e051a265b3e4 0.113s
2025-12-01 10:47:30.198 61841 INFO tempest.lib.common.rest_client [req-c969d76d-491b-4896-a1a1-638427b522ac req-c969d76d-491b-4896-a1a1-638427b522ac ] Request (ImagesOneServerNegativeTestJSON:setUpClass): 200 GET http://10.180.1.21/compute/v2.1/servers/966ce8b7-1a10-46f7-b113-e191cdc9a6ea 0.102s
2025-12-01 10:47:30.335 61829 INFO tempest.lib.common.rest_client [req-2fe35a0f-fd08-44b0-bd52-4f43f2d6a0b9 req-2fe35a0f-fd08-44b0-bd52-4f43f2d6a0b9 ] Request (FloatingIPsAssociationTestJSON:setUpClass): 200 GET http://10.180.1.21/compute/v2.1/servers/48b87f3a-879c-4578-90cf-3e4328299e81 0.215s
2025-12-01 10:47:30.336 61847 INFO tempest.lib.common.rest_client [req-826ed86f-1234-49ac-88d9-7a5cabbf617a req-826ed86f-1234-49ac-88d9-7a5cabbf617a ] Request (AttachInterfacesV270Test:test_create_get_list_interfaces): 200 GET http://10.180.1.21/compute/v2.1/servers/bf561c56-a65d-4bfb-80c0-a68b3bddfdb7 0.309s
2025-12-01 10:47:30.378 61809 INFO tempest.lib.common.rest_client [req-728c6127-3685-4999-8661-66169d0bc7ca req-728c6127-3685-4999-8661-66169d0bc7ca ] Request (ServerExternalEventsTest:test_create_server_external_events): 200 GET http://10.180.1.21/compute/v2.1/servers/8962f2e6-007f-47be-8c56-bb33c8354287 0.210s
2025-12-01 10:47:30.423 61813 INFO tempest.lib.common.rest_client [req-ae94ed67-a67f-4fa4-9ffb-fec54534dbd5 req-ae94ed67-a67f-4fa4-9ffb-fec54534dbd5 ] Request (ListServerFiltersTestJSON:setUpClass): 200 GET http://10.180.1.21/compute/v2.1/servers/76e1cf2e-74c6-408b-9d9c-cd04d8e2b4c2 0.208s
2025-12-01 10:47:30.465 61821 INFO tempest.lib.common.rest_client [req-3484d2ea-be18-472e-8846-a3808f0226c4 req-3484d2ea-be18-472e-8846-a3808f0226c4 ] Request (ServerDiagnosticsNegativeTest:test_get_server_diagnostics_by_non_admin): 200 GET http://10.180.1.21/compute/v2.1/servers/8926a7b1-989f-4290-8828-1e75efbc0553 0.281s
2025-12-01 10:47:30.467 61851 INFO tempest.lib.common.rest_client [req-71ee977e-1270-46bf-98da-f7e7a0119338 req-71ee977e-1270-46bf-98da-f7e7a0119338 ] Request (ServersTestMultiNic:test_verify_duplicate_network_nics): 200 GET http://10.180.1.21/compute/v2.1/servers/7a5f2f6a-db7f-410d-96cf-376be4ef6dc5 0.233s
2025-12-01 10:47:30.513 61839 INFO tempest.lib.common.rest_client [req-7ebd59ce-4298-455d-940c-fe6b92322469 req-7ebd59ce-4298-455d-940c-fe6b92322469 ] Request (ServerRescueTestJSON:setUpClass): 200 GET http://10.180.1.21/compute/v2.1/servers/fb6a424d-c4b0-4913-a4ef-aa361ff25101 0.253s
2025-12-01 10:47:30.514 61833 INFO tempest.lib.common.rest_client [req-cf8ed379-f893-4d3d-a94e-9ba5e32c662a req-cf8ed379-f893-4d3d-a94e-9ba5e32c662a ] Request (DeleteServersTestJSON:test_delete_active_server): 200 GET http://10.180.1.21/compute/v2.1/servers/497d6954-60e5-4a83-932c-c95de38b6f7b 0.178s
2025-12-01 10:47:30.556 61835 INFO tempest.lib.common.rest_client [req-0392a606-dd3f-40bf-986f-63fcceb16869 req-0392a606-dd3f-40bf-986f-63fcceb16869 ] Request (ServersWithSpecificFlavorTestJSON:test_verify_created_server_ephemeral_disk): 200 GET http://10.180.1.21/compute/v2.1/servers/0a39a01c-4e3f-4031-98a2-2a12c492a2ea 0.172s
2025-12-01 10:47:30.606 61846 INFO tempest.lib.common.rest_client [req-06458b81-2daf-4822-ade9-f648e5355fb9 req-06458b81-2daf-4822-ade9-f648e5355fb9 ] Request (ServersV294TestFqdnHostnames:setUpClass): 200 GET http://10.180.1.21/compute/v2.1/servers/12435283-c350-4d85-be82-1c85e1ea17be 0.213s
2025-12-01 10:47:30.645 61823 INFO tempest.lib.common.rest_client [req-231a5294-652b-4679-b5ff-76a882d0223e req-231a5294-652b-4679-b5ff-76a882d0223e ] Request (MigrationsAdminTest:test_list_migrations_in_flavor_resize_situation): 200 GET http://10.180.1.21/compute/v2.1/servers/ded35886-716c-4725-8fc9-cd6dfc04281a 0.176s
2025-12-01 10:47:30.731 61815 INFO tempest.lib.common.rest_client [req-fdde961d-23fb-411d-9ba0-30f34ac69162 req-fdde961d-23fb-411d-9ba0-30f34ac69162 ] Request (TenantUsagesTestJSON:setUpClass): 200 GET http://10.180.1.21/compute/v2.1/servers/25e22032-2ee7-44df-ae6a-022b5bda9f2c 0.176s
2025-12-01 10:47:30.885 61837 INFO tempest.lib.common.rest_client [req-e1cbe035-6247-4098-80a7-398f94a8b29d req-e1cbe035-6247-4098-80a7-398f94a8b29d ] Request (DeleteServersAdminTestJSON:test_admin_delete_servers_of_others): 200 GET http://10.180.1.21/compute/v2.1/servers/766812ee-e272-4779-b85d-7fdde876e877 0.094s
2025-12-01 10:47:30.917 61805 INFO tempest.lib.common.rest_client [req-b33d5a33-f752-4951-9739-e84ee2972fde req-b33d5a33-f752-4951-9739-e84ee2972fde ] Request (ServersAdminTestJSON:setUpClass): 200 GET http://10.180.1.21/compute/v2.1/servers/0a37f623-f757-4f67-a796-a8e17cfb9496 0.093s
2025-12-01 10:47:30.933 61855 INFO tempest.lib.common.rest_client [req-1ba4c686-af01-47ed-99c6-433d85a5ac01 req-1ba4c686-af01-47ed-99c6-433d85a5ac01 ] Request (ServerDiskConfigTestJSON:test_rebuild_server_with_manual_disk_config): 200 GET http://10.180.1.21/compute/v2.1/servers/29078f8b-7d23-4d10-ab27-88c49ac7fa97 0.094s
2025-12-01 10:47:30.964 61811 INFO tempest.lib.common.rest_client [req-d0c5c324-d8d7-41dd-b8e0-b6de4bec8bfe req-d0c5c324-d8d7-41dd-b8e0-b6de4bec8bfe ] Request (VolumesAssistedSnapshotsTest:test_volume_assisted_snapshot_create_delete): 200 GET http://10.180.1.21/compute/v2.1/servers/1435e51b-58b8-406f-9def-f9e6e7bffd8a 0.091s
2025-12-01 10:47:30.984 61807 INFO tempest.lib.common.rest_client [req-2ac48aac-f149-4826-a4c8-0b45f81e44d8 req-2ac48aac-f149-4826-a4c8-0b45f81e44d8 ] Request (ServersTestBootFromVolume:setUpClass): 200 GET http://10.180.1.21/compute/v2.1/servers/243873bb-c6d0-4212-8bc6-5512044b9025 0.095s
2025-12-01 10:47:31.012 61825 INFO tempest.lib.common.rest_client [req-29330fad-9aae-411d-98bd-1aba6878d4e5 req-29330fad-9aae-411d-98bd-1aba6878d4e5 ] Request (ServersTestJSON:test_create_server_specify_multibyte_character_name): 200 GET http://10.180.1.21/compute/v2.1/servers/8dfc1050-3c8f-43fc-b51a-c7b5d3c875ce 0.089s
2025-12-01 10:47:31.036 61862 INFO tempest.lib.common.rest_client [req-59e6084b-ce76-4b4d-b653-992e8ba1eeb1 req-59e6084b-ce76-4b4d-b653-992e8ba1eeb1 ] Request (ServerAddressesNegativeTestJSON:setUpClass): 200 GET http://10.180.1.21/compute/v2.1/servers/82b9c976-583a-46f1-b412-87dd225dba12 0.102s
2025-12-01 10:47:31.060 61817 INFO tempest.lib.common.rest_client [req-a93635cd-a639-4973-8657-c36244ec3b78 req-a93635cd-a639-4973-8657-c36244ec3b78 ] Request (AttachInterfacesTestJSON:test_create_list_show_delete_interfaces_by_fixed_ip): 200 GET http://10.180.1.21/compute/v2.1/servers/abf366b6-380a-4108-b351-8a2f2cceb018 0.081s
2025-12-01 10:47:31.111 61819 INFO tempest.lib.common.rest_client [req-c715e559-03de-4abb-92ac-e8c0a072f20c req-c715e559-03de-4abb-92ac-e8c0a072f20c ] Request (ServerActionsTestOtherA:setUpClass): 200 GET http://10.180.1.21/compute/v2.1/servers/9f25c9d9-4936-4773-8fc3-bf52648752be 0.076s
2025-12-01 10:47:31.157 61799 INFO tempest.lib.common.rest_client [req-c8bda5bc-40cb-4e22-8957-8290065d6b2f req-c8bda5bc-40cb-4e22-8957-8290065d6b2f ] Request (ServerDiagnosticsTest:test_get_server_diagnostics): 200 GET http://10.180.1.21/compute/v2.1/servers/c6acb8ba-7877-44c9-a78b-f15fc6d47b28 0.090s
2025-12-01 10:47:31.171 61859 INFO tempest.lib.common.rest_client [req-4169bf36-e139-4b4c-9169-3c8227e40894 req-4169bf36-e139-4b4c-9169-3c8227e40894 ] Request (ServerTagsTestJSON:setUpClass): 200 GET http://10.180.1.21/compute/v2.1/servers/e95d1ce4-26b0-496e-8a74-fc0a8ab00d96 0.158s
2025-12-01 10:47:31.203 61853 INFO tempest.lib.common.rest_client [req-70be8020-ac4f-43ea-9df3-7d3b269956f5 req-70be8020-ac4f-43ea-9df3-7d3b269956f5 ] Request (ServerDiagnosticsV248Test:test_get_server_diagnostics): 200 GET http://10.180.1.21/compute/v2.1/servers/63eeeab2-6aa3-49c9-b76b-09cc81f8d269 0.120s
2025-12-01 10:47:31.218 61801 INFO tempest.lib.common.rest_client [req-7077cf72-1a12-483f-be87-b0603cbed7bb req-7077cf72-1a12-483f-be87-b0603cbed7bb ] Request (SecurityGroupsTestJSON:test_list_security_groups_by_server): 200 GET http://10.180.1.21/compute/v2.1/servers/cec56dfe-ec77-4824-8751-43f85b57c6d2 0.106s
2025-12-01 10:47:31.247 61849 INFO tempest.lib.common.rest_client [req-d21190d8-8929-4b20-a38c-3bbdba4679d4 req-d21190d8-8929-4b20-a38c-3bbdba4679d4 ] Request (VolumesAdminNegativeTest:test_update_attached_volume_with_nonexistent_volume_in_uri): 200 GET http://10.180.1.21/compute/v2.1/servers/e4f4573c-040a-49d6-ba20-e051a265b3e4 0.089s
2025-12-01 10:47:31.262 61841 INFO tempest.lib.common.rest_client [req-a11a2b00-9819-48e1-baea-f5b21f1a6ce8 req-a11a2b00-9819-48e1-baea-f5b21f1a6ce8 ] Request (ImagesOneServerNegativeTestJSON:setUpClass): 200 GET http://10.180.1.21/compute/v2.1/servers/966ce8b7-1a10-46f7-b113-e191cdc9a6ea 0.058s
2025-12-01 10:47:31.437 61829 INFO tempest.lib.common.rest_client [req-20887f5f-cd64-4dde-b2a2-f96b671959ce req-20887f5f-cd64-4dde-b2a2-f96b671959ce ] Request (FloatingIPsAssociationTestJSON:setUpClass): 200 GET http://10.180.1.21/compute/v2.1/servers/48b87f3a-879c-4578-90cf-3e4328299e81 0.094s
2025-12-01 10:47:31.439 61847 INFO tempest.lib.common.rest_client [req-d7335df7-8419-428f-9d90-a43fa9a7f239 req-d7335df7-8419-428f-9d90-a43fa9a7f239 ] Request (AttachInterfacesV270Test:test_create_get_list_interfaces): 200 GET http://10.180.1.21/compute/v2.1/servers/bf561c56-a65d-4bfb-80c0-a68b3bddfdb7 0.094s
2025-12-01 10:47:31.484 61813 INFO tempest.lib.common.rest_client [req-a0e8c1c9-6bc1-4114-990c-ddf643110871 req-a0e8c1c9-6bc1-4114-990c-ddf643110871 ] Request (ListServerFiltersTestJSON:setUpClass): 200 GET http://10.180.1.21/compute/v2.1/servers/76e1cf2e-74c6-408b-9d9c-cd04d8e2b4c2 0.053s
2025-12-01 10:47:31.485 61809 INFO tempest.lib.common.rest_client [req-3b1a8bcb-2946-4737-b1a8-6e67e53dc8c1 req-3b1a8bcb-2946-4737-b1a8-6e67e53dc8c1 ] Request (ServerExternalEventsTest:test_create_server_external_events): 200 GET http://10.180.1.21/compute/v2.1/servers/8962f2e6-007f-47be-8c56-bb33c8354287 0.100s
2025-12-01 10:47:31.528 61851 INFO tempest.lib.common.rest_client [req-6c34c27f-dd9e-4e79-9a23-9e02c5ac4846 req-6c34c27f-dd9e-4e79-9a23-9e02c5ac4846 ] Request (ServersTestMultiNic:test_verify_duplicate_network_nics): 200 GET http://10.180.1.21/compute/v2.1/servers/7a5f2f6a-db7f-410d-96cf-376be4ef6dc5 0.052s
2025-12-01 10:47:31.572 61839 INFO tempest.lib.common.rest_client [req-2a1d8ee7-9137-469c-8054-1b1326634a51 req-2a1d8ee7-9137-469c-8054-1b1326634a51 ] Request (ServerRescueTestJSON:setUpClass): 200 GET http://10.180.1.21/compute/v2.1/servers/fb6a424d-c4b0-4913-a4ef-aa361ff25101 0.052s
2025-12-01 10:47:31.575 61821 INFO tempest.lib.common.rest_client [req-3030c7bc-e007-4fa1-a657-fd34513bdfc9 req-3030c7bc-e007-4fa1-a657-fd34513bdfc9 ] Request (ServerDiagnosticsNegativeTest:test_get_server_diagnostics_by_non_admin): 200 GET http://10.180.1.21/compute/v2.1/servers/8926a7b1-989f-4290-8828-1e75efbc0553 0.103s
2025-12-01 10:47:31.616 61833 INFO tempest.lib.common.rest_client [req-f51ed2aa-ee81-4834-b2bf-20aa41fc78cf req-f51ed2aa-ee81-4834-b2bf-20aa41fc78cf ] Request (DeleteServersTestJSON:test_delete_active_server): 200 GET http://10.180.1.21/compute/v2.1/servers/497d6954-60e5-4a83-932c-c95de38b6f7b 0.095s
2025-12-01 10:47:31.619 61835 INFO tempest.lib.common.rest_client [req-159d8efe-fd72-428f-9799-1a1d6cba011f req-159d8efe-fd72-428f-9799-1a1d6cba011f ] Request (ServersWithSpecificFlavorTestJSON:test_verify_created_server_ephemeral_disk): 200 GET http://10.180.1.21/compute/v2.1/servers/0a39a01c-4e3f-4031-98a2-2a12c492a2ea 0.056s
2025-12-01 10:47:31.743 61823 INFO tempest.lib.common.rest_client [req-8170a963-f25f-4be6-9ba6-4cc285762a73 req-8170a963-f25f-4be6-9ba6-4cc285762a73 ] Request (MigrationsAdminTest:test_list_migrations_in_flavor_resize_situation): 200 GET http://10.180.1.21/compute/v2.1/servers/ded35886-716c-4725-8fc9-cd6dfc04281a 0.091s
2025-12-01 10:47:31.755 61846 INFO tempest.lib.common.rest_client [req-731cd190-fe35-452e-90e4-0014ca6f4264 req-731cd190-fe35-452e-90e4-0014ca6f4264 ] Request (ServersV294TestFqdnHostnames:setUpClass): 200 GET http://10.180.1.21/compute/v2.1/servers/12435283-c350-4d85-be82-1c85e1ea17be 0.136s
2025-12-01 10:47:31.830 61815 INFO tempest.lib.common.rest_client [req-1fae4d99-8e51-4889-ba76-e67b09fcaddc req-1fae4d99-8e51-4889-ba76-e67b09fcaddc ] Request (TenantUsagesTestJSON:setUpClass): 200 GET http://10.180.1.21/compute/v2.1/servers/25e22032-2ee7-44df-ae6a-022b5bda9f2c 0.093s
2025-12-01 10:47:31.986 61837 INFO tempest.lib.common.rest_client [req-dd94520d-7c83-4c48-aa76-d98df20b3112 req-dd94520d-7c83-4c48-aa76-d98df20b3112 ] Request (DeleteServersAdminTestJSON:test_admin_delete_servers_of_others): 200 GET http://10.180.1.21/compute/v2.1/servers/766812ee-e272-4779-b85d-7fdde876e877 0.093s
2025-12-01 10:47:32.018 61805 INFO tempest.lib.common.rest_client [req-a94a4536-c57a-4187-9a5f-46356bbe1d60 req-a94a4536-c57a-4187-9a5f-46356bbe1d60 ] Request (ServersAdminTestJSON:setUpClass): 200 GET http://10.180.1.21/compute/v2.1/servers/0a37f623-f757-4f67-a796-a8e17cfb9496 0.093s
2025-12-01 10:47:32.031 61855 INFO tempest.lib.common.rest_client [req-e8844c30-532d-4022-a617-7ce2e649df17 req-e8844c30-532d-4022-a617-7ce2e649df17 ] Request (ServerDiskConfigTestJSON:test_rebuild_server_with_manual_disk_config): 200 GET http://10.180.1.21/compute/v2.1/servers/29078f8b-7d23-4d10-ab27-88c49ac7fa97 0.090s
2025-12-01 10:47:32.063 61811 INFO tempest.lib.common.rest_client [req-0901979d-c354-40f7-871b-15c03ff41eb3 req-0901979d-c354-40f7-871b-15c03ff41eb3 ] Request (VolumesAssistedSnapshotsTest:test_volume_assisted_snapshot_create_delete): 200 GET http://10.180.1.21/compute/v2.1/servers/1435e51b-58b8-406f-9def-f9e6e7bffd8a 0.091s
2025-12-01 10:47:32.074 61807 INFO tempest.lib.common.rest_client [req-e64a2cf7-f27e-4b27-88d0-e987ea8e78c6 req-e64a2cf7-f27e-4b27-88d0-e987ea8e78c6 ] Request (ServersTestBootFromVolume:setUpClass): 200 GET http://10.180.1.21/compute/v2.1/servers/243873bb-c6d0-4212-8bc6-5512044b9025 0.084s
2025-12-01 10:47:32.108 61825 INFO tempest.lib.common.rest_client [req-8021bf41-aa3e-4636-98be-e2de68841ef2 req-8021bf41-aa3e-4636-98be-e2de68841ef2 ] Request (ServersTestJSON:test_create_server_specify_multibyte_character_name): 200 GET http://10.180.1.21/compute/v2.1/servers/8dfc1050-3c8f-43fc-b51a-c7b5d3c875ce 0.089s
2025-12-01 10:47:32.119 61862 INFO tempest.lib.common.rest_client [req-814bb81f-420a-48f0-a245-6973e689f404 req-814bb81f-420a-48f0-a245-6973e689f404 ] Request (ServerAddressesNegativeTestJSON:setUpClass): 200 GET http://10.180.1.21/compute/v2.1/servers/82b9c976-583a-46f1-b412-87dd225dba12 0.076s
2025-12-01 10:47:32.151 61817 INFO tempest.lib.common.rest_client [req-29e2fbfe-4e5e-421e-9f72-fed260d4cf7b req-29e2fbfe-4e5e-421e-9f72-fed260d4cf7b ] Request (AttachInterfacesTestJSON:test_create_list_show_delete_interfaces_by_fixed_ip): 200 GET http://10.180.1.21/compute/v2.1/servers/abf366b6-380a-4108-b351-8a2f2cceb018 0.084s
2025-12-01 10:47:32.164 61819 INFO tempest.lib.common.rest_client [req-cb2d028c-b357-4d36-97ba-7b2a2151bde6 req-cb2d028c-b357-4d36-97ba-7b2a2151bde6 ] Request (ServerActionsTestOtherA:setUpClass): 200 GET http://10.180.1.21/compute/v2.1/servers/9f25c9d9-4936-4773-8fc3-bf52648752be 0.045s
2025-12-01 10:47:32.209 61799 INFO tempest.lib.common.rest_client [req-f7134d5f-ec00-484e-bfd7-a5edcb52c7f8 req-f7134d5f-ec00-484e-bfd7-a5edcb52c7f8 ] Request (ServerDiagnosticsTest:test_get_server_diagnostics): 200 GET http://10.180.1.21/compute/v2.1/servers/c6acb8ba-7877-44c9-a78b-f15fc6d47b28 0.045s
2025-12-01 10:47:32.259 61853 INFO tempest.lib.common.rest_client [req-9fdd6b54-d94d-4f95-a07b-74c78b6b14a1 req-9fdd6b54-d94d-4f95-a07b-74c78b6b14a1 ] Request (ServerDiagnosticsV248Test:test_get_server_diagnostics): 200 GET http://10.180.1.21/compute/v2.1/servers/63eeeab2-6aa3-49c9-b76b-09cc81f8d269 0.048s
2025-12-01 10:47:32.304 61801 INFO tempest.lib.common.rest_client [req-665ce9b6-fbe1-45c6-b9dd-7310727e8f0e req-665ce9b6-fbe1-45c6-b9dd-7310727e8f0e ] Request (SecurityGroupsTestJSON:test_list_security_groups_by_server): 200 GET http://10.180.1.21/compute/v2.1/servers/cec56dfe-ec77-4824-8751-43f85b57c6d2 0.080s
2025-12-01 10:47:32.310 61859 INFO tempest.lib.common.rest_client [req-cb71c09f-9c1e-4a1f-bec1-c1cd445ee7da req-cb71c09f-9c1e-4a1f-bec1-c1cd445ee7da ] Request (ServerTagsTestJSON:setUpClass): 200 GET http://10.180.1.21/compute/v2.1/servers/e95d1ce4-26b0-496e-8a74-fc0a8ab00d96 0.131s
2025-12-01 10:47:32.347 61849 INFO tempest.lib.common.rest_client [req-f44b5818-ad05-4a83-9d0a-5295bfb740a9 req-f44b5818-ad05-4a83-9d0a-5295bfb740a9 ] Request (VolumesAdminNegativeTest:test_update_attached_volume_with_nonexistent_volume_in_uri): 200 GET http://10.180.1.21/compute/v2.1/servers/e4f4573c-040a-49d6-ba20-e051a265b3e4 0.093s
2025-12-01 10:47:32.352 61841 INFO tempest.lib.common.rest_client [req-a656c5c3-3b40-4104-8e2c-fa61e28603be req-a656c5c3-3b40-4104-8e2c-fa61e28603be ] Request (ImagesOneServerNegativeTestJSON:setUpClass): 200 GET http://10.180.1.21/compute/v2.1/servers/966ce8b7-1a10-46f7-b113-e191cdc9a6ea 0.084s
2025-12-01 10:47:32.579 61829 INFO tempest.lib.common.rest_client [req-0de2e78d-cb5c-4288-9c51-414cda1dda30 req-0de2e78d-cb5c-4288-9c51-414cda1dda30 ] Request (FloatingIPsAssociationTestJSON:setUpClass): 200 GET http://10.180.1.21/compute/v2.1/servers/48b87f3a-879c-4578-90cf-3e4328299e81 0.134s
2025-12-01 10:47:32.626 61809 INFO tempest.lib.common.rest_client [req-3a4e001c-6412-4389-9fa4-7de0f7d41b0a req-3a4e001c-6412-4389-9fa4-7de0f7d41b0a ] Request (ServerExternalEventsTest:test_create_server_external_events): 200 GET http://10.180.1.21/compute/v2.1/servers/8962f2e6-007f-47be-8c56-bb33c8354287 0.133s
2025-12-01 10:47:32.675 61813 INFO tempest.lib.common.rest_client [req-425865e9-ad08-49be-814f-7c969a6b64ce req-425865e9-ad08-49be-814f-7c969a6b64ce ] Request (ListServerFiltersTestJSON:setUpClass): 200 GET http://10.180.1.21/compute/v2.1/servers/76e1cf2e-74c6-408b-9d9c-cd04d8e2b4c2 0.180s
2025-12-01 10:47:32.725 61851 INFO tempest.lib.common.rest_client [req-755c5e6d-a32e-4d8c-8741-5e25c4b62393 req-755c5e6d-a32e-4d8c-8741-5e25c4b62393 ] Request (ServersTestMultiNic:test_verify_duplicate_network_nics): 200 GET http://10.180.1.21/compute/v2.1/servers/7a5f2f6a-db7f-410d-96cf-376be4ef6dc5 0.191s
2025-12-01 10:47:32.770 61839 INFO tempest.lib.common.rest_client [req-0b680b4d-7aba-4d20-b5dc-1e8214f56916 req-0b680b4d-7aba-4d20-b5dc-1e8214f56916 ] Request (ServerRescueTestJSON:setUpClass): 200 GET http://10.180.1.21/compute/v2.1/servers/fb6a424d-c4b0-4913-a4ef-aa361ff25101 0.191s
2025-12-01 10:47:32.777 61847 INFO tempest.lib.common.rest_client [req-68f8833d-f5d5-4a8a-88c5-bb18ea9bff86 req-68f8833d-f5d5-4a8a-88c5-bb18ea9bff86 ] Request (AttachInterfacesV270Test:test_create_get_list_interfaces): 200 GET http://10.180.1.21/compute/v2.1/servers/bf561c56-a65d-4bfb-80c0-a68b3bddfdb7 0.329s
2025-12-01 10:47:32.825 61833 INFO tempest.lib.common.rest_client [req-894f6545-43cd-4958-a9b7-2dd35a4d01e8 req-894f6545-43cd-4958-a9b7-2dd35a4d01e8 ] Request (DeleteServersTestJSON:test_delete_active_server): 200 GET http://10.180.1.21/compute/v2.1/servers/497d6954-60e5-4a83-932c-c95de38b6f7b 0.202s
2025-12-01 10:47:32.861 61821 INFO tempest.lib.common.rest_client [req-a627a962-2dc0-429d-b2f2-3ad9f205678f req-a627a962-2dc0-429d-b2f2-3ad9f205678f ] Request (ServerDiagnosticsNegativeTest:test_get_server_diagnostics_by_non_admin): 200 GET http://10.180.1.21/compute/v2.1/servers/8926a7b1-989f-4290-8828-1e75efbc0553 0.279s
2025-12-01 10:47:32.869 61835 INFO tempest.lib.common.rest_client [req-da353aae-abf3-4389-b29e-e1020b36794b req-da353aae-abf3-4389-b29e-e1020b36794b ] Request (ServersWithSpecificFlavorTestJSON:test_verify_created_server_ephemeral_disk): 200 GET http://10.180.1.21/compute/v2.1/servers/0a39a01c-4e3f-4031-98a2-2a12c492a2ea 0.242s
2025-12-01 10:47:32.949 61823 INFO tempest.lib.common.rest_client [req-eccc8cb4-d4c0-4569-9905-a7efde81cbd6 req-eccc8cb4-d4c0-4569-9905-a7efde81cbd6 ] Request (MigrationsAdminTest:test_list_migrations_in_flavor_resize_situation): 200 GET http://10.180.1.21/compute/v2.1/servers/ded35886-716c-4725-8fc9-cd6dfc04281a 0.199s
2025-12-01 10:47:32.959 61846 INFO tempest.lib.common.rest_client [req-dcbc9799-8e5a-4b5e-8029-d13f8bdbdee3 req-dcbc9799-8e5a-4b5e-8029-d13f8bdbdee3 ] Request (ServersV294TestFqdnHostnames:setUpClass): 200 GET http://10.180.1.21/compute/v2.1/servers/12435283-c350-4d85-be82-1c85e1ea17be 0.195s
2025-12-01 10:47:33.041 61815 INFO tempest.lib.common.rest_client [req-dc917257-96dd-46ce-b4ab-c53c3893e8dd req-dc917257-96dd-46ce-b4ab-c53c3893e8dd ] Request (TenantUsagesTestJSON:setUpClass): 200 GET http://10.180.1.21/compute/v2.1/servers/25e22032-2ee7-44df-ae6a-022b5bda9f2c 0.204s
2025-12-01 10:47:33.089 61837 INFO tempest.lib.common.rest_client [req-062938de-6dca-429c-9b82-6bb33956daa0 req-062938de-6dca-429c-9b82-6bb33956daa0 ] Request (DeleteServersAdminTestJSON:test_admin_delete_servers_of_others): 200 GET http://10.180.1.21/compute/v2.1/servers/766812ee-e272-4779-b85d-7fdde876e877 0.096s
2025-12-01 10:47:33.137 61855 INFO tempest.lib.common.rest_client [req-81f27e95-02cb-4fe6-9750-f713f69d9fc3 req-81f27e95-02cb-4fe6-9750-f713f69d9fc3 ] Request (ServerDiskConfigTestJSON:test_rebuild_server_with_manual_disk_config): 200 GET http://10.180.1.21/compute/v2.1/servers/29078f8b-7d23-4d10-ab27-88c49ac7fa97 0.099s
2025-12-01 10:47:33.172 61805 INFO tempest.lib.common.rest_client [req-f15e28a1-9014-4b82-9f23-57568d247c54 req-f15e28a1-9014-4b82-9f23-57568d247c54 ] Request (ServersAdminTestJSON:setUpClass): 200 GET http://10.180.1.21/compute/v2.1/servers/0a37f623-f757-4f67-a796-a8e17cfb9496 0.146s
2025-12-01 10:47:33.186 61811 INFO tempest.lib.common.rest_client [req-4d6db37f-5be6-423f-b47a-aeade753b103 req-4d6db37f-5be6-423f-b47a-aeade753b103 ] Request (VolumesAssistedSnapshotsTest:test_volume_assisted_snapshot_create_delete): 200 GET http://10.180.1.21/compute/v2.1/servers/1435e51b-58b8-406f-9def-f9e6e7bffd8a 0.116s
2025-12-01 10:47:33.225 61807 INFO tempest.lib.common.rest_client [req-77eec626-5387-4683-bcdf-c6c30063a4d8 req-77eec626-5387-4683-bcdf-c6c30063a4d8 ] Request (ServersTestBootFromVolume:setUpClass): 200 GET http://10.180.1.21/compute/v2.1/servers/243873bb-c6d0-4212-8bc6-5512044b9025 0.141s
2025-12-01 10:47:33.274 61862 INFO tempest.lib.common.rest_client [req-e3e36a43-1679-4cb9-b4f5-6ee6ec1513aa req-e3e36a43-1679-4cb9-b4f5-6ee6ec1513aa ] Request (ServerAddressesNegativeTestJSON:setUpClass): 200 GET http://10.180.1.21/compute/v2.1/servers/82b9c976-583a-46f1-b412-87dd225dba12 0.148s
2025-12-01 10:47:33.333 61817 INFO tempest.lib.common.rest_client [req-1c74685f-03a0-44e4-8139-b04bc1d2972f req-1c74685f-03a0-44e4-8139-b04bc1d2972f ] Request (AttachInterfacesTestJSON:test_create_list_show_delete_interfaces_by_fixed_ip): 200 GET http://10.180.1.21/compute/v2.1/servers/abf366b6-380a-4108-b351-8a2f2cceb018 0.174s
2025-12-01 10:47:33.384 61819 INFO tempest.lib.common.rest_client [req-138e14ab-78af-4053-8acd-37d3cae2a8c9 req-138e14ab-78af-4053-8acd-37d3cae2a8c9 ] Request (ServerActionsTestOtherA:setUpClass): 200 GET http://10.180.1.21/compute/v2.1/servers/9f25c9d9-4936-4773-8fc3-bf52648752be 0.213s
2025-12-01 10:47:33.401 61825 INFO tempest.lib.common.rest_client [req-61c9aa97-93d0-4a5c-bcdc-cfd988d59376 req-61c9aa97-93d0-4a5c-bcdc-cfd988d59376 ] Request (ServersTestJSON:test_create_server_specify_multibyte_character_name): 200 GET http://10.180.1.21/compute/v2.1/servers/8dfc1050-3c8f-43fc-b51a-c7b5d3c875ce 0.287s
2025-12-01 10:47:33.430 61799 INFO tempest.lib.common.rest_client [req-36d40904-0c62-46a8-a9d0-407c5b1e1374 req-36d40904-0c62-46a8-a9d0-407c5b1e1374 ] Request (ServerDiagnosticsTest:test_get_server_diagnostics): 200 GET http://10.180.1.21/compute/v2.1/servers/c6acb8ba-7877-44c9-a78b-f15fc6d47b28 0.214s
2025-12-01 10:47:33.449 61853 INFO tempest.lib.common.rest_client [req-95f0a997-d606-4161-ad08-92f54a26964a req-95f0a997-d606-4161-ad08-92f54a26964a ] Request (ServerDiagnosticsV248Test:test_get_server_diagnostics): 200 GET http://10.180.1.21/compute/v2.1/servers/63eeeab2-6aa3-49c9-b76b-09cc81f8d269 0.183s
2025-12-01 10:47:33.475 61801 INFO tempest.lib.common.rest_client [req-3ba08c4a-d485-4c43-b9ae-6e5bb1f1f909 req-3ba08c4a-d485-4c43-b9ae-6e5bb1f1f909 ] Request (SecurityGroupsTestJSON:test_list_security_groups_by_server): 200 GET http://10.180.1.21/compute/v2.1/servers/cec56dfe-ec77-4824-8751-43f85b57c6d2 0.163s
2025-12-01 10:47:33.521 61849 INFO tempest.lib.common.rest_client [req-03e8e967-8a82-4bbe-a0b2-040b266d8ae1 req-03e8e967-8a82-4bbe-a0b2-040b266d8ae1 ] Request (VolumesAdminNegativeTest:test_update_attached_volume_with_nonexistent_volume_in_uri): 200 GET http://10.180.1.21/compute/v2.1/servers/e4f4573c-040a-49d6-ba20-e051a265b3e4 0.167s
2025-12-01 10:47:33.543 61859 INFO tempest.lib.common.rest_client [req-83f6e731-8b1c-432a-895d-56c422945ccd req-83f6e731-8b1c-432a-895d-56c422945ccd ] Request (ServerTagsTestJSON:setUpClass): 200 GET http://10.180.1.21/compute/v2.1/servers/e95d1ce4-26b0-496e-8a74-fc0a8ab00d96 0.225s
2025-12-01 10:47:33.566 61841 INFO tempest.lib.common.rest_client [req-d22839e9-3d88-4b28-b04a-a78974568316 req-d22839e9-3d88-4b28-b04a-a78974568316 ] Request (ImagesOneServerNegativeTestJSON:setUpClass): 200 GET http://10.180.1.21/compute/v2.1/servers/966ce8b7-1a10-46f7-b113-e191cdc9a6ea 0.206s
2025-12-01 10:47:33.681 61829 INFO tempest.lib.common.rest_client [req-2848c33e-2526-4bbe-8df7-6dce2c44cd3b req-2848c33e-2526-4bbe-8df7-6dce2c44cd3b ] Request (FloatingIPsAssociationTestJSON:setUpClass): 200 GET http://10.180.1.21/compute/v2.1/servers/48b87f3a-879c-4578-90cf-3e4328299e81 0.093s
2025-12-01 10:47:33.683 61809 INFO tempest.lib.common.rest_client [req-4d958a04-4aef-4a93-ac7e-e051525f117c req-4d958a04-4aef-4a93-ac7e-e051525f117c ] Request (ServerExternalEventsTest:test_create_server_external_events): 200 GET http://10.180.1.21/compute/v2.1/servers/8962f2e6-007f-47be-8c56-bb33c8354287 0.049s
2025-12-01 10:47:33.731 61813 INFO tempest.lib.common.rest_client [req-4204ee99-f6b3-4f45-a0e0-dbf85c4141e7 req-4204ee99-f6b3-4f45-a0e0-dbf85c4141e7 ] Request (ListServerFiltersTestJSON:setUpClass): 200 GET http://10.180.1.21/compute/v2.1/servers/76e1cf2e-74c6-408b-9d9c-cd04d8e2b4c2 0.049s
2025-12-01 10:47:33.782 61851 INFO tempest.lib.common.rest_client [req-719b68a5-c36b-402a-a762-18c28e275e6c req-719b68a5-c36b-402a-a762-18c28e275e6c ] Request (ServersTestMultiNic:test_verify_duplicate_network_nics): 200 GET http://10.180.1.21/compute/v2.1/servers/7a5f2f6a-db7f-410d-96cf-376be4ef6dc5 0.049s
2025-12-01 10:47:33.827 61839 INFO tempest.lib.common.rest_client [req-740a89c4-2426-4193-a2fc-d2dd57d6e379 req-740a89c4-2426-4193-a2fc-d2dd57d6e379 ] Request (ServerRescueTestJSON:setUpClass): 200 GET http://10.180.1.21/compute/v2.1/servers/fb6a424d-c4b0-4913-a4ef-aa361ff25101 0.050s
2025-12-01 10:47:33.880 61833 INFO tempest.lib.common.rest_client [req-2a80898d-3a9a-48c2-a1ba-f2a3c51330c7 req-2a80898d-3a9a-48c2-a1ba-f2a3c51330c7 ] Request (DeleteServersTestJSON:test_delete_active_server): 200 GET http://10.180.1.21/compute/v2.1/servers/497d6954-60e5-4a83-932c-c95de38b6f7b 0.047s
2025-12-01 10:47:33.917 61847 INFO tempest.lib.common.rest_client [req-964cbef1-ec26-4d4a-9e1f-1748745fd466 req-964cbef1-ec26-4d4a-9e1f-1748745fd466 ] Request (AttachInterfacesV270Test:test_create_get_list_interfaces): 200 GET http://10.180.1.21/compute/v2.1/servers/bf561c56-a65d-4bfb-80c0-a68b3bddfdb7 0.131s
2025-12-01 10:47:33.964 61835 INFO tempest.lib.common.rest_client [req-ced6da39-7f66-452a-b712-080a51cdd998 req-ced6da39-7f66-452a-b712-080a51cdd998 ] Request (ServersWithSpecificFlavorTestJSON:test_verify_created_server_ephemeral_disk): 200 GET http://10.180.1.21/compute/v2.1/servers/0a39a01c-4e3f-4031-98a2-2a12c492a2ea 0.088s
2025-12-01 10:47:33.968 61821 INFO tempest.lib.common.rest_client [req-161d130f-adde-40f2-b5b4-38c3f4e3069c req-161d130f-adde-40f2-b5b4-38c3f4e3069c ] Request (ServerDiagnosticsNegativeTest:test_get_server_diagnostics_by_non_admin): 200 GET http://10.180.1.21/compute/v2.1/servers/8926a7b1-989f-4290-8828-1e75efbc0553 0.100s
2025-12-01 10:47:34.060 61823 INFO tempest.lib.common.rest_client [req-6ca65835-c047-4960-acc0-633a073cd603 req-6ca65835-c047-4960-acc0-633a073cd603 ] Request (MigrationsAdminTest:test_list_migrations_in_flavor_resize_situation): 200 GET http://10.180.1.21/compute/v2.1/servers/ded35886-716c-4725-8fc9-cd6dfc04281a 0.104s
2025-12-01 10:47:34.067 61846 INFO tempest.lib.common.rest_client [req-1b19d688-07db-4b61-bfe7-905a9686e57a req-1b19d688-07db-4b61-bfe7-905a9686e57a ] Request (ServersV294TestFqdnHostnames:setUpClass): 200 GET http://10.180.1.21/compute/v2.1/servers/12435283-c350-4d85-be82-1c85e1ea17be 0.099s
2025-12-01 10:47:34.151 61815 INFO tempest.lib.common.rest_client [req-5efc7dfa-5000-450e-8a4b-1435f820b9c7 req-5efc7dfa-5000-450e-8a4b-1435f820b9c7 ] Request (TenantUsagesTestJSON:setUpClass): 200 GET http://10.180.1.21/compute/v2.1/servers/25e22032-2ee7-44df-ae6a-022b5bda9f2c 0.103s
2025-12-01 10:47:34.190 61837 INFO tempest.lib.common.rest_client [req-c251bf8c-710b-4de0-bbc4-9ba781799e35 req-c251bf8c-710b-4de0-bbc4-9ba781799e35 ] Request (DeleteServersAdminTestJSON:test_admin_delete_servers_of_others): 200 GET http://10.180.1.21/compute/v2.1/servers/766812ee-e272-4779-b85d-7fdde876e877 0.094s
2025-12-01 10:47:34.197 61855 INFO tempest.lib.common.rest_client [req-57590309-0690-497e-83a7-eb226e6522c3 req-57590309-0690-497e-83a7-eb226e6522c3 ] Request (ServerDiskConfigTestJSON:test_rebuild_server_with_manual_disk_config): 200 GET http://10.180.1.21/compute/v2.1/servers/29078f8b-7d23-4d10-ab27-88c49ac7fa97 0.053s
2025-12-01 10:47:34.241 61811 INFO tempest.lib.common.rest_client [req-5c81920d-890b-44da-baeb-8576bf68f801 req-5c81920d-890b-44da-baeb-8576bf68f801 ] Request (VolumesAssistedSnapshotsTest:test_volume_assisted_snapshot_create_delete): 200 GET http://10.180.1.21/compute/v2.1/servers/1435e51b-58b8-406f-9def-f9e6e7bffd8a 0.048s
2025-12-01 10:47:34.287 61805 INFO tempest.lib.common.rest_client [req-621075a0-151c-4baa-bcdc-9379dd9347d8 req-621075a0-151c-4baa-bcdc-9379dd9347d8 ] Request (ServersAdminTestJSON:setUpClass): 200 GET http://10.180.1.21/compute/v2.1/servers/0a37f623-f757-4f67-a796-a8e17cfb9496 0.108s
2025-12-01 10:47:34.334 61862 INFO tempest.lib.common.rest_client [req-2da931ca-a644-4f50-ab48-c39f4e935faf req-2da931ca-a644-4f50-ab48-c39f4e935faf ] Request (ServerAddressesNegativeTestJSON:setUpClass): 200 GET http://10.180.1.21/compute/v2.1/servers/82b9c976-583a-46f1-b412-87dd225dba12 0.053s
2025-12-01 10:47:34.388 61817 INFO tempest.lib.common.rest_client [req-e5900839-61a3-465e-969d-bc77c3ee50b5 req-e5900839-61a3-465e-969d-bc77c3ee50b5 ] Request (AttachInterfacesTestJSON:test_create_list_show_delete_interfaces_by_fixed_ip): 200 GET http://10.180.1.21/compute/v2.1/servers/abf366b6-380a-4108-b351-8a2f2cceb018 0.047s
2025-12-01 10:47:34.436 61819 INFO tempest.lib.common.rest_client [req-72d5391e-f388-4590-8fd4-a7c1e3a5b16c req-72d5391e-f388-4590-8fd4-a7c1e3a5b16c ] Request (ServerActionsTestOtherA:setUpClass): 200 GET http://10.180.1.21/compute/v2.1/servers/9f25c9d9-4936-4773-8fc3-bf52648752be 0.046s
2025-12-01 10:47:34.454 61807 INFO tempest.lib.common.rest_client [req-de8bd6be-3033-4d6b-a9d1-0200cca6ae8f req-de8bd6be-3033-4d6b-a9d1-0200cca6ae8f ] Request (ServersTestBootFromVolume:setUpClass): 200 GET http://10.180.1.21/compute/v2.1/servers/243873bb-c6d0-4212-8bc6-5512044b9025 0.222s
