2025-12-01 12:11:49.800 62218 INFO tempest.lib.common.rest_client [req-7cf62ec0-cc60-4107-9edd-897dcdf653d8 req-7cf62ec0-cc60-4107-9edd-897dcdf653d8 ] Request (HostsAdminNegativeTestJSON:tearDownClass): 200 GET http://10.180.1.21:9696/networking/v2.0/security-groups?tenant_id=717e166de82b40f3ab636c2f65f3eee2&name=default 0.352s
2025-12-01 12:11:49.881 62244 INFO tempest.lib.common.rest_client [req-ccaed962-a810-4a64-b648-2faa8f29b57a req-ccaed962-a810-4a64-b648-2faa8f29b57a ] Request (ServerExternalEventsTest:test_create_server_external_events): 200 GET http://10.180.1.21/compute/v2.1/servers/dc6c9cb6-419f-4122-8351-0c517fb8616d 2.121s
2025-12-01 12:11:49.930 62206 INFO tempest.lib.common.rest_client [req-61e80315-42f4-4b63-bacf-8ff50c73631e req-61e80315-42f4-4b63-bacf-8ff50c73631e ] Request (FloatingIPDetailsTestJSON:test_get_floating_ip_details): 200 GET http://10.180.1.21/compute/v2.1/os-floating-ips/da178f06-3d5b-433a-be43-7023e068d6f3 1.880s
2025-12-01 12:11:49.976 62232 INFO tempest.lib.common.rest_client [req-c987edfd-a66b-4aed-a22b-73c47bab2cae req-c987edfd-a66b-4aed-a22b-73c47bab2cae ] Request (MultipleCreateTestJSON:test_multiple_create): 200 GET http://10.180.1.21/compute/v2.1/servers/0aa340f7-a219-47f5-9d7d-dd4062643cf7 1.792s
2025-12-01 12:11:50.118 62218 INFO tempest.lib.common.rest_client [req-53667e1f-cbca-44df-a24e-93050fda2e6d req-53667e1f-cbca-44df-a24e-93050fda2e6d ] Request (HostsAdminNegativeTestJSON:tearDownClass): 204 DELETE http://10.180.1.21:9696/networking/v2.0/security-groups/2a816569-6a16-4a66-b577-750336929928 0.317s
2025-12-01 12:11:50.183 62248 INFO tempest.lib.common.rest_client [req-9b15bf76-354c-4bd5-a2ae-351bc21cf8cf req-9b15bf76-354c-4bd5-a2ae-351bc21cf8cf ] Request (QuotasAdminTestJSON:test_get_updated_quotas): 200 PUT http://10.180.1.21/compute/v2.1/os-quota-sets/43faa1f6187449d7ae6b72216251a4c3?user_id=e53fd937c36d467b9c6e043bb0bea16e 1.979s
2025-12-01 12:11:50.185 62224 INFO tempest.lib.common.rest_client [req-56609134-5ca3-4403-bc54-6481e5e174a7 req-56609134-5ca3-4403-bc54-6481e5e174a7 ] Request (TenantUsagesTestJSON:setUpClass): 200 GET http://10.180.1.21/compute/v2.1/servers/1a7d5a5f-c5b1-40d2-828b-090fb8e76e3d 1.553s
2025-12-01 12:11:50.217 62218 INFO tempest.lib.common.rest_client [req-e61a4c6c-5e3d-411e-8d82-7235c2b54e1e req-e61a4c6c-5e3d-411e-8d82-7235c2b54e1e ] Request (HostsAdminNegativeTestJSON:tearDownClass): 204 DELETE http://10.180.1.21/identity/v3/projects/717e166de82b40f3ab636c2f65f3eee2 0.098s
2025-12-01 12:11:50.217 62218 INFO tempest.lib.common.dynamic_creds [-] Deleting project and security group for project: 0ebc0b5d8f8a4872822348a18eeb4fa3
2025-12-01 12:11:50.303 62214 INFO tempest.lib.common.rest_client [req-c5259a53-d3cf-468d-be5b-a69cb97745e0 req-c5259a53-d3cf-468d-be5b-a69cb97745e0 ] Request (ServersV294TestFqdnHostnames:setUpClass): 200 GET http://10.180.1.21/compute/v2.1/servers/6996289c-f881-4733-8943-98e3633e43ca 1.525s
2025-12-01 12:11:50.348 62208 INFO tempest.lib.common.rest_client [req-9f0a36cf-4988-487e-9721-9e6cff6494c2 req-9f0a36cf-4988-487e-9721-9e6cff6494c2 ] Request (ServerActionsV293TestJSON:setUpClass): 200 GET http://10.180.1.21/volume/v3/f0e493b195cf43e98927df838ade7b5f/volumes/2feafe78-8c3b-4c20-84d1-bd6c69b5e17b 0.048s
2025-12-01 12:11:50.458 62218 INFO tempest.lib.common.rest_client [req-0d91ce35-bd14-4991-85fa-43d185be7bb5 req-0d91ce35-bd14-4991-85fa-43d185be7bb5 ] Request (HostsAdminNegativeTestJSON:tearDownClass): 200 GET http://10.180.1.21:9696/networking/v2.0/security-groups?tenant_id=0ebc0b5d8f8a4872822348a18eeb4fa3&name=default 0.241s
2025-12-01 12:11:50.621 62216 INFO tempest.lib.common.rest_client [req-42ea0631-254d-4c21-9e80-c49a47af992e req-42ea0631-254d-4c21-9e80-c49a47af992e ] Request (SecurityGroupRulesTestJSON:test_security_group_rules_create_with_optional_cidr): 200 POST http://10.180.1.21/compute/v2.1/os-security-group-rules 1.548s
2025-12-01 12:11:50.874 62200 INFO tempest.lib.common.rest_client [req-eb259f98-7536-4b8f-9856-26d98eca18c9 req-eb259f98-7536-4b8f-9856-26d98eca18c9 ] Request (ServerDiagnosticsTest:test_get_server_diagnostics): 200 GET http://10.180.1.21/compute/v2.1/servers/495acb0f-5b45-457e-9218-db57a3612289 1.733s
2025-12-01 12:11:50.933 62218 INFO tempest.lib.common.rest_client [req-bb635615-e982-41fe-9f8c-5cafd9473895 req-bb635615-e982-41fe-9f8c-5cafd9473895 ] Request (HostsAdminNegativeTestJSON:tearDownClass): 204 DELETE http://10.180.1.21:9696/networking/v2.0/security-groups/505bd660-4b6c-4fd6-9fb8-2a10f1584587 0.474s
2025-12-01 12:11:50.939 62226 INFO tempest.lib.common.rest_client [req-592bede0-2d97-4bc6-a6df-6bac8c92759a req-592bede0-2d97-4bc6-a6df-6bac8c92759a ] Request (ServerDiagnosticsV248Test:test_get_server_diagnostics): 200 GET http://10.180.1.21/compute/v2.1/servers/06028841-b941-4352-b5c1-fa71cc87a4a7 1.753s
2025-12-01 12:11:51.071 62218 INFO tempest.lib.common.rest_client [req-65ba240d-33ba-4226-b37c-e46b2db3c39d req-65ba240d-33ba-4226-b37c-e46b2db3c39d ] Request (HostsAdminNegativeTestJSON:tearDownClass): 204 DELETE http://10.180.1.21/identity/v3/projects/0ebc0b5d8f8a4872822348a18eeb4fa3 0.138s
2025-12-01 12:11:51.072 62218 INFO tempest.test [-] raised in LiveMigrationWithoutHostTest.setUpClass. Invoking tearDownClass.
2025-12-01 12:11:51.153 62252 INFO tempest.lib.common.rest_client [req-ca4c30ca-3006-495f-b185-d053d6807416 req-ca4c30ca-3006-495f-b185-d053d6807416 ] Request (AttachInterfacesTestJSON:test_create_list_show_delete_interfaces_by_fixed_ip): 200 GET http://10.180.1.21/compute/v2.1/servers/cfc08011-0291-450a-96eb-c4f8002e07e5 1.963s
2025-12-01 12:11:51.164 62218 INFO tempest.lib.common.rest_client [req-f8dcc5e5-628e-4b84-b865-664b1305cf57 req-f8dcc5e5-628e-4b84-b865-664b1305cf57 ] Request (ServerRescueTestJSON:setUpClass): 201 POST http://10.180.1.21/identity/v3/auth/tokens 0.087s
2025-12-01 12:11:51.201 62218 INFO tempest.lib.common.rest_client [req-a7e14d7b-59ab-44e6-986f-3d20a36a687d req-a7e14d7b-59ab-44e6-986f-3d20a36a687d ] Request (ServerRescueTestJSON:setUpClass): 201 POST http://10.180.1.21/identity/v3/auth/tokens 0.033s
2025-12-01 12:11:51.212 62222 INFO tempest.lib.common.rest_client [req-c14f6967-62ce-4db5-b097-549c0ef2884b req-c14f6967-62ce-4db5-b097-549c0ef2884b ] Request (FloatingIPsNegativeTestJSON:setUpClass): 200 PUT http://10.180.1.21:9696/networking/v2.0/routers/086ad7f7-7e6c-4903-84b7-daf2f778c582/add_router_interface 2.402s
2025-12-01 12:11:51.212 62222 INFO tempest.lib.common.dynamic_creds [-] Created isolated network resources for: credentials: Credentials: {'domain_id': 'default', 'domain_name': 'Default', 'username': 'tempest-FloatingIPsNegativeTestJSON-2081457412-project-member', 'project_domain_id': 'default', 'project_domain_name': 'Default', 'project_id': '95db919a68944be28f3badc0e4bde4c6', 'project_name': 'tempest-FloatingIPsNegativeTestJSON-2081457412', 'tenant_id': '95db919a68944be28f3badc0e4bde4c6', 'tenant_name': 'tempest-FloatingIPsNegativeTestJSON-2081457412', 'user_domain_id': 'default', 'user_domain_name': 'Default', 'user_id': 'c300560526ff4dcc998f5a806832098f', 'system': None}, Network: {'id': 'aa66ce05-0500-4c74-a559-782da38a6a55', 'name': 'tempest-FloatingIPsNegativeTestJSON-1935723215-network', 'tenant_id': '95db919a68944be28f3badc0e4bde4c6', 'admin_state_up': True, 'mtu': 8950, 'status': 'ACTIVE', 'subnets': [], 'shared': False, 'project_id': '95db919a68944be28f3badc0e4bde4c6', 'port_security_enabled': True, 'router:external': False, 'provider:network_type': 'vlan', 'provider:physical_network': 'default', 'provider:segmentation_id': 790, 'is_default': False, 'availability_zone_hints': [], 'availability_zones': [], 'ipv4_address_scope': None, 'ipv6_address_scope': None, 'description': '', 'tags': [], 'created_at': '2025-12-01T12:11:46Z', 'updated_at': '2025-12-01T12:11:46Z', 'revision_number': 1}, Subnet: {'id': '1251ca66-033e-4041-9c83-7c8b4595d486', 'name': 'tempest-FloatingIPsNegativeTestJSON-1935723215-subnet', 'tenant_id': '95db919a68944be28f3badc0e4bde4c6', 'network_id': 'aa66ce05-0500-4c74-a559-782da38a6a55', 'ip_version': 4, 'subnetpool_id': None, 'enable_dhcp': True, 'ipv6_ra_mode': None, 'ipv6_address_mode': None, 'gateway_ip': '192.168.128.1', 'cidr': '192.168.128.0/28', 'allocation_pools': [{'start': '192.168.128.2', 'end': '192.168.128.14'}], 'host_routes': [], 'dns_nameservers': [], 'description': '', 'service_types': [], 'tags': [], 'created_at': '2025-12-01T12:11:46Z', 'updated_at': '2025-12-01T12:11:46Z', 'revision_number': 0, 'project_id': '95db919a68944be28f3badc0e4bde4c6'}, Router: {'id': '086ad7f7-7e6c-4903-84b7-daf2f778c582', 'name': 'tempest-FloatingIPsNegativeTestJSON-1935723215-router', 'tenant_id': '95db919a68944be28f3badc0e4bde4c6', 'admin_state_up': True, 'status': 'ACTIVE', 'external_gateway_info': {'network_id': 'a820131a-da8f-4661-894b-24ed6e07181d', 'external_fixed_ips': [{'subnet_id': '0a0ff1ee-17ea-48ba-bb7a-7e6681f262a4', 'ip_address': '10.180.180.211'}], 'enable_snat': True}, 'description': '', 'availability_zones': [], 'distributed': False, 'ha': False, 'availability_zone_hints': [], 'routes': [], 'flavor_id': None, 'tags': [], 'created_at': '2025-12-01T12:11:47Z', 'updated_at': '2025-12-01T12:11:48Z', 'revision_number': 2, 'project_id': '95db919a68944be28f3badc0e4bde4c6'}
2025-12-01 12:11:51.220 62218 INFO tempest.lib.common.rest_client [req-f0b0e559-c610-45ec-9722-e79503f31b50 req-f0b0e559-c610-45ec-9722-e79503f31b50 ] Request (ServerRescueTestJSON:setUpClass): 200 GET http://10.180.1.21/identity/v3/domains?name=Default 0.019s
2025-12-01 12:11:51.256 62198 INFO tempest.lib.common.rest_client [req-3508a39a-041f-48e0-83a1-5664f0146d4a req-3508a39a-041f-48e0-83a1-5664f0146d4a ] Request (SecurityGroupRulesNegativeTestJSON:setUpClass): 200 PUT http://10.180.1.21:9696/networking/v2.0/routers/344f06de-0900-4ece-acff-63e1cbc15e88/add_router_interface 1.911s
2025-12-01 12:11:51.256 62198 INFO tempest.lib.common.dynamic_creds [-] Created isolated network resources for: credentials: Credentials: {'domain_id': 'default', 'domain_name': 'Default', 'username': 'tempest-SecurityGroupRulesNegativeTestJSON-1635376653-project-member', 'project_domain_id': 'default', 'project_domain_name': 'Default', 'project_id': '5b52711704ad426287d963f908f65c61', 'project_name': 'tempest-SecurityGroupRulesNegativeTestJSON-1635376653', 'tenant_id': '5b52711704ad426287d963f908f65c61', 'tenant_name': 'tempest-SecurityGroupRulesNegativeTestJSON-1635376653', 'user_domain_id': 'default', 'user_domain_name': 'Default', 'user_id': '331b22a6f98b465aa9df3426263bf6f1', 'system': None}, Network: {'id': 'd5707597-7aa4-44e8-a31a-1753bdef675b', 'name': 'tempest-SecurityGroupRulesNegativeTestJSON-768247680-network', 'tenant_id': '5b52711704ad426287d963f908f65c61', 'admin_state_up': True, 'mtu': 8950, 'status': 'ACTIVE', 'subnets': [], 'shared': False, 'project_id': '5b52711704ad426287d963f908f65c61', 'port_security_enabled': True, 'router:external': False, 'provider:network_type': 'vlan', 'provider:physical_network': 'default', 'provider:segmentation_id': 991, 'is_default': False, 'availability_zone_hints': [], 'availability_zones': [], 'ipv4_address_scope': None, 'ipv6_address_scope': None, 'description': '', 'tags': [], 'created_at': '2025-12-01T12:11:46Z', 'updated_at': '2025-12-01T12:11:46Z', 'revision_number': 1}, Subnet: {'id': '1d5e19aa-3b8b-47de-a7cf-cfc3876e6355', 'name': 'tempest-SecurityGroupRulesNegativeTestJSON-768247680-subnet', 'tenant_id': '5b52711704ad426287d963f908f65c61', 'network_id': 'd5707597-7aa4-44e8-a31a-1753bdef675b', 'ip_version': 4, 'subnetpool_id': None, 'enable_dhcp': True, 'ipv6_ra_mode': None, 'ipv6_address_mode': None, 'gateway_ip': '192.168.128.1', 'cidr': '192.168.128.0/28', 'allocation_pools': [{'start': '192.168.128.2', 'end': '192.168.128.14'}], 'host_routes': [], 'dns_nameservers': [], 'description': '', 'service_types': [], 'tags': [], 'created_at': '2025-12-01T12:11:46Z', 'updated_at': '2025-12-01T12:11:46Z', 'revision_number': 0, 'project_id': '5b52711704ad426287d963f908f65c61'}, Router: {'id': '344f06de-0900-4ece-acff-63e1cbc15e88', 'name': 'tempest-SecurityGroupRulesNegativeTestJSON-768247680-router', 'tenant_id': '5b52711704ad426287d963f908f65c61', 'admin_state_up': True, 'status': 'ACTIVE', 'external_gateway_info': {'network_id': 'a820131a-da8f-4661-894b-24ed6e07181d', 'external_fixed_ips': [{'subnet_id': '0a0ff1ee-17ea-48ba-bb7a-7e6681f262a4', 'ip_address': '10.180.180.164'}], 'enable_snat': True}, 'description': '', 'availability_zones': [], 'distributed': False, 'ha': False, 'availability_zone_hints': [], 'routes': [], 'flavor_id': None, 'tags': [], 'created_at': '2025-12-01T12:11:47Z', 'updated_at': '2025-12-01T12:11:48Z', 'revision_number': 2, 'project_id': '5b52711704ad426287d963f908f65c61'}
2025-12-01 12:11:51.273 62250 INFO tempest.lib.common.rest_client [req-5534e9bf-049c-4fb6-a71d-c79308fe60f6 req-5534e9bf-049c-4fb6-a71d-c79308fe60f6 ] Request (ImagesNegativeTestJSON:test_create_image_from_deleted_server): 202 POST http://10.180.1.21/compute/v2.1/servers 2.207s
2025-12-01 12:11:51.326 62222 INFO tempest.lib.common.rest_client [req-a376e551-9c7d-41d8-8edb-c3fd462664c8 req-a376e551-9c7d-41d8-8edb-c3fd462664c8 ] Request (FloatingIPsNegativeTestJSON:setUpClass): 201 POST http://10.180.1.21/identity/v3/auth/tokens 0.109s
2025-12-01 12:11:51.337 62196 INFO tempest.lib.common.rest_client [req-f6edf668-0127-411f-b193-39295c5f7544 req-f6edf668-0127-411f-b193-39295c5f7544 ] Request (FlavorsAccessNegativeTestJSON:_run_cleanups): 200 POST http://10.180.1.21/compute/v2.1/flavors/585877216/action 2.141s
2025-12-01 12:11:51.352 62218 INFO tempest.lib.common.rest_client [req-32e1e5db-d170-4bf5-a73e-43c632f40f90 req-32e1e5db-d170-4bf5-a73e-43c632f40f90 ] Request (ServerRescueTestJSON:setUpClass): 201 POST http://10.180.1.21/identity/v3/projects 0.131s
2025-12-01 12:11:51.375 62238 INFO tempest.lib.common.rest_client [req-e7323b5d-7cd0-496f-b01c-47b7f91d6eff req-e7323b5d-7cd0-496f-b01c-47b7f91d6eff ] Request (ListServersNegativeTestJSON:setUpClass): 200 GET http://10.180.1.21/compute/v2.1/servers/09098197-59d7-4e14-b76c-8366a1ea5fd6 2.133s
2025-12-01 12:11:51.402 62208 INFO tempest.lib.common.rest_client [req-ca2a180e-36c2-48a9-a373-daf56fa9c7a8 req-ca2a180e-36c2-48a9-a373-daf56fa9c7a8 ] Request (ServerActionsV293TestJSON:setUpClass): 200 GET http://10.180.1.21/volume/v3/f0e493b195cf43e98927df838ade7b5f/volumes/2feafe78-8c3b-4c20-84d1-bd6c69b5e17b 0.046s
2025-12-01 12:11:51.415 62198 INFO tempest.lib.common.rest_client [req-e20d78bd-9357-4d08-8d6d-dbe93c6f0bf6 req-e20d78bd-9357-4d08-8d6d-dbe93c6f0bf6 ] Request (SecurityGroupRulesNegativeTestJSON:setUpClass): 201 POST http://10.180.1.21/identity/v3/auth/tokens 0.153s
2025-12-01 12:11:51.429 62210 INFO tempest.lib.common.rest_client [req-3bd846b8-ce87-40cd-b785-4fbf27b05b1d req-3bd846b8-ce87-40cd-b785-4fbf27b05b1d ] Request (ImagesOneServerNegativeTestJSON:setUpClass): 200 GET http://10.180.1.21/compute/v2.1/servers/b241f341-8413-4f6f-b054-d9209640d652 2.178s
2025-12-01 12:11:51.481 62218 INFO tempest.lib.common.rest_client [req-6a8f0060-c3eb-4b5f-8c2a-256401a776f5 req-6a8f0060-c3eb-4b5f-8c2a-256401a776f5 ] Request (ServerRescueTestJSON:setUpClass): 201 POST http://10.180.1.21/identity/v3/users 0.129s
2025-12-01 12:11:51.500 62202 INFO tempest.lib.common.rest_client [req-d9e90fa3-f9c4-415b-b12a-d0d54372d3fa req-d9e90fa3-f9c4-415b-b12a-d0d54372d3fa ] Request (ServersAdmin275Test:test_rebuild_update_server_275): 200 GET http://10.180.1.21/compute/v2.1/servers/b9782756-27e1-46fc-940f-069cfb9ab9f9 1.954s
2025-12-01 12:11:51.512 62218 INFO tempest.lib.common.rest_client [req-44e7602f-b3bc-489a-a761-b7a4e129c3e2 req-44e7602f-b3bc-489a-a761-b7a4e129c3e2 ] Request (ServerRescueTestJSON:setUpClass): 200 GET http://10.180.1.21/identity/v3/roles 0.029s
2025-12-01 12:11:51.538 62240 INFO tempest.lib.common.rest_client [req-8f8b149c-17b0-43ff-9cba-2301ed29cf3d req-8f8b149c-17b0-43ff-9cba-2301ed29cf3d ] Request (KeyPairsNegativeTestJSON:test_create_keypair_with_duplicate_name): 200 POST http://10.180.1.21/compute/v2.1/os-keypairs 1.901s
2025-12-01 12:11:51.542 62220 INFO tempest.lib.common.rest_client [req-cbd7178a-761d-4990-a080-a0ba4af2c086 req-cbd7178a-761d-4990-a080-a0ba4af2c086 ] Request (MigrationsAdminTest:test_list_migrations_in_flavor_resize_situation): 200 GET http://10.180.1.21/compute/v2.1/servers/a6e6f30d-c667-4f70-bf60-596a8fe97188 2.081s
2025-12-01 12:11:51.548 62218 INFO tempest.lib.common.rest_client [req-ade6d758-5272-4878-bcfa-ea6444a21834 req-ade6d758-5272-4878-bcfa-ea6444a21834 ] Request (ServerRescueTestJSON:setUpClass): 204 PUT http://10.180.1.21/identity/v3/projects/5481169540de4205a1ff7731132eb3a7/users/36c2e4a60886470daa9fdc82fe85b591/roles/1a5159e1bb374e61874d754f8c6a839e 0.035s
2025-12-01 12:11:51.548 62218 INFO tempest.lib.common.dynamic_creds [-] Dynamic test user 36c2e4a60886470daa9fdc82fe85b591 is created with scope project and roles: ['member']
2025-12-01 12:11:51.548 62218 INFO tempest.lib.common.dynamic_creds [-] Acquired dynamic creds: credentials: Credentials: {'domain_id': 'default', 'domain_name': 'Default', 'username': 'tempest-ServerRescueTestJSON-985981031-project-member', 'project_domain_id': 'default', 'project_domain_name': 'Default', 'project_id': '5481169540de4205a1ff7731132eb3a7', 'project_name': 'tempest-ServerRescueTestJSON-985981031', 'tenant_id': '5481169540de4205a1ff7731132eb3a7', 'tenant_name': 'tempest-ServerRescueTestJSON-985981031', 'user_domain_id': 'default', 'user_domain_name': 'Default', 'user_id': '36c2e4a60886470daa9fdc82fe85b591', 'system': None}, Network: None, Subnet: None, Router: None
2025-12-01 12:11:51.580 62254 INFO tempest.lib.common.rest_client [req-678a1360-8588-4bfb-8e0b-83742c32fa9a req-678a1360-8588-4bfb-8e0b-83742c32fa9a ] Request (HypervisorAdminNegativeTestJSON:test_show_hypervisor_with_non_admin_user): 200 GET http://10.180.1.21/compute/v2.1/os-hypervisors 1.909s
2025-12-01 12:11:51.611 62228 INFO tempest.lib.common.rest_client [req-ce3ceb98-66e2-43d3-95c9-4f5494cdaa1e req-ce3ceb98-66e2-43d3-95c9-4f5494cdaa1e ] Request (AggregatesAdminNegativeTestJSON:test_aggregate_delete_as_user): 200 POST http://10.180.1.21/compute/v2.1/os-aggregates 1.912s
2025-12-01 12:11:51.643 62218 INFO tempest.lib.common.rest_client [req-16b476e7-953f-457c-80cd-7603141734c0 req-16b476e7-953f-457c-80cd-7603141734c0 ] Request (ServerRescueTestJSON:setUpClass): 201 POST http://10.180.1.21/identity/v3/auth/tokens 0.095s
2025-12-01 12:11:51.704 62212 INFO tempest.lib.common.rest_client [req-502f940f-3178-4a92-ab7b-f24287533ceb req-502f940f-3178-4a92-ab7b-f24287533ceb ] Request (ImagesOneServerTestJSON:setUpClass): 200 GET http://10.180.1.21/compute/v2.1/servers/6ba9719c-3689-4db6-8ab2-441dc52c7bfd 2.042s
2025-12-01 12:11:51.916 62248 INFO tempest.lib.common.rest_client [req-6a540a12-706c-4c52-912c-7b50b6905cf5 req-6a540a12-706c-4c52-912c-7b50b6905cf5 ] Request (QuotasAdminTestJSON:test_get_updated_quotas): 200 GET http://10.180.1.21/compute/v2.1/os-quota-sets/43faa1f6187449d7ae6b72216251a4c3?user_id=e53fd937c36d467b9c6e043bb0bea16e 1.729s
2025-12-01 12:11:51.916 62218 INFO tempest.lib.common.rest_client [req-b760acd7-4dfc-4f08-8ede-2680f7aae475 req-b760acd7-4dfc-4f08-8ede-2680f7aae475 ] Request (ServerRescueTestJSON:setUpClass): 201 POST http://10.180.1.21:9696/networking/v2.0/networks 0.273s
2025-12-01 12:11:52.052 62248 INFO tempest.lib.common.rest_client [req-454d434e-1388-4d38-8753-9fa054bc88a2 req-454d434e-1388-4d38-8753-9fa054bc88a2 ] Request (QuotasAdminTestJSON:_run_cleanups): 204 DELETE http://10.180.1.21/identity/v3/users/e53fd937c36d467b9c6e043bb0bea16e 0.133s
2025-12-01 12:11:52.093 62204 INFO tempest.lib.common.rest_client [req-6a5bb7f0-873c-4483-ab80-9958b65f6f54 req-6a5bb7f0-873c-4483-ab80-9958b65f6f54 ] Request (ServerDiagnosticsNegativeTest:test_get_server_diagnostics_by_non_admin): 200 GET http://10.180.1.21/compute/v2.1/servers/53921884-f617-4020-b779-650becf89a58 1.728s
2025-12-01 12:11:52.234 62248 INFO tempest.lib.common.rest_client [req-6936cdea-e5f1-4d84-bb8b-63e29952dd1a req-6936cdea-e5f1-4d84-bb8b-63e29952dd1a ] Request (QuotasAdminTestJSON:_run_cleanups): 204 DELETE http://10.180.1.21/identity/v3/projects/43faa1f6187449d7ae6b72216251a4c3 0.181s
2025-12-01 12:11:52.261 62246 INFO tempest.lib.common.rest_client [req-301f5871-301f-47cd-bec8-10a9a80c713f req-301f5871-301f-47cd-bec8-10a9a80c713f ] Request (ImagesTestJSON:test_create_image_from_stopped_server): 200 GET http://10.180.1.21/compute/v2.1/servers/d0df932e-822b-4c60-a588-445aa2f14cdb 1.764s
2025-12-01 12:11:52.296 62206 INFO tempest.lib.common.rest_client [req-893893b9-b0dc-4a39-993b-7de48d02b0ce req-893893b9-b0dc-4a39-993b-7de48d02b0ce ] Request (FloatingIPDetailsTestJSON:_run_cleanups): 202 DELETE http://10.180.1.21/compute/v2.1/os-floating-ips/da178f06-3d5b-433a-be43-7023e068d6f3 2.364s
2025-12-01 12:11:52.313 62218 INFO tempest.lib.common.rest_client [req-02f03207-9c6c-46a4-9c91-4f67119f78b0 req-02f03207-9c6c-46a4-9c91-4f67119f78b0 ] Request (ServerRescueTestJSON:setUpClass): 201 POST http://10.180.1.21:9696/networking/v2.0/subnets 0.396s
2025-12-01 12:11:52.363 62194 INFO tempest.lib.common.rest_client [req-0dc1a6d6-6540-4138-8fba-d75a17c8829a req-0dc1a6d6-6540-4138-8fba-d75a17c8829a ] Request (ServersAdminNegativeTestJSON:setUpClass): 200 GET http://10.180.1.21/compute/v2.1/servers/968692bd-12ae-46aa-b1de-5cd312f436ee 1.776s
2025-12-01 12:11:52.447 62236 INFO tempest.lib.common.rest_client [req-fd822c72-c4b3-460e-8c63-b9d1e594bb2d req-fd822c72-c4b3-460e-8c63-b9d1e594bb2d ] Request (FloatingIPsAssociationTestJSON:setUpClass): 200 GET http://10.180.1.21/compute/v2.1/servers/667f56c0-896f-4e25-9e8a-3954f7733dc0 1.864s
2025-12-01 12:11:52.455 62208 INFO tempest.lib.common.rest_client [req-fef4373a-eae7-41e5-a6d6-3f550904808c req-fef4373a-eae7-41e5-a6d6-3f550904808c ] Request (ServerActionsV293TestJSON:setUpClass): 200 GET http://10.180.1.21/volume/v3/f0e493b195cf43e98927df838ade7b5f/volumes/2feafe78-8c3b-4c20-84d1-bd6c69b5e17b 0.040s
2025-12-01 12:11:52.504 62242 INFO tempest.lib.common.rest_client [req-f0e8fbc6-96a7-4157-86b9-c13d4c4fbe0e req-f0e8fbc6-96a7-4157-86b9-c13d4c4fbe0e ] Request (VolumesAssistedSnapshotsTest:test_volume_assisted_snapshot_create_delete): 200 GET http://10.180.1.21/compute/v2.1/servers/295064f0-9677-4287-877a-ef2a33a87fef 1.830s
2025-12-01 12:11:52.558 62230 INFO tempest.lib.common.rest_client [req-37764b63-e0ee-4ddc-a66d-9cb7e006c827 req-37764b63-e0ee-4ddc-a66d-9cb7e006c827 ] Request (ServersWithSpecificFlavorTestJSON:test_verify_created_server_ephemeral_disk): 200 GET http://10.180.1.21/compute/v2.1/servers/511ce01a-0bea-49ba-b0e3-2a006ee88d32 1.782s
2025-12-01 12:11:52.614 62216 INFO tempest.lib.common.rest_client [req-de500448-f26a-4352-ad2d-a1376e0a1ea1 req-de500448-f26a-4352-ad2d-a1376e0a1ea1 ] Request (SecurityGroupRulesTestJSON:test_security_group_rules_create_with_optional_group_id): 200 POST http://10.180.1.21/compute/v2.1/os-security-groups 1.986s
2025-12-01 12:11:52.668 62244 INFO tempest.lib.common.rest_client [req-c9a61e08-3a0f-46ba-bc1c-453830233fac req-c9a61e08-3a0f-46ba-bc1c-453830233fac ] Request (ServerExternalEventsTest:test_create_server_external_events): 200 GET http://10.180.1.21/compute/v2.1/servers/dc6c9cb6-419f-4122-8351-0c517fb8616d 1.775s
2025-12-01 12:11:52.687 62232 INFO tempest.lib.common.rest_client [req-4dfbfe45-1e4b-4151-8a75-1fc5a43bb387 req-4dfbfe45-1e4b-4151-8a75-1fc5a43bb387 ] Request (MultipleCreateTestJSON:test_multiple_create): 200 GET http://10.180.1.21/compute/v2.1/servers/0aa340f7-a219-47f5-9d7d-dd4062643cf7 1.700s
2025-12-01 12:11:52.742 62250 INFO tempest.lib.common.rest_client [req-56cf5202-6a94-4043-81b2-59d1acf66a5a req-56cf5202-6a94-4043-81b2-59d1acf66a5a ] Request (ImagesNegativeTestJSON:test_create_image_from_deleted_server): 200 GET http://10.180.1.21/compute/v2.1/servers/a20846de-721a-4bb9-9826-e7c7ebf170c4 1.467s
2025-12-01 12:11:52.785 62224 INFO tempest.lib.common.rest_client [req-b6234c5b-fea9-4e60-9784-58e2e2697106 req-b6234c5b-fea9-4e60-9784-58e2e2697106 ] Request (TenantUsagesTestJSON:setUpClass): 200 GET http://10.180.1.21/compute/v2.1/servers/1a7d5a5f-c5b1-40d2-828b-090fb8e76e3d 1.588s
2025-12-01 12:11:52.810 62214 INFO tempest.lib.common.rest_client [req-097e836b-8fa4-4149-ac8e-6dd2a11dc0e6 req-097e836b-8fa4-4149-ac8e-6dd2a11dc0e6 ] Request (ServersV294TestFqdnHostnames:setUpClass): 200 GET http://10.180.1.21/compute/v2.1/servers/6996289c-f881-4733-8943-98e3633e43ca 1.497s
2025-12-01 12:11:52.831 62196 INFO tempest.lib.common.rest_client [req-409a0d2e-0ed6-44e4-8ad2-892df0e19925 req-409a0d2e-0ed6-44e4-8ad2-892df0e19925 ] Request (FlavorsAccessNegativeTestJSON:_run_cleanups): 202 DELETE http://10.180.1.21/compute/v2.1/flavors/585877216 1.493s
2025-12-01 12:11:52.981 62222 INFO tempest.lib.common.rest_client [req-6f53129a-6893-4756-a297-38c06f7d4eef req-6f53129a-6893-4756-a297-38c06f7d4eef ] Request (FloatingIPsNegativeTestJSON:setUpClass): 200 GET http://10.180.1.21/compute/v2.1/os-floating-ips 1.654s
2025-12-01 12:11:53.040 62240 INFO tempest.lib.common.rest_client [req-7f4c20d7-295a-4e0a-9866-c47659d9fd63 req-7f4c20d7-295a-4e0a-9866-c47659d9fd63 ] Request (KeyPairsNegativeTestJSON:test_create_keypair_with_duplicate_name): 409 POST http://10.180.1.21/compute/v2.1/os-keypairs 1.499s
2025-12-01 12:11:53.046 62254 INFO tempest.lib.common.rest_client [req-3e4bf2a0-a688-4994-bbb3-03e3ad6b60bd req-3e4bf2a0-a688-4994-bbb3-03e3ad6b60bd ] Request (HypervisorAdminNegativeTestJSON:test_show_hypervisor_with_non_admin_user): 403 GET http://10.180.1.21/compute/v2.1/os-hypervisors/1 1.464s
2025-12-01 12:11:53.053 62228 INFO tempest.lib.common.rest_client [req-6dce140e-38e4-46d7-a6b0-0f36de7a0faf req-6dce140e-38e4-46d7-a6b0-0f36de7a0faf ] Request (AggregatesAdminNegativeTestJSON:test_aggregate_delete_as_user): 403 DELETE http://10.180.1.21/compute/v2.1/os-aggregates/5 1.439s
2025-12-01 12:11:53.186 62200 INFO tempest.lib.common.rest_client [req-9ab706f5-d6cc-4b09-bc96-1b389d3ff307 req-9ab706f5-d6cc-4b09-bc96-1b389d3ff307 ] Request (ServerDiagnosticsTest:test_get_server_diagnostics): 200 GET http://10.180.1.21/compute/v2.1/servers/495acb0f-5b45-457e-9218-db57a3612289 1.302s
2025-12-01 12:11:53.242 62226 INFO tempest.lib.common.rest_client [req-1eacf7db-1cfd-4d38-a167-952d59b3e31c req-1eacf7db-1cfd-4d38-a167-952d59b3e31c ] Request (ServerDiagnosticsV248Test:test_get_server_diagnostics): 200 GET http://10.180.1.21/compute/v2.1/servers/06028841-b941-4352-b5c1-fa71cc87a4a7 1.292s
2025-12-01 12:11:53.293 62252 INFO tempest.lib.common.rest_client [req-bb810d5f-5401-4c98-b3f9-0b8fcf609545 req-bb810d5f-5401-4c98-b3f9-0b8fcf609545 ] Request (AttachInterfacesTestJSON:test_create_list_show_delete_interfaces_by_fixed_ip): 200 GET http://10.180.1.21/compute/v2.1/servers/cfc08011-0291-450a-96eb-c4f8002e07e5 1.128s
2025-12-01 12:11:53.334 62198 INFO tempest.lib.common.rest_client [req-54ca3c35-d900-4650-a4b5-2fc31b6c6326 req-54ca3c35-d900-4650-a4b5-2fc31b6c6326 ] Request (SecurityGroupRulesNegativeTestJSON:test_create_security_group_rule_duplicate): 200 POST http://10.180.1.21/compute/v2.1/os-security-groups 1.917s
2025-12-01 12:11:53.389 62248 INFO tempest.lib.common.rest_client [req-c8bafd37-9bfe-454f-abaf-889cf07b8556 req-c8bafd37-9bfe-454f-abaf-889cf07b8556 ] Request (QuotasAdminTestJSON:test_update_all_quota_resources_for_tenant): 200 GET http://10.180.1.21/compute/v2.1/os-quota-sets/27961fb19bcb45b5b8e7b942042bb184/defaults 1.153s
2025-12-01 12:11:53.448 62238 INFO tempest.lib.common.rest_client [req-f7dd21c2-3a01-4a48-be46-adc8be43e453 req-f7dd21c2-3a01-4a48-be46-adc8be43e453 ] Request (ListServersNegativeTestJSON:setUpClass): 200 GET http://10.180.1.21/compute/v2.1/servers/09098197-59d7-4e14-b76c-8366a1ea5fd6 1.063s
2025-12-01 12:11:53.493 62208 INFO tempest.lib.common.rest_client [req-435f7050-de3a-4b10-b39f-035216e5e2ef req-435f7050-de3a-4b10-b39f-035216e5e2ef ] Request (ServerActionsV293TestJSON:setUpClass): 200 GET http://10.180.1.21/volume/v3/f0e493b195cf43e98927df838ade7b5f/volumes/2feafe78-8c3b-4c20-84d1-bd6c69b5e17b 0.030s
2025-12-01 12:11:53.503 62210 INFO tempest.lib.common.rest_client [req-f442044b-d09b-4328-8adb-1167f0b154d2 req-f442044b-d09b-4328-8adb-1167f0b154d2 ] Request (ImagesOneServerNegativeTestJSON:setUpClass): 200 GET http://10.180.1.21/compute/v2.1/servers/b241f341-8413-4f6f-b054-d9209640d652 1.067s
2025-12-01 12:11:53.510 62206 INFO tempest.lib.common.rest_client [req-19832220-972a-4e6d-bc4d-2a36ff250ce6 req-19832220-972a-4e6d-bc4d-2a36ff250ce6 ] Request (FloatingIPDetailsTestJSON:test_list_floating_ips): 200 GET http://10.180.1.21/compute/v2.1/os-floating-ips 1.213s
2025-12-01 12:11:53.564 62202 INFO tempest.lib.common.rest_client [req-c9182c41-dc0e-4da1-a2cc-29b00a71c2ec req-c9182c41-dc0e-4da1-a2cc-29b00a71c2ec ] Request (ServersAdmin275Test:test_rebuild_update_server_275): 200 GET http://10.180.1.21/compute/v2.1/servers/b9782756-27e1-46fc-940f-069cfb9ab9f9 1.053s
2025-12-01 12:11:53.668 62216 INFO tempest.lib.common.rest_client [req-b7208060-3087-442a-aa1f-3fce6e66f649 req-b7208060-3087-442a-aa1f-3fce6e66f649 ] Request (SecurityGroupRulesTestJSON:test_security_group_rules_create_with_optional_group_id): 200 POST http://10.180.1.21/compute/v2.1/os-security-groups 1.051s
2025-12-01 12:11:53.736 62220 INFO tempest.lib.common.rest_client [req-9241457d-f265-4e77-84e3-b776baca3804 req-9241457d-f265-4e77-84e3-b776baca3804 ] Request (MigrationsAdminTest:test_list_migrations_in_flavor_resize_situation): 200 GET http://10.180.1.21/compute/v2.1/servers/a6e6f30d-c667-4f70-bf60-596a8fe97188 1.183s
2025-12-01 12:11:53.741 62218 INFO tempest.lib.common.rest_client [req-9d09477d-4ffb-46be-bf83-23beec6635dd req-9d09477d-4ffb-46be-bf83-23beec6635dd ] Request (ServerRescueTestJSON:setUpClass): 201 POST http://10.180.1.21:9696/networking/v2.0/routers 1.427s
2025-12-01 12:11:53.753 62196 INFO tempest.lib.common.rest_client [req-a9dbfb17-3e15-4c19-a7f3-3ae3dd9ebec8 req-a9dbfb17-3e15-4c19-a7f3-3ae3dd9ebec8 ] Request (FlavorsAccessNegativeTestJSON:_run_cleanups): 200 GET http://10.180.1.21/compute/v2.1/flavors/detail 0.921s
2025-12-01 12:11:53.779 62222 INFO tempest.lib.common.rest_client [req-d5f52415-d7e6-4466-88e5-7d6fda4b0a57 req-d5f52415-d7e6-4466-88e5-7d6fda4b0a57 ] Request (FloatingIPsNegativeTestJSON:test_allocate_floating_ip_from_nonexistent_pool): 404 POST http://10.180.1.21/compute/v2.1/os-floating-ips 0.793s
2025-12-01 12:11:53.802 62240 INFO tempest.lib.common.rest_client [req-d9b19643-9646-48b9-a4d4-155d009c5a52 req-d9b19643-9646-48b9-a4d4-155d009c5a52 ] Request (KeyPairsNegativeTestJSON:test_create_keypair_with_duplicate_name): 202 DELETE http://10.180.1.21/compute/v2.1/os-keypairs/tempest-keypair-1082487911 0.761s
2025-12-01 12:11:53.808 62254 INFO tempest.lib.common.rest_client [req-f291fc96-45ed-48bd-a1ff-0eb709a0e422 req-f291fc96-45ed-48bd-a1ff-0eb709a0e422 ] Request (HypervisorAdminNegativeTestJSON:test_show_nonexistent_hypervisor): 404 GET http://10.180.1.21/compute/v2.1/os-hypervisors/6d30f653-405a-4726-b8e3-98e33ab87a20 0.760s
2025-12-01 12:11:53.832 62228 INFO tempest.lib.common.rest_client [req-1acfe2e3-c87d-4862-8dfd-5553a3887653 req-1acfe2e3-c87d-4862-8dfd-5553a3887653 ] Request (AggregatesAdminNegativeTestJSON:_run_cleanups): 200 DELETE http://10.180.1.21/compute/v2.1/os-aggregates/5 0.779s
2025-12-01 12:11:53.902 62212 INFO tempest.lib.common.rest_client [req-ded3a352-3ad3-4200-bb09-c5578f59d71f req-ded3a352-3ad3-4200-bb09-c5578f59d71f ] Request (ImagesOneServerTestJSON:setUpClass): 200 GET http://10.180.1.21/compute/v2.1/servers/6ba9719c-3689-4db6-8ab2-441dc52c7bfd 1.187s
2025-12-01 12:11:53.920 62254 INFO tempest.lib.common.rest_client [req-6d0c18a9-c790-468a-917d-628bf31d1489 req-6d0c18a9-c790-468a-917d-628bf31d1489 ] Request (HypervisorAdminNegativeTestJSON:tearDownClass): 204 DELETE http://10.180.1.21/identity/v3/users/6d3aa22dac2448c4aaa8213eaa1f6cf2 0.107s
2025-12-01 12:11:53.953 62204 INFO tempest.lib.common.rest_client [req-fb84e8bc-190b-478b-9925-235fd0326f5a req-fb84e8bc-190b-478b-9925-235fd0326f5a ] Request (ServerDiagnosticsNegativeTest:test_get_server_diagnostics_by_non_admin): 200 GET http://10.180.1.21/compute/v2.1/servers/53921884-f617-4020-b779-650becf89a58 0.850s
2025-12-01 12:11:54.062 62254 INFO tempest.lib.common.rest_client [req-941f5d74-d600-4a04-8bbf-aeaa9703e8df req-941f5d74-d600-4a04-8bbf-aeaa9703e8df ] Request (HypervisorAdminNegativeTestJSON:tearDownClass): 204 DELETE http://10.180.1.21/identity/v3/users/50ddc40d3cc0433d9a62fc4a7f4609f2 0.142s
2025-12-01 12:11:54.062 62254 INFO tempest.lib.common.dynamic_creds [-] Deleting project and security group for project: 5ab26c475264498db1c163c6749de68f
2025-12-01 12:11:54.090 62246 INFO tempest.lib.common.rest_client [req-9e632cdc-38c6-43d6-98b4-b7b68fea0914 req-9e632cdc-38c6-43d6-98b4-b7b68fea0914 ] Request (ImagesTestJSON:test_create_image_from_stopped_server): 200 GET http://10.180.1.21/compute/v2.1/servers/d0df932e-822b-4c60-a588-445aa2f14cdb 0.817s
2025-12-01 12:11:54.095 62198 INFO tempest.lib.common.rest_client [req-74637c45-81c5-4b59-bbd8-1268320a5970 req-74637c45-81c5-4b59-bbd8-1268320a5970 ] Request (SecurityGroupRulesNegativeTestJSON:test_create_security_group_rule_duplicate): 200 POST http://10.180.1.21/compute/v2.1/os-security-group-rules 0.754s
2025-12-01 12:11:54.145 62254 INFO tempest.lib.common.rest_client [req-1533d277-ca42-49c2-87e1-2c4db1e63db5 req-1533d277-ca42-49c2-87e1-2c4db1e63db5 ] Request (HypervisorAdminNegativeTestJSON:tearDownClass): 201 POST http://10.180.1.21/identity/v3/auth/tokens 0.082s
2025-12-01 12:11:54.174 62194 INFO tempest.lib.common.rest_client [req-14bb5495-96ba-4f0b-9204-08753866aa9f req-14bb5495-96ba-4f0b-9204-08753866aa9f ] Request (ServersAdminNegativeTestJSON:setUpClass): 200 GET http://10.180.1.21/compute/v2.1/servers/968692bd-12ae-46aa-b1de-5cd312f436ee 0.800s
2025-12-01 12:11:54.312 62254 INFO tempest.lib.common.rest_client [req-440e0856-1d7d-4c98-934e-e62b7c379bdd req-440e0856-1d7d-4c98-934e-e62b7c379bdd ] Request (HypervisorAdminNegativeTestJSON:tearDownClass): 200 GET http://10.180.1.21:9696/networking/v2.0/security-groups?tenant_id=5ab26c475264498db1c163c6749de68f&name=default 0.166s
2025-12-01 12:11:54.325 62236 INFO tempest.lib.common.rest_client [req-6c2150ad-5744-4bf3-a3c9-ec52e21b1538 req-6c2150ad-5744-4bf3-a3c9-ec52e21b1538 ] Request (FloatingIPsAssociationTestJSON:setUpClass): 200 GET http://10.180.1.21/compute/v2.1/servers/667f56c0-896f-4e25-9e8a-3954f7733dc0 0.869s
2025-12-01 12:11:54.348 62248 INFO tempest.lib.common.rest_client [req-9841e498-a8fa-49cb-8710-4192dfc6e071 req-9841e498-a8fa-49cb-8710-4192dfc6e071 ] Request (QuotasAdminTestJSON:test_update_all_quota_resources_for_tenant): 200 PUT http://10.180.1.21/compute/v2.1/os-quota-sets/27961fb19bcb45b5b8e7b942042bb184 0.957s
2025-12-01 12:11:54.400 62242 INFO tempest.lib.common.rest_client [req-d00a3d40-50f6-4126-9cb0-dc15d1721c00 req-d00a3d40-50f6-4126-9cb0-dc15d1721c00 ] Request (VolumesAssistedSnapshotsTest:test_volume_assisted_snapshot_create_delete): 200 GET http://10.180.1.21/compute/v2.1/servers/295064f0-9677-4287-877a-ef2a33a87fef 0.889s
2025-12-01 12:11:54.454 62230 INFO tempest.lib.common.rest_client [req-be65cfb0-cd27-47a5-9aa1-842923e4e22c req-be65cfb0-cd27-47a5-9aa1-842923e4e22c ] Request (ServersWithSpecificFlavorTestJSON:test_verify_created_server_ephemeral_disk): 200 GET http://10.180.1.21/compute/v2.1/servers/511ce01a-0bea-49ba-b0e3-2a006ee88d32 0.888s
2025-12-01 12:11:54.466 62254 INFO tempest.lib.common.rest_client [req-84913bda-2112-4638-99f6-f42ead175576 req-84913bda-2112-4638-99f6-f42ead175576 ] Request (HypervisorAdminNegativeTestJSON:tearDownClass): 204 DELETE http://10.180.1.21:9696/networking/v2.0/security-groups/886609cd-3155-481b-a689-435eff774680 0.153s
2025-12-01 12:11:54.539 62254 INFO tempest.lib.common.rest_client [req-795d8cd5-5369-4974-b372-4f4f3c928b41 req-795d8cd5-5369-4974-b372-4f4f3c928b41 ] Request (HypervisorAdminNegativeTestJSON:tearDownClass): 204 DELETE http://10.180.1.21/identity/v3/projects/5ab26c475264498db1c163c6749de68f 0.072s
2025-12-01 12:11:54.539 62254 INFO tempest.lib.common.dynamic_creds [-] Deleting project and security group for project: 2cb9b2b5dc0941a3b4653d223360b838
2025-12-01 12:11:54.540 62208 INFO tempest.lib.common.rest_client [req-67decf07-670f-4f4b-a115-b4e86b81c8e0 req-67decf07-670f-4f4b-a115-b4e86b81c8e0 ] Request (ServerActionsV293TestJSON:setUpClass): 200 GET http://10.180.1.21/volume/v3/f0e493b195cf43e98927df838ade7b5f/volumes/2feafe78-8c3b-4c20-84d1-bd6c69b5e17b 0.030s
2025-12-01 12:11:54.726 62254 INFO tempest.lib.common.rest_client [req-37288cb7-524f-4a86-9d4e-e38357b3f246 req-37288cb7-524f-4a86-9d4e-e38357b3f246 ] Request (HypervisorAdminNegativeTestJSON:tearDownClass): 200 GET http://10.180.1.21:9696/networking/v2.0/security-groups?tenant_id=2cb9b2b5dc0941a3b4653d223360b838&name=default 0.187s
2025-12-01 12:11:54.746 62216 INFO tempest.lib.common.rest_client [req-03c8486a-5064-42a6-894d-b5d15c5866d3 req-03c8486a-5064-42a6-894d-b5d15c5866d3 ] Request (SecurityGroupRulesTestJSON:test_security_group_rules_create_with_optional_group_id): 200 POST http://10.180.1.21/compute/v2.1/os-security-group-rules 1.074s
2025-12-01 12:11:54.897 62206 INFO tempest.lib.common.rest_client [req-bc8b453e-912f-4863-b801-6db278633ced req-bc8b453e-912f-4863-b801-6db278633ced ] Request (FloatingIPDetailsTestJSON:tearDownClass): 202 DELETE http://10.180.1.21/compute/v2.1/os-floating-ips/3e69e39f-902c-4442-9587-f63da513f715 1.383s
2025-12-01 12:11:54.978 62232 INFO tempest.lib.common.rest_client [req-fa2fe8fe-7aaa-4a95-a0c5-891c7cfa718e req-fa2fe8fe-7aaa-4a95-a0c5-891c7cfa718e ] Request (MultipleCreateTestJSON:test_multiple_create): 200 GET http://10.180.1.21/compute/v2.1/servers/0aa340f7-a219-47f5-9d7d-dd4062643cf7 1.282s
2025-12-01 12:11:55.130 62250 INFO tempest.lib.common.rest_client [req-c5bff809-0be4-4143-ae81-5d303b33de85 req-c5bff809-0be4-4143-ae81-5d303b33de85 ] Request (ImagesNegativeTestJSON:test_create_image_from_deleted_server): 200 GET http://10.180.1.21/compute/v2.1/servers/a20846de-721a-4bb9-9826-e7c7ebf170c4 1.381s
2025-12-01 12:11:55.148 62244 INFO tempest.lib.common.rest_client [req-fa93b17a-18f7-4c51-a539-4fb77c985cdc req-fa93b17a-18f7-4c51-a539-4fb77c985cdc ] Request (ServerExternalEventsTest:test_create_server_external_events): 200 GET http://10.180.1.21/compute/v2.1/servers/dc6c9cb6-419f-4122-8351-0c517fb8616d 1.474s
2025-12-01 12:11:55.152 62196 INFO tempest.lib.common.rest_client [req-d90c43c1-ab38-49f9-9cda-deeb05f807bb req-d90c43c1-ab38-49f9-9cda-deeb05f807bb ] Request (FlavorsAccessNegativeTestJSON:test_remove_flavor_access_not_found): 200 POST http://10.180.1.21/compute/v2.1/flavors 1.395s
2025-12-01 12:11:55.189 62222 INFO tempest.lib.common.rest_client [req-549bef83-cb08-4e6f-ab37-56526665a0e3 req-549bef83-cb08-4e6f-ab37-56526665a0e3 ] Request (FloatingIPsNegativeTestJSON:test_delete_nonexistent_floating_ip): 404 DELETE http://10.180.1.21/compute/v2.1/os-floating-ips/27ad97cf-649f-40e5-b3c4-ccb848878440 1.408s
2025-12-01 12:11:55.194 62240 INFO tempest.lib.common.rest_client [req-a4ef9faa-9c00-4f4d-99f5-41abc8e47c69 req-a4ef9faa-9c00-4f4d-99f5-41abc8e47c69 ] Request (KeyPairsNegativeTestJSON:test_create_keypair_with_empty_name_string): 400 POST http://10.180.1.21/compute/v2.1/os-keypairs 1.391s
2025-12-01 12:11:55.256 62254 INFO tempest.lib.common.rest_client [req-9f158957-064f-4809-b7d2-3a7b10851f45 req-9f158957-064f-4809-b7d2-3a7b10851f45 ] Request (HypervisorAdminNegativeTestJSON:tearDownClass): 204 DELETE http://10.180.1.21:9696/networking/v2.0/security-groups/c26b80d0-09e7-4cc4-bad0-734a4e85cb81 0.529s
2025-12-01 12:11:55.276 62224 INFO tempest.lib.common.rest_client [req-3176e71b-bde4-44d1-92ff-79ce0a5cef0d req-3176e71b-bde4-44d1-92ff-79ce0a5cef0d ] Request (TenantUsagesTestJSON:setUpClass): 200 GET http://10.180.1.21/compute/v2.1/servers/1a7d5a5f-c5b1-40d2-828b-090fb8e76e3d 1.483s
2025-12-01 12:11:55.284 62214 INFO tempest.lib.common.rest_client [req-5234042b-5c0f-4b7a-9ea2-acb10f329bd2 req-5234042b-5c0f-4b7a-9ea2-acb10f329bd2 ] Request (ServersV294TestFqdnHostnames:setUpClass): 200 GET http://10.180.1.21/compute/v2.1/servers/6996289c-f881-4733-8943-98e3633e43ca 1.463s
2025-12-01 12:11:55.293 62228 INFO tempest.lib.common.rest_client [req-f5df5a9c-7e55-47ba-9973-fc23ba8098c8 req-f5df5a9c-7e55-47ba-9973-fc23ba8098c8 ] Request (AggregatesAdminNegativeTestJSON:test_aggregate_delete_with_invalid_id): 404 DELETE http://10.180.1.21/compute/v2.1/os-aggregates/-1 1.460s
2025-12-01 12:11:55.350 62198 INFO tempest.lib.common.rest_client [req-925ec165-02d1-45c8-a42e-127667bbea0c req-925ec165-02d1-45c8-a42e-127667bbea0c ] Request (SecurityGroupRulesNegativeTestJSON:test_create_security_group_rule_duplicate): 400 POST http://10.180.1.21/compute/v2.1/os-security-group-rules 1.253s
2025-12-01 12:11:55.402 62254 INFO tempest.lib.common.rest_client [req-d85a435e-81b3-4e16-a0f0-835644b46e9b req-d85a435e-81b3-4e16-a0f0-835644b46e9b ] Request (HypervisorAdminNegativeTestJSON:tearDownClass): 204 DELETE http://10.180.1.21/identity/v3/projects/2cb9b2b5dc0941a3b4653d223360b838 0.145s
2025-12-01 12:11:55.417 62200 INFO tempest.lib.common.rest_client [req-15782372-8ca6-4cdf-a71f-9ed1617e2913 req-15782372-8ca6-4cdf-a71f-9ed1617e2913 ] Request (ServerDiagnosticsTest:test_get_server_diagnostics): 200 GET http://10.180.1.21/compute/v2.1/servers/495acb0f-5b45-457e-9218-db57a3612289 1.225s
2025-12-01 12:11:55.421 62226 INFO tempest.lib.common.rest_client [req-d08abef9-3840-4fc2-8b91-3c1b08171881 req-d08abef9-3840-4fc2-8b91-3c1b08171881 ] Request (ServerDiagnosticsV248Test:test_get_server_diagnostics): 200 GET http://10.180.1.21/compute/v2.1/servers/06028841-b941-4352-b5c1-fa71cc87a4a7 1.170s
2025-12-01 12:11:55.481 62254 INFO tempest.lib.common.rest_client [req-7b4d0063-61ec-4eb5-82c9-c1ea89ac9142 req-7b4d0063-61ec-4eb5-82c9-c1ea89ac9142 ] Request (ServicesAdminTestJSON:setUpClass): 201 POST http://10.180.1.21/identity/v3/auth/tokens 0.077s
2025-12-01 12:11:55.489 62252 INFO tempest.lib.common.rest_client [req-1b935738-e274-4abf-afc7-978358b814cb req-1b935738-e274-4abf-afc7-978358b814cb ] Request (AttachInterfacesTestJSON:test_create_list_show_delete_interfaces_by_fixed_ip): 200 GET http://10.180.1.21/compute/v2.1/servers/cfc08011-0291-450a-96eb-c4f8002e07e5 1.188s
2025-12-01 12:11:55.522 62254 INFO tempest.lib.common.rest_client [req-a25d447f-5a9e-4b50-8b02-cae78333ab2b req-a25d447f-5a9e-4b50-8b02-cae78333ab2b ] Request (ServicesAdminTestJSON:setUpClass): 201 POST http://10.180.1.21/identity/v3/auth/tokens 0.039s
2025-12-01 12:11:55.543 62254 INFO tempest.lib.common.rest_client [req-afdb3b46-940c-43d4-bc30-1275ab398e87 req-afdb3b46-940c-43d4-bc30-1275ab398e87 ] Request (ServicesAdminTestJSON:setUpClass): 200 GET http://10.180.1.21/identity/v3/domains?name=Default 0.021s
2025-12-01 12:11:55.545 62238 INFO tempest.lib.common.rest_client [req-77a76089-43b1-414e-910f-b07a39d9be37 req-77a76089-43b1-414e-910f-b07a39d9be37 ] Request (ListServersNegativeTestJSON:setUpClass): 200 GET http://10.180.1.21/compute/v2.1/servers/09098197-59d7-4e14-b76c-8366a1ea5fd6 1.089s
2025-12-01 12:11:55.579 62208 INFO tempest.lib.common.rest_client [req-b57435fe-2df0-4f24-91f9-8ffa863aa396 req-b57435fe-2df0-4f24-91f9-8ffa863aa396 ] Request (ServerActionsV293TestJSON:setUpClass): 200 GET http://10.180.1.21/volume/v3/f0e493b195cf43e98927df838ade7b5f/volumes/2feafe78-8c3b-4c20-84d1-bd6c69b5e17b 0.031s
2025-12-01 12:11:55.589 62254 INFO tempest.lib.common.rest_client [req-6ac3aa46-1603-42e9-9104-405a8847aef2 req-6ac3aa46-1603-42e9-9104-405a8847aef2 ] Request (ServicesAdminTestJSON:setUpClass): 201 POST http://10.180.1.21/identity/v3/projects 0.044s
2025-12-01 12:11:55.612 62210 INFO tempest.lib.common.rest_client [req-3ab9f2a4-f07e-41da-8529-d1a68ed392d3 req-3ab9f2a4-f07e-41da-8529-d1a68ed392d3 ] Request (ImagesOneServerNegativeTestJSON:setUpClass): 200 GET http://10.180.1.21/compute/v2.1/servers/b241f341-8413-4f6f-b054-d9209640d652 1.101s
2025-12-01 12:11:55.622 62218 INFO tempest.lib.common.rest_client [req-2eed300b-3c03-46ae-a085-ca02a8d3d7a1 req-2eed300b-3c03-46ae-a085-ca02a8d3d7a1 ] Request (ServerRescueTestJSON:setUpClass): 200 PUT http://10.180.1.21:9696/networking/v2.0/routers/21060ea0-4788-4417-b02d-498f6b8b5c65/add_router_interface 1.881s
2025-12-01 12:11:55.623 62218 INFO tempest.lib.common.dynamic_creds [-] Created isolated network resources for: credentials: Credentials: {'domain_id': 'default', 'domain_name': 'Default', 'username': 'tempest-ServerRescueTestJSON-985981031-project-member', 'project_domain_id': 'default', 'project_domain_name': 'Default', 'project_id': '5481169540de4205a1ff7731132eb3a7', 'project_name': 'tempest-ServerRescueTestJSON-985981031', 'tenant_id': '5481169540de4205a1ff7731132eb3a7', 'tenant_name': 'tempest-ServerRescueTestJSON-985981031', 'user_domain_id': 'default', 'user_domain_name': 'Default', 'user_id': '36c2e4a60886470daa9fdc82fe85b591', 'system': None}, Network: {'id': '967e5a80-062b-45e7-8013-c8b48a29d2d6', 'name': 'tempest-ServerRescueTestJSON-413686463-network', 'tenant_id': '5481169540de4205a1ff7731132eb3a7', 'admin_state_up': True, 'mtu': 8950, 'status': 'ACTIVE', 'subnets': [], 'shared': False, 'project_id': '5481169540de4205a1ff7731132eb3a7', 'port_security_enabled': True, 'router:external': False, 'provider:network_type': 'vlan', 'provider:physical_network': 'default', 'provider:segmentation_id': 538, 'is_default': False, 'availability_zone_hints': [], 'availability_zones': [], 'ipv4_address_scope': None, 'ipv6_address_scope': None, 'description': '', 'tags': [], 'created_at': '2025-12-01T12:11:51Z', 'updated_at': '2025-12-01T12:11:51Z', 'revision_number': 1}, Subnet: {'id': '4761f029-a994-4043-b599-e7e4592fc160', 'name': 'tempest-ServerRescueTestJSON-413686463-subnet', 'tenant_id': '5481169540de4205a1ff7731132eb3a7', 'network_id': '967e5a80-062b-45e7-8013-c8b48a29d2d6', 'ip_version': 4, 'subnetpool_id': None, 'enable_dhcp': False, 'ipv6_ra_mode': None, 'ipv6_address_mode': None, 'gateway_ip': '192.168.128.1', 'cidr': '192.168.128.0/28', 'allocation_pools': [{'start': '192.168.128.2', 'end': '192.168.128.14'}], 'host_routes': [], 'dns_nameservers': [], 'description': '', 'service_types': [], 'tags': [], 'created_at': '2025-12-01T12:11:52Z', 'updated_at': '2025-12-01T12:11:52Z', 'revision_number': 0, 'project_id': '5481169540de4205a1ff7731132eb3a7'}, Router: {'id': '21060ea0-4788-4417-b02d-498f6b8b5c65', 'name': 'tempest-ServerRescueTestJSON-413686463-router', 'tenant_id': '5481169540de4205a1ff7731132eb3a7', 'admin_state_up': True, 'status': 'ACTIVE', 'external_gateway_info': {'network_id': 'a820131a-da8f-4661-894b-24ed6e07181d', 'external_fixed_ips': [{'subnet_id': '0a0ff1ee-17ea-48ba-bb7a-7e6681f262a4', 'ip_address': '10.180.180.158'}], 'enable_snat': True}, 'description': '', 'availability_zones': [], 'distributed': False, 'ha': False, 'availability_zone_hints': [], 'routes': [], 'flavor_id': None, 'tags': [], 'created_at': '2025-12-01T12:11:52Z', 'updated_at': '2025-12-01T12:11:52Z', 'revision_number': 2, 'project_id': '5481169540de4205a1ff7731132eb3a7'}
2025-12-01 12:11:55.660 62254 INFO tempest.lib.common.rest_client [req-e9e24641-af0b-4376-9c95-51c1a38f4844 req-e9e24641-af0b-4376-9c95-51c1a38f4844 ] Request (ServicesAdminTestJSON:setUpClass): 201 POST http://10.180.1.21/identity/v3/users 0.070s
2025-12-01 12:11:55.677 62202 INFO tempest.lib.common.rest_client [req-ae8ae583-3d85-45bc-9900-55f81bf25c43 req-ae8ae583-3d85-45bc-9900-55f81bf25c43 ] Request (ServersAdmin275Test:test_rebuild_update_server_275): 200 GET http://10.180.1.21/compute/v2.1/servers/b9782756-27e1-46fc-940f-069cfb9ab9f9 1.104s
2025-12-01 12:11:55.679 62254 INFO tempest.lib.common.rest_client [req-a3cce66a-530b-41ea-bad6-6954b46dd5c7 req-a3cce66a-530b-41ea-bad6-6954b46dd5c7 ] Request (ServicesAdminTestJSON:setUpClass): 200 GET http://10.180.1.21/identity/v3/roles 0.018s
2025-12-01 12:11:55.702 62218 INFO tempest.lib.common.rest_client [req-cf9153e4-f4da-4e44-9b70-8bc4640f7331 req-cf9153e4-f4da-4e44-9b70-8bc4640f7331 ] Request (ServerRescueTestJSON:setUpClass): 201 POST http://10.180.1.21/identity/v3/auth/tokens 0.074s
2025-12-01 12:11:55.712 62254 INFO tempest.lib.common.rest_client [req-12ffc007-40b0-436d-958d-def2a99d13d6 req-12ffc007-40b0-436d-958d-def2a99d13d6 ] Request (ServicesAdminTestJSON:setUpClass): 204 PUT http://10.180.1.21/identity/v3/projects/81a9d34754d74ca0b8449d9ffd1dc2a6/users/c17d3eb9b53d4b819088a5fbcd29a932/roles/1a5159e1bb374e61874d754f8c6a839e 0.033s
2025-12-01 12:11:55.712 62254 INFO tempest.lib.common.dynamic_creds [-] Dynamic test user c17d3eb9b53d4b819088a5fbcd29a932 is created with scope project and roles: ['member']
2025-12-01 12:11:55.713 62254 INFO tempest.lib.common.dynamic_creds [-] Acquired dynamic creds: credentials: Credentials: {'domain_id': 'default', 'domain_name': 'Default', 'username': 'tempest-ServicesAdminTestJSON-2034112658-project-member', 'project_domain_id': 'default', 'project_domain_name': 'Default', 'project_id': '81a9d34754d74ca0b8449d9ffd1dc2a6', 'project_name': 'tempest-ServicesAdminTestJSON-2034112658', 'tenant_id': '81a9d34754d74ca0b8449d9ffd1dc2a6', 'tenant_name': 'tempest-ServicesAdminTestJSON-2034112658', 'user_domain_id': 'default', 'user_domain_name': 'Default', 'user_id': 'c17d3eb9b53d4b819088a5fbcd29a932', 'system': None}, Network: None, Subnet: None, Router: None
