2025-12-01 12:12:44.899 62236 INFO tempest.lib.common.rest_client [req-f605dd1d-4631-42a0-bce5-b0338624ab02 req-f605dd1d-4631-42a0-bce5-b0338624ab02 ] Request (FloatingIPsAssociationTestJSON:setUpClass): 200 GET http://10.180.1.21/compute/v2.1/servers/667f56c0-896f-4e25-9e8a-3954f7733dc0 0.132s
2025-12-01 12:12:44.900 62222 INFO tempest.lib.common.rest_client [req-007dd246-d81b-4f36-90cb-5463da5b987c req-007dd246-d81b-4f36-90cb-5463da5b987c ] Request (InstanceActionsV221TestJSON:test_get_list_deleted_instance_actions): 200 GET http://10.180.1.21/compute/v2.1/servers/92f66377-ddec-4312-b10c-f7edc4855d48 0.078s
2025-12-01 12:12:44.944 62218 INFO tempest.lib.common.rest_client [req-411bc465-624c-45e2-8ce9-9b85ffdaac38 req-411bc465-624c-45e2-8ce9-9b85ffdaac38 ] Request (ServerRescueTestJSON:setUpClass): 200 GET http://10.180.1.21/compute/v2.1/servers/ff7d9da5-bc9a-41f2-a2e4-521d87b22117 0.073s
2025-12-01 12:12:44.948 62202 INFO tempest.lib.common.rest_client [req-2f00e4fd-312c-44d7-b729-4a5e99b6c043 req-2f00e4fd-312c-44d7-b729-4a5e99b6c043 ] Request (ServersAdmin275Test:test_rebuild_update_server_275): 200 GET http://10.180.1.21/compute/v2.1/servers/b9782756-27e1-46fc-940f-069cfb9ab9f9 0.126s
2025-12-01 12:12:45.035 62244 INFO tempest.lib.common.rest_client [req-648f3223-2dd8-48b1-a0f2-619fb0c0a776 req-648f3223-2dd8-48b1-a0f2-619fb0c0a776 ] Request (ServerExternalEventsTest:test_create_server_external_events): 200 GET http://10.180.1.21/compute/v2.1/servers/dc6c9cb6-419f-4122-8351-0c517fb8616d 0.102s
2025-12-01 12:12:45.037 62208 INFO tempest.lib.common.rest_client [req-abfb157d-7c03-457e-81b2-c90006d8a735 req-abfb157d-7c03-457e-81b2-c90006d8a735 ] Request (ServerActionsV293TestJSON:setUpClass): 200 GET http://10.180.1.21/compute/v2.1/servers/2dad2cb0-56e2-4fb6-b540-0fd98265697f 0.055s
2025-12-01 12:12:45.081 62196 INFO tempest.lib.common.rest_client [req-4e8ef00e-96cf-4f15-b30c-f6b19a491829 req-4e8ef00e-96cf-4f15-b30c-f6b19a491829 ] Request (VolumesAdminNegativeTest:test_update_attached_volume_with_nonexistent_volume_in_uri): 200 GET http://10.180.1.21/compute/v2.1/servers/2142b6e8-d060-48eb-8ff1-3e92e6188a83 0.054s
2025-12-01 12:12:45.260 62242 INFO tempest.lib.common.rest_client [req-32f4ec23-f5de-493c-9d52-ea1179295ac6 req-32f4ec23-f5de-493c-9d52-ea1179295ac6 ] Request (VolumesAssistedSnapshotsTest:test_volume_assisted_snapshot_create_delete): 200 GET http://10.180.1.21/compute/v2.1/servers/295064f0-9677-4287-877a-ef2a33a87fef 0.138s
2025-12-01 12:12:45.292 62246 INFO tempest.lib.common.rest_client [req-21349234-6f3c-4eb5-a9bb-a96fa78afa63 req-21349234-6f3c-4eb5-a9bb-a96fa78afa63 ] Request (ImagesTestJSON:test_create_image_from_stopped_server): 200 GET http://10.180.1.21/compute/v2.1/servers/d0df932e-822b-4c60-a588-445aa2f14cdb 0.134s
2025-12-01 12:12:45.313 62256 INFO tempest.lib.common.rest_client [req-dabf9b98-6671-4432-a73b-ce8af8c08839 req-dabf9b98-6671-4432-a73b-ce8af8c08839 ] Request (ServersListShow296Test:test_list_show_update_rebuild_server_296): 200 GET http://10.180.1.21/compute/v2.1/servers/8436449e-8f8d-4fd0-96be-31f1464f03ae 0.132s
2025-12-01 12:12:45.338 62216 INFO tempest.lib.common.rest_client [req-0bf68fc2-6fbb-4eb3-b56f-aedcc50af1f9 req-0bf68fc2-6fbb-4eb3-b56f-aedcc50af1f9 ] Request (ServerDiskConfigTestJSON:test_rebuild_server_with_auto_disk_config): 200 GET http://10.180.1.21/compute/v2.1/servers/dbe5937a-cf98-4abc-ad5a-521762e0be9d 0.132s
2025-12-01 12:12:45.357 62232 INFO tempest.lib.common.rest_client [req-8e363bb2-a6a0-454b-9556-c8b777112ffd req-8e363bb2-a6a0-454b-9556-c8b777112ffd ] Request (MultipleCreateTestJSON:test_multiple_create): 200 GET http://10.180.1.21/compute/v2.1/servers/0aa340f7-a219-47f5-9d7d-dd4062643cf7 0.134s
2025-12-01 12:12:45.381 62230 INFO tempest.lib.common.rest_client [req-f8668819-a3c5-480b-9c5b-c598749117a9 req-f8668819-a3c5-480b-9c5b-c598749117a9 ] Request (ServersWithSpecificFlavorTestJSON:test_verify_created_server_ephemeral_disk): 200 GET http://10.180.1.21/compute/v2.1/servers/511ce01a-0bea-49ba-b0e3-2a006ee88d32 0.109s
2025-12-01 12:12:45.406 62228 INFO tempest.lib.common.rest_client [req-84713a1b-51b5-4112-811c-df1eb94aa65d req-84713a1b-51b5-4112-811c-df1eb94aa65d ] Request (AttachInterfacesV270Test:test_create_get_list_interfaces): 200 GET http://10.180.1.21/compute/v2.1/servers/b387b903-2f5c-40ad-aeea-b013fb66e17d 0.080s
2025-12-01 12:12:45.453 62248 INFO tempest.lib.common.rest_client [req-3307446d-9784-49d3-8c25-543d1d1fc450 req-3307446d-9784-49d3-8c25-543d1d1fc450 ] Request (ServerActionsTestOtherA:setUpClass): 200 GET http://10.180.1.21/compute/v2.1/servers/17bc2689-2250-48bc-bc0e-47821b20d3ba 0.083s
2025-12-01 12:12:45.496 62250 INFO tempest.lib.common.rest_client [req-8a1956a5-e0a8-47b4-b5c8-da636f671b66 req-8a1956a5-e0a8-47b4-b5c8-da636f671b66 ] Request (ImagesNegativeTestJSON:test_create_image_from_deleted_server): 200 GET http://10.180.1.21/compute/v2.1/servers/a20846de-721a-4bb9-9826-e7c7ebf170c4 0.111s
2025-12-01 12:12:45.508 62224 INFO tempest.lib.common.rest_client [req-7984334e-8a1c-4219-8d82-e0f611d827d5 req-7984334e-8a1c-4219-8d82-e0f611d827d5 ] Request (TenantUsagesTestJSON:setUpClass): 200 GET http://10.180.1.21/compute/v2.1/servers/1a7d5a5f-c5b1-40d2-828b-090fb8e76e3d 0.170s
2025-12-01 12:12:45.541 62226 INFO tempest.lib.common.rest_client [req-3b80a29e-598c-4f74-a7f9-48a0337fa8b1 req-3b80a29e-598c-4f74-a7f9-48a0337fa8b1 ] Request (ServersTestMultiNic:test_verify_duplicate_network_nics): 200 GET http://10.180.1.21/compute/v2.1/servers/146b08c3-3893-4c0e-9448-05a988c19ae8 0.112s
2025-12-01 12:12:45.584 62210 INFO tempest.lib.common.rest_client [req-d82deeee-e086-452f-b223-ef33a31b94d2 req-d82deeee-e086-452f-b223-ef33a31b94d2 ] Request (ImagesOneServerNegativeTestJSON:setUpClass): 200 GET http://10.180.1.21/compute/v2.1/servers/b241f341-8413-4f6f-b054-d9209640d652 0.109s
2025-12-01 12:12:45.600 62200 INFO tempest.lib.common.rest_client [req-7f1a2329-ca1e-46f2-89c1-c21567f756d8 req-7f1a2329-ca1e-46f2-89c1-c21567f756d8 ] Request (ServerDiagnosticsTest:test_get_server_diagnostics): 200 GET http://10.180.1.21/compute/v2.1/servers/495acb0f-5b45-457e-9218-db57a3612289 0.142s
2025-12-01 12:12:45.678 62220 INFO tempest.lib.common.rest_client [req-492cf9a3-8915-4f7a-904e-98382ffe1630 req-492cf9a3-8915-4f7a-904e-98382ffe1630 ] Request (MigrationsAdminTest:test_list_migrations_in_flavor_resize_situation): 200 GET http://10.180.1.21/compute/v2.1/servers/a6e6f30d-c667-4f70-bf60-596a8fe97188 0.126s
2025-12-01 12:12:45.789 62204 INFO tempest.lib.common.rest_client [req-5e4db1fa-d664-4354-a500-ab49baedf530 req-5e4db1fa-d664-4354-a500-ab49baedf530 ] Request (ServerDiagnosticsNegativeTest:test_get_server_diagnostics_by_non_admin): 200 GET http://10.180.1.21/compute/v2.1/servers/53921884-f617-4020-b779-650becf89a58 0.102s
2025-12-01 12:12:45.837 62238 INFO tempest.lib.common.rest_client [req-c988eeb2-4627-47ec-878a-c5eb827a9b17 req-c988eeb2-4627-47ec-878a-c5eb827a9b17 ] Request (ListServersNegativeTestJSON:setUpClass): 200 GET http://10.180.1.21/compute/v2.1/servers/09098197-59d7-4e14-b76c-8366a1ea5fd6 0.107s
2025-12-01 12:12:45.863 62212 INFO tempest.lib.common.rest_client [req-1cb6d649-69bd-435d-96e6-dab8a6a2882a req-1cb6d649-69bd-435d-96e6-dab8a6a2882a ] Request (ImagesOneServerTestJSON:setUpClass): 200 GET http://10.180.1.21/compute/v2.1/servers/6ba9719c-3689-4db6-8ab2-441dc52c7bfd 0.141s
2025-12-01 12:12:45.883 62252 INFO tempest.lib.common.rest_client [req-2fd80fe7-43c3-476b-812b-7050dfd42dfa req-2fd80fe7-43c3-476b-812b-7050dfd42dfa ] Request (AttachInterfacesTestJSON:test_create_list_show_delete_interfaces_by_fixed_ip): 200 GET http://10.180.1.21/compute/v2.1/servers/cfc08011-0291-450a-96eb-c4f8002e07e5 0.116s
2025-12-01 12:12:45.915 62214 INFO tempest.lib.common.rest_client [req-a77fe836-5958-4da3-9766-2eadf89c5148 req-a77fe836-5958-4da3-9766-2eadf89c5148 ] Request (ServersV294TestFqdnHostnames:setUpClass): 200 GET http://10.180.1.21/compute/v2.1/servers/6996289c-f881-4733-8943-98e3633e43ca 0.135s
2025-12-01 12:12:45.929 62234 INFO tempest.lib.common.rest_client [req-e511890a-f593-4780-9564-a38e19efb5fa req-e511890a-f593-4780-9564-a38e19efb5fa ] Request (AttachVolumeTestJSON:test_attach_detach_volume): 200 GET http://10.180.1.21/compute/v2.1/servers/2ef4b06a-c5c6-46ed-89d8-30143aa30a25 0.113s
2025-12-01 12:12:45.960 62194 INFO tempest.lib.common.rest_client [req-8b44e988-20fb-4ba9-a2a5-afc5c2e40f5d req-8b44e988-20fb-4ba9-a2a5-afc5c2e40f5d ] Request (ServersAdminNegativeTestJSON:setUpClass): 200 GET http://10.180.1.21/compute/v2.1/servers/968692bd-12ae-46aa-b1de-5cd312f436ee 0.098s
2025-12-01 12:12:46.006 62222 INFO tempest.lib.common.rest_client [req-f404d617-9165-4168-9d36-af2111ce26bd req-f404d617-9165-4168-9d36-af2111ce26bd ] Request (InstanceActionsV221TestJSON:test_get_list_deleted_instance_actions): 200 GET http://10.180.1.21/compute/v2.1/servers/92f66377-ddec-4312-b10c-f7edc4855d48 0.098s
2025-12-01 12:12:46.024 62236 INFO tempest.lib.common.rest_client [req-26bfef90-1d4a-42c5-adcd-66252df72739 req-26bfef90-1d4a-42c5-adcd-66252df72739 ] Request (FloatingIPsAssociationTestJSON:setUpClass): 200 GET http://10.180.1.21/compute/v2.1/servers/667f56c0-896f-4e25-9e8a-3954f7733dc0 0.118s
2025-12-01 12:12:46.052 62218 INFO tempest.lib.common.rest_client [req-7b1aa05a-0ae8-4ea7-90f7-9bc7ca5eb00c req-7b1aa05a-0ae8-4ea7-90f7-9bc7ca5eb00c ] Request (ServerRescueTestJSON:setUpClass): 200 GET http://10.180.1.21/compute/v2.1/servers/ff7d9da5-bc9a-41f2-a2e4-521d87b22117 0.101s
2025-12-01 12:12:46.075 62202 INFO tempest.lib.common.rest_client [req-0c409179-2f60-46eb-a1b5-db6b787109c0 req-0c409179-2f60-46eb-a1b5-db6b787109c0 ] Request (ServersAdmin275Test:test_rebuild_update_server_275): 200 GET http://10.180.1.21/compute/v2.1/servers/b9782756-27e1-46fc-940f-069cfb9ab9f9 0.118s
2025-12-01 12:12:46.125 62208 INFO tempest.lib.common.rest_client [req-13032d1c-1fc4-400e-8193-59d634493e87 req-13032d1c-1fc4-400e-8193-59d634493e87 ] Request (ServerActionsV293TestJSON:setUpClass): 200 GET http://10.180.1.21/compute/v2.1/servers/2dad2cb0-56e2-4fb6-b540-0fd98265697f 0.079s
2025-12-01 12:12:46.145 62244 INFO tempest.lib.common.rest_client [req-4c37257e-21ef-4674-a4da-8ae07cb54454 req-4c37257e-21ef-4674-a4da-8ae07cb54454 ] Request (ServerExternalEventsTest:test_create_server_external_events): 200 GET http://10.180.1.21/compute/v2.1/servers/dc6c9cb6-419f-4122-8351-0c517fb8616d 0.102s
2025-12-01 12:12:46.170 62196 INFO tempest.lib.common.rest_client [req-0bc535ac-d703-47df-8db4-43b7b6cd5b75 req-0bc535ac-d703-47df-8db4-43b7b6cd5b75 ] Request (VolumesAdminNegativeTest:test_update_attached_volume_with_nonexistent_volume_in_uri): 200 GET http://10.180.1.21/compute/v2.1/servers/2142b6e8-d060-48eb-8ff1-3e92e6188a83 0.081s
2025-12-01 12:12:46.364 62242 INFO tempest.lib.common.rest_client [req-44ce563a-d568-4b08-9f81-67a06fb13c09 req-44ce563a-d568-4b08-9f81-67a06fb13c09 ] Request (VolumesAssistedSnapshotsTest:test_volume_assisted_snapshot_create_delete): 200 GET http://10.180.1.21/compute/v2.1/servers/295064f0-9677-4287-877a-ef2a33a87fef 0.098s
2025-12-01 12:12:46.402 62246 INFO tempest.lib.common.rest_client [req-66142503-682c-4a09-9774-41bb42f7fc8c req-66142503-682c-4a09-9774-41bb42f7fc8c ] Request (ImagesTestJSON:test_create_image_from_stopped_server): 200 GET http://10.180.1.21/compute/v2.1/servers/d0df932e-822b-4c60-a588-445aa2f14cdb 0.103s
2025-12-01 12:12:46.422 62256 INFO tempest.lib.common.rest_client [req-97f2dcb0-7370-4d23-b6ff-03f7ded3ca7a req-97f2dcb0-7370-4d23-b6ff-03f7ded3ca7a ] Request (ServersListShow296Test:test_list_show_update_rebuild_server_296): 200 GET http://10.180.1.21/compute/v2.1/servers/8436449e-8f8d-4fd0-96be-31f1464f03ae 0.101s
2025-12-01 12:12:46.451 62216 INFO tempest.lib.common.rest_client [req-b14d4630-2ac8-423b-954f-651d4570c361 req-b14d4630-2ac8-423b-954f-651d4570c361 ] Request (ServerDiskConfigTestJSON:test_rebuild_server_with_auto_disk_config): 200 GET http://10.180.1.21/compute/v2.1/servers/dbe5937a-cf98-4abc-ad5a-521762e0be9d 0.105s
2025-12-01 12:12:46.469 62232 INFO tempest.lib.common.rest_client [req-e941d683-6101-40e8-add7-4f155840cbe5 req-e941d683-6101-40e8-add7-4f155840cbe5 ] Request (MultipleCreateTestJSON:test_multiple_create): 200 GET http://10.180.1.21/compute/v2.1/servers/0aa340f7-a219-47f5-9d7d-dd4062643cf7 0.106s
2025-12-01 12:12:46.496 62230 INFO tempest.lib.common.rest_client [req-fe75419b-83a2-4833-9cc3-c0fd1743e8b5 req-fe75419b-83a2-4833-9cc3-c0fd1743e8b5 ] Request (ServersWithSpecificFlavorTestJSON:test_verify_created_server_ephemeral_disk): 200 GET http://10.180.1.21/compute/v2.1/servers/511ce01a-0bea-49ba-b0e3-2a006ee88d32 0.108s
2025-12-01 12:12:46.519 62228 INFO tempest.lib.common.rest_client [req-2f8cb77b-e6d0-4a25-8a68-008f3c3226cf req-2f8cb77b-e6d0-4a25-8a68-008f3c3226cf ] Request (AttachInterfacesV270Test:test_create_get_list_interfaces): 200 GET http://10.180.1.21/compute/v2.1/servers/b387b903-2f5c-40ad-aeea-b013fb66e17d 0.104s
2025-12-01 12:12:46.542 62248 INFO tempest.lib.common.rest_client [req-e76e5172-8a18-463c-b7e9-628df823156b req-e76e5172-8a18-463c-b7e9-628df823156b ] Request (ServerActionsTestOtherA:setUpClass): 200 GET http://10.180.1.21/compute/v2.1/servers/17bc2689-2250-48bc-bc0e-47821b20d3ba 0.080s
2025-12-01 12:12:46.567 62250 INFO tempest.lib.common.rest_client [req-0471a004-61f9-4c17-874e-a3497760d7b3 req-0471a004-61f9-4c17-874e-a3497760d7b3 ] Request (ImagesNegativeTestJSON:test_create_image_from_deleted_server): 200 GET http://10.180.1.21/compute/v2.1/servers/a20846de-721a-4bb9-9826-e7c7ebf170c4 0.063s
2025-12-01 12:12:46.615 62226 INFO tempest.lib.common.rest_client [req-49db318c-28f9-450c-a95a-b7b3c4d1010f req-49db318c-28f9-450c-a95a-b7b3c4d1010f ] Request (ServersTestMultiNic:test_verify_duplicate_network_nics): 200 GET http://10.180.1.21/compute/v2.1/servers/146b08c3-3893-4c0e-9448-05a988c19ae8 0.067s
2025-12-01 12:12:46.636 62224 INFO tempest.lib.common.rest_client [req-1adf2c9f-dced-4c3d-b63a-5a0cb16cfa0a req-1adf2c9f-dced-4c3d-b63a-5a0cb16cfa0a ] Request (TenantUsagesTestJSON:setUpClass): 200 GET http://10.180.1.21/compute/v2.1/servers/1a7d5a5f-c5b1-40d2-828b-090fb8e76e3d 0.120s
2025-12-01 12:12:46.660 62210 INFO tempest.lib.common.rest_client [req-02d6363e-ed87-40e4-8b71-d2170a59eb5f req-02d6363e-ed87-40e4-8b71-d2170a59eb5f ] Request (ImagesOneServerNegativeTestJSON:setUpClass): 200 GET http://10.180.1.21/compute/v2.1/servers/b241f341-8413-4f6f-b054-d9209640d652 0.069s
2025-12-01 12:12:46.729 62200 INFO tempest.lib.common.rest_client [req-bf7abf72-81a4-44c6-8d4d-1367d709e994 req-bf7abf72-81a4-44c6-8d4d-1367d709e994 ] Request (ServerDiagnosticsTest:test_get_server_diagnostics): 200 GET http://10.180.1.21/compute/v2.1/servers/495acb0f-5b45-457e-9218-db57a3612289 0.122s
2025-12-01 12:12:46.785 62220 INFO tempest.lib.common.rest_client [req-fe707b99-8c28-4e1e-a45f-2b225e8a911b req-fe707b99-8c28-4e1e-a45f-2b225e8a911b ] Request (MigrationsAdminTest:test_list_migrations_in_flavor_resize_situation): 200 GET http://10.180.1.21/compute/v2.1/servers/a6e6f30d-c667-4f70-bf60-596a8fe97188 0.100s
2025-12-01 12:12:46.892 62238 INFO tempest.lib.common.rest_client [req-44d9a710-90e8-4473-aae9-b18e128447c9 req-44d9a710-90e8-4473-aae9-b18e128447c9 ] Request (ListServersNegativeTestJSON:setUpClass): 200 GET http://10.180.1.21/compute/v2.1/servers/09098197-59d7-4e14-b76c-8366a1ea5fd6 0.048s
2025-12-01 12:12:46.945 62204 INFO tempest.lib.common.rest_client [req-c4e0e726-6485-49b2-8319-d2ffe141510e req-c4e0e726-6485-49b2-8319-d2ffe141510e ] Request (ServerDiagnosticsNegativeTest:test_get_server_diagnostics_by_non_admin): 200 GET http://10.180.1.21/compute/v2.1/servers/53921884-f617-4020-b779-650becf89a58 0.148s
2025-12-01 12:12:46.990 62212 INFO tempest.lib.common.rest_client [req-d226c9c9-7b3f-4462-bfd8-1457e56f1f25 req-d226c9c9-7b3f-4462-bfd8-1457e56f1f25 ] Request (ImagesOneServerTestJSON:setUpClass): 200 GET http://10.180.1.21/compute/v2.1/servers/6ba9719c-3689-4db6-8ab2-441dc52c7bfd 0.120s
2025-12-01 12:12:46.997 62252 INFO tempest.lib.common.rest_client [req-8eebd4dd-8cd0-4df5-9edc-84d582c02e64 req-8eebd4dd-8cd0-4df5-9edc-84d582c02e64 ] Request (AttachInterfacesTestJSON:test_create_list_show_delete_interfaces_by_fixed_ip): 200 GET http://10.180.1.21/compute/v2.1/servers/cfc08011-0291-450a-96eb-c4f8002e07e5 0.106s
2025-12-01 12:12:47.056 62234 INFO tempest.lib.common.rest_client [req-a3436e65-b310-424c-883a-8bd0b8fbbb05 req-a3436e65-b310-424c-883a-8bd0b8fbbb05 ] Request (AttachVolumeTestJSON:test_attach_detach_volume): 200 GET http://10.180.1.21/compute/v2.1/servers/2ef4b06a-c5c6-46ed-89d8-30143aa30a25 0.119s
2025-12-01 12:12:47.058 62214 INFO tempest.lib.common.rest_client [req-cc82c59a-11af-4f1c-8e93-13bc5c8e0e46 req-cc82c59a-11af-4f1c-8e93-13bc5c8e0e46 ] Request (ServersV294TestFqdnHostnames:setUpClass): 200 GET http://10.180.1.21/compute/v2.1/servers/6996289c-f881-4733-8943-98e3633e43ca 0.134s
2025-12-01 12:12:47.107 62222 INFO tempest.lib.common.rest_client [req-bce391d5-0c55-4200-af88-dd58c653fdf0 req-bce391d5-0c55-4200-af88-dd58c653fdf0 ] Request (InstanceActionsV221TestJSON:test_get_list_deleted_instance_actions): 200 GET http://10.180.1.21/compute/v2.1/servers/92f66377-ddec-4312-b10c-f7edc4855d48 0.093s
2025-12-01 12:12:47.216 62236 INFO tempest.lib.common.rest_client [req-baab993b-8a5a-4518-9422-b1504fb0e06c req-baab993b-8a5a-4518-9422-b1504fb0e06c ] Request (FloatingIPsAssociationTestJSON:setUpClass): 200 GET http://10.180.1.21/compute/v2.1/servers/667f56c0-896f-4e25-9e8a-3954f7733dc0 0.184s
2025-12-01 12:12:47.263 62218 INFO tempest.lib.common.rest_client [req-29b40b5a-d974-4f35-a75b-213fdac6752e req-29b40b5a-d974-4f35-a75b-213fdac6752e ] Request (ServerRescueTestJSON:setUpClass): 200 GET http://10.180.1.21/compute/v2.1/servers/ff7d9da5-bc9a-41f2-a2e4-521d87b22117 0.201s
2025-12-01 12:12:47.274 62194 INFO tempest.lib.common.rest_client [req-92a29346-5f55-42a1-9a15-694b9527084f req-92a29346-5f55-42a1-9a15-694b9527084f ] Request (ServersAdminNegativeTestJSON:setUpClass): 200 GET http://10.180.1.21/compute/v2.1/servers/968692bd-12ae-46aa-b1de-5cd312f436ee 0.307s
2025-12-01 12:12:47.323 62202 INFO tempest.lib.common.rest_client [req-1999a7ca-ce2d-4d3c-a219-1ab2fbb56f28 req-1999a7ca-ce2d-4d3c-a219-1ab2fbb56f28 ] Request (ServersAdmin275Test:test_rebuild_update_server_275): 200 GET http://10.180.1.21/compute/v2.1/servers/b9782756-27e1-46fc-940f-069cfb9ab9f9 0.238s
2025-12-01 12:12:47.333 62208 INFO tempest.lib.common.rest_client [req-df5382a9-9cc6-42ba-9fbd-baa32760fe1d req-df5382a9-9cc6-42ba-9fbd-baa32760fe1d ] Request (ServerActionsV293TestJSON:setUpClass): 200 GET http://10.180.1.21/compute/v2.1/servers/2dad2cb0-56e2-4fb6-b540-0fd98265697f 0.199s
2025-12-01 12:12:47.395 62196 INFO tempest.lib.common.rest_client [req-28eeff46-f1b4-4c2d-959b-af34062bbbab req-28eeff46-f1b4-4c2d-959b-af34062bbbab ] Request (VolumesAdminNegativeTest:test_update_attached_volume_with_nonexistent_volume_in_uri): 200 GET http://10.180.1.21/compute/v2.1/servers/2142b6e8-d060-48eb-8ff1-3e92e6188a83 0.219s
2025-12-01 12:12:47.434 62244 INFO tempest.lib.common.rest_client [req-9265056c-3d9a-4a70-9902-8be3ddf7417d req-9265056c-3d9a-4a70-9902-8be3ddf7417d ] Request (ServerExternalEventsTest:test_create_server_external_events): 200 GET http://10.180.1.21/compute/v2.1/servers/dc6c9cb6-419f-4122-8351-0c517fb8616d 0.282s
2025-12-01 12:12:47.599 62246 INFO tempest.lib.common.rest_client [req-b6e044ff-9fcf-4401-a7f9-5f07ebc28eb3 req-b6e044ff-9fcf-4401-a7f9-5f07ebc28eb3 ] Request (ImagesTestJSON:test_create_image_from_stopped_server): 200 GET http://10.180.1.21/compute/v2.1/servers/d0df932e-822b-4c60-a588-445aa2f14cdb 0.189s
2025-12-01 12:12:47.622 62242 INFO tempest.lib.common.rest_client [req-83d9f18a-1da0-4c8a-84d9-8ae899e937ad req-83d9f18a-1da0-4c8a-84d9-8ae899e937ad ] Request (VolumesAssistedSnapshotsTest:test_volume_assisted_snapshot_create_delete): 200 GET http://10.180.1.21/compute/v2.1/servers/295064f0-9677-4287-877a-ef2a33a87fef 0.250s
2025-12-01 12:12:47.666 62256 INFO tempest.lib.common.rest_client [req-513b23d1-69ec-4ac3-a6b1-2b0839977766 req-513b23d1-69ec-4ac3-a6b1-2b0839977766 ] Request (ServersListShow296Test:test_list_show_update_rebuild_server_296): 200 GET http://10.180.1.21/compute/v2.1/servers/8436449e-8f8d-4fd0-96be-31f1464f03ae 0.235s
2025-12-01 12:12:47.679 62216 INFO tempest.lib.common.rest_client [req-33d5da01-8c29-4209-b074-d74cd7f0a71e req-33d5da01-8c29-4209-b074-d74cd7f0a71e ] Request (ServerDiskConfigTestJSON:test_rebuild_server_with_auto_disk_config): 200 GET http://10.180.1.21/compute/v2.1/servers/dbe5937a-cf98-4abc-ad5a-521762e0be9d 0.221s
2025-12-01 12:12:47.714 62232 INFO tempest.lib.common.rest_client [req-984a72e7-efd1-4cc7-badb-3dca35d31406 req-984a72e7-efd1-4cc7-badb-3dca35d31406 ] Request (MultipleCreateTestJSON:test_multiple_create): 200 GET http://10.180.1.21/compute/v2.1/servers/0aa340f7-a219-47f5-9d7d-dd4062643cf7 0.238s
2025-12-01 12:12:47.726 62230 INFO tempest.lib.common.rest_client [req-5f799b4b-a610-47aa-ba14-33609fdc1918 req-5f799b4b-a610-47aa-ba14-33609fdc1918 ] Request (ServersWithSpecificFlavorTestJSON:test_verify_created_server_ephemeral_disk): 200 GET http://10.180.1.21/compute/v2.1/servers/511ce01a-0bea-49ba-b0e3-2a006ee88d32 0.224s
2025-12-01 12:12:47.775 62228 INFO tempest.lib.common.rest_client [req-fd455f26-813d-42c6-9f21-6a25c03db6f1 req-fd455f26-813d-42c6-9f21-6a25c03db6f1 ] Request (AttachInterfacesV270Test:test_create_get_list_interfaces): 200 GET http://10.180.1.21/compute/v2.1/servers/b387b903-2f5c-40ad-aeea-b013fb66e17d 0.248s
2025-12-01 12:12:47.781 62248 INFO tempest.lib.common.rest_client [req-e6889107-0004-4e27-abce-551de4e6913c req-e6889107-0004-4e27-abce-551de4e6913c ] Request (ServerActionsTestOtherA:setUpClass): 200 GET http://10.180.1.21/compute/v2.1/servers/17bc2689-2250-48bc-bc0e-47821b20d3ba 0.232s
2025-12-01 12:12:47.838 62250 INFO tempest.lib.common.rest_client [req-fbe32ce7-0432-488d-a299-8460a0584b7d req-fbe32ce7-0432-488d-a299-8460a0584b7d ] Request (ImagesNegativeTestJSON:test_create_image_from_deleted_server): 200 GET http://10.180.1.21/compute/v2.1/servers/a20846de-721a-4bb9-9826-e7c7ebf170c4 0.264s
2025-12-01 12:12:47.850 62226 INFO tempest.lib.common.rest_client [req-ce210624-50fd-413c-96c4-d10c94b01d89 req-ce210624-50fd-413c-96c4-d10c94b01d89 ] Request (ServersTestMultiNic:test_verify_duplicate_network_nics): 200 GET http://10.180.1.21/compute/v2.1/servers/146b08c3-3893-4c0e-9448-05a988c19ae8 0.228s
2025-12-01 12:12:47.897 62210 INFO tempest.lib.common.rest_client [req-26026a30-711f-4ded-ad75-1f7c73628c17 req-26026a30-711f-4ded-ad75-1f7c73628c17 ] Request (ImagesOneServerNegativeTestJSON:setUpClass): 200 GET http://10.180.1.21/compute/v2.1/servers/b241f341-8413-4f6f-b054-d9209640d652 0.230s
2025-12-01 12:12:47.954 62200 INFO tempest.lib.common.rest_client [req-d9e06b49-467b-4dab-acec-151c08ae0701 req-d9e06b49-467b-4dab-acec-151c08ae0701 ] Request (ServerDiagnosticsTest:test_get_server_diagnostics): 200 GET http://10.180.1.21/compute/v2.1/servers/495acb0f-5b45-457e-9218-db57a3612289 0.217s
2025-12-01 12:12:47.955 62224 INFO tempest.lib.common.rest_client [req-9b865f29-9a48-4d1e-aa4f-16885e4abfe6 req-9b865f29-9a48-4d1e-aa4f-16885e4abfe6 ] Request (TenantUsagesTestJSON:setUpClass): 200 GET http://10.180.1.21/compute/v2.1/servers/1a7d5a5f-c5b1-40d2-828b-090fb8e76e3d 0.311s
2025-12-01 12:12:47.960 62200 INFO tempest.common.waiters [-] State transition "BUILD/spawning" ==> "ERROR/None" after 101 second wait
2025-12-01 12:12:48.007 62238 INFO tempest.lib.common.rest_client [req-b1251e39-e4e7-4051-9c31-b4a75231ebb0 req-b1251e39-e4e7-4051-9c31-b4a75231ebb0 ] Request (ListServersNegativeTestJSON:setUpClass): 200 GET http://10.180.1.21/compute/v2.1/servers/09098197-59d7-4e14-b76c-8366a1ea5fd6 0.109s
2025-12-01 12:12:48.076 62220 INFO tempest.lib.common.rest_client [req-05ffba4b-58c1-49e6-a018-5ed96f6fa80e req-05ffba4b-58c1-49e6-a018-5ed96f6fa80e ] Request (MigrationsAdminTest:test_list_migrations_in_flavor_resize_situation): 200 GET http://10.180.1.21/compute/v2.1/servers/a6e6f30d-c667-4f70-bf60-596a8fe97188 0.284s
2025-12-01 12:12:48.134 62204 INFO tempest.lib.common.rest_client [req-85f3abd4-1b5d-427e-9ff6-4d16ca4fe4a4 req-85f3abd4-1b5d-427e-9ff6-4d16ca4fe4a4 ] Request (ServerDiagnosticsNegativeTest:test_get_server_diagnostics_by_non_admin): 200 GET http://10.180.1.21/compute/v2.1/servers/53921884-f617-4020-b779-650becf89a58 0.182s
2025-12-01 12:12:48.241 62212 INFO tempest.lib.common.rest_client [req-5d35496d-8f45-4c6b-af58-eeefbd392cba req-5d35496d-8f45-4c6b-af58-eeefbd392cba ] Request (ImagesOneServerTestJSON:setUpClass): 200 GET http://10.180.1.21/compute/v2.1/servers/6ba9719c-3689-4db6-8ab2-441dc52c7bfd 0.243s
2025-12-01 12:12:48.267 62200 INFO tempest.lib.common.rest_client [req-4a6d0a81-bdd1-4a26-95fe-65318f258b22 req-4a6d0a81-bdd1-4a26-95fe-65318f258b22 ] Request (ServerDiagnosticsTest:test_get_server_diagnostics): 204 DELETE http://10.180.1.21/compute/v2.1/servers/495acb0f-5b45-457e-9218-db57a3612289 0.307s
2025-12-01 12:12:48.289 62252 INFO tempest.lib.common.rest_client [req-920ff6f0-8ed9-491f-8193-a5884e8740cb req-920ff6f0-8ed9-491f-8193-a5884e8740cb ] Request (AttachInterfacesTestJSON:test_create_list_show_delete_interfaces_by_fixed_ip): 200 GET http://10.180.1.21/compute/v2.1/servers/cfc08011-0291-450a-96eb-c4f8002e07e5 0.286s
2025-12-01 12:12:48.316 62234 INFO tempest.lib.common.rest_client [req-4452f5d2-2bc1-4321-b5bd-db4c808e232a req-4452f5d2-2bc1-4321-b5bd-db4c808e232a ] Request (AttachVolumeTestJSON:test_attach_detach_volume): 200 GET http://10.180.1.21/compute/v2.1/servers/2ef4b06a-c5c6-46ed-89d8-30143aa30a25 0.253s
2025-12-01 12:12:48.343 62214 INFO tempest.lib.common.rest_client [req-ecf0c26a-3fd1-482d-a18a-26d23c5b12ad req-ecf0c26a-3fd1-482d-a18a-26d23c5b12ad ] Request (ServersV294TestFqdnHostnames:setUpClass): 200 GET http://10.180.1.21/compute/v2.1/servers/6996289c-f881-4733-8943-98e3633e43ca 0.276s
2025-12-01 12:12:48.352 62214 INFO tempest.common.waiters [-] State transition "BUILD/scheduling" ==> "BUILD/None" after 66 second wait
2025-12-01 12:12:48.363 62222 INFO tempest.lib.common.rest_client [req-12a38a39-0770-4bb9-aff3-d9db3da1cd5e req-12a38a39-0770-4bb9-aff3-d9db3da1cd5e ] Request (InstanceActionsV221TestJSON:test_get_list_deleted_instance_actions): 200 GET http://10.180.1.21/compute/v2.1/servers/92f66377-ddec-4312-b10c-f7edc4855d48 0.247s
2025-12-01 12:12:48.380 62200 INFO tempest.lib.common.rest_client [req-e1f4af53-4fcb-44eb-9a6d-6064ad971790 req-e1f4af53-4fcb-44eb-9a6d-6064ad971790 ] Request (ServerDiagnosticsTest:test_get_server_diagnostics): 404 GET http://10.180.1.21/compute/v2.1/servers/495acb0f-5b45-457e-9218-db57a3612289 0.112s
2025-12-01 12:12:48.429 62218 INFO tempest.lib.common.rest_client [req-7698f7f6-a49f-427f-80fa-0a28caf64d8f req-7698f7f6-a49f-427f-80fa-0a28caf64d8f ] Request (ServerRescueTestJSON:setUpClass): 200 GET http://10.180.1.21/compute/v2.1/servers/ff7d9da5-bc9a-41f2-a2e4-521d87b22117 0.158s
2025-12-01 12:12:48.474 62200 INFO tempest.lib.common.rest_client [req-861f0047-71fd-4092-a036-8717067b76fe req-861f0047-71fd-4092-a036-8717067b76fe ] Request (ServerDiagnosticsTest:tearDownClass): 204 DELETE http://10.180.1.21/identity/v3/users/c39ed781d86d430f96f9c4211aa7925c 0.086s
2025-12-01 12:12:48.478 62194 INFO tempest.lib.common.rest_client [req-92bcdd27-0d02-4582-8490-8a2895a48a15 req-92bcdd27-0d02-4582-8490-8a2895a48a15 ] Request (ServersAdminNegativeTestJSON:setUpClass): 200 GET http://10.180.1.21/compute/v2.1/servers/968692bd-12ae-46aa-b1de-5cd312f436ee 0.194s
2025-12-01 12:12:48.494 62236 INFO tempest.lib.common.rest_client [req-ff69aa91-e748-4ae0-9349-a7805baca777 req-ff69aa91-e748-4ae0-9349-a7805baca777 ] Request (FloatingIPsAssociationTestJSON:setUpClass): 200 GET http://10.180.1.21/compute/v2.1/servers/667f56c0-896f-4e25-9e8a-3954f7733dc0 0.270s
2025-12-01 12:12:48.544 62202 INFO tempest.lib.common.rest_client [req-beafcd43-a310-445c-824d-a13938d3e15c req-beafcd43-a310-445c-824d-a13938d3e15c ] Request (ServersAdmin275Test:test_rebuild_update_server_275): 200 GET http://10.180.1.21/compute/v2.1/servers/b9782756-27e1-46fc-940f-069cfb9ab9f9 0.211s
2025-12-01 12:12:48.560 62208 INFO tempest.lib.common.rest_client [req-83c787b0-f611-4f96-a4fc-5bf6df2a94ca req-83c787b0-f611-4f96-a4fc-5bf6df2a94ca ] Request (ServerActionsV293TestJSON:setUpClass): 200 GET http://10.180.1.21/compute/v2.1/servers/2dad2cb0-56e2-4fb6-b540-0fd98265697f 0.217s
2025-12-01 12:12:48.596 62200 INFO tempest.lib.common.rest_client [req-910daa7b-f808-4659-b159-49828c743d8d req-910daa7b-f808-4659-b159-49828c743d8d ] Request (ServerDiagnosticsTest:tearDownClass): 204 DELETE http://10.180.1.21/identity/v3/users/4221a64d472c43e88af18965cb0ded8b 0.121s
2025-12-01 12:12:48.596 62200 INFO tempest.lib.common.dynamic_creds [-] Deleting project and security group for project: 5387c68fd60c4139a463bca1d3255da0
2025-12-01 12:12:48.603 62196 INFO tempest.lib.common.rest_client [req-5acee2e0-4b83-4964-b2f2-13e70df757c3 req-5acee2e0-4b83-4964-b2f2-13e70df757c3 ] Request (VolumesAdminNegativeTest:test_update_attached_volume_with_nonexistent_volume_in_uri): 200 GET http://10.180.1.21/compute/v2.1/servers/2142b6e8-d060-48eb-8ff1-3e92e6188a83 0.201s
2025-12-01 12:12:48.664 62200 INFO tempest.lib.common.rest_client [req-e33663a4-2b96-4e27-8d2d-bb203d9c15c5 req-e33663a4-2b96-4e27-8d2d-bb203d9c15c5 ] Request (ServerDiagnosticsTest:tearDownClass): 201 POST http://10.180.1.21/identity/v3/auth/tokens 0.068s
2025-12-01 12:12:48.710 62244 INFO tempest.lib.common.rest_client [req-ac0bf87e-1359-4fec-968b-1b4da59dc556 req-ac0bf87e-1359-4fec-968b-1b4da59dc556 ] Request (ServerExternalEventsTest:test_create_server_external_events): 200 GET http://10.180.1.21/compute/v2.1/servers/dc6c9cb6-419f-4122-8351-0c517fb8616d 0.269s
2025-12-01 12:12:48.751 62200 INFO tempest.lib.common.rest_client [req-26f5a1cf-58c1-4e60-9578-7356bcd49da1 req-26f5a1cf-58c1-4e60-9578-7356bcd49da1 ] Request (ServerDiagnosticsTest:tearDownClass): 200 GET http://10.180.1.21:9696/networking/v2.0/security-groups?tenant_id=5387c68fd60c4139a463bca1d3255da0&name=default 0.086s
2025-12-01 12:12:48.851 62242 INFO tempest.lib.common.rest_client [req-9b5833ee-e78b-4781-a82b-9f68a6be8a83 req-9b5833ee-e78b-4781-a82b-9f68a6be8a83 ] Request (VolumesAssistedSnapshotsTest:test_volume_assisted_snapshot_create_delete): 200 GET http://10.180.1.21/compute/v2.1/servers/295064f0-9677-4287-877a-ef2a33a87fef 0.222s
2025-12-01 12:12:48.900 62246 INFO tempest.lib.common.rest_client [req-6e9c5c05-4b52-4caa-97e7-ec116275b656 req-6e9c5c05-4b52-4caa-97e7-ec116275b656 ] Request (ImagesTestJSON:test_create_image_from_stopped_server): 200 GET http://10.180.1.21/compute/v2.1/servers/d0df932e-822b-4c60-a588-445aa2f14cdb 0.293s
2025-12-01 12:12:48.905 62200 INFO tempest.lib.common.rest_client [req-37af7a5d-edb7-4913-bb3d-37e1e93d17f6 req-37af7a5d-edb7-4913-bb3d-37e1e93d17f6 ] Request (ServerDiagnosticsTest:tearDownClass): 204 DELETE http://10.180.1.21:9696/networking/v2.0/security-groups/badac5d0-ed33-49b2-a187-705cc8ee989f 0.154s
2025-12-01 12:12:48.948 62216 INFO tempest.lib.common.rest_client [req-19ee754e-4e29-4fd9-8d34-670c10577684 req-19ee754e-4e29-4fd9-8d34-670c10577684 ] Request (ServerDiskConfigTestJSON:test_rebuild_server_with_auto_disk_config): 200 GET http://10.180.1.21/compute/v2.1/servers/dbe5937a-cf98-4abc-ad5a-521762e0be9d 0.262s
2025-12-01 12:12:48.949 62256 INFO tempest.lib.common.rest_client [req-a9ecf915-8e40-4f34-92cb-949ce8a9def1 req-a9ecf915-8e40-4f34-92cb-949ce8a9def1 ] Request (ServersListShow296Test:test_list_show_update_rebuild_server_296): 200 GET http://10.180.1.21/compute/v2.1/servers/8436449e-8f8d-4fd0-96be-31f1464f03ae 0.270s
2025-12-01 12:12:48.978 62200 INFO tempest.lib.common.rest_client [req-1606747e-4cbd-4e21-a115-3e5897dd7e3c req-1606747e-4cbd-4e21-a115-3e5897dd7e3c ] Request (ServerDiagnosticsTest:tearDownClass): 204 DELETE http://10.180.1.21/identity/v3/projects/5387c68fd60c4139a463bca1d3255da0 0.072s
2025-12-01 12:12:48.978 62200 INFO tempest.lib.common.dynamic_creds [-] Deleting project and security group for project: 249af3eb6b2f4948828a44188cf728cf
2025-12-01 12:12:49.007 62232 INFO tempest.lib.common.rest_client [req-c2eaba91-bb1b-45b2-a5cd-9c2168842c54 req-c2eaba91-bb1b-45b2-a5cd-9c2168842c54 ] Request (MultipleCreateTestJSON:test_multiple_create): 200 GET http://10.180.1.21/compute/v2.1/servers/0aa340f7-a219-47f5-9d7d-dd4062643cf7 0.286s
2025-12-01 12:12:49.008 62230 INFO tempest.lib.common.rest_client [req-8bd54701-ad06-49f0-9a6b-ace8b871edf0 req-8bd54701-ad06-49f0-9a6b-ace8b871edf0 ] Request (ServersWithSpecificFlavorTestJSON:test_verify_created_server_ephemeral_disk): 200 GET http://10.180.1.21/compute/v2.1/servers/511ce01a-0bea-49ba-b0e3-2a006ee88d32 0.275s
2025-12-01 12:12:49.079 62248 INFO tempest.lib.common.rest_client [req-8c933be3-618d-411f-a655-18b59287cf06 req-8c933be3-618d-411f-a655-18b59287cf06 ] Request (ServerActionsTestOtherA:setUpClass): 200 GET http://10.180.1.21/compute/v2.1/servers/17bc2689-2250-48bc-bc0e-47821b20d3ba 0.291s
2025-12-01 12:12:49.081 62228 INFO tempest.lib.common.rest_client [req-64468441-06a3-4295-a9c4-1deed297096f req-64468441-06a3-4295-a9c4-1deed297096f ] Request (AttachInterfacesV270Test:test_create_get_list_interfaces): 200 GET http://10.180.1.21/compute/v2.1/servers/b387b903-2f5c-40ad-aeea-b013fb66e17d 0.295s
2025-12-01 12:12:49.118 62200 INFO tempest.lib.common.rest_client [req-ee01028e-7337-43c8-8906-dcca9f1ed912 req-ee01028e-7337-43c8-8906-dcca9f1ed912 ] Request (ServerDiagnosticsTest:tearDownClass): 200 GET http://10.180.1.21:9696/networking/v2.0/security-groups?tenant_id=249af3eb6b2f4948828a44188cf728cf&name=default 0.140s
2025-12-01 12:12:49.156 62250 INFO tempest.lib.common.rest_client [req-ea026977-c8ea-4f6c-ad23-fc53ac554bc7 req-ea026977-c8ea-4f6c-ad23-fc53ac554bc7 ] Request (ImagesNegativeTestJSON:test_create_image_from_deleted_server): 200 GET http://10.180.1.21/compute/v2.1/servers/a20846de-721a-4bb9-9826-e7c7ebf170c4 0.311s
2025-12-01 12:12:49.157 62226 INFO tempest.lib.common.rest_client [req-b5f64193-5ba8-4bfc-9e04-c47881282803 req-b5f64193-5ba8-4bfc-9e04-c47881282803 ] Request (ServersTestMultiNic:test_verify_duplicate_network_nics): 200 GET http://10.180.1.21/compute/v2.1/servers/146b08c3-3893-4c0e-9448-05a988c19ae8 0.298s
2025-12-01 12:12:49.211 62210 INFO tempest.lib.common.rest_client [req-97e24ee4-6fed-416d-ae2a-585a9495963b req-97e24ee4-6fed-416d-ae2a-585a9495963b ] Request (ImagesOneServerNegativeTestJSON:setUpClass): 200 GET http://10.180.1.21/compute/v2.1/servers/b241f341-8413-4f6f-b054-d9209640d652 0.307s
2025-12-01 12:12:49.234 62200 INFO tempest.lib.common.rest_client [req-9f01dafd-0c67-4965-a63f-dc787d948b5d req-9f01dafd-0c67-4965-a63f-dc787d948b5d ] Request (ServerDiagnosticsTest:tearDownClass): 204 DELETE http://10.180.1.21:9696/networking/v2.0/security-groups/72d65920-5cbd-42fe-b52b-5598ab469134 0.116s
2025-12-01 12:12:49.261 62238 INFO tempest.lib.common.rest_client [req-beeab168-665f-431b-9bed-ac57ab5f262b req-beeab168-665f-431b-9bed-ac57ab5f262b ] Request (ListServersNegativeTestJSON:setUpClass): 200 GET http://10.180.1.21/compute/v2.1/servers/09098197-59d7-4e14-b76c-8366a1ea5fd6 0.246s
2025-12-01 12:12:49.327 62224 INFO tempest.lib.common.rest_client [req-9a26adfb-ed5b-4ada-816c-aced7a5a10ff req-9a26adfb-ed5b-4ada-816c-aced7a5a10ff ] Request (TenantUsagesTestJSON:setUpClass): 200 GET http://10.180.1.21/compute/v2.1/servers/1a7d5a5f-c5b1-40d2-828b-090fb8e76e3d 0.366s
2025-12-01 12:12:49.368 62200 INFO tempest.lib.common.rest_client [req-b565f4df-d135-4611-884a-f0ecdb32711d req-b565f4df-d135-4611-884a-f0ecdb32711d ] Request (ServerDiagnosticsTest:tearDownClass): 204 DELETE http://10.180.1.21/identity/v3/projects/249af3eb6b2f4948828a44188cf728cf 0.133s
2025-12-01 12:12:49.426 62220 INFO tempest.lib.common.rest_client [req-985ef910-269a-4d72-ba07-428c0fbc31ab req-985ef910-269a-4d72-ba07-428c0fbc31ab ] Request (MigrationsAdminTest:test_list_migrations_in_flavor_resize_situation): 200 GET http://10.180.1.21/compute/v2.1/servers/a6e6f30d-c667-4f70-bf60-596a8fe97188 0.342s
2025-12-01 12:12:49.434 62200 INFO tempest.lib.common.rest_client [req-41bd4585-0b7f-4db1-8b15-b38a4277a153 req-41bd4585-0b7f-4db1-8b15-b38a4277a153 ] Request (ServersTestFqdnHostnames:setUpClass): 201 POST http://10.180.1.21/identity/v3/auth/tokens 0.065s
2025-12-01 12:12:49.473 62200 INFO tempest.lib.common.rest_client [req-e4a5ef15-f3e0-4ec0-97d2-b6b8b89bc338 req-e4a5ef15-f3e0-4ec0-97d2-b6b8b89bc338 ] Request (ServersTestFqdnHostnames:setUpClass): 201 POST http://10.180.1.21/identity/v3/auth/tokens 0.036s
2025-12-01 12:12:49.480 62204 INFO tempest.lib.common.rest_client [req-9ee007ed-2fa4-4c0b-b4dc-e8d1a3f55f13 req-9ee007ed-2fa4-4c0b-b4dc-e8d1a3f55f13 ] Request (ServerDiagnosticsNegativeTest:test_get_server_diagnostics_by_non_admin): 200 GET http://10.180.1.21/compute/v2.1/servers/53921884-f617-4020-b779-650becf89a58 0.339s
2025-12-01 12:12:49.498 62200 INFO tempest.lib.common.rest_client [req-871e288c-6431-4bd6-baca-72e08ea8c07b req-871e288c-6431-4bd6-baca-72e08ea8c07b ] Request (ServersTestFqdnHostnames:setUpClass): 200 GET http://10.180.1.21/identity/v3/domains?name=Default 0.024s
2025-12-01 12:12:49.523 62200 INFO tempest.lib.common.rest_client [req-9a895aeb-7083-47c1-b607-774f4dc31511 req-9a895aeb-7083-47c1-b607-774f4dc31511 ] Request (ServersTestFqdnHostnames:setUpClass): 201 POST http://10.180.1.21/identity/v3/projects 0.024s
2025-12-01 12:12:49.529 62212 INFO tempest.lib.common.rest_client [req-db3747c8-0f7c-473c-90a3-9bdfc51f0fff req-db3747c8-0f7c-473c-90a3-9bdfc51f0fff ] Request (ImagesOneServerTestJSON:setUpClass): 200 GET http://10.180.1.21/compute/v2.1/servers/6ba9719c-3689-4db6-8ab2-441dc52c7bfd 0.281s
2025-12-01 12:12:49.549 62252 INFO tempest.lib.common.rest_client [req-d18f087d-8d12-4cec-81b5-05362592cdbd req-d18f087d-8d12-4cec-81b5-05362592cdbd ] Request (AttachInterfacesTestJSON:test_create_list_show_delete_interfaces_by_fixed_ip): 200 GET http://10.180.1.21/compute/v2.1/servers/cfc08011-0291-450a-96eb-c4f8002e07e5 0.252s
2025-12-01 12:12:49.580 62234 INFO tempest.lib.common.rest_client [req-55cf3f72-7bfd-46ba-90db-28bd8e066521 req-55cf3f72-7bfd-46ba-90db-28bd8e066521 ] Request (AttachVolumeTestJSON:test_attach_detach_volume): 200 GET http://10.180.1.21/compute/v2.1/servers/2ef4b06a-c5c6-46ed-89d8-30143aa30a25 0.256s
2025-12-01 12:12:49.596 62200 INFO tempest.lib.common.rest_client [req-d0d6b36e-f644-4713-b698-2c265b55245e req-d0d6b36e-f644-4713-b698-2c265b55245e ] Request (ServersTestFqdnHostnames:setUpClass): 201 POST http://10.180.1.21/identity/v3/users 0.073s
2025-12-01 12:12:49.614 62200 INFO tempest.lib.common.rest_client [req-b74dd69d-7ed0-4194-9029-e7b41c68e5ad req-b74dd69d-7ed0-4194-9029-e7b41c68e5ad ] Request (ServersTestFqdnHostnames:setUpClass): 200 GET http://10.180.1.21/identity/v3/roles 0.017s
2025-12-01 12:12:49.631 62222 INFO tempest.lib.common.rest_client [req-7cf97deb-ea88-4ff1-8bb8-a2908f0e4544 req-7cf97deb-ea88-4ff1-8bb8-a2908f0e4544 ] Request (InstanceActionsV221TestJSON:test_get_list_deleted_instance_actions): 200 GET http://10.180.1.21/compute/v2.1/servers/92f66377-ddec-4312-b10c-f7edc4855d48 0.260s
2025-12-01 12:12:49.652 62200 INFO tempest.lib.common.rest_client [req-ac6a35a2-1a39-4f60-8789-b137b76ca1ff req-ac6a35a2-1a39-4f60-8789-b137b76ca1ff ] Request (ServersTestFqdnHostnames:setUpClass): 204 PUT http://10.180.1.21/identity/v3/projects/389fb8d4c2ce47829fe23a6ca60e9bdd/users/f13df47a10ac456b9e27646e67a49154/roles/1a5159e1bb374e61874d754f8c6a839e 0.038s
2025-12-01 12:12:49.652 62200 INFO tempest.lib.common.dynamic_creds [-] Dynamic test user f13df47a10ac456b9e27646e67a49154 is created with scope project and roles: ['member']
2025-12-01 12:12:49.653 62200 INFO tempest.lib.common.dynamic_creds [-] Acquired dynamic creds: credentials: Credentials: {'domain_id': 'default', 'domain_name': 'Default', 'username': 'tempest-ServersTestFqdnHostnames-1235394237-project-member', 'project_domain_id': 'default', 'project_domain_name': 'Default', 'project_id': '389fb8d4c2ce47829fe23a6ca60e9bdd', 'project_name': 'tempest-ServersTestFqdnHostnames-1235394237', 'tenant_id': '389fb8d4c2ce47829fe23a6ca60e9bdd', 'tenant_name': 'tempest-ServersTestFqdnHostnames-1235394237', 'user_domain_id': 'default', 'user_domain_name': 'Default', 'user_id': 'f13df47a10ac456b9e27646e67a49154', 'system': None}, Network: None, Subnet: None, Router: None
2025-12-01 12:12:49.678 62218 INFO tempest.lib.common.rest_client [req-c0720653-8fed-47f4-8754-6954f1ad4756 req-c0720653-8fed-47f4-8754-6954f1ad4756 ] Request (ServerRescueTestJSON:setUpClass): 200 GET http://10.180.1.21/compute/v2.1/servers/ff7d9da5-bc9a-41f2-a2e4-521d87b22117 0.241s
2025-12-01 12:12:49.709 62200 INFO tempest.lib.common.rest_client [req-c60bc220-b065-443d-8cc8-8d42db95d65f req-c60bc220-b065-443d-8cc8-8d42db95d65f ] Request (ServersTestFqdnHostnames:setUpClass): 201 POST http://10.180.1.21/identity/v3/auth/tokens 0.056s
2025-12-01 12:12:49.713 62214 INFO tempest.lib.common.rest_client [req-155b205f-4c0d-492c-91bd-61bda903b8de req-155b205f-4c0d-492c-91bd-61bda903b8de ] Request (ServersV294TestFqdnHostnames:setUpClass): 200 GET http://10.180.1.21/compute/v2.1/servers/6996289c-f881-4733-8943-98e3633e43ca 0.359s
2025-12-01 12:12:49.724 62214 INFO tempest.common.waiters [-] State transition "BUILD/None" ==> "BUILD/spawning" after 67 second wait
2025-12-01 12:12:49.731 62194 INFO tempest.lib.common.rest_client [req-dd52cb9c-3a97-460d-92e4-012e317f0572 req-dd52cb9c-3a97-460d-92e4-012e317f0572 ] Request (ServersAdminNegativeTestJSON:setUpClass): 200 GET http://10.180.1.21/compute/v2.1/servers/968692bd-12ae-46aa-b1de-5cd312f436ee 0.240s
2025-12-01 12:12:49.782 62202 INFO tempest.lib.common.rest_client [req-39e81c62-29a6-41aa-8f46-3d81a83f9cbd req-39e81c62-29a6-41aa-8f46-3d81a83f9cbd ] Request (ServersAdmin275Test:test_rebuild_update_server_275): 200 GET http://10.180.1.21/compute/v2.1/servers/b9782756-27e1-46fc-940f-069cfb9ab9f9 0.228s
2025-12-01 12:12:49.836 62208 INFO tempest.lib.common.rest_client [req-223e9019-6894-4333-a5ee-8992633018e4 req-223e9019-6894-4333-a5ee-8992633018e4 ] Request (ServerActionsV293TestJSON:setUpClass): 200 GET http://10.180.1.21/compute/v2.1/servers/2dad2cb0-56e2-4fb6-b540-0fd98265697f 0.260s
2025-12-01 12:12:49.886 62196 INFO tempest.lib.common.rest_client [req-9830b27c-3923-4ee1-995a-e297f1cdefee req-9830b27c-3923-4ee1-995a-e297f1cdefee ] Request (VolumesAdminNegativeTest:test_update_attached_volume_with_nonexistent_volume_in_uri): 200 GET http://10.180.1.21/compute/v2.1/servers/2142b6e8-d060-48eb-8ff1-3e92e6188a83 0.275s
2025-12-01 12:12:49.913 62236 INFO tempest.lib.common.rest_client [req-913c4104-43a6-49f1-8aa0-81f4bf307963 req-913c4104-43a6-49f1-8aa0-81f4bf307963 ] Request (FloatingIPsAssociationTestJSON:setUpClass): 200 GET http://10.180.1.21/compute/v2.1/servers/667f56c0-896f-4e25-9e8a-3954f7733dc0 0.412s
2025-12-01 12:12:49.989 62244 INFO tempest.lib.common.rest_client [req-fe53a77b-2ba5-4d90-8461-ed7b7373b14d req-fe53a77b-2ba5-4d90-8461-ed7b7373b14d ] Request (ServerExternalEventsTest:test_create_server_external_events): 200 GET http://10.180.1.21/compute/v2.1/servers/dc6c9cb6-419f-4122-8351-0c517fb8616d 0.272s
2025-12-01 12:12:50.131 62242 INFO tempest.lib.common.rest_client [req-ca68d98c-8619-435d-911d-4d7acdc572f7 req-ca68d98c-8619-435d-911d-4d7acdc572f7 ] Request (VolumesAssistedSnapshotsTest:test_volume_assisted_snapshot_create_delete): 200 GET http://10.180.1.21/compute/v2.1/servers/295064f0-9677-4287-877a-ef2a33a87fef 0.272s
2025-12-01 12:12:50.147 62246 INFO tempest.lib.common.rest_client [req-5523eab1-f7a1-4ad7-a1cf-f8e611d905c2 req-5523eab1-f7a1-4ad7-a1cf-f8e611d905c2 ] Request (ImagesTestJSON:test_create_image_from_stopped_server): 200 GET http://10.180.1.21/compute/v2.1/servers/d0df932e-822b-4c60-a588-445aa2f14cdb 0.239s
2025-12-01 12:12:50.211 62256 INFO tempest.lib.common.rest_client [req-90fc23a0-c03d-4e82-a203-ee119491ac45 req-90fc23a0-c03d-4e82-a203-ee119491ac45 ] Request (ServersListShow296Test:test_list_show_update_rebuild_server_296): 200 GET http://10.180.1.21/compute/v2.1/servers/8436449e-8f8d-4fd0-96be-31f1464f03ae 0.253s
2025-12-01 12:12:50.229 62200 INFO tempest.lib.common.rest_client [req-9957e938-5cc1-41a8-99f0-c02a6e358f75 req-9957e938-5cc1-41a8-99f0-c02a6e358f75 ] Request (ServersTestFqdnHostnames:setUpClass): 201 POST http://10.180.1.21:9696/networking/v2.0/networks 0.520s
2025-12-01 12:12:50.237 62216 INFO tempest.lib.common.rest_client [req-35fb80a0-dc71-4ba6-b15b-ceb373abfa52 req-35fb80a0-dc71-4ba6-b15b-ceb373abfa52 ] Request (ServerDiskConfigTestJSON:test_rebuild_server_with_auto_disk_config): 200 GET http://10.180.1.21/compute/v2.1/servers/dbe5937a-cf98-4abc-ad5a-521762e0be9d 0.282s
2025-12-01 12:12:50.271 62232 INFO tempest.lib.common.rest_client [req-cf008753-9f59-4939-af96-2e7b52c9acc0 req-cf008753-9f59-4939-af96-2e7b52c9acc0 ] Request (MultipleCreateTestJSON:test_multiple_create): 200 GET http://10.180.1.21/compute/v2.1/servers/0aa340f7-a219-47f5-9d7d-dd4062643cf7 0.256s
2025-12-01 12:12:50.292 62230 INFO tempest.lib.common.rest_client [req-e77eef9c-b00c-43a6-912d-b0d632ac1aef req-e77eef9c-b00c-43a6-912d-b0d632ac1aef ] Request (ServersWithSpecificFlavorTestJSON:test_verify_created_server_ephemeral_disk): 200 GET http://10.180.1.21/compute/v2.1/servers/511ce01a-0bea-49ba-b0e3-2a006ee88d32 0.276s
2025-12-01 12:12:50.366 62228 INFO tempest.lib.common.rest_client [req-20a332e2-c77f-4345-b753-0a303c4f42c7 req-20a332e2-c77f-4345-b753-0a303c4f42c7 ] Request (AttachInterfacesV270Test:test_create_get_list_interfaces): 200 GET http://10.180.1.21/compute/v2.1/servers/b387b903-2f5c-40ad-aeea-b013fb66e17d 0.275s
2025-12-01 12:12:50.367 62248 INFO tempest.lib.common.rest_client [req-8ba93273-8417-47f1-a28f-fc0872162d35 req-8ba93273-8417-47f1-a28f-fc0872162d35 ] Request (ServerActionsTestOtherA:setUpClass): 200 GET http://10.180.1.21/compute/v2.1/servers/17bc2689-2250-48bc-bc0e-47821b20d3ba 0.276s
2025-12-01 12:12:50.427 62250 INFO tempest.lib.common.rest_client [req-b5df7eac-fbe7-4ca4-aa2a-7bb600d30460 req-b5df7eac-fbe7-4ca4-aa2a-7bb600d30460 ] Request (ImagesNegativeTestJSON:test_create_image_from_deleted_server): 200 GET http://10.180.1.21/compute/v2.1/servers/a20846de-721a-4bb9-9826-e7c7ebf170c4 0.264s
2025-12-01 12:12:50.432 62226 INFO tempest.lib.common.rest_client [req-175ef1a8-0949-4edb-902f-fff675648087 req-175ef1a8-0949-4edb-902f-fff675648087 ] Request (ServersTestMultiNic:test_verify_duplicate_network_nics): 200 GET http://10.180.1.21/compute/v2.1/servers/146b08c3-3893-4c0e-9448-05a988c19ae8 0.268s
2025-12-01 12:12:50.485 62210 INFO tempest.lib.common.rest_client [req-187e91d6-1e38-4ea0-98b1-fd620ef813b9 req-187e91d6-1e38-4ea0-98b1-fd620ef813b9 ] Request (ImagesOneServerNegativeTestJSON:setUpClass): 200 GET http://10.180.1.21/compute/v2.1/servers/b241f341-8413-4f6f-b054-d9209640d652 0.264s
2025-12-01 12:12:50.487 62200 INFO tempest.lib.common.rest_client [req-20325940-3ab2-4e2d-af21-fb134e659b1f req-20325940-3ab2-4e2d-af21-fb134e659b1f ] Request (ServersTestFqdnHostnames:setUpClass): 201 POST http://10.180.1.21:9696/networking/v2.0/subnets 0.257s
2025-12-01 12:12:50.500 62238 INFO tempest.lib.common.rest_client [req-456d0e10-c597-498c-ad15-03e295e4c56b req-456d0e10-c597-498c-ad15-03e295e4c56b ] Request (ListServersNegativeTestJSON:setUpClass): 200 GET http://10.180.1.21/compute/v2.1/servers/09098197-59d7-4e14-b76c-8366a1ea5fd6 0.231s
2025-12-01 12:12:50.680 62224 INFO tempest.lib.common.rest_client [req-f6a973b0-bce2-4965-8081-3dc3a017ad5f req-f6a973b0-bce2-4965-8081-3dc3a017ad5f ] Request (TenantUsagesTestJSON:setUpClass): 200 GET http://10.180.1.21/compute/v2.1/servers/1a7d5a5f-c5b1-40d2-828b-090fb8e76e3d 0.342s
2025-12-01 12:12:50.693 62220 INFO tempest.lib.common.rest_client [req-a3349fa6-98b1-4a01-a57d-206643028742 req-a3349fa6-98b1-4a01-a57d-206643028742 ] Request (MigrationsAdminTest:test_list_migrations_in_flavor_resize_situation): 200 GET http://10.180.1.21/compute/v2.1/servers/a6e6f30d-c667-4f70-bf60-596a8fe97188 0.260s
2025-12-01 12:12:50.844 62212 INFO tempest.lib.common.rest_client [req-4b8a1913-1132-47d7-b77c-788e0887c7fc req-4b8a1913-1132-47d7-b77c-788e0887c7fc ] Request (ImagesOneServerTestJSON:setUpClass): 200 GET http://10.180.1.21/compute/v2.1/servers/6ba9719c-3689-4db6-8ab2-441dc52c7bfd 0.308s
2025-12-01 12:12:50.866 62204 INFO tempest.lib.common.rest_client [req-6e228bab-a2fd-487e-8266-3f99c22a4b75 req-6e228bab-a2fd-487e-8266-3f99c22a4b75 ] Request (ServerDiagnosticsNegativeTest:test_get_server_diagnostics_by_non_admin): 200 GET http://10.180.1.21/compute/v2.1/servers/53921884-f617-4020-b779-650becf89a58 0.378s
2025-12-01 12:12:50.899 62252 INFO tempest.lib.common.rest_client [req-cbe24148-e4c4-4496-806f-2e805d2d57c5 req-cbe24148-e4c4-4496-806f-2e805d2d57c5 ] Request (AttachInterfacesTestJSON:test_create_list_show_delete_interfaces_by_fixed_ip): 200 GET http://10.180.1.21/compute/v2.1/servers/cfc08011-0291-450a-96eb-c4f8002e07e5 0.341s
2025-12-01 12:12:50.922 62234 INFO tempest.lib.common.rest_client [req-75a36c52-c11b-49e3-8a39-bf75839f2d12 req-75a36c52-c11b-49e3-8a39-bf75839f2d12 ] Request (AttachVolumeTestJSON:test_attach_detach_volume): 200 GET http://10.180.1.21/compute/v2.1/servers/2ef4b06a-c5c6-46ed-89d8-30143aa30a25 0.336s
2025-12-01 12:12:50.960 62222 INFO tempest.lib.common.rest_client [req-46789403-d9ab-469c-a162-a20dcf497661 req-46789403-d9ab-469c-a162-a20dcf497661 ] Request (InstanceActionsV221TestJSON:test_get_list_deleted_instance_actions): 200 GET http://10.180.1.21/compute/v2.1/servers/92f66377-ddec-4312-b10c-f7edc4855d48 0.314s
