2025-12-01 12:12:57.415 62196 INFO tempest.lib.common.rest_client [req-71b0b538-565c-4d4f-87e7-e5e6f3e0ca70 req-71b0b538-565c-4d4f-87e7-e5e6f3e0ca70 ] Request (VolumesAdminNegativeTest:test_update_attached_volume_with_nonexistent_volume_in_uri): 200 GET http://10.180.1.21/compute/v2.1/servers/2142b6e8-d060-48eb-8ff1-3e92e6188a83 0.058s
2025-12-01 12:12:57.471 62256 INFO tempest.lib.common.rest_client [req-d1914015-d2cb-4f20-9152-da2b0e4d83aa req-d1914015-d2cb-4f20-9152-da2b0e4d83aa ] Request (ServersListShow296Test:test_list_show_update_rebuild_server_296): 200 GET http://10.180.1.21/compute/v2.1/servers/8436449e-8f8d-4fd0-96be-31f1464f03ae 0.057s
2025-12-01 12:12:57.509 62214 INFO tempest.lib.common.rest_client [req-2bc91d44-a8ec-441a-b14c-be0bb8bb3d9b req-2bc91d44-a8ec-441a-b14c-be0bb8bb3d9b ] Request (ServersV294TestFqdnHostnames:setUpClass): 200 GET http://10.180.1.21/compute/v2.1/servers/6996289c-f881-4733-8943-98e3633e43ca 0.099s
2025-12-01 12:12:57.593 62236 INFO tempest.lib.common.rest_client [req-cf54e1f0-f7e9-40a2-a26d-44ffdecc2504 req-cf54e1f0-f7e9-40a2-a26d-44ffdecc2504 ] Request (FloatingIPsAssociationTestJSON:setUpClass): 200 GET http://10.180.1.21/compute/v2.1/servers/667f56c0-896f-4e25-9e8a-3954f7733dc0 0.094s
2025-12-01 12:12:57.599 62244 INFO tempest.lib.common.rest_client [req-c32eb8cf-44c6-40a6-a25a-7574cc64f5d2 req-c32eb8cf-44c6-40a6-a25a-7574cc64f5d2 ] Request (ServerExternalEventsTest:test_create_server_external_events): 200 GET http://10.180.1.21/compute/v2.1/servers/dc6c9cb6-419f-4122-8351-0c517fb8616d 0.096s
2025-12-01 12:12:57.643 62216 INFO tempest.lib.common.rest_client [req-40f5c0de-f130-4453-a101-77e8b43d34cb req-40f5c0de-f130-4453-a101-77e8b43d34cb ] Request (ServerDiskConfigTestJSON:test_rebuild_server_with_auto_disk_config): 200 GET http://10.180.1.21/compute/v2.1/servers/dbe5937a-cf98-4abc-ad5a-521762e0be9d 0.094s
2025-12-01 12:12:57.649 62232 INFO tempest.lib.common.rest_client [req-7986c870-37fa-4792-a19e-3071a24caf2f req-7986c870-37fa-4792-a19e-3071a24caf2f ] Request (MultipleCreateTestJSON:test_multiple_create): 200 GET http://10.180.1.21/compute/v2.1/servers/0aa340f7-a219-47f5-9d7d-dd4062643cf7 0.099s
2025-12-01 12:12:57.725 62230 INFO tempest.lib.common.rest_client [req-acfc3110-adc0-4c2e-8b7e-65ec289f32c8 req-acfc3110-adc0-4c2e-8b7e-65ec289f32c8 ] Request (ServersWithSpecificFlavorTestJSON:test_verify_created_server_ephemeral_disk): 200 GET http://10.180.1.21/compute/v2.1/servers/511ce01a-0bea-49ba-b0e3-2a006ee88d32 0.049s
2025-12-01 12:12:57.773 62248 INFO tempest.lib.common.rest_client [req-f95ccec6-fc75-4549-81e7-ac634658c0f3 req-f95ccec6-fc75-4549-81e7-ac634658c0f3 ] Request (ServerActionsTestOtherA:setUpClass): 200 GET http://10.180.1.21/compute/v2.1/servers/17bc2689-2250-48bc-bc0e-47821b20d3ba 0.053s
2025-12-01 12:12:57.872 62250 INFO tempest.lib.common.rest_client [req-7d8f1141-e78e-4f98-84b8-967f56805ee7 req-7d8f1141-e78e-4f98-84b8-967f56805ee7 ] Request (ImagesNegativeTestJSON:test_create_image_from_deleted_server): 200 GET http://10.180.1.21/compute/v2.1/servers/a20846de-721a-4bb9-9826-e7c7ebf170c4 0.049s
2025-12-01 12:12:57.941 62242 INFO tempest.lib.common.rest_client [req-9704fa6d-e198-4227-9be8-09f281be343f req-9704fa6d-e198-4227-9be8-09f281be343f ] Request (VolumesAssistedSnapshotsTest:test_volume_assisted_snapshot_create_delete): 200 GET http://10.180.1.21/compute/v2.1/servers/295064f0-9677-4287-877a-ef2a33a87fef 0.262s
2025-12-01 12:12:57.964 62246 INFO tempest.lib.common.rest_client [req-0295e976-eefa-447a-be23-13eee21af3cc req-0295e976-eefa-447a-be23-13eee21af3cc ] Request (ImagesTestJSON:test_create_image_from_stopped_server): 200 GET http://10.180.1.21/compute/v2.1/servers/d0df932e-822b-4c60-a588-445aa2f14cdb 0.104s
2025-12-01 12:12:57.987 62210 INFO tempest.lib.common.rest_client [req-18451cfe-ae89-4625-bd3b-a1faccf5cfa6 req-18451cfe-ae89-4625-bd3b-a1faccf5cfa6 ] Request (ImagesOneServerNegativeTestJSON:setUpClass): 200 GET http://10.180.1.21/compute/v2.1/servers/b241f341-8413-4f6f-b054-d9209640d652 0.113s
2025-12-01 12:12:58.009 62226 INFO tempest.lib.common.rest_client [req-f7bf428d-6aef-4796-a73b-440f025bd5e2 req-f7bf428d-6aef-4796-a73b-440f025bd5e2 ] Request (ServersTestMultiNic:test_verify_duplicate_network_nics): 200 GET http://10.180.1.21/compute/v2.1/servers/146b08c3-3893-4c0e-9448-05a988c19ae8 0.106s
2025-12-01 12:12:58.036 62228 INFO tempest.lib.common.rest_client [req-5dca60f1-b13c-4887-8e80-75d39fb792cc req-5dca60f1-b13c-4887-8e80-75d39fb792cc ] Request (AttachInterfacesV270Test:test_create_get_list_interfaces): 200 GET http://10.180.1.21/compute/v2.1/servers/b387b903-2f5c-40ad-aeea-b013fb66e17d 0.113s
2025-12-01 12:12:58.055 62238 INFO tempest.lib.common.rest_client [req-41561a9a-97e2-4297-83fd-74407986b42b req-41561a9a-97e2-4297-83fd-74407986b42b ] Request (ListServersNegativeTestJSON:setUpClass): 200 GET http://10.180.1.21/compute/v2.1/servers/09098197-59d7-4e14-b76c-8366a1ea5fd6 0.099s
2025-12-01 12:12:58.083 62200 INFO tempest.lib.common.rest_client [req-4d134701-f15c-4ca6-90db-6b26b4e1e74f req-4d134701-f15c-4ca6-90db-6b26b4e1e74f ] Request (ServersTestFqdnHostnames:test_create_server_with_fqdn_name): 200 GET http://10.180.1.21/compute/v2.1/servers/bf82c44c-95ce-4e4c-a32f-444bba1ef5cd 0.115s
2025-12-01 12:12:58.099 62252 INFO tempest.lib.common.rest_client [req-5a6ec611-70fa-47e3-aadc-e0e55dbb6962 req-5a6ec611-70fa-47e3-aadc-e0e55dbb6962 ] Request (AttachInterfacesTestJSON:test_create_list_show_delete_interfaces_by_fixed_ip): 200 GET http://10.180.1.21/compute/v2.1/servers/cfc08011-0291-450a-96eb-c4f8002e07e5 0.099s
2025-12-01 12:12:58.172 62224 INFO tempest.lib.common.rest_client [req-c4025e32-4027-4076-a7f5-c215b5def0a6 req-c4025e32-4027-4076-a7f5-c215b5def0a6 ] Request (TenantUsagesTestJSON:setUpClass): 200 GET http://10.180.1.21/compute/v2.1/servers/1a7d5a5f-c5b1-40d2-828b-090fb8e76e3d 0.113s
2025-12-01 12:12:58.263 62220 INFO tempest.lib.common.rest_client [req-78ddb56d-46cf-4777-8082-a15123328c52 req-78ddb56d-46cf-4777-8082-a15123328c52 ] Request (MigrationsAdminTest:test_list_migrations_in_flavor_resize_situation): 200 GET http://10.180.1.21/compute/v2.1/servers/a6e6f30d-c667-4f70-bf60-596a8fe97188 0.096s
2025-12-01 12:12:58.307 62212 INFO tempest.lib.common.rest_client [req-e07e1d42-dadb-4fe8-aa07-0c3555737a37 req-e07e1d42-dadb-4fe8-aa07-0c3555737a37 ] Request (ImagesOneServerTestJSON:setUpClass): 200 GET http://10.180.1.21/compute/v2.1/servers/6ba9719c-3689-4db6-8ab2-441dc52c7bfd 0.095s
2025-12-01 12:12:58.310 62234 INFO tempest.lib.common.rest_client [req-c005a541-9331-495e-84ea-26c584ddc6ef req-c005a541-9331-495e-84ea-26c584ddc6ef ] Request (AttachVolumeTestJSON:test_attach_detach_volume): 200 GET http://10.180.1.21/compute/v2.1/servers/2ef4b06a-c5c6-46ed-89d8-30143aa30a25 0.096s
2025-12-01 12:12:58.355 62218 INFO tempest.lib.common.rest_client [req-8e613130-34c8-40ff-b1f9-6fa8ec25843a req-8e613130-34c8-40ff-b1f9-6fa8ec25843a ] Request (ServerRescueTestJSON:setUpClass): 200 GET http://10.180.1.21/compute/v2.1/servers/ff7d9da5-bc9a-41f2-a2e4-521d87b22117 0.095s
2025-12-01 12:12:58.356 62222 INFO tempest.lib.common.rest_client [req-684c7435-eb7a-4d97-b4d1-db421f78675c req-684c7435-eb7a-4d97-b4d1-db421f78675c ] Request (InstanceActionsV221TestJSON:test_get_list_deleted_instance_actions): 200 GET http://10.180.1.21/compute/v2.1/servers/92f66377-ddec-4312-b10c-f7edc4855d48 0.096s
2025-12-01 12:12:58.401 62194 INFO tempest.lib.common.rest_client [req-41e048a8-c8a6-4ba0-8d0e-f482d8beca7d req-41e048a8-c8a6-4ba0-8d0e-f482d8beca7d ] Request (ServersAdminNegativeTestJSON:setUpClass): 200 GET http://10.180.1.21/compute/v2.1/servers/968692bd-12ae-46aa-b1de-5cd312f436ee 0.095s
2025-12-01 12:12:58.405 62202 INFO tempest.lib.common.rest_client [req-21c3bb2d-349c-4a96-b358-882278237103 req-21c3bb2d-349c-4a96-b358-882278237103 ] Request (ServersAdmin275Test:test_rebuild_update_server_275): 200 GET http://10.180.1.21/compute/v2.1/servers/b9782756-27e1-46fc-940f-069cfb9ab9f9 0.076s
2025-12-01 12:12:58.456 62208 INFO tempest.lib.common.rest_client [req-9f9165f6-fb25-4c72-930e-8561895a6301 req-9f9165f6-fb25-4c72-930e-8561895a6301 ] Request (ServerActionsV293TestJSON:setUpClass): 200 GET http://10.180.1.21/compute/v2.1/servers/2dad2cb0-56e2-4fb6-b540-0fd98265697f 0.075s
2025-12-01 12:12:58.500 62196 INFO tempest.lib.common.rest_client [req-c0a197fe-76d8-4dfc-bae7-9067249bb4c3 req-c0a197fe-76d8-4dfc-bae7-9067249bb4c3 ] Request (VolumesAdminNegativeTest:test_update_attached_volume_with_nonexistent_volume_in_uri): 200 GET http://10.180.1.21/compute/v2.1/servers/2142b6e8-d060-48eb-8ff1-3e92e6188a83 0.077s
2025-12-01 12:12:58.509 62204 INFO tempest.lib.common.rest_client [req-b978eaf1-0978-40e8-89dd-171d025e71b7 req-b978eaf1-0978-40e8-89dd-171d025e71b7 ] Request (ServerDiagnosticsNegativeTest:test_get_server_diagnostics_by_non_admin): 200 GET http://10.180.1.21/compute/v2.1/servers/53921884-f617-4020-b779-650becf89a58 0.093s
2025-12-01 12:12:58.551 62256 INFO tempest.lib.common.rest_client [req-7603bb1f-861c-4440-b1a6-a27e5fea97c5 req-7603bb1f-861c-4440-b1a6-a27e5fea97c5 ] Request (ServersListShow296Test:test_list_show_update_rebuild_server_296): 200 GET http://10.180.1.21/compute/v2.1/servers/8436449e-8f8d-4fd0-96be-31f1464f03ae 0.071s
2025-12-01 12:12:58.613 62214 INFO tempest.lib.common.rest_client [req-c811befc-51b5-4676-8d84-ac2d4e9d6054 req-c811befc-51b5-4676-8d84-ac2d4e9d6054 ] Request (ServersV294TestFqdnHostnames:setUpClass): 200 GET http://10.180.1.21/compute/v2.1/servers/6996289c-f881-4733-8943-98e3633e43ca 0.096s
2025-12-01 12:12:58.704 62244 INFO tempest.lib.common.rest_client [req-f290daa0-0ab6-4917-9760-f63e5e6ce59a req-f290daa0-0ab6-4917-9760-f63e5e6ce59a ] Request (ServerExternalEventsTest:test_create_server_external_events): 200 GET http://10.180.1.21/compute/v2.1/servers/dc6c9cb6-419f-4122-8351-0c517fb8616d 0.099s
2025-12-01 12:12:58.734 62236 INFO tempest.lib.common.rest_client [req-04a5cda2-8941-425a-9bd5-ec0d6d126d4c req-04a5cda2-8941-425a-9bd5-ec0d6d126d4c ] Request (FloatingIPsAssociationTestJSON:setUpClass): 200 GET http://10.180.1.21/compute/v2.1/servers/667f56c0-896f-4e25-9e8a-3954f7733dc0 0.133s
2025-12-01 12:12:58.748 62216 INFO tempest.lib.common.rest_client [req-1d9cb06c-3ac3-4d82-9e91-a523b3eedac7 req-1d9cb06c-3ac3-4d82-9e91-a523b3eedac7 ] Request (ServerDiskConfigTestJSON:test_rebuild_server_with_auto_disk_config): 200 GET http://10.180.1.21/compute/v2.1/servers/dbe5937a-cf98-4abc-ad5a-521762e0be9d 0.098s
2025-12-01 12:12:58.780 62232 INFO tempest.lib.common.rest_client [req-78bc9e0f-a800-4b00-9b28-1b0630d3a123 req-78bc9e0f-a800-4b00-9b28-1b0630d3a123 ] Request (MultipleCreateTestJSON:test_multiple_create): 200 GET http://10.180.1.21/compute/v2.1/servers/0aa340f7-a219-47f5-9d7d-dd4062643cf7 0.123s
2025-12-01 12:12:58.794 62230 INFO tempest.lib.common.rest_client [req-df1787ca-5cce-4e53-8cf2-3146df5cc07d req-df1787ca-5cce-4e53-8cf2-3146df5cc07d ] Request (ServersWithSpecificFlavorTestJSON:test_verify_created_server_ephemeral_disk): 200 GET http://10.180.1.21/compute/v2.1/servers/511ce01a-0bea-49ba-b0e3-2a006ee88d32 0.062s
2025-12-01 12:12:58.826 62248 INFO tempest.lib.common.rest_client [req-d8ad8de8-69c5-406c-b42a-b3a4f5f1d85a req-d8ad8de8-69c5-406c-b42a-b3a4f5f1d85a ] Request (ServerActionsTestOtherA:setUpClass): 200 GET http://10.180.1.21/compute/v2.1/servers/17bc2689-2250-48bc-bc0e-47821b20d3ba 0.045s
2025-12-01 12:12:58.925 62250 INFO tempest.lib.common.rest_client [req-a54ccb63-70b9-4607-862b-eab1e4a8387d req-a54ccb63-70b9-4607-862b-eab1e4a8387d ] Request (ImagesNegativeTestJSON:test_create_image_from_deleted_server): 200 GET http://10.180.1.21/compute/v2.1/servers/a20846de-721a-4bb9-9826-e7c7ebf170c4 0.046s
2025-12-01 12:12:59.044 62242 INFO tempest.lib.common.rest_client [req-81ffa650-5e90-4227-9669-51460717655a req-81ffa650-5e90-4227-9669-51460717655a ] Request (VolumesAssistedSnapshotsTest:test_volume_assisted_snapshot_create_delete): 200 GET http://10.180.1.21/compute/v2.1/servers/295064f0-9677-4287-877a-ef2a33a87fef 0.096s
2025-12-01 12:12:59.066 62246 INFO tempest.lib.common.rest_client [req-747fc93a-a821-4164-80b0-6a414be1f63d req-747fc93a-a821-4164-80b0-6a414be1f63d ] Request (ImagesTestJSON:test_create_image_from_stopped_server): 200 GET http://10.180.1.21/compute/v2.1/servers/d0df932e-822b-4c60-a588-445aa2f14cdb 0.096s
2025-12-01 12:12:59.092 62210 INFO tempest.lib.common.rest_client [req-a1b71bb2-55f8-4221-9f54-bc01610b72a6 req-a1b71bb2-55f8-4221-9f54-bc01610b72a6 ] Request (ImagesOneServerNegativeTestJSON:setUpClass): 200 GET http://10.180.1.21/compute/v2.1/servers/b241f341-8413-4f6f-b054-d9209640d652 0.098s
2025-12-01 12:12:59.110 62226 INFO tempest.lib.common.rest_client [req-5fdef915-24da-4f95-b53b-a4a75bed14c2 req-5fdef915-24da-4f95-b53b-a4a75bed14c2 ] Request (ServersTestMultiNic:test_verify_duplicate_network_nics): 200 GET http://10.180.1.21/compute/v2.1/servers/146b08c3-3893-4c0e-9448-05a988c19ae8 0.094s
2025-12-01 12:12:59.141 62228 INFO tempest.lib.common.rest_client [req-b4cb74b3-dccf-4cdd-8c22-d34a2a570d2f req-b4cb74b3-dccf-4cdd-8c22-d34a2a570d2f ] Request (AttachInterfacesV270Test:test_create_get_list_interfaces): 200 GET http://10.180.1.21/compute/v2.1/servers/b387b903-2f5c-40ad-aeea-b013fb66e17d 0.096s
2025-12-01 12:12:59.154 62238 INFO tempest.lib.common.rest_client [req-d3295102-f40c-4191-88f9-fa088c163e84 req-d3295102-f40c-4191-88f9-fa088c163e84 ] Request (ListServersNegativeTestJSON:setUpClass): 200 GET http://10.180.1.21/compute/v2.1/servers/09098197-59d7-4e14-b76c-8366a1ea5fd6 0.092s
2025-12-01 12:12:59.187 62200 INFO tempest.lib.common.rest_client [req-8eab6eab-e579-4d83-8013-c79846af38a5 req-8eab6eab-e579-4d83-8013-c79846af38a5 ] Request (ServersTestFqdnHostnames:test_create_server_with_fqdn_name): 200 GET http://10.180.1.21/compute/v2.1/servers/bf82c44c-95ce-4e4c-a32f-444bba1ef5cd 0.096s
2025-12-01 12:12:59.197 62252 INFO tempest.lib.common.rest_client [req-2b0b538d-3b05-4f21-82bc-0962e096beec req-2b0b538d-3b05-4f21-82bc-0962e096beec ] Request (AttachInterfacesTestJSON:test_create_list_show_delete_interfaces_by_fixed_ip): 200 GET http://10.180.1.21/compute/v2.1/servers/cfc08011-0291-450a-96eb-c4f8002e07e5 0.090s
2025-12-01 12:12:59.277 62224 INFO tempest.lib.common.rest_client [req-3987030b-9b59-42d7-839f-38c6adf3a9f7 req-3987030b-9b59-42d7-839f-38c6adf3a9f7 ] Request (TenantUsagesTestJSON:setUpClass): 200 GET http://10.180.1.21/compute/v2.1/servers/1a7d5a5f-c5b1-40d2-828b-090fb8e76e3d 0.097s
2025-12-01 12:12:59.366 62220 INFO tempest.lib.common.rest_client [req-6fb22f6f-00ad-45c8-b4f8-6efb61013612 req-6fb22f6f-00ad-45c8-b4f8-6efb61013612 ] Request (MigrationsAdminTest:test_list_migrations_in_flavor_resize_situation): 200 GET http://10.180.1.21/compute/v2.1/servers/a6e6f30d-c667-4f70-bf60-596a8fe97188 0.095s
2025-12-01 12:12:59.406 62212 INFO tempest.lib.common.rest_client [req-1c7db357-27db-4de4-9a37-00ba9f41daa1 req-1c7db357-27db-4de4-9a37-00ba9f41daa1 ] Request (ImagesOneServerTestJSON:setUpClass): 200 GET http://10.180.1.21/compute/v2.1/servers/6ba9719c-3689-4db6-8ab2-441dc52c7bfd 0.093s
2025-12-01 12:12:59.411 62234 INFO tempest.lib.common.rest_client [req-59979d5b-d307-4961-a49c-474b493bf597 req-59979d5b-d307-4961-a49c-474b493bf597 ] Request (AttachVolumeTestJSON:test_attach_detach_volume): 200 GET http://10.180.1.21/compute/v2.1/servers/2ef4b06a-c5c6-46ed-89d8-30143aa30a25 0.093s
2025-12-01 12:12:59.453 62218 INFO tempest.lib.common.rest_client [req-3ec351cd-c419-4c06-ab09-9d4429d38e0f req-3ec351cd-c419-4c06-ab09-9d4429d38e0f ] Request (ServerRescueTestJSON:setUpClass): 200 GET http://10.180.1.21/compute/v2.1/servers/ff7d9da5-bc9a-41f2-a2e4-521d87b22117 0.091s
2025-12-01 12:12:59.462 62222 INFO tempest.lib.common.rest_client [req-9ac010cf-f0cc-492b-8b07-9648bcff52cf req-9ac010cf-f0cc-492b-8b07-9648bcff52cf ] Request (InstanceActionsV221TestJSON:test_get_list_deleted_instance_actions): 200 GET http://10.180.1.21/compute/v2.1/servers/92f66377-ddec-4312-b10c-f7edc4855d48 0.097s
2025-12-01 12:12:59.504 62194 INFO tempest.lib.common.rest_client [req-ec7310b0-401d-415c-abb5-bccd3eefeabb req-ec7310b0-401d-415c-abb5-bccd3eefeabb ] Request (ServersAdminNegativeTestJSON:setUpClass): 200 GET http://10.180.1.21/compute/v2.1/servers/968692bd-12ae-46aa-b1de-5cd312f436ee 0.096s
2025-12-01 12:12:59.509 62202 INFO tempest.lib.common.rest_client [req-59b0ba9a-1688-40ae-86ce-cafc088849fc req-59b0ba9a-1688-40ae-86ce-cafc088849fc ] Request (ServersAdmin275Test:test_rebuild_update_server_275): 200 GET http://10.180.1.21/compute/v2.1/servers/b9782756-27e1-46fc-940f-069cfb9ab9f9 0.092s
2025-12-01 12:12:59.555 62196 INFO tempest.lib.common.rest_client [req-af37bcd6-b44d-4077-a4f3-d01acb794246 req-af37bcd6-b44d-4077-a4f3-d01acb794246 ] Request (VolumesAdminNegativeTest:test_update_attached_volume_with_nonexistent_volume_in_uri): 200 GET http://10.180.1.21/compute/v2.1/servers/2142b6e8-d060-48eb-8ff1-3e92e6188a83 0.049s
2025-12-01 12:12:59.556 62208 INFO tempest.lib.common.rest_client [req-a6fbba51-9172-40fe-a57c-f3922e7883c8 req-a6fbba51-9172-40fe-a57c-f3922e7883c8 ] Request (ServerActionsV293TestJSON:setUpClass): 200 GET http://10.180.1.21/compute/v2.1/servers/2dad2cb0-56e2-4fb6-b540-0fd98265697f 0.091s
2025-12-01 12:12:59.614 62256 INFO tempest.lib.common.rest_client [req-d503b1f8-849f-4ded-b96d-83a58f9a3421 req-d503b1f8-849f-4ded-b96d-83a58f9a3421 ] Request (ServersListShow296Test:test_list_show_update_rebuild_server_296): 200 GET http://10.180.1.21/compute/v2.1/servers/8436449e-8f8d-4fd0-96be-31f1464f03ae 0.054s
2025-12-01 12:12:59.648 62204 INFO tempest.lib.common.rest_client [req-f1b20a99-b6a4-40eb-b936-ba6028108bb5 req-f1b20a99-b6a4-40eb-b936-ba6028108bb5 ] Request (ServerDiagnosticsNegativeTest:test_get_server_diagnostics_by_non_admin): 200 GET http://10.180.1.21/compute/v2.1/servers/53921884-f617-4020-b779-650becf89a58 0.132s
2025-12-01 12:12:59.722 62214 INFO tempest.lib.common.rest_client [req-32443967-062c-4577-9ab5-d8b36fa29bcb req-32443967-062c-4577-9ab5-d8b36fa29bcb ] Request (ServersV294TestFqdnHostnames:setUpClass): 200 GET http://10.180.1.21/compute/v2.1/servers/6996289c-f881-4733-8943-98e3633e43ca 0.097s
2025-12-01 12:12:59.806 62244 INFO tempest.lib.common.rest_client [req-cf268d50-5eb2-4599-9c92-0213e84fa4c9 req-cf268d50-5eb2-4599-9c92-0213e84fa4c9 ] Request (ServerExternalEventsTest:test_create_server_external_events): 200 GET http://10.180.1.21/compute/v2.1/servers/dc6c9cb6-419f-4122-8351-0c517fb8616d 0.095s
2025-12-01 12:12:59.834 62236 INFO tempest.lib.common.rest_client [req-729e5011-cccf-4507-9e04-2d1bdf3c3ba0 req-729e5011-cccf-4507-9e04-2d1bdf3c3ba0 ] Request (FloatingIPsAssociationTestJSON:setUpClass): 200 GET http://10.180.1.21/compute/v2.1/servers/667f56c0-896f-4e25-9e8a-3954f7733dc0 0.094s
2025-12-01 12:12:59.850 62216 INFO tempest.lib.common.rest_client [req-695a581f-79a8-4708-a0b2-0399915cd524 req-695a581f-79a8-4708-a0b2-0399915cd524 ] Request (ServerDiskConfigTestJSON:test_rebuild_server_with_auto_disk_config): 200 GET http://10.180.1.21/compute/v2.1/servers/dbe5937a-cf98-4abc-ad5a-521762e0be9d 0.095s
2025-12-01 12:12:59.883 62232 INFO tempest.lib.common.rest_client [req-468b8497-3f21-482a-be28-24fc8a3ca41a req-468b8497-3f21-482a-be28-24fc8a3ca41a ] Request (MultipleCreateTestJSON:test_multiple_create): 200 GET http://10.180.1.21/compute/v2.1/servers/0aa340f7-a219-47f5-9d7d-dd4062643cf7 0.096s
2025-12-01 12:12:59.897 62230 INFO tempest.lib.common.rest_client [req-9ab82023-b36a-402a-bbaf-d8a3e5cb0d8d req-9ab82023-b36a-402a-bbaf-d8a3e5cb0d8d ] Request (ServersWithSpecificFlavorTestJSON:test_verify_created_server_ephemeral_disk): 200 GET http://10.180.1.21/compute/v2.1/servers/511ce01a-0bea-49ba-b0e3-2a006ee88d32 0.096s
2025-12-01 12:12:59.927 62248 INFO tempest.lib.common.rest_client [req-dd44085f-4894-4395-83e4-0c67879c4c96 req-dd44085f-4894-4395-83e4-0c67879c4c96 ] Request (ServerActionsTestOtherA:setUpClass): 200 GET http://10.180.1.21/compute/v2.1/servers/17bc2689-2250-48bc-bc0e-47821b20d3ba 0.094s
2025-12-01 12:12:59.978 62250 INFO tempest.lib.common.rest_client [req-a266015c-cdd8-4c56-8dbb-ed70ae7bd92a req-a266015c-cdd8-4c56-8dbb-ed70ae7bd92a ] Request (ImagesNegativeTestJSON:test_create_image_from_deleted_server): 200 GET http://10.180.1.21/compute/v2.1/servers/a20846de-721a-4bb9-9826-e7c7ebf170c4 0.046s
2025-12-01 12:13:00.180 62242 INFO tempest.lib.common.rest_client [req-394141c3-ccc1-4143-b188-5a448f801603 req-394141c3-ccc1-4143-b188-5a448f801603 ] Request (VolumesAssistedSnapshotsTest:test_volume_assisted_snapshot_create_delete): 200 GET http://10.180.1.21/compute/v2.1/servers/295064f0-9677-4287-877a-ef2a33a87fef 0.129s
2025-12-01 12:13:00.204 62246 INFO tempest.lib.common.rest_client [req-b37e9a23-f5a4-4886-abee-62013b641759 req-b37e9a23-f5a4-4886-abee-62013b641759 ] Request (ImagesTestJSON:test_create_image_from_stopped_server): 200 GET http://10.180.1.21/compute/v2.1/servers/d0df932e-822b-4c60-a588-445aa2f14cdb 0.131s
2025-12-01 12:13:00.226 62210 INFO tempest.lib.common.rest_client [req-345172fb-30ee-41c9-800c-2189c0510969 req-345172fb-30ee-41c9-800c-2189c0510969 ] Request (ImagesOneServerNegativeTestJSON:setUpClass): 200 GET http://10.180.1.21/compute/v2.1/servers/b241f341-8413-4f6f-b054-d9209640d652 0.127s
2025-12-01 12:13:00.248 62226 INFO tempest.lib.common.rest_client [req-885c4550-2f23-43be-bc22-1e648bcf34a6 req-885c4550-2f23-43be-bc22-1e648bcf34a6 ] Request (ServersTestMultiNic:test_verify_duplicate_network_nics): 200 GET http://10.180.1.21/compute/v2.1/servers/146b08c3-3893-4c0e-9448-05a988c19ae8 0.130s
2025-12-01 12:13:00.273 62228 INFO tempest.lib.common.rest_client [req-bfce4547-33b8-4f52-8b07-87c0b16f8565 req-bfce4547-33b8-4f52-8b07-87c0b16f8565 ] Request (AttachInterfacesV270Test:test_create_get_list_interfaces): 200 GET http://10.180.1.21/compute/v2.1/servers/b387b903-2f5c-40ad-aeea-b013fb66e17d 0.123s
2025-12-01 12:13:00.291 62238 INFO tempest.lib.common.rest_client [req-4b4683bc-9610-4a6d-95d5-688b194a1729 req-4b4683bc-9610-4a6d-95d5-688b194a1729 ] Request (ListServersNegativeTestJSON:setUpClass): 200 GET http://10.180.1.21/compute/v2.1/servers/09098197-59d7-4e14-b76c-8366a1ea5fd6 0.131s
2025-12-01 12:13:00.319 62200 INFO tempest.lib.common.rest_client [req-b694a00f-8a9d-4e90-b356-9716316e5144 req-b694a00f-8a9d-4e90-b356-9716316e5144 ] Request (ServersTestFqdnHostnames:test_create_server_with_fqdn_name): 200 GET http://10.180.1.21/compute/v2.1/servers/bf82c44c-95ce-4e4c-a32f-444bba1ef5cd 0.125s
2025-12-01 12:13:00.334 62252 INFO tempest.lib.common.rest_client [req-1125f591-ca28-4cf6-94fb-360f9605ebdc req-1125f591-ca28-4cf6-94fb-360f9605ebdc ] Request (AttachInterfacesTestJSON:test_create_list_show_delete_interfaces_by_fixed_ip): 200 GET http://10.180.1.21/compute/v2.1/servers/cfc08011-0291-450a-96eb-c4f8002e07e5 0.130s
2025-12-01 12:13:00.407 62224 INFO tempest.lib.common.rest_client [req-7dd0deba-6e42-4bc5-be21-d7dff647b799 req-7dd0deba-6e42-4bc5-be21-d7dff647b799 ] Request (TenantUsagesTestJSON:setUpClass): 200 GET http://10.180.1.21/compute/v2.1/servers/1a7d5a5f-c5b1-40d2-828b-090fb8e76e3d 0.122s
2025-12-01 12:13:00.508 62212 INFO tempest.lib.common.rest_client [req-8ef48066-d1cc-45d3-b61d-0800baa97845 req-8ef48066-d1cc-45d3-b61d-0800baa97845 ] Request (ImagesOneServerTestJSON:setUpClass): 200 GET http://10.180.1.21/compute/v2.1/servers/6ba9719c-3689-4db6-8ab2-441dc52c7bfd 0.095s
2025-12-01 12:13:00.554 62234 INFO tempest.lib.common.rest_client [req-65e59e4e-8509-4e41-b92f-432feff7c18e req-65e59e4e-8509-4e41-b92f-432feff7c18e ] Request (AttachVolumeTestJSON:test_attach_detach_volume): 200 GET http://10.180.1.21/compute/v2.1/servers/2ef4b06a-c5c6-46ed-89d8-30143aa30a25 0.137s
2025-12-01 12:13:00.603 62218 INFO tempest.lib.common.rest_client [req-025eeb5e-3d99-469e-bcd4-3e11e0059be8 req-025eeb5e-3d99-469e-bcd4-3e11e0059be8 ] Request (ServerRescueTestJSON:setUpClass): 200 GET http://10.180.1.21/compute/v2.1/servers/ff7d9da5-bc9a-41f2-a2e4-521d87b22117 0.142s
2025-12-01 12:13:00.649 62222 INFO tempest.lib.common.rest_client [req-53d1e0df-eaef-4a9e-8bd8-2638c7671331 req-53d1e0df-eaef-4a9e-8bd8-2638c7671331 ] Request (InstanceActionsV221TestJSON:test_get_list_deleted_instance_actions): 200 GET http://10.180.1.21/compute/v2.1/servers/92f66377-ddec-4312-b10c-f7edc4855d48 0.178s
2025-12-01 12:13:00.682 62220 INFO tempest.lib.common.rest_client [req-554f15f7-abaa-4401-8195-fcf137af2cf3 req-554f15f7-abaa-4401-8195-fcf137af2cf3 ] Request (MigrationsAdminTest:test_list_migrations_in_flavor_resize_situation): 200 GET http://10.180.1.21/compute/v2.1/servers/a6e6f30d-c667-4f70-bf60-596a8fe97188 0.310s
2025-12-01 12:13:00.694 62194 INFO tempest.lib.common.rest_client [req-91002427-9c7b-46e8-998f-1c81314d40aa req-91002427-9c7b-46e8-998f-1c81314d40aa ] Request (ServersAdminNegativeTestJSON:setUpClass): 200 GET http://10.180.1.21/compute/v2.1/servers/968692bd-12ae-46aa-b1de-5cd312f436ee 0.179s
2025-12-01 12:13:00.733 62202 INFO tempest.lib.common.rest_client [req-58aac484-dc42-4faa-bc0b-508e30a62b0a req-58aac484-dc42-4faa-bc0b-508e30a62b0a ] Request (ServersAdmin275Test:test_rebuild_update_server_275): 200 GET http://10.180.1.21/compute/v2.1/servers/b9782756-27e1-46fc-940f-069cfb9ab9f9 0.213s
2025-12-01 12:13:00.739 62196 INFO tempest.lib.common.rest_client [req-42c8a7db-6c58-4de5-9791-00908450bc89 req-42c8a7db-6c58-4de5-9791-00908450bc89 ] Request (VolumesAdminNegativeTest:test_update_attached_volume_with_nonexistent_volume_in_uri): 200 GET http://10.180.1.21/compute/v2.1/servers/2142b6e8-d060-48eb-8ff1-3e92e6188a83 0.177s
2025-12-01 12:13:00.786 62208 INFO tempest.lib.common.rest_client [req-11232cc4-bc89-43bb-8799-76e88c06dbe2 req-11232cc4-bc89-43bb-8799-76e88c06dbe2 ] Request (ServerActionsV293TestJSON:setUpClass): 200 GET http://10.180.1.21/compute/v2.1/servers/2dad2cb0-56e2-4fb6-b540-0fd98265697f 0.219s
2025-12-01 12:13:00.795 62256 INFO tempest.lib.common.rest_client [req-1206d532-2f4c-43fd-b6b8-7c0255a100e2 req-1206d532-2f4c-43fd-b6b8-7c0255a100e2 ] Request (ServersListShow296Test:test_list_show_update_rebuild_server_296): 200 GET http://10.180.1.21/compute/v2.1/servers/8436449e-8f8d-4fd0-96be-31f1464f03ae 0.171s
2025-12-01 12:13:00.882 62204 INFO tempest.lib.common.rest_client [req-68578a1b-908f-443a-8034-3a4a8caf90ca req-68578a1b-908f-443a-8034-3a4a8caf90ca ] Request (ServerDiagnosticsNegativeTest:test_get_server_diagnostics_by_non_admin): 200 GET http://10.180.1.21/compute/v2.1/servers/53921884-f617-4020-b779-650becf89a58 0.227s
2025-12-01 12:13:00.926 62214 INFO tempest.lib.common.rest_client [req-e50169f5-4440-4aca-9f92-badcd2a18867 req-e50169f5-4440-4aca-9f92-badcd2a18867 ] Request (ServersV294TestFqdnHostnames:setUpClass): 200 GET http://10.180.1.21/compute/v2.1/servers/6996289c-f881-4733-8943-98e3633e43ca 0.196s
2025-12-01 12:13:00.972 62244 INFO tempest.lib.common.rest_client [req-4e27a117-b3e1-4a30-bb0f-bf8fda9faec0 req-4e27a117-b3e1-4a30-bb0f-bf8fda9faec0 ] Request (ServerExternalEventsTest:test_create_server_external_events): 200 GET http://10.180.1.21/compute/v2.1/servers/dc6c9cb6-419f-4122-8351-0c517fb8616d 0.159s
2025-12-01 12:13:01.017 62216 INFO tempest.lib.common.rest_client [req-0542194c-27cf-499c-9ceb-d931c8359a2f req-0542194c-27cf-499c-9ceb-d931c8359a2f ] Request (ServerDiskConfigTestJSON:test_rebuild_server_with_auto_disk_config): 200 GET http://10.180.1.21/compute/v2.1/servers/dbe5937a-cf98-4abc-ad5a-521762e0be9d 0.158s
2025-12-01 12:13:01.020 62236 INFO tempest.lib.common.rest_client [req-a70b11ac-1540-4d85-b9ee-13354b60f462 req-a70b11ac-1540-4d85-b9ee-13354b60f462 ] Request (FloatingIPsAssociationTestJSON:setUpClass): 200 GET http://10.180.1.21/compute/v2.1/servers/667f56c0-896f-4e25-9e8a-3954f7733dc0 0.179s
2025-12-01 12:13:01.066 62232 INFO tempest.lib.common.rest_client [req-29bcccbb-8203-4e54-81f2-09bb1a10bdb3 req-29bcccbb-8203-4e54-81f2-09bb1a10bdb3 ] Request (MultipleCreateTestJSON:test_multiple_create): 200 GET http://10.180.1.21/compute/v2.1/servers/0aa340f7-a219-47f5-9d7d-dd4062643cf7 0.177s
2025-12-01 12:13:01.067 62230 INFO tempest.lib.common.rest_client [req-420bbbdb-bf0a-404a-9133-86eaaa2d6325 req-420bbbdb-bf0a-404a-9133-86eaaa2d6325 ] Request (ServersWithSpecificFlavorTestJSON:test_verify_created_server_ephemeral_disk): 200 GET http://10.180.1.21/compute/v2.1/servers/511ce01a-0bea-49ba-b0e3-2a006ee88d32 0.162s
2025-12-01 12:13:01.111 62248 INFO tempest.lib.common.rest_client [req-c981a29b-bf2f-467b-97a6-33e41bc94be5 req-c981a29b-bf2f-467b-97a6-33e41bc94be5 ] Request (ServerActionsTestOtherA:setUpClass): 200 GET http://10.180.1.21/compute/v2.1/servers/17bc2689-2250-48bc-bc0e-47821b20d3ba 0.177s
2025-12-01 12:13:01.113 62250 INFO tempest.lib.common.rest_client [req-3ec48e96-94ee-4c32-a331-21967b2d31da req-3ec48e96-94ee-4c32-a331-21967b2d31da ] Request (ImagesNegativeTestJSON:test_create_image_from_deleted_server): 200 GET http://10.180.1.21/compute/v2.1/servers/a20846de-721a-4bb9-9826-e7c7ebf170c4 0.127s
2025-12-01 12:13:01.326 62242 INFO tempest.lib.common.rest_client [req-be551a7b-ae58-4206-8422-8a1f0cb240be req-be551a7b-ae58-4206-8422-8a1f0cb240be ] Request (VolumesAssistedSnapshotsTest:test_volume_assisted_snapshot_create_delete): 200 GET http://10.180.1.21/compute/v2.1/servers/295064f0-9677-4287-877a-ef2a33a87fef 0.137s
2025-12-01 12:13:01.351 62246 INFO tempest.lib.common.rest_client [req-582d409e-f6a8-43cb-b040-6158f1f12b53 req-582d409e-f6a8-43cb-b040-6158f1f12b53 ] Request (ImagesTestJSON:test_create_image_from_stopped_server): 200 GET http://10.180.1.21/compute/v2.1/servers/d0df932e-822b-4c60-a588-445aa2f14cdb 0.139s
2025-12-01 12:13:01.372 62210 INFO tempest.lib.common.rest_client [req-13cde6bd-604c-432e-8fdd-6328b96f79f1 req-13cde6bd-604c-432e-8fdd-6328b96f79f1 ] Request (ImagesOneServerNegativeTestJSON:setUpClass): 200 GET http://10.180.1.21/compute/v2.1/servers/b241f341-8413-4f6f-b054-d9209640d652 0.138s
2025-12-01 12:13:01.396 62226 INFO tempest.lib.common.rest_client [req-5f4cd9e7-3156-4a22-97ff-a3bb8a5f076a req-5f4cd9e7-3156-4a22-97ff-a3bb8a5f076a ] Request (ServersTestMultiNic:test_verify_duplicate_network_nics): 200 GET http://10.180.1.21/compute/v2.1/servers/146b08c3-3893-4c0e-9448-05a988c19ae8 0.140s
2025-12-01 12:13:01.422 62228 INFO tempest.lib.common.rest_client [req-3c76b670-e9aa-4bf9-a89f-e419d35093e8 req-3c76b670-e9aa-4bf9-a89f-e419d35093e8 ] Request (AttachInterfacesV270Test:test_create_get_list_interfaces): 200 GET http://10.180.1.21/compute/v2.1/servers/b387b903-2f5c-40ad-aeea-b013fb66e17d 0.140s
2025-12-01 12:13:01.441 62238 INFO tempest.lib.common.rest_client [req-4548179d-7e70-437a-88fa-e360308ae976 req-4548179d-7e70-437a-88fa-e360308ae976 ] Request (ListServersNegativeTestJSON:setUpClass): 200 GET http://10.180.1.21/compute/v2.1/servers/09098197-59d7-4e14-b76c-8366a1ea5fd6 0.142s
2025-12-01 12:13:01.467 62200 INFO tempest.lib.common.rest_client [req-cce130b4-7552-426c-86a8-a52bde0479dc req-cce130b4-7552-426c-86a8-a52bde0479dc ] Request (ServersTestFqdnHostnames:test_create_server_with_fqdn_name): 200 GET http://10.180.1.21/compute/v2.1/servers/bf82c44c-95ce-4e4c-a32f-444bba1ef5cd 0.141s
2025-12-01 12:13:01.484 62252 INFO tempest.lib.common.rest_client [req-42c45250-ce1f-4aad-8f8d-23349330ff4b req-42c45250-ce1f-4aad-8f8d-23349330ff4b ] Request (AttachInterfacesTestJSON:test_create_list_show_delete_interfaces_by_fixed_ip): 200 GET http://10.180.1.21/compute/v2.1/servers/cfc08011-0291-450a-96eb-c4f8002e07e5 0.143s
2025-12-01 12:13:01.558 62224 INFO tempest.lib.common.rest_client [req-ebf9fd74-6b99-4ecc-81d2-08f5dd6eb138 req-ebf9fd74-6b99-4ecc-81d2-08f5dd6eb138 ] Request (TenantUsagesTestJSON:setUpClass): 200 GET http://10.180.1.21/compute/v2.1/servers/1a7d5a5f-c5b1-40d2-828b-090fb8e76e3d 0.142s
2025-12-01 12:13:01.609 62234 INFO tempest.lib.common.rest_client [req-aedb8d2e-658c-4a41-a4f0-7eff7de12872 req-aedb8d2e-658c-4a41-a4f0-7eff7de12872 ] Request (AttachVolumeTestJSON:test_attach_detach_volume): 200 GET http://10.180.1.21/compute/v2.1/servers/2ef4b06a-c5c6-46ed-89d8-30143aa30a25 0.047s
2025-12-01 12:13:01.648 62212 INFO tempest.lib.common.rest_client [req-17b9a346-48b9-47ff-8c13-50f97904850d req-17b9a346-48b9-47ff-8c13-50f97904850d ] Request (ImagesOneServerTestJSON:setUpClass): 200 GET http://10.180.1.21/compute/v2.1/servers/6ba9719c-3689-4db6-8ab2-441dc52c7bfd 0.131s
2025-12-01 12:13:01.658 62218 INFO tempest.lib.common.rest_client [req-8f8b8511-8bd5-49a5-8f13-2f25e2048560 req-8f8b8511-8bd5-49a5-8f13-2f25e2048560 ] Request (ServerRescueTestJSON:setUpClass): 200 GET http://10.180.1.21/compute/v2.1/servers/ff7d9da5-bc9a-41f2-a2e4-521d87b22117 0.048s
2025-12-01 12:13:01.706 62222 INFO tempest.lib.common.rest_client [req-90aebf8f-455e-41bb-978c-82f715c97253 req-90aebf8f-455e-41bb-978c-82f715c97253 ] Request (InstanceActionsV221TestJSON:test_get_list_deleted_instance_actions): 200 GET http://10.180.1.21/compute/v2.1/servers/92f66377-ddec-4312-b10c-f7edc4855d48 0.049s
2025-12-01 12:13:01.750 62194 INFO tempest.lib.common.rest_client [req-a62f67c7-9af8-493b-b255-bfddd3cc15c8 req-a62f67c7-9af8-493b-b255-bfddd3cc15c8 ] Request (ServersAdminNegativeTestJSON:setUpClass): 200 GET http://10.180.1.21/compute/v2.1/servers/968692bd-12ae-46aa-b1de-5cd312f436ee 0.049s
2025-12-01 12:13:01.782 62220 INFO tempest.lib.common.rest_client [req-b126d067-c334-4748-a49f-9383b7b2aa3c req-b126d067-c334-4748-a49f-9383b7b2aa3c ] Request (MigrationsAdminTest:test_list_migrations_in_flavor_resize_situation): 200 GET http://10.180.1.21/compute/v2.1/servers/a6e6f30d-c667-4f70-bf60-596a8fe97188 0.092s
2025-12-01 12:13:01.801 62202 INFO tempest.lib.common.rest_client [req-200aaea5-c5c2-409c-b331-9a200728e16f req-200aaea5-c5c2-409c-b331-9a200728e16f ] Request (ServersAdmin275Test:test_rebuild_update_server_275): 200 GET http://10.180.1.21/compute/v2.1/servers/b9782756-27e1-46fc-940f-069cfb9ab9f9 0.059s
2025-12-01 12:13:01.828 62196 INFO tempest.lib.common.rest_client [req-a80f8cfd-1f4b-4e90-aeb2-fc8b19f2ecd4 req-a80f8cfd-1f4b-4e90-aeb2-fc8b19f2ecd4 ] Request (VolumesAdminNegativeTest:test_update_attached_volume_with_nonexistent_volume_in_uri): 200 GET http://10.180.1.21/compute/v2.1/servers/2142b6e8-d060-48eb-8ff1-3e92e6188a83 0.082s
2025-12-01 12:13:01.851 62208 INFO tempest.lib.common.rest_client [req-af6b9a17-3faf-4e34-bf0c-5b675064f4f3 req-af6b9a17-3faf-4e34-bf0c-5b675064f4f3 ] Request (ServerActionsV293TestJSON:setUpClass): 200 GET http://10.180.1.21/compute/v2.1/servers/2dad2cb0-56e2-4fb6-b540-0fd98265697f 0.054s
2025-12-01 12:13:01.882 62256 INFO tempest.lib.common.rest_client [req-9e34c078-b271-4e15-9959-5de635d5b165 req-9e34c078-b271-4e15-9959-5de635d5b165 ] Request (ServersListShow296Test:test_list_show_update_rebuild_server_296): 200 GET http://10.180.1.21/compute/v2.1/servers/8436449e-8f8d-4fd0-96be-31f1464f03ae 0.078s
2025-12-01 12:13:02.022 62204 INFO tempest.lib.common.rest_client [req-1fd04e1e-3915-452a-87d7-b09011547b08 req-1fd04e1e-3915-452a-87d7-b09011547b08 ] Request (ServerDiagnosticsNegativeTest:test_get_server_diagnostics_by_non_admin): 200 GET http://10.180.1.21/compute/v2.1/servers/53921884-f617-4020-b779-650becf89a58 0.132s
2025-12-01 12:13:02.071 62214 INFO tempest.lib.common.rest_client [req-2d3d4460-c6ec-4c14-9105-589b6afa63f0 req-2d3d4460-c6ec-4c14-9105-589b6afa63f0 ] Request (ServersV294TestFqdnHostnames:setUpClass): 200 GET http://10.180.1.21/compute/v2.1/servers/6996289c-f881-4733-8943-98e3633e43ca 0.135s
2025-12-01 12:13:02.111 62244 INFO tempest.lib.common.rest_client [req-08b4b242-baea-47fc-849b-340c638f98ce req-08b4b242-baea-47fc-849b-340c638f98ce ] Request (ServerExternalEventsTest:test_create_server_external_events): 200 GET http://10.180.1.21/compute/v2.1/servers/dc6c9cb6-419f-4122-8351-0c517fb8616d 0.132s
2025-12-01 12:13:02.119 62216 INFO tempest.lib.common.rest_client [req-354a1b62-ffd0-4916-a421-c823e73251ff req-354a1b62-ffd0-4916-a421-c823e73251ff ] Request (ServerDiskConfigTestJSON:test_rebuild_server_with_auto_disk_config): 200 GET http://10.180.1.21/compute/v2.1/servers/dbe5937a-cf98-4abc-ad5a-521762e0be9d 0.094s
2025-12-01 12:13:02.167 62232 INFO tempest.lib.common.rest_client [req-64db10c7-45da-4816-86e2-eef0fdf92a91 req-64db10c7-45da-4816-86e2-eef0fdf92a91 ] Request (MultipleCreateTestJSON:test_multiple_create): 200 GET http://10.180.1.21/compute/v2.1/servers/0aa340f7-a219-47f5-9d7d-dd4062643cf7 0.094s
2025-12-01 12:13:02.212 62230 INFO tempest.lib.common.rest_client [req-b4a5f1f8-4076-481e-9332-acff5eaeedfc req-b4a5f1f8-4076-481e-9332-acff5eaeedfc ] Request (ServersWithSpecificFlavorTestJSON:test_verify_created_server_ephemeral_disk): 200 GET http://10.180.1.21/compute/v2.1/servers/511ce01a-0bea-49ba-b0e3-2a006ee88d32 0.139s
2025-12-01 12:13:02.263 62248 INFO tempest.lib.common.rest_client [req-258bd955-e26c-4e61-8b57-bea4f8cbdeca req-258bd955-e26c-4e61-8b57-bea4f8cbdeca ] Request (ServerActionsTestOtherA:setUpClass): 200 GET http://10.180.1.21/compute/v2.1/servers/17bc2689-2250-48bc-bc0e-47821b20d3ba 0.146s
2025-12-01 12:13:02.311 62250 INFO tempest.lib.common.rest_client [req-d9755319-dfb8-4a0a-a120-4b8393f2fc0f req-d9755319-dfb8-4a0a-a120-4b8393f2fc0f ] Request (ImagesNegativeTestJSON:test_create_image_from_deleted_server): 200 GET http://10.180.1.21/compute/v2.1/servers/a20846de-721a-4bb9-9826-e7c7ebf170c4 0.192s
2025-12-01 12:13:02.392 62236 INFO tempest.lib.common.rest_client [req-ac0e7ab2-a286-4ba2-973e-4b33778671bf req-ac0e7ab2-a286-4ba2-973e-4b33778671bf ] Request (FloatingIPsAssociationTestJSON:setUpClass): 200 GET http://10.180.1.21/compute/v2.1/servers/667f56c0-896f-4e25-9e8a-3954f7733dc0 0.365s
2025-12-01 12:13:02.428 62242 INFO tempest.lib.common.rest_client [req-92502d98-5bb5-44e5-9667-00593d4ea662 req-92502d98-5bb5-44e5-9667-00593d4ea662 ] Request (VolumesAssistedSnapshotsTest:test_volume_assisted_snapshot_create_delete): 200 GET http://10.180.1.21/compute/v2.1/servers/295064f0-9677-4287-877a-ef2a33a87fef 0.094s
2025-12-01 12:13:02.474 62210 INFO tempest.lib.common.rest_client [req-59a4a22c-7b53-40b1-948c-370128c105f5 req-59a4a22c-7b53-40b1-948c-370128c105f5 ] Request (ImagesOneServerNegativeTestJSON:setUpClass): 200 GET http://10.180.1.21/compute/v2.1/servers/b241f341-8413-4f6f-b054-d9209640d652 0.095s
2025-12-01 12:13:02.482 62246 INFO tempest.lib.common.rest_client [req-64809e98-671e-47c3-9300-60cd420da18f req-64809e98-671e-47c3-9300-60cd420da18f ] Request (ImagesTestJSON:test_create_image_from_stopped_server): 200 GET http://10.180.1.21/compute/v2.1/servers/d0df932e-822b-4c60-a588-445aa2f14cdb 0.124s
2025-12-01 12:13:02.520 62226 INFO tempest.lib.common.rest_client [req-c6037b7d-5c83-4185-a42c-9377e818f90a req-c6037b7d-5c83-4185-a42c-9377e818f90a ] Request (ServersTestMultiNic:test_verify_duplicate_network_nics): 200 GET http://10.180.1.21/compute/v2.1/servers/146b08c3-3893-4c0e-9448-05a988c19ae8 0.116s
2025-12-01 12:13:02.530 62228 INFO tempest.lib.common.rest_client [req-e7147552-34ca-4a7d-ad32-08fbae2a864d req-e7147552-34ca-4a7d-ad32-08fbae2a864d ] Request (AttachInterfacesV270Test:test_create_get_list_interfaces): 200 GET http://10.180.1.21/compute/v2.1/servers/b387b903-2f5c-40ad-aeea-b013fb66e17d 0.098s
2025-12-01 12:13:02.567 62238 INFO tempest.lib.common.rest_client [req-b6fbeeb6-2edc-4a55-a5cb-31bb5dff0db7 req-b6fbeeb6-2edc-4a55-a5cb-31bb5dff0db7 ] Request (ListServersNegativeTestJSON:setUpClass): 200 GET http://10.180.1.21/compute/v2.1/servers/09098197-59d7-4e14-b76c-8366a1ea5fd6 0.119s
2025-12-01 12:13:02.577 62200 INFO tempest.lib.common.rest_client [req-0eb5dcb1-1d41-4f7b-8e20-11e2f737bd7d req-0eb5dcb1-1d41-4f7b-8e20-11e2f737bd7d ] Request (ServersTestFqdnHostnames:test_create_server_with_fqdn_name): 200 GET http://10.180.1.21/compute/v2.1/servers/bf82c44c-95ce-4e4c-a32f-444bba1ef5cd 0.104s
2025-12-01 12:13:02.613 62252 INFO tempest.lib.common.rest_client [req-03df8829-d902-4edc-891c-9d90ac1aeca8 req-03df8829-d902-4edc-891c-9d90ac1aeca8 ] Request (AttachInterfacesTestJSON:test_create_list_show_delete_interfaces_by_fixed_ip): 200 GET http://10.180.1.21/compute/v2.1/servers/cfc08011-0291-450a-96eb-c4f8002e07e5 0.123s
2025-12-01 12:13:02.664 62234 INFO tempest.lib.common.rest_client [req-6da594c0-8c37-436e-ad4a-5ac5675ddaad req-6da594c0-8c37-436e-ad4a-5ac5675ddaad ] Request (AttachVolumeTestJSON:test_attach_detach_volume): 200 GET http://10.180.1.21/compute/v2.1/servers/2ef4b06a-c5c6-46ed-89d8-30143aa30a25 0.047s
2025-12-01 12:13:02.671 62224 INFO tempest.lib.common.rest_client [req-c303cfd5-fe55-4b93-a2b3-af362128f23e req-c303cfd5-fe55-4b93-a2b3-af362128f23e ] Request (TenantUsagesTestJSON:setUpClass): 200 GET http://10.180.1.21/compute/v2.1/servers/1a7d5a5f-c5b1-40d2-828b-090fb8e76e3d 0.106s
2025-12-01 12:13:02.714 62218 INFO tempest.lib.common.rest_client [req-4eca8ddd-1bed-498d-8bfc-04a3a32a0115 req-4eca8ddd-1bed-498d-8bfc-04a3a32a0115 ] Request (ServerRescueTestJSON:setUpClass): 200 GET http://10.180.1.21/compute/v2.1/servers/ff7d9da5-bc9a-41f2-a2e4-521d87b22117 0.049s
2025-12-01 12:13:02.762 62222 INFO tempest.lib.common.rest_client [req-04262511-7426-4610-83e6-42a1e3b7c4c0 req-04262511-7426-4610-83e6-42a1e3b7c4c0 ] Request (InstanceActionsV221TestJSON:test_get_list_deleted_instance_actions): 200 GET http://10.180.1.21/compute/v2.1/servers/92f66377-ddec-4312-b10c-f7edc4855d48 0.048s
2025-12-01 12:13:02.794 62212 INFO tempest.lib.common.rest_client [req-11657ca6-be7c-4baa-bbda-132027474b62 req-11657ca6-be7c-4baa-bbda-132027474b62 ] Request (ImagesOneServerTestJSON:setUpClass): 200 GET http://10.180.1.21/compute/v2.1/servers/6ba9719c-3689-4db6-8ab2-441dc52c7bfd 0.139s
2025-12-01 12:13:02.807 62194 INFO tempest.lib.common.rest_client [req-d50697fb-12cc-4f90-94f1-7378a9edd476 req-d50697fb-12cc-4f90-94f1-7378a9edd476 ] Request (ServersAdminNegativeTestJSON:setUpClass): 200 GET http://10.180.1.21/compute/v2.1/servers/968692bd-12ae-46aa-b1de-5cd312f436ee 0.048s
2025-12-01 12:13:02.864 62202 INFO tempest.lib.common.rest_client [req-780ee871-6554-4633-bdc0-2b80c3c93f19 req-780ee871-6554-4633-bdc0-2b80c3c93f19 ] Request (ServersAdmin275Test:test_rebuild_update_server_275): 200 GET http://10.180.1.21/compute/v2.1/servers/b9782756-27e1-46fc-940f-069cfb9ab9f9 0.053s
2025-12-01 12:13:02.885 62220 INFO tempest.lib.common.rest_client [req-e993c61e-6c94-4a75-824a-e2e2e6145e87 req-e993c61e-6c94-4a75-824a-e2e2e6145e87 ] Request (MigrationsAdminTest:test_list_migrations_in_flavor_resize_situation): 200 GET http://10.180.1.21/compute/v2.1/servers/a6e6f30d-c667-4f70-bf60-596a8fe97188 0.095s
2025-12-01 12:13:02.908 62196 INFO tempest.lib.common.rest_client [req-09ce0f48-fb58-4d7f-bebc-fb2522a6daf6 req-09ce0f48-fb58-4d7f-bebc-fb2522a6daf6 ] Request (VolumesAdminNegativeTest:test_update_attached_volume_with_nonexistent_volume_in_uri): 200 GET http://10.180.1.21/compute/v2.1/servers/2142b6e8-d060-48eb-8ff1-3e92e6188a83 0.070s
2025-12-01 12:13:02.934 62208 INFO tempest.lib.common.rest_client [req-e47409de-2b0e-41e7-9c73-f14ca2dfba33 req-e47409de-2b0e-41e7-9c73-f14ca2dfba33 ] Request (ServerActionsV293TestJSON:setUpClass): 200 GET http://10.180.1.21/compute/v2.1/servers/2dad2cb0-56e2-4fb6-b540-0fd98265697f 0.074s
2025-12-01 12:13:02.958 62256 INFO tempest.lib.common.rest_client [req-1a7f0561-ba18-4483-a703-63d28193ba74 req-1a7f0561-ba18-4483-a703-63d28193ba74 ] Request (ServersListShow296Test:test_list_show_update_rebuild_server_296): 200 GET http://10.180.1.21/compute/v2.1/servers/8436449e-8f8d-4fd0-96be-31f1464f03ae 0.067s
2025-12-01 12:13:03.125 62204 INFO tempest.lib.common.rest_client [req-ea0e52f1-9d10-44cf-b50b-91ed3c43ffdd req-ea0e52f1-9d10-44cf-b50b-91ed3c43ffdd ] Request (ServerDiagnosticsNegativeTest:test_get_server_diagnostics_by_non_admin): 200 GET http://10.180.1.21/compute/v2.1/servers/53921884-f617-4020-b779-650becf89a58 0.096s
2025-12-01 12:13:03.182 62214 INFO tempest.lib.common.rest_client [req-1267c3a1-1a60-4284-93d2-245ae05cee14 req-1267c3a1-1a60-4284-93d2-245ae05cee14 ] Request (ServersV294TestFqdnHostnames:setUpClass): 200 GET http://10.180.1.21/compute/v2.1/servers/6996289c-f881-4733-8943-98e3633e43ca 0.103s
2025-12-01 12:13:03.214 62244 INFO tempest.lib.common.rest_client [req-c70a233a-fe30-417a-9d1f-12fc32f8d440 req-c70a233a-fe30-417a-9d1f-12fc32f8d440 ] Request (ServerExternalEventsTest:test_create_server_external_events): 200 GET http://10.180.1.21/compute/v2.1/servers/dc6c9cb6-419f-4122-8351-0c517fb8616d 0.095s
2025-12-01 12:13:03.230 62216 INFO tempest.lib.common.rest_client [req-e17f61f7-43ee-40df-b2f1-cba3cc0f84c3 req-e17f61f7-43ee-40df-b2f1-cba3cc0f84c3 ] Request (ServerDiskConfigTestJSON:test_rebuild_server_with_auto_disk_config): 200 GET http://10.180.1.21/compute/v2.1/servers/dbe5937a-cf98-4abc-ad5a-521762e0be9d 0.102s
2025-12-01 12:13:03.263 62232 INFO tempest.lib.common.rest_client [req-48fca755-d546-409d-9cef-10a5014cd447 req-48fca755-d546-409d-9cef-10a5014cd447 ] Request (MultipleCreateTestJSON:test_multiple_create): 200 GET http://10.180.1.21/compute/v2.1/servers/0aa340f7-a219-47f5-9d7d-dd4062643cf7 0.089s
2025-12-01 12:13:03.274 62230 INFO tempest.lib.common.rest_client [req-72f9d90f-ffb0-41cf-9f29-d639937ef63c req-72f9d90f-ffb0-41cf-9f29-d639937ef63c ] Request (ServersWithSpecificFlavorTestJSON:test_verify_created_server_ephemeral_disk): 200 GET http://10.180.1.21/compute/v2.1/servers/511ce01a-0bea-49ba-b0e3-2a006ee88d32 0.055s
2025-12-01 12:13:03.318 62248 INFO tempest.lib.common.rest_client [req-0bc86a02-c468-4e29-b48e-472e36266b7f req-0bc86a02-c468-4e29-b48e-472e36266b7f ] Request (ServerActionsTestOtherA:setUpClass): 200 GET http://10.180.1.21/compute/v2.1/servers/17bc2689-2250-48bc-bc0e-47821b20d3ba 0.048s
2025-12-01 12:13:03.366 62250 INFO tempest.lib.common.rest_client [req-744d6429-d0ae-4838-8f08-557bbd0ec34a req-744d6429-d0ae-4838-8f08-557bbd0ec34a ] Request (ImagesNegativeTestJSON:test_create_image_from_deleted_server): 200 GET http://10.180.1.21/compute/v2.1/servers/a20846de-721a-4bb9-9826-e7c7ebf170c4 0.048s
2025-12-01 12:13:03.528 62242 INFO tempest.lib.common.rest_client [req-7a19d3f0-1056-436b-8f9b-c97a5fb957d1 req-7a19d3f0-1056-436b-8f9b-c97a5fb957d1 ] Request (VolumesAssistedSnapshotsTest:test_volume_assisted_snapshot_create_delete): 200 GET http://10.180.1.21/compute/v2.1/servers/295064f0-9677-4287-877a-ef2a33a87fef 0.094s
2025-12-01 12:13:03.534 62236 INFO tempest.lib.common.rest_client [req-be57a723-d7aa-4049-b7c2-763c983b3ffd req-be57a723-d7aa-4049-b7c2-763c983b3ffd ] Request (FloatingIPsAssociationTestJSON:setUpClass): 200 GET http://10.180.1.21/compute/v2.1/servers/667f56c0-896f-4e25-9e8a-3954f7733dc0 0.135s
2025-12-01 12:13:03.577 62210 INFO tempest.lib.common.rest_client [req-2b309788-5d23-4780-a1c3-ab7c49302595 req-2b309788-5d23-4780-a1c3-ab7c49302595 ] Request (ImagesOneServerNegativeTestJSON:setUpClass): 200 GET http://10.180.1.21/compute/v2.1/servers/b241f341-8413-4f6f-b054-d9209640d652 0.096s
2025-12-01 12:13:03.624 62226 INFO tempest.lib.common.rest_client [req-428f4234-4384-441c-ac7f-0ed5e329ea11 req-428f4234-4384-441c-ac7f-0ed5e329ea11 ] Request (ServersTestMultiNic:test_verify_duplicate_network_nics): 200 GET http://10.180.1.21/compute/v2.1/servers/146b08c3-3893-4c0e-9448-05a988c19ae8 0.098s
2025-12-01 12:13:03.628 62246 INFO tempest.lib.common.rest_client [req-582161c7-e76a-464b-96ac-94b03c033586 req-582161c7-e76a-464b-96ac-94b03c033586 ] Request (ImagesTestJSON:test_create_image_from_stopped_server): 200 GET http://10.180.1.21/compute/v2.1/servers/d0df932e-822b-4c60-a588-445aa2f14cdb 0.139s
2025-12-01 12:13:03.671 62238 INFO tempest.lib.common.rest_client [req-4b57806b-1950-4ec6-bc9c-dc44e612c7fd req-4b57806b-1950-4ec6-bc9c-dc44e612c7fd ] Request (ListServersNegativeTestJSON:setUpClass): 200 GET http://10.180.1.21/compute/v2.1/servers/09098197-59d7-4e14-b76c-8366a1ea5fd6 0.097s
2025-12-01 12:13:03.673 62228 INFO tempest.lib.common.rest_client [req-eaeba495-54b4-407d-9db2-feae2673468b req-eaeba495-54b4-407d-9db2-feae2673468b ] Request (AttachInterfacesV270Test:test_create_get_list_interfaces): 200 GET http://10.180.1.21/compute/v2.1/servers/b387b903-2f5c-40ad-aeea-b013fb66e17d 0.133s
2025-12-01 12:13:03.714 62200 INFO tempest.lib.common.rest_client [req-bac480a4-f7c8-4759-a4e2-c9771899b321 req-bac480a4-f7c8-4759-a4e2-c9771899b321 ] Request (ServersTestFqdnHostnames:test_create_server_with_fqdn_name): 200 GET http://10.180.1.21/compute/v2.1/servers/bf82c44c-95ce-4e4c-a32f-444bba1ef5cd 0.131s
2025-12-01 12:13:03.718 62252 INFO tempest.lib.common.rest_client [req-5ddc65a8-f3ef-4e24-9837-eac78038ad7b req-5ddc65a8-f3ef-4e24-9837-eac78038ad7b ] Request (AttachInterfacesTestJSON:test_create_list_show_delete_interfaces_by_fixed_ip): 200 GET http://10.180.1.21/compute/v2.1/servers/cfc08011-0291-450a-96eb-c4f8002e07e5 0.098s
2025-12-01 12:13:03.760 62234 INFO tempest.lib.common.rest_client [req-63866034-f03c-42a9-97a2-e910f8cf0926 req-63866034-f03c-42a9-97a2-e910f8cf0926 ] Request (AttachVolumeTestJSON:test_attach_detach_volume): 200 GET http://10.180.1.21/compute/v2.1/servers/2ef4b06a-c5c6-46ed-89d8-30143aa30a25 0.089s
2025-12-01 12:13:03.807 62218 INFO tempest.lib.common.rest_client [req-5dfec7c4-f154-4eb7-97b9-57b8061845c7 req-5dfec7c4-f154-4eb7-97b9-57b8061845c7 ] Request (ServerRescueTestJSON:setUpClass): 200 GET http://10.180.1.21/compute/v2.1/servers/ff7d9da5-bc9a-41f2-a2e4-521d87b22117 0.086s
2025-12-01 12:13:03.809 62224 INFO tempest.lib.common.rest_client [req-16977ef4-c6e5-46de-a0bb-405ca93ed072 req-16977ef4-c6e5-46de-a0bb-405ca93ed072 ] Request (TenantUsagesTestJSON:setUpClass): 200 GET http://10.180.1.21/compute/v2.1/servers/1a7d5a5f-c5b1-40d2-828b-090fb8e76e3d 0.132s
2025-12-01 12:13:03.857 62222 INFO tempest.lib.common.rest_client [req-703f7966-57ff-4526-939b-54000f4b8a47 req-703f7966-57ff-4526-939b-54000f4b8a47 ] Request (InstanceActionsV221TestJSON:test_get_list_deleted_instance_actions): 200 GET http://10.180.1.21/compute/v2.1/servers/92f66377-ddec-4312-b10c-f7edc4855d48 0.086s
