2025-12-01 12:11:12.068 62208 INFO tempest.lib.common.dynamic_creds [-] Created isolated network resources for: credentials: Credentials: {'domain_id': 'default', 'domain_name': 'Default', 'username': 'tempest-HypervisorAdminV253TestBase-127995483-project-admin', 'project_domain_id': 'default', 'project_domain_name': 'Default', 'project_id': 'bf06e335487841849107dc73ee7b1982', 'project_name': 'tempest-HypervisorAdminV253TestBase-127995483', 'tenant_id': 'bf06e335487841849107dc73ee7b1982', 'tenant_name': 'tempest-HypervisorAdminV253TestBase-127995483', 'user_domain_id': 'default', 'user_domain_name': 'Default', 'user_id': '336e1c23e65942c7bf0edfac8db7c491', 'system': None}, Network: None, Subnet: None, Router: None
2025-12-01 12:11:12.109 62196 INFO tempest.lib.common.rest_client [req-427f89c7-5e5d-40f4-bb39-70fa686fb314 req-427f89c7-5e5d-40f4-bb39-70fa686fb314 ] Request (FlavorsAccessNegativeTestJSON:test_add_flavor_access_duplicate): 200 POST http://10.180.1.21/compute/v2.1/flavors/40990029/action 4.897s
2025-12-01 12:11:12.127 62234 INFO tempest.lib.common.rest_client [req-3a6e2cca-4319-45c4-a815-5c67d1eb6034 req-3a6e2cca-4319-45c4-a815-5c67d1eb6034 ] Request (HypervisorAdminNegativeUnderV252Test:test_search_nonexistent_hypervisor): 404 GET http://10.180.1.21/compute/v2.1/os-hypervisors/nonexistent_hypervisor_name/search 4.747s
2025-12-01 12:11:12.140 62242 INFO tempest.lib.common.rest_client [req-1199fdd6-8eb6-477f-947f-f9b624e50f93 req-1199fdd6-8eb6-477f-947f-f9b624e50f93 ] Request (VolumesAssistedSnapshotsTest:setUpClass): 200 GET http://10.180.1.21/identity/v3/roles 0.136s
2025-12-01 12:11:12.158 62238 INFO tempest.lib.common.rest_client [req-e165d200-e01f-4b90-9183-a1734723fa79 req-e165d200-e01f-4b90-9183-a1734723fa79 ] Request (ServicesAdminNegativeV253TestJSON:test_get_service_by_invalid_service_and_valid_host): 200 GET http://10.180.1.21/compute/v2.1/os-services 4.755s
2025-12-01 12:11:12.166 62252 INFO tempest.lib.common.rest_client [req-b2768fb3-abc3-4445-9ed8-7e37f8a548cd req-b2768fb3-abc3-4445-9ed8-7e37f8a548cd ] Request (FloatingIPDetailsNegativeTestJSON:setUpClass): 201 POST http://10.180.1.21/identity/v3/projects 0.196s
2025-12-01 12:11:12.167 62194 INFO tempest.lib.common.rest_client [req-483445b1-1b06-4ff3-9ec9-242dc68291ae req-483445b1-1b06-4ff3-9ec9-242dc68291ae ] Request (FlavorsExtraSpecsNegativeTestJSON:test_flavor_non_admin_set_keys): 403 POST http://10.180.1.21/compute/v2.1/flavors/1806317626/os-extra_specs 4.479s
2025-12-01 12:11:12.226 62208 INFO tempest.lib.common.rest_client [req-92625593-36a9-4095-be2c-f204198c5e6d req-92625593-36a9-4095-be2c-f204198c5e6d ] Request (HypervisorAdminV253TestBase:setUpClass): 201 POST http://10.180.1.21/identity/v3/auth/tokens 0.155s
2025-12-01 12:11:12.237 62242 INFO tempest.lib.common.rest_client [req-0780ad69-b802-467d-a36b-a5f8bab0d23d req-0780ad69-b802-467d-a36b-a5f8bab0d23d ] Request (VolumesAssistedSnapshotsTest:setUpClass): 204 PUT http://10.180.1.21/identity/v3/projects/9027fb6e68a341cda8a8279521393c6e/users/58a3b23686a14250bb42eac3a7595adc/roles/e2d2f696047d4bb9bbf23eb1fdd157c0 0.096s
2025-12-01 12:11:12.237 62242 INFO tempest.lib.common.dynamic_creds [-] Dynamic test user 58a3b23686a14250bb42eac3a7595adc is created with scope project and roles: ['admin', 'service']
2025-12-01 12:11:12.237 62242 INFO tempest.lib.common.dynamic_creds [-] Acquired dynamic creds: credentials: Credentials: {'domain_id': 'default', 'domain_name': 'Default', 'username': 'tempest-VolumesAssistedSnapshotsTest-2110337120-project', 'project_domain_id': 'default', 'project_domain_name': 'Default', 'project_id': '9027fb6e68a341cda8a8279521393c6e', 'project_name': 'tempest-VolumesAssistedSnapshotsTest-2110337120', 'tenant_id': '9027fb6e68a341cda8a8279521393c6e', 'tenant_name': 'tempest-VolumesAssistedSnapshotsTest-2110337120', 'user_domain_id': 'default', 'user_domain_name': 'Default', 'user_id': '58a3b23686a14250bb42eac3a7595adc', 'system': None}, Network: None, Subnet: None, Router: None
2025-12-01 12:11:12.270 62252 INFO tempest.lib.common.rest_client [req-b092ac4d-5c16-4403-84bb-6952b0ee07e3 req-b092ac4d-5c16-4403-84bb-6952b0ee07e3 ] Request (FloatingIPDetailsNegativeTestJSON:setUpClass): 201 POST http://10.180.1.21/identity/v3/users 0.104s
2025-12-01 12:11:12.291 62216 INFO tempest.lib.common.rest_client [req-9394b034-f9a4-4821-9e4a-5daaa0f5aad2 req-9394b034-f9a4-4821-9e4a-5daaa0f5aad2 ] Request (AZAdminV2TestJSON:tearDownClass): 204 DELETE http://10.180.1.21:9696/networking/v2.0/security-groups/bc816d7a-0e89-4a18-a489-1e79cc21c88d 0.424s
2025-12-01 12:11:12.339 62252 INFO tempest.lib.common.rest_client [req-b168d73f-454e-4f02-9352-4d5cae66e26d req-b168d73f-454e-4f02-9352-4d5cae66e26d ] Request (FloatingIPDetailsNegativeTestJSON:setUpClass): 200 GET http://10.180.1.21/identity/v3/roles 0.068s
2025-12-01 12:11:12.379 62252 INFO tempest.lib.common.rest_client [req-ec148bb2-0b3a-4b78-b7ac-6aea14c8f6d3 req-ec148bb2-0b3a-4b78-b7ac-6aea14c8f6d3 ] Request (FloatingIPDetailsNegativeTestJSON:setUpClass): 204 PUT http://10.180.1.21/identity/v3/projects/18f34ee64db9472681e2622ecaf36ab2/users/b16097216c0040dbacbcfcf2735f8d3c/roles/1a5159e1bb374e61874d754f8c6a839e 0.039s
2025-12-01 12:11:12.380 62252 INFO tempest.lib.common.dynamic_creds [-] Dynamic test user b16097216c0040dbacbcfcf2735f8d3c is created with scope project and roles: ['member']
2025-12-01 12:11:12.380 62252 INFO tempest.lib.common.dynamic_creds [-] Acquired dynamic creds: credentials: Credentials: {'domain_id': 'default', 'domain_name': 'Default', 'username': 'tempest-FloatingIPDetailsNegativeTestJSON-1177748624-project-member', 'project_domain_id': 'default', 'project_domain_name': 'Default', 'project_id': '18f34ee64db9472681e2622ecaf36ab2', 'project_name': 'tempest-FloatingIPDetailsNegativeTestJSON-1177748624', 'tenant_id': '18f34ee64db9472681e2622ecaf36ab2', 'tenant_name': 'tempest-FloatingIPDetailsNegativeTestJSON-1177748624', 'user_domain_id': 'default', 'user_domain_name': 'Default', 'user_id': 'b16097216c0040dbacbcfcf2735f8d3c', 'system': None}, Network: None, Subnet: None, Router: None
2025-12-01 12:11:12.388 62222 INFO tempest.lib.common.rest_client [req-28b712c7-3b9b-46af-8d1d-d406d542b62c req-28b712c7-3b9b-46af-8d1d-d406d542b62c ] Request (SecurityGroupsTestAdminJSON:test_list_security_groups_list_all_tenants_filter): 200 POST http://10.180.1.21/compute/v2.1/os-security-groups 5.361s
2025-12-01 12:11:12.442 62216 INFO tempest.lib.common.rest_client [req-afe7f082-3b9b-4e09-8836-44b765eac7f0 req-afe7f082-3b9b-4e09-8836-44b765eac7f0 ] Request (AZAdminV2TestJSON:tearDownClass): 204 DELETE http://10.180.1.21/identity/v3/projects/24441e71931c4e18b3c28088f46ab0f6 0.150s
2025-12-01 12:11:12.465 62252 INFO tempest.lib.common.rest_client [req-fec01d8c-0233-4606-a36c-332dcc4330ac req-fec01d8c-0233-4606-a36c-332dcc4330ac ] Request (FloatingIPDetailsNegativeTestJSON:setUpClass): 201 POST http://10.180.1.21/identity/v3/auth/tokens 0.085s
2025-12-01 12:11:12.480 62216 INFO tempest.lib.common.rest_client [req-440332a7-ef98-4923-af5d-70316412a9d1 req-440332a7-ef98-4923-af5d-70316412a9d1 ] Request (QuotasAdminTestV257:setUpClass): 201 POST http://10.180.1.21/identity/v3/auth/tokens 0.035s
2025-12-01 12:11:12.508 62220 INFO tempest.lib.common.rest_client [req-c84f3632-cfcc-45b0-ac33-ad6df6aac9d8 req-c84f3632-cfcc-45b0-ac33-ad6df6aac9d8 ] Request (HypervisorAdminV228Test:tearDownClass): 200 GET http://10.180.1.21:9696/networking/v2.0/security-groups?tenant_id=cdd1378649ba48db96956e6c79d89f00&name=default 0.663s
2025-12-01 12:11:12.514 62216 INFO tempest.lib.common.rest_client [req-3f4f8b01-d3ca-4063-a4ed-e6ca4c4045df req-3f4f8b01-d3ca-4063-a4ed-e6ca4c4045df ] Request (QuotasAdminTestV257:setUpClass): 201 POST http://10.180.1.21/identity/v3/auth/tokens 0.031s
2025-12-01 12:11:12.536 62216 INFO tempest.lib.common.rest_client [req-b97237b0-402b-4483-b14b-408d6249ca29 req-b97237b0-402b-4483-b14b-408d6249ca29 ] Request (QuotasAdminTestV257:setUpClass): 200 GET http://10.180.1.21/identity/v3/domains?name=Default 0.021s
2025-12-01 12:11:12.567 62216 INFO tempest.lib.common.rest_client [req-eb8a735b-0f2a-49a4-9315-862a3de8c1c1 req-eb8a735b-0f2a-49a4-9315-862a3de8c1c1 ] Request (QuotasAdminTestV257:setUpClass): 201 POST http://10.180.1.21/identity/v3/projects 0.031s
2025-12-01 12:11:12.639 62216 INFO tempest.lib.common.rest_client [req-ce38bf82-db4a-477b-bb11-dcc62c2bddd0 req-ce38bf82-db4a-477b-bb11-dcc62c2bddd0 ] Request (QuotasAdminTestV257:setUpClass): 201 POST http://10.180.1.21/identity/v3/users 0.071s
2025-12-01 12:11:12.658 62216 INFO tempest.lib.common.rest_client [req-13ccf961-9c9c-4891-acca-30e62006fc4e req-13ccf961-9c9c-4891-acca-30e62006fc4e ] Request (QuotasAdminTestV257:setUpClass): 200 GET http://10.180.1.21/identity/v3/roles 0.019s
2025-12-01 12:11:12.696 62216 INFO tempest.lib.common.rest_client [req-615bb0f5-dbe3-4933-bba8-b6f9e72cdd4d req-615bb0f5-dbe3-4933-bba8-b6f9e72cdd4d ] Request (QuotasAdminTestV257:setUpClass): 204 PUT http://10.180.1.21/identity/v3/projects/9793c8d3792c4923841246828fda989a/users/81e730ec5fbb42779f15bcab29419616/roles/1a5159e1bb374e61874d754f8c6a839e 0.037s
2025-12-01 12:11:12.696 62216 INFO tempest.lib.common.dynamic_creds [-] Dynamic test user 81e730ec5fbb42779f15bcab29419616 is created with scope project and roles: ['member']
2025-12-01 12:11:12.696 62216 INFO tempest.lib.common.dynamic_creds [-] Acquired dynamic creds: credentials: Credentials: {'domain_id': 'default', 'domain_name': 'Default', 'username': 'tempest-QuotasAdminTestV257-1336249485-project-member', 'project_domain_id': 'default', 'project_domain_name': 'Default', 'project_id': '9793c8d3792c4923841246828fda989a', 'project_name': 'tempest-QuotasAdminTestV257-1336249485', 'tenant_id': '9793c8d3792c4923841246828fda989a', 'tenant_name': 'tempest-QuotasAdminTestV257-1336249485', 'user_domain_id': 'default', 'user_domain_name': 'Default', 'user_id': '81e730ec5fbb42779f15bcab29419616', 'system': None}, Network: None, Subnet: None, Router: None
2025-12-01 12:11:12.696 62216 INFO tempest.lib.common.dynamic_creds [-] Created isolated network resources for: credentials: Credentials: {'domain_id': 'default', 'domain_name': 'Default', 'username': 'tempest-QuotasAdminTestV257-1336249485-project-member', 'project_domain_id': 'default', 'project_domain_name': 'Default', 'project_id': '9793c8d3792c4923841246828fda989a', 'project_name': 'tempest-QuotasAdminTestV257-1336249485', 'tenant_id': '9793c8d3792c4923841246828fda989a', 'tenant_name': 'tempest-QuotasAdminTestV257-1336249485', 'user_domain_id': 'default', 'user_domain_name': 'Default', 'user_id': '81e730ec5fbb42779f15bcab29419616', 'system': None}, Network: None, Subnet: None, Router: None
2025-12-01 12:11:12.792 62216 INFO tempest.lib.common.rest_client [req-8036897b-0dd1-49ff-bdb0-15373000929f req-8036897b-0dd1-49ff-bdb0-15373000929f ] Request (QuotasAdminTestV257:setUpClass): 201 POST http://10.180.1.21/identity/v3/auth/tokens 0.090s
2025-12-01 12:11:12.820 62236 INFO tempest.lib.common.rest_client [req-8c7044d1-b202-4606-9963-cc3ee296f63c req-8c7044d1-b202-4606-9963-cc3ee296f63c ] Request (NetworksTest:test_list_all_networks): 200 GET http://10.180.1.21/compute/v2.1/os-networks 4.892s
2025-12-01 12:11:12.850 62210 INFO tempest.lib.common.rest_client [req-28996cc3-a408-4be7-97e9-54852d9a548b req-28996cc3-a408-4be7-97e9-54852d9a548b ] Request (HypervisorAdminUnderV252Test:test_search_hypervisor): 200 GET http://10.180.1.21/compute/v2.1/os-hypervisors/domain-c8.fc996f14-c53b-4953-92e3-bdfa48f5cc28/search 4.837s
2025-12-01 12:11:12.873 62216 INFO tempest.lib.common.rest_client [req-54606fad-3d0b-479d-8b97-8c1aa83f8ca0 req-54606fad-3d0b-479d-8b97-8c1aa83f8ca0 ] Request (QuotasAdminTestV257:setUpClass): 201 POST http://10.180.1.21/identity/v3/projects 0.080s
2025-12-01 12:11:12.891 62240 INFO tempest.lib.common.rest_client [req-3327db64-7f88-4e5b-a499-c2ca973da818 req-3327db64-7f88-4e5b-a499-c2ca973da818 ] Request (FlavorsV2TestJSON:test_list_flavors_detailed_filter_by_min_ram): 200 GET http://10.180.1.21/compute/v2.1/flavors/detail?minRam=129 4.842s
2025-12-01 12:11:12.902 62200 INFO tempest.lib.common.rest_client [req-ba7113ee-07a9-4f68-8e52-2fe2fd9f7220 req-ba7113ee-07a9-4f68-8e52-2fe2fd9f7220 ] Request (ServerDiagnosticsTest:test_get_server_diagnostics): 200 GET http://10.180.1.21/compute/v2.1/servers/495acb0f-5b45-457e-9218-db57a3612289 4.984s
2025-12-01 12:11:12.918 62214 INFO tempest.lib.common.rest_client [req-87fed937-4ace-4905-996f-5f38ab325f27 req-87fed937-4ace-4905-996f-5f38ab325f27 ] Request (FlavorsV261TestJSON:_run_cleanups): 202 DELETE http://10.180.1.21/compute/v2.1/flavors/848533065 4.844s
2025-12-01 12:11:13.002 62242 INFO tempest.lib.common.rest_client [req-e171bbfe-837f-496d-a57e-07874290f497 req-e171bbfe-837f-496d-a57e-07874290f497 ] Request (VolumesAssistedSnapshotsTest:setUpClass): 201 POST http://10.180.1.21:9696/networking/v2.0/networks 0.764s
2025-12-01 12:11:13.003 62220 INFO tempest.lib.common.rest_client [req-cb9406bc-f90c-4ffe-aff2-e36e7802e553 req-cb9406bc-f90c-4ffe-aff2-e36e7802e553 ] Request (HypervisorAdminV228Test:tearDownClass): 204 DELETE http://10.180.1.21:9696/networking/v2.0/security-groups/dd9c1dd6-2742-4e79-9757-1dfee8f276ff 0.494s
2025-12-01 12:11:13.111 62210 INFO tempest.lib.common.rest_client [req-9f30c576-4ba9-4705-8674-665fdce0a2bf req-9f30c576-4ba9-4705-8674-665fdce0a2bf ] Request (HypervisorAdminUnderV252Test:tearDownClass): 204 DELETE http://10.180.1.21/identity/v3/users/6b818cccfc9246488bd8c62ba2c163e5 0.257s
2025-12-01 12:11:13.120 62236 INFO tempest.lib.common.rest_client [req-db192ed2-479a-4d3e-a893-d7ad6cf92f12 req-db192ed2-479a-4d3e-a893-d7ad6cf92f12 ] Request (NetworksTest:tearDownClass): 204 DELETE http://10.180.1.21/identity/v3/users/f157dc79228149a8925a4fcaa4741b46 0.298s
2025-12-01 12:11:13.219 62216 INFO tempest.lib.common.rest_client [req-9d7bfffb-4a6c-4329-8341-7b5076057e80 req-9d7bfffb-4a6c-4329-8341-7b5076057e80 ] Request (QuotasAdminTestV257:setUpClass): 201 POST http://10.180.1.21/identity/v3/users 0.346s
2025-12-01 12:11:13.242 62220 INFO tempest.lib.common.rest_client [req-fda9d5b0-ca44-4c87-a3b5-fc4c2a037ade req-fda9d5b0-ca44-4c87-a3b5-fc4c2a037ade ] Request (HypervisorAdminV228Test:tearDownClass): 204 DELETE http://10.180.1.21/identity/v3/projects/cdd1378649ba48db96956e6c79d89f00 0.238s
2025-12-01 12:11:13.358 62210 INFO tempest.lib.common.rest_client [req-8f0044f9-8c5e-48cc-a12b-8e4770c8de32 req-8f0044f9-8c5e-48cc-a12b-8e4770c8de32 ] Request (HypervisorAdminUnderV252Test:tearDownClass): 204 DELETE http://10.180.1.21/identity/v3/users/37ea7ceb083a48ee82e755d1751cea5e 0.246s
2025-12-01 12:11:13.359 62210 INFO tempest.lib.common.dynamic_creds [-] Deleting project and security group for project: 809dce9b68dd4a98adf297948c790165
2025-12-01 12:11:13.365 62236 INFO tempest.lib.common.rest_client [req-dd15ef27-e0af-43d6-b534-4e1adf82ffd8 req-dd15ef27-e0af-43d6-b534-4e1adf82ffd8 ] Request (NetworksTest:tearDownClass): 204 DELETE http://10.180.1.21/identity/v3/users/a223b2273b3f472f8796c3a2f7afffa3 0.244s
2025-12-01 12:11:13.365 62236 INFO tempest.lib.common.dynamic_creds [-] Deleting project and security group for project: 9704d5c347b44038a341bbccadda7260
2025-12-01 12:11:13.456 62216 INFO tempest.lib.common.rest_client [req-d233a251-1eab-4a87-92f6-af1496f52044 req-d233a251-1eab-4a87-92f6-af1496f52044 ] Request (QuotasAdminTestV257:setUpClass): 200 GET http://10.180.1.21/identity/v3/roles 0.236s
2025-12-01 12:11:13.474 62220 INFO tempest.lib.common.rest_client [req-379c6698-6417-4472-866c-0a15e87dbe52 req-379c6698-6417-4472-866c-0a15e87dbe52 ] Request (MigrationsAdminTest:setUpClass): 201 POST http://10.180.1.21/identity/v3/auth/tokens 0.230s
2025-12-01 12:11:13.499 62236 INFO tempest.lib.common.rest_client [req-b2003029-b728-453c-86f5-9e27e484c8dd req-b2003029-b728-453c-86f5-9e27e484c8dd ] Request (NetworksTest:tearDownClass): 201 POST http://10.180.1.21/identity/v3/auth/tokens 0.133s
2025-12-01 12:11:13.534 62252 INFO tempest.lib.common.rest_client [req-13785be1-5d45-4f6f-8bb3-0f6bae227097 req-13785be1-5d45-4f6f-8bb3-0f6bae227097 ] Request (FloatingIPDetailsNegativeTestJSON:setUpClass): 201 POST http://10.180.1.21:9696/networking/v2.0/networks 1.068s
2025-12-01 12:11:13.545 62216 INFO tempest.lib.common.rest_client [req-5d0aae7f-043a-47c4-8cbc-28e72c4506c2 req-5d0aae7f-043a-47c4-8cbc-28e72c4506c2 ] Request (QuotasAdminTestV257:setUpClass): 204 PUT http://10.180.1.21/identity/v3/projects/b067f829e25347759ec9746341b8d15c/users/006b0dd26e8444ab82cbeea8d69bd69b/roles/23f847e59dbd4181a962112a44e4d929 0.088s
2025-12-01 12:11:13.653 62210 INFO tempest.lib.common.rest_client [req-02cd94b8-9a5e-4f32-b2ee-2d87aa093da8 req-02cd94b8-9a5e-4f32-b2ee-2d87aa093da8 ] Request (HypervisorAdminUnderV252Test:tearDownClass): 201 POST http://10.180.1.21/identity/v3/auth/tokens 0.294s
2025-12-01 12:11:13.665 62220 INFO tempest.lib.common.rest_client [req-b6cb6481-8806-4c59-b196-1d072f5c10a2 req-b6cb6481-8806-4c59-b196-1d072f5c10a2 ] Request (MigrationsAdminTest:setUpClass): 201 POST http://10.180.1.21/identity/v3/auth/tokens 0.189s
2025-12-01 12:11:13.679 62216 INFO tempest.lib.common.rest_client [req-d6d2baac-d7aa-4a8d-ad80-5442a0bc6db0 req-d6d2baac-d7aa-4a8d-ad80-5442a0bc6db0 ] Request (QuotasAdminTestV257:setUpClass): 200 GET http://10.180.1.21/identity/v3/roles 0.134s
2025-12-01 12:11:13.689 62228 INFO tempest.lib.common.rest_client [req-b4eaf82d-644a-4a72-83f0-2a60abfccc55 req-b4eaf82d-644a-4a72-83f0-2a60abfccc55 ] Request (AggregatesAdminNegativeTestJSON:test_aggregate_add_existent_host): 200 POST http://10.180.1.21/compute/v2.1/os-aggregates/1/action 5.568s
2025-12-01 12:11:13.696 62220 INFO tempest.lib.common.rest_client [req-90a8007f-04d2-4a98-83a6-7d3bc05f9df9 req-90a8007f-04d2-4a98-83a6-7d3bc05f9df9 ] Request (MigrationsAdminTest:setUpClass): 200 GET http://10.180.1.21/identity/v3/domains?name=Default 0.031s
2025-12-01 12:11:13.711 62216 INFO tempest.lib.common.rest_client [req-cf202eaf-ee2c-4219-ba06-e39924bee69d req-cf202eaf-ee2c-4219-ba06-e39924bee69d ] Request (QuotasAdminTestV257:setUpClass): 204 PUT http://10.180.1.21/identity/v3/projects/b067f829e25347759ec9746341b8d15c/users/006b0dd26e8444ab82cbeea8d69bd69b/roles/23f847e59dbd4181a962112a44e4d929 0.032s
2025-12-01 12:11:13.712 62216 INFO tempest.lib.common.dynamic_creds [-] Dynamic test user 006b0dd26e8444ab82cbeea8d69bd69b is created with scope project and roles: ['admin']
2025-12-01 12:11:13.712 62216 INFO tempest.lib.common.dynamic_creds [-] Acquired dynamic creds: credentials: Credentials: {'domain_id': 'default', 'domain_name': 'Default', 'username': 'tempest-QuotasAdminTestV257-61738887-project-admin', 'project_domain_id': 'default', 'project_domain_name': 'Default', 'project_id': 'b067f829e25347759ec9746341b8d15c', 'project_name': 'tempest-QuotasAdminTestV257-61738887', 'tenant_id': 'b067f829e25347759ec9746341b8d15c', 'tenant_name': 'tempest-QuotasAdminTestV257-61738887', 'user_domain_id': 'default', 'user_domain_name': 'Default', 'user_id': '006b0dd26e8444ab82cbeea8d69bd69b', 'system': None}, Network: None, Subnet: None, Router: None
2025-12-01 12:11:13.712 62216 INFO tempest.lib.common.dynamic_creds [-] Created isolated network resources for: credentials: Credentials: {'domain_id': 'default', 'domain_name': 'Default', 'username': 'tempest-QuotasAdminTestV257-61738887-project-admin', 'project_domain_id': 'default', 'project_domain_name': 'Default', 'project_id': 'b067f829e25347759ec9746341b8d15c', 'project_name': 'tempest-QuotasAdminTestV257-61738887', 'tenant_id': 'b067f829e25347759ec9746341b8d15c', 'tenant_name': 'tempest-QuotasAdminTestV257-61738887', 'user_domain_id': 'default', 'user_domain_name': 'Default', 'user_id': '006b0dd26e8444ab82cbeea8d69bd69b', 'system': None}, Network: None, Subnet: None, Router: None
2025-12-01 12:11:13.715 62254 INFO tempest.lib.common.rest_client [req-5fe4325c-cacd-47e1-bb81-74086241fdfb req-5fe4325c-cacd-47e1-bb81-74086241fdfb ] Request (HostsAdminTestJSON:test_list_hosts_with_nonexistent_zone): 200 GET http://10.180.1.21/compute/v2.1/os-hosts?zone=xxx 4.939s
2025-12-01 12:11:13.826 62220 INFO tempest.lib.common.rest_client [req-0964315e-eb51-4217-9a17-ddc346caf555 req-0964315e-eb51-4217-9a17-ddc346caf555 ] Request (MigrationsAdminTest:setUpClass): 201 POST http://10.180.1.21/identity/v3/projects 0.129s
2025-12-01 12:11:13.883 62212 INFO tempest.lib.common.rest_client [req-a03134ab-e08a-4142-a4a4-d47b6445ca41 req-a03134ab-e08a-4142-a4a4-d47b6445ca41 ] Request (ImagesOneServerTestJSON:setUpClass): 200 GET http://10.180.1.21/compute/v2.1/servers/6ba9719c-3689-4db6-8ab2-441dc52c7bfd 5.162s
2025-12-01 12:11:13.906 62216 INFO tempest.lib.common.rest_client [req-1109e129-bf1b-45b3-9bf6-7d2dee89b035 req-1109e129-bf1b-45b3-9bf6-7d2dee89b035 ] Request (QuotasAdminTestV257:setUpClass): 201 POST http://10.180.1.21/identity/v3/auth/tokens 0.191s
2025-12-01 12:11:13.907 62216 WARNING tempest.lib.common.rest_client [-] Deprecated: "tenant_id" property is deprecated for removal, use "project_id" instead
2025-12-01 12:11:13.916 62220 INFO tempest.lib.common.rest_client [req-c518e500-8488-4559-9fbf-d06ab661f83b req-c518e500-8488-4559-9fbf-d06ab661f83b ] Request (MigrationsAdminTest:setUpClass): 201 POST http://10.180.1.21/identity/v3/users 0.089s
2025-12-01 12:11:13.942 62220 INFO tempest.lib.common.rest_client [req-60994ef5-6716-4b16-b1ca-2fd930f0c5d1 req-60994ef5-6716-4b16-b1ca-2fd930f0c5d1 ] Request (MigrationsAdminTest:setUpClass): 200 GET http://10.180.1.21/identity/v3/roles 0.025s
2025-12-01 12:11:13.998 62220 INFO tempest.lib.common.rest_client [req-3466afb4-7ee8-4834-a79c-a4c4f2b4fae8 req-3466afb4-7ee8-4834-a79c-a4c4f2b4fae8 ] Request (MigrationsAdminTest:setUpClass): 204 PUT http://10.180.1.21/identity/v3/projects/6e7e747becdf4976b570b79d4b20d88b/users/e2857b6d47a246a3abff6425bf6e5866/roles/1a5159e1bb374e61874d754f8c6a839e 0.055s
2025-12-01 12:11:13.998 62220 INFO tempest.lib.common.dynamic_creds [-] Dynamic test user e2857b6d47a246a3abff6425bf6e5866 is created with scope project and roles: ['member']
2025-12-01 12:11:13.998 62220 INFO tempest.lib.common.dynamic_creds [-] Acquired dynamic creds: credentials: Credentials: {'domain_id': 'default', 'domain_name': 'Default', 'username': 'tempest-MigrationsAdminTest-5656953-project-member', 'project_domain_id': 'default', 'project_domain_name': 'Default', 'project_id': '6e7e747becdf4976b570b79d4b20d88b', 'project_name': 'tempest-MigrationsAdminTest-5656953', 'tenant_id': '6e7e747becdf4976b570b79d4b20d88b', 'tenant_name': 'tempest-MigrationsAdminTest-5656953', 'user_domain_id': 'default', 'user_domain_name': 'Default', 'user_id': 'e2857b6d47a246a3abff6425bf6e5866', 'system': None}, Network: None, Subnet: None, Router: None
2025-12-01 12:11:13.999 62220 INFO tempest.lib.common.dynamic_creds [-] Created isolated network resources for: credentials: Credentials: {'domain_id': 'default', 'domain_name': 'Default', 'username': 'tempest-MigrationsAdminTest-5656953-project-member', 'project_domain_id': 'default', 'project_domain_name': 'Default', 'project_id': '6e7e747becdf4976b570b79d4b20d88b', 'project_name': 'tempest-MigrationsAdminTest-5656953', 'tenant_id': '6e7e747becdf4976b570b79d4b20d88b', 'tenant_name': 'tempest-MigrationsAdminTest-5656953', 'user_domain_id': 'default', 'user_domain_name': 'Default', 'user_id': 'e2857b6d47a246a3abff6425bf6e5866', 'system': None}, Network: None, Subnet: None, Router: None
2025-12-01 12:11:14.028 62224 INFO tempest.lib.common.rest_client [req-b793f6eb-7dc0-45f8-8bdb-ea9322a85256 req-b793f6eb-7dc0-45f8-8bdb-ea9322a85256 ] Request (TenantUsagesTestJSON:setUpClass): 200 GET http://10.180.1.21/compute/v2.1/servers/1a7d5a5f-c5b1-40d2-828b-090fb8e76e3d 4.421s
2025-12-01 12:11:14.083 62198 INFO tempest.lib.common.rest_client [req-de7f5eec-9c07-49c7-a86c-67b88ece0ecd req-de7f5eec-9c07-49c7-a86c-67b88ece0ecd ] Request (FlavorsV255TestJSON:test_crud_flavor): 200 PUT http://10.180.1.21/compute/v2.1/flavors/539458697 4.153s
2025-12-01 12:11:14.107 62218 INFO tempest.lib.common.rest_client [req-896d9b1a-6b69-4428-967c-e8015ac757d9 req-896d9b1a-6b69-4428-967c-e8015ac757d9 ] Request (HostsAdminNegativeTestJSON:setUpClass): 200 GET http://10.180.1.21/compute/v2.1/os-hosts 4.409s
2025-12-01 12:11:14.119 62206 INFO tempest.lib.common.rest_client [req-f332446e-60fa-4530-bba4-d4892f222870 req-f332446e-60fa-4530-bba4-d4892f222870 ] Request (HypervisorAdminTestJSON:test_get_hypervisor_show_details): 200 GET http://10.180.1.21/compute/v2.1/os-hypervisors 4.136s
2025-12-01 12:11:14.135 62210 INFO tempest.lib.common.rest_client [req-91bb1e31-5fd1-422a-92be-6340f27755ac req-91bb1e31-5fd1-422a-92be-6340f27755ac ] Request (HypervisorAdminUnderV252Test:tearDownClass): 200 GET http://10.180.1.21:9696/networking/v2.0/security-groups?tenant_id=809dce9b68dd4a98adf297948c790165&name=default 0.480s
2025-12-01 12:11:14.142 62220 INFO tempest.lib.common.rest_client [req-081cc96a-8bd5-494c-8235-1f9e27901fb2 req-081cc96a-8bd5-494c-8235-1f9e27901fb2 ] Request (MigrationsAdminTest:setUpClass): 201 POST http://10.180.1.21/identity/v3/auth/tokens 0.139s
2025-12-01 12:11:14.158 62250 INFO tempest.lib.common.rest_client [req-769c4279-29b9-4605-a3cb-6268e751863c req-769c4279-29b9-4605-a3cb-6268e751863c ] Request (FlavorsExtraSpecsTestJSON:test_flavor_non_admin_get_specific_key): 200 POST http://10.180.1.21/compute/v2.1/flavors/437984925/os-extra_specs 3.407s
2025-12-01 12:11:14.211 62252 INFO tempest.lib.common.rest_client [req-067ec64b-1673-4a09-92ee-0cff7d1bfcd3 req-067ec64b-1673-4a09-92ee-0cff7d1bfcd3 ] Request (FloatingIPDetailsNegativeTestJSON:setUpClass): 201 POST http://10.180.1.21:9696/networking/v2.0/subnets 0.676s
2025-12-01 12:11:14.235 62220 INFO tempest.lib.common.rest_client [req-b6ecb5f5-810d-4730-82a1-938fc12c9210 req-b6ecb5f5-810d-4730-82a1-938fc12c9210 ] Request (MigrationsAdminTest:setUpClass): 201 POST http://10.180.1.21/identity/v3/projects 0.092s
2025-12-01 12:11:14.325 62220 INFO tempest.lib.common.rest_client [req-1bc95300-50e0-4f3a-aa1a-9aef029142a4 req-1bc95300-50e0-4f3a-aa1a-9aef029142a4 ] Request (MigrationsAdminTest:setUpClass): 201 POST http://10.180.1.21/identity/v3/users 0.089s
2025-12-01 12:11:14.350 62220 INFO tempest.lib.common.rest_client [req-451a16f0-ce56-4a67-a18c-10000b93e0b5 req-451a16f0-ce56-4a67-a18c-10000b93e0b5 ] Request (MigrationsAdminTest:setUpClass): 200 GET http://10.180.1.21/identity/v3/roles 0.025s
2025-12-01 12:11:14.386 62248 INFO tempest.lib.common.rest_client [req-d4efbd57-8788-46d0-94e4-3df13f7b45a0 req-d4efbd57-8788-46d0-94e4-3df13f7b45a0 ] Request (KeyPairsV210TestJSON:test_admin_manage_keypairs_for_other_users): 200 GET http://10.180.1.21/compute/v2.1/os-keypairs?user_id=2f61a9cb82f24fb18ce294a7b3e6f9a3 3.332s
2025-12-01 12:11:14.394 62220 INFO tempest.lib.common.rest_client [req-9834797b-7658-466c-bfc7-83b9b83375b1 req-9834797b-7658-466c-bfc7-83b9b83375b1 ] Request (MigrationsAdminTest:setUpClass): 204 PUT http://10.180.1.21/identity/v3/projects/acbda570d24a4fdd9e64eb000e22ef43/users/cd5c8391ab39464e9878d7e6fda0bd11/roles/23f847e59dbd4181a962112a44e4d929 0.044s
2025-12-01 12:11:14.453 62220 INFO tempest.lib.common.rest_client [req-4790f79e-17c0-4975-953a-6a834aa41b63 req-4790f79e-17c0-4975-953a-6a834aa41b63 ] Request (MigrationsAdminTest:setUpClass): 200 GET http://10.180.1.21/identity/v3/roles 0.058s
2025-12-01 12:11:14.472 62220 INFO tempest.lib.common.rest_client [req-d04b52fd-42c5-4a0d-89e4-ab8be15df719 req-d04b52fd-42c5-4a0d-89e4-ab8be15df719 ] Request (MigrationsAdminTest:setUpClass): 204 PUT http://10.180.1.21/identity/v3/projects/acbda570d24a4fdd9e64eb000e22ef43/users/cd5c8391ab39464e9878d7e6fda0bd11/roles/23f847e59dbd4181a962112a44e4d929 0.019s
2025-12-01 12:11:14.472 62220 INFO tempest.lib.common.dynamic_creds [-] Dynamic test user cd5c8391ab39464e9878d7e6fda0bd11 is created with scope project and roles: ['admin']
2025-12-01 12:11:14.472 62220 INFO tempest.lib.common.dynamic_creds [-] Acquired dynamic creds: credentials: Credentials: {'domain_id': 'default', 'domain_name': 'Default', 'username': 'tempest-MigrationsAdminTest-1125445610-project-admin', 'project_domain_id': 'default', 'project_domain_name': 'Default', 'project_id': 'acbda570d24a4fdd9e64eb000e22ef43', 'project_name': 'tempest-MigrationsAdminTest-1125445610', 'tenant_id': 'acbda570d24a4fdd9e64eb000e22ef43', 'tenant_name': 'tempest-MigrationsAdminTest-1125445610', 'user_domain_id': 'default', 'user_domain_name': 'Default', 'user_id': 'cd5c8391ab39464e9878d7e6fda0bd11', 'system': None}, Network: None, Subnet: None, Router: None
2025-12-01 12:11:14.472 62220 INFO tempest.lib.common.dynamic_creds [-] Created isolated network resources for: credentials: Credentials: {'domain_id': 'default', 'domain_name': 'Default', 'username': 'tempest-MigrationsAdminTest-1125445610-project-admin', 'project_domain_id': 'default', 'project_domain_name': 'Default', 'project_id': 'acbda570d24a4fdd9e64eb000e22ef43', 'project_name': 'tempest-MigrationsAdminTest-1125445610', 'tenant_id': 'acbda570d24a4fdd9e64eb000e22ef43', 'tenant_name': 'tempest-MigrationsAdminTest-1125445610', 'user_domain_id': 'default', 'user_domain_name': 'Default', 'user_id': 'cd5c8391ab39464e9878d7e6fda0bd11', 'system': None}, Network: None, Subnet: None, Router: None
2025-12-01 12:11:14.522 62236 INFO tempest.lib.common.rest_client [req-87e1d6b2-b2f0-4420-a77f-bf580d0225bc req-87e1d6b2-b2f0-4420-a77f-bf580d0225bc ] Request (NetworksTest:tearDownClass): 200 GET http://10.180.1.21:9696/networking/v2.0/security-groups?tenant_id=9704d5c347b44038a341bbccadda7260&name=default 1.023s
2025-12-01 12:11:14.542 62210 INFO tempest.lib.common.rest_client [req-a671b299-17ff-49b3-a63a-7c91eb03b4af req-a671b299-17ff-49b3-a63a-7c91eb03b4af ] Request (HypervisorAdminUnderV252Test:tearDownClass): 204 DELETE http://10.180.1.21:9696/networking/v2.0/security-groups/0eeb8908-960c-41a3-a253-c1c20a3b4826 0.407s
2025-12-01 12:11:14.556 62220 INFO tempest.lib.common.rest_client [req-a4d0019f-571c-415a-a2a9-852e8a27039e req-a4d0019f-571c-415a-a2a9-852e8a27039e ] Request (MigrationsAdminTest:setUpClass): 201 POST http://10.180.1.21/identity/v3/auth/tokens 0.081s
2025-12-01 12:11:14.585 62242 INFO tempest.lib.common.rest_client [req-43cddb55-e633-482f-95d8-c6c337f5e202 req-43cddb55-e633-482f-95d8-c6c337f5e202 ] Request (VolumesAssistedSnapshotsTest:setUpClass): 201 POST http://10.180.1.21:9696/networking/v2.0/subnets 1.582s
2025-12-01 12:11:14.602 62220 INFO tempest.lib.common.rest_client [req-c5be62b4-f8b9-415d-999d-4a22f8991b2b req-c5be62b4-f8b9-415d-999d-4a22f8991b2b ] Request (MigrationsAdminTest:setUpClass): 200 GET http://10.180.1.21/identity/v3/projects/6e7e747becdf4976b570b79d4b20d88b 0.045s
2025-12-01 12:11:14.603 62220 INFO tempest.lib.common.dynamic_creds [-] Using the existing project 6e7e747becdf4976b570b79d4b20d88b for scope project and roles: ['manager']
2025-12-01 12:11:14.622 62202 INFO tempest.lib.common.rest_client [req-4e60c003-14a2-413c-8069-1566b9154501 req-4e60c003-14a2-413c-8069-1566b9154501 ] Request (QuotasAdminTestV236:test_get_updated_quotas): 200 PUT http://10.180.1.21/compute/v2.1/os-quota-sets/1588cb0c30664817b3e8449228d3bd21?user_id=2f0302fbf88b4ac0824d8f821256d9c9 3.033s
2025-12-01 12:11:14.631 62230 INFO tempest.lib.common.rest_client [req-ba5e8363-d098-4104-b7ed-fc6297f8889a req-ba5e8363-d098-4104-b7ed-fc6297f8889a ] Request (ServersWithSpecificFlavorTestJSON:setUpClass): 200 PUT http://10.180.1.21:9696/networking/v2.0/routers/891d2f31-a940-4499-932d-ed59bcb95ca2/add_router_interface 5.685s
2025-12-01 12:11:14.631 62230 INFO tempest.lib.common.dynamic_creds [-] Created isolated network resources for: credentials: Credentials: {'domain_id': 'default', 'domain_name': 'Default', 'username': 'tempest-ServersWithSpecificFlavorTestJSON-1659767840-project-admin', 'project_domain_id': 'default', 'project_domain_name': 'Default', 'project_id': '3ac75b30b1f440e0a2afcd178a479cf3', 'project_name': 'tempest-ServersWithSpecificFlavorTestJSON-1659767840', 'tenant_id': '3ac75b30b1f440e0a2afcd178a479cf3', 'tenant_name': 'tempest-ServersWithSpecificFlavorTestJSON-1659767840', 'user_domain_id': 'default', 'user_domain_name': 'Default', 'user_id': 'c47d06b4eb49418c9a3928008d5ef8e0', 'system': None}, Network: {'id': '64f390ef-a62d-4325-be71-72f785f977ba', 'name': 'tempest-ServersWithSpecificFlavorTestJSON-1287075349-network', 'tenant_id': '3ac75b30b1f440e0a2afcd178a479cf3', 'admin_state_up': True, 'mtu': 8950, 'status': 'ACTIVE', 'subnets': [], 'shared': False, 'project_id': '3ac75b30b1f440e0a2afcd178a479cf3', 'port_security_enabled': True, 'router:external': False, 'provider:network_type': 'vlan', 'provider:physical_network': 'default', 'provider:segmentation_id': 223, 'is_default': False, 'availability_zone_hints': [], 'availability_zones': [], 'ipv4_address_scope': None, 'ipv6_address_scope': None, 'description': '', 'tags': [], 'created_at': '2025-12-01T12:11:05Z', 'updated_at': '2025-12-01T12:11:05Z', 'revision_number': 1}, Subnet: {'id': '47620930-253c-4039-b599-0dd9e7981c6e', 'name': 'tempest-ServersWithSpecificFlavorTestJSON-1287075349-subnet', 'tenant_id': '3ac75b30b1f440e0a2afcd178a479cf3', 'network_id': '64f390ef-a62d-4325-be71-72f785f977ba', 'ip_version': 4, 'subnetpool_id': None, 'enable_dhcp': True, 'ipv6_ra_mode': None, 'ipv6_address_mode': None, 'gateway_ip': '192.168.128.1', 'cidr': '192.168.128.0/28', 'allocation_pools': [{'start': '192.168.128.2', 'end': '192.168.128.14'}], 'host_routes': [], 'dns_nameservers': [], 'description': '', 'service_types': [], 'tags': [], 'created_at': '2025-12-01T12:11:05Z', 'updated_at': '2025-12-01T12:11:05Z', 'revision_number': 0, 'project_id': '3ac75b30b1f440e0a2afcd178a479cf3'}, Router: {'id': '891d2f31-a940-4499-932d-ed59bcb95ca2', 'name': 'tempest-ServersWithSpecificFlavorTestJSON-1287075349-router', 'tenant_id': '3ac75b30b1f440e0a2afcd178a479cf3', 'admin_state_up': True, 'status': 'ACTIVE', 'external_gateway_info': {'network_id': 'a820131a-da8f-4661-894b-24ed6e07181d', 'external_fixed_ips': [{'subnet_id': '0a0ff1ee-17ea-48ba-bb7a-7e6681f262a4', 'ip_address': '10.180.180.166'}], 'enable_snat': True}, 'description': '', 'availability_zones': [], 'distributed': False, 'ha': False, 'availability_zone_hints': [], 'routes': [], 'flavor_id': None, 'tags': [], 'created_at': '2025-12-01T12:11:06Z', 'updated_at': '2025-12-01T12:11:07Z', 'revision_number': 2, 'project_id': '3ac75b30b1f440e0a2afcd178a479cf3'}
2025-12-01 12:11:14.637 62220 INFO tempest.lib.common.rest_client [req-733d3e85-7eb0-4c67-9029-0e2d02a918c7 req-733d3e85-7eb0-4c67-9029-0e2d02a918c7 ] Request (MigrationsAdminTest:setUpClass): 201 POST http://10.180.1.21/identity/v3/users 0.034s
2025-12-01 12:11:14.678 62210 INFO tempest.lib.common.rest_client [req-6cd79c5d-6a73-4217-b92f-554c9739b3ed req-6cd79c5d-6a73-4217-b92f-554c9739b3ed ] Request (HypervisorAdminUnderV252Test:tearDownClass): 204 DELETE http://10.180.1.21/identity/v3/projects/809dce9b68dd4a98adf297948c790165 0.135s
2025-12-01 12:11:14.678 62210 INFO tempest.lib.common.dynamic_creds [-] Deleting project and security group for project: 0d84bc7388e74938bd51bb7d0b408a5a
2025-12-01 12:11:14.718 62230 INFO tempest.lib.common.rest_client [req-6dfff42c-7903-4b47-82f7-bd3cb7760023 req-6dfff42c-7903-4b47-82f7-bd3cb7760023 ] Request (ServersWithSpecificFlavorTestJSON:setUpClass): 201 POST http://10.180.1.21/identity/v3/auth/tokens 0.084s
2025-12-01 12:11:14.734 62220 INFO tempest.lib.common.rest_client [req-278d3e1f-98d7-471b-9a55-fd1175121537 req-278d3e1f-98d7-471b-9a55-fd1175121537 ] Request (MigrationsAdminTest:setUpClass): 200 GET http://10.180.1.21/identity/v3/roles 0.096s
2025-12-01 12:11:14.761 62220 INFO tempest.lib.common.rest_client [req-1c53a71d-7616-4b0c-9e40-9072607f282d req-1c53a71d-7616-4b0c-9e40-9072607f282d ] Request (MigrationsAdminTest:setUpClass): 204 PUT http://10.180.1.21/identity/v3/projects/6e7e747becdf4976b570b79d4b20d88b/users/524f9f99152c474fbfd1422c21718208/roles/2f06f61f5a8b4fc79c4b0b212d5b5a5d 0.027s
2025-12-01 12:11:14.761 62220 INFO tempest.lib.common.dynamic_creds [-] Dynamic test user 524f9f99152c474fbfd1422c21718208 is created with scope project and roles: ['manager']
2025-12-01 12:11:14.761 62220 INFO tempest.lib.common.dynamic_creds [-] Acquired dynamic creds: credentials: Credentials: {'domain_id': 'default', 'domain_name': 'Default', 'username': 'tempest-MigrationsAdminTest-5656953-project-manager', 'project_domain_id': 'default', 'project_domain_name': 'Default', 'project_id': '6e7e747becdf4976b570b79d4b20d88b', 'project_name': 'tempest-MigrationsAdminTest-5656953', 'tenant_id': '6e7e747becdf4976b570b79d4b20d88b', 'tenant_name': 'tempest-MigrationsAdminTest-5656953', 'user_domain_id': 'default', 'user_domain_name': 'Default', 'user_id': '524f9f99152c474fbfd1422c21718208', 'system': None}, Network: None, Subnet: None, Router: None
2025-12-01 12:11:14.762 62220 INFO tempest.lib.common.dynamic_creds [-] Network resources are not created for requested scope: project and credentials: Credentials: {'domain_id': 'default', 'domain_name': 'Default', 'username': 'tempest-MigrationsAdminTest-5656953-project-manager', 'project_domain_id': 'default', 'project_domain_name': 'Default', 'project_id': '6e7e747becdf4976b570b79d4b20d88b', 'project_name': 'tempest-MigrationsAdminTest-5656953', 'tenant_id': '6e7e747becdf4976b570b79d4b20d88b', 'tenant_name': 'tempest-MigrationsAdminTest-5656953', 'user_domain_id': 'default', 'user_domain_name': 'Default', 'user_id': '524f9f99152c474fbfd1422c21718208', 'system': None}, Network: None, Subnet: None, Router: None
2025-12-01 12:11:14.832 62220 INFO tempest.lib.common.rest_client [req-4387d289-89f0-4f3f-a2bd-2b083da3bf92 req-4387d289-89f0-4f3f-a2bd-2b083da3bf92 ] Request (MigrationsAdminTest:setUpClass): 201 POST http://10.180.1.21/identity/v3/auth/tokens 0.068s
2025-12-01 12:11:14.966 62246 INFO tempest.lib.common.rest_client [req-47c99afb-f8ea-4a7d-87db-03e0c7392c12 req-47c99afb-f8ea-4a7d-87db-03e0c7392c12 ] Request (ImagesTestJSON:test_create_image_from_stopped_server): 200 GET http://10.180.1.21/compute/v2.1/servers/d0df932e-822b-4c60-a588-445aa2f14cdb 4.423s
2025-12-01 12:11:15.081 62204 INFO tempest.lib.common.rest_client [req-deab3c5e-51a1-4989-ad35-df0398e73a14 req-deab3c5e-51a1-4989-ad35-df0398e73a14 ] Request (ServerDiagnosticsNegativeTest:test_get_server_diagnostics_by_non_admin): 200 GET http://10.180.1.21/compute/v2.1/servers/53921884-f617-4020-b779-650becf89a58 3.481s
2025-12-01 12:11:15.096 62236 INFO tempest.lib.common.rest_client [req-453845f0-4e81-4538-a822-02b7bab78a94 req-453845f0-4e81-4538-a822-02b7bab78a94 ] Request (NetworksTest:tearDownClass): 204 DELETE http://10.180.1.21:9696/networking/v2.0/security-groups/7b506e69-5757-45e6-9e89-79c59297a8a4 0.574s
2025-12-01 12:11:15.210 62232 INFO tempest.lib.common.rest_client [req-01bd5128-7903-497c-b3d2-d7e29f704fca req-01bd5128-7903-497c-b3d2-d7e29f704fca ] Request (QuotasAdminNegativeTest:test_create_server_when_memory_quota_is_full): 200 PUT http://10.180.1.21/compute/v2.1/os-quota-sets/33e64bb78a5741579a639b54e565f9dd 3.580s
2025-12-01 12:11:15.235 62236 INFO tempest.lib.common.rest_client [req-582b9523-31d1-4740-8c77-5feb08a14de7 req-582b9523-31d1-4740-8c77-5feb08a14de7 ] Request (NetworksTest:tearDownClass): 204 DELETE http://10.180.1.21/identity/v3/projects/9704d5c347b44038a341bbccadda7260 0.139s
2025-12-01 12:11:15.236 62236 INFO tempest.lib.common.dynamic_creds [-] Deleting project and security group for project: 4972809aa9164d39accbb45819345162
2025-12-01 12:11:15.279 62232 INFO tempest.lib.common.rest_client [req-cc6960c8-2cb6-4379-a589-eecf33bf5861 req-cc6960c8-2cb6-4379-a589-eecf33bf5861 ] Request (QuotasAdminNegativeTest:test_create_server_when_memory_quota_is_full): 201 POST http://10.180.1.21/identity/v3/auth/tokens 0.063s
2025-12-01 12:11:15.279 62232 INFO tempest.lib.common.fixed_network [-] (QuotasAdminNegativeTest:test_create_server_when_memory_quota_is_full) Found network None available for tenant
2025-12-01 12:11:15.311 62226 INFO tempest.lib.common.rest_client [req-bd7ff03f-8d75-466d-a464-774541d1f639 req-bd7ff03f-8d75-466d-a464-774541d1f639 ] Request (ServerDiagnosticsV248Test:test_get_server_diagnostics): 200 GET http://10.180.1.21/compute/v2.1/servers/06028841-b941-4352-b5c1-fa71cc87a4a7 3.236s
2025-12-01 12:11:15.353 62244 INFO tempest.lib.common.rest_client [req-a9714ae7-b420-4e73-9157-8b5db93d564d req-a9714ae7-b420-4e73-9157-8b5db93d564d ] Request (ServerExternalEventsTest:test_create_server_external_events): 200 GET http://10.180.1.21/compute/v2.1/servers/dc6c9cb6-419f-4122-8351-0c517fb8616d 3.622s
2025-12-01 12:11:15.378 62234 INFO tempest.lib.common.rest_client [req-5a70342e-4609-4933-8590-3bf95ec0f790 req-5a70342e-4609-4933-8590-3bf95ec0f790 ] Request (HypervisorAdminNegativeUnderV252Test:test_show_servers_with_non_admin_user): 200 GET http://10.180.1.21/compute/v2.1/os-hypervisors 3.250s
2025-12-01 12:11:15.404 62238 INFO tempest.lib.common.rest_client [req-2863d128-9708-48e5-add8-cbb81cd1c4eb req-2863d128-9708-48e5-add8-cbb81cd1c4eb ] Request (ServicesAdminNegativeV253TestJSON:test_get_service_by_invalid_service_and_valid_host): 200 GET http://10.180.1.21/compute/v2.1/os-services?host=devstack&binary=xxx 3.242s
2025-12-01 12:11:15.417 62210 INFO tempest.lib.common.rest_client [req-99c1e2dc-c928-40ea-9f76-83ef0ce7da17 req-99c1e2dc-c928-40ea-9f76-83ef0ce7da17 ] Request (HypervisorAdminUnderV252Test:tearDownClass): 200 GET http://10.180.1.21:9696/networking/v2.0/security-groups?tenant_id=0d84bc7388e74938bd51bb7d0b408a5a&name=default 0.738s
2025-12-01 12:11:15.444 62194 INFO tempest.lib.common.rest_client [req-0418f1c1-8c4e-4c14-9b14-5e5cfac858c2 req-0418f1c1-8c4e-4c14-9b14-5e5cfac858c2 ] Request (FlavorsExtraSpecsNegativeTestJSON:test_flavor_non_admin_unset_keys): 200 POST http://10.180.1.21/compute/v2.1/flavors/1806317626/os-extra_specs 3.275s
2025-12-01 12:11:15.491 62196 INFO tempest.lib.common.rest_client [req-eb5c42c4-3849-4872-b655-d3bd6379d7c9 req-eb5c42c4-3849-4872-b655-d3bd6379d7c9 ] Request (FlavorsAccessNegativeTestJSON:test_add_flavor_access_duplicate): 409 POST http://10.180.1.21/compute/v2.1/flavors/40990029/action 3.380s
2025-12-01 12:11:15.555 62236 INFO tempest.lib.common.rest_client [req-2f3dc0b5-eb13-4e05-935c-2c33cf2e3fe1 req-2f3dc0b5-eb13-4e05-935c-2c33cf2e3fe1 ] Request (NetworksTest:tearDownClass): 200 GET http://10.180.1.21:9696/networking/v2.0/security-groups?tenant_id=4972809aa9164d39accbb45819345162&name=default 0.319s
2025-12-01 12:11:15.588 62208 INFO tempest.lib.common.rest_client [req-7be56bbe-6b84-4e0b-b9a6-cd3986940c45 req-7be56bbe-6b84-4e0b-b9a6-cd3986940c45 ] Request (HypervisorAdminV253TestBase:test_list_show_detail_hypervisors): 200 GET http://10.180.1.21/compute/v2.1/os-hypervisors/detail?with_servers=True 3.359s
2025-12-01 12:11:15.602 62240 INFO tempest.lib.common.rest_client [req-2366fb9d-5f75-41ef-ac42-390b318b03fd req-2366fb9d-5f75-41ef-ac42-390b318b03fd ] Request (FlavorsV2TestJSON:test_list_flavors_detailed_limit_results): 200 GET http://10.180.1.21/compute/v2.1/flavors/detail?limit=1 2.706s
2025-12-01 12:11:15.621 62214 INFO tempest.lib.common.rest_client [req-0294c2d8-2956-4431-a7b7-79af822921f1 req-0294c2d8-2956-4431-a7b7-79af822921f1 ] Request (FlavorsV261TestJSON:_run_cleanups): 200 GET http://10.180.1.21/compute/v2.1/flavors/detail 2.702s
2025-12-01 12:11:15.664 62228 INFO tempest.lib.common.rest_client [req-be377737-847c-41ef-b2ca-0c1c4bab32ca req-be377737-847c-41ef-b2ca-0c1c4bab32ca ] Request (AggregatesAdminNegativeTestJSON:test_aggregate_add_existent_host): 409 POST http://10.180.1.21/compute/v2.1/os-aggregates/1/action 1.973s
2025-12-01 12:11:15.738 62214 INFO tempest.lib.common.rest_client [req-88d80a4a-2038-4844-aae9-60f71dfcd788 req-88d80a4a-2038-4844-aae9-60f71dfcd788 ] Request (FlavorsV261TestJSON:tearDownClass): 204 DELETE http://10.180.1.21/identity/v3/users/a49e856140144169a8b4743dd24addc1 0.107s
2025-12-01 12:11:15.748 62210 INFO tempest.lib.common.rest_client [req-d629cf32-539c-4366-b907-29a059325693 req-d629cf32-539c-4366-b907-29a059325693 ] Request (HypervisorAdminUnderV252Test:tearDownClass): 204 DELETE http://10.180.1.21:9696/networking/v2.0/security-groups/f4bed475-8c49-477d-b254-eed5cebe794b 0.331s
2025-12-01 12:11:15.871 62210 INFO tempest.lib.common.rest_client [req-c5b2a958-ad07-4f20-8eaf-5dbcf223cbbc req-c5b2a958-ad07-4f20-8eaf-5dbcf223cbbc ] Request (HypervisorAdminUnderV252Test:tearDownClass): 204 DELETE http://10.180.1.21/identity/v3/projects/0d84bc7388e74938bd51bb7d0b408a5a 0.122s
2025-12-01 12:11:15.890 62214 INFO tempest.lib.common.rest_client [req-d70480a2-8d3e-4e91-9328-d5dc44d341bf req-d70480a2-8d3e-4e91-9328-d5dc44d341bf ] Request (FlavorsV261TestJSON:tearDownClass): 204 DELETE http://10.180.1.21/identity/v3/users/f9f341c797114d21a993529eb8513859 0.152s
2025-12-01 12:11:15.890 62214 INFO tempest.lib.common.dynamic_creds [-] Deleting project and security group for project: a5f6ece0f3b0448196bbae49c6e86d0f
2025-12-01 12:11:15.897 62200 INFO tempest.lib.common.rest_client [req-0a61d445-24de-4355-a5bf-dc861cfccf3c req-0a61d445-24de-4355-a5bf-dc861cfccf3c ] Request (ServerDiagnosticsTest:test_get_server_diagnostics): 200 GET http://10.180.1.21/compute/v2.1/servers/495acb0f-5b45-457e-9218-db57a3612289 1.981s
2025-12-01 12:11:15.908 62222 INFO tempest.lib.common.rest_client [req-e0fa4f68-d5b0-4420-807b-24480310ce52 req-e0fa4f68-d5b0-4420-807b-24480310ce52 ] Request (SecurityGroupsTestAdminJSON:test_list_security_groups_list_all_tenants_filter): 200 POST http://10.180.1.21/compute/v2.1/os-security-groups 3.516s
2025-12-01 12:11:15.926 62198 INFO tempest.lib.common.rest_client [req-4f76f0fd-b937-42df-a10a-de624c464f8c req-4f76f0fd-b937-42df-a10a-de624c464f8c ] Request (FlavorsV255TestJSON:test_crud_flavor): 200 GET http://10.180.1.21/compute/v2.1/flavors/detail 1.839s
2025-12-01 12:11:15.963 62206 INFO tempest.lib.common.rest_client [req-12e0fb98-bfb4-4e95-ae9d-aa216a27d64d req-12e0fb98-bfb4-4e95-ae9d-aa216a27d64d ] Request (HypervisorAdminTestJSON:test_get_hypervisor_show_details): 200 GET http://10.180.1.21/compute/v2.1/os-hypervisors/1 1.843s
2025-12-01 12:11:15.978 62210 INFO tempest.lib.common.rest_client [req-8773221c-01aa-436e-8b90-ad238619e4ca req-8773221c-01aa-436e-8b90-ad238619e4ca ] Request (InstanceUsageAuditLogNegativeTestJSON:setUpClass): 201 POST http://10.180.1.21/identity/v3/auth/tokens 0.106s
2025-12-01 12:11:15.982 62250 INFO tempest.lib.common.rest_client [req-2cec9e5c-ef15-43ec-904a-86c927df09d6 req-2cec9e5c-ef15-43ec-904a-86c927df09d6 ] Request (FlavorsExtraSpecsTestJSON:test_flavor_non_admin_get_specific_key): 200 GET http://10.180.1.21/compute/v2.1/flavors/437984925/os-extra_specs/hw:numa_nodes 1.823s
2025-12-01 12:11:16.002 62214 INFO tempest.lib.common.rest_client [req-9ffd34d4-01de-4717-8d0d-1e84e2cfdf7d req-9ffd34d4-01de-4717-8d0d-1e84e2cfdf7d ] Request (FlavorsV261TestJSON:tearDownClass): 201 POST http://10.180.1.21/identity/v3/auth/tokens 0.111s
2025-12-01 12:11:16.005 62248 INFO tempest.lib.common.rest_client [req-6cb73c46-6d55-47a9-877b-33e66d7eff0e req-6cb73c46-6d55-47a9-877b-33e66d7eff0e ] Request (KeyPairsV210TestJSON:_run_cleanups): 204 DELETE http://10.180.1.21/compute/v2.1/os-keypairs/tempest-KeyPairsV210TestJSON-keypair-582974636 1.617s
2025-12-01 12:11:16.034 62210 INFO tempest.lib.common.rest_client [req-454ee5e4-6bd2-440c-a2a1-07f6c8fc97b0 req-454ee5e4-6bd2-440c-a2a1-07f6c8fc97b0 ] Request (InstanceUsageAuditLogNegativeTestJSON:setUpClass): 201 POST http://10.180.1.21/identity/v3/auth/tokens 0.053s
2025-12-01 12:11:16.067 62236 INFO tempest.lib.common.rest_client [req-3d475493-8a17-40dd-aa3e-196ab88d3913 req-3d475493-8a17-40dd-aa3e-196ab88d3913 ] Request (NetworksTest:tearDownClass): 204 DELETE http://10.180.1.21:9696/networking/v2.0/security-groups/dc7f6927-a6af-4a01-8823-1f1f35d19163 0.512s
2025-12-01 12:11:16.118 62210 INFO tempest.lib.common.rest_client [req-c9efa647-9f1a-4295-9e6c-585f692695f6 req-c9efa647-9f1a-4295-9e6c-585f692695f6 ] Request (InstanceUsageAuditLogNegativeTestJSON:setUpClass): 200 GET http://10.180.1.21/identity/v3/domains?name=Default 0.084s
2025-12-01 12:11:16.131 62218 INFO tempest.lib.common.rest_client [req-2ca2ad51-80c4-4720-a016-8b40789b4332 req-2ca2ad51-80c4-4720-a016-8b40789b4332 ] Request (HostsAdminNegativeTestJSON:test_list_hosts_with_non_admin_user): 403 GET http://10.180.1.21/compute/v2.1/os-hosts 2.022s
2025-12-01 12:11:16.190 62236 INFO tempest.lib.common.rest_client [req-ad4aac71-e8ea-4163-a800-2c44fd4393f5 req-ad4aac71-e8ea-4163-a800-2c44fd4393f5 ] Request (NetworksTest:tearDownClass): 204 DELETE http://10.180.1.21/identity/v3/projects/4972809aa9164d39accbb45819345162 0.123s
2025-12-01 12:11:16.255 62210 INFO tempest.lib.common.rest_client [req-ea7c0e96-4010-4975-b0eb-1a0b0d8ec40a req-ea7c0e96-4010-4975-b0eb-1a0b0d8ec40a ] Request (InstanceUsageAuditLogNegativeTestJSON:setUpClass): 201 POST http://10.180.1.21/identity/v3/projects 0.137s
2025-12-01 12:11:16.258 62202 INFO tempest.lib.common.rest_client [req-7b23c42d-e1e8-44d3-91cf-128548ac123a req-7b23c42d-e1e8-44d3-91cf-128548ac123a ] Request (QuotasAdminTestV236:test_get_updated_quotas): 200 GET http://10.180.1.21/compute/v2.1/os-quota-sets/1588cb0c30664817b3e8449228d3bd21?user_id=2f0302fbf88b4ac0824d8f821256d9c9 1.635s
2025-12-01 12:11:16.316 62236 INFO tempest.lib.common.rest_client [req-34b37397-38a6-48dc-81fb-d9e58ddcf115 req-34b37397-38a6-48dc-81fb-d9e58ddcf115 ] Request (FloatingIPsAssociationTestJSON:setUpClass): 201 POST http://10.180.1.21/identity/v3/auth/tokens 0.121s
2025-12-01 12:11:16.344 62210 INFO tempest.lib.common.rest_client [req-0b0f129d-d3e0-4b26-86b6-27a6ce780f8a req-0b0f129d-d3e0-4b26-86b6-27a6ce780f8a ] Request (InstanceUsageAuditLogNegativeTestJSON:setUpClass): 201 POST http://10.180.1.21/identity/v3/users 0.089s
