2025-11-12 13:59:11.981 66075 INFO tempest.lib.common.rest_client [req-369a2418-328f-4411-8856-118c596bd763 req-369a2418-328f-4411-8856-118c596bd763 ] Request (ServersNegativeTestMultiTenantJSON:setUpClass): 200 GET http://10.180.1.21/compute/v2.1/servers/aa25ae07-876c-4bce-8e69-516ef40585c1 0.057s
2025-11-12 13:59:12.043 66027 INFO tempest.lib.common.rest_client [req-8f6eef1a-45aa-43c8-ab7d-c46dd3f6b526 req-8f6eef1a-45aa-43c8-ab7d-c46dd3f6b526 ] Request (ImagesTestJSON:test_create_server_from_snapshot): 200 GET http://10.180.1.21/compute/v2.1/servers/724f1577-4485-4666-8c2c-08da72d6d252 0.053s
2025-11-12 13:59:12.054 66085 INFO tempest.lib.common.rest_client [req-626448c6-d13a-409f-a4d0-78ade44e5a6a req-626448c6-d13a-409f-a4d0-78ade44e5a6a ] Request (ServersTestMultiNic:test_verify_duplicate_network_nics): 200 GET http://10.180.1.21/compute/v2.1/servers/6f75e8cb-33f8-476f-b2f5-a821d879b1ad 0.054s
2025-11-12 13:59:12.107 66065 INFO tempest.lib.common.rest_client [req-ab2b63e4-5717-4ccf-9a87-356e6dacce6c req-ab2b63e4-5717-4ccf-9a87-356e6dacce6c ] Request (ServerAddressesNegativeTestJSON:setUpClass): 200 GET http://10.180.1.21/compute/v2.1/servers/b7b1e994-b6ba-4925-9ec9-a8db52a50c36 0.058s
2025-11-12 13:59:12.108 66053 INFO tempest.lib.common.rest_client [req-cd28bfeb-bfd6-4f5c-9da1-5f4ab98280c8 req-cd28bfeb-bfd6-4f5c-9da1-5f4ab98280c8 ] Request (ServerActionsTestOtherB:setUpClass): 200 GET http://10.180.1.21/compute/v2.1/servers/a0da3f82-29bb-403e-b3c0-50467a27b06f 0.056s
2025-11-12 13:59:12.207 66049 INFO tempest.lib.common.rest_client [req-c42e8c73-6870-4f87-8110-ee2966f07887 req-c42e8c73-6870-4f87-8110-ee2966f07887 ] Request (MultipleCreateTestJSON:_run_cleanups): 200 GET http://10.180.1.21/compute/v2.1/servers/0bb794ba-761a-4a61-a17c-31ed188856db 0.078s
2025-11-12 13:59:12.208 66037 INFO tempest.lib.common.rest_client [req-c0ded855-8489-4fe2-8f0e-d4541eba8b77 req-c0ded855-8489-4fe2-8f0e-d4541eba8b77 ] Request (ImagesOneServerTestJSON:tearDownClass): 200 GET http://10.180.1.21/compute/v2.1/servers/69e9388d-10b3-4a41-820f-e3426e5e4b5b 0.087s
2025-11-12 13:59:12.275 66069 INFO tempest.lib.common.rest_client [req-3c9cdf7c-eaf3-416b-b63a-06210959e409 req-3c9cdf7c-eaf3-416b-b63a-06210959e409 ] Request (FloatingIPsAssociationTestJSON:tearDownClass): 200 GET http://10.180.1.21/compute/v2.1/servers/29f39c93-7364-43f8-aa5d-e4c5c4768b4e 0.068s
2025-11-12 13:59:12.388 66060 INFO tempest.lib.common.rest_client [req-156baa2b-de5f-4b9c-a25e-fe97f0d6cacb req-156baa2b-de5f-4b9c-a25e-fe97f0d6cacb ] Request (ServerShowV247Test:tearDownClass): 200 GET http://10.180.1.21/compute/v2.1/servers/ef3aeb1a-227b-4a91-b26b-682dabab6de2 0.062s
2025-11-12 13:59:12.582 66040 INFO tempest.lib.common.rest_client [req-484fb6b0-eb6c-45ab-90b7-dfffbac4f4ba req-484fb6b0-eb6c-45ab-90b7-dfffbac4f4ba ] Request (ServerRescueTestJSON:test_rescue_unrescue_instance): 200 GET http://10.180.1.21/compute/v2.1/servers/dae2ff6d-4091-43d7-8496-dd0a73b9a33d 0.121s
2025-11-12 13:59:12.623 66057 INFO tempest.lib.common.rest_client [req-7e9ba4b7-193d-421f-8a2f-17f9ac099b35 req-7e9ba4b7-193d-421f-8a2f-17f9ac099b35 ] Request (ServersListShow2100Test:test_list_show_rebuild_update_server_2100): 200 GET http://10.180.1.21/compute/v2.1/servers/68d2f188-b402-4d7e-9cfd-63095c341e35 0.083s
2025-11-12 13:59:12.697 66061 INFO tempest.lib.common.rest_client [req-445c4462-782b-4e75-80b9-fc1193e05198 req-445c4462-782b-4e75-80b9-fc1193e05198 ] Request (ServerDiskConfigTestJSON:test_rebuild_server_with_auto_disk_config): 200 GET http://10.180.1.21/compute/v2.1/servers/0cea7c38-019b-4668-b92d-e7a979c7cf00 0.143s
2025-11-12 13:59:12.705 66061 INFO tempest.common.waiters [-] State transition "REBUILD/rebuild_spawning" ==> "ACTIVE/None" after 11 second wait
2025-11-12 13:59:12.792 66071 INFO tempest.lib.common.rest_client [req-56492262-443c-4821-8dfe-87026280b08f req-56492262-443c-4821-8dfe-87026280b08f ] Request (ImagesOneServerNegativeTestJSON:tearDown): 200 GET http://10.180.1.21/compute/v2.1/servers/07d51f66-f69e-4669-8c7d-dc89c3150c26 0.150s
2025-11-12 13:59:12.808 66047 INFO tempest.lib.common.rest_client [req-a0b7ef94-b678-43c9-a646-192631e7a64f req-a0b7ef94-b678-43c9-a646-192631e7a64f ] Request (ImagesNegativeTestJSON:test_create_image_from_deleted_server): 200 GET http://10.180.1.21/compute/v2.1/servers/130f4304-da3b-41dd-8c72-a000d1385d34 0.165s
2025-11-12 13:59:12.815 66047 INFO tempest.common.waiters [-] State transition "BUILD/spawning" ==> "ACTIVE/None" after 45 second wait
2025-11-12 13:59:12.871 66031 INFO tempest.lib.common.rest_client [req-8cffe051-95ef-48be-9547-e23ee1ad3989 req-8cffe051-95ef-48be-9547-e23ee1ad3989 ] Request (AttachInterfacesTestJSON:_run_cleanups): 200 GET http://10.180.1.21/compute/v2.1/servers/98ac6215-92ea-4ae6-942b-05465d11b81e 0.164s
2025-11-12 13:59:12.894 66061 INFO tempest.lib.common.rest_client [req-eaef4ca0-33f6-40e6-a8a7-392e096683e1 req-eaef4ca0-33f6-40e6-a8a7-392e096683e1 ] Request (ServerDiskConfigTestJSON:test_rebuild_server_with_auto_disk_config): 200 GET http://10.180.1.21/compute/v2.1/servers/0cea7c38-019b-4668-b92d-e7a979c7cf00 0.188s
2025-11-12 13:59:12.935 66029 INFO tempest.lib.common.rest_client [req-8929cd77-9eb9-405d-bbed-165850d990bc req-8929cd77-9eb9-405d-bbed-165850d990bc ] Request (ServersListShow298Test:tearDownClass): 200 GET http://10.180.1.21/compute/v2.1/servers/864dece2-f50d-4fe9-b3dc-cc890d8074aa 0.222s
2025-11-12 13:59:12.953 66043 INFO tempest.lib.common.rest_client [req-f7ae22c7-669b-4a11-a6fe-b856e786de4e req-f7ae22c7-669b-4a11-a6fe-b856e786de4e ] Request (ServersAdminTestJSON:test_create_server_with_scheduling_hint): 200 GET http://10.180.1.21/compute/v2.1/servers/c82c6d01-056d-4375-a0cc-c220129e88bb 0.192s
2025-11-12 13:59:13.016 66035 INFO tempest.lib.common.rest_client [req-4a33b08e-5341-42f6-99f4-ac829bde32ae req-4a33b08e-5341-42f6-99f4-ac829bde32ae ] Request (ServersNegativeTestJSON:setUpClass): 200 GET http://10.180.1.21/compute/v2.1/servers/06015ddf-4ada-4b91-b1a5-6fcbc34ca6f2 0.200s
2025-11-12 13:59:13.025 66047 INFO tempest.lib.common.rest_client [req-2afdf261-99fa-47ae-b4da-edec65e1f1f7 req-2afdf261-99fa-47ae-b4da-edec65e1f1f7 ] Request (ImagesNegativeTestJSON:test_create_image_from_deleted_server): 204 DELETE http://10.180.1.21/compute/v2.1/servers/130f4304-da3b-41dd-8c72-a000d1385d34 0.210s
2025-11-12 13:59:13.089 66063 INFO tempest.lib.common.rest_client [req-05fb4106-d213-4ff4-bd29-82c04c9ea65b req-05fb4106-d213-4ff4-bd29-82c04c9ea65b ] Request (DeleteServersTestJSON:test_delete_server_while_in_attached_volume): 200 GET http://10.180.1.21/compute/v2.1/servers/ebb577ed-83bb-4b8a-8e50-022af75e568d 0.218s
2025-11-12 13:59:13.168 66067 INFO tempest.lib.common.rest_client [req-2d0fe76f-5a4c-42f2-b769-4caf7008d7c0 req-2d0fe76f-5a4c-42f2-b769-4caf7008d7c0 ] Request (ListImageFiltersTestJSON:tearDownClass): 200 GET http://10.180.1.21/compute/v2.1/servers/961925a1-792d-4f0e-80cb-f4e817afea70 0.280s
2025-11-12 13:59:13.183 66051 INFO tempest.lib.common.rest_client [req-507e074b-98ba-4962-91f0-3acf04f9339e req-507e074b-98ba-4962-91f0-3acf04f9339e ] Request (MigrationsAdminTest:test_resize_server_revert_deleted_flavor): 200 GET http://10.180.1.21/compute/v2.1/servers/b2fd0069-af18-4609-85fe-a9a1153bbf8f 0.358s
2025-11-12 13:59:13.250 66033 INFO tempest.lib.common.rest_client [req-849ec2b1-4f8d-4d2f-a1da-56b933365d70 req-849ec2b1-4f8d-4d2f-a1da-56b933365d70 ] Request (InstanceActionsNegativeTestJSON:tearDownClass): 200 GET http://10.180.1.21/compute/v2.1/servers/381d8626-85a7-4d64-922c-085214e14f9a 0.318s
2025-11-12 13:59:13.263 66061 INFO tempest.lib.common.rest_client [req-b690c521-0706-4325-9af4-109db3350cde req-b690c521-0706-4325-9af4-109db3350cde ] Request (ServerDiskConfigTestJSON:_run_cleanups): 204 DELETE http://10.180.1.21/compute/v2.1/servers/0cea7c38-019b-4668-b92d-e7a979c7cf00 0.362s
2025-11-12 13:59:13.310 66055 INFO tempest.lib.common.rest_client [req-e785123a-9761-4270-b62c-38ebffa85cb4 req-e785123a-9761-4270-b62c-38ebffa85cb4 ] Request (AttachInterfacesV270Test:test_create_get_list_interfaces): 200 GET http://10.180.1.21/compute/v2.1/servers/e1389e87-73a9-4e2f-aecf-61fbedfe6d50 0.363s
2025-11-12 13:59:13.326 66075 INFO tempest.lib.common.rest_client [req-df48f9d0-65f3-4783-a00a-5df15c7db0cc req-df48f9d0-65f3-4783-a00a-5df15c7db0cc ] Request (ServersNegativeTestMultiTenantJSON:setUpClass): 200 GET http://10.180.1.21/compute/v2.1/servers/aa25ae07-876c-4bce-8e69-516ef40585c1 0.333s
2025-11-12 13:59:13.334 66061 INFO tempest.lib.common.rest_client [req-2d7c4741-480a-41fc-9aab-0b362d64d0c1 req-2d7c4741-480a-41fc-9aab-0b362d64d0c1 ] Request (ServerDiskConfigTestJSON:test_rebuild_server_with_manual_disk_config): 201 POST http://10.180.1.21/identity/v3/auth/tokens 0.066s
2025-11-12 13:59:13.334 66061 INFO tempest.lib.common.fixed_network [-] (ServerDiskConfigTestJSON:test_rebuild_server_with_manual_disk_config) Found network {'id': 'ebd27bda-66a6-4dee-96b3-99b0ecfc0a41', 'name': 'tempest-ServerDiskConfigTestJSON-1285657326-network', 'tenant_id': '6c2e1368a8ff48bf970db5d8b33eca0f', 'project_id': '6c2e1368a8ff48bf970db5d8b33eca0f', 'admin_state_up': True, 'mtu': 8950, 'status': 'ACTIVE', 'subnets': [], 'shared': False, 'port_security_enabled': True, 'router:external': False, 'provider:network_type': 'vlan', 'provider:physical_network': 'default', 'provider:segmentation_id': 511, 'availability_zone_hints': [], 'availability_zones': [], 'ipv4_address_scope': None, 'ipv6_address_scope': None, 'description': '', 'tags': [], 'created_at': '2025-11-12T13:57:59Z', 'updated_at': '2025-11-12T13:57:59Z', 'revision_number': 1} available for tenant
2025-11-12 13:59:13.387 66027 INFO tempest.lib.common.rest_client [req-56c35d12-293c-4335-b406-c687ef60ce75 req-56c35d12-293c-4335-b406-c687ef60ce75 ] Request (ImagesTestJSON:test_create_server_from_snapshot): 200 GET http://10.180.1.21/compute/v2.1/servers/724f1577-4485-4666-8c2c-08da72d6d252 0.335s
2025-11-12 13:59:13.453 66085 INFO tempest.lib.common.rest_client [req-e49f9422-5be5-41ef-8cc6-9a5d308e301e req-e49f9422-5be5-41ef-8cc6-9a5d308e301e ] Request (ServersTestMultiNic:test_verify_duplicate_network_nics): 200 GET http://10.180.1.21/compute/v2.1/servers/6f75e8cb-33f8-476f-b2f5-a821d879b1ad 0.391s
2025-11-12 13:59:13.474 66047 INFO tempest.lib.common.rest_client [req-384577ef-6e31-4be5-bc0e-855f4d5292e3 req-384577ef-6e31-4be5-bc0e-855f4d5292e3 ] Request (ImagesNegativeTestJSON:test_create_image_from_deleted_server): 200 GET http://10.180.1.21/compute/v2.1/servers/130f4304-da3b-41dd-8c72-a000d1385d34 0.448s
2025-11-12 13:59:13.507 66065 INFO tempest.lib.common.rest_client [req-8481dddd-931a-48b3-8c57-9b97e97032a5 req-8481dddd-931a-48b3-8c57-9b97e97032a5 ] Request (ServerAddressesNegativeTestJSON:setUpClass): 200 GET http://10.180.1.21/compute/v2.1/servers/b7b1e994-b6ba-4925-9ec9-a8db52a50c36 0.393s
2025-11-12 13:59:13.528 66053 INFO tempest.lib.common.rest_client [req-0732c63a-d786-40e9-9199-a280d73be4bc req-0732c63a-d786-40e9-9199-a280d73be4bc ] Request (ServerActionsTestOtherB:setUpClass): 200 GET http://10.180.1.21/compute/v2.1/servers/a0da3f82-29bb-403e-b3c0-50467a27b06f 0.413s
2025-11-12 13:59:13.551 66049 INFO tempest.lib.common.rest_client [req-d6c09110-96de-409d-8f9e-4669c3975a46 req-d6c09110-96de-409d-8f9e-4669c3975a46 ] Request (MultipleCreateTestJSON:_run_cleanups): 404 GET http://10.180.1.21/compute/v2.1/servers/0bb794ba-761a-4a61-a17c-31ed188856db 0.335s
2025-11-12 13:59:13.571 66037 INFO tempest.lib.common.rest_client [req-b25abe4a-9b19-4891-9a74-cac2717c341a req-b25abe4a-9b19-4891-9a74-cac2717c341a ] Request (ImagesOneServerTestJSON:tearDownClass): 200 GET http://10.180.1.21/compute/v2.1/servers/69e9388d-10b3-4a41-820f-e3426e5e4b5b 0.356s
2025-11-12 13:59:13.610 66069 INFO tempest.lib.common.rest_client [req-f28897fe-4416-4864-aeb4-b437312b9a34 req-f28897fe-4416-4864-aeb4-b437312b9a34 ] Request (FloatingIPsAssociationTestJSON:tearDownClass): 200 GET http://10.180.1.21/compute/v2.1/servers/29f39c93-7364-43f8-aa5d-e4c5c4768b4e 0.326s
2025-11-12 13:59:13.621 66049 INFO tempest.lib.common.rest_client [req-284454a2-517d-4055-bdbb-c4e38a00fe55 req-284454a2-517d-4055-bdbb-c4e38a00fe55 ] Request (MultipleCreateTestJSON:test_multiple_create_with_reservation_return): 201 POST http://10.180.1.21/identity/v3/auth/tokens 0.065s
2025-11-12 13:59:13.621 66049 INFO tempest.lib.common.fixed_network [-] (MultipleCreateTestJSON:test_multiple_create_with_reservation_return) Found network {'id': 'e8809b89-d95d-4565-a882-b9da8cd10858', 'name': 'tempest-MultipleCreateTestJSON-760021203-network', 'tenant_id': '7acca68b451e4b9297aa421ff8bed066', 'project_id': '7acca68b451e4b9297aa421ff8bed066', 'admin_state_up': True, 'mtu': 8950, 'status': 'ACTIVE', 'subnets': [], 'shared': False, 'port_security_enabled': True, 'router:external': False, 'provider:network_type': 'vlan', 'provider:physical_network': 'default', 'provider:segmentation_id': 26, 'availability_zone_hints': [], 'availability_zones': [], 'ipv4_address_scope': None, 'ipv6_address_scope': None, 'description': '', 'tags': [], 'created_at': '2025-11-12T13:57:27Z', 'updated_at': '2025-11-12T13:57:27Z', 'revision_number': 1} available for tenant
2025-11-12 13:59:13.673 66060 INFO tempest.lib.common.rest_client [req-b551f33c-02ab-4563-88a7-bb262e3da6ae req-b551f33c-02ab-4563-88a7-bb262e3da6ae ] Request (ServerShowV247Test:tearDownClass): 200 GET http://10.180.1.21/compute/v2.1/servers/ef3aeb1a-227b-4a91-b26b-682dabab6de2 0.273s
2025-11-12 13:59:13.786 66040 INFO tempest.lib.common.rest_client [req-32c199ef-e6f1-4e7b-b9a4-c40faefb168d req-32c199ef-e6f1-4e7b-b9a4-c40faefb168d ] Request (ServerRescueTestJSON:test_rescue_unrescue_instance): 200 GET http://10.180.1.21/compute/v2.1/servers/dae2ff6d-4091-43d7-8496-dd0a73b9a33d 0.195s
2025-11-12 13:59:13.912 66061 INFO tempest.lib.common.rest_client [req-b928fc1f-907e-46f7-87ed-a561c1f702cb req-b928fc1f-907e-46f7-87ed-a561c1f702cb ] Request (ServerDiskConfigTestJSON:test_rebuild_server_with_manual_disk_config): 202 POST http://10.180.1.21/compute/v2.1/servers 0.578s
2025-11-12 13:59:14.019 66057 INFO tempest.lib.common.rest_client [req-9bc29ba8-a442-45ed-9011-d56695ee3ae2 req-9bc29ba8-a442-45ed-9011-d56695ee3ae2 ] Request (ServersListShow2100Test:test_list_show_rebuild_update_server_2100): 200 GET http://10.180.1.21/compute/v2.1/servers/68d2f188-b402-4d7e-9cfd-63095c341e35 0.378s
2025-11-12 13:59:14.035 66057 INFO tempest.common.waiters [-] State transition "REBUILD/rebuilding" ==> "REBUILD/rebuild_spawning" after 4 second wait
2025-11-12 13:59:14.202 66071 INFO tempest.lib.common.rest_client [req-e6977f20-3dd0-40a4-8f54-f85b8da2d2ac req-e6977f20-3dd0-40a4-8f54-f85b8da2d2ac ] Request (ImagesOneServerNegativeTestJSON:tearDown): 200 GET http://10.180.1.21/compute/v2.1/servers/07d51f66-f69e-4669-8c7d-dc89c3150c26 0.401s
2025-11-12 13:59:14.254 66049 INFO tempest.lib.common.rest_client [req-e1fbb0fa-ebeb-4d1b-96cd-6ee9a560f622 req-e1fbb0fa-ebeb-4d1b-96cd-6ee9a560f622 ] Request (MultipleCreateTestJSON:test_multiple_create_with_reservation_return): 202 POST http://10.180.1.21/compute/v2.1/servers 0.632s
2025-11-12 13:59:14.310 66061 INFO tempest.lib.common.rest_client [req-8cb590df-8cdf-40be-8e59-785a8bf69e48 req-8cb590df-8cdf-40be-8e59-785a8bf69e48 ] Request (ServerDiskConfigTestJSON:test_rebuild_server_with_manual_disk_config): 200 GET http://10.180.1.21/compute/v2.1/servers/eed1f333-d088-4bfe-9b5d-550c6f3383c7 0.395s
2025-11-12 13:59:14.310 66031 INFO tempest.lib.common.rest_client [req-4110b581-2543-4284-bf49-6c1dd872df61 req-4110b581-2543-4284-bf49-6c1dd872df61 ] Request (AttachInterfacesTestJSON:_run_cleanups): 200 GET http://10.180.1.21/compute/v2.1/servers/98ac6215-92ea-4ae6-942b-05465d11b81e 0.430s
2025-11-12 13:59:14.387 66043 INFO tempest.lib.common.rest_client [req-2e295dcf-cca3-4103-9d37-852176244853 req-2e295dcf-cca3-4103-9d37-852176244853 ] Request (ServersAdminTestJSON:test_create_server_with_scheduling_hint): 200 GET http://10.180.1.21/compute/v2.1/servers/c82c6d01-056d-4375-a0cc-c220129e88bb 0.425s
2025-11-12 13:59:14.421 66029 INFO tempest.lib.common.rest_client [req-7c96c904-0144-49ce-9bf1-e46e91b088b5 req-7c96c904-0144-49ce-9bf1-e46e91b088b5 ] Request (ServersListShow298Test:tearDownClass): 200 GET http://10.180.1.21/compute/v2.1/servers/864dece2-f50d-4fe9-b3dc-cc890d8074aa 0.475s
2025-11-12 13:59:14.433 66029 INFO tempest.common.waiters [-] State transition "ACTIVE/deleting" ==> "DELETED/None" after 5 second wait
2025-11-12 13:59:14.453 66035 INFO tempest.lib.common.rest_client [req-9fe595fb-b63c-49ad-a362-d121cb385a8f req-9fe595fb-b63c-49ad-a362-d121cb385a8f ] Request (ServersNegativeTestJSON:setUpClass): 200 GET http://10.180.1.21/compute/v2.1/servers/06015ddf-4ada-4b91-b1a5-6fcbc34ca6f2 0.428s
2025-11-12 13:59:14.488 66063 INFO tempest.lib.common.rest_client [req-130251f6-6a46-4d5d-b034-eba20771df06 req-130251f6-6a46-4d5d-b034-eba20771df06 ] Request (DeleteServersTestJSON:test_delete_server_while_in_attached_volume): 200 GET http://10.180.1.21/compute/v2.1/servers/ebb577ed-83bb-4b8a-8e50-022af75e568d 0.391s
2025-11-12 13:59:14.529 66067 INFO tempest.lib.common.rest_client [req-bee216af-4112-49dc-aa8b-3caa6f982784 req-bee216af-4112-49dc-aa8b-3caa6f982784 ] Request (ListImageFiltersTestJSON:tearDownClass): 200 GET http://10.180.1.21/compute/v2.1/servers/961925a1-792d-4f0e-80cb-f4e817afea70 0.353s
2025-11-12 13:59:14.565 66049 INFO tempest.lib.common.rest_client [req-08149cb9-4204-4196-aafb-c4761452de3f req-08149cb9-4204-4196-aafb-c4761452de3f ] Request (MultipleCreateTestJSON:test_multiple_create_with_reservation_return): 200 GET http://10.180.1.21/compute/v2.1/servers 0.311s
2025-11-12 13:59:14.604 66051 INFO tempest.lib.common.rest_client [req-c40c52ed-0300-4b8f-834f-92256e34561f req-c40c52ed-0300-4b8f-834f-92256e34561f ] Request (MigrationsAdminTest:test_resize_server_revert_deleted_flavor): 200 GET http://10.180.1.21/compute/v2.1/servers/b2fd0069-af18-4609-85fe-a9a1153bbf8f 0.413s
2025-11-12 13:59:14.634 66033 INFO tempest.lib.common.rest_client [req-fda0979e-6133-4f54-a949-00d585b6e306 req-fda0979e-6133-4f54-a949-00d585b6e306 ] Request (InstanceActionsNegativeTestJSON:tearDownClass): 200 GET http://10.180.1.21/compute/v2.1/servers/381d8626-85a7-4d64-922c-085214e14f9a 0.371s
2025-11-12 13:59:14.678 66055 INFO tempest.lib.common.rest_client [req-025d6ab7-52f9-469b-aad4-062f2ab9d868 req-025d6ab7-52f9-469b-aad4-062f2ab9d868 ] Request (AttachInterfacesV270Test:test_create_get_list_interfaces): 200 GET http://10.180.1.21/compute/v2.1/servers/e1389e87-73a9-4e2f-aecf-61fbedfe6d50 0.358s
2025-11-12 13:59:14.693 66055 INFO tempest.common.waiters [-] State transition "BUILD/scheduling" ==> "BUILD/None" after 14 second wait
2025-11-12 13:59:14.693 66075 INFO tempest.lib.common.rest_client [req-6f0657ff-e90f-40ec-b651-dd9a0e0fa469 req-6f0657ff-e90f-40ec-b651-dd9a0e0fa469 ] Request (ServersNegativeTestMultiTenantJSON:setUpClass): 200 GET http://10.180.1.21/compute/v2.1/servers/aa25ae07-876c-4bce-8e69-516ef40585c1 0.359s
2025-11-12 13:59:14.738 66027 INFO tempest.lib.common.rest_client [req-1dc15f28-4de0-49c1-a829-c7e10f504c04 req-1dc15f28-4de0-49c1-a829-c7e10f504c04 ] Request (ImagesTestJSON:test_create_server_from_snapshot): 200 GET http://10.180.1.21/compute/v2.1/servers/724f1577-4485-4666-8c2c-08da72d6d252 0.343s
2025-11-12 13:59:14.749 66085 INFO tempest.lib.common.rest_client [req-9e82183f-3a1c-4010-a66e-ccd7759acdfa req-9e82183f-3a1c-4010-a66e-ccd7759acdfa ] Request (ServersTestMultiNic:test_verify_duplicate_network_nics): 200 GET http://10.180.1.21/compute/v2.1/servers/6f75e8cb-33f8-476f-b2f5-a821d879b1ad 0.285s
2025-11-12 13:59:14.810 66065 INFO tempest.lib.common.rest_client [req-393ed545-730b-4fb5-97fc-2086d8687ced req-393ed545-730b-4fb5-97fc-2086d8687ced ] Request (ServerAddressesNegativeTestJSON:setUpClass): 200 GET http://10.180.1.21/compute/v2.1/servers/b7b1e994-b6ba-4925-9ec9-a8db52a50c36 0.295s
2025-11-12 13:59:14.884 66047 INFO tempest.lib.common.rest_client [req-df250e10-4e58-4dfa-95f3-be1f389bd425 req-df250e10-4e58-4dfa-95f3-be1f389bd425 ] Request (ImagesNegativeTestJSON:test_create_image_from_deleted_server): 200 GET http://10.180.1.21/compute/v2.1/servers/130f4304-da3b-41dd-8c72-a000d1385d34 0.401s
2025-11-12 13:59:14.899 66053 INFO tempest.lib.common.rest_client [req-29155129-a7cf-4363-a030-4c63c6cab29b req-29155129-a7cf-4363-a030-4c63c6cab29b ] Request (ServerActionsTestOtherB:setUpClass): 200 GET http://10.180.1.21/compute/v2.1/servers/a0da3f82-29bb-403e-b3c0-50467a27b06f 0.363s
2025-11-12 13:59:14.941 66049 INFO tempest.lib.common.rest_client [req-9af77cb3-93bc-4022-95a7-c7ab1b18e938 req-9af77cb3-93bc-4022-95a7-c7ab1b18e938 ] Request (MultipleCreateTestJSON:test_multiple_create_with_reservation_return): 200 GET http://10.180.1.21/compute/v2.1/servers/a09ccf49-3a47-496a-91f8-0def76192316 0.374s
2025-11-12 13:59:14.981 66037 INFO tempest.lib.common.rest_client [req-9810ec25-6a2c-4954-9849-42d5fe3ee0dd req-9810ec25-6a2c-4954-9849-42d5fe3ee0dd ] Request (ImagesOneServerTestJSON:tearDownClass): 200 GET http://10.180.1.21/compute/v2.1/servers/69e9388d-10b3-4a41-820f-e3426e5e4b5b 0.400s
2025-11-12 13:59:15.023 66069 INFO tempest.lib.common.rest_client [req-7dc6b6ff-7671-437b-8f5d-ac8d6cbdf37f req-7dc6b6ff-7671-437b-8f5d-ac8d6cbdf37f ] Request (FloatingIPsAssociationTestJSON:tearDownClass): 200 GET http://10.180.1.21/compute/v2.1/servers/29f39c93-7364-43f8-aa5d-e4c5c4768b4e 0.404s
2025-11-12 13:59:15.050 66060 INFO tempest.lib.common.rest_client [req-88f14027-6927-49af-a996-8bbc1cf2ef8f req-88f14027-6927-49af-a996-8bbc1cf2ef8f ] Request (ServerShowV247Test:tearDownClass): 200 GET http://10.180.1.21/compute/v2.1/servers/ef3aeb1a-227b-4a91-b26b-682dabab6de2 0.365s
2025-11-12 13:59:15.138 66057 INFO tempest.lib.common.rest_client [req-23366bdc-9539-4b81-8226-d94a87d61480 req-23366bdc-9539-4b81-8226-d94a87d61480 ] Request (ServersListShow2100Test:test_list_show_rebuild_update_server_2100): 200 GET http://10.180.1.21/compute/v2.1/servers/68d2f188-b402-4d7e-9cfd-63095c341e35 0.101s
2025-11-12 13:59:15.178 66040 INFO tempest.lib.common.rest_client [req-76c0a04b-8b43-42ad-b26e-ed912472e406 req-76c0a04b-8b43-42ad-b26e-ed912472e406 ] Request (ServerRescueTestJSON:test_rescue_unrescue_instance): 200 GET http://10.180.1.21/compute/v2.1/servers/dae2ff6d-4091-43d7-8496-dd0a73b9a33d 0.379s
2025-11-12 13:59:15.344 66071 INFO tempest.lib.common.rest_client [req-992fd0ac-b883-4d39-ad48-c16fb7d8a5e7 req-992fd0ac-b883-4d39-ad48-c16fb7d8a5e7 ] Request (ImagesOneServerNegativeTestJSON:tearDown): 200 GET http://10.180.1.21/compute/v2.1/servers/07d51f66-f69e-4669-8c7d-dc89c3150c26 0.134s
2025-11-12 13:59:15.402 66061 INFO tempest.lib.common.rest_client [req-75b73566-e5c0-4ce7-8e2b-1c3aed94eaea req-75b73566-e5c0-4ce7-8e2b-1c3aed94eaea ] Request (ServerDiskConfigTestJSON:test_rebuild_server_with_manual_disk_config): 200 GET http://10.180.1.21/compute/v2.1/servers/eed1f333-d088-4bfe-9b5d-550c6f3383c7 0.080s
2025-11-12 13:59:15.417 66031 INFO tempest.lib.common.rest_client [req-56faebc1-bc3d-4cd2-af43-7ae1430b76fe req-56faebc1-bc3d-4cd2-af43-7ae1430b76fe ] Request (AttachInterfacesTestJSON:_run_cleanups): 200 GET http://10.180.1.21/compute/v2.1/servers/98ac6215-92ea-4ae6-942b-05465d11b81e 0.097s
2025-11-12 13:59:15.462 66043 INFO tempest.lib.common.rest_client [req-044312de-c80b-497d-9da9-89f919170ae2 req-044312de-c80b-497d-9da9-89f919170ae2 ] Request (ServersAdminTestJSON:test_create_server_with_scheduling_hint): 200 GET http://10.180.1.21/compute/v2.1/servers/c82c6d01-056d-4375-a0cc-c220129e88bb 0.066s
2025-11-12 13:59:15.519 66035 INFO tempest.lib.common.rest_client [req-16bdca8b-c9b0-4ea3-821f-1f2b7d4a9452 req-16bdca8b-c9b0-4ea3-821f-1f2b7d4a9452 ] Request (ServersNegativeTestJSON:setUpClass): 200 GET http://10.180.1.21/compute/v2.1/servers/06015ddf-4ada-4b91-b1a5-6fcbc34ca6f2 0.058s
2025-11-12 13:59:15.544 66029 INFO tempest.lib.common.rest_client [req-af7810e2-fac8-422b-82b9-6d2a6851d806 req-af7810e2-fac8-422b-82b9-6d2a6851d806 ] Request (ServersListShow298Test:tearDownClass): 200 GET http://10.180.1.21/compute/v2.1/servers/864dece2-f50d-4fe9-b3dc-cc890d8074aa 0.110s
2025-11-12 13:59:15.580 66063 INFO tempest.lib.common.rest_client [req-f4166005-14f0-4e1b-b7e0-2c689b135dcc req-f4166005-14f0-4e1b-b7e0-2c689b135dcc ] Request (DeleteServersTestJSON:test_delete_server_while_in_attached_volume): 200 GET http://10.180.1.21/compute/v2.1/servers/ebb577ed-83bb-4b8a-8e50-022af75e568d 0.082s
2025-11-12 13:59:15.635 66067 INFO tempest.lib.common.rest_client [req-b82fd7da-a58d-40f0-b6b5-60d921201d6f req-b82fd7da-a58d-40f0-b6b5-60d921201d6f ] Request (ListImageFiltersTestJSON:tearDownClass): 200 GET http://10.180.1.21/compute/v2.1/servers/961925a1-792d-4f0e-80cb-f4e817afea70 0.095s
2025-11-12 13:59:15.713 66033 INFO tempest.lib.common.rest_client [req-45c63939-8b23-4aa0-901a-7115ad809e95 req-45c63939-8b23-4aa0-901a-7115ad809e95 ] Request (InstanceActionsNegativeTestJSON:tearDownClass): 200 GET http://10.180.1.21/compute/v2.1/servers/381d8626-85a7-4d64-922c-085214e14f9a 0.071s
2025-11-12 13:59:15.724 66051 INFO tempest.lib.common.rest_client [req-3b8850bf-da7b-42db-ae54-2026539c5bff req-3b8850bf-da7b-42db-ae54-2026539c5bff ] Request (MigrationsAdminTest:test_resize_server_revert_deleted_flavor): 200 GET http://10.180.1.21/compute/v2.1/servers/b2fd0069-af18-4609-85fe-a9a1153bbf8f 0.110s
2025-11-12 13:59:15.772 66055 INFO tempest.lib.common.rest_client [req-78bc6fd9-b54d-4d9a-a3d6-323bf4c704eb req-78bc6fd9-b54d-4d9a-a3d6-323bf4c704eb ] Request (AttachInterfacesV270Test:test_create_get_list_interfaces): 200 GET http://10.180.1.21/compute/v2.1/servers/e1389e87-73a9-4e2f-aecf-61fbedfe6d50 0.079s
2025-11-12 13:59:15.775 66075 INFO tempest.lib.common.rest_client [req-b095d852-7d96-4544-8f93-66c0dc37adbc req-b095d852-7d96-4544-8f93-66c0dc37adbc ] Request (ServersNegativeTestMultiTenantJSON:setUpClass): 200 GET http://10.180.1.21/compute/v2.1/servers/aa25ae07-876c-4bce-8e69-516ef40585c1 0.073s
2025-11-12 13:59:15.824 66027 INFO tempest.lib.common.rest_client [req-13d62dd1-a22b-442e-b298-bce78609939f req-13d62dd1-a22b-442e-b298-bce78609939f ] Request (ImagesTestJSON:test_create_server_from_snapshot): 200 GET http://10.180.1.21/compute/v2.1/servers/724f1577-4485-4666-8c2c-08da72d6d252 0.078s
2025-11-12 13:59:15.828 66085 INFO tempest.lib.common.rest_client [req-ca58aa73-427b-4c32-8694-ec214433f3d0 req-ca58aa73-427b-4c32-8694-ec214433f3d0 ] Request (ServersTestMultiNic:test_verify_duplicate_network_nics): 200 GET http://10.180.1.21/compute/v2.1/servers/6f75e8cb-33f8-476f-b2f5-a821d879b1ad 0.071s
2025-11-12 13:59:15.875 66065 INFO tempest.lib.common.rest_client [req-d4e1964a-03d1-4a06-ae91-dacaa5446852 req-d4e1964a-03d1-4a06-ae91-dacaa5446852 ] Request (ServerAddressesNegativeTestJSON:setUpClass): 200 GET http://10.180.1.21/compute/v2.1/servers/b7b1e994-b6ba-4925-9ec9-a8db52a50c36 0.055s
2025-11-12 13:59:15.958 66047 INFO tempest.lib.common.rest_client [req-a4529fb3-cb5c-4f56-bc65-30fe74015d00 req-a4529fb3-cb5c-4f56-bc65-30fe74015d00 ] Request (ImagesNegativeTestJSON:test_create_image_from_deleted_server): 200 GET http://10.180.1.21/compute/v2.1/servers/130f4304-da3b-41dd-8c72-a000d1385d34 0.063s
2025-11-12 13:59:15.964 66053 INFO tempest.lib.common.rest_client [req-0c75756f-2851-4fd3-a2b7-727ed68045ea req-0c75756f-2851-4fd3-a2b7-727ed68045ea ] Request (ServerActionsTestOtherB:setUpClass): 200 GET http://10.180.1.21/compute/v2.1/servers/a0da3f82-29bb-403e-b3c0-50467a27b06f 0.057s
2025-11-12 13:59:16.016 66049 INFO tempest.lib.common.rest_client [req-209de54f-eaf1-4356-8d80-86db8503f30d req-209de54f-eaf1-4356-8d80-86db8503f30d ] Request (MultipleCreateTestJSON:test_multiple_create_with_reservation_return): 200 GET http://10.180.1.21/compute/v2.1/servers/a09ccf49-3a47-496a-91f8-0def76192316 0.065s
2025-11-12 13:59:16.074 66037 INFO tempest.lib.common.rest_client [req-593330fb-4964-4b99-92fe-2c1ea5a412be req-593330fb-4964-4b99-92fe-2c1ea5a412be ] Request (ImagesOneServerTestJSON:tearDownClass): 200 GET http://10.180.1.21/compute/v2.1/servers/69e9388d-10b3-4a41-820f-e3426e5e4b5b 0.084s
2025-11-12 13:59:16.118 66069 INFO tempest.lib.common.rest_client [req-c7843af2-356a-4ac5-a375-afc46eab5941 req-c7843af2-356a-4ac5-a375-afc46eab5941 ] Request (FloatingIPsAssociationTestJSON:tearDownClass): 200 GET http://10.180.1.21/compute/v2.1/servers/29f39c93-7364-43f8-aa5d-e4c5c4768b4e 0.087s
2025-11-12 13:59:16.157 66060 INFO tempest.lib.common.rest_client [req-f4ff3394-16dd-4d40-92ee-ea91c87bba81 req-f4ff3394-16dd-4d40-92ee-ea91c87bba81 ] Request (ServerShowV247Test:tearDownClass): 200 GET http://10.180.1.21/compute/v2.1/servers/ef3aeb1a-227b-4a91-b26b-682dabab6de2 0.096s
2025-11-12 13:59:16.257 66057 INFO tempest.lib.common.rest_client [req-c07fdb09-0130-4be5-9a83-45f5412b0210 req-c07fdb09-0130-4be5-9a83-45f5412b0210 ] Request (ServersListShow2100Test:test_list_show_rebuild_update_server_2100): 200 GET http://10.180.1.21/compute/v2.1/servers/68d2f188-b402-4d7e-9cfd-63095c341e35 0.105s
2025-11-12 13:59:16.386 66040 INFO tempest.lib.common.rest_client [req-66078020-e933-4fde-9b04-fb75205dd516 req-66078020-e933-4fde-9b04-fb75205dd516 ] Request (ServerRescueTestJSON:test_rescue_unrescue_instance): 200 GET http://10.180.1.21/compute/v2.1/servers/dae2ff6d-4091-43d7-8496-dd0a73b9a33d 0.200s
2025-11-12 13:59:16.471 66061 INFO tempest.lib.common.rest_client [req-9ac94de9-9ab2-4bd3-a96a-403d9761934c req-9ac94de9-9ab2-4bd3-a96a-403d9761934c ] Request (ServerDiskConfigTestJSON:test_rebuild_server_with_manual_disk_config): 200 GET http://10.180.1.21/compute/v2.1/servers/eed1f333-d088-4bfe-9b5d-550c6f3383c7 0.060s
2025-11-12 13:59:16.479 66071 INFO tempest.lib.common.rest_client [req-830b126d-0917-482c-829d-56d977bf4f88 req-830b126d-0917-482c-829d-56d977bf4f88 ] Request (ImagesOneServerNegativeTestJSON:tearDown): 200 GET http://10.180.1.21/compute/v2.1/servers/07d51f66-f69e-4669-8c7d-dc89c3150c26 0.125s
2025-11-12 13:59:16.536 66043 INFO tempest.lib.common.rest_client [req-c5aea6dc-9250-4b55-a87c-1e1072d8ac74 req-c5aea6dc-9250-4b55-a87c-1e1072d8ac74 ] Request (ServersAdminTestJSON:test_create_server_with_scheduling_hint): 200 GET http://10.180.1.21/compute/v2.1/servers/c82c6d01-056d-4375-a0cc-c220129e88bb 0.066s
2025-11-12 13:59:16.537 66031 INFO tempest.lib.common.rest_client [req-a1cabe69-2f11-481c-82ba-273e164580ee req-a1cabe69-2f11-481c-82ba-273e164580ee ] Request (AttachInterfacesTestJSON:_run_cleanups): 200 GET http://10.180.1.21/compute/v2.1/servers/98ac6215-92ea-4ae6-942b-05465d11b81e 0.112s
2025-11-12 13:59:16.603 66035 INFO tempest.lib.common.rest_client [req-2540958f-bffe-4cf7-bb80-dde9bd55453c req-2540958f-bffe-4cf7-bb80-dde9bd55453c ] Request (ServersNegativeTestJSON:setUpClass): 200 GET http://10.180.1.21/compute/v2.1/servers/06015ddf-4ada-4b91-b1a5-6fcbc34ca6f2 0.072s
2025-11-12 13:59:16.645 66029 INFO tempest.lib.common.rest_client [req-8bc3066e-ce4f-4b14-869f-6a159236d0ea req-8bc3066e-ce4f-4b14-869f-6a159236d0ea ] Request (ServersListShow298Test:tearDownClass): 200 GET http://10.180.1.21/compute/v2.1/servers/864dece2-f50d-4fe9-b3dc-cc890d8074aa 0.088s
2025-11-12 13:59:16.667 66063 INFO tempest.lib.common.rest_client [req-5172780d-bffa-428d-824f-226ff0860ecc req-5172780d-bffa-428d-824f-226ff0860ecc ] Request (DeleteServersTestJSON:test_delete_server_while_in_attached_volume): 200 GET http://10.180.1.21/compute/v2.1/servers/ebb577ed-83bb-4b8a-8e50-022af75e568d 0.079s
2025-11-12 13:59:16.714 66067 INFO tempest.lib.common.rest_client [req-f654d152-bba7-4e3c-b871-6235c63f0d86 req-f654d152-bba7-4e3c-b871-6235c63f0d86 ] Request (ListImageFiltersTestJSON:tearDownClass): 200 GET http://10.180.1.21/compute/v2.1/servers/961925a1-792d-4f0e-80cb-f4e817afea70 0.071s
2025-11-12 13:59:16.793 66033 INFO tempest.lib.common.rest_client [req-e55c21e6-476f-431c-8f4e-5e627c026ac1 req-e55c21e6-476f-431c-8f4e-5e627c026ac1 ] Request (InstanceActionsNegativeTestJSON:tearDownClass): 200 GET http://10.180.1.21/compute/v2.1/servers/381d8626-85a7-4d64-922c-085214e14f9a 0.071s
2025-11-12 13:59:16.848 66051 INFO tempest.lib.common.rest_client [req-afcea65f-593e-4dde-9822-82e2de8b0c7a req-afcea65f-593e-4dde-9822-82e2de8b0c7a ] Request (MigrationsAdminTest:test_resize_server_revert_deleted_flavor): 200 GET http://10.180.1.21/compute/v2.1/servers/b2fd0069-af18-4609-85fe-a9a1153bbf8f 0.111s
2025-11-12 13:59:16.854 66055 INFO tempest.lib.common.rest_client [req-1213b365-7bda-495e-ab08-2c5abfc2c38b req-1213b365-7bda-495e-ab08-2c5abfc2c38b ] Request (AttachInterfacesV270Test:test_create_get_list_interfaces): 200 GET http://10.180.1.21/compute/v2.1/servers/e1389e87-73a9-4e2f-aecf-61fbedfe6d50 0.071s
2025-11-12 13:59:16.904 66075 INFO tempest.lib.common.rest_client [req-5519204b-59ef-437c-8080-b99d1744039d req-5519204b-59ef-437c-8080-b99d1744039d ] Request (ServersNegativeTestMultiTenantJSON:setUpClass): 200 GET http://10.180.1.21/compute/v2.1/servers/aa25ae07-876c-4bce-8e69-516ef40585c1 0.121s
2025-11-12 13:59:16.908 66027 INFO tempest.lib.common.rest_client [req-dd40eca6-8186-46df-a1ba-8f548544c240 req-dd40eca6-8186-46df-a1ba-8f548544c240 ] Request (ImagesTestJSON:test_create_server_from_snapshot): 200 GET http://10.180.1.21/compute/v2.1/servers/724f1577-4485-4666-8c2c-08da72d6d252 0.076s
2025-11-12 13:59:16.957 66085 INFO tempest.lib.common.rest_client [req-59d25719-6d42-4dfa-b78f-b7385f22400b req-59d25719-6d42-4dfa-b78f-b7385f22400b ] Request (ServersTestMultiNic:test_verify_duplicate_network_nics): 200 GET http://10.180.1.21/compute/v2.1/servers/6f75e8cb-33f8-476f-b2f5-a821d879b1ad 0.122s
2025-11-12 13:59:16.959 66065 INFO tempest.lib.common.rest_client [req-060da6b7-25ea-490d-bb94-4bde7b89cb0b req-060da6b7-25ea-490d-bb94-4bde7b89cb0b ] Request (ServerAddressesNegativeTestJSON:setUpClass): 200 GET http://10.180.1.21/compute/v2.1/servers/b7b1e994-b6ba-4925-9ec9-a8db52a50c36 0.076s
2025-11-12 13:59:16.964 66085 INFO tempest.common.waiters [-] State transition "BUILD/None" ==> "BUILD/networking" after 35 second wait
2025-11-12 13:59:17.029 66053 INFO tempest.lib.common.rest_client [req-434a1a0c-722a-4200-b0ec-74fb38574737 req-434a1a0c-722a-4200-b0ec-74fb38574737 ] Request (ServerActionsTestOtherB:setUpClass): 200 GET http://10.180.1.21/compute/v2.1/servers/a0da3f82-29bb-403e-b3c0-50467a27b06f 0.054s
2025-11-12 13:59:17.044 66047 INFO tempest.lib.common.rest_client [req-74c21639-a8ac-40a9-9bf0-f247f326215a req-74c21639-a8ac-40a9-9bf0-f247f326215a ] Request (ImagesNegativeTestJSON:test_create_image_from_deleted_server): 200 GET http://10.180.1.21/compute/v2.1/servers/130f4304-da3b-41dd-8c72-a000d1385d34 0.076s
2025-11-12 13:59:17.051 66047 INFO tempest.common.waiters [-] State transition "ACTIVE/deleting" ==> "DELETED/None" after 4 second wait
2025-11-12 13:59:17.088 66049 INFO tempest.lib.common.rest_client [req-1a0c5509-312f-4c44-812e-96cf69aed7cf req-1a0c5509-312f-4c44-812e-96cf69aed7cf ] Request (MultipleCreateTestJSON:test_multiple_create_with_reservation_return): 200 GET http://10.180.1.21/compute/v2.1/servers/a09ccf49-3a47-496a-91f8-0def76192316 0.063s
2025-11-12 13:59:17.175 66037 INFO tempest.lib.common.rest_client [req-bc225b74-692a-4420-9f6d-287fd0beee2d req-bc225b74-692a-4420-9f6d-287fd0beee2d ] Request (ImagesOneServerTestJSON:tearDownClass): 200 GET http://10.180.1.21/compute/v2.1/servers/69e9388d-10b3-4a41-820f-e3426e5e4b5b 0.086s
2025-11-12 13:59:17.211 66069 INFO tempest.lib.common.rest_client [req-947bbe01-4a0b-4805-b665-0e197831c610 req-947bbe01-4a0b-4805-b665-0e197831c610 ] Request (FloatingIPsAssociationTestJSON:tearDownClass): 200 GET http://10.180.1.21/compute/v2.1/servers/29f39c93-7364-43f8-aa5d-e4c5c4768b4e 0.084s
2025-11-12 13:59:17.262 66060 INFO tempest.lib.common.rest_client [req-f5dcaa66-7aec-43fe-bd7f-1ba1306acb2c req-f5dcaa66-7aec-43fe-bd7f-1ba1306acb2c ] Request (ServerShowV247Test:tearDownClass): 200 GET http://10.180.1.21/compute/v2.1/servers/ef3aeb1a-227b-4a91-b26b-682dabab6de2 0.093s
2025-11-12 13:59:17.356 66057 INFO tempest.lib.common.rest_client [req-d694183f-7d64-4906-b70b-0ebddffabd8e req-d694183f-7d64-4906-b70b-0ebddffabd8e ] Request (ServersListShow2100Test:test_list_show_rebuild_update_server_2100): 200 GET http://10.180.1.21/compute/v2.1/servers/68d2f188-b402-4d7e-9cfd-63095c341e35 0.082s
2025-11-12 13:59:17.523 66040 INFO tempest.lib.common.rest_client [req-f905f5c3-a62b-4b2a-b8b0-1debc800a3b8 req-f905f5c3-a62b-4b2a-b8b0-1debc800a3b8 ] Request (ServerRescueTestJSON:test_rescue_unrescue_instance): 200 GET http://10.180.1.21/compute/v2.1/servers/dae2ff6d-4091-43d7-8496-dd0a73b9a33d 0.129s
2025-11-12 13:59:17.534 66040 INFO tempest.common.waiters [-] State transition "BUILD/spawning" ==> "ACTIVE/None" after 38 second wait
2025-11-12 13:59:17.553 66061 INFO tempest.lib.common.rest_client [req-913f888f-0c01-489e-84ab-2ca217668975 req-913f888f-0c01-489e-84ab-2ca217668975 ] Request (ServerDiskConfigTestJSON:test_rebuild_server_with_manual_disk_config): 200 GET http://10.180.1.21/compute/v2.1/servers/eed1f333-d088-4bfe-9b5d-550c6f3383c7 0.074s
2025-11-12 13:59:17.635 66040 INFO tempest.lib.common.rest_client [req-ebd37a51-cd0f-4ebe-8636-7306e81b1065 req-ebd37a51-cd0f-4ebe-8636-7306e81b1065 ] Request (ServerRescueTestJSON:test_rescue_unrescue_instance): 200 POST http://10.180.1.21/compute/v2.1/servers/dae2ff6d-4091-43d7-8496-dd0a73b9a33d/action 0.100s
2025-11-12 13:59:17.640 66071 INFO tempest.lib.common.rest_client [req-561fcbe7-f089-4ce7-8820-21b262b794d4 req-561fcbe7-f089-4ce7-8820-21b262b794d4 ] Request (ImagesOneServerNegativeTestJSON:tearDown): 200 GET http://10.180.1.21/compute/v2.1/servers/07d51f66-f69e-4669-8c7d-dc89c3150c26 0.152s
2025-11-12 13:59:17.648 66071 INFO tempest.common.waiters [-] State transition "ACTIVE/image_uploading" ==> "ACTIVE/None" after 8 second wait
2025-11-12 13:59:17.698 66031 INFO tempest.lib.common.rest_client [req-cfb8fceb-0334-47dc-9fde-862cf579e249 req-cfb8fceb-0334-47dc-9fde-862cf579e249 ] Request (AttachInterfacesTestJSON:_run_cleanups): 200 GET http://10.180.1.21/compute/v2.1/servers/98ac6215-92ea-4ae6-942b-05465d11b81e 0.152s
2025-11-12 13:59:17.718 66043 INFO tempest.lib.common.rest_client [req-dab90968-5e95-43d3-b216-f1e417e0e5b1 req-dab90968-5e95-43d3-b216-f1e417e0e5b1 ] Request (ServersAdminTestJSON:test_create_server_with_scheduling_hint): 200 GET http://10.180.1.21/compute/v2.1/servers/c82c6d01-056d-4375-a0cc-c220129e88bb 0.172s
2025-11-12 13:59:17.775 66035 INFO tempest.lib.common.rest_client [req-e9cf3ae7-0d42-458a-a305-f769adab2646 req-e9cf3ae7-0d42-458a-a305-f769adab2646 ] Request (ServersNegativeTestJSON:setUpClass): 200 GET http://10.180.1.21/compute/v2.1/servers/06015ddf-4ada-4b91-b1a5-6fcbc34ca6f2 0.163s
2025-11-12 13:59:17.844 66040 INFO tempest.lib.common.rest_client [req-c309de0d-055f-4f0e-b8b6-6a703249fc76 req-c309de0d-055f-4f0e-b8b6-6a703249fc76 ] Request (ServerRescueTestJSON:test_rescue_unrescue_instance): 200 GET http://10.180.1.21/compute/v2.1/servers/dae2ff6d-4091-43d7-8496-dd0a73b9a33d 0.208s
2025-11-12 13:59:17.869 66071 INFO tempest.lib.common.rest_client [req-c3e2e46a-064d-4a6c-9a55-dd12a5e79d12 req-c3e2e46a-064d-4a6c-9a55-dd12a5e79d12 ] Request (ImagesOneServerNegativeTestJSON:_run_cleanups): 204 DELETE http://10.180.1.21/compute/v2.1/servers/07d51f66-f69e-4669-8c7d-dc89c3150c26 0.221s
2025-11-12 13:59:17.923 66029 INFO tempest.lib.common.rest_client [req-db8ac5ae-7370-42fc-b601-6af0de7f0ee4 req-db8ac5ae-7370-42fc-b601-6af0de7f0ee4 ] Request (ServersListShow298Test:tearDownClass): 200 GET http://10.180.1.21/compute/v2.1/servers/864dece2-f50d-4fe9-b3dc-cc890d8074aa 0.263s
2025-11-12 13:59:17.933 66063 INFO tempest.lib.common.rest_client [req-52892ac2-b29c-46dc-8641-0480e61b21e6 req-52892ac2-b29c-46dc-8641-0480e61b21e6 ] Request (DeleteServersTestJSON:test_delete_server_while_in_attached_volume): 200 GET http://10.180.1.21/compute/v2.1/servers/ebb577ed-83bb-4b8a-8e50-022af75e568d 0.258s
2025-11-12 13:59:17.986 66067 INFO tempest.lib.common.rest_client [req-f88dbf84-568c-491d-9457-f8167892a26f req-f88dbf84-568c-491d-9457-f8167892a26f ] Request (ListImageFiltersTestJSON:tearDownClass): 200 GET http://10.180.1.21/compute/v2.1/servers/961925a1-792d-4f0e-80cb-f4e817afea70 0.263s
2025-11-12 13:59:18.002 66033 INFO tempest.lib.common.rest_client [req-ccfe04b5-3140-4e0f-8882-9be25e56ee36 req-ccfe04b5-3140-4e0f-8882-9be25e56ee36 ] Request (InstanceActionsNegativeTestJSON:tearDownClass): 200 GET http://10.180.1.21/compute/v2.1/servers/381d8626-85a7-4d64-922c-085214e14f9a 0.201s
2025-11-12 13:59:18.082 66055 INFO tempest.lib.common.rest_client [req-499657e5-7ba8-45af-8b06-85a3740515f1 req-499657e5-7ba8-45af-8b06-85a3740515f1 ] Request (AttachInterfacesV270Test:test_create_get_list_interfaces): 200 GET http://10.180.1.21/compute/v2.1/servers/e1389e87-73a9-4e2f-aecf-61fbedfe6d50 0.217s
2025-11-12 13:59:18.105 66051 INFO tempest.lib.common.rest_client [req-a18b5a77-c2b7-4768-81b4-46778e38c9a0 req-a18b5a77-c2b7-4768-81b4-46778e38c9a0 ] Request (MigrationsAdminTest:test_resize_server_revert_deleted_flavor): 200 GET http://10.180.1.21/compute/v2.1/servers/b2fd0069-af18-4609-85fe-a9a1153bbf8f 0.249s
2025-11-12 13:59:18.242 66075 INFO tempest.lib.common.rest_client [req-74d49083-b99f-4019-8bc8-a759cbe2990b req-74d49083-b99f-4019-8bc8-a759cbe2990b ] Request (ServersNegativeTestMultiTenantJSON:setUpClass): 200 GET http://10.180.1.21/compute/v2.1/servers/aa25ae07-876c-4bce-8e69-516ef40585c1 0.328s
2025-11-12 13:59:18.265 66071 INFO tempest.lib.common.rest_client [req-7594cc38-e9bd-4a36-a1e5-88a0a6114b55 req-7594cc38-e9bd-4a36-a1e5-88a0a6114b55 ] Request (ImagesOneServerNegativeTestJSON:_run_cleanups): 200 GET http://10.180.1.21/compute/v2.1/servers/07d51f66-f69e-4669-8c7d-dc89c3150c26 0.395s
2025-11-12 13:59:18.304 66027 INFO tempest.lib.common.rest_client [req-903bbecc-9362-462c-b51d-d5c0932385f8 req-903bbecc-9362-462c-b51d-d5c0932385f8 ] Request (ImagesTestJSON:test_create_server_from_snapshot): 200 GET http://10.180.1.21/compute/v2.1/servers/724f1577-4485-4666-8c2c-08da72d6d252 0.387s
2025-11-12 13:59:18.394 66065 INFO tempest.lib.common.rest_client [req-ddd52a98-3b3d-43e8-b849-e4bc8593c495 req-ddd52a98-3b3d-43e8-b849-e4bc8593c495 ] Request (ServerAddressesNegativeTestJSON:setUpClass): 200 GET http://10.180.1.21/compute/v2.1/servers/b7b1e994-b6ba-4925-9ec9-a8db52a50c36 0.428s
2025-11-12 13:59:18.418 66085 INFO tempest.lib.common.rest_client [req-a70fa03a-467f-4425-91b6-0d902951f589 req-a70fa03a-467f-4425-91b6-0d902951f589 ] Request (ServersTestMultiNic:test_verify_duplicate_network_nics): 200 GET http://10.180.1.21/compute/v2.1/servers/6f75e8cb-33f8-476f-b2f5-a821d879b1ad 0.452s
2025-11-12 13:59:18.425 66085 INFO tempest.common.waiters [-] State transition "BUILD/networking" ==> "BUILD/spawning" after 37 second wait
2025-11-12 13:59:18.461 66053 INFO tempest.lib.common.rest_client [req-3a8bc59a-1c8d-4ab4-8542-dbac2e62dca1 req-3a8bc59a-1c8d-4ab4-8542-dbac2e62dca1 ] Request (ServerActionsTestOtherB:setUpClass): 200 GET http://10.180.1.21/compute/v2.1/servers/a0da3f82-29bb-403e-b3c0-50467a27b06f 0.420s
2025-11-12 13:59:18.489 66047 INFO tempest.lib.common.rest_client [req-29faaa5f-e506-4322-b48a-ed1d2dee84fd req-29faaa5f-e506-4322-b48a-ed1d2dee84fd ] Request (ImagesNegativeTestJSON:test_create_image_from_deleted_server): 200 GET http://10.180.1.21/compute/v2.1/servers/130f4304-da3b-41dd-8c72-a000d1385d34 0.436s
2025-11-12 13:59:18.523 66049 INFO tempest.lib.common.rest_client [req-1cb84178-ae11-4b05-81bd-db036b22b5f5 req-1cb84178-ae11-4b05-81bd-db036b22b5f5 ] Request (MultipleCreateTestJSON:test_multiple_create_with_reservation_return): 200 GET http://10.180.1.21/compute/v2.1/servers/a09ccf49-3a47-496a-91f8-0def76192316 0.426s
2025-11-12 13:59:18.556 66037 INFO tempest.lib.common.rest_client [req-c5b2676f-8a98-4692-ae54-7bf8428f5d73 req-c5b2676f-8a98-4692-ae54-7bf8428f5d73 ] Request (ImagesOneServerTestJSON:tearDownClass): 200 GET http://10.180.1.21/compute/v2.1/servers/69e9388d-10b3-4a41-820f-e3426e5e4b5b 0.368s
2025-11-12 13:59:18.587 66069 INFO tempest.lib.common.rest_client [req-90782623-11c8-4b4f-b27e-a75247a51888 req-90782623-11c8-4b4f-b27e-a75247a51888 ] Request (FloatingIPsAssociationTestJSON:tearDownClass): 200 GET http://10.180.1.21/compute/v2.1/servers/29f39c93-7364-43f8-aa5d-e4c5c4768b4e 0.367s
2025-11-12 13:59:18.620 66060 INFO tempest.lib.common.rest_client [req-548bb39e-28f0-46b3-9f90-9407bd2cf25a req-548bb39e-28f0-46b3-9f90-9407bd2cf25a ] Request (ServerShowV247Test:tearDownClass): 200 GET http://10.180.1.21/compute/v2.1/servers/ef3aeb1a-227b-4a91-b26b-682dabab6de2 0.344s
2025-11-12 13:59:18.654 66057 INFO tempest.lib.common.rest_client [req-aa912660-7394-4db3-8978-003b9fdeb62f req-aa912660-7394-4db3-8978-003b9fdeb62f ] Request (ServersListShow2100Test:test_list_show_rebuild_update_server_2100): 200 GET http://10.180.1.21/compute/v2.1/servers/68d2f188-b402-4d7e-9cfd-63095c341e35 0.282s
2025-11-12 13:59:18.695 66061 INFO tempest.lib.common.rest_client [req-90e9e172-10c4-4f28-8d4e-c5ee3579a5eb req-90e9e172-10c4-4f28-8d4e-c5ee3579a5eb ] Request (ServerDiskConfigTestJSON:test_rebuild_server_with_manual_disk_config): 200 GET http://10.180.1.21/compute/v2.1/servers/eed1f333-d088-4bfe-9b5d-550c6f3383c7 0.132s
2025-11-12 13:59:18.703 66061 INFO tempest.common.waiters [-] State transition "BUILD/scheduling" ==> "BUILD/None" after 4 second wait
2025-11-12 13:59:18.793 66031 INFO tempest.lib.common.rest_client [req-34e1116c-9a76-4d64-9034-8dd3c727a2bf req-34e1116c-9a76-4d64-9034-8dd3c727a2bf ] Request (AttachInterfacesTestJSON:_run_cleanups): 200 GET http://10.180.1.21/compute/v2.1/servers/98ac6215-92ea-4ae6-942b-05465d11b81e 0.088s
2025-11-12 13:59:18.808 66043 INFO tempest.lib.common.rest_client [req-838dc768-004f-4237-9f1a-95714be87c5a req-838dc768-004f-4237-9f1a-95714be87c5a ] Request (ServersAdminTestJSON:test_create_server_with_scheduling_hint): 200 GET http://10.180.1.21/compute/v2.1/servers/c82c6d01-056d-4375-a0cc-c220129e88bb 0.081s
2025-11-12 13:59:18.877 66035 INFO tempest.lib.common.rest_client [req-25ee1151-da8e-4d7d-9d46-95360ddecefc req-25ee1151-da8e-4d7d-9d46-95360ddecefc ] Request (ServersNegativeTestJSON:setUpClass): 200 GET http://10.180.1.21/compute/v2.1/servers/06015ddf-4ada-4b91-b1a5-6fcbc34ca6f2 0.092s
2025-11-12 13:59:19.017 66040 INFO tempest.lib.common.rest_client [req-e56c44a3-4d2d-40b0-abe7-bdd4415daca8 req-e56c44a3-4d2d-40b0-abe7-bdd4415daca8 ] Request (ServerRescueTestJSON:test_rescue_unrescue_instance): 200 GET http://10.180.1.21/compute/v2.1/servers/dae2ff6d-4091-43d7-8496-dd0a73b9a33d 0.161s
2025-11-12 13:59:19.033 66029 INFO tempest.lib.common.rest_client [req-9b966234-5c52-44da-98a2-32039cc92188 req-9b966234-5c52-44da-98a2-32039cc92188 ] Request (ServersListShow298Test:tearDownClass): 200 GET http://10.180.1.21/compute/v2.1/servers/864dece2-f50d-4fe9-b3dc-cc890d8074aa 0.096s
2025-11-12 13:59:19.075 66063 INFO tempest.lib.common.rest_client [req-a75c2b87-7f71-4ec0-b36f-b68dc2db87b3 req-a75c2b87-7f71-4ec0-b36f-b68dc2db87b3 ] Request (DeleteServersTestJSON:test_delete_server_while_in_attached_volume): 200 GET http://10.180.1.21/compute/v2.1/servers/ebb577ed-83bb-4b8a-8e50-022af75e568d 0.134s
2025-11-12 13:59:19.098 66067 INFO tempest.lib.common.rest_client [req-2bc6d5c6-013e-4c66-b6fc-de54ab01fde7 req-2bc6d5c6-013e-4c66-b6fc-de54ab01fde7 ] Request (ListImageFiltersTestJSON:tearDownClass): 200 GET http://10.180.1.21/compute/v2.1/servers/961925a1-792d-4f0e-80cb-f4e817afea70 0.103s
2025-11-12 13:59:19.142 66033 INFO tempest.lib.common.rest_client [req-17bd06d5-357b-471a-b3d2-47ed0a48c691 req-17bd06d5-357b-471a-b3d2-47ed0a48c691 ] Request (InstanceActionsNegativeTestJSON:tearDownClass): 200 GET http://10.180.1.21/compute/v2.1/servers/381d8626-85a7-4d64-922c-085214e14f9a 0.132s
2025-11-12 13:59:19.157 66055 INFO tempest.lib.common.rest_client [req-c3ce2cea-2b2b-4cbe-8e2a-f012a40a3c27 req-c3ce2cea-2b2b-4cbe-8e2a-f012a40a3c27 ] Request (AttachInterfacesV270Test:test_create_get_list_interfaces): 200 GET http://10.180.1.21/compute/v2.1/servers/e1389e87-73a9-4e2f-aecf-61fbedfe6d50 0.063s
2025-11-12 13:59:19.292 66051 INFO tempest.lib.common.rest_client [req-fd8a2f8c-553d-4c81-8a5a-9b7453d6abf7 req-fd8a2f8c-553d-4c81-8a5a-9b7453d6abf7 ] Request (MigrationsAdminTest:test_resize_server_revert_deleted_flavor): 200 GET http://10.180.1.21/compute/v2.1/servers/b2fd0069-af18-4609-85fe-a9a1153bbf8f 0.168s
2025-11-12 13:59:19.305 66075 INFO tempest.lib.common.rest_client [req-ec60ce70-facc-4431-a29d-8a075fe48e83 req-ec60ce70-facc-4431-a29d-8a075fe48e83 ] Request (ServersNegativeTestMultiTenantJSON:setUpClass): 200 GET http://10.180.1.21/compute/v2.1/servers/aa25ae07-876c-4bce-8e69-516ef40585c1 0.055s
2025-11-12 13:59:19.318 66075 INFO tempest.common.waiters [-] State transition "BUILD/None" ==> "BUILD/networking" after 37 second wait
2025-11-12 13:59:19.408 66027 INFO tempest.lib.common.rest_client [req-e3c52348-6aeb-4f10-a611-a32674f08c11 req-e3c52348-6aeb-4f10-a611-a32674f08c11 ] Request (ImagesTestJSON:test_create_server_from_snapshot): 200 GET http://10.180.1.21/compute/v2.1/servers/724f1577-4485-4666-8c2c-08da72d6d252 0.095s
2025-11-12 13:59:19.430 66071 INFO tempest.lib.common.rest_client [req-cdc900bd-7bb0-4884-9070-a0c3fe957b3c req-cdc900bd-7bb0-4884-9070-a0c3fe957b3c ] Request (ImagesOneServerNegativeTestJSON:_run_cleanups): 200 GET http://10.180.1.21/compute/v2.1/servers/07d51f66-f69e-4669-8c7d-dc89c3150c26 0.158s
2025-11-12 13:59:19.459 66065 INFO tempest.lib.common.rest_client [req-5adcd0fe-ed37-4c1c-9b2a-4444a29682f2 req-5adcd0fe-ed37-4c1c-9b2a-4444a29682f2 ] Request (ServerAddressesNegativeTestJSON:setUpClass): 200 GET http://10.180.1.21/compute/v2.1/servers/b7b1e994-b6ba-4925-9ec9-a8db52a50c36 0.055s
