2025-11-12 13:56:14.387 66057 INFO tempest.lib.common.rest_client [req-15920646-c5d3-4a66-bdec-ef0c63b30502 req-15920646-c5d3-4a66-bdec-ef0c63b30502 ] Request (TenantUsagesTestJSON:setUpClass): 200 GET http://10.180.1.21/identity/v3/roles 0.154s
2025-11-12 13:56:14.413 66075 INFO tempest.lib.common.rest_client [req-90bef82d-296b-4523-8d05-14c96039b598 req-90bef82d-296b-4523-8d05-14c96039b598 ] Request (KeyPairsV210TestJSON:tearDownClass): 204 DELETE http://10.180.1.21/networking/v2.0/security-groups/f00dde09-06e6-49d6-bbdf-0b228649f31c 0.164s
2025-11-12 13:56:14.448 66033 INFO tempest.lib.common.rest_client [req-1564311b-de2b-4cb6-9dbc-11af8b4db9ce req-1564311b-de2b-4cb6-9dbc-11af8b4db9ce ] Request (QuotaClassesAdmin257Test:tearDownClass): 204 DELETE http://10.180.1.21/identity/v3/users/dcfba8dda8794cd397dd69311a7214da 0.185s
2025-11-12 13:56:14.449 66033 INFO tempest.lib.common.dynamic_creds [-] Deleting project and security group for project: 7b98fcc450794b2dacd16033221dc5f7
2025-11-12 13:56:14.458 66065 INFO tempest.lib.common.rest_client [req-842f98ba-ca44-4922-8234-08b2e68d72ab req-842f98ba-ca44-4922-8234-08b2e68d72ab ] Request (ImagesMetadataNegativeTestJSON:tearDownClass): 204 DELETE http://10.180.1.21/identity/v3/users/8b763a21735b47a78acf820c686d0042 0.145s
2025-11-12 13:56:14.458 66065 INFO tempest.lib.common.dynamic_creds [-] Deleting project and security group for project: 114d1d714b8443f4975f9c14f85d5b9a
2025-11-12 13:56:14.483 66053 INFO tempest.lib.common.rest_client [req-999d1fb5-6436-4bce-93e8-0c9fa8e7dba9 req-999d1fb5-6436-4bce-93e8-0c9fa8e7dba9 ] Request (SecurityGroupsTestAdminJSON:_run_cleanups): 202 DELETE http://10.180.1.21/compute/v2.1/os-security-groups/a1851e18-c6c2-46a2-8878-0ee060b85f25 0.981s
2025-11-12 13:56:14.503 66077 INFO tempest.lib.common.rest_client [req-41cb257b-d17a-48c1-860f-4968126e4b25 req-41cb257b-d17a-48c1-860f-4968126e4b25 ] Request (FlavorsAdminTestJSON:_run_cleanups): 202 DELETE http://10.180.1.21/compute/v2.1/flavors/1641455013 0.817s
2025-11-12 13:56:14.525 66023 INFO tempest.lib.common.rest_client [req-372fd270-fa8b-4d5d-b657-01a815b4bab8 req-372fd270-fa8b-4d5d-b657-01a815b4bab8 ] Request (HypervisorAdminTestJSON:test_get_hypervisor_stats): 200 GET http://10.180.1.21/compute/v2.1/os-hypervisors/statistics 0.804s
2025-11-12 13:56:14.538 66057 INFO tempest.lib.common.rest_client [req-6a95c4ed-242f-4585-a1bd-ba6a939bfb7e req-6a95c4ed-242f-4585-a1bd-ba6a939bfb7e ] Request (TenantUsagesTestJSON:setUpClass): 204 PUT http://10.180.1.21/identity/v3/projects/bd79da4e14274749843e34df3853134a/users/5079c8f3a8bc486a821f7ea8e185791d/roles/10ba4d49603e4e8a95cb2a60720a45d5 0.150s
2025-11-12 13:56:14.538 66057 INFO tempest.lib.common.dynamic_creds [-] Dynamic test user 5079c8f3a8bc486a821f7ea8e185791d is created with scope project and roles: ['admin']
2025-11-12 13:56:14.538 66057 INFO tempest.lib.common.dynamic_creds [-] Acquired dynamic creds: credentials: Credentials: {'domain_id': 'default', 'domain_name': 'Default', 'username': 'tempest-TenantUsagesTestJSON-776272843-project-admin', 'project_domain_id': 'default', 'project_domain_name': 'Default', 'project_id': 'bd79da4e14274749843e34df3853134a', 'project_name': 'tempest-TenantUsagesTestJSON-776272843', 'tenant_id': 'bd79da4e14274749843e34df3853134a', 'tenant_name': 'tempest-TenantUsagesTestJSON-776272843', 'user_domain_id': 'default', 'user_domain_name': 'Default', 'user_id': '5079c8f3a8bc486a821f7ea8e185791d', 'system': None}, Network: None, Subnet: None, Router: None
2025-11-12 13:56:14.539 66057 INFO tempest.lib.common.dynamic_creds [-] Created isolated network resources for: credentials: Credentials: {'domain_id': 'default', 'domain_name': 'Default', 'username': 'tempest-TenantUsagesTestJSON-776272843-project-admin', 'project_domain_id': 'default', 'project_domain_name': 'Default', 'project_id': 'bd79da4e14274749843e34df3853134a', 'project_name': 'tempest-TenantUsagesTestJSON-776272843', 'tenant_id': 'bd79da4e14274749843e34df3853134a', 'tenant_name': 'tempest-TenantUsagesTestJSON-776272843', 'user_domain_id': 'default', 'user_domain_name': 'Default', 'user_id': '5079c8f3a8bc486a821f7ea8e185791d', 'system': None}, Network: None, Subnet: None, Router: None
2025-11-12 13:56:14.540 66029 INFO tempest.lib.common.rest_client [req-1167af17-ef0b-4553-a97a-0d15b05b11a7 req-1167af17-ef0b-4553-a97a-0d15b05b11a7 ] Request (FlavorsV2TestJSON:test_list_flavors_filter_by_min_disk): 200 GET http://10.180.1.21/compute/v2.1/flavors/42 0.776s
2025-11-12 13:56:14.557 66075 INFO tempest.lib.common.rest_client [req-5fd09fbb-6963-4350-95bc-516d45009ff8 req-5fd09fbb-6963-4350-95bc-516d45009ff8 ] Request (KeyPairsV210TestJSON:tearDownClass): 204 DELETE http://10.180.1.21/identity/v3/projects/b4b2d3e9cbda44c5bb59b9ffbf2cd722 0.143s
2025-11-12 13:56:14.557 66075 INFO tempest.lib.common.dynamic_creds [-] Deleting project and security group for project: 6a935a85ba3b4019b4e382a0f59d0509
2025-11-12 13:56:14.602 66033 INFO tempest.lib.common.rest_client [req-ffcc12bb-9536-48eb-9272-548c0005a9df req-ffcc12bb-9536-48eb-9272-548c0005a9df ] Request (QuotaClassesAdmin257Test:tearDownClass): 201 POST http://10.180.1.21/identity/v3/auth/tokens 0.152s
2025-11-12 13:56:14.603 66040 INFO tempest.lib.common.rest_client [req-7b011fc0-7b84-4ebf-988e-e7606b0e643f req-7b011fc0-7b84-4ebf-988e-e7606b0e643f ] Request (ServerAddressesTestJSON:setUpClass): 201 POST http://10.180.1.21/networking/v2.0/networks 0.417s
2025-11-12 13:56:14.618 66065 INFO tempest.lib.common.rest_client [req-d208a2b5-873b-41fa-b23f-abcf4883f643 req-d208a2b5-873b-41fa-b23f-abcf4883f643 ] Request (ImagesMetadataNegativeTestJSON:tearDownClass): 201 POST http://10.180.1.21/identity/v3/auth/tokens 0.159s
2025-11-12 13:56:14.636 66055 INFO tempest.lib.common.rest_client [req-b9560597-a053-4ac4-8beb-cd3bacfa7143 req-b9560597-a053-4ac4-8beb-cd3bacfa7143 ] Request (DeleteServersAdminTestJSON:test_admin_delete_servers_of_others): 200 GET http://10.180.1.21/compute/v2.1/servers/66806918-58d9-49eb-a949-3e429d5df1ec 1.084s
2025-11-12 13:56:14.709 66023 INFO tempest.lib.common.rest_client [req-6fd0b27e-e549-4ed1-b624-68a7859d0d20 req-6fd0b27e-e549-4ed1-b624-68a7859d0d20 ] Request (HypervisorAdminTestJSON:tearDownClass): 204 DELETE http://10.180.1.21/identity/v3/users/176b2f3dd3f44a9ea0a05a9ac5c4bad9 0.178s
2025-11-12 13:56:14.713 66075 INFO tempest.lib.common.rest_client [req-c217ed2f-0418-4bbb-b8f4-e37d8684a238 req-c217ed2f-0418-4bbb-b8f4-e37d8684a238 ] Request (KeyPairsV210TestJSON:tearDownClass): 200 GET http://10.180.1.21/networking/v2.0/security-groups?tenant_id=6a935a85ba3b4019b4e382a0f59d0509&name=default 0.156s
2025-11-12 13:56:14.727 66057 INFO tempest.lib.common.rest_client [req-9fc05d9e-1690-4c27-8228-3bb990c978fd req-9fc05d9e-1690-4c27-8228-3bb990c978fd ] Request (TenantUsagesTestJSON:setUpClass): 201 POST http://10.180.1.21/identity/v3/auth/tokens 0.183s
2025-11-12 13:56:14.728 66057 WARNING tempest.lib.common.rest_client [-] Deprecated: "tenant_id" property is deprecated for removal, use "project_id" instead
2025-11-12 13:56:14.893 66023 INFO tempest.lib.common.rest_client [req-a83056ba-acbc-476c-925d-08fee3972761 req-a83056ba-acbc-476c-925d-08fee3972761 ] Request (HypervisorAdminTestJSON:tearDownClass): 204 DELETE http://10.180.1.21/identity/v3/users/d778e38a7cbf498db7cdb35a8ac206c3 0.183s
2025-11-12 13:56:14.893 66023 INFO tempest.lib.common.dynamic_creds [-] Deleting project and security group for project: 47c4a1c14f5c4ebeaf35452b3677b755
2025-11-12 13:56:14.940 66040 INFO tempest.lib.common.rest_client [req-9e505552-e39e-43ac-ac65-e0b6c7138d04 req-9e505552-e39e-43ac-ac65-e0b6c7138d04 ] Request (ServerAddressesTestJSON:setUpClass): 201 POST http://10.180.1.21/networking/v2.0/subnets 0.336s
2025-11-12 13:56:14.951 66057 INFO tempest.lib.common.rest_client [req-b662f96d-0aeb-404d-ba65-b4e743a221cb req-b662f96d-0aeb-404d-ba65-b4e743a221cb ] Request (TenantUsagesTestJSON:setUpClass): 201 POST http://10.180.1.21/identity/v3/auth/tokens 0.218s
2025-11-12 13:56:14.951 66057 INFO tempest.lib.common.fixed_network [-] (TenantUsagesTestJSON:setUpClass) Found network None available for tenant
2025-11-12 13:56:14.972 66033 INFO tempest.lib.common.rest_client [req-9cf3c974-05d7-4e20-89f0-32947623b3d3 req-9cf3c974-05d7-4e20-89f0-32947623b3d3 ] Request (QuotaClassesAdmin257Test:tearDownClass): 200 GET http://10.180.1.21/networking/v2.0/security-groups?tenant_id=7b98fcc450794b2dacd16033221dc5f7&name=default 0.370s
2025-11-12 13:56:15.027 66023 INFO tempest.lib.common.rest_client [req-d6af6255-5e3f-456e-940c-5baa1da847a9 req-d6af6255-5e3f-456e-940c-5baa1da847a9 ] Request (HypervisorAdminTestJSON:tearDownClass): 201 POST http://10.180.1.21/identity/v3/auth/tokens 0.133s
2025-11-12 13:56:15.071 66069 INFO tempest.lib.common.rest_client [req-7ea534cb-18a8-432d-8b35-620df26ff746 req-7ea534cb-18a8-432d-8b35-620df26ff746 ] Request (QuotasAdminNegativeTest:_run_cleanups): 200 PUT http://10.180.1.21/compute/v2.1/os-quota-sets/0084280d69a54b23ab593ce7eb33d79e 1.293s
2025-11-12 13:56:15.117 66061 INFO tempest.lib.common.rest_client [req-41728d8f-c007-4fca-87b8-2c86aae4a70a req-41728d8f-c007-4fca-87b8-2c86aae4a70a ] Request (HostsAdminTestJSON:test_show_host_detail): 200 GET http://10.180.1.21/compute/v2.1/os-hosts 1.269s
2025-11-12 13:56:15.121 66083 INFO tempest.lib.common.rest_client [req-ef6547f8-b405-4e4b-b01a-e646181d5ee9 req-ef6547f8-b405-4e4b-b01a-e646181d5ee9 ] Request (ServersTestBootFromVolume:setUpClass): 200 GET http://10.180.1.21/volume/v3/volumes/ad446650-0373-48bf-8a41-6b7f842c32d2 0.046s
2025-11-12 13:56:15.214 66075 INFO tempest.lib.common.rest_client [req-f45180f0-438b-4e28-9d86-134c55a70739 req-f45180f0-438b-4e28-9d86-134c55a70739 ] Request (KeyPairsV210TestJSON:tearDownClass): 204 DELETE http://10.180.1.21/networking/v2.0/security-groups/48373105-2770-43b7-a678-6c630354f04d 0.501s
2025-11-12 13:56:15.221 66065 INFO tempest.lib.common.rest_client [req-81eee2d4-58b1-4270-9051-9cc7b80da017 req-81eee2d4-58b1-4270-9051-9cc7b80da017 ] Request (ImagesMetadataNegativeTestJSON:tearDownClass): 200 GET http://10.180.1.21/networking/v2.0/security-groups?tenant_id=114d1d714b8443f4975f9c14f85d5b9a&name=default 0.602s
2025-11-12 13:56:15.310 66075 INFO tempest.lib.common.rest_client [req-e145ee2d-44e6-467f-8c9c-af3844069a43 req-e145ee2d-44e6-467f-8c9c-af3844069a43 ] Request (KeyPairsV210TestJSON:tearDownClass): 204 DELETE http://10.180.1.21/identity/v3/projects/6a935a85ba3b4019b4e382a0f59d0509 0.095s
2025-11-12 13:56:15.321 66033 INFO tempest.lib.common.rest_client [req-c2e9f509-1d5a-4319-b6e1-e21a5a1840fb req-c2e9f509-1d5a-4319-b6e1-e21a5a1840fb ] Request (QuotaClassesAdmin257Test:tearDownClass): 204 DELETE http://10.180.1.21/networking/v2.0/security-groups/2440c149-0c48-4aa0-b7db-d48d0cef456a 0.348s
2025-11-12 13:56:15.385 66075 INFO tempest.lib.common.rest_client [req-1a7020f8-26c2-44ed-97b3-d06434472ce8 req-1a7020f8-26c2-44ed-97b3-d06434472ce8 ] Request (FloatingIPsAssociationNegativeTestJSON:setUpClass): 201 POST http://10.180.1.21/identity/v3/auth/tokens 0.073s
2025-11-12 13:56:15.459 66033 INFO tempest.lib.common.rest_client [req-2b34c1f0-c3c6-4cc5-914d-85e2cc88006f req-2b34c1f0-c3c6-4cc5-914d-85e2cc88006f ] Request (QuotaClassesAdmin257Test:tearDownClass): 204 DELETE http://10.180.1.21/identity/v3/projects/7b98fcc450794b2dacd16033221dc5f7 0.138s
2025-11-12 13:56:15.460 66033 INFO tempest.lib.common.dynamic_creds [-] Deleting project and security group for project: b09ae0fff6e44f5b806edea5bf08f291
2025-11-12 13:56:15.516 66075 INFO tempest.lib.common.rest_client [req-81733ec8-9780-4e10-8477-56e3e946744a req-81733ec8-9780-4e10-8477-56e3e946744a ] Request (FloatingIPsAssociationNegativeTestJSON:setUpClass): 201 POST http://10.180.1.21/identity/v3/auth/tokens 0.128s
2025-11-12 13:56:15.541 66075 INFO tempest.lib.common.rest_client [req-559b8aab-81df-4310-8681-5de7c613eb5c req-559b8aab-81df-4310-8681-5de7c613eb5c ] Request (FloatingIPsAssociationNegativeTestJSON:setUpClass): 200 GET http://10.180.1.21/identity/v3/domains?name=Default 0.024s
2025-11-12 13:56:15.571 66075 INFO tempest.lib.common.rest_client [req-a32cbd39-f286-4f50-9ab0-44836977dbc6 req-a32cbd39-f286-4f50-9ab0-44836977dbc6 ] Request (FloatingIPsAssociationNegativeTestJSON:setUpClass): 201 POST http://10.180.1.21/identity/v3/projects 0.029s
2025-11-12 13:56:15.599 66023 INFO tempest.lib.common.rest_client [req-3f1edef2-c709-41bd-bb19-e88294985bcc req-3f1edef2-c709-41bd-bb19-e88294985bcc ] Request (HypervisorAdminTestJSON:tearDownClass): 200 GET http://10.180.1.21/networking/v2.0/security-groups?tenant_id=47c4a1c14f5c4ebeaf35452b3677b755&name=default 0.572s
2025-11-12 13:56:15.629 66037 INFO tempest.lib.common.rest_client [req-1ab4cf76-b692-45c6-955e-1c191367b321 req-1ab4cf76-b692-45c6-955e-1c191367b321 ] Request (ServerDiagnosticsNegativeTest:test_get_server_diagnostics_by_non_admin): 200 GET http://10.180.1.21/compute/v2.1/servers/35eac70f-1395-4040-8c8d-9d0b72c4c325 1.815s
2025-11-12 13:56:15.642 66075 INFO tempest.lib.common.rest_client [req-8e75eb71-6039-4a2b-b5e5-b3d93dfdb90f req-8e75eb71-6039-4a2b-b5e5-b3d93dfdb90f ] Request (FloatingIPsAssociationNegativeTestJSON:setUpClass): 201 POST http://10.180.1.21/identity/v3/users 0.070s
2025-11-12 13:56:15.665 66075 INFO tempest.lib.common.rest_client [req-7255b013-4c87-4bb6-b80f-8d6f0fe7d704 req-7255b013-4c87-4bb6-b80f-8d6f0fe7d704 ] Request (FloatingIPsAssociationNegativeTestJSON:setUpClass): 200 GET http://10.180.1.21/identity/v3/roles 0.022s
2025-11-12 13:56:15.707 66075 INFO tempest.lib.common.rest_client [req-45c7eeea-d8a8-409e-a9b1-ca46c054a18a req-45c7eeea-d8a8-409e-a9b1-ca46c054a18a ] Request (FloatingIPsAssociationNegativeTestJSON:setUpClass): 204 PUT http://10.180.1.21/identity/v3/projects/a6cbf3235b7040a285f9c801bd8e4d6d/users/843a1e5abea54bdc97415f05ec2ad0f4/roles/6f23974f78f041a2a0eac2f9e83080cd 0.041s
2025-11-12 13:56:15.707 66075 INFO tempest.lib.common.dynamic_creds [-] Dynamic test user 843a1e5abea54bdc97415f05ec2ad0f4 is created with scope project and roles: ['member']
2025-11-12 13:56:15.707 66075 INFO tempest.lib.common.dynamic_creds [-] Acquired dynamic creds: credentials: Credentials: {'domain_id': 'default', 'domain_name': 'Default', 'username': 'tempest-FloatingIPsAssociationNegativeTestJSON-1547376287-project-member', 'project_domain_id': 'default', 'project_domain_name': 'Default', 'project_id': 'a6cbf3235b7040a285f9c801bd8e4d6d', 'project_name': 'tempest-FloatingIPsAssociationNegativeTestJSON-1547376287', 'tenant_id': 'a6cbf3235b7040a285f9c801bd8e4d6d', 'tenant_name': 'tempest-FloatingIPsAssociationNegativeTestJSON-1547376287', 'user_domain_id': 'default', 'user_domain_name': 'Default', 'user_id': '843a1e5abea54bdc97415f05ec2ad0f4', 'system': None}, Network: None, Subnet: None, Router: None
2025-11-12 13:56:15.774 66075 INFO tempest.lib.common.rest_client [req-4c1859e6-20af-46a9-af65-3cac0312cc8f req-4c1859e6-20af-46a9-af65-3cac0312cc8f ] Request (FloatingIPsAssociationNegativeTestJSON:setUpClass): 201 POST http://10.180.1.21/identity/v3/auth/tokens 0.067s
2025-11-12 13:56:15.800 66065 INFO tempest.lib.common.rest_client [req-985440f1-3938-4909-b555-29b965c4f964 req-985440f1-3938-4909-b555-29b965c4f964 ] Request (ImagesMetadataNegativeTestJSON:tearDownClass): 204 DELETE http://10.180.1.21/networking/v2.0/security-groups/1513e7ff-709d-49d2-aa84-ddbc587b20cf 0.579s
2025-11-12 13:56:15.870 66065 INFO tempest.lib.common.rest_client [req-36cab85d-452e-4672-aa69-158f8ea6b428 req-36cab85d-452e-4672-aa69-158f8ea6b428 ] Request (ImagesMetadataNegativeTestJSON:tearDownClass): 204 DELETE http://10.180.1.21/identity/v3/projects/114d1d714b8443f4975f9c14f85d5b9a 0.069s
2025-11-12 13:56:15.920 66033 INFO tempest.lib.common.rest_client [req-5df9c604-8970-428b-a9e8-d015f844f4ff req-5df9c604-8970-428b-a9e8-d015f844f4ff ] Request (QuotaClassesAdmin257Test:tearDownClass): 200 GET http://10.180.1.21/networking/v2.0/security-groups?tenant_id=b09ae0fff6e44f5b806edea5bf08f291&name=default 0.459s
2025-11-12 13:56:15.952 66065 INFO tempest.lib.common.rest_client [req-d58e9481-8acf-43c7-a865-2a77cabcdd5b req-d58e9481-8acf-43c7-a865-2a77cabcdd5b ] Request (ServersTestFqdnHostnames:setUpClass): 201 POST http://10.180.1.21/identity/v3/auth/tokens 0.080s
2025-11-12 13:56:15.995 66040 INFO tempest.lib.common.rest_client [req-a13e3f07-7689-42b5-a37c-076dfd1a99b9 req-a13e3f07-7689-42b5-a37c-076dfd1a99b9 ] Request (ServerAddressesTestJSON:setUpClass): 201 POST http://10.180.1.21/networking/v2.0/routers 1.054s
2025-11-12 13:56:16.005 66065 INFO tempest.lib.common.rest_client [req-ddd8e4a8-9773-4ac5-8cb6-604d0ca1bf8a req-ddd8e4a8-9773-4ac5-8cb6-604d0ca1bf8a ] Request (ServersTestFqdnHostnames:setUpClass): 201 POST http://10.180.1.21/identity/v3/auth/tokens 0.050s
2025-11-12 13:56:16.050 66065 INFO tempest.lib.common.rest_client [req-101eb5c4-8638-47cd-b5c2-f3e24d36f56e req-101eb5c4-8638-47cd-b5c2-f3e24d36f56e ] Request (ServersTestFqdnHostnames:setUpClass): 200 GET http://10.180.1.21/identity/v3/domains?name=Default 0.044s
2025-11-12 13:56:16.052 66043 INFO tempest.lib.common.rest_client [req-9897c9d0-3b1a-4185-b4c7-cfef5981428d req-9897c9d0-3b1a-4185-b4c7-cfef5981428d ] Request (ServerDiagnosticsV248Test:test_get_server_diagnostics): 200 GET http://10.180.1.21/compute/v2.1/servers/97183477-8eec-4cfd-89d0-b84474a34f0b 2.013s
2025-11-12 13:56:16.066 66023 INFO tempest.lib.common.rest_client [req-4bb3cb84-2b86-4e3a-a5bf-18474bf575ee req-4bb3cb84-2b86-4e3a-a5bf-18474bf575ee ] Request (HypervisorAdminTestJSON:tearDownClass): 204 DELETE http://10.180.1.21/networking/v2.0/security-groups/ed22809d-2ccd-48d9-8bdb-438a08080fdf 0.465s
2025-11-12 13:56:16.080 66047 INFO tempest.lib.common.rest_client [req-a7036cfa-a304-43f0-8ff7-ffabedce8edf req-a7036cfa-a304-43f0-8ff7-ffabedce8edf ] Request (AggregatesAdminNegativeTestJSON:_run_cleanups): 200 DELETE http://10.180.1.21/compute/v2.1/os-aggregates/2 2.017s
2025-11-12 13:56:16.111 66065 INFO tempest.lib.common.rest_client [req-6a14097d-139a-4ff0-80f7-46d8b13ed981 req-6a14097d-139a-4ff0-80f7-46d8b13ed981 ] Request (ServersTestFqdnHostnames:setUpClass): 201 POST http://10.180.1.21/identity/v3/projects 0.060s
2025-11-12 13:56:16.123 66073 INFO tempest.lib.common.rest_client [req-de9c01eb-3d22-4459-a4e1-15b065ba0eeb req-de9c01eb-3d22-4459-a4e1-15b065ba0eeb ] Request (KeyPairsV2TestJSON:test_keypairs_create_list_delete): 200 POST http://10.180.1.21/compute/v2.1/os-keypairs 2.037s
2025-11-12 13:56:16.130 66031 INFO tempest.lib.common.rest_client [req-8eb881d1-da5f-4e02-bdee-f5460c69f0ba req-8eb881d1-da5f-4e02-bdee-f5460c69f0ba ] Request (HypervisorAdminNegativeTestJSON:test_get_hypervisor_uptime_with_non_admin_user): 403 GET http://10.180.1.21/compute/v2.1/os-hypervisors/1/uptime 2.044s
2025-11-12 13:56:16.163 66083 INFO tempest.lib.common.rest_client [req-122191bc-558c-4731-baa8-e9df7c616b21 req-122191bc-558c-4731-baa8-e9df7c616b21 ] Request (ServersTestBootFromVolume:setUpClass): 200 GET http://10.180.1.21/volume/v3/volumes/ad446650-0373-48bf-8a41-6b7f842c32d2 0.032s
2025-11-12 13:56:16.166 66023 INFO tempest.lib.common.rest_client [req-1f5a689c-5e07-4edb-ac35-6f1986d0429f req-1f5a689c-5e07-4edb-ac35-6f1986d0429f ] Request (HypervisorAdminTestJSON:tearDownClass): 204 DELETE http://10.180.1.21/identity/v3/projects/47c4a1c14f5c4ebeaf35452b3677b755 0.099s
2025-11-12 13:56:16.166 66023 INFO tempest.lib.common.dynamic_creds [-] Deleting project and security group for project: bd555726819c416bb2532cb31868b22d
2025-11-12 13:56:16.210 66033 INFO tempest.lib.common.rest_client [req-8efced6a-af6d-4f03-91a0-c0181c6b1da8 req-8efced6a-af6d-4f03-91a0-c0181c6b1da8 ] Request (QuotaClassesAdmin257Test:tearDownClass): 204 DELETE http://10.180.1.21/networking/v2.0/security-groups/8a05211b-d749-4ebc-a5a7-905828fc3013 0.289s
2025-11-12 13:56:16.229 66065 INFO tempest.lib.common.rest_client [req-1383dd2b-ef4c-4165-aab0-31d0b405af4f req-1383dd2b-ef4c-4165-aab0-31d0b405af4f ] Request (ServersTestFqdnHostnames:setUpClass): 201 POST http://10.180.1.21/identity/v3/users 0.118s
2025-11-12 13:56:16.263 66065 INFO tempest.lib.common.rest_client [req-8422f0cc-9a98-4ac8-9fec-d01b72d40c41 req-8422f0cc-9a98-4ac8-9fec-d01b72d40c41 ] Request (ServersTestFqdnHostnames:setUpClass): 200 GET http://10.180.1.21/identity/v3/roles 0.033s
2025-11-12 13:56:16.298 66065 INFO tempest.lib.common.rest_client [req-6c7eb262-a3ce-4a61-b7e5-62960cc4ddf3 req-6c7eb262-a3ce-4a61-b7e5-62960cc4ddf3 ] Request (ServersTestFqdnHostnames:setUpClass): 204 PUT http://10.180.1.21/identity/v3/projects/5bb295fe1bcb42a49e794fb0e1f95202/users/f67fa09b4c6243e382daa1517c11b35d/roles/6f23974f78f041a2a0eac2f9e83080cd 0.035s
2025-11-12 13:56:16.298 66065 INFO tempest.lib.common.dynamic_creds [-] Dynamic test user f67fa09b4c6243e382daa1517c11b35d is created with scope project and roles: ['member']
2025-11-12 13:56:16.299 66065 INFO tempest.lib.common.dynamic_creds [-] Acquired dynamic creds: credentials: Credentials: {'domain_id': 'default', 'domain_name': 'Default', 'username': 'tempest-ServersTestFqdnHostnames-1736055455-project-member', 'project_domain_id': 'default', 'project_domain_name': 'Default', 'project_id': '5bb295fe1bcb42a49e794fb0e1f95202', 'project_name': 'tempest-ServersTestFqdnHostnames-1736055455', 'tenant_id': '5bb295fe1bcb42a49e794fb0e1f95202', 'tenant_name': 'tempest-ServersTestFqdnHostnames-1736055455', 'user_domain_id': 'default', 'user_domain_name': 'Default', 'user_id': 'f67fa09b4c6243e382daa1517c11b35d', 'system': None}, Network: None, Subnet: None, Router: None
2025-11-12 13:56:16.324 66033 INFO tempest.lib.common.rest_client [req-66a16173-1847-478b-8bb3-83771952bba4 req-66a16173-1847-478b-8bb3-83771952bba4 ] Request (QuotaClassesAdmin257Test:tearDownClass): 204 DELETE http://10.180.1.21/identity/v3/projects/b09ae0fff6e44f5b806edea5bf08f291 0.114s
2025-11-12 13:56:16.364 66065 INFO tempest.lib.common.rest_client [req-c0c60acc-42d9-458d-9d77-e3afe5147478 req-c0c60acc-42d9-458d-9d77-e3afe5147478 ] Request (ServersTestFqdnHostnames:setUpClass): 201 POST http://10.180.1.21/identity/v3/auth/tokens 0.065s
2025-11-12 13:56:16.390 66033 INFO tempest.lib.common.rest_client [req-b1f8522a-290f-4204-aff9-0fef1be7d255 req-b1f8522a-290f-4204-aff9-0fef1be7d255 ] Request (ServerExternalEventsTest:setUpClass): 201 POST http://10.180.1.21/identity/v3/auth/tokens 0.064s
2025-11-12 13:56:16.424 66033 INFO tempest.lib.common.rest_client [req-f7b69408-3ad1-4e6b-a3a0-86bd1a4a6ecb req-f7b69408-3ad1-4e6b-a3a0-86bd1a4a6ecb ] Request (ServerExternalEventsTest:setUpClass): 201 POST http://10.180.1.21/identity/v3/auth/tokens 0.031s
2025-11-12 13:56:16.456 66033 INFO tempest.lib.common.rest_client [req-ca60a7e2-a2cb-479f-87c6-5c85fe0cc563 req-ca60a7e2-a2cb-479f-87c6-5c85fe0cc563 ] Request (ServerExternalEventsTest:setUpClass): 200 GET http://10.180.1.21/identity/v3/domains?name=Default 0.031s
2025-11-12 13:56:16.475 66075 INFO tempest.lib.common.rest_client [req-e2114912-bf06-4881-8dc6-189ef9c9649b req-e2114912-bf06-4881-8dc6-189ef9c9649b ] Request (FloatingIPsAssociationNegativeTestJSON:setUpClass): 201 POST http://10.180.1.21/networking/v2.0/networks 0.700s
2025-11-12 13:56:16.495 66033 INFO tempest.lib.common.rest_client [req-665af386-4bf6-44fb-b894-46631b505228 req-665af386-4bf6-44fb-b894-46631b505228 ] Request (ServerExternalEventsTest:setUpClass): 201 POST http://10.180.1.21/identity/v3/projects 0.038s
2025-11-12 13:56:16.564 66033 INFO tempest.lib.common.rest_client [req-d33f7890-d4bb-4505-be6f-6d59f917f9ce req-d33f7890-d4bb-4505-be6f-6d59f917f9ce ] Request (ServerExternalEventsTest:setUpClass): 201 POST http://10.180.1.21/identity/v3/users 0.068s
2025-11-12 13:56:16.586 66033 INFO tempest.lib.common.rest_client [req-e79b16fc-a592-4646-9ccb-8b80b0e85fbd req-e79b16fc-a592-4646-9ccb-8b80b0e85fbd ] Request (ServerExternalEventsTest:setUpClass): 200 GET http://10.180.1.21/identity/v3/roles 0.022s
2025-11-12 13:56:16.609 66023 INFO tempest.lib.common.rest_client [req-11b35b46-f68a-49fe-a936-73206284fe4d req-11b35b46-f68a-49fe-a936-73206284fe4d ] Request (HypervisorAdminTestJSON:tearDownClass): 200 GET http://10.180.1.21/networking/v2.0/security-groups?tenant_id=bd555726819c416bb2532cb31868b22d&name=default 0.442s
2025-11-12 13:56:16.623 66033 INFO tempest.lib.common.rest_client [req-231f7604-417e-49a7-aa02-9be9ad4d0348 req-231f7604-417e-49a7-aa02-9be9ad4d0348 ] Request (ServerExternalEventsTest:setUpClass): 204 PUT http://10.180.1.21/identity/v3/projects/c744972126644d52aca3e7755758c7b1/users/2e35565b549944c1b3734ab018f908d7/roles/6f23974f78f041a2a0eac2f9e83080cd 0.036s
2025-11-12 13:56:16.623 66033 INFO tempest.lib.common.dynamic_creds [-] Dynamic test user 2e35565b549944c1b3734ab018f908d7 is created with scope project and roles: ['member']
2025-11-12 13:56:16.624 66033 INFO tempest.lib.common.dynamic_creds [-] Acquired dynamic creds: credentials: Credentials: {'domain_id': 'default', 'domain_name': 'Default', 'username': 'tempest-ServerExternalEventsTest-1933485113-project-member', 'project_domain_id': 'default', 'project_domain_name': 'Default', 'project_id': 'c744972126644d52aca3e7755758c7b1', 'project_name': 'tempest-ServerExternalEventsTest-1933485113', 'tenant_id': 'c744972126644d52aca3e7755758c7b1', 'tenant_name': 'tempest-ServerExternalEventsTest-1933485113', 'user_domain_id': 'default', 'user_domain_name': 'Default', 'user_id': '2e35565b549944c1b3734ab018f908d7', 'system': None}, Network: None, Subnet: None, Router: None
2025-11-12 13:56:16.624 66033 INFO tempest.lib.common.dynamic_creds [-] Created isolated network resources for: credentials: Credentials: {'domain_id': 'default', 'domain_name': 'Default', 'username': 'tempest-ServerExternalEventsTest-1933485113-project-member', 'project_domain_id': 'default', 'project_domain_name': 'Default', 'project_id': 'c744972126644d52aca3e7755758c7b1', 'project_name': 'tempest-ServerExternalEventsTest-1933485113', 'tenant_id': 'c744972126644d52aca3e7755758c7b1', 'tenant_name': 'tempest-ServerExternalEventsTest-1933485113', 'user_domain_id': 'default', 'user_domain_name': 'Default', 'user_id': '2e35565b549944c1b3734ab018f908d7', 'system': None}, Network: None, Subnet: None, Router: None
2025-11-12 13:56:16.698 66033 INFO tempest.lib.common.rest_client [req-fc0c533f-c9db-43c1-ad57-e82a7979977a req-fc0c533f-c9db-43c1-ad57-e82a7979977a ] Request (ServerExternalEventsTest:setUpClass): 201 POST http://10.180.1.21/identity/v3/auth/tokens 0.070s
2025-11-12 13:56:16.762 66033 INFO tempest.lib.common.rest_client [req-9bb1a9d9-8407-47d6-ba05-a48841cf95d8 req-9bb1a9d9-8407-47d6-ba05-a48841cf95d8 ] Request (ServerExternalEventsTest:setUpClass): 201 POST http://10.180.1.21/identity/v3/projects 0.063s
2025-11-12 13:56:16.821 66033 INFO tempest.lib.common.rest_client [req-69bf1232-2ed8-4aa2-9965-b6c0c1da113b req-69bf1232-2ed8-4aa2-9965-b6c0c1da113b ] Request (ServerExternalEventsTest:setUpClass): 201 POST http://10.180.1.21/identity/v3/users 0.059s
2025-11-12 13:56:16.848 66033 INFO tempest.lib.common.rest_client [req-16ca8142-bdce-48ae-8f34-0f256fd74de0 req-16ca8142-bdce-48ae-8f34-0f256fd74de0 ] Request (ServerExternalEventsTest:setUpClass): 200 GET http://10.180.1.21/identity/v3/roles 0.026s
2025-11-12 13:56:16.881 66033 INFO tempest.lib.common.rest_client [req-ffe35787-0b08-4f72-a721-0c74c705039a req-ffe35787-0b08-4f72-a721-0c74c705039a ] Request (ServerExternalEventsTest:setUpClass): 204 PUT http://10.180.1.21/identity/v3/projects/4c57b31b9631400bb0a9b0dc822f5f8a/users/82c33f24e73146f2becbfd4e1ba853fb/roles/10ba4d49603e4e8a95cb2a60720a45d5 0.033s
2025-11-12 13:56:16.923 66065 INFO tempest.lib.common.rest_client [req-ef9de0eb-60a3-4803-938e-6b12b3d7609d req-ef9de0eb-60a3-4803-938e-6b12b3d7609d ] Request (ServersTestFqdnHostnames:setUpClass): 201 POST http://10.180.1.21/networking/v2.0/networks 0.557s
2025-11-12 13:56:16.944 66033 INFO tempest.lib.common.rest_client [req-459a232c-fb71-4cfb-8aed-8879d355cee2 req-459a232c-fb71-4cfb-8aed-8879d355cee2 ] Request (ServerExternalEventsTest:setUpClass): 200 GET http://10.180.1.21/identity/v3/roles 0.062s
2025-11-12 13:56:16.971 66033 INFO tempest.lib.common.rest_client [req-354136fc-b75b-4b89-8e28-cb45ae8bbaad req-354136fc-b75b-4b89-8e28-cb45ae8bbaad ] Request (ServerExternalEventsTest:setUpClass): 204 PUT http://10.180.1.21/identity/v3/projects/4c57b31b9631400bb0a9b0dc822f5f8a/users/82c33f24e73146f2becbfd4e1ba853fb/roles/10ba4d49603e4e8a95cb2a60720a45d5 0.026s
2025-11-12 13:56:16.971 66033 INFO tempest.lib.common.dynamic_creds [-] Dynamic test user 82c33f24e73146f2becbfd4e1ba853fb is created with scope project and roles: ['admin']
2025-11-12 13:56:16.972 66033 INFO tempest.lib.common.dynamic_creds [-] Acquired dynamic creds: credentials: Credentials: {'domain_id': 'default', 'domain_name': 'Default', 'username': 'tempest-ServerExternalEventsTest-560179950-project-admin', 'project_domain_id': 'default', 'project_domain_name': 'Default', 'project_id': '4c57b31b9631400bb0a9b0dc822f5f8a', 'project_name': 'tempest-ServerExternalEventsTest-560179950', 'tenant_id': '4c57b31b9631400bb0a9b0dc822f5f8a', 'tenant_name': 'tempest-ServerExternalEventsTest-560179950', 'user_domain_id': 'default', 'user_domain_name': 'Default', 'user_id': '82c33f24e73146f2becbfd4e1ba853fb', 'system': None}, Network: None, Subnet: None, Router: None
2025-11-12 13:56:16.972 66033 INFO tempest.lib.common.dynamic_creds [-] Created isolated network resources for: credentials: Credentials: {'domain_id': 'default', 'domain_name': 'Default', 'username': 'tempest-ServerExternalEventsTest-560179950-project-admin', 'project_domain_id': 'default', 'project_domain_name': 'Default', 'project_id': '4c57b31b9631400bb0a9b0dc822f5f8a', 'project_name': 'tempest-ServerExternalEventsTest-560179950', 'tenant_id': '4c57b31b9631400bb0a9b0dc822f5f8a', 'tenant_name': 'tempest-ServerExternalEventsTest-560179950', 'user_domain_id': 'default', 'user_domain_name': 'Default', 'user_id': '82c33f24e73146f2becbfd4e1ba853fb', 'system': None}, Network: None, Subnet: None, Router: None
2025-11-12 13:56:17.086 66033 INFO tempest.lib.common.rest_client [req-1f025888-1518-4972-a83c-5de3ca87e84f req-1f025888-1518-4972-a83c-5de3ca87e84f ] Request (ServerExternalEventsTest:setUpClass): 201 POST http://10.180.1.21/identity/v3/auth/tokens 0.111s
2025-11-12 13:56:17.150 66040 INFO tempest.lib.common.rest_client [req-5e0c301c-c8f5-444f-b11b-4d5b5d138534 req-5e0c301c-c8f5-444f-b11b-4d5b5d138534 ] Request (ServerAddressesTestJSON:setUpClass): 200 PUT http://10.180.1.21/networking/v2.0/routers/6796bedc-1f3c-44e9-9625-6c06f90260f7/add_router_interface 1.154s
2025-11-12 13:56:17.150 66040 INFO tempest.lib.common.dynamic_creds [-] Created isolated network resources for: credentials: Credentials: {'domain_id': 'default', 'domain_name': 'Default', 'username': 'tempest-ServerAddressesTestJSON-1194550699-project-member', 'project_domain_id': 'default', 'project_domain_name': 'Default', 'project_id': 'bec0aaed79e743cbad3cd272ec72c4b9', 'project_name': 'tempest-ServerAddressesTestJSON-1194550699', 'tenant_id': 'bec0aaed79e743cbad3cd272ec72c4b9', 'tenant_name': 'tempest-ServerAddressesTestJSON-1194550699', 'user_domain_id': 'default', 'user_domain_name': 'Default', 'user_id': '18ee057c2cef4a52828477ea02d9bc95', 'system': None}, Network: {'id': '26e6af6d-c125-423c-a2d4-cd21e52314b9', 'name': 'tempest-ServerAddressesTestJSON-345406027-network', 'tenant_id': 'bec0aaed79e743cbad3cd272ec72c4b9', 'project_id': 'bec0aaed79e743cbad3cd272ec72c4b9', 'admin_state_up': True, 'mtu': 8950, 'status': 'ACTIVE', 'subnets': [], 'shared': False, 'port_security_enabled': True, 'router:external': False, 'provider:network_type': 'vlan', 'provider:physical_network': 'default', 'provider:segmentation_id': 674, 'availability_zone_hints': [], 'availability_zones': [], 'ipv4_address_scope': None, 'ipv6_address_scope': None, 'description': '', 'tags': [], 'created_at': '2025-11-12T13:56:14Z', 'updated_at': '2025-11-12T13:56:14Z', 'revision_number': 1}, Subnet: {'id': '785dc9e1-f4ef-422b-b600-d407e2dcb6f8', 'name': 'tempest-ServerAddressesTestJSON-345406027-subnet', 'tenant_id': 'bec0aaed79e743cbad3cd272ec72c4b9', 'network_id': '26e6af6d-c125-423c-a2d4-cd21e52314b9', 'ip_version': 4, 'subnetpool_id': None, 'enable_dhcp': True, 'ipv6_ra_mode': None, 'ipv6_address_mode': None, 'gateway_ip': '192.168.128.1', 'cidr': '192.168.128.0/28', 'allocation_pools': [{'start': '192.168.128.2', 'end': '192.168.128.14'}], 'host_routes': [], 'dns_nameservers': [], 'description': '', 'router:external': False, 'service_types': [], 'tags': [], 'created_at': '2025-11-12T13:56:14Z', 'updated_at': '2025-11-12T13:56:14Z', 'revision_number': 0, 'project_id': 'bec0aaed79e743cbad3cd272ec72c4b9'}, Router: {'id': '6796bedc-1f3c-44e9-9625-6c06f90260f7', 'name': 'tempest-ServerAddressesTestJSON-345406027-router', 'tenant_id': 'bec0aaed79e743cbad3cd272ec72c4b9', 'admin_state_up': True, 'status': 'ACTIVE', 'external_gateway_info': {'network_id': 'bc1e209c-325a-4451-8408-991a2af0e7f1', 'external_fixed_ips': [{'subnet_id': 'f7ecfb66-3205-4395-8323-3fbad44fb13b', 'ip_address': '10.180.180.159'}], 'enable_snat': True}, 'description': '', 'availability_zones': [], 'distributed': False, 'ha': False, 'availability_zone_hints': [], 'routes': [], 'flavor_id': None, 'tags': [], 'created_at': '2025-11-12T13:56:15Z', 'updated_at': '2025-11-12T13:56:15Z', 'revision_number': 2, 'project_id': 'bec0aaed79e743cbad3cd272ec72c4b9'}
2025-11-12 13:56:17.162 66075 INFO tempest.lib.common.rest_client [req-17b1f90e-dae4-4187-81b4-6197495d073c req-17b1f90e-dae4-4187-81b4-6197495d073c ] Request (FloatingIPsAssociationNegativeTestJSON:setUpClass): 201 POST http://10.180.1.21/networking/v2.0/subnets 0.687s
2025-11-12 13:56:17.166 66033 INFO tempest.lib.common.rest_client [req-fe105b6c-b21e-46fb-85aa-5e2af23e0958 req-fe105b6c-b21e-46fb-85aa-5e2af23e0958 ] Request (ServerExternalEventsTest:setUpClass): 201 POST http://10.180.1.21/identity/v3/projects 0.079s
2025-11-12 13:56:17.238 66083 INFO tempest.lib.common.rest_client [req-d6cb5759-7363-4542-be04-17b0b956a548 req-d6cb5759-7363-4542-be04-17b0b956a548 ] Request (ServersTestBootFromVolume:setUpClass): 200 GET http://10.180.1.21/volume/v3/volumes/ad446650-0373-48bf-8a41-6b7f842c32d2 0.067s
2025-11-12 13:56:17.256 66071 INFO tempest.lib.common.rest_client [req-4e039f08-1c94-4169-9c1f-ea7f4b610c49 req-4e039f08-1c94-4169-9c1f-ea7f4b610c49 ] Request (ImagesOneServerNegativeTestJSON:setUpClass): 200 GET http://10.180.1.21/compute/v2.1/servers/2fc20c01-0fd2-400e-a365-917e6a6a8b42 3.171s
2025-11-12 13:56:17.283 66033 INFO tempest.lib.common.rest_client [req-35f5b51e-da11-4a8f-9584-6f389902073d req-35f5b51e-da11-4a8f-9584-6f389902073d ] Request (ServerExternalEventsTest:setUpClass): 201 POST http://10.180.1.21/identity/v3/users 0.117s
2025-11-12 13:56:17.285 66040 INFO tempest.lib.common.rest_client [req-a2dcfbc4-22ad-4d5d-aaee-2cee3b8df1aa req-a2dcfbc4-22ad-4d5d-aaee-2cee3b8df1aa ] Request (ServerAddressesTestJSON:setUpClass): 201 POST http://10.180.1.21/identity/v3/auth/tokens 0.130s
2025-11-12 13:56:17.315 66067 INFO tempest.lib.common.rest_client [req-ba5beafe-6deb-466a-87ae-fa383d3922b9 req-ba5beafe-6deb-466a-87ae-fa383d3922b9 ] Request (ListImageFiltersTestJSON:setUpClass): 202 POST http://10.180.1.21/compute/v2.1/servers 3.416s
2025-11-12 13:56:17.327 66033 INFO tempest.lib.common.rest_client [req-23626561-ba5f-4206-bd69-5a693be6a4a9 req-23626561-ba5f-4206-bd69-5a693be6a4a9 ] Request (ServerExternalEventsTest:setUpClass): 200 GET http://10.180.1.21/identity/v3/roles 0.043s
2025-11-12 13:56:17.327 66060 INFO tempest.lib.common.rest_client [req-6285e3b9-1ae9-48b3-8f14-f56ac87f1035 req-6285e3b9-1ae9-48b3-8f14-f56ac87f1035 ] Request (HostsAdminNegativeTestJSON:test_startup_host_with_non_admin_user): 403 GET http://10.180.1.21/compute/v2.1/os-hosts/devstack/startup 3.144s
2025-11-12 13:56:17.338 66041 INFO tempest.lib.common.rest_client [req-651af78d-cd95-4dc6-a297-0805a14d14e7 req-651af78d-cd95-4dc6-a297-0805a14d14e7 ] Request (ValidationResourcesFixture:setUp): 200 POST http://10.180.1.21/compute/v2.1/os-keypairs 3.219s
2025-11-12 13:56:17.356 66081 INFO tempest.lib.common.rest_client [req-f9049f6e-586a-4566-b705-142bec856d2d req-f9049f6e-586a-4566-b705-142bec856d2d ] Request (ImagesDeleteNegativeTestJSON:test_delete_image_with_id_over_character_limit): 404 DELETE http://10.180.1.21/compute/v2.1/images/b87c029d-3cc6-4c7f-ba80-4f1b666e48b41 3.111s
2025-11-12 13:56:17.360 66049 INFO tempest.lib.common.rest_client [req-9fc18c73-c866-4efa-b7ff-03404eb76fc9 req-9fc18c73-c866-4efa-b7ff-03404eb76fc9 ] Request (FlavorsAccessTestJSON:test_flavor_access_list_with_private_flavor): 200 GET http://10.180.1.21/compute/v2.1/flavors/1623743196/os-flavor-access 3.157s
2025-11-12 13:56:17.364 66040 INFO tempest.lib.common.rest_client [req-6fa8d3c9-7cb1-4eca-ac11-dcc63e3ae9b8 req-6fa8d3c9-7cb1-4eca-ac11-dcc63e3ae9b8 ] Request (ServerAddressesTestJSON:setUpClass): 201 POST http://10.180.1.21/identity/v3/auth/tokens 0.072s
2025-11-12 13:56:17.365 66040 INFO tempest.lib.common.fixed_network [-] (ServerAddressesTestJSON:setUpClass) Found network {'id': '26e6af6d-c125-423c-a2d4-cd21e52314b9', 'name': 'tempest-ServerAddressesTestJSON-345406027-network', 'tenant_id': 'bec0aaed79e743cbad3cd272ec72c4b9', 'project_id': 'bec0aaed79e743cbad3cd272ec72c4b9', 'admin_state_up': True, 'mtu': 8950, 'status': 'ACTIVE', 'subnets': [], 'shared': False, 'port_security_enabled': True, 'router:external': False, 'provider:network_type': 'vlan', 'provider:physical_network': 'default', 'provider:segmentation_id': 674, 'availability_zone_hints': [], 'availability_zones': [], 'ipv4_address_scope': None, 'ipv6_address_scope': None, 'description': '', 'tags': [], 'created_at': '2025-11-12T13:56:14Z', 'updated_at': '2025-11-12T13:56:14Z', 'revision_number': 1} available for tenant
2025-11-12 13:56:17.397 66023 INFO tempest.lib.common.rest_client [req-d585da02-bf1b-43dd-a250-f5ed78acae0d req-d585da02-bf1b-43dd-a250-f5ed78acae0d ] Request (HypervisorAdminTestJSON:tearDownClass): 204 DELETE http://10.180.1.21/networking/v2.0/security-groups/e4d375fd-9cc6-48d9-a3d2-238867854fbe 0.788s
2025-11-12 13:56:17.416 66033 INFO tempest.lib.common.rest_client [req-8278bcf9-01af-45e9-9b8e-3b57b3d69dfb req-8278bcf9-01af-45e9-9b8e-3b57b3d69dfb ] Request (ServerExternalEventsTest:setUpClass): 204 PUT http://10.180.1.21/identity/v3/projects/86a41d9c2ea848d8acee0c70fa3a93e9/users/b58acc8a4adb49a4bb77037c42f61423/roles/10ba4d49603e4e8a95cb2a60720a45d5 0.089s
2025-11-12 13:56:17.434 66067 INFO tempest.lib.common.rest_client [req-c685562a-76d5-492d-966b-0fd1cdf72411 req-c685562a-76d5-492d-966b-0fd1cdf72411 ] Request (ListImageFiltersTestJSON:setUpClass): 201 POST http://10.180.1.21/identity/v3/auth/tokens 0.111s
2025-11-12 13:56:17.435 66067 INFO tempest.lib.common.fixed_network [-] (ListImageFiltersTestJSON:setUpClass) Found network None available for tenant
2025-11-12 13:56:17.517 66033 INFO tempest.lib.common.rest_client [req-7d86b95d-6330-40a4-a7a1-203d6d76ce5d req-7d86b95d-6330-40a4-a7a1-203d6d76ce5d ] Request (ServerExternalEventsTest:setUpClass): 200 GET http://10.180.1.21/identity/v3/roles 0.100s
2025-11-12 13:56:17.551 66033 INFO tempest.lib.common.rest_client [req-94a30fb4-98b7-4c38-bd0e-8b6985b5e1c0 req-94a30fb4-98b7-4c38-bd0e-8b6985b5e1c0 ] Request (ServerExternalEventsTest:setUpClass): 204 PUT http://10.180.1.21/identity/v3/projects/86a41d9c2ea848d8acee0c70fa3a93e9/users/b58acc8a4adb49a4bb77037c42f61423/roles/def05b6aef294364b6294d7ef6984307 0.033s
2025-11-12 13:56:17.551 66033 INFO tempest.lib.common.dynamic_creds [-] Dynamic test user b58acc8a4adb49a4bb77037c42f61423 is created with scope project and roles: ['admin', 'service']
2025-11-12 13:56:17.551 66033 INFO tempest.lib.common.dynamic_creds [-] Acquired dynamic creds: credentials: Credentials: {'domain_id': 'default', 'domain_name': 'Default', 'username': 'tempest-ServerExternalEventsTest-482077863-project', 'project_domain_id': 'default', 'project_domain_name': 'Default', 'project_id': '86a41d9c2ea848d8acee0c70fa3a93e9', 'project_name': 'tempest-ServerExternalEventsTest-482077863', 'tenant_id': '86a41d9c2ea848d8acee0c70fa3a93e9', 'tenant_name': 'tempest-ServerExternalEventsTest-482077863', 'user_domain_id': 'default', 'user_domain_name': 'Default', 'user_id': 'b58acc8a4adb49a4bb77037c42f61423', 'system': None}, Network: None, Subnet: None, Router: None
2025-11-12 13:56:17.551 66033 INFO tempest.lib.common.dynamic_creds [-] Created isolated network resources for: credentials: Credentials: {'domain_id': 'default', 'domain_name': 'Default', 'username': 'tempest-ServerExternalEventsTest-482077863-project', 'project_domain_id': 'default', 'project_domain_name': 'Default', 'project_id': '86a41d9c2ea848d8acee0c70fa3a93e9', 'project_name': 'tempest-ServerExternalEventsTest-482077863', 'tenant_id': '86a41d9c2ea848d8acee0c70fa3a93e9', 'tenant_name': 'tempest-ServerExternalEventsTest-482077863', 'user_domain_id': 'default', 'user_domain_name': 'Default', 'user_id': 'b58acc8a4adb49a4bb77037c42f61423', 'system': None}, Network: None, Subnet: None, Router: None
2025-11-12 13:56:17.580 66065 INFO tempest.lib.common.rest_client [req-e1e78a78-76d4-4b4e-992c-1aee510e18a2 req-e1e78a78-76d4-4b4e-992c-1aee510e18a2 ] Request (ServersTestFqdnHostnames:setUpClass): 201 POST http://10.180.1.21/networking/v2.0/subnets 0.656s
2025-11-12 13:56:17.589 66023 INFO tempest.lib.common.rest_client [req-2e3bb390-953f-4404-9147-e583d5c6f6f5 req-2e3bb390-953f-4404-9147-e583d5c6f6f5 ] Request (HypervisorAdminTestJSON:tearDownClass): 204 DELETE http://10.180.1.21/identity/v3/projects/bd555726819c416bb2532cb31868b22d 0.191s
2025-11-12 13:56:17.662 66033 INFO tempest.lib.common.rest_client [req-a1b8ca57-0a0e-41cc-aa2f-e9580167e63f req-a1b8ca57-0a0e-41cc-aa2f-e9580167e63f ] Request (ServerExternalEventsTest:setUpClass): 201 POST http://10.180.1.21/identity/v3/auth/tokens 0.108s
2025-11-12 13:56:17.674 66023 INFO tempest.lib.common.rest_client [req-d552ab00-ec93-4b0b-9c16-af9b491a51bd req-d552ab00-ec93-4b0b-9c16-af9b491a51bd ] Request (ServicesAdminNegativeV253TestJSON:setUpClass): 201 POST http://10.180.1.21/identity/v3/auth/tokens 0.083s
2025-11-12 13:56:17.708 66023 INFO tempest.lib.common.rest_client [req-d867896b-c546-4362-8e0b-eb4dcec019d9 req-d867896b-c546-4362-8e0b-eb4dcec019d9 ] Request (ServicesAdminNegativeV253TestJSON:setUpClass): 201 POST http://10.180.1.21/identity/v3/auth/tokens 0.031s
2025-11-12 13:56:17.730 66033 INFO tempest.lib.common.rest_client [req-9eda13c9-1411-410b-9d05-4706803303d4 req-9eda13c9-1411-410b-9d05-4706803303d4 ] Request (ServerExternalEventsTest:test_create_server_external_events): 201 POST http://10.180.1.21/identity/v3/auth/tokens 0.063s
2025-11-12 13:56:17.730 66033 INFO tempest.lib.common.fixed_network [-] (ServerExternalEventsTest:test_create_server_external_events) Found network None available for tenant
2025-11-12 13:56:17.736 66023 INFO tempest.lib.common.rest_client [req-70341b67-dafd-4f64-8bf2-afabc75d1807 req-70341b67-dafd-4f64-8bf2-afabc75d1807 ] Request (ServicesAdminNegativeV253TestJSON:setUpClass): 200 GET http://10.180.1.21/identity/v3/domains?name=Default 0.028s
2025-11-12 13:56:17.768 66041 INFO tempest.lib.common.rest_client [req-437d834c-c128-401b-843b-ec66a5cafeff req-437d834c-c128-401b-843b-ec66a5cafeff ] Request (ValidationResourcesFixture:setUp): 201 POST http://10.180.1.21/networking/v2.0/security-groups 0.427s
2025-11-12 13:56:17.770 66023 INFO tempest.lib.common.rest_client [req-6eac3dee-4fbf-4f98-9d10-32ad3f876710 req-6eac3dee-4fbf-4f98-9d10-32ad3f876710 ] Request (ServicesAdminNegativeV253TestJSON:setUpClass): 201 POST http://10.180.1.21/identity/v3/projects 0.033s
2025-11-12 13:56:17.817 66045 INFO tempest.lib.common.rest_client [req-5c833052-72f2-4416-8284-0d4a64632ea4 req-5c833052-72f2-4416-8284-0d4a64632ea4 ] Request (FloatingIPsNegativeTestJSON:test_delete_nonexistent_floating_ip): 404 DELETE http://10.180.1.21/compute/v2.1/os-floating-ips/77137e82-a115-4b32-b18a-5e5b1c0c4b09 3.536s
2025-11-12 13:56:17.848 66079 INFO tempest.lib.common.rest_client [req-9e8772a3-217c-4104-be45-0459cd2a3abe req-9e8772a3-217c-4104-be45-0459cd2a3abe ] Request (VolumesAssistedSnapshotsTest:test_volume_assisted_snapshot_create_delete): 200 GET http://10.180.1.21/compute/v2.1/servers/c43ac99c-981d-40e4-9f64-e8f3954974d4 3.586s
2025-11-12 13:56:17.854 66063 INFO tempest.lib.common.rest_client [req-b108f9eb-0f10-48aa-a583-a075fbf516b2 req-b108f9eb-0f10-48aa-a583-a075fbf516b2 ] Request (FlavorsExtraSpecsTestJSON:test_flavor_set_get_update_show_unset_keys): 200 DELETE http://10.180.1.21/compute/v2.1/flavors/223640195/os-extra_specs/hw:numa_nodes 3.563s
2025-11-12 13:56:17.856 66035 INFO tempest.lib.common.rest_client [req-c98099c2-e255-440a-b8ca-3e8d196e8f30 req-c98099c2-e255-440a-b8ca-3e8d196e8f30 ] Request (MultipleCreateNegativeTestJSON:test_min_count_less_than_one): 400 POST http://10.180.1.21/compute/v2.1/servers 3.531s
2025-11-12 13:56:17.869 66023 INFO tempest.lib.common.rest_client [req-43c6405f-9cb4-45f1-81c2-1f856c331765 req-43c6405f-9cb4-45f1-81c2-1f856c331765 ] Request (ServicesAdminNegativeV253TestJSON:setUpClass): 201 POST http://10.180.1.21/identity/v3/users 0.099s
2025-11-12 13:56:17.899 66023 INFO tempest.lib.common.rest_client [req-a81e4dd0-1f1d-472d-bc9d-eb8343bb7275 req-a81e4dd0-1f1d-472d-bc9d-eb8343bb7275 ] Request (ServicesAdminNegativeV253TestJSON:setUpClass): 200 GET http://10.180.1.21/identity/v3/roles 0.028s
2025-11-12 13:56:17.950 66023 INFO tempest.lib.common.rest_client [req-ee29cd21-32c7-4d60-b988-561f4be8d40a req-ee29cd21-32c7-4d60-b988-561f4be8d40a ] Request (ServicesAdminNegativeV253TestJSON:setUpClass): 204 PUT http://10.180.1.21/identity/v3/projects/4f406f38eb8747f8847f282de4d0084a/users/3be34fe5f7634624b2501378a4dad296/roles/6f23974f78f041a2a0eac2f9e83080cd 0.050s
2025-11-12 13:56:17.950 66023 INFO tempest.lib.common.dynamic_creds [-] Dynamic test user 3be34fe5f7634624b2501378a4dad296 is created with scope project and roles: ['member']
2025-11-12 13:56:17.950 66023 INFO tempest.lib.common.dynamic_creds [-] Acquired dynamic creds: credentials: Credentials: {'domain_id': 'default', 'domain_name': 'Default', 'username': 'tempest-ServicesAdminNegativeV253TestJSON-1031519260-project-member', 'project_domain_id': 'default', 'project_domain_name': 'Default', 'project_id': '4f406f38eb8747f8847f282de4d0084a', 'project_name': 'tempest-ServicesAdminNegativeV253TestJSON-1031519260', 'tenant_id': '4f406f38eb8747f8847f282de4d0084a', 'tenant_name': 'tempest-ServicesAdminNegativeV253TestJSON-1031519260', 'user_domain_id': 'default', 'user_domain_name': 'Default', 'user_id': '3be34fe5f7634624b2501378a4dad296', 'system': None}, Network: None, Subnet: None, Router: None
2025-11-12 13:56:17.950 66023 INFO tempest.lib.common.dynamic_creds [-] Created isolated network resources for: credentials: Credentials: {'domain_id': 'default', 'domain_name': 'Default', 'username': 'tempest-ServicesAdminNegativeV253TestJSON-1031519260-project-member', 'project_domain_id': 'default', 'project_domain_name': 'Default', 'project_id': '4f406f38eb8747f8847f282de4d0084a', 'project_name': 'tempest-ServicesAdminNegativeV253TestJSON-1031519260', 'tenant_id': '4f406f38eb8747f8847f282de4d0084a', 'tenant_name': 'tempest-ServicesAdminNegativeV253TestJSON-1031519260', 'user_domain_id': 'default', 'user_domain_name': 'Default', 'user_id': '3be34fe5f7634624b2501378a4dad296', 'system': None}, Network: None, Subnet: None, Router: None
2025-11-12 13:56:17.962 66035 INFO tempest.lib.common.rest_client [req-c419beee-c981-40b2-ae1b-967d1e6b2960 req-c419beee-c981-40b2-ae1b-967d1e6b2960 ] Request (MultipleCreateNegativeTestJSON:test_min_count_non_integer): 201 POST http://10.180.1.21/identity/v3/auth/tokens 0.100s
2025-11-12 13:56:17.963 66035 INFO tempest.lib.common.fixed_network [-] (MultipleCreateNegativeTestJSON:test_min_count_non_integer) Found network None available for tenant
2025-11-12 13:56:18.087 66023 INFO tempest.lib.common.rest_client [req-a4e90e08-fba9-4901-b738-0b7ece4aefa8 req-a4e90e08-fba9-4901-b738-0b7ece4aefa8 ] Request (ServicesAdminNegativeV253TestJSON:setUpClass): 201 POST http://10.180.1.21/identity/v3/auth/tokens 0.129s
2025-11-12 13:56:18.168 66023 INFO tempest.lib.common.rest_client [req-0672222f-1d03-4c06-bef6-852e08dd7f3e req-0672222f-1d03-4c06-bef6-852e08dd7f3e ] Request (ServicesAdminNegativeV253TestJSON:setUpClass): 201 POST http://10.180.1.21/identity/v3/projects 0.080s
2025-11-12 13:56:18.224 66023 INFO tempest.lib.common.rest_client [req-cc29321b-9dd6-43a0-aa50-859e39a3f2bd req-cc29321b-9dd6-43a0-aa50-859e39a3f2bd ] Request (ServicesAdminNegativeV253TestJSON:setUpClass): 201 POST http://10.180.1.21/identity/v3/users 0.056s
2025-11-12 13:56:18.246 66023 INFO tempest.lib.common.rest_client [req-87b5357c-1084-4671-883a-691038fc5949 req-87b5357c-1084-4671-883a-691038fc5949 ] Request (ServicesAdminNegativeV253TestJSON:setUpClass): 200 GET http://10.180.1.21/identity/v3/roles 0.021s
2025-11-12 13:56:18.277 66023 INFO tempest.lib.common.rest_client [req-543792a5-6a97-4c6c-879c-903eb1e66ff5 req-543792a5-6a97-4c6c-879c-903eb1e66ff5 ] Request (ServicesAdminNegativeV253TestJSON:setUpClass): 204 PUT http://10.180.1.21/identity/v3/projects/f4ba88a4d6564f7ca3f46e2cc0545919/users/1df1d72468be477683df0e4dbc6ddbbe/roles/10ba4d49603e4e8a95cb2a60720a45d5 0.030s
2025-11-12 13:56:18.292 66083 INFO tempest.lib.common.rest_client [req-d04ebc57-1181-49d1-adb7-b6c2f0dc46ce req-d04ebc57-1181-49d1-adb7-b6c2f0dc46ce ] Request (ServersTestBootFromVolume:setUpClass): 200 GET http://10.180.1.21/volume/v3/volumes/ad446650-0373-48bf-8a41-6b7f842c32d2 0.042s
2025-11-12 13:56:18.301 66083 INFO tempest.common.waiters [-] volume ad446650-0373-48bf-8a41-6b7f842c32d2 reached available after waiting for 20.300998 seconds
