2025-11-12 13:58:10.864 66077 INFO tempest.lib.common.rest_client [req-fa600c64-bb1e-4281-b4e6-d94b2772aa51 req-fa600c64-bb1e-4281-b4e6-d94b2772aa51 ] Request (HypervisorAdminNegativeUnderV252Test:setUpClass): 201 POST http://10.180.1.21/identity/v3/projects 0.100s
2025-11-12 13:58:10.892 66035 INFO tempest.lib.common.rest_client [req-459d1d8c-97f3-4e3c-9150-f89458027891 req-459d1d8c-97f3-4e3c-9150-f89458027891 ] Request (ServersNegativeTestJSON:setUpClass): 200 GET http://10.180.1.21/compute/v2.1/servers/9d1b1964-8b63-4b09-ab8e-5de4490dd743 0.697s
2025-11-12 13:58:10.946 66077 INFO tempest.lib.common.rest_client [req-c7525a70-5fa5-41df-a317-566178e2d0b9 req-c7525a70-5fa5-41df-a317-566178e2d0b9 ] Request (HypervisorAdminNegativeUnderV252Test:setUpClass): 201 POST http://10.180.1.21/identity/v3/users 0.082s
2025-11-12 13:58:10.971 66077 INFO tempest.lib.common.rest_client [req-925cdc93-f7bc-4bc0-804e-057fcac14cc2 req-925cdc93-f7bc-4bc0-804e-057fcac14cc2 ] Request (HypervisorAdminNegativeUnderV252Test:setUpClass): 200 GET http://10.180.1.21/identity/v3/roles 0.025s
2025-11-12 13:58:11.007 66077 INFO tempest.lib.common.rest_client [req-9e08ca79-9ab1-49b9-83fb-e4235473df8e req-9e08ca79-9ab1-49b9-83fb-e4235473df8e ] Request (HypervisorAdminNegativeUnderV252Test:setUpClass): 204 PUT http://10.180.1.21/identity/v3/projects/f553eb701bde45dbafdadc5908192056/users/fe112cb6e0c6467090fb283a8370951c/roles/10ba4d49603e4e8a95cb2a60720a45d5 0.035s
2025-11-12 13:58:11.025 66033 INFO tempest.lib.common.rest_client [req-697570f4-7929-490f-94c3-937a76975a33 req-697570f4-7929-490f-94c3-937a76975a33 ] Request (InstanceActionsNegativeTestJSON:setUpClass): 200 GET http://10.180.1.21/compute/v2.1/servers/381d8626-85a7-4d64-922c-085214e14f9a 0.815s
2025-11-12 13:58:11.052 66037 INFO tempest.lib.common.rest_client [req-f3095fd4-aba1-4fc6-9147-7fc3860b27d2 req-f3095fd4-aba1-4fc6-9147-7fc3860b27d2 ] Request (ImagesOneServerTestJSON:test_create_image_specify_multibyte_character_image_name): 202 POST http://10.180.1.21/compute/v2.1/servers/69e9388d-10b3-4a41-820f-e3426e5e4b5b/action 1.114s
2025-11-12 13:58:11.088 66077 INFO tempest.lib.common.rest_client [req-66e9d0d8-be3e-47d1-986e-2095b1b98efa req-66e9d0d8-be3e-47d1-986e-2095b1b98efa ] Request (HypervisorAdminNegativeUnderV252Test:setUpClass): 200 GET http://10.180.1.21/identity/v3/roles 0.081s
2025-11-12 13:58:11.129 66081 INFO tempest.lib.common.rest_client [req-3128208f-5f0f-4ec8-83ef-cbe6c2cc1176 req-3128208f-5f0f-4ec8-83ef-cbe6c2cc1176 ] Request (VolumesSnapshotsTestJSON:_run_cleanups): 202 DELETE http://10.180.1.21/compute/v2.1/os-snapshots/cf523d23-43de-45cc-b1b8-97b29ee7be3d 0.894s
2025-11-12 13:58:11.146 66077 INFO tempest.lib.common.rest_client [req-8620c9ba-d0e0-4268-a328-bf6b28c61546 req-8620c9ba-d0e0-4268-a328-bf6b28c61546 ] Request (HypervisorAdminNegativeUnderV252Test:setUpClass): 204 PUT http://10.180.1.21/identity/v3/projects/f553eb701bde45dbafdadc5908192056/users/fe112cb6e0c6467090fb283a8370951c/roles/10ba4d49603e4e8a95cb2a60720a45d5 0.036s
2025-11-12 13:58:11.147 66077 INFO tempest.lib.common.dynamic_creds [-] Dynamic test user fe112cb6e0c6467090fb283a8370951c is created with scope project and roles: ['admin']
2025-11-12 13:58:11.147 66077 INFO tempest.lib.common.dynamic_creds [-] Acquired dynamic creds: credentials: Credentials: {'domain_id': 'default', 'domain_name': 'Default', 'username': 'tempest-HypervisorAdminNegativeUnderV252Test-1745777088-project-admin', 'project_domain_id': 'default', 'project_domain_name': 'Default', 'project_id': 'f553eb701bde45dbafdadc5908192056', 'project_name': 'tempest-HypervisorAdminNegativeUnderV252Test-1745777088', 'tenant_id': 'f553eb701bde45dbafdadc5908192056', 'tenant_name': 'tempest-HypervisorAdminNegativeUnderV252Test-1745777088', 'user_domain_id': 'default', 'user_domain_name': 'Default', 'user_id': 'fe112cb6e0c6467090fb283a8370951c', 'system': None}, Network: None, Subnet: None, Router: None
2025-11-12 13:58:11.147 66077 INFO tempest.lib.common.dynamic_creds [-] Created isolated network resources for: credentials: Credentials: {'domain_id': 'default', 'domain_name': 'Default', 'username': 'tempest-HypervisorAdminNegativeUnderV252Test-1745777088-project-admin', 'project_domain_id': 'default', 'project_domain_name': 'Default', 'project_id': 'f553eb701bde45dbafdadc5908192056', 'project_name': 'tempest-HypervisorAdminNegativeUnderV252Test-1745777088', 'tenant_id': 'f553eb701bde45dbafdadc5908192056', 'tenant_name': 'tempest-HypervisorAdminNegativeUnderV252Test-1745777088', 'user_domain_id': 'default', 'user_domain_name': 'Default', 'user_id': 'fe112cb6e0c6467090fb283a8370951c', 'system': None}, Network: None, Subnet: None, Router: None
2025-11-12 13:58:11.158 66023 INFO tempest.lib.common.rest_client [req-a2556fa3-239b-4a71-8b4b-40028b2d5664 req-a2556fa3-239b-4a71-8b4b-40028b2d5664 ] Request (ServerTagsTestJSON:test_update_all_tags): 201 PUT http://10.180.1.21/compute/v2.1/servers/4802ce11-da1c-4050-91f1-638c9b7211b3/tags/tempest-tag-1180180725 0.868s
2025-11-12 13:58:11.231 66041 WARNING tempest.lib.common.ssh [-] Failed to establish authenticated ssh connection to cirros@10.180.180.221 ([Errno None] Unable to connect to port 22 on 10.180.180.221). Number attempts: 8. Retry after 9 seconds.: paramiko.ssh_exception.NoValidConnectionsError: [Errno None] Unable to connect to port 22 on 10.180.180.221
2025-11-12 13:58:11.236 66060 INFO tempest.lib.common.rest_client [req-5124bd2d-b1e7-4bb7-809e-fc89e3f44442 req-5124bd2d-b1e7-4bb7-809e-fc89e3f44442 ] Request (ServerShowV247Test:test_update_rebuild_list_server): 200 GET http://10.180.1.21/compute/v2.1/servers/ef3aeb1a-227b-4a91-b26b-682dabab6de2 0.939s
2025-11-12 13:58:11.252 66069 INFO tempest.lib.common.rest_client [req-5f97b2d3-c0da-41a2-88ce-540c66990213 req-5f97b2d3-c0da-41a2-88ce-540c66990213 ] Request (FloatingIPsAssociationTestJSON:test_associate_already_associated_floating_ip): 200 GET http://10.180.1.21/compute/v2.1/servers/29f39c93-7364-43f8-aa5d-e4c5c4768b4e 0.948s
2025-11-12 13:58:11.274 66077 INFO tempest.lib.common.rest_client [req-5f6184b4-9acc-4843-936c-a9dc8a792618 req-5f6184b4-9acc-4843-936c-a9dc8a792618 ] Request (HypervisorAdminNegativeUnderV252Test:setUpClass): 201 POST http://10.180.1.21/identity/v3/auth/tokens 0.124s
2025-11-12 13:58:11.367 66065 INFO tempest.lib.common.rest_client [req-504dfd06-3a51-4b7c-b280-81b7509d7f8a req-504dfd06-3a51-4b7c-b280-81b7509d7f8a ] Request (ServersTestFqdnHostnames:tearDownClass): 200 GET http://10.180.1.21/compute/v2.1/servers/40c897e5-2a2d-4ba8-80e7-207322c2c685 0.957s
2025-11-12 13:58:11.396 66049 INFO tempest.lib.common.rest_client [req-56f3fa0a-4200-4ac9-949d-2be3f503c872 req-56f3fa0a-4200-4ac9-949d-2be3f503c872 ] Request (MultipleCreateTestJSON:test_multiple_create): 200 GET http://10.180.1.21/compute/v2.1/servers/0bb794ba-761a-4a61-a17c-31ed188856db 0.877s
2025-11-12 13:58:11.437 66067 INFO tempest.lib.common.rest_client [req-e55508ff-a839-4861-8b5e-3458a1c9961f req-e55508ff-a839-4861-8b5e-3458a1c9961f ] Request (ListImageFiltersTestJSON:test_list_images_filter_by_type): 200 GET http://10.180.1.21/compute/v2.1/images?type=snapshot 0.886s
2025-11-12 13:58:11.508 66071 INFO tempest.lib.common.rest_client [req-a48f6e31-8531-4b64-9c7c-e6bf2c980bf7 req-a48f6e31-8531-4b64-9c7c-e6bf2c980bf7 ] Request (ImagesOneServerNegativeTestJSON:_run_cleanups): 200 GET http://10.180.1.21/compute/v2.1/servers/07d51f66-f69e-4669-8c7d-dc89c3150c26 0.936s
2025-11-12 13:58:11.576 66055 INFO tempest.lib.common.rest_client [req-65fe0922-7241-4c4e-82c7-a40e87b2013e req-65fe0922-7241-4c4e-82c7-a40e87b2013e ] Request (DeleteServersAdminTestJSON:test_delete_server_while_in_error_state): 200 GET http://10.180.1.21/compute/v2.1/servers/9d4cc966-038f-44c9-9a89-89ee213a0896 0.988s
2025-11-12 13:58:11.584 66047 INFO tempest.lib.common.rest_client [req-44bc537b-d65c-47be-ad21-df31333b1564 req-44bc537b-d65c-47be-ad21-df31333b1564 ] Request (QuotasAdminTestJSON:test_get_updated_quotas): 200 PUT http://10.180.1.21/compute/v2.1/os-quota-sets/ff976ba144fa4a68aba72910c55ddc67?user_id=17f59116be66461b99bbc1df8afbd1c5 1.032s
2025-11-12 13:58:11.646 66085 INFO tempest.lib.common.rest_client [req-6aaf1b86-1df0-4193-8e0c-fb286128dca7 req-6aaf1b86-1df0-4193-8e0c-fb286128dca7 ] Request (AttachInterfacesUnderV243Test:_run_cleanups): 200 GET http://10.180.1.21/compute/v2.1/servers/25bb7fb1-8dc2-4d39-aced-7cbe51bfad54 0.992s
2025-11-12 13:58:11.667 66053 INFO tempest.lib.common.rest_client [req-14d9ed23-8eef-4ffc-ab0b-7ef73a0df2a9 req-14d9ed23-8eef-4ffc-ab0b-7ef73a0df2a9 ] Request (ServersAdmin275Test:tearDownClass): 200 GET http://10.180.1.21/compute/v2.1/servers/9dcc1316-06cf-4a93-a29d-0aab87e14d2e 0.937s
2025-11-12 13:58:11.710 66075 INFO tempest.lib.common.rest_client [req-cf1ba383-55fe-4bed-a03f-afeb83e272c3 req-cf1ba383-55fe-4bed-a03f-afeb83e272c3 ] Request (FloatingIPsAssociationNegativeTestJSON:tearDownClass): 200 GET http://10.180.1.21/compute/v2.1/servers/0bc01799-a9e7-405d-8f43-4da9a6fd1540 0.895s
2025-11-12 13:58:11.728 66063 INFO tempest.lib.common.rest_client [req-bc673366-f5b6-4939-a72e-20e0c2482c0d req-bc673366-f5b6-4939-a72e-20e0c2482c0d ] Request (DeleteServersTestJSON:test_delete_active_server): 200 GET http://10.180.1.21/compute/v2.1/servers/f79626ef-86fa-4e92-bedc-393a9ca61c39 0.884s
2025-11-12 13:58:11.768 66027 INFO tempest.lib.common.rest_client [req-e16c9598-2184-4368-a619-141dee46d33c req-e16c9598-2184-4368-a619-141dee46d33c ] Request (ImagesTestJSON:test_create_image_from_suspended_server): 200 GET http://10.180.1.21/compute/v2.1/images/e0c0aa5f-26cb-49b0-a5ab-aefe8bd8f148 0.849s
2025-11-12 13:58:11.770 66061 INFO tempest.lib.common.rest_client [req-a50ceb71-f9bc-4951-aa3e-20cee9a145dd req-a50ceb71-f9bc-4951-aa3e-20cee9a145dd ] Request (ServerDiskConfigTestJSON:test_rebuild_server_with_auto_disk_config): 200 GET http://10.180.1.21/compute/v2.1/servers/0cea7c38-019b-4668-b92d-e7a979c7cf00 0.880s
2025-11-12 13:58:11.812 66037 INFO tempest.lib.common.rest_client [req-9b096fac-480e-4b76-8f78-09534010be20 req-9b096fac-480e-4b76-8f78-09534010be20 ] Request (ImagesOneServerTestJSON:test_create_image_specify_multibyte_character_image_name): 200 GET http://10.180.1.21/compute/v2.1/images/8fa2b78a-6f91-4d42-8874-5fa713dc6886 0.757s
2025-11-12 13:58:11.838 66081 INFO tempest.lib.common.rest_client [req-e93226ac-9f6f-4771-93e4-899b6a37bb57 req-e93226ac-9f6f-4771-93e4-899b6a37bb57 ] Request (VolumesSnapshotsTestJSON:_run_cleanups): 404 GET http://10.180.1.21/compute/v2.1/os-snapshots/cf523d23-43de-45cc-b1b8-97b29ee7be3d 0.709s
2025-11-12 13:58:11.845 66045 INFO tempest.lib.common.rest_client [req-555d0063-250c-4d3b-902b-ea7bcc597920 req-555d0063-250c-4d3b-902b-ea7bcc597920 ] Request (ServersTestManualDisk:tearDownClass): 200 GET http://10.180.1.21/compute/v2.1/servers/607f1752-8198-4f09-aae1-4221df1e728e 0.761s
2025-11-12 13:58:11.908 66023 INFO tempest.lib.common.rest_client [req-29e5d94b-47bd-4ba0-b70e-c7a3c87609b6 req-29e5d94b-47bd-4ba0-b70e-c7a3c87609b6 ] Request (ServerTagsTestJSON:test_update_all_tags): 201 PUT http://10.180.1.21/compute/v2.1/servers/4802ce11-da1c-4050-91f1-638c9b7211b3/tags/tempest-tag-1442738029 0.747s
2025-11-12 13:58:11.915 66051 INFO tempest.lib.common.rest_client [req-b04c53e8-b022-4cfd-9aba-431edbb070c7 req-b04c53e8-b022-4cfd-9aba-431edbb070c7 ] Request (MigrationsAdminTest:test_resize_server_revert_deleted_flavor): 200 GET http://10.180.1.21/compute/v2.1/servers/b2fd0069-af18-4609-85fe-a9a1153bbf8f 0.703s
2025-11-12 13:58:11.959 66077 INFO tempest.lib.common.rest_client [req-06b5fc6f-7c73-4a5a-b7bb-e05f65706618 req-06b5fc6f-7c73-4a5a-b7bb-e05f65706618 ] Request (HypervisorAdminNegativeUnderV252Test:test_search_hypervisor_with_non_admin_user): 200 GET http://10.180.1.21/compute/v2.1/os-hypervisors 0.684s
2025-11-12 13:58:11.972 66067 INFO tempest.lib.common.rest_client [req-cd93abc5-c648-45a5-9b3a-c7d78e339cf4 req-cd93abc5-c648-45a5-9b3a-c7d78e339cf4 ] Request (ListImageFiltersTestJSON:test_list_images_limit_results): 200 GET http://10.180.1.21/compute/v2.1/images?limit=1 0.531s
2025-11-12 13:58:12.034 66029 INFO tempest.lib.common.rest_client [req-bd0f6dfa-eeb6-41e4-9c97-1793432379f2 req-bd0f6dfa-eeb6-41e4-9c97-1793432379f2 ] Request (ServersListShow298Test:test_list_show_update_rebuild_server_298): 200 GET http://10.180.1.21/compute/v2.1/servers/864dece2-f50d-4fe9-b3dc-cc890d8074aa 0.536s
2025-11-12 13:58:12.051 66040 INFO tempest.lib.common.rest_client [req-5521145c-9948-4e11-9dd6-207b0057e3f3 req-5521145c-9948-4e11-9dd6-207b0057e3f3 ] Request (ServerRescueTestJSON:setUpClass): 200 GET http://10.180.1.21/compute/v2.1/servers/4142dff1-5383-4817-b22d-9cf8030e0d5b 0.594s
2025-11-12 13:58:12.096 66047 INFO tempest.lib.common.rest_client [req-8c67984b-0279-44b7-be18-1ca36310eab8 req-8c67984b-0279-44b7-be18-1ca36310eab8 ] Request (QuotasAdminTestJSON:test_get_updated_quotas): 200 GET http://10.180.1.21/compute/v2.1/os-quota-sets/ff976ba144fa4a68aba72910c55ddc67?user_id=17f59116be66461b99bbc1df8afbd1c5 0.509s
2025-11-12 13:58:12.110 66043 INFO tempest.lib.common.rest_client [req-0a672604-330c-4416-8ece-dc1b28bcd4be req-0a672604-330c-4416-8ece-dc1b28bcd4be ] Request (ServersAdminTestJSON:setUpClass): 200 GET http://10.180.1.21/compute/v2.1/servers/e9fdea6f-88f1-4b85-b11d-9357026b36ae 0.496s
2025-11-12 13:58:12.162 66081 INFO tempest.lib.common.rest_client [req-877df9fc-071b-40aa-bf45-b0a3fa497d7e req-877df9fc-071b-40aa-bf45-b0a3fa497d7e ] Request (VolumesSnapshotsTestJSON:_run_cleanups): 202 DELETE http://10.180.1.21/compute/v2.1/os-volumes/1cb31412-0561-420e-b273-d02d8353c8f3 0.323s
2025-11-12 13:58:12.171 66073 INFO tempest.lib.common.rest_client [req-9c0e8bdf-5518-4294-8482-e63f11258c47 req-9c0e8bdf-5518-4294-8482-e63f11258c47 ] Request (InstanceActionsTestJSON:tearDownClass): 200 GET http://10.180.1.21/compute/v2.1/servers/86b7fbde-1754-438a-ab8b-9de1c96b6f31 0.459s
2025-11-12 13:58:12.203 66047 INFO tempest.lib.common.rest_client [req-9c40fe6f-e0b7-49ed-adc1-54bd96c49e95 req-9c40fe6f-e0b7-49ed-adc1-54bd96c49e95 ] Request (QuotasAdminTestJSON:_run_cleanups): 204 DELETE http://10.180.1.21/identity/v3/users/17f59116be66461b99bbc1df8afbd1c5 0.105s
2025-11-12 13:58:12.258 66035 INFO tempest.lib.common.rest_client [req-b7744775-70cb-465f-9767-02683444985c req-b7744775-70cb-465f-9767-02683444985c ] Request (ServersNegativeTestJSON:setUpClass): 200 GET http://10.180.1.21/compute/v2.1/servers/9d1b1964-8b63-4b09-ab8e-5de4490dd743 0.354s
2025-11-12 13:58:12.274 66057 INFO tempest.lib.common.rest_client [req-a70a1735-3596-48ce-916b-2dab9dab9881 req-a70a1735-3596-48ce-916b-2dab9dab9881 ] Request (ServersListShow2100Test:test_list_show_rebuild_update_server_2100): 200 GET http://10.180.1.21/compute/v2.1/servers/68d2f188-b402-4d7e-9cfd-63095c341e35 0.429s
2025-11-12 13:58:12.346 66023 INFO tempest.lib.common.rest_client [req-4577f7cd-7602-4db2-9c4a-dd0ec69718d0 req-4577f7cd-7602-4db2-9c4a-dd0ec69718d0 ] Request (ServerTagsTestJSON:test_update_all_tags): 200 PUT http://10.180.1.21/compute/v2.1/servers/4802ce11-da1c-4050-91f1-638c9b7211b3/tags 0.437s
2025-11-12 13:58:12.347 66047 INFO tempest.lib.common.rest_client [req-d624bde0-2976-4fea-8097-4d8bcb5d1f77 req-d624bde0-2976-4fea-8097-4d8bcb5d1f77 ] Request (QuotasAdminTestJSON:_run_cleanups): 204 DELETE http://10.180.1.21/identity/v3/projects/ff976ba144fa4a68aba72910c55ddc67 0.143s
2025-11-12 13:58:12.450 66067 INFO tempest.lib.common.rest_client [req-bcc3ff1c-fd80-4e42-93ae-0d1163245e93 req-bcc3ff1c-fd80-4e42-93ae-0d1163245e93 ] Request (ListImageFiltersTestJSON:test_list_images_with_detail_filter_by_changes_since): 200 GET http://10.180.1.21/compute/v2.1/images/detail?changes-since=2025-11-12T13%3A55%3A49Z 0.473s
2025-11-12 13:58:12.472 66077 INFO tempest.lib.common.rest_client [req-8f7aff0a-955b-47fc-9559-c9e29f3d4e84 req-8f7aff0a-955b-47fc-9559-c9e29f3d4e84 ] Request (HypervisorAdminNegativeUnderV252Test:test_search_hypervisor_with_non_admin_user): 403 GET http://10.180.1.21/compute/v2.1/os-hypervisors/domain-c8.fc996f14-c53b-4953-92e3-bdfa48f5cc28/search 0.512s
2025-11-12 13:58:12.500 66081 INFO tempest.lib.common.rest_client [req-473e785d-06cf-4501-9671-fc35b184dbe1 req-473e785d-06cf-4501-9671-fc35b184dbe1 ] Request (VolumesSnapshotsTestJSON:_run_cleanups): 404 GET http://10.180.1.21/compute/v2.1/os-volumes/1cb31412-0561-420e-b273-d02d8353c8f3 0.338s
2025-11-12 13:58:12.520 66033 INFO tempest.lib.common.rest_client [req-ea4991c3-9235-444b-923a-ec4937ea39a1 req-ea4991c3-9235-444b-923a-ec4937ea39a1 ] Request (InstanceActionsNegativeTestJSON:setUpClass): 200 GET http://10.180.1.21/compute/v2.1/servers/381d8626-85a7-4d64-922c-085214e14f9a 0.487s
2025-11-12 13:58:12.527 66033 INFO tempest.common.waiters [-] State transition "BUILD/None" ==> "BUILD/networking" after 30 second wait
2025-11-12 13:58:12.576 66060 INFO tempest.lib.common.rest_client [req-730f73e6-37db-45f5-8376-d5750791998e req-730f73e6-37db-45f5-8376-d5750791998e ] Request (ServerShowV247Test:test_update_rebuild_list_server): 200 GET http://10.180.1.21/compute/v2.1/servers/ef3aeb1a-227b-4a91-b26b-682dabab6de2 0.326s
2025-11-12 13:58:12.590 66069 INFO tempest.lib.common.rest_client [req-77492a82-0fd9-44c6-a35d-059a13b5d6f2 req-77492a82-0fd9-44c6-a35d-059a13b5d6f2 ] Request (FloatingIPsAssociationTestJSON:test_associate_already_associated_floating_ip): 200 GET http://10.180.1.21/compute/v2.1/servers/29f39c93-7364-43f8-aa5d-e4c5c4768b4e 0.329s
2025-11-12 13:58:12.595 66023 INFO tempest.lib.common.rest_client [req-54bac40f-733f-4403-bbdf-704cff82f4b4 req-54bac40f-733f-4403-bbdf-704cff82f4b4 ] Request (ServerTagsTestJSON:test_update_all_tags): 200 GET http://10.180.1.21/compute/v2.1/servers/4802ce11-da1c-4050-91f1-638c9b7211b3/tags 0.245s
2025-11-12 13:58:12.673 66065 INFO tempest.lib.common.rest_client [req-c4d4f42e-2c29-4272-9cf6-85da51a0a97e req-c4d4f42e-2c29-4272-9cf6-85da51a0a97e ] Request (ServersTestFqdnHostnames:tearDownClass): 200 GET http://10.180.1.21/compute/v2.1/servers/40c897e5-2a2d-4ba8-80e7-207322c2c685 0.299s
2025-11-12 13:58:12.682 66047 INFO tempest.lib.common.rest_client [req-06c39e7a-ee0d-4917-b4d3-3d8680a54694 req-06c39e7a-ee0d-4917-b4d3-3d8680a54694 ] Request (QuotasAdminTestJSON:test_update_all_quota_resources_for_tenant): 200 GET http://10.180.1.21/compute/v2.1/os-quota-sets/d31e0919e7f44cef8c114eaf32874c15/defaults 0.332s
2025-11-12 13:58:12.732 66067 INFO tempest.lib.common.rest_client [req-bd3570f3-7cf7-4669-a3ff-dd7fd6456794 req-bd3570f3-7cf7-4669-a3ff-dd7fd6456794 ] Request (ListImageFiltersTestJSON:test_list_images_with_detail_filter_by_name): 200 GET http://10.180.1.21/compute/v2.1/images/detail?name=tempest-ListImageFiltersTestJSON-image-768261495 0.276s
2025-11-12 13:58:12.742 66077 INFO tempest.lib.common.rest_client [req-1705eb8a-26f3-401d-b847-6771f590b440 req-1705eb8a-26f3-401d-b847-6771f590b440 ] Request (HypervisorAdminNegativeUnderV252Test:test_search_nonexistent_hypervisor): 404 GET http://10.180.1.21/compute/v2.1/os-hypervisors/nonexistent_hypervisor_name/search 0.268s
2025-11-12 13:58:12.764 66081 INFO tempest.lib.common.rest_client [req-ecd1380c-7502-4162-bb4b-a5e2788758de req-ecd1380c-7502-4162-bb4b-a5e2788758de ] Request (VolumesSnapshotsTestJSON:tearDownClass): 404 DELETE http://10.180.1.21/compute/v2.1/os-volumes/1cb31412-0561-420e-b273-d02d8353c8f3 0.257s
2025-11-12 13:58:12.803 66049 INFO tempest.lib.common.rest_client [req-72bf4f12-cbb1-411a-8ba8-156b0934e165 req-72bf4f12-cbb1-411a-8ba8-156b0934e165 ] Request (MultipleCreateTestJSON:test_multiple_create): 200 GET http://10.180.1.21/compute/v2.1/servers/0bb794ba-761a-4a61-a17c-31ed188856db 0.396s
2025-11-12 13:58:12.822 66071 INFO tempest.lib.common.rest_client [req-fad6a8ea-8503-46fd-8d6d-9cb82ce34ec7 req-fad6a8ea-8503-46fd-8d6d-9cb82ce34ec7 ] Request (ImagesOneServerNegativeTestJSON:_run_cleanups): 200 GET http://10.180.1.21/compute/v2.1/servers/07d51f66-f69e-4669-8c7d-dc89c3150c26 0.306s
2025-11-12 13:58:12.824 66055 INFO tempest.lib.common.rest_client [req-31dba301-a0d9-4c10-ad68-480f290d7191 req-31dba301-a0d9-4c10-ad68-480f290d7191 ] Request (DeleteServersAdminTestJSON:test_delete_server_while_in_error_state): 404 GET http://10.180.1.21/compute/v2.1/servers/9d4cc966-038f-44c9-9a89-89ee213a0896 0.237s
2025-11-12 13:58:12.846 66085 INFO tempest.lib.common.rest_client [req-d705f54e-9a35-4bf1-b9cb-86efeb631720 req-d705f54e-9a35-4bf1-b9cb-86efeb631720 ] Request (AttachInterfacesUnderV243Test:_run_cleanups): 404 GET http://10.180.1.21/compute/v2.1/servers/25bb7fb1-8dc2-4d39-aced-7cbe51bfad54 0.191s
2025-11-12 13:58:12.871 66023 INFO tempest.lib.common.rest_client [req-5fff997c-74a9-47b0-b532-efc87b6ed44c req-5fff997c-74a9-47b0-b532-efc87b6ed44c ] Request (ServerTagsTestJSON:_run_cleanups): 204 DELETE http://10.180.1.21/compute/v2.1/servers/4802ce11-da1c-4050-91f1-638c9b7211b3/tags 0.274s
2025-11-12 13:58:12.923 66053 INFO tempest.lib.common.rest_client [req-06b6b6b0-1caa-45e9-b102-55724d02e1eb req-06b6b6b0-1caa-45e9-b102-55724d02e1eb ] Request (ServersAdmin275Test:tearDownClass): 200 GET http://10.180.1.21/compute/v2.1/servers/9dcc1316-06cf-4a93-a29d-0aab87e14d2e 0.244s
2025-11-12 13:58:13.008 66075 INFO tempest.lib.common.rest_client [req-55654209-531c-4321-8ecb-c9e68b51a927 req-55654209-531c-4321-8ecb-c9e68b51a927 ] Request (FloatingIPsAssociationNegativeTestJSON:tearDownClass): 200 GET http://10.180.1.21/compute/v2.1/servers/0bc01799-a9e7-405d-8f43-4da9a6fd1540 0.290s
2025-11-12 13:58:13.030 66047 INFO tempest.lib.common.rest_client [req-d2b4dc3b-11b9-4422-816d-42347050e411 req-d2b4dc3b-11b9-4422-816d-42347050e411 ] Request (QuotasAdminTestJSON:test_update_all_quota_resources_for_tenant): 200 PUT http://10.180.1.21/compute/v2.1/os-quota-sets/d31e0919e7f44cef8c114eaf32874c15 0.346s
2025-11-12 13:58:13.059 66067 INFO tempest.lib.common.rest_client [req-45065028-8027-49c8-a3d0-3ff95d46792d req-45065028-8027-49c8-a3d0-3ff95d46792d ] Request (ListImageFiltersTestJSON:test_list_images_with_detail_filter_by_server_ref): 200 GET http://10.180.1.21/compute/v2.1/images/detail?server=http%3A%2F%2F10.180.1.21%2Fcompute%2Fv2.1%2Fservers%2F961925a1-792d-4f0e-80cb-f4e817afea70 0.322s
2025-11-12 13:58:13.087 66079 WARNING tempest.lib.common.ssh [-] Failed to establish authenticated ssh connection to cirros@10.180.180.203 ([Errno None] Unable to connect to port 22 on 10.180.180.203). Number attempts: 10. Retry after 11 seconds.: paramiko.ssh_exception.NoValidConnectionsError: [Errno None] Unable to connect to port 22 on 10.180.180.203
2025-11-12 13:58:13.088 66077 INFO tempest.lib.common.rest_client [req-013da8a7-6d43-414b-8e5e-f446a2bcef1a req-013da8a7-6d43-414b-8e5e-f446a2bcef1a ] Request (HypervisorAdminNegativeUnderV252Test:test_show_servers_with_non_admin_user): 200 GET http://10.180.1.21/compute/v2.1/os-hypervisors 0.344s
2025-11-12 13:58:13.109 66081 INFO tempest.lib.common.rest_client [req-c5e02c6c-a844-4aef-87a6-ebc47ff3b048 req-c5e02c6c-a844-4aef-87a6-ebc47ff3b048 ] Request (VolumesSnapshotsTestJSON:tearDownClass): 404 GET http://10.180.1.21/compute/v2.1/os-volumes/1cb31412-0561-420e-b273-d02d8353c8f3 0.345s
2025-11-12 13:58:13.128 66063 INFO tempest.lib.common.rest_client [req-d8c01567-a836-44ad-a520-1c48cc96e742 req-d8c01567-a836-44ad-a520-1c48cc96e742 ] Request (DeleteServersTestJSON:test_delete_active_server): 200 GET http://10.180.1.21/compute/v2.1/servers/f79626ef-86fa-4e92-bedc-393a9ca61c39 0.390s
2025-11-12 13:58:13.165 66027 INFO tempest.lib.common.rest_client [req-199a24bf-ed11-4365-9465-ba13e9976b7f req-199a24bf-ed11-4365-9465-ba13e9976b7f ] Request (ImagesTestJSON:test_create_image_from_suspended_server): 200 GET http://10.180.1.21/compute/v2.1/images/e0c0aa5f-26cb-49b0-a5ab-aefe8bd8f148 0.390s
2025-11-12 13:58:13.214 66061 INFO tempest.lib.common.rest_client [req-56a0ff63-548e-4c7b-b231-37c64aa5e103 req-56a0ff63-548e-4c7b-b231-37c64aa5e103 ] Request (ServerDiskConfigTestJSON:test_rebuild_server_with_auto_disk_config): 200 GET http://10.180.1.21/compute/v2.1/servers/0cea7c38-019b-4668-b92d-e7a979c7cf00 0.435s
2025-11-12 13:58:13.215 66037 INFO tempest.lib.common.rest_client [req-d82cf186-e05a-4a91-8b33-b3d6bc5bb9d3 req-d82cf186-e05a-4a91-8b33-b3d6bc5bb9d3 ] Request (ImagesOneServerTestJSON:test_create_image_specify_multibyte_character_image_name): 200 GET http://10.180.1.21/compute/v2.1/images/8fa2b78a-6f91-4d42-8874-5fa713dc6886 0.398s
2025-11-12 13:58:13.239 66085 INFO tempest.lib.common.rest_client [req-0b243221-3472-4961-9291-e7d45da160f7 req-0b243221-3472-4961-9291-e7d45da160f7 ] Request (AttachInterfacesUnderV243Test:_run_cleanups): 202 DELETE http://10.180.1.21/compute/v2.1/os-keypairs/tempest-keypair-1682351508 0.392s
2025-11-12 13:58:13.243 66055 INFO tempest.lib.common.rest_client [req-aa037c62-091a-4b07-9442-e7490a2da8e6 req-aa037c62-091a-4b07-9442-e7490a2da8e6 ] Request (DeleteServersAdminTestJSON:tearDownClass): 404 DELETE http://10.180.1.21/compute/v2.1/servers/9d4cc966-038f-44c9-9a89-89ee213a0896 0.417s
2025-11-12 13:58:13.283 66081 INFO tempest.lib.common.rest_client [req-9794ed2b-22de-40df-b2ae-17a299bfd1fb req-9794ed2b-22de-40df-b2ae-17a299bfd1fb ] Request (VolumesSnapshotsTestJSON:tearDownClass): 204 DELETE http://10.180.1.21/identity/v3/users/0ceae2b688e847d5a2b841c6f1280642 0.173s
2025-11-12 13:58:13.283 66081 INFO tempest.lib.common.dynamic_creds [-] Deleting project and security group for project: c40183d236af46548da369352e280b99
2025-11-12 13:58:13.344 66023 INFO tempest.lib.common.rest_client [req-e7282086-8622-4d7e-a457-c24afd399e33 req-e7282086-8622-4d7e-a457-c24afd399e33 ] Request (ServerTagsTestJSON:tearDownClass): 204 DELETE http://10.180.1.21/compute/v2.1/servers/4802ce11-da1c-4050-91f1-638c9b7211b3 0.466s
2025-11-12 13:58:13.361 66085 INFO tempest.lib.common.rest_client [req-c7252524-fec5-461b-a285-9e8a5d948721 req-c7252524-fec5-461b-a285-9e8a5d948721 ] Request (AttachInterfacesUnderV243Test:_run_cleanups): 204 DELETE http://10.180.1.21/networking/v2.0/security-groups/7654edec-ade1-480e-832c-a02879a9e17c 0.121s
2025-11-12 13:58:13.370 66045 INFO tempest.lib.common.rest_client [req-b445a652-1f5b-42c4-aeb0-1beb71cac78b req-b445a652-1f5b-42c4-aeb0-1beb71cac78b ] Request (ServersTestManualDisk:tearDownClass): 200 GET http://10.180.1.21/compute/v2.1/servers/607f1752-8198-4f09-aae1-4221df1e728e 0.515s
2025-11-12 13:58:13.378 66085 INFO tempest.lib.common.rest_client [req-4a43ba44-c8f3-467f-89b7-edd160f8b14e req-4a43ba44-c8f3-467f-89b7-edd160f8b14e ] Request (AttachInterfacesUnderV243Test:_run_cleanups): 404 GET http://10.180.1.21/networking/v2.0/security-groups/7654edec-ade1-480e-832c-a02879a9e17c 0.016s
2025-11-12 13:58:13.379 66081 INFO tempest.lib.common.rest_client [req-d15bdcb3-7ba6-4315-b4d6-6fcb5724d676 req-d15bdcb3-7ba6-4315-b4d6-6fcb5724d676 ] Request (VolumesSnapshotsTestJSON:tearDownClass): 201 POST http://10.180.1.21/identity/v3/auth/tokens 0.096s
2025-11-12 13:58:13.405 66051 INFO tempest.lib.common.rest_client [req-84718d45-bc7e-4306-8b32-ba14b7fc597e req-84718d45-bc7e-4306-8b32-ba14b7fc597e ] Request (MigrationsAdminTest:test_resize_server_revert_deleted_flavor): 200 GET http://10.180.1.21/compute/v2.1/servers/b2fd0069-af18-4609-85fe-a9a1153bbf8f 0.476s
2025-11-12 13:58:13.662 66085 INFO tempest.lib.common.rest_client [req-f4de82e6-3373-434e-b15c-25bcd343502d req-f4de82e6-3373-434e-b15c-25bcd343502d ] Request (AttachInterfacesUnderV243Test:_run_cleanups): 204 DELETE http://10.180.1.21/networking/v2.0/floatingips/7293368c-1b55-45a1-9c29-1b57e9ea1a4d 0.284s
2025-11-12 13:58:13.681 66047 INFO tempest.lib.common.rest_client [req-e9dbddb3-d0fd-4aa3-b05f-2ca6c1429b10 req-e9dbddb3-d0fd-4aa3-b05f-2ca6c1429b10 ] Request (QuotasAdminTestJSON:_run_cleanups): 200 PUT http://10.180.1.21/compute/v2.1/os-quota-sets/d31e0919e7f44cef8c114eaf32874c15 0.648s
2025-11-12 13:58:13.798 66047 INFO tempest.lib.common.rest_client [req-31c2e35b-be1e-4911-8a41-4d8ec9f20fd2 req-31c2e35b-be1e-4911-8a41-4d8ec9f20fd2 ] Request (QuotasAdminTestJSON:tearDownClass): 204 DELETE http://10.180.1.21/identity/v3/users/f2ed155ac6a2409ea730e548727d44de 0.110s
2025-11-12 13:58:13.914 66047 INFO tempest.lib.common.rest_client [req-f367c31f-2d28-4a9d-ad4a-712ee2ad7244 req-f367c31f-2d28-4a9d-ad4a-712ee2ad7244 ] Request (QuotasAdminTestJSON:tearDownClass): 204 DELETE http://10.180.1.21/identity/v3/users/d8bf48a587dc44948ccd5b57cacf538e 0.116s
2025-11-12 13:58:13.914 66047 INFO tempest.lib.common.dynamic_creds [-] Deleting project and security group for project: d31e0919e7f44cef8c114eaf32874c15
2025-11-12 13:58:13.919 66081 INFO tempest.lib.common.rest_client [req-f37e1675-ef1e-48bb-b9e3-9d30e7a73ba4 req-f37e1675-ef1e-48bb-b9e3-9d30e7a73ba4 ] Request (VolumesSnapshotsTestJSON:tearDownClass): 200 GET http://10.180.1.21/networking/v2.0/security-groups?tenant_id=c40183d236af46548da369352e280b99&name=default 0.539s
2025-11-12 13:58:13.961 66029 INFO tempest.lib.common.rest_client [req-4248ceba-6a45-490e-8fc2-226f6a74e2de req-4248ceba-6a45-490e-8fc2-226f6a74e2de ] Request (ServersListShow298Test:test_list_show_update_rebuild_server_298): 200 GET http://10.180.1.21/compute/v2.1/servers/864dece2-f50d-4fe9-b3dc-cc890d8074aa 0.914s
2025-11-12 13:58:13.997 66047 INFO tempest.lib.common.rest_client [req-5da2017d-85d5-44bd-951f-8a7cf406b7b8 req-5da2017d-85d5-44bd-951f-8a7cf406b7b8 ] Request (QuotasAdminTestJSON:tearDownClass): 201 POST http://10.180.1.21/identity/v3/auth/tokens 0.082s
2025-11-12 13:58:14.022 66067 INFO tempest.lib.common.rest_client [req-acf33aa9-1675-4dac-83fa-14c29efe2611 req-acf33aa9-1675-4dac-83fa-14c29efe2611 ] Request (ListImageFiltersTestJSON:test_list_images_with_detail_filter_by_server_ref): 200 GET http://10.180.1.21/compute/v2.1/images/detail?server=http%3A%2F%2F10.180.1.21%2Fcompute%2Fservers%2F961925a1-792d-4f0e-80cb-f4e817afea70 0.959s
2025-11-12 13:58:14.029 66077 INFO tempest.lib.common.rest_client [req-ce3f48d8-9dd2-4504-baf6-1c316391716f req-ce3f48d8-9dd2-4504-baf6-1c316391716f ] Request (HypervisorAdminNegativeUnderV252Test:test_show_servers_with_non_admin_user): 403 GET http://10.180.1.21/compute/v2.1/os-hypervisors/1/servers 0.939s
2025-11-12 13:58:14.168 66081 INFO tempest.lib.common.rest_client [req-906a315a-669f-496a-a358-a9faacc4085a req-906a315a-669f-496a-a358-a9faacc4085a ] Request (VolumesSnapshotsTestJSON:tearDownClass): 204 DELETE http://10.180.1.21/networking/v2.0/security-groups/15aa39b1-c683-44da-a0dd-d7ddf731b24d 0.248s
2025-11-12 13:58:14.250 66081 INFO tempest.lib.common.rest_client [req-78d255aa-a885-421b-84a2-ccf6d0b9fc4e req-78d255aa-a885-421b-84a2-ccf6d0b9fc4e ] Request (VolumesSnapshotsTestJSON:tearDownClass): 204 DELETE http://10.180.1.21/identity/v3/projects/c40183d236af46548da369352e280b99 0.082s
2025-11-12 13:58:14.434 66047 INFO tempest.lib.common.rest_client [req-2a131009-c440-4620-9afc-d9e01d108b27 req-2a131009-c440-4620-9afc-d9e01d108b27 ] Request (QuotasAdminTestJSON:tearDownClass): 200 GET http://10.180.1.21/networking/v2.0/security-groups?tenant_id=d31e0919e7f44cef8c114eaf32874c15&name=default 0.437s
2025-11-12 13:58:14.474 66040 INFO tempest.lib.common.rest_client [req-f21e440c-281b-4c16-88f2-53a0caf24686 req-f21e440c-281b-4c16-88f2-53a0caf24686 ] Request (ServerRescueTestJSON:setUpClass): 200 GET http://10.180.1.21/compute/v2.1/servers/4142dff1-5383-4817-b22d-9cf8030e0d5b 1.413s
2025-11-12 13:58:14.484 66040 INFO tempest.common.waiters [-] State transition "BUILD/spawning" ==> "ACTIVE/None" after 33 second wait
2025-11-12 13:58:14.487 66043 INFO tempest.lib.common.rest_client [req-c16372fa-15d7-4726-b0bd-5babf82ece60 req-c16372fa-15d7-4726-b0bd-5babf82ece60 ] Request (ServersAdminTestJSON:setUpClass): 200 GET http://10.180.1.21/compute/v2.1/servers/e9fdea6f-88f1-4b85-b11d-9357026b36ae 1.367s
2025-11-12 13:58:14.510 66055 INFO tempest.lib.common.rest_client [req-85da960b-1ecc-4bf4-bf25-af395bcbb52f req-85da960b-1ecc-4bf4-bf25-af395bcbb52f ] Request (DeleteServersAdminTestJSON:tearDownClass): 404 GET http://10.180.1.21/compute/v2.1/servers/9d4cc966-038f-44c9-9a89-89ee213a0896 1.267s
2025-11-12 13:58:14.596 66047 INFO tempest.lib.common.rest_client [req-a4c73f5d-6834-4101-b006-951e1e50e60c req-a4c73f5d-6834-4101-b006-951e1e50e60c ] Request (QuotasAdminTestJSON:tearDownClass): 204 DELETE http://10.180.1.21/networking/v2.0/security-groups/c162a85c-955a-4eb9-94c5-e893f5dc1786 0.161s
2025-11-12 13:58:14.657 66047 INFO tempest.lib.common.rest_client [req-5bdfc6df-71a5-4488-a7ae-e96c7627f1e7 req-5bdfc6df-71a5-4488-a7ae-e96c7627f1e7 ] Request (QuotasAdminTestJSON:tearDownClass): 204 DELETE http://10.180.1.21/identity/v3/projects/d31e0919e7f44cef8c114eaf32874c15 0.061s
2025-11-12 13:58:14.657 66047 INFO tempest.lib.common.dynamic_creds [-] Deleting project and security group for project: f15237558c264d1bb7d141319fde60c0
2025-11-12 13:58:14.665 66073 INFO tempest.lib.common.rest_client [req-f0094910-e222-4030-b9e3-66c73e3c6cf5 req-f0094910-e222-4030-b9e3-66c73e3c6cf5 ] Request (InstanceActionsTestJSON:tearDownClass): 200 GET http://10.180.1.21/compute/v2.1/servers/86b7fbde-1754-438a-ab8b-9de1c96b6f31 1.487s
2025-11-12 13:58:14.678 66035 INFO tempest.lib.common.rest_client [req-1ca3b2b9-5802-4384-a00a-ab48c45f0631 req-1ca3b2b9-5802-4384-a00a-ab48c45f0631 ] Request (ServersNegativeTestJSON:setUpClass): 200 GET http://10.180.1.21/compute/v2.1/servers/9d1b1964-8b63-4b09-ab8e-5de4490dd743 1.405s
2025-11-12 13:58:14.797 66047 INFO tempest.lib.common.rest_client [req-3a677b59-f70a-47c3-8e82-3c614dbdb569 req-3a677b59-f70a-47c3-8e82-3c614dbdb569 ] Request (QuotasAdminTestJSON:tearDownClass): 200 GET http://10.180.1.21/networking/v2.0/security-groups?tenant_id=f15237558c264d1bb7d141319fde60c0&name=default 0.140s
2025-11-12 13:58:14.849 66057 INFO tempest.lib.common.rest_client [req-7691bac0-95bb-4d0d-8dd8-621c807898e1 req-7691bac0-95bb-4d0d-8dd8-621c807898e1 ] Request (ServersListShow2100Test:test_list_show_rebuild_update_server_2100): 200 GET http://10.180.1.21/compute/v2.1/servers/68d2f188-b402-4d7e-9cfd-63095c341e35 1.558s
2025-11-12 13:58:14.981 66047 INFO tempest.lib.common.rest_client [req-301af61f-4de1-4fe8-b37f-823c0b2025e0 req-301af61f-4de1-4fe8-b37f-823c0b2025e0 ] Request (QuotasAdminTestJSON:tearDownClass): 204 DELETE http://10.180.1.21/networking/v2.0/security-groups/d62eb668-afda-49c8-bc8b-fa83ed8ce11c 0.183s
2025-11-12 13:58:15.043 66023 INFO tempest.lib.common.rest_client [req-cda6179d-918b-4509-88ab-26dc46c7469a req-cda6179d-918b-4509-88ab-26dc46c7469a ] Request (ServerTagsTestJSON:tearDownClass): 200 GET http://10.180.1.21/compute/v2.1/servers/4802ce11-da1c-4050-91f1-638c9b7211b3 1.699s
2025-11-12 13:58:15.124 66033 INFO tempest.lib.common.rest_client [req-cef27b30-087a-4de9-a6a0-ec0bf9971138 req-cef27b30-087a-4de9-a6a0-ec0bf9971138 ] Request (InstanceActionsNegativeTestJSON:setUpClass): 200 GET http://10.180.1.21/compute/v2.1/servers/381d8626-85a7-4d64-922c-085214e14f9a 1.595s
2025-11-12 13:58:15.131 66033 INFO tempest.common.waiters [-] State transition "BUILD/networking" ==> "BUILD/spawning" after 33 second wait
2025-11-12 13:58:15.132 66047 INFO tempest.lib.common.rest_client [req-16977365-7a0e-44c6-937f-045dc6ee02b8 req-16977365-7a0e-44c6-937f-045dc6ee02b8 ] Request (QuotasAdminTestJSON:tearDownClass): 204 DELETE http://10.180.1.21/identity/v3/projects/f15237558c264d1bb7d141319fde60c0 0.151s
2025-11-12 13:58:15.146 66060 INFO tempest.lib.common.rest_client [req-7592961e-7c66-4289-900e-9426b300b335 req-7592961e-7c66-4289-900e-9426b300b335 ] Request (ServerShowV247Test:test_update_rebuild_list_server): 200 GET http://10.180.1.21/compute/v2.1/servers/ef3aeb1a-227b-4a91-b26b-682dabab6de2 1.555s
2025-11-12 13:58:15.177 66085 INFO tempest.lib.common.rest_client [req-8e729866-50a1-4fac-ba87-aaf66c6b7139 req-8e729866-50a1-4fac-ba87-aaf66c6b7139 ] Request (AttachInterfacesUnderV243Test:tearDownClass): 404 DELETE http://10.180.1.21/compute/v2.1/servers/25bb7fb1-8dc2-4d39-aced-7cbe51bfad54 1.505s
2025-11-12 13:58:15.219 66069 INFO tempest.lib.common.rest_client [req-c9c79283-6e8a-4abb-a630-d73d955a5ed4 req-c9c79283-6e8a-4abb-a630-d73d955a5ed4 ] Request (FloatingIPsAssociationTestJSON:test_associate_already_associated_floating_ip): 200 GET http://10.180.1.21/compute/v2.1/servers/29f39c93-7364-43f8-aa5d-e4c5c4768b4e 1.618s
2025-11-12 13:58:15.223 66047 INFO tempest.lib.common.rest_client [req-7c9e35b9-4b54-47f1-85b3-7f0af65e77f9 req-7c9e35b9-4b54-47f1-85b3-7f0af65e77f9 ] Request (ImagesNegativeTestJSON:setUpClass): 201 POST http://10.180.1.21/identity/v3/auth/tokens 0.088s
2025-11-12 13:58:15.229 66069 INFO tempest.common.waiters [-] State transition "BUILD/None" ==> "BUILD/networking" after 33 second wait
2025-11-12 13:58:15.246 66065 INFO tempest.lib.common.rest_client [req-aa8ff290-a61e-428e-b71a-7abb3d627990 req-aa8ff290-a61e-428e-b71a-7abb3d627990 ] Request (ServersTestFqdnHostnames:tearDownClass): 200 GET http://10.180.1.21/compute/v2.1/servers/40c897e5-2a2d-4ba8-80e7-207322c2c685 1.562s
2025-11-12 13:58:15.269 66047 INFO tempest.lib.common.rest_client [req-a3da66eb-7ccb-437f-958d-2f9f4802c783 req-a3da66eb-7ccb-437f-958d-2f9f4802c783 ] Request (ImagesNegativeTestJSON:setUpClass): 201 POST http://10.180.1.21/identity/v3/auth/tokens 0.041s
2025-11-12 13:58:15.299 66047 INFO tempest.lib.common.rest_client [req-873e3752-1541-48b8-96cc-8c192eae0a1b req-873e3752-1541-48b8-96cc-8c192eae0a1b ] Request (ImagesNegativeTestJSON:setUpClass): 200 GET http://10.180.1.21/identity/v3/domains?name=Default 0.030s
2025-11-12 13:58:15.317 66071 INFO tempest.lib.common.rest_client [req-e199c41c-a1a0-4064-a5ab-ca0f5a672e6e req-e199c41c-a1a0-4064-a5ab-ca0f5a672e6e ] Request (ImagesOneServerNegativeTestJSON:_run_cleanups): 200 GET http://10.180.1.21/compute/v2.1/servers/07d51f66-f69e-4669-8c7d-dc89c3150c26 1.484s
2025-11-12 13:58:15.337 66047 INFO tempest.lib.common.rest_client [req-8984429e-8b5c-43b7-9ed2-c94483f072d6 req-8984429e-8b5c-43b7-9ed2-c94483f072d6 ] Request (ImagesNegativeTestJSON:setUpClass): 201 POST http://10.180.1.21/identity/v3/projects 0.038s
2025-11-12 13:58:15.386 66053 INFO tempest.lib.common.rest_client [req-d867ad02-d6a8-4c02-96a3-28e8d38067a1 req-d867ad02-d6a8-4c02-96a3-28e8d38067a1 ] Request (ServersAdmin275Test:tearDownClass): 200 GET http://10.180.1.21/compute/v2.1/servers/9dcc1316-06cf-4a93-a29d-0aab87e14d2e 1.448s
2025-11-12 13:58:15.389 66049 INFO tempest.lib.common.rest_client [req-292f48f5-cdf7-432d-b055-3951adefe7a4 req-292f48f5-cdf7-432d-b055-3951adefe7a4 ] Request (MultipleCreateTestJSON:test_multiple_create): 200 GET http://10.180.1.21/compute/v2.1/servers/0bb794ba-761a-4a61-a17c-31ed188856db 1.577s
2025-11-12 13:58:15.408 66047 INFO tempest.lib.common.rest_client [req-8a0662e6-6b31-4ced-bb4d-4291d228dce0 req-8a0662e6-6b31-4ced-bb4d-4291d228dce0 ] Request (ImagesNegativeTestJSON:setUpClass): 201 POST http://10.180.1.21/identity/v3/users 0.070s
2025-11-12 13:58:15.431 66047 INFO tempest.lib.common.rest_client [req-b8370212-7d34-4cd7-8c7f-1bf26776f918 req-b8370212-7d34-4cd7-8c7f-1bf26776f918 ] Request (ImagesNegativeTestJSON:setUpClass): 200 GET http://10.180.1.21/identity/v3/roles 0.022s
2025-11-12 13:58:15.441 66075 INFO tempest.lib.common.rest_client [req-4c2ddb02-077e-4134-b897-c62d9e25b735 req-4c2ddb02-077e-4134-b897-c62d9e25b735 ] Request (FloatingIPsAssociationNegativeTestJSON:tearDownClass): 200 GET http://10.180.1.21/compute/v2.1/servers/0bc01799-a9e7-405d-8f43-4da9a6fd1540 1.422s
2025-11-12 13:58:15.451 66077 INFO tempest.lib.common.rest_client [req-e94f0349-6e2d-4d24-a5d0-781f965e1894 req-e94f0349-6e2d-4d24-a5d0-781f965e1894 ] Request (HypervisorAdminNegativeUnderV252Test:test_show_servers_with_nonexistent_hypervisor): 404 GET http://10.180.1.21/compute/v2.1/os-hypervisors/379acd5e-715b-4e5f-accf-55eebd025406/servers 1.420s
2025-11-12 13:58:15.460 66047 INFO tempest.lib.common.rest_client [req-e10fd704-3562-4eb4-9b67-0d309e597ec0 req-e10fd704-3562-4eb4-9b67-0d309e597ec0 ] Request (ImagesNegativeTestJSON:setUpClass): 204 PUT http://10.180.1.21/identity/v3/projects/9e93022f6adf419f8a5fa898f936dca9/users/413514f2f0ce41d4b9760a73c4176850/roles/6f23974f78f041a2a0eac2f9e83080cd 0.029s
2025-11-12 13:58:15.460 66047 INFO tempest.lib.common.dynamic_creds [-] Dynamic test user 413514f2f0ce41d4b9760a73c4176850 is created with scope project and roles: ['member']
2025-11-12 13:58:15.461 66047 INFO tempest.lib.common.dynamic_creds [-] Acquired dynamic creds: credentials: Credentials: {'domain_id': 'default', 'domain_name': 'Default', 'username': 'tempest-ImagesNegativeTestJSON-2077925014-project-member', 'project_domain_id': 'default', 'project_domain_name': 'Default', 'project_id': '9e93022f6adf419f8a5fa898f936dca9', 'project_name': 'tempest-ImagesNegativeTestJSON-2077925014', 'tenant_id': '9e93022f6adf419f8a5fa898f936dca9', 'tenant_name': 'tempest-ImagesNegativeTestJSON-2077925014', 'user_domain_id': 'default', 'user_domain_name': 'Default', 'user_id': '413514f2f0ce41d4b9760a73c4176850', 'system': None}, Network: None, Subnet: None, Router: None
2025-11-12 13:58:15.474 66067 INFO tempest.lib.common.rest_client [req-bde8c4c2-237e-414b-90bc-77001b43867d req-bde8c4c2-237e-414b-90bc-77001b43867d ] Request (ListImageFiltersTestJSON:test_list_images_with_detail_filter_by_status): 200 GET http://10.180.1.21/compute/v2.1/images/detail?status=ACTIVE 1.446s
2025-11-12 13:58:15.511 66063 INFO tempest.lib.common.rest_client [req-a2dc3a13-6c2a-419f-9095-f0e6822a39b8 req-a2dc3a13-6c2a-419f-9095-f0e6822a39b8 ] Request (DeleteServersTestJSON:test_delete_active_server): 200 GET http://10.180.1.21/compute/v2.1/servers/f79626ef-86fa-4e92-bedc-393a9ca61c39 1.376s
2025-11-12 13:58:15.518 66027 INFO tempest.lib.common.rest_client [req-b2b85fef-c9dd-4f9f-900d-d81f1cf3f200 req-b2b85fef-c9dd-4f9f-900d-d81f1cf3f200 ] Request (ImagesTestJSON:test_create_image_from_suspended_server): 200 GET http://10.180.1.21/compute/v2.1/images/e0c0aa5f-26cb-49b0-a5ab-aefe8bd8f148 1.346s
2025-11-12 13:58:15.520 66047 INFO tempest.lib.common.rest_client [req-295cf2ac-01f0-4e7a-9a9e-14303a122f7d req-295cf2ac-01f0-4e7a-9a9e-14303a122f7d ] Request (ImagesNegativeTestJSON:setUpClass): 201 POST http://10.180.1.21/identity/v3/auth/tokens 0.059s
2025-11-12 13:58:15.553 66037 INFO tempest.lib.common.rest_client [req-28373012-99ea-4cfe-838a-60b68a123cfc req-28373012-99ea-4cfe-838a-60b68a123cfc ] Request (ImagesOneServerTestJSON:test_create_image_specify_multibyte_character_image_name): 200 GET http://10.180.1.21/compute/v2.1/images/8fa2b78a-6f91-4d42-8874-5fa713dc6886 1.330s
2025-11-12 13:58:15.586 66077 INFO tempest.lib.common.rest_client [req-9a47f35b-61bc-46e8-9b16-e402c273bdac req-9a47f35b-61bc-46e8-9b16-e402c273bdac ] Request (HypervisorAdminNegativeUnderV252Test:tearDownClass): 204 DELETE http://10.180.1.21/identity/v3/users/2a4749a49fb54b43ae9a805fe3c2f136 0.133s
2025-11-12 13:58:15.587 66061 INFO tempest.lib.common.rest_client [req-6157f6bf-a697-4304-ae26-cc16a7cd8cc4 req-6157f6bf-a697-4304-ae26-cc16a7cd8cc4 ] Request (ServerDiskConfigTestJSON:test_rebuild_server_with_auto_disk_config): 200 GET http://10.180.1.21/compute/v2.1/servers/0cea7c38-019b-4668-b92d-e7a979c7cf00 1.360s
2025-11-12 13:58:15.697 66077 INFO tempest.lib.common.rest_client [req-75fcd851-d5fd-4dd8-9127-3ef358d1109a req-75fcd851-d5fd-4dd8-9127-3ef358d1109a ] Request (HypervisorAdminNegativeUnderV252Test:tearDownClass): 204 DELETE http://10.180.1.21/identity/v3/users/fe112cb6e0c6467090fb283a8370951c 0.110s
2025-11-12 13:58:15.697 66077 INFO tempest.lib.common.dynamic_creds [-] Deleting project and security group for project: 099bd5eb8ca8484688eae0db78048a92
2025-11-12 13:58:15.698 66045 INFO tempest.lib.common.rest_client [req-4aeefc3b-48c7-4c29-8e86-31ac4cd2275e req-4aeefc3b-48c7-4c29-8e86-31ac4cd2275e ] Request (ServersTestManualDisk:tearDownClass): 200 GET http://10.180.1.21/compute/v2.1/servers/607f1752-8198-4f09-aae1-4221df1e728e 1.315s
2025-11-12 13:58:15.714 66051 INFO tempest.lib.common.rest_client [req-d83474b3-4501-4080-ad40-b4dd4b360422 req-d83474b3-4501-4080-ad40-b4dd4b360422 ] Request (MigrationsAdminTest:test_resize_server_revert_deleted_flavor): 200 GET http://10.180.1.21/compute/v2.1/servers/b2fd0069-af18-4609-85fe-a9a1153bbf8f 1.301s
2025-11-12 13:58:15.741 66055 INFO tempest.lib.common.rest_client [req-a0f61086-b506-4ab9-b2d4-b1ba0648baa0 req-a0f61086-b506-4ab9-b2d4-b1ba0648baa0 ] Request (DeleteServersAdminTestJSON:tearDownClass): 404 DELETE http://10.180.1.21/compute/v2.1/servers/66806918-58d9-49eb-a949-3e429d5df1ec 1.230s
2025-11-12 13:58:15.777 66040 INFO tempest.lib.common.rest_client [req-c6bf8111-8e0b-4746-b2f7-b5787cb3de5e req-c6bf8111-8e0b-4746-b2f7-b5787cb3de5e ] Request (ServerRescueTestJSON:setUpClass): 200 POST http://10.180.1.21/compute/v2.1/servers/4142dff1-5383-4817-b22d-9cf8030e0d5b/action 1.293s
2025-11-12 13:58:15.802 66077 INFO tempest.lib.common.rest_client [req-ef4e018b-342c-4318-a818-840a0a6f6c57 req-ef4e018b-342c-4318-a818-840a0a6f6c57 ] Request (HypervisorAdminNegativeUnderV252Test:tearDownClass): 201 POST http://10.180.1.21/identity/v3/auth/tokens 0.104s
2025-11-12 13:58:15.812 66085 INFO tempest.lib.common.rest_client [req-020e8691-1bba-4140-b933-4bd7ed60e127 req-020e8691-1bba-4140-b933-4bd7ed60e127 ] Request (AttachInterfacesUnderV243Test:tearDownClass): 404 GET http://10.180.1.21/compute/v2.1/servers/25bb7fb1-8dc2-4d39-aced-7cbe51bfad54 0.634s
2025-11-12 13:58:15.883 66067 INFO tempest.lib.common.rest_client [req-4caddace-26e0-415f-a724-f8c5f5083aec req-4caddace-26e0-415f-a724-f8c5f5083aec ] Request (ListImageFiltersTestJSON:test_list_images_with_detail_filter_by_type): 200 GET http://10.180.1.21/compute/v2.1/images/detail?type=snapshot 0.400s
2025-11-12 13:58:15.907 66047 INFO tempest.lib.common.rest_client [req-47cfd420-de4f-434b-9c4b-f4a23f4a02f0 req-47cfd420-de4f-434b-9c4b-f4a23f4a02f0 ] Request (ImagesNegativeTestJSON:setUpClass): 201 POST http://10.180.1.21/networking/v2.0/networks 0.386s
2025-11-12 13:58:16.203 66029 INFO tempest.lib.common.rest_client [req-701aaee5-bd60-4194-abd5-31965cb30cd4 req-701aaee5-bd60-4194-abd5-31965cb30cd4 ] Request (ServersListShow298Test:test_list_show_update_rebuild_server_298): 200 GET http://10.180.1.21/compute/v2.1/servers/864dece2-f50d-4fe9-b3dc-cc890d8074aa 1.218s
2025-11-12 13:58:16.217 66029 INFO tempest.common.waiters [-] State transition "BUILD/scheduling" ==> "BUILD/None" after 11 second wait
2025-11-12 13:58:16.311 66077 INFO tempest.lib.common.rest_client [req-b865070b-e858-4555-abb4-942c92713e21 req-b865070b-e858-4555-abb4-942c92713e21 ] Request (HypervisorAdminNegativeUnderV252Test:tearDownClass): 200 GET http://10.180.1.21/networking/v2.0/security-groups?tenant_id=099bd5eb8ca8484688eae0db78048a92&name=default 0.508s
2025-11-12 13:58:16.537 66047 INFO tempest.lib.common.rest_client [req-7b8aa3a8-baa7-4960-b824-0b5a075b62f5 req-7b8aa3a8-baa7-4960-b824-0b5a075b62f5 ] Request (ImagesNegativeTestJSON:setUpClass): 201 POST http://10.180.1.21/networking/v2.0/subnets 0.630s
2025-11-12 13:58:16.572 66043 INFO tempest.lib.common.rest_client [req-a477a64b-1e58-41d5-b320-9fdb52ef93a0 req-a477a64b-1e58-41d5-b320-9fdb52ef93a0 ] Request (ServersAdminTestJSON:setUpClass): 200 GET http://10.180.1.21/compute/v2.1/servers/e9fdea6f-88f1-4b85-b11d-9357026b36ae 1.076s
2025-11-12 13:58:16.926 66031 WARNING tempest.lib.common.ssh [-] Failed to establish authenticated ssh connection to cirros@10.180.180.236 ([Errno None] Unable to connect to port 22 on 10.180.180.236). Number attempts: 6. Retry after 7 seconds.: paramiko.ssh_exception.NoValidConnectionsError: [Errno None] Unable to connect to port 22 on 10.180.180.236
2025-11-12 13:58:17.103 66085 INFO tempest.lib.common.rest_client [req-edfb0d51-363b-4bd3-ae39-b2acbdf0b6b8 req-edfb0d51-363b-4bd3-ae39-b2acbdf0b6b8 ] Request (AttachInterfacesUnderV243Test:tearDownClass): 200 PUT http://10.180.1.21/networking/v2.0/routers/2e2010d3-b3e7-4a70-8eb6-1d741c43dc3d/remove_router_interface 1.289s
2025-11-12 13:58:17.141 66073 INFO tempest.lib.common.rest_client [req-6190b1bf-1892-4547-a16f-f43b3c994c10 req-6190b1bf-1892-4547-a16f-f43b3c994c10 ] Request (InstanceActionsTestJSON:tearDownClass): 200 GET http://10.180.1.21/compute/v2.1/servers/86b7fbde-1754-438a-ab8b-9de1c96b6f31 1.469s
2025-11-12 13:58:17.168 66055 INFO tempest.lib.common.rest_client [req-32d56b16-537b-4ec2-8b3d-27e6ddfa6965 req-32d56b16-537b-4ec2-8b3d-27e6ddfa6965 ] Request (DeleteServersAdminTestJSON:tearDownClass): 404 GET http://10.180.1.21/compute/v2.1/servers/66806918-58d9-49eb-a949-3e429d5df1ec 1.426s
2025-11-12 13:58:17.262 66077 INFO tempest.lib.common.rest_client [req-345e7e56-e621-46e5-b21f-1549cf4f4415 req-345e7e56-e621-46e5-b21f-1549cf4f4415 ] Request (HypervisorAdminNegativeUnderV252Test:tearDownClass): 204 DELETE http://10.180.1.21/networking/v2.0/security-groups/0e3a6287-912a-4a0b-8fff-5a68db53d056 0.951s
2025-11-12 13:58:17.266 66055 INFO tempest.lib.common.rest_client [req-516e7d96-0157-4c2b-b1c8-ad968a2c3ad8 req-516e7d96-0157-4c2b-b1c8-ad968a2c3ad8 ] Request (DeleteServersAdminTestJSON:tearDownClass): 204 DELETE http://10.180.1.21/identity/v3/users/f7b2439d3e304811a9df93b67ae8198d 0.098s
2025-11-12 13:58:17.389 66077 INFO tempest.lib.common.rest_client [req-6faa4f51-136a-41eb-a4bc-114e6e677aca req-6faa4f51-136a-41eb-a4bc-114e6e677aca ] Request (HypervisorAdminNegativeUnderV252Test:tearDownClass): 204 DELETE http://10.180.1.21/identity/v3/projects/099bd5eb8ca8484688eae0db78048a92 0.126s
2025-11-12 13:58:17.389 66055 INFO tempest.lib.common.rest_client [req-d5325ae0-bf73-416d-a906-f60d3b62d5e2 req-d5325ae0-bf73-416d-a906-f60d3b62d5e2 ] Request (DeleteServersAdminTestJSON:tearDownClass): 204 DELETE http://10.180.1.21/identity/v3/users/be88f9779a874aaa800d8f39bba436fd 0.122s
2025-11-12 13:58:17.389 66077 INFO tempest.lib.common.dynamic_creds [-] Deleting project and security group for project: f553eb701bde45dbafdadc5908192056
2025-11-12 13:58:17.389 66055 INFO tempest.lib.common.dynamic_creds [-] Deleting project and security group for project: 38a070821a434a71b64236078123bf26
