2025-11-12 13:57:21.549 66037 INFO tempest.lib.common.rest_client [req-8f5096d4-a71c-47a7-b9ae-a54c8b5b4e00 req-8f5096d4-a71c-47a7-b9ae-a54c8b5b4e00 ] Request (ImagesOneServerTestJSON:setUpClass): 200 GET http://10.180.1.21/compute/v2.1/servers/69e9388d-10b3-4a41-820f-e3426e5e4b5b 4.378s
2025-11-12 13:57:21.554 66057 INFO tempest.lib.common.rest_client [req-5f12d85d-b020-4670-b68f-d06203ddfd20 req-5f12d85d-b020-4670-b68f-d06203ddfd20 ] Request (TenantUsagesTestJSON:tearDownClass): 204 DELETE http://10.180.1.21/identity/v3/projects/1ff414e7f2e147749b9955e25776bb65 0.193s
2025-11-12 13:57:21.568 66045 WARNING tempest.lib.common.ssh [-] Failed to establish authenticated ssh connection to cirros@10.180.180.179 ([Errno None] Unable to connect to port 22 on 10.180.180.179). Number attempts: 1. Retry after 2 seconds.: paramiko.ssh_exception.NoValidConnectionsError: [Errno None] Unable to connect to port 22 on 10.180.180.179
2025-11-12 13:57:21.580 66065 WARNING tempest.lib.common.ssh [-] Failed to establish authenticated ssh connection to cirros@10.180.180.153 ([Errno None] Unable to connect to port 22 on 10.180.180.153). Number attempts: 2. Retry after 3 seconds.: paramiko.ssh_exception.NoValidConnectionsError: [Errno None] Unable to connect to port 22 on 10.180.180.153
2025-11-12 13:57:21.624 66023 INFO tempest.lib.common.rest_client [req-c8440ac4-24f8-45a4-aa4d-8bdd993bcf74 req-c8440ac4-24f8-45a4-aa4d-8bdd993bcf74 ] Request (ServerTagsTestJSON:setUpClass): 200 GET http://10.180.1.21/compute/v2.1/servers/4802ce11-da1c-4050-91f1-638c9b7211b3 4.350s
2025-11-12 13:57:21.628 66035 INFO tempest.lib.common.rest_client [req-626b930c-2bcb-4452-8dd2-aff94028ed3f req-626b930c-2bcb-4452-8dd2-aff94028ed3f ] Request (ServersAaction247Test:tearDownClass): 200 GET http://10.180.1.21/compute/v2.1/servers/42a47e8f-a83f-416c-8250-67541401a00c 4.372s
2025-11-12 13:57:21.647 66057 INFO tempest.lib.common.rest_client [req-6afacb16-aa2e-463a-b5bc-1b57a63030bf req-6afacb16-aa2e-463a-b5bc-1b57a63030bf ] Request (ImagesMetadataTestJSON:setUpClass): 201 POST http://10.180.1.21/identity/v3/auth/tokens 0.090s
2025-11-12 13:57:21.662 66085 INFO tempest.lib.common.rest_client [req-b7ddbfa9-8c30-491f-9076-8976511a50fd req-b7ddbfa9-8c30-491f-9076-8976511a50fd ] Request (AttachInterfacesUnderV243Test:test_add_remove_fixed_ip): 200 GET http://10.180.1.21/compute/v2.1/servers/25bb7fb1-8dc2-4d39-aced-7cbe51bfad54/ips 4.037s
2025-11-12 13:57:21.670 66060 INFO tempest.lib.common.rest_client [req-d7b47b1b-9686-406e-9b7f-b4c1cbe6c3c6 req-d7b47b1b-9686-406e-9b7f-b4c1cbe6c3c6 ] Request (ListImagesTestJSON:setUpClass): 201 POST http://10.180.1.21/identity/v3/auth/tokens 0.139s
2025-11-12 13:57:21.688 66057 INFO tempest.lib.common.rest_client [req-2dedf216-24e5-4d8f-8d53-2190ba8cd4f9 req-2dedf216-24e5-4d8f-8d53-2190ba8cd4f9 ] Request (ImagesMetadataTestJSON:setUpClass): 201 POST http://10.180.1.21/identity/v3/auth/tokens 0.038s
2025-11-12 13:57:21.715 66057 INFO tempest.lib.common.rest_client [req-ccf4d214-e74f-4d0e-8a66-7756cb1f5e76 req-ccf4d214-e74f-4d0e-8a66-7756cb1f5e76 ] Request (ImagesMetadataTestJSON:setUpClass): 200 GET http://10.180.1.21/identity/v3/domains?name=Default 0.027s
2025-11-12 13:57:21.752 66057 INFO tempest.lib.common.rest_client [req-f9d7204f-5f57-4f38-8076-7c77075d63ad req-f9d7204f-5f57-4f38-8076-7c77075d63ad ] Request (ImagesMetadataTestJSON:setUpClass): 201 POST http://10.180.1.21/identity/v3/projects 0.036s
2025-11-12 13:57:21.794 66053 INFO tempest.lib.common.rest_client [req-00197161-ec3b-47f2-afbc-772c02a987f3 req-00197161-ec3b-47f2-afbc-772c02a987f3 ] Request (ServersAdmin275Test:test_rebuild_update_server_275): 200 GET http://10.180.1.21/compute/v2.1/servers/9dcc1316-06cf-4a93-a29d-0aab87e14d2e 3.895s
2025-11-12 13:57:21.824 66057 INFO tempest.lib.common.rest_client [req-fa1e5b2f-fa02-4f5f-b37a-fda8ccde48ab req-fa1e5b2f-fa02-4f5f-b37a-fda8ccde48ab ] Request (ImagesMetadataTestJSON:setUpClass): 201 POST http://10.180.1.21/identity/v3/users 0.071s
2025-11-12 13:57:21.845 66057 INFO tempest.lib.common.rest_client [req-fa217a02-0133-4a09-81e1-4130445b2be8 req-fa217a02-0133-4a09-81e1-4130445b2be8 ] Request (ImagesMetadataTestJSON:setUpClass): 200 GET http://10.180.1.21/identity/v3/roles 0.020s
2025-11-12 13:57:21.853 66027 INFO tempest.lib.common.rest_client [req-85fcb3d7-e02e-4df2-9382-7bf144919f0c req-85fcb3d7-e02e-4df2-9382-7bf144919f0c ] Request (ImagesTestJSON:test_create_image_from_suspended_server): 200 GET http://10.180.1.21/compute/v2.1/servers/44696a38-cca2-473f-ada9-5ff09ade997d 3.387s
2025-11-12 13:57:21.881 66057 INFO tempest.lib.common.rest_client [req-934812c1-6b1a-459d-beda-141fd98ef391 req-934812c1-6b1a-459d-beda-141fd98ef391 ] Request (ImagesMetadataTestJSON:setUpClass): 204 PUT http://10.180.1.21/identity/v3/projects/9d50b997b7b040888a79dd2ef5a33479/users/db4ad493b6f047808ed225474e59e778/roles/6f23974f78f041a2a0eac2f9e83080cd 0.036s
2025-11-12 13:57:21.881 66057 INFO tempest.lib.common.dynamic_creds [-] Dynamic test user db4ad493b6f047808ed225474e59e778 is created with scope project and roles: ['member']
2025-11-12 13:57:21.881 66057 INFO tempest.lib.common.dynamic_creds [-] Acquired dynamic creds: credentials: Credentials: {'domain_id': 'default', 'domain_name': 'Default', 'username': 'tempest-ImagesMetadataTestJSON-1283924863-project-member', 'project_domain_id': 'default', 'project_domain_name': 'Default', 'project_id': '9d50b997b7b040888a79dd2ef5a33479', 'project_name': 'tempest-ImagesMetadataTestJSON-1283924863', 'tenant_id': '9d50b997b7b040888a79dd2ef5a33479', 'tenant_name': 'tempest-ImagesMetadataTestJSON-1283924863', 'user_domain_id': 'default', 'user_domain_name': 'Default', 'user_id': 'db4ad493b6f047808ed225474e59e778', 'system': None}, Network: None, Subnet: None, Router: None
2025-11-12 13:57:21.882 66057 INFO tempest.lib.common.dynamic_creds [-] Created isolated network resources for: credentials: Credentials: {'domain_id': 'default', 'domain_name': 'Default', 'username': 'tempest-ImagesMetadataTestJSON-1283924863-project-member', 'project_domain_id': 'default', 'project_domain_name': 'Default', 'project_id': '9d50b997b7b040888a79dd2ef5a33479', 'project_name': 'tempest-ImagesMetadataTestJSON-1283924863', 'tenant_id': '9d50b997b7b040888a79dd2ef5a33479', 'tenant_name': 'tempest-ImagesMetadataTestJSON-1283924863', 'user_domain_id': 'default', 'user_domain_name': 'Default', 'user_id': 'db4ad493b6f047808ed225474e59e778', 'system': None}, Network: None, Subnet: None, Router: None
2025-11-12 13:57:21.889 66067 INFO tempest.lib.common.rest_client [req-b9a6d646-9339-410c-9ce7-7fa587713a23 req-b9a6d646-9339-410c-9ce7-7fa587713a23 ] Request (ListImageFiltersTestJSON:setUpClass): 200 GET http://10.180.1.21/compute/v2.1/images/127ba002-c905-4026-8a37-155409a4e8eb 2.698s
2025-11-12 13:57:21.972 66057 INFO tempest.lib.common.rest_client [req-57d348b5-2269-4fce-bc77-e5eca5273310 req-57d348b5-2269-4fce-bc77-e5eca5273310 ] Request (ImagesMetadataTestJSON:setUpClass): 201 POST http://10.180.1.21/identity/v3/auth/tokens 0.086s
2025-11-12 13:57:22.096 66049 INFO tempest.lib.common.rest_client [req-2f37d881-0a11-4fa8-8ac2-042bb694fa31 req-2f37d881-0a11-4fa8-8ac2-042bb694fa31 ] Request (AbsoluteLimitsNegativeTestJSON:test_max_metadata_exceed_limit): 200 GET http://10.180.1.21/compute/v2.1/limits 2.891s
2025-11-12 13:57:22.141 66049 INFO tempest.lib.common.rest_client [req-45a92f8b-a13c-46fa-9d9c-4c962077d21d req-45a92f8b-a13c-46fa-9d9c-4c962077d21d ] Request (AbsoluteLimitsNegativeTestJSON:test_max_metadata_exceed_limit): 201 POST http://10.180.1.21/identity/v3/auth/tokens 0.037s
2025-11-12 13:57:22.141 66049 INFO tempest.lib.common.fixed_network [-] (AbsoluteLimitsNegativeTestJSON:test_max_metadata_exceed_limit) Found network None available for tenant
2025-11-12 13:57:22.146 66075 INFO tempest.lib.common.rest_client [req-fa391d32-51f9-4ae4-af11-fb44818640b5 req-fa391d32-51f9-4ae4-af11-fb44818640b5 ] Request (FloatingIPsAssociationNegativeTestJSON:_run_cleanups): 202 DELETE http://10.180.1.21/compute/v2.1/os-floating-ips/d5964319-b3ef-4040-b1f6-b8aed814f79a 4.647s
2025-11-12 13:57:22.150 66029 INFO tempest.lib.common.rest_client [req-dfdb1be3-1feb-402f-92b2-f7ea15494174 req-dfdb1be3-1feb-402f-92b2-f7ea15494174 ] Request (KeyPairsV22TestJSON:test_keypairs_create_list_delete): 201 POST http://10.180.1.21/compute/v2.1/os-keypairs 2.921s
2025-11-12 13:57:22.174 66047 INFO tempest.lib.common.rest_client [req-1cb88dc3-ec38-4211-bed0-acbc9dee6203 req-1cb88dc3-ec38-4211-bed0-acbc9dee6203 ] Request (AggregatesAdminNegativeTestJSON:_run_cleanups): 200 DELETE http://10.180.1.21/compute/v2.1/os-aggregates/6 2.831s
2025-11-12 13:57:22.394 66071 INFO tempest.lib.common.rest_client [req-4fdf6dc8-c829-4fca-8405-dc7b062821e9 req-4fdf6dc8-c829-4fca-8405-dc7b062821e9 ] Request (ImagesOneServerNegativeTestJSON:tearDown): 200 GET http://10.180.1.21/compute/v2.1/servers/2fc20c01-0fd2-400e-a365-917e6a6a8b42 3.059s
2025-11-12 13:57:22.425 66069 INFO tempest.lib.common.rest_client [req-4e1e4fdb-53b2-4308-ac40-63a526532278 req-4e1e4fdb-53b2-4308-ac40-63a526532278 ] Request (FloatingIPsAssociationTestJSON:setUpClass): 200 GET http://10.180.1.21/compute/v2.1/servers/1a409db9-d2ae-41e2-b438-235776734f4e 2.551s
2025-11-12 13:57:22.438 66077 INFO tempest.lib.common.rest_client [req-be01cf2a-2417-4028-8827-aab3f7b2096a req-be01cf2a-2417-4028-8827-aab3f7b2096a ] Request (FlavorsAdminTestJSON:test_is_public_string_variations): 200 POST http://10.180.1.21/compute/v2.1/flavors 2.015s
2025-11-12 13:57:22.462 66040 INFO tempest.lib.common.rest_client [req-f3d2cfbe-890b-4c01-ba90-5b23ea5d5ca6 req-f3d2cfbe-890b-4c01-ba90-5b23ea5d5ca6 ] Request (ServerAddressesTestJSON:tearDownClass): 404 GET http://10.180.1.21/compute/v2.1/servers/3403e5ea-4d8e-41ed-87b2-ff0fcab02d79 1.488s
2025-11-12 13:57:22.511 66057 INFO tempest.lib.common.rest_client [req-f540ad8a-b390-47d6-b2aa-9bb328cc1e29 req-f540ad8a-b390-47d6-b2aa-9bb328cc1e29 ] Request (ImagesMetadataTestJSON:setUpClass): 201 POST http://10.180.1.21/image/v2/images 0.538s
2025-11-12 13:57:22.796 66073 INFO tempest.lib.common.rest_client [req-df8f8a88-6d13-40cd-ae94-6aae8f598681 req-df8f8a88-6d13-40cd-ae94-6aae8f598681 ] Request (InstanceActionsTestJSON:setUpClass): 200 GET http://10.180.1.21/compute/v2.1/servers/86b7fbde-1754-438a-ab8b-9de1c96b6f31 1.729s
2025-11-12 13:57:22.925 66061 INFO tempest.lib.common.rest_client [req-0a367259-ceac-461f-868d-f4f47cd77d30 req-0a367259-ceac-461f-868d-f4f47cd77d30 ] Request (VolumesAdminNegativeTest:tearDownClass): 200 GET http://10.180.1.21/compute/v2.1/servers/559959d2-c96c-4c79-9250-d7c92d75407a 1.760s
2025-11-12 13:57:22.954 66043 INFO tempest.lib.common.rest_client [req-a5f889bf-0039-4b69-9a9a-63a60c48169a req-a5f889bf-0039-4b69-9a9a-63a60c48169a ] Request (ServerDiagnosticsV248Test:tearDownClass): 404 GET http://10.180.1.21/compute/v2.1/servers/97183477-8eec-4cfd-89d0-b84474a34f0b 1.558s
2025-11-12 13:57:23.016 66025 INFO tempest.lib.common.rest_client [req-2e77083b-a17d-4921-b823-eab2e5bad164 req-2e77083b-a17d-4921-b823-eab2e5bad164 ] Request (ServersV294TestFqdnHostnames:tearDownClass): 200 GET http://10.180.1.21/compute/v2.1/servers/d2b80570-cabb-46ff-90f8-9bfc57f7cb81 1.704s
2025-11-12 13:57:23.028 66025 INFO tempest.common.waiters [-] State transition "ACTIVE/deleting" ==> "DELETED/None" after 3 second wait
2025-11-12 13:57:23.183 66081 INFO tempest.lib.common.rest_client [req-1b63d821-62ef-4cc3-b615-910c5b18dd18 req-1b63d821-62ef-4cc3-b615-910c5b18dd18 ] Request (ServerPasswordTestJSON:test_delete_server_password): 204 DELETE http://10.180.1.21/compute/v2.1/servers/6262f054-4a67-4cee-a69a-f1e52ac686d1/os-server-password 1.718s
2025-11-12 13:57:23.202 66043 INFO tempest.lib.common.rest_client [req-5b456e48-59a4-4d91-b5d0-a1bf73e93e22 req-5b456e48-59a4-4d91-b5d0-a1bf73e93e22 ] Request (ServerDiagnosticsV248Test:tearDownClass): 204 DELETE http://10.180.1.21/identity/v3/users/595eaef607f8457f912e6193b3a21308 0.248s
2025-11-12 13:57:23.297 66041 WARNING tempest.lib.common.ssh [-] Failed to establish authenticated ssh connection to cirros@10.180.180.221 ([Errno None] Unable to connect to port 22 on 10.180.180.221). Number attempts: 3. Retry after 4 seconds.: paramiko.ssh_exception.NoValidConnectionsError: [Errno None] Unable to connect to port 22 on 10.180.180.221
2025-11-12 13:57:23.364 66043 INFO tempest.lib.common.rest_client [req-acf982b8-e38b-4bca-bad7-8158bd6d9111 req-acf982b8-e38b-4bca-bad7-8158bd6d9111 ] Request (ServerDiagnosticsV248Test:tearDownClass): 204 DELETE http://10.180.1.21/identity/v3/users/481e486d7cec4114acf21dfbd37d21ee 0.161s
2025-11-12 13:57:23.364 66043 INFO tempest.lib.common.dynamic_creds [-] Deleting project and security group for project: c0ef507a155141c897fdd5e37e04141b
2025-11-12 13:57:23.439 66043 INFO tempest.lib.common.rest_client [req-d1195f82-d472-448a-adb2-65b56da21473 req-d1195f82-d472-448a-adb2-65b56da21473 ] Request (ServerDiagnosticsV248Test:tearDownClass): 201 POST http://10.180.1.21/identity/v3/auth/tokens 0.074s
2025-11-12 13:57:23.472 66057 INFO tempest.lib.common.rest_client [req-5c909ea0-594a-4727-a289-138758f8cf35 req-5c909ea0-594a-4727-a289-138758f8cf35 ] Request (ImagesMetadataTestJSON:setUpClass): 204 PUT http://10.180.1.21/image/v2/images/1e21e3ed-f42d-47ac-9837-863973e58d86/file 0.960s
2025-11-12 13:57:23.489 66085 INFO tempest.lib.common.rest_client [req-9e946d2f-fb91-4b6c-8eb3-f4017eda7326 req-9e946d2f-fb91-4b6c-8eb3-f4017eda7326 ] Request (AttachInterfacesUnderV243Test:test_add_remove_fixed_ip): 200 GET http://10.180.1.21/compute/v2.1/servers/25bb7fb1-8dc2-4d39-aced-7cbe51bfad54 1.825s
2025-11-12 13:57:23.519 66040 INFO tempest.lib.common.rest_client [req-20d23684-0301-4782-8512-27163363eab5 req-20d23684-0301-4782-8512-27163363eab5 ] Request (ServerAddressesTestJSON:tearDownClass): 200 PUT http://10.180.1.21/networking/v2.0/routers/6796bedc-1f3c-44e9-9625-6c06f90260f7/remove_router_interface 1.057s
2025-11-12 13:57:23.678 66060 INFO tempest.lib.common.rest_client [req-3b934d3c-bf67-44b5-aa41-15dc65ec134f req-3b934d3c-bf67-44b5-aa41-15dc65ec134f ] Request (ListImagesTestJSON:test_get_image): 200 GET http://10.180.1.21/compute/v2.1/images/e15cf500-5aac-455b-aa77-e346086ab6d1 2.006s
2025-11-12 13:57:23.703 66043 INFO tempest.lib.common.rest_client [req-0b528109-07e7-44a8-a1a9-57c617e6819c req-0b528109-07e7-44a8-a1a9-57c617e6819c ] Request (ServerDiagnosticsV248Test:tearDownClass): 200 GET http://10.180.1.21/networking/v2.0/security-groups?tenant_id=c0ef507a155141c897fdd5e37e04141b&name=default 0.264s
2025-11-12 13:57:23.908 66043 INFO tempest.lib.common.rest_client [req-769ebb58-31ba-49c2-a2ee-5eed79c8b33b req-769ebb58-31ba-49c2-a2ee-5eed79c8b33b ] Request (ServerDiagnosticsV248Test:tearDownClass): 204 DELETE http://10.180.1.21/networking/v2.0/security-groups/10d17fdf-4186-4cc7-8b60-caabbe1da0bc 0.205s
2025-11-12 13:57:23.993 66043 INFO tempest.lib.common.rest_client [req-c7f940ba-c917-441d-a9f2-375972d16943 req-c7f940ba-c917-441d-a9f2-375972d16943 ] Request (ServerDiagnosticsV248Test:tearDownClass): 204 DELETE http://10.180.1.21/identity/v3/projects/c0ef507a155141c897fdd5e37e04141b 0.084s
2025-11-12 13:57:23.993 66043 INFO tempest.lib.common.dynamic_creds [-] Deleting project and security group for project: c0d312d94d69495686516b5c597b9c56
2025-11-12 13:57:24.073 66045 WARNING tempest.lib.common.ssh [-] Failed to establish authenticated ssh connection to cirros@10.180.180.179 ([Errno None] Unable to connect to port 22 on 10.180.180.179). Number attempts: 2. Retry after 3 seconds.: paramiko.ssh_exception.NoValidConnectionsError: [Errno None] Unable to connect to port 22 on 10.180.180.179
2025-11-12 13:57:24.074 66063 INFO tempest.lib.common.rest_client [req-1e9a6f01-0298-40ee-861c-8432e2ebdec0 req-1e9a6f01-0298-40ee-861c-8432e2ebdec0 ] Request (DeleteServersTestJSON:test_delete_active_server): 202 POST http://10.180.1.21/compute/v2.1/servers 2.629s
2025-11-12 13:57:24.107 66051 INFO tempest.lib.common.rest_client [req-5b14e84a-df44-4451-9ecd-aae313e0fb4a req-5b14e84a-df44-4451-9ecd-aae313e0fb4a ] Request (MigrationsAdminTest:test_list_migrations_in_flavor_resize_situation): 200 GET http://10.180.1.21/compute/v2.1/servers/5572dcb8-1979-44fb-88de-be751f5a4c11 2.091s
2025-11-12 13:57:24.172 66040 INFO tempest.lib.common.rest_client [req-94a28e58-592b-42d0-a167-57e3a75feb97 req-94a28e58-592b-42d0-a167-57e3a75feb97 ] Request (ServerAddressesTestJSON:tearDownClass): 204 DELETE http://10.180.1.21/networking/v2.0/routers/6796bedc-1f3c-44e9-9625-6c06f90260f7 0.652s
2025-11-12 13:57:24.258 66043 INFO tempest.lib.common.rest_client [req-54fa1601-875a-4563-83a4-836f514beb23 req-54fa1601-875a-4563-83a4-836f514beb23 ] Request (ServerDiagnosticsV248Test:tearDownClass): 200 GET http://10.180.1.21/networking/v2.0/security-groups?tenant_id=c0d312d94d69495686516b5c597b9c56&name=default 0.265s
2025-11-12 13:57:24.551 66043 INFO tempest.lib.common.rest_client [req-56c9415b-5df4-4668-be69-8d8e7e7ac5cf req-56c9415b-5df4-4668-be69-8d8e7e7ac5cf ] Request (ServerDiagnosticsV248Test:tearDownClass): 204 DELETE http://10.180.1.21/networking/v2.0/security-groups/a3f085f2-491b-4bb5-94c5-f5ffaeaec57a 0.292s
2025-11-12 13:57:24.558 66040 INFO tempest.lib.common.rest_client [req-ecd5a308-caeb-49d0-86d1-4978b5f281cc req-ecd5a308-caeb-49d0-86d1-4978b5f281cc ] Request (ServerAddressesTestJSON:tearDownClass): 204 DELETE http://10.180.1.21/networking/v2.0/subnets/785dc9e1-f4ef-422b-b600-d407e2dcb6f8 0.385s
2025-11-12 13:57:24.707 66043 INFO tempest.lib.common.rest_client [req-012783f6-f1bf-45ea-b117-703616f3cc74 req-012783f6-f1bf-45ea-b117-703616f3cc74 ] Request (ServerDiagnosticsV248Test:tearDownClass): 204 DELETE http://10.180.1.21/identity/v3/projects/c0d312d94d69495686516b5c597b9c56 0.155s
2025-11-12 13:57:24.767 66079 WARNING tempest.lib.common.ssh [-] Failed to establish authenticated ssh connection to cirros@10.180.180.203 ([Errno None] Unable to connect to port 22 on 10.180.180.203). Number attempts: 6. Retry after 7 seconds.: paramiko.ssh_exception.NoValidConnectionsError: [Errno None] Unable to connect to port 22 on 10.180.180.203
2025-11-12 13:57:24.801 66043 INFO tempest.lib.common.rest_client [req-aaa4151f-54df-4698-b5a5-247c222a1e59 req-aaa4151f-54df-4698-b5a5-247c222a1e59 ] Request (ServersAdminTestJSON:setUpClass): 201 POST http://10.180.1.21/identity/v3/auth/tokens 0.092s
2025-11-12 13:57:24.839 66043 INFO tempest.lib.common.rest_client [req-ebdad08f-7aec-405b-bda5-82737fbe1a90 req-ebdad08f-7aec-405b-bda5-82737fbe1a90 ] Request (ServersAdminTestJSON:setUpClass): 201 POST http://10.180.1.21/identity/v3/auth/tokens 0.034s
2025-11-12 13:57:24.865 66043 INFO tempest.lib.common.rest_client [req-ac8df67a-afb8-4c51-874c-d93a5d782fed req-ac8df67a-afb8-4c51-874c-d93a5d782fed ] Request (ServersAdminTestJSON:setUpClass): 200 GET http://10.180.1.21/identity/v3/domains?name=Default 0.026s
2025-11-12 13:57:24.899 66043 INFO tempest.lib.common.rest_client [req-721662be-85da-422d-814b-a41d07b42680 req-721662be-85da-422d-814b-a41d07b42680 ] Request (ServersAdminTestJSON:setUpClass): 201 POST http://10.180.1.21/identity/v3/projects 0.033s
2025-11-12 13:57:24.917 66049 INFO tempest.lib.common.rest_client [req-9faf53c9-0f1f-4d2a-8e63-b68ebac9e176 req-9faf53c9-0f1f-4d2a-8e63-b68ebac9e176 ] Request (AbsoluteLimitsNegativeTestJSON:test_max_metadata_exceed_limit): 403 POST http://10.180.1.21/compute/v2.1/servers 2.774s
2025-11-12 13:57:24.957 66029 INFO tempest.lib.common.rest_client [req-db714f57-b47b-4604-b6c0-9c7a7c867226 req-db714f57-b47b-4604-b6c0-9c7a7c867226 ] Request (KeyPairsV22TestJSON:test_keypairs_create_list_delete): 201 POST http://10.180.1.21/compute/v2.1/os-keypairs 2.804s
2025-11-12 13:57:24.965 66047 INFO tempest.lib.common.rest_client [req-625cc6a7-ee66-48ac-8137-a99a94641de1 req-625cc6a7-ee66-48ac-8137-a99a94641de1 ] Request (AggregatesAdminNegativeTestJSON:test_aggregate_get_details_with_invalid_id): 404 GET http://10.180.1.21/compute/v2.1/os-aggregates/-1 2.789s
2025-11-12 13:57:25.029 66040 INFO tempest.lib.common.rest_client [req-9d5d64ae-4995-4393-8329-0b81a4b404e8 req-9d5d64ae-4995-4393-8329-0b81a4b404e8 ] Request (ServerAddressesTestJSON:tearDownClass): 204 DELETE http://10.180.1.21/networking/v2.0/networks/26e6af6d-c125-423c-a2d4-cd21e52314b9 0.471s
2025-11-12 13:57:25.045 66043 INFO tempest.lib.common.rest_client [req-8978a644-848c-466d-a3c2-fdffb7ec609d req-8978a644-848c-466d-a3c2-fdffb7ec609d ] Request (ServersAdminTestJSON:setUpClass): 201 POST http://10.180.1.21/identity/v3/users 0.146s
2025-11-12 13:57:25.086 66065 WARNING tempest.lib.common.ssh [-] Failed to establish authenticated ssh connection to cirros@10.180.180.153 ([Errno None] Unable to connect to port 22 on 10.180.180.153). Number attempts: 3. Retry after 4 seconds.: paramiko.ssh_exception.NoValidConnectionsError: [Errno None] Unable to connect to port 22 on 10.180.180.153
2025-11-12 13:57:25.155 66049 INFO tempest.lib.common.rest_client [req-c2c2b62f-84a0-49b8-b9c0-529aafb753f6 req-c2c2b62f-84a0-49b8-b9c0-529aafb753f6 ] Request (AbsoluteLimitsNegativeTestJSON:tearDownClass): 204 DELETE http://10.180.1.21/identity/v3/users/b1deeaed3b4247a884353e7bde46fc1f 0.236s
2025-11-12 13:57:25.155 66049 INFO tempest.lib.common.dynamic_creds [-] Deleting project and security group for project: 46a4e91487b34fa0b3df46e13ec0908c
2025-11-12 13:57:25.183 66040 INFO tempest.lib.common.rest_client [req-b60d2710-8f4d-44fb-b254-f13792ac0e2d req-b60d2710-8f4d-44fb-b254-f13792ac0e2d ] Request (ServerAddressesTestJSON:tearDownClass): 204 DELETE http://10.180.1.21/identity/v3/users/18ee057c2cef4a52828477ea02d9bc95 0.153s
2025-11-12 13:57:25.183 66040 INFO tempest.lib.common.dynamic_creds [-] Deleting project and security group for project: bec0aaed79e743cbad3cd272ec72c4b9
2025-11-12 13:57:25.259 66049 INFO tempest.lib.common.rest_client [req-79674c5a-3090-4159-8042-f98c04cad38b req-79674c5a-3090-4159-8042-f98c04cad38b ] Request (AbsoluteLimitsNegativeTestJSON:tearDownClass): 201 POST http://10.180.1.21/identity/v3/auth/tokens 0.103s
2025-11-12 13:57:25.280 66083 WARNING tempest.lib.common.ssh [-] Failed to establish authenticated ssh connection to cirros@10.180.180.247 ([Errno None] Unable to connect to port 22 on 10.180.180.247). Number attempts: 5. Retry after 6 seconds.: paramiko.ssh_exception.NoValidConnectionsError: [Errno None] Unable to connect to port 22 on 10.180.180.247
2025-11-12 13:57:25.284 66043 INFO tempest.lib.common.rest_client [req-9726a404-bd4a-4b5d-9898-8f3f831042c1 req-9726a404-bd4a-4b5d-9898-8f3f831042c1 ] Request (ServersAdminTestJSON:setUpClass): 200 GET http://10.180.1.21/identity/v3/roles 0.238s
2025-11-12 13:57:25.287 66040 INFO tempest.lib.common.rest_client [req-0e7d14c3-3227-4995-8283-8129119241da req-0e7d14c3-3227-4995-8283-8129119241da ] Request (ServerAddressesTestJSON:tearDownClass): 200 GET http://10.180.1.21/networking/v2.0/security-groups?tenant_id=bec0aaed79e743cbad3cd272ec72c4b9&name=default 0.104s
2025-11-12 13:57:25.340 66043 INFO tempest.lib.common.rest_client [req-a5360f35-b78c-4d46-8317-15cc560eaa2c req-a5360f35-b78c-4d46-8317-15cc560eaa2c ] Request (ServersAdminTestJSON:setUpClass): 204 PUT http://10.180.1.21/identity/v3/projects/04891d8b3f924e36b10a6f2d397640a7/users/72f343d81cdc49e29e5b371b55dad9bb/roles/6f23974f78f041a2a0eac2f9e83080cd 0.055s
2025-11-12 13:57:25.340 66043 INFO tempest.lib.common.dynamic_creds [-] Dynamic test user 72f343d81cdc49e29e5b371b55dad9bb is created with scope project and roles: ['member']
2025-11-12 13:57:25.340 66043 INFO tempest.lib.common.dynamic_creds [-] Acquired dynamic creds: credentials: Credentials: {'domain_id': 'default', 'domain_name': 'Default', 'username': 'tempest-ServersAdminTestJSON-1617299968-project-member', 'project_domain_id': 'default', 'project_domain_name': 'Default', 'project_id': '04891d8b3f924e36b10a6f2d397640a7', 'project_name': 'tempest-ServersAdminTestJSON-1617299968', 'tenant_id': '04891d8b3f924e36b10a6f2d397640a7', 'tenant_name': 'tempest-ServersAdminTestJSON-1617299968', 'user_domain_id': 'default', 'user_domain_name': 'Default', 'user_id': '72f343d81cdc49e29e5b371b55dad9bb', 'system': None}, Network: None, Subnet: None, Router: None
2025-11-12 13:57:25.384 66055 INFO tempest.lib.common.rest_client [req-868f09f0-c995-4a42-8772-aee9f2f4cf52 req-868f09f0-c995-4a42-8772-aee9f2f4cf52 ] Request (DeleteServersAdminTestJSON:test_delete_server_while_in_error_state): 200 GET http://10.180.1.21/compute/v2.1/servers/9d4cc966-038f-44c9-9a89-89ee213a0896 3.129s
2025-11-12 13:57:25.392 66055 INFO tempest.common.waiters [-] State transition "BUILD/spawning" ==> "ACTIVE/None" after 31 second wait
2025-11-12 13:57:25.431 66043 INFO tempest.lib.common.rest_client [req-fc3ea752-e312-4500-9f22-0fb181657e08 req-fc3ea752-e312-4500-9f22-0fb181657e08 ] Request (ServersAdminTestJSON:setUpClass): 201 POST http://10.180.1.21/identity/v3/auth/tokens 0.091s
2025-11-12 13:57:25.616 66049 INFO tempest.lib.common.rest_client [req-eac11fd9-6902-4458-8531-2bcf32978ed7 req-eac11fd9-6902-4458-8531-2bcf32978ed7 ] Request (AbsoluteLimitsNegativeTestJSON:tearDownClass): 200 GET http://10.180.1.21/networking/v2.0/security-groups?tenant_id=46a4e91487b34fa0b3df46e13ec0908c&name=default 0.357s
2025-11-12 13:57:25.646 66031 INFO tempest.lib.common.rest_client [req-c1fc9540-8a1a-4e89-a31c-fa576ec9f8a3 req-c1fc9540-8a1a-4e89-a31c-fa576ec9f8a3 ] Request (AttachInterfacesTestJSON:test_create_list_show_delete_interfaces_by_fixed_ip): 200 GET http://10.180.1.21/compute/v2.1/servers/98ac6215-92ea-4ae6-942b-05465d11b81e 3.203s
2025-11-12 13:57:25.677 66077 INFO tempest.lib.common.rest_client [req-11cc404b-7078-4757-986c-0dec669d53eb req-11cc404b-7078-4757-986c-0dec669d53eb ] Request (FlavorsAdminTestJSON:test_is_public_string_variations): 200 POST http://10.180.1.21/compute/v2.1/flavors 3.235s
2025-11-12 13:57:25.698 66040 INFO tempest.lib.common.rest_client [req-c1aabb58-ee0b-4fd5-b4ad-821b393938c1 req-c1aabb58-ee0b-4fd5-b4ad-821b393938c1 ] Request (ServerAddressesTestJSON:tearDownClass): 204 DELETE http://10.180.1.21/networking/v2.0/security-groups/18df73a9-aba7-4f1f-b77e-6e993274ef4b 0.411s
2025-11-12 13:57:25.725 66033 INFO tempest.lib.common.rest_client [req-1c72cb2d-e752-4b6a-9889-9286a9956fe7 req-1c72cb2d-e752-4b6a-9889-9286a9956fe7 ] Request (ServerExternalEventsTest:tearDownClass): 404 GET http://10.180.1.21/compute/v2.1/servers/29260668-35c2-49d0-8e9e-daa0ed2c1957 3.172s
2025-11-12 13:57:25.786 66040 INFO tempest.lib.common.rest_client [req-f04306ec-e022-4e63-b8af-5d83d81ba78c req-f04306ec-e022-4e63-b8af-5d83d81ba78c ] Request (ServerAddressesTestJSON:tearDownClass): 204 DELETE http://10.180.1.21/identity/v3/projects/bec0aaed79e743cbad3cd272ec72c4b9 0.087s
2025-11-12 13:57:25.844 66033 INFO tempest.lib.common.rest_client [req-1df24d69-a796-457f-882a-bac1b4bbcbcd req-1df24d69-a796-457f-882a-bac1b4bbcbcd ] Request (ServerExternalEventsTest:tearDownClass): 204 DELETE http://10.180.1.21/identity/v3/users/2e35565b549944c1b3734ab018f908d7 0.119s
2025-11-12 13:57:25.879 66049 INFO tempest.lib.common.rest_client [req-5d18a5d1-bc5c-43ce-b509-9f318534f743 req-5d18a5d1-bc5c-43ce-b509-9f318534f743 ] Request (AbsoluteLimitsNegativeTestJSON:tearDownClass): 204 DELETE http://10.180.1.21/networking/v2.0/security-groups/a07af437-8bf6-4e7f-85b0-676c2ea87e99 0.262s
2025-11-12 13:57:25.949 66043 INFO tempest.lib.common.rest_client [req-4af1ed88-3e50-43ee-ac5a-c8ca60396108 req-4af1ed88-3e50-43ee-ac5a-c8ca60396108 ] Request (ServersAdminTestJSON:setUpClass): 201 POST http://10.180.1.21/networking/v2.0/networks 0.517s
2025-11-12 13:57:25.961 66040 INFO tempest.lib.common.rest_client [req-e59bc905-ee96-4bbf-911b-31b961adf686 req-e59bc905-ee96-4bbf-911b-31b961adf686 ] Request (ServerRescueTestJSON:setUpClass): 201 POST http://10.180.1.21/identity/v3/auth/tokens 0.172s
2025-11-12 13:57:25.969 66037 INFO tempest.lib.common.rest_client [req-8a3ddb14-7c79-4da2-b623-f3e6d682b7e0 req-8a3ddb14-7c79-4da2-b623-f3e6d682b7e0 ] Request (ImagesOneServerTestJSON:setUpClass): 200 GET http://10.180.1.21/compute/v2.1/servers/69e9388d-10b3-4a41-820f-e3426e5e4b5b 3.403s
2025-11-12 13:57:26.074 66049 INFO tempest.lib.common.rest_client [req-41087f97-34fe-4467-bb62-64c8438549e0 req-41087f97-34fe-4467-bb62-64c8438549e0 ] Request (AbsoluteLimitsNegativeTestJSON:tearDownClass): 204 DELETE http://10.180.1.21/identity/v3/projects/46a4e91487b34fa0b3df46e13ec0908c 0.193s
2025-11-12 13:57:26.099 66035 INFO tempest.lib.common.rest_client [req-4e538b02-ad57-4a51-b5a0-dd31de7a2655 req-4e538b02-ad57-4a51-b5a0-dd31de7a2655 ] Request (ServersAaction247Test:tearDownClass): 200 GET http://10.180.1.21/compute/v2.1/servers/42a47e8f-a83f-416c-8250-67541401a00c 3.454s
2025-11-12 13:57:26.118 66033 INFO tempest.lib.common.rest_client [req-c048479f-b7db-4109-9df8-f9f6113e6de0 req-c048479f-b7db-4109-9df8-f9f6113e6de0 ] Request (ServerExternalEventsTest:tearDownClass): 204 DELETE http://10.180.1.21/identity/v3/users/82c33f24e73146f2becbfd4e1ba853fb 0.273s
2025-11-12 13:57:26.217 66040 INFO tempest.lib.common.rest_client [req-8f3d2b6a-3102-45a5-ace1-5d58b51c8bb7 req-8f3d2b6a-3102-45a5-ace1-5d58b51c8bb7 ] Request (ServerRescueTestJSON:setUpClass): 201 POST http://10.180.1.21/identity/v3/auth/tokens 0.253s
2025-11-12 13:57:26.227 66023 INFO tempest.lib.common.rest_client [req-07678557-1683-4dfd-adb3-b099bfff42c8 req-07678557-1683-4dfd-adb3-b099bfff42c8 ] Request (ServerTagsTestJSON:setUpClass): 200 GET http://10.180.1.21/compute/v2.1/servers/4802ce11-da1c-4050-91f1-638c9b7211b3 3.578s
2025-11-12 13:57:26.250 66049 INFO tempest.lib.common.rest_client [req-dcc4c687-7027-4f86-94fb-874467518297 req-dcc4c687-7027-4f86-94fb-874467518297 ] Request (MultipleCreateTestJSON:setUpClass): 201 POST http://10.180.1.21/identity/v3/auth/tokens 0.173s
2025-11-12 13:57:26.278 66040 INFO tempest.lib.common.rest_client [req-54e2289c-90f9-4db1-a091-76377e54441a req-54e2289c-90f9-4db1-a091-76377e54441a ] Request (ServerRescueTestJSON:setUpClass): 200 GET http://10.180.1.21/identity/v3/domains?name=Default 0.060s
2025-11-12 13:57:26.283 66075 INFO tempest.lib.common.rest_client [req-0aaf3fc3-2225-45de-8bfb-250a669e9ecd req-0aaf3fc3-2225-45de-8bfb-250a669e9ecd ] Request (FloatingIPsAssociationNegativeTestJSON:_run_cleanups): 202 POST http://10.180.1.21/compute/v2.1/servers/0bc01799-a9e7-405d-8f43-4da9a6fd1540/action 4.136s
2025-11-12 13:57:26.299 66043 INFO tempest.lib.common.rest_client [req-e8fa6749-7ce0-49bf-ab51-27423782d942 req-e8fa6749-7ce0-49bf-ab51-27423782d942 ] Request (ServersAdminTestJSON:setUpClass): 201 POST http://10.180.1.21/networking/v2.0/subnets 0.349s
2025-11-12 13:57:26.320 66033 INFO tempest.lib.common.rest_client [req-5668838f-b9d7-40a2-8f88-6b546ffc04b4 req-5668838f-b9d7-40a2-8f88-6b546ffc04b4 ] Request (ServerExternalEventsTest:tearDownClass): 204 DELETE http://10.180.1.21/identity/v3/users/b58acc8a4adb49a4bb77037c42f61423 0.200s
2025-11-12 13:57:26.320 66033 INFO tempest.lib.common.dynamic_creds [-] Deleting project and security group for project: c744972126644d52aca3e7755758c7b1
2025-11-12 13:57:26.324 66053 INFO tempest.lib.common.rest_client [req-89ba3a0b-d49c-4887-94d9-8c91c2843698 req-89ba3a0b-d49c-4887-94d9-8c91c2843698 ] Request (ServersAdmin275Test:test_rebuild_update_server_275): 200 GET http://10.180.1.21/compute/v2.1/servers/9dcc1316-06cf-4a93-a29d-0aab87e14d2e 3.518s
2025-11-12 13:57:26.349 66027 INFO tempest.lib.common.rest_client [req-fb703e8f-96b9-4a3b-8458-4e72411716fa req-fb703e8f-96b9-4a3b-8458-4e72411716fa ] Request (ImagesTestJSON:test_create_image_from_suspended_server): 200 GET http://10.180.1.21/compute/v2.1/servers/44696a38-cca2-473f-ada9-5ff09ade997d 3.487s
2025-11-12 13:57:26.352 66049 INFO tempest.lib.common.rest_client [req-e3bf9c5f-3f27-4910-9d7e-b308cdc7ed2c req-e3bf9c5f-3f27-4910-9d7e-b308cdc7ed2c ] Request (MultipleCreateTestJSON:setUpClass): 201 POST http://10.180.1.21/identity/v3/auth/tokens 0.096s
2025-11-12 13:57:26.366 66067 INFO tempest.lib.common.rest_client [req-53f002c3-edc9-44ce-82b3-e110ea640bee req-53f002c3-edc9-44ce-82b3-e110ea640bee ] Request (ListImageFiltersTestJSON:setUpClass): 200 GET http://10.180.1.21/compute/v2.1/images/127ba002-c905-4026-8a37-155409a4e8eb 3.472s
2025-11-12 13:57:26.379 66081 INFO tempest.lib.common.rest_client [req-039cd6b3-4f26-4ad2-956a-e0e2eb30b362 req-039cd6b3-4f26-4ad2-956a-e0e2eb30b362 ] Request (ServerPasswordTestJSON:test_get_server_password): 200 GET http://10.180.1.21/compute/v2.1/servers/6262f054-4a67-4cee-a69a-f1e52ac686d1/os-server-password 3.194s
2025-11-12 13:57:26.422 66040 INFO tempest.lib.common.rest_client [req-746cf4e2-704c-464d-accc-0edc15b9baf1 req-746cf4e2-704c-464d-accc-0edc15b9baf1 ] Request (ServerRescueTestJSON:setUpClass): 201 POST http://10.180.1.21/identity/v3/projects 0.143s
2025-11-12 13:57:26.489 66033 INFO tempest.lib.common.rest_client [req-68441af8-2afa-4f3c-94bc-f36ab0d34ac2 req-68441af8-2afa-4f3c-94bc-f36ab0d34ac2 ] Request (ServerExternalEventsTest:tearDownClass): 201 POST http://10.180.1.21/identity/v3/auth/tokens 0.169s
2025-11-12 13:57:26.512 66040 INFO tempest.lib.common.rest_client [req-f96162bc-5849-4489-9869-a6eaaba217ab req-f96162bc-5849-4489-9869-a6eaaba217ab ] Request (ServerRescueTestJSON:setUpClass): 201 POST http://10.180.1.21/identity/v3/users 0.088s
2025-11-12 13:57:26.518 66049 INFO tempest.lib.common.rest_client [req-e22a849d-63d9-4340-8dfd-aed78590a30b req-e22a849d-63d9-4340-8dfd-aed78590a30b ] Request (MultipleCreateTestJSON:setUpClass): 200 GET http://10.180.1.21/identity/v3/domains?name=Default 0.165s
2025-11-12 13:57:26.537 66040 INFO tempest.lib.common.rest_client [req-0bf3ccce-7f87-4bb3-bcce-993bd3b2a4be req-0bf3ccce-7f87-4bb3-bcce-993bd3b2a4be ] Request (ServerRescueTestJSON:setUpClass): 200 GET http://10.180.1.21/identity/v3/roles 0.024s
2025-11-12 13:57:26.564 66049 INFO tempest.lib.common.rest_client [req-0466fa9f-96f1-4fba-bfd4-2ddd34c654f9 req-0466fa9f-96f1-4fba-bfd4-2ddd34c654f9 ] Request (MultipleCreateTestJSON:setUpClass): 201 POST http://10.180.1.21/identity/v3/projects 0.045s
2025-11-12 13:57:26.633 66049 INFO tempest.lib.common.rest_client [req-7715f9b1-c67f-48c7-b651-e5d2a5a68cf8 req-7715f9b1-c67f-48c7-b651-e5d2a5a68cf8 ] Request (MultipleCreateTestJSON:setUpClass): 201 POST http://10.180.1.21/identity/v3/users 0.068s
2025-11-12 13:57:26.645 66040 INFO tempest.lib.common.rest_client [req-9d9834ce-bf20-4765-bf2f-d1898fe6b5e4 req-9d9834ce-bf20-4765-bf2f-d1898fe6b5e4 ] Request (ServerRescueTestJSON:setUpClass): 204 PUT http://10.180.1.21/identity/v3/projects/82859228216d4a1e8bf7319c9debba49/users/cb59cf31db1646fb935e105f1c7505f7/roles/6f23974f78f041a2a0eac2f9e83080cd 0.106s
2025-11-12 13:57:26.645 66040 INFO tempest.lib.common.dynamic_creds [-] Dynamic test user cb59cf31db1646fb935e105f1c7505f7 is created with scope project and roles: ['member']
2025-11-12 13:57:26.645 66040 INFO tempest.lib.common.dynamic_creds [-] Acquired dynamic creds: credentials: Credentials: {'domain_id': 'default', 'domain_name': 'Default', 'username': 'tempest-ServerRescueTestJSON-1772520455-project-member', 'project_domain_id': 'default', 'project_domain_name': 'Default', 'project_id': '82859228216d4a1e8bf7319c9debba49', 'project_name': 'tempest-ServerRescueTestJSON-1772520455', 'tenant_id': '82859228216d4a1e8bf7319c9debba49', 'tenant_name': 'tempest-ServerRescueTestJSON-1772520455', 'user_domain_id': 'default', 'user_domain_name': 'Default', 'user_id': 'cb59cf31db1646fb935e105f1c7505f7', 'system': None}, Network: None, Subnet: None, Router: None
2025-11-12 13:57:26.764 66049 INFO tempest.lib.common.rest_client [req-13ddf7d6-1f32-445b-a50b-298930e3305e req-13ddf7d6-1f32-445b-a50b-298930e3305e ] Request (MultipleCreateTestJSON:setUpClass): 200 GET http://10.180.1.21/identity/v3/roles 0.130s
2025-11-12 13:57:26.776 66040 INFO tempest.lib.common.rest_client [req-08916d75-740c-467d-98f5-bec6dabd0124 req-08916d75-740c-467d-98f5-bec6dabd0124 ] Request (ServerRescueTestJSON:setUpClass): 201 POST http://10.180.1.21/identity/v3/auth/tokens 0.131s
2025-11-12 13:57:26.777 66033 INFO tempest.lib.common.rest_client [req-c29590f4-8937-4f1d-bbb2-37c2d4314023 req-c29590f4-8937-4f1d-bbb2-37c2d4314023 ] Request (ServerExternalEventsTest:tearDownClass): 200 GET http://10.180.1.21/networking/v2.0/security-groups?tenant_id=c744972126644d52aca3e7755758c7b1&name=default 0.288s
2025-11-12 13:57:26.811 66049 INFO tempest.lib.common.rest_client [req-9687d046-c0f1-4f43-90aa-cfd127c83474 req-9687d046-c0f1-4f43-90aa-cfd127c83474 ] Request (MultipleCreateTestJSON:setUpClass): 204 PUT http://10.180.1.21/identity/v3/projects/7acca68b451e4b9297aa421ff8bed066/users/8431788dd79a45ed8acdbb093a51b80b/roles/6f23974f78f041a2a0eac2f9e83080cd 0.047s
2025-11-12 13:57:26.812 66049 INFO tempest.lib.common.dynamic_creds [-] Dynamic test user 8431788dd79a45ed8acdbb093a51b80b is created with scope project and roles: ['member']
2025-11-12 13:57:26.812 66049 INFO tempest.lib.common.dynamic_creds [-] Acquired dynamic creds: credentials: Credentials: {'domain_id': 'default', 'domain_name': 'Default', 'username': 'tempest-MultipleCreateTestJSON-2054322131-project-member', 'project_domain_id': 'default', 'project_domain_name': 'Default', 'project_id': '7acca68b451e4b9297aa421ff8bed066', 'project_name': 'tempest-MultipleCreateTestJSON-2054322131', 'tenant_id': '7acca68b451e4b9297aa421ff8bed066', 'tenant_name': 'tempest-MultipleCreateTestJSON-2054322131', 'user_domain_id': 'default', 'user_domain_name': 'Default', 'user_id': '8431788dd79a45ed8acdbb093a51b80b', 'system': None}, Network: None, Subnet: None, Router: None
2025-11-12 13:57:26.817 66071 INFO tempest.lib.common.rest_client [req-68a0ef5d-1ed0-4937-8d32-a08f0d00315a req-68a0ef5d-1ed0-4937-8d32-a08f0d00315a ] Request (ImagesOneServerNegativeTestJSON:tearDown): 200 GET http://10.180.1.21/compute/v2.1/servers/2fc20c01-0fd2-400e-a365-917e6a6a8b42 3.408s
2025-11-12 13:57:26.830 66071 INFO tempest.common.waiters [-] State transition "ACTIVE/image_uploading" ==> "ACTIVE/None" after 4 second wait
2025-11-12 13:57:26.852 66069 INFO tempest.lib.common.rest_client [req-9137adfa-bda6-4870-8cf7-386f4281ab67 req-9137adfa-bda6-4870-8cf7-386f4281ab67 ] Request (FloatingIPsAssociationTestJSON:setUpClass): 200 GET http://10.180.1.21/compute/v2.1/servers/1a409db9-d2ae-41e2-b438-235776734f4e 3.410s
2025-11-12 13:57:26.861 66069 INFO tempest.common.waiters [-] State transition "BUILD/spawning" ==> "ACTIVE/None" after 24 second wait
2025-11-12 13:57:26.886 66057 INFO tempest.lib.common.rest_client [req-e08b905b-208f-4a52-b28b-01457fd4e0a7 req-e08b905b-208f-4a52-b28b-01457fd4e0a7 ] Request (ImagesMetadataTestJSON:setUpClass): 200 GET http://10.180.1.21/compute/v2.1/images/1e21e3ed-f42d-47ac-9837-863973e58d86 3.413s
2025-11-12 13:57:26.891 66085 INFO tempest.lib.common.rest_client [req-c77ce587-1c22-44e7-a653-d24d26f9ce41 req-c77ce587-1c22-44e7-a653-d24d26f9ce41 ] Request (AttachInterfacesUnderV243Test:test_add_remove_fixed_ip): 202 POST http://10.180.1.21/compute/v2.1/servers/25bb7fb1-8dc2-4d39-aced-7cbe51bfad54/action 3.393s
2025-11-12 13:57:26.917 66049 INFO tempest.lib.common.rest_client [req-2c12979f-0bbc-41e8-9b6d-5c03c08e63db req-2c12979f-0bbc-41e8-9b6d-5c03c08e63db ] Request (MultipleCreateTestJSON:setUpClass): 201 POST http://10.180.1.21/identity/v3/auth/tokens 0.105s
2025-11-12 13:57:26.965 66060 INFO tempest.lib.common.rest_client [req-9ea8b7dd-2e17-4361-91df-8798c2e1832a req-9ea8b7dd-2e17-4361-91df-8798c2e1832a ] Request (ListImagesTestJSON:test_list_images): 200 GET http://10.180.1.21/compute/v2.1/images 3.282s
2025-11-12 13:57:27.294 66040 INFO tempest.lib.common.rest_client [req-7979a6a8-fa4d-4d8b-99a9-228209eaa7cc req-7979a6a8-fa4d-4d8b-99a9-228209eaa7cc ] Request (ServerRescueTestJSON:setUpClass): 201 POST http://10.180.1.21/networking/v2.0/networks 0.517s
2025-11-12 13:57:27.378 66033 INFO tempest.lib.common.rest_client [req-ee9341a6-0560-40d4-b969-54219b0462d6 req-ee9341a6-0560-40d4-b969-54219b0462d6 ] Request (ServerExternalEventsTest:tearDownClass): 204 DELETE http://10.180.1.21/networking/v2.0/security-groups/6355cca5-8c96-4bbb-bc95-01de745d5b8c 0.600s
2025-11-12 13:57:27.466 66033 INFO tempest.lib.common.rest_client [req-a5bd1948-50b0-401a-b4ad-83dc32e593c2 req-a5bd1948-50b0-401a-b4ad-83dc32e593c2 ] Request (ServerExternalEventsTest:tearDownClass): 204 DELETE http://10.180.1.21/identity/v3/projects/c744972126644d52aca3e7755758c7b1 0.088s
2025-11-12 13:57:27.466 66033 INFO tempest.lib.common.dynamic_creds [-] Deleting project and security group for project: 4c57b31b9631400bb0a9b0dc822f5f8a
2025-11-12 13:57:27.569 66043 INFO tempest.lib.common.rest_client [req-3029dab6-c32f-47ac-8c0a-786d7db72168 req-3029dab6-c32f-47ac-8c0a-786d7db72168 ] Request (ServersAdminTestJSON:setUpClass): 201 POST http://10.180.1.21/networking/v2.0/routers 1.270s
2025-11-12 13:57:27.579 66045 WARNING tempest.lib.common.ssh [-] Failed to establish authenticated ssh connection to cirros@10.180.180.179 ([Errno None] Unable to connect to port 22 on 10.180.180.179). Number attempts: 3. Retry after 4 seconds.: paramiko.ssh_exception.NoValidConnectionsError: [Errno None] Unable to connect to port 22 on 10.180.180.179
2025-11-12 13:57:27.654 66049 INFO tempest.lib.common.rest_client [req-79dcfa97-c88d-46ab-a915-f6e0ca351cd1 req-79dcfa97-c88d-46ab-a915-f6e0ca351cd1 ] Request (MultipleCreateTestJSON:setUpClass): 201 POST http://10.180.1.21/networking/v2.0/networks 0.736s
2025-11-12 13:57:27.683 66061 INFO tempest.lib.common.rest_client [req-9d364293-28b3-4558-9c67-80b35c254967 req-9d364293-28b3-4558-9c67-80b35c254967 ] Request (VolumesAdminNegativeTest:tearDownClass): 200 GET http://10.180.1.21/compute/v2.1/servers/559959d2-c96c-4c79-9250-d7c92d75407a 3.743s
2025-11-12 13:57:27.691 66061 INFO tempest.common.waiters [-] State transition "ACTIVE/deleting" ==> "DELETED/None" after 5 second wait
2025-11-12 13:57:27.828 66033 INFO tempest.lib.common.rest_client [req-d88efb82-9d71-4e28-8037-6ebdfe421379 req-d88efb82-9d71-4e28-8037-6ebdfe421379 ] Request (ServerExternalEventsTest:tearDownClass): 200 GET http://10.180.1.21/networking/v2.0/security-groups?tenant_id=4c57b31b9631400bb0a9b0dc822f5f8a&name=default 0.361s
2025-11-12 13:57:27.844 66040 INFO tempest.lib.common.rest_client [req-35578a23-55b7-47cd-81a8-77baf3cf466a req-35578a23-55b7-47cd-81a8-77baf3cf466a ] Request (ServerRescueTestJSON:setUpClass): 201 POST http://10.180.1.21/networking/v2.0/subnets 0.549s
2025-11-12 13:57:27.992 66049 INFO tempest.lib.common.rest_client [req-59e334d7-68c3-4987-a088-8bb055d0a300 req-59e334d7-68c3-4987-a088-8bb055d0a300 ] Request (MultipleCreateTestJSON:setUpClass): 201 POST http://10.180.1.21/networking/v2.0/subnets 0.337s
2025-11-12 13:57:28.027 66073 INFO tempest.lib.common.rest_client [req-a6efbfad-f6a7-44cd-975d-d0ca80118e45 req-a6efbfad-f6a7-44cd-975d-d0ca80118e45 ] Request (InstanceActionsTestJSON:setUpClass): 200 GET http://10.180.1.21/compute/v2.1/servers/86b7fbde-1754-438a-ab8b-9de1c96b6f31 4.213s
2025-11-12 13:57:28.035 66073 INFO tempest.common.waiters [-] State transition "BUILD/spawning" ==> "ACTIVE/None" after 26 second wait
2025-11-12 13:57:28.115 66025 INFO tempest.lib.common.rest_client [req-139746ac-72af-4250-8a73-02634c880962 req-139746ac-72af-4250-8a73-02634c880962 ] Request (ServersV294TestFqdnHostnames:tearDownClass): 200 GET http://10.180.1.21/compute/v2.1/servers/d2b80570-cabb-46ff-90f8-9bfc57f7cb81 4.084s
2025-11-12 13:57:28.175 66029 INFO tempest.lib.common.rest_client [req-546349ee-2a63-42b4-9a11-fd063afbe6ab req-546349ee-2a63-42b4-9a11-fd063afbe6ab ] Request (KeyPairsV22TestJSON:test_keypairs_create_list_delete): 201 POST http://10.180.1.21/compute/v2.1/os-keypairs 3.216s
2025-11-12 13:57:28.182 66047 INFO tempest.lib.common.rest_client [req-53a05107-5a0c-4d6e-a006-efa0e95161d4 req-53a05107-5a0c-4d6e-a006-efa0e95161d4 ] Request (AggregatesAdminNegativeTestJSON:test_aggregate_list_as_user): 403 GET http://10.180.1.21/compute/v2.1/os-aggregates 3.215s
2025-11-12 13:57:28.209 66033 INFO tempest.lib.common.rest_client [req-4e1b1ddd-6eff-4567-a339-c62860799473 req-4e1b1ddd-6eff-4567-a339-c62860799473 ] Request (ServerExternalEventsTest:tearDownClass): 204 DELETE http://10.180.1.21/networking/v2.0/security-groups/b4c6351f-5636-4f32-a68e-16f52d5a048a 0.381s
2025-11-12 13:57:28.355 66033 INFO tempest.lib.common.rest_client [req-b07f8406-086d-4c2d-8032-4b49c5047c2d req-b07f8406-086d-4c2d-8032-4b49c5047c2d ] Request (ServerExternalEventsTest:tearDownClass): 204 DELETE http://10.180.1.21/identity/v3/projects/4c57b31b9631400bb0a9b0dc822f5f8a 0.145s
2025-11-12 13:57:28.355 66033 INFO tempest.lib.common.dynamic_creds [-] Deleting project and security group for project: 86a41d9c2ea848d8acee0c70fa3a93e9
2025-11-12 13:57:28.680 66043 INFO tempest.lib.common.rest_client [req-252d5104-f469-4eb0-adfa-e41009477148 req-252d5104-f469-4eb0-adfa-e41009477148 ] Request (ServersAdminTestJSON:setUpClass): 200 PUT http://10.180.1.21/networking/v2.0/routers/fefe3faf-38ea-4185-bfcb-ad549c0cfd2f/add_router_interface 1.110s
2025-11-12 13:57:28.680 66043 INFO tempest.lib.common.dynamic_creds [-] Created isolated network resources for: credentials: Credentials: {'domain_id': 'default', 'domain_name': 'Default', 'username': 'tempest-ServersAdminTestJSON-1617299968-project-member', 'project_domain_id': 'default', 'project_domain_name': 'Default', 'project_id': '04891d8b3f924e36b10a6f2d397640a7', 'project_name': 'tempest-ServersAdminTestJSON-1617299968', 'tenant_id': '04891d8b3f924e36b10a6f2d397640a7', 'tenant_name': 'tempest-ServersAdminTestJSON-1617299968', 'user_domain_id': 'default', 'user_domain_name': 'Default', 'user_id': '72f343d81cdc49e29e5b371b55dad9bb', 'system': None}, Network: {'id': '453a4126-ad31-4d2e-976a-0a3c7c41c063', 'name': 'tempest-ServersAdminTestJSON-70088547-network', 'tenant_id': '04891d8b3f924e36b10a6f2d397640a7', 'project_id': '04891d8b3f924e36b10a6f2d397640a7', 'admin_state_up': True, 'mtu': 8950, 'status': 'ACTIVE', 'subnets': [], 'shared': False, 'port_security_enabled': True, 'router:external': False, 'provider:network_type': 'vlan', 'provider:physical_network': 'default', 'provider:segmentation_id': 737, 'availability_zone_hints': [], 'availability_zones': [], 'ipv4_address_scope': None, 'ipv6_address_scope': None, 'description': '', 'tags': [], 'created_at': '2025-11-12T13:57:25Z', 'updated_at': '2025-11-12T13:57:25Z', 'revision_number': 1}, Subnet: {'id': 'a63a3565-cc3d-4422-a2ee-202372f1bc2c', 'name': 'tempest-ServersAdminTestJSON-70088547-subnet', 'tenant_id': '04891d8b3f924e36b10a6f2d397640a7', 'network_id': '453a4126-ad31-4d2e-976a-0a3c7c41c063', 'ip_version': 4, 'subnetpool_id': None, 'enable_dhcp': True, 'ipv6_ra_mode': None, 'ipv6_address_mode': None, 'gateway_ip': '192.168.128.1', 'cidr': '192.168.128.0/28', 'allocation_pools': [{'start': '192.168.128.2', 'end': '192.168.128.14'}], 'host_routes': [], 'dns_nameservers': [], 'description': '', 'router:external': False, 'service_types': [], 'tags': [], 'created_at': '2025-11-12T13:57:26Z', 'updated_at': '2025-11-12T13:57:26Z', 'revision_number': 0, 'project_id': '04891d8b3f924e36b10a6f2d397640a7'}, Router: {'id': 'fefe3faf-38ea-4185-bfcb-ad549c0cfd2f', 'name': 'tempest-ServersAdminTestJSON-70088547-router', 'tenant_id': '04891d8b3f924e36b10a6f2d397640a7', 'admin_state_up': True, 'status': 'ACTIVE', 'external_gateway_info': {'network_id': 'bc1e209c-325a-4451-8408-991a2af0e7f1', 'external_fixed_ips': [{'subnet_id': 'f7ecfb66-3205-4395-8323-3fbad44fb13b', 'ip_address': '10.180.180.201'}], 'enable_snat': True}, 'description': '', 'availability_zones': [], 'distributed': False, 'ha': False, 'availability_zone_hints': [], 'routes': [], 'flavor_id': None, 'tags': [], 'created_at': '2025-11-12T13:57:26Z', 'updated_at': '2025-11-12T13:57:27Z', 'revision_number': 2, 'project_id': '04891d8b3f924e36b10a6f2d397640a7'}
2025-11-12 13:57:28.764 66043 INFO tempest.lib.common.rest_client [req-dc6c678b-1ae3-43de-b312-819b96a38090 req-dc6c678b-1ae3-43de-b312-819b96a38090 ] Request (ServersAdminTestJSON:setUpClass): 201 POST http://10.180.1.21/identity/v3/auth/tokens 0.080s
2025-11-12 13:57:28.836 66043 INFO tempest.lib.common.rest_client [req-e82433c9-510c-4299-b09a-212f817f4d28 req-e82433c9-510c-4299-b09a-212f817f4d28 ] Request (ServersAdminTestJSON:setUpClass): 201 POST http://10.180.1.21/identity/v3/projects 0.071s
2025-11-12 13:57:28.898 66043 INFO tempest.lib.common.rest_client [req-082125c5-13a5-43dd-86bd-8a04e52038b1 req-082125c5-13a5-43dd-86bd-8a04e52038b1 ] Request (ServersAdminTestJSON:setUpClass): 201 POST http://10.180.1.21/identity/v3/users 0.062s
2025-11-12 13:57:28.921 66043 INFO tempest.lib.common.rest_client [req-c3ec70e9-2486-4497-a4fa-104faf03e513 req-c3ec70e9-2486-4497-a4fa-104faf03e513 ] Request (ServersAdminTestJSON:setUpClass): 200 GET http://10.180.1.21/identity/v3/roles 0.022s
2025-11-12 13:57:28.943 66040 INFO tempest.lib.common.rest_client [req-8d75e0fa-0470-4011-9d36-0479fb3ee200 req-8d75e0fa-0470-4011-9d36-0479fb3ee200 ] Request (ServerRescueTestJSON:setUpClass): 201 POST http://10.180.1.21/networking/v2.0/routers 1.099s
2025-11-12 13:57:28.956 66043 INFO tempest.lib.common.rest_client [req-9028ddb2-19fd-4ea8-97ff-54c1d1fdf06e req-9028ddb2-19fd-4ea8-97ff-54c1d1fdf06e ] Request (ServersAdminTestJSON:setUpClass): 204 PUT http://10.180.1.21/identity/v3/projects/b5055a4bd8c841e893ba4ee6ba7fce75/users/406e3c535ee54d2bb3458bf48e4a71e8/roles/10ba4d49603e4e8a95cb2a60720a45d5 0.033s
2025-11-12 13:57:28.973 66063 INFO tempest.lib.common.rest_client [req-b5900e06-c74e-4000-aa92-3ddc2c8cb32c req-b5900e06-c74e-4000-aa92-3ddc2c8cb32c ] Request (DeleteServersTestJSON:test_delete_active_server): 200 GET http://10.180.1.21/compute/v2.1/servers/f79626ef-86fa-4e92-bedc-393a9ca61c39 4.896s
