2025-11-12 13:55:57.954 66069 INFO tempest.lib.common.rest_client [req-e2e689ab-121c-41ea-82d6-ffc5e07db1a4 req-e2e689ab-121c-41ea-82d6-ffc5e07db1a4 ] Request (QuotasAdminNegativeTest:test_create_server_when_cpu_quota_is_full): 201 POST http://10.180.1.21/identity/v3/auth/tokens 0.102s
2025-11-12 13:55:57.954 66081 INFO tempest.lib.common.rest_client [req-62ea2c28-cdb8-471b-b61a-0dd9b5139d81 req-62ea2c28-cdb8-471b-b61a-0dd9b5139d81 ] Request (FlavorMetadataValidation:test_flavor_update_with_custom_namespace): 200 POST http://10.180.1.21/compute/v2.1/flavors/131326534/os-extra_specs 2.933s
2025-11-12 13:55:57.954 66069 INFO tempest.lib.common.fixed_network [-] (QuotasAdminNegativeTest:test_create_server_when_cpu_quota_is_full) Found network None available for tenant
2025-11-12 13:55:57.963 66025 INFO tempest.lib.common.rest_client [req-dbfe4174-63f0-4c52-a5b9-5868536db55e req-dbfe4174-63f0-4c52-a5b9-5868536db55e ] Request (AbsoluteLimitsTestJSON:tearDownClass): 204 DELETE http://10.180.1.21/networking/v2.0/security-groups/47025ae0-b7d3-4929-8254-acac70def29d 0.256s
2025-11-12 13:55:58.057 66025 INFO tempest.lib.common.rest_client [req-22ca7788-675c-4446-9324-761d1f99d7f2 req-22ca7788-675c-4446-9324-761d1f99d7f2 ] Request (AbsoluteLimitsTestJSON:tearDownClass): 204 DELETE http://10.180.1.21/identity/v3/projects/d978fa1efd7344a9aac910692a95888a 0.094s
2025-11-12 13:55:58.064 66060 INFO tempest.lib.common.rest_client [req-ed8d6c6a-2ebb-49ae-9683-f4c529bb146a req-ed8d6c6a-2ebb-49ae-9683-f4c529bb146a ] Request (HostsAdminNegativeTestJSON:test_list_hosts_with_non_admin_user): 403 GET http://10.180.1.21/compute/v2.1/os-hosts 2.942s
2025-11-12 13:55:58.140 66025 INFO tempest.lib.common.rest_client [req-0051b1f8-ac4f-4ca0-947b-c395f24cc1d9 req-0051b1f8-ac4f-4ca0-947b-c395f24cc1d9 ] Request (ServersV294TestFqdnHostnames:setUpClass): 201 POST http://10.180.1.21/identity/v3/auth/tokens 0.081s
2025-11-12 13:55:58.176 66025 INFO tempest.lib.common.rest_client [req-372515bf-9e8f-4c12-9da6-89383ec4ca64 req-372515bf-9e8f-4c12-9da6-89383ec4ca64 ] Request (ServersV294TestFqdnHostnames:setUpClass): 201 POST http://10.180.1.21/identity/v3/auth/tokens 0.033s
2025-11-12 13:55:58.204 66025 INFO tempest.lib.common.rest_client [req-41c79c9d-1139-48dd-9364-5ec49e91eb7d req-41c79c9d-1139-48dd-9364-5ec49e91eb7d ] Request (ServersV294TestFqdnHostnames:setUpClass): 200 GET http://10.180.1.21/identity/v3/domains?name=Default 0.027s
2025-11-12 13:55:58.233 66025 INFO tempest.lib.common.rest_client [req-754e382a-bac6-4ddc-a3ef-bf9263ff634c req-754e382a-bac6-4ddc-a3ef-bf9263ff634c ] Request (ServersV294TestFqdnHostnames:setUpClass): 201 POST http://10.180.1.21/identity/v3/projects 0.029s
2025-11-12 13:55:58.316 66025 INFO tempest.lib.common.rest_client [req-532d5109-51e2-4c8b-a26e-9c216eb25a3d req-532d5109-51e2-4c8b-a26e-9c216eb25a3d ] Request (ServersV294TestFqdnHostnames:setUpClass): 201 POST http://10.180.1.21/identity/v3/users 0.082s
2025-11-12 13:55:58.342 66025 INFO tempest.lib.common.rest_client [req-1001bbeb-e1e4-4577-a78e-b5fcb36966d8 req-1001bbeb-e1e4-4577-a78e-b5fcb36966d8 ] Request (ServersV294TestFqdnHostnames:setUpClass): 200 GET http://10.180.1.21/identity/v3/roles 0.025s
2025-11-12 13:55:58.340 66083 INFO tempest.lib.common.rest_client [req-3c16c46d-9e4b-4932-8e79-56035debae2d req-3c16c46d-9e4b-4932-8e79-56035debae2d ] Request (ServersTestBootFromVolume:setUpClass): 202 POST http://10.180.1.21/volume/v3/volumes 1.060s
2025-11-12 13:55:58.371 66025 INFO tempest.lib.common.rest_client [req-377e8dd1-92d3-4d5e-a689-bd75d7faaf89 req-377e8dd1-92d3-4d5e-a689-bd75d7faaf89 ] Request (ServersV294TestFqdnHostnames:setUpClass): 204 PUT http://10.180.1.21/identity/v3/projects/9b1f25eec56a47829d1a4edbb391e0d0/users/37ee090093164bcca2db0979003e9e48/roles/6f23974f78f041a2a0eac2f9e83080cd 0.028s
2025-11-12 13:55:58.371 66025 INFO tempest.lib.common.dynamic_creds [-] Dynamic test user 37ee090093164bcca2db0979003e9e48 is created with scope project and roles: ['member']
2025-11-12 13:55:58.371 66025 INFO tempest.lib.common.dynamic_creds [-] Acquired dynamic creds: credentials: Credentials: {'domain_id': 'default', 'domain_name': 'Default', 'username': 'tempest-ServersV294TestFqdnHostnames-1538117571-project-member', 'project_domain_id': 'default', 'project_domain_name': 'Default', 'project_id': '9b1f25eec56a47829d1a4edbb391e0d0', 'project_name': 'tempest-ServersV294TestFqdnHostnames-1538117571', 'tenant_id': '9b1f25eec56a47829d1a4edbb391e0d0', 'tenant_name': 'tempest-ServersV294TestFqdnHostnames-1538117571', 'user_domain_id': 'default', 'user_domain_name': 'Default', 'user_id': '37ee090093164bcca2db0979003e9e48', 'system': None}, Network: None, Subnet: None, Router: None
2025-11-12 13:55:58.380 66085 INFO tempest.lib.common.rest_client [req-b65a0641-0e21-4a38-842f-547a1623a168 req-b65a0641-0e21-4a38-842f-547a1623a168 ] Request (ValidationResourcesFixture:setUp): 201 POST http://10.180.1.21/networking/v2.0/floatingips 0.549s
2025-11-12 13:55:58.411 66083 INFO tempest.lib.common.rest_client [req-5ec1de6f-cc33-489c-8ecf-2a0282aed9a7 req-5ec1de6f-cc33-489c-8ecf-2a0282aed9a7 ] Request (ServersTestBootFromVolume:setUpClass): 200 GET http://10.180.1.21/volume/v3/volumes/ad446650-0373-48bf-8a41-6b7f842c32d2 0.059s
2025-11-12 13:55:58.441 66025 INFO tempest.lib.common.rest_client [req-aef824f4-ab30-4066-acd8-a22534a16a62 req-aef824f4-ab30-4066-acd8-a22534a16a62 ] Request (ServersV294TestFqdnHostnames:setUpClass): 201 POST http://10.180.1.21/identity/v3/auth/tokens 0.069s
2025-11-12 13:55:58.446 66085 INFO tempest.lib.common.rest_client [req-86e65547-648d-4c22-b207-2a9e500604e6 req-86e65547-648d-4c22-b207-2a9e500604e6 ] Request (AttachInterfacesUnderV243Test:test_add_remove_fixed_ip): 201 POST http://10.180.1.21/identity/v3/auth/tokens 0.060s
2025-11-12 13:55:58.446 66085 INFO tempest.lib.common.fixed_network [-] (AttachInterfacesUnderV243Test:test_add_remove_fixed_ip) Found network {'id': 'e942ba2b-4901-40d3-84bd-568022f9dbaf', 'name': 'tempest-AttachInterfacesUnderV243Test-798535718-network', 'tenant_id': '8b121852486441aba944ad11190d667d', 'project_id': '8b121852486441aba944ad11190d667d', 'admin_state_up': True, 'mtu': 8950, 'status': 'ACTIVE', 'subnets': [], 'shared': False, 'port_security_enabled': True, 'router:external': False, 'provider:network_type': 'vlan', 'provider:physical_network': 'default', 'provider:segmentation_id': 239, 'availability_zone_hints': [], 'availability_zones': [], 'ipv4_address_scope': None, 'ipv6_address_scope': None, 'description': '', 'tags': [], 'created_at': '2025-11-12T13:55:48Z', 'updated_at': '2025-11-12T13:55:48Z', 'revision_number': 1} available for tenant
2025-11-12 13:55:58.500 66065 INFO tempest.lib.common.rest_client [req-eed5e3e3-0c8f-4f51-88e1-71b466733d40 req-eed5e3e3-0c8f-4f51-88e1-71b466733d40 ] Request (HypervisorAdminV228Test:tearDownClass): 204 DELETE http://10.180.1.21/networking/v2.0/security-groups/460b4674-c60a-4f9b-9eb5-d2a5b293e744 0.643s
2025-11-12 13:55:58.584 66065 INFO tempest.lib.common.rest_client [req-d74e571d-2787-4893-9455-e41984decba9 req-d74e571d-2787-4893-9455-e41984decba9 ] Request (HypervisorAdminV228Test:tearDownClass): 204 DELETE http://10.180.1.21/identity/v3/projects/d66d7fcc161044339f94ab87e029bd09 0.083s
2025-11-12 13:55:58.651 66065 INFO tempest.lib.common.rest_client [req-afcc4e81-43b7-4885-96e3-e76cd4d88916 req-afcc4e81-43b7-4885-96e3-e76cd4d88916 ] Request (ImagesMetadataNegativeTestJSON:setUpClass): 201 POST http://10.180.1.21/identity/v3/auth/tokens 0.065s
2025-11-12 13:55:58.659 66079 INFO tempest.lib.common.rest_client [req-9d16ab56-d8e1-4752-a7a2-27e92dde1e3f req-9d16ab56-d8e1-4752-a7a2-27e92dde1e3f ] Request (VolumesAssistedSnapshotsTest:setUpClass): 201 POST http://10.180.1.21/networking/v2.0/routers 0.901s
2025-11-12 13:55:58.683 66065 INFO tempest.lib.common.rest_client [req-c057f896-7617-4d23-864b-ab3fba17cff0 req-c057f896-7617-4d23-864b-ab3fba17cff0 ] Request (ImagesMetadataNegativeTestJSON:setUpClass): 201 POST http://10.180.1.21/identity/v3/auth/tokens 0.030s
2025-11-12 13:55:58.686 66055 INFO tempest.lib.common.rest_client [req-f4b02948-3606-4f20-b8f3-358aa177fa2b req-f4b02948-3606-4f20-b8f3-358aa177fa2b ] Request (DeleteServersAdminTestJSON:test_admin_delete_servers_of_others): 200 GET http://10.180.1.21/compute/v2.1/servers/66806918-58d9-49eb-a949-3e429d5df1ec 3.567s
2025-11-12 13:55:58.697 66037 INFO tempest.lib.common.rest_client [req-cdf77cd7-764b-4ac2-bc84-6e9256de7b42 req-cdf77cd7-764b-4ac2-bc84-6e9256de7b42 ] Request (ServerDiagnosticsNegativeTest:test_get_server_diagnostics_by_non_admin): 200 GET http://10.180.1.21/compute/v2.1/servers/35eac70f-1395-4040-8c8d-9d0b72c4c325 3.033s
2025-11-12 13:55:58.715 66065 INFO tempest.lib.common.rest_client [req-6d88d340-5157-4f38-92ac-e472259e7cdb req-6d88d340-5157-4f38-92ac-e472259e7cdb ] Request (ImagesMetadataNegativeTestJSON:setUpClass): 200 GET http://10.180.1.21/identity/v3/domains?name=Default 0.032s
2025-11-12 13:55:58.726 66057 INFO tempest.lib.common.rest_client [req-6469467d-929d-4a5f-8931-b5063e8d0694 req-6469467d-929d-4a5f-8931-b5063e8d0694 ] Request (ServicesAdminNegativeTestJSON:test_get_service_by_invalid_service_and_valid_host): 200 GET http://10.180.1.21/compute/v2.1/os-services 2.968s
2025-11-12 13:55:58.737 66023 INFO tempest.lib.common.rest_client [req-b139b88b-c9eb-4c56-b212-47db1ea27787 req-b139b88b-c9eb-4c56-b212-47db1ea27787 ] Request (AZAdminV2TestJSON:tearDownClass): 200 GET http://10.180.1.21/networking/v2.0/security-groups?tenant_id=da44ef01e8264791ac92293d943dcff2&name=default 0.822s
2025-11-12 13:55:58.753 66075 INFO tempest.lib.common.rest_client [req-2d1374d0-af10-4c61-9766-53e3ad45851d req-2d1374d0-af10-4c61-9766-53e3ad45851d ] Request (KeyPairsV210TestJSON:test_admin_manage_keypairs_for_other_users): 200 GET http://10.180.1.21/compute/v2.1/os-keypairs/tempest-keypair-690332842?user_id=9688a2f623fc433da0ae84b249551a5f 2.923s
2025-11-12 13:55:58.758 66065 INFO tempest.lib.common.rest_client [req-c59e940a-6a18-4534-86d0-3d9d0975b581 req-c59e940a-6a18-4534-86d0-3d9d0975b581 ] Request (ImagesMetadataNegativeTestJSON:setUpClass): 201 POST http://10.180.1.21/identity/v3/projects 0.042s
2025-11-12 13:55:58.797 66043 INFO tempest.lib.common.rest_client [req-6b01bc6d-a493-47a2-9960-bd90dc3b0b2a req-6b01bc6d-a493-47a2-9960-bd90dc3b0b2a ] Request (HypervisorAdminV253TestBase:test_list_show_detail_hypervisors): 200 GET http://10.180.1.21/compute/v2.1/os-hypervisors/e38a7935-c8b0-4784-956e-7d74263727bb 2.884s
2025-11-12 13:55:58.837 66065 INFO tempest.lib.common.rest_client [req-19b01663-aedf-4221-8240-2855b7634d8e req-19b01663-aedf-4221-8240-2855b7634d8e ] Request (ImagesMetadataNegativeTestJSON:setUpClass): 201 POST http://10.180.1.21/identity/v3/users 0.078s
2025-11-12 13:55:58.839 66067 INFO tempest.lib.common.rest_client [req-9bcdd52b-bd8e-4d14-ab17-12e4bb7049c5 req-9bcdd52b-bd8e-4d14-ab17-12e4bb7049c5 ] Request (ListImageFiltersTestJSON:setUpClass): 200 GET http://10.180.1.21/compute/v2.1/images/43b5d8b8-f067-4a8c-bb09-2825748e6a8a 2.862s
2025-11-12 13:55:58.900 66043 INFO tempest.lib.common.rest_client [req-476a61a1-a965-4579-8e15-2d0cbbb401cc req-476a61a1-a965-4579-8e15-2d0cbbb401cc ] Request (HypervisorAdminV253TestBase:tearDownClass): 204 DELETE http://10.180.1.21/identity/v3/users/becbc7b1cc894b0f815c0b3d01b9fd4d 0.089s
2025-11-12 13:55:58.937 66065 INFO tempest.lib.common.rest_client [req-8c25954d-2d80-4580-ae7e-9bce7491db6f req-8c25954d-2d80-4580-ae7e-9bce7491db6f ] Request (ImagesMetadataNegativeTestJSON:setUpClass): 200 GET http://10.180.1.21/identity/v3/roles 0.099s
2025-11-12 13:55:59.003 66025 INFO tempest.lib.common.rest_client [req-4d5d54a4-0fe3-4625-8b41-a9a641b29a89 req-4d5d54a4-0fe3-4625-8b41-a9a641b29a89 ] Request (ServersV294TestFqdnHostnames:setUpClass): 201 POST http://10.180.1.21/networking/v2.0/networks 0.562s
2025-11-12 13:55:59.030 66071 INFO tempest.lib.common.rest_client [req-235dada0-2c39-40a7-abea-9705f5be914b req-235dada0-2c39-40a7-abea-9705f5be914b ] Request (ImagesOneServerNegativeTestJSON:setUpClass): 200 GET http://10.180.1.21/compute/v2.1/servers/2fc20c01-0fd2-400e-a365-917e6a6a8b42 3.301s
2025-11-12 13:55:59.074 66065 INFO tempest.lib.common.rest_client [req-e0569e35-f103-4eef-a548-05ab15d6e1ae req-e0569e35-f103-4eef-a548-05ab15d6e1ae ] Request (ImagesMetadataNegativeTestJSON:setUpClass): 204 PUT http://10.180.1.21/identity/v3/projects/114d1d714b8443f4975f9c14f85d5b9a/users/8b763a21735b47a78acf820c686d0042/roles/6f23974f78f041a2a0eac2f9e83080cd 0.135s
2025-11-12 13:55:59.074 66065 INFO tempest.lib.common.dynamic_creds [-] Dynamic test user 8b763a21735b47a78acf820c686d0042 is created with scope project and roles: ['member']
2025-11-12 13:55:59.074 66065 INFO tempest.lib.common.dynamic_creds [-] Acquired dynamic creds: credentials: Credentials: {'domain_id': 'default', 'domain_name': 'Default', 'username': 'tempest-ImagesMetadataNegativeTestJSON-1148529407-project-member', 'project_domain_id': 'default', 'project_domain_name': 'Default', 'project_id': '114d1d714b8443f4975f9c14f85d5b9a', 'project_name': 'tempest-ImagesMetadataNegativeTestJSON-1148529407', 'tenant_id': '114d1d714b8443f4975f9c14f85d5b9a', 'tenant_name': 'tempest-ImagesMetadataNegativeTestJSON-1148529407', 'user_domain_id': 'default', 'user_domain_name': 'Default', 'user_id': '8b763a21735b47a78acf820c686d0042', 'system': None}, Network: None, Subnet: None, Router: None
2025-11-12 13:55:59.074 66065 INFO tempest.lib.common.dynamic_creds [-] Created isolated network resources for: credentials: Credentials: {'domain_id': 'default', 'domain_name': 'Default', 'username': 'tempest-ImagesMetadataNegativeTestJSON-1148529407-project-member', 'project_domain_id': 'default', 'project_domain_name': 'Default', 'project_id': '114d1d714b8443f4975f9c14f85d5b9a', 'project_name': 'tempest-ImagesMetadataNegativeTestJSON-1148529407', 'tenant_id': '114d1d714b8443f4975f9c14f85d5b9a', 'tenant_name': 'tempest-ImagesMetadataNegativeTestJSON-1148529407', 'user_domain_id': 'default', 'user_domain_name': 'Default', 'user_id': '8b763a21735b47a78acf820c686d0042', 'system': None}, Network: None, Subnet: None, Router: None
2025-11-12 13:55:59.101 66043 INFO tempest.lib.common.rest_client [req-6ee2db27-845d-45c5-be22-acfafff2f045 req-6ee2db27-845d-45c5-be22-acfafff2f045 ] Request (HypervisorAdminV253TestBase:tearDownClass): 204 DELETE http://10.180.1.21/identity/v3/users/ef2f52573ef544f3970da6b239f9bbab 0.201s
2025-11-12 13:55:59.102 66043 INFO tempest.lib.common.dynamic_creds [-] Deleting project and security group for project: fe44cd804f0e4a1faaf0447a4534ac81
2025-11-12 13:55:59.141 66023 INFO tempest.lib.common.rest_client [req-799839e9-a623-45e4-8da9-926cc2e50224 req-799839e9-a623-45e4-8da9-926cc2e50224 ] Request (AZAdminV2TestJSON:tearDownClass): 204 DELETE http://10.180.1.21/networking/v2.0/security-groups/f447bf91-4d31-401a-a1b1-c8620069984f 0.403s
2025-11-12 13:55:59.220 66063 INFO tempest.lib.common.rest_client [req-1c88611d-7cfd-4fc3-b19b-5413103160bb req-1c88611d-7cfd-4fc3-b19b-5413103160bb ] Request (FlavorsExtraSpecsTestJSON:test_flavor_non_admin_get_all_keys): 200 GET http://10.180.1.21/compute/v2.1/flavors/223640195/os-extra_specs 3.163s
2025-11-12 13:55:59.227 66065 INFO tempest.lib.common.rest_client [req-a65956a8-3799-49bf-a243-87438d03bf07 req-a65956a8-3799-49bf-a243-87438d03bf07 ] Request (ImagesMetadataNegativeTestJSON:setUpClass): 201 POST http://10.180.1.21/identity/v3/auth/tokens 0.144s
2025-11-12 13:55:59.246 66061 INFO tempest.lib.common.rest_client [req-57ff9935-5368-4af8-98e7-68231cc0eb2c req-57ff9935-5368-4af8-98e7-68231cc0eb2c ] Request (HostsAdminTestJSON:test_list_hosts_with_nonexistent_zone): 200 GET http://10.180.1.21/compute/v2.1/os-hosts?zone=xxx 2.950s
2025-11-12 13:55:59.267 66043 INFO tempest.lib.common.rest_client [req-a640e9a8-a8dd-4168-8126-f82f89905151 req-a640e9a8-a8dd-4168-8126-f82f89905151 ] Request (HypervisorAdminV253TestBase:tearDownClass): 201 POST http://10.180.1.21/identity/v3/auth/tokens 0.165s
2025-11-12 13:55:59.272 66077 INFO tempest.lib.common.rest_client [req-c5646a4a-be27-4f0d-9ee1-a2d26a4a85b9 req-c5646a4a-be27-4f0d-9ee1-a2d26a4a85b9 ] Request (FlavorsAdminTestJSON:_run_cleanups): 200 GET http://10.180.1.21/compute/v2.1/flavors/detail 2.948s
2025-11-12 13:55:59.303 66025 INFO tempest.lib.common.rest_client [req-e4a26857-d9d0-4f6b-84e2-7a377063d763 req-e4a26857-d9d0-4f6b-84e2-7a377063d763 ] Request (ServersV294TestFqdnHostnames:setUpClass): 201 POST http://10.180.1.21/networking/v2.0/subnets 0.299s
2025-11-12 13:55:59.311 66031 INFO tempest.lib.common.rest_client [req-2010d4de-586a-4886-9fda-62db61cc8daf req-2010d4de-586a-4886-9fda-62db61cc8daf ] Request (HypervisorAdminUnderV252Test:test_search_hypervisor): 200 GET http://10.180.1.21/compute/v2.1/os-hypervisors/domain-c8.fc996f14-c53b-4953-92e3-bdfa48f5cc28/search 2.957s
2025-11-12 13:55:59.332 66023 INFO tempest.lib.common.rest_client [req-9bfae84c-1dfa-4fbf-84de-44b54ac1a274 req-9bfae84c-1dfa-4fbf-84de-44b54ac1a274 ] Request (AZAdminV2TestJSON:tearDownClass): 204 DELETE http://10.180.1.21/identity/v3/projects/da44ef01e8264791ac92293d943dcff2 0.191s
2025-11-12 13:55:59.332 66023 INFO tempest.lib.common.dynamic_creds [-] Deleting project and security group for project: 7d4d4e41547f4966885a976c86b7b4b3
2025-11-12 13:55:59.340 66029 INFO tempest.lib.common.rest_client [req-eba4e40a-2e4a-4438-b011-5a020228e392 req-eba4e40a-2e4a-4438-b011-5a020228e392 ] Request (FlavorsV2TestJSON:test_list_flavors_detailed_filter_by_min_disk): 200 GET http://10.180.1.21/compute/v2.1/flavors/detail?minDisk=2 2.967s
2025-11-12 13:55:59.457 66083 INFO tempest.lib.common.rest_client [req-1e213d8f-4e01-44b2-b977-c904a400d1b3 req-1e213d8f-4e01-44b2-b977-c904a400d1b3 ] Request (ServersTestBootFromVolume:setUpClass): 200 GET http://10.180.1.21/volume/v3/volumes/ad446650-0373-48bf-8a41-6b7f842c32d2 0.037s
2025-11-12 13:55:59.498 66047 INFO tempest.lib.common.rest_client [req-d1275eac-981a-408d-a022-6c354a306e81 req-d1275eac-981a-408d-a022-6c354a306e81 ] Request (AggregatesAdminNegativeTestJSON:test_aggregate_add_existent_host): 200 POST http://10.180.1.21/compute/v2.1/os-aggregates/1/action 3.512s
2025-11-12 13:55:59.511 66031 INFO tempest.lib.common.rest_client [req-f70a90bf-b79b-4b90-bb0b-643bd518b128 req-f70a90bf-b79b-4b90-bb0b-643bd518b128 ] Request (HypervisorAdminUnderV252Test:tearDownClass): 204 DELETE http://10.180.1.21/identity/v3/users/82c557a696ea4dcdab275767fcc4c74a 0.197s
2025-11-12 13:55:59.542 66040 INFO tempest.lib.common.rest_client [req-0700dd4c-5603-4a23-a1b2-fce95743f6b0 req-0700dd4c-5603-4a23-a1b2-fce95743f6b0 ] Request (FlavorsV261TestJSON:test_crud_flavor): 200 PUT http://10.180.1.21/compute/v2.1/flavors/1838180967 2.906s
2025-11-12 13:55:59.562 66043 INFO tempest.lib.common.rest_client [req-d6bb4f2d-da6a-4e7e-b4f6-88c127811390 req-d6bb4f2d-da6a-4e7e-b4f6-88c127811390 ] Request (HypervisorAdminV253TestBase:tearDownClass): 200 GET http://10.180.1.21/networking/v2.0/security-groups?tenant_id=fe44cd804f0e4a1faaf0447a4534ac81&name=default 0.294s
2025-11-12 13:55:59.586 66067 INFO tempest.lib.common.rest_client [req-865d57ce-1c19-44ab-bdc7-443325f07f31 req-865d57ce-1c19-44ab-bdc7-443325f07f31 ] Request (ListImageFiltersTestJSON:setUpClass): 201 POST http://10.180.1.21/image/v2/images 0.740s
2025-11-12 13:55:59.628 66031 INFO tempest.lib.common.rest_client [req-7b5f5b5f-5241-4932-974c-670d43099e9e req-7b5f5b5f-5241-4932-974c-670d43099e9e ] Request (HypervisorAdminUnderV252Test:tearDownClass): 204 DELETE http://10.180.1.21/identity/v3/users/471c08cd77c34811a9cd3babc8ff1776 0.115s
2025-11-12 13:55:59.629 66031 INFO tempest.lib.common.dynamic_creds [-] Deleting project and security group for project: c08d2bbe220944c48174e8ae5f79d32d
2025-11-12 13:55:59.666 66079 INFO tempest.lib.common.rest_client [req-299b39a2-69ec-4221-a787-a46a0fcbf269 req-299b39a2-69ec-4221-a787-a46a0fcbf269 ] Request (VolumesAssistedSnapshotsTest:setUpClass): 200 PUT http://10.180.1.21/networking/v2.0/routers/e7606e30-01db-4df7-97d2-76c1eb6e16d8/add_router_interface 1.006s
2025-11-12 13:55:59.666 66079 INFO tempest.lib.common.dynamic_creds [-] Created isolated network resources for: credentials: Credentials: {'domain_id': 'default', 'domain_name': 'Default', 'username': 'tempest-VolumesAssistedSnapshotsTest-1068349133-project', 'project_domain_id': 'default', 'project_domain_name': 'Default', 'project_id': '58d30ed4d4d7452d9350fe08206be986', 'project_name': 'tempest-VolumesAssistedSnapshotsTest-1068349133', 'tenant_id': '58d30ed4d4d7452d9350fe08206be986', 'tenant_name': 'tempest-VolumesAssistedSnapshotsTest-1068349133', 'user_domain_id': 'default', 'user_domain_name': 'Default', 'user_id': '95e2b3cb199c4ac9a111113e60161e7f', 'system': None}, Network: {'id': 'bfec216c-de4d-4ef1-a6f1-d15f625453a9', 'name': 'tempest-VolumesAssistedSnapshotsTest-1686239766-network', 'tenant_id': '58d30ed4d4d7452d9350fe08206be986', 'project_id': '58d30ed4d4d7452d9350fe08206be986', 'admin_state_up': True, 'mtu': 8950, 'status': 'ACTIVE', 'subnets': [], 'shared': False, 'port_security_enabled': True, 'router:external': False, 'provider:network_type': 'vlan', 'provider:physical_network': 'default', 'provider:segmentation_id': 416, 'availability_zone_hints': [], 'availability_zones': [], 'ipv4_address_scope': None, 'ipv6_address_scope': None, 'description': '', 'tags': [], 'created_at': '2025-11-12T13:55:57Z', 'updated_at': '2025-11-12T13:55:57Z', 'revision_number': 1}, Subnet: {'id': 'd5986f8f-0879-47c4-90b6-cba2437208e2', 'name': 'tempest-VolumesAssistedSnapshotsTest-1686239766-subnet', 'tenant_id': '58d30ed4d4d7452d9350fe08206be986', 'network_id': 'bfec216c-de4d-4ef1-a6f1-d15f625453a9', 'ip_version': 4, 'subnetpool_id': None, 'enable_dhcp': True, 'ipv6_ra_mode': None, 'ipv6_address_mode': None, 'gateway_ip': '192.168.128.1', 'cidr': '192.168.128.0/28', 'allocation_pools': [{'start': '192.168.128.2', 'end': '192.168.128.14'}], 'host_routes': [], 'dns_nameservers': [], 'description': '', 'router:external': False, 'service_types': [], 'tags': [], 'created_at': '2025-11-12T13:55:57Z', 'updated_at': '2025-11-12T13:55:57Z', 'revision_number': 0, 'project_id': '58d30ed4d4d7452d9350fe08206be986'}, Router: {'id': 'e7606e30-01db-4df7-97d2-76c1eb6e16d8', 'name': 'tempest-VolumesAssistedSnapshotsTest-1686239766-router', 'tenant_id': '58d30ed4d4d7452d9350fe08206be986', 'admin_state_up': True, 'status': 'ACTIVE', 'external_gateway_info': {'network_id': 'bc1e209c-325a-4451-8408-991a2af0e7f1', 'external_fixed_ips': [{'subnet_id': 'f7ecfb66-3205-4395-8323-3fbad44fb13b', 'ip_address': '10.180.180.188'}], 'enable_snat': True}, 'description': '', 'availability_zones': [], 'distributed': False, 'ha': False, 'availability_zone_hints': [], 'routes': [], 'flavor_id': None, 'tags': [], 'created_at': '2025-11-12T13:55:57Z', 'updated_at': '2025-11-12T13:55:58Z', 'revision_number': 2, 'project_id': '58d30ed4d4d7452d9350fe08206be986'}
2025-11-12 13:55:59.713 66031 INFO tempest.lib.common.rest_client [req-fba6dbf2-21c3-4118-bd2a-a2ef9101d48d req-fba6dbf2-21c3-4118-bd2a-a2ef9101d48d ] Request (HypervisorAdminUnderV252Test:tearDownClass): 201 POST http://10.180.1.21/identity/v3/auth/tokens 0.084s
2025-11-12 13:55:59.739 66035 INFO tempest.lib.common.rest_client [req-d4c155e2-7b65-4a38-a6cf-bb0ffe215932 req-d4c155e2-7b65-4a38-a6cf-bb0ffe215932 ] Request (QuotasAdminTestV257:test_get_updated_quotas): 200 PUT http://10.180.1.21/compute/v2.1/os-quota-sets/25c7f2550e60455fb987440f06de9093?user_id=3dc80668c05947d8aa4dca1579c6c5b1 3.215s
2025-11-12 13:55:59.748 66073 INFO tempest.lib.common.rest_client [req-ba8ce766-c9aa-424b-a405-c86d0ccdf2e5 req-ba8ce766-c9aa-424b-a405-c86d0ccdf2e5 ] Request (KeyPairsV2TestJSON:test_get_keypair_detail): 200 GET http://10.180.1.21/compute/v2.1/os-keypairs/tempest-keypair-119992633 2.815s
2025-11-12 13:55:59.770 66023 INFO tempest.lib.common.rest_client [req-9bc8a0d3-66bf-41a6-b33e-e088b7f77008 req-9bc8a0d3-66bf-41a6-b33e-e088b7f77008 ] Request (AZAdminV2TestJSON:tearDownClass): 200 GET http://10.180.1.21/networking/v2.0/security-groups?tenant_id=7d4d4e41547f4966885a976c86b7b4b3&name=default 0.437s
2025-11-12 13:55:59.789 66079 INFO tempest.lib.common.rest_client [req-f5734118-17c2-4ea3-bf51-4443b0d0e4fa req-f5734118-17c2-4ea3-bf51-4443b0d0e4fa ] Request (VolumesAssistedSnapshotsTest:setUpClass): 201 POST http://10.180.1.21/identity/v3/auth/tokens 0.120s
2025-11-12 13:55:59.838 66045 INFO tempest.lib.common.rest_client [req-33973c3b-86b3-44d1-a403-26a52939c9e2 req-33973c3b-86b3-44d1-a403-26a52939c9e2 ] Request (TenantUsagesNegativeTestJSON:test_get_usage_tenant_with_empty_tenant_id): 404 GET http://10.180.1.21/compute/v2.1/os-simple-tenant-usage/?start=2025-11-11T13%3A55%3A57.019810&end=2025-11-13T13%3A55%3A57.019810 2.817s
2025-11-12 13:55:59.839 66045 WARNING tempest.lib.common.rest_client [-] Deprecated: "tenant_id" property is deprecated for removal, use "project_id" instead
2025-11-12 13:55:59.888 66043 INFO tempest.lib.common.rest_client [req-85758621-61eb-4705-b678-45e5d9e2d73c req-85758621-61eb-4705-b678-45e5d9e2d73c ] Request (HypervisorAdminV253TestBase:tearDownClass): 204 DELETE http://10.180.1.21/networking/v2.0/security-groups/1d14a3bd-f3ef-4c05-bebd-709246a88e87 0.325s
2025-11-12 13:55:59.991 66043 INFO tempest.lib.common.rest_client [req-44c16d53-ca13-47ca-b488-1bfca5ac6c12 req-44c16d53-ca13-47ca-b488-1bfca5ac6c12 ] Request (HypervisorAdminV253TestBase:tearDownClass): 204 DELETE http://10.180.1.21/identity/v3/projects/fe44cd804f0e4a1faaf0447a4534ac81 0.101s
2025-11-12 13:55:59.991 66043 INFO tempest.lib.common.dynamic_creds [-] Deleting project and security group for project: 2f45ab060b8e40db8ed904df4fc924ef
2025-11-12 13:56:00.301 66025 INFO tempest.lib.common.rest_client [req-92f8925d-6b15-40e0-b013-71dd6684b1f7 req-92f8925d-6b15-40e0-b013-71dd6684b1f7 ] Request (ServersV294TestFqdnHostnames:setUpClass): 201 POST http://10.180.1.21/networking/v2.0/routers 0.997s
2025-11-12 13:56:00.321 66031 INFO tempest.lib.common.rest_client [req-761b4943-7c18-4a22-806a-a9781ad1ad20 req-761b4943-7c18-4a22-806a-a9781ad1ad20 ] Request (HypervisorAdminUnderV252Test:tearDownClass): 200 GET http://10.180.1.21/networking/v2.0/security-groups?tenant_id=c08d2bbe220944c48174e8ae5f79d32d&name=default 0.608s
2025-11-12 13:56:00.337 66079 INFO tempest.lib.common.rest_client [req-54976f64-b352-4c55-81f8-10bd22b51adc req-54976f64-b352-4c55-81f8-10bd22b51adc ] Request (VolumesAssistedSnapshotsTest:test_volume_assisted_snapshot_create_delete): 202 POST http://10.180.1.21/volume/v3/volumes 0.547s
2025-11-12 13:56:00.393 66023 INFO tempest.lib.common.rest_client [req-d37dc1cf-7137-4dbe-a556-e464f6352558 req-d37dc1cf-7137-4dbe-a556-e464f6352558 ] Request (AZAdminV2TestJSON:tearDownClass): 204 DELETE http://10.180.1.21/networking/v2.0/security-groups/ae10ff2c-7818-4041-97bf-f81c39ca63e4 0.622s
2025-11-12 13:56:00.502 66023 INFO tempest.lib.common.rest_client [req-1f25096e-7a81-42fd-b4be-350eb62bb641 req-1f25096e-7a81-42fd-b4be-350eb62bb641 ] Request (AZAdminV2TestJSON:tearDownClass): 204 DELETE http://10.180.1.21/identity/v3/projects/7d4d4e41547f4966885a976c86b7b4b3 0.109s
2025-11-12 13:56:00.504 66043 INFO tempest.lib.common.rest_client [req-0c7d7aec-fb0f-4f0e-b6fe-90aa1b32b73f req-0c7d7aec-fb0f-4f0e-b6fe-90aa1b32b73f ] Request (HypervisorAdminV253TestBase:tearDownClass): 200 GET http://10.180.1.21/networking/v2.0/security-groups?tenant_id=2f45ab060b8e40db8ed904df4fc924ef&name=default 0.512s
2025-11-12 13:56:00.509 66083 INFO tempest.lib.common.rest_client [req-21e88379-1dbf-46c1-9756-483eda77e9e8 req-21e88379-1dbf-46c1-9756-483eda77e9e8 ] Request (ServersTestBootFromVolume:setUpClass): 200 GET http://10.180.1.21/volume/v3/volumes/ad446650-0373-48bf-8a41-6b7f842c32d2 0.043s
2025-11-12 13:56:00.544 66079 INFO tempest.lib.common.rest_client [req-39ff0fd4-4de8-4cdb-b1ec-1472059cf726 req-39ff0fd4-4de8-4cdb-b1ec-1472059cf726 ] Request (VolumesAssistedSnapshotsTest:test_volume_assisted_snapshot_create_delete): 200 GET http://10.180.1.21/volume/v3/volumes/0157170e-c534-4611-ac5a-14c1863af863 0.199s
2025-11-12 13:56:00.557 66053 INFO tempest.lib.common.rest_client [req-ac7625e3-9fd1-48fa-95ee-f7b7c2027aca req-ac7625e3-9fd1-48fa-95ee-f7b7c2027aca ] Request (SecurityGroupsTestAdminJSON:test_list_security_groups_list_all_tenants_filter): 200 POST http://10.180.1.21/compute/v2.1/os-security-groups 3.245s
2025-11-12 13:56:00.602 66023 INFO tempest.lib.common.rest_client [req-c64d5bcc-a774-4cf4-9a37-d869d51c3a79 req-c64d5bcc-a774-4cf4-9a37-d869d51c3a79 ] Request (HypervisorAdminTestJSON:setUpClass): 201 POST http://10.180.1.21/identity/v3/auth/tokens 0.095s
2025-11-12 13:56:00.688 66023 INFO tempest.lib.common.rest_client [req-72164f9f-5f58-4358-8e22-1c4ed1fc9dbd req-72164f9f-5f58-4358-8e22-1c4ed1fc9dbd ] Request (HypervisorAdminTestJSON:setUpClass): 201 POST http://10.180.1.21/identity/v3/auth/tokens 0.084s
2025-11-12 13:56:00.707 66049 INFO tempest.lib.common.rest_client [req-eb770a6f-d3dc-4a1c-b9ca-51f9ff3a4aa7 req-eb770a6f-d3dc-4a1c-b9ca-51f9ff3a4aa7 ] Request (FlavorsAccessTestJSON:test_flavor_access_add_remove): 200 GET http://10.180.1.21/compute/v2.1/flavors/detail 3.235s
2025-11-12 13:56:00.729 66023 INFO tempest.lib.common.rest_client [req-be3aaa18-ea44-4a1d-9a25-5e91c8d34ef9 req-be3aaa18-ea44-4a1d-9a25-5e91c8d34ef9 ] Request (HypervisorAdminTestJSON:setUpClass): 200 GET http://10.180.1.21/identity/v3/domains?name=Default 0.039s
2025-11-12 13:56:00.830 66041 INFO tempest.lib.common.rest_client [req-22ccadda-49a8-47b8-be97-e3a119685997 req-22ccadda-49a8-47b8-be97-e3a119685997 ] Request (ServersWithSpecificFlavorTestJSON:test_verify_created_server_ephemeral_disk): 200 POST http://10.180.1.21/compute/v2.1/flavors 2.990s
2025-11-12 13:56:00.842 66023 INFO tempest.lib.common.rest_client [req-0316103d-a9d2-418d-b753-92774d47e5b2 req-0316103d-a9d2-418d-b753-92774d47e5b2 ] Request (HypervisorAdminTestJSON:setUpClass): 201 POST http://10.180.1.21/identity/v3/projects 0.112s
2025-11-12 13:56:00.854 66081 INFO tempest.lib.common.rest_client [req-99b0413b-e39e-456e-a68f-b629acfe55ef req-99b0413b-e39e-456e-a68f-b629acfe55ef ] Request (FlavorMetadataValidation:_run_cleanups): 202 DELETE http://10.180.1.21/compute/v2.1/flavors/131326534 2.898s
2025-11-12 13:56:00.922 66023 INFO tempest.lib.common.rest_client [req-c6733c1b-4c51-42ca-ae7d-3d37698d2539 req-c6733c1b-4c51-42ca-ae7d-3d37698d2539 ] Request (HypervisorAdminTestJSON:setUpClass): 201 POST http://10.180.1.21/identity/v3/users 0.079s
2025-11-12 13:56:01.012 66023 INFO tempest.lib.common.rest_client [req-0f13523c-5af6-435d-9426-43516632e1fd req-0f13523c-5af6-435d-9426-43516632e1fd ] Request (HypervisorAdminTestJSON:setUpClass): 200 GET http://10.180.1.21/identity/v3/roles 0.089s
2025-11-12 13:56:01.052 66023 INFO tempest.lib.common.rest_client [req-122a542a-9199-4451-8d0f-5715f0f6a720 req-122a542a-9199-4451-8d0f-5715f0f6a720 ] Request (HypervisorAdminTestJSON:setUpClass): 204 PUT http://10.180.1.21/identity/v3/projects/bd555726819c416bb2532cb31868b22d/users/176b2f3dd3f44a9ea0a05a9ac5c4bad9/roles/6f23974f78f041a2a0eac2f9e83080cd 0.040s
2025-11-12 13:56:01.052 66023 INFO tempest.lib.common.dynamic_creds [-] Dynamic test user 176b2f3dd3f44a9ea0a05a9ac5c4bad9 is created with scope project and roles: ['member']
2025-11-12 13:56:01.052 66023 INFO tempest.lib.common.dynamic_creds [-] Acquired dynamic creds: credentials: Credentials: {'domain_id': 'default', 'domain_name': 'Default', 'username': 'tempest-HypervisorAdminTestJSON-1583042193-project-member', 'project_domain_id': 'default', 'project_domain_name': 'Default', 'project_id': 'bd555726819c416bb2532cb31868b22d', 'project_name': 'tempest-HypervisorAdminTestJSON-1583042193', 'tenant_id': 'bd555726819c416bb2532cb31868b22d', 'tenant_name': 'tempest-HypervisorAdminTestJSON-1583042193', 'user_domain_id': 'default', 'user_domain_name': 'Default', 'user_id': '176b2f3dd3f44a9ea0a05a9ac5c4bad9', 'system': None}, Network: None, Subnet: None, Router: None
2025-11-12 13:56:01.053 66023 INFO tempest.lib.common.dynamic_creds [-] Created isolated network resources for: credentials: Credentials: {'domain_id': 'default', 'domain_name': 'Default', 'username': 'tempest-HypervisorAdminTestJSON-1583042193-project-member', 'project_domain_id': 'default', 'project_domain_name': 'Default', 'project_id': 'bd555726819c416bb2532cb31868b22d', 'project_name': 'tempest-HypervisorAdminTestJSON-1583042193', 'tenant_id': 'bd555726819c416bb2532cb31868b22d', 'tenant_name': 'tempest-HypervisorAdminTestJSON-1583042193', 'user_domain_id': 'default', 'user_domain_name': 'Default', 'user_id': '176b2f3dd3f44a9ea0a05a9ac5c4bad9', 'system': None}, Network: None, Subnet: None, Router: None
2025-11-12 13:56:01.140 66031 INFO tempest.lib.common.rest_client [req-836d32cb-f0d5-4dc9-8f5d-303077cb4143 req-836d32cb-f0d5-4dc9-8f5d-303077cb4143 ] Request (HypervisorAdminUnderV252Test:tearDownClass): 204 DELETE http://10.180.1.21/networking/v2.0/security-groups/cbff8ecc-602e-4d81-b678-bc0995bed7a0 0.818s
2025-11-12 13:56:01.168 66023 INFO tempest.lib.common.rest_client [req-3a7a3dce-99fa-4d9a-ac3a-56bd6f70cdbb req-3a7a3dce-99fa-4d9a-ac3a-56bd6f70cdbb ] Request (HypervisorAdminTestJSON:setUpClass): 201 POST http://10.180.1.21/identity/v3/auth/tokens 0.110s
2025-11-12 13:56:01.254 66031 INFO tempest.lib.common.rest_client [req-1f4c7be5-09a4-44c8-a7f2-f29112b69ea0 req-1f4c7be5-09a4-44c8-a7f2-f29112b69ea0 ] Request (HypervisorAdminUnderV252Test:tearDownClass): 204 DELETE http://10.180.1.21/identity/v3/projects/c08d2bbe220944c48174e8ae5f79d32d 0.113s
2025-11-12 13:56:01.254 66031 INFO tempest.lib.common.dynamic_creds [-] Deleting project and security group for project: 14e3bd9998cb4a98ac0dde33075e6e46
2025-11-12 13:56:01.287 66043 INFO tempest.lib.common.rest_client [req-b1cbb5d7-5f1d-4cbc-8c23-f908d1ff25ac req-b1cbb5d7-5f1d-4cbc-8c23-f908d1ff25ac ] Request (HypervisorAdminV253TestBase:tearDownClass): 204 DELETE http://10.180.1.21/networking/v2.0/security-groups/7eae86d8-27af-4dec-8c82-86317966c070 0.782s
2025-11-12 13:56:01.300 66023 INFO tempest.lib.common.rest_client [req-d6627554-4f52-4caf-b8d9-65d4f95046af req-d6627554-4f52-4caf-b8d9-65d4f95046af ] Request (HypervisorAdminTestJSON:setUpClass): 201 POST http://10.180.1.21/identity/v3/projects 0.131s
2025-11-12 13:56:01.405 66043 INFO tempest.lib.common.rest_client [req-d9a589dc-f1ba-4bb6-83b7-72f90da044fe req-d9a589dc-f1ba-4bb6-83b7-72f90da044fe ] Request (HypervisorAdminV253TestBase:tearDownClass): 204 DELETE http://10.180.1.21/identity/v3/projects/2f45ab060b8e40db8ed904df4fc924ef 0.118s
2025-11-12 13:56:01.412 66031 INFO tempest.lib.common.rest_client [req-d25160bb-5e95-4a49-85e1-3e3cbe83ac0f req-d25160bb-5e95-4a49-85e1-3e3cbe83ac0f ] Request (HypervisorAdminUnderV252Test:tearDownClass): 200 GET http://10.180.1.21/networking/v2.0/security-groups?tenant_id=14e3bd9998cb4a98ac0dde33075e6e46&name=default 0.157s
2025-11-12 13:56:01.446 66023 INFO tempest.lib.common.rest_client [req-22dfa42a-5b9e-46af-935d-68f12fd9af67 req-22dfa42a-5b9e-46af-935d-68f12fd9af67 ] Request (HypervisorAdminTestJSON:setUpClass): 201 POST http://10.180.1.21/identity/v3/users 0.145s
2025-11-12 13:56:01.510 66043 INFO tempest.lib.common.rest_client [req-b920cee6-19b2-42f5-bc63-2657df178f59 req-b920cee6-19b2-42f5-bc63-2657df178f59 ] Request (ServerDiagnosticsV248Test:setUpClass): 201 POST http://10.180.1.21/identity/v3/auth/tokens 0.103s
2025-11-12 13:56:01.543 66023 INFO tempest.lib.common.rest_client [req-edba380e-332c-4fe1-9107-e61baca5cdba req-edba380e-332c-4fe1-9107-e61baca5cdba ] Request (HypervisorAdminTestJSON:setUpClass): 200 GET http://10.180.1.21/identity/v3/roles 0.096s
2025-11-12 13:56:01.558 66083 INFO tempest.lib.common.rest_client [req-cc53dfb6-b1fe-4c45-b054-34eacb4be84f req-cc53dfb6-b1fe-4c45-b054-34eacb4be84f ] Request (ServersTestBootFromVolume:setUpClass): 200 GET http://10.180.1.21/volume/v3/volumes/ad446650-0373-48bf-8a41-6b7f842c32d2 0.042s
2025-11-12 13:56:01.565 66051 INFO tempest.lib.common.rest_client [req-169ec9d2-45e0-49c3-bbb7-8b259c42ef72 req-169ec9d2-45e0-49c3-bbb7-8b259c42ef72 ] Request (MigrationsAdminTest:test_list_migrations_in_flavor_resize_situation): 202 POST http://10.180.1.21/compute/v2.1/servers 4.871s
2025-11-12 13:56:01.572 66060 INFO tempest.lib.common.rest_client [req-4c409b35-b3d3-4699-b19d-353bebc15765 req-4c409b35-b3d3-4699-b19d-353bebc15765 ] Request (HostsAdminNegativeTestJSON:test_reboot_host_with_non_admin_user): 403 GET http://10.180.1.21/compute/v2.1/os-hosts/devstack/reboot 3.502s
2025-11-12 13:56:01.584 66079 INFO tempest.lib.common.rest_client [req-3f0bc90a-7e9f-4935-890f-3fe6bf23581b req-3f0bc90a-7e9f-4935-890f-3fe6bf23581b ] Request (VolumesAssistedSnapshotsTest:test_volume_assisted_snapshot_create_delete): 200 GET http://10.180.1.21/volume/v3/volumes/0157170e-c534-4611-ac5a-14c1863af863 0.031s
2025-11-12 13:56:01.591 66079 INFO tempest.common.waiters [-] volume 0157170e-c534-4611-ac5a-14c1863af863 reached available after waiting for 1.591941 seconds
2025-11-12 13:56:01.644 66025 INFO tempest.lib.common.rest_client [req-d91aef26-873d-4539-9c50-1364c1ec0553 req-d91aef26-873d-4539-9c50-1364c1ec0553 ] Request (ServersV294TestFqdnHostnames:setUpClass): 200 PUT http://10.180.1.21/networking/v2.0/routers/7060c668-ffda-4d39-a120-90349e6b2d50/add_router_interface 1.342s
2025-11-12 13:56:01.645 66025 INFO tempest.lib.common.dynamic_creds [-] Created isolated network resources for: credentials: Credentials: {'domain_id': 'default', 'domain_name': 'Default', 'username': 'tempest-ServersV294TestFqdnHostnames-1538117571-project-member', 'project_domain_id': 'default', 'project_domain_name': 'Default', 'project_id': '9b1f25eec56a47829d1a4edbb391e0d0', 'project_name': 'tempest-ServersV294TestFqdnHostnames-1538117571', 'tenant_id': '9b1f25eec56a47829d1a4edbb391e0d0', 'tenant_name': 'tempest-ServersV294TestFqdnHostnames-1538117571', 'user_domain_id': 'default', 'user_domain_name': 'Default', 'user_id': '37ee090093164bcca2db0979003e9e48', 'system': None}, Network: {'id': 'bae65da5-71f2-414a-828c-6ea4403e39d5', 'name': 'tempest-ServersV294TestFqdnHostnames-34097329-network', 'tenant_id': '9b1f25eec56a47829d1a4edbb391e0d0', 'project_id': '9b1f25eec56a47829d1a4edbb391e0d0', 'admin_state_up': True, 'mtu': 8950, 'status': 'ACTIVE', 'subnets': [], 'shared': False, 'port_security_enabled': True, 'router:external': False, 'provider:network_type': 'vlan', 'provider:physical_network': 'default', 'provider:segmentation_id': 882, 'availability_zone_hints': [], 'availability_zones': [], 'ipv4_address_scope': None, 'ipv6_address_scope': None, 'description': '', 'tags': [], 'created_at': '2025-11-12T13:55:58Z', 'updated_at': '2025-11-12T13:55:58Z', 'revision_number': 1}, Subnet: {'id': '993f30f2-f585-4ef0-a114-3fb41b0d672e', 'name': 'tempest-ServersV294TestFqdnHostnames-34097329-subnet', 'tenant_id': '9b1f25eec56a47829d1a4edbb391e0d0', 'network_id': 'bae65da5-71f2-414a-828c-6ea4403e39d5', 'ip_version': 4, 'subnetpool_id': None, 'enable_dhcp': True, 'ipv6_ra_mode': None, 'ipv6_address_mode': None, 'gateway_ip': '192.168.128.1', 'cidr': '192.168.128.0/28', 'allocation_pools': [{'start': '192.168.128.2', 'end': '192.168.128.14'}], 'host_routes': [], 'dns_nameservers': [], 'description': '', 'router:external': False, 'service_types': [], 'tags': [], 'created_at': '2025-11-12T13:55:59Z', 'updated_at': '2025-11-12T13:55:59Z', 'revision_number': 0, 'project_id': '9b1f25eec56a47829d1a4edbb391e0d0'}, Router: {'id': '7060c668-ffda-4d39-a120-90349e6b2d50', 'name': 'tempest-ServersV294TestFqdnHostnames-34097329-router', 'tenant_id': '9b1f25eec56a47829d1a4edbb391e0d0', 'admin_state_up': True, 'status': 'ACTIVE', 'external_gateway_info': {'network_id': 'bc1e209c-325a-4451-8408-991a2af0e7f1', 'external_fixed_ips': [{'subnet_id': 'f7ecfb66-3205-4395-8323-3fbad44fb13b', 'ip_address': '10.180.180.234'}], 'enable_snat': True}, 'description': '', 'availability_zones': [], 'distributed': False, 'ha': False, 'availability_zone_hints': [], 'routes': [], 'flavor_id': None, 'tags': [], 'created_at': '2025-11-12T13:55:59Z', 'updated_at': '2025-11-12T13:55:59Z', 'revision_number': 2, 'project_id': '9b1f25eec56a47829d1a4edbb391e0d0'}
2025-11-12 13:56:01.666 66043 INFO tempest.lib.common.rest_client [req-64400bed-c3f2-44eb-9db0-d43e73507c96 req-64400bed-c3f2-44eb-9db0-d43e73507c96 ] Request (ServerDiagnosticsV248Test:setUpClass): 201 POST http://10.180.1.21/identity/v3/auth/tokens 0.150s
2025-11-12 13:56:01.696 66023 INFO tempest.lib.common.rest_client [req-385ecb52-7b72-44e5-9e25-056ffad3568c req-385ecb52-7b72-44e5-9e25-056ffad3568c ] Request (HypervisorAdminTestJSON:setUpClass): 204 PUT http://10.180.1.21/identity/v3/projects/47c4a1c14f5c4ebeaf35452b3677b755/users/d778e38a7cbf498db7cdb35a8ac206c3/roles/10ba4d49603e4e8a95cb2a60720a45d5 0.153s
2025-11-12 13:56:01.697 66067 INFO tempest.lib.common.rest_client [req-39e5cf06-8e08-42fd-9f72-b4b377e4389d req-39e5cf06-8e08-42fd-9f72-b4b377e4389d ] Request (ListImageFiltersTestJSON:setUpClass): 204 PUT http://10.180.1.21/image/v2/images/6dd296b3-2875-4ef8-9010-0356fe6d1c95/file 1.111s
2025-11-12 13:56:01.761 66031 INFO tempest.lib.common.rest_client [req-5346628e-973e-4d81-970e-f57a7674f42f req-5346628e-973e-4d81-970e-f57a7674f42f ] Request (HypervisorAdminUnderV252Test:tearDownClass): 204 DELETE http://10.180.1.21/networking/v2.0/security-groups/f5f9d6ad-d203-4ef3-a71d-68f5c1d6279e 0.349s
2025-11-12 13:56:01.770 66043 INFO tempest.lib.common.rest_client [req-f7f9b4c9-b0cc-403a-acae-2d46b7b4746a req-f7f9b4c9-b0cc-403a-acae-2d46b7b4746a ] Request (ServerDiagnosticsV248Test:setUpClass): 200 GET http://10.180.1.21/identity/v3/domains?name=Default 0.103s
2025-11-12 13:56:01.773 66025 INFO tempest.lib.common.rest_client [req-6e836817-672e-44d3-b307-5de7b4c0dc78 req-6e836817-672e-44d3-b307-5de7b4c0dc78 ] Request (ServersV294TestFqdnHostnames:setUpClass): 201 POST http://10.180.1.21/identity/v3/auth/tokens 0.123s
2025-11-12 13:56:01.819 66023 INFO tempest.lib.common.rest_client [req-ea82cebb-89b6-4f8a-b948-a5d017f6001c req-ea82cebb-89b6-4f8a-b948-a5d017f6001c ] Request (HypervisorAdminTestJSON:setUpClass): 200 GET http://10.180.1.21/identity/v3/roles 0.121s
2025-11-12 13:56:01.857 66043 INFO tempest.lib.common.rest_client [req-efa33729-f56c-4042-a1f7-a36718db6e8e req-efa33729-f56c-4042-a1f7-a36718db6e8e ] Request (ServerDiagnosticsV248Test:setUpClass): 201 POST http://10.180.1.21/identity/v3/projects 0.086s
2025-11-12 13:56:01.900 66031 INFO tempest.lib.common.rest_client [req-b4160aed-163b-4d9c-83d1-08d520cee21d req-b4160aed-163b-4d9c-83d1-08d520cee21d ] Request (HypervisorAdminUnderV252Test:tearDownClass): 204 DELETE http://10.180.1.21/identity/v3/projects/14e3bd9998cb4a98ac0dde33075e6e46 0.139s
2025-11-12 13:56:01.932 66023 INFO tempest.lib.common.rest_client [req-abebff2a-3cd1-4c2d-b0fa-9b7863e1e164 req-abebff2a-3cd1-4c2d-b0fa-9b7863e1e164 ] Request (HypervisorAdminTestJSON:setUpClass): 204 PUT http://10.180.1.21/identity/v3/projects/47c4a1c14f5c4ebeaf35452b3677b755/users/d778e38a7cbf498db7cdb35a8ac206c3/roles/10ba4d49603e4e8a95cb2a60720a45d5 0.113s
2025-11-12 13:56:01.933 66023 INFO tempest.lib.common.dynamic_creds [-] Dynamic test user d778e38a7cbf498db7cdb35a8ac206c3 is created with scope project and roles: ['admin']
2025-11-12 13:56:01.933 66023 INFO tempest.lib.common.dynamic_creds [-] Acquired dynamic creds: credentials: Credentials: {'domain_id': 'default', 'domain_name': 'Default', 'username': 'tempest-HypervisorAdminTestJSON-1741035906-project-admin', 'project_domain_id': 'default', 'project_domain_name': 'Default', 'project_id': '47c4a1c14f5c4ebeaf35452b3677b755', 'project_name': 'tempest-HypervisorAdminTestJSON-1741035906', 'tenant_id': '47c4a1c14f5c4ebeaf35452b3677b755', 'tenant_name': 'tempest-HypervisorAdminTestJSON-1741035906', 'user_domain_id': 'default', 'user_domain_name': 'Default', 'user_id': 'd778e38a7cbf498db7cdb35a8ac206c3', 'system': None}, Network: None, Subnet: None, Router: None
2025-11-12 13:56:01.933 66023 INFO tempest.lib.common.dynamic_creds [-] Created isolated network resources for: credentials: Credentials: {'domain_id': 'default', 'domain_name': 'Default', 'username': 'tempest-HypervisorAdminTestJSON-1741035906-project-admin', 'project_domain_id': 'default', 'project_domain_name': 'Default', 'project_id': '47c4a1c14f5c4ebeaf35452b3677b755', 'project_name': 'tempest-HypervisorAdminTestJSON-1741035906', 'tenant_id': '47c4a1c14f5c4ebeaf35452b3677b755', 'tenant_name': 'tempest-HypervisorAdminTestJSON-1741035906', 'user_domain_id': 'default', 'user_domain_name': 'Default', 'user_id': 'd778e38a7cbf498db7cdb35a8ac206c3', 'system': None}, Network: None, Subnet: None, Router: None
2025-11-12 13:56:02.031 66031 INFO tempest.lib.common.rest_client [req-ce9bb8bb-9f0b-4237-84d7-ad1c92206a76 req-ce9bb8bb-9f0b-4237-84d7-ad1c92206a76 ] Request (HypervisorAdminNegativeTestJSON:setUpClass): 201 POST http://10.180.1.21/identity/v3/auth/tokens 0.128s
2025-11-12 13:56:02.062 66069 INFO tempest.lib.common.rest_client [req-42457b36-355e-4a3e-8d42-f6179d2953b2 req-42457b36-355e-4a3e-8d42-f6179d2953b2 ] Request (QuotasAdminNegativeTest:test_create_server_when_cpu_quota_is_full): 403 POST http://10.180.1.21/compute/v2.1/servers 4.105s
2025-11-12 13:56:02.149 66027 INFO tempest.lib.common.rest_client [req-84bce268-8ffe-4824-8509-b450a238687b req-84bce268-8ffe-4824-8509-b450a238687b ] Request (ImagesTestJSON:test_create_image_from_stopped_server): 200 GET http://10.180.1.21/compute/v2.1/servers/134e2494-5666-47f0-bc51-f5f9476b2de2 3.880s
2025-11-12 13:56:02.151 66043 INFO tempest.lib.common.rest_client [req-d3bfd00a-9731-49a5-9f6e-03f9f6de93a8 req-d3bfd00a-9731-49a5-9f6e-03f9f6de93a8 ] Request (ServerDiagnosticsV248Test:setUpClass): 201 POST http://10.180.1.21/identity/v3/users 0.294s
2025-11-12 13:56:02.158 66027 INFO tempest.common.waiters [-] State transition "BUILD/None" ==> "BUILD/spawning" after 5 second wait
2025-11-12 13:56:02.177 66031 INFO tempest.lib.common.rest_client [req-22212753-9e25-4145-b36e-9ba413cd0dc5 req-22212753-9e25-4145-b36e-9ba413cd0dc5 ] Request (HypervisorAdminNegativeTestJSON:setUpClass): 201 POST http://10.180.1.21/identity/v3/auth/tokens 0.143s
2025-11-12 13:56:02.186 66057 INFO tempest.lib.common.rest_client [req-71978812-3d9e-4657-9e09-e7f4e0390c98 req-71978812-3d9e-4657-9e09-e7f4e0390c98 ] Request (ServicesAdminNegativeTestJSON:test_get_service_by_invalid_service_and_valid_host): 200 GET http://10.180.1.21/compute/v2.1/os-services?host=devstack&binary=xxx 3.456s
2025-11-12 13:56:02.197 66023 INFO tempest.lib.common.rest_client [req-4f3c00d9-27e6-428b-8f32-6d3646dab017 req-4f3c00d9-27e6-428b-8f32-6d3646dab017 ] Request (HypervisorAdminTestJSON:setUpClass): 201 POST http://10.180.1.21/identity/v3/auth/tokens 0.258s
2025-11-12 13:56:02.197 66043 INFO tempest.lib.common.rest_client [req-b7ac5de3-fdb8-4e81-8517-7b608fd5fe4c req-b7ac5de3-fdb8-4e81-8517-7b608fd5fe4c ] Request (ServerDiagnosticsV248Test:setUpClass): 200 GET http://10.180.1.21/identity/v3/roles 0.045s
2025-11-12 13:56:02.228 66031 INFO tempest.lib.common.rest_client [req-e0168da9-6176-443d-8e10-d59ed8f13be3 req-e0168da9-6176-443d-8e10-d59ed8f13be3 ] Request (HypervisorAdminNegativeTestJSON:setUpClass): 200 GET http://10.180.1.21/identity/v3/domains?name=Default 0.050s
2025-11-12 13:56:02.229 66043 INFO tempest.lib.common.rest_client [req-17d19e0b-5c89-4f5b-ba3d-e6375783b171 req-17d19e0b-5c89-4f5b-ba3d-e6375783b171 ] Request (ServerDiagnosticsV248Test:setUpClass): 204 PUT http://10.180.1.21/identity/v3/projects/c0ef507a155141c897fdd5e37e04141b/users/595eaef607f8457f912e6193b3a21308/roles/6f23974f78f041a2a0eac2f9e83080cd 0.029s
2025-11-12 13:56:02.229 66043 INFO tempest.lib.common.dynamic_creds [-] Dynamic test user 595eaef607f8457f912e6193b3a21308 is created with scope project and roles: ['member']
2025-11-12 13:56:02.230 66043 INFO tempest.lib.common.dynamic_creds [-] Acquired dynamic creds: credentials: Credentials: {'domain_id': 'default', 'domain_name': 'Default', 'username': 'tempest-ServerDiagnosticsV248Test-1120447505-project-member', 'project_domain_id': 'default', 'project_domain_name': 'Default', 'project_id': 'c0ef507a155141c897fdd5e37e04141b', 'project_name': 'tempest-ServerDiagnosticsV248Test-1120447505', 'tenant_id': 'c0ef507a155141c897fdd5e37e04141b', 'tenant_name': 'tempest-ServerDiagnosticsV248Test-1120447505', 'user_domain_id': 'default', 'user_domain_name': 'Default', 'user_id': '595eaef607f8457f912e6193b3a21308', 'system': None}, Network: None, Subnet: None, Router: None
2025-11-12 13:56:02.230 66043 INFO tempest.lib.common.dynamic_creds [-] Created isolated network resources for: credentials: Credentials: {'domain_id': 'default', 'domain_name': 'Default', 'username': 'tempest-ServerDiagnosticsV248Test-1120447505-project-member', 'project_domain_id': 'default', 'project_domain_name': 'Default', 'project_id': 'c0ef507a155141c897fdd5e37e04141b', 'project_name': 'tempest-ServerDiagnosticsV248Test-1120447505', 'tenant_id': 'c0ef507a155141c897fdd5e37e04141b', 'tenant_name': 'tempest-ServerDiagnosticsV248Test-1120447505', 'user_domain_id': 'default', 'user_domain_name': 'Default', 'user_id': '595eaef607f8457f912e6193b3a21308', 'system': None}, Network: None, Subnet: None, Router: None
2025-11-12 13:56:02.233 66075 INFO tempest.lib.common.rest_client [req-7ee41f8f-66cf-4a14-b967-4aad13b58e5a req-7ee41f8f-66cf-4a14-b967-4aad13b58e5a ] Request (KeyPairsV210TestJSON:test_admin_manage_keypairs_for_other_users): 201 POST http://10.180.1.21/compute/v2.1/os-keypairs 3.474s
2025-11-12 13:56:02.265 66063 INFO tempest.lib.common.rest_client [req-0e031c7d-df3b-426f-89c5-5f0e74baa4b6 req-0e031c7d-df3b-426f-89c5-5f0e74baa4b6 ] Request (FlavorsExtraSpecsTestJSON:test_flavor_non_admin_get_specific_key): 200 POST http://10.180.1.21/compute/v2.1/flavors/223640195/os-extra_specs 3.039s
