2025-11-12 13:57:55.514 66029 INFO tempest.lib.common.dynamic_creds [-] Created isolated network resources for: credentials: Credentials: {'domain_id': 'default', 'domain_name': 'Default', 'username': 'tempest-ServersListShow298Test-883921507-project-member', 'project_domain_id': 'default', 'project_domain_name': 'Default', 'project_id': 'c2863366121a4e99a1ccede261dec88d', 'project_name': 'tempest-ServersListShow298Test-883921507', 'tenant_id': 'c2863366121a4e99a1ccede261dec88d', 'tenant_name': 'tempest-ServersListShow298Test-883921507', 'user_domain_id': 'default', 'user_domain_name': 'Default', 'user_id': '07ef136d9cb34e8ea88438055ea2d730', 'system': None}, Network: None, Subnet: None, Router: None
2025-11-12 13:57:55.597 66023 INFO tempest.lib.common.rest_client [req-804b75ab-b898-46d0-b9a1-fe5abf6009cf req-804b75ab-b898-46d0-b9a1-fe5abf6009cf ] Request (ServerTagsTestJSON:test_create_delete_tag): 201 PUT http://10.180.1.21/compute/v2.1/servers/4802ce11-da1c-4050-91f1-638c9b7211b3/tags/tempest-tag-1271958915 1.351s
2025-11-12 13:57:55.609 66029 INFO tempest.lib.common.rest_client [req-f6b109cd-2236-4997-b0df-132a774cc090 req-f6b109cd-2236-4997-b0df-132a774cc090 ] Request (ServersListShow298Test:setUpClass): 201 POST http://10.180.1.21/identity/v3/auth/tokens 0.091s
2025-11-12 13:57:55.617 66051 INFO tempest.lib.common.rest_client [req-a1c27d3b-01c4-446c-b0f1-67bbfdcfe9b6 req-a1c27d3b-01c4-446c-b0f1-67bbfdcfe9b6 ] Request (MigrationsAdminTest:test_resize_server_revert_deleted_flavor): 200 GET http://10.180.1.21/compute/v2.1/flavors/42/os-extra_specs 1.208s
2025-11-12 13:57:55.644 66077 INFO tempest.lib.common.rest_client [req-d91cedff-3543-47a8-9096-1652503d9f10 req-d91cedff-3543-47a8-9096-1652503d9f10 ] Request (FlavorsAdminTestJSON:test_list_non_public_flavor): 200 GET http://10.180.1.21/compute/v2.1/flavors/detail 1.173s
2025-11-12 13:57:55.656 66029 INFO tempest.lib.common.rest_client [req-0a58ab13-9c72-4b8e-a7f8-50de07831a73 req-0a58ab13-9c72-4b8e-a7f8-50de07831a73 ] Request (ServersListShow298Test:test_list_show_update_rebuild_server_298): 201 POST http://10.180.1.21/identity/v3/auth/tokens 0.041s
2025-11-12 13:57:55.657 66029 INFO tempest.lib.common.fixed_network [-] (ServersListShow298Test:test_list_show_update_rebuild_server_298) Found network None available for tenant
2025-11-12 13:57:55.660 66061 INFO tempest.lib.common.rest_client [req-87123e45-11b6-4034-aaeb-e1382035dc2e req-87123e45-11b6-4034-aaeb-e1382035dc2e ] Request (VolumesAdminNegativeTest:tearDownClass): 204 DELETE http://10.180.1.21/networking/v2.0/networks/cda7028c-d39a-44d2-996f-7eae99b31d5e 0.432s
2025-11-12 13:57:55.725 66075 INFO tempest.lib.common.rest_client [req-70a096e8-a045-4e87-bf19-3d36bbea3dc0 req-70a096e8-a045-4e87-bf19-3d36bbea3dc0 ] Request (FloatingIPsAssociationNegativeTestJSON:tearDownClass): 200 GET http://10.180.1.21/compute/v2.1/servers/0bc01799-a9e7-405d-8f43-4da9a6fd1540 1.220s
2025-11-12 13:57:55.789 66045 INFO tempest.lib.common.rest_client [req-4384b984-b570-4e5a-af4b-ba3b9b95c2ee req-4384b984-b570-4e5a-af4b-ba3b9b95c2ee ] Request (ServersTestManualDisk:tearDownClass): 200 GET http://10.180.1.21/compute/v2.1/servers/607f1752-8198-4f09-aae1-4221df1e728e 0.961s
2025-11-12 13:57:55.797 66045 INFO tempest.common.waiters [-] State transition "ACTIVE/deleting" ==> "DELETED/None" after 4 second wait
2025-11-12 13:57:55.863 66081 INFO tempest.lib.common.rest_client [req-fb5eb894-37d0-4a0f-ae3c-356136747efd req-fb5eb894-37d0-4a0f-ae3c-356136747efd ] Request (ServerPasswordTestJSON:tearDownClass): 200 GET http://10.180.1.21/compute/v2.1/servers/6262f054-4a67-4cee-a69a-f1e52ac686d1 0.989s
2025-11-12 13:57:55.933 66040 INFO tempest.lib.common.rest_client [req-5df978ec-f650-4474-a1bd-62d8f0c7662c req-5df978ec-f650-4474-a1bd-62d8f0c7662c ] Request (ServerRescueTestJSON:setUpClass): 200 GET http://10.180.1.21/compute/v2.1/servers/4142dff1-5383-4817-b22d-9cf8030e0d5b 1.022s
2025-11-12 13:57:56.172 66047 INFO tempest.lib.common.rest_client [req-b4f2dbb5-5aa8-4c43-85a3-6f556d1150bd req-b4f2dbb5-5aa8-4c43-85a3-6f556d1150bd ] Request (NetworksTest:test_list_all_networks): 200 GET http://10.180.1.21/compute/v2.1/os-networks 1.208s
2025-11-12 13:57:56.351 66047 INFO tempest.lib.common.rest_client [req-438a1b33-bb8a-42a5-acd8-5c9f8999d83f req-438a1b33-bb8a-42a5-acd8-5c9f8999d83f ] Request (NetworksTest:tearDownClass): 204 DELETE http://10.180.1.21/identity/v3/users/a51d5f160b634555a8356384347ef128 0.177s
2025-11-12 13:57:56.474 66047 INFO tempest.lib.common.rest_client [req-45d70926-a369-4b13-a01a-6906184895b5 req-45d70926-a369-4b13-a01a-6906184895b5 ] Request (NetworksTest:tearDownClass): 204 DELETE http://10.180.1.21/identity/v3/users/3c33abd7dbb3482ab502b0ee7ea5d5bd 0.123s
2025-11-12 13:57:56.474 66047 INFO tempest.lib.common.dynamic_creds [-] Deleting project and security group for project: 7c204ec7ec8d49f29b7d6a3a8ee71150
2025-11-12 13:57:56.541 66047 INFO tempest.lib.common.rest_client [req-38640a4e-0095-47a5-843f-2c7326e86aa4 req-38640a4e-0095-47a5-843f-2c7326e86aa4 ] Request (NetworksTest:tearDownClass): 201 POST http://10.180.1.21/identity/v3/auth/tokens 0.067s
2025-11-12 13:57:56.730 66047 INFO tempest.lib.common.rest_client [req-90da0a31-e6dd-4672-b598-1f1f4e36c20b req-90da0a31-e6dd-4672-b598-1f1f4e36c20b ] Request (NetworksTest:tearDownClass): 200 GET http://10.180.1.21/networking/v2.0/security-groups?tenant_id=7c204ec7ec8d49f29b7d6a3a8ee71150&name=default 0.188s
2025-11-12 13:57:56.814 66047 INFO tempest.lib.common.rest_client [req-5fa77f66-cc53-4480-9d88-38121c6530c4 req-5fa77f66-cc53-4480-9d88-38121c6530c4 ] Request (NetworksTest:tearDownClass): 204 DELETE http://10.180.1.21/networking/v2.0/security-groups/c4f02fcf-0eb7-405a-873c-304b1cca77a4 0.083s
2025-11-12 13:57:56.892 66047 INFO tempest.lib.common.rest_client [req-89b5e9d1-8e00-42cd-b19b-9489a69c1235 req-89b5e9d1-8e00-42cd-b19b-9489a69c1235 ] Request (NetworksTest:tearDownClass): 204 DELETE http://10.180.1.21/identity/v3/projects/7c204ec7ec8d49f29b7d6a3a8ee71150 0.078s
2025-11-12 13:57:56.893 66047 INFO tempest.lib.common.dynamic_creds [-] Deleting project and security group for project: 2ad946b4674840508dafbf8a8314eab5
2025-11-12 13:57:56.894 66031 WARNING tempest.lib.common.ssh [-] Failed to establish authenticated ssh connection to cirros@10.180.180.236 ([Errno None] Unable to connect to port 22 on 10.180.180.236). Number attempts: 2. Retry after 3 seconds.: paramiko.ssh_exception.NoValidConnectionsError: [Errno None] Unable to connect to port 22 on 10.180.180.236
2025-11-12 13:57:56.981 66061 INFO tempest.lib.common.rest_client [req-b25f6162-17c0-4d9f-96e8-2d9dc65bba5a req-b25f6162-17c0-4d9f-96e8-2d9dc65bba5a ] Request (VolumesAdminNegativeTest:tearDownClass): 200 PUT http://10.180.1.21/networking/v2.0/routers/e99f11e1-4e23-4f1d-8ab1-25928b936bc8/remove_router_interface 1.321s
2025-11-12 13:57:57.022 66083 WARNING tempest.lib.common.ssh [-] Failed to establish authenticated ssh connection to cirros@10.180.180.247 ([Errno None] Unable to connect to port 22 on 10.180.180.247). Number attempts: 8. Retry after 9 seconds.: paramiko.ssh_exception.NoValidConnectionsError: [Errno None] Unable to connect to port 22 on 10.180.180.247
2025-11-12 13:57:57.036 66047 INFO tempest.lib.common.rest_client [req-f201245f-728c-4469-839a-d55ad8cd3cc4 req-f201245f-728c-4469-839a-d55ad8cd3cc4 ] Request (NetworksTest:tearDownClass): 200 GET http://10.180.1.21/networking/v2.0/security-groups?tenant_id=2ad946b4674840508dafbf8a8314eab5&name=default 0.143s
2025-11-12 13:57:57.177 66047 INFO tempest.lib.common.rest_client [req-8072e37f-82ee-4bda-8c24-9026950096c9 req-8072e37f-82ee-4bda-8c24-9026950096c9 ] Request (NetworksTest:tearDownClass): 204 DELETE http://10.180.1.21/networking/v2.0/security-groups/c434bfd3-57c1-40f3-95e6-5c01fc78ef19 0.140s
2025-11-12 13:57:57.292 66047 INFO tempest.lib.common.rest_client [req-2bfb0062-6f86-4b41-8550-8ae5349a1ba9 req-2bfb0062-6f86-4b41-8550-8ae5349a1ba9 ] Request (NetworksTest:tearDownClass): 204 DELETE http://10.180.1.21/identity/v3/projects/2ad946b4674840508dafbf8a8314eab5 0.115s
2025-11-12 13:57:57.368 66047 INFO tempest.lib.common.rest_client [req-3e47b446-b663-4823-ae4b-5872b21e1acd req-3e47b446-b663-4823-ae4b-5872b21e1acd ] Request (QuotasAdminTestJSON:setUpClass): 201 POST http://10.180.1.21/identity/v3/auth/tokens 0.074s
2025-11-12 13:57:57.402 66047 INFO tempest.lib.common.rest_client [req-76413461-0c5d-4aac-801a-5e373c18d71a req-76413461-0c5d-4aac-801a-5e373c18d71a ] Request (QuotasAdminTestJSON:setUpClass): 201 POST http://10.180.1.21/identity/v3/auth/tokens 0.030s
2025-11-12 13:57:57.427 66047 INFO tempest.lib.common.rest_client [req-11b00c04-ce2b-418a-8131-12a5fceb5d3a req-11b00c04-ce2b-418a-8131-12a5fceb5d3a ] Request (QuotasAdminTestJSON:setUpClass): 200 GET http://10.180.1.21/identity/v3/domains?name=Default 0.024s
2025-11-12 13:57:57.454 66047 INFO tempest.lib.common.rest_client [req-148ce12b-6999-422e-82a9-b1ac11afb280 req-148ce12b-6999-422e-82a9-b1ac11afb280 ] Request (QuotasAdminTestJSON:setUpClass): 201 POST http://10.180.1.21/identity/v3/projects 0.026s
2025-11-12 13:57:57.501 66061 INFO tempest.lib.common.rest_client [req-463c465e-84a9-445d-b6d0-85671ed3d7d0 req-463c465e-84a9-445d-b6d0-85671ed3d7d0 ] Request (VolumesAdminNegativeTest:tearDownClass): 204 DELETE http://10.180.1.21/networking/v2.0/routers/e99f11e1-4e23-4f1d-8ab1-25928b936bc8 0.519s
2025-11-12 13:57:57.515 66047 INFO tempest.lib.common.rest_client [req-d1e8dd7e-3555-48b4-9361-a39eeab9b2a3 req-d1e8dd7e-3555-48b4-9361-a39eeab9b2a3 ] Request (QuotasAdminTestJSON:setUpClass): 201 POST http://10.180.1.21/identity/v3/users 0.061s
2025-11-12 13:57:57.537 66047 INFO tempest.lib.common.rest_client [req-f4eda6a1-c8b8-4670-a96a-f58aa3c4374f req-f4eda6a1-c8b8-4670-a96a-f58aa3c4374f ] Request (QuotasAdminTestJSON:setUpClass): 200 GET http://10.180.1.21/identity/v3/roles 0.021s
2025-11-12 13:57:57.571 66047 INFO tempest.lib.common.rest_client [req-726aa02c-154c-44bd-a634-7c0b9986773c req-726aa02c-154c-44bd-a634-7c0b9986773c ] Request (QuotasAdminTestJSON:setUpClass): 204 PUT http://10.180.1.21/identity/v3/projects/d31e0919e7f44cef8c114eaf32874c15/users/f2ed155ac6a2409ea730e548727d44de/roles/6f23974f78f041a2a0eac2f9e83080cd 0.033s
2025-11-12 13:57:57.571 66047 INFO tempest.lib.common.dynamic_creds [-] Dynamic test user f2ed155ac6a2409ea730e548727d44de is created with scope project and roles: ['member']
2025-11-12 13:57:57.571 66047 INFO tempest.lib.common.dynamic_creds [-] Acquired dynamic creds: credentials: Credentials: {'domain_id': 'default', 'domain_name': 'Default', 'username': 'tempest-QuotasAdminTestJSON-1532939981-project-member', 'project_domain_id': 'default', 'project_domain_name': 'Default', 'project_id': 'd31e0919e7f44cef8c114eaf32874c15', 'project_name': 'tempest-QuotasAdminTestJSON-1532939981', 'tenant_id': 'd31e0919e7f44cef8c114eaf32874c15', 'tenant_name': 'tempest-QuotasAdminTestJSON-1532939981', 'user_domain_id': 'default', 'user_domain_name': 'Default', 'user_id': 'f2ed155ac6a2409ea730e548727d44de', 'system': None}, Network: None, Subnet: None, Router: None
2025-11-12 13:57:57.571 66047 INFO tempest.lib.common.dynamic_creds [-] Created isolated network resources for: credentials: Credentials: {'domain_id': 'default', 'domain_name': 'Default', 'username': 'tempest-QuotasAdminTestJSON-1532939981-project-member', 'project_domain_id': 'default', 'project_domain_name': 'Default', 'project_id': 'd31e0919e7f44cef8c114eaf32874c15', 'project_name': 'tempest-QuotasAdminTestJSON-1532939981', 'tenant_id': 'd31e0919e7f44cef8c114eaf32874c15', 'tenant_name': 'tempest-QuotasAdminTestJSON-1532939981', 'user_domain_id': 'default', 'user_domain_name': 'Default', 'user_id': 'f2ed155ac6a2409ea730e548727d44de', 'system': None}, Network: None, Subnet: None, Router: None
2025-11-12 13:57:57.626 66061 INFO tempest.lib.common.rest_client [req-fa0882dd-325e-4631-9d8f-54b193dbfb99 req-fa0882dd-325e-4631-9d8f-54b193dbfb99 ] Request (VolumesAdminNegativeTest:tearDownClass): 204 DELETE http://10.180.1.21/networking/v2.0/subnets/5ab84b7f-122d-4183-b397-3f096f97342a 0.125s
2025-11-12 13:57:57.650 66047 INFO tempest.lib.common.rest_client [req-3d6e172f-b1b0-4a60-a757-f840eb60c041 req-3d6e172f-b1b0-4a60-a757-f840eb60c041 ] Request (QuotasAdminTestJSON:setUpClass): 201 POST http://10.180.1.21/identity/v3/auth/tokens 0.075s
2025-11-12 13:57:57.719 66047 INFO tempest.lib.common.rest_client [req-0c2fc0a5-037c-40ef-bb9e-e8ee727bdfe3 req-0c2fc0a5-037c-40ef-bb9e-e8ee727bdfe3 ] Request (QuotasAdminTestJSON:setUpClass): 201 POST http://10.180.1.21/identity/v3/projects 0.068s
2025-11-12 13:57:57.796 66047 INFO tempest.lib.common.rest_client [req-6276dad7-ddb5-4de0-b7cd-f5a99b56fa67 req-6276dad7-ddb5-4de0-b7cd-f5a99b56fa67 ] Request (QuotasAdminTestJSON:setUpClass): 201 POST http://10.180.1.21/identity/v3/users 0.076s
2025-11-12 13:57:57.817 66047 INFO tempest.lib.common.rest_client [req-0024579e-116a-40fb-8ea0-403bbfe3dd0f req-0024579e-116a-40fb-8ea0-403bbfe3dd0f ] Request (QuotasAdminTestJSON:setUpClass): 200 GET http://10.180.1.21/identity/v3/roles 0.021s
2025-11-12 13:57:57.846 66047 INFO tempest.lib.common.rest_client [req-e8e9e778-6784-4278-872a-5a5f156eeb22 req-e8e9e778-6784-4278-872a-5a5f156eeb22 ] Request (QuotasAdminTestJSON:setUpClass): 204 PUT http://10.180.1.21/identity/v3/projects/f15237558c264d1bb7d141319fde60c0/users/d8bf48a587dc44948ccd5b57cacf538e/roles/10ba4d49603e4e8a95cb2a60720a45d5 0.028s
2025-11-12 13:57:57.901 66047 INFO tempest.lib.common.rest_client [req-f659166f-2203-4955-911b-21146a181a29 req-f659166f-2203-4955-911b-21146a181a29 ] Request (QuotasAdminTestJSON:setUpClass): 200 GET http://10.180.1.21/identity/v3/roles 0.055s
2025-11-12 13:57:57.923 66047 INFO tempest.lib.common.rest_client [req-1e144264-e8bd-4e98-965f-d49f855020cd req-1e144264-e8bd-4e98-965f-d49f855020cd ] Request (QuotasAdminTestJSON:setUpClass): 204 PUT http://10.180.1.21/identity/v3/projects/f15237558c264d1bb7d141319fde60c0/users/d8bf48a587dc44948ccd5b57cacf538e/roles/10ba4d49603e4e8a95cb2a60720a45d5 0.021s
2025-11-12 13:57:57.923 66047 INFO tempest.lib.common.dynamic_creds [-] Dynamic test user d8bf48a587dc44948ccd5b57cacf538e is created with scope project and roles: ['admin']
2025-11-12 13:57:57.923 66047 INFO tempest.lib.common.dynamic_creds [-] Acquired dynamic creds: credentials: Credentials: {'domain_id': 'default', 'domain_name': 'Default', 'username': 'tempest-QuotasAdminTestJSON-1381416848-project-admin', 'project_domain_id': 'default', 'project_domain_name': 'Default', 'project_id': 'f15237558c264d1bb7d141319fde60c0', 'project_name': 'tempest-QuotasAdminTestJSON-1381416848', 'tenant_id': 'f15237558c264d1bb7d141319fde60c0', 'tenant_name': 'tempest-QuotasAdminTestJSON-1381416848', 'user_domain_id': 'default', 'user_domain_name': 'Default', 'user_id': 'd8bf48a587dc44948ccd5b57cacf538e', 'system': None}, Network: None, Subnet: None, Router: None
2025-11-12 13:57:57.924 66047 INFO tempest.lib.common.dynamic_creds [-] Created isolated network resources for: credentials: Credentials: {'domain_id': 'default', 'domain_name': 'Default', 'username': 'tempest-QuotasAdminTestJSON-1381416848-project-admin', 'project_domain_id': 'default', 'project_domain_name': 'Default', 'project_id': 'f15237558c264d1bb7d141319fde60c0', 'project_name': 'tempest-QuotasAdminTestJSON-1381416848', 'tenant_id': 'f15237558c264d1bb7d141319fde60c0', 'tenant_name': 'tempest-QuotasAdminTestJSON-1381416848', 'user_domain_id': 'default', 'user_domain_name': 'Default', 'user_id': 'd8bf48a587dc44948ccd5b57cacf538e', 'system': None}, Network: None, Subnet: None, Router: None
2025-11-12 13:57:57.941 66061 INFO tempest.lib.common.rest_client [req-f0401831-e1f9-4a95-8fc0-45d01ebb091a req-f0401831-e1f9-4a95-8fc0-45d01ebb091a ] Request (VolumesAdminNegativeTest:tearDownClass): 204 DELETE http://10.180.1.21/networking/v2.0/networks/33226779-cea7-4109-948e-810f5da0a4c0 0.315s
2025-11-12 13:57:58.009 66047 INFO tempest.lib.common.rest_client [req-8f8a8a59-2b3c-499b-99e7-cf588cdf73f8 req-8f8a8a59-2b3c-499b-99e7-cf588cdf73f8 ] Request (QuotasAdminTestJSON:setUpClass): 201 POST http://10.180.1.21/identity/v3/auth/tokens 0.082s
2025-11-12 13:57:58.010 66047 WARNING tempest.lib.common.rest_client [-] Deprecated: "tenant_id" property is deprecated for removal, use "project_id" instead
2025-11-12 13:57:58.040 66061 INFO tempest.lib.common.rest_client [req-8b2295cf-9b51-45b7-9313-f55b379e42fe req-8b2295cf-9b51-45b7-9313-f55b379e42fe ] Request (VolumesAdminNegativeTest:tearDownClass): 204 DELETE http://10.180.1.21/identity/v3/users/9ada9e7474bf4f28a4ae1cba3996290e 0.099s
2025-11-12 13:57:58.066 66047 INFO tempest.lib.common.rest_client [req-b96ff6ae-a517-4b2c-8b12-dcf275dab71c req-b96ff6ae-a517-4b2c-8b12-dcf275dab71c ] Request (QuotasAdminTestJSON:test_delete_quota): 200 GET http://10.180.1.21/identity/v3/domains?name=Default 0.055s
2025-11-12 13:57:58.148 66047 INFO tempest.lib.common.rest_client [req-f6338791-5e78-45de-8d76-089401d03703 req-f6338791-5e78-45de-8d76-089401d03703 ] Request (QuotasAdminTestJSON:test_delete_quota): 201 POST http://10.180.1.21/identity/v3/projects 0.081s
2025-11-12 13:57:58.174 66061 INFO tempest.lib.common.rest_client [req-9eaf81a0-ee75-417e-a48c-a1dd5db24db2 req-9eaf81a0-ee75-417e-a48c-a1dd5db24db2 ] Request (VolumesAdminNegativeTest:tearDownClass): 204 DELETE http://10.180.1.21/identity/v3/users/5a21ccbb8d254e02afb791026b96ae5c 0.134s
2025-11-12 13:57:58.269 66047 INFO tempest.lib.common.rest_client [req-26faa882-a639-4c50-afdc-b648bb02d959 req-26faa882-a639-4c50-afdc-b648bb02d959 ] Request (QuotasAdminTestJSON:test_delete_quota): 200 GET http://10.180.1.21/identity/v3/domains?name=Default 0.121s
2025-11-12 13:57:58.275 66061 INFO tempest.lib.common.rest_client [req-7ed564d8-5ef7-414d-ae60-00934f71f6ac req-7ed564d8-5ef7-414d-ae60-00934f71f6ac ] Request (VolumesAdminNegativeTest:tearDownClass): 204 DELETE http://10.180.1.21/identity/v3/users/5c6f06168d764c0eb75a0c678f133041 0.100s
2025-11-12 13:57:58.276 66061 INFO tempest.lib.common.dynamic_creds [-] Deleting project and security group for project: 491a951b3b0a4330b25fb43261cefa28
2025-11-12 13:57:58.314 66061 INFO tempest.lib.common.rest_client [req-c93d6c5b-af99-4ef9-9e53-305a161fb5cc req-c93d6c5b-af99-4ef9-9e53-305a161fb5cc ] Request (VolumesAdminNegativeTest:tearDownClass): 200 GET http://10.180.1.21/networking/v2.0/security-groups?tenant_id=491a951b3b0a4330b25fb43261cefa28&name=default 0.038s
2025-11-12 13:57:58.401 66061 INFO tempest.lib.common.rest_client [req-6c40dea8-fa44-42ad-84c7-3af42707677b req-6c40dea8-fa44-42ad-84c7-3af42707677b ] Request (VolumesAdminNegativeTest:tearDownClass): 204 DELETE http://10.180.1.21/networking/v2.0/security-groups/54a764a1-d551-47ae-aea4-7014ac0a7045 0.086s
2025-11-12 13:57:58.495 66061 INFO tempest.lib.common.rest_client [req-0e4a74e1-951a-496f-9a8f-7bbf767c6cb1 req-0e4a74e1-951a-496f-9a8f-7bbf767c6cb1 ] Request (VolumesAdminNegativeTest:tearDownClass): 204 DELETE http://10.180.1.21/identity/v3/projects/491a951b3b0a4330b25fb43261cefa28 0.094s
2025-11-12 13:57:58.496 66061 INFO tempest.lib.common.dynamic_creds [-] Deleting project and security group for project: ad2c7bc60da54cca9f9f2e401a7d91b9
2025-11-12 13:57:58.523 66061 INFO tempest.lib.common.rest_client [req-62ed450e-ae87-4ec9-a46c-067e225f1087 req-62ed450e-ae87-4ec9-a46c-067e225f1087 ] Request (VolumesAdminNegativeTest:tearDownClass): 200 GET http://10.180.1.21/networking/v2.0/security-groups?tenant_id=ad2c7bc60da54cca9f9f2e401a7d91b9&name=default 0.027s
2025-11-12 13:57:58.603 66061 INFO tempest.lib.common.rest_client [req-1fb75a52-dc4c-452b-9b15-2d9824ccf9dd req-1fb75a52-dc4c-452b-9b15-2d9824ccf9dd ] Request (VolumesAdminNegativeTest:tearDownClass): 204 DELETE http://10.180.1.21/networking/v2.0/security-groups/972d07ad-8fc9-4688-84f6-6e6933de2ef7 0.080s
2025-11-12 13:57:58.693 66061 INFO tempest.lib.common.rest_client [req-6473b282-9785-4c7d-873e-f8b220c8b1d1 req-6473b282-9785-4c7d-873e-f8b220c8b1d1 ] Request (VolumesAdminNegativeTest:tearDownClass): 204 DELETE http://10.180.1.21/identity/v3/projects/ad2c7bc60da54cca9f9f2e401a7d91b9 0.088s
2025-11-12 13:57:58.693 66061 INFO tempest.lib.common.dynamic_creds [-] Deleting project and security group for project: ce554c11121543d08b0b898534d357e0
2025-11-12 13:57:58.722 66061 INFO tempest.lib.common.rest_client [req-6860782e-5ba9-4327-a82b-964b0e1dd071 req-6860782e-5ba9-4327-a82b-964b0e1dd071 ] Request (VolumesAdminNegativeTest:tearDownClass): 200 GET http://10.180.1.21/networking/v2.0/security-groups?tenant_id=ce554c11121543d08b0b898534d357e0&name=default 0.029s
2025-11-12 13:57:58.808 66061 INFO tempest.lib.common.rest_client [req-71e4e547-e033-4864-8eb1-ba98378f8666 req-71e4e547-e033-4864-8eb1-ba98378f8666 ] Request (VolumesAdminNegativeTest:tearDownClass): 204 DELETE http://10.180.1.21/networking/v2.0/security-groups/3aaa7263-e1f6-48f6-b26b-4a463242fd35 0.085s
2025-11-12 13:57:58.897 66061 INFO tempest.lib.common.rest_client [req-774ee5d7-b7b0-46b9-a490-12a7da35620e req-774ee5d7-b7b0-46b9-a490-12a7da35620e ] Request (VolumesAdminNegativeTest:tearDownClass): 204 DELETE http://10.180.1.21/identity/v3/projects/ce554c11121543d08b0b898534d357e0 0.088s
2025-11-12 13:57:58.956 66061 INFO tempest.lib.common.rest_client [req-ef7c6970-8fa7-48b4-b2c8-87a00e6bf712 req-ef7c6970-8fa7-48b4-b2c8-87a00e6bf712 ] Request (ServerDiskConfigTestJSON:setUpClass): 201 POST http://10.180.1.21/identity/v3/auth/tokens 0.057s
2025-11-12 13:57:58.988 66061 INFO tempest.lib.common.rest_client [req-2eb65c3c-20a0-4557-8eb3-dc38a9c891de req-2eb65c3c-20a0-4557-8eb3-dc38a9c891de ] Request (ServerDiskConfigTestJSON:setUpClass): 201 POST http://10.180.1.21/identity/v3/auth/tokens 0.030s
2025-11-12 13:57:59.013 66061 INFO tempest.lib.common.rest_client [req-0fbaf633-e239-4a02-a3ee-4c13ceced87a req-0fbaf633-e239-4a02-a3ee-4c13ceced87a ] Request (ServerDiskConfigTestJSON:setUpClass): 200 GET http://10.180.1.21/identity/v3/domains?name=Default 0.024s
2025-11-12 13:57:59.043 66061 INFO tempest.lib.common.rest_client [req-93607340-77c2-4555-9ce6-67e84e846fda req-93607340-77c2-4555-9ce6-67e84e846fda ] Request (ServerDiskConfigTestJSON:setUpClass): 201 POST http://10.180.1.21/identity/v3/projects 0.030s
2025-11-12 13:57:59.121 66061 INFO tempest.lib.common.rest_client [req-6dc8aebe-aa07-4db9-b022-ba256943159c req-6dc8aebe-aa07-4db9-b022-ba256943159c ] Request (ServerDiskConfigTestJSON:setUpClass): 201 POST http://10.180.1.21/identity/v3/users 0.077s
2025-11-12 13:57:59.146 66061 INFO tempest.lib.common.rest_client [req-7bf31e79-cd06-4fdc-83e2-3a28b7ae3273 req-7bf31e79-cd06-4fdc-83e2-3a28b7ae3273 ] Request (ServerDiskConfigTestJSON:setUpClass): 200 GET http://10.180.1.21/identity/v3/roles 0.023s
2025-11-12 13:57:59.197 66061 INFO tempest.lib.common.rest_client [req-836c54d1-d456-4dd1-980e-2c81df6f70e9 req-836c54d1-d456-4dd1-980e-2c81df6f70e9 ] Request (ServerDiskConfigTestJSON:setUpClass): 204 PUT http://10.180.1.21/identity/v3/projects/6c2e1368a8ff48bf970db5d8b33eca0f/users/615bc2fc84c54572b2ef41d65deab2e1/roles/6f23974f78f041a2a0eac2f9e83080cd 0.050s
2025-11-12 13:57:59.197 66061 INFO tempest.lib.common.dynamic_creds [-] Dynamic test user 615bc2fc84c54572b2ef41d65deab2e1 is created with scope project and roles: ['member']
2025-11-12 13:57:59.197 66061 INFO tempest.lib.common.dynamic_creds [-] Acquired dynamic creds: credentials: Credentials: {'domain_id': 'default', 'domain_name': 'Default', 'username': 'tempest-ServerDiskConfigTestJSON-1251201298-project-member', 'project_domain_id': 'default', 'project_domain_name': 'Default', 'project_id': '6c2e1368a8ff48bf970db5d8b33eca0f', 'project_name': 'tempest-ServerDiskConfigTestJSON-1251201298', 'tenant_id': '6c2e1368a8ff48bf970db5d8b33eca0f', 'tenant_name': 'tempest-ServerDiskConfigTestJSON-1251201298', 'user_domain_id': 'default', 'user_domain_name': 'Default', 'user_id': '615bc2fc84c54572b2ef41d65deab2e1', 'system': None}, Network: None, Subnet: None, Router: None
2025-11-12 13:57:59.269 66061 INFO tempest.lib.common.rest_client [req-71e2a501-72ac-4f2b-9887-46b45fbcfd4d req-71e2a501-72ac-4f2b-9887-46b45fbcfd4d ] Request (ServerDiskConfigTestJSON:setUpClass): 201 POST http://10.180.1.21/identity/v3/auth/tokens 0.071s
2025-11-12 13:57:59.519 66079 WARNING tempest.lib.common.ssh [-] Failed to establish authenticated ssh connection to cirros@10.180.180.203 ([Errno None] Unable to connect to port 22 on 10.180.180.203). Number attempts: 9. Retry after 10 seconds.: paramiko.ssh_exception.NoValidConnectionsError: [Errno None] Unable to connect to port 22 on 10.180.180.203
2025-11-12 13:57:59.548 66061 INFO tempest.lib.common.rest_client [req-fa53960d-272a-4a90-b008-cabef5e968a5 req-fa53960d-272a-4a90-b008-cabef5e968a5 ] Request (ServerDiskConfigTestJSON:setUpClass): 201 POST http://10.180.1.21/networking/v2.0/networks 0.278s
2025-11-12 13:57:59.646 66041 WARNING tempest.lib.common.ssh [-] Failed to establish authenticated ssh connection to cirros@10.180.180.221 ([Errno None] Unable to connect to port 22 on 10.180.180.221). Number attempts: 7. Retry after 8 seconds.: paramiko.ssh_exception.NoValidConnectionsError: [Errno None] Unable to connect to port 22 on 10.180.180.221
2025-11-12 13:57:59.842 66061 INFO tempest.lib.common.rest_client [req-af342161-a8b4-4800-8edf-911c2a776cb9 req-af342161-a8b4-4800-8edf-911c2a776cb9 ] Request (ServerDiskConfigTestJSON:setUpClass): 201 POST http://10.180.1.21/networking/v2.0/subnets 0.294s
2025-11-12 13:58:00.404 66031 WARNING tempest.lib.common.ssh [-] Failed to establish authenticated ssh connection to cirros@10.180.180.236 ([Errno None] Unable to connect to port 22 on 10.180.180.236). Number attempts: 3. Retry after 4 seconds.: paramiko.ssh_exception.NoValidConnectionsError: [Errno None] Unable to connect to port 22 on 10.180.180.236
2025-11-12 13:58:00.605 66061 INFO tempest.lib.common.rest_client [req-4b63f6c9-a1c1-4340-8bae-a8ee6965a0f2 req-4b63f6c9-a1c1-4340-8bae-a8ee6965a0f2 ] Request (ServerDiskConfigTestJSON:setUpClass): 201 POST http://10.180.1.21/networking/v2.0/routers 0.762s
2025-11-12 13:58:01.451 66061 INFO tempest.lib.common.rest_client [req-a17cb975-5b24-4255-85d1-c32ec9fbb9b0 req-a17cb975-5b24-4255-85d1-c32ec9fbb9b0 ] Request (ServerDiskConfigTestJSON:setUpClass): 200 PUT http://10.180.1.21/networking/v2.0/routers/c6a34f03-fd1d-4d27-a456-91b65b868c8f/add_router_interface 0.845s
2025-11-12 13:58:01.451 66061 INFO tempest.lib.common.dynamic_creds [-] Created isolated network resources for: credentials: Credentials: {'domain_id': 'default', 'domain_name': 'Default', 'username': 'tempest-ServerDiskConfigTestJSON-1251201298-project-member', 'project_domain_id': 'default', 'project_domain_name': 'Default', 'project_id': '6c2e1368a8ff48bf970db5d8b33eca0f', 'project_name': 'tempest-ServerDiskConfigTestJSON-1251201298', 'tenant_id': '6c2e1368a8ff48bf970db5d8b33eca0f', 'tenant_name': 'tempest-ServerDiskConfigTestJSON-1251201298', 'user_domain_id': 'default', 'user_domain_name': 'Default', 'user_id': '615bc2fc84c54572b2ef41d65deab2e1', 'system': None}, Network: {'id': 'ebd27bda-66a6-4dee-96b3-99b0ecfc0a41', 'name': 'tempest-ServerDiskConfigTestJSON-1285657326-network', 'tenant_id': '6c2e1368a8ff48bf970db5d8b33eca0f', 'project_id': '6c2e1368a8ff48bf970db5d8b33eca0f', 'admin_state_up': True, 'mtu': 8950, 'status': 'ACTIVE', 'subnets': [], 'shared': False, 'port_security_enabled': True, 'router:external': False, 'provider:network_type': 'vlan', 'provider:physical_network': 'default', 'provider:segmentation_id': 511, 'availability_zone_hints': [], 'availability_zones': [], 'ipv4_address_scope': None, 'ipv6_address_scope': None, 'description': '', 'tags': [], 'created_at': '2025-11-12T13:57:59Z', 'updated_at': '2025-11-12T13:57:59Z', 'revision_number': 1}, Subnet: {'id': 'f5519796-efd0-4104-bae1-9d74a0273473', 'name': 'tempest-ServerDiskConfigTestJSON-1285657326-subnet', 'tenant_id': '6c2e1368a8ff48bf970db5d8b33eca0f', 'network_id': 'ebd27bda-66a6-4dee-96b3-99b0ecfc0a41', 'ip_version': 4, 'subnetpool_id': None, 'enable_dhcp': True, 'ipv6_ra_mode': None, 'ipv6_address_mode': None, 'gateway_ip': '192.168.128.1', 'cidr': '192.168.128.0/28', 'allocation_pools': [{'start': '192.168.128.2', 'end': '192.168.128.14'}], 'host_routes': [], 'dns_nameservers': [], 'description': '', 'router:external': False, 'service_types': [], 'tags': [], 'created_at': '2025-11-12T13:57:59Z', 'updated_at': '2025-11-12T13:57:59Z', 'revision_number': 0, 'project_id': '6c2e1368a8ff48bf970db5d8b33eca0f'}, Router: {'id': 'c6a34f03-fd1d-4d27-a456-91b65b868c8f', 'name': 'tempest-ServerDiskConfigTestJSON-1285657326-router', 'tenant_id': '6c2e1368a8ff48bf970db5d8b33eca0f', 'admin_state_up': True, 'status': 'ACTIVE', 'external_gateway_info': {'network_id': 'bc1e209c-325a-4451-8408-991a2af0e7f1', 'external_fixed_ips': [{'subnet_id': 'f7ecfb66-3205-4395-8323-3fbad44fb13b', 'ip_address': '10.180.180.223'}], 'enable_snat': True}, 'description': '', 'availability_zones': [], 'distributed': False, 'ha': False, 'availability_zone_hints': [], 'routes': [], 'flavor_id': None, 'tags': [], 'created_at': '2025-11-12T13:57:59Z', 'updated_at': '2025-11-12T13:58:00Z', 'revision_number': 2, 'project_id': '6c2e1368a8ff48bf970db5d8b33eca0f'}
2025-11-12 13:58:01.535 66061 INFO tempest.lib.common.rest_client [req-794f301a-7284-4930-913e-fe90d760bd8e req-794f301a-7284-4930-913e-fe90d760bd8e ] Request (ServerDiskConfigTestJSON:setUpClass): 201 POST http://10.180.1.21/identity/v3/auth/tokens 0.081s
2025-11-12 13:58:01.564 66061 INFO tempest.lib.common.rest_client [req-34efa370-0fb4-42c1-b418-5cc9527c8fa0 req-34efa370-0fb4-42c1-b418-5cc9527c8fa0 ] Request (ServerDiskConfigTestJSON:test_rebuild_server_with_auto_disk_config): 201 POST http://10.180.1.21/identity/v3/auth/tokens 0.025s
2025-11-12 13:58:01.564 66061 INFO tempest.lib.common.fixed_network [-] (ServerDiskConfigTestJSON:test_rebuild_server_with_auto_disk_config) Found network {'id': 'ebd27bda-66a6-4dee-96b3-99b0ecfc0a41', 'name': 'tempest-ServerDiskConfigTestJSON-1285657326-network', 'tenant_id': '6c2e1368a8ff48bf970db5d8b33eca0f', 'project_id': '6c2e1368a8ff48bf970db5d8b33eca0f', 'admin_state_up': True, 'mtu': 8950, 'status': 'ACTIVE', 'subnets': [], 'shared': False, 'port_security_enabled': True, 'router:external': False, 'provider:network_type': 'vlan', 'provider:physical_network': 'default', 'provider:segmentation_id': 511, 'availability_zone_hints': [], 'availability_zones': [], 'ipv4_address_scope': None, 'ipv6_address_scope': None, 'description': '', 'tags': [], 'created_at': '2025-11-12T13:57:59Z', 'updated_at': '2025-11-12T13:57:59Z', 'revision_number': 1} available for tenant
2025-11-12 13:58:02.119 66037 INFO tempest.lib.common.rest_client [req-e67d08b2-f24a-4455-8738-473194fec6ed req-e67d08b2-f24a-4455-8738-473194fec6ed ] Request (ImagesOneServerTestJSON:test_create_delete_image): 200 GET http://10.180.1.21/compute/v2.1/images/e3df6a1b-b5d3-4dfc-aa9d-6c94714a59d6 6.993s
2025-11-12 13:58:02.231 66057 INFO tempest.lib.common.rest_client [req-dd9e5898-135d-42c6-9349-a9576190a112 req-dd9e5898-135d-42c6-9349-a9576190a112 ] Request (ImagesMetadataTestJSON:test_set_image_metadata_item): 200 PUT http://10.180.1.21/compute/v2.1/images/1e21e3ed-f42d-47ac-9837-863973e58d86/metadata/os_version 8.803s
2025-11-12 13:58:02.324 66063 INFO tempest.lib.common.rest_client [req-81d53e0d-a5f1-4a8a-bc0c-e8067d76fe4f req-81d53e0d-a5f1-4a8a-bc0c-e8067d76fe4f ] Request (DeleteServersTestJSON:test_delete_active_server): 200 GET http://10.180.1.21/compute/v2.1/servers/f79626ef-86fa-4e92-bedc-393a9ca61c39 7.198s
2025-11-12 13:58:02.333 66063 INFO tempest.common.waiters [-] State transition "BUILD/spawning" ==> "ACTIVE/None" after 34 second wait
2025-11-12 13:58:02.339 66043 INFO tempest.lib.common.rest_client [req-71028c84-eb5e-4a45-bf51-fb384a1bfc75 req-71028c84-eb5e-4a45-bf51-fb384a1bfc75 ] Request (ServersAdminTestJSON:setUpClass): 200 GET http://10.180.1.21/compute/v2.1/servers/e9fdea6f-88f1-4b85-b11d-9357026b36ae 7.125s
2025-11-12 13:58:02.373 66071 INFO tempest.lib.common.rest_client [req-4e9f341d-6447-4388-aeee-80b2b11323e4 req-4e9f341d-6447-4388-aeee-80b2b11323e4 ] Request (ImagesOneServerNegativeTestJSON:_run_cleanups): 404 GET http://10.180.1.21/compute/v2.1/servers/2fc20c01-0fd2-400e-a365-917e6a6a8b42 7.072s
2025-11-12 13:58:02.408 66073 INFO tempest.lib.common.rest_client [req-f1fd15e3-d24a-4d17-ba9c-882c51faa91a req-f1fd15e3-d24a-4d17-ba9c-882c51faa91a ] Request (InstanceActionsTestJSON:tearDownClass): 200 GET http://10.180.1.21/compute/v2.1/servers/86b7fbde-1754-438a-ab8b-9de1c96b6f31 7.178s
2025-11-12 13:58:02.417 66073 INFO tempest.common.waiters [-] State transition "ACTIVE/deleting" ==> "DELETED/None" after 11 second wait
2025-11-12 13:58:02.518 66035 INFO tempest.lib.common.rest_client [req-acf12d1f-45cd-4fa0-902e-430e93e51e5a req-acf12d1f-45cd-4fa0-902e-430e93e51e5a ] Request (ServersNegativeTestJSON:setUpClass): 200 GET http://10.180.1.21/compute/v2.1/servers/9d1b1964-8b63-4b09-ab8e-5de4490dd743 7.195s
2025-11-12 13:58:02.528 66035 INFO tempest.common.waiters [-] State transition "BUILD/scheduling" ==> "BUILD/None" after 18 second wait
2025-11-12 13:58:02.539 66027 INFO tempest.lib.common.rest_client [req-70b5b498-0575-4e53-9e02-32b3eb5f5cae req-70b5b498-0575-4e53-9e02-32b3eb5f5cae ] Request (ImagesTestJSON:test_create_image_from_suspended_server): 200 GET http://10.180.1.21/compute/v2.1/servers/44696a38-cca2-473f-ada9-5ff09ade997d 7.228s
2025-11-12 13:58:02.589 66033 INFO tempest.lib.common.rest_client [req-8f530030-7524-4d89-8a3a-fa468a9a73ac req-8f530030-7524-4d89-8a3a-fa468a9a73ac ] Request (InstanceActionsNegativeTestJSON:setUpClass): 200 GET http://10.180.1.21/compute/v2.1/servers/381d8626-85a7-4d64-922c-085214e14f9a 7.216s
2025-11-12 13:58:02.620 66060 INFO tempest.lib.common.rest_client [req-54e53358-8868-48bb-b830-2ba53cfd3080 req-54e53358-8868-48bb-b830-2ba53cfd3080 ] Request (ServerShowV247Test:test_update_rebuild_list_server): 200 GET http://10.180.1.21/compute/v2.1/servers/ef3aeb1a-227b-4a91-b26b-682dabab6de2 7.229s
2025-11-12 13:58:02.629 66060 INFO tempest.common.waiters [-] State transition "BUILD/scheduling" ==> "BUILD/None" after 15 second wait
2025-11-12 13:58:02.639 66067 INFO tempest.lib.common.rest_client [req-24de6a83-a899-423c-9d68-86204a88f3f1 req-24de6a83-a899-423c-9d68-86204a88f3f1 ] Request (ListImageFiltersTestJSON:setUpClass): 200 GET http://10.180.1.21/compute/v2.1/images/aebf1d9b-e4ec-4bac-b17b-c12d064b5ac8 7.217s
2025-11-12 13:58:02.653 66023 INFO tempest.lib.common.rest_client [req-69d1f044-ff0e-4f30-ba32-249d16500e41 req-69d1f044-ff0e-4f30-ba32-249d16500e41 ] Request (ServerTagsTestJSON:test_create_delete_tag): 200 GET http://10.180.1.21/compute/v2.1/servers/4802ce11-da1c-4050-91f1-638c9b7211b3/tags 7.055s
2025-11-12 13:58:02.673 66069 INFO tempest.lib.common.rest_client [req-db9915d0-d236-44c2-819c-2ce9cd16400f req-db9915d0-d236-44c2-819c-2ce9cd16400f ] Request (FloatingIPsAssociationTestJSON:test_associate_already_associated_floating_ip): 200 GET http://10.180.1.21/compute/v2.1/servers/29f39c93-7364-43f8-aa5d-e4c5c4768b4e 7.089s
2025-11-12 13:58:02.681 66051 INFO tempest.lib.common.rest_client [req-1539650b-8a89-4a23-b78d-b2bce6ff31d9 req-1539650b-8a89-4a23-b78d-b2bce6ff31d9 ] Request (MigrationsAdminTest:test_resize_server_revert_deleted_flavor): 200 POST http://10.180.1.21/compute/v2.1/flavors/3e6a8acf-a5c5-4d65-9c43-069275ed3afc/os-extra_specs 7.062s
2025-11-12 13:58:02.701 66077 INFO tempest.lib.common.rest_client [req-57644621-b348-4cfd-ab37-86d1e7c6ab63 req-57644621-b348-4cfd-ab37-86d1e7c6ab63 ] Request (FlavorsAdminTestJSON:test_list_non_public_flavor): 200 GET http://10.180.1.21/compute/v2.1/flavors/detail 7.052s
2025-11-12 13:58:02.752 66051 INFO tempest.lib.common.rest_client [req-a2390053-d8d9-4f2e-a1ad-ea68010597a9 req-a2390053-d8d9-4f2e-a1ad-ea68010597a9 ] Request (MigrationsAdminTest:test_resize_server_revert_deleted_flavor): 201 POST http://10.180.1.21/identity/v3/auth/tokens 0.068s
2025-11-12 13:58:02.752 66051 INFO tempest.lib.common.fixed_network [-] (MigrationsAdminTest:test_resize_server_revert_deleted_flavor) Found network None available for tenant
2025-11-12 13:58:02.778 66065 INFO tempest.lib.common.rest_client [req-e883c095-ab61-46c8-96fc-5c4d573f17c6 req-e883c095-ab61-46c8-96fc-5c4d573f17c6 ] Request (ServersTestFqdnHostnames:tearDownClass): 200 GET http://10.180.1.21/compute/v2.1/servers/40c897e5-2a2d-4ba8-80e7-207322c2c685 7.082s
2025-11-12 13:58:02.830 66049 INFO tempest.lib.common.rest_client [req-f8fe226a-ba89-4438-8990-c3d1b6cb5609 req-f8fe226a-ba89-4438-8990-c3d1b6cb5609 ] Request (MultipleCreateTestJSON:test_multiple_create): 200 GET http://10.180.1.21/compute/v2.1/servers/0bb794ba-761a-4a61-a17c-31ed188856db 6.727s
2025-11-12 13:58:02.893 66055 INFO tempest.lib.common.rest_client [req-6407b572-9029-4bd8-aa00-81a403052ab5 req-6407b572-9029-4bd8-aa00-81a403052ab5 ] Request (DeleteServersAdminTestJSON:test_delete_server_while_in_error_state): 200 GET http://10.180.1.21/compute/v2.1/servers/9d4cc966-038f-44c9-9a89-89ee213a0896 6.674s
2025-11-12 13:58:02.937 66029 INFO tempest.lib.common.rest_client [req-f8a6613e-3403-4893-a89d-cb6ddca07c0e req-f8a6613e-3403-4893-a89d-cb6ddca07c0e ] Request (ServersListShow298Test:test_list_show_update_rebuild_server_298): 202 POST http://10.180.1.21/compute/v2.1/servers 7.279s
2025-11-12 13:58:02.962 66085 INFO tempest.lib.common.rest_client [req-339f3e34-ba0c-45da-93dc-a75ee1cb9106 req-339f3e34-ba0c-45da-93dc-a75ee1cb9106 ] Request (AttachInterfacesUnderV243Test:_run_cleanups): 200 GET http://10.180.1.21/compute/v2.1/servers/25bb7fb1-8dc2-4d39-aced-7cbe51bfad54 6.561s
2025-11-12 13:58:03.023 66053 INFO tempest.lib.common.rest_client [req-b05c2bf6-8f59-4899-a27f-eb0c1027a4a7 req-b05c2bf6-8f59-4899-a27f-eb0c1027a4a7 ] Request (ServersAdmin275Test:tearDownClass): 200 GET http://10.180.1.21/compute/v2.1/servers/9dcc1316-06cf-4a93-a29d-0aab87e14d2e 6.510s
2025-11-12 13:58:03.032 66053 INFO tempest.common.waiters [-] State transition "ACTIVE/deleting" ==> "DELETED/None" after 10 second wait
2025-11-12 13:58:03.045 66075 INFO tempest.lib.common.rest_client [req-996c078e-ff29-408c-8059-d3c75aea8609 req-996c078e-ff29-408c-8059-d3c75aea8609 ] Request (FloatingIPsAssociationNegativeTestJSON:tearDownClass): 200 GET http://10.180.1.21/compute/v2.1/servers/0bc01799-a9e7-405d-8f43-4da9a6fd1540 6.312s
2025-11-12 13:58:03.068 66081 INFO tempest.lib.common.rest_client [req-24072183-c864-49ec-9096-05a0092876a6 req-24072183-c864-49ec-9096-05a0092876a6 ] Request (ServerPasswordTestJSON:tearDownClass): 404 GET http://10.180.1.21/compute/v2.1/servers/6262f054-4a67-4cee-a69a-f1e52ac686d1 6.195s
2025-11-12 13:58:03.800 66081 INFO tempest.lib.common.rest_client [req-82372bae-e507-4493-8abf-5fe02cf175ec req-82372bae-e507-4493-8abf-5fe02cf175ec ] Request (ServerPasswordTestJSON:tearDownClass): 200 PUT http://10.180.1.21/networking/v2.0/routers/665dfcaa-4117-4dce-88f7-d70d2bfa5e35/remove_router_interface 0.732s
2025-11-12 13:58:03.822 66045 INFO tempest.lib.common.rest_client [req-5f9dffc7-f94a-4a72-a9ec-a7ec096c4184 req-5f9dffc7-f94a-4a72-a9ec-a7ec096c4184 ] Request (ServersTestManualDisk:tearDownClass): 200 GET http://10.180.1.21/compute/v2.1/servers/607f1752-8198-4f09-aae1-4221df1e728e 7.024s
2025-11-12 13:58:03.947 66040 INFO tempest.lib.common.rest_client [req-5a6eb104-e078-479a-8fe3-ad73f0cf4430 req-5a6eb104-e078-479a-8fe3-ad73f0cf4430 ] Request (ServerRescueTestJSON:setUpClass): 200 GET http://10.180.1.21/compute/v2.1/servers/4142dff1-5383-4817-b22d-9cf8030e0d5b 7.006s
2025-11-12 13:58:03.958 66047 INFO tempest.lib.common.rest_client [req-7f0cc6c4-b2ff-4f5f-adb7-cfddfde89f83 req-7f0cc6c4-b2ff-4f5f-adb7-cfddfde89f83 ] Request (QuotasAdminTestJSON:test_delete_quota): 200 GET http://10.180.1.21/compute/v2.1/os-quota-sets/f2efd1469cf44897a7434cf5e0334d85 5.688s
2025-11-12 13:58:03.958 66040 INFO tempest.common.waiters [-] State transition "BUILD/None" ==> "BUILD/spawning" after 22 second wait
2025-11-12 13:58:03.999 66057 INFO tempest.lib.common.rest_client [req-c7259c57-c16f-41b6-a9f0-7d81b1ec94e5 req-c7259c57-c16f-41b6-a9f0-7d81b1ec94e5 ] Request (ImagesMetadataTestJSON:test_set_image_metadata_item): 200 GET http://10.180.1.21/compute/v2.1/images/1e21e3ed-f42d-47ac-9837-863973e58d86/metadata 1.767s
2025-11-12 13:58:04.132 66063 INFO tempest.lib.common.rest_client [req-a1c47222-54dc-4a6a-af16-a0094f6548bb req-a1c47222-54dc-4a6a-af16-a0094f6548bb ] Request (DeleteServersTestJSON:test_delete_active_server): 204 DELETE http://10.180.1.21/compute/v2.1/servers/f79626ef-86fa-4e92-bedc-393a9ca61c39 1.798s
2025-11-12 13:58:04.176 66071 INFO tempest.lib.common.rest_client [req-edb5bd51-3129-472a-84a7-cb84ad266c70 req-edb5bd51-3129-472a-84a7-cb84ad266c70 ] Request (ImagesOneServerNegativeTestJSON:_run_cleanups): 200 POST http://10.180.1.21/compute/v2.1/os-keypairs 1.801s
2025-11-12 13:58:04.291 66081 INFO tempest.lib.common.rest_client [req-2d0a5a8a-cd5e-4eca-950e-ab81f8f01bed req-2d0a5a8a-cd5e-4eca-950e-ab81f8f01bed ] Request (ServerPasswordTestJSON:tearDownClass): 204 DELETE http://10.180.1.21/networking/v2.0/routers/665dfcaa-4117-4dce-88f7-d70d2bfa5e35 0.490s
2025-11-12 13:58:04.347 66071 INFO tempest.lib.common.rest_client [req-a2ead7a0-453e-48c2-88ce-b8b13207bf35 req-a2ead7a0-453e-48c2-88ce-b8b13207bf35 ] Request (ImagesOneServerNegativeTestJSON:_run_cleanups): 201 POST http://10.180.1.21/networking/v2.0/security-groups 0.169s
2025-11-12 13:58:04.452 66071 INFO tempest.lib.common.rest_client [req-729d26e5-0737-4d78-8c30-6a18b9deb560 req-729d26e5-0737-4d78-8c30-6a18b9deb560 ] Request (ImagesOneServerNegativeTestJSON:_run_cleanups): 201 POST http://10.180.1.21/networking/v2.0/security-group-rules 0.104s
2025-11-12 13:58:04.482 66081 INFO tempest.lib.common.rest_client [req-dfd31e72-6cfb-48dd-80c4-0479fd40a7f7 req-dfd31e72-6cfb-48dd-80c4-0479fd40a7f7 ] Request (ServerPasswordTestJSON:tearDownClass): 204 DELETE http://10.180.1.21/networking/v2.0/subnets/c54efa80-d222-40cc-90b2-444ddfd9a78f 0.191s
2025-11-12 13:58:04.605 66061 INFO tempest.lib.common.rest_client [req-4b487954-7509-4571-885e-d9acecded138 req-4b487954-7509-4571-885e-d9acecded138 ] Request (ServerDiskConfigTestJSON:test_rebuild_server_with_auto_disk_config): 202 POST http://10.180.1.21/compute/v2.1/servers 3.040s
2025-11-12 13:58:04.645 66071 INFO tempest.lib.common.rest_client [req-da967b2c-89e3-4a02-bda6-811c8f9e9e20 req-da967b2c-89e3-4a02-bda6-811c8f9e9e20 ] Request (ImagesOneServerNegativeTestJSON:_run_cleanups): 201 POST http://10.180.1.21/networking/v2.0/security-group-rules 0.193s
2025-11-12 13:58:04.660 66067 INFO tempest.lib.common.rest_client [req-558c6008-ec9f-4158-a92b-c0bc0d67c7ea req-558c6008-ec9f-4158-a92b-c0bc0d67c7ea ] Request (ListImageFiltersTestJSON:setUpClass): 200 GET http://10.180.1.21/compute/v2.1/images/aebf1d9b-e4ec-4bac-b17b-c12d064b5ac8 2.017s
2025-11-12 13:58:04.744 66023 INFO tempest.lib.common.rest_client [req-d34215e8-2925-4c42-b79f-d824a250cb37 req-d34215e8-2925-4c42-b79f-d824a250cb37 ] Request (ServerTagsTestJSON:test_create_delete_tag): 204 DELETE http://10.180.1.21/compute/v2.1/servers/4802ce11-da1c-4050-91f1-638c9b7211b3/tags/tempest-tag-1271958915 2.089s
2025-11-12 13:58:04.780 66077 INFO tempest.lib.common.rest_client [req-2c2f005f-268e-405a-980c-7cd456493227 req-2c2f005f-268e-405a-980c-7cd456493227 ] Request (FlavorsAdminTestJSON:_run_cleanups): 202 DELETE http://10.180.1.21/compute/v2.1/flavors/801423902 2.071s
2025-11-12 13:58:04.798 66027 INFO tempest.lib.common.rest_client [req-a387d3c9-d419-4233-9bfe-412be762ef70 req-a387d3c9-d419-4233-9bfe-412be762ef70 ] Request (ImagesTestJSON:test_create_image_from_suspended_server): 202 POST http://10.180.1.21/compute/v2.1/servers/44696a38-cca2-473f-ada9-5ff09ade997d/action 2.250s
2025-11-12 13:58:04.910 66031 WARNING tempest.lib.common.ssh [-] Failed to establish authenticated ssh connection to cirros@10.180.180.236 ([Errno None] Unable to connect to port 22 on 10.180.180.236). Number attempts: 4. Retry after 5 seconds.: paramiko.ssh_exception.NoValidConnectionsError: [Errno None] Unable to connect to port 22 on 10.180.180.236
2025-11-12 13:58:04.918 66081 INFO tempest.lib.common.rest_client [req-a4d02173-0df4-4313-828c-8d6eacd71d0d req-a4d02173-0df4-4313-828c-8d6eacd71d0d ] Request (ServerPasswordTestJSON:tearDownClass): 204 DELETE http://10.180.1.21/networking/v2.0/networks/12540e60-2efe-43c2-9d09-d311124b2567 0.434s
2025-11-12 13:58:05.014 66081 INFO tempest.lib.common.rest_client [req-78ffddb3-be7d-45f6-8460-eac42f9d3b4e req-78ffddb3-be7d-45f6-8460-eac42f9d3b4e ] Request (ServerPasswordTestJSON:tearDownClass): 204 DELETE http://10.180.1.21/identity/v3/users/fc97c6e1d05c42a9808d765eb4831e10 0.096s
2025-11-12 13:58:05.015 66081 INFO tempest.lib.common.dynamic_creds [-] Deleting project and security group for project: d4066b7dbf0f4e73b51a89895d71dfd7
2025-11-12 13:58:05.225 66029 INFO tempest.lib.common.rest_client [req-28e3ad90-7605-45c2-b8b9-6279501015e7 req-28e3ad90-7605-45c2-b8b9-6279501015e7 ] Request (ServersListShow298Test:test_list_show_update_rebuild_server_298): 200 GET http://10.180.1.21/compute/v2.1/servers/864dece2-f50d-4fe9-b3dc-cc890d8074aa 2.287s
2025-11-12 13:58:05.292 66037 INFO tempest.lib.common.rest_client [req-3b745c7b-004e-4b53-b4ac-19b61a7b40b4 req-3b745c7b-004e-4b53-b4ac-19b61a7b40b4 ] Request (ImagesOneServerTestJSON:test_create_delete_image): 200 GET http://10.180.1.21/compute/v2.1/images/e3df6a1b-b5d3-4dfc-aa9d-6c94714a59d6 2.169s
2025-11-12 13:58:05.385 66081 INFO tempest.lib.common.rest_client [req-f5cc9dde-d01a-4cf3-9220-1b19e9b83551 req-f5cc9dde-d01a-4cf3-9220-1b19e9b83551 ] Request (ServerPasswordTestJSON:tearDownClass): 200 GET http://10.180.1.21/networking/v2.0/security-groups?tenant_id=d4066b7dbf0f4e73b51a89895d71dfd7&name=default 0.370s
2025-11-12 13:58:05.554 66071 INFO tempest.lib.common.rest_client [req-0419fd5d-f664-4202-83d2-efd91c2f739d req-0419fd5d-f664-4202-83d2-efd91c2f739d ] Request (ImagesOneServerNegativeTestJSON:_run_cleanups): 201 POST http://10.180.1.21/networking/v2.0/floatingips 0.908s
2025-11-12 13:58:05.634 66071 INFO tempest.lib.common.rest_client [req-4dca83e8-8bda-478f-ba29-3dbd15da9dcd req-4dca83e8-8bda-478f-ba29-3dbd15da9dcd ] Request (ImagesOneServerNegativeTestJSON:_run_cleanups): 201 POST http://10.180.1.21/identity/v3/auth/tokens 0.075s
2025-11-12 13:58:05.635 66071 INFO tempest.lib.common.fixed_network [-] (ImagesOneServerNegativeTestJSON:_run_cleanups) Found network {'id': 'a824e27f-c7df-4a8f-ad2f-0f87ae704334', 'name': 'tempest-ImagesOneServerNegativeTestJSON-971349350-network', 'tenant_id': '0f544414b690438f85c24dc9d41b9c21', 'project_id': '0f544414b690438f85c24dc9d41b9c21', 'admin_state_up': True, 'mtu': 8950, 'status': 'ACTIVE', 'subnets': [], 'shared': False, 'port_security_enabled': True, 'router:external': False, 'provider:network_type': 'vlan', 'provider:physical_network': 'default', 'provider:segmentation_id': 795, 'availability_zone_hints': [], 'availability_zones': [], 'ipv4_address_scope': None, 'ipv6_address_scope': None, 'description': '', 'tags': [], 'created_at': '2025-11-12T13:55:45Z', 'updated_at': '2025-11-12T13:55:45Z', 'revision_number': 1} available for tenant
2025-11-12 13:58:05.729 66081 INFO tempest.lib.common.rest_client [req-7beb8cf1-6748-411e-ac53-8f4dd228d1d4 req-7beb8cf1-6748-411e-ac53-8f4dd228d1d4 ] Request (ServerPasswordTestJSON:tearDownClass): 204 DELETE http://10.180.1.21/networking/v2.0/security-groups/29dbf536-ddd1-4cbf-a358-4d4757551b70 0.343s
2025-11-12 13:58:05.751 66043 INFO tempest.lib.common.rest_client [req-aa9d54ca-7a86-4bba-8b10-67a5d34c6a43 req-aa9d54ca-7a86-4bba-8b10-67a5d34c6a43 ] Request (ServersAdminTestJSON:setUpClass): 200 GET http://10.180.1.21/compute/v2.1/servers/e9fdea6f-88f1-4b85-b11d-9357026b36ae 2.399s
2025-11-12 13:58:05.853 66081 INFO tempest.lib.common.rest_client [req-587f3b11-8f75-49d9-9472-a0f9556ca4bd req-587f3b11-8f75-49d9-9472-a0f9556ca4bd ] Request (ServerPasswordTestJSON:tearDownClass): 204 DELETE http://10.180.1.21/identity/v3/projects/d4066b7dbf0f4e73b51a89895d71dfd7 0.124s
2025-11-12 13:58:05.920 66073 INFO tempest.lib.common.rest_client [req-fd42301f-5fb5-4812-aa3a-fb114c21b5f9 req-fd42301f-5fb5-4812-aa3a-fb114c21b5f9 ] Request (InstanceActionsTestJSON:tearDownClass): 200 GET http://10.180.1.21/compute/v2.1/servers/86b7fbde-1754-438a-ab8b-9de1c96b6f31 2.502s
2025-11-12 13:58:05.929 66081 INFO tempest.lib.common.rest_client [req-690d215d-d40a-473f-adbb-8d7b3209b0f4 req-690d215d-d40a-473f-adbb-8d7b3209b0f4 ] Request (VolumesSnapshotsTestJSON:setUpClass): 201 POST http://10.180.1.21/identity/v3/auth/tokens 0.074s
2025-11-12 13:58:05.947 66051 INFO tempest.lib.common.rest_client [req-7b459ce9-1643-414e-a76d-8fbeebc2d957 req-7b459ce9-1643-414e-a76d-8fbeebc2d957 ] Request (MigrationsAdminTest:test_resize_server_revert_deleted_flavor): 202 POST http://10.180.1.21/compute/v2.1/servers 3.194s
2025-11-12 13:58:05.981 66081 INFO tempest.lib.common.rest_client [req-6f34444d-1bb1-44e2-acf5-afbfcda9613f req-6f34444d-1bb1-44e2-acf5-afbfcda9613f ] Request (VolumesSnapshotsTestJSON:setUpClass): 201 POST http://10.180.1.21/identity/v3/auth/tokens 0.050s
2025-11-12 13:58:06.004 66035 INFO tempest.lib.common.rest_client [req-8bd75c95-3142-4766-baa3-d3166589c8b9 req-8bd75c95-3142-4766-baa3-d3166589c8b9 ] Request (ServersNegativeTestJSON:setUpClass): 200 GET http://10.180.1.21/compute/v2.1/servers/9d1b1964-8b63-4b09-ab8e-5de4490dd743 2.473s
2025-11-12 13:58:06.012 66081 INFO tempest.lib.common.rest_client [req-dd19385e-a5a1-4207-b4ec-1816098e56b2 req-dd19385e-a5a1-4207-b4ec-1816098e56b2 ] Request (VolumesSnapshotsTestJSON:setUpClass): 200 GET http://10.180.1.21/identity/v3/domains?name=Default 0.030s
