2025-11-12 13:59:30.930 66035 INFO tempest.lib.common.rest_client [req-350f58fc-7f15-482b-9846-5a452201c7c7 req-350f58fc-7f15-482b-9846-5a452201c7c7 ] Request (ServersNegativeTestJSON:setUpClass): 200 GET http://10.180.1.21/compute/v2.1/servers/06015ddf-4ada-4b91-b1a5-6fcbc34ca6f2 1.791s
2025-11-12 13:59:31.246 66037 INFO tempest.lib.common.rest_client [req-c9412d15-bc13-4fb6-a3dd-1dbcbad77f05 req-c9412d15-bc13-4fb6-a3dd-1dbcbad77f05 ] Request (ImagesOneServerTestJSON:tearDownClass): 204 DELETE http://10.180.1.21/networking/v2.0/networks/fb6f555e-47ba-4659-a037-5e5a14aaa229 0.361s
2025-11-12 13:59:31.280 66029 INFO tempest.lib.common.rest_client [req-7159f478-3a0d-437f-a599-ec861eb24228 req-7159f478-3a0d-437f-a599-ec861eb24228 ] Request (ServersListShow298Test:tearDownClass): 200 GET http://10.180.1.21/compute/v2.1/servers/864dece2-f50d-4fe9-b3dc-cc890d8074aa 2.031s
2025-11-12 13:59:31.296 66057 INFO tempest.lib.common.rest_client [req-514c8602-9255-4374-b183-14e842693417 req-514c8602-9255-4374-b183-14e842693417 ] Request (ServersListShow2100Test:tearDownClass): 200 GET http://10.180.1.21/compute/v2.1/servers/68d2f188-b402-4d7e-9cfd-63095c341e35 1.957s
2025-11-12 13:59:31.348 66037 INFO tempest.lib.common.rest_client [req-cfefe67c-6240-447c-a64d-f85cb32d91ae req-cfefe67c-6240-447c-a64d-f85cb32d91ae ] Request (ImagesOneServerTestJSON:tearDownClass): 204 DELETE http://10.180.1.21/identity/v3/users/31da5107f97146999ea504479fa91348 0.102s
2025-11-12 13:59:31.349 66037 INFO tempest.lib.common.dynamic_creds [-] Deleting project and security group for project: 92b80fce8bae42448423c719416af1a7
2025-11-12 13:59:31.356 66063 INFO tempest.lib.common.rest_client [req-9d6be155-4971-43ea-bfbe-d3cb12bb7a1f req-9d6be155-4971-43ea-bfbe-d3cb12bb7a1f ] Request (DeleteServersTestJSON:test_delete_server_while_in_attached_volume): 200 GET http://10.180.1.21/compute/v2.1/servers/ebb577ed-83bb-4b8a-8e50-022af75e568d 1.969s
2025-11-12 13:59:31.372 66055 INFO tempest.lib.common.rest_client [req-930f60ac-ae61-4a07-bb8f-78b3ea90c5b2 req-930f60ac-ae61-4a07-bb8f-78b3ea90c5b2 ] Request (AttachInterfacesV270Test:test_create_get_list_interfaces): 200 GET http://10.180.1.21/compute/v2.1/servers/e1389e87-73a9-4e2f-aecf-61fbedfe6d50 1.934s
2025-11-12 13:59:31.387 66037 INFO tempest.lib.common.rest_client [req-da1c0e2b-3f2f-4924-a427-beec2ea8c7ac req-da1c0e2b-3f2f-4924-a427-beec2ea8c7ac ] Request (ImagesOneServerTestJSON:tearDownClass): 200 GET http://10.180.1.21/networking/v2.0/security-groups?tenant_id=92b80fce8bae42448423c719416af1a7&name=default 0.038s
2025-11-12 13:59:31.491 66037 INFO tempest.lib.common.rest_client [req-84f8ef97-f2cb-4636-be73-2f676949913e req-84f8ef97-f2cb-4636-be73-2f676949913e ] Request (ImagesOneServerTestJSON:tearDownClass): 204 DELETE http://10.180.1.21/networking/v2.0/security-groups/3f9ca7bb-3383-460f-ae7e-f47b6d9ab4d3 0.102s
2025-11-12 13:59:31.542 66079 INFO tempest.lib.common.rest_client [req-3a6af1c3-7f63-4d8f-8f4f-9d62ddcc590b req-3a6af1c3-7f63-4d8f-8f4f-9d62ddcc590b ] Request (VolumesAssistedSnapshotsTest:test_volume_assisted_snapshot_create_delete): 200 GET http://10.180.1.21/volume/v3/volumes/0157170e-c534-4611-ac5a-14c1863af863 0.032s
2025-11-12 13:59:31.591 66067 INFO tempest.lib.common.rest_client [req-2d3e3adb-f530-4fb0-b323-39bb9413d7c2 req-2d3e3adb-f530-4fb0-b323-39bb9413d7c2 ] Request (ListImageFiltersTestJSON:tearDownClass): 200 GET http://10.180.1.21/compute/v2.1/servers/94489265-db60-4f79-ba92-bdc5cf26dd17 1.985s
2025-11-12 13:59:31.606 66067 INFO tempest.common.waiters [-] State transition "ACTIVE/deleting" ==> "DELETED/None" after 6 second wait
2025-11-12 13:59:31.620 66037 INFO tempest.lib.common.rest_client [req-fa2351be-c347-446a-a10d-a38d86b73689 req-fa2351be-c347-446a-a10d-a38d86b73689 ] Request (ImagesOneServerTestJSON:tearDownClass): 204 DELETE http://10.180.1.21/identity/v3/projects/92b80fce8bae42448423c719416af1a7 0.128s
2025-11-12 13:59:31.623 66040 INFO tempest.lib.common.rest_client [req-683bca7e-e265-42fa-a84d-b7a60814e1de req-683bca7e-e265-42fa-a84d-b7a60814e1de ] Request (ServerRescueTestJSON:test_rescue_unrescue_instance): 200 GET http://10.180.1.21/compute/v2.1/servers/dae2ff6d-4091-43d7-8496-dd0a73b9a33d 2.077s
2025-11-12 13:59:31.637 66040 INFO tempest.common.waiters [-] State transition "RESCUE/unrescuing" ==> "ACTIVE/None" after 5 second wait
2025-11-12 13:59:31.713 66037 INFO tempest.lib.common.rest_client [req-ae554cda-fb3e-45ee-8325-4c3a4fe0e269 req-ae554cda-fb3e-45ee-8325-4c3a4fe0e269 ] Request (InstanceActionsV221TestJSON:setUpClass): 201 POST http://10.180.1.21/identity/v3/auth/tokens 0.090s
2025-11-12 13:59:31.748 66037 INFO tempest.lib.common.rest_client [req-3f2aa0bf-bba4-4462-83b9-b42dc9c792d6 req-3f2aa0bf-bba4-4462-83b9-b42dc9c792d6 ] Request (InstanceActionsV221TestJSON:setUpClass): 201 POST http://10.180.1.21/identity/v3/auth/tokens 0.031s
2025-11-12 13:59:31.750 66033 INFO tempest.lib.common.rest_client [req-d9b4f062-34cb-43ef-a2a8-d36e594553ef req-d9b4f062-34cb-43ef-a2a8-d36e594553ef ] Request (ListServersNegativeTestJSON:setUpClass): 200 PUT http://10.180.1.21/networking/v2.0/routers/3acfd077-88aa-436a-81e6-208fc1e1c7ce/add_router_interface 0.994s
2025-11-12 13:59:31.751 66033 INFO tempest.lib.common.dynamic_creds [-] Created isolated network resources for: credentials: Credentials: {'domain_id': 'default', 'domain_name': 'Default', 'username': 'tempest-ListServersNegativeTestJSON-625704867-project-member', 'project_domain_id': 'default', 'project_domain_name': 'Default', 'project_id': 'cca266ed9bcf494ca1fc5a276e191f37', 'project_name': 'tempest-ListServersNegativeTestJSON-625704867', 'tenant_id': 'cca266ed9bcf494ca1fc5a276e191f37', 'tenant_name': 'tempest-ListServersNegativeTestJSON-625704867', 'user_domain_id': 'default', 'user_domain_name': 'Default', 'user_id': '79db3e96697946ee8873ed4bcc861133', 'system': None}, Network: {'id': '34510cd6-173d-4374-aaae-10bceb6631a9', 'name': 'tempest-ListServersNegativeTestJSON-1666065165-network', 'tenant_id': 'cca266ed9bcf494ca1fc5a276e191f37', 'project_id': 'cca266ed9bcf494ca1fc5a276e191f37', 'admin_state_up': True, 'mtu': 8950, 'status': 'ACTIVE', 'subnets': [], 'shared': False, 'port_security_enabled': True, 'router:external': False, 'provider:network_type': 'vlan', 'provider:physical_network': 'default', 'provider:segmentation_id': 913, 'availability_zone_hints': [], 'availability_zones': [], 'ipv4_address_scope': None, 'ipv6_address_scope': None, 'description': '', 'tags': [], 'created_at': '2025-11-12T13:59:29Z', 'updated_at': '2025-11-12T13:59:29Z', 'revision_number': 1}, Subnet: {'id': 'fdd5b5f0-ec28-450a-b348-6dbb8daf07a2', 'name': 'tempest-ListServersNegativeTestJSON-1666065165-subnet', 'tenant_id': 'cca266ed9bcf494ca1fc5a276e191f37', 'network_id': '34510cd6-173d-4374-aaae-10bceb6631a9', 'ip_version': 4, 'subnetpool_id': None, 'enable_dhcp': True, 'ipv6_ra_mode': None, 'ipv6_address_mode': None, 'gateway_ip': '192.168.128.1', 'cidr': '192.168.128.0/28', 'allocation_pools': [{'start': '192.168.128.2', 'end': '192.168.128.14'}], 'host_routes': [], 'dns_nameservers': [], 'description': '', 'router:external': False, 'service_types': [], 'tags': [], 'created_at': '2025-11-12T13:59:29Z', 'updated_at': '2025-11-12T13:59:29Z', 'revision_number': 0, 'project_id': 'cca266ed9bcf494ca1fc5a276e191f37'}, Router: {'id': '3acfd077-88aa-436a-81e6-208fc1e1c7ce', 'name': 'tempest-ListServersNegativeTestJSON-1666065165-router', 'tenant_id': 'cca266ed9bcf494ca1fc5a276e191f37', 'admin_state_up': True, 'status': 'ACTIVE', 'external_gateway_info': {'network_id': 'bc1e209c-325a-4451-8408-991a2af0e7f1', 'external_fixed_ips': [{'subnet_id': 'f7ecfb66-3205-4395-8323-3fbad44fb13b', 'ip_address': '10.180.180.135'}], 'enable_snat': True}, 'description': '', 'availability_zones': [], 'distributed': False, 'ha': False, 'availability_zone_hints': [], 'routes': [], 'flavor_id': None, 'tags': [], 'created_at': '2025-11-12T13:59:29Z', 'updated_at': '2025-11-12T13:59:30Z', 'revision_number': 2, 'project_id': 'cca266ed9bcf494ca1fc5a276e191f37'}
2025-11-12 13:59:31.789 66037 INFO tempest.lib.common.rest_client [req-33d4f085-f140-4003-9721-03b4fc57cf39 req-33d4f085-f140-4003-9721-03b4fc57cf39 ] Request (InstanceActionsV221TestJSON:setUpClass): 200 GET http://10.180.1.21/identity/v3/domains?name=Default 0.040s
2025-11-12 13:59:31.792 66051 INFO tempest.lib.common.rest_client [req-2754fe2b-1317-4a31-8b72-3a0b8fe884cc req-2754fe2b-1317-4a31-8b72-3a0b8fe884cc ] Request (MigrationsAdminTest:test_resize_server_revert_deleted_flavor): 200 GET http://10.180.1.21/compute/v2.1/servers/b2fd0069-af18-4609-85fe-a9a1153bbf8f 2.084s
2025-11-12 13:59:31.841 66037 INFO tempest.lib.common.rest_client [req-6edc25ea-74dc-4141-ae8a-01435a8ccb21 req-6edc25ea-74dc-4141-ae8a-01435a8ccb21 ] Request (InstanceActionsV221TestJSON:setUpClass): 201 POST http://10.180.1.21/identity/v3/projects 0.051s
2025-11-12 13:59:31.858 66075 INFO tempest.lib.common.rest_client [req-888df32d-77a1-49b9-8bb5-cd5900c20d3a req-888df32d-77a1-49b9-8bb5-cd5900c20d3a ] Request (ServersNegativeTestMultiTenantJSON:setUpClass): 200 GET http://10.180.1.21/compute/v2.1/servers/aa25ae07-876c-4bce-8e69-516ef40585c1 2.026s
2025-11-12 13:59:31.866 66033 INFO tempest.lib.common.rest_client [req-f30830fb-6eb0-4953-b564-d488f4e7946b req-f30830fb-6eb0-4953-b564-d488f4e7946b ] Request (ListServersNegativeTestJSON:setUpClass): 201 POST http://10.180.1.21/identity/v3/auth/tokens 0.110s
2025-11-12 13:59:31.867 66075 INFO tempest.common.waiters [-] State transition "BUILD/spawning" ==> "ACTIVE/None" after 49 second wait
2025-11-12 13:59:31.885 66071 INFO tempest.lib.common.rest_client [req-24e0773a-a4c1-44f1-9c78-03d0f8c9ba4d req-24e0773a-a4c1-44f1-9c78-03d0f8c9ba4d ] Request (ImagesOneServerNegativeTestJSON:_run_cleanups): 200 GET http://10.180.1.21/compute/v2.1/servers/07d51f66-f69e-4669-8c7d-dc89c3150c26 1.987s
2025-11-12 13:59:31.924 66037 INFO tempest.lib.common.rest_client [req-e86f905f-fdba-47e2-ab4f-54caf18f9a31 req-e86f905f-fdba-47e2-ab4f-54caf18f9a31 ] Request (InstanceActionsV221TestJSON:setUpClass): 201 POST http://10.180.1.21/identity/v3/users 0.083s
2025-11-12 13:59:31.931 66033 INFO tempest.lib.common.rest_client [req-f13a9731-282d-4a0a-a241-fac388ad986f req-f13a9731-282d-4a0a-a241-fac388ad986f ] Request (ListServersNegativeTestJSON:setUpClass): 201 POST http://10.180.1.21/identity/v3/auth/tokens 0.060s
2025-11-12 13:59:31.932 66033 INFO tempest.lib.common.fixed_network [-] (ListServersNegativeTestJSON:setUpClass) Found network {'id': '34510cd6-173d-4374-aaae-10bceb6631a9', 'name': 'tempest-ListServersNegativeTestJSON-1666065165-network', 'tenant_id': 'cca266ed9bcf494ca1fc5a276e191f37', 'project_id': 'cca266ed9bcf494ca1fc5a276e191f37', 'admin_state_up': True, 'mtu': 8950, 'status': 'ACTIVE', 'subnets': [], 'shared': False, 'port_security_enabled': True, 'router:external': False, 'provider:network_type': 'vlan', 'provider:physical_network': 'default', 'provider:segmentation_id': 913, 'availability_zone_hints': [], 'availability_zones': [], 'ipv4_address_scope': None, 'ipv6_address_scope': None, 'description': '', 'tags': [], 'created_at': '2025-11-12T13:59:29Z', 'updated_at': '2025-11-12T13:59:29Z', 'revision_number': 1} available for tenant
2025-11-12 13:59:31.935 66053 INFO tempest.lib.common.rest_client [req-60c11e9c-d92d-49f4-93d8-1064b4acbada req-60c11e9c-d92d-49f4-93d8-1064b4acbada ] Request (ServerActionsTestOtherB:setUpClass): 200 GET http://10.180.1.21/compute/v2.1/servers/a0da3f82-29bb-403e-b3c0-50467a27b06f 1.904s
2025-11-12 13:59:31.949 66065 INFO tempest.lib.common.rest_client [req-92521043-19ea-4337-919c-6ae11685d0ba req-92521043-19ea-4337-919c-6ae11685d0ba ] Request (ServerAddressesNegativeTestJSON:setUpClass): 200 GET http://10.180.1.21/compute/v2.1/servers/b7b1e994-b6ba-4925-9ec9-a8db52a50c36 1.991s
2025-11-12 13:59:31.954 66037 INFO tempest.lib.common.rest_client [req-7f6b7ba5-3bcf-4b4c-bbf7-cc7fc4ea47cc req-7f6b7ba5-3bcf-4b4c-bbf7-cc7fc4ea47cc ] Request (InstanceActionsV221TestJSON:setUpClass): 200 GET http://10.180.1.21/identity/v3/roles 0.029s
2025-11-12 13:59:31.987 66037 INFO tempest.lib.common.rest_client [req-80761d4a-743d-4052-9edf-74bfcd0e4c65 req-80761d4a-743d-4052-9edf-74bfcd0e4c65 ] Request (InstanceActionsV221TestJSON:setUpClass): 204 PUT http://10.180.1.21/identity/v3/projects/3771c6bd0f4346de8fdd621600400359/users/9cf7041d043747e9aca9bb02f73537f4/roles/6f23974f78f041a2a0eac2f9e83080cd 0.032s
2025-11-12 13:59:31.987 66037 INFO tempest.lib.common.dynamic_creds [-] Dynamic test user 9cf7041d043747e9aca9bb02f73537f4 is created with scope project and roles: ['member']
2025-11-12 13:59:31.988 66037 INFO tempest.lib.common.dynamic_creds [-] Acquired dynamic creds: credentials: Credentials: {'domain_id': 'default', 'domain_name': 'Default', 'username': 'tempest-InstanceActionsV221TestJSON-1500077314-project-member', 'project_domain_id': 'default', 'project_domain_name': 'Default', 'project_id': '3771c6bd0f4346de8fdd621600400359', 'project_name': 'tempest-InstanceActionsV221TestJSON-1500077314', 'tenant_id': '3771c6bd0f4346de8fdd621600400359', 'tenant_name': 'tempest-InstanceActionsV221TestJSON-1500077314', 'user_domain_id': 'default', 'user_domain_name': 'Default', 'user_id': '9cf7041d043747e9aca9bb02f73537f4', 'system': None}, Network: None, Subnet: None, Router: None
2025-11-12 13:59:32.037 66047 INFO tempest.lib.common.rest_client [req-884e5e09-10a9-40bb-ba4f-ad9743b636af req-884e5e09-10a9-40bb-ba4f-ad9743b636af ] Request (ImagesNegativeTestJSON:test_create_image_from_deleted_server): 200 GET http://10.180.1.21/compute/v2.1/servers/130f4304-da3b-41dd-8c72-a000d1385d34 1.759s
2025-11-12 13:59:32.068 66027 INFO tempest.lib.common.rest_client [req-7dec1fef-1eb8-4f81-866f-b6798c2d1ce5 req-7dec1fef-1eb8-4f81-866f-b6798c2d1ce5 ] Request (ImagesTestJSON:test_create_server_from_snapshot): 200 GET http://10.180.1.21/compute/v2.1/servers/724f1577-4485-4666-8c2c-08da72d6d252 1.876s
2025-11-12 13:59:32.071 66037 INFO tempest.lib.common.rest_client [req-504fa8cc-1b18-4656-a892-ea384e277f07 req-504fa8cc-1b18-4656-a892-ea384e277f07 ] Request (InstanceActionsV221TestJSON:setUpClass): 201 POST http://10.180.1.21/identity/v3/auth/tokens 0.082s
2025-11-12 13:59:32.095 66069 INFO tempest.lib.common.rest_client [req-ec84d728-357d-40d3-a34c-8e6f875bda82 req-ec84d728-357d-40d3-a34c-8e6f875bda82 ] Request (FloatingIPsAssociationTestJSON:tearDownClass): 404 GET http://10.180.1.21/compute/v2.1/servers/29f39c93-7364-43f8-aa5d-e4c5c4768b4e 1.573s
2025-11-12 13:59:32.107 66049 INFO tempest.lib.common.rest_client [req-d3b31821-9d2b-4227-a68d-f8b3e557e1dd req-d3b31821-9d2b-4227-a68d-f8b3e557e1dd ] Request (MultipleCreateTestJSON:test_multiple_create_with_reservation_return): 200 GET http://10.180.1.21/compute/v2.1/servers/a09ccf49-3a47-496a-91f8-0def76192316 1.765s
2025-11-12 13:59:32.180 66061 INFO tempest.lib.common.rest_client [req-2c4e4e27-6683-4b44-9d48-545ca67fa909 req-2c4e4e27-6683-4b44-9d48-545ca67fa909 ] Request (ServerDiskConfigTestJSON:test_rebuild_server_with_manual_disk_config): 200 GET http://10.180.1.21/compute/v2.1/servers/eed1f333-d088-4bfe-9b5d-550c6f3383c7 1.650s
2025-11-12 13:59:32.204 66060 INFO tempest.lib.common.rest_client [req-90a5782f-c9c6-43c1-ab67-ec1506d25cb0 req-90a5782f-c9c6-43c1-ab67-ec1506d25cb0 ] Request (ServerShowV247Test:tearDownClass): 200 GET http://10.180.1.21/compute/v2.1/servers/ef3aeb1a-227b-4a91-b26b-682dabab6de2 0.890s
2025-11-12 13:59:32.297 66040 INFO tempest.lib.common.rest_client [req-8704fd10-3416-4a0d-a1c2-fb966ad97a68 req-8704fd10-3416-4a0d-a1c2-fb966ad97a68 ] Request (ServerRescueTestJSON:tearDownClass): 204 DELETE http://10.180.1.21/compute/v2.1/servers/dae2ff6d-4091-43d7-8496-dd0a73b9a33d 0.658s
2025-11-12 13:59:32.355 66085 INFO tempest.lib.common.rest_client [req-6f398046-138a-4af6-8358-2822fd4a02c9 req-6f398046-138a-4af6-8358-2822fd4a02c9 ] Request (ServersTestMultiNic:test_verify_duplicate_network_nics): 200 GET http://10.180.1.21/compute/v2.1/servers/6f75e8cb-33f8-476f-b2f5-a821d879b1ad 0.608s
2025-11-12 13:59:32.400 66031 INFO tempest.lib.common.rest_client [req-de3df75f-8e2b-4782-933e-ee77a5960f50 req-de3df75f-8e2b-4782-933e-ee77a5960f50 ] Request (AttachInterfacesTestJSON:_run_cleanups): 200 GET http://10.180.1.21/compute/v2.1/servers/98ac6215-92ea-4ae6-942b-05465d11b81e 0.625s
2025-11-12 13:59:32.421 66037 INFO tempest.lib.common.rest_client [req-0d3a436a-9a3a-4741-b9fa-104a588d2dee req-0d3a436a-9a3a-4741-b9fa-104a588d2dee ] Request (InstanceActionsV221TestJSON:setUpClass): 201 POST http://10.180.1.21/networking/v2.0/networks 0.350s
2025-11-12 13:59:32.487 66075 INFO tempest.lib.common.rest_client [req-deb518f3-0373-4c3b-b1c7-61ae731440d3 req-deb518f3-0373-4c3b-b1c7-61ae731440d3 ] Request (ServersNegativeTestMultiTenantJSON:setUp): 200 GET http://10.180.1.21/compute/v2.1/servers/aa25ae07-876c-4bce-8e69-516ef40585c1 0.619s
2025-11-12 13:59:32.550 66043 INFO tempest.lib.common.rest_client [req-e0c11304-1553-45a7-9806-2c98644054d0 req-e0c11304-1553-45a7-9806-2c98644054d0 ] Request (ServersAdminTestJSON:test_create_server_with_scheduling_hint): 200 GET http://10.180.1.21/compute/v2.1/servers/c82c6d01-056d-4375-a0cc-c220129e88bb 0.610s
2025-11-12 13:59:32.590 66079 INFO tempest.lib.common.rest_client [req-c0d115f6-dfc6-4f0f-a032-cd157e3fc2f4 req-c0d115f6-dfc6-4f0f-a032-cd157e3fc2f4 ] Request (VolumesAssistedSnapshotsTest:test_volume_assisted_snapshot_create_delete): 200 GET http://10.180.1.21/volume/v3/volumes/0157170e-c534-4611-ac5a-14c1863af863 0.040s
2025-11-12 13:59:32.606 66035 INFO tempest.lib.common.rest_client [req-c6028da7-dfd5-4e31-acdd-9ef8f9f81707 req-c6028da7-dfd5-4e31-acdd-9ef8f9f81707 ] Request (ServersNegativeTestJSON:setUpClass): 200 GET http://10.180.1.21/compute/v2.1/servers/06015ddf-4ada-4b91-b1a5-6fcbc34ca6f2 0.660s
2025-11-12 13:59:32.614 66037 INFO tempest.lib.common.rest_client [req-f993dc0c-fb63-4293-8c6e-d61fec3be041 req-f993dc0c-fb63-4293-8c6e-d61fec3be041 ] Request (InstanceActionsV221TestJSON:setUpClass): 201 POST http://10.180.1.21/networking/v2.0/subnets 0.193s
2025-11-12 13:59:33.426 66037 INFO tempest.lib.common.rest_client [req-a853a3dd-81c0-4ac8-8099-e9ed0ce4a6d5 req-a853a3dd-81c0-4ac8-8099-e9ed0ce4a6d5 ] Request (InstanceActionsV221TestJSON:setUpClass): 201 POST http://10.180.1.21/networking/v2.0/routers 0.811s
2025-11-12 13:59:33.485 66033 INFO tempest.lib.common.rest_client [req-1efa6444-8cb0-4595-8a5a-29ddd4b051b5 req-1efa6444-8cb0-4595-8a5a-29ddd4b051b5 ] Request (ListServersNegativeTestJSON:setUpClass): 202 POST http://10.180.1.21/compute/v2.1/servers 1.552s
2025-11-12 13:59:33.620 66069 INFO tempest.lib.common.rest_client [req-c0170ed9-5803-4397-841c-de046373837e req-c0170ed9-5803-4397-841c-de046373837e ] Request (FloatingIPsAssociationTestJSON:tearDownClass): 202 DELETE http://10.180.1.21/compute/v2.1/os-floating-ips/8782b51a-37c5-47e3-ac7e-3415a86e07b9 1.523s
2025-11-12 13:59:33.647 66079 INFO tempest.lib.common.rest_client [req-fba0d232-3a1f-468c-ac98-8b83918a3772 req-fba0d232-3a1f-468c-ac98-8b83918a3772 ] Request (VolumesAssistedSnapshotsTest:test_volume_assisted_snapshot_create_delete): 200 GET http://10.180.1.21/volume/v3/volumes/0157170e-c534-4611-ac5a-14c1863af863 0.043s
2025-11-12 13:59:33.656 66029 INFO tempest.lib.common.rest_client [req-8a56ac4f-2f76-4c4b-9d14-e7012a789364 req-8a56ac4f-2f76-4c4b-9d14-e7012a789364 ] Request (ServersListShow298Test:tearDownClass): 200 GET http://10.180.1.21/compute/v2.1/servers/864dece2-f50d-4fe9-b3dc-cc890d8074aa 1.364s
2025-11-12 13:59:34.160 66057 INFO tempest.lib.common.rest_client [req-88d83c40-975b-49f7-b93a-d7f076964201 req-88d83c40-975b-49f7-b93a-d7f076964201 ] Request (ServersListShow2100Test:tearDownClass): 200 GET http://10.180.1.21/compute/v2.1/servers/68d2f188-b402-4d7e-9cfd-63095c341e35 1.847s
2025-11-12 13:59:34.191 66040 INFO tempest.lib.common.rest_client [req-2f00fb2f-f300-4d70-b16c-36c2d23a2354 req-2f00fb2f-f300-4d70-b16c-36c2d23a2354 ] Request (ServerRescueTestJSON:tearDownClass): 200 GET http://10.180.1.21/compute/v2.1/servers/dae2ff6d-4091-43d7-8496-dd0a73b9a33d 1.892s
2025-11-12 13:59:34.540 66037 INFO tempest.lib.common.rest_client [req-ee1cdf15-416a-463c-bdfe-d259d730c411 req-ee1cdf15-416a-463c-bdfe-d259d730c411 ] Request (InstanceActionsV221TestJSON:setUpClass): 200 PUT http://10.180.1.21/networking/v2.0/routers/7325f2e2-3ee3-4de6-b8da-8c72b34c5d7e/add_router_interface 1.114s
2025-11-12 13:59:34.541 66037 INFO tempest.lib.common.dynamic_creds [-] Created isolated network resources for: credentials: Credentials: {'domain_id': 'default', 'domain_name': 'Default', 'username': 'tempest-InstanceActionsV221TestJSON-1500077314-project-member', 'project_domain_id': 'default', 'project_domain_name': 'Default', 'project_id': '3771c6bd0f4346de8fdd621600400359', 'project_name': 'tempest-InstanceActionsV221TestJSON-1500077314', 'tenant_id': '3771c6bd0f4346de8fdd621600400359', 'tenant_name': 'tempest-InstanceActionsV221TestJSON-1500077314', 'user_domain_id': 'default', 'user_domain_name': 'Default', 'user_id': '9cf7041d043747e9aca9bb02f73537f4', 'system': None}, Network: {'id': 'd772296c-9242-4d1d-a0c3-cf550314d2e8', 'name': 'tempest-InstanceActionsV221TestJSON-1485352847-network', 'tenant_id': '3771c6bd0f4346de8fdd621600400359', 'project_id': '3771c6bd0f4346de8fdd621600400359', 'admin_state_up': True, 'mtu': 8950, 'status': 'ACTIVE', 'subnets': [], 'shared': False, 'port_security_enabled': True, 'router:external': False, 'provider:network_type': 'vlan', 'provider:physical_network': 'default', 'provider:segmentation_id': 291, 'availability_zone_hints': [], 'availability_zones': [], 'ipv4_address_scope': None, 'ipv6_address_scope': None, 'description': '', 'tags': [], 'created_at': '2025-11-12T13:59:32Z', 'updated_at': '2025-11-12T13:59:32Z', 'revision_number': 1}, Subnet: {'id': 'a44c7276-0b40-413c-9131-bbd418c042c5', 'name': 'tempest-InstanceActionsV221TestJSON-1485352847-subnet', 'tenant_id': '3771c6bd0f4346de8fdd621600400359', 'network_id': 'd772296c-9242-4d1d-a0c3-cf550314d2e8', 'ip_version': 4, 'subnetpool_id': None, 'enable_dhcp': True, 'ipv6_ra_mode': None, 'ipv6_address_mode': None, 'gateway_ip': '192.168.128.1', 'cidr': '192.168.128.0/28', 'allocation_pools': [{'start': '192.168.128.2', 'end': '192.168.128.14'}], 'host_routes': [], 'dns_nameservers': [], 'description': '', 'router:external': False, 'service_types': [], 'tags': [], 'created_at': '2025-11-12T13:59:32Z', 'updated_at': '2025-11-12T13:59:32Z', 'revision_number': 0, 'project_id': '3771c6bd0f4346de8fdd621600400359'}, Router: {'id': '7325f2e2-3ee3-4de6-b8da-8c72b34c5d7e', 'name': 'tempest-InstanceActionsV221TestJSON-1485352847-router', 'tenant_id': '3771c6bd0f4346de8fdd621600400359', 'admin_state_up': True, 'status': 'ACTIVE', 'external_gateway_info': {'network_id': 'bc1e209c-325a-4451-8408-991a2af0e7f1', 'external_fixed_ips': [{'subnet_id': 'f7ecfb66-3205-4395-8323-3fbad44fb13b', 'ip_address': '10.180.180.246'}], 'enable_snat': True}, 'description': '', 'availability_zones': [], 'distributed': False, 'ha': False, 'availability_zone_hints': [], 'routes': [], 'flavor_id': None, 'tags': [], 'created_at': '2025-11-12T13:59:32Z', 'updated_at': '2025-11-12T13:59:33Z', 'revision_number': 2, 'project_id': '3771c6bd0f4346de8fdd621600400359'}
2025-11-12 13:59:34.572 66063 INFO tempest.lib.common.rest_client [req-0be687fc-08a5-4050-b59e-c876413595eb req-0be687fc-08a5-4050-b59e-c876413595eb ] Request (DeleteServersTestJSON:test_delete_server_while_in_attached_volume): 200 GET http://10.180.1.21/compute/v2.1/servers/ebb577ed-83bb-4b8a-8e50-022af75e568d 2.208s
2025-11-12 13:59:34.611 66055 INFO tempest.lib.common.rest_client [req-ae9faf56-c1e4-4776-baf1-cb3c59a4848f req-ae9faf56-c1e4-4776-baf1-cb3c59a4848f ] Request (AttachInterfacesV270Test:test_create_get_list_interfaces): 200 GET http://10.180.1.21/compute/v2.1/servers/e1389e87-73a9-4e2f-aecf-61fbedfe6d50 2.222s
2025-11-12 13:59:34.651 66037 INFO tempest.lib.common.rest_client [req-ea000891-9d6a-47ff-9519-112572026daf req-ea000891-9d6a-47ff-9519-112572026daf ] Request (InstanceActionsV221TestJSON:setUpClass): 201 POST http://10.180.1.21/identity/v3/auth/tokens 0.107s
2025-11-12 13:59:34.670 66075 INFO tempest.lib.common.rest_client [req-b6ef9ce5-8fc0-4a19-8036-cad982985599 req-b6ef9ce5-8fc0-4a19-8036-cad982985599 ] Request (ServersNegativeTestMultiTenantJSON:test_delete_a_server_of_another_tenant): 404 DELETE http://10.180.1.21/compute/v2.1/servers/aa25ae07-876c-4bce-8e69-516ef40585c1 2.175s
2025-11-12 13:59:34.693 66037 INFO tempest.lib.common.rest_client [req-6fcea8ab-f6b8-4988-95c3-131bbb56254e req-6fcea8ab-f6b8-4988-95c3-131bbb56254e ] Request (InstanceActionsV221TestJSON:test_get_list_deleted_instance_actions): 201 POST http://10.180.1.21/identity/v3/auth/tokens 0.037s
2025-11-12 13:59:34.694 66037 INFO tempest.lib.common.fixed_network [-] (InstanceActionsV221TestJSON:test_get_list_deleted_instance_actions) Found network {'id': 'd772296c-9242-4d1d-a0c3-cf550314d2e8', 'name': 'tempest-InstanceActionsV221TestJSON-1485352847-network', 'tenant_id': '3771c6bd0f4346de8fdd621600400359', 'project_id': '3771c6bd0f4346de8fdd621600400359', 'admin_state_up': True, 'mtu': 8950, 'status': 'ACTIVE', 'subnets': [], 'shared': False, 'port_security_enabled': True, 'router:external': False, 'provider:network_type': 'vlan', 'provider:physical_network': 'default', 'provider:segmentation_id': 291, 'availability_zone_hints': [], 'availability_zones': [], 'ipv4_address_scope': None, 'ipv6_address_scope': None, 'description': '', 'tags': [], 'created_at': '2025-11-12T13:59:32Z', 'updated_at': '2025-11-12T13:59:32Z', 'revision_number': 1} available for tenant
2025-11-12 13:59:34.697 66067 INFO tempest.lib.common.rest_client [req-2585bead-3832-40f5-abf9-d9ac57a832a3 req-2585bead-3832-40f5-abf9-d9ac57a832a3 ] Request (ListImageFiltersTestJSON:tearDownClass): 200 GET http://10.180.1.21/compute/v2.1/servers/94489265-db60-4f79-ba92-bdc5cf26dd17 2.090s
2025-11-12 13:59:34.702 66079 INFO tempest.lib.common.rest_client [req-dbccd10f-4b60-4d92-875a-6840c424567d req-dbccd10f-4b60-4d92-875a-6840c424567d ] Request (VolumesAssistedSnapshotsTest:test_volume_assisted_snapshot_create_delete): 200 GET http://10.180.1.21/volume/v3/volumes/0157170e-c534-4611-ac5a-14c1863af863 0.044s
2025-11-12 13:59:35.033 66071 INFO tempest.lib.common.rest_client [req-3c957d2c-4683-4586-90f3-a084084d5169 req-3c957d2c-4683-4586-90f3-a084084d5169 ] Request (ImagesOneServerNegativeTestJSON:_run_cleanups): 200 GET http://10.180.1.21/compute/v2.1/servers/07d51f66-f69e-4669-8c7d-dc89c3150c26 2.136s
2025-11-12 13:59:35.065 66051 INFO tempest.lib.common.rest_client [req-cf0436f5-2732-400c-bb0d-ad9582eb4ac6 req-cf0436f5-2732-400c-bb0d-ad9582eb4ac6 ] Request (MigrationsAdminTest:test_resize_server_revert_deleted_flavor): 200 GET http://10.180.1.21/compute/v2.1/servers/b2fd0069-af18-4609-85fe-a9a1153bbf8f 2.261s
2025-11-12 13:59:35.101 66053 INFO tempest.lib.common.rest_client [req-d020a913-e6b9-4ebb-b589-c2cfad37e558 req-d020a913-e6b9-4ebb-b589-c2cfad37e558 ] Request (ServerActionsTestOtherB:setUpClass): 200 GET http://10.180.1.21/compute/v2.1/servers/a0da3f82-29bb-403e-b3c0-50467a27b06f 2.156s
2025-11-12 13:59:35.214 66047 INFO tempest.lib.common.rest_client [req-f0305894-5501-4e15-9207-4a1e3ce73a97 req-f0305894-5501-4e15-9207-4a1e3ce73a97 ] Request (ImagesNegativeTestJSON:test_create_image_from_deleted_server): 200 GET http://10.180.1.21/compute/v2.1/servers/130f4304-da3b-41dd-8c72-a000d1385d34 2.166s
2025-11-12 13:59:35.257 66065 INFO tempest.lib.common.rest_client [req-efe08bc4-48c0-4579-a0e5-776251910e9f req-efe08bc4-48c0-4579-a0e5-776251910e9f ] Request (ServerAddressesNegativeTestJSON:setUpClass): 200 GET http://10.180.1.21/compute/v2.1/servers/b7b1e994-b6ba-4925-9ec9-a8db52a50c36 2.296s
2025-11-12 13:59:35.267 66065 INFO tempest.common.waiters [-] State transition "BUILD/None" ==> "BUILD/spawning" after 53 second wait
2025-11-12 13:59:35.388 66049 INFO tempest.lib.common.rest_client [req-169ea020-c44c-4a4c-aafc-4faed559f622 req-169ea020-c44c-4a4c-aafc-4faed559f622 ] Request (MultipleCreateTestJSON:test_multiple_create_with_reservation_return): 200 GET http://10.180.1.21/compute/v2.1/servers/a09ccf49-3a47-496a-91f8-0def76192316 2.272s
2025-11-12 13:59:35.397 66049 INFO tempest.common.waiters [-] State transition "BUILD/scheduling" ==> "BUILD/None" after 21 second wait
2025-11-12 13:59:35.418 66027 INFO tempest.lib.common.rest_client [req-3ebc36e7-a382-463d-9d35-8db5126b36b6 req-3ebc36e7-a382-463d-9d35-8db5126b36b6 ] Request (ImagesTestJSON:test_create_server_from_snapshot): 200 GET http://10.180.1.21/compute/v2.1/servers/724f1577-4485-4666-8c2c-08da72d6d252 2.339s
2025-11-12 13:59:35.427 66027 INFO tempest.common.waiters [-] State transition "BUILD/spawning" ==> "ACTIVE/None" after 53 second wait
2025-11-12 13:59:35.452 66061 INFO tempest.lib.common.rest_client [req-b89b4912-497b-4157-9ea1-766284a51e65 req-b89b4912-497b-4157-9ea1-766284a51e65 ] Request (ServerDiskConfigTestJSON:test_rebuild_server_with_manual_disk_config): 200 GET http://10.180.1.21/compute/v2.1/servers/eed1f333-d088-4bfe-9b5d-550c6f3383c7 2.261s
2025-11-12 13:59:35.494 66060 INFO tempest.lib.common.rest_client [req-77da5e7f-269b-4915-9e43-228bbc3acabd req-77da5e7f-269b-4915-9e43-228bbc3acabd ] Request (ServerShowV247Test:tearDownClass): 200 GET http://10.180.1.21/compute/v2.1/servers/ef3aeb1a-227b-4a91-b26b-682dabab6de2 2.280s
2025-11-12 13:59:35.619 66031 INFO tempest.lib.common.rest_client [req-3c5e4d5b-513d-453c-b265-b4b308bf6236 req-3c5e4d5b-513d-453c-b265-b4b308bf6236 ] Request (AttachInterfacesTestJSON:_run_cleanups): 200 GET http://10.180.1.21/compute/v2.1/servers/98ac6215-92ea-4ae6-942b-05465d11b81e 2.206s
2025-11-12 13:59:35.646 66085 INFO tempest.lib.common.rest_client [req-db8cb17d-fa19-406a-961f-d073b71a12a8 req-db8cb17d-fa19-406a-961f-d073b71a12a8 ] Request (ServersTestMultiNic:test_verify_duplicate_network_nics): 200 GET http://10.180.1.21/compute/v2.1/servers/6f75e8cb-33f8-476f-b2f5-a821d879b1ad 2.279s
2025-11-12 13:59:35.649 66041 INFO paramiko.transport [-] Connected (version 2.0, client dropbear_2020.81)
2025-11-12 13:59:35.655 66085 INFO tempest.common.waiters [-] State transition "BUILD/spawning" ==> "ACTIVE/None" after 54 second wait
2025-11-12 13:59:35.677 66033 INFO tempest.lib.common.rest_client [req-5e227347-2537-488e-94d4-aba7d971b998 req-5e227347-2537-488e-94d4-aba7d971b998 ] Request (ListServersNegativeTestJSON:setUpClass): 200 GET http://10.180.1.21/compute/v2.1/servers 2.189s
2025-11-12 13:59:35.718 66041 INFO paramiko.transport [-] Authentication (publickey) successful!
2025-11-12 13:59:35.718 66041 INFO tempest.lib.common.ssh [-] ssh connection to cirros@10.180.180.221 successfully created
2025-11-12 13:59:35.719 66043 INFO tempest.lib.common.rest_client [req-43c97a45-1de9-4d22-980e-5c5f5db3e3d3 req-43c97a45-1de9-4d22-980e-5c5f5db3e3d3 ] Request (ServersAdminTestJSON:test_create_server_with_scheduling_hint): 200 GET http://10.180.1.21/compute/v2.1/servers/c82c6d01-056d-4375-a0cc-c220129e88bb 2.158s
2025-11-12 13:59:35.746 66035 INFO tempest.lib.common.rest_client [req-95c39a7a-cc74-48c1-9044-1e8bf58f8e9c req-95c39a7a-cc74-48c1-9044-1e8bf58f8e9c ] Request (ServersNegativeTestJSON:setUpClass): 200 GET http://10.180.1.21/compute/v2.1/servers/06015ddf-4ada-4b91-b1a5-6fcbc34ca6f2 2.132s
2025-11-12 13:59:35.758 66079 INFO tempest.lib.common.rest_client [req-cf93fefb-a6dd-4217-9369-9020a8413eb4 req-cf93fefb-a6dd-4217-9369-9020a8413eb4 ] Request (VolumesAssistedSnapshotsTest:test_volume_assisted_snapshot_create_delete): 200 GET http://10.180.1.21/volume/v3/volumes/0157170e-c534-4611-ac5a-14c1863af863 0.047s
2025-11-12 13:59:35.827 66069 INFO tempest.lib.common.rest_client [req-0afab36d-89be-4aa4-8139-9ca2c7543bb3 req-0afab36d-89be-4aa4-8139-9ca2c7543bb3 ] Request (FloatingIPsAssociationTestJSON:tearDownClass): 204 DELETE http://10.180.1.21/compute/v2.1/servers/1a409db9-d2ae-41e2-b438-235776734f4e 2.206s
2025-11-12 13:59:35.889 66075 INFO tempest.lib.common.rest_client [req-57134ac9-bb0e-4a57-b3be-13501182b260 req-57134ac9-bb0e-4a57-b3be-13501182b260 ] Request (ServersNegativeTestMultiTenantJSON:setUp): 200 GET http://10.180.1.21/compute/v2.1/servers/aa25ae07-876c-4bce-8e69-516ef40585c1 1.217s
2025-11-12 13:59:35.906 66029 INFO tempest.lib.common.rest_client [req-b37382bd-2187-412f-861e-218d07126477 req-b37382bd-2187-412f-861e-218d07126477 ] Request (ServersListShow298Test:tearDownClass): 200 GET http://10.180.1.21/compute/v2.1/servers/864dece2-f50d-4fe9-b3dc-cc890d8074aa 1.232s
2025-11-12 13:59:36.002 66057 INFO tempest.lib.common.rest_client [req-df57f9c1-d808-477a-8390-381bec094c6e req-df57f9c1-d808-477a-8390-381bec094c6e ] Request (ServersListShow2100Test:tearDownClass): 200 GET http://10.180.1.21/compute/v2.1/servers/68d2f188-b402-4d7e-9cfd-63095c341e35 0.823s
2025-11-12 13:59:36.055 66040 INFO tempest.lib.common.rest_client [req-882f0ce2-3768-4b7d-8466-8d3a87048fb7 req-882f0ce2-3768-4b7d-8466-8d3a87048fb7 ] Request (ServerRescueTestJSON:tearDownClass): 200 GET http://10.180.1.21/compute/v2.1/servers/dae2ff6d-4091-43d7-8496-dd0a73b9a33d 0.845s
2025-11-12 13:59:36.061 66040 INFO tempest.common.waiters [-] State transition "ACTIVE/deleting" ==> "DELETED/None" after 2 second wait
2025-11-12 13:59:36.251 66037 INFO tempest.lib.common.rest_client [req-d2339162-f8ad-4a51-9b7e-fd531bb6ce9a req-d2339162-f8ad-4a51-9b7e-fd531bb6ce9a ] Request (InstanceActionsV221TestJSON:test_get_list_deleted_instance_actions): 202 POST http://10.180.1.21/compute/v2.1/servers 1.556s
2025-11-12 13:59:36.326 66063 INFO tempest.lib.common.rest_client [req-346b67b1-38e6-49ad-a3db-49614e30d875 req-346b67b1-38e6-49ad-a3db-49614e30d875 ] Request (DeleteServersTestJSON:test_delete_server_while_in_attached_volume): 200 GET http://10.180.1.21/compute/v2.1/servers/ebb577ed-83bb-4b8a-8e50-022af75e568d 0.737s
2025-11-12 13:59:36.402 66055 INFO tempest.lib.common.rest_client [req-b26d8bef-e99b-4727-ae6c-e9183641294b req-b26d8bef-e99b-4727-ae6c-e9183641294b ] Request (AttachInterfacesV270Test:test_create_get_list_interfaces): 200 GET http://10.180.1.21/compute/v2.1/servers/e1389e87-73a9-4e2f-aecf-61fbedfe6d50 0.780s
2025-11-12 13:59:36.430 66085 INFO tempest.lib.common.rest_client [req-5305a1fd-0bd9-47e6-89bd-f89cf152e678 req-5305a1fd-0bd9-47e6-89bd-f89cf152e678 ] Request (ServersTestMultiNic:test_verify_duplicate_network_nics): 200 GET http://10.180.1.21/compute/v2.1/servers/6f75e8cb-33f8-476f-b2f5-a821d879b1ad/ips 0.774s
2025-11-12 13:59:36.486 66033 INFO tempest.lib.common.rest_client [req-3df34807-d7eb-44cc-b4ee-f5bda8491279 req-3df34807-d7eb-44cc-b4ee-f5bda8491279 ] Request (ListServersNegativeTestJSON:setUpClass): 200 GET http://10.180.1.21/compute/v2.1/servers/17de52dc-6ec5-4042-b1f4-8e927bfea59d 0.807s
2025-11-12 13:59:36.555 66067 INFO tempest.lib.common.rest_client [req-3713e5c9-d418-47d8-808c-89678c680eca req-3713e5c9-d418-47d8-808c-89678c680eca ] Request (ListImageFiltersTestJSON:tearDownClass): 200 GET http://10.180.1.21/compute/v2.1/servers/94489265-db60-4f79-ba92-bdc5cf26dd17 0.848s
2025-11-12 13:59:36.560 66027 INFO tempest.lib.common.rest_client [req-94443a3a-8aad-43a8-a3b6-6927e621ff40 req-94443a3a-8aad-43a8-a3b6-6927e621ff40 ] Request (ImagesTestJSON:test_create_server_from_snapshot): 202 POST http://10.180.1.21/compute/v2.1/servers/724f1577-4485-4666-8c2c-08da72d6d252/action 1.132s
2025-11-12 13:59:36.654 66041 INFO tempest.lib.common.rest_client [req-1e5d2813-3af6-4eaf-8a97-6b8233040608 req-1e5d2813-3af6-4eaf-8a97-6b8233040608 ] Request (ServersWithSpecificFlavorTestJSON:test_verify_created_server_ephemeral_disk): 204 DELETE http://10.180.1.21/compute/v2.1/servers/fae943b1-aed2-41df-baa2-6bd04d425314 0.918s
2025-11-12 13:59:36.673 66075 INFO tempest.lib.common.rest_client [req-58cf974e-1222-4a09-aa37-c6a8c34a9ca0 req-58cf974e-1222-4a09-aa37-c6a8c34a9ca0 ] Request (ServersNegativeTestMultiTenantJSON:test_update_server_of_another_tenant): 404 PUT http://10.180.1.21/compute/v2.1/servers/aa25ae07-876c-4bce-8e69-516ef40585c1 0.774s
2025-11-12 13:59:36.729 66041 INFO tempest.lib.common.rest_client [req-a7fb91d9-9fea-4294-80f4-a6f9f629f500 req-a7fb91d9-9fea-4294-80f4-a6f9f629f500 ] Request (ServersWithSpecificFlavorTestJSON:test_verify_created_server_ephemeral_disk): 201 POST http://10.180.1.21/identity/v3/auth/tokens 0.071s
2025-11-12 13:59:36.729 66041 INFO tempest.lib.common.fixed_network [-] (ServersWithSpecificFlavorTestJSON:test_verify_created_server_ephemeral_disk) Found network {'id': 'b190f446-2a26-4383-bf88-df4e4efe8dbb', 'name': 'tempest-ServersWithSpecificFlavorTestJSON-1315148054-network', 'tenant_id': '9277844876854bc7aaafeb1c422f2e7d', 'project_id': '9277844876854bc7aaafeb1c422f2e7d', 'admin_state_up': True, 'mtu': 8950, 'status': 'ACTIVE', 'subnets': [], 'shared': False, 'port_security_enabled': True, 'router:external': False, 'provider:network_type': 'vlan', 'provider:physical_network': 'default', 'provider:segmentation_id': 944, 'availability_zone_hints': [], 'availability_zones': [], 'ipv4_address_scope': None, 'ipv6_address_scope': None, 'description': '', 'tags': [], 'created_at': '2025-11-12T13:55:45Z', 'updated_at': '2025-11-12T13:55:45Z', 'revision_number': 1} available for tenant
2025-11-12 13:59:36.734 66069 INFO tempest.lib.common.rest_client [req-db9a81f8-66b8-4fb4-894a-84b09ee1e0b9 req-db9a81f8-66b8-4fb4-894a-84b09ee1e0b9 ] Request (FloatingIPsAssociationTestJSON:tearDownClass): 200 GET http://10.180.1.21/compute/v2.1/servers/1a409db9-d2ae-41e2-b438-235776734f4e 0.907s
2025-11-12 13:59:36.739 66071 INFO tempest.lib.common.rest_client [req-ad6ba50c-1467-46fe-a0d8-4726fdf6ee0e req-ad6ba50c-1467-46fe-a0d8-4726fdf6ee0e ] Request (ImagesOneServerNegativeTestJSON:_run_cleanups): 200 GET http://10.180.1.21/compute/v2.1/servers/07d51f66-f69e-4669-8c7d-dc89c3150c26 0.696s
2025-11-12 13:59:36.788 66053 INFO tempest.lib.common.rest_client [req-c8222efe-2609-456f-892d-80ea0420cac2 req-c8222efe-2609-456f-892d-80ea0420cac2 ] Request (ServerActionsTestOtherB:setUpClass): 200 GET http://10.180.1.21/compute/v2.1/servers/a0da3f82-29bb-403e-b3c0-50467a27b06f 0.676s
2025-11-12 13:59:36.800 66079 INFO tempest.lib.common.rest_client [req-8d22be4b-a7ab-4e92-ad9f-24bd139b8dd8 req-8d22be4b-a7ab-4e92-ad9f-24bd139b8dd8 ] Request (VolumesAssistedSnapshotsTest:test_volume_assisted_snapshot_create_delete): 200 GET http://10.180.1.21/volume/v3/volumes/0157170e-c534-4611-ac5a-14c1863af863 0.031s
2025-11-12 13:59:36.807 66079 INFO tempest.common.waiters [-] Attachment 574c2cb7-56da-4ef5-9313-374a6ff756a9 created for volume 0157170e-c534-4611-ac5a-14c1863af863 to server c43ac99c-981d-40e4-9f64-e8f3954974d4 after waiting for 7.807176 seconds
2025-11-12 13:59:36.841 66079 INFO tempest.lib.common.rest_client [req-f1c7deda-304a-4cff-a56f-8a22bc84db20 req-f1c7deda-304a-4cff-a56f-8a22bc84db20 ] Request (VolumesAssistedSnapshotsTest:test_volume_assisted_snapshot_create_delete): 200 GET http://10.180.1.21/volume/v3/volumes/0157170e-c534-4611-ac5a-14c1863af863 0.034s
2025-11-12 13:59:36.848 66079 INFO tempest.common.waiters [-] volume 0157170e-c534-4611-ac5a-14c1863af863 reached in-use after waiting for 0.848423 seconds
2025-11-12 13:59:36.853 66047 INFO tempest.lib.common.rest_client [req-9a8d968f-c3af-47b0-9fa4-b32cf5fae203 req-9a8d968f-c3af-47b0-9fa4-b32cf5fae203 ] Request (ImagesNegativeTestJSON:test_create_image_from_deleted_server): 200 GET http://10.180.1.21/compute/v2.1/servers/130f4304-da3b-41dd-8c72-a000d1385d34 0.631s
2025-11-12 13:59:36.856 66051 INFO tempest.lib.common.rest_client [req-94b9e36b-6201-446f-b120-10d8d3ef3dc6 req-94b9e36b-6201-446f-b120-10d8d3ef3dc6 ] Request (MigrationsAdminTest:test_resize_server_revert_deleted_flavor): 200 GET http://10.180.1.21/compute/v2.1/servers/b2fd0069-af18-4609-85fe-a9a1153bbf8f 0.781s
2025-11-12 13:59:36.900 66037 INFO tempest.lib.common.rest_client [req-ea9d6b37-4360-461c-a0a1-0915829b9159 req-ea9d6b37-4360-461c-a0a1-0915829b9159 ] Request (InstanceActionsV221TestJSON:test_get_list_deleted_instance_actions): 200 GET http://10.180.1.21/compute/v2.1/servers/89d9a9b7-da2d-4ff4-acd6-4f37c491c25b 0.647s
2025-11-12 13:59:36.975 66065 INFO tempest.lib.common.rest_client [req-22b57365-cb52-4ed8-a950-6cecfc28a7aa req-22b57365-cb52-4ed8-a950-6cecfc28a7aa ] Request (ServerAddressesNegativeTestJSON:setUpClass): 200 GET http://10.180.1.21/compute/v2.1/servers/b7b1e994-b6ba-4925-9ec9-a8db52a50c36 0.706s
2025-11-12 13:59:36.982 66049 INFO tempest.lib.common.rest_client [req-fe23a439-6fed-4271-b64c-287287be7a47 req-fe23a439-6fed-4271-b64c-287287be7a47 ] Request (MultipleCreateTestJSON:test_multiple_create_with_reservation_return): 200 GET http://10.180.1.21/compute/v2.1/servers/a09ccf49-3a47-496a-91f8-0def76192316 0.583s
2025-11-12 13:59:37.032 66061 INFO tempest.lib.common.rest_client [req-930adcca-480d-4c5f-9d19-6100c9a9f080 req-930adcca-480d-4c5f-9d19-6100c9a9f080 ] Request (ServerDiskConfigTestJSON:test_rebuild_server_with_manual_disk_config): 200 GET http://10.180.1.21/compute/v2.1/servers/eed1f333-d088-4bfe-9b5d-550c6f3383c7 0.569s
2025-11-12 13:59:37.053 66085 INFO tempest.lib.common.rest_client [req-f81ec2cf-f7b6-4342-b442-6b58ddd20862 req-f81ec2cf-f7b6-4342-b442-6b58ddd20862 ] Request (ServersTestMultiNic:_run_cleanups): 204 DELETE http://10.180.1.21/compute/v2.1/servers/6f75e8cb-33f8-476f-b2f5-a821d879b1ad 0.622s
2025-11-12 13:59:37.100 66027 INFO tempest.lib.common.rest_client [req-454d5124-96c1-4e3e-8455-4a0cbee4ffff req-454d5124-96c1-4e3e-8455-4a0cbee4ffff ] Request (ImagesTestJSON:test_create_server_from_snapshot): 200 GET http://10.180.1.21/compute/v2.1/images/f0a1404c-ad99-4336-8cd7-f061e1e390e7 0.539s
2025-11-12 13:59:37.120 66060 INFO tempest.lib.common.rest_client [req-2bbc2016-1dda-4c1b-adb9-be3d01b5734c req-2bbc2016-1dda-4c1b-adb9-be3d01b5734c ] Request (ServerShowV247Test:tearDownClass): 200 GET http://10.180.1.21/compute/v2.1/servers/ef3aeb1a-227b-4a91-b26b-682dabab6de2 0.617s
2025-11-12 13:59:37.177 66031 INFO tempest.lib.common.rest_client [req-531127ad-c455-4e20-b4c6-4bac305a7c46 req-531127ad-c455-4e20-b4c6-4bac305a7c46 ] Request (AttachInterfacesTestJSON:_run_cleanups): 200 GET http://10.180.1.21/compute/v2.1/servers/98ac6215-92ea-4ae6-942b-05465d11b81e 0.550s
2025-11-12 13:59:37.237 66075 INFO tempest.lib.common.rest_client [req-c5430ca4-fbfd-43ec-9881-333fa7610fe6 req-c5430ca4-fbfd-43ec-9881-333fa7610fe6 ] Request (ServersNegativeTestMultiTenantJSON:tearDownClass): 204 DELETE http://10.180.1.21/compute/v2.1/servers/aa25ae07-876c-4bce-8e69-516ef40585c1 0.563s
2025-11-12 13:59:37.260 66043 INFO tempest.lib.common.rest_client [req-71e6606b-b0cc-431e-83be-968cd1188e3d req-71e6606b-b0cc-431e-83be-968cd1188e3d ] Request (ServersAdminTestJSON:test_create_server_with_scheduling_hint): 200 GET http://10.180.1.21/compute/v2.1/servers/c82c6d01-056d-4375-a0cc-c220129e88bb 0.529s
2025-11-12 13:59:37.268 66043 INFO tempest.common.waiters [-] State transition "BUILD/None" ==> "BUILD/networking" after 50 second wait
2025-11-12 13:59:37.316 66035 INFO tempest.lib.common.rest_client [req-10a2ca1b-e506-487f-b74f-5260eae3a3e2 req-10a2ca1b-e506-487f-b74f-5260eae3a3e2 ] Request (ServersNegativeTestJSON:setUpClass): 200 GET http://10.180.1.21/compute/v2.1/servers/06015ddf-4ada-4b91-b1a5-6fcbc34ca6f2 0.560s
2025-11-12 13:59:37.428 66079 INFO tempest.lib.common.rest_client [req-dd649820-e206-49bf-879d-75cfdde47bcd req-dd649820-e206-49bf-879d-75cfdde47bcd ] Request (VolumesAssistedSnapshotsTest:test_volume_assisted_snapshot_create_delete): 200 POST http://10.180.1.21/compute/v2.1/os-assisted-volume-snapshots 0.579s
2025-11-12 13:59:37.528 66029 INFO tempest.lib.common.rest_client [req-9be58d53-78da-41df-84a8-a6b14def010c req-9be58d53-78da-41df-84a8-a6b14def010c ] Request (ServersListShow298Test:tearDownClass): 200 GET http://10.180.1.21/compute/v2.1/servers/864dece2-f50d-4fe9-b3dc-cc890d8074aa 0.609s
2025-11-12 13:59:37.600 66057 INFO tempest.lib.common.rest_client [req-b0bcaa3f-bc0d-49a4-a0e8-9f678127261c req-b0bcaa3f-bc0d-49a4-a0e8-9f678127261c ] Request (ServersListShow2100Test:tearDownClass): 200 GET http://10.180.1.21/compute/v2.1/servers/68d2f188-b402-4d7e-9cfd-63095c341e35 0.585s
2025-11-12 13:59:37.634 66041 INFO tempest.lib.common.rest_client [req-f93bcc68-b61c-482c-bb83-8fb46a415205 req-f93bcc68-b61c-482c-bb83-8fb46a415205 ] Request (ServersWithSpecificFlavorTestJSON:test_verify_created_server_ephemeral_disk): 202 POST http://10.180.1.21/compute/v2.1/servers 0.904s
2025-11-12 13:59:37.694 66040 INFO tempest.lib.common.rest_client [req-09a9d2a8-f0dc-46ff-af1e-28fe9280a642 req-09a9d2a8-f0dc-46ff-af1e-28fe9280a642 ] Request (ServerRescueTestJSON:tearDownClass): 200 GET http://10.180.1.21/compute/v2.1/servers/dae2ff6d-4091-43d7-8496-dd0a73b9a33d 0.630s
2025-11-12 13:59:37.738 66085 INFO tempest.lib.common.rest_client [req-58b411c1-cc76-4ab6-a2b7-2c124e5157ea req-58b411c1-cc76-4ab6-a2b7-2c124e5157ea ] Request (ServersTestMultiNic:_run_cleanups): 200 GET http://10.180.1.21/compute/v2.1/servers/6f75e8cb-33f8-476f-b2f5-a821d879b1ad 0.684s
2025-11-12 13:59:37.828 66063 INFO tempest.lib.common.rest_client [req-308dc092-86f9-4fb1-9193-2c0ea8762041 req-308dc092-86f9-4fb1-9193-2c0ea8762041 ] Request (DeleteServersTestJSON:test_delete_server_while_in_attached_volume): 200 GET http://10.180.1.21/compute/v2.1/servers/ebb577ed-83bb-4b8a-8e50-022af75e568d 0.495s
2025-11-12 13:59:37.871 66075 INFO tempest.lib.common.rest_client [req-3f986d8f-9838-4048-9607-ba393983ab75 req-3f986d8f-9838-4048-9607-ba393983ab75 ] Request (ServersNegativeTestMultiTenantJSON:tearDownClass): 200 GET http://10.180.1.21/compute/v2.1/servers/aa25ae07-876c-4bce-8e69-516ef40585c1 0.633s
2025-11-12 13:59:37.900 66055 INFO tempest.lib.common.rest_client [req-eb098437-4882-4c17-bf53-b01121250ae5 req-eb098437-4882-4c17-bf53-b01121250ae5 ] Request (AttachInterfacesV270Test:test_create_get_list_interfaces): 200 GET http://10.180.1.21/compute/v2.1/servers/e1389e87-73a9-4e2f-aecf-61fbedfe6d50 0.481s
2025-11-12 13:59:37.921 66079 INFO tempest.lib.common.rest_client [req-309d4282-f9c6-4325-9ce8-2decc5362e0e req-309d4282-f9c6-4325-9ce8-2decc5362e0e ] Request (VolumesAssistedSnapshotsTest:test_volume_assisted_snapshot_create_delete): 204 DELETE http://10.180.1.21/compute/v2.1/os-assisted-volume-snapshots/None?delete_info=%7B%22volume_id%22%3A+%220157170e-c534-4611-ac5a-14c1863af863%22%7D 0.492s
2025-11-12 13:59:37.965 66079 INFO tempest.lib.common.rest_client [req-674c7e5b-c3e7-433a-977d-ce59a1959e51 req-674c7e5b-c3e7-433a-977d-ce59a1959e51 ] Request (VolumesAssistedSnapshotsTest:_run_cleanups): 200 GET http://10.180.1.21/volume/v3/volumes/0157170e-c534-4611-ac5a-14c1863af863 0.043s
2025-11-12 13:59:37.985 66033 INFO tempest.lib.common.rest_client [req-b4d3c2ff-d9f0-491e-a4ed-215bda73b851 req-b4d3c2ff-d9f0-491e-a4ed-215bda73b851 ] Request (ListServersNegativeTestJSON:setUpClass): 200 GET http://10.180.1.21/compute/v2.1/servers/17de52dc-6ec5-4042-b1f4-8e927bfea59d 0.492s
2025-11-12 13:59:37.999 66067 INFO tempest.lib.common.rest_client [req-e191172b-9aa6-4335-b66f-5d2a7baf3c2a req-e191172b-9aa6-4335-b66f-5d2a7baf3c2a ] Request (ListImageFiltersTestJSON:tearDownClass): 200 GET http://10.180.1.21/compute/v2.1/servers/94489265-db60-4f79-ba92-bdc5cf26dd17 0.433s
2025-11-12 13:59:38.095 66041 INFO tempest.lib.common.rest_client [req-2bfea5d3-2f66-4446-8a8f-52dba8ded4bd req-2bfea5d3-2f66-4446-8a8f-52dba8ded4bd ] Request (ServersWithSpecificFlavorTestJSON:test_verify_created_server_ephemeral_disk): 200 GET http://10.180.1.21/compute/v2.1/servers/b31ecd9f-3451-4162-858f-49b591cf7c7e 0.459s
2025-11-12 13:59:38.485 66069 INFO tempest.lib.common.rest_client [req-183a0d97-f4f0-40a6-b6dc-f437c88d7751 req-183a0d97-f4f0-40a6-b6dc-f437c88d7751 ] Request (FloatingIPsAssociationTestJSON:tearDownClass): 200 GET http://10.180.1.21/compute/v2.1/servers/1a409db9-d2ae-41e2-b438-235776734f4e 0.742s
2025-11-12 13:59:38.500 66071 INFO tempest.lib.common.rest_client [req-2db7ed00-1c49-4461-b474-862e2775d1a5 req-2db7ed00-1c49-4461-b474-862e2775d1a5 ] Request (ImagesOneServerNegativeTestJSON:_run_cleanups): 200 GET http://10.180.1.21/compute/v2.1/servers/07d51f66-f69e-4669-8c7d-dc89c3150c26 0.753s
2025-11-12 13:59:38.539 66053 INFO tempest.lib.common.rest_client [req-c8c76900-565f-4587-bb75-2ec2ef92dfe3 req-c8c76900-565f-4587-bb75-2ec2ef92dfe3 ] Request (ServerActionsTestOtherB:setUpClass): 200 GET http://10.180.1.21/compute/v2.1/servers/a0da3f82-29bb-403e-b3c0-50467a27b06f 0.742s
2025-11-12 13:59:38.599 66051 INFO tempest.lib.common.rest_client [req-c8cefc11-4b60-4a63-adc1-0a9ad0411ce5 req-c8cefc11-4b60-4a63-adc1-0a9ad0411ce5 ] Request (MigrationsAdminTest:test_resize_server_revert_deleted_flavor): 200 GET http://10.180.1.21/compute/v2.1/servers/b2fd0069-af18-4609-85fe-a9a1153bbf8f 0.733s
2025-11-12 13:59:38.613 66047 INFO tempest.lib.common.rest_client [req-1f1164af-32a0-4f00-892f-6ae5c5d60b7a req-1f1164af-32a0-4f00-892f-6ae5c5d60b7a ] Request (ImagesNegativeTestJSON:test_create_image_from_deleted_server): 200 GET http://10.180.1.21/compute/v2.1/servers/130f4304-da3b-41dd-8c72-a000d1385d34 0.748s
2025-11-12 13:59:38.653 66037 INFO tempest.lib.common.rest_client [req-a23871b4-7f0c-447b-92eb-b4fe04f3a1c6 req-a23871b4-7f0c-447b-92eb-b4fe04f3a1c6 ] Request (InstanceActionsV221TestJSON:test_get_list_deleted_instance_actions): 200 GET http://10.180.1.21/compute/v2.1/servers/89d9a9b7-da2d-4ff4-acd6-4f37c491c25b 0.742s
2025-11-12 13:59:38.756 66065 INFO tempest.lib.common.rest_client [req-53ffb2cc-ad59-4ae0-bf3d-9b5e663075b5 req-53ffb2cc-ad59-4ae0-bf3d-9b5e663075b5 ] Request (ServerAddressesNegativeTestJSON:setUpClass): 200 GET http://10.180.1.21/compute/v2.1/servers/b7b1e994-b6ba-4925-9ec9-a8db52a50c36 0.771s
