2025-11-12 13:56:02.314 66043 INFO tempest.lib.common.rest_client [req-8c28c7af-1db0-42b5-8d8c-e8d03328d007 req-8c28c7af-1db0-42b5-8d8c-e8d03328d007 ] Request (ServerDiagnosticsV248Test:setUpClass): 201 POST http://10.180.1.21/identity/v3/auth/tokens 0.077s
2025-11-12 13:56:02.320 66031 INFO tempest.lib.common.rest_client [req-1965cc5a-3eda-4c4c-933a-00c6992dbd30 req-1965cc5a-3eda-4c4c-933a-00c6992dbd30 ] Request (HypervisorAdminNegativeTestJSON:setUpClass): 201 POST http://10.180.1.21/identity/v3/projects 0.091s
2025-11-12 13:56:02.377 66043 INFO tempest.lib.common.rest_client [req-94d7afc7-04e1-43f6-97bd-9ba08b86d137 req-94d7afc7-04e1-43f6-97bd-9ba08b86d137 ] Request (ServerDiagnosticsV248Test:setUpClass): 201 POST http://10.180.1.21/identity/v3/projects 0.062s
2025-11-12 13:56:02.453 66031 INFO tempest.lib.common.rest_client [req-329f3e32-a7b8-4502-87a3-7b02e0d4f405 req-329f3e32-a7b8-4502-87a3-7b02e0d4f405 ] Request (HypervisorAdminNegativeTestJSON:setUpClass): 201 POST http://10.180.1.21/identity/v3/users 0.133s
2025-11-12 13:56:02.477 66043 INFO tempest.lib.common.rest_client [req-332ac480-1c36-408a-b8f2-93f92d42a5f8 req-332ac480-1c36-408a-b8f2-93f92d42a5f8 ] Request (ServerDiagnosticsV248Test:setUpClass): 201 POST http://10.180.1.21/identity/v3/users 0.099s
2025-11-12 13:56:02.493 66031 INFO tempest.lib.common.rest_client [req-c9e6839b-efc6-4239-b7a9-fac6288eebfc req-c9e6839b-efc6-4239-b7a9-fac6288eebfc ] Request (HypervisorAdminNegativeTestJSON:setUpClass): 200 GET http://10.180.1.21/identity/v3/roles 0.039s
2025-11-12 13:56:02.495 66065 INFO tempest.lib.common.rest_client [req-66e73392-99e6-47a0-b356-d13e0a6278ed req-66e73392-99e6-47a0-b356-d13e0a6278ed ] Request (ImagesMetadataNegativeTestJSON:test_delete_nonexistent_image_metadata_item): 404 DELETE http://10.180.1.21/compute/v2.1/images/9a36a780-c4a4-44fe-a9d6-eea9f4da591c/metadata/os_distro 3.261s
2025-11-12 13:56:02.495 66043 INFO tempest.lib.common.rest_client [req-18deb122-8d65-4619-a95e-206d75b909da req-18deb122-8d65-4619-a95e-206d75b909da ] Request (ServerDiagnosticsV248Test:setUpClass): 200 GET http://10.180.1.21/identity/v3/roles 0.017s
2025-11-12 13:56:02.511 66077 INFO tempest.lib.common.rest_client [req-e066a036-b787-4cf1-8458-fdaee14a8434 req-e066a036-b787-4cf1-8458-fdaee14a8434 ] Request (FlavorsAdminTestJSON:test_create_flavor_verify_entry_in_list_details): 200 POST http://10.180.1.21/compute/v2.1/flavors 3.227s
2025-11-12 13:56:02.533 66043 INFO tempest.lib.common.rest_client [req-816c1f8e-a57e-4755-9501-eb81aa6b50fe req-816c1f8e-a57e-4755-9501-eb81aa6b50fe ] Request (ServerDiagnosticsV248Test:setUpClass): 204 PUT http://10.180.1.21/identity/v3/projects/c0d312d94d69495686516b5c597b9c56/users/481e486d7cec4114acf21dfbd37d21ee/roles/10ba4d49603e4e8a95cb2a60720a45d5 0.038s
2025-11-12 13:56:02.533 66031 INFO tempest.lib.common.rest_client [req-03a20034-3a2b-47d4-b804-b622cf78a550 req-03a20034-3a2b-47d4-b804-b622cf78a550 ] Request (HypervisorAdminNegativeTestJSON:setUpClass): 204 PUT http://10.180.1.21/identity/v3/projects/74b4f4820d354fb2b29a554ec23a3188/users/718747b6bb6f4ea0bcd3c07aacb854fe/roles/6f23974f78f041a2a0eac2f9e83080cd 0.039s
2025-11-12 13:56:02.533 66031 INFO tempest.lib.common.dynamic_creds [-] Dynamic test user 718747b6bb6f4ea0bcd3c07aacb854fe is created with scope project and roles: ['member']
2025-11-12 13:56:02.534 66031 INFO tempest.lib.common.dynamic_creds [-] Acquired dynamic creds: credentials: Credentials: {'domain_id': 'default', 'domain_name': 'Default', 'username': 'tempest-HypervisorAdminNegativeTestJSON-1299378380-project-member', 'project_domain_id': 'default', 'project_domain_name': 'Default', 'project_id': '74b4f4820d354fb2b29a554ec23a3188', 'project_name': 'tempest-HypervisorAdminNegativeTestJSON-1299378380', 'tenant_id': '74b4f4820d354fb2b29a554ec23a3188', 'tenant_name': 'tempest-HypervisorAdminNegativeTestJSON-1299378380', 'user_domain_id': 'default', 'user_domain_name': 'Default', 'user_id': '718747b6bb6f4ea0bcd3c07aacb854fe', 'system': None}, Network: None, Subnet: None, Router: None
2025-11-12 13:56:02.534 66031 INFO tempest.lib.common.dynamic_creds [-] Created isolated network resources for: credentials: Credentials: {'domain_id': 'default', 'domain_name': 'Default', 'username': 'tempest-HypervisorAdminNegativeTestJSON-1299378380-project-member', 'project_domain_id': 'default', 'project_domain_name': 'Default', 'project_id': '74b4f4820d354fb2b29a554ec23a3188', 'project_name': 'tempest-HypervisorAdminNegativeTestJSON-1299378380', 'tenant_id': '74b4f4820d354fb2b29a554ec23a3188', 'tenant_name': 'tempest-HypervisorAdminNegativeTestJSON-1299378380', 'user_domain_id': 'default', 'user_domain_name': 'Default', 'user_id': '718747b6bb6f4ea0bcd3c07aacb854fe', 'system': None}, Network: None, Subnet: None, Router: None
2025-11-12 13:56:02.553 66029 INFO tempest.lib.common.rest_client [req-73b1da80-3be9-43d9-a8fe-d371a07f1547 req-73b1da80-3be9-43d9-a8fe-d371a07f1547 ] Request (FlavorsV2TestJSON:test_list_flavors_detailed_filter_by_min_ram): 200 GET http://10.180.1.21/compute/v2.1/flavors/42 3.207s
2025-11-12 13:56:02.600 66083 INFO tempest.lib.common.rest_client [req-c2463749-3167-43d8-8f83-dbf2fc75ba42 req-c2463749-3167-43d8-8f83-dbf2fc75ba42 ] Request (ServersTestBootFromVolume:setUpClass): 200 GET http://10.180.1.21/volume/v3/volumes/ad446650-0373-48bf-8a41-6b7f842c32d2 0.033s
2025-11-12 13:56:02.617 66047 INFO tempest.lib.common.rest_client [req-8c4691fd-7509-47c0-aa92-dcf23d796e1e req-8c4691fd-7509-47c0-aa92-dcf23d796e1e ] Request (AggregatesAdminNegativeTestJSON:test_aggregate_add_existent_host): 409 POST http://10.180.1.21/compute/v2.1/os-aggregates/1/action 3.115s
2025-11-12 13:56:02.619 66031 INFO tempest.lib.common.rest_client [req-a0edf6c0-201c-45a2-a057-de70b9b6be30 req-a0edf6c0-201c-45a2-a057-de70b9b6be30 ] Request (HypervisorAdminNegativeTestJSON:setUpClass): 201 POST http://10.180.1.21/identity/v3/auth/tokens 0.081s
2025-11-12 13:56:02.636 66043 INFO tempest.lib.common.rest_client [req-12b77fc5-cfee-4748-b729-d8892daf622d req-12b77fc5-cfee-4748-b729-d8892daf622d ] Request (ServerDiagnosticsV248Test:setUpClass): 200 GET http://10.180.1.21/identity/v3/roles 0.102s
2025-11-12 13:56:02.655 66040 INFO tempest.lib.common.rest_client [req-0397939f-f06b-4d89-8c92-af908a11ea52 req-0397939f-f06b-4d89-8c92-af908a11ea52 ] Request (FlavorsV261TestJSON:test_crud_flavor): 200 GET http://10.180.1.21/compute/v2.1/flavors/detail 3.109s
2025-11-12 13:56:02.665 66031 INFO tempest.lib.common.rest_client [req-651f48a1-fcb4-41b4-b736-8c357f8232e3 req-651f48a1-fcb4-41b4-b736-8c357f8232e3 ] Request (HypervisorAdminNegativeTestJSON:setUpClass): 201 POST http://10.180.1.21/identity/v3/projects 0.045s
2025-11-12 13:56:02.675 66043 INFO tempest.lib.common.rest_client [req-3e312e20-e144-4824-8a76-c9b6871affcc req-3e312e20-e144-4824-8a76-c9b6871affcc ] Request (ServerDiagnosticsV248Test:setUpClass): 204 PUT http://10.180.1.21/identity/v3/projects/c0d312d94d69495686516b5c597b9c56/users/481e486d7cec4114acf21dfbd37d21ee/roles/10ba4d49603e4e8a95cb2a60720a45d5 0.038s
2025-11-12 13:56:02.675 66043 INFO tempest.lib.common.dynamic_creds [-] Dynamic test user 481e486d7cec4114acf21dfbd37d21ee is created with scope project and roles: ['admin']
2025-11-12 13:56:02.675 66043 INFO tempest.lib.common.dynamic_creds [-] Acquired dynamic creds: credentials: Credentials: {'domain_id': 'default', 'domain_name': 'Default', 'username': 'tempest-ServerDiagnosticsV248Test-61580408-project-admin', 'project_domain_id': 'default', 'project_domain_name': 'Default', 'project_id': 'c0d312d94d69495686516b5c597b9c56', 'project_name': 'tempest-ServerDiagnosticsV248Test-61580408', 'tenant_id': 'c0d312d94d69495686516b5c597b9c56', 'tenant_name': 'tempest-ServerDiagnosticsV248Test-61580408', 'user_domain_id': 'default', 'user_domain_name': 'Default', 'user_id': '481e486d7cec4114acf21dfbd37d21ee', 'system': None}, Network: None, Subnet: None, Router: None
2025-11-12 13:56:02.675 66043 INFO tempest.lib.common.dynamic_creds [-] Created isolated network resources for: credentials: Credentials: {'domain_id': 'default', 'domain_name': 'Default', 'username': 'tempest-ServerDiagnosticsV248Test-61580408-project-admin', 'project_domain_id': 'default', 'project_domain_name': 'Default', 'project_id': 'c0d312d94d69495686516b5c597b9c56', 'project_name': 'tempest-ServerDiagnosticsV248Test-61580408', 'tenant_id': 'c0d312d94d69495686516b5c597b9c56', 'tenant_name': 'tempest-ServerDiagnosticsV248Test-61580408', 'user_domain_id': 'default', 'user_domain_name': 'Default', 'user_id': '481e486d7cec4114acf21dfbd37d21ee', 'system': None}, Network: None, Subnet: None, Router: None
2025-11-12 13:56:02.799 66043 INFO tempest.lib.common.rest_client [req-565a6d24-059d-4157-a2a8-f9bded59f757 req-565a6d24-059d-4157-a2a8-f9bded59f757 ] Request (ServerDiagnosticsV248Test:setUpClass): 201 POST http://10.180.1.21/identity/v3/auth/tokens 0.115s
2025-11-12 13:56:02.803 66031 INFO tempest.lib.common.rest_client [req-ff4a47cf-9fd8-41d5-8442-3a5d30078382 req-ff4a47cf-9fd8-41d5-8442-3a5d30078382 ] Request (HypervisorAdminNegativeTestJSON:setUpClass): 201 POST http://10.180.1.21/identity/v3/users 0.137s
2025-11-12 13:56:02.842 66031 INFO tempest.lib.common.rest_client [req-66223e17-68b7-43b1-abdb-adbcd83e82a5 req-66223e17-68b7-43b1-abdb-adbcd83e82a5 ] Request (HypervisorAdminNegativeTestJSON:setUpClass): 200 GET http://10.180.1.21/identity/v3/roles 0.038s
2025-11-12 13:56:02.872 66031 INFO tempest.lib.common.rest_client [req-d7a2fcd1-f6d4-437a-a0a2-784595669a46 req-d7a2fcd1-f6d4-437a-a0a2-784595669a46 ] Request (HypervisorAdminNegativeTestJSON:setUpClass): 204 PUT http://10.180.1.21/identity/v3/projects/d489ddafe05c495d9c7590686a4781a4/users/0ec4fdd410a94d7faa48f185e3134b1e/roles/10ba4d49603e4e8a95cb2a60720a45d5 0.030s
2025-11-12 13:56:02.881 66043 INFO tempest.lib.common.rest_client [req-98d6bc8b-d6f5-4451-a34e-662fcf9bf77b req-98d6bc8b-d6f5-4451-a34e-662fcf9bf77b ] Request (ServerDiagnosticsV248Test:test_get_server_diagnostics): 201 POST http://10.180.1.21/identity/v3/auth/tokens 0.076s
2025-11-12 13:56:02.881 66043 INFO tempest.lib.common.fixed_network [-] (ServerDiagnosticsV248Test:test_get_server_diagnostics) Found network None available for tenant
2025-11-12 13:56:02.952 66031 INFO tempest.lib.common.rest_client [req-782941a3-ac8a-4e14-bc3a-acc3d7419f59 req-782941a3-ac8a-4e14-bc3a-acc3d7419f59 ] Request (HypervisorAdminNegativeTestJSON:setUpClass): 200 GET http://10.180.1.21/identity/v3/roles 0.079s
2025-11-12 13:56:02.973 66031 INFO tempest.lib.common.rest_client [req-430229f1-2294-478c-857a-19b1b3290fae req-430229f1-2294-478c-857a-19b1b3290fae ] Request (HypervisorAdminNegativeTestJSON:setUpClass): 204 PUT http://10.180.1.21/identity/v3/projects/d489ddafe05c495d9c7590686a4781a4/users/0ec4fdd410a94d7faa48f185e3134b1e/roles/10ba4d49603e4e8a95cb2a60720a45d5 0.020s
2025-11-12 13:56:02.973 66031 INFO tempest.lib.common.dynamic_creds [-] Dynamic test user 0ec4fdd410a94d7faa48f185e3134b1e is created with scope project and roles: ['admin']
2025-11-12 13:56:02.973 66031 INFO tempest.lib.common.dynamic_creds [-] Acquired dynamic creds: credentials: Credentials: {'domain_id': 'default', 'domain_name': 'Default', 'username': 'tempest-HypervisorAdminNegativeTestJSON-1236141501-project-admin', 'project_domain_id': 'default', 'project_domain_name': 'Default', 'project_id': 'd489ddafe05c495d9c7590686a4781a4', 'project_name': 'tempest-HypervisorAdminNegativeTestJSON-1236141501', 'tenant_id': 'd489ddafe05c495d9c7590686a4781a4', 'tenant_name': 'tempest-HypervisorAdminNegativeTestJSON-1236141501', 'user_domain_id': 'default', 'user_domain_name': 'Default', 'user_id': '0ec4fdd410a94d7faa48f185e3134b1e', 'system': None}, Network: None, Subnet: None, Router: None
2025-11-12 13:56:02.973 66031 INFO tempest.lib.common.dynamic_creds [-] Created isolated network resources for: credentials: Credentials: {'domain_id': 'default', 'domain_name': 'Default', 'username': 'tempest-HypervisorAdminNegativeTestJSON-1236141501-project-admin', 'project_domain_id': 'default', 'project_domain_name': 'Default', 'project_id': 'd489ddafe05c495d9c7590686a4781a4', 'project_name': 'tempest-HypervisorAdminNegativeTestJSON-1236141501', 'tenant_id': 'd489ddafe05c495d9c7590686a4781a4', 'tenant_name': 'tempest-HypervisorAdminNegativeTestJSON-1236141501', 'user_domain_id': 'default', 'user_domain_name': 'Default', 'user_id': '0ec4fdd410a94d7faa48f185e3134b1e', 'system': None}, Network: None, Subnet: None, Router: None
2025-11-12 13:56:03.070 66031 INFO tempest.lib.common.rest_client [req-a85e0328-9f2f-4ac2-8659-98191946f326 req-a85e0328-9f2f-4ac2-8659-98191946f326 ] Request (HypervisorAdminNegativeTestJSON:setUpClass): 201 POST http://10.180.1.21/identity/v3/auth/tokens 0.093s
2025-11-12 13:56:03.580 66055 INFO tempest.lib.common.rest_client [req-3b118e66-0982-4733-ac2c-6d70a2ef687e req-3b118e66-0982-4733-ac2c-6d70a2ef687e ] Request (DeleteServersAdminTestJSON:test_admin_delete_servers_of_others): 200 GET http://10.180.1.21/compute/v2.1/servers/66806918-58d9-49eb-a949-3e429d5df1ec 3.883s
2025-11-12 13:56:03.588 66055 INFO tempest.common.waiters [-] State transition "BUILD/None" ==> "BUILD/spawning" after 5 second wait
2025-11-12 13:56:03.642 66083 INFO tempest.lib.common.rest_client [req-fc394f61-2fe8-4fe1-ad18-63d58401ea04 req-fc394f61-2fe8-4fe1-ad18-63d58401ea04 ] Request (ServersTestBootFromVolume:setUpClass): 200 GET http://10.180.1.21/volume/v3/volumes/ad446650-0373-48bf-8a41-6b7f842c32d2 0.027s
2025-11-12 13:56:03.660 66037 INFO tempest.lib.common.rest_client [req-355cfac8-8215-43b8-b773-3c9137e0bb68 req-355cfac8-8215-43b8-b773-3c9137e0bb68 ] Request (ServerDiagnosticsNegativeTest:test_get_server_diagnostics_by_non_admin): 200 GET http://10.180.1.21/compute/v2.1/servers/35eac70f-1395-4040-8c8d-9d0b72c4c325 3.952s
2025-11-12 13:56:03.669 66037 INFO tempest.common.waiters [-] State transition "BUILD/None" ==> "BUILD/networking" after 5 second wait
2025-11-12 13:56:03.738 66035 INFO tempest.lib.common.rest_client [req-4f996c2d-ee60-46cd-970d-65bb6015c1dc req-4f996c2d-ee60-46cd-970d-65bb6015c1dc ] Request (QuotasAdminTestV257:test_get_updated_quotas): 200 GET http://10.180.1.21/compute/v2.1/os-quota-sets/25c7f2550e60455fb987440f06de9093?user_id=3dc80668c05947d8aa4dca1579c6c5b1 3.997s
2025-11-12 13:56:03.757 66073 INFO tempest.lib.common.rest_client [req-d3217605-f7fb-4c23-91d2-a4f4e3602ba8 req-d3217605-f7fb-4c23-91d2-a4f4e3602ba8 ] Request (KeyPairsV2TestJSON:_run_cleanups): 202 DELETE http://10.180.1.21/compute/v2.1/os-keypairs/tempest-keypair-119992633 4.006s
2025-11-12 13:56:03.767 66045 INFO tempest.lib.common.rest_client [req-c5288f5d-a8d6-44c7-ac06-4ee73bb3c9af req-c5288f5d-a8d6-44c7-ac06-4ee73bb3c9af ] Request (TenantUsagesNegativeTestJSON:test_get_usage_tenant_with_invalid_date): 400 GET http://10.180.1.21/compute/v2.1/os-simple-tenant-usage/f9a91e40328643fbac05010fbc7a66d3?start=2025-11-13T13%3A55%3A57.019810&end=2025-11-11T13%3A55%3A57.019810 3.927s
2025-11-12 13:56:03.790 66085 INFO tempest.lib.common.rest_client [req-8e47d5ce-518f-4a1c-b10e-3f0d71e311b2 req-8e47d5ce-518f-4a1c-b10e-3f0d71e311b2 ] Request (AttachInterfacesUnderV243Test:test_add_remove_fixed_ip): 202 POST http://10.180.1.21/compute/v2.1/servers 5.343s
2025-11-12 13:56:03.828 66035 INFO tempest.lib.common.rest_client [req-66b9c72c-49b8-449d-b103-e74f1768f8f4 req-66b9c72c-49b8-449d-b103-e74f1768f8f4 ] Request (QuotasAdminTestV257:_run_cleanups): 204 DELETE http://10.180.1.21/identity/v3/users/3dc80668c05947d8aa4dca1579c6c5b1 0.088s
2025-11-12 13:56:03.906 66053 INFO tempest.lib.common.rest_client [req-4d023e5a-443a-49e8-af49-f13612783a37 req-4d023e5a-443a-49e8-af49-f13612783a37 ] Request (SecurityGroupsTestAdminJSON:test_list_security_groups_list_all_tenants_filter): 200 POST http://10.180.1.21/compute/v2.1/os-security-groups 3.342s
2025-11-12 13:56:03.930 66071 INFO tempest.lib.common.rest_client [req-a804bf45-0791-41e2-a471-72c56316eaca req-a804bf45-0791-41e2-a471-72c56316eaca ] Request (ImagesOneServerNegativeTestJSON:setUpClass): 200 GET http://10.180.1.21/compute/v2.1/servers/2fc20c01-0fd2-400e-a365-917e6a6a8b42 3.887s
2025-11-12 13:56:03.941 66035 INFO tempest.lib.common.rest_client [req-6742f48e-722d-4e8d-88ce-e7de83591c23 req-6742f48e-722d-4e8d-88ce-e7de83591c23 ] Request (QuotasAdminTestV257:_run_cleanups): 204 DELETE http://10.180.1.21/identity/v3/projects/25c7f2550e60455fb987440f06de9093 0.113s
2025-11-12 13:56:03.956 66041 INFO tempest.lib.common.rest_client [req-6858ca27-8b8c-466c-9fea-da346ae0692a req-6858ca27-8b8c-466c-9fea-da346ae0692a ] Request (ServersWithSpecificFlavorTestJSON:test_verify_created_server_ephemeral_disk): 200 GET http://10.180.1.21/compute/v2.1/flavors/42/os-extra_specs 3.119s
2025-11-12 13:56:03.991 66081 INFO tempest.lib.common.rest_client [req-9cc51565-5238-4132-a10c-f20e373b9d5e req-9cc51565-5238-4132-a10c-f20e373b9d5e ] Request (FlavorMetadataValidation:_run_cleanups): 200 GET http://10.180.1.21/compute/v2.1/flavors/detail 3.137s
2025-11-12 13:56:04.075 66035 INFO tempest.lib.common.rest_client [req-03913c7a-34e6-45a3-8086-20fd12a0ff5e req-03913c7a-34e6-45a3-8086-20fd12a0ff5e ] Request (QuotasAdminTestV257:tearDownClass): 204 DELETE http://10.180.1.21/identity/v3/users/722ffe9677e7467fb8d91d6be90169e4 0.127s
2025-11-12 13:56:04.132 66049 INFO tempest.lib.common.rest_client [req-71ca43fb-05a6-4d81-9f5e-fbabcee2bffc req-71ca43fb-05a6-4d81-9f5e-fbabcee2bffc ] Request (FlavorsAccessTestJSON:test_flavor_access_add_remove): 200 POST http://10.180.1.21/compute/v2.1/flavors/31428890/action 3.417s
2025-11-12 13:56:04.148 66060 INFO tempest.lib.common.rest_client [req-4680c84a-9a63-4e1d-886a-761d0d6139a9 req-4680c84a-9a63-4e1d-886a-761d0d6139a9 ] Request (HostsAdminNegativeTestJSON:test_reboot_nonexistent_host): 404 GET http://10.180.1.21/compute/v2.1/os-hosts/nonexistent_hostname/reboot 2.575s
2025-11-12 13:56:04.182 66081 INFO tempest.lib.common.rest_client [req-fa76f440-83d7-4c89-b01e-cf49809bacf7 req-fa76f440-83d7-4c89-b01e-cf49809bacf7 ] Request (FlavorMetadataValidation:tearDownClass): 204 DELETE http://10.180.1.21/identity/v3/users/875865e4883f4449a5cf403c0cefa739 0.176s
2025-11-12 13:56:04.247 66035 INFO tempest.lib.common.rest_client [req-f549a80d-5f5c-47e2-acbc-77edcbc3a9ea req-f549a80d-5f5c-47e2-acbc-77edcbc3a9ea ] Request (QuotasAdminTestV257:tearDownClass): 204 DELETE http://10.180.1.21/identity/v3/users/8710d9f0f4bc45019000827383cc65b3 0.171s
2025-11-12 13:56:04.247 66035 INFO tempest.lib.common.dynamic_creds [-] Deleting project and security group for project: 5cd9fd711e62441d8f5a591cbc989d69
2025-11-12 13:56:04.338 66081 INFO tempest.lib.common.rest_client [req-0556b426-c23f-4512-80a5-216aaccc221c req-0556b426-c23f-4512-80a5-216aaccc221c ] Request (FlavorMetadataValidation:tearDownClass): 204 DELETE http://10.180.1.21/identity/v3/users/f38e9da3bd3b48bea7264aebb87918ad 0.156s
2025-11-12 13:56:04.338 66081 INFO tempest.lib.common.dynamic_creds [-] Deleting project and security group for project: 42f2bd4d7ecd4490a6f6457fb8db8fd3
2025-11-12 13:56:04.368 66035 INFO tempest.lib.common.rest_client [req-2cc6e307-63de-45aa-9858-f7a7627cc9ee req-2cc6e307-63de-45aa-9858-f7a7627cc9ee ] Request (QuotasAdminTestV257:tearDownClass): 201 POST http://10.180.1.21/identity/v3/auth/tokens 0.121s
2025-11-12 13:56:04.388 66079 INFO tempest.lib.common.rest_client [req-abed3104-ec3f-4705-ba78-58a70f22726f req-abed3104-ec3f-4705-ba78-58a70f22726f ] Request (VolumesAssistedSnapshotsTest:test_volume_assisted_snapshot_create_delete): 200 POST http://10.180.1.21/compute/v2.1/os-keypairs 2.796s
2025-11-12 13:56:04.423 66081 INFO tempest.lib.common.rest_client [req-c4ef66bd-5ebe-4db4-9b55-85c8e387e31a req-c4ef66bd-5ebe-4db4-9b55-85c8e387e31a ] Request (FlavorMetadataValidation:tearDownClass): 201 POST http://10.180.1.21/identity/v3/auth/tokens 0.085s
2025-11-12 13:56:04.437 66067 INFO tempest.lib.common.rest_client [req-949d3528-e0d4-4259-81b6-7ac6953553a9 req-949d3528-e0d4-4259-81b6-7ac6953553a9 ] Request (ListImageFiltersTestJSON:setUpClass): 200 GET http://10.180.1.21/compute/v2.1/images/6dd296b3-2875-4ef8-9010-0356fe6d1c95 2.739s
2025-11-12 13:56:04.473 66051 INFO tempest.lib.common.rest_client [req-63dff3aa-4230-447d-9999-805031acfbf2 req-63dff3aa-4230-447d-9999-805031acfbf2 ] Request (MigrationsAdminTest:test_list_migrations_in_flavor_resize_situation): 200 GET http://10.180.1.21/compute/v2.1/servers/5572dcb8-1979-44fb-88de-be751f5a4c11 2.906s
2025-11-12 13:56:04.652 66025 INFO tempest.lib.common.rest_client [req-b8ebba6d-3501-4d05-b221-1d2dbf667ee5 req-b8ebba6d-3501-4d05-b221-1d2dbf667ee5 ] Request (ServersV294TestFqdnHostnames:setUpClass): 201 POST http://10.180.1.21/compute/v2.1/os-keypairs 2.876s
2025-11-12 13:56:04.657 66035 INFO tempest.lib.common.rest_client [req-8a06fc8e-67bb-4239-bd04-7fe13f48a2d6 req-8a06fc8e-67bb-4239-bd04-7fe13f48a2d6 ] Request (QuotasAdminTestV257:tearDownClass): 200 GET http://10.180.1.21/networking/v2.0/security-groups?tenant_id=5cd9fd711e62441d8f5a591cbc989d69&name=default 0.288s
2025-11-12 13:56:04.679 66057 INFO tempest.lib.common.rest_client [req-e33b85f6-b07e-4035-89f8-4f5e88652323 req-e33b85f6-b07e-4035-89f8-4f5e88652323 ] Request (ServicesAdminNegativeTestJSON:test_get_service_with_valid_service_and_invalid_host): 200 GET http://10.180.1.21/compute/v2.1/os-services 2.489s
2025-11-12 13:56:04.687 66083 INFO tempest.lib.common.rest_client [req-63f4b6c6-cb0b-4b19-9f32-4bcde86ce669 req-63f4b6c6-cb0b-4b19-9f32-4bcde86ce669 ] Request (ServersTestBootFromVolume:setUpClass): 200 GET http://10.180.1.21/volume/v3/volumes/ad446650-0373-48bf-8a41-6b7f842c32d2 0.037s
2025-11-12 13:56:04.707 66069 INFO tempest.lib.common.rest_client [req-045ddc5e-5bb1-4d0c-a0d8-8f700a2e29c2 req-045ddc5e-5bb1-4d0c-a0d8-8f700a2e29c2 ] Request (QuotasAdminNegativeTest:_run_cleanups): 200 PUT http://10.180.1.21/compute/v2.1/os-quota-sets/0084280d69a54b23ab593ce7eb33d79e 2.644s
2025-11-12 13:56:04.719 66075 INFO tempest.lib.common.rest_client [req-b4c91c8d-aaf5-4398-bb60-08c0724b5a69 req-b4c91c8d-aaf5-4398-bb60-08c0724b5a69 ] Request (KeyPairsV210TestJSON:test_admin_manage_keypairs_for_other_users): 200 GET http://10.180.1.21/compute/v2.1/os-keypairs?user_id=9688a2f623fc433da0ae84b249551a5f 2.484s
2025-11-12 13:56:04.735 66063 INFO tempest.lib.common.rest_client [req-6b7ece3e-824e-4871-a5cc-6e248690a04c req-6b7ece3e-824e-4871-a5cc-6e248690a04c ] Request (FlavorsExtraSpecsTestJSON:test_flavor_non_admin_get_specific_key): 200 GET http://10.180.1.21/compute/v2.1/flavors/223640195/os-extra_specs/hw:numa_nodes 2.468s
2025-11-12 13:56:04.768 66079 INFO tempest.lib.common.rest_client [req-44d84c7e-b598-44d9-b9ef-984fbd1d3a2b req-44d84c7e-b598-44d9-b9ef-984fbd1d3a2b ] Request (VolumesAssistedSnapshotsTest:test_volume_assisted_snapshot_create_delete): 201 POST http://10.180.1.21/networking/v2.0/security-groups 0.376s
2025-11-12 13:56:04.770 66065 INFO tempest.lib.common.rest_client [req-73755890-2742-4236-b5d5-3619b612ec03 req-73755890-2742-4236-b5d5-3619b612ec03 ] Request (ImagesMetadataNegativeTestJSON:test_get_nonexistent_image_metadata_item): 404 GET http://10.180.1.21/compute/v2.1/images/559ac6a7-f353-44cf-b909-6bb35be3bf91/metadata/os_version 2.274s
2025-11-12 13:56:04.792 66077 INFO tempest.lib.common.rest_client [req-d806d609-4454-4fbf-941e-7724aa81e20b req-d806d609-4454-4fbf-941e-7724aa81e20b ] Request (FlavorsAdminTestJSON:test_create_flavor_verify_entry_in_list_details): 200 GET http://10.180.1.21/compute/v2.1/flavors/detail 2.278s
2025-11-12 13:56:04.795 66023 INFO tempest.lib.common.rest_client [req-b09dd2e9-3d3b-4423-a6b2-c6b090cde351 req-b09dd2e9-3d3b-4423-a6b2-c6b090cde351 ] Request (HypervisorAdminTestJSON:test_get_hypervisor_list): 200 GET http://10.180.1.21/compute/v2.1/os-hypervisors 2.597s
2025-11-12 13:56:04.826 66029 INFO tempest.lib.common.rest_client [req-78460872-f85f-4249-93c4-6a935633526b req-78460872-f85f-4249-93c4-6a935633526b ] Request (FlavorsV2TestJSON:test_list_flavors_detailed_filter_by_min_ram): 200 GET http://10.180.1.21/compute/v2.1/flavors/detail?minRam=193 2.270s
2025-11-12 13:56:04.849 66040 INFO tempest.lib.common.rest_client [req-7ab41654-d633-4f31-83f0-402a50b412b6 req-7ab41654-d633-4f31-83f0-402a50b412b6 ] Request (FlavorsV261TestJSON:test_crud_flavor): 200 GET http://10.180.1.21/compute/v2.1/flavors 2.183s
2025-11-12 13:56:04.917 66081 INFO tempest.lib.common.rest_client [req-2bb8d637-6716-406e-90d3-67e3fa277a0b req-2bb8d637-6716-406e-90d3-67e3fa277a0b ] Request (FlavorMetadataValidation:tearDownClass): 200 GET http://10.180.1.21/networking/v2.0/security-groups?tenant_id=42f2bd4d7ecd4490a6f6457fb8db8fd3&name=default 0.493s
2025-11-12 13:56:05.070 66043 INFO tempest.lib.common.rest_client [req-cfc8c1dd-91d4-4dd2-8b84-118f236ce344 req-cfc8c1dd-91d4-4dd2-8b84-118f236ce344 ] Request (ServerDiagnosticsV248Test:test_get_server_diagnostics): 202 POST http://10.180.1.21/compute/v2.1/servers 2.188s
2025-11-12 13:56:05.130 66047 INFO tempest.lib.common.rest_client [req-11c2b003-49e4-4272-8213-d8bc904d3b18 req-11c2b003-49e4-4272-8213-d8bc904d3b18 ] Request (AggregatesAdminNegativeTestJSON:_run_cleanups): 200 POST http://10.180.1.21/compute/v2.1/os-aggregates/1/action 2.512s
2025-11-12 13:56:05.142 66025 INFO tempest.lib.common.rest_client [req-7b77b68a-4c4e-4f91-8a60-90e195e0d805 req-7b77b68a-4c4e-4f91-8a60-90e195e0d805 ] Request (ServersV294TestFqdnHostnames:setUpClass): 201 POST http://10.180.1.21/networking/v2.0/security-groups 0.489s
2025-11-12 13:56:05.153 66031 INFO tempest.lib.common.rest_client [req-4c7c70ea-cdc1-4a87-bf57-02b56d12a8ad req-4c7c70ea-cdc1-4a87-bf57-02b56d12a8ad ] Request (HypervisorAdminNegativeTestJSON:test_get_hypervisor_list_details_with_non_admin_user): 403 GET http://10.180.1.21/compute/v2.1/os-hypervisors/detail 2.082s
2025-11-12 13:56:05.243 66035 INFO tempest.lib.common.rest_client [req-a4f47254-cc42-44d1-b1c6-36741b4648c5 req-a4f47254-cc42-44d1-b1c6-36741b4648c5 ] Request (QuotasAdminTestV257:tearDownClass): 204 DELETE http://10.180.1.21/networking/v2.0/security-groups/dc3890f9-cbc6-4acc-b9c5-39821cb4f46c 0.586s
2025-11-12 13:56:05.270 66073 INFO tempest.lib.common.rest_client [req-d15dbae6-fb9b-4c49-90de-e8c13d4cec96 req-d15dbae6-fb9b-4c49-90de-e8c13d4cec96 ] Request (KeyPairsV2TestJSON:test_keypair_create_delete): 200 POST http://10.180.1.21/compute/v2.1/os-keypairs 1.512s
2025-11-12 13:56:05.311 66035 INFO tempest.lib.common.rest_client [req-ad8192c4-8429-4647-b88a-58337bf246e9 req-ad8192c4-8429-4647-b88a-58337bf246e9 ] Request (QuotasAdminTestV257:tearDownClass): 204 DELETE http://10.180.1.21/identity/v3/projects/5cd9fd711e62441d8f5a591cbc989d69 0.067s
2025-11-12 13:56:05.312 66035 INFO tempest.lib.common.dynamic_creds [-] Deleting project and security group for project: 3754200353864d94ac53ed2be6137d09
2025-11-12 13:56:05.324 66079 INFO tempest.lib.common.rest_client [req-2c40b048-f8ee-45c6-94b8-35e1a2448e52 req-2c40b048-f8ee-45c6-94b8-35e1a2448e52 ] Request (VolumesAssistedSnapshotsTest:test_volume_assisted_snapshot_create_delete): 201 POST http://10.180.1.21/networking/v2.0/security-group-rules 0.555s
2025-11-12 13:56:05.334 66045 INFO tempest.lib.common.rest_client [req-ada50723-69ff-4d0f-98da-f25465cc96e7 req-ada50723-69ff-4d0f-98da-f25465cc96e7 ] Request (TenantUsagesNegativeTestJSON:test_list_usage_all_tenants_with_non_admin_user): 403 GET http://10.180.1.21/compute/v2.1/os-simple-tenant-usage?start=2025-11-11T13%3A55%3A57.019810&end=2025-11-13T13%3A55%3A57.019810&detailed=1 1.566s
2025-11-12 13:56:05.401 66081 INFO tempest.lib.common.rest_client [req-0c2ec4e7-6e4f-475d-8948-e61c5a8b4438 req-0c2ec4e7-6e4f-475d-8948-e61c5a8b4438 ] Request (FlavorMetadataValidation:tearDownClass): 204 DELETE http://10.180.1.21/networking/v2.0/security-groups/d307d0f4-e852-4cdd-bfc9-f7e652d003de 0.484s
2025-11-12 13:56:05.434 66045 INFO tempest.lib.common.rest_client [req-8483be30-f01f-4587-bc7c-aeb31b4d3d4e req-8483be30-f01f-4587-bc7c-aeb31b4d3d4e ] Request (TenantUsagesNegativeTestJSON:tearDownClass): 204 DELETE http://10.180.1.21/identity/v3/users/e92aa9abc41843b4a0aa8bb9fa2c20ec 0.098s
2025-11-12 13:56:05.512 66081 INFO tempest.lib.common.rest_client [req-7e2430dd-ead0-4a43-a782-3fb30700227b req-7e2430dd-ead0-4a43-a782-3fb30700227b ] Request (FlavorMetadataValidation:tearDownClass): 204 DELETE http://10.180.1.21/identity/v3/projects/42f2bd4d7ecd4490a6f6457fb8db8fd3 0.110s
2025-11-12 13:56:05.512 66081 INFO tempest.lib.common.dynamic_creds [-] Deleting project and security group for project: bc13e018cab442dcab20ef1f8168d102
2025-11-12 13:56:05.535 66025 INFO tempest.lib.common.rest_client [req-ac92b2fa-44f0-45b6-acf2-1d4df7d8131e req-ac92b2fa-44f0-45b6-acf2-1d4df7d8131e ] Request (ServersV294TestFqdnHostnames:setUpClass): 201 POST http://10.180.1.21/networking/v2.0/security-group-rules 0.392s
2025-11-12 13:56:05.544 66045 INFO tempest.lib.common.rest_client [req-302d5be1-13de-48d4-a631-4b8e57b2da91 req-302d5be1-13de-48d4-a631-4b8e57b2da91 ] Request (TenantUsagesNegativeTestJSON:tearDownClass): 204 DELETE http://10.180.1.21/identity/v3/users/f08d913f170c434892744ee56e4acd81 0.109s
2025-11-12 13:56:05.544 66045 INFO tempest.lib.common.dynamic_creds [-] Deleting project and security group for project: 9fee65ce238b45538c8b80548298b6fa
2025-11-12 13:56:05.604 66045 INFO tempest.lib.common.rest_client [req-ac4d8b75-86e7-43a9-bef6-eafa44bc97eb req-ac4d8b75-86e7-43a9-bef6-eafa44bc97eb ] Request (TenantUsagesNegativeTestJSON:tearDownClass): 201 POST http://10.180.1.21/identity/v3/auth/tokens 0.060s
2025-11-12 13:56:05.656 66035 INFO tempest.lib.common.rest_client [req-d18a6ada-9942-4735-9d1d-48bc2c2ee1ff req-d18a6ada-9942-4735-9d1d-48bc2c2ee1ff ] Request (QuotasAdminTestV257:tearDownClass): 200 GET http://10.180.1.21/networking/v2.0/security-groups?tenant_id=3754200353864d94ac53ed2be6137d09&name=default 0.344s
2025-11-12 13:56:05.723 66083 INFO tempest.lib.common.rest_client [req-8e8ffb04-5852-4c36-9217-0866d5d85210 req-8e8ffb04-5852-4c36-9217-0866d5d85210 ] Request (ServersTestBootFromVolume:setUpClass): 200 GET http://10.180.1.21/volume/v3/volumes/ad446650-0373-48bf-8a41-6b7f842c32d2 0.026s
2025-11-12 13:56:05.726 66079 INFO tempest.lib.common.rest_client [req-5b2b6d5a-90da-4b57-a805-9b915af3e952 req-5b2b6d5a-90da-4b57-a805-9b915af3e952 ] Request (VolumesAssistedSnapshotsTest:test_volume_assisted_snapshot_create_delete): 201 POST http://10.180.1.21/networking/v2.0/security-group-rules 0.401s
2025-11-12 13:56:05.746 66085 INFO tempest.lib.common.rest_client [req-6863b16a-67d4-4849-9c60-18290df14c57 req-6863b16a-67d4-4849-9c60-18290df14c57 ] Request (AttachInterfacesUnderV243Test:test_add_remove_fixed_ip): 200 GET http://10.180.1.21/compute/v2.1/servers/25bb7fb1-8dc2-4d39-aced-7cbe51bfad54 1.953s
2025-11-12 13:56:05.885 66081 INFO tempest.lib.common.rest_client [req-7a469cf0-00e2-4c1c-91ac-8b23e8b54a6c req-7a469cf0-00e2-4c1c-91ac-8b23e8b54a6c ] Request (FlavorMetadataValidation:tearDownClass): 200 GET http://10.180.1.21/networking/v2.0/security-groups?tenant_id=bc13e018cab442dcab20ef1f8168d102&name=default 0.372s
2025-11-12 13:56:05.962 66025 INFO tempest.lib.common.rest_client [req-430cf10c-7bbd-4e79-a609-04d366c6f66c req-430cf10c-7bbd-4e79-a609-04d366c6f66c ] Request (ServersV294TestFqdnHostnames:setUpClass): 201 POST http://10.180.1.21/networking/v2.0/security-group-rules 0.426s
2025-11-12 13:56:05.994 66027 INFO tempest.lib.common.rest_client [req-591fac93-0b02-409f-af1a-b724bba44eb4 req-591fac93-0b02-409f-af1a-b724bba44eb4 ] Request (ImagesTestJSON:test_create_image_from_stopped_server): 200 GET http://10.180.1.21/compute/v2.1/servers/134e2494-5666-47f0-bc51-f5f9476b2de2 2.835s
2025-11-12 13:56:06.014 66041 INFO tempest.lib.common.rest_client [req-ba81effb-3760-44fe-ac73-b38780a1b575 req-ba81effb-3760-44fe-ac73-b38780a1b575 ] Request (ServersWithSpecificFlavorTestJSON:test_verify_created_server_ephemeral_disk): 200 POST http://10.180.1.21/compute/v2.1/flavors/1056208684/os-extra_specs 2.056s
2025-11-12 13:56:06.120 66033 INFO tempest.lib.common.rest_client [req-7d45c7cc-5a6d-4fd7-9ab4-5c414670855c req-7d45c7cc-5a6d-4fd7-9ab4-5c414670855c ] Request (QuotaClassesAdmin257Test:test_update_default_quotas): 200 GET http://10.180.1.21/compute/v2.1/os-quota-class-sets/default 2.162s
2025-11-12 13:56:06.144 66049 INFO tempest.lib.common.rest_client [req-b9e00876-59be-4aef-a3ad-6fe46f8451bb req-b9e00876-59be-4aef-a3ad-6fe46f8451bb ] Request (FlavorsAccessTestJSON:test_flavor_access_add_remove): 200 GET http://10.180.1.21/compute/v2.1/flavors/detail 2.011s
2025-11-12 13:56:06.152 66060 INFO tempest.lib.common.rest_client [req-9967ad69-154c-4f3e-87d9-66a7cdb3f4fe req-9967ad69-154c-4f3e-87d9-66a7cdb3f4fe ] Request (HostsAdminNegativeTestJSON:test_show_host_detail_with_non_admin_user): 403 GET http://10.180.1.21/compute/v2.1/os-hosts/devstack 2.002s
2025-11-12 13:56:06.154 66045 INFO tempest.lib.common.rest_client [req-0bc8fec9-e406-4c83-a2b1-0f6a1a0d8b9b req-0bc8fec9-e406-4c83-a2b1-0f6a1a0d8b9b ] Request (TenantUsagesNegativeTestJSON:tearDownClass): 200 GET http://10.180.1.21/networking/v2.0/security-groups?tenant_id=9fee65ce238b45538c8b80548298b6fa&name=default 0.549s
2025-11-12 13:56:06.185 66067 INFO tempest.lib.common.rest_client [req-f27e591b-f2c4-4123-8c42-607b9fc1766d req-f27e591b-f2c4-4123-8c42-607b9fc1766d ] Request (ListImageFiltersTestJSON:setUpClass): 200 GET http://10.180.1.21/compute/v2.1/images/6dd296b3-2875-4ef8-9010-0356fe6d1c95 1.743s
2025-11-12 13:56:06.245 66035 INFO tempest.lib.common.rest_client [req-31769337-5718-443f-91ab-f85ce41d53c1 req-31769337-5718-443f-91ab-f85ce41d53c1 ] Request (QuotasAdminTestV257:tearDownClass): 204 DELETE http://10.180.1.21/networking/v2.0/security-groups/6ace4678-1990-411c-b73a-1ddb96939fdc 0.589s
2025-11-12 13:56:06.341 66035 INFO tempest.lib.common.rest_client [req-d0c281c0-b0e1-432d-b6ce-fdd28f8c8567 req-d0c281c0-b0e1-432d-b6ce-fdd28f8c8567 ] Request (QuotasAdminTestV257:tearDownClass): 204 DELETE http://10.180.1.21/identity/v3/projects/3754200353864d94ac53ed2be6137d09 0.095s
2025-11-12 13:56:06.396 66035 INFO tempest.lib.common.rest_client [req-cae57f2e-2550-471d-84ba-bc197c68ebcc req-cae57f2e-2550-471d-84ba-bc197c68ebcc ] Request (MultipleCreateNegativeTestJSON:setUpClass): 201 POST http://10.180.1.21/identity/v3/auth/tokens 0.054s
2025-11-12 13:56:06.430 66035 INFO tempest.lib.common.rest_client [req-4edd0222-8d49-4763-a1ad-8a0607294997 req-4edd0222-8d49-4763-a1ad-8a0607294997 ] Request (MultipleCreateNegativeTestJSON:setUpClass): 201 POST http://10.180.1.21/identity/v3/auth/tokens 0.031s
2025-11-12 13:56:06.451 66035 INFO tempest.lib.common.rest_client [req-9f841686-7424-4877-8c6c-121898c973dc req-9f841686-7424-4877-8c6c-121898c973dc ] Request (MultipleCreateNegativeTestJSON:setUpClass): 200 GET http://10.180.1.21/identity/v3/domains?name=Default 0.021s
2025-11-12 13:56:06.478 66035 INFO tempest.lib.common.rest_client [req-4e8493a2-d3f0-4eea-b1cb-f8105df9cfba req-4e8493a2-d3f0-4eea-b1cb-f8105df9cfba ] Request (MultipleCreateNegativeTestJSON:setUpClass): 201 POST http://10.180.1.21/identity/v3/projects 0.025s
2025-11-12 13:56:06.532 66035 INFO tempest.lib.common.rest_client [req-84bb75fb-c63d-420c-ae40-54b3e7c981ca req-84bb75fb-c63d-420c-ae40-54b3e7c981ca ] Request (MultipleCreateNegativeTestJSON:setUpClass): 201 POST http://10.180.1.21/identity/v3/users 0.054s
2025-11-12 13:56:06.557 66035 INFO tempest.lib.common.rest_client [req-857be986-0a5a-48c6-98ec-b567ce39367f req-857be986-0a5a-48c6-98ec-b567ce39367f ] Request (MultipleCreateNegativeTestJSON:setUpClass): 200 GET http://10.180.1.21/identity/v3/roles 0.024s
2025-11-12 13:56:06.566 66067 INFO tempest.lib.common.rest_client [req-4737205a-cb16-4d80-8af3-65a71098bf84 req-4737205a-cb16-4d80-8af3-65a71098bf84 ] Request (ListImageFiltersTestJSON:setUpClass): 201 POST http://10.180.1.21/image/v2/images 0.378s
2025-11-12 13:56:06.585 66035 INFO tempest.lib.common.rest_client [req-f2818dfc-52f1-4266-87cb-71100bfcd055 req-f2818dfc-52f1-4266-87cb-71100bfcd055 ] Request (MultipleCreateNegativeTestJSON:setUpClass): 204 PUT http://10.180.1.21/identity/v3/projects/aa728910b3df470e9edd7cf00d70fcba/users/494a927424f44042999489263e1f92aa/roles/6f23974f78f041a2a0eac2f9e83080cd 0.028s
2025-11-12 13:56:06.586 66035 INFO tempest.lib.common.dynamic_creds [-] Dynamic test user 494a927424f44042999489263e1f92aa is created with scope project and roles: ['member']
2025-11-12 13:56:06.586 66035 INFO tempest.lib.common.dynamic_creds [-] Acquired dynamic creds: credentials: Credentials: {'domain_id': 'default', 'domain_name': 'Default', 'username': 'tempest-MultipleCreateNegativeTestJSON-37856046-project-member', 'project_domain_id': 'default', 'project_domain_name': 'Default', 'project_id': 'aa728910b3df470e9edd7cf00d70fcba', 'project_name': 'tempest-MultipleCreateNegativeTestJSON-37856046', 'tenant_id': 'aa728910b3df470e9edd7cf00d70fcba', 'tenant_name': 'tempest-MultipleCreateNegativeTestJSON-37856046', 'user_domain_id': 'default', 'user_domain_name': 'Default', 'user_id': '494a927424f44042999489263e1f92aa', 'system': None}, Network: None, Subnet: None, Router: None
2025-11-12 13:56:06.586 66035 INFO tempest.lib.common.dynamic_creds [-] Created isolated network resources for: credentials: Credentials: {'domain_id': 'default', 'domain_name': 'Default', 'username': 'tempest-MultipleCreateNegativeTestJSON-37856046-project-member', 'project_domain_id': 'default', 'project_domain_name': 'Default', 'project_id': 'aa728910b3df470e9edd7cf00d70fcba', 'project_name': 'tempest-MultipleCreateNegativeTestJSON-37856046', 'tenant_id': 'aa728910b3df470e9edd7cf00d70fcba', 'tenant_name': 'tempest-MultipleCreateNegativeTestJSON-37856046', 'user_domain_id': 'default', 'user_domain_name': 'Default', 'user_id': '494a927424f44042999489263e1f92aa', 'system': None}, Network: None, Subnet: None, Router: None
2025-11-12 13:56:06.669 66035 INFO tempest.lib.common.rest_client [req-88b24e1e-0d24-4b37-b9ab-6638aaeeb164 req-88b24e1e-0d24-4b37-b9ab-6638aaeeb164 ] Request (MultipleCreateNegativeTestJSON:setUpClass): 201 POST http://10.180.1.21/identity/v3/auth/tokens 0.078s
2025-11-12 13:56:06.703 66079 INFO tempest.lib.common.rest_client [req-42b73ed8-b5ee-4db1-ac47-fc21a3c81071 req-42b73ed8-b5ee-4db1-ac47-fc21a3c81071 ] Request (VolumesAssistedSnapshotsTest:test_volume_assisted_snapshot_create_delete): 201 POST http://10.180.1.21/networking/v2.0/floatingips 0.976s
2025-11-12 13:56:06.709 66035 INFO tempest.lib.common.rest_client [req-4995a1bb-0105-4eea-bca0-b6423fd39e03 req-4995a1bb-0105-4eea-bca0-b6423fd39e03 ] Request (MultipleCreateNegativeTestJSON:test_max_count_less_than_min_count): 201 POST http://10.180.1.21/identity/v3/auth/tokens 0.035s
2025-11-12 13:56:06.711 66035 INFO tempest.lib.common.fixed_network [-] (MultipleCreateNegativeTestJSON:test_max_count_less_than_min_count) Found network None available for tenant
2025-11-12 13:56:06.761 66083 INFO tempest.lib.common.rest_client [req-acaba9fa-c7c6-4283-a0a7-51db2f11f21d req-acaba9fa-c7c6-4283-a0a7-51db2f11f21d ] Request (ServersTestBootFromVolume:setUpClass): 200 GET http://10.180.1.21/volume/v3/volumes/ad446650-0373-48bf-8a41-6b7f842c32d2 0.027s
2025-11-12 13:56:06.771 66081 INFO tempest.lib.common.rest_client [req-4a043923-def5-4011-a91f-1b6d4ce43d4e req-4a043923-def5-4011-a91f-1b6d4ce43d4e ] Request (FlavorMetadataValidation:tearDownClass): 204 DELETE http://10.180.1.21/networking/v2.0/security-groups/bb907dee-3a24-43d9-9fb3-e8ca1efd2459 0.885s
2025-11-12 13:56:06.786 66079 INFO tempest.lib.common.rest_client [req-da5e4ed0-a0ce-4cd4-8927-210cf6bb8b48 req-da5e4ed0-a0ce-4cd4-8927-210cf6bb8b48 ] Request (VolumesAssistedSnapshotsTest:test_volume_assisted_snapshot_create_delete): 201 POST http://10.180.1.21/identity/v3/auth/tokens 0.076s
2025-11-12 13:56:06.786 66079 INFO tempest.lib.common.fixed_network [-] (VolumesAssistedSnapshotsTest:test_volume_assisted_snapshot_create_delete) Found network {'id': '622fe3f9-68d2-4d3f-b9c3-7817e6f1c92c', 'name': 'tempest-VolumesAssistedSnapshotsTest-997795236-network', 'tenant_id': 'e395ca9300fc4df1a2240b2485640a7b', 'project_id': 'e395ca9300fc4df1a2240b2485640a7b', 'admin_state_up': True, 'mtu': 8950, 'status': 'ACTIVE', 'subnets': [], 'shared': False, 'port_security_enabled': True, 'router:external': False, 'provider:network_type': 'vlan', 'provider:physical_network': 'default', 'provider:segmentation_id': 497, 'availability_zone_hints': [], 'availability_zones': [], 'ipv4_address_scope': None, 'ipv6_address_scope': None, 'description': '', 'tags': [], 'created_at': '2025-11-12T13:55:47Z', 'updated_at': '2025-11-12T13:55:47Z', 'revision_number': 1} available for tenant
2025-11-12 13:56:06.882 66081 INFO tempest.lib.common.rest_client [req-c18e084c-d44b-435f-877d-9fdfb57812d1 req-c18e084c-d44b-435f-877d-9fdfb57812d1 ] Request (FlavorMetadataValidation:tearDownClass): 204 DELETE http://10.180.1.21/identity/v3/projects/bc13e018cab442dcab20ef1f8168d102 0.111s
2025-11-12 13:56:06.892 66045 INFO tempest.lib.common.rest_client [req-d91996cb-9580-4c6a-bd78-d13e8092b865 req-d91996cb-9580-4c6a-bd78-d13e8092b865 ] Request (TenantUsagesNegativeTestJSON:tearDownClass): 204 DELETE http://10.180.1.21/networking/v2.0/security-groups/511f7419-580d-4a80-9ce9-ef9be30fe89d 0.737s
2025-11-12 13:56:06.950 66081 INFO tempest.lib.common.rest_client [req-dc7bf3a8-bdc7-4ee8-8c58-fa6284f88084 req-dc7bf3a8-bdc7-4ee8-8c58-fa6284f88084 ] Request (ImagesDeleteNegativeTestJSON:setUpClass): 201 POST http://10.180.1.21/identity/v3/auth/tokens 0.066s
2025-11-12 13:56:07.054 66045 INFO tempest.lib.common.rest_client [req-9da38429-8dcf-4395-82a5-9489918ff857 req-9da38429-8dcf-4395-82a5-9489918ff857 ] Request (TenantUsagesNegativeTestJSON:tearDownClass): 204 DELETE http://10.180.1.21/identity/v3/projects/9fee65ce238b45538c8b80548298b6fa 0.162s
2025-11-12 13:56:07.054 66045 INFO tempest.lib.common.dynamic_creds [-] Deleting project and security group for project: f9a91e40328643fbac05010fbc7a66d3
2025-11-12 13:56:07.094 66081 INFO tempest.lib.common.rest_client [req-ffeccac1-bfdf-47b1-8cac-9920917611e5 req-ffeccac1-bfdf-47b1-8cac-9920917611e5 ] Request (ImagesDeleteNegativeTestJSON:setUpClass): 201 POST http://10.180.1.21/identity/v3/auth/tokens 0.142s
2025-11-12 13:56:07.125 66081 INFO tempest.lib.common.rest_client [req-bce5edff-1282-4091-b8b1-a6d0b8eee03d req-bce5edff-1282-4091-b8b1-a6d0b8eee03d ] Request (ImagesDeleteNegativeTestJSON:setUpClass): 200 GET http://10.180.1.21/identity/v3/domains?name=Default 0.030s
2025-11-12 13:56:07.153 66081 INFO tempest.lib.common.rest_client [req-94046717-e9d8-4872-b272-9f91c73cbbc2 req-94046717-e9d8-4872-b272-9f91c73cbbc2 ] Request (ImagesDeleteNegativeTestJSON:setUpClass): 201 POST http://10.180.1.21/identity/v3/projects 0.027s
2025-11-12 13:56:07.225 66081 INFO tempest.lib.common.rest_client [req-aa8a6a59-d90e-4682-ac3f-3bf7f4d2b8b9 req-aa8a6a59-d90e-4682-ac3f-3bf7f4d2b8b9 ] Request (ImagesDeleteNegativeTestJSON:setUpClass): 201 POST http://10.180.1.21/identity/v3/users 0.072s
2025-11-12 13:56:07.245 66081 INFO tempest.lib.common.rest_client [req-dbb79c9f-9ea8-4fbb-818d-eaad58b61a14 req-dbb79c9f-9ea8-4fbb-818d-eaad58b61a14 ] Request (ImagesDeleteNegativeTestJSON:setUpClass): 200 GET http://10.180.1.21/identity/v3/roles 0.019s
2025-11-12 13:56:07.272 66081 INFO tempest.lib.common.rest_client [req-2adfa026-fd16-492f-932b-5e4a216b61e9 req-2adfa026-fd16-492f-932b-5e4a216b61e9 ] Request (ImagesDeleteNegativeTestJSON:setUpClass): 204 PUT http://10.180.1.21/identity/v3/projects/2325a789a291492c8369fd37957ed47c/users/4a8f82b15b48428699d75fe4286c89b3/roles/6f23974f78f041a2a0eac2f9e83080cd 0.027s
2025-11-12 13:56:07.272 66081 INFO tempest.lib.common.dynamic_creds [-] Dynamic test user 4a8f82b15b48428699d75fe4286c89b3 is created with scope project and roles: ['member']
2025-11-12 13:56:07.272 66081 INFO tempest.lib.common.dynamic_creds [-] Acquired dynamic creds: credentials: Credentials: {'domain_id': 'default', 'domain_name': 'Default', 'username': 'tempest-ImagesDeleteNegativeTestJSON-1986832982-project-member', 'project_domain_id': 'default', 'project_domain_name': 'Default', 'project_id': '2325a789a291492c8369fd37957ed47c', 'project_name': 'tempest-ImagesDeleteNegativeTestJSON-1986832982', 'tenant_id': '2325a789a291492c8369fd37957ed47c', 'tenant_name': 'tempest-ImagesDeleteNegativeTestJSON-1986832982', 'user_domain_id': 'default', 'user_domain_name': 'Default', 'user_id': '4a8f82b15b48428699d75fe4286c89b3', 'system': None}, Network: None, Subnet: None, Router: None
2025-11-12 13:56:07.273 66081 INFO tempest.lib.common.dynamic_creds [-] Created isolated network resources for: credentials: Credentials: {'domain_id': 'default', 'domain_name': 'Default', 'username': 'tempest-ImagesDeleteNegativeTestJSON-1986832982-project-member', 'project_domain_id': 'default', 'project_domain_name': 'Default', 'project_id': '2325a789a291492c8369fd37957ed47c', 'project_name': 'tempest-ImagesDeleteNegativeTestJSON-1986832982', 'tenant_id': '2325a789a291492c8369fd37957ed47c', 'tenant_name': 'tempest-ImagesDeleteNegativeTestJSON-1986832982', 'user_domain_id': 'default', 'user_domain_name': 'Default', 'user_id': '4a8f82b15b48428699d75fe4286c89b3', 'system': None}, Network: None, Subnet: None, Router: None
2025-11-12 13:56:07.335 66081 INFO tempest.lib.common.rest_client [req-2e56d1e2-6aaf-4f94-8a07-76d320f80840 req-2e56d1e2-6aaf-4f94-8a07-76d320f80840 ] Request (ImagesDeleteNegativeTestJSON:setUpClass): 201 POST http://10.180.1.21/identity/v3/auth/tokens 0.059s
2025-11-12 13:56:07.435 66055 INFO tempest.lib.common.rest_client [req-633b4dab-36ff-4945-ba3a-a785837b0dc0 req-633b4dab-36ff-4945-ba3a-a785837b0dc0 ] Request (DeleteServersAdminTestJSON:test_admin_delete_servers_of_others): 200 GET http://10.180.1.21/compute/v2.1/servers/66806918-58d9-49eb-a949-3e429d5df1ec 2.846s
2025-11-12 13:56:07.444 66025 INFO tempest.lib.common.rest_client [req-687d6902-25b3-40df-93d9-e69ad4bb1000 req-687d6902-25b3-40df-93d9-e69ad4bb1000 ] Request (ServersV294TestFqdnHostnames:setUpClass): 201 POST http://10.180.1.21/networking/v2.0/floatingips 1.481s
2025-11-12 13:56:07.522 66025 INFO tempest.lib.common.rest_client [req-9f540052-4808-4a57-a1b8-3b906bf9aa55 req-9f540052-4808-4a57-a1b8-3b906bf9aa55 ] Request (ServersV294TestFqdnHostnames:setUpClass): 201 POST http://10.180.1.21/identity/v3/auth/tokens 0.075s
2025-11-12 13:56:07.522 66025 INFO tempest.lib.common.fixed_network [-] (ServersV294TestFqdnHostnames:setUpClass) Found network {'id': 'bae65da5-71f2-414a-828c-6ea4403e39d5', 'name': 'tempest-ServersV294TestFqdnHostnames-34097329-network', 'tenant_id': '9b1f25eec56a47829d1a4edbb391e0d0', 'project_id': '9b1f25eec56a47829d1a4edbb391e0d0', 'admin_state_up': True, 'mtu': 8950, 'status': 'ACTIVE', 'subnets': [], 'shared': False, 'port_security_enabled': True, 'router:external': False, 'provider:network_type': 'vlan', 'provider:physical_network': 'default', 'provider:segmentation_id': 882, 'availability_zone_hints': [], 'availability_zones': [], 'ipv4_address_scope': None, 'ipv6_address_scope': None, 'description': '', 'tags': [], 'created_at': '2025-11-12T13:55:58Z', 'updated_at': '2025-11-12T13:55:58Z', 'revision_number': 1} available for tenant
2025-11-12 13:56:07.554 66045 INFO tempest.lib.common.rest_client [req-c212e763-30f3-405f-9720-9e13979e9740 req-c212e763-30f3-405f-9720-9e13979e9740 ] Request (TenantUsagesNegativeTestJSON:tearDownClass): 200 GET http://10.180.1.21/networking/v2.0/security-groups?tenant_id=f9a91e40328643fbac05010fbc7a66d3&name=default 0.499s
2025-11-12 13:56:07.771 66045 INFO tempest.lib.common.rest_client [req-04e6883e-0149-41a3-bc1d-042c36586b26 req-04e6883e-0149-41a3-bc1d-042c36586b26 ] Request (TenantUsagesNegativeTestJSON:tearDownClass): 204 DELETE http://10.180.1.21/networking/v2.0/security-groups/8a7b6353-3398-43f7-a66f-2caf763258e6 0.217s
2025-11-12 13:56:07.799 66083 INFO tempest.lib.common.rest_client [req-d77f1df9-0628-4d9a-acaa-553fcdf393df req-d77f1df9-0628-4d9a-acaa-553fcdf393df ] Request (ServersTestBootFromVolume:setUpClass): 200 GET http://10.180.1.21/volume/v3/volumes/ad446650-0373-48bf-8a41-6b7f842c32d2 0.030s
2025-11-12 13:56:07.830 66037 INFO tempest.lib.common.rest_client [req-05b5addd-c683-4c30-8bfd-37df6b9827f6 req-05b5addd-c683-4c30-8bfd-37df6b9827f6 ] Request (ServerDiagnosticsNegativeTest:test_get_server_diagnostics_by_non_admin): 200 GET http://10.180.1.21/compute/v2.1/servers/35eac70f-1395-4040-8c8d-9d0b72c4c325 3.160s
2025-11-12 13:56:07.838 66037 INFO tempest.common.waiters [-] State transition "BUILD/networking" ==> "BUILD/spawning" after 9 second wait
2025-11-12 13:56:07.851 66057 INFO tempest.lib.common.rest_client [req-5ffba662-002c-490d-abd5-2c6cc439f710 req-5ffba662-002c-490d-abd5-2c6cc439f710 ] Request (ServicesAdminNegativeTestJSON:test_get_service_with_valid_service_and_invalid_host): 200 GET http://10.180.1.21/compute/v2.1/os-services?host=xxx&binary=nova-scheduler 3.167s
2025-11-12 13:56:07.870 66045 INFO tempest.lib.common.rest_client [req-5f8517ae-eea4-4a31-b402-5791dd417a0b req-5f8517ae-eea4-4a31-b402-5791dd417a0b ] Request (TenantUsagesNegativeTestJSON:tearDownClass): 204 DELETE http://10.180.1.21/identity/v3/projects/f9a91e40328643fbac05010fbc7a66d3 0.098s
2025-11-12 13:56:07.939 66045 INFO tempest.lib.common.rest_client [req-e141e685-46fb-4e67-82bd-ee0b6ae466dd req-e141e685-46fb-4e67-82bd-ee0b6ae466dd ] Request (FloatingIPsNegativeTestJSON:setUpClass): 201 POST http://10.180.1.21/identity/v3/auth/tokens 0.067s
2025-11-12 13:56:07.993 66069 INFO tempest.lib.common.rest_client [req-024feb05-d60d-4cf5-bf5d-65ca364f07c9 req-024feb05-d60d-4cf5-bf5d-65ca364f07c9 ] Request (QuotasAdminNegativeTest:test_create_server_when_instances_quota_is_full): 200 GET http://10.180.1.21/compute/v2.1/os-quota-sets/0084280d69a54b23ab593ce7eb33d79e 3.273s
