2025-11-12 12:00:13.296 66699 INFO tempest.lib.common.rest_client [req-5973b429-9c66-485b-a6e2-dcdd78bf4db1 req-5973b429-9c66-485b-a6e2-dcdd78bf4db1 ] Request (ServerDiagnosticsV248Test:test_get_server_diagnostics): 200 GET http://10.180.1.21/compute/v2.1/servers/3f813cab-edab-44cf-afa9-7d40f3e3b9ba 3.950s
2025-11-12 12:00:13.303 66729 INFO tempest.lib.common.rest_client [req-ff7d0c85-1753-4f8b-9fe2-a537b1171556 req-ff7d0c85-1753-4f8b-9fe2-a537b1171556 ] Request (ServerMetadataNegativeTestJSON:test_list_server_metadata_non_existent_server): 404 GET http://10.180.1.21/compute/v2.1/servers/2e8be703-3b69-41cc-bf54-a045ebaec841/metadata 3.553s
2025-11-12 12:00:13.344 66685 INFO tempest.lib.common.rest_client [req-f42de542-8c5a-4317-94a1-824d19d145c6 req-f42de542-8c5a-4317-94a1-824d19d145c6 ] Request (ListImageFiltersTestJSON:setUpClass): 200 GET http://10.180.1.21/compute/v2.1/images/e1a8563d-e7f3-42e7-ab4d-02d2ca30f242 3.550s
2025-11-12 12:00:13.476 66685 INFO tempest.lib.common.rest_client [req-b17183a3-a3dc-4964-ba77-965e1f9c1c7c req-b17183a3-a3dc-4964-ba77-965e1f9c1c7c ] Request (ListImageFiltersTestJSON:setUpClass): 201 POST http://10.180.1.21/identity/v3/auth/tokens 0.121s
2025-11-12 12:00:13.476 66685 INFO tempest.lib.common.fixed_network [-] (ListImageFiltersTestJSON:setUpClass) Found network None available for tenant
2025-11-12 12:00:13.509 66687 INFO tempest.lib.common.rest_client [req-52a9b9aa-d45e-4656-be5c-a875471b027e req-52a9b9aa-d45e-4656-be5c-a875471b027e ] Request (ServerDiagnosticsTest:test_get_server_diagnostics): 200 GET http://10.180.1.21/compute/v2.1/servers/b0099c3a-6e31-4889-ba5b-03b376754a74 4.128s
2025-11-12 12:00:13.523 66719 INFO tempest.lib.common.rest_client [req-668f0c41-4d56-462b-bcca-375dfe4a8e89 req-668f0c41-4d56-462b-bcca-375dfe4a8e89 ] Request (MigrationsAdminTest:test_list_migrations_in_flavor_resize_situation): 200 GET http://10.180.1.21/compute/v2.1/servers/97f2a00d-a38a-4c47-9845-1be4e3f80bf6 3.614s
2025-11-12 12:00:13.531 66719 INFO tempest.common.waiters [-] State transition "RESIZE/resize_migrated" ==> "RESIZE/resize_finish" after 42 second wait
2025-11-12 12:00:13.567 66722 INFO tempest.lib.common.rest_client [req-b0f47c11-2f41-42aa-a501-2192af6e8883 req-b0f47c11-2f41-42aa-a501-2192af6e8883 ] Request (ImagesOneServerTestJSON:test_create_delete_image): 200 GET http://10.180.1.21/compute/v2.1/images/d9d38fc8-aaac-47f7-a776-30f9e353ddbf 3.642s
2025-11-12 12:00:13.632 66713 INFO tempest.lib.common.rest_client [req-a3ab9d42-1a13-4ccb-b06c-bdf6f04584a7 req-a3ab9d42-1a13-4ccb-b06c-bdf6f04584a7 ] Request (ServerShowV257Test:test_rebuild_server): 200 GET http://10.180.1.21/compute/v2.1/servers/b30f3cdd-e757-4290-8ef1-88b605aa7d38 3.461s
2025-11-12 12:00:13.643 66713 INFO tempest.common.waiters [-] State transition "BUILD/None" ==> "BUILD/block_device_mapping" after 29 second wait
2025-11-12 12:00:13.712 66725 INFO tempest.lib.common.rest_client [req-9343b8ac-1667-46aa-900f-bbff18654d30 req-9343b8ac-1667-46aa-900f-bbff18654d30 ] Request (ServerActionsV293TestJSON:setUpClass): 201 POST http://10.180.1.21/compute/v2.1/os-keypairs 3.644s
2025-11-12 12:00:13.884 66725 INFO tempest.lib.common.rest_client [req-e4c20982-39fd-4ea9-a33e-230af1a8e292 req-e4c20982-39fd-4ea9-a33e-230af1a8e292 ] Request (ServerActionsV293TestJSON:setUpClass): 201 POST http://10.180.1.21/networking/v2.0/security-groups 0.170s
2025-11-12 12:00:13.922 66741 INFO tempest.lib.common.rest_client [req-1b3a3578-437b-456e-8447-e8c5a542d6fd req-1b3a3578-437b-456e-8447-e8c5a542d6fd ] Request (ServersListShow2100Test:tearDownClass): 200 GET http://10.180.1.21/compute/v2.1/servers/4c60f075-59a6-4df3-afa0-1a228943c233 3.535s
2025-11-12 12:00:13.943 66737 INFO tempest.lib.common.rest_client [req-f6ad374d-c40a-46ae-84b5-07612c318ecf req-f6ad374d-c40a-46ae-84b5-07612c318ecf ] Request (SecurityGroupsTestJSON:test_list_security_groups_by_server): 200 GET http://10.180.1.21/compute/v2.1/servers/6542ef9a-a023-4820-8891-9f7eb92d252e 3.649s
2025-11-12 12:00:13.956 66737 INFO tempest.common.waiters [-] State transition "BUILD/spawning" ==> "ACTIVE/None" after 45 second wait
2025-11-12 12:00:13.958 66709 INFO tempest.lib.common.rest_client [req-c4f10494-9afb-40d4-a01e-729125a989ad req-c4f10494-9afb-40d4-a01e-729125a989ad ] Request (FlavorsAdminTestJSON:test_is_public_string_variations): 200 GET http://10.180.1.21/compute/v2.1/flavors/detail?is_public=0 3.459s
2025-11-12 12:00:13.966 66723 INFO tempest.lib.common.rest_client [req-d5b29e03-a156-4d5d-9438-23ef198543de req-d5b29e03-a156-4d5d-9438-23ef198543de ] Request (AggregatesAdminNegativeTestJSON:test_aggregate_remove_host_as_user): 403 POST http://10.180.1.21/compute/v2.1/os-aggregates/7/action 3.404s
2025-11-12 12:00:13.971 66691 INFO tempest.lib.common.rest_client [req-4a2744bf-611a-4a6b-8639-1ae8d980310f req-4a2744bf-611a-4a6b-8639-1ae8d980310f ] Request (KeyPairsV22TestJSON:test_keypairs_create_list_delete): 201 POST http://10.180.1.21/compute/v2.1/os-keypairs 3.488s
2025-11-12 12:00:14.027 66725 INFO tempest.lib.common.rest_client [req-4fd37ae4-4963-4830-b8da-111328ea6a89 req-4fd37ae4-4963-4830-b8da-111328ea6a89 ] Request (ServerActionsV293TestJSON:setUpClass): 201 POST http://10.180.1.21/networking/v2.0/security-group-rules 0.143s
2025-11-12 12:00:14.133 66703 INFO tempest.lib.common.rest_client [req-b0a91b87-a068-4de9-a007-27003c9e677d req-b0a91b87-a068-4de9-a007-27003c9e677d ] Request (AttachInterfacesUnderV243Test:setUpClass): 201 POST http://10.180.1.21/networking/v2.0/routers 0.959s
2025-11-12 12:00:14.149 66728 INFO tempest.lib.common.rest_client [req-2713eb65-af7c-4958-a7cd-a7f5cc7f39bc req-2713eb65-af7c-4958-a7cd-a7f5cc7f39bc ] Request (ImagesTestJSON:test_create_image_from_suspended_server): 200 GET http://10.180.1.21/compute/v2.1/servers/02579d77-b73e-4b45-982d-3c18f79fe1a4 3.401s
2025-11-12 12:00:14.197 66733 INFO tempest.lib.common.rest_client [req-7e59c83e-4ecf-4da5-93d6-3b3e79fa102a req-7e59c83e-4ecf-4da5-93d6-3b3e79fa102a ] Request (FloatingIPsAssociationTestJSON:test_associate_already_associated_floating_ip): 200 GET http://10.180.1.21/compute/v2.1/servers/c9dcd011-1f71-4c42-9407-eb997f989f43 3.067s
2025-11-12 12:00:14.237 66725 INFO tempest.lib.common.rest_client [req-5bc3e7b7-9c5e-4743-879c-d554b30f418f req-5bc3e7b7-9c5e-4743-879c-d554b30f418f ] Request (ServerActionsV293TestJSON:setUpClass): 201 POST http://10.180.1.21/networking/v2.0/security-group-rules 0.210s
2025-11-12 12:00:14.309 66693 INFO tempest.lib.common.rest_client [req-5297533d-be27-4c6a-aef8-71a6d452919c req-5297533d-be27-4c6a-aef8-71a6d452919c ] Request (ServersTestFqdnHostnames:test_create_server_with_fqdn_name): 200 GET http://10.180.1.21/compute/v2.1/servers/1c4df4df-e2d7-4528-8f05-125c1864695a 3.167s
2025-11-12 12:00:14.801 66725 INFO tempest.lib.common.rest_client [req-4d52ae8e-cd2b-4c5d-9b1d-31d4238797b6 req-4d52ae8e-cd2b-4c5d-9b1d-31d4238797b6 ] Request (ServerActionsV293TestJSON:setUpClass): 201 POST http://10.180.1.21/networking/v2.0/floatingips 0.563s
2025-11-12 12:00:14.835 66731 INFO tempest.lib.common.rest_client [req-8a3ecb3d-f420-4077-a596-026b1544773d req-8a3ecb3d-f420-4077-a596-026b1544773d ] Request (ServerTagsTestJSON:setUpClass): 200 GET http://10.180.1.21/compute/v2.1/servers/38cdc020-8fc3-4307-928d-e0871bcd152a 3.604s
2025-11-12 12:00:14.850 66725 INFO tempest.lib.common.rest_client [req-540fa69a-d46b-4597-9104-d348bca7d7c5 req-540fa69a-d46b-4597-9104-d348bca7d7c5 ] Request (ServerActionsV293TestJSON:setUpClass): 201 POST http://10.180.1.21/identity/v3/auth/tokens 0.045s
2025-11-12 12:00:14.850 66725 INFO tempest.lib.common.fixed_network [-] (ServerActionsV293TestJSON:setUpClass) Found network {'id': '14f7ecbb-ecf5-4f10-ae71-034b02d77404', 'name': 'tempest-ServerActionsV293TestJSON-953652010-network', 'tenant_id': '2349a57c438c4a14956d7b09e50f15cf', 'project_id': '2349a57c438c4a14956d7b09e50f15cf', 'admin_state_up': True, 'mtu': 8950, 'status': 'ACTIVE', 'subnets': [], 'shared': False, 'port_security_enabled': True, 'router:external': False, 'provider:network_type': 'vlan', 'provider:physical_network': 'default', 'provider:segmentation_id': 858, 'availability_zone_hints': [], 'availability_zones': [], 'ipv4_address_scope': None, 'ipv6_address_scope': None, 'description': '', 'tags': [], 'created_at': '2025-11-12T12:00:07Z', 'updated_at': '2025-11-12T12:00:07Z', 'revision_number': 1} available for tenant
2025-11-12 12:00:14.891 66701 INFO tempest.lib.common.rest_client [req-254a1dd1-f4de-42ec-bae7-628cb245bb70 req-254a1dd1-f4de-42ec-bae7-628cb245bb70 ] Request (ServersAdminTestJSON:test_create_server_with_scheduling_hint): 200 GET http://10.180.1.21/compute/v2.1/servers/0d9ce033-c0de-4e55-8807-8a215bb8ba38 3.586s
2025-11-12 12:00:14.899 66701 INFO tempest.common.waiters [-] State transition "BUILD/scheduling" ==> "BUILD/None" after 4 second wait
2025-11-12 12:00:15.016 66735 INFO tempest.lib.common.rest_client [req-3d07f5b8-dc51-4c35-ba42-02d2ec510ec9 req-3d07f5b8-dc51-4c35-ba42-02d2ec510ec9 ] Request (FloatingIPsAssociationNegativeTestJSON:tearDownClass): 200 GET http://10.180.1.21/compute/v2.1/servers/362e344c-395e-4b66-bdae-7ffcfb1f5ad7 3.574s
2025-11-12 12:00:15.041 66717 INFO tempest.lib.common.rest_client [req-11108646-f433-43f0-b17d-860798a01912 req-11108646-f433-43f0-b17d-860798a01912 ] Request (ServersTestMultiNic:test_verify_duplicate_network_nics): 200 GET http://10.180.1.21/compute/v2.1/servers/28a10e69-5b1b-461d-895d-a35c06196af0 3.071s
2025-11-12 12:00:15.092 66711 INFO tempest.lib.common.rest_client [req-536ba997-7268-4e8f-9e54-408779571290 req-536ba997-7268-4e8f-9e54-408779571290 ] Request (FlavorsV2NegativeTest:test_boot_with_low_ram): 200 GET http://10.180.1.21/compute/v2.1/flavors/42 2.956s
2025-11-12 12:00:15.229 66697 INFO tempest.lib.common.rest_client [req-fc5a48c1-0d0b-4238-8d2b-6e02769f7a24 req-fc5a48c1-0d0b-4238-8d2b-6e02769f7a24 ] Request (AttachInterfacesTestJSON:test_create_list_show_delete_interfaces_by_fixed_ip): 200 GET http://10.180.1.21/compute/v2.1/servers/c6c6ea3a-0090-4373-82db-3a40a3ed3814/os-interface 2.519s
2025-11-12 12:00:15.303 66703 INFO tempest.lib.common.rest_client [req-b41ecba2-7955-40c4-8ea8-9232d6009cdf req-b41ecba2-7955-40c4-8ea8-9232d6009cdf ] Request (AttachInterfacesUnderV243Test:setUpClass): 200 PUT http://10.180.1.21/networking/v2.0/routers/acf08888-e7b2-4d0d-ad8b-5ababfa2a449/add_router_interface 1.170s
2025-11-12 12:00:15.303 66703 INFO tempest.lib.common.dynamic_creds [-] Created isolated network resources for: credentials: Credentials: {'domain_id': 'default', 'domain_name': 'Default', 'username': 'tempest-AttachInterfacesUnderV243Test-647231815-project-member', 'project_domain_id': 'default', 'project_domain_name': 'Default', 'project_id': '3adcbddba8bc43dc90e89180b80e8e68', 'project_name': 'tempest-AttachInterfacesUnderV243Test-647231815', 'tenant_id': '3adcbddba8bc43dc90e89180b80e8e68', 'tenant_name': 'tempest-AttachInterfacesUnderV243Test-647231815', 'user_domain_id': 'default', 'user_domain_name': 'Default', 'user_id': 'bb19e6c1ac02471c80a4640820f33b1b', 'system': None}, Network: {'id': 'adcf91cd-613f-4bd4-a1ac-9af3ee25cc25', 'name': 'tempest-AttachInterfacesUnderV243Test-691890079-network', 'tenant_id': '3adcbddba8bc43dc90e89180b80e8e68', 'project_id': '3adcbddba8bc43dc90e89180b80e8e68', 'admin_state_up': True, 'mtu': 8950, 'status': 'ACTIVE', 'subnets': [], 'shared': False, 'port_security_enabled': True, 'router:external': False, 'provider:network_type': 'vlan', 'provider:physical_network': 'default', 'provider:segmentation_id': 837, 'availability_zone_hints': [], 'availability_zones': [], 'ipv4_address_scope': None, 'ipv6_address_scope': None, 'description': '', 'tags': [], 'created_at': '2025-11-12T12:00:12Z', 'updated_at': '2025-11-12T12:00:12Z', 'revision_number': 1}, Subnet: {'id': '7ff04580-c76f-4942-85d3-59a73c993f76', 'name': 'tempest-AttachInterfacesUnderV243Test-691890079-subnet', 'tenant_id': '3adcbddba8bc43dc90e89180b80e8e68', 'network_id': 'adcf91cd-613f-4bd4-a1ac-9af3ee25cc25', 'ip_version': 4, 'subnetpool_id': None, 'enable_dhcp': True, 'ipv6_ra_mode': None, 'ipv6_address_mode': None, 'gateway_ip': '192.168.128.1', 'cidr': '192.168.128.0/28', 'allocation_pools': [{'start': '192.168.128.2', 'end': '192.168.128.14'}], 'host_routes': [], 'dns_nameservers': [], 'description': '', 'router:external': False, 'service_types': [], 'tags': [], 'created_at': '2025-11-12T12:00:13Z', 'updated_at': '2025-11-12T12:00:13Z', 'revision_number': 0, 'project_id': '3adcbddba8bc43dc90e89180b80e8e68'}, Router: {'id': 'acf08888-e7b2-4d0d-ad8b-5ababfa2a449', 'name': 'tempest-AttachInterfacesUnderV243Test-691890079-router', 'tenant_id': '3adcbddba8bc43dc90e89180b80e8e68', 'admin_state_up': True, 'status': 'ACTIVE', 'external_gateway_info': {'network_id': 'f6d99b50-3122-410d-bc72-29e5d3f47491', 'external_fixed_ips': [{'subnet_id': 'b229021c-462a-4517-9d1d-b59b0eef3ce5', 'ip_address': '10.180.180.180'}], 'enable_snat': True}, 'description': '', 'availability_zones': [], 'distributed': False, 'ha': False, 'availability_zone_hints': [], 'routes': [], 'flavor_id': None, 'tags': [], 'created_at': '2025-11-12T12:00:13Z', 'updated_at': '2025-11-12T12:00:13Z', 'revision_number': 2, 'project_id': '3adcbddba8bc43dc90e89180b80e8e68'}
2025-11-12 12:00:15.371 66689 INFO tempest.lib.common.rest_client [req-db64dbcd-2f32-444a-aef6-6e19aa717b0e req-db64dbcd-2f32-444a-aef6-6e19aa717b0e ] Request (ListServerFiltersTestJSON:test_list_servers_filter_by_server_name): 200 GET http://10.180.1.21/compute/v2.1/servers?name=tempest-ListServerFiltersTestJSON-instance-831607815 2.324s
2025-11-12 12:00:15.420 66703 INFO tempest.lib.common.rest_client [req-a8be28f5-8759-4403-9f67-5ce1744a71c9 req-a8be28f5-8759-4403-9f67-5ce1744a71c9 ] Request (AttachInterfacesUnderV243Test:setUpClass): 201 POST http://10.180.1.21/identity/v3/auth/tokens 0.111s
2025-11-12 12:00:15.553 66711 INFO tempest.lib.common.rest_client [req-5e4d3894-24ef-4fa6-9c2e-690aae599cb2 req-5e4d3894-24ef-4fa6-9c2e-690aae599cb2 ] Request (FlavorsV2NegativeTest:test_boot_with_low_ram): 201 POST http://10.180.1.21/image/v2/images 0.452s
2025-11-12 12:00:15.574 66725 INFO tempest.lib.common.rest_client [req-3cd8a1ab-10dd-4f8a-adc0-514473e0f726 req-3cd8a1ab-10dd-4f8a-adc0-514473e0f726 ] Request (ServerActionsV293TestJSON:setUpClass): 202 POST http://10.180.1.21/volume/v3/volumes 0.723s
2025-11-12 12:00:15.605 66695 INFO tempest.lib.common.rest_client [req-32e025e3-b9bf-46d3-8f78-24acc28cec48 req-32e025e3-b9bf-46d3-8f78-24acc28cec48 ] Request (ServerMetadataTestJSON:setUpClass): 202 POST http://10.180.1.21/compute/v2.1/servers 2.911s
2025-11-12 12:00:15.622 66725 INFO tempest.lib.common.rest_client [req-1a516b23-6980-4e2a-b3db-b79f75856bd1 req-1a516b23-6980-4e2a-b3db-b79f75856bd1 ] Request (ServerActionsV293TestJSON:setUpClass): 200 GET http://10.180.1.21/volume/v3/volumes/03c31106-6959-4495-8d9c-692cccfbae92 0.039s
2025-11-12 12:00:15.742 66729 INFO tempest.lib.common.rest_client [req-eb20e1fb-3e40-44e9-b011-f58652c0fc3f req-eb20e1fb-3e40-44e9-b011-f58652c0fc3f ] Request (ServerMetadataNegativeTestJSON:test_metadata_items_limit): 200 GET http://10.180.1.21/compute/v2.1/os-quota-sets/2d1c2035edaa4430b1bf938408ecc80b 2.437s
2025-11-12 12:00:15.781 66743 WARNING tempest.lib.common.ssh [-] Failed to establish authenticated ssh connection to cirros@10.180.180.233 ([Errno None] Unable to connect to port 22 on 10.180.180.233). Number attempts: 7. Retry after 8 seconds.: paramiko.ssh_exception.NoValidConnectionsError: [Errno None] Unable to connect to port 22 on 10.180.180.233
2025-11-12 12:00:16.304 66707 INFO tempest.lib.common.rest_client [req-e02e2162-7865-42ef-99f2-a3ce616b8897 req-e02e2162-7865-42ef-99f2-a3ce616b8897 ] Request (FloatingIPsTestJSON:test_delete_floating_ip): 200 POST http://10.180.1.21/compute/v2.1/os-floating-ips 3.013s
2025-11-12 12:00:16.393 66722 INFO tempest.lib.common.rest_client [req-9d31443d-0226-43d7-9b9c-ce1444d2428f req-9d31443d-0226-43d7-9b9c-ce1444d2428f ] Request (ImagesOneServerTestJSON:test_create_delete_image): 200 GET http://10.180.1.21/compute/v2.1/images/d9d38fc8-aaac-47f7-a776-30f9e353ddbf 2.823s
2025-11-12 12:00:16.446 66685 INFO tempest.lib.common.rest_client [req-715dc73e-5ec9-40c2-8644-6689cac2c7a6 req-715dc73e-5ec9-40c2-8644-6689cac2c7a6 ] Request (ListImageFiltersTestJSON:setUpClass): 202 POST http://10.180.1.21/compute/v2.1/servers 2.969s
2025-11-12 12:00:16.485 66685 INFO tempest.lib.common.rest_client [req-e299defc-190e-4eb8-ad50-8f70ce0382a6 req-e299defc-190e-4eb8-ad50-8f70ce0382a6 ] Request (ListImageFiltersTestJSON:setUpClass): 201 POST http://10.180.1.21/identity/v3/auth/tokens 0.033s
2025-11-12 12:00:16.486 66685 INFO tempest.lib.common.fixed_network [-] (ListImageFiltersTestJSON:setUpClass) Found network None available for tenant
2025-11-12 12:00:16.488 66709 INFO tempest.lib.common.rest_client [req-300b9001-b1f9-4bcb-970a-d04d9ec766ad req-300b9001-b1f9-4bcb-970a-d04d9ec766ad ] Request (FlavorsAdminTestJSON:test_is_public_string_variations): 200 GET http://10.180.1.21/compute/v2.1/flavors/detail?is_public=t 2.528s
2025-11-12 12:00:16.616 66711 INFO tempest.lib.common.rest_client [req-6c59af0a-0cbf-4d64-82ea-a7a5e36d1c88 req-6c59af0a-0cbf-4d64-82ea-a7a5e36d1c88 ] Request (FlavorsV2NegativeTest:test_boot_with_low_ram): 204 PUT http://10.180.1.21/image/v2/images/6c338f20-d560-4387-aba0-60739f02762d/file 1.062s
2025-11-12 12:00:16.665 66723 INFO tempest.lib.common.rest_client [req-759781b1-f0cb-4825-ab0b-90254f75e07e req-759781b1-f0cb-4825-ab0b-90254f75e07e ] Request (AggregatesAdminNegativeTestJSON:_run_cleanups): 200 POST http://10.180.1.21/compute/v2.1/os-aggregates/7/action 2.698s
2025-11-12 12:00:16.695 66711 INFO tempest.lib.common.rest_client [req-2dd29fcf-0133-45cd-81d3-eaadb39b2583 req-2dd29fcf-0133-45cd-81d3-eaadb39b2583 ] Request (FlavorsV2NegativeTest:test_boot_with_low_ram): 201 POST http://10.180.1.21/identity/v3/auth/tokens 0.074s
2025-11-12 12:00:16.698 66711 INFO tempest.lib.common.fixed_network [-] (FlavorsV2NegativeTest:test_boot_with_low_ram) Found network None available for tenant
2025-11-12 12:00:16.702 66725 INFO tempest.lib.common.rest_client [req-26b31269-939f-4fd8-9d45-ca703a41b97a req-26b31269-939f-4fd8-9d45-ca703a41b97a ] Request (ServerActionsV293TestJSON:setUpClass): 200 GET http://10.180.1.21/volume/v3/volumes/03c31106-6959-4495-8d9c-692cccfbae92 0.072s
2025-11-12 12:00:16.750 66691 INFO tempest.lib.common.rest_client [req-6881c7d3-08a7-4ea4-84a6-2b49ebe28c3b req-6881c7d3-08a7-4ea4-84a6-2b49ebe28c3b ] Request (KeyPairsV22TestJSON:test_keypairs_create_list_delete): 201 POST http://10.180.1.21/compute/v2.1/os-keypairs 2.776s
2025-11-12 12:00:17.023 66737 INFO tempest.lib.common.rest_client [req-9c2d18d7-89eb-4ab2-ab68-f3d6b7cdfd65 req-9c2d18d7-89eb-4ab2-ab68-f3d6b7cdfd65 ] Request (SecurityGroupsTestJSON:test_list_security_groups_by_server): 202 POST http://10.180.1.21/compute/v2.1/servers/6542ef9a-a023-4820-8891-9f7eb92d252e/action 3.067s
2025-11-12 12:00:17.188 66699 INFO tempest.lib.common.rest_client [req-571c2d66-9d0d-4561-b481-fe27583e5bd4 req-571c2d66-9d0d-4561-b481-fe27583e5bd4 ] Request (ServerDiagnosticsV248Test:test_get_server_diagnostics): 200 GET http://10.180.1.21/compute/v2.1/servers/3f813cab-edab-44cf-afa9-7d40f3e3b9ba 2.877s
2025-11-12 12:00:17.217 66683 INFO tempest.lib.common.rest_client [req-d52e2814-afcf-4f44-a570-b31657fc37f7 req-d52e2814-afcf-4f44-a570-b31657fc37f7 ] Request (DeleteServersAdminTestJSON:test_delete_server_while_in_error_state): 200 GET http://10.180.1.21/compute/v2.1/servers/1d5c4989-925a-4040-8e0e-5e54ccf295d1 3.225s
2025-11-12 12:00:17.230 66683 INFO tempest.common.waiters [-] State transition "BUILD/block_device_mapping" ==> "BUILD/spawning" after 44 second wait
2025-11-12 12:00:17.357 66687 INFO tempest.lib.common.rest_client [req-aa3033ed-3e6b-4aaa-9ae3-66db886ecb3d req-aa3033ed-3e6b-4aaa-9ae3-66db886ecb3d ] Request (ServerDiagnosticsTest:test_get_server_diagnostics): 200 GET http://10.180.1.21/compute/v2.1/servers/b0099c3a-6e31-4889-ba5b-03b376754a74 2.837s
2025-11-12 12:00:17.365 66687 INFO tempest.common.waiters [-] State transition "BUILD/spawning" ==> "ACTIVE/None" after 46 second wait
2025-11-12 12:00:17.379 66719 INFO tempest.lib.common.rest_client [req-69f8560d-0266-4ec3-8cc5-6fb309ce4eec req-69f8560d-0266-4ec3-8cc5-6fb309ce4eec ] Request (MigrationsAdminTest:test_list_migrations_in_flavor_resize_situation): 200 GET http://10.180.1.21/compute/v2.1/servers/97f2a00d-a38a-4c47-9845-1be4e3f80bf6 2.847s
2025-11-12 12:00:17.387 66719 INFO tempest.common.waiters [-] State transition "RESIZE/resize_finish" ==> "VERIFY_RESIZE/None" after 46 second wait
2025-11-12 12:00:17.458 66741 INFO tempest.lib.common.rest_client [req-c695b2d6-defa-4061-a6eb-3b7f1786568d req-c695b2d6-defa-4061-a6eb-3b7f1786568d ] Request (ServersListShow2100Test:tearDownClass): 200 GET http://10.180.1.21/compute/v2.1/servers/4c60f075-59a6-4df3-afa0-1a228943c233 2.514s
2025-11-12 12:00:17.475 66741 INFO tempest.common.waiters [-] State transition "ACTIVE/deleting" ==> "DELETED/None" after 4 second wait
2025-11-12 12:00:17.522 66728 INFO tempest.lib.common.rest_client [req-c5e82d5a-f5dd-4283-8584-4bdf71cb8a47 req-c5e82d5a-f5dd-4283-8584-4bdf71cb8a47 ] Request (ImagesTestJSON:test_create_image_from_suspended_server): 200 GET http://10.180.1.21/compute/v2.1/servers/02579d77-b73e-4b45-982d-3c18f79fe1a4 2.361s
2025-11-12 12:00:17.657 66733 INFO tempest.lib.common.rest_client [req-294e31c6-eb66-4310-ac6e-24cc98ee7577 req-294e31c6-eb66-4310-ac6e-24cc98ee7577 ] Request (FloatingIPsAssociationTestJSON:test_associate_already_associated_floating_ip): 200 GET http://10.180.1.21/compute/v2.1/servers/c9dcd011-1f71-4c42-9407-eb997f989f43 2.446s
2025-11-12 12:00:17.666 66733 INFO tempest.common.waiters [-] State transition "BUILD/spawning" ==> "ACTIVE/None" after 44 second wait
2025-11-12 12:00:17.678 66713 INFO tempest.lib.common.rest_client [req-9c4d4dfe-5d4c-4908-8a55-217cd2d7de4b req-9c4d4dfe-5d4c-4908-8a55-217cd2d7de4b ] Request (ServerShowV257Test:test_rebuild_server): 200 GET http://10.180.1.21/compute/v2.1/servers/b30f3cdd-e757-4290-8ef1-88b605aa7d38 3.032s
2025-11-12 12:00:17.690 66713 INFO tempest.common.waiters [-] State transition "BUILD/block_device_mapping" ==> "BUILD/spawning" after 33 second wait
2025-11-12 12:00:17.748 66725 INFO tempest.lib.common.rest_client [req-f1d8a9f5-9363-4969-9c81-1f47ed45e2af req-f1d8a9f5-9363-4969-9c81-1f47ed45e2af ] Request (ServerActionsV293TestJSON:setUpClass): 200 GET http://10.180.1.21/volume/v3/volumes/03c31106-6959-4495-8d9c-692cccfbae92 0.032s
2025-11-12 12:00:17.787 66697 INFO tempest.lib.common.rest_client [req-704e2be3-a185-407e-8ba6-cea648e3b23e req-704e2be3-a185-407e-8ba6-cea648e3b23e ] Request (AttachInterfacesTestJSON:test_create_list_show_delete_interfaces_by_fixed_ip): 200 GET http://10.180.1.21/compute/v2.1/servers/c6c6ea3a-0090-4373-82db-3a40a3ed3814/os-interface/7770a676-c3a0-401a-88e6-29ef7af61226 2.554s
2025-11-12 12:00:17.811 66693 INFO tempest.lib.common.rest_client [req-fcf7e59f-2c95-4e9b-ade0-4a2a3a569475 req-fcf7e59f-2c95-4e9b-ade0-4a2a3a569475 ] Request (ServersTestFqdnHostnames:test_create_server_with_fqdn_name): 200 GET http://10.180.1.21/compute/v2.1/servers/1c4df4df-e2d7-4528-8f05-125c1864695a 2.487s
2025-11-12 12:00:17.859 66689 INFO tempest.lib.common.rest_client [req-e491e3e0-6d16-4d61-9329-8cdde301a4d4 req-e491e3e0-6d16-4d61-9329-8cdde301a4d4 ] Request (ListServerFiltersTestJSON:test_list_servers_filter_by_shutoff_status): 202 POST http://10.180.1.21/compute/v2.1/servers/555d447b-8662-47c9-98b5-f9f6006e4579/action 2.482s
2025-11-12 12:00:17.868 66697 INFO tempest.lib.common.rest_client [req-16ebc3a9-cd2d-4843-a154-5e9ef5e6e418 req-16ebc3a9-cd2d-4843-a154-5e9ef5e6e418 ] Request (AttachInterfacesTestJSON:test_create_list_show_delete_interfaces_by_fixed_ip): 200 GET http://10.180.1.21/networking/v2.0/ports?network_id=b63a9e05-1b9e-4406-87fa-b72f299959f5 0.079s
2025-11-12 12:00:17.890 66703 INFO tempest.lib.common.rest_client [req-6420a5d6-16b2-4b12-a784-8e976173f669 req-6420a5d6-16b2-4b12-a784-8e976173f669 ] Request (ValidationResourcesFixture:setUp): 200 POST http://10.180.1.21/compute/v2.1/os-keypairs 2.468s
2025-11-12 12:00:17.917 66697 INFO tempest.lib.common.rest_client [req-9ff2bf6e-cfd8-4404-b4b7-3c51fd7e642e req-9ff2bf6e-cfd8-4404-b4b7-3c51fd7e642e ] Request (AttachInterfacesTestJSON:test_create_list_show_delete_interfaces_by_fixed_ip): 200 GET http://10.180.1.21/networking/v2.0/subnets/190d9c8d-c74c-48b2-be45-4b08c2c17b33 0.048s
2025-11-12 12:00:17.934 66729 INFO tempest.lib.common.rest_client [req-4f1c040d-7bd0-4964-a61d-68f4dc00e990 req-4f1c040d-7bd0-4964-a61d-68f4dc00e990 ] Request (ServerMetadataNegativeTestJSON:test_metadata_items_limit): 403 PUT http://10.180.1.21/compute/v2.1/servers/a7c9f95b-4643-4b7e-a9ce-affcee9d41a2/metadata 2.189s
2025-11-12 12:00:18.021 66703 INFO tempest.lib.common.rest_client [req-90caa02f-6713-4c52-a20c-8cee77beda88 req-90caa02f-6713-4c52-a20c-8cee77beda88 ] Request (ValidationResourcesFixture:setUp): 201 POST http://10.180.1.21/networking/v2.0/security-groups 0.129s
2025-11-12 12:00:18.044 66695 INFO tempest.lib.common.rest_client [req-00c2223f-1b77-481e-b03b-ab921c6b3990 req-00c2223f-1b77-481e-b03b-ab921c6b3990 ] Request (ServerMetadataTestJSON:setUpClass): 200 GET http://10.180.1.21/compute/v2.1/servers/f817c699-3af3-4956-8dc0-50c6b3f1817c 2.436s
2025-11-12 12:00:18.061 66705 WARNING tempest.lib.common.ssh [-] Failed to establish authenticated ssh connection to cirros@10.180.180.216 ([Errno None] Unable to connect to port 22 on 10.180.180.216). Number attempts: 6. Retry after 7 seconds.: paramiko.ssh_exception.NoValidConnectionsError: [Errno None] Unable to connect to port 22 on 10.180.180.216
2025-11-12 12:00:18.167 66701 INFO tempest.lib.common.rest_client [req-99255750-0364-47b7-80a2-1f3db4e6d383 req-99255750-0364-47b7-80a2-1f3db4e6d383 ] Request (ServersAdminTestJSON:test_create_server_with_scheduling_hint): 200 GET http://10.180.1.21/compute/v2.1/servers/0d9ce033-c0de-4e55-8807-8a215bb8ba38 2.265s
2025-11-12 12:00:18.191 66735 INFO tempest.lib.common.rest_client [req-a64433b9-1be8-45ec-83e5-d1111eb55c07 req-a64433b9-1be8-45ec-83e5-d1111eb55c07 ] Request (FloatingIPsAssociationNegativeTestJSON:tearDownClass): 404 GET http://10.180.1.21/compute/v2.1/servers/362e344c-395e-4b66-bdae-7ffcfb1f5ad7 2.161s
2025-11-12 12:00:18.196 66731 INFO tempest.lib.common.rest_client [req-f78fbdf4-ef6b-4bf7-9f6e-4faa8abba261 req-f78fbdf4-ef6b-4bf7-9f6e-4faa8abba261 ] Request (ServerTagsTestJSON:setUpClass): 200 GET http://10.180.1.21/compute/v2.1/servers/38cdc020-8fc3-4307-928d-e0871bcd152a 2.346s
2025-11-12 12:00:18.199 66703 INFO tempest.lib.common.rest_client [req-1a143760-bdb9-4908-8860-fc87f41d66a8 req-1a143760-bdb9-4908-8860-fc87f41d66a8 ] Request (ValidationResourcesFixture:setUp): 201 POST http://10.180.1.21/networking/v2.0/security-group-rules 0.178s
2025-11-12 12:00:18.207 66731 INFO tempest.common.waiters [-] State transition "BUILD/None" ==> "BUILD/spawning" after 19 second wait
2025-11-12 12:00:18.312 66703 INFO tempest.lib.common.rest_client [req-9273bb37-63ca-4649-9627-74f78af9bbb2 req-9273bb37-63ca-4649-9627-74f78af9bbb2 ] Request (ValidationResourcesFixture:setUp): 201 POST http://10.180.1.21/networking/v2.0/security-group-rules 0.111s
2025-11-12 12:00:18.360 66717 INFO tempest.lib.common.rest_client [req-1cd2515f-f127-4e5d-88cc-9f8d7b4fc910 req-1cd2515f-f127-4e5d-88cc-9f8d7b4fc910 ] Request (ServersTestMultiNic:test_verify_duplicate_network_nics): 200 GET http://10.180.1.21/compute/v2.1/servers/28a10e69-5b1b-461d-895d-a35c06196af0 2.302s
2025-11-12 12:00:18.798 66725 INFO tempest.lib.common.rest_client [req-3a19e670-6ad1-44de-916b-bf88ce7013bd req-3a19e670-6ad1-44de-916b-bf88ce7013bd ] Request (ServerActionsV293TestJSON:setUpClass): 200 GET http://10.180.1.21/volume/v3/volumes/03c31106-6959-4495-8d9c-692cccfbae92 0.040s
2025-11-12 12:00:18.872 66703 INFO tempest.lib.common.rest_client [req-4d2d1e5a-e8fc-41ff-8598-d09dead2f3f2 req-4d2d1e5a-e8fc-41ff-8598-d09dead2f3f2 ] Request (ValidationResourcesFixture:setUp): 201 POST http://10.180.1.21/networking/v2.0/floatingips 0.559s
2025-11-12 12:00:18.941 66703 INFO tempest.lib.common.rest_client [req-6d5f8c50-2bf8-4460-8f11-3a074cbc3065 req-6d5f8c50-2bf8-4460-8f11-3a074cbc3065 ] Request (AttachInterfacesUnderV243Test:test_add_remove_fixed_ip): 201 POST http://10.180.1.21/identity/v3/auth/tokens 0.061s
2025-11-12 12:00:18.941 66703 INFO tempest.lib.common.fixed_network [-] (AttachInterfacesUnderV243Test:test_add_remove_fixed_ip) Found network {'id': 'adcf91cd-613f-4bd4-a1ac-9af3ee25cc25', 'name': 'tempest-AttachInterfacesUnderV243Test-691890079-network', 'tenant_id': '3adcbddba8bc43dc90e89180b80e8e68', 'project_id': '3adcbddba8bc43dc90e89180b80e8e68', 'admin_state_up': True, 'mtu': 8950, 'status': 'ACTIVE', 'subnets': [], 'shared': False, 'port_security_enabled': True, 'router:external': False, 'provider:network_type': 'vlan', 'provider:physical_network': 'default', 'provider:segmentation_id': 837, 'availability_zone_hints': [], 'availability_zones': [], 'ipv4_address_scope': None, 'ipv6_address_scope': None, 'description': '', 'tags': [], 'created_at': '2025-11-12T12:00:12Z', 'updated_at': '2025-11-12T12:00:12Z', 'revision_number': 1} available for tenant
2025-11-12 12:00:19.089 66735 INFO tempest.lib.common.rest_client [req-6fdb248e-fc6c-40c6-8663-e325852c7d3e req-6fdb248e-fc6c-40c6-8663-e325852c7d3e ] Request (FloatingIPsAssociationNegativeTestJSON:tearDownClass): 200 PUT http://10.180.1.21/networking/v2.0/routers/3f6186c9-8331-42f8-819a-5732459947f7/remove_router_interface 0.897s
2025-11-12 12:00:19.113 66722 INFO tempest.lib.common.rest_client [req-2c447907-1898-45ee-bbf7-9bca4dace471 req-2c447907-1898-45ee-bbf7-9bca4dace471 ] Request (ImagesOneServerTestJSON:test_create_delete_image): 200 GET http://10.180.1.21/compute/v2.1/servers/b6b1f8eb-2c08-49ea-b249-a516435356e2 2.715s
2025-11-12 12:00:19.422 66707 INFO tempest.lib.common.rest_client [req-ade031a3-94ca-48da-9b80-b5d1383c17d0 req-ade031a3-94ca-48da-9b80-b5d1383c17d0 ] Request (FloatingIPsTestJSON:test_delete_floating_ip): 202 DELETE http://10.180.1.21/compute/v2.1/os-floating-ips/068f827c-361a-4150-93f8-05618dbddb4a 3.115s
2025-11-12 12:00:19.461 66709 INFO tempest.lib.common.rest_client [req-82145fcb-e4de-4f76-8375-73b785a05b15 req-82145fcb-e4de-4f76-8375-73b785a05b15 ] Request (FlavorsAdminTestJSON:test_is_public_string_variations): 200 GET http://10.180.1.21/compute/v2.1/flavors/detail?is_public=true 2.965s
2025-11-12 12:00:19.488 66723 INFO tempest.lib.common.rest_client [req-f3f3f056-4c40-4c0a-9f0b-3db623f8eadc req-f3f3f056-4c40-4c0a-9f0b-3db623f8eadc ] Request (AggregatesAdminNegativeTestJSON:_run_cleanups): 200 DELETE http://10.180.1.21/compute/v2.1/os-aggregates/7 2.821s
2025-11-12 12:00:19.631 66735 INFO tempest.lib.common.rest_client [req-734577dc-c4bb-476b-9e76-c9354af50158 req-734577dc-c4bb-476b-9e76-c9354af50158 ] Request (FloatingIPsAssociationNegativeTestJSON:tearDownClass): 204 DELETE http://10.180.1.21/networking/v2.0/routers/3f6186c9-8331-42f8-819a-5732459947f7 0.541s
2025-11-12 12:00:19.847 66725 INFO tempest.lib.common.rest_client [req-7ee40c6e-3197-49af-acd6-29e19182c507 req-7ee40c6e-3197-49af-acd6-29e19182c507 ] Request (ServerActionsV293TestJSON:setUpClass): 200 GET http://10.180.1.21/volume/v3/volumes/03c31106-6959-4495-8d9c-692cccfbae92 0.039s
2025-11-12 12:00:19.855 66735 INFO tempest.lib.common.rest_client [req-1c1ab0b9-28bd-41b4-b2ae-fd581eb2e673 req-1c1ab0b9-28bd-41b4-b2ae-fd581eb2e673 ] Request (FloatingIPsAssociationNegativeTestJSON:tearDownClass): 204 DELETE http://10.180.1.21/networking/v2.0/subnets/fe9a6e5b-13ec-4481-842c-d396799c2cb1 0.224s
2025-11-12 12:00:20.116 66711 INFO tempest.lib.common.rest_client [req-c3690870-58b4-4501-9b34-75a5a81a5776 req-c3690870-58b4-4501-9b34-75a5a81a5776 ] Request (FlavorsV2NegativeTest:test_boot_with_low_ram): 400 POST http://10.180.1.21/compute/v2.1/servers 3.417s
2025-11-12 12:00:20.176 66691 INFO tempest.lib.common.rest_client [req-39c707d6-1f1c-4ef6-9b9c-a8508888bbb1 req-39c707d6-1f1c-4ef6-9b9c-a8508888bbb1 ] Request (KeyPairsV22TestJSON:test_keypairs_create_list_delete): 201 POST http://10.180.1.21/compute/v2.1/os-keypairs 3.420s
2025-11-12 12:00:20.207 66711 INFO tempest.lib.common.rest_client [req-602e1b1f-502a-40b9-8a03-d543ec72f083 req-602e1b1f-502a-40b9-8a03-d543ec72f083 ] Request (FlavorsV2NegativeTest:_run_cleanups): 204 DELETE http://10.180.1.21/image/v2/images/6c338f20-d560-4387-aba0-60739f02762d 0.089s
2025-11-12 12:00:20.235 66685 INFO tempest.lib.common.rest_client [req-a2c1603f-35c8-4a47-b741-db367a087ba8 req-a2c1603f-35c8-4a47-b741-db367a087ba8 ] Request (ListImageFiltersTestJSON:setUpClass): 202 POST http://10.180.1.21/compute/v2.1/servers 3.749s
2025-11-12 12:00:20.258 66735 INFO tempest.lib.common.rest_client [req-b72bd009-14f3-48cc-abca-1e96f9782fb8 req-b72bd009-14f3-48cc-abca-1e96f9782fb8 ] Request (FloatingIPsAssociationNegativeTestJSON:tearDownClass): 204 DELETE http://10.180.1.21/networking/v2.0/networks/2d86e095-2990-47d9-be64-289056056c90 0.403s
2025-11-12 12:00:20.317 66711 INFO tempest.lib.common.rest_client [req-505a8c04-850a-4636-8365-5f859968af39 req-505a8c04-850a-4636-8365-5f859968af39 ] Request (FlavorsV2NegativeTest:tearDownClass): 204 DELETE http://10.180.1.21/identity/v3/users/a4e2b336307c463a99e5da02f66d56a4 0.106s
2025-11-12 12:00:20.317 66711 INFO tempest.lib.common.dynamic_creds [-] Deleting project and security group for project: 584940782e844dab8d938cc29875a74f
2025-11-12 12:00:20.320 66740 WARNING tempest.lib.common.ssh [-] Failed to establish authenticated ssh connection to cirros@10.180.180.166 ([Errno None] Unable to connect to port 22 on 10.180.180.166). Number attempts: 4. Retry after 5 seconds.: paramiko.ssh_exception.NoValidConnectionsError: [Errno None] Unable to connect to port 22 on 10.180.180.166
2025-11-12 12:00:20.397 66735 INFO tempest.lib.common.rest_client [req-c1c38ed6-32cb-4675-9dfc-6eeb9a6636c6 req-c1c38ed6-32cb-4675-9dfc-6eeb9a6636c6 ] Request (FloatingIPsAssociationNegativeTestJSON:tearDownClass): 204 DELETE http://10.180.1.21/identity/v3/users/58ce2bd480e24f7ea526eea7af52c3ff 0.138s
2025-11-12 12:00:20.397 66735 INFO tempest.lib.common.dynamic_creds [-] Deleting project and security group for project: 8f7d837962b341ffa92f76e1f64362b6
2025-11-12 12:00:20.451 66735 INFO tempest.lib.common.rest_client [req-cec979aa-a3b8-4a83-9da6-c50d78538ba0 req-cec979aa-a3b8-4a83-9da6-c50d78538ba0 ] Request (FloatingIPsAssociationNegativeTestJSON:tearDownClass): 200 GET http://10.180.1.21/networking/v2.0/security-groups?tenant_id=8f7d837962b341ffa92f76e1f64362b6&name=default 0.053s
2025-11-12 12:00:20.477 66711 INFO tempest.lib.common.rest_client [req-384311fe-7dc1-44de-a132-7b27b7499f99 req-384311fe-7dc1-44de-a132-7b27b7499f99 ] Request (FlavorsV2NegativeTest:tearDownClass): 201 POST http://10.180.1.21/identity/v3/auth/tokens 0.160s
2025-11-12 12:00:20.554 66735 INFO tempest.lib.common.rest_client [req-9bb5a791-18d2-4fb5-9fe0-9045200f291d req-9bb5a791-18d2-4fb5-9fe0-9045200f291d ] Request (FloatingIPsAssociationNegativeTestJSON:tearDownClass): 204 DELETE http://10.180.1.21/networking/v2.0/security-groups/e55950c9-faaa-4c37-8681-7b2df4ce6282 0.102s
2025-11-12 12:00:20.628 66735 INFO tempest.lib.common.rest_client [req-280d2963-1c3c-443d-8812-f24ec755eb78 req-280d2963-1c3c-443d-8812-f24ec755eb78 ] Request (FloatingIPsAssociationNegativeTestJSON:tearDownClass): 204 DELETE http://10.180.1.21/identity/v3/projects/8f7d837962b341ffa92f76e1f64362b6 0.074s
2025-11-12 12:00:20.728 66735 INFO tempest.lib.common.rest_client [req-ade094a2-c305-4115-844c-eefbf860ce81 req-ade094a2-c305-4115-844c-eefbf860ce81 ] Request (InstanceActionsNegativeTestJSON:setUpClass): 201 POST http://10.180.1.21/identity/v3/auth/tokens 0.098s
2025-11-12 12:00:20.740 66737 INFO tempest.lib.common.rest_client [req-3d62c316-38a8-4286-b2d1-333e4aac3933 req-3d62c316-38a8-4286-b2d1-333e4aac3933 ] Request (SecurityGroupsTestJSON:test_list_security_groups_by_server): 202 POST http://10.180.1.21/compute/v2.1/servers/6542ef9a-a023-4820-8891-9f7eb92d252e/action 3.716s
2025-11-12 12:00:20.786 66735 INFO tempest.lib.common.rest_client [req-6dc175e0-1e53-4116-b973-c1c562e31bbd req-6dc175e0-1e53-4116-b973-c1c562e31bbd ] Request (InstanceActionsNegativeTestJSON:setUpClass): 201 POST http://10.180.1.21/identity/v3/auth/tokens 0.054s
2025-11-12 12:00:20.833 66735 INFO tempest.lib.common.rest_client [req-c5784f51-a3f2-45ec-9176-4eff69dc4e99 req-c5784f51-a3f2-45ec-9176-4eff69dc4e99 ] Request (InstanceActionsNegativeTestJSON:setUpClass): 200 GET http://10.180.1.21/identity/v3/domains?name=Default 0.046s
2025-11-12 12:00:20.901 66735 INFO tempest.lib.common.rest_client [req-e8d1d048-6493-4b6c-aa1d-7205ac02ee3f req-e8d1d048-6493-4b6c-aa1d-7205ac02ee3f ] Request (InstanceActionsNegativeTestJSON:setUpClass): 201 POST http://10.180.1.21/identity/v3/projects 0.068s
2025-11-12 12:00:20.908 66725 INFO tempest.lib.common.rest_client [req-f7c3be70-1adf-4474-a8ac-cc4d6e732075 req-f7c3be70-1adf-4474-a8ac-cc4d6e732075 ] Request (ServerActionsV293TestJSON:setUpClass): 200 GET http://10.180.1.21/volume/v3/volumes/03c31106-6959-4495-8d9c-692cccfbae92 0.049s
2025-11-12 12:00:20.925 66719 INFO tempest.lib.common.rest_client [req-b042d5db-ef5d-41f2-800e-505417cfa435 req-b042d5db-ef5d-41f2-800e-505417cfa435 ] Request (MigrationsAdminTest:test_list_migrations_in_flavor_resize_situation): 204 POST http://10.180.1.21/compute/v2.1/servers/97f2a00d-a38a-4c47-9845-1be4e3f80bf6/action 3.538s
2025-11-12 12:00:21.015 66687 INFO tempest.lib.common.rest_client [req-7bffc16e-4809-459f-968e-08aa042cefaf req-7bffc16e-4809-459f-968e-08aa042cefaf ] Request (ServerDiagnosticsTest:test_get_server_diagnostics): 200 GET http://10.180.1.21/compute/v2.1/servers/b0099c3a-6e31-4889-ba5b-03b376754a74/diagnostics 3.649s
2025-11-12 12:00:21.017 66735 INFO tempest.lib.common.rest_client [req-43db607d-95dc-4c20-990a-53cd11a13c3f req-43db607d-95dc-4c20-990a-53cd11a13c3f ] Request (InstanceActionsNegativeTestJSON:setUpClass): 201 POST http://10.180.1.21/identity/v3/users 0.115s
2025-11-12 12:00:21.035 66711 INFO tempest.lib.common.rest_client [req-0ce8cf5d-c51b-4e6f-a41e-5b682b0c2e49 req-0ce8cf5d-c51b-4e6f-a41e-5b682b0c2e49 ] Request (FlavorsV2NegativeTest:tearDownClass): 200 GET http://10.180.1.21/networking/v2.0/security-groups?tenant_id=584940782e844dab8d938cc29875a74f&name=default 0.557s
2025-11-12 12:00:21.047 66735 INFO tempest.lib.common.rest_client [req-c6fa7350-e736-439e-9415-b9d77f284d09 req-c6fa7350-e736-439e-9415-b9d77f284d09 ] Request (InstanceActionsNegativeTestJSON:setUpClass): 200 GET http://10.180.1.21/identity/v3/roles 0.030s
2025-11-12 12:00:21.085 66735 INFO tempest.lib.common.rest_client [req-c2418a67-5258-4098-8079-a18a03177a6c req-c2418a67-5258-4098-8079-a18a03177a6c ] Request (InstanceActionsNegativeTestJSON:setUpClass): 204 PUT http://10.180.1.21/identity/v3/projects/ec7500d31a764a7bbd27f76ec7ad9689/users/99a79199284e448b916ba5384ee595dd/roles/f18f7fe1d64747e4a69466f10dc1c642 0.037s
2025-11-12 12:00:21.085 66735 INFO tempest.lib.common.dynamic_creds [-] Dynamic test user 99a79199284e448b916ba5384ee595dd is created with scope project and roles: ['member']
2025-11-12 12:00:21.086 66735 INFO tempest.lib.common.dynamic_creds [-] Acquired dynamic creds: credentials: Credentials: {'domain_id': 'default', 'domain_name': 'Default', 'username': 'tempest-InstanceActionsNegativeTestJSON-1826869731-project-member', 'project_domain_id': 'default', 'project_domain_name': 'Default', 'project_id': 'ec7500d31a764a7bbd27f76ec7ad9689', 'project_name': 'tempest-InstanceActionsNegativeTestJSON-1826869731', 'tenant_id': 'ec7500d31a764a7bbd27f76ec7ad9689', 'tenant_name': 'tempest-InstanceActionsNegativeTestJSON-1826869731', 'user_domain_id': 'default', 'user_domain_name': 'Default', 'user_id': '99a79199284e448b916ba5384ee595dd', 'system': None}, Network: None, Subnet: None, Router: None
2025-11-12 12:00:21.162 66735 INFO tempest.lib.common.rest_client [req-f175136d-c74e-43e1-8572-57027cc51013 req-f175136d-c74e-43e1-8572-57027cc51013 ] Request (InstanceActionsNegativeTestJSON:setUpClass): 201 POST http://10.180.1.21/identity/v3/auth/tokens 0.076s
2025-11-12 12:00:21.204 66711 INFO tempest.lib.common.rest_client [req-94feac72-4165-43ec-92d5-f09e4dd41444 req-94feac72-4165-43ec-92d5-f09e4dd41444 ] Request (FlavorsV2NegativeTest:tearDownClass): 204 DELETE http://10.180.1.21/networking/v2.0/security-groups/dad9b5f5-29d0-4a75-a0dc-1ffcf61c0300 0.167s
2025-11-12 12:00:21.278 66711 INFO tempest.lib.common.rest_client [req-645c79fd-eb5b-4035-82a0-1cde1b859e3a req-645c79fd-eb5b-4035-82a0-1cde1b859e3a ] Request (FlavorsV2NegativeTest:tearDownClass): 204 DELETE http://10.180.1.21/identity/v3/projects/584940782e844dab8d938cc29875a74f 0.074s
2025-11-12 12:00:21.345 66711 INFO tempest.lib.common.rest_client [req-695bd32b-e302-4e01-81e2-45f585661423 req-695bd32b-e302-4e01-81e2-45f585661423 ] Request (AbsoluteLimitsTestJSON:setUpClass): 201 POST http://10.180.1.21/identity/v3/auth/tokens 0.065s
2025-11-12 12:00:21.385 66711 INFO tempest.lib.common.rest_client [req-1f1f4aba-45db-4ee3-a3cb-101e9fdce363 req-1f1f4aba-45db-4ee3-a3cb-101e9fdce363 ] Request (AbsoluteLimitsTestJSON:setUpClass): 201 POST http://10.180.1.21/identity/v3/auth/tokens 0.036s
2025-11-12 12:00:21.419 66711 INFO tempest.lib.common.rest_client [req-8c9bd2e5-fc5b-414a-85f6-fc2a6567b006 req-8c9bd2e5-fc5b-414a-85f6-fc2a6567b006 ] Request (AbsoluteLimitsTestJSON:setUpClass): 200 GET http://10.180.1.21/identity/v3/domains?name=Default 0.034s
2025-11-12 12:00:21.470 66711 INFO tempest.lib.common.rest_client [req-5cdbf035-c96a-4a10-9c61-d3ff16c8b319 req-5cdbf035-c96a-4a10-9c61-d3ff16c8b319 ] Request (AbsoluteLimitsTestJSON:setUpClass): 201 POST http://10.180.1.21/identity/v3/projects 0.050s
2025-11-12 12:00:21.566 66711 INFO tempest.lib.common.rest_client [req-13d89588-80f1-420c-8eb7-f5d4fc124905 req-13d89588-80f1-420c-8eb7-f5d4fc124905 ] Request (AbsoluteLimitsTestJSON:setUpClass): 201 POST http://10.180.1.21/identity/v3/users 0.096s
2025-11-12 12:00:21.604 66711 INFO tempest.lib.common.rest_client [req-08f9b9ae-5b30-441c-b8a6-0a074d03a792 req-08f9b9ae-5b30-441c-b8a6-0a074d03a792 ] Request (AbsoluteLimitsTestJSON:setUpClass): 200 GET http://10.180.1.21/identity/v3/roles 0.037s
2025-11-12 12:00:21.617 66735 INFO tempest.lib.common.rest_client [req-3feb38c6-db37-4c8b-9c7a-37f53bc6fc49 req-3feb38c6-db37-4c8b-9c7a-37f53bc6fc49 ] Request (InstanceActionsNegativeTestJSON:setUpClass): 201 POST http://10.180.1.21/networking/v2.0/networks 0.454s
2025-11-12 12:00:21.647 66711 INFO tempest.lib.common.rest_client [req-79919e9f-511a-454e-bcc3-7942a15a6ae6 req-79919e9f-511a-454e-bcc3-7942a15a6ae6 ] Request (AbsoluteLimitsTestJSON:setUpClass): 204 PUT http://10.180.1.21/identity/v3/projects/7fc52e907e9a4da882d69589475e9d2e/users/d9110463da78468b96b17d62b1a6f936/roles/f18f7fe1d64747e4a69466f10dc1c642 0.042s
2025-11-12 12:00:21.647 66711 INFO tempest.lib.common.dynamic_creds [-] Dynamic test user d9110463da78468b96b17d62b1a6f936 is created with scope project and roles: ['member']
2025-11-12 12:00:21.647 66711 INFO tempest.lib.common.dynamic_creds [-] Acquired dynamic creds: credentials: Credentials: {'domain_id': 'default', 'domain_name': 'Default', 'username': 'tempest-AbsoluteLimitsTestJSON-1013744552-project-member', 'project_domain_id': 'default', 'project_domain_name': 'Default', 'project_id': '7fc52e907e9a4da882d69589475e9d2e', 'project_name': 'tempest-AbsoluteLimitsTestJSON-1013744552', 'tenant_id': '7fc52e907e9a4da882d69589475e9d2e', 'tenant_name': 'tempest-AbsoluteLimitsTestJSON-1013744552', 'user_domain_id': 'default', 'user_domain_name': 'Default', 'user_id': 'd9110463da78468b96b17d62b1a6f936', 'system': None}, Network: None, Subnet: None, Router: None
2025-11-12 12:00:21.647 66711 INFO tempest.lib.common.dynamic_creds [-] Created isolated network resources for: credentials: Credentials: {'domain_id': 'default', 'domain_name': 'Default', 'username': 'tempest-AbsoluteLimitsTestJSON-1013744552-project-member', 'project_domain_id': 'default', 'project_domain_name': 'Default', 'project_id': '7fc52e907e9a4da882d69589475e9d2e', 'project_name': 'tempest-AbsoluteLimitsTestJSON-1013744552', 'tenant_id': '7fc52e907e9a4da882d69589475e9d2e', 'tenant_name': 'tempest-AbsoluteLimitsTestJSON-1013744552', 'user_domain_id': 'default', 'user_domain_name': 'Default', 'user_id': 'd9110463da78468b96b17d62b1a6f936', 'system': None}, Network: None, Subnet: None, Router: None
2025-11-12 12:00:21.670 66689 INFO tempest.lib.common.rest_client [req-69804e72-ba7c-44cb-9b39-95f5fa15b415 req-69804e72-ba7c-44cb-9b39-95f5fa15b415 ] Request (ListServerFiltersTestJSON:test_list_servers_filter_by_shutoff_status): 200 GET http://10.180.1.21/compute/v2.1/servers/555d447b-8662-47c9-98b5-f9f6006e4579 3.810s
2025-11-12 12:00:21.767 66711 INFO tempest.lib.common.rest_client [req-4dc3c6af-cf74-4410-969b-b1a456818447 req-4dc3c6af-cf74-4410-969b-b1a456818447 ] Request (AbsoluteLimitsTestJSON:setUpClass): 201 POST http://10.180.1.21/identity/v3/auth/tokens 0.115s
2025-11-12 12:00:21.947 66725 INFO tempest.lib.common.rest_client [req-e8caf6b0-838c-4ca4-8ccc-bc1eed7ef990 req-e8caf6b0-838c-4ca4-8ccc-bc1eed7ef990 ] Request (ServerActionsV293TestJSON:setUpClass): 200 GET http://10.180.1.21/volume/v3/volumes/03c31106-6959-4495-8d9c-692cccfbae92 0.030s
2025-11-12 12:00:22.016 66735 INFO tempest.lib.common.rest_client [req-7e8fba6d-64eb-41b7-9b97-0728e56e7ad9 req-7e8fba6d-64eb-41b7-9b97-0728e56e7ad9 ] Request (InstanceActionsNegativeTestJSON:setUpClass): 201 POST http://10.180.1.21/networking/v2.0/subnets 0.398s
2025-11-12 12:00:22.992 66725 INFO tempest.lib.common.rest_client [req-664dd2c6-2fd0-482a-a31a-fd06029fa287 req-664dd2c6-2fd0-482a-a31a-fd06029fa287 ] Request (ServerActionsV293TestJSON:setUpClass): 200 GET http://10.180.1.21/volume/v3/volumes/03c31106-6959-4495-8d9c-692cccfbae92 0.033s
2025-11-12 12:00:23.213 66735 INFO tempest.lib.common.rest_client [req-8e04e1df-75ff-433c-9d32-88ab5a5e12e5 req-8e04e1df-75ff-433c-9d32-88ab5a5e12e5 ] Request (InstanceActionsNegativeTestJSON:setUpClass): 201 POST http://10.180.1.21/networking/v2.0/routers 1.196s
2025-11-12 12:00:24.049 66725 INFO tempest.lib.common.rest_client [req-5415764b-6c32-400b-b29b-43de928ef356 req-5415764b-6c32-400b-b29b-43de928ef356 ] Request (ServerActionsV293TestJSON:setUpClass): 200 GET http://10.180.1.21/volume/v3/volumes/03c31106-6959-4495-8d9c-692cccfbae92 0.046s
2025-11-12 12:00:24.297 66743 INFO paramiko.transport [-] Connected (version 2.0, client dropbear_2020.81)
2025-11-12 12:00:24.352 66735 INFO tempest.lib.common.rest_client [req-e944672b-f1e3-4892-965f-bfb35848d88b req-e944672b-f1e3-4892-965f-bfb35848d88b ] Request (InstanceActionsNegativeTestJSON:setUpClass): 200 PUT http://10.180.1.21/networking/v2.0/routers/77313c6a-9d41-48dc-aaa0-7836bdddd966/add_router_interface 1.138s
2025-11-12 12:00:24.352 66735 INFO tempest.lib.common.dynamic_creds [-] Created isolated network resources for: credentials: Credentials: {'domain_id': 'default', 'domain_name': 'Default', 'username': 'tempest-InstanceActionsNegativeTestJSON-1826869731-project-member', 'project_domain_id': 'default', 'project_domain_name': 'Default', 'project_id': 'ec7500d31a764a7bbd27f76ec7ad9689', 'project_name': 'tempest-InstanceActionsNegativeTestJSON-1826869731', 'tenant_id': 'ec7500d31a764a7bbd27f76ec7ad9689', 'tenant_name': 'tempest-InstanceActionsNegativeTestJSON-1826869731', 'user_domain_id': 'default', 'user_domain_name': 'Default', 'user_id': '99a79199284e448b916ba5384ee595dd', 'system': None}, Network: {'id': 'c7d63830-b750-496e-9e59-e95526b91f50', 'name': 'tempest-InstanceActionsNegativeTestJSON-381340490-network', 'tenant_id': 'ec7500d31a764a7bbd27f76ec7ad9689', 'project_id': 'ec7500d31a764a7bbd27f76ec7ad9689', 'admin_state_up': True, 'mtu': 8950, 'status': 'ACTIVE', 'subnets': [], 'shared': False, 'port_security_enabled': True, 'router:external': False, 'provider:network_type': 'vlan', 'provider:physical_network': 'default', 'provider:segmentation_id': 191, 'availability_zone_hints': [], 'availability_zones': [], 'ipv4_address_scope': None, 'ipv6_address_scope': None, 'description': '', 'tags': [], 'created_at': '2025-11-12T12:00:21Z', 'updated_at': '2025-11-12T12:00:21Z', 'revision_number': 1}, Subnet: {'id': 'b59fd36b-f3c8-44d3-81b3-b516d45c1cd1', 'name': 'tempest-InstanceActionsNegativeTestJSON-381340490-subnet', 'tenant_id': 'ec7500d31a764a7bbd27f76ec7ad9689', 'network_id': 'c7d63830-b750-496e-9e59-e95526b91f50', 'ip_version': 4, 'subnetpool_id': None, 'enable_dhcp': True, 'ipv6_ra_mode': None, 'ipv6_address_mode': None, 'gateway_ip': '192.168.128.1', 'cidr': '192.168.128.0/28', 'allocation_pools': [{'start': '192.168.128.2', 'end': '192.168.128.14'}], 'host_routes': [], 'dns_nameservers': [], 'description': '', 'router:external': False, 'service_types': [], 'tags': [], 'created_at': '2025-11-12T12:00:21Z', 'updated_at': '2025-11-12T12:00:21Z', 'revision_number': 0, 'project_id': 'ec7500d31a764a7bbd27f76ec7ad9689'}, Router: {'id': '77313c6a-9d41-48dc-aaa0-7836bdddd966', 'name': 'tempest-InstanceActionsNegativeTestJSON-381340490-router', 'tenant_id': 'ec7500d31a764a7bbd27f76ec7ad9689', 'admin_state_up': True, 'status': 'ACTIVE', 'external_gateway_info': {'network_id': 'f6d99b50-3122-410d-bc72-29e5d3f47491', 'external_fixed_ips': [{'subnet_id': 'b229021c-462a-4517-9d1d-b59b0eef3ce5', 'ip_address': '10.180.180.134'}], 'enable_snat': True}, 'description': '', 'availability_zones': [], 'distributed': False, 'ha': False, 'availability_zone_hints': [], 'routes': [], 'flavor_id': None, 'tags': [], 'created_at': '2025-11-12T12:00:22Z', 'updated_at': '2025-11-12T12:00:22Z', 'revision_number': 2, 'project_id': 'ec7500d31a764a7bbd27f76ec7ad9689'}
