2025-11-12 12:02:25.169 66701 INFO tempest.lib.common.rest_client [req-d3d327d5-4076-4d2b-a762-ee3e69f10c0f req-d3d327d5-4076-4d2b-a762-ee3e69f10c0f ] Request (ServersAdminTestJSON:tearDownClass): 200 GET http://10.180.1.21/compute/v2.1/servers/ef4f0b8d-9709-48ff-9801-8074a451fde4 0.497s
2025-11-12 12:02:25.194 66728 INFO tempest.lib.common.rest_client [req-60dd562e-3d35-4b44-846a-219e9b0895cb req-60dd562e-3d35-4b44-846a-219e9b0895cb ] Request (ImagesTestJSON:test_create_server_from_snapshot): 200 GET http://10.180.1.21/compute/v2.1/servers/34133f22-954f-4fb6-bfbb-467d8ad9160b 0.383s
2025-11-12 12:02:25.292 66717 INFO tempest.lib.common.rest_client [req-df1be61d-6644-4646-ab1f-3a2a9cff7dd8 req-df1be61d-6644-4646-ab1f-3a2a9cff7dd8 ] Request (ServersTestMultiNic:_run_cleanups): 200 GET http://10.180.1.21/compute/v2.1/servers/de1b6bcd-fa70-49a4-8720-ce7dfad625d3 0.357s
2025-11-12 12:02:25.300 66719 INFO tempest.lib.common.rest_client [req-5376b7d3-8bcc-43a1-95fc-7b37d7a9e572 req-5376b7d3-8bcc-43a1-95fc-7b37d7a9e572 ] Request (MigrationsAdminTest:test_resize_server_revert_deleted_flavor): 200 GET http://10.180.1.21/compute/v2.1/servers/de6ef23f-a68a-4178-9f04-c5194b1cb1e6 0.157s
2025-11-12 12:02:25.339 66687 INFO tempest.lib.common.rest_client [req-83f9879a-0e6f-4cf1-8010-f874dc76711c req-83f9879a-0e6f-4cf1-8010-f874dc76711c ] Request (ServerAddressesNegativeTestJSON:tearDownClass): 200 GET http://10.180.1.21/compute/v2.1/servers/76ad84bf-b1b9-4153-ab32-9d8404b9e50d 0.064s
2025-11-12 12:02:25.391 66733 INFO tempest.lib.common.rest_client [req-0445ac08-6647-4760-ad1d-f43393174a1c req-0445ac08-6647-4760-ad1d-f43393174a1c ] Request (ServerDiskConfigTestJSON:test_rebuild_server_with_auto_disk_config): 200 GET http://10.180.1.21/compute/v2.1/servers/37c8279c-c2bc-41b3-b956-a0b8f7e9f8a4 0.055s
2025-11-12 12:02:25.440 66722 INFO tempest.lib.common.rest_client [req-46851455-c996-48e9-aa60-ed64c66ddfe7 req-46851455-c996-48e9-aa60-ed64c66ddfe7 ] Request (ServersTestBootFromVolume:setUpClass): 200 GET http://10.180.1.21/compute/v2.1/servers/b1738b57-309d-4921-84d1-f7a47d0bcb0b 0.052s
2025-11-12 12:02:25.510 66731 INFO tempest.lib.common.rest_client [req-e9c1f698-33a5-4791-a686-3fd6ce43b9c8 req-e9c1f698-33a5-4791-a686-3fd6ce43b9c8 ] Request (AttachVolumeNegativeTest:test_attach_attached_volume_to_different_server): 200 GET http://10.180.1.21/compute/v2.1/servers/4181daf1-252a-4c97-bb62-10d9664be1b9 0.070s
2025-11-12 12:02:25.592 66699 INFO tempest.lib.common.rest_client [req-2026fb72-c22b-4b79-a328-3bc0409160d1 req-2026fb72-c22b-4b79-a328-3bc0409160d1 ] Request (AttachVolumeShelveTestJSON:test_attach_volume_shelved_or_offload_server): 200 GET http://10.180.1.21/compute/v2.1/servers/22316b3e-7cbc-4a55-a9e3-eb3968cad85b 0.145s
2025-11-12 12:02:25.604 66689 INFO tempest.lib.common.rest_client [req-87e58f9c-0c08-4a38-aed2-b6ad938c1d1e req-87e58f9c-0c08-4a38-aed2-b6ad938c1d1e ] Request (ListServerFiltersTestJSON:tearDownClass): 200 GET http://10.180.1.21/compute/v2.1/servers/555d447b-8662-47c9-98b5-f9f6006e4579 0.085s
2025-11-12 12:02:25.646 66695 INFO tempest.lib.common.rest_client [req-6cc099d0-5efb-4900-a701-6c640ce2b4b0 req-6cc099d0-5efb-4900-a701-6c640ce2b4b0 ] Request (ServerRescueTestJSONUnderV235:setUpClass): 200 GET http://10.180.1.21/compute/v2.1/servers/6dfb1347-5f8f-42bc-998a-fb1791bb9899 0.057s
2025-11-12 12:02:25.786 66743 WARNING tempest.lib.common.ssh [-] Failed to establish authenticated ssh connection to cirros@10.180.180.233 ([Errno None] Unable to connect to port 22 on 10.180.180.233). Number attempts: 4. Retry after 5 seconds.: paramiko.ssh_exception.NoValidConnectionsError: [Errno None] Unable to connect to port 22 on 10.180.180.233
2025-11-12 12:02:25.852 66723 INFO tempest.lib.common.rest_client [req-64f5e431-a498-43fb-899e-41827b8925a8 req-64f5e431-a498-43fb-899e-41827b8925a8 ] Request (MultipleCreateTestJSON:_run_cleanups): 200 GET http://10.180.1.21/compute/v2.1/servers/75dc9c4d-229a-4819-afb7-7513b6038cbc 0.092s
2025-11-12 12:02:25.903 66693 INFO tempest.lib.common.rest_client [req-a8595f1e-05f1-4a26-8002-aba5910068a8 req-a8595f1e-05f1-4a26-8002-aba5910068a8 ] Request (ServersTestFqdnHostnames:tearDownClass): 200 GET http://10.180.1.21/compute/v2.1/servers/1c4df4df-e2d7-4528-8f05-125c1864695a 0.073s
2025-11-12 12:02:25.966 66725 INFO tempest.lib.common.rest_client [req-0604487b-b0d9-4394-ba39-26a061ef916b req-0604487b-b0d9-4394-ba39-26a061ef916b ] Request (ServerRescueNegativeTestJSON:setUpClass): 200 GET http://10.180.1.21/compute/v2.1/servers/89b7e299-a1e6-46e2-b5a6-7787f3f04d8b 0.069s
2025-11-12 12:02:26.074 66683 INFO tempest.lib.common.rest_client [req-841ab860-aa84-4482-8247-a090a24d8bf5 req-841ab860-aa84-4482-8247-a090a24d8bf5 ] Request (ServersAdminNegativeTestJSON:test_migrate_server_invalid_state): 200 GET http://10.180.1.21/compute/v2.1/servers/79d02618-f1bb-49ca-9845-5b573f7941aa 0.067s
2025-11-12 12:02:26.170 66709 INFO tempest.lib.common.rest_client [req-7547c815-2ec5-4b17-ba50-51e478f43d96 req-7547c815-2ec5-4b17-ba50-51e478f43d96 ] Request (ImagesOneServerNegativeTestJSON:_run_cleanups): 200 GET http://10.180.1.21/compute/v2.1/servers/4566f96e-b5b5-4770-8c96-9a6b731ec753 0.105s
2025-11-12 12:02:26.237 66697 INFO tempest.lib.common.rest_client [req-46a5e045-7d67-4f70-ba13-c6d324e3110e req-46a5e045-7d67-4f70-ba13-c6d324e3110e ] Request (AttachInterfacesTestJSON:test_create_list_show_delete_interfaces_by_network_port): 200 GET http://10.180.1.21/compute/v2.1/servers/5a916e48-6719-44db-aa86-cfd83cd3e036 0.182s
2025-11-12 12:02:26.289 66737 INFO tempest.lib.common.rest_client [req-1bb4e5b7-b710-4845-a68c-ee4a52cf55fc req-1bb4e5b7-b710-4845-a68c-ee4a52cf55fc ] Request (SecurityGroupsTestJSON:test_server_security_groups): 200 GET http://10.180.1.21/compute/v2.1/servers/ef926d7a-e895-4a13-9463-b5a9edf1592b 0.169s
2025-11-12 12:02:26.351 66685 INFO tempest.lib.common.rest_client [req-da664c5e-d2ba-4b3b-86c2-bda259d59868 req-da664c5e-d2ba-4b3b-86c2-bda259d59868 ] Request (ListImageFiltersTestJSON:tearDownClass): 200 GET http://10.180.1.21/compute/v2.1/servers/2b2b3604-545a-462e-baaf-b6127b9bc9b0 0.186s
2025-11-12 12:02:26.367 66701 INFO tempest.lib.common.rest_client [req-86ebe588-f3e4-47cb-9f90-98816a90bd39 req-86ebe588-f3e4-47cb-9f90-98816a90bd39 ] Request (ServersAdminTestJSON:tearDownClass): 200 GET http://10.180.1.21/compute/v2.1/servers/ef4f0b8d-9709-48ff-9801-8074a451fde4 0.188s
2025-11-12 12:02:26.409 66728 INFO tempest.lib.common.rest_client [req-a349e7f4-279f-4d0c-9544-d51671cedda1 req-a349e7f4-279f-4d0c-9544-d51671cedda1 ] Request (ImagesTestJSON:test_create_server_from_snapshot): 200 GET http://10.180.1.21/compute/v2.1/servers/34133f22-954f-4fb6-bfbb-467d8ad9160b 0.206s
2025-11-12 12:02:26.420 66728 INFO tempest.common.waiters [-] State transition "BUILD/scheduling" ==> "BUILD/None" after 1 second wait
2025-11-12 12:02:26.547 66719 INFO tempest.lib.common.rest_client [req-c477db98-4e91-4c1a-acc7-89459468cc9e req-c477db98-4e91-4c1a-acc7-89459468cc9e ] Request (MigrationsAdminTest:test_resize_server_revert_deleted_flavor): 200 GET http://10.180.1.21/compute/v2.1/servers/de6ef23f-a68a-4178-9f04-c5194b1cb1e6 0.240s
2025-11-12 12:02:26.575 66717 INFO tempest.lib.common.rest_client [req-70db12b6-2bb1-4489-a807-f444d7ca347b req-70db12b6-2bb1-4489-a807-f444d7ca347b ] Request (ServersTestMultiNic:_run_cleanups): 200 GET http://10.180.1.21/compute/v2.1/servers/de1b6bcd-fa70-49a4-8720-ce7dfad625d3 0.274s
2025-11-12 12:02:26.618 66687 INFO tempest.lib.common.rest_client [req-c010f232-699d-4ed5-a258-0de62e113d96 req-c010f232-699d-4ed5-a258-0de62e113d96 ] Request (ServerAddressesNegativeTestJSON:tearDownClass): 200 GET http://10.180.1.21/compute/v2.1/servers/76ad84bf-b1b9-4153-ab32-9d8404b9e50d 0.272s
2025-11-12 12:02:26.627 66687 INFO tempest.common.waiters [-] State transition "ACTIVE/deleting" ==> "DELETED/None" after 4 second wait
2025-11-12 12:02:26.648 66733 INFO tempest.lib.common.rest_client [req-6a6bb669-e6ed-4b17-a186-e952fc98d1a9 req-6a6bb669-e6ed-4b17-a186-e952fc98d1a9 ] Request (ServerDiskConfigTestJSON:test_rebuild_server_with_auto_disk_config): 200 GET http://10.180.1.21/compute/v2.1/servers/37c8279c-c2bc-41b3-b956-a0b8f7e9f8a4 0.249s
2025-11-12 12:02:26.678 66722 INFO tempest.lib.common.rest_client [req-1b452a4a-244e-42b0-8d3f-80c2434970e2 req-1b452a4a-244e-42b0-8d3f-80c2434970e2 ] Request (ServersTestBootFromVolume:setUpClass): 200 GET http://10.180.1.21/compute/v2.1/servers/b1738b57-309d-4921-84d1-f7a47d0bcb0b 0.231s
2025-11-12 12:02:26.824 66731 INFO tempest.lib.common.rest_client [req-c48917e6-6cf5-42fa-b3e5-d218172b833a req-c48917e6-6cf5-42fa-b3e5-d218172b833a ] Request (AttachVolumeNegativeTest:test_attach_attached_volume_to_different_server): 200 GET http://10.180.1.21/compute/v2.1/servers/4181daf1-252a-4c97-bb62-10d9664be1b9 0.304s
2025-11-12 12:02:26.833 66731 INFO tempest.common.waiters [-] State transition "BUILD/None" ==> "BUILD/block_device_mapping" after 43 second wait
2025-11-12 12:02:26.857 66699 INFO tempest.lib.common.rest_client [req-685fdfba-3bbf-414b-b9a9-07bc985e800e req-685fdfba-3bbf-414b-b9a9-07bc985e800e ] Request (AttachVolumeShelveTestJSON:test_attach_volume_shelved_or_offload_server): 200 GET http://10.180.1.21/compute/v2.1/servers/22316b3e-7cbc-4a55-a9e3-eb3968cad85b 0.256s
2025-11-12 12:02:26.912 66689 INFO tempest.lib.common.rest_client [req-b34da44d-38ee-469d-9af0-f41d1c76ef8d req-b34da44d-38ee-469d-9af0-f41d1c76ef8d ] Request (ListServerFiltersTestJSON:tearDownClass): 200 GET http://10.180.1.21/compute/v2.1/servers/555d447b-8662-47c9-98b5-f9f6006e4579 0.299s
2025-11-12 12:02:27.194 66695 INFO tempest.lib.common.rest_client [req-dcb2cf15-59ae-4a3f-9928-5c3119388f9c req-dcb2cf15-59ae-4a3f-9928-5c3119388f9c ] Request (ServerRescueTestJSONUnderV235:setUpClass): 200 GET http://10.180.1.21/compute/v2.1/servers/6dfb1347-5f8f-42bc-998a-fb1791bb9899 0.540s
2025-11-12 12:02:27.207 66723 INFO tempest.lib.common.rest_client [req-8903fd2a-9159-4843-89ba-d77318336997 req-8903fd2a-9159-4843-89ba-d77318336997 ] Request (MultipleCreateTestJSON:_run_cleanups): 200 GET http://10.180.1.21/compute/v2.1/servers/75dc9c4d-229a-4819-afb7-7513b6038cbc 0.345s
2025-11-12 12:02:27.441 66693 INFO tempest.lib.common.rest_client [req-e680eed4-1736-402f-9e71-2182d150b2c5 req-e680eed4-1736-402f-9e71-2182d150b2c5 ] Request (ServersTestFqdnHostnames:tearDownClass): 200 GET http://10.180.1.21/compute/v2.1/servers/1c4df4df-e2d7-4528-8f05-125c1864695a 0.528s
2025-11-12 12:02:27.456 66725 INFO tempest.lib.common.rest_client [req-5f42c3ad-0138-415e-a4aa-9f2787314518 req-5f42c3ad-0138-415e-a4aa-9f2787314518 ] Request (ServerRescueNegativeTestJSON:setUpClass): 200 GET http://10.180.1.21/compute/v2.1/servers/89b7e299-a1e6-46e2-b5a6-7787f3f04d8b 0.480s
2025-11-12 12:02:27.664 66683 INFO tempest.lib.common.rest_client [req-6a6cb146-61a1-4d76-a89e-50c3f0bad37d req-6a6cb146-61a1-4d76-a89e-50c3f0bad37d ] Request (ServersAdminNegativeTestJSON:test_migrate_server_invalid_state): 200 GET http://10.180.1.21/compute/v2.1/servers/79d02618-f1bb-49ca-9845-5b573f7941aa 0.580s
2025-11-12 12:02:27.685 66709 INFO tempest.lib.common.rest_client [req-6c46875e-1ebf-4a47-8413-c15a5a9b3d94 req-6c46875e-1ebf-4a47-8413-c15a5a9b3d94 ] Request (ImagesOneServerNegativeTestJSON:_run_cleanups): 200 GET http://10.180.1.21/compute/v2.1/servers/4566f96e-b5b5-4770-8c96-9a6b731ec753 0.507s
2025-11-12 12:02:27.849 66737 INFO tempest.lib.common.rest_client [req-157ef322-d140-4c9e-8711-d7dd9cdfeb09 req-157ef322-d140-4c9e-8711-d7dd9cdfeb09 ] Request (SecurityGroupsTestJSON:test_server_security_groups): 200 GET http://10.180.1.21/compute/v2.1/servers/ef926d7a-e895-4a13-9463-b5a9edf1592b 0.552s
2025-11-12 12:02:27.879 66697 INFO tempest.lib.common.rest_client [req-a54628bc-adae-452c-bacb-cae5dd4aa1cb req-a54628bc-adae-452c-bacb-cae5dd4aa1cb ] Request (AttachInterfacesTestJSON:test_create_list_show_delete_interfaces_by_network_port): 200 GET http://10.180.1.21/compute/v2.1/servers/5a916e48-6719-44db-aa86-cfd83cd3e036 0.631s
2025-11-12 12:02:27.888 66697 INFO tempest.common.waiters [-] State transition "BUILD/spawning" ==> "ACTIVE/None" after 61 second wait
2025-11-12 12:02:27.919 66685 INFO tempest.lib.common.rest_client [req-3bd216fe-6451-4417-a055-6810d5d29f3d req-3bd216fe-6451-4417-a055-6810d5d29f3d ] Request (ListImageFiltersTestJSON:tearDownClass): 200 GET http://10.180.1.21/compute/v2.1/servers/2b2b3604-545a-462e-baaf-b6127b9bc9b0 0.557s
2025-11-12 12:02:27.948 66701 INFO tempest.lib.common.rest_client [req-50a99bd9-f42c-4a28-ba8f-ce893b35eff5 req-50a99bd9-f42c-4a28-ba8f-ce893b35eff5 ] Request (ServersAdminTestJSON:tearDownClass): 200 GET http://10.180.1.21/compute/v2.1/servers/ef4f0b8d-9709-48ff-9801-8074a451fde4 0.573s
2025-11-12 12:02:27.986 66728 INFO tempest.lib.common.rest_client [req-4eb56fa6-fe00-4a47-9bdd-15a2d2a730d2 req-4eb56fa6-fe00-4a47-9bdd-15a2d2a730d2 ] Request (ImagesTestJSON:test_create_server_from_snapshot): 200 GET http://10.180.1.21/compute/v2.1/servers/34133f22-954f-4fb6-bfbb-467d8ad9160b 0.564s
2025-11-12 12:02:28.093 66717 INFO tempest.lib.common.rest_client [req-d8cfb781-1828-4bfd-b004-4a4c2f1527b6 req-d8cfb781-1828-4bfd-b004-4a4c2f1527b6 ] Request (ServersTestMultiNic:_run_cleanups): 200 GET http://10.180.1.21/compute/v2.1/servers/de1b6bcd-fa70-49a4-8720-ce7dfad625d3 0.508s
2025-11-12 12:02:28.116 66719 INFO tempest.lib.common.rest_client [req-1cc7d859-775f-402c-afa8-799216c9afb6 req-1cc7d859-775f-402c-afa8-799216c9afb6 ] Request (MigrationsAdminTest:test_resize_server_revert_deleted_flavor): 200 GET http://10.180.1.21/compute/v2.1/servers/de6ef23f-a68a-4178-9f04-c5194b1cb1e6 0.558s
2025-11-12 12:02:28.154 66687 INFO tempest.lib.common.rest_client [req-c8abc1b6-08d6-4b1e-a85f-b8cad6f0a16f req-c8abc1b6-08d6-4b1e-a85f-b8cad6f0a16f ] Request (ServerAddressesNegativeTestJSON:tearDownClass): 200 GET http://10.180.1.21/compute/v2.1/servers/76ad84bf-b1b9-4153-ab32-9d8404b9e50d 0.525s
2025-11-12 12:02:28.175 66733 INFO tempest.lib.common.rest_client [req-3af08b79-5ea6-44ef-a2b2-85252ec6472f req-3af08b79-5ea6-44ef-a2b2-85252ec6472f ] Request (ServerDiskConfigTestJSON:test_rebuild_server_with_auto_disk_config): 200 GET http://10.180.1.21/compute/v2.1/servers/37c8279c-c2bc-41b3-b956-a0b8f7e9f8a4 0.519s
2025-11-12 12:02:28.206 66722 INFO tempest.lib.common.rest_client [req-faef1550-2be3-42ee-9c08-28368f1a430a req-faef1550-2be3-42ee-9c08-28368f1a430a ] Request (ServersTestBootFromVolume:setUpClass): 200 GET http://10.180.1.21/compute/v2.1/servers/b1738b57-309d-4921-84d1-f7a47d0bcb0b 0.519s
2025-11-12 12:02:28.277 66731 INFO tempest.lib.common.rest_client [req-b657fb82-7d30-469e-aa8c-728298331bec req-b657fb82-7d30-469e-aa8c-728298331bec ] Request (AttachVolumeNegativeTest:test_attach_attached_volume_to_different_server): 200 GET http://10.180.1.21/compute/v2.1/servers/4181daf1-252a-4c97-bb62-10d9664be1b9 0.443s
2025-11-12 12:02:28.284 66731 INFO tempest.common.waiters [-] State transition "BUILD/block_device_mapping" ==> "BUILD/spawning" after 45 second wait
2025-11-12 12:02:28.332 66699 INFO tempest.lib.common.rest_client [req-770250e0-6627-4231-9fbe-0816d74595be req-770250e0-6627-4231-9fbe-0816d74595be ] Request (AttachVolumeShelveTestJSON:test_attach_volume_shelved_or_offload_server): 200 GET http://10.180.1.21/compute/v2.1/servers/22316b3e-7cbc-4a55-a9e3-eb3968cad85b 0.464s
2025-11-12 12:02:28.333 66697 INFO tempest.lib.common.rest_client [req-1c4ebb44-500f-40c4-ae84-3ae9881f556f req-1c4ebb44-500f-40c4-ae84-3ae9881f556f ] Request (AttachInterfacesTestJSON:test_create_list_show_delete_interfaces_by_network_port): 200 GET http://10.180.1.21/compute/v2.1/servers/5a916e48-6719-44db-aa86-cfd83cd3e036/os-interface 0.444s
2025-11-12 12:02:28.384 66695 INFO tempest.lib.common.rest_client [req-f9562340-fb78-446d-a3cc-26bef5dbfa06 req-f9562340-fb78-446d-a3cc-26bef5dbfa06 ] Request (ServerRescueTestJSONUnderV235:setUpClass): 200 GET http://10.180.1.21/compute/v2.1/servers/6dfb1347-5f8f-42bc-998a-fb1791bb9899 0.182s
2025-11-12 12:02:28.397 66689 INFO tempest.lib.common.rest_client [req-0d90bc9c-138c-40a2-a31b-1c1886adb068 req-0d90bc9c-138c-40a2-a31b-1c1886adb068 ] Request (ListServerFiltersTestJSON:tearDownClass): 200 GET http://10.180.1.21/compute/v2.1/servers/555d447b-8662-47c9-98b5-f9f6006e4579 0.477s
2025-11-12 12:02:28.435 66723 INFO tempest.lib.common.rest_client [req-9a0eaee0-8651-4d92-ac0a-85be6ee770a7 req-9a0eaee0-8651-4d92-ac0a-85be6ee770a7 ] Request (MultipleCreateTestJSON:_run_cleanups): 200 GET http://10.180.1.21/compute/v2.1/servers/75dc9c4d-229a-4819-afb7-7513b6038cbc 0.220s
2025-11-12 12:02:28.511 66693 INFO tempest.lib.common.rest_client [req-e1d3e62b-df23-454b-9cf2-97dc9ac998cd req-e1d3e62b-df23-454b-9cf2-97dc9ac998cd ] Request (ServersTestFqdnHostnames:tearDownClass): 200 GET http://10.180.1.21/compute/v2.1/servers/1c4df4df-e2d7-4528-8f05-125c1864695a 0.059s
2025-11-12 12:02:28.525 66725 INFO tempest.lib.common.rest_client [req-b8696e25-b851-4ff6-82d4-d70075b20c57 req-b8696e25-b851-4ff6-82d4-d70075b20c57 ] Request (ServerRescueNegativeTestJSON:setUpClass): 200 GET http://10.180.1.21/compute/v2.1/servers/89b7e299-a1e6-46e2-b5a6-7787f3f04d8b 0.060s
2025-11-12 12:02:28.736 66683 INFO tempest.lib.common.rest_client [req-2ac5e76a-46c5-4257-b059-6064f04ea8d0 req-2ac5e76a-46c5-4257-b059-6064f04ea8d0 ] Request (ServersAdminNegativeTestJSON:test_migrate_server_invalid_state): 200 GET http://10.180.1.21/compute/v2.1/servers/79d02618-f1bb-49ca-9845-5b573f7941aa 0.058s
2025-11-12 12:02:28.759 66709 INFO tempest.lib.common.rest_client [req-329288a8-63f0-4308-ae37-b02e8178a3ac req-329288a8-63f0-4308-ae37-b02e8178a3ac ] Request (ImagesOneServerNegativeTestJSON:_run_cleanups): 200 GET http://10.180.1.21/compute/v2.1/servers/4566f96e-b5b5-4770-8c96-9a6b731ec753 0.064s
2025-11-12 12:02:28.817 66697 INFO tempest.lib.common.rest_client [req-68c0a311-614b-4e42-b178-b115b1230527 req-68c0a311-614b-4e42-b178-b115b1230527 ] Request (AttachInterfacesTestJSON:test_create_list_show_delete_interfaces_by_network_port): 200 PUT http://10.180.1.21/networking/v2.0/floatingips/a00bcbbc-691b-4584-830c-d5af127d5367 0.482s
2025-11-12 12:02:28.931 66697 INFO tempest.lib.common.rest_client [req-17799d1c-a1d2-49c2-aa6d-2709b15a17b2 req-17799d1c-a1d2-49c2-aa6d-2709b15a17b2 ] Request (AttachInterfacesTestJSON:test_create_list_show_delete_interfaces_by_network_port): 200 GET http://10.180.1.21/compute/v2.1/servers/5a916e48-6719-44db-aa86-cfd83cd3e036 0.113s
2025-11-12 12:02:28.932 66737 INFO tempest.lib.common.rest_client [req-97559741-880e-42f7-a65b-cf6323cadf18 req-97559741-880e-42f7-a65b-cf6323cadf18 ] Request (SecurityGroupsTestJSON:test_server_security_groups): 200 GET http://10.180.1.21/compute/v2.1/servers/ef926d7a-e895-4a13-9463-b5a9edf1592b 0.070s
2025-11-12 12:02:28.939 66697 INFO tempest.lib.common.ssh [-] Creating ssh connection to '10.180.180.186:22' as 'cirros' with public key authentication
2025-11-12 12:02:29.007 66685 INFO tempest.lib.common.rest_client [req-0b74faf8-b5b0-4768-9b2c-db21548d8092 req-0b74faf8-b5b0-4768-9b2c-db21548d8092 ] Request (ListImageFiltersTestJSON:tearDownClass): 200 GET http://10.180.1.21/compute/v2.1/servers/2b2b3604-545a-462e-baaf-b6127b9bc9b0 0.078s
2025-11-12 12:02:29.014 66685 INFO tempest.common.waiters [-] State transition "ACTIVE/deleting" ==> "DELETED/None" after 4 second wait
2025-11-12 12:02:29.032 66701 INFO tempest.lib.common.rest_client [req-5ce33e30-f8d3-4448-b586-ddf93b80319d req-5ce33e30-f8d3-4448-b586-ddf93b80319d ] Request (ServersAdminTestJSON:tearDownClass): 200 GET http://10.180.1.21/compute/v2.1/servers/ef4f0b8d-9709-48ff-9801-8074a451fde4 0.073s
2025-11-12 12:02:29.071 66728 INFO tempest.lib.common.rest_client [req-2925d5ec-f9ef-42df-badd-c2f1aae9ba4c req-2925d5ec-f9ef-42df-badd-c2f1aae9ba4c ] Request (ImagesTestJSON:test_create_server_from_snapshot): 200 GET http://10.180.1.21/compute/v2.1/servers/34133f22-954f-4fb6-bfbb-467d8ad9160b 0.076s
2025-11-12 12:02:29.174 66717 INFO tempest.lib.common.rest_client [req-5656e80d-980a-415b-9647-51818241d015 req-5656e80d-980a-415b-9647-51818241d015 ] Request (ServersTestMultiNic:_run_cleanups): 200 GET http://10.180.1.21/compute/v2.1/servers/de1b6bcd-fa70-49a4-8720-ce7dfad625d3 0.071s
2025-11-12 12:02:29.184 66717 INFO tempest.common.waiters [-] State transition "ACTIVE/deleting" ==> "DELETED/None" after 4 second wait
2025-11-12 12:02:29.238 66687 INFO tempest.lib.common.rest_client [req-df24e161-7a11-4f48-8836-51bef5482504 req-df24e161-7a11-4f48-8836-51bef5482504 ] Request (ServerAddressesNegativeTestJSON:tearDownClass): 200 GET http://10.180.1.21/compute/v2.1/servers/76ad84bf-b1b9-4153-ab32-9d8404b9e50d 0.076s
2025-11-12 12:02:29.305 66719 INFO tempest.lib.common.rest_client [req-9deacb95-8c18-43b2-8545-13906d4be103 req-9deacb95-8c18-43b2-8545-13906d4be103 ] Request (MigrationsAdminTest:test_resize_server_revert_deleted_flavor): 200 GET http://10.180.1.21/compute/v2.1/servers/de6ef23f-a68a-4178-9f04-c5194b1cb1e6 0.180s
2025-11-12 12:02:29.308 66733 INFO tempest.lib.common.rest_client [req-7e15d534-697e-47c8-9e67-0db026293971 req-7e15d534-697e-47c8-9e67-0db026293971 ] Request (ServerDiskConfigTestJSON:test_rebuild_server_with_auto_disk_config): 200 GET http://10.180.1.21/compute/v2.1/servers/37c8279c-c2bc-41b3-b956-a0b8f7e9f8a4 0.125s
2025-11-12 12:02:29.357 66722 INFO tempest.lib.common.rest_client [req-5ab1ae0d-e7d4-405b-a398-1ecfd1e5884d req-5ab1ae0d-e7d4-405b-a398-1ecfd1e5884d ] Request (ServersTestBootFromVolume:setUpClass): 200 GET http://10.180.1.21/compute/v2.1/servers/b1738b57-309d-4921-84d1-f7a47d0bcb0b 0.143s
2025-11-12 12:02:29.452 66731 INFO tempest.lib.common.rest_client [req-08ca8f62-a411-468b-b114-cddcb367158c req-08ca8f62-a411-468b-b114-cddcb367158c ] Request (AttachVolumeNegativeTest:test_attach_attached_volume_to_different_server): 200 GET http://10.180.1.21/compute/v2.1/servers/4181daf1-252a-4c97-bb62-10d9664be1b9 0.167s
2025-11-12 12:02:29.496 66699 INFO tempest.lib.common.rest_client [req-269dfbac-bc92-4b5b-bfef-ae9545853f37 req-269dfbac-bc92-4b5b-bfef-ae9545853f37 ] Request (AttachVolumeShelveTestJSON:test_attach_volume_shelved_or_offload_server): 200 GET http://10.180.1.21/compute/v2.1/servers/22316b3e-7cbc-4a55-a9e3-eb3968cad85b 0.154s
2025-11-12 12:02:29.506 66695 INFO tempest.lib.common.rest_client [req-0ad40f0b-3560-4ad5-a3e4-73a3d1673d74 req-0ad40f0b-3560-4ad5-a3e4-73a3d1673d74 ] Request (ServerRescueTestJSONUnderV235:setUpClass): 200 GET http://10.180.1.21/compute/v2.1/servers/6dfb1347-5f8f-42bc-998a-fb1791bb9899 0.114s
2025-11-12 12:02:29.557 66689 INFO tempest.lib.common.rest_client [req-5574406a-0d25-4681-94a3-0c44f4242ada req-5574406a-0d25-4681-94a3-0c44f4242ada ] Request (ListServerFiltersTestJSON:tearDownClass): 200 GET http://10.180.1.21/compute/v2.1/servers/555d447b-8662-47c9-98b5-f9f6006e4579 0.152s
2025-11-12 12:02:29.562 66723 INFO tempest.lib.common.rest_client [req-3b5ccb44-ddae-4eba-a136-a7ccb1b822fc req-3b5ccb44-ddae-4eba-a136-a7ccb1b822fc ] Request (MultipleCreateTestJSON:_run_cleanups): 200 GET http://10.180.1.21/compute/v2.1/servers/75dc9c4d-229a-4819-afb7-7513b6038cbc 0.119s
2025-11-12 12:02:29.620 66693 INFO tempest.lib.common.rest_client [req-5ea62bd5-7a83-4a07-8be2-031202b7f025 req-5ea62bd5-7a83-4a07-8be2-031202b7f025 ] Request (ServersTestFqdnHostnames:tearDownClass): 200 GET http://10.180.1.21/compute/v2.1/servers/1c4df4df-e2d7-4528-8f05-125c1864695a 0.100s
2025-11-12 12:02:29.629 66725 INFO tempest.lib.common.rest_client [req-02ad8c42-bbe9-4d85-8488-f01a99876128 req-02ad8c42-bbe9-4d85-8488-f01a99876128 ] Request (ServerRescueNegativeTestJSON:setUpClass): 200 GET http://10.180.1.21/compute/v2.1/servers/89b7e299-a1e6-46e2-b5a6-7787f3f04d8b 0.097s
2025-11-12 12:02:29.800 66683 INFO tempest.lib.common.rest_client [req-6b2004b7-fc22-4d6d-86e8-2ed1e4af7087 req-6b2004b7-fc22-4d6d-86e8-2ed1e4af7087 ] Request (ServersAdminNegativeTestJSON:test_migrate_server_invalid_state): 200 GET http://10.180.1.21/compute/v2.1/servers/79d02618-f1bb-49ca-9845-5b573f7941aa 0.057s
2025-11-12 12:02:29.848 66709 INFO tempest.lib.common.rest_client [req-3fa4b32b-0723-4a11-8a5d-5cbde6eb5ec2 req-3fa4b32b-0723-4a11-8a5d-5cbde6eb5ec2 ] Request (ImagesOneServerNegativeTestJSON:_run_cleanups): 200 GET http://10.180.1.21/compute/v2.1/servers/4566f96e-b5b5-4770-8c96-9a6b731ec753 0.079s
2025-11-12 12:02:29.997 66737 INFO tempest.lib.common.rest_client [req-da856744-ec73-4dc0-ae6b-14f822790a49 req-da856744-ec73-4dc0-ae6b-14f822790a49 ] Request (SecurityGroupsTestJSON:test_server_security_groups): 200 GET http://10.180.1.21/compute/v2.1/servers/ef926d7a-e895-4a13-9463-b5a9edf1592b 0.057s
2025-11-12 12:02:30.080 66685 INFO tempest.lib.common.rest_client [req-c95b68a6-39d7-4753-9839-46d72da2e1e7 req-c95b68a6-39d7-4753-9839-46d72da2e1e7 ] Request (ListImageFiltersTestJSON:tearDownClass): 200 GET http://10.180.1.21/compute/v2.1/servers/2b2b3604-545a-462e-baaf-b6127b9bc9b0 0.063s
2025-11-12 12:02:30.104 66701 INFO tempest.lib.common.rest_client [req-8962747a-cca8-4eda-92dc-b53ca7a4fd73 req-8962747a-cca8-4eda-92dc-b53ca7a4fd73 ] Request (ServersAdminTestJSON:tearDownClass): 200 GET http://10.180.1.21/compute/v2.1/servers/ef4f0b8d-9709-48ff-9801-8074a451fde4 0.060s
2025-11-12 12:02:30.132 66728 INFO tempest.lib.common.rest_client [req-d92392cd-1d20-49c5-8d1c-c0cc34566772 req-d92392cd-1d20-49c5-8d1c-c0cc34566772 ] Request (ImagesTestJSON:test_create_server_from_snapshot): 200 GET http://10.180.1.21/compute/v2.1/servers/34133f22-954f-4fb6-bfbb-467d8ad9160b 0.052s
2025-11-12 12:02:30.245 66717 INFO tempest.lib.common.rest_client [req-9d3a5836-ace4-41fe-8f4b-03a6c8b3df2d req-9d3a5836-ace4-41fe-8f4b-03a6c8b3df2d ] Request (ServersTestMultiNic:_run_cleanups): 200 GET http://10.180.1.21/compute/v2.1/servers/de1b6bcd-fa70-49a4-8720-ce7dfad625d3 0.060s
2025-11-12 12:02:30.320 66687 INFO tempest.lib.common.rest_client [req-ca4602d4-c1b1-482e-be54-f7e7b2376332 req-ca4602d4-c1b1-482e-be54-f7e7b2376332 ] Request (ServerAddressesNegativeTestJSON:tearDownClass): 200 GET http://10.180.1.21/compute/v2.1/servers/76ad84bf-b1b9-4153-ab32-9d8404b9e50d 0.068s
2025-11-12 12:02:30.372 66733 INFO tempest.lib.common.rest_client [req-155b22ff-9eb1-40f3-89ee-24a11e2c70dc req-155b22ff-9eb1-40f3-89ee-24a11e2c70dc ] Request (ServerDiskConfigTestJSON:test_rebuild_server_with_auto_disk_config): 200 GET http://10.180.1.21/compute/v2.1/servers/37c8279c-c2bc-41b3-b956-a0b8f7e9f8a4 0.055s
2025-11-12 12:02:30.429 66719 INFO tempest.lib.common.rest_client [req-8f2fdd0e-eb3b-44ca-a52a-9a57c2373fe3 req-8f2fdd0e-eb3b-44ca-a52a-9a57c2373fe3 ] Request (MigrationsAdminTest:test_resize_server_revert_deleted_flavor): 200 GET http://10.180.1.21/compute/v2.1/servers/de6ef23f-a68a-4178-9f04-c5194b1cb1e6 0.117s
2025-11-12 12:02:30.430 66722 INFO tempest.lib.common.rest_client [req-6cb828ce-a38f-468d-96d9-4b85eaab4ecf req-6cb828ce-a38f-468d-96d9-4b85eaab4ecf ] Request (ServersTestBootFromVolume:setUpClass): 200 GET http://10.180.1.21/compute/v2.1/servers/b1738b57-309d-4921-84d1-f7a47d0bcb0b 0.065s
2025-11-12 12:02:30.566 66731 INFO tempest.lib.common.rest_client [req-0390d22b-9a39-4162-acce-ce5a59eac1fb req-0390d22b-9a39-4162-acce-ce5a59eac1fb ] Request (AttachVolumeNegativeTest:test_attach_attached_volume_to_different_server): 200 GET http://10.180.1.21/compute/v2.1/servers/4181daf1-252a-4c97-bb62-10d9664be1b9 0.101s
2025-11-12 12:02:30.601 66699 INFO tempest.lib.common.rest_client [req-b63adea4-7354-494a-87db-7cadfe55a83c req-b63adea4-7354-494a-87db-7cadfe55a83c ] Request (AttachVolumeShelveTestJSON:test_attach_volume_shelved_or_offload_server): 200 GET http://10.180.1.21/compute/v2.1/servers/22316b3e-7cbc-4a55-a9e3-eb3968cad85b 0.096s
2025-11-12 12:02:30.626 66695 INFO tempest.lib.common.rest_client [req-34dbfb7f-d9de-4fe8-bbdf-1ac1a4b75ea6 req-34dbfb7f-d9de-4fe8-bbdf-1ac1a4b75ea6 ] Request (ServerRescueTestJSONUnderV235:setUpClass): 200 GET http://10.180.1.21/compute/v2.1/servers/6dfb1347-5f8f-42bc-998a-fb1791bb9899 0.108s
2025-11-12 12:02:30.657 66689 INFO tempest.lib.common.rest_client [req-52fa4955-e19f-4b05-a066-72115c02476c req-52fa4955-e19f-4b05-a066-72115c02476c ] Request (ListServerFiltersTestJSON:tearDownClass): 200 GET http://10.180.1.21/compute/v2.1/servers/555d447b-8662-47c9-98b5-f9f6006e4579 0.091s
2025-11-12 12:02:30.684 66723 INFO tempest.lib.common.rest_client [req-031792c7-21bb-41be-ba89-c6d69da40dd2 req-031792c7-21bb-41be-ba89-c6d69da40dd2 ] Request (MultipleCreateTestJSON:_run_cleanups): 200 GET http://10.180.1.21/compute/v2.1/servers/75dc9c4d-229a-4819-afb7-7513b6038cbc 0.112s
2025-11-12 12:02:30.715 66693 INFO tempest.lib.common.rest_client [req-a348a5ed-0950-4c7b-8323-b5c2bbd7eb1b req-a348a5ed-0950-4c7b-8323-b5c2bbd7eb1b ] Request (ServersTestFqdnHostnames:tearDownClass): 200 GET http://10.180.1.21/compute/v2.1/servers/1c4df4df-e2d7-4528-8f05-125c1864695a 0.086s
2025-11-12 12:02:30.730 66725 INFO tempest.lib.common.rest_client [req-764a7d63-27a8-4169-8271-df36b3d091a5 req-764a7d63-27a8-4169-8271-df36b3d091a5 ] Request (ServerRescueNegativeTestJSON:setUpClass): 200 GET http://10.180.1.21/compute/v2.1/servers/89b7e299-a1e6-46e2-b5a6-7787f3f04d8b 0.094s
2025-11-12 12:02:30.862 66683 INFO tempest.lib.common.rest_client [req-77ef4483-fabf-43d0-9e22-b754cb64f985 req-77ef4483-fabf-43d0-9e22-b754cb64f985 ] Request (ServersAdminNegativeTestJSON:test_migrate_server_invalid_state): 200 GET http://10.180.1.21/compute/v2.1/servers/79d02618-f1bb-49ca-9845-5b573f7941aa 0.052s
2025-11-12 12:02:30.913 66709 INFO tempest.lib.common.rest_client [req-05cfecfa-d3e4-48c7-a5a8-1fd5c5923728 req-05cfecfa-d3e4-48c7-a5a8-1fd5c5923728 ] Request (ImagesOneServerNegativeTestJSON:_run_cleanups): 200 GET http://10.180.1.21/compute/v2.1/servers/4566f96e-b5b5-4770-8c96-9a6b731ec753 0.056s
2025-11-12 12:02:31.084 66737 INFO tempest.lib.common.rest_client [req-02ff926c-252a-49c7-a22a-39aa39f32f85 req-02ff926c-252a-49c7-a22a-39aa39f32f85 ] Request (SecurityGroupsTestJSON:test_server_security_groups): 200 GET http://10.180.1.21/compute/v2.1/servers/ef926d7a-e895-4a13-9463-b5a9edf1592b 0.079s
2025-11-12 12:02:31.149 66685 INFO tempest.lib.common.rest_client [req-11f50d40-0447-46e2-91ef-c8dc1b882baf req-11f50d40-0447-46e2-91ef-c8dc1b882baf ] Request (ListImageFiltersTestJSON:tearDownClass): 200 GET http://10.180.1.21/compute/v2.1/servers/2b2b3604-545a-462e-baaf-b6127b9bc9b0 0.061s
2025-11-12 12:02:31.172 66701 INFO tempest.lib.common.rest_client [req-d0b39be6-a317-43e3-a5af-81a3fc040532 req-d0b39be6-a317-43e3-a5af-81a3fc040532 ] Request (ServersAdminTestJSON:tearDownClass): 200 GET http://10.180.1.21/compute/v2.1/servers/ef4f0b8d-9709-48ff-9801-8074a451fde4 0.060s
2025-11-12 12:02:31.211 66728 INFO tempest.lib.common.rest_client [req-d900b3f0-26a1-48df-8863-c3116b472095 req-d900b3f0-26a1-48df-8863-c3116b472095 ] Request (ImagesTestJSON:test_create_server_from_snapshot): 200 GET http://10.180.1.21/compute/v2.1/servers/34133f22-954f-4fb6-bfbb-467d8ad9160b 0.071s
2025-11-12 12:02:31.296 66743 INFO paramiko.transport [-] Connected (version 2.0, client dropbear_2020.81)
2025-11-12 12:02:31.320 66717 INFO tempest.lib.common.rest_client [req-fa48a3eb-cae3-42df-a897-5d17c5502c32 req-fa48a3eb-cae3-42df-a897-5d17c5502c32 ] Request (ServersTestMultiNic:_run_cleanups): 200 GET http://10.180.1.21/compute/v2.1/servers/de1b6bcd-fa70-49a4-8720-ce7dfad625d3 0.067s
2025-11-12 12:02:31.360 66743 INFO paramiko.transport [-] Authentication (publickey) successful!
2025-11-12 12:02:31.361 66743 INFO tempest.lib.common.ssh [-] ssh connection to cirros@10.180.180.233 successfully created
2025-11-12 12:02:31.399 66687 INFO tempest.lib.common.rest_client [req-ffcd2643-8618-4428-b18d-404f03335abc req-ffcd2643-8618-4428-b18d-404f03335abc ] Request (ServerAddressesNegativeTestJSON:tearDownClass): 200 GET http://10.180.1.21/compute/v2.1/servers/76ad84bf-b1b9-4153-ab32-9d8404b9e50d 0.072s
2025-11-12 12:02:31.402 66743 INFO tempest.lib.common.rest_client [req-ef7213a9-8f72-4cdb-83a1-6a7eb5394093 req-ef7213a9-8f72-4cdb-83a1-6a7eb5394093 ] Request (AttachVolumeTestJSON:_run_cleanups): 200 GET http://10.180.1.21/volume/v3/volumes/a8117162-6ab3-4837-853d-85d479620a0e 0.033s
2025-11-12 12:02:31.439 66743 INFO tempest.lib.common.rest_client [req-e8e4abc2-0428-499e-8304-13021d658a3d req-e8e4abc2-0428-499e-8304-13021d658a3d ] Request (AttachVolumeTestJSON:_run_cleanups): 200 GET http://10.180.1.21/compute/v2.1/servers/499b412f-1417-4bae-9758-a472789e993e/os-volume_attachments 0.030s
2025-11-12 12:02:31.451 66733 INFO tempest.lib.common.rest_client [req-89f54fea-4035-447b-b961-8e9edbab5614 req-89f54fea-4035-447b-b961-8e9edbab5614 ] Request (ServerDiskConfigTestJSON:test_rebuild_server_with_auto_disk_config): 200 GET http://10.180.1.21/compute/v2.1/servers/37c8279c-c2bc-41b3-b956-a0b8f7e9f8a4 0.071s
2025-11-12 12:02:31.459 66733 INFO tempest.common.waiters [-] State transition "BUILD/None" ==> "BUILD/networking" after 36 second wait
2025-11-12 12:02:31.469 66743 INFO tempest.lib.common.rest_client [req-95d64060-7e28-43b7-98fa-fe81accd9b03 req-95d64060-7e28-43b7-98fa-fe81accd9b03 ] Request (AttachVolumeTestJSON:_run_cleanups): 200 GET http://10.180.1.21/volume/v3/volumes/a8117162-6ab3-4837-853d-85d479620a0e 0.029s
2025-11-12 12:02:31.479 66743 INFO tempest.common.waiters [-] volume a8117162-6ab3-4837-853d-85d479620a0e reached available after waiting for 0.479767 seconds
2025-11-12 12:02:31.527 66722 INFO tempest.lib.common.rest_client [req-c95cc485-6b42-4f38-b22f-3c591318ccb2 req-c95cc485-6b42-4f38-b22f-3c591318ccb2 ] Request (ServersTestBootFromVolume:setUpClass): 200 GET http://10.180.1.21/compute/v2.1/servers/b1738b57-309d-4921-84d1-f7a47d0bcb0b 0.088s
2025-11-12 12:02:31.553 66719 INFO tempest.lib.common.rest_client [req-adede258-2931-4d43-b95b-8c86f40e1c9d req-adede258-2931-4d43-b95b-8c86f40e1c9d ] Request (MigrationsAdminTest:test_resize_server_revert_deleted_flavor): 200 GET http://10.180.1.21/compute/v2.1/servers/de6ef23f-a68a-4178-9f04-c5194b1cb1e6 0.116s
2025-11-12 12:02:31.601 66743 INFO tempest.lib.common.rest_client [req-b715b377-97a8-4561-b953-5432a1ed72b0 req-b715b377-97a8-4561-b953-5432a1ed72b0 ] Request (AttachVolumeTestJSON:_run_cleanups): 204 DELETE http://10.180.1.21/compute/v2.1/servers/499b412f-1417-4bae-9758-a472789e993e 0.121s
2025-11-12 12:02:31.724 66731 INFO tempest.lib.common.rest_client [req-213a9c45-55f9-4414-bd07-128b8a703f0f req-213a9c45-55f9-4414-bd07-128b8a703f0f ] Request (AttachVolumeNegativeTest:test_attach_attached_volume_to_different_server): 200 GET http://10.180.1.21/compute/v2.1/servers/4181daf1-252a-4c97-bb62-10d9664be1b9 0.149s
2025-11-12 12:02:31.774 66743 INFO tempest.lib.common.rest_client [req-7196e80c-e8ff-4ff6-ac74-8a8ba73da4aa req-7196e80c-e8ff-4ff6-ac74-8a8ba73da4aa ] Request (AttachVolumeTestJSON:_run_cleanups): 200 GET http://10.180.1.21/compute/v2.1/servers/499b412f-1417-4bae-9758-a472789e993e 0.173s
2025-11-12 12:02:31.866 66699 INFO tempest.lib.common.rest_client [req-828f4fad-7dfb-42b4-ab4b-854d608f709b req-828f4fad-7dfb-42b4-ab4b-854d608f709b ] Request (AttachVolumeShelveTestJSON:test_attach_volume_shelved_or_offload_server): 200 GET http://10.180.1.21/compute/v2.1/servers/22316b3e-7cbc-4a55-a9e3-eb3968cad85b 0.256s
2025-11-12 12:02:31.880 66695 INFO tempest.lib.common.rest_client [req-9b1c9446-3573-43fb-b20d-293ddea02cde req-9b1c9446-3573-43fb-b20d-293ddea02cde ] Request (ServerRescueTestJSONUnderV235:setUpClass): 200 GET http://10.180.1.21/compute/v2.1/servers/6dfb1347-5f8f-42bc-998a-fb1791bb9899 0.246s
2025-11-12 12:02:31.942 66689 INFO tempest.lib.common.rest_client [req-7751449d-dac1-491e-8809-febbc7a12bbe req-7751449d-dac1-491e-8809-febbc7a12bbe ] Request (ListServerFiltersTestJSON:tearDownClass): 200 GET http://10.180.1.21/compute/v2.1/servers/555d447b-8662-47c9-98b5-f9f6006e4579 0.277s
2025-11-12 12:02:31.959 66723 INFO tempest.lib.common.rest_client [req-c149e3bd-9f18-4215-9e3b-f54be220290e req-c149e3bd-9f18-4215-9e3b-f54be220290e ] Request (MultipleCreateTestJSON:_run_cleanups): 200 GET http://10.180.1.21/compute/v2.1/servers/75dc9c4d-229a-4819-afb7-7513b6038cbc 0.267s
2025-11-12 12:02:32.000 66693 INFO tempest.lib.common.rest_client [req-b1ef6fa4-4677-464c-a7ec-1745a5b7d0fa req-b1ef6fa4-4677-464c-a7ec-1745a5b7d0fa ] Request (ServersTestFqdnHostnames:tearDownClass): 200 GET http://10.180.1.21/compute/v2.1/servers/1c4df4df-e2d7-4528-8f05-125c1864695a 0.277s
2025-11-12 12:02:32.016 66725 INFO tempest.lib.common.rest_client [req-8d14d244-fc6d-4d2e-8bcc-14cf74af83cb req-8d14d244-fc6d-4d2e-8bcc-14cf74af83cb ] Request (ServerRescueNegativeTestJSON:setUpClass): 200 GET http://10.180.1.21/compute/v2.1/servers/89b7e299-a1e6-46e2-b5a6-7787f3f04d8b 0.277s
2025-11-12 12:02:32.052 66683 INFO tempest.lib.common.rest_client [req-1e128e00-d0cc-4fca-9c15-09add4b66672 req-1e128e00-d0cc-4fca-9c15-09add4b66672 ] Request (ServersAdminNegativeTestJSON:test_migrate_server_invalid_state): 200 GET http://10.180.1.21/compute/v2.1/servers/79d02618-f1bb-49ca-9845-5b573f7941aa 0.182s
2025-11-12 12:02:32.086 66709 INFO tempest.lib.common.rest_client [req-c3ff1a96-c3e3-4089-b3ad-17003434294c req-c3ff1a96-c3e3-4089-b3ad-17003434294c ] Request (ImagesOneServerNegativeTestJSON:_run_cleanups): 200 GET http://10.180.1.21/compute/v2.1/servers/4566f96e-b5b5-4770-8c96-9a6b731ec753 0.165s
2025-11-12 12:02:32.161 66737 INFO tempest.lib.common.rest_client [req-006f552b-2757-4a77-926a-2642958dd6e6 req-006f552b-2757-4a77-926a-2642958dd6e6 ] Request (SecurityGroupsTestJSON:test_server_security_groups): 200 GET http://10.180.1.21/compute/v2.1/servers/ef926d7a-e895-4a13-9463-b5a9edf1592b 0.069s
2025-11-12 12:02:32.216 66685 INFO tempest.lib.common.rest_client [req-338d5d0d-9f22-48d1-8e73-569b0b9587c0 req-338d5d0d-9f22-48d1-8e73-569b0b9587c0 ] Request (ListImageFiltersTestJSON:tearDownClass): 200 GET http://10.180.1.21/compute/v2.1/servers/2b2b3604-545a-462e-baaf-b6127b9bc9b0 0.060s
2025-11-12 12:02:32.235 66701 INFO tempest.lib.common.rest_client [req-49d48158-3d7c-4317-91ae-0e2d2bed3425 req-49d48158-3d7c-4317-91ae-0e2d2bed3425 ] Request (ServersAdminTestJSON:tearDownClass): 200 GET http://10.180.1.21/compute/v2.1/servers/ef4f0b8d-9709-48ff-9801-8074a451fde4 0.056s
2025-11-12 12:02:32.272 66728 INFO tempest.lib.common.rest_client [req-86a949b1-3992-43ee-af86-2dfcb7af8bc7 req-86a949b1-3992-43ee-af86-2dfcb7af8bc7 ] Request (ImagesTestJSON:test_create_server_from_snapshot): 200 GET http://10.180.1.21/compute/v2.1/servers/34133f22-954f-4fb6-bfbb-467d8ad9160b 0.053s
2025-11-12 12:02:32.347 66703 WARNING tempest.lib.common.ssh [-] Failed to establish authenticated ssh connection to cirros@10.180.180.142 ([Errno None] Unable to connect to port 22 on 10.180.180.142). Number attempts: 10. Retry after 11 seconds.: paramiko.ssh_exception.NoValidConnectionsError: [Errno None] Unable to connect to port 22 on 10.180.180.142
2025-11-12 12:02:32.393 66717 INFO tempest.lib.common.rest_client [req-6b3989bb-92a3-40ef-9e11-36dffc4155ab req-6b3989bb-92a3-40ef-9e11-36dffc4155ab ] Request (ServersTestMultiNic:_run_cleanups): 200 GET http://10.180.1.21/compute/v2.1/servers/de1b6bcd-fa70-49a4-8720-ce7dfad625d3 0.063s
2025-11-12 12:02:32.470 66687 INFO tempest.lib.common.rest_client [req-b21364a9-621a-470f-8512-67f73965db58 req-b21364a9-621a-470f-8512-67f73965db58 ] Request (ServerAddressesNegativeTestJSON:tearDownClass): 200 GET http://10.180.1.21/compute/v2.1/servers/76ad84bf-b1b9-4153-ab32-9d8404b9e50d 0.064s
2025-11-12 12:02:32.592 66733 INFO tempest.lib.common.rest_client [req-5b5763c6-4b35-4239-9cd6-db9f37176789 req-5b5763c6-4b35-4239-9cd6-db9f37176789 ] Request (ServerDiskConfigTestJSON:test_rebuild_server_with_auto_disk_config): 200 GET http://10.180.1.21/compute/v2.1/servers/37c8279c-c2bc-41b3-b956-a0b8f7e9f8a4 0.131s
2025-11-12 12:02:32.600 66733 INFO tempest.common.waiters [-] State transition "BUILD/networking" ==> "BUILD/spawning" after 37 second wait
2025-11-12 12:02:32.607 66722 INFO tempest.lib.common.rest_client [req-4980666d-cfa5-4749-9477-0a8c105b2b44 req-4980666d-cfa5-4749-9477-0a8c105b2b44 ] Request (ServersTestBootFromVolume:setUpClass): 200 GET http://10.180.1.21/compute/v2.1/servers/b1738b57-309d-4921-84d1-f7a47d0bcb0b 0.071s
2025-11-12 12:02:32.693 66719 INFO tempest.lib.common.rest_client [req-270af67c-af15-4ac2-9f62-55e4841ebd0a req-270af67c-af15-4ac2-9f62-55e4841ebd0a ] Request (MigrationsAdminTest:test_resize_server_revert_deleted_flavor): 200 GET http://10.180.1.21/compute/v2.1/servers/de6ef23f-a68a-4178-9f04-c5194b1cb1e6 0.132s
2025-11-12 12:02:32.957 66731 INFO tempest.lib.common.rest_client [req-c2d904f3-6be0-4514-83bd-3b5022e12cf9 req-c2d904f3-6be0-4514-83bd-3b5022e12cf9 ] Request (AttachVolumeNegativeTest:test_attach_attached_volume_to_different_server): 200 GET http://10.180.1.21/compute/v2.1/servers/4181daf1-252a-4c97-bb62-10d9664be1b9 0.222s
2025-11-12 12:02:32.979 66743 INFO tempest.lib.common.rest_client [req-364ebec7-ef79-47e4-8b0b-55ca408cdb3a req-364ebec7-ef79-47e4-8b0b-55ca408cdb3a ] Request (AttachVolumeTestJSON:_run_cleanups): 200 GET http://10.180.1.21/compute/v2.1/servers/499b412f-1417-4bae-9758-a472789e993e 0.196s
2025-11-12 12:02:33.050 66695 INFO tempest.lib.common.rest_client [req-ff6031ae-30f4-4673-992b-25c50ea94241 req-ff6031ae-30f4-4673-992b-25c50ea94241 ] Request (ServerRescueTestJSONUnderV235:setUpClass): 200 GET http://10.180.1.21/compute/v2.1/servers/6dfb1347-5f8f-42bc-998a-fb1791bb9899 0.161s
2025-11-12 12:02:33.057 66697 WARNING tempest.lib.common.ssh [-] Failed to establish authenticated ssh connection to cirros@10.180.180.186 ([Errno None] Unable to connect to port 22 on 10.180.180.186). Number attempts: 1. Retry after 2 seconds.: paramiko.ssh_exception.NoValidConnectionsError: [Errno None] Unable to connect to port 22 on 10.180.180.186
2025-11-12 12:02:33.074 66699 INFO tempest.lib.common.rest_client [req-500712b0-ae8a-4210-9863-d74745089014 req-500712b0-ae8a-4210-9863-d74745089014 ] Request (AttachVolumeShelveTestJSON:test_attach_volume_shelved_or_offload_server): 200 GET http://10.180.1.21/compute/v2.1/servers/22316b3e-7cbc-4a55-a9e3-eb3968cad85b 0.197s
2025-11-12 12:02:33.083 66699 INFO tempest.common.waiters [-] State transition "BUILD/spawning" ==> "ACTIVE/None" after 50 second wait
2025-11-12 12:02:33.109 66689 INFO tempest.lib.common.rest_client [req-3f4f6e67-d5ec-4fb0-88ec-4f021eaeddf2 req-3f4f6e67-d5ec-4fb0-88ec-4f021eaeddf2 ] Request (ListServerFiltersTestJSON:tearDownClass): 200 GET http://10.180.1.21/compute/v2.1/servers/555d447b-8662-47c9-98b5-f9f6006e4579 0.158s
2025-11-12 12:02:33.134 66723 INFO tempest.lib.common.rest_client [req-f1f7792f-c14f-427f-916d-016e13600e48 req-f1f7792f-c14f-427f-916d-016e13600e48 ] Request (MultipleCreateTestJSON:_run_cleanups): 200 GET http://10.180.1.21/compute/v2.1/servers/75dc9c4d-229a-4819-afb7-7513b6038cbc 0.167s
2025-11-12 12:02:33.170 66693 INFO tempest.lib.common.rest_client [req-2f307240-067e-4181-859a-165c251396ee req-2f307240-067e-4181-859a-165c251396ee ] Request (ServersTestFqdnHostnames:tearDownClass): 200 GET http://10.180.1.21/compute/v2.1/servers/1c4df4df-e2d7-4528-8f05-125c1864695a 0.159s
2025-11-12 12:02:33.196 66725 INFO tempest.lib.common.rest_client [req-ac1147e9-ac15-460c-89fb-6fe5bbc3292f req-ac1147e9-ac15-460c-89fb-6fe5bbc3292f ] Request (ServerRescueNegativeTestJSON:setUpClass): 200 GET http://10.180.1.21/compute/v2.1/servers/89b7e299-a1e6-46e2-b5a6-7787f3f04d8b 0.172s
2025-11-12 12:02:33.224 66683 INFO tempest.lib.common.rest_client [req-65e99809-e836-43be-96bb-b6ba51bf603f req-65e99809-e836-43be-96bb-b6ba51bf603f ] Request (ServersAdminNegativeTestJSON:test_migrate_server_invalid_state): 200 GET http://10.180.1.21/compute/v2.1/servers/79d02618-f1bb-49ca-9845-5b573f7941aa 0.164s
2025-11-12 12:02:33.256 66699 INFO tempest.lib.common.rest_client [req-f5d227fc-da40-4878-aeab-e7e1cd29bfb3 req-f5d227fc-da40-4878-aeab-e7e1cd29bfb3 ] Request (AttachVolumeShelveTestJSON:test_attach_volume_shelved_or_offload_server): 200 GET http://10.180.1.21/compute/v2.1/servers/22316b3e-7cbc-4a55-a9e3-eb3968cad85b/os-interface 0.173s
2025-11-12 12:02:33.279 66709 INFO tempest.lib.common.rest_client [req-9feab0c0-4a5e-4159-9b76-99da71ee03c5 req-9feab0c0-4a5e-4159-9b76-99da71ee03c5 ] Request (ImagesOneServerNegativeTestJSON:_run_cleanups): 200 GET http://10.180.1.21/compute/v2.1/servers/4566f96e-b5b5-4770-8c96-9a6b731ec753 0.184s
2025-11-12 12:02:33.348 66737 INFO tempest.lib.common.rest_client [req-d3c56796-825a-4336-94d3-01a7ff69d2ff req-d3c56796-825a-4336-94d3-01a7ff69d2ff ] Request (SecurityGroupsTestJSON:test_server_security_groups): 200 GET http://10.180.1.21/compute/v2.1/servers/ef926d7a-e895-4a13-9463-b5a9edf1592b 0.180s
2025-11-12 12:02:33.364 66685 INFO tempest.lib.common.rest_client [req-7995543a-48a0-48ad-a201-e349825b21b2 req-7995543a-48a0-48ad-a201-e349825b21b2 ] Request (ListImageFiltersTestJSON:tearDownClass): 200 GET http://10.180.1.21/compute/v2.1/servers/2b2b3604-545a-462e-baaf-b6127b9bc9b0 0.139s
2025-11-12 12:02:33.408 66701 INFO tempest.lib.common.rest_client [req-d9a4c672-7f43-4228-bc11-b3ff6824f40e req-d9a4c672-7f43-4228-bc11-b3ff6824f40e ] Request (ServersAdminTestJSON:tearDownClass): 200 GET http://10.180.1.21/compute/v2.1/servers/ef4f0b8d-9709-48ff-9801-8074a451fde4 0.164s
2025-11-12 12:02:33.423 66728 INFO tempest.lib.common.rest_client [req-3ff1cde5-28cb-430c-9bd3-47eac5b3c43d req-3ff1cde5-28cb-430c-9bd3-47eac5b3c43d ] Request (ImagesTestJSON:test_create_server_from_snapshot): 200 GET http://10.180.1.21/compute/v2.1/servers/34133f22-954f-4fb6-bfbb-467d8ad9160b 0.143s
2025-11-12 12:02:33.462 66717 INFO tempest.lib.common.rest_client [req-65faca89-99bd-4ef3-868a-2476d84e25f6 req-65faca89-99bd-4ef3-868a-2476d84e25f6 ] Request (ServersTestMultiNic:_run_cleanups): 200 GET http://10.180.1.21/compute/v2.1/servers/de1b6bcd-fa70-49a4-8720-ce7dfad625d3 0.061s
2025-11-12 12:02:33.535 66687 INFO tempest.lib.common.rest_client [req-f1605a52-67a3-4cd8-a196-1e7cfe7809fd req-f1605a52-67a3-4cd8-a196-1e7cfe7809fd ] Request (ServerAddressesNegativeTestJSON:tearDownClass): 200 GET http://10.180.1.21/compute/v2.1/servers/76ad84bf-b1b9-4153-ab32-9d8404b9e50d 0.058s
2025-11-12 12:02:33.699 66722 INFO tempest.lib.common.rest_client [req-2e4e5512-488c-488b-ab3a-d3769e0aa413 req-2e4e5512-488c-488b-ab3a-d3769e0aa413 ] Request (ServersTestBootFromVolume:setUpClass): 200 GET http://10.180.1.21/compute/v2.1/servers/b1738b57-309d-4921-84d1-f7a47d0bcb0b 0.082s
2025-11-12 12:02:33.725 66733 INFO tempest.lib.common.rest_client [req-37878c7b-88a0-42ad-986a-80f9eca78d1f req-37878c7b-88a0-42ad-986a-80f9eca78d1f ] Request (ServerDiskConfigTestJSON:test_rebuild_server_with_auto_disk_config): 200 GET http://10.180.1.21/compute/v2.1/servers/37c8279c-c2bc-41b3-b956-a0b8f7e9f8a4 0.122s
2025-11-12 12:02:33.763 66699 INFO tempest.lib.common.rest_client [req-4068177c-cf02-4c31-9271-38b822e0ac16 req-4068177c-cf02-4c31-9271-38b822e0ac16 ] Request (AttachVolumeShelveTestJSON:test_attach_volume_shelved_or_offload_server): 200 PUT http://10.180.1.21/networking/v2.0/floatingips/28f34240-1794-4bbc-b2a9-7b30178c5bc7 0.504s
2025-11-12 12:02:33.764 66699 INFO tempest.lib.common.ssh [-] Creating ssh connection to '10.180.180.145:22' as 'cirros' with public key authentication
2025-11-12 12:02:33.823 66719 INFO tempest.lib.common.rest_client [req-44300534-7eba-4f93-8fbd-6857c66e091e req-44300534-7eba-4f93-8fbd-6857c66e091e ] Request (MigrationsAdminTest:test_resize_server_revert_deleted_flavor): 200 GET http://10.180.1.21/compute/v2.1/servers/de6ef23f-a68a-4178-9f04-c5194b1cb1e6 0.122s
2025-11-12 12:02:34.122 66743 INFO tempest.lib.common.rest_client [req-ffdcd355-1696-480e-acc8-0f5d03fc2c44 req-ffdcd355-1696-480e-acc8-0f5d03fc2c44 ] Request (AttachVolumeTestJSON:_run_cleanups): 200 GET http://10.180.1.21/compute/v2.1/servers/499b412f-1417-4bae-9758-a472789e993e 0.135s
2025-11-12 12:02:34.134 66731 INFO tempest.lib.common.rest_client [req-8944e3c1-35c4-4c41-81db-217d9202ab4f req-8944e3c1-35c4-4c41-81db-217d9202ab4f ] Request (AttachVolumeNegativeTest:test_attach_attached_volume_to_different_server): 200 GET http://10.180.1.21/compute/v2.1/servers/4181daf1-252a-4c97-bb62-10d9664be1b9 0.169s
2025-11-12 12:02:34.172 66695 INFO tempest.lib.common.rest_client [req-9a60433a-7e0a-45d4-8d05-cd6f8fc3610b req-9a60433a-7e0a-45d4-8d05-cd6f8fc3610b ] Request (ServerRescueTestJSONUnderV235:setUpClass): 200 GET http://10.180.1.21/compute/v2.1/servers/6dfb1347-5f8f-42bc-998a-fb1791bb9899 0.115s
2025-11-12 12:02:34.193 66689 INFO tempest.lib.common.rest_client [req-2c89bfb6-57a5-4268-9293-11180ba4202d req-2c89bfb6-57a5-4268-9293-11180ba4202d ] Request (ListServerFiltersTestJSON:tearDownClass): 200 GET http://10.180.1.21/compute/v2.1/servers/555d447b-8662-47c9-98b5-f9f6006e4579 0.076s
2025-11-12 12:02:34.234 66723 INFO tempest.lib.common.rest_client [req-492c9c69-3c01-493d-8bef-c1d80638c813 req-492c9c69-3c01-493d-8bef-c1d80638c813 ] Request (MultipleCreateTestJSON:_run_cleanups): 200 GET http://10.180.1.21/compute/v2.1/servers/75dc9c4d-229a-4819-afb7-7513b6038cbc 0.087s
2025-11-12 12:02:34.261 66693 INFO tempest.lib.common.rest_client [req-48d87cc3-0b8f-4b09-8630-a178cdf04128 req-48d87cc3-0b8f-4b09-8630-a178cdf04128 ] Request (ServersTestFqdnHostnames:tearDownClass): 200 GET http://10.180.1.21/compute/v2.1/servers/1c4df4df-e2d7-4528-8f05-125c1864695a 0.080s
2025-11-12 12:02:34.293 66725 INFO tempest.lib.common.rest_client [req-cd49e26c-eb45-4266-83e1-cbd324d15b29 req-cd49e26c-eb45-4266-83e1-cbd324d15b29 ] Request (ServerRescueNegativeTestJSON:setUpClass): 200 GET http://10.180.1.21/compute/v2.1/servers/89b7e299-a1e6-46e2-b5a6-7787f3f04d8b 0.089s
2025-11-12 12:02:34.318 66683 INFO tempest.lib.common.rest_client [req-79cc4286-d9d0-43cf-978e-9c16a54e065e req-79cc4286-d9d0-43cf-978e-9c16a54e065e ] Request (ServersAdminNegativeTestJSON:test_migrate_server_invalid_state): 200 GET http://10.180.1.21/compute/v2.1/servers/79d02618-f1bb-49ca-9845-5b573f7941aa 0.086s
