2025-11-12 12:02:34.368 66709 INFO tempest.lib.common.rest_client [req-6d99db75-ac57-432b-865b-3c96d4484ddd req-6d99db75-ac57-432b-865b-3c96d4484ddd ] Request (ImagesOneServerNegativeTestJSON:_run_cleanups): 200 GET http://10.180.1.21/compute/v2.1/servers/4566f96e-b5b5-4770-8c96-9a6b731ec753 0.081s
2025-11-12 12:02:34.464 66737 INFO tempest.lib.common.rest_client [req-60ec4db2-baa6-4aec-81dc-e14a757e4d40 req-60ec4db2-baa6-4aec-81dc-e14a757e4d40 ] Request (SecurityGroupsTestJSON:test_server_security_groups): 200 GET http://10.180.1.21/compute/v2.1/servers/ef926d7a-e895-4a13-9463-b5a9edf1592b 0.107s
2025-11-12 12:02:34.481 66685 INFO tempest.lib.common.rest_client [req-4d252e64-f489-47db-b1a2-767fbaaa0612 req-4d252e64-f489-47db-b1a2-767fbaaa0612 ] Request (ListImageFiltersTestJSON:tearDownClass): 200 GET http://10.180.1.21/compute/v2.1/servers/2b2b3604-545a-462e-baaf-b6127b9bc9b0 0.109s
2025-11-12 12:02:34.619 66701 INFO tempest.lib.common.rest_client [req-7cea07a9-b48b-4d73-8df3-fad00ca281a6 req-7cea07a9-b48b-4d73-8df3-fad00ca281a6 ] Request (ServersAdminTestJSON:tearDownClass): 200 GET http://10.180.1.21/compute/v2.1/servers/ef4f0b8d-9709-48ff-9801-8074a451fde4 0.203s
2025-11-12 12:02:34.629 66728 INFO tempest.lib.common.rest_client [req-b2c7018d-859b-4275-b654-ca4732943a1b req-b2c7018d-859b-4275-b654-ca4732943a1b ] Request (ImagesTestJSON:test_create_server_from_snapshot): 200 GET http://10.180.1.21/compute/v2.1/servers/34133f22-954f-4fb6-bfbb-467d8ad9160b 0.198s
2025-11-12 12:02:34.752 66717 INFO tempest.lib.common.rest_client [req-9df84bd0-4184-4833-a32f-a3eb653a5e28 req-9df84bd0-4184-4833-a32f-a3eb653a5e28 ] Request (ServersTestMultiNic:_run_cleanups): 200 GET http://10.180.1.21/compute/v2.1/servers/de1b6bcd-fa70-49a4-8720-ce7dfad625d3 0.282s
2025-11-12 12:02:34.764 66687 INFO tempest.lib.common.rest_client [req-750c2c1f-a279-4575-8fb8-7f02b380a40b req-750c2c1f-a279-4575-8fb8-7f02b380a40b ] Request (ServerAddressesNegativeTestJSON:tearDownClass): 200 GET http://10.180.1.21/compute/v2.1/servers/76ad84bf-b1b9-4153-ab32-9d8404b9e50d 0.220s
2025-11-12 12:02:34.897 66722 INFO tempest.lib.common.rest_client [req-19b4df8b-752b-4765-b24f-b934712444df req-19b4df8b-752b-4765-b24f-b934712444df ] Request (ServersTestBootFromVolume:setUpClass): 200 GET http://10.180.1.21/compute/v2.1/servers/b1738b57-309d-4921-84d1-f7a47d0bcb0b 0.189s
2025-11-12 12:02:34.967 66733 INFO tempest.lib.common.rest_client [req-38ae7562-a32f-4342-b490-1982df9098ce req-38ae7562-a32f-4342-b490-1982df9098ce ] Request (ServerDiskConfigTestJSON:test_rebuild_server_with_auto_disk_config): 200 GET http://10.180.1.21/compute/v2.1/servers/37c8279c-c2bc-41b3-b956-a0b8f7e9f8a4 0.230s
2025-11-12 12:02:35.056 66719 INFO tempest.lib.common.rest_client [req-2dd392a1-1677-4bed-b9c4-c7663e6c4977 req-2dd392a1-1677-4bed-b9c4-c7663e6c4977 ] Request (MigrationsAdminTest:test_resize_server_revert_deleted_flavor): 200 GET http://10.180.1.21/compute/v2.1/servers/de6ef23f-a68a-4178-9f04-c5194b1cb1e6 0.225s
2025-11-12 12:02:35.196 66743 INFO tempest.lib.common.rest_client [req-d6457116-02f2-48db-8db6-4d37422947ef req-d6457116-02f2-48db-8db6-4d37422947ef ] Request (AttachVolumeTestJSON:_run_cleanups): 200 GET http://10.180.1.21/compute/v2.1/servers/499b412f-1417-4bae-9758-a472789e993e 0.065s
2025-11-12 12:02:35.246 66731 INFO tempest.lib.common.rest_client [req-52b3eebe-8d09-4c75-a1b2-9bf7754432e9 req-52b3eebe-8d09-4c75-a1b2-9bf7754432e9 ] Request (AttachVolumeNegativeTest:test_attach_attached_volume_to_different_server): 200 GET http://10.180.1.21/compute/v2.1/servers/4181daf1-252a-4c97-bb62-10d9664be1b9 0.104s
2025-11-12 12:02:35.249 66695 INFO tempest.lib.common.rest_client [req-72b87cc2-ebf3-4961-a67f-3ec8559c3a88 req-72b87cc2-ebf3-4961-a67f-3ec8559c3a88 ] Request (ServerRescueTestJSONUnderV235:setUpClass): 200 GET http://10.180.1.21/compute/v2.1/servers/6dfb1347-5f8f-42bc-998a-fb1791bb9899 0.068s
2025-11-12 12:02:35.255 66731 INFO tempest.common.waiters [-] State transition "BUILD/spawning" ==> "ACTIVE/None" after 52 second wait
2025-11-12 12:02:35.308 66723 INFO tempest.lib.common.rest_client [req-8cb5f6a7-2e5a-4a4d-b2a7-55509f46c9da req-8cb5f6a7-2e5a-4a4d-b2a7-55509f46c9da ] Request (MultipleCreateTestJSON:_run_cleanups): 200 GET http://10.180.1.21/compute/v2.1/servers/75dc9c4d-229a-4819-afb7-7513b6038cbc 0.063s
2025-11-12 12:02:35.312 66689 INFO tempest.lib.common.rest_client [req-7622d30c-ef45-4d68-9762-22d86eaf9c2a req-7622d30c-ef45-4d68-9762-22d86eaf9c2a ] Request (ListServerFiltersTestJSON:tearDownClass): 200 GET http://10.180.1.21/compute/v2.1/servers/555d447b-8662-47c9-98b5-f9f6006e4579 0.110s
2025-11-12 12:02:35.371 66731 INFO tempest.lib.common.rest_client [req-292bb8ab-addd-4ada-a3b0-596a7c3b1977 req-292bb8ab-addd-4ada-a3b0-596a7c3b1977 ] Request (AttachVolumeNegativeTest:test_attach_attached_volume_to_different_server): 200 GET http://10.180.1.21/compute/v2.1/servers/4181daf1-252a-4c97-bb62-10d9664be1b9/os-interface 0.114s
2025-11-12 12:02:35.378 66693 INFO tempest.lib.common.rest_client [req-db21c269-2ef0-4714-b33e-b9fe0b7eebb3 req-db21c269-2ef0-4714-b33e-b9fe0b7eebb3 ] Request (ServersTestFqdnHostnames:tearDownClass): 200 GET http://10.180.1.21/compute/v2.1/servers/1c4df4df-e2d7-4528-8f05-125c1864695a 0.106s
2025-11-12 12:02:35.442 66725 INFO tempest.lib.common.rest_client [req-bb43671b-7199-45db-a09b-bce1ca58995b req-bb43671b-7199-45db-a09b-bce1ca58995b ] Request (ServerRescueNegativeTestJSON:setUpClass): 200 GET http://10.180.1.21/compute/v2.1/servers/89b7e299-a1e6-46e2-b5a6-7787f3f04d8b 0.138s
2025-11-12 12:02:35.467 66683 INFO tempest.lib.common.rest_client [req-3752c453-d31c-49b6-9c9c-a2209cd64de7 req-3752c453-d31c-49b6-9c9c-a2209cd64de7 ] Request (ServersAdminNegativeTestJSON:test_migrate_server_invalid_state): 200 GET http://10.180.1.21/compute/v2.1/servers/79d02618-f1bb-49ca-9845-5b573f7941aa 0.141s
2025-11-12 12:02:35.525 66709 INFO tempest.lib.common.rest_client [req-a7671b52-8753-4d64-96f1-4e496613b434 req-a7671b52-8753-4d64-96f1-4e496613b434 ] Request (ImagesOneServerNegativeTestJSON:_run_cleanups): 200 GET http://10.180.1.21/compute/v2.1/servers/4566f96e-b5b5-4770-8c96-9a6b731ec753 0.147s
2025-11-12 12:02:35.540 66737 INFO tempest.lib.common.rest_client [req-145bbb81-bd4b-4b1a-bdff-c2e091ee15dc req-145bbb81-bd4b-4b1a-bdff-c2e091ee15dc ] Request (SecurityGroupsTestJSON:test_server_security_groups): 200 GET http://10.180.1.21/compute/v2.1/servers/ef926d7a-e895-4a13-9463-b5a9edf1592b 0.067s
2025-11-12 12:02:35.577 66685 INFO tempest.lib.common.rest_client [req-592d56c5-85fa-462d-8f86-e03196f3b556 req-592d56c5-85fa-462d-8f86-e03196f3b556 ] Request (ListImageFiltersTestJSON:tearDownClass): 200 GET http://10.180.1.21/compute/v2.1/servers/2b2b3604-545a-462e-baaf-b6127b9bc9b0 0.084s
2025-11-12 12:02:35.703 66728 INFO tempest.lib.common.rest_client [req-a19e419d-6edc-47bb-be96-b73d1e410a59 req-a19e419d-6edc-47bb-be96-b73d1e410a59 ] Request (ImagesTestJSON:test_create_server_from_snapshot): 200 GET http://10.180.1.21/compute/v2.1/servers/34133f22-954f-4fb6-bfbb-467d8ad9160b 0.066s
2025-11-12 12:02:35.721 66701 INFO tempest.lib.common.rest_client [req-d41466bd-e4ef-4af8-ab44-345f173d5a48 req-d41466bd-e4ef-4af8-ab44-345f173d5a48 ] Request (ServersAdminTestJSON:tearDownClass): 200 GET http://10.180.1.21/compute/v2.1/servers/ef4f0b8d-9709-48ff-9801-8074a451fde4 0.093s
2025-11-12 12:02:35.839 66717 INFO tempest.lib.common.rest_client [req-987b8941-24bc-49b0-a7b8-111d38b499a3 req-987b8941-24bc-49b0-a7b8-111d38b499a3 ] Request (ServersTestMultiNic:_run_cleanups): 200 GET http://10.180.1.21/compute/v2.1/servers/de1b6bcd-fa70-49a4-8720-ce7dfad625d3 0.078s
2025-11-12 12:02:35.852 66687 INFO tempest.lib.common.rest_client [req-be3959cc-6780-4bee-8ea7-a05d7ca5d0a8 req-be3959cc-6780-4bee-8ea7-a05d7ca5d0a8 ] Request (ServerAddressesNegativeTestJSON:tearDownClass): 200 GET http://10.180.1.21/compute/v2.1/servers/76ad84bf-b1b9-4153-ab32-9d8404b9e50d 0.076s
2025-11-12 12:02:35.921 66731 INFO tempest.lib.common.rest_client [req-5851dcbf-5733-4489-ae84-3fc725f0e98b req-5851dcbf-5733-4489-ae84-3fc725f0e98b ] Request (AttachVolumeNegativeTest:test_attach_attached_volume_to_different_server): 200 PUT http://10.180.1.21/networking/v2.0/floatingips/ba62b2f4-9551-46a4-9ea5-caca98e27f82 0.547s
2025-11-12 12:02:35.922 66731 INFO tempest.lib.common.ssh [-] Creating ssh connection to '10.180.180.254:22' as 'cirros' with public key authentication
2025-11-12 12:02:35.969 66722 INFO tempest.lib.common.rest_client [req-966d2363-4127-48f6-a51f-768254fa237d req-966d2363-4127-48f6-a51f-768254fa237d ] Request (ServersTestBootFromVolume:setUpClass): 200 GET http://10.180.1.21/compute/v2.1/servers/b1738b57-309d-4921-84d1-f7a47d0bcb0b 0.057s
2025-11-12 12:02:36.100 66733 INFO tempest.lib.common.rest_client [req-744bda9b-16ca-4ed0-b015-aee7ddef07e5 req-744bda9b-16ca-4ed0-b015-aee7ddef07e5 ] Request (ServerDiskConfigTestJSON:test_rebuild_server_with_auto_disk_config): 200 GET http://10.180.1.21/compute/v2.1/servers/37c8279c-c2bc-41b3-b956-a0b8f7e9f8a4 0.122s
2025-11-12 12:02:36.128 66697 WARNING tempest.lib.common.ssh [-] Failed to establish authenticated ssh connection to cirros@10.180.180.186 ([Errno None] Unable to connect to port 22 on 10.180.180.186). Number attempts: 2. Retry after 3 seconds.: paramiko.ssh_exception.NoValidConnectionsError: [Errno None] Unable to connect to port 22 on 10.180.180.186
2025-11-12 12:02:36.161 66719 INFO tempest.lib.common.rest_client [req-9a2976eb-9965-41e8-bbb3-c4a43c6ec36f req-9a2976eb-9965-41e8-bbb3-c4a43c6ec36f ] Request (MigrationsAdminTest:test_resize_server_revert_deleted_flavor): 200 GET http://10.180.1.21/compute/v2.1/servers/de6ef23f-a68a-4178-9f04-c5194b1cb1e6 0.096s
2025-11-12 12:02:36.169 66719 INFO tempest.common.waiters [-] State transition "RESIZE/resize_prep" ==> "RESIZE/resize_migrating" after 40 second wait
2025-11-12 12:02:36.266 66743 INFO tempest.lib.common.rest_client [req-8452d32d-e02c-4f14-aa9e-488d5b62dcd4 req-8452d32d-e02c-4f14-aa9e-488d5b62dcd4 ] Request (AttachVolumeTestJSON:_run_cleanups): 200 GET http://10.180.1.21/compute/v2.1/servers/499b412f-1417-4bae-9758-a472789e993e 0.061s
2025-11-12 12:02:36.273 66743 INFO tempest.common.waiters [-] State transition "ACTIVE/deleting" ==> "DELETED/None" after 5 second wait
2025-11-12 12:02:36.311 66695 INFO tempest.lib.common.rest_client [req-51c5dd04-62ed-46bd-87c3-3117f3e145e7 req-51c5dd04-62ed-46bd-87c3-3117f3e145e7 ] Request (ServerRescueTestJSONUnderV235:setUpClass): 200 GET http://10.180.1.21/compute/v2.1/servers/6dfb1347-5f8f-42bc-998a-fb1791bb9899 0.050s
2025-11-12 12:02:36.378 66689 INFO tempest.lib.common.rest_client [req-3ed2834e-3bf6-43d5-a32c-dcf2329b464f req-3ed2834e-3bf6-43d5-a32c-dcf2329b464f ] Request (ListServerFiltersTestJSON:tearDownClass): 200 GET http://10.180.1.21/compute/v2.1/servers/555d447b-8662-47c9-98b5-f9f6006e4579 0.058s
2025-11-12 12:02:36.380 66723 INFO tempest.lib.common.rest_client [req-c672534e-aae1-4881-adaa-626ba1b80bd8 req-c672534e-aae1-4881-adaa-626ba1b80bd8 ] Request (MultipleCreateTestJSON:_run_cleanups): 200 GET http://10.180.1.21/compute/v2.1/servers/75dc9c4d-229a-4819-afb7-7513b6038cbc 0.062s
2025-11-12 12:02:36.448 66693 INFO tempest.lib.common.rest_client [req-82afba7f-49af-482e-a997-4b6a2cd6bcca req-82afba7f-49af-482e-a997-4b6a2cd6bcca ] Request (ServersTestFqdnHostnames:tearDownClass): 200 GET http://10.180.1.21/compute/v2.1/servers/1c4df4df-e2d7-4528-8f05-125c1864695a 0.062s
2025-11-12 12:02:36.499 66725 INFO tempest.lib.common.rest_client [req-5a1a3e9e-a3bc-44db-8357-db4908795d3a req-5a1a3e9e-a3bc-44db-8357-db4908795d3a ] Request (ServerRescueNegativeTestJSON:setUpClass): 200 GET http://10.180.1.21/compute/v2.1/servers/89b7e299-a1e6-46e2-b5a6-7787f3f04d8b 0.049s
2025-11-12 12:02:36.523 66683 INFO tempest.lib.common.rest_client [req-f9b9fc0b-e3cd-4a8f-a8dc-1bb9694f07b9 req-f9b9fc0b-e3cd-4a8f-a8dc-1bb9694f07b9 ] Request (ServersAdminNegativeTestJSON:test_migrate_server_invalid_state): 200 GET http://10.180.1.21/compute/v2.1/servers/79d02618-f1bb-49ca-9845-5b573f7941aa 0.048s
2025-11-12 12:02:36.590 66709 INFO tempest.lib.common.rest_client [req-9769ee8f-ffec-4064-ab4d-cf50ca64858c req-9769ee8f-ffec-4064-ab4d-cf50ca64858c ] Request (ImagesOneServerNegativeTestJSON:_run_cleanups): 200 GET http://10.180.1.21/compute/v2.1/servers/4566f96e-b5b5-4770-8c96-9a6b731ec753 0.057s
2025-11-12 12:02:36.605 66737 INFO tempest.lib.common.rest_client [req-acfc8463-f736-4540-ae33-c81a66337961 req-acfc8463-f736-4540-ae33-c81a66337961 ] Request (SecurityGroupsTestJSON:test_server_security_groups): 200 GET http://10.180.1.21/compute/v2.1/servers/ef926d7a-e895-4a13-9463-b5a9edf1592b 0.056s
2025-11-12 12:02:36.642 66685 INFO tempest.lib.common.rest_client [req-f01ec457-35f2-45d2-8957-773420bb5c2b req-f01ec457-35f2-45d2-8957-773420bb5c2b ] Request (ListImageFiltersTestJSON:tearDownClass): 200 GET http://10.180.1.21/compute/v2.1/servers/2b2b3604-545a-462e-baaf-b6127b9bc9b0 0.057s
2025-11-12 12:02:36.770 66728 INFO tempest.lib.common.rest_client [req-90088201-33f5-4198-adde-15639bd54096 req-90088201-33f5-4198-adde-15639bd54096 ] Request (ImagesTestJSON:test_create_server_from_snapshot): 200 GET http://10.180.1.21/compute/v2.1/servers/34133f22-954f-4fb6-bfbb-467d8ad9160b 0.056s
2025-11-12 12:02:36.802 66701 INFO tempest.lib.common.rest_client [req-47b806fd-d401-45bb-9f76-fae243c5ca3a req-47b806fd-d401-45bb-9f76-fae243c5ca3a ] Request (ServersAdminTestJSON:tearDownClass): 200 GET http://10.180.1.21/compute/v2.1/servers/ef4f0b8d-9709-48ff-9801-8074a451fde4 0.074s
2025-11-12 12:02:36.957 66687 INFO tempest.lib.common.rest_client [req-0eb6a659-6d31-4949-aca7-a0fa93e05ccc req-0eb6a659-6d31-4949-aca7-a0fa93e05ccc ] Request (ServerAddressesNegativeTestJSON:tearDownClass): 200 GET http://10.180.1.21/compute/v2.1/servers/76ad84bf-b1b9-4153-ab32-9d8404b9e50d 0.098s
2025-11-12 12:02:36.957 66717 INFO tempest.lib.common.rest_client [req-a2bcdb0c-56ba-430c-9a9d-2abe16f24fbb req-a2bcdb0c-56ba-430c-9a9d-2abe16f24fbb ] Request (ServersTestMultiNic:_run_cleanups): 200 GET http://10.180.1.21/compute/v2.1/servers/de1b6bcd-fa70-49a4-8720-ce7dfad625d3 0.111s
2025-11-12 12:02:37.030 66722 INFO tempest.lib.common.rest_client [req-f5784e93-bbdd-453d-8426-895b97cf82a4 req-f5784e93-bbdd-453d-8426-895b97cf82a4 ] Request (ServersTestBootFromVolume:setUpClass): 200 GET http://10.180.1.21/compute/v2.1/servers/b1738b57-309d-4921-84d1-f7a47d0bcb0b 0.053s
2025-11-12 12:02:37.201 66733 INFO tempest.lib.common.rest_client [req-ed3f4f6c-a646-408d-abb4-bd084852f3d6 req-ed3f4f6c-a646-408d-abb4-bd084852f3d6 ] Request (ServerDiskConfigTestJSON:test_rebuild_server_with_auto_disk_config): 200 GET http://10.180.1.21/compute/v2.1/servers/37c8279c-c2bc-41b3-b956-a0b8f7e9f8a4 0.094s
2025-11-12 12:02:37.307 66719 INFO tempest.lib.common.rest_client [req-c7342ed2-b34d-43ca-892e-12611631bec9 req-c7342ed2-b34d-43ca-892e-12611631bec9 ] Request (MigrationsAdminTest:test_resize_server_revert_deleted_flavor): 200 GET http://10.180.1.21/compute/v2.1/servers/de6ef23f-a68a-4178-9f04-c5194b1cb1e6 0.137s
2025-11-12 12:02:37.350 66743 INFO tempest.lib.common.rest_client [req-c39b5e4e-750d-4ccc-bebb-2e4e0b1a5a15 req-c39b5e4e-750d-4ccc-bebb-2e4e0b1a5a15 ] Request (AttachVolumeTestJSON:_run_cleanups): 200 GET http://10.180.1.21/compute/v2.1/servers/499b412f-1417-4bae-9758-a472789e993e 0.076s
2025-11-12 12:02:37.378 66695 INFO tempest.lib.common.rest_client [req-baf69857-b156-413b-96d6-843ae4a062a3 req-baf69857-b156-413b-96d6-843ae4a062a3 ] Request (ServerRescueTestJSONUnderV235:setUpClass): 200 GET http://10.180.1.21/compute/v2.1/servers/6dfb1347-5f8f-42bc-998a-fb1791bb9899 0.057s
2025-11-12 12:02:37.449 66689 INFO tempest.lib.common.rest_client [req-8752e4af-c8e0-4a1f-869a-4942d918aed1 req-8752e4af-c8e0-4a1f-869a-4942d918aed1 ] Request (ListServerFiltersTestJSON:tearDownClass): 200 GET http://10.180.1.21/compute/v2.1/servers/555d447b-8662-47c9-98b5-f9f6006e4579 0.064s
2025-11-12 12:02:37.456 66723 INFO tempest.lib.common.rest_client [req-60e704b7-23dd-4bf2-b459-20a9a4925481 req-60e704b7-23dd-4bf2-b459-20a9a4925481 ] Request (MultipleCreateTestJSON:_run_cleanups): 200 GET http://10.180.1.21/compute/v2.1/servers/75dc9c4d-229a-4819-afb7-7513b6038cbc 0.066s
2025-11-12 12:02:37.519 66693 INFO tempest.lib.common.rest_client [req-43fa06db-7b1c-4c36-a6e2-988388f12e7b req-43fa06db-7b1c-4c36-a6e2-988388f12e7b ] Request (ServersTestFqdnHostnames:tearDownClass): 200 GET http://10.180.1.21/compute/v2.1/servers/1c4df4df-e2d7-4528-8f05-125c1864695a 0.064s
2025-11-12 12:02:37.561 66725 INFO tempest.lib.common.rest_client [req-f0fa3db6-13ee-4269-9f3e-bdf349f296db req-f0fa3db6-13ee-4269-9f3e-bdf349f296db ] Request (ServerRescueNegativeTestJSON:setUpClass): 200 GET http://10.180.1.21/compute/v2.1/servers/89b7e299-a1e6-46e2-b5a6-7787f3f04d8b 0.054s
2025-11-12 12:02:37.581 66683 INFO tempest.lib.common.rest_client [req-a04b4f95-00c9-4719-8836-b8edc9bd4771 req-a04b4f95-00c9-4719-8836-b8edc9bd4771 ] Request (ServersAdminNegativeTestJSON:test_migrate_server_invalid_state): 200 GET http://10.180.1.21/compute/v2.1/servers/79d02618-f1bb-49ca-9845-5b573f7941aa 0.050s
2025-11-12 12:02:37.637 66737 INFO tempest.lib.common.rest_client [req-b621496e-fad2-4012-8ad1-5f27fac94db8 req-b621496e-fad2-4012-8ad1-5f27fac94db8 ] Request (SecurityGroupsTestJSON:test_server_security_groups): 404 GET http://10.180.1.21/compute/v2.1/servers/ef926d7a-e895-4a13-9463-b5a9edf1592b 0.024s
2025-11-12 12:02:37.658 66709 INFO tempest.lib.common.rest_client [req-63e9d40f-669f-4481-a91c-0b79197da34a req-63e9d40f-669f-4481-a91c-0b79197da34a ] Request (ImagesOneServerNegativeTestJSON:_run_cleanups): 200 GET http://10.180.1.21/compute/v2.1/servers/4566f96e-b5b5-4770-8c96-9a6b731ec753 0.059s
2025-11-12 12:02:37.719 66685 INFO tempest.lib.common.rest_client [req-96de9274-08d5-4da2-be75-200e51a8750c req-96de9274-08d5-4da2-be75-200e51a8750c ] Request (ListImageFiltersTestJSON:tearDownClass): 200 GET http://10.180.1.21/compute/v2.1/servers/2b2b3604-545a-462e-baaf-b6127b9bc9b0 0.069s
2025-11-12 12:02:37.760 66737 INFO tempest.lib.common.rest_client [req-8bb793df-1915-4f64-bb5f-df1105ee2e3e req-8bb793df-1915-4f64-bb5f-df1105ee2e3e ] Request (SecurityGroupsTestJSON:test_server_security_groups): 202 DELETE http://10.180.1.21/compute/v2.1/os-security-groups/496b84c1-cc45-467e-a49a-3670507a3ed6 0.123s
2025-11-12 12:02:37.857 66728 INFO tempest.lib.common.rest_client [req-c7b59980-2c4c-4379-a6d8-4b352811591c req-c7b59980-2c4c-4379-a6d8-4b352811591c ] Request (ImagesTestJSON:test_create_server_from_snapshot): 200 GET http://10.180.1.21/compute/v2.1/servers/34133f22-954f-4fb6-bfbb-467d8ad9160b 0.065s
2025-11-12 12:02:37.857 66699 WARNING tempest.lib.common.ssh [-] Failed to establish authenticated ssh connection to cirros@10.180.180.145 ([Errno None] Unable to connect to port 22 on 10.180.180.145). Number attempts: 1. Retry after 2 seconds.: paramiko.ssh_exception.NoValidConnectionsError: [Errno None] Unable to connect to port 22 on 10.180.180.145
2025-11-12 12:02:37.881 66737 INFO tempest.lib.common.rest_client [req-7d2cd725-7fb3-4fc9-abb0-e67a768ac4c6 req-7d2cd725-7fb3-4fc9-abb0-e67a768ac4c6 ] Request (SecurityGroupsTestJSON:test_server_security_groups): 202 DELETE http://10.180.1.21/compute/v2.1/os-security-groups/022fc16b-31c3-41a4-94ac-82cd9f4e3377 0.121s
2025-11-12 12:02:37.917 66701 INFO tempest.lib.common.rest_client [req-36049ab8-5ccc-48b2-9ab8-ffd789107db8 req-36049ab8-5ccc-48b2-9ab8-ffd789107db8 ] Request (ServersAdminTestJSON:tearDownClass): 200 GET http://10.180.1.21/compute/v2.1/servers/ef4f0b8d-9709-48ff-9801-8074a451fde4 0.104s
2025-11-12 12:02:38.010 66737 INFO tempest.lib.common.rest_client [req-b36ca4b2-e764-4dc5-95ac-84bb884f4e5f req-b36ca4b2-e764-4dc5-95ac-84bb884f4e5f ] Request (SecurityGroupsTestJSON:test_update_security_groups): 200 POST http://10.180.1.21/compute/v2.1/os-security-groups 0.127s
2025-11-12 12:02:38.059 66717 INFO tempest.lib.common.rest_client [req-710a0d2d-9990-4830-bb1a-bb7fd123238d req-710a0d2d-9990-4830-bb1a-bb7fd123238d ] Request (ServersTestMultiNic:_run_cleanups): 200 GET http://10.180.1.21/compute/v2.1/servers/de1b6bcd-fa70-49a4-8720-ce7dfad625d3 0.094s
2025-11-12 12:02:38.078 66687 INFO tempest.lib.common.rest_client [req-3432abaa-ef6b-4612-9fd7-a914f5ae599c req-3432abaa-ef6b-4612-9fd7-a914f5ae599c ] Request (ServerAddressesNegativeTestJSON:tearDownClass): 200 GET http://10.180.1.21/compute/v2.1/servers/76ad84bf-b1b9-4153-ab32-9d8404b9e50d 0.111s
2025-11-12 12:02:38.182 66722 INFO tempest.lib.common.rest_client [req-15bf98fb-ce3d-4340-bbc1-4d3835317258 req-15bf98fb-ce3d-4340-bbc1-4d3835317258 ] Request (ServersTestBootFromVolume:setUpClass): 200 GET http://10.180.1.21/compute/v2.1/servers/b1738b57-309d-4921-84d1-f7a47d0bcb0b 0.145s
2025-11-12 12:02:38.197 66737 INFO tempest.lib.common.rest_client [req-4529be8a-2662-4b4f-8b1a-6dd183e3d60d req-4529be8a-2662-4b4f-8b1a-6dd183e3d60d ] Request (SecurityGroupsTestJSON:test_update_security_groups): 200 PUT http://10.180.1.21/compute/v2.1/os-security-groups/727b5a49-5ab5-45c2-b7a3-9da1fdd72d7f 0.184s
2025-11-12 12:02:38.233 66737 INFO tempest.lib.common.rest_client [req-b33dce8a-3ee9-45c2-8659-7b2103418f66 req-b33dce8a-3ee9-45c2-8659-7b2103418f66 ] Request (SecurityGroupsTestJSON:test_update_security_groups): 200 GET http://10.180.1.21/compute/v2.1/os-security-groups/727b5a49-5ab5-45c2-b7a3-9da1fdd72d7f 0.033s
2025-11-12 12:02:38.349 66737 INFO tempest.lib.common.rest_client [req-f80be689-e80f-435f-8050-d1d10031d3aa req-f80be689-e80f-435f-8050-d1d10031d3aa ] Request (SecurityGroupsTestJSON:tearDownClass): 202 DELETE http://10.180.1.21/compute/v2.1/os-security-groups/727b5a49-5ab5-45c2-b7a3-9da1fdd72d7f 0.112s
2025-11-12 12:02:38.381 66733 INFO tempest.lib.common.rest_client [req-efbce753-3684-47c1-b9e1-e73b4f1310aa req-efbce753-3684-47c1-b9e1-e73b4f1310aa ] Request (ServerDiskConfigTestJSON:test_rebuild_server_with_auto_disk_config): 200 GET http://10.180.1.21/compute/v2.1/servers/37c8279c-c2bc-41b3-b956-a0b8f7e9f8a4 0.173s
2025-11-12 12:02:38.397 66737 INFO tempest.lib.common.rest_client [req-e05447d9-0679-4a5e-bc74-85e3f91229df req-e05447d9-0679-4a5e-bc74-85e3f91229df ] Request (SecurityGroupsTestJSON:tearDownClass): 404 DELETE http://10.180.1.21/compute/v2.1/servers/ef926d7a-e895-4a13-9463-b5a9edf1592b 0.048s
2025-11-12 12:02:38.447 66719 INFO tempest.lib.common.rest_client [req-3234e458-4ce6-400a-a08e-cc829719ecee req-3234e458-4ce6-400a-a08e-cc829719ecee ] Request (MigrationsAdminTest:test_resize_server_revert_deleted_flavor): 200 GET http://10.180.1.21/compute/v2.1/servers/de6ef23f-a68a-4178-9f04-c5194b1cb1e6 0.131s
2025-11-12 12:02:38.454 66743 INFO tempest.lib.common.rest_client [req-66b3893b-e4b4-40b4-a147-2fa43380214f req-66b3893b-e4b4-40b4-a147-2fa43380214f ] Request (AttachVolumeTestJSON:_run_cleanups): 200 GET http://10.180.1.21/compute/v2.1/servers/499b412f-1417-4bae-9758-a472789e993e 0.095s
2025-11-12 12:02:38.471 66737 INFO tempest.lib.common.rest_client [req-83ee5fa8-076a-439b-a810-93f79a8dbbd1 req-83ee5fa8-076a-439b-a810-93f79a8dbbd1 ] Request (SecurityGroupsTestJSON:tearDownClass): 404 GET http://10.180.1.21/compute/v2.1/servers/ef926d7a-e895-4a13-9463-b5a9edf1592b 0.073s
2025-11-12 12:02:38.492 66695 INFO tempest.lib.common.rest_client [req-d7de2dda-82d3-4d39-b318-8bbc69506f5a req-d7de2dda-82d3-4d39-b318-8bbc69506f5a ] Request (ServerRescueTestJSONUnderV235:setUpClass): 200 GET http://10.180.1.21/compute/v2.1/servers/6dfb1347-5f8f-42bc-998a-fb1791bb9899 0.105s
2025-11-12 12:02:38.523 66689 INFO tempest.lib.common.rest_client [req-7ed2dd3e-4498-4c8c-8c09-00c821c590b6 req-7ed2dd3e-4498-4c8c-8c09-00c821c590b6 ] Request (ListServerFiltersTestJSON:tearDownClass): 200 GET http://10.180.1.21/compute/v2.1/servers/555d447b-8662-47c9-98b5-f9f6006e4579 0.065s
2025-11-12 12:02:38.540 66737 INFO tempest.lib.common.rest_client [req-5629556e-a1b3-4719-8f8a-abdb0dd4d92d req-5629556e-a1b3-4719-8f8a-abdb0dd4d92d ] Request (SecurityGroupsTestJSON:tearDownClass): 404 DELETE http://10.180.1.21/compute/v2.1/os-security-groups/022fc16b-31c3-41a4-94ac-82cd9f4e3377 0.068s
2025-11-12 12:02:38.544 66723 INFO tempest.lib.common.rest_client [req-d7b24a4b-ce16-483a-a8db-c7b3c2e40c7c req-d7b24a4b-ce16-483a-a8db-c7b3c2e40c7c ] Request (MultipleCreateTestJSON:_run_cleanups): 200 GET http://10.180.1.21/compute/v2.1/servers/75dc9c4d-229a-4819-afb7-7513b6038cbc 0.080s
2025-11-12 12:02:38.563 66737 INFO tempest.lib.common.rest_client [req-6ca740aa-8a5c-45c2-a8aa-fff75e9ad6e5 req-6ca740aa-8a5c-45c2-a8aa-fff75e9ad6e5 ] Request (SecurityGroupsTestJSON:tearDownClass): 404 DELETE http://10.180.1.21/compute/v2.1/os-security-groups/496b84c1-cc45-467e-a49a-3670507a3ed6 0.023s
2025-11-12 12:02:38.582 66737 INFO tempest.lib.common.rest_client [req-c6b0783a-6973-415a-bbb2-4fd34814be2c req-c6b0783a-6973-415a-bbb2-4fd34814be2c ] Request (SecurityGroupsTestJSON:tearDownClass): 404 DELETE http://10.180.1.21/compute/v2.1/os-security-groups/a87bb516-4b4a-4635-848d-473495fcdd99 0.018s
2025-11-12 12:02:38.597 66693 INFO tempest.lib.common.rest_client [req-721b5252-1a6a-4d80-8956-0172cc04475d req-721b5252-1a6a-4d80-8956-0172cc04475d ] Request (ServersTestFqdnHostnames:tearDownClass): 200 GET http://10.180.1.21/compute/v2.1/servers/1c4df4df-e2d7-4528-8f05-125c1864695a 0.069s
2025-11-12 12:02:38.613 66737 INFO tempest.lib.common.rest_client [req-b3205567-6874-4088-8631-a06d7cbaa661 req-b3205567-6874-4088-8631-a06d7cbaa661 ] Request (SecurityGroupsTestJSON:tearDownClass): 404 DELETE http://10.180.1.21/compute/v2.1/os-security-groups/2c8c8005-6c9d-41a5-8092-460a8632d81b 0.031s
2025-11-12 12:02:38.631 66725 INFO tempest.lib.common.rest_client [req-7708e18d-58e9-48d4-b36c-d7a41463eb1f req-7708e18d-58e9-48d4-b36c-d7a41463eb1f ] Request (ServerRescueNegativeTestJSON:setUpClass): 200 GET http://10.180.1.21/compute/v2.1/servers/89b7e299-a1e6-46e2-b5a6-7787f3f04d8b 0.063s
2025-11-12 12:02:38.651 66737 INFO tempest.lib.common.rest_client [req-aa2c0ff1-4a2b-45cb-b740-e9359cb8e6ee req-aa2c0ff1-4a2b-45cb-b740-e9359cb8e6ee ] Request (SecurityGroupsTestJSON:tearDownClass): 404 DELETE http://10.180.1.21/compute/v2.1/os-security-groups/c3914f00-edc3-40f1-b35d-dda5b1dee810 0.037s
2025-11-12 12:02:38.662 66683 INFO tempest.lib.common.rest_client [req-25e2f606-e453-48d5-a0d9-798d352835f4 req-25e2f606-e453-48d5-a0d9-798d352835f4 ] Request (ServersAdminNegativeTestJSON:test_migrate_server_invalid_state): 200 GET http://10.180.1.21/compute/v2.1/servers/79d02618-f1bb-49ca-9845-5b573f7941aa 0.073s
2025-11-12 12:02:38.673 66737 INFO tempest.lib.common.rest_client [req-1859a81e-a0e5-4b73-99ed-a365d6031c46 req-1859a81e-a0e5-4b73-99ed-a365d6031c46 ] Request (SecurityGroupsTestJSON:tearDownClass): 404 DELETE http://10.180.1.21/compute/v2.1/os-security-groups/29631aa0-b2ee-4cfe-bffa-0b8573b9d754 0.021s
2025-11-12 12:02:38.734 66709 INFO tempest.lib.common.rest_client [req-846a5f97-891c-4535-aeeb-9cfce0f2d789 req-846a5f97-891c-4535-aeeb-9cfce0f2d789 ] Request (ImagesOneServerNegativeTestJSON:_run_cleanups): 200 GET http://10.180.1.21/compute/v2.1/servers/4566f96e-b5b5-4770-8c96-9a6b731ec753 0.067s
2025-11-12 12:02:38.752 66737 INFO tempest.lib.common.rest_client [req-fdb26e94-c5df-468e-9fe0-02f8081260aa req-fdb26e94-c5df-468e-9fe0-02f8081260aa ] Request (SecurityGroupsTestJSON:tearDownClass): 204 DELETE http://10.180.1.21/compute/v2.1/servers/6542ef9a-a023-4820-8891-9f7eb92d252e 0.078s
2025-11-12 12:02:38.808 66685 INFO tempest.lib.common.rest_client [req-00fcbcdf-b1d5-4e70-ada1-4b19ba72f663 req-00fcbcdf-b1d5-4e70-ada1-4b19ba72f663 ] Request (ListImageFiltersTestJSON:tearDownClass): 200 GET http://10.180.1.21/compute/v2.1/servers/2b2b3604-545a-462e-baaf-b6127b9bc9b0 0.082s
2025-11-12 12:02:38.916 66737 INFO tempest.lib.common.rest_client [req-5f26d228-8111-4b53-b5d0-7b8d79e40867 req-5f26d228-8111-4b53-b5d0-7b8d79e40867 ] Request (SecurityGroupsTestJSON:tearDownClass): 200 GET http://10.180.1.21/compute/v2.1/servers/6542ef9a-a023-4820-8891-9f7eb92d252e 0.164s
2025-11-12 12:02:38.928 66728 INFO tempest.lib.common.rest_client [req-bba30c8c-012d-4d4b-a13d-b66fafaccb7d req-bba30c8c-012d-4d4b-a13d-b66fafaccb7d ] Request (ImagesTestJSON:test_create_server_from_snapshot): 200 GET http://10.180.1.21/compute/v2.1/servers/34133f22-954f-4fb6-bfbb-467d8ad9160b 0.062s
2025-11-12 12:02:38.986 66701 INFO tempest.lib.common.rest_client [req-1c32d888-12b6-44ec-bb9e-3958cedc4c5d req-1c32d888-12b6-44ec-bb9e-3958cedc4c5d ] Request (ServersAdminTestJSON:tearDownClass): 200 GET http://10.180.1.21/compute/v2.1/servers/ef4f0b8d-9709-48ff-9801-8074a451fde4 0.060s
2025-11-12 12:02:39.126 66717 INFO tempest.lib.common.rest_client [req-a8d3907c-433d-4d72-a7f1-ab45415e2f2a req-a8d3907c-433d-4d72-a7f1-ab45415e2f2a ] Request (ServersTestMultiNic:_run_cleanups): 200 GET http://10.180.1.21/compute/v2.1/servers/de1b6bcd-fa70-49a4-8720-ce7dfad625d3 0.059s
2025-11-12 12:02:39.143 66687 INFO tempest.lib.common.rest_client [req-f5c65725-9583-430d-bae4-9f8ca22c5ffb req-f5c65725-9583-430d-bae4-9f8ca22c5ffb ] Request (ServerAddressesNegativeTestJSON:tearDownClass): 200 GET http://10.180.1.21/compute/v2.1/servers/76ad84bf-b1b9-4153-ab32-9d8404b9e50d 0.057s
2025-11-12 12:02:39.243 66722 INFO tempest.lib.common.rest_client [req-7384fef5-227c-4738-af8c-6d26c7ca4ee9 req-7384fef5-227c-4738-af8c-6d26c7ca4ee9 ] Request (ServersTestBootFromVolume:setUpClass): 200 GET http://10.180.1.21/compute/v2.1/servers/b1738b57-309d-4921-84d1-f7a47d0bcb0b 0.053s
2025-11-12 12:02:39.486 66733 INFO tempest.lib.common.rest_client [req-0a7deee3-cea4-4111-9cd8-a3303e373a0f req-0a7deee3-cea4-4111-9cd8-a3303e373a0f ] Request (ServerDiskConfigTestJSON:test_rebuild_server_with_auto_disk_config): 200 GET http://10.180.1.21/compute/v2.1/servers/37c8279c-c2bc-41b3-b956-a0b8f7e9f8a4 0.096s
2025-11-12 12:02:39.560 66719 INFO tempest.lib.common.rest_client [req-1e1ad2a2-60a0-4932-979f-e222328b95fa req-1e1ad2a2-60a0-4932-979f-e222328b95fa ] Request (MigrationsAdminTest:test_resize_server_revert_deleted_flavor): 200 GET http://10.180.1.21/compute/v2.1/servers/de6ef23f-a68a-4178-9f04-c5194b1cb1e6 0.106s
2025-11-12 12:02:39.615 66695 INFO tempest.lib.common.rest_client [req-e535aabc-4d5f-4f7e-a3f0-6ca42eb90486 req-e535aabc-4d5f-4f7e-a3f0-6ca42eb90486 ] Request (ServerRescueTestJSONUnderV235:setUpClass): 200 GET http://10.180.1.21/compute/v2.1/servers/6dfb1347-5f8f-42bc-998a-fb1791bb9899 0.116s
2025-11-12 12:02:39.675 66689 INFO tempest.lib.common.rest_client [req-0a7f087c-832e-42c7-8fc6-779f1a232773 req-0a7f087c-832e-42c7-8fc6-779f1a232773 ] Request (ListServerFiltersTestJSON:tearDownClass): 200 GET http://10.180.1.21/compute/v2.1/servers/555d447b-8662-47c9-98b5-f9f6006e4579 0.144s
2025-11-12 12:02:39.736 66723 INFO tempest.lib.common.rest_client [req-c4e462cf-aef5-4a5e-a60b-85a1f7614583 req-c4e462cf-aef5-4a5e-a60b-85a1f7614583 ] Request (MultipleCreateTestJSON:_run_cleanups): 200 GET http://10.180.1.21/compute/v2.1/servers/75dc9c4d-229a-4819-afb7-7513b6038cbc 0.183s
2025-11-12 12:02:39.815 66693 INFO tempest.lib.common.rest_client [req-9fdfc6db-d5d1-4606-a179-7f658894edb1 req-9fdfc6db-d5d1-4606-a179-7f658894edb1 ] Request (ServersTestFqdnHostnames:tearDownClass): 200 GET http://10.180.1.21/compute/v2.1/servers/1c4df4df-e2d7-4528-8f05-125c1864695a 0.211s
2025-11-12 12:02:39.883 66725 INFO tempest.lib.common.rest_client [req-6992fc2d-6401-425d-9c72-d80bc09c007d req-6992fc2d-6401-425d-9c72-d80bc09c007d ] Request (ServerRescueNegativeTestJSON:setUpClass): 200 GET http://10.180.1.21/compute/v2.1/servers/89b7e299-a1e6-46e2-b5a6-7787f3f04d8b 0.243s
2025-11-12 12:02:39.934 66683 INFO tempest.lib.common.rest_client [req-9595128a-632d-471d-be5c-0b106ff68939 req-9595128a-632d-471d-be5c-0b106ff68939 ] Request (ServersAdminNegativeTestJSON:test_migrate_server_invalid_state): 200 GET http://10.180.1.21/compute/v2.1/servers/79d02618-f1bb-49ca-9845-5b573f7941aa 0.262s
2025-11-12 12:02:39.988 66743 INFO tempest.lib.common.rest_client [req-35a6b2a6-45f2-44a9-bd21-22148573a339 req-35a6b2a6-45f2-44a9-bd21-22148573a339 ] Request (AttachVolumeTestJSON:_run_cleanups): 200 GET http://10.180.1.21/compute/v2.1/servers/499b412f-1417-4bae-9758-a472789e993e 0.526s
2025-11-12 12:02:40.003 66709 INFO tempest.lib.common.rest_client [req-b8383037-6f4c-452c-8c3e-eeab8c22db1d req-b8383037-6f4c-452c-8c3e-eeab8c22db1d ] Request (ImagesOneServerNegativeTestJSON:_run_cleanups): 200 GET http://10.180.1.21/compute/v2.1/servers/4566f96e-b5b5-4770-8c96-9a6b731ec753 0.261s
2025-11-12 12:02:40.035 66731 WARNING tempest.lib.common.ssh [-] Failed to establish authenticated ssh connection to cirros@10.180.180.254 ([Errno None] Unable to connect to port 22 on 10.180.180.254). Number attempts: 1. Retry after 2 seconds.: paramiko.ssh_exception.NoValidConnectionsError: [Errno None] Unable to connect to port 22 on 10.180.180.254
2025-11-12 12:02:40.054 66685 INFO tempest.lib.common.rest_client [req-e6a7f461-786f-4fdd-8197-281e20f49ec2 req-e6a7f461-786f-4fdd-8197-281e20f49ec2 ] Request (ListImageFiltersTestJSON:tearDownClass): 200 GET http://10.180.1.21/compute/v2.1/servers/2b2b3604-545a-462e-baaf-b6127b9bc9b0 0.238s
2025-11-12 12:02:40.109 66728 INFO tempest.lib.common.rest_client [req-fea7fbd7-ed73-4256-9e88-3d23a7352e8c req-fea7fbd7-ed73-4256-9e88-3d23a7352e8c ] Request (ImagesTestJSON:test_create_server_from_snapshot): 200 GET http://10.180.1.21/compute/v2.1/servers/34133f22-954f-4fb6-bfbb-467d8ad9160b 0.173s
2025-11-12 12:02:40.117 66737 INFO tempest.lib.common.rest_client [req-d3c31959-8f10-449f-ba04-05f2dfec09d2 req-d3c31959-8f10-449f-ba04-05f2dfec09d2 ] Request (SecurityGroupsTestJSON:tearDownClass): 200 GET http://10.180.1.21/compute/v2.1/servers/6542ef9a-a023-4820-8891-9f7eb92d252e 0.193s
2025-11-12 12:02:40.166 66701 INFO tempest.lib.common.rest_client [req-9890c461-e306-4aef-8163-ea94f661724e req-9890c461-e306-4aef-8163-ea94f661724e ] Request (ServersAdminTestJSON:tearDownClass): 200 GET http://10.180.1.21/compute/v2.1/servers/ef4f0b8d-9709-48ff-9801-8074a451fde4 0.173s
2025-11-12 12:02:40.195 66717 INFO tempest.lib.common.rest_client [req-17e93568-0d48-4b71-ad65-4bf590d9d9a1 req-17e93568-0d48-4b71-ad65-4bf590d9d9a1 ] Request (ServersTestMultiNic:_run_cleanups): 200 GET http://10.180.1.21/compute/v2.1/servers/de1b6bcd-fa70-49a4-8720-ce7dfad625d3 0.061s
2025-11-12 12:02:40.219 66687 INFO tempest.lib.common.rest_client [req-f52e143a-a881-431a-8b46-35d4835a25ac req-f52e143a-a881-431a-8b46-35d4835a25ac ] Request (ServerAddressesNegativeTestJSON:tearDownClass): 200 GET http://10.180.1.21/compute/v2.1/servers/76ad84bf-b1b9-4153-ab32-9d8404b9e50d 0.067s
2025-11-12 12:02:40.304 66722 INFO tempest.lib.common.rest_client [req-1abd595f-0fbf-456f-bbfe-13586bde0d7b req-1abd595f-0fbf-456f-bbfe-13586bde0d7b ] Request (ServersTestBootFromVolume:setUpClass): 200 GET http://10.180.1.21/compute/v2.1/servers/b1738b57-309d-4921-84d1-f7a47d0bcb0b 0.053s
2025-11-12 12:02:40.580 66740 INFO paramiko.transport [-] Connected (version 2.0, client dropbear_2020.81)
2025-11-12 12:02:40.638 66733 INFO tempest.lib.common.rest_client [req-e986dce5-09b3-494f-a5e2-f8d5888c040f req-e986dce5-09b3-494f-a5e2-f8d5888c040f ] Request (ServerDiskConfigTestJSON:test_rebuild_server_with_auto_disk_config): 200 GET http://10.180.1.21/compute/v2.1/servers/37c8279c-c2bc-41b3-b956-a0b8f7e9f8a4 0.141s
2025-11-12 12:02:40.688 66695 INFO tempest.lib.common.rest_client [req-ebe8a57c-da43-4957-acc8-a77e7b340428 req-ebe8a57c-da43-4957-acc8-a77e7b340428 ] Request (ServerRescueTestJSONUnderV235:setUpClass): 200 GET http://10.180.1.21/compute/v2.1/servers/6dfb1347-5f8f-42bc-998a-fb1791bb9899 0.066s
2025-11-12 12:02:40.689 66740 INFO paramiko.transport [-] Authentication (publickey) successful!
2025-11-12 12:02:40.689 66740 INFO tempest.lib.common.ssh [-] ssh connection to cirros@10.180.180.166 successfully created
2025-11-12 12:02:40.713 66719 INFO tempest.lib.common.rest_client [req-7f1eda62-9490-4bc5-922e-1e07a374d15d req-7f1eda62-9490-4bc5-922e-1e07a374d15d ] Request (MigrationsAdminTest:test_resize_server_revert_deleted_flavor): 200 GET http://10.180.1.21/compute/v2.1/servers/de6ef23f-a68a-4178-9f04-c5194b1cb1e6 0.145s
2025-11-12 12:02:40.744 66689 INFO tempest.lib.common.rest_client [req-7e521b54-5764-4039-94b8-820d706b2805 req-7e521b54-5764-4039-94b8-820d706b2805 ] Request (ListServerFiltersTestJSON:tearDownClass): 200 GET http://10.180.1.21/compute/v2.1/servers/555d447b-8662-47c9-98b5-f9f6006e4579 0.061s
2025-11-12 12:02:40.789 66740 INFO tempest.lib.common.rest_client [req-084b8d48-00b8-453d-980b-cae3b05edabc req-084b8d48-00b8-453d-980b-cae3b05edabc ] Request (ServersWithSpecificFlavorTestJSON:test_verify_created_server_ephemeral_disk): 204 DELETE http://10.180.1.21/compute/v2.1/servers/d82b6a0b-7743-4376-b6f1-342dc83009f9 0.093s
2025-11-12 12:02:40.813 66723 INFO tempest.lib.common.rest_client [req-f16de479-8b3d-4406-8964-0a50f233c84c req-f16de479-8b3d-4406-8964-0a50f233c84c ] Request (MultipleCreateTestJSON:_run_cleanups): 200 GET http://10.180.1.21/compute/v2.1/servers/75dc9c4d-229a-4819-afb7-7513b6038cbc 0.066s
2025-11-12 12:02:40.863 66740 INFO tempest.lib.common.rest_client [req-321bbe9d-2c53-478f-8ead-74ff8e1abab2 req-321bbe9d-2c53-478f-8ead-74ff8e1abab2 ] Request (ServersWithSpecificFlavorTestJSON:test_verify_created_server_ephemeral_disk): 201 POST http://10.180.1.21/identity/v3/auth/tokens 0.071s
2025-11-12 12:02:40.863 66740 INFO tempest.lib.common.fixed_network [-] (ServersWithSpecificFlavorTestJSON:test_verify_created_server_ephemeral_disk) Found network {'id': '802639cb-4492-4d01-9ee0-26db6b6c24f8', 'name': 'tempest-ServersWithSpecificFlavorTestJSON-1601793660-network', 'tenant_id': '813ad700c1724f709617efb4c364a3b4', 'project_id': '813ad700c1724f709617efb4c364a3b4', 'admin_state_up': True, 'mtu': 8950, 'status': 'ACTIVE', 'subnets': [], 'shared': False, 'port_security_enabled': True, 'router:external': False, 'provider:network_type': 'vlan', 'provider:physical_network': 'default', 'provider:segmentation_id': 733, 'availability_zone_hints': [], 'availability_zones': [], 'ipv4_address_scope': None, 'ipv6_address_scope': None, 'description': '', 'tags': [], 'created_at': '2025-11-12T11:58:30Z', 'updated_at': '2025-11-12T11:58:30Z', 'revision_number': 1} available for tenant
2025-11-12 12:02:40.893 66693 INFO tempest.lib.common.rest_client [req-d3f244ed-ec39-4f78-b997-675bdc4d086b req-d3f244ed-ec39-4f78-b997-675bdc4d086b ] Request (ServersTestFqdnHostnames:tearDownClass): 200 GET http://10.180.1.21/compute/v2.1/servers/1c4df4df-e2d7-4528-8f05-125c1864695a 0.068s
2025-11-12 12:02:40.928 66699 WARNING tempest.lib.common.ssh [-] Failed to establish authenticated ssh connection to cirros@10.180.180.145 ([Errno None] Unable to connect to port 22 on 10.180.180.145). Number attempts: 2. Retry after 3 seconds.: paramiko.ssh_exception.NoValidConnectionsError: [Errno None] Unable to connect to port 22 on 10.180.180.145
2025-11-12 12:02:40.957 66725 INFO tempest.lib.common.rest_client [req-262a0fc3-a02c-44de-aab3-2c9aa809ce8a req-262a0fc3-a02c-44de-aab3-2c9aa809ce8a ] Request (ServerRescueNegativeTestJSON:setUpClass): 200 GET http://10.180.1.21/compute/v2.1/servers/89b7e299-a1e6-46e2-b5a6-7787f3f04d8b 0.065s
2025-11-12 12:02:41.015 66683 INFO tempest.lib.common.rest_client [req-6ea0a95e-7b90-40e8-b2f5-a958c1e1366f req-6ea0a95e-7b90-40e8-b2f5-a958c1e1366f ] Request (ServersAdminNegativeTestJSON:test_migrate_server_invalid_state): 200 GET http://10.180.1.21/compute/v2.1/servers/79d02618-f1bb-49ca-9845-5b573f7941aa 0.071s
2025-11-12 12:02:41.109 66743 INFO tempest.lib.common.rest_client [req-3c0adb93-df38-4c4a-82c7-44425c895dac req-3c0adb93-df38-4c4a-82c7-44425c895dac ] Request (AttachVolumeTestJSON:_run_cleanups): 200 GET http://10.180.1.21/compute/v2.1/servers/499b412f-1417-4bae-9758-a472789e993e 0.111s
2025-11-12 12:02:41.193 66709 INFO tempest.lib.common.rest_client [req-67d6cead-2dc8-42aa-9655-0a9224d8bd0f req-67d6cead-2dc8-42aa-9655-0a9224d8bd0f ] Request (ImagesOneServerNegativeTestJSON:_run_cleanups): 200 GET http://10.180.1.21/compute/v2.1/servers/4566f96e-b5b5-4770-8c96-9a6b731ec753 0.181s
2025-11-12 12:02:41.252 66740 INFO tempest.lib.common.rest_client [req-91d46dae-6085-421c-b22b-9fd9d50e4196 req-91d46dae-6085-421c-b22b-9fd9d50e4196 ] Request (ServersWithSpecificFlavorTestJSON:test_verify_created_server_ephemeral_disk): 202 POST http://10.180.1.21/compute/v2.1/servers 0.388s
2025-11-12 12:02:41.271 66685 INFO tempest.lib.common.rest_client [req-18aa5f35-ee6f-4bcf-a38f-87d8d39dc96d req-18aa5f35-ee6f-4bcf-a38f-87d8d39dc96d ] Request (ListImageFiltersTestJSON:tearDownClass): 200 GET http://10.180.1.21/compute/v2.1/servers/2b2b3604-545a-462e-baaf-b6127b9bc9b0 0.207s
2025-11-12 12:02:41.311 66728 INFO tempest.lib.common.rest_client [req-74a54a9c-2af0-44a1-88b1-003fcf6325eb req-74a54a9c-2af0-44a1-88b1-003fcf6325eb ] Request (ImagesTestJSON:test_create_server_from_snapshot): 200 GET http://10.180.1.21/compute/v2.1/servers/34133f22-954f-4fb6-bfbb-467d8ad9160b 0.194s
2025-11-12 12:02:41.330 66701 INFO tempest.lib.common.rest_client [req-f17e9ce2-c176-478c-bc0a-429f2d5d2406 req-f17e9ce2-c176-478c-bc0a-429f2d5d2406 ] Request (ServersAdminTestJSON:tearDownClass): 404 GET http://10.180.1.21/compute/v2.1/servers/ef4f0b8d-9709-48ff-9801-8074a451fde4 0.157s
2025-11-12 12:02:41.334 66737 INFO tempest.lib.common.rest_client [req-98206e3f-ebca-43fe-9727-f355aa1af66d req-98206e3f-ebca-43fe-9727-f355aa1af66d ] Request (SecurityGroupsTestJSON:tearDownClass): 200 GET http://10.180.1.21/compute/v2.1/servers/6542ef9a-a023-4820-8891-9f7eb92d252e 0.208s
2025-11-12 12:02:41.395 66717 INFO tempest.lib.common.rest_client [req-fba111b3-8d7a-43b1-9ecf-abedeee08804 req-fba111b3-8d7a-43b1-9ecf-abedeee08804 ] Request (ServersTestMultiNic:_run_cleanups): 200 GET http://10.180.1.21/compute/v2.1/servers/de1b6bcd-fa70-49a4-8720-ce7dfad625d3 0.192s
2025-11-12 12:02:41.398 66687 INFO tempest.lib.common.rest_client [req-ed9fe97a-cc03-4f05-964f-68f3dceee4eb req-ed9fe97a-cc03-4f05-964f-68f3dceee4eb ] Request (ServerAddressesNegativeTestJSON:tearDownClass): 200 GET http://10.180.1.21/compute/v2.1/servers/76ad84bf-b1b9-4153-ab32-9d8404b9e50d 0.172s
2025-11-12 12:02:41.438 66740 INFO tempest.lib.common.rest_client [req-6213f402-f7ab-4a82-8788-576f12a40143 req-6213f402-f7ab-4a82-8788-576f12a40143 ] Request (ServersWithSpecificFlavorTestJSON:test_verify_created_server_ephemeral_disk): 200 GET http://10.180.1.21/compute/v2.1/servers/4c6009a4-e14d-46a8-8d1d-42ce7e1f341c 0.184s
2025-11-12 12:02:41.471 66722 INFO tempest.lib.common.rest_client [req-1b1b2700-4e4c-4994-ac68-481224b6daf5 req-1b1b2700-4e4c-4994-ac68-481224b6daf5 ] Request (ServersTestBootFromVolume:setUpClass): 200 GET http://10.180.1.21/compute/v2.1/servers/b1738b57-309d-4921-84d1-f7a47d0bcb0b 0.160s
2025-11-12 12:02:41.506 66701 INFO tempest.lib.common.rest_client [req-f910ac07-5555-413f-bf00-7e0c1c41977b req-f910ac07-5555-413f-bf00-7e0c1c41977b ] Request (ServersAdminTestJSON:tearDownClass): 204 DELETE http://10.180.1.21/compute/v2.1/servers/0d9ce033-c0de-4e55-8807-8a215bb8ba38 0.175s
2025-11-12 12:02:41.645 66701 INFO tempest.lib.common.rest_client [req-928f2a38-8479-4dd5-82ea-a361fb4000a7 req-928f2a38-8479-4dd5-82ea-a361fb4000a7 ] Request (ServersAdminTestJSON:tearDownClass): 200 GET http://10.180.1.21/compute/v2.1/servers/0d9ce033-c0de-4e55-8807-8a215bb8ba38 0.138s
2025-11-12 12:02:41.746 66695 INFO tempest.lib.common.rest_client [req-76c3cdae-c719-4c7d-a537-3bf66b0bb246 req-76c3cdae-c719-4c7d-a537-3bf66b0bb246 ] Request (ServerRescueTestJSONUnderV235:setUpClass): 200 GET http://10.180.1.21/compute/v2.1/servers/6dfb1347-5f8f-42bc-998a-fb1791bb9899 0.050s
2025-11-12 12:02:41.748 66733 INFO tempest.lib.common.rest_client [req-10c50d72-dcd9-425a-a1eb-0507eb3101db req-10c50d72-dcd9-425a-a1eb-0507eb3101db ] Request (ServerDiskConfigTestJSON:test_rebuild_server_with_auto_disk_config): 200 GET http://10.180.1.21/compute/v2.1/servers/37c8279c-c2bc-41b3-b956-a0b8f7e9f8a4 0.102s
2025-11-12 12:02:41.756 66733 INFO tempest.common.waiters [-] State transition "BUILD/spawning" ==> "ACTIVE/None" after 46 second wait
2025-11-12 12:02:41.846 66689 INFO tempest.lib.common.rest_client [req-b46d1374-449a-4b30-abb5-df9bb0d4e6f9 req-b46d1374-449a-4b30-abb5-df9bb0d4e6f9 ] Request (ListServerFiltersTestJSON:tearDownClass): 200 GET http://10.180.1.21/compute/v2.1/servers/555d447b-8662-47c9-98b5-f9f6006e4579 0.093s
2025-11-12 12:02:41.878 66719 INFO tempest.lib.common.rest_client [req-c9c1d3a9-2d1f-4447-9d92-0aa9014a193d req-c9c1d3a9-2d1f-4447-9d92-0aa9014a193d ] Request (MigrationsAdminTest:test_resize_server_revert_deleted_flavor): 200 GET http://10.180.1.21/compute/v2.1/servers/de6ef23f-a68a-4178-9f04-c5194b1cb1e6 0.157s
2025-11-12 12:02:41.953 66723 INFO tempest.lib.common.rest_client [req-e6fd74e9-246b-4827-b9e1-e2c5f4c1bb77 req-e6fd74e9-246b-4827-b9e1-e2c5f4c1bb77 ] Request (MultipleCreateTestJSON:_run_cleanups): 200 GET http://10.180.1.21/compute/v2.1/servers/75dc9c4d-229a-4819-afb7-7513b6038cbc 0.131s
2025-11-12 12:02:41.993 66733 INFO tempest.lib.common.rest_client [req-481a0754-8e54-4883-8941-751424b8ffad req-481a0754-8e54-4883-8941-751424b8ffad ] Request (ServerDiskConfigTestJSON:test_rebuild_server_with_auto_disk_config): 200 GET http://10.180.1.21/compute/v2.1/servers/37c8279c-c2bc-41b3-b956-a0b8f7e9f8a4 0.236s
2025-11-12 12:02:42.023 66693 INFO tempest.lib.common.rest_client [req-bf279d7f-dd1a-4cb5-ab73-911fa8327fff req-bf279d7f-dd1a-4cb5-ab73-911fa8327fff ] Request (ServersTestFqdnHostnames:tearDownClass): 200 GET http://10.180.1.21/compute/v2.1/servers/1c4df4df-e2d7-4528-8f05-125c1864695a 0.119s
2025-11-12 12:02:42.051 66725 INFO tempest.lib.common.rest_client [req-6f62fc56-890a-453f-bb4e-f9482747eda7 req-6f62fc56-890a-453f-bb4e-f9482747eda7 ] Request (ServerRescueNegativeTestJSON:setUpClass): 200 GET http://10.180.1.21/compute/v2.1/servers/89b7e299-a1e6-46e2-b5a6-7787f3f04d8b 0.086s
2025-11-12 12:02:42.102 66683 INFO tempest.lib.common.rest_client [req-0c7caebe-5a09-4a83-ac76-bff36d529e22 req-0c7caebe-5a09-4a83-ac76-bff36d529e22 ] Request (ServersAdminNegativeTestJSON:test_migrate_server_invalid_state): 200 GET http://10.180.1.21/compute/v2.1/servers/79d02618-f1bb-49ca-9845-5b573f7941aa 0.074s
2025-11-12 12:02:42.176 66743 INFO tempest.lib.common.rest_client [req-b1a24472-4a05-400b-aeb2-d926f88d3dd1 req-b1a24472-4a05-400b-aeb2-d926f88d3dd1 ] Request (AttachVolumeTestJSON:_run_cleanups): 200 GET http://10.180.1.21/compute/v2.1/servers/499b412f-1417-4bae-9758-a472789e993e 0.059s
2025-11-12 12:02:42.201 66733 INFO tempest.lib.common.rest_client [req-da2ad234-5077-4de0-a273-f3132a1b9de0 req-da2ad234-5077-4de0-a273-f3132a1b9de0 ] Request (ServerDiskConfigTestJSON:test_rebuild_server_with_auto_disk_config): 202 POST http://10.180.1.21/compute/v2.1/servers/37c8279c-c2bc-41b3-b956-a0b8f7e9f8a4/action 0.198s
2025-11-12 12:02:42.268 66709 INFO tempest.lib.common.rest_client [req-b38867df-9748-43c5-8202-7ff7985787f8 req-b38867df-9748-43c5-8202-7ff7985787f8 ] Request (ImagesOneServerNegativeTestJSON:_run_cleanups): 200 GET http://10.180.1.21/compute/v2.1/servers/4566f96e-b5b5-4770-8c96-9a6b731ec753 0.066s
2025-11-12 12:02:42.315 66733 INFO tempest.lib.common.rest_client [req-7d8f7537-1b5d-4e05-beea-8a63a785d4ca req-7d8f7537-1b5d-4e05-beea-8a63a785d4ca ] Request (ServerDiskConfigTestJSON:test_rebuild_server_with_auto_disk_config): 200 GET http://10.180.1.21/compute/v2.1/servers/37c8279c-c2bc-41b3-b956-a0b8f7e9f8a4 0.106s
2025-11-12 12:02:42.340 66685 INFO tempest.lib.common.rest_client [req-efb5cf7e-dd23-4264-9a11-00da2d73d6ee req-efb5cf7e-dd23-4264-9a11-00da2d73d6ee ] Request (ListImageFiltersTestJSON:tearDownClass): 200 GET http://10.180.1.21/compute/v2.1/servers/2b2b3604-545a-462e-baaf-b6127b9bc9b0 0.062s
2025-11-12 12:02:42.377 66728 INFO tempest.lib.common.rest_client [req-f864c2bf-0a04-4e99-87df-3eaff7031221 req-f864c2bf-0a04-4e99-87df-3eaff7031221 ] Request (ImagesTestJSON:test_create_server_from_snapshot): 200 GET http://10.180.1.21/compute/v2.1/servers/34133f22-954f-4fb6-bfbb-467d8ad9160b 0.057s
2025-11-12 12:02:42.407 66737 INFO tempest.lib.common.rest_client [req-366349d1-0308-4d63-b8f7-5ac15044a821 req-366349d1-0308-4d63-b8f7-5ac15044a821 ] Request (SecurityGroupsTestJSON:tearDownClass): 200 GET http://10.180.1.21/compute/v2.1/servers/6542ef9a-a023-4820-8891-9f7eb92d252e 0.065s
2025-11-12 12:02:42.415 66737 INFO tempest.common.waiters [-] State transition "ACTIVE/deleting" ==> "DELETED/None" after 4 second wait
2025-11-12 12:02:42.466 66687 INFO tempest.lib.common.rest_client [req-31745be0-3df0-4e33-b703-1afc143e7f80 req-31745be0-3df0-4e33-b703-1afc143e7f80 ] Request (ServerAddressesNegativeTestJSON:tearDownClass): 200 GET http://10.180.1.21/compute/v2.1/servers/76ad84bf-b1b9-4153-ab32-9d8404b9e50d 0.058s
2025-11-12 12:02:42.476 66717 INFO tempest.lib.common.rest_client [req-435b27af-0b90-4680-b3d5-7274d5b114e4 req-435b27af-0b90-4680-b3d5-7274d5b114e4 ] Request (ServersTestMultiNic:_run_cleanups): 200 GET http://10.180.1.21/compute/v2.1/servers/de1b6bcd-fa70-49a4-8720-ce7dfad625d3 0.072s
2025-11-12 12:02:42.528 66740 INFO tempest.lib.common.rest_client [req-816af838-eb71-4677-b9a7-cf17d5bba042 req-816af838-eb71-4677-b9a7-cf17d5bba042 ] Request (ServersWithSpecificFlavorTestJSON:test_verify_created_server_ephemeral_disk): 200 GET http://10.180.1.21/compute/v2.1/servers/4c6009a4-e14d-46a8-8d1d-42ce7e1f341c 0.081s
2025-11-12 12:02:42.539 66722 INFO tempest.lib.common.rest_client [req-4cb55595-3dd8-42cf-ba98-a5aa5a1b417b req-4cb55595-3dd8-42cf-ba98-a5aa5a1b417b ] Request (ServersTestBootFromVolume:setUpClass): 200 GET http://10.180.1.21/compute/v2.1/servers/b1738b57-309d-4921-84d1-f7a47d0bcb0b 0.060s
