2025-11-12 12:00:04.242 66699 INFO tempest.lib.common.rest_client [req-52741622-1446-4900-abc3-8d01fc2cbfff req-52741622-1446-4900-abc3-8d01fc2cbfff ] Request (ServerDiagnosticsV248Test:test_get_server_diagnostics): 202 POST http://10.180.1.21/compute/v2.1/servers 1.716s
2025-11-12 12:00:04.246 66723 INFO tempest.lib.common.rest_client [req-cd68ce82-e580-4870-ab1e-bfe86e1d609e req-cd68ce82-e580-4870-ab1e-bfe86e1d609e ] Request (AggregatesAdminNegativeTestJSON:test_aggregate_list_as_user): 403 GET http://10.180.1.21/compute/v2.1/os-aggregates 1.557s
2025-11-12 12:00:04.276 66691 INFO tempest.lib.common.rest_client [req-51c48c9d-205e-4847-a01c-0f7f121ae3c8 req-51c48c9d-205e-4847-a01c-0f7f121ae3c8 ] Request (KeyPairsV22TestJSON:_run_cleanups): 204 DELETE http://10.180.1.21/compute/v2.1/os-keypairs/tempest-keypair-208895322 1.559s
2025-11-12 12:00:04.289 66715 INFO tempest.lib.common.rest_client [req-d216053d-bb5d-4a37-a999-6b84442c50fd req-d216053d-bb5d-4a37-a999-6b84442c50fd ] Request (VolumesNegativeTest:tearDownClass): 204 DELETE http://10.180.1.21/networking/v2.0/security-groups/dfc8ba0d-9d98-4eac-9809-05646e158cc7 0.189s
2025-11-12 12:00:04.314 66711 INFO tempest.lib.common.rest_client [req-756a2549-27fa-4703-965b-e0fc63fcff11 req-756a2549-27fa-4703-965b-e0fc63fcff11 ] Request (FlavorsV2TestJSON:test_list_flavors_using_marker): 200 GET http://10.180.1.21/compute/v2.1/flavors?marker=42 1.582s
2025-11-12 12:00:04.332 66709 INFO tempest.lib.common.rest_client [req-aa85679f-9a7f-4b86-b9db-53ade4c1be69 req-aa85679f-9a7f-4b86-b9db-53ade4c1be69 ] Request (FlavorsAdminTestJSON:test_is_public_string_variations): 200 GET http://10.180.1.21/compute/v2.1/flavors/detail?is_public=f 1.576s
2025-11-12 12:00:04.432 66715 INFO tempest.lib.common.rest_client [req-82f1ed27-6591-4532-aaff-ac349a6111ef req-82f1ed27-6591-4532-aaff-ac349a6111ef ] Request (VolumesNegativeTest:tearDownClass): 204 DELETE http://10.180.1.21/identity/v3/projects/bca0b9dea19a4057be329203dc388304 0.143s
2025-11-12 12:00:04.470 66725 INFO tempest.lib.common.rest_client [req-bd5eb7bf-8131-4d45-839c-fd35fcc1a8ed req-bd5eb7bf-8131-4d45-839c-fd35fcc1a8ed ] Request (AttachInterfacesV270Test:tearDownClass): 204 DELETE http://10.180.1.21/networking/v2.0/routers/a347e2d0-01c0-47c0-828f-fd22a193f6ea 0.565s
2025-11-12 12:00:04.522 66707 INFO tempest.lib.common.rest_client [req-a8ea76c1-9654-4f12-8751-eee24b3c86d1 req-a8ea76c1-9654-4f12-8751-eee24b3c86d1 ] Request (FloatingIPsTestJSON:test_allocate_floating_ip): 200 GET http://10.180.1.21/compute/v2.1/os-floating-ips/4364313d-6625-4aa6-a2a7-c8c5f2d757a3 1.864s
2025-11-12 12:00:04.599 66689 INFO tempest.lib.common.rest_client [req-414e7187-b806-4586-af10-55122a3b8a71 req-414e7187-b806-4586-af10-55122a3b8a71 ] Request (ListServerFiltersTestJSON:test_list_servers_filter_by_exceed_limit): 200 GET http://10.180.1.21/compute/v2.1/servers 1.802s
2025-11-12 12:00:04.745 66725 INFO tempest.lib.common.rest_client [req-0ca4f90e-458b-455c-a177-d134d1ccde3a req-0ca4f90e-458b-455c-a177-d134d1ccde3a ] Request (AttachInterfacesV270Test:tearDownClass): 204 DELETE http://10.180.1.21/networking/v2.0/subnets/b79f73bf-ef20-4875-8c65-3726e732f9b1 0.274s
2025-11-12 12:00:05.086 66697 WARNING tempest.lib.common.ssh [-] Failed to establish authenticated ssh connection to cirros@10.180.180.213 ([Errno None] Unable to connect to port 22 on 10.180.180.213). Number attempts: 6. Retry after 7 seconds.: paramiko.ssh_exception.NoValidConnectionsError: [Errno None] Unable to connect to port 22 on 10.180.180.213
2025-11-12 12:00:05.102 66725 INFO tempest.lib.common.rest_client [req-36ee7ba0-5b2f-4edc-b47b-9496f061d3ce req-36ee7ba0-5b2f-4edc-b47b-9496f061d3ce ] Request (AttachInterfacesV270Test:tearDownClass): 204 DELETE http://10.180.1.21/networking/v2.0/networks/aa36cc3b-4eba-40ff-8a98-38ca07a38aca 0.356s
2025-11-12 12:00:05.240 66725 INFO tempest.lib.common.rest_client [req-525300a6-ee43-4171-98cf-1221c77d79c3 req-525300a6-ee43-4171-98cf-1221c77d79c3 ] Request (AttachInterfacesV270Test:tearDownClass): 204 DELETE http://10.180.1.21/identity/v3/users/69b636160fa842e9b0f0725d4bfd8935 0.136s
2025-11-12 12:00:05.240 66725 INFO tempest.lib.common.dynamic_creds [-] Deleting project and security group for project: cb55dc05f83b4605923364149cd1c087
2025-11-12 12:00:05.259 66728 INFO tempest.lib.common.rest_client [req-87d2b9dc-8357-416a-9fcb-24cae5ef1985 req-87d2b9dc-8357-416a-9fcb-24cae5ef1985 ] Request (ImagesTestJSON:test_create_image_from_suspended_server): 202 POST http://10.180.1.21/compute/v2.1/servers 2.495s
2025-11-12 12:00:05.262 66729 INFO tempest.lib.common.rest_client [req-68e1d21d-9949-4f29-9136-be143c431594 req-68e1d21d-9949-4f29-9136-be143c431594 ] Request (ServerMetadataNegativeTestJSON:test_create_server_metadata_blank_key): 400 POST http://10.180.1.21/compute/v2.1/servers 1.735s
2025-11-12 12:00:05.268 66725 INFO tempest.lib.common.rest_client [req-ba34c0dd-55bb-4d3f-8a88-6e56c9015bde req-ba34c0dd-55bb-4d3f-8a88-6e56c9015bde ] Request (AttachInterfacesV270Test:tearDownClass): 200 GET http://10.180.1.21/networking/v2.0/security-groups?tenant_id=cb55dc05f83b4605923364149cd1c087&name=default 0.027s
2025-11-12 12:00:05.372 66693 INFO tempest.lib.common.rest_client [req-b2e56d40-3658-40d3-bed8-47d95c314104 req-b2e56d40-3658-40d3-bed8-47d95c314104 ] Request (ServersTestFqdnHostnames:test_create_server_with_fqdn_name): 200 GET http://10.180.1.21/compute/v2.1/servers/1c4df4df-e2d7-4528-8f05-125c1864695a 1.782s
2025-11-12 12:00:05.397 66725 INFO tempest.lib.common.rest_client [req-1be9f8f6-a448-4f8e-a2df-a221cad539ad req-1be9f8f6-a448-4f8e-a2df-a221cad539ad ] Request (AttachInterfacesV270Test:tearDownClass): 204 DELETE http://10.180.1.21/networking/v2.0/security-groups/56161d3b-8114-4597-b8da-f4a2a9ad0634 0.129s
2025-11-12 12:00:05.421 66685 INFO tempest.lib.common.rest_client [req-caa31dcf-665c-46c9-88f3-1d2415fd3a8b req-caa31dcf-665c-46c9-88f3-1d2415fd3a8b ] Request (ListImageFiltersTestJSON:setUpClass): 204 PUT http://10.180.1.21/image/v2/images/e1a8563d-e7f3-42e7-ab4d-02d2ca30f242/file 0.877s
2025-11-12 12:00:05.520 66695 INFO tempest.lib.common.rest_client [req-8308c9f1-145a-4050-91e4-d3c20675d989 req-8308c9f1-145a-4050-91e4-d3c20675d989 ] Request (SecurityGroupRulesTestJSON:tearDownClass): 202 DELETE http://10.180.1.21/compute/v2.1/os-security-groups/31314e77-d20e-44c9-8ed5-32d3eecea964 1.849s
2025-11-12 12:00:05.535 66725 INFO tempest.lib.common.rest_client [req-1bc688d5-6112-4bb6-92f3-8256c928f862 req-1bc688d5-6112-4bb6-92f3-8256c928f862 ] Request (AttachInterfacesV270Test:tearDownClass): 204 DELETE http://10.180.1.21/identity/v3/projects/cb55dc05f83b4605923364149cd1c087 0.137s
2025-11-12 12:00:05.684 66725 INFO tempest.lib.common.rest_client [req-d898eb87-99c7-4f3c-8b0c-1ae295d332e3 req-d898eb87-99c7-4f3c-8b0c-1ae295d332e3 ] Request (ServerActionsV293TestJSON:setUpClass): 201 POST http://10.180.1.21/identity/v3/auth/tokens 0.146s
2025-11-12 12:00:05.735 66725 INFO tempest.lib.common.rest_client [req-a6c523e7-0c02-45b5-a506-3568ea90a8bb req-a6c523e7-0c02-45b5-a506-3568ea90a8bb ] Request (ServerActionsV293TestJSON:setUpClass): 201 POST http://10.180.1.21/identity/v3/auth/tokens 0.047s
2025-11-12 12:00:05.788 66725 INFO tempest.lib.common.rest_client [req-8337c418-8353-4af0-be2b-c3ab048c8dd8 req-8337c418-8353-4af0-be2b-c3ab048c8dd8 ] Request (ServerActionsV293TestJSON:setUpClass): 200 GET http://10.180.1.21/identity/v3/domains?name=Default 0.052s
2025-11-12 12:00:05.853 66725 INFO tempest.lib.common.rest_client [req-64085623-3c61-46bc-8084-84c7c8c1bcde req-64085623-3c61-46bc-8084-84c7c8c1bcde ] Request (ServerActionsV293TestJSON:setUpClass): 201 POST http://10.180.1.21/identity/v3/projects 0.062s
2025-11-12 12:00:05.936 66731 INFO tempest.lib.common.rest_client [req-c5faea4c-a383-43ff-a4af-958921a81659 req-c5faea4c-a383-43ff-a4af-958921a81659 ] Request (ServerTagsTestJSON:setUpClass): 200 GET http://10.180.1.21/compute/v2.1/servers/38cdc020-8fc3-4307-928d-e0871bcd152a 2.111s
2025-11-12 12:00:05.960 66725 INFO tempest.lib.common.rest_client [req-6f24b549-ed6a-491c-9cfb-3804a75bfd35 req-6f24b549-ed6a-491c-9cfb-3804a75bfd35 ] Request (ServerActionsV293TestJSON:setUpClass): 201 POST http://10.180.1.21/identity/v3/users 0.107s
2025-11-12 12:00:05.998 66725 INFO tempest.lib.common.rest_client [req-9069833c-dcc8-4ebf-94c0-2681bcb0022e req-9069833c-dcc8-4ebf-94c0-2681bcb0022e ] Request (ServerActionsV293TestJSON:setUpClass): 200 GET http://10.180.1.21/identity/v3/roles 0.037s
2025-11-12 12:00:06.031 66725 INFO tempest.lib.common.rest_client [req-5ba0fe82-388f-44fe-a1ca-f7adfd88f8b8 req-5ba0fe82-388f-44fe-a1ca-f7adfd88f8b8 ] Request (ServerActionsV293TestJSON:setUpClass): 204 PUT http://10.180.1.21/identity/v3/projects/2349a57c438c4a14956d7b09e50f15cf/users/29e2247bcb3e4909bcd2c35435ceed7c/roles/f18f7fe1d64747e4a69466f10dc1c642 0.032s
2025-11-12 12:00:06.031 66725 INFO tempest.lib.common.dynamic_creds [-] Dynamic test user 29e2247bcb3e4909bcd2c35435ceed7c is created with scope project and roles: ['member']
2025-11-12 12:00:06.031 66725 INFO tempest.lib.common.dynamic_creds [-] Acquired dynamic creds: credentials: Credentials: {'domain_id': 'default', 'domain_name': 'Default', 'username': 'tempest-ServerActionsV293TestJSON-2142844074-project-member', 'project_domain_id': 'default', 'project_domain_name': 'Default', 'project_id': '2349a57c438c4a14956d7b09e50f15cf', 'project_name': 'tempest-ServerActionsV293TestJSON-2142844074', 'tenant_id': '2349a57c438c4a14956d7b09e50f15cf', 'tenant_name': 'tempest-ServerActionsV293TestJSON-2142844074', 'user_domain_id': 'default', 'user_domain_name': 'Default', 'user_id': '29e2247bcb3e4909bcd2c35435ceed7c', 'system': None}, Network: None, Subnet: None, Router: None
2025-11-12 12:00:06.106 66725 INFO tempest.lib.common.rest_client [req-9597ef15-660d-48e1-961d-8f146652db52 req-9597ef15-660d-48e1-961d-8f146652db52 ] Request (ServerActionsV293TestJSON:setUpClass): 201 POST http://10.180.1.21/identity/v3/auth/tokens 0.075s
2025-11-12 12:00:06.112 66740 WARNING tempest.lib.common.ssh [-] Failed to establish authenticated ssh connection to cirros@10.180.180.166 ([Errno None] Unable to connect to port 22 on 10.180.180.166). Number attempts: 2. Retry after 3 seconds.: paramiko.ssh_exception.NoValidConnectionsError: [Errno None] Unable to connect to port 22 on 10.180.180.166
2025-11-12 12:00:06.938 66695 INFO tempest.lib.common.rest_client [req-90875039-0b06-4974-bcea-4f422ddca8a7 req-90875039-0b06-4974-bcea-4f422ddca8a7 ] Request (SecurityGroupRulesTestJSON:tearDownClass): 200 PUT http://10.180.1.21/networking/v2.0/routers/e32de677-a546-4211-ab75-21b2b5c90410/remove_router_interface 1.417s
2025-11-12 12:00:06.964 66735 INFO tempest.lib.common.rest_client [req-f5705cd7-0f0f-443a-8fd2-a23b06b373f7 req-f5705cd7-0f0f-443a-8fd2-a23b06b373f7 ] Request (FloatingIPsAssociationNegativeTestJSON:tearDownClass): 200 GET http://10.180.1.21/compute/v2.1/servers/362e344c-395e-4b66-bdae-7ffcfb1f5ad7 3.097s
2025-11-12 12:00:07.277 66725 INFO tempest.lib.common.rest_client [req-7f389d5b-07f0-4b40-a9d8-8a2c17421a5c req-7f389d5b-07f0-4b40-a9d8-8a2c17421a5c ] Request (ServerActionsV293TestJSON:setUpClass): 201 POST http://10.180.1.21/networking/v2.0/networks 1.170s
2025-11-12 12:00:07.681 66717 INFO tempest.lib.common.rest_client [req-6e6769c5-e8b2-40de-9f81-da7a6f08b558 req-6e6769c5-e8b2-40de-9f81-da7a6f08b558 ] Request (ServersTestMultiNic:test_verify_duplicate_network_nics): 200 GET http://10.180.1.21/compute/v2.1/servers/28a10e69-5b1b-461d-895d-a35c06196af0 3.805s
2025-11-12 12:00:07.744 66695 INFO tempest.lib.common.rest_client [req-a2c27a45-5c3e-44e3-b5a2-d7854d0313f6 req-a2c27a45-5c3e-44e3-b5a2-d7854d0313f6 ] Request (SecurityGroupRulesTestJSON:tearDownClass): 204 DELETE http://10.180.1.21/networking/v2.0/routers/e32de677-a546-4211-ab75-21b2b5c90410 0.806s
2025-11-12 12:00:07.744 66701 INFO tempest.lib.common.rest_client [req-d8368f17-0742-4709-a5ad-674f5b317ae5 req-d8368f17-0742-4709-a5ad-674f5b317ae5 ] Request (ServersAdminTestJSON:test_create_server_with_scheduling_hint): 202 POST http://10.180.1.21/compute/v2.1/servers 4.332s
2025-11-12 12:00:07.813 66683 INFO tempest.lib.common.rest_client [req-838476d3-d7c4-4e88-903e-77182a0a5334 req-838476d3-d7c4-4e88-903e-77182a0a5334 ] Request (DeleteServersAdminTestJSON:test_delete_server_while_in_error_state): 200 GET http://10.180.1.21/compute/v2.1/servers/1d5c4989-925a-4040-8e0e-5e54ccf295d1 3.888s
2025-11-12 12:00:07.927 66725 INFO tempest.lib.common.rest_client [req-86186528-d9cf-48de-a08b-0fa034df4784 req-86186528-d9cf-48de-a08b-0fa034df4784 ] Request (ServerActionsV293TestJSON:setUpClass): 201 POST http://10.180.1.21/networking/v2.0/subnets 0.649s
2025-11-12 12:00:07.960 66741 INFO tempest.lib.common.rest_client [req-bb70d7af-9b56-4ec6-abf7-1ff3d5d39f89 req-bb70d7af-9b56-4ec6-abf7-1ff3d5d39f89 ] Request (ServersListShow2100Test:test_list_show_rebuild_update_server_2100): 200 GET http://10.180.1.21/compute/v2.1/servers/4c60f075-59a6-4df3-afa0-1a228943c233 4.003s
2025-11-12 12:00:07.971 66695 INFO tempest.lib.common.rest_client [req-3ceccbd7-98f1-4089-85a7-b0fbaa25e04f req-3ceccbd7-98f1-4089-85a7-b0fbaa25e04f ] Request (SecurityGroupRulesTestJSON:tearDownClass): 204 DELETE http://10.180.1.21/networking/v2.0/subnets/7f2cfbc7-1227-42d8-8350-9aec75d36e17 0.226s
2025-11-12 12:00:07.973 66741 INFO tempest.common.waiters [-] State transition "REBUILD/rebuild_spawning" ==> "ACTIVE/None" after 8 second wait
2025-11-12 12:00:08.272 66743 WARNING tempest.lib.common.ssh [-] Failed to establish authenticated ssh connection to cirros@10.180.180.233 ([Errno None] Unable to connect to port 22 on 10.180.180.233). Number attempts: 6. Retry after 7 seconds.: paramiko.ssh_exception.NoValidConnectionsError: [Errno None] Unable to connect to port 22 on 10.180.180.233
2025-11-12 12:00:08.299 66695 INFO tempest.lib.common.rest_client [req-7de8bf22-ca08-4703-bdfe-113eec6da944 req-7de8bf22-ca08-4703-bdfe-113eec6da944 ] Request (SecurityGroupRulesTestJSON:tearDownClass): 204 DELETE http://10.180.1.21/networking/v2.0/networks/bf886a0f-76c2-465c-a527-c99a5dbc35f3 0.328s
2025-11-12 12:00:08.331 66699 INFO tempest.lib.common.rest_client [req-966e0c66-a25f-455b-a1a8-2a8deb561cd7 req-966e0c66-a25f-455b-a1a8-2a8deb561cd7 ] Request (ServerDiagnosticsV248Test:test_get_server_diagnostics): 200 GET http://10.180.1.21/compute/v2.1/servers/3f813cab-edab-44cf-afa9-7d40f3e3b9ba 4.086s
2025-11-12 12:00:08.357 66723 INFO tempest.lib.common.rest_client [req-af694def-82b9-4ae7-aaf9-94f3d175180b req-af694def-82b9-4ae7-aaf9-94f3d175180b ] Request (AggregatesAdminNegativeTestJSON:test_aggregate_remove_host_as_user): 200 POST http://10.180.1.21/compute/v2.1/os-aggregates 4.108s
2025-11-12 12:00:08.370 66687 INFO tempest.lib.common.rest_client [req-9e05b14c-9c9f-4803-bcda-1770a640b549 req-9e05b14c-9c9f-4803-bcda-1770a640b549 ] Request (ServerDiagnosticsTest:test_get_server_diagnostics): 200 GET http://10.180.1.21/compute/v2.1/servers/b0099c3a-6e31-4889-ba5b-03b376754a74 4.264s
2025-11-12 12:00:08.403 66711 INFO tempest.lib.common.rest_client [req-b063c3e2-b072-4d6d-b536-a8b8f0288010 req-b063c3e2-b072-4d6d-b536-a8b8f0288010 ] Request (FlavorsV2TestJSON:test_list_flavors_with_detail): 200 GET http://10.180.1.21/compute/v2.1/flavors/detail 4.083s
2025-11-12 12:00:08.404 66691 INFO tempest.lib.common.rest_client [req-aa97e1ec-d638-4e7a-9e37-c235083879e2 req-aa97e1ec-d638-4e7a-9e37-c235083879e2 ] Request (KeyPairsV22TestJSON:test_keypair_create_with_pub_key): 201 POST http://10.180.1.21/compute/v2.1/os-keypairs 4.127s
2025-11-12 12:00:08.427 66709 INFO tempest.lib.common.rest_client [req-97ea4dfe-1c58-41f1-9791-0793cedbd7b1 req-97ea4dfe-1c58-41f1-9791-0793cedbd7b1 ] Request (FlavorsAdminTestJSON:test_is_public_string_variations): 200 GET http://10.180.1.21/compute/v2.1/flavors/detail?is_public=false 4.092s
2025-11-12 12:00:08.446 66695 INFO tempest.lib.common.rest_client [req-e45035ed-f395-43b3-ba7b-0b3700312781 req-e45035ed-f395-43b3-ba7b-0b3700312781 ] Request (SecurityGroupRulesTestJSON:tearDownClass): 204 DELETE http://10.180.1.21/identity/v3/users/5e0b8a523f2f4947b386162d74ca7563 0.145s
2025-11-12 12:00:08.446 66695 INFO tempest.lib.common.dynamic_creds [-] Deleting project and security group for project: e7b798715d924fecbc8391240df2a452
2025-11-12 12:00:08.591 66695 INFO tempest.lib.common.rest_client [req-285ae9aa-d1f3-4e1a-8e63-80dfc8fe3afa req-285ae9aa-d1f3-4e1a-8e63-80dfc8fe3afa ] Request (SecurityGroupRulesTestJSON:tearDownClass): 200 GET http://10.180.1.21/networking/v2.0/security-groups?tenant_id=e7b798715d924fecbc8391240df2a452&name=default 0.145s
2025-11-12 12:00:08.734 66707 INFO tempest.lib.common.rest_client [req-3a575c52-75d8-45f0-a333-af6afa425018 req-3a575c52-75d8-45f0-a333-af6afa425018 ] Request (FloatingIPsTestJSON:test_allocate_floating_ip): 200 GET http://10.180.1.21/compute/v2.1/os-floating-ips 4.209s
2025-11-12 12:00:08.842 66689 INFO tempest.lib.common.rest_client [req-80619cef-905d-424e-bb68-567daeacbcc5 req-80619cef-905d-424e-bb68-567daeacbcc5 ] Request (ListServerFiltersTestJSON:test_list_servers_filter_by_flavor): 200 GET http://10.180.1.21/compute/v2.1/servers?flavor=84 4.239s
2025-11-12 12:00:08.842 66725 INFO tempest.lib.common.rest_client [req-e00fd622-371e-43b1-b343-e0813b6ee3c5 req-e00fd622-371e-43b1-b343-e0813b6ee3c5 ] Request (ServerActionsV293TestJSON:setUpClass): 201 POST http://10.180.1.21/networking/v2.0/routers 0.915s
2025-11-12 12:00:08.853 66695 INFO tempest.lib.common.rest_client [req-67445a10-c626-4ac7-8aab-c4637fb74a09 req-67445a10-c626-4ac7-8aab-c4637fb74a09 ] Request (SecurityGroupRulesTestJSON:tearDownClass): 204 DELETE http://10.180.1.21/networking/v2.0/security-groups/6dec685b-adf7-4897-82fc-212eeef6d595 0.261s
2025-11-12 12:00:08.872 66703 INFO tempest.lib.common.rest_client [req-db70e75f-ca4e-41f9-8aba-dbcb672a41ef req-db70e75f-ca4e-41f9-8aba-dbcb672a41ef ] Request (ServersAdmin275Test:tearDownClass): 404 GET http://10.180.1.21/compute/v2.1/servers/a1fcbce6-262b-4716-9282-bb0ca5a22a00 4.053s
2025-11-12 12:00:08.900 66719 INFO tempest.lib.common.rest_client [req-be3f38f6-77ed-4824-9daa-b8e8b0da340e req-be3f38f6-77ed-4824-9daa-b8e8b0da340e ] Request (MigrationsAdminTest:test_list_migrations_in_flavor_resize_situation): 200 GET http://10.180.1.21/compute/v2.1/servers/97f2a00d-a38a-4c47-9845-1be4e3f80bf6 4.321s
2025-11-12 12:00:08.907 66719 INFO tempest.common.waiters [-] State transition "RESIZE/resize_migrating" ==> "RESIZE/resize_migrated" after 37 second wait
2025-11-12 12:00:08.921 66722 INFO tempest.lib.common.rest_client [req-25998ba6-f464-4eeb-bf06-72b73a932923 req-25998ba6-f464-4eeb-bf06-72b73a932923 ] Request (ImagesOneServerTestJSON:test_create_delete_image): 200 GET http://10.180.1.21/compute/v2.1/images/d9d38fc8-aaac-47f7-a776-30f9e353ddbf 4.059s
2025-11-12 12:00:09.000 66695 INFO tempest.lib.common.rest_client [req-3f653840-0721-48c9-bf38-0e2d983144ac req-3f653840-0721-48c9-bf38-0e2d983144ac ] Request (SecurityGroupRulesTestJSON:tearDownClass): 204 DELETE http://10.180.1.21/identity/v3/projects/e7b798715d924fecbc8391240df2a452 0.146s
2025-11-12 12:00:09.008 66703 INFO tempest.lib.common.rest_client [req-56fddaca-d544-43d7-9563-78a89d77f85f req-56fddaca-d544-43d7-9563-78a89d77f85f ] Request (ServersAdmin275Test:tearDownClass): 204 DELETE http://10.180.1.21/identity/v3/users/88531d85ca4a42c698ba8daecc182c12 0.135s
2025-11-12 12:00:09.070 66695 INFO tempest.lib.common.rest_client [req-9aea3a7b-3c9c-421f-9cb8-052e0d469961 req-9aea3a7b-3c9c-421f-9cb8-052e0d469961 ] Request (ServerMetadataTestJSON:setUpClass): 201 POST http://10.180.1.21/identity/v3/auth/tokens 0.069s
2025-11-12 12:00:09.109 66695 INFO tempest.lib.common.rest_client [req-724996b6-019c-422f-bb97-8b6e2dba24e0 req-724996b6-019c-422f-bb97-8b6e2dba24e0 ] Request (ServerMetadataTestJSON:setUpClass): 201 POST http://10.180.1.21/identity/v3/auth/tokens 0.035s
2025-11-12 12:00:09.137 66703 INFO tempest.lib.common.rest_client [req-c8d09ce9-2c3f-46d6-9ed0-99dfbcb0d8d4 req-c8d09ce9-2c3f-46d6-9ed0-99dfbcb0d8d4 ] Request (ServersAdmin275Test:tearDownClass): 204 DELETE http://10.180.1.21/identity/v3/users/13f286b7358d4300af51068bad370afc 0.128s
2025-11-12 12:00:09.137 66703 INFO tempest.lib.common.dynamic_creds [-] Deleting project and security group for project: 9d3b2437b4e346339de79e7d68c1356c
2025-11-12 12:00:09.157 66713 INFO tempest.lib.common.rest_client [req-33fe5dd5-fc2c-4990-b02e-c900ce448fef req-33fe5dd5-fc2c-4990-b02e-c900ce448fef ] Request (ServerShowV257Test:test_rebuild_server): 200 GET http://10.180.1.21/compute/v2.1/servers/b30f3cdd-e757-4290-8ef1-88b605aa7d38 4.157s
2025-11-12 12:00:09.196 66695 INFO tempest.lib.common.rest_client [req-9eeac02d-3edc-472c-a421-8e78ca99a4f5 req-9eeac02d-3edc-472c-a421-8e78ca99a4f5 ] Request (ServerMetadataTestJSON:setUpClass): 200 GET http://10.180.1.21/identity/v3/domains?name=Default 0.087s
2025-11-12 12:00:09.212 66703 INFO tempest.lib.common.rest_client [req-07e4ae69-61d3-4684-b7cb-b947b8f96b78 req-07e4ae69-61d3-4684-b7cb-b947b8f96b78 ] Request (ServersAdmin275Test:tearDownClass): 201 POST http://10.180.1.21/identity/v3/auth/tokens 0.075s
2025-11-12 12:00:09.233 66695 INFO tempest.lib.common.rest_client [req-7068d771-de59-4e0a-a297-3cc7c3f7f853 req-7068d771-de59-4e0a-a297-3cc7c3f7f853 ] Request (ServerMetadataTestJSON:setUpClass): 201 POST http://10.180.1.21/identity/v3/projects 0.036s
2025-11-12 12:00:09.280 66737 INFO tempest.lib.common.rest_client [req-3890e6bd-1374-497a-84c9-3e59b01739a0 req-3890e6bd-1374-497a-84c9-3e59b01739a0 ] Request (SecurityGroupsTestJSON:test_list_security_groups_by_server): 200 GET http://10.180.1.21/compute/v2.1/servers/6542ef9a-a023-4820-8891-9f7eb92d252e 4.310s
2025-11-12 12:00:09.298 66695 INFO tempest.lib.common.rest_client [req-e5c037d3-1f27-4489-ac01-239125c28aaa req-e5c037d3-1f27-4489-ac01-239125c28aaa ] Request (ServerMetadataTestJSON:setUpClass): 201 POST http://10.180.1.21/identity/v3/users 0.065s
2025-11-12 12:00:09.325 66695 INFO tempest.lib.common.rest_client [req-67db4d75-f652-4ea8-b98b-f85505f5608d req-67db4d75-f652-4ea8-b98b-f85505f5608d ] Request (ServerMetadataTestJSON:setUpClass): 200 GET http://10.180.1.21/identity/v3/roles 0.026s
2025-11-12 12:00:09.375 66695 INFO tempest.lib.common.rest_client [req-31cc55c3-3365-41cc-92b5-36f0919185ee req-31cc55c3-3365-41cc-92b5-36f0919185ee ] Request (ServerMetadataTestJSON:setUpClass): 204 PUT http://10.180.1.21/identity/v3/projects/48954fee27c44a539479af246396624b/users/15e4f82e8e3f473ea36d89cbf8f014c8/roles/f18f7fe1d64747e4a69466f10dc1c642 0.048s
2025-11-12 12:00:09.375 66695 INFO tempest.lib.common.dynamic_creds [-] Dynamic test user 15e4f82e8e3f473ea36d89cbf8f014c8 is created with scope project and roles: ['member']
2025-11-12 12:00:09.375 66695 INFO tempest.lib.common.dynamic_creds [-] Acquired dynamic creds: credentials: Credentials: {'domain_id': 'default', 'domain_name': 'Default', 'username': 'tempest-ServerMetadataTestJSON-1579439933-project-member', 'project_domain_id': 'default', 'project_domain_name': 'Default', 'project_id': '48954fee27c44a539479af246396624b', 'project_name': 'tempest-ServerMetadataTestJSON-1579439933', 'tenant_id': '48954fee27c44a539479af246396624b', 'tenant_name': 'tempest-ServerMetadataTestJSON-1579439933', 'user_domain_id': 'default', 'user_domain_name': 'Default', 'user_id': '15e4f82e8e3f473ea36d89cbf8f014c8', 'system': None}, Network: None, Subnet: None, Router: None
2025-11-12 12:00:09.454 66695 INFO tempest.lib.common.rest_client [req-d8ca9849-a8e7-4158-8e18-f9d2c1327e42 req-d8ca9849-a8e7-4158-8e18-f9d2c1327e42 ] Request (ServerMetadataTestJSON:setUpClass): 201 POST http://10.180.1.21/identity/v3/auth/tokens 0.078s
2025-11-12 12:00:09.499 66703 INFO tempest.lib.common.rest_client [req-f035cd20-c453-4d4b-9c69-05bf0966b934 req-f035cd20-c453-4d4b-9c69-05bf0966b934 ] Request (ServersAdmin275Test:tearDownClass): 200 GET http://10.180.1.21/networking/v2.0/security-groups?tenant_id=9d3b2437b4e346339de79e7d68c1356c&name=default 0.286s
2025-11-12 12:00:09.739 66728 INFO tempest.lib.common.rest_client [req-391713a3-a5f8-4a54-9468-f81209358da7 req-391713a3-a5f8-4a54-9468-f81209358da7 ] Request (ImagesTestJSON:test_create_image_from_suspended_server): 200 GET http://10.180.1.21/compute/v2.1/servers/02579d77-b73e-4b45-982d-3c18f79fe1a4 4.478s
2025-11-12 12:00:09.748 66729 INFO tempest.lib.common.rest_client [req-c6bfb211-4c04-41c9-adb2-e626794caf31 req-c6bfb211-4c04-41c9-adb2-e626794caf31 ] Request (ServerMetadataNegativeTestJSON:test_delete_metadata_non_existent_server): 404 DELETE http://10.180.1.21/compute/v2.1/servers/47ac520e-ce10-48b8-b41f-6e3f6e1bf966/metadata/d 4.484s
2025-11-12 12:00:09.789 66685 INFO tempest.lib.common.rest_client [req-6f5753f4-c9a0-4384-817b-72321dcee6a5 req-6f5753f4-c9a0-4384-817b-72321dcee6a5 ] Request (ListImageFiltersTestJSON:setUpClass): 200 GET http://10.180.1.21/compute/v2.1/images/e1a8563d-e7f3-42e7-ab4d-02d2ca30f242 4.367s
2025-11-12 12:00:09.940 66725 INFO tempest.lib.common.rest_client [req-781b9580-3812-453d-af94-3df47adbabb9 req-781b9580-3812-453d-af94-3df47adbabb9 ] Request (ServerActionsV293TestJSON:setUpClass): 200 PUT http://10.180.1.21/networking/v2.0/routers/e9bdef5d-ef62-4045-a2c5-fe9f43de2789/add_router_interface 1.097s
2025-11-12 12:00:09.941 66725 INFO tempest.lib.common.dynamic_creds [-] Created isolated network resources for: credentials: Credentials: {'domain_id': 'default', 'domain_name': 'Default', 'username': 'tempest-ServerActionsV293TestJSON-2142844074-project-member', 'project_domain_id': 'default', 'project_domain_name': 'Default', 'project_id': '2349a57c438c4a14956d7b09e50f15cf', 'project_name': 'tempest-ServerActionsV293TestJSON-2142844074', 'tenant_id': '2349a57c438c4a14956d7b09e50f15cf', 'tenant_name': 'tempest-ServerActionsV293TestJSON-2142844074', 'user_domain_id': 'default', 'user_domain_name': 'Default', 'user_id': '29e2247bcb3e4909bcd2c35435ceed7c', 'system': None}, Network: {'id': '14f7ecbb-ecf5-4f10-ae71-034b02d77404', 'name': 'tempest-ServerActionsV293TestJSON-953652010-network', 'tenant_id': '2349a57c438c4a14956d7b09e50f15cf', 'project_id': '2349a57c438c4a14956d7b09e50f15cf', 'admin_state_up': True, 'mtu': 8950, 'status': 'ACTIVE', 'subnets': [], 'shared': False, 'port_security_enabled': True, 'router:external': False, 'provider:network_type': 'vlan', 'provider:physical_network': 'default', 'provider:segmentation_id': 858, 'availability_zone_hints': [], 'availability_zones': [], 'ipv4_address_scope': None, 'ipv6_address_scope': None, 'description': '', 'tags': [], 'created_at': '2025-11-12T12:00:07Z', 'updated_at': '2025-11-12T12:00:07Z', 'revision_number': 1}, Subnet: {'id': '5e0af504-7d64-4087-83be-ac87fd0554ed', 'name': 'tempest-ServerActionsV293TestJSON-953652010-subnet', 'tenant_id': '2349a57c438c4a14956d7b09e50f15cf', 'network_id': '14f7ecbb-ecf5-4f10-ae71-034b02d77404', 'ip_version': 4, 'subnetpool_id': None, 'enable_dhcp': True, 'ipv6_ra_mode': None, 'ipv6_address_mode': None, 'gateway_ip': '192.168.128.1', 'cidr': '192.168.128.0/28', 'allocation_pools': [{'start': '192.168.128.2', 'end': '192.168.128.14'}], 'host_routes': [], 'dns_nameservers': [], 'description': '', 'router:external': False, 'service_types': [], 'tags': [], 'created_at': '2025-11-12T12:00:07Z', 'updated_at': '2025-11-12T12:00:07Z', 'revision_number': 0, 'project_id': '2349a57c438c4a14956d7b09e50f15cf'}, Router: {'id': 'e9bdef5d-ef62-4045-a2c5-fe9f43de2789', 'name': 'tempest-ServerActionsV293TestJSON-953652010-router', 'tenant_id': '2349a57c438c4a14956d7b09e50f15cf', 'admin_state_up': True, 'status': 'ACTIVE', 'external_gateway_info': {'network_id': 'f6d99b50-3122-410d-bc72-29e5d3f47491', 'external_fixed_ips': [{'subnet_id': 'b229021c-462a-4517-9d1d-b59b0eef3ce5', 'ip_address': '10.180.180.205'}], 'enable_snat': True}, 'description': '', 'availability_zones': [], 'distributed': False, 'ha': False, 'availability_zone_hints': [], 'routes': [], 'flavor_id': None, 'tags': [], 'created_at': '2025-11-12T12:00:07Z', 'updated_at': '2025-11-12T12:00:08Z', 'revision_number': 2, 'project_id': '2349a57c438c4a14956d7b09e50f15cf'}
2025-11-12 12:00:10.065 66695 INFO tempest.lib.common.rest_client [req-aaddc596-4a51-4cdc-9596-92400199a75e req-aaddc596-4a51-4cdc-9596-92400199a75e ] Request (ServerMetadataTestJSON:setUpClass): 201 POST http://10.180.1.21/networking/v2.0/networks 0.611s
2025-11-12 12:00:10.066 66725 INFO tempest.lib.common.rest_client [req-fa24be34-2376-4ede-a30a-ce31f98fa3a5 req-fa24be34-2376-4ede-a30a-ce31f98fa3a5 ] Request (ServerActionsV293TestJSON:setUpClass): 201 POST http://10.180.1.21/identity/v3/auth/tokens 0.122s
2025-11-12 12:00:10.077 66703 INFO tempest.lib.common.rest_client [req-bb2572ab-f78a-430b-935f-07c2aedcba78 req-bb2572ab-f78a-430b-935f-07c2aedcba78 ] Request (ServersAdmin275Test:tearDownClass): 204 DELETE http://10.180.1.21/networking/v2.0/security-groups/5c264dc2-b900-4836-9984-2d3ee435b297 0.574s
2025-11-12 12:00:10.113 66733 INFO tempest.lib.common.rest_client [req-57fbde63-848a-4547-96d7-ab86e2c6c94a req-57fbde63-848a-4547-96d7-ab86e2c6c94a ] Request (FloatingIPsAssociationTestJSON:test_associate_already_associated_floating_ip): 200 GET http://10.180.1.21/compute/v2.1/servers/c9dcd011-1f71-4c42-9407-eb997f989f43 4.914s
2025-11-12 12:00:10.126 66733 INFO tempest.common.waiters [-] State transition "BUILD/None" ==> "BUILD/spawning" after 37 second wait
2025-11-12 12:00:10.130 66693 INFO tempest.lib.common.rest_client [req-59f51817-6454-4135-8d80-67f60d58a800 req-59f51817-6454-4135-8d80-67f60d58a800 ] Request (ServersTestFqdnHostnames:test_create_server_with_fqdn_name): 200 GET http://10.180.1.21/compute/v2.1/servers/1c4df4df-e2d7-4528-8f05-125c1864695a 3.743s
2025-11-12 12:00:10.215 66703 INFO tempest.lib.common.rest_client [req-771fdff1-e944-4027-93aa-27589382efe0 req-771fdff1-e944-4027-93aa-27589382efe0 ] Request (ServersAdmin275Test:tearDownClass): 204 DELETE http://10.180.1.21/identity/v3/projects/9d3b2437b4e346339de79e7d68c1356c 0.137s
2025-11-12 12:00:10.216 66703 INFO tempest.lib.common.dynamic_creds [-] Deleting project and security group for project: ba9c3a58c27142fa97e2313a1c52e688
2025-11-12 12:00:10.221 66731 INFO tempest.lib.common.rest_client [req-2abe172f-4983-48bc-99a8-687e60c4cc71 req-2abe172f-4983-48bc-99a8-687e60c4cc71 ] Request (ServerTagsTestJSON:setUpClass): 200 GET http://10.180.1.21/compute/v2.1/servers/38cdc020-8fc3-4307-928d-e0871bcd152a 3.266s
2025-11-12 12:00:10.297 66701 INFO tempest.lib.common.rest_client [req-6b35088f-43f5-4f76-8a76-bcdc81c06538 req-6b35088f-43f5-4f76-8a76-bcdc81c06538 ] Request (ServersAdminTestJSON:test_create_server_with_scheduling_hint): 200 GET http://10.180.1.21/compute/v2.1/servers/0d9ce033-c0de-4e55-8807-8a215bb8ba38 2.550s
2025-11-12 12:00:10.363 66695 INFO tempest.lib.common.rest_client [req-52b50ee4-d3dc-40b2-8bd8-3ab0a1f91013 req-52b50ee4-d3dc-40b2-8bd8-3ab0a1f91013 ] Request (ServerMetadataTestJSON:setUpClass): 201 POST http://10.180.1.21/networking/v2.0/subnets 0.297s
2025-11-12 12:00:10.386 66741 INFO tempest.lib.common.rest_client [req-2da94cca-9b82-4961-9942-23b7f9896441 req-2da94cca-9b82-4961-9942-23b7f9896441 ] Request (ServersListShow2100Test:tearDownClass): 204 DELETE http://10.180.1.21/compute/v2.1/servers/4c60f075-59a6-4df3-afa0-1a228943c233 2.408s
2025-11-12 12:00:10.406 66703 INFO tempest.lib.common.rest_client [req-8a315fd5-dd7c-47fc-9f33-999e237df398 req-8a315fd5-dd7c-47fc-9f33-999e237df398 ] Request (ServersAdmin275Test:tearDownClass): 200 GET http://10.180.1.21/networking/v2.0/security-groups?tenant_id=ba9c3a58c27142fa97e2313a1c52e688&name=default 0.190s
2025-11-12 12:00:10.430 66735 INFO tempest.lib.common.rest_client [req-851991a5-8438-4c2d-b93e-2af6902a9e58 req-851991a5-8438-4c2d-b93e-2af6902a9e58 ] Request (FloatingIPsAssociationNegativeTestJSON:tearDownClass): 200 GET http://10.180.1.21/compute/v2.1/servers/362e344c-395e-4b66-bdae-7ffcfb1f5ad7 2.458s
2025-11-12 12:00:10.448 66711 INFO tempest.lib.common.rest_client [req-935b630f-6869-4120-9591-38f691ef1521 req-935b630f-6869-4120-9591-38f691ef1521 ] Request (FlavorsV2TestJSON:test_list_flavors_with_detail): 200 GET http://10.180.1.21/compute/v2.1/flavors/42 2.039s
2025-11-12 12:00:10.481 66691 INFO tempest.lib.common.rest_client [req-afacbc6d-5256-484f-a5d7-e962103bf6b3 req-afacbc6d-5256-484f-a5d7-e962103bf6b3 ] Request (KeyPairsV22TestJSON:_run_cleanups): 204 DELETE http://10.180.1.21/compute/v2.1/os-keypairs/tempest-keypair-132641753 2.075s
2025-11-12 12:00:10.495 66709 INFO tempest.lib.common.rest_client [req-eb3a66d5-0153-4202-8f29-3c859212d601 req-eb3a66d5-0153-4202-8f29-3c859212d601 ] Request (FlavorsAdminTestJSON:test_is_public_string_variations): 200 GET http://10.180.1.21/compute/v2.1/flavors/detail?is_public=no 2.063s
2025-11-12 12:00:10.560 66723 INFO tempest.lib.common.rest_client [req-8155622d-c277-40a7-835a-581ad1b5cf54 req-8155622d-c277-40a7-835a-581ad1b5cf54 ] Request (AggregatesAdminNegativeTestJSON:test_aggregate_remove_host_as_user): 200 POST http://10.180.1.21/compute/v2.1/os-aggregates/7/action 2.196s
2025-11-12 12:00:10.612 66711 INFO tempest.lib.common.rest_client [req-0516656e-0e74-4c1e-9458-d7a2f3cc128d req-0516656e-0e74-4c1e-9458-d7a2f3cc128d ] Request (FlavorsV2TestJSON:tearDownClass): 204 DELETE http://10.180.1.21/identity/v3/users/bce034ebd9644b1ebb9b0ba5444be50d 0.159s
2025-11-12 12:00:10.613 66711 INFO tempest.lib.common.dynamic_creds [-] Deleting project and security group for project: 858d9be404f94e84a74c86cfc1ed0a46
2025-11-12 12:00:10.709 66711 INFO tempest.lib.common.rest_client [req-f3f911b2-6bf4-44db-b9af-3c1b14763446 req-f3f911b2-6bf4-44db-b9af-3c1b14763446 ] Request (FlavorsV2TestJSON:tearDownClass): 201 POST http://10.180.1.21/identity/v3/auth/tokens 0.096s
2025-11-12 12:00:10.918 66703 INFO tempest.lib.common.rest_client [req-8ad63bc7-71b8-4738-b21f-5a01001794aa req-8ad63bc7-71b8-4738-b21f-5a01001794aa ] Request (ServersAdmin275Test:tearDownClass): 204 DELETE http://10.180.1.21/networking/v2.0/security-groups/44cc790c-e270-4ac1-8c35-e1066981693b 0.511s
2025-11-12 12:00:10.959 66717 INFO tempest.lib.common.rest_client [req-5a2bda42-4fc1-451b-ad1d-67acc868699b req-5a2bda42-4fc1-451b-ad1d-67acc868699b ] Request (ServersTestMultiNic:test_verify_duplicate_network_nics): 200 GET http://10.180.1.21/compute/v2.1/servers/28a10e69-5b1b-461d-895d-a35c06196af0 2.264s
2025-11-12 12:00:11.018 66703 INFO tempest.lib.common.rest_client [req-6dcd00d8-e6c9-492b-bf62-fc8bcf6cf50f req-6dcd00d8-e6c9-492b-bf62-fc8bcf6cf50f ] Request (ServersAdmin275Test:tearDownClass): 204 DELETE http://10.180.1.21/identity/v3/projects/ba9c3a58c27142fa97e2313a1c52e688 0.099s
2025-11-12 12:00:11.110 66703 INFO tempest.lib.common.rest_client [req-bf511386-3ee5-40ef-a008-54e21164d873 req-bf511386-3ee5-40ef-a008-54e21164d873 ] Request (AttachInterfacesUnderV243Test:setUpClass): 201 POST http://10.180.1.21/identity/v3/auth/tokens 0.091s
2025-11-12 12:00:11.148 66703 INFO tempest.lib.common.rest_client [req-be6f0dd1-e989-4cc2-9e9f-836b2ac8e97c req-be6f0dd1-e989-4cc2-9e9f-836b2ac8e97c ] Request (AttachInterfacesUnderV243Test:setUpClass): 201 POST http://10.180.1.21/identity/v3/auth/tokens 0.034s
2025-11-12 12:00:11.187 66703 INFO tempest.lib.common.rest_client [req-25a55a75-e6d0-418c-a913-3b147c6b4114 req-25a55a75-e6d0-418c-a913-3b147c6b4114 ] Request (AttachInterfacesUnderV243Test:setUpClass): 200 GET http://10.180.1.21/identity/v3/domains?name=Default 0.039s
2025-11-12 12:00:11.222 66703 INFO tempest.lib.common.rest_client [req-78d4b6d2-b26f-462d-a43b-240ea13f8a47 req-78d4b6d2-b26f-462d-a43b-240ea13f8a47 ] Request (AttachInterfacesUnderV243Test:setUpClass): 201 POST http://10.180.1.21/identity/v3/projects 0.033s
2025-11-12 12:00:11.253 66711 INFO tempest.lib.common.rest_client [req-9581f297-733f-4a6c-8e68-db9f3fc52629 req-9581f297-733f-4a6c-8e68-db9f3fc52629 ] Request (FlavorsV2TestJSON:tearDownClass): 200 GET http://10.180.1.21/networking/v2.0/security-groups?tenant_id=858d9be404f94e84a74c86cfc1ed0a46&name=default 0.543s
2025-11-12 12:00:11.291 66703 INFO tempest.lib.common.rest_client [req-8adb3b8c-48f5-42dc-9533-d9722707d8f6 req-8adb3b8c-48f5-42dc-9533-d9722707d8f6 ] Request (AttachInterfacesUnderV243Test:setUpClass): 201 POST http://10.180.1.21/identity/v3/users 0.068s
2025-11-12 12:00:11.321 66703 INFO tempest.lib.common.rest_client [req-37a8b3ac-d895-4ffa-8773-cc6dff98259c req-37a8b3ac-d895-4ffa-8773-cc6dff98259c ] Request (AttachInterfacesUnderV243Test:setUpClass): 200 GET http://10.180.1.21/identity/v3/roles 0.028s
2025-11-12 12:00:11.358 66703 INFO tempest.lib.common.rest_client [req-a91b684e-961a-4d6b-99ff-d9e125cc4392 req-a91b684e-961a-4d6b-99ff-d9e125cc4392 ] Request (AttachInterfacesUnderV243Test:setUpClass): 204 PUT http://10.180.1.21/identity/v3/projects/3adcbddba8bc43dc90e89180b80e8e68/users/bb19e6c1ac02471c80a4640820f33b1b/roles/f18f7fe1d64747e4a69466f10dc1c642 0.036s
2025-11-12 12:00:11.358 66703 INFO tempest.lib.common.dynamic_creds [-] Dynamic test user bb19e6c1ac02471c80a4640820f33b1b is created with scope project and roles: ['member']
2025-11-12 12:00:11.358 66703 INFO tempest.lib.common.dynamic_creds [-] Acquired dynamic creds: credentials: Credentials: {'domain_id': 'default', 'domain_name': 'Default', 'username': 'tempest-AttachInterfacesUnderV243Test-647231815-project-member', 'project_domain_id': 'default', 'project_domain_name': 'Default', 'project_id': '3adcbddba8bc43dc90e89180b80e8e68', 'project_name': 'tempest-AttachInterfacesUnderV243Test-647231815', 'tenant_id': '3adcbddba8bc43dc90e89180b80e8e68', 'tenant_name': 'tempest-AttachInterfacesUnderV243Test-647231815', 'user_domain_id': 'default', 'user_domain_name': 'Default', 'user_id': 'bb19e6c1ac02471c80a4640820f33b1b', 'system': None}, Network: None, Subnet: None, Router: None
2025-11-12 12:00:11.383 66695 INFO tempest.lib.common.rest_client [req-628e6628-9002-4c5e-8948-fc3b28eeda5f req-628e6628-9002-4c5e-8948-fc3b28eeda5f ] Request (ServerMetadataTestJSON:setUpClass): 201 POST http://10.180.1.21/networking/v2.0/routers 1.019s
2025-11-12 12:00:11.426 66703 INFO tempest.lib.common.rest_client [req-213264c1-c74a-42e9-b243-46f6b22a19d8 req-213264c1-c74a-42e9-b243-46f6b22a19d8 ] Request (AttachInterfacesUnderV243Test:setUpClass): 201 POST http://10.180.1.21/identity/v3/auth/tokens 0.067s
2025-11-12 12:00:11.552 66705 WARNING tempest.lib.common.ssh [-] Failed to establish authenticated ssh connection to cirros@10.180.180.216 ([Errno None] Unable to connect to port 22 on 10.180.180.216). Number attempts: 5. Retry after 6 seconds.: paramiko.ssh_exception.NoValidConnectionsError: [Errno None] Unable to connect to port 22 on 10.180.180.216
2025-11-12 12:00:11.586 66711 INFO tempest.lib.common.rest_client [req-48a82a10-5372-4fd7-a4ea-b13ec40fe08f req-48a82a10-5372-4fd7-a4ea-b13ec40fe08f ] Request (FlavorsV2TestJSON:tearDownClass): 204 DELETE http://10.180.1.21/networking/v2.0/security-groups/c24319fe-31c8-467f-8167-524fd82edd1a 0.332s
2025-11-12 12:00:11.686 66711 INFO tempest.lib.common.rest_client [req-fbf01e66-2fd5-41f4-a575-1d881b3e6932 req-fbf01e66-2fd5-41f4-a575-1d881b3e6932 ] Request (FlavorsV2TestJSON:tearDownClass): 204 DELETE http://10.180.1.21/identity/v3/projects/858d9be404f94e84a74c86cfc1ed0a46 0.100s
2025-11-12 12:00:11.767 66711 INFO tempest.lib.common.rest_client [req-585f316e-5b90-43f3-80e2-d4ca04c9e202 req-585f316e-5b90-43f3-80e2-d4ca04c9e202 ] Request (FlavorsV2NegativeTest:setUpClass): 201 POST http://10.180.1.21/identity/v3/auth/tokens 0.078s
2025-11-12 12:00:11.805 66711 INFO tempest.lib.common.rest_client [req-d88119f1-53e2-4335-8823-54a9e4d74f24 req-d88119f1-53e2-4335-8823-54a9e4d74f24 ] Request (FlavorsV2NegativeTest:setUpClass): 201 POST http://10.180.1.21/identity/v3/auth/tokens 0.036s
2025-11-12 12:00:11.838 66711 INFO tempest.lib.common.rest_client [req-24e95eaf-b6c1-4208-bc1b-3250dd3cacf6 req-24e95eaf-b6c1-4208-bc1b-3250dd3cacf6 ] Request (FlavorsV2NegativeTest:setUpClass): 200 GET http://10.180.1.21/identity/v3/domains?name=Default 0.032s
2025-11-12 12:00:11.874 66711 INFO tempest.lib.common.rest_client [req-e2f1fb9c-ff77-4d46-92f7-f6d61cf11bdb req-e2f1fb9c-ff77-4d46-92f7-f6d61cf11bdb ] Request (FlavorsV2NegativeTest:setUpClass): 201 POST http://10.180.1.21/identity/v3/projects 0.035s
2025-11-12 12:00:11.965 66711 INFO tempest.lib.common.rest_client [req-2c5e5205-940e-4f65-a358-d02776b5dab5 req-2c5e5205-940e-4f65-a358-d02776b5dab5 ] Request (FlavorsV2NegativeTest:setUpClass): 201 POST http://10.180.1.21/identity/v3/users 0.090s
2025-11-12 12:00:11.989 66711 INFO tempest.lib.common.rest_client [req-55afc521-57e6-4ad4-b332-cbcd7dbbf99f req-55afc521-57e6-4ad4-b332-cbcd7dbbf99f ] Request (FlavorsV2NegativeTest:setUpClass): 200 GET http://10.180.1.21/identity/v3/roles 0.023s
2025-11-12 12:00:12.025 66711 INFO tempest.lib.common.rest_client [req-392a1fd4-48d5-4261-b987-16c930692d82 req-392a1fd4-48d5-4261-b987-16c930692d82 ] Request (FlavorsV2NegativeTest:setUpClass): 204 PUT http://10.180.1.21/identity/v3/projects/584940782e844dab8d938cc29875a74f/users/a4e2b336307c463a99e5da02f66d56a4/roles/f18f7fe1d64747e4a69466f10dc1c642 0.036s
2025-11-12 12:00:12.026 66711 INFO tempest.lib.common.dynamic_creds [-] Dynamic test user a4e2b336307c463a99e5da02f66d56a4 is created with scope project and roles: ['member']
2025-11-12 12:00:12.026 66711 INFO tempest.lib.common.dynamic_creds [-] Acquired dynamic creds: credentials: Credentials: {'domain_id': 'default', 'domain_name': 'Default', 'username': 'tempest-FlavorsV2NegativeTest-312704268-project-member', 'project_domain_id': 'default', 'project_domain_name': 'Default', 'project_id': '584940782e844dab8d938cc29875a74f', 'project_name': 'tempest-FlavorsV2NegativeTest-312704268', 'tenant_id': '584940782e844dab8d938cc29875a74f', 'tenant_name': 'tempest-FlavorsV2NegativeTest-312704268', 'user_domain_id': 'default', 'user_domain_name': 'Default', 'user_id': 'a4e2b336307c463a99e5da02f66d56a4', 'system': None}, Network: None, Subnet: None, Router: None
2025-11-12 12:00:12.026 66711 INFO tempest.lib.common.dynamic_creds [-] Created isolated network resources for: credentials: Credentials: {'domain_id': 'default', 'domain_name': 'Default', 'username': 'tempest-FlavorsV2NegativeTest-312704268-project-member', 'project_domain_id': 'default', 'project_domain_name': 'Default', 'project_id': '584940782e844dab8d938cc29875a74f', 'project_name': 'tempest-FlavorsV2NegativeTest-312704268', 'tenant_id': '584940782e844dab8d938cc29875a74f', 'tenant_name': 'tempest-FlavorsV2NegativeTest-312704268', 'user_domain_id': 'default', 'user_domain_name': 'Default', 'user_id': 'a4e2b336307c463a99e5da02f66d56a4', 'system': None}, Network: None, Subnet: None, Router: None
2025-11-12 12:00:12.134 66711 INFO tempest.lib.common.rest_client [req-a75d00e3-5965-495d-a32a-a9dafd581bdb req-a75d00e3-5965-495d-a32a-a9dafd581bdb ] Request (FlavorsV2NegativeTest:setUpClass): 201 POST http://10.180.1.21/identity/v3/auth/tokens 0.102s
2025-11-12 12:00:12.537 66695 INFO tempest.lib.common.rest_client [req-52b12e71-e0ca-4dbf-8a81-2bfdeb1fb50d req-52b12e71-e0ca-4dbf-8a81-2bfdeb1fb50d ] Request (ServerMetadataTestJSON:setUpClass): 200 PUT http://10.180.1.21/networking/v2.0/routers/50c28014-94ca-401f-8617-12b9e22fca0e/add_router_interface 1.154s
2025-11-12 12:00:12.538 66695 INFO tempest.lib.common.dynamic_creds [-] Created isolated network resources for: credentials: Credentials: {'domain_id': 'default', 'domain_name': 'Default', 'username': 'tempest-ServerMetadataTestJSON-1579439933-project-member', 'project_domain_id': 'default', 'project_domain_name': 'Default', 'project_id': '48954fee27c44a539479af246396624b', 'project_name': 'tempest-ServerMetadataTestJSON-1579439933', 'tenant_id': '48954fee27c44a539479af246396624b', 'tenant_name': 'tempest-ServerMetadataTestJSON-1579439933', 'user_domain_id': 'default', 'user_domain_name': 'Default', 'user_id': '15e4f82e8e3f473ea36d89cbf8f014c8', 'system': None}, Network: {'id': 'c45a8eb5-4588-40a5-8ac3-36845422bc7c', 'name': 'tempest-ServerMetadataTestJSON-1874579813-network', 'tenant_id': '48954fee27c44a539479af246396624b', 'project_id': '48954fee27c44a539479af246396624b', 'admin_state_up': True, 'mtu': 8950, 'status': 'ACTIVE', 'subnets': [], 'shared': False, 'port_security_enabled': True, 'router:external': False, 'provider:network_type': 'vlan', 'provider:physical_network': 'default', 'provider:segmentation_id': 714, 'availability_zone_hints': [], 'availability_zones': [], 'ipv4_address_scope': None, 'ipv6_address_scope': None, 'description': '', 'tags': [], 'created_at': '2025-11-12T12:00:09Z', 'updated_at': '2025-11-12T12:00:09Z', 'revision_number': 1}, Subnet: {'id': '0b54aa62-7edf-4f7e-909e-b40a07fddb2e', 'name': 'tempest-ServerMetadataTestJSON-1874579813-subnet', 'tenant_id': '48954fee27c44a539479af246396624b', 'network_id': 'c45a8eb5-4588-40a5-8ac3-36845422bc7c', 'ip_version': 4, 'subnetpool_id': None, 'enable_dhcp': True, 'ipv6_ra_mode': None, 'ipv6_address_mode': None, 'gateway_ip': '192.168.128.1', 'cidr': '192.168.128.0/28', 'allocation_pools': [{'start': '192.168.128.2', 'end': '192.168.128.14'}], 'host_routes': [], 'dns_nameservers': [], 'description': '', 'router:external': False, 'service_types': [], 'tags': [], 'created_at': '2025-11-12T12:00:10Z', 'updated_at': '2025-11-12T12:00:10Z', 'revision_number': 0, 'project_id': '48954fee27c44a539479af246396624b'}, Router: {'id': '50c28014-94ca-401f-8617-12b9e22fca0e', 'name': 'tempest-ServerMetadataTestJSON-1874579813-router', 'tenant_id': '48954fee27c44a539479af246396624b', 'admin_state_up': True, 'status': 'ACTIVE', 'external_gateway_info': {'network_id': 'f6d99b50-3122-410d-bc72-29e5d3f47491', 'external_fixed_ips': [{'subnet_id': 'b229021c-462a-4517-9d1d-b59b0eef3ce5', 'ip_address': '10.180.180.199'}], 'enable_snat': True}, 'description': '', 'availability_zones': [], 'distributed': False, 'ha': False, 'availability_zone_hints': [], 'routes': [], 'flavor_id': None, 'tags': [], 'created_at': '2025-11-12T12:00:10Z', 'updated_at': '2025-11-12T12:00:11Z', 'revision_number': 2, 'project_id': '48954fee27c44a539479af246396624b'}
2025-11-12 12:00:12.598 66697 INFO paramiko.transport [-] Connected (version 2.0, client dropbear_2020.81)
2025-11-12 12:00:12.633 66695 INFO tempest.lib.common.rest_client [req-dda7aa91-f791-42f3-96a9-4dc1e01abc4b req-dda7aa91-f791-42f3-96a9-4dc1e01abc4b ] Request (ServerMetadataTestJSON:setUpClass): 201 POST http://10.180.1.21/identity/v3/auth/tokens 0.086s
2025-11-12 12:00:12.693 66695 INFO tempest.lib.common.rest_client [req-8f37ede4-07e0-4120-b02d-d39ec7bb86f7 req-8f37ede4-07e0-4120-b02d-d39ec7bb86f7 ] Request (ServerMetadataTestJSON:setUpClass): 201 POST http://10.180.1.21/identity/v3/auth/tokens 0.052s
2025-11-12 12:00:12.693 66695 INFO tempest.lib.common.fixed_network [-] (ServerMetadataTestJSON:setUpClass) Found network {'id': 'c45a8eb5-4588-40a5-8ac3-36845422bc7c', 'name': 'tempest-ServerMetadataTestJSON-1874579813-network', 'tenant_id': '48954fee27c44a539479af246396624b', 'project_id': '48954fee27c44a539479af246396624b', 'admin_state_up': True, 'mtu': 8950, 'status': 'ACTIVE', 'subnets': [], 'shared': False, 'port_security_enabled': True, 'router:external': False, 'provider:network_type': 'vlan', 'provider:physical_network': 'default', 'provider:segmentation_id': 714, 'availability_zone_hints': [], 'availability_zones': [], 'ipv4_address_scope': None, 'ipv6_address_scope': None, 'description': '', 'tags': [], 'created_at': '2025-11-12T12:00:09Z', 'updated_at': '2025-11-12T12:00:09Z', 'revision_number': 1} available for tenant
2025-11-12 12:00:12.705 66740 WARNING tempest.lib.common.ssh [-] Failed to establish authenticated ssh connection to cirros@10.180.180.166 ([Errno None] Unable to connect to port 22 on 10.180.180.166). Number attempts: 3. Retry after 4 seconds.: paramiko.ssh_exception.NoValidConnectionsError: [Errno None] Unable to connect to port 22 on 10.180.180.166
2025-11-12 12:00:12.706 66697 INFO paramiko.transport [-] Authentication (publickey) successful!
2025-11-12 12:00:12.709 66697 INFO tempest.lib.common.ssh [-] ssh connection to cirros@10.180.180.213 successfully created
2025-11-12 12:00:12.899 66703 INFO tempest.lib.common.rest_client [req-67381c32-76b8-40cc-bcdd-e4740363d1b5 req-67381c32-76b8-40cc-bcdd-e4740363d1b5 ] Request (AttachInterfacesUnderV243Test:setUpClass): 201 POST http://10.180.1.21/networking/v2.0/networks 1.472s
2025-11-12 12:00:12.981 66683 INFO tempest.lib.common.rest_client [req-080935dd-9ef6-4e1f-81f2-26bccdc64925 req-080935dd-9ef6-4e1f-81f2-26bccdc64925 ] Request (DeleteServersAdminTestJSON:test_delete_server_while_in_error_state): 200 GET http://10.180.1.21/compute/v2.1/servers/1d5c4989-925a-4040-8e0e-5e54ccf295d1 4.160s
2025-11-12 12:00:12.991 66683 INFO tempest.common.waiters [-] State transition "BUILD/None" ==> "BUILD/block_device_mapping" after 39 second wait
2025-11-12 12:00:13.043 66689 INFO tempest.lib.common.rest_client [req-fb1894ff-ecb5-4989-b38e-e678c7f3d092 req-fb1894ff-ecb5-4989-b38e-e678c7f3d092 ] Request (ListServerFiltersTestJSON:test_list_servers_filter_by_limit): 200 GET http://10.180.1.21/compute/v2.1/servers?limit=1 4.197s
2025-11-12 12:00:13.173 66703 INFO tempest.lib.common.rest_client [req-8877e1fc-a949-4b68-9f9b-86b777b54d07 req-8877e1fc-a949-4b68-9f9b-86b777b54d07 ] Request (AttachInterfacesUnderV243Test:setUpClass): 201 POST http://10.180.1.21/networking/v2.0/subnets 0.273s
2025-11-12 12:00:13.289 66707 INFO tempest.lib.common.rest_client [req-068b8dbb-91af-43c3-8c98-12d27bd803d5 req-068b8dbb-91af-43c3-8c98-12d27bd803d5 ] Request (FloatingIPsTestJSON:_run_cleanups): 202 DELETE http://10.180.1.21/compute/v2.1/os-floating-ips/4364313d-6625-4aa6-a2a7-c8c5f2d757a3 4.553s
