2025-11-12 11:59:55.796 66707 INFO tempest.lib.common.rest_client [req-780be74e-4c11-4765-a1d6-4db05602b034 req-780be74e-4c11-4765-a1d6-4db05602b034 ] Request (FloatingIPsTestJSON:setUpClass): 201 POST http://10.180.1.21/identity/v3/users 0.095s
2025-11-12 11:59:55.826 66707 INFO tempest.lib.common.rest_client [req-4e4a8b57-1b0f-42e8-a6f5-d961d7877194 req-4e4a8b57-1b0f-42e8-a6f5-d961d7877194 ] Request (FloatingIPsTestJSON:setUpClass): 200 GET http://10.180.1.21/identity/v3/roles 0.029s
2025-11-12 11:59:55.842 66740 INFO tempest.lib.common.rest_client [req-6e66ee25-c9cd-4286-8a3e-3b29afa8333c req-6e66ee25-c9cd-4286-8a3e-3b29afa8333c ] Request (ServersWithSpecificFlavorTestJSON:test_verify_created_server_ephemeral_disk): 200 GET http://10.180.1.21/compute/v2.1/servers/d82b6a0b-7743-4376-b6f1-342dc83009f9/os-interface 2.167s
2025-11-12 11:59:55.889 66707 INFO tempest.lib.common.rest_client [req-caf975b9-f83b-4ec5-b068-e01d2362a3fc req-caf975b9-f83b-4ec5-b068-e01d2362a3fc ] Request (FloatingIPsTestJSON:setUpClass): 204 PUT http://10.180.1.21/identity/v3/projects/91d86297af3f4141ba7ba5c2329b952b/users/ff5f4ed9a2b64abf8ce29a959e365638/roles/f18f7fe1d64747e4a69466f10dc1c642 0.059s
2025-11-12 11:59:55.889 66707 INFO tempest.lib.common.dynamic_creds [-] Dynamic test user ff5f4ed9a2b64abf8ce29a959e365638 is created with scope project and roles: ['member']
2025-11-12 11:59:55.889 66707 INFO tempest.lib.common.dynamic_creds [-] Acquired dynamic creds: credentials: Credentials: {'domain_id': 'default', 'domain_name': 'Default', 'username': 'tempest-FloatingIPsTestJSON-861327280-project-member', 'project_domain_id': 'default', 'project_domain_name': 'Default', 'project_id': '91d86297af3f4141ba7ba5c2329b952b', 'project_name': 'tempest-FloatingIPsTestJSON-861327280', 'tenant_id': '91d86297af3f4141ba7ba5c2329b952b', 'tenant_name': 'tempest-FloatingIPsTestJSON-861327280', 'user_domain_id': 'default', 'user_domain_name': 'Default', 'user_id': 'ff5f4ed9a2b64abf8ce29a959e365638', 'system': None}, Network: None, Subnet: None, Router: None
2025-11-12 11:59:55.890 66685 INFO tempest.lib.common.rest_client [req-7dc7c708-871c-4aaf-a834-5e201b736056 req-7dc7c708-871c-4aaf-a834-5e201b736056 ] Request (ListImageFiltersTestJSON:setUpClass): 200 GET http://10.180.1.21/compute/v2.1/images/64943a2e-ddc3-43af-a2d7-6f98724b250f 2.166s
2025-11-12 11:59:55.940 66741 INFO tempest.lib.common.rest_client [req-dd50301b-88c8-4d8f-97c4-c85dedd8f467 req-dd50301b-88c8-4d8f-97c4-c85dedd8f467 ] Request (ServersListShow2100Test:test_list_show_rebuild_update_server_2100): 202 POST http://10.180.1.21/compute/v2.1/servers/4c60f075-59a6-4df3-afa0-1a228943c233/action 2.432s
2025-11-12 11:59:55.987 66707 INFO tempest.lib.common.rest_client [req-5375c614-5a3c-481d-80a7-117db553e9dd req-5375c614-5a3c-481d-80a7-117db553e9dd ] Request (FloatingIPsTestJSON:setUpClass): 201 POST http://10.180.1.21/identity/v3/auth/tokens 0.097s
2025-11-12 11:59:56.033 66717 INFO tempest.lib.common.rest_client [req-183f52ed-3e16-4d82-be5c-031e4902ceaa req-183f52ed-3e16-4d82-be5c-031e4902ceaa ] Request (ServersTestMultiNic:test_verify_duplicate_network_nics): 201 POST http://10.180.1.21/networking/v2.0/subnets 0.357s
2025-11-12 11:59:56.136 66717 INFO tempest.lib.common.rest_client [req-7edb043a-0bf0-42a9-8c55-99455748b119 req-7edb043a-0bf0-42a9-8c55-99455748b119 ] Request (ServersTestMultiNic:test_verify_duplicate_network_nics): 201 POST http://10.180.1.21/identity/v3/auth/tokens 0.096s
2025-11-12 11:59:56.136 66717 INFO tempest.lib.common.fixed_network [-] (ServersTestMultiNic:test_verify_duplicate_network_nics) Found network {'id': 'ded28166-3956-4dc5-bbe9-740a5e961bf2', 'name': 'tempest-ServersTestMultiNic-1481219765-network', 'tenant_id': '01689a1414e64526ad808de6a1762b9d', 'project_id': '01689a1414e64526ad808de6a1762b9d', 'admin_state_up': True, 'mtu': 8950, 'status': 'ACTIVE', 'subnets': [], 'shared': False, 'port_security_enabled': True, 'router:external': False, 'provider:network_type': 'vlan', 'provider:physical_network': 'default', 'provider:segmentation_id': 356, 'availability_zone_hints': [], 'availability_zones': [], 'ipv4_address_scope': None, 'ipv6_address_scope': None, 'description': '', 'tags': [], 'created_at': '2025-11-12T11:59:52Z', 'updated_at': '2025-11-12T11:59:52Z', 'revision_number': 1} available for tenant
2025-11-12 11:59:56.257 66743 WARNING tempest.lib.common.ssh [-] Failed to establish authenticated ssh connection to cirros@10.180.180.233 ([Errno None] Unable to connect to port 22 on 10.180.180.233). Number attempts: 4. Retry after 5 seconds.: paramiko.ssh_exception.NoValidConnectionsError: [Errno None] Unable to connect to port 22 on 10.180.180.233
2025-11-12 11:59:56.349 66685 INFO tempest.lib.common.rest_client [req-05456c8f-778c-4065-b6dd-85a84f630565 req-05456c8f-778c-4065-b6dd-85a84f630565 ] Request (ListImageFiltersTestJSON:setUpClass): 201 POST http://10.180.1.21/image/v2/images 0.456s
2025-11-12 11:59:56.470 66707 INFO tempest.lib.common.rest_client [req-b03f768e-28bb-42b6-a696-ab873e15cc9d req-b03f768e-28bb-42b6-a696-ab873e15cc9d ] Request (FloatingIPsTestJSON:setUpClass): 201 POST http://10.180.1.21/networking/v2.0/networks 0.482s
2025-11-12 11:59:56.491 66725 INFO tempest.lib.common.rest_client [req-fa4c0c65-0502-42ef-9f92-23ecb635e881 req-fa4c0c65-0502-42ef-9f92-23ecb635e881 ] Request (AttachInterfacesV270Test:tearDownClass): 200 GET http://10.180.1.21/compute/v2.1/servers/ec277350-a31a-414a-a2b4-c7a49b4915b1 2.138s
2025-11-12 11:59:56.564 66729 INFO tempest.lib.common.rest_client [req-543247f3-7bce-414e-be36-3f88e2fe112c req-543247f3-7bce-414e-be36-3f88e2fe112c ] Request (ServerMetadataNegativeTestJSON:setUpClass): 200 GET http://10.180.1.21/compute/v2.1/servers/a7c9f95b-4643-4b7e-a9ce-affcee9d41a2 2.600s
2025-11-12 11:59:56.776 66707 INFO tempest.lib.common.rest_client [req-145f3b25-e41a-4c40-a04b-2da6ce1031ea req-145f3b25-e41a-4c40-a04b-2da6ce1031ea ] Request (FloatingIPsTestJSON:setUpClass): 201 POST http://10.180.1.21/networking/v2.0/subnets 0.305s
2025-11-12 11:59:56.970 66740 INFO tempest.lib.common.rest_client [req-07cc6a07-36e3-448d-850d-8f2d20d90c7c req-07cc6a07-36e3-448d-850d-8f2d20d90c7c ] Request (ServersWithSpecificFlavorTestJSON:test_verify_created_server_ephemeral_disk): 200 PUT http://10.180.1.21/networking/v2.0/floatingips/a3cb46c5-f86f-484e-aaff-4358f81b3d37 1.122s
2025-11-12 11:59:57.000 66689 INFO tempest.lib.common.rest_client [req-9036f321-4258-40e5-bf65-e5db22053905 req-9036f321-4258-40e5-bf65-e5db22053905 ] Request (ListServerFiltersTestJSON:test_list_servers_detailed_limit_results): 200 GET http://10.180.1.21/compute/v2.1/servers/detail?limit=1 2.624s
2025-11-12 11:59:57.006 66723 INFO tempest.lib.common.rest_client [req-32e5c11f-8c91-4748-ba80-0615dce8d290 req-32e5c11f-8c91-4748-ba80-0615dce8d290 ] Request (AggregatesAdminNegativeTestJSON:test_aggregate_get_details_as_user): 403 GET http://10.180.1.21/compute/v2.1/os-aggregates/6 2.606s
2025-11-12 11:59:57.029 66719 INFO tempest.lib.common.rest_client [req-13d05306-1481-42ff-bcdd-97b9c7aa75bf req-13d05306-1481-42ff-bcdd-97b9c7aa75bf ] Request (MigrationsAdminTest:test_list_migrations_in_flavor_resize_situation): 200 GET http://10.180.1.21/compute/v2.1/servers/97f2a00d-a38a-4c47-9845-1be4e3f80bf6 2.640s
2025-11-12 11:59:57.035 66711 INFO tempest.lib.common.rest_client [req-de17bbe3-237b-4bb2-9bf3-cfb2e4041e68 req-de17bbe3-237b-4bb2-9bf3-cfb2e4041e68 ] Request (FlavorsV2TestJSON:test_list_flavors_filter_by_min_ram): 200 GET http://10.180.1.21/compute/v2.1/flavors?minRam=193 2.623s
2025-11-12 11:59:57.054 66709 INFO tempest.lib.common.rest_client [req-7ff607ea-671f-4c3f-be77-81a6de86864a req-7ff607ea-671f-4c3f-be77-81a6de86864a ] Request (FlavorsAdminTestJSON:_run_cleanups): 200 GET http://10.180.1.21/compute/v2.1/flavors/detail 2.626s
2025-11-12 11:59:57.115 66737 INFO tempest.lib.common.rest_client [req-01ef5228-c5a6-4eb6-8990-2dac33f6ca64 req-01ef5228-c5a6-4eb6-8990-2dac33f6ca64 ] Request (SecurityGroupsTestJSON:test_list_security_groups_by_server): 200 GET http://10.180.1.21/compute/v2.1/servers/6542ef9a-a023-4820-8891-9f7eb92d252e 2.656s
2025-11-12 11:59:57.128 66737 INFO tempest.common.waiters [-] State transition "BUILD/None" ==> "BUILD/networking" after 29 second wait
2025-11-12 11:59:57.134 66703 INFO tempest.lib.common.rest_client [req-fa6241dd-2e37-4a0d-938e-d5db7543e112 req-fa6241dd-2e37-4a0d-938e-d5db7543e112 ] Request (ServersAdmin275Test:tearDownClass): 200 GET http://10.180.1.21/compute/v2.1/servers/a1fcbce6-262b-4716-9282-bb0ca5a22a00 2.438s
2025-11-12 11:59:57.181 66713 INFO tempest.lib.common.rest_client [req-1c7d806a-1802-4726-bab9-241369d02926 req-1c7d806a-1802-4726-bab9-241369d02926 ] Request (ServerShowV257Test:test_rebuild_server): 200 GET http://10.180.1.21/compute/v2.1/servers/b30f3cdd-e757-4290-8ef1-88b605aa7d38 2.441s
2025-11-12 11:59:57.222 66722 INFO tempest.lib.common.rest_client [req-e40bc28e-4fef-43f4-a318-e8b1b3e3f541 req-e40bc28e-4fef-43f4-a318-e8b1b3e3f541 ] Request (ImagesOneServerTestJSON:test_create_delete_image): 200 GET http://10.180.1.21/compute/v2.1/images/d9d38fc8-aaac-47f7-a776-30f9e353ddbf 2.208s
2025-11-12 11:59:57.298 66701 INFO tempest.lib.common.rest_client [req-8d270e83-0205-4115-babf-adfc4f2c3db6 req-8d270e83-0205-4115-babf-adfc4f2c3db6 ] Request (ServersAdminTestJSON:setUpClass): 200 GET http://10.180.1.21/compute/v2.1/servers/ef285c1a-9d84-41bf-b909-e133f52e2619 2.402s
2025-11-12 11:59:57.698 66707 INFO tempest.lib.common.rest_client [req-568d9a7c-addf-4181-be36-2a91191a94dd req-568d9a7c-addf-4181-be36-2a91191a94dd ] Request (FloatingIPsTestJSON:setUpClass): 201 POST http://10.180.1.21/networking/v2.0/routers 0.921s
2025-11-12 11:59:57.706 66733 INFO tempest.lib.common.rest_client [req-e5395dcb-37c2-4b23-ab35-48dc21ce25b9 req-e5395dcb-37c2-4b23-ab35-48dc21ce25b9 ] Request (FloatingIPsAssociationTestJSON:test_associate_already_associated_floating_ip): 200 GET http://10.180.1.21/compute/v2.1/servers/c9dcd011-1f71-4c42-9407-eb997f989f43 2.633s
2025-11-12 11:59:58.256 66685 INFO tempest.lib.common.rest_client [req-268150b8-86b2-4ada-bd71-a4ccecc9727d req-268150b8-86b2-4ada-bd71-a4ccecc9727d ] Request (ListImageFiltersTestJSON:setUpClass): 204 PUT http://10.180.1.21/image/v2/images/d0915b39-ac5b-433e-8ffb-267673fdeed7/file 0.905s
2025-11-12 11:59:58.578 66697 WARNING tempest.lib.common.ssh [-] Failed to establish authenticated ssh connection to cirros@10.180.180.213 ([Errno None] Unable to connect to port 22 on 10.180.180.213). Number attempts: 5. Retry after 6 seconds.: paramiko.ssh_exception.NoValidConnectionsError: [Errno None] Unable to connect to port 22 on 10.180.180.213
2025-11-12 11:59:58.596 66707 INFO tempest.lib.common.rest_client [req-8de50c96-907c-4b31-85b5-0ed33817415e req-8de50c96-907c-4b31-85b5-0ed33817415e ] Request (FloatingIPsTestJSON:setUpClass): 200 PUT http://10.180.1.21/networking/v2.0/routers/503aeb86-9848-449a-8b5d-94903c464a27/add_router_interface 0.898s
2025-11-12 11:59:58.597 66707 INFO tempest.lib.common.dynamic_creds [-] Created isolated network resources for: credentials: Credentials: {'domain_id': 'default', 'domain_name': 'Default', 'username': 'tempest-FloatingIPsTestJSON-861327280-project-member', 'project_domain_id': 'default', 'project_domain_name': 'Default', 'project_id': '91d86297af3f4141ba7ba5c2329b952b', 'project_name': 'tempest-FloatingIPsTestJSON-861327280', 'tenant_id': '91d86297af3f4141ba7ba5c2329b952b', 'tenant_name': 'tempest-FloatingIPsTestJSON-861327280', 'user_domain_id': 'default', 'user_domain_name': 'Default', 'user_id': 'ff5f4ed9a2b64abf8ce29a959e365638', 'system': None}, Network: {'id': '969e7520-9577-40a0-833e-e83c174e0e86', 'name': 'tempest-FloatingIPsTestJSON-1619829113-network', 'tenant_id': '91d86297af3f4141ba7ba5c2329b952b', 'project_id': '91d86297af3f4141ba7ba5c2329b952b', 'admin_state_up': True, 'mtu': 8950, 'status': 'ACTIVE', 'subnets': [], 'shared': False, 'port_security_enabled': True, 'router:external': False, 'provider:network_type': 'vlan', 'provider:physical_network': 'default', 'provider:segmentation_id': 303, 'availability_zone_hints': [], 'availability_zones': [], 'ipv4_address_scope': None, 'ipv6_address_scope': None, 'description': '', 'tags': [], 'created_at': '2025-11-12T11:59:56Z', 'updated_at': '2025-11-12T11:59:56Z', 'revision_number': 1}, Subnet: {'id': '5158fb11-ad15-4c4b-bde1-876692d83470', 'name': 'tempest-FloatingIPsTestJSON-1619829113-subnet', 'tenant_id': '91d86297af3f4141ba7ba5c2329b952b', 'network_id': '969e7520-9577-40a0-833e-e83c174e0e86', 'ip_version': 4, 'subnetpool_id': None, 'enable_dhcp': True, 'ipv6_ra_mode': None, 'ipv6_address_mode': None, 'gateway_ip': '192.168.128.1', 'cidr': '192.168.128.0/28', 'allocation_pools': [{'start': '192.168.128.2', 'end': '192.168.128.14'}], 'host_routes': [], 'dns_nameservers': [], 'description': '', 'router:external': False, 'service_types': [], 'tags': [], 'created_at': '2025-11-12T11:59:56Z', 'updated_at': '2025-11-12T11:59:56Z', 'revision_number': 0, 'project_id': '91d86297af3f4141ba7ba5c2329b952b'}, Router: {'id': '503aeb86-9848-449a-8b5d-94903c464a27', 'name': 'tempest-FloatingIPsTestJSON-1619829113-router', 'tenant_id': '91d86297af3f4141ba7ba5c2329b952b', 'admin_state_up': True, 'status': 'ACTIVE', 'external_gateway_info': {'network_id': 'f6d99b50-3122-410d-bc72-29e5d3f47491', 'external_fixed_ips': [{'subnet_id': 'b229021c-462a-4517-9d1d-b59b0eef3ce5', 'ip_address': '10.180.180.161'}], 'enable_snat': True}, 'description': '', 'availability_zones': [], 'distributed': False, 'ha': False, 'availability_zone_hints': [], 'routes': [], 'flavor_id': None, 'tags': [], 'created_at': '2025-11-12T11:59:56Z', 'updated_at': '2025-11-12T11:59:57Z', 'revision_number': 2, 'project_id': '91d86297af3f4141ba7ba5c2329b952b'}
2025-11-12 11:59:58.703 66707 INFO tempest.lib.common.rest_client [req-d2af29f9-fc44-4f31-9f37-f4a8d6c185ed req-d2af29f9-fc44-4f31-9f37-f4a8d6c185ed ] Request (FloatingIPsTestJSON:setUpClass): 201 POST http://10.180.1.21/identity/v3/auth/tokens 0.103s
2025-11-12 11:59:58.869 66695 INFO tempest.lib.common.rest_client [req-575b0f48-24ab-45ad-88c7-4be6aa51c571 req-575b0f48-24ab-45ad-88c7-4be6aa51c571 ] Request (SecurityGroupRulesTestJSON:tearDownClass): 202 DELETE http://10.180.1.21/compute/v2.1/os-security-groups/6648338f-e819-44bc-8d2c-6672b1ea0c80 3.561s
2025-11-12 11:59:59.163 66731 INFO tempest.lib.common.rest_client [req-cc5d9612-6552-4ac5-827e-5760b141093b req-cc5d9612-6552-4ac5-827e-5760b141093b ] Request (ServerTagsTestJSON:setUpClass): 200 GET http://10.180.1.21/compute/v2.1/servers/38cdc020-8fc3-4307-928d-e0871bcd152a 3.843s
2025-11-12 11:59:59.170 66715 INFO tempest.lib.common.rest_client [req-5dfb854e-acf1-42c8-af7b-bef531707e38 req-5dfb854e-acf1-42c8-af7b-bef531707e38 ] Request (VolumesNegativeTest:test_get_volume_without_passing_volume_id): 404 GET http://10.180.1.21/compute/v2.1/os-volumes/ 3.846s
2025-11-12 11:59:59.200 66699 INFO tempest.lib.common.rest_client [req-e6218a22-2568-4d69-b412-52a6b1243b2d req-e6218a22-2568-4d69-b412-52a6b1243b2d ] Request (FlavorsAccessNegativeTestJSON:_run_cleanups): 200 GET http://10.180.1.21/compute/v2.1/flavors/detail 3.859s
2025-11-12 11:59:59.369 66699 INFO tempest.lib.common.rest_client [req-98fa26eb-c1a2-407d-a53a-0162662e4a3a req-98fa26eb-c1a2-407d-a53a-0162662e4a3a ] Request (FlavorsAccessNegativeTestJSON:tearDownClass): 204 DELETE http://10.180.1.21/identity/v3/users/8a3208f4d4334abfbbd9d90a0d1358a5 0.158s
2025-11-12 11:59:59.371 66693 INFO tempest.lib.common.rest_client [req-958a101e-7cd5-468e-b8d0-6557e8c583c9 req-958a101e-7cd5-468e-b8d0-6557e8c583c9 ] Request (ServersTestFqdnHostnames:test_create_server_with_fqdn_name): 202 POST http://10.180.1.21/compute/v2.1/servers 4.228s
2025-11-12 11:59:59.384 66728 INFO tempest.lib.common.rest_client [req-bbddb1bd-8a48-49ba-84b8-e693d20248c7 req-bbddb1bd-8a48-49ba-84b8-e693d20248c7 ] Request (ImagesTestJSON:_run_cleanups): 204 DELETE http://10.180.1.21/compute/v2.1/images/26ba40a9-4083-47fc-8196-e6d37560e697 3.944s
2025-11-12 11:59:59.415 66691 INFO tempest.lib.common.rest_client [req-89245ab8-2ce7-44e3-bfbd-7200e7c021d8 req-89245ab8-2ce7-44e3-bfbd-7200e7c021d8 ] Request (KeyPairsV22TestJSON:_run_cleanups): 204 DELETE http://10.180.1.21/compute/v2.1/os-keypairs/tempest-keypair-302348545 3.848s
2025-11-12 11:59:59.475 66735 INFO tempest.lib.common.rest_client [req-16f41093-c904-4b1a-9e26-78144d0f4900 req-16f41093-c904-4b1a-9e26-78144d0f4900 ] Request (FloatingIPsAssociationNegativeTestJSON:tearDownClass): 200 GET http://10.180.1.21/compute/v2.1/servers/362e344c-395e-4b66-bdae-7ffcfb1f5ad7 3.936s
2025-11-12 11:59:59.541 66699 INFO tempest.lib.common.rest_client [req-69f9946d-357e-40e8-a1db-ecc17d5884ae req-69f9946d-357e-40e8-a1db-ecc17d5884ae ] Request (FlavorsAccessNegativeTestJSON:tearDownClass): 204 DELETE http://10.180.1.21/identity/v3/users/748b08e48ac24550ba9061d35b5e60e3 0.171s
2025-11-12 11:59:59.558 66741 INFO tempest.lib.common.rest_client [req-ac405830-ca26-473a-8a95-803d0b504016 req-ac405830-ca26-473a-8a95-803d0b504016 ] Request (ServersListShow2100Test:test_list_show_rebuild_update_server_2100): 200 GET http://10.180.1.21/compute/v2.1/servers/4c60f075-59a6-4df3-afa0-1a228943c233 3.600s
2025-11-12 11:59:59.647 66683 INFO tempest.lib.common.rest_client [req-92947216-0564-4c15-b945-0aefe4ff433b req-92947216-0564-4c15-b945-0aefe4ff433b ] Request (DeleteServersAdminTestJSON:test_delete_server_while_in_error_state): 200 GET http://10.180.1.21/compute/v2.1/servers/1d5c4989-925a-4040-8e0e-5e54ccf295d1 3.189s
2025-11-12 11:59:59.716 66687 INFO tempest.lib.common.rest_client [req-3a363863-c615-4322-a3b3-ae1d8a5c23d8 req-3a363863-c615-4322-a3b3-ae1d8a5c23d8 ] Request (ServerDiagnosticsTest:test_get_server_diagnostics): 200 GET http://10.180.1.21/compute/v2.1/servers/b0099c3a-6e31-4889-ba5b-03b376754a74 3.030s
2025-11-12 11:59:59.726 66699 INFO tempest.lib.common.rest_client [req-90b222e6-f2a3-4646-8248-4d08d9e90e27 req-90b222e6-f2a3-4646-8248-4d08d9e90e27 ] Request (FlavorsAccessNegativeTestJSON:tearDownClass): 204 DELETE http://10.180.1.21/identity/v3/users/aa5fb2b528774f9d840aea65980a85aa 0.185s
2025-11-12 11:59:59.727 66699 INFO tempest.lib.common.dynamic_creds [-] Deleting project and security group for project: 2771c04843764ae6a216cd55fb42a205
2025-11-12 11:59:59.729 66687 INFO tempest.common.waiters [-] State transition "BUILD/None" ==> "BUILD/networking" after 28 second wait
2025-11-12 11:59:59.821 66699 INFO tempest.lib.common.rest_client [req-bd92f092-c919-4180-9355-d0d8fcbf76aa req-bd92f092-c919-4180-9355-d0d8fcbf76aa ] Request (FlavorsAccessNegativeTestJSON:tearDownClass): 201 POST http://10.180.1.21/identity/v3/auth/tokens 0.094s
2025-11-12 11:59:59.951 66740 INFO tempest.lib.common.rest_client [req-3d3fe3c0-a6c0-4028-83a4-df024b3dac39 req-3d3fe3c0-a6c0-4028-83a4-df024b3dac39 ] Request (ServersWithSpecificFlavorTestJSON:test_verify_created_server_ephemeral_disk): 200 GET http://10.180.1.21/compute/v2.1/servers/d82b6a0b-7743-4376-b6f1-342dc83009f9 2.980s
2025-11-12 11:59:59.960 66740 INFO tempest.lib.common.ssh [-] Creating ssh connection to '10.180.180.166:22' as 'cirros' with public key authentication
2025-11-12 11:59:59.981 66723 INFO tempest.lib.common.rest_client [req-ea05498a-2465-4fc4-91e3-9c5858077385 req-ea05498a-2465-4fc4-91e3-9c5858077385 ] Request (AggregatesAdminNegativeTestJSON:_run_cleanups): 200 DELETE http://10.180.1.21/compute/v2.1/os-aggregates/6 2.974s
2025-11-12 12:00:00.065 66699 INFO tempest.lib.common.rest_client [req-5a9c4bbc-cd06-4cc4-b7ed-b95dab0f63a1 req-5a9c4bbc-cd06-4cc4-b7ed-b95dab0f63a1 ] Request (FlavorsAccessNegativeTestJSON:tearDownClass): 200 GET http://10.180.1.21/networking/v2.0/security-groups?tenant_id=2771c04843764ae6a216cd55fb42a205&name=default 0.243s
2025-11-12 12:00:00.097 66689 INFO tempest.lib.common.rest_client [req-3532baaf-ac23-40c6-b7be-86efc422ba80 req-3532baaf-ac23-40c6-b7be-86efc422ba80 ] Request (ListServerFiltersTestJSON:test_list_servers_filter_by_active_status): 200 GET http://10.180.1.21/compute/v2.1/servers?status=active 3.085s
2025-11-12 12:00:00.119 66711 INFO tempest.lib.common.rest_client [req-e4dfa3f0-6265-4102-8456-742db7f57c57 req-e4dfa3f0-6265-4102-8456-742db7f57c57 ] Request (FlavorsV2TestJSON:test_list_flavors_limit_results): 200 GET http://10.180.1.21/compute/v2.1/flavors?limit=1 3.074s
2025-11-12 12:00:00.151 66709 INFO tempest.lib.common.rest_client [req-eb6487ee-4aa0-417f-a1f7-c35ac873e808 req-eb6487ee-4aa0-417f-a1f7-c35ac873e808 ] Request (FlavorsAdminTestJSON:test_is_public_string_variations): 200 POST http://10.180.1.21/compute/v2.1/flavors 3.091s
2025-11-12 12:00:00.244 66699 INFO tempest.lib.common.rest_client [req-162e2b0d-89c1-4389-8391-05d3a37aeecf req-162e2b0d-89c1-4389-8391-05d3a37aeecf ] Request (FlavorsAccessNegativeTestJSON:tearDownClass): 204 DELETE http://10.180.1.21/networking/v2.0/security-groups/a1c06fe8-739c-422d-a9a3-069bfb8af2e4 0.178s
2025-11-12 12:00:00.351 66699 INFO tempest.lib.common.rest_client [req-9dfbbec3-4b27-4f50-ade8-694fee455d97 req-9dfbbec3-4b27-4f50-ade8-694fee455d97 ] Request (FlavorsAccessNegativeTestJSON:tearDownClass): 204 DELETE http://10.180.1.21/identity/v3/projects/2771c04843764ae6a216cd55fb42a205 0.107s
2025-11-12 12:00:00.352 66699 INFO tempest.lib.common.dynamic_creds [-] Deleting project and security group for project: 788cbe4878264ca2bd62fbc86e2f3927
2025-11-12 12:00:00.384 66725 INFO tempest.lib.common.rest_client [req-040dacfa-6655-4cbf-8df7-a52869cf9e2f req-040dacfa-6655-4cbf-8df7-a52869cf9e2f ] Request (AttachInterfacesV270Test:tearDownClass): 200 GET http://10.180.1.21/compute/v2.1/servers/ec277350-a31a-414a-a2b4-c7a49b4915b1 2.877s
2025-11-12 12:00:00.537 66717 INFO tempest.lib.common.rest_client [req-ea1f1a46-33f8-433f-a3ef-683b39a0c493 req-ea1f1a46-33f8-433f-a3ef-683b39a0c493 ] Request (ServersTestMultiNic:test_verify_duplicate_network_nics): 202 POST http://10.180.1.21/compute/v2.1/servers 4.399s
2025-11-12 12:00:00.570 66699 INFO tempest.lib.common.rest_client [req-d95fa098-d01e-4156-a075-8c633d7bc4a9 req-d95fa098-d01e-4156-a075-8c633d7bc4a9 ] Request (FlavorsAccessNegativeTestJSON:tearDownClass): 200 GET http://10.180.1.21/networking/v2.0/security-groups?tenant_id=788cbe4878264ca2bd62fbc86e2f3927&name=default 0.217s
2025-11-12 12:00:00.821 66699 INFO tempest.lib.common.rest_client [req-a8b383c0-f0ed-4ed1-8d2b-a0791b1981b4 req-a8b383c0-f0ed-4ed1-8d2b-a0791b1981b4 ] Request (FlavorsAccessNegativeTestJSON:tearDownClass): 204 DELETE http://10.180.1.21/networking/v2.0/security-groups/dd9c43a7-44dd-412b-b598-a0d5480d2dd8 0.250s
2025-11-12 12:00:00.921 66729 INFO tempest.lib.common.rest_client [req-6844b040-ac42-47ba-9b1c-38fa1dc2acc6 req-6844b040-ac42-47ba-9b1c-38fa1dc2acc6 ] Request (ServerMetadataNegativeTestJSON:setUpClass): 200 GET http://10.180.1.21/compute/v2.1/servers/a7c9f95b-4643-4b7e-a9ce-affcee9d41a2 3.344s
2025-11-12 12:00:00.953 66719 INFO tempest.lib.common.rest_client [req-b65607da-003d-4af8-bd04-31c344d22eeb req-b65607da-003d-4af8-bd04-31c344d22eeb ] Request (MigrationsAdminTest:test_list_migrations_in_flavor_resize_situation): 200 GET http://10.180.1.21/compute/v2.1/servers/97f2a00d-a38a-4c47-9845-1be4e3f80bf6 2.916s
2025-11-12 12:00:00.962 66719 INFO tempest.common.waiters [-] State transition "RESIZE/resize_prep" ==> "RESIZE/resize_migrating" after 29 second wait
2025-11-12 12:00:00.984 66699 INFO tempest.lib.common.rest_client [req-96038152-03ec-4910-a220-30a31d23dcbf req-96038152-03ec-4910-a220-30a31d23dcbf ] Request (FlavorsAccessNegativeTestJSON:tearDownClass): 204 DELETE http://10.180.1.21/identity/v3/projects/788cbe4878264ca2bd62fbc86e2f3927 0.162s
2025-11-12 12:00:00.984 66699 INFO tempest.lib.common.dynamic_creds [-] Deleting project and security group for project: 018f0aff371f4f44bf078443937fa06d
2025-11-12 12:00:01.173 66699 INFO tempest.lib.common.rest_client [req-87e1a32b-fbcd-4259-a673-e0b2bc5fc5dd req-87e1a32b-fbcd-4259-a673-e0b2bc5fc5dd ] Request (FlavorsAccessNegativeTestJSON:tearDownClass): 200 GET http://10.180.1.21/networking/v2.0/security-groups?tenant_id=018f0aff371f4f44bf078443937fa06d&name=default 0.189s
2025-11-12 12:00:01.217 66703 INFO tempest.lib.common.rest_client [req-0efc7e7d-581d-4adc-990a-e2b6adfd95cf req-0efc7e7d-581d-4adc-990a-e2b6adfd95cf ] Request (ServersAdmin275Test:tearDownClass): 200 GET http://10.180.1.21/compute/v2.1/servers/a1fcbce6-262b-4716-9282-bb0ca5a22a00 3.070s
2025-11-12 12:00:01.270 66737 INFO tempest.lib.common.rest_client [req-7df347a0-05de-4bec-b929-272f5a6efe73 req-7df347a0-05de-4bec-b929-272f5a6efe73 ] Request (SecurityGroupsTestJSON:test_list_security_groups_by_server): 200 GET http://10.180.1.21/compute/v2.1/servers/6542ef9a-a023-4820-8891-9f7eb92d252e 3.141s
2025-11-12 12:00:01.280 66737 INFO tempest.common.waiters [-] State transition "BUILD/networking" ==> "BUILD/spawning" after 33 second wait
2025-11-12 12:00:01.316 66722 INFO tempest.lib.common.rest_client [req-d47cf082-04ec-4ca0-af9d-a754daaac1cd req-d47cf082-04ec-4ca0-af9d-a754daaac1cd ] Request (ImagesOneServerTestJSON:test_create_delete_image): 200 GET http://10.180.1.21/compute/v2.1/images/d9d38fc8-aaac-47f7-a776-30f9e353ddbf 3.086s
2025-11-12 12:00:01.352 66685 INFO tempest.lib.common.rest_client [req-37fd7aee-8b42-4388-87a2-35f2276e5c1f req-37fd7aee-8b42-4388-87a2-35f2276e5c1f ] Request (ListImageFiltersTestJSON:setUpClass): 200 GET http://10.180.1.21/compute/v2.1/images/d0915b39-ac5b-433e-8ffb-267673fdeed7 3.093s
2025-11-12 12:00:01.369 66699 INFO tempest.lib.common.rest_client [req-401cc629-5e43-43fb-a6b4-e25f21abdb37 req-401cc629-5e43-43fb-a6b4-e25f21abdb37 ] Request (FlavorsAccessNegativeTestJSON:tearDownClass): 204 DELETE http://10.180.1.21/networking/v2.0/security-groups/f730b2f2-c6e4-4a4c-8e3c-5dac09751360 0.195s
2025-11-12 12:00:01.396 66713 INFO tempest.lib.common.rest_client [req-03309b9e-6fe8-4696-abbe-43a149c92f8b req-03309b9e-6fe8-4696-abbe-43a149c92f8b ] Request (ServerShowV257Test:test_rebuild_server): 200 GET http://10.180.1.21/compute/v2.1/servers/b30f3cdd-e757-4290-8ef1-88b605aa7d38 3.205s
2025-11-12 12:00:01.475 66701 INFO tempest.lib.common.rest_client [req-84737518-87b4-49be-8115-631d48ce42b0 req-84737518-87b4-49be-8115-631d48ce42b0 ] Request (ServersAdminTestJSON:setUpClass): 200 GET http://10.180.1.21/compute/v2.1/servers/ef285c1a-9d84-41bf-b909-e133f52e2619 3.169s
2025-11-12 12:00:01.483 66701 INFO tempest.common.waiters [-] State transition "BUILD/spawning" ==> "ACTIVE/None" after 37 second wait
2025-11-12 12:00:01.525 66699 INFO tempest.lib.common.rest_client [req-29e18236-5839-4dee-a75d-24c01811cc0f req-29e18236-5839-4dee-a75d-24c01811cc0f ] Request (FlavorsAccessNegativeTestJSON:tearDownClass): 204 DELETE http://10.180.1.21/identity/v3/projects/018f0aff371f4f44bf078443937fa06d 0.155s
2025-11-12 12:00:01.562 66733 INFO tempest.lib.common.rest_client [req-50109787-fb53-4cf8-8828-398ec4b6eded req-50109787-fb53-4cf8-8828-398ec4b6eded ] Request (FloatingIPsAssociationTestJSON:test_associate_already_associated_floating_ip): 200 GET http://10.180.1.21/compute/v2.1/servers/c9dcd011-1f71-4c42-9407-eb997f989f43 2.844s
2025-11-12 12:00:01.623 66699 INFO tempest.lib.common.rest_client [req-f7ee5120-af94-485a-becd-f05cbec59805 req-f7ee5120-af94-485a-becd-f05cbec59805 ] Request (ServerDiagnosticsV248Test:setUpClass): 201 POST http://10.180.1.21/identity/v3/auth/tokens 0.096s
2025-11-12 12:00:01.674 66699 INFO tempest.lib.common.rest_client [req-6186b1f1-70bf-4d41-8faf-1b82c379da1d req-6186b1f1-70bf-4d41-8faf-1b82c379da1d ] Request (ServerDiagnosticsV248Test:setUpClass): 201 POST http://10.180.1.21/identity/v3/auth/tokens 0.048s
2025-11-12 12:00:01.720 66699 INFO tempest.lib.common.rest_client [req-c957175d-96e6-4fad-92f1-24a6ef915ccb req-c957175d-96e6-4fad-92f1-24a6ef915ccb ] Request (ServerDiagnosticsV248Test:setUpClass): 200 GET http://10.180.1.21/identity/v3/domains?name=Default 0.044s
2025-11-12 12:00:01.764 66743 WARNING tempest.lib.common.ssh [-] Failed to establish authenticated ssh connection to cirros@10.180.180.233 ([Errno None] Unable to connect to port 22 on 10.180.180.233). Number attempts: 5. Retry after 6 seconds.: paramiko.ssh_exception.NoValidConnectionsError: [Errno None] Unable to connect to port 22 on 10.180.180.233
2025-11-12 12:00:01.766 66699 INFO tempest.lib.common.rest_client [req-852e70c3-cba6-4b68-a907-1467fa9d6cca req-852e70c3-cba6-4b68-a907-1467fa9d6cca ] Request (ServerDiagnosticsV248Test:setUpClass): 201 POST http://10.180.1.21/identity/v3/projects 0.045s
2025-11-12 12:00:01.845 66699 INFO tempest.lib.common.rest_client [req-d20e623d-b8c7-4081-bdd5-1624aa47ccb7 req-d20e623d-b8c7-4081-bdd5-1624aa47ccb7 ] Request (ServerDiagnosticsV248Test:setUpClass): 201 POST http://10.180.1.21/identity/v3/users 0.078s
2025-11-12 12:00:01.873 66699 INFO tempest.lib.common.rest_client [req-9d1b923d-58b5-46d2-93a4-0cdb96ea7278 req-9d1b923d-58b5-46d2-93a4-0cdb96ea7278 ] Request (ServerDiagnosticsV248Test:setUpClass): 200 GET http://10.180.1.21/identity/v3/roles 0.025s
2025-11-12 12:00:01.909 66699 INFO tempest.lib.common.rest_client [req-db446c8c-30e9-400b-8608-65b4a3baef01 req-db446c8c-30e9-400b-8608-65b4a3baef01 ] Request (ServerDiagnosticsV248Test:setUpClass): 204 PUT http://10.180.1.21/identity/v3/projects/172cb638add84916903ed069850c602e/users/89ee8036bc06485e918e5a5898ae3ec3/roles/f18f7fe1d64747e4a69466f10dc1c642 0.035s
2025-11-12 12:00:01.909 66699 INFO tempest.lib.common.dynamic_creds [-] Dynamic test user 89ee8036bc06485e918e5a5898ae3ec3 is created with scope project and roles: ['member']
2025-11-12 12:00:01.909 66699 INFO tempest.lib.common.dynamic_creds [-] Acquired dynamic creds: credentials: Credentials: {'domain_id': 'default', 'domain_name': 'Default', 'username': 'tempest-ServerDiagnosticsV248Test-1123337696-project-member', 'project_domain_id': 'default', 'project_domain_name': 'Default', 'project_id': '172cb638add84916903ed069850c602e', 'project_name': 'tempest-ServerDiagnosticsV248Test-1123337696', 'tenant_id': '172cb638add84916903ed069850c602e', 'tenant_name': 'tempest-ServerDiagnosticsV248Test-1123337696', 'user_domain_id': 'default', 'user_domain_name': 'Default', 'user_id': '89ee8036bc06485e918e5a5898ae3ec3', 'system': None}, Network: None, Subnet: None, Router: None
2025-11-12 12:00:01.909 66699 INFO tempest.lib.common.dynamic_creds [-] Created isolated network resources for: credentials: Credentials: {'domain_id': 'default', 'domain_name': 'Default', 'username': 'tempest-ServerDiagnosticsV248Test-1123337696-project-member', 'project_domain_id': 'default', 'project_domain_name': 'Default', 'project_id': '172cb638add84916903ed069850c602e', 'project_name': 'tempest-ServerDiagnosticsV248Test-1123337696', 'tenant_id': '172cb638add84916903ed069850c602e', 'tenant_name': 'tempest-ServerDiagnosticsV248Test-1123337696', 'user_domain_id': 'default', 'user_domain_name': 'Default', 'user_id': '89ee8036bc06485e918e5a5898ae3ec3', 'system': None}, Network: None, Subnet: None, Router: None
2025-11-12 12:00:01.966 66695 INFO tempest.lib.common.rest_client [req-97b55af6-a336-4fb8-b532-61eb2fec84b8 req-97b55af6-a336-4fb8-b532-61eb2fec84b8 ] Request (SecurityGroupRulesTestJSON:tearDownClass): 202 DELETE http://10.180.1.21/compute/v2.1/os-security-groups/d79d9a76-d3ac-402a-a867-4273b73e5d88 3.096s
2025-11-12 12:00:01.994 66699 INFO tempest.lib.common.rest_client [req-30e256c3-e426-40cf-891c-684e564a7fa2 req-30e256c3-e426-40cf-891c-684e564a7fa2 ] Request (ServerDiagnosticsV248Test:setUpClass): 201 POST http://10.180.1.21/identity/v3/auth/tokens 0.081s
2025-11-12 12:00:02.039 66715 INFO tempest.lib.common.rest_client [req-112fe0bd-0925-4400-b6f6-67c825022e4e req-112fe0bd-0925-4400-b6f6-67c825022e4e ] Request (VolumesNegativeTest:test_volume_delete_nonexistent_volume_id): 404 DELETE http://10.180.1.21/compute/v2.1/os-volumes/a93063da-2fa1-4963-9521-07ad5cb5a19c 2.868s
2025-11-12 12:00:02.065 66699 INFO tempest.lib.common.rest_client [req-a110bc3f-051d-4352-b8c7-727db3207c1e req-a110bc3f-051d-4352-b8c7-727db3207c1e ] Request (ServerDiagnosticsV248Test:setUpClass): 201 POST http://10.180.1.21/identity/v3/projects 0.070s
2025-11-12 12:00:02.202 66699 INFO tempest.lib.common.rest_client [req-17d499c7-ddf9-4fdb-916d-d43aaa60cbe9 req-17d499c7-ddf9-4fdb-916d-d43aaa60cbe9 ] Request (ServerDiagnosticsV248Test:setUpClass): 201 POST http://10.180.1.21/identity/v3/users 0.136s
2025-11-12 12:00:02.246 66699 INFO tempest.lib.common.rest_client [req-a0aa128a-5940-4fce-9045-c319c330ee3d req-a0aa128a-5940-4fce-9045-c319c330ee3d ] Request (ServerDiagnosticsV248Test:setUpClass): 200 GET http://10.180.1.21/identity/v3/roles 0.044s
2025-11-12 12:00:02.284 66699 INFO tempest.lib.common.rest_client [req-8044d3aa-6f68-46aa-8614-3b2eeec041f5 req-8044d3aa-6f68-46aa-8614-3b2eeec041f5 ] Request (ServerDiagnosticsV248Test:setUpClass): 204 PUT http://10.180.1.21/identity/v3/projects/d3bc078a4b284aa189a6c125be20e974/users/126b3e4156d54d779c839abc08751c38/roles/186415bbc5664c11b3d5713b9268e50e 0.037s
2025-11-12 12:00:02.356 66699 INFO tempest.lib.common.rest_client [req-38528566-73d7-4a02-9d19-72f8a8e5cec0 req-38528566-73d7-4a02-9d19-72f8a8e5cec0 ] Request (ServerDiagnosticsV248Test:setUpClass): 200 GET http://10.180.1.21/identity/v3/roles 0.071s
2025-11-12 12:00:02.377 66699 INFO tempest.lib.common.rest_client [req-37bb0f1a-9ecb-43c1-9734-afdaae0a157a req-37bb0f1a-9ecb-43c1-9734-afdaae0a157a ] Request (ServerDiagnosticsV248Test:setUpClass): 204 PUT http://10.180.1.21/identity/v3/projects/d3bc078a4b284aa189a6c125be20e974/users/126b3e4156d54d779c839abc08751c38/roles/186415bbc5664c11b3d5713b9268e50e 0.020s
2025-11-12 12:00:02.377 66699 INFO tempest.lib.common.dynamic_creds [-] Dynamic test user 126b3e4156d54d779c839abc08751c38 is created with scope project and roles: ['admin']
2025-11-12 12:00:02.378 66699 INFO tempest.lib.common.dynamic_creds [-] Acquired dynamic creds: credentials: Credentials: {'domain_id': 'default', 'domain_name': 'Default', 'username': 'tempest-ServerDiagnosticsV248Test-1805020200-project-admin', 'project_domain_id': 'default', 'project_domain_name': 'Default', 'project_id': 'd3bc078a4b284aa189a6c125be20e974', 'project_name': 'tempest-ServerDiagnosticsV248Test-1805020200', 'tenant_id': 'd3bc078a4b284aa189a6c125be20e974', 'tenant_name': 'tempest-ServerDiagnosticsV248Test-1805020200', 'user_domain_id': 'default', 'user_domain_name': 'Default', 'user_id': '126b3e4156d54d779c839abc08751c38', 'system': None}, Network: None, Subnet: None, Router: None
2025-11-12 12:00:02.378 66699 INFO tempest.lib.common.dynamic_creds [-] Created isolated network resources for: credentials: Credentials: {'domain_id': 'default', 'domain_name': 'Default', 'username': 'tempest-ServerDiagnosticsV248Test-1805020200-project-admin', 'project_domain_id': 'default', 'project_domain_name': 'Default', 'project_id': 'd3bc078a4b284aa189a6c125be20e974', 'project_name': 'tempest-ServerDiagnosticsV248Test-1805020200', 'tenant_id': 'd3bc078a4b284aa189a6c125be20e974', 'tenant_name': 'tempest-ServerDiagnosticsV248Test-1805020200', 'user_domain_id': 'default', 'user_domain_name': 'Default', 'user_id': '126b3e4156d54d779c839abc08751c38', 'system': None}, Network: None, Subnet: None, Router: None
2025-11-12 12:00:02.465 66699 INFO tempest.lib.common.rest_client [req-e45abd7c-b18d-41fb-866a-112b61815f19 req-e45abd7c-b18d-41fb-866a-112b61815f19 ] Request (ServerDiagnosticsV248Test:setUpClass): 201 POST http://10.180.1.21/identity/v3/auth/tokens 0.084s
2025-11-12 12:00:02.525 66699 INFO tempest.lib.common.rest_client [req-e46aeab8-e058-42c6-b3b9-807e79c84a74 req-e46aeab8-e058-42c6-b3b9-807e79c84a74 ] Request (ServerDiagnosticsV248Test:test_get_server_diagnostics): 201 POST http://10.180.1.21/identity/v3/auth/tokens 0.055s
2025-11-12 12:00:02.525 66699 INFO tempest.lib.common.fixed_network [-] (ServerDiagnosticsV248Test:test_get_server_diagnostics) Found network None available for tenant
2025-11-12 12:00:02.575 66693 INFO tempest.lib.common.rest_client [req-61f57296-799f-4a86-8955-6a99fdd25bfc req-61f57296-799f-4a86-8955-6a99fdd25bfc ] Request (ServersTestFqdnHostnames:test_create_server_with_fqdn_name): 200 GET http://10.180.1.21/compute/v2.1/servers/1c4df4df-e2d7-4528-8f05-125c1864695a 3.202s
2025-11-12 12:00:02.656 66707 INFO tempest.lib.common.rest_client [req-669d4037-1681-4b92-8b3e-e35b99f696df req-669d4037-1681-4b92-8b3e-e35b99f696df ] Request (FloatingIPsTestJSON:test_allocate_floating_ip): 200 POST http://10.180.1.21/compute/v2.1/os-floating-ips 3.952s
2025-11-12 12:00:02.673 66728 INFO tempest.lib.common.rest_client [req-8847e4a9-805a-44c7-bb2a-ef93f1ea0aa0 req-8847e4a9-805a-44c7-bb2a-ef93f1ea0aa0 ] Request (ImagesTestJSON:_run_cleanups): 204 DELETE http://10.180.1.21/compute/v2.1/servers/a611f508-9958-4563-b8d8-2c58c21f3541 3.288s
2025-11-12 12:00:02.688 66723 INFO tempest.lib.common.rest_client [req-bc696a0d-2def-42e7-9a43-4725da939e28 req-bc696a0d-2def-42e7-9a43-4725da939e28 ] Request (AggregatesAdminNegativeTestJSON:test_aggregate_get_details_with_invalid_id): 404 GET http://10.180.1.21/compute/v2.1/os-aggregates/-1 2.706s
2025-11-12 12:00:02.713 66691 INFO tempest.lib.common.rest_client [req-3d731024-cddb-42bb-951a-9cc70b6b3384 req-3d731024-cddb-42bb-951a-9cc70b6b3384 ] Request (KeyPairsV22TestJSON:test_keypair_create_delete): 201 POST http://10.180.1.21/compute/v2.1/os-keypairs 3.296s
2025-11-12 12:00:02.729 66711 INFO tempest.lib.common.rest_client [req-2ae5c6d4-e6d6-4f3e-bc8a-8f982a3ca558 req-2ae5c6d4-e6d6-4f3e-bc8a-8f982a3ca558 ] Request (FlavorsV2TestJSON:test_list_flavors_using_marker): 200 GET http://10.180.1.21/compute/v2.1/flavors/42 2.607s
2025-11-12 12:00:02.754 66709 INFO tempest.lib.common.rest_client [req-9a6aae0e-328e-4044-b502-41b7a24dba38 req-9a6aae0e-328e-4044-b502-41b7a24dba38 ] Request (FlavorsAdminTestJSON:test_is_public_string_variations): 200 POST http://10.180.1.21/compute/v2.1/flavors 2.600s
2025-11-12 12:00:02.763 66728 INFO tempest.lib.common.rest_client [req-af2f85b9-4c35-4833-a689-af1702b8cd77 req-af2f85b9-4c35-4833-a689-af1702b8cd77 ] Request (ImagesTestJSON:test_create_image_from_suspended_server): 201 POST http://10.180.1.21/identity/v3/auth/tokens 0.078s
2025-11-12 12:00:02.763 66728 INFO tempest.lib.common.fixed_network [-] (ImagesTestJSON:test_create_image_from_suspended_server) Found network {'id': 'b358f096-2411-4bbb-9dca-cdc6104b7e81', 'name': 'tempest-ImagesTestJSON-1321537395-network', 'tenant_id': 'afed0f86ae30411bb03b026b1cf8d26c', 'project_id': 'afed0f86ae30411bb03b026b1cf8d26c', 'admin_state_up': True, 'mtu': 8950, 'status': 'ACTIVE', 'subnets': [], 'shared': False, 'port_security_enabled': True, 'router:external': False, 'provider:network_type': 'vlan', 'provider:physical_network': 'default', 'provider:segmentation_id': 533, 'availability_zone_hints': [], 'availability_zones': [], 'ipv4_address_scope': None, 'ipv6_address_scope': None, 'description': '', 'tags': [], 'created_at': '2025-11-12T11:58:30Z', 'updated_at': '2025-11-12T11:58:30Z', 'revision_number': 1} available for tenant
2025-11-12 12:00:02.793 66689 INFO tempest.lib.common.rest_client [req-b2759d33-8516-40ae-9158-6e78d5a57919 req-b2759d33-8516-40ae-9158-6e78d5a57919 ] Request (ListServerFiltersTestJSON:test_list_servers_filter_by_exceed_limit): 200 GET http://10.180.1.21/compute/v2.1/servers?limit=100000 2.689s
2025-11-12 12:00:02.814 66731 INFO tempest.lib.common.rest_client [req-bb211db1-82f8-495e-be2e-1c8da1e3c18e req-bb211db1-82f8-495e-be2e-1c8da1e3c18e ] Request (ServerTagsTestJSON:setUpClass): 200 GET http://10.180.1.21/compute/v2.1/servers/38cdc020-8fc3-4307-928d-e0871bcd152a 2.638s
2025-11-12 12:00:02.855 66735 INFO tempest.lib.common.rest_client [req-90257fe5-4a59-4eb3-b3a3-869d75944353 req-90257fe5-4a59-4eb3-b3a3-869d75944353 ] Request (FloatingIPsAssociationNegativeTestJSON:tearDownClass): 200 GET http://10.180.1.21/compute/v2.1/servers/362e344c-395e-4b66-bdae-7ffcfb1f5ad7 2.367s
2025-11-12 12:00:02.863 66735 INFO tempest.common.waiters [-] State transition "ACTIVE/deleting" ==> "DELETED/None" after 3 second wait
2025-11-12 12:00:02.867 66717 INFO tempest.lib.common.rest_client [req-a6662949-de25-479c-bf63-e9b7f1246271 req-a6662949-de25-479c-bf63-e9b7f1246271 ] Request (ServersTestMultiNic:test_verify_duplicate_network_nics): 200 GET http://10.180.1.21/compute/v2.1/servers/28a10e69-5b1b-461d-895d-a35c06196af0 2.327s
2025-11-12 12:00:02.916 66683 INFO tempest.lib.common.rest_client [req-a6b21e75-afa8-4de8-af4d-e5af54d42b7f req-a6b21e75-afa8-4de8-af4d-e5af54d42b7f ] Request (DeleteServersAdminTestJSON:test_delete_server_while_in_error_state): 200 GET http://10.180.1.21/compute/v2.1/servers/1d5c4989-925a-4040-8e0e-5e54ccf295d1 2.261s
2025-11-12 12:00:02.938 66741 INFO tempest.lib.common.rest_client [req-d20d4c25-c0de-48c8-a666-fe9f5830f698 req-d20d4c25-c0de-48c8-a666-fe9f5830f698 ] Request (ServersListShow2100Test:test_list_show_rebuild_update_server_2100): 200 GET http://10.180.1.21/compute/v2.1/servers/4c60f075-59a6-4df3-afa0-1a228943c233 2.366s
2025-11-12 12:00:02.970 66685 INFO tempest.lib.common.rest_client [req-b6b7c117-e987-4c97-b3e6-d4c078d2e024 req-b6b7c117-e987-4c97-b3e6-d4c078d2e024 ] Request (ListImageFiltersTestJSON:setUpClass): 200 GET http://10.180.1.21/compute/v2.1/images/d0915b39-ac5b-433e-8ffb-267673fdeed7 1.612s
2025-11-12 12:00:02.976 66705 WARNING tempest.lib.common.ssh [-] Failed to establish authenticated ssh connection to cirros@10.180.180.216 ([Errno None] Unable to connect to port 22 on 10.180.180.216). Number attempts: 4. Retry after 5 seconds.: paramiko.ssh_exception.NoValidConnectionsError: [Errno None] Unable to connect to port 22 on 10.180.180.216
2025-11-12 12:00:02.990 66725 INFO tempest.lib.common.rest_client [req-88d8ed45-71d5-4cb6-a75e-36679e795eb5 req-88d8ed45-71d5-4cb6-a75e-36679e795eb5 ] Request (AttachInterfacesV270Test:tearDownClass): 404 GET http://10.180.1.21/compute/v2.1/servers/ec277350-a31a-414a-a2b4-c7a49b4915b1 1.596s
2025-11-12 12:00:03.044 66740 WARNING tempest.lib.common.ssh [-] Failed to establish authenticated ssh connection to cirros@10.180.180.166 ([Errno None] Unable to connect to port 22 on 10.180.180.166). Number attempts: 1. Retry after 2 seconds.: paramiko.ssh_exception.NoValidConnectionsError: [Errno None] Unable to connect to port 22 on 10.180.180.166
2025-11-12 12:00:03.092 66687 INFO tempest.lib.common.rest_client [req-8481acf8-80f3-414c-a4b1-66a56d47c08b req-8481acf8-80f3-414c-a4b1-66a56d47c08b ] Request (ServerDiagnosticsTest:test_get_server_diagnostics): 200 GET http://10.180.1.21/compute/v2.1/servers/b0099c3a-6e31-4889-ba5b-03b376754a74 2.361s
2025-11-12 12:00:03.105 66687 INFO tempest.common.waiters [-] State transition "BUILD/networking" ==> "BUILD/spawning" after 32 second wait
2025-11-12 12:00:03.321 66701 INFO tempest.lib.common.rest_client [req-1ba379e7-d3f0-4f3c-8e15-8c1dfb8207f2 req-1ba379e7-d3f0-4f3c-8e15-8c1dfb8207f2 ] Request (ServersAdminTestJSON:setUpClass): 200 GET http://10.180.1.21/compute/v2.1/servers/6b562cc9-81a1-40da-8ace-13ab2479afe9 1.837s
2025-11-12 12:00:03.411 66701 INFO tempest.lib.common.rest_client [req-7819ae9a-db1e-417b-a838-6cf10a8cbbaa req-7819ae9a-db1e-417b-a838-6cf10a8cbbaa ] Request (ServersAdminTestJSON:test_create_server_with_scheduling_hint): 201 POST http://10.180.1.21/identity/v3/auth/tokens 0.078s
2025-11-12 12:00:03.411 66701 INFO tempest.lib.common.fixed_network [-] (ServersAdminTestJSON:test_create_server_with_scheduling_hint) Found network {'id': '777ae9f5-97a5-4da0-89ea-3ba4b7de7a2c', 'name': 'tempest-ServersAdminTestJSON-1844582631-network', 'tenant_id': '88f35d5e5d3a4d3281203f43e6ed5a18', 'project_id': '88f35d5e5d3a4d3281203f43e6ed5a18', 'admin_state_up': True, 'mtu': 8950, 'status': 'ACTIVE', 'subnets': [], 'shared': False, 'port_security_enabled': True, 'router:external': False, 'provider:network_type': 'vlan', 'provider:physical_network': 'default', 'provider:segmentation_id': 652, 'availability_zone_hints': [], 'availability_zones': [], 'ipv4_address_scope': None, 'ipv6_address_scope': None, 'description': '', 'tags': [], 'created_at': '2025-11-12T11:59:01Z', 'updated_at': '2025-11-12T11:59:02Z', 'revision_number': 1} available for tenant
2025-11-12 12:00:03.425 66729 INFO tempest.lib.common.rest_client [req-b905b0ee-74d7-47f0-9fdb-10c57373f521 req-b905b0ee-74d7-47f0-9fdb-10c57373f521 ] Request (ServerMetadataNegativeTestJSON:setUpClass): 200 GET http://10.180.1.21/compute/v2.1/servers/a7c9f95b-4643-4b7e-a9ce-affcee9d41a2 1.493s
2025-11-12 12:00:03.435 66729 INFO tempest.common.waiters [-] State transition "BUILD/spawning" ==> "ACTIVE/None" after 37 second wait
2025-11-12 12:00:03.525 66729 INFO tempest.lib.common.rest_client [req-ba4b09ec-2e22-41e7-bf26-29447c8c48fd req-ba4b09ec-2e22-41e7-bf26-29447c8c48fd ] Request (ServerMetadataNegativeTestJSON:test_create_server_metadata_blank_key): 201 POST http://10.180.1.21/identity/v3/auth/tokens 0.082s
2025-11-12 12:00:03.526 66729 INFO tempest.lib.common.fixed_network [-] (ServerMetadataNegativeTestJSON:test_create_server_metadata_blank_key) Found network {'id': '20aebe7a-5f1b-47e9-b466-a3942aef4b5d', 'name': 'tempest-ServerMetadataNegativeTestJSON-171742557-network', 'tenant_id': '2d1c2035edaa4430b1bf938408ecc80b', 'project_id': '2d1c2035edaa4430b1bf938408ecc80b', 'admin_state_up': True, 'mtu': 8950, 'status': 'ACTIVE', 'subnets': [], 'shared': False, 'port_security_enabled': True, 'router:external': False, 'provider:network_type': 'vlan', 'provider:physical_network': 'default', 'provider:segmentation_id': 825, 'availability_zone_hints': [], 'availability_zones': [], 'ipv4_address_scope': None, 'ipv6_address_scope': None, 'description': '', 'tags': [], 'created_at': '2025-11-12T11:59:14Z', 'updated_at': '2025-11-12T11:59:14Z', 'revision_number': 1} available for tenant
2025-11-12 12:00:03.542 66685 INFO tempest.lib.common.rest_client [req-02e229b6-e2a5-4a34-96ab-a0647a3dddb0 req-02e229b6-e2a5-4a34-96ab-a0647a3dddb0 ] Request (ListImageFiltersTestJSON:setUpClass): 201 POST http://10.180.1.21/image/v2/images 0.569s
2025-11-12 12:00:03.566 66719 INFO tempest.lib.common.rest_client [req-cbc9d758-36bd-4890-8447-2ec06c24a0a4 req-cbc9d758-36bd-4890-8447-2ec06c24a0a4 ] Request (MigrationsAdminTest:test_list_migrations_in_flavor_resize_situation): 200 GET http://10.180.1.21/compute/v2.1/servers/97f2a00d-a38a-4c47-9845-1be4e3f80bf6 1.603s
2025-11-12 12:00:03.602 66715 INFO tempest.lib.common.rest_client [req-dd14d7ee-f591-4525-918c-ad927b953dbf req-dd14d7ee-f591-4525-918c-ad927b953dbf ] Request (VolumesNegativeTest:test_volume_get_nonexistent_volume_id): 404 GET http://10.180.1.21/compute/v2.1/os-volumes/0a78deaa-b5db-4ca4-8399-8cc9291f29e7 1.561s
2025-11-12 12:00:03.671 66695 INFO tempest.lib.common.rest_client [req-2b476586-2d36-42bf-9098-dd9b595e713e req-2b476586-2d36-42bf-9098-dd9b595e713e ] Request (SecurityGroupRulesTestJSON:tearDownClass): 202 DELETE http://10.180.1.21/compute/v2.1/os-security-groups/907e4581-32f2-4e49-bfe2-5c9d7986879a 1.705s
2025-11-12 12:00:03.778 66715 INFO tempest.lib.common.rest_client [req-74ce6c69-244e-4beb-8dbb-5bb3db73b257 req-74ce6c69-244e-4beb-8dbb-5bb3db73b257 ] Request (VolumesNegativeTest:tearDownClass): 204 DELETE http://10.180.1.21/identity/v3/users/91952fff328b4482bf634b829df67ec8 0.167s
2025-11-12 12:00:03.778 66715 INFO tempest.lib.common.dynamic_creds [-] Deleting project and security group for project: bca0b9dea19a4057be329203dc388304
2025-11-12 12:00:03.803 66703 INFO tempest.lib.common.rest_client [req-d2ca29de-795a-4bd0-acb9-3068ae565c06 req-d2ca29de-795a-4bd0-acb9-3068ae565c06 ] Request (ServersAdmin275Test:tearDownClass): 200 GET http://10.180.1.21/compute/v2.1/servers/a1fcbce6-262b-4716-9282-bb0ca5a22a00 1.574s
2025-11-12 12:00:03.857 66722 INFO tempest.lib.common.rest_client [req-3c3427dc-2da8-4284-8262-c71af593bec0 req-3c3427dc-2da8-4284-8262-c71af593bec0 ] Request (ImagesOneServerTestJSON:test_create_delete_image): 200 GET http://10.180.1.21/compute/v2.1/images/d9d38fc8-aaac-47f7-a776-30f9e353ddbf 1.535s
2025-11-12 12:00:03.883 66715 INFO tempest.lib.common.rest_client [req-04605112-b548-42ad-9f8d-0a9ef74ad6ed req-04605112-b548-42ad-9f8d-0a9ef74ad6ed ] Request (VolumesNegativeTest:tearDownClass): 201 POST http://10.180.1.21/identity/v3/auth/tokens 0.104s
2025-11-12 12:00:03.905 66725 INFO tempest.lib.common.rest_client [req-aecb04b9-95c0-4495-b9a4-276b72043994 req-aecb04b9-95c0-4495-b9a4-276b72043994 ] Request (AttachInterfacesV270Test:tearDownClass): 200 PUT http://10.180.1.21/networking/v2.0/routers/a347e2d0-01c0-47c0-828f-fd22a193f6ea/remove_router_interface 0.915s
2025-11-12 12:00:03.962 66737 INFO tempest.lib.common.rest_client [req-77c0bdbf-6fff-4077-b009-2a0ae66e9417 req-77c0bdbf-6fff-4077-b009-2a0ae66e9417 ] Request (SecurityGroupsTestJSON:test_list_security_groups_by_server): 200 GET http://10.180.1.21/compute/v2.1/servers/6542ef9a-a023-4820-8891-9f7eb92d252e 1.681s
2025-11-12 12:00:03.986 66713 INFO tempest.lib.common.rest_client [req-b1a1450c-2c73-4b3b-ac02-d82c1e80672b req-b1a1450c-2c73-4b3b-ac02-d82c1e80672b ] Request (ServerShowV257Test:test_rebuild_server): 200 GET http://10.180.1.21/compute/v2.1/servers/b30f3cdd-e757-4290-8ef1-88b605aa7d38 1.572s
2025-11-12 12:00:04.099 66715 INFO tempest.lib.common.rest_client [req-5f8feca1-c1ce-4908-acc4-dfd94ca96086 req-5f8feca1-c1ce-4908-acc4-dfd94ca96086 ] Request (VolumesNegativeTest:tearDownClass): 200 GET http://10.180.1.21/networking/v2.0/security-groups?tenant_id=bca0b9dea19a4057be329203dc388304&name=default 0.216s
2025-11-12 12:00:04.190 66733 INFO tempest.lib.common.rest_client [req-d3a8295b-6ce7-462b-b13a-d500e38827f0 req-d3a8295b-6ce7-462b-b13a-d500e38827f0 ] Request (FloatingIPsAssociationTestJSON:test_associate_already_associated_floating_ip): 200 GET http://10.180.1.21/compute/v2.1/servers/c9dcd011-1f71-4c42-9407-eb997f989f43 1.610s
