2025-11-12 10:02:18.673 66725 INFO tempest.lib.common.rest_client [req-4167fb17-b5bd-41fe-9622-99fb7dd4556f req-4167fb17-b5bd-41fe-9622-99fb7dd4556f ] Request (ServersWithSpecificFlavorTestJSON:test_verify_created_server_ephemeral_disk): 200 GET http://10.180.1.21/compute/v2.1/servers/c4a350ce-85cf-44b3-a33e-b587cb3e1db9 1.127s
2025-11-12 10:02:18.696 66689 INFO tempest.lib.common.rest_client [req-b1c2c433-70a3-4ea1-b9b6-92c215324ec4 req-b1c2c433-70a3-4ea1-b9b6-92c215324ec4 ] Request (ImagesOneServerTestJSON:test_create_image_specify_multibyte_character_image_name): 200 GET http://10.180.1.21/compute/v2.1/images/f3b707a7-64ec-4b02-9735-3a5bdb9a3a11 1.016s
2025-11-12 10:02:18.829 66747 INFO tempest.lib.common.rest_client [req-47522462-92b1-42af-b095-a4d6861c3678 req-47522462-92b1-42af-b095-a4d6861c3678 ] Request (ServersTestJSON:tearDownClass): 204 DELETE http://10.180.1.21/compute/v2.1/servers/d0152284-66a6-4269-9848-d727a1ec4929 1.101s
2025-11-12 10:02:18.870 66745 INFO tempest.lib.common.rest_client [req-839767dd-4f4e-43f2-83f7-4b8e655feb6f req-839767dd-4f4e-43f2-83f7-4b8e655feb6f ] Request (MigrationsAdminTest:test_resize_server_revert_deleted_flavor): 200 GET http://10.180.1.21/compute/v2.1/servers/158c5759-5472-4792-b570-7e1c2570fdad 1.135s
2025-11-12 10:02:18.909 66701 INFO tempest.lib.common.rest_client [req-26ce112c-2ae8-4694-b886-3c95c7c2b809 req-26ce112c-2ae8-4694-b886-3c95c7c2b809 ] Request (FloatingIPsAssociationTestJSON:tearDownClass): 200 GET http://10.180.1.21/compute/v2.1/servers/3f9e3283-4980-4cb0-9794-4fd941c2f2b3 0.583s
2025-11-12 10:02:18.953 66749 INFO tempest.lib.common.rest_client [req-90a00251-03fe-4eec-b22d-887792e91bd4 req-90a00251-03fe-4eec-b22d-887792e91bd4 ] Request (ServersAdminNegativeTestJSON:tearDownClass): 200 GET http://10.180.1.21/compute/v2.1/servers/907dd2a6-130a-4fdb-ba11-90f929143dd1 0.596s
2025-11-12 10:02:18.985 66707 INFO tempest.lib.common.rest_client [req-1d1ce652-da29-4507-900a-066b5e2a242d req-1d1ce652-da29-4507-900a-066b5e2a242d ] Request (VolumesAssistedSnapshotsTest:_run_cleanups): 200 GET http://10.180.1.21/compute/v2.1/servers/2def9d9e-856d-45d3-8dfd-d1b2d8d39a29/os-volume_attachments 0.517s
2025-11-12 10:02:19.051 66739 INFO tempest.lib.common.rest_client [req-a96f9b41-2621-47c8-bd23-b4a6664f6730 req-a96f9b41-2621-47c8-bd23-b4a6664f6730 ] Request (ListImageFiltersTestJSON:test_list_images_filter_by_name): 200 GET http://10.180.1.21/compute/v2.1/images?name=tempest-ListImageFiltersTestJSON-image-262832500 0.482s
2025-11-12 10:02:19.070 66743 INFO tempest.lib.common.rest_client [req-5aeb84cc-3a3d-40e7-b801-6d78d2740c48 req-5aeb84cc-3a3d-40e7-b801-6d78d2740c48 ] Request (ServerGroupTestJSON:_run_cleanups): 200 GET http://10.180.1.21/compute/v2.1/servers/d273741f-a859-4f96-bd57-758dd278d8c0 0.703s
2025-11-12 10:02:19.124 66697 INFO tempest.lib.common.rest_client [req-ab7f33d0-bac7-4b16-8658-c5e6b2e92b18 req-ab7f33d0-bac7-4b16-8658-c5e6b2e92b18 ] Request (ServersTestJSON:_run_cleanups): 200 GET http://10.180.1.21/compute/v2.1/servers/f749aa74-3b95-42fc-a330-bbf38e28cbb6 0.545s
2025-11-12 10:02:19.134 66742 INFO tempest.lib.common.rest_client [req-4c56a042-445c-4faa-bb6a-9cd2d2b5db93 req-4c56a042-445c-4faa-bb6a-9cd2d2b5db93 ] Request (AttachVolumeTestJSON:test_attach_detach_volume): 202 POST http://10.180.1.21/compute/v2.1/servers/c61200f5-79d6-4e7a-b425-91143c3a9318/action 0.532s
2025-11-12 10:02:19.160 66713 INFO tempest.lib.common.rest_client [req-42f6474b-e870-47f5-8aaa-4b1a956a6b30 req-42f6474b-e870-47f5-8aaa-4b1a956a6b30 ] Request (AttachInterfacesUnderV243Test:test_add_remove_fixed_ip): 200 GET http://10.180.1.21/compute/v2.1/servers/37f2f29e-8f72-422f-ae4c-b9e7c1679d21/ips 0.511s
2025-11-12 10:02:19.179 66689 INFO tempest.lib.common.rest_client [req-08cc39b8-4bd9-45f8-8904-5995132c308c req-08cc39b8-4bd9-45f8-8904-5995132c308c ] Request (ImagesOneServerTestJSON:test_create_image_specify_multibyte_character_image_name): 200 GET http://10.180.1.21/compute/v2.1/images/f3b707a7-64ec-4b02-9735-3a5bdb9a3a11 0.477s
2025-11-12 10:02:19.284 66705 INFO tempest.lib.common.rest_client [req-97ffd450-1e35-4fbc-b51b-788ca5368511 req-97ffd450-1e35-4fbc-b51b-788ca5368511 ] Request (ImagesTestJSON:test_create_image_from_stopped_server): 200 GET http://10.180.1.21/compute/v2.1/servers/667c4d7b-9180-4026-a753-70b68923aeb1 0.502s
2025-11-12 10:02:19.338 66747 INFO tempest.lib.common.rest_client [req-b2d82eb4-f854-4981-bcf1-852937e0490c req-b2d82eb4-f854-4981-bcf1-852937e0490c ] Request (ServersTestJSON:tearDownClass): 200 GET http://10.180.1.21/compute/v2.1/servers/d0152284-66a6-4269-9848-d727a1ec4929 0.509s
2025-11-12 10:02:19.349 66711 INFO tempest.lib.common.rest_client [req-9c933f9d-fb55-4993-b9b5-2196afa9f809 req-9c933f9d-fb55-4993-b9b5-2196afa9f809 ] Request (ServersAdminTestJSON:setUpClass): 200 GET http://10.180.1.21/compute/v2.1/servers/b71ae199-5800-4f8f-91d5-7bb64ad144c3 0.502s
2025-11-12 10:02:19.368 66745 INFO tempest.lib.common.rest_client [req-33fd03c3-c51f-40e5-9ca1-fe738b35fd52 req-33fd03c3-c51f-40e5-9ca1-fe738b35fd52 ] Request (MigrationsAdminTest:test_resize_server_revert_deleted_flavor): 202 DELETE http://10.180.1.21/compute/v2.1/flavors/5c97388f-c0f0-4dc7-83fe-dba7e3569388 0.488s
2025-11-12 10:02:19.419 66731 INFO tempest.lib.common.rest_client [req-f0b58f38-3b72-4477-b21d-fb60d16b83e1 req-f0b58f38-3b72-4477-b21d-fb60d16b83e1 ] Request (ServerDiskConfigTestJSON:test_rebuild_server_with_auto_disk_config): 200 GET http://10.180.1.21/compute/v2.1/servers/eec15b6d-6c7f-4ce0-a2d4-271ad99c2719 0.516s
2025-11-12 10:02:19.484 66719 INFO tempest.lib.common.rest_client [req-31be0b91-49a4-4713-93d8-479f4db3f452 req-31be0b91-49a4-4713-93d8-479f4db3f452 ] Request (ServerShowV257Test:test_rebuild_server): 200 GET http://10.180.1.21/compute/v2.1/servers/9cb8d698-ec5a-49fa-80b1-2dac1e8a641c 0.547s
2025-11-12 10:02:19.505 66719 INFO tempest.common.waiters [-] State transition "BUILD/scheduling" ==> "BUILD/None" after 17 second wait
2025-11-12 10:02:19.576 66693 INFO tempest.lib.common.rest_client [req-1847ef07-e585-4801-b4dc-630a1b7e86b5 req-1847ef07-e585-4801-b4dc-630a1b7e86b5 ] Request (AttachInterfacesV270Test:tearDownClass): 200 GET http://10.180.1.21/compute/v2.1/servers/8aeea60f-a838-484f-bb63-951763790c73 0.594s
2025-11-12 10:02:19.643 66735 INFO tempest.lib.common.rest_client [req-c7701f25-d9bc-4b54-9f5a-61647af5898a req-c7701f25-d9bc-4b54-9f5a-61647af5898a ] Request (ServersTestMultiNic:_run_cleanups): 200 GET http://10.180.1.21/compute/v2.1/servers/61cfa913-9287-40e5-a596-0e613ca76e9e 0.647s
2025-11-12 10:02:19.704 66737 INFO tempest.lib.common.rest_client [req-91e99952-7741-4889-b186-d16cc1a62331 req-91e99952-7741-4889-b186-d16cc1a62331 ] Request (ServersNegativeTestJSON:setUpClass): 200 GET http://10.180.1.21/compute/v2.1/servers/5abb136a-1719-4626-8f7d-e73d77d52cbd 0.665s
2025-11-12 10:02:19.787 66739 INFO tempest.lib.common.rest_client [req-9399b958-3d38-4f3f-9b6e-ab153d28d77a req-9399b958-3d38-4f3f-9b6e-ab153d28d77a ] Request (ListImageFiltersTestJSON:test_list_images_filter_by_server_id): 200 GET http://10.180.1.21/compute/v2.1/images?server=e2638852-4862-4036-9f96-807c5d059ec8 0.731s
2025-11-12 10:02:19.898 66723 INFO tempest.lib.common.rest_client [req-5cf30f5f-c919-4cab-a294-781d298e7f29 req-5cf30f5f-c919-4cab-a294-781d298e7f29 ] Request (InstanceActionsNegativeTestJSON:tearDownClass): 200 GET http://10.180.1.21/compute/v2.1/servers/e0e084f4-d424-4354-b7d3-27022080ed84 0.832s
2025-11-12 10:02:19.921 66715 INFO tempest.lib.common.rest_client [req-567953c8-89a2-4aa0-a437-0a95ace23b5d req-567953c8-89a2-4aa0-a437-0a95ace23b5d ] Request (ServerAddressesTestJSON:setUpClass): 200 GET http://10.180.1.21/compute/v2.1/servers/1d478f14-5dc4-48b6-9e15-95b3f2d3fcfd 1.047s
2025-11-12 10:02:19.970 66727 INFO tempest.lib.common.rest_client [req-8f3c4dd8-d41c-4685-a649-b05142e6dedf req-8f3c4dd8-d41c-4685-a649-b05142e6dedf ] Request (ServersAdmin275Test:tearDownClass): 200 GET http://10.180.1.21/compute/v2.1/servers/28d397e9-15b4-4c2a-a8ec-2c67acfeb7f1 0.844s
2025-11-12 10:02:20.057 66695 INFO tempest.lib.common.rest_client [req-3f6e449b-8d49-434c-a001-90403578e24c req-3f6e449b-8d49-434c-a001-90403578e24c ] Request (ListServerFiltersTestJSON:setUpClass): 200 GET http://10.180.1.21/compute/v2.1/servers/8487c211-d570-419b-8a7e-744e3cfd768e 0.902s
2025-11-12 10:02:20.094 66713 INFO tempest.lib.common.rest_client [req-6087d0b4-2984-4a00-be9a-c1369755471e req-6087d0b4-2984-4a00-be9a-c1369755471e ] Request (AttachInterfacesUnderV243Test:test_add_remove_fixed_ip): 202 POST http://10.180.1.21/compute/v2.1/servers/37f2f29e-8f72-422f-ae4c-b9e7c1679d21/action 0.932s
2025-11-12 10:02:20.153 66742 INFO tempest.lib.common.rest_client [req-f6aebd2e-0b57-4846-9c8d-7024b8cd05a5 req-f6aebd2e-0b57-4846-9c8d-7024b8cd05a5 ] Request (AttachVolumeTestJSON:test_attach_detach_volume): 200 GET http://10.180.1.21/compute/v2.1/servers/c61200f5-79d6-4e7a-b425-91143c3a9318 1.019s
2025-11-12 10:02:20.277 66685 INFO tempest.lib.common.rest_client [req-f0861a4d-23f0-4c2c-bd24-a3e3bd4c9564 req-f0861a4d-23f0-4c2c-bd24-a3e3bd4c9564 ] Request (DeleteServersTestJSON:test_delete_server_while_in_shelved_state): 200 GET http://10.180.1.21/compute/v2.1/servers/41a1d715-3edd-4e68-be33-dee1ef933f7e 1.023s
2025-11-12 10:02:20.389 66689 INFO tempest.lib.common.rest_client [req-9e98f11c-bf6e-47c8-8aed-10fe21dc2b9a req-9e98f11c-bf6e-47c8-8aed-10fe21dc2b9a ] Request (ImagesOneServerTestJSON:test_create_image_specify_multibyte_character_image_name): 200 GET http://10.180.1.21/compute/v2.1/servers/64a91812-e9b3-43f5-b4dd-ff0b995a3168 1.206s
2025-11-12 10:02:20.424 66745 INFO tempest.lib.common.rest_client [req-a47979bb-2258-4481-987a-eef93cb75f7c req-a47979bb-2258-4481-987a-eef93cb75f7c ] Request (MigrationsAdminTest:test_resize_server_revert_deleted_flavor): 200 GET http://10.180.1.21/compute/v2.1/flavors/detail 1.055s
2025-11-12 10:02:20.532 66733 INFO tempest.lib.common.rest_client [req-ebfeb4fc-5985-4113-be57-7882251e01d4 req-ebfeb4fc-5985-4113-be57-7882251e01d4 ] Request (AttachVolumeShelveTestJSON:test_attach_volume_shelved_or_offload_server): 200 GET http://10.180.1.21/compute/v2.1/servers/da85d11e-d055-40f2-a137-aad5a30a06d3 1.234s
2025-11-12 10:02:20.550 66725 INFO tempest.lib.common.rest_client [req-3d3fe962-98a6-4181-a01f-77ff69e1b92b req-3d3fe962-98a6-4181-a01f-77ff69e1b92b ] Request (ServersWithSpecificFlavorTestJSON:test_verify_created_server_ephemeral_disk): 200 GET http://10.180.1.21/compute/v2.1/servers/c4a350ce-85cf-44b3-a33e-b587cb3e1db9 0.868s
2025-11-12 10:02:20.598 66739 INFO tempest.lib.common.rest_client [req-f8f7a910-2d87-4681-9a71-0cf98c92a917 req-f8f7a910-2d87-4681-9a71-0cf98c92a917 ] Request (ListImageFiltersTestJSON:test_list_images_filter_by_server_ref): 200 GET http://10.180.1.21/compute/v2.1/images?server=http%3A%2F%2F10.180.1.21%2Fcompute%2Fv2.1%2Fservers%2Fedd037fa-8d5d-4f9a-be85-32bd6655d842 0.806s
2025-11-12 10:02:20.683 66701 INFO tempest.lib.common.rest_client [req-e0cf81e6-7175-4e3b-986c-752bb7f82bec req-e0cf81e6-7175-4e3b-986c-752bb7f82bec ] Request (FloatingIPsAssociationTestJSON:tearDownClass): 200 GET http://10.180.1.21/compute/v2.1/servers/3f9e3283-4980-4cb0-9794-4fd941c2f2b3 0.761s
2025-11-12 10:02:20.735 66707 INFO tempest.lib.common.rest_client [req-5496435c-9fcc-42b8-9840-b2a4234ce172 req-5496435c-9fcc-42b8-9840-b2a4234ce172 ] Request (VolumesAssistedSnapshotsTest:_run_cleanups): 200 GET http://10.180.1.21/compute/v2.1/servers/2def9d9e-856d-45d3-8dfd-d1b2d8d39a29/os-volume_attachments 0.748s
2025-11-12 10:02:20.778 66749 INFO tempest.lib.common.rest_client [req-d712d09c-69c2-4a66-ba90-d23656cce49e req-d712d09c-69c2-4a66-ba90-d23656cce49e ] Request (ServersAdminNegativeTestJSON:tearDownClass): 200 GET http://10.180.1.21/compute/v2.1/servers/907dd2a6-130a-4fdb-ba11-90f929143dd1 0.817s
2025-11-12 10:02:20.818 66713 INFO tempest.lib.common.rest_client [req-1903e838-7d37-4916-8517-2458b32558f6 req-1903e838-7d37-4916-8517-2458b32558f6 ] Request (AttachInterfacesUnderV243Test:test_add_remove_fixed_ip): 200 GET http://10.180.1.21/compute/v2.1/servers/37f2f29e-8f72-422f-ae4c-b9e7c1679d21/ips 0.723s
2025-11-12 10:02:21.400 66697 INFO tempest.lib.common.rest_client [req-8ae940fe-aeb2-447d-b36a-8dccb9b99308 req-8ae940fe-aeb2-447d-b36a-8dccb9b99308 ] Request (ServersTestJSON:_run_cleanups): 200 GET http://10.180.1.21/compute/v2.1/servers/f749aa74-3b95-42fc-a330-bbf38e28cbb6 1.266s
2025-11-12 10:02:21.434 66743 INFO tempest.lib.common.rest_client [req-16f26666-f45a-498f-bca6-98db93e55d84 req-16f26666-f45a-498f-bca6-98db93e55d84 ] Request (ServerGroupTestJSON:_run_cleanups): 200 GET http://10.180.1.21/compute/v2.1/servers/d273741f-a859-4f96-bd57-758dd278d8c0 1.355s
2025-11-12 10:02:21.576 66729 WARNING tempest.lib.common.ssh [-] Failed to establish authenticated ssh connection to cirros@10.180.180.179 ([Errno None] Unable to connect to port 22 on 10.180.180.179). Number attempts: 1. Retry after 2 seconds.: paramiko.ssh_exception.NoValidConnectionsError: [Errno None] Unable to connect to port 22 on 10.180.180.179
2025-11-12 10:02:22.116 66747 INFO tempest.lib.common.rest_client [req-1097bfa3-ac68-4a48-a21c-ce158a72cdce req-1097bfa3-ac68-4a48-a21c-ce158a72cdce ] Request (ServersTestJSON:tearDownClass): 200 GET http://10.180.1.21/compute/v2.1/servers/d0152284-66a6-4269-9848-d727a1ec4929 1.762s
2025-11-12 10:02:22.143 66705 INFO tempest.lib.common.rest_client [req-eebea0fb-ca94-468d-b2ea-787ca17768ca req-eebea0fb-ca94-468d-b2ea-787ca17768ca ] Request (ImagesTestJSON:test_create_image_from_stopped_server): 200 GET http://10.180.1.21/compute/v2.1/servers/667c4d7b-9180-4026-a753-70b68923aeb1 1.850s
2025-11-12 10:02:22.365 66711 INFO tempest.lib.common.rest_client [req-fbf3669e-2339-4a3c-bede-958f3435ba4d req-fbf3669e-2339-4a3c-bede-958f3435ba4d ] Request (ServersAdminTestJSON:setUpClass): 200 GET http://10.180.1.21/compute/v2.1/servers/b71ae199-5800-4f8f-91d5-7bb64ad144c3 2.008s
2025-11-12 10:02:22.392 66731 INFO tempest.lib.common.rest_client [req-20a616e9-ab50-457c-9ea2-47585ca0cca4 req-20a616e9-ab50-457c-9ea2-47585ca0cca4 ] Request (ServerDiskConfigTestJSON:test_rebuild_server_with_auto_disk_config): 200 GET http://10.180.1.21/compute/v2.1/servers/eec15b6d-6c7f-4ce0-a2d4-271ad99c2719 1.964s
2025-11-12 10:02:22.583 66745 INFO tempest.lib.common.rest_client [req-ff3c9503-4ad9-4a48-9d68-52486d4e4a90 req-ff3c9503-4ad9-4a48-9d68-52486d4e4a90 ] Request (MigrationsAdminTest:test_resize_server_revert_deleted_flavor): 202 POST http://10.180.1.21/compute/v2.1/servers/158c5759-5472-4792-b570-7e1c2570fdad/action 2.149s
2025-11-12 10:02:22.725 66719 INFO tempest.lib.common.rest_client [req-24fb0c57-5083-41d5-8218-e18fef4239ee req-24fb0c57-5083-41d5-8218-e18fef4239ee ] Request (ServerShowV257Test:test_rebuild_server): 200 GET http://10.180.1.21/compute/v2.1/servers/9cb8d698-ec5a-49fa-80b1-2dac1e8a641c 2.219s
2025-11-12 10:02:22.784 66693 INFO tempest.lib.common.rest_client [req-cafd4a04-ba45-462b-bc22-1152be1ab56a req-cafd4a04-ba45-462b-bc22-1152be1ab56a ] Request (AttachInterfacesV270Test:tearDownClass): 200 GET http://10.180.1.21/compute/v2.1/servers/8aeea60f-a838-484f-bb63-951763790c73 2.196s
2025-11-12 10:02:22.784 66739 INFO tempest.lib.common.rest_client [req-1bdbf63a-e042-4643-a834-1887aad9bc04 req-1bdbf63a-e042-4643-a834-1887aad9bc04 ] Request (ListImageFiltersTestJSON:test_list_images_filter_by_server_ref): 200 GET http://10.180.1.21/compute/v2.1/images?server=http%3A%2F%2F10.180.1.21%2Fcompute%2Fservers%2Fedd037fa-8d5d-4f9a-be85-32bd6655d842 2.182s
2025-11-12 10:02:22.937 66737 INFO tempest.lib.common.rest_client [req-5cb46e2f-2366-46ef-9f6c-a4b32915696c req-5cb46e2f-2366-46ef-9f6c-a4b32915696c ] Request (ServersNegativeTestJSON:setUpClass): 200 GET http://10.180.1.21/compute/v2.1/servers/5abb136a-1719-4626-8f7d-e73d77d52cbd 2.217s
2025-11-12 10:02:22.951 66735 INFO tempest.lib.common.rest_client [req-ca27bbc8-727e-410d-9ff6-5d1e5a1f587d req-ca27bbc8-727e-410d-9ff6-5d1e5a1f587d ] Request (ServersTestMultiNic:_run_cleanups): 200 GET http://10.180.1.21/compute/v2.1/servers/61cfa913-9287-40e5-a596-0e613ca76e9e 2.300s
2025-11-12 10:02:23.175 66723 INFO tempest.lib.common.rest_client [req-5d35162a-466d-41c7-953e-5850553b67da req-5d35162a-466d-41c7-953e-5850553b67da ] Request (InstanceActionsNegativeTestJSON:tearDownClass): 200 GET http://10.180.1.21/compute/v2.1/servers/e0e084f4-d424-4354-b7d3-27022080ed84 2.265s
2025-11-12 10:02:23.353 66727 INFO tempest.lib.common.rest_client [req-f8f133cd-e1c0-47b9-8ed5-16b2f1c15680 req-f8f133cd-e1c0-47b9-8ed5-16b2f1c15680 ] Request (ServersAdmin275Test:tearDownClass): 200 GET http://10.180.1.21/compute/v2.1/servers/28d397e9-15b4-4c2a-a8ec-2c67acfeb7f1 2.370s
2025-11-12 10:02:23.381 66715 INFO tempest.lib.common.rest_client [req-0e80e7a5-6c2c-4466-a1b2-8d781528e41e req-0e80e7a5-6c2c-4466-a1b2-8d781528e41e ] Request (ServerAddressesTestJSON:setUpClass): 200 GET http://10.180.1.21/compute/v2.1/servers/1d478f14-5dc4-48b6-9e15-95b3f2d3fcfd 2.453s
2025-11-12 10:02:23.390 66715 INFO tempest.common.waiters [-] State transition "BUILD/spawning" ==> "ACTIVE/None" after 29 second wait
2025-11-12 10:02:23.449 66695 INFO tempest.lib.common.rest_client [req-a885ccf0-be59-4596-a353-086dc6cd83d2 req-a885ccf0-be59-4596-a353-086dc6cd83d2 ] Request (ListServerFiltersTestJSON:setUpClass): 200 GET http://10.180.1.21/compute/v2.1/servers/8487c211-d570-419b-8a7e-744e3cfd768e 2.382s
2025-11-12 10:02:23.561 66685 INFO tempest.lib.common.rest_client [req-257a5cde-6ea0-44df-a82b-dae9d67e4d3d req-257a5cde-6ea0-44df-a82b-dae9d67e4d3d ] Request (DeleteServersTestJSON:test_delete_server_while_in_shelved_state): 200 GET http://10.180.1.21/compute/v2.1/servers/41a1d715-3edd-4e68-be33-dee1ef933f7e 2.273s
2025-11-12 10:02:23.595 66742 INFO tempest.lib.common.rest_client [req-f6cced26-e345-4b63-88ed-3fdc7d6b3bf8 req-f6cced26-e345-4b63-88ed-3fdc7d6b3bf8 ] Request (AttachVolumeTestJSON:test_attach_detach_volume): 200 GET http://10.180.1.21/compute/v2.1/servers/c61200f5-79d6-4e7a-b425-91143c3a9318 2.432s
2025-11-12 10:02:23.829 66689 INFO tempest.lib.common.rest_client [req-3bafe563-e00c-4d02-80bf-4461ab771ba6 req-3bafe563-e00c-4d02-80bf-4461ab771ba6 ] Request (ImagesOneServerTestJSON:test_create_image_specify_multibyte_character_image_name): 200 GET http://10.180.1.21/compute/v2.1/servers/64a91812-e9b3-43f5-b4dd-ff0b995a3168 2.427s
2025-11-12 10:02:23.839 66689 INFO tempest.common.waiters [-] State transition "ACTIVE/image_uploading" ==> "ACTIVE/None" after 3 second wait
2025-11-12 10:02:23.867 66733 INFO tempest.lib.common.rest_client [req-86193aec-df38-4ef7-8c1c-62a2d057085f req-86193aec-df38-4ef7-8c1c-62a2d057085f ] Request (AttachVolumeShelveTestJSON:test_attach_volume_shelved_or_offload_server): 200 GET http://10.180.1.21/compute/v2.1/servers/da85d11e-d055-40f2-a137-aad5a30a06d3 2.321s
2025-11-12 10:02:23.900 66725 INFO tempest.lib.common.rest_client [req-db4b7eea-4504-4628-a79f-c25d1d26050f req-db4b7eea-4504-4628-a79f-c25d1d26050f ] Request (ServersWithSpecificFlavorTestJSON:test_verify_created_server_ephemeral_disk): 200 GET http://10.180.1.21/compute/v2.1/servers/c4a350ce-85cf-44b3-a33e-b587cb3e1db9 2.336s
2025-11-12 10:02:23.934 66707 INFO tempest.lib.common.rest_client [req-53700b6e-97ba-4266-8931-a2d654680ba9 req-53700b6e-97ba-4266-8931-a2d654680ba9 ] Request (VolumesAssistedSnapshotsTest:_run_cleanups): 200 GET http://10.180.1.21/compute/v2.1/servers/2def9d9e-856d-45d3-8dfd-d1b2d8d39a29/os-volume_attachments 2.196s
2025-11-12 10:02:23.938 66701 INFO tempest.lib.common.rest_client [req-1bf5d8e1-3c3d-40bd-af8e-5d5a0b72bd7f req-1bf5d8e1-3c3d-40bd-af8e-5d5a0b72bd7f ] Request (FloatingIPsAssociationTestJSON:tearDownClass): 200 GET http://10.180.1.21/compute/v2.1/servers/3f9e3283-4980-4cb0-9794-4fd941c2f2b3 2.241s
2025-11-12 10:02:23.971 66713 INFO tempest.lib.common.rest_client [req-1410b7df-a027-468b-b993-a22b87a05ac4 req-1410b7df-a027-468b-b993-a22b87a05ac4 ] Request (AttachInterfacesUnderV243Test:test_add_remove_fixed_ip): 200 GET http://10.180.1.21/compute/v2.1/servers/37f2f29e-8f72-422f-ae4c-b9e7c1679d21/ips 2.150s
2025-11-12 10:02:23.975 66707 INFO tempest.lib.common.rest_client [req-f62d8ee3-7242-4b70-8538-9d5a7718a039 req-f62d8ee3-7242-4b70-8538-9d5a7718a039 ] Request (VolumesAssistedSnapshotsTest:_run_cleanups): 200 GET http://10.180.1.21/volume/v3/volumes/60ed1345-486e-4791-815b-0286a3c740a5 0.039s
2025-11-12 10:02:23.984 66707 INFO tempest.common.waiters [-] volume 60ed1345-486e-4791-815b-0286a3c740a5 reached available after waiting for 0.984154 seconds
2025-11-12 10:02:24.008 66749 INFO tempest.lib.common.rest_client [req-cdd3fc7a-b269-4ddd-94a0-3aecde1648fa req-cdd3fc7a-b269-4ddd-94a0-3aecde1648fa ] Request (ServersAdminNegativeTestJSON:tearDownClass): 200 GET http://10.180.1.21/compute/v2.1/servers/907dd2a6-130a-4fdb-ba11-90f929143dd1 2.221s
2025-11-12 10:02:24.034 66707 INFO tempest.lib.common.rest_client [req-db470f4c-1110-4963-9d24-0dd5be3baf1c req-db470f4c-1110-4963-9d24-0dd5be3baf1c ] Request (VolumesAssistedSnapshotsTest:_run_cleanups): 202 DELETE http://10.180.1.21/volume/v3/volumes/60ed1345-486e-4791-815b-0286a3c740a5 0.050s
2025-11-12 10:02:24.047 66697 INFO tempest.lib.common.rest_client [req-3d75b2d0-d831-412d-b676-b253f279ed51 req-3d75b2d0-d831-412d-b676-b253f279ed51 ] Request (ServersTestJSON:_run_cleanups): 200 GET http://10.180.1.21/compute/v2.1/servers/f749aa74-3b95-42fc-a330-bbf38e28cbb6 1.640s
2025-11-12 10:02:24.061 66707 INFO tempest.lib.common.rest_client [req-00fa1f7f-7a5e-4cdf-a372-f8bd915d221d req-00fa1f7f-7a5e-4cdf-a372-f8bd915d221d ] Request (VolumesAssistedSnapshotsTest:_run_cleanups): 200 GET http://10.180.1.21/volume/v3/volumes/60ed1345-486e-4791-815b-0286a3c740a5 0.026s
2025-11-12 10:02:24.082 66743 INFO tempest.lib.common.rest_client [req-cdcb5871-d693-4a85-9627-b9f4af8a21f0 req-cdcb5871-d693-4a85-9627-b9f4af8a21f0 ] Request (ServerGroupTestJSON:_run_cleanups): 200 GET http://10.180.1.21/compute/v2.1/servers/d273741f-a859-4f96-bd57-758dd278d8c0 1.633s
2025-11-12 10:02:24.090 66743 INFO tempest.common.waiters [-] State transition "ACTIVE/deleting" ==> "DELETED/None" after 5 second wait
2025-11-12 10:02:24.181 66739 INFO tempest.lib.common.rest_client [req-fac19530-179e-4238-9faa-4ee7bf816de4 req-fac19530-179e-4238-9faa-4ee7bf816de4 ] Request (ListImageFiltersTestJSON:test_list_images_filter_by_status): 200 GET http://10.180.1.21/compute/v2.1/images?status=ACTIVE 1.392s
2025-11-12 10:02:24.200 66745 INFO tempest.lib.common.rest_client [req-e822f5d6-4c01-483c-ae7e-12b0531465e5 req-e822f5d6-4c01-483c-ae7e-12b0531465e5 ] Request (MigrationsAdminTest:test_resize_server_revert_deleted_flavor): 200 GET http://10.180.1.21/compute/v2.1/servers/158c5759-5472-4792-b570-7e1c2570fdad 1.616s
2025-11-12 10:02:24.263 66747 INFO tempest.lib.common.rest_client [req-709d65e9-f994-46bf-94a8-594723edbc94 req-709d65e9-f994-46bf-94a8-594723edbc94 ] Request (ServersTestJSON:tearDownClass): 200 GET http://10.180.1.21/compute/v2.1/servers/d0152284-66a6-4269-9848-d727a1ec4929 1.138s
2025-11-12 10:02:24.271 66747 INFO tempest.common.waiters [-] State transition "ACTIVE/deleting" ==> "DELETED/None" after 5 second wait
2025-11-12 10:02:24.347 66711 INFO tempest.lib.common.rest_client [req-c39aef7a-ae2a-465f-ba53-401c7813a57b req-c39aef7a-ae2a-465f-ba53-401c7813a57b ] Request (ServersAdminTestJSON:setUpClass): 200 GET http://10.180.1.21/compute/v2.1/servers/b71ae199-5800-4f8f-91d5-7bb64ad144c3 0.967s
2025-11-12 10:02:24.374 66715 INFO tempest.lib.common.rest_client [req-27aba85a-c4b5-478c-8499-e18c9b734b53 req-27aba85a-c4b5-478c-8499-e18c9b734b53 ] Request (ServerAddressesTestJSON:test_list_server_addresses): 200 GET http://10.180.1.21/compute/v2.1/servers/1d478f14-5dc4-48b6-9e15-95b3f2d3fcfd/ips 0.983s
2025-11-12 10:02:24.375 66705 INFO tempest.lib.common.rest_client [req-63bdc2f0-ba6b-4e62-a759-d9ca5eae6d47 req-63bdc2f0-ba6b-4e62-a759-d9ca5eae6d47 ] Request (ImagesTestJSON:test_create_image_from_stopped_server): 200 GET http://10.180.1.21/compute/v2.1/servers/667c4d7b-9180-4026-a753-70b68923aeb1 1.221s
2025-11-12 10:02:24.438 66731 INFO tempest.lib.common.rest_client [req-c407d78c-f657-4a45-893c-c2a9e8808587 req-c407d78c-f657-4a45-893c-c2a9e8808587 ] Request (ServerDiskConfigTestJSON:test_rebuild_server_with_auto_disk_config): 200 GET http://10.180.1.21/compute/v2.1/servers/eec15b6d-6c7f-4ce0-a2d4-271ad99c2719 1.035s
2025-11-12 10:02:24.467 66719 INFO tempest.lib.common.rest_client [req-a626c08f-dedc-4656-bcfd-a2ce339fd8de req-a626c08f-dedc-4656-bcfd-a2ce339fd8de ] Request (ServerShowV257Test:test_rebuild_server): 200 GET http://10.180.1.21/compute/v2.1/servers/9cb8d698-ec5a-49fa-80b1-2dac1e8a641c 0.726s
2025-11-12 10:02:24.516 66693 INFO tempest.lib.common.rest_client [req-d2775edb-91be-48ac-92ed-498e5bdbf7a3 req-d2775edb-91be-48ac-92ed-498e5bdbf7a3 ] Request (AttachInterfacesV270Test:tearDownClass): 200 GET http://10.180.1.21/compute/v2.1/servers/8aeea60f-a838-484f-bb63-951763790c73 0.717s
2025-11-12 10:02:24.571 66737 INFO tempest.lib.common.rest_client [req-27d236f2-01fd-4f4d-9ae7-6aab0617da08 req-27d236f2-01fd-4f4d-9ae7-6aab0617da08 ] Request (ServersNegativeTestJSON:setUpClass): 200 GET http://10.180.1.21/compute/v2.1/servers/5abb136a-1719-4626-8f7d-e73d77d52cbd 0.618s
2025-11-12 10:02:24.606 66689 INFO tempest.lib.common.rest_client [req-0123000b-6c13-49e2-af9e-c6d68d0c9638 req-0123000b-6c13-49e2-af9e-c6d68d0c9638 ] Request (ImagesOneServerTestJSON:tearDownClass): 204 DELETE http://10.180.1.21/compute/v2.1/images/f3b707a7-64ec-4b02-9735-3a5bdb9a3a11 0.765s
2025-11-12 10:02:24.649 66729 WARNING tempest.lib.common.ssh [-] Failed to establish authenticated ssh connection to cirros@10.180.180.179 ([Errno None] Unable to connect to port 22 on 10.180.180.179). Number attempts: 2. Retry after 3 seconds.: paramiko.ssh_exception.NoValidConnectionsError: [Errno None] Unable to connect to port 22 on 10.180.180.179
2025-11-12 10:02:24.654 66735 INFO tempest.lib.common.rest_client [req-bd42e870-7e4c-48f5-9809-2a74ae698a05 req-bd42e870-7e4c-48f5-9809-2a74ae698a05 ] Request (ServersTestMultiNic:_run_cleanups): 200 GET http://10.180.1.21/compute/v2.1/servers/61cfa913-9287-40e5-a596-0e613ca76e9e 0.692s
2025-11-12 10:02:24.728 66739 INFO tempest.lib.common.rest_client [req-25a29928-d6f8-4df9-ad63-e822c5fc8fe0 req-25a29928-d6f8-4df9-ad63-e822c5fc8fe0 ] Request (ListImageFiltersTestJSON:test_list_images_filter_by_type): 200 GET http://10.180.1.21/compute/v2.1/images?type=snapshot 0.543s
2025-11-12 10:02:24.825 66713 INFO tempest.lib.common.rest_client [req-3fb6a0f0-da07-4639-b574-c20d03ceecda req-3fb6a0f0-da07-4639-b574-c20d03ceecda ] Request (AttachInterfacesUnderV243Test:test_add_remove_fixed_ip): 200 GET http://10.180.1.21/compute/v2.1/servers/37f2f29e-8f72-422f-ae4c-b9e7c1679d21 0.852s
2025-11-12 10:02:24.849 66727 INFO tempest.lib.common.rest_client [req-29f3406f-8515-41a9-aa22-0ad9b95c1d9c req-29f3406f-8515-41a9-aa22-0ad9b95c1d9c ] Request (ServersAdmin275Test:tearDownClass): 404 GET http://10.180.1.21/compute/v2.1/servers/28d397e9-15b4-4c2a-a8ec-2c67acfeb7f1 0.480s
2025-11-12 10:02:24.887 66715 INFO tempest.lib.common.rest_client [req-066a1b48-a5e5-4404-a3ac-3df6d12b1aab req-066a1b48-a5e5-4404-a3ac-3df6d12b1aab ] Request (ServerAddressesTestJSON:test_list_server_addresses_by_network): 200 GET http://10.180.1.21/compute/v2.1/servers/1d478f14-5dc4-48b6-9e15-95b3f2d3fcfd/ips 0.509s
2025-11-12 10:02:24.889 66723 INFO tempest.lib.common.rest_client [req-523d20cd-f8fe-427f-ab19-1b424d4f07f2 req-523d20cd-f8fe-427f-ab19-1b424d4f07f2 ] Request (InstanceActionsNegativeTestJSON:tearDownClass): 200 GET http://10.180.1.21/compute/v2.1/servers/e0e084f4-d424-4354-b7d3-27022080ed84 0.700s
2025-11-12 10:02:24.998 66685 INFO tempest.lib.common.rest_client [req-9897c616-cbe1-4523-a4c2-2d5cb2e0bb56 req-9897c616-cbe1-4523-a4c2-2d5cb2e0bb56 ] Request (DeleteServersTestJSON:test_delete_server_while_in_shelved_state): 200 GET http://10.180.1.21/compute/v2.1/servers/41a1d715-3edd-4e68-be33-dee1ef933f7e 0.428s
2025-11-12 10:02:25.012 66685 INFO tempest.common.waiters [-] State transition "BUILD/scheduling" ==> "BUILD/None" after 7 second wait
2025-11-12 10:02:25.016 66727 INFO tempest.lib.common.rest_client [req-8d8174ed-40dc-4114-857c-d200b01857fb req-8d8174ed-40dc-4114-857c-d200b01857fb ] Request (ServersAdmin275Test:tearDownClass): 204 DELETE http://10.180.1.21/identity/v3/users/8ea1e70c0fe5436dbf700692131471d6 0.167s
2025-11-12 10:02:25.020 66695 INFO tempest.lib.common.rest_client [req-9d473fff-4ac7-490c-b6a2-42ef917cb823 req-9d473fff-4ac7-490c-b6a2-42ef917cb823 ] Request (ListServerFiltersTestJSON:setUpClass): 200 GET http://10.180.1.21/compute/v2.1/servers/8487c211-d570-419b-8a7e-744e3cfd768e 0.557s
2025-11-12 10:02:25.052 66689 INFO tempest.lib.common.rest_client [req-3e476bda-f3a5-4882-8795-d6e2e73078de req-3e476bda-f3a5-4882-8795-d6e2e73078de ] Request (ImagesOneServerTestJSON:tearDownClass): 404 DELETE http://10.180.1.21/compute/v2.1/images/9abc3e6b-3616-41ae-8929-d7e55c3d4f9e 0.445s
2025-11-12 10:02:25.123 66707 INFO tempest.lib.common.rest_client [req-2fd86e4d-4eab-4892-9c44-a10c3b0329f0 req-2fd86e4d-4eab-4892-9c44-a10c3b0329f0 ] Request (VolumesAssistedSnapshotsTest:_run_cleanups): 200 GET http://10.180.1.21/volume/v3/volumes/60ed1345-486e-4791-815b-0286a3c740a5 0.054s
2025-11-12 10:02:25.164 66739 INFO tempest.lib.common.rest_client [req-67f4e598-6c01-4fbf-8c03-d9ce9dfaf032 req-67f4e598-6c01-4fbf-8c03-d9ce9dfaf032 ] Request (ListImageFiltersTestJSON:test_list_images_limit_results): 200 GET http://10.180.1.21/compute/v2.1/images?limit=1 0.431s
2025-11-12 10:02:25.213 66713 INFO tempest.lib.common.rest_client [req-23402951-e386-460e-87b5-bb8e287d5389 req-23402951-e386-460e-87b5-bb8e287d5389 ] Request (AttachInterfacesUnderV243Test:test_add_remove_fixed_ip): 202 POST http://10.180.1.21/compute/v2.1/servers/37f2f29e-8f72-422f-ae4c-b9e7c1679d21/action 0.380s
2025-11-12 10:02:25.214 66727 INFO tempest.lib.common.rest_client [req-a531daa0-8eb5-4b44-b5a4-502ed8801113 req-a531daa0-8eb5-4b44-b5a4-502ed8801113 ] Request (ServersAdmin275Test:tearDownClass): 204 DELETE http://10.180.1.21/identity/v3/users/71256ee3b5fb4453a2d636cbc94f2ad6 0.197s
2025-11-12 10:02:25.215 66727 INFO tempest.lib.common.dynamic_creds [-] Deleting project and security group for project: 041699352c224240bfcda3eece217a15
2025-11-12 10:02:25.215 66742 INFO tempest.lib.common.rest_client [req-9849afbc-6b9a-493e-9542-0eacaf3b3728 req-9849afbc-6b9a-493e-9542-0eacaf3b3728 ] Request (AttachVolumeTestJSON:test_attach_detach_volume): 200 GET http://10.180.1.21/compute/v2.1/servers/c61200f5-79d6-4e7a-b425-91143c3a9318 0.609s
2025-11-12 10:02:25.260 66715 INFO tempest.lib.common.rest_client [req-19dd596a-fa3c-4ada-9f94-37cd93e8f224 req-19dd596a-fa3c-4ada-9f94-37cd93e8f224 ] Request (ServerAddressesTestJSON:test_list_server_addresses_by_network): 200 GET http://10.180.1.21/compute/v2.1/servers/1d478f14-5dc4-48b6-9e15-95b3f2d3fcfd/ips/tempest-ServerAddressesTestJSON-833643771-network 0.371s
2025-11-12 10:02:25.310 66727 INFO tempest.lib.common.rest_client [req-2ed41ce3-6b03-4b6b-9506-299bb9138489 req-2ed41ce3-6b03-4b6b-9506-299bb9138489 ] Request (ServersAdmin275Test:tearDownClass): 201 POST http://10.180.1.21/identity/v3/auth/tokens 0.095s
2025-11-12 10:02:25.355 66725 INFO tempest.lib.common.rest_client [req-8a47719e-559b-4396-b321-0f2671b96946 req-8a47719e-559b-4396-b321-0f2671b96946 ] Request (ServersWithSpecificFlavorTestJSON:test_verify_created_server_ephemeral_disk): 200 GET http://10.180.1.21/compute/v2.1/servers/c4a350ce-85cf-44b3-a33e-b587cb3e1db9 0.442s
2025-11-12 10:02:25.363 66725 INFO tempest.common.waiters [-] State transition "BUILD/scheduling" ==> "BUILD/None" after 7 second wait
2025-11-12 10:02:25.389 66733 INFO tempest.lib.common.rest_client [req-ffad7ebf-5477-4c29-bad3-9ccb5de39018 req-ffad7ebf-5477-4c29-bad3-9ccb5de39018 ] Request (AttachVolumeShelveTestJSON:test_attach_volume_shelved_or_offload_server): 200 GET http://10.180.1.21/compute/v2.1/servers/da85d11e-d055-40f2-a137-aad5a30a06d3 0.511s
2025-11-12 10:02:25.427 66701 INFO tempest.lib.common.rest_client [req-7611af8a-5081-43d5-a07a-3b7323e76a40 req-7611af8a-5081-43d5-a07a-3b7323e76a40 ] Request (FloatingIPsAssociationTestJSON:tearDownClass): 200 GET http://10.180.1.21/compute/v2.1/servers/3f9e3283-4980-4cb0-9794-4fd941c2f2b3 0.481s
2025-11-12 10:02:25.455 66749 INFO tempest.lib.common.rest_client [req-634699b6-1e74-49bc-ae6f-3812adad4d9e req-634699b6-1e74-49bc-ae6f-3812adad4d9e ] Request (ServersAdminNegativeTestJSON:tearDownClass): 200 GET http://10.180.1.21/compute/v2.1/servers/907dd2a6-130a-4fdb-ba11-90f929143dd1 0.437s
2025-11-12 10:02:25.517 66689 INFO tempest.lib.common.rest_client [req-6bfc596a-5558-4ff7-9b1a-8a71636ae4f8 req-6bfc596a-5558-4ff7-9b1a-8a71636ae4f8 ] Request (ImagesOneServerTestJSON:tearDownClass): 204 DELETE http://10.180.1.21/compute/v2.1/servers/64a91812-e9b3-43f5-b4dd-ff0b995a3168 0.465s
2025-11-12 10:02:25.518 66727 INFO tempest.lib.common.rest_client [req-e50fb1e6-20e2-4bab-8c45-a2af44b360de req-e50fb1e6-20e2-4bab-8c45-a2af44b360de ] Request (ServersAdmin275Test:tearDownClass): 200 GET http://10.180.1.21/networking/v2.0/security-groups?tenant_id=041699352c224240bfcda3eece217a15&name=default 0.208s
2025-11-12 10:02:25.521 66697 INFO tempest.lib.common.rest_client [req-7eb91185-30d1-4342-81f2-d05be8de3e69 req-7eb91185-30d1-4342-81f2-d05be8de3e69 ] Request (ServersTestJSON:_run_cleanups): 200 GET http://10.180.1.21/compute/v2.1/servers/f749aa74-3b95-42fc-a330-bbf38e28cbb6 0.465s
2025-11-12 10:02:25.586 66743 INFO tempest.lib.common.rest_client [req-bb3918e9-54bb-4764-998a-27c94daff297 req-bb3918e9-54bb-4764-998a-27c94daff297 ] Request (ServerGroupTestJSON:_run_cleanups): 200 GET http://10.180.1.21/compute/v2.1/servers/d273741f-a859-4f96-bd57-758dd278d8c0 0.496s
2025-11-12 10:02:25.596 66739 INFO tempest.lib.common.rest_client [req-152320c5-4893-4bbc-8e4f-8e3bd0d40f06 req-152320c5-4893-4bbc-8e4f-8e3bd0d40f06 ] Request (ListImageFiltersTestJSON:test_list_images_with_detail_filter_by_changes_since): 200 GET http://10.180.1.21/compute/v2.1/images/detail?changes-since=2025-11-12T09%3A59%3A36Z 0.427s
2025-11-12 10:02:25.637 66713 INFO tempest.lib.common.rest_client [req-668b45fb-a626-45ef-9952-90183815858f req-668b45fb-a626-45ef-9952-90183815858f ] Request (AttachInterfacesUnderV243Test:test_add_remove_fixed_ip): 200 GET http://10.180.1.21/compute/v2.1/servers/37f2f29e-8f72-422f-ae4c-b9e7c1679d21/ips 0.422s
2025-11-12 10:02:25.662 66727 INFO tempest.lib.common.rest_client [req-fa711054-46e3-4594-9fb4-e8b703adf629 req-fa711054-46e3-4594-9fb4-e8b703adf629 ] Request (ServersAdmin275Test:tearDownClass): 204 DELETE http://10.180.1.21/networking/v2.0/security-groups/5294ae0d-219e-42a1-a4b8-d10a4ca4a766 0.143s
2025-11-12 10:02:25.736 66745 INFO tempest.lib.common.rest_client [req-1bcaea7c-decc-4bb9-9e16-6683b5c44e7f req-1bcaea7c-decc-4bb9-9e16-6683b5c44e7f ] Request (MigrationsAdminTest:test_resize_server_revert_deleted_flavor): 200 GET http://10.180.1.21/compute/v2.1/servers/158c5759-5472-4792-b570-7e1c2570fdad 0.527s
2025-11-12 10:02:25.752 66715 INFO tempest.lib.common.rest_client [req-b0988ac3-2821-4f74-a2b0-4309f03aec53 req-b0988ac3-2821-4f74-a2b0-4309f03aec53 ] Request (ServerAddressesTestJSON:tearDownClass): 204 DELETE http://10.180.1.21/compute/v2.1/servers/1d478f14-5dc4-48b6-9e15-95b3f2d3fcfd 0.490s
2025-11-12 10:02:25.752 66727 INFO tempest.lib.common.rest_client [req-409f4f20-2ad8-487b-affe-af9389af4157 req-409f4f20-2ad8-487b-affe-af9389af4157 ] Request (ServersAdmin275Test:tearDownClass): 204 DELETE http://10.180.1.21/identity/v3/projects/041699352c224240bfcda3eece217a15 0.090s
2025-11-12 10:02:25.752 66727 INFO tempest.lib.common.dynamic_creds [-] Deleting project and security group for project: ffbba145790e4903817001428a88b76a
2025-11-12 10:02:25.832 66747 INFO tempest.lib.common.rest_client [req-dc4839b8-824c-408c-aa0a-ab607b145258 req-dc4839b8-824c-408c-aa0a-ab607b145258 ] Request (ServersTestJSON:tearDownClass): 200 GET http://10.180.1.21/compute/v2.1/servers/d0152284-66a6-4269-9848-d727a1ec4929 0.559s
2025-11-12 10:02:25.902 66727 INFO tempest.lib.common.rest_client [req-cdb99738-ca56-4407-9dca-0c4e4928c205 req-cdb99738-ca56-4407-9dca-0c4e4928c205 ] Request (ServersAdmin275Test:tearDownClass): 200 GET http://10.180.1.21/networking/v2.0/security-groups?tenant_id=ffbba145790e4903817001428a88b76a&name=default 0.150s
2025-11-12 10:02:25.924 66711 INFO tempest.lib.common.rest_client [req-0687b3af-b651-43d8-b413-6f1b55c92dc0 req-0687b3af-b651-43d8-b413-6f1b55c92dc0 ] Request (ServersAdminTestJSON:setUpClass): 200 GET http://10.180.1.21/compute/v2.1/servers/b71ae199-5800-4f8f-91d5-7bb64ad144c3 0.565s
2025-11-12 10:02:26.009 66727 INFO tempest.lib.common.rest_client [req-382c07ae-e41d-43f3-8db7-3601d909f5c3 req-382c07ae-e41d-43f3-8db7-3601d909f5c3 ] Request (ServersAdmin275Test:tearDownClass): 204 DELETE http://10.180.1.21/networking/v2.0/security-groups/3dd33d66-e518-445b-87e5-493e67984e7b 0.106s
2025-11-12 10:02:26.051 66705 INFO tempest.lib.common.rest_client [req-f138f07c-5039-4c7c-9092-69b17c43a6e8 req-f138f07c-5039-4c7c-9092-69b17c43a6e8 ] Request (ImagesTestJSON:test_create_image_from_stopped_server): 200 GET http://10.180.1.21/compute/v2.1/servers/667c4d7b-9180-4026-a753-70b68923aeb1 0.664s
2025-11-12 10:02:26.063 66705 INFO tempest.common.waiters [-] State transition "BUILD/spawning" ==> "ACTIVE/None" after 32 second wait
2025-11-12 10:02:26.066 66731 INFO tempest.lib.common.rest_client [req-a9b228b8-90ec-442e-a03f-f45cbf8258e1 req-a9b228b8-90ec-442e-a03f-f45cbf8258e1 ] Request (ServerDiskConfigTestJSON:test_rebuild_server_with_auto_disk_config): 200 GET http://10.180.1.21/compute/v2.1/servers/eec15b6d-6c7f-4ce0-a2d4-271ad99c2719 0.619s
2025-11-12 10:02:26.149 66719 INFO tempest.lib.common.rest_client [req-86d14451-6fa5-4ac6-a0c9-470a6ac35310 req-86d14451-6fa5-4ac6-a0c9-470a6ac35310 ] Request (ServerShowV257Test:test_rebuild_server): 200 GET http://10.180.1.21/compute/v2.1/servers/9cb8d698-ec5a-49fa-80b1-2dac1e8a641c 0.673s
2025-11-12 10:02:26.170 66707 INFO tempest.lib.common.rest_client [req-e8c8fb67-e302-43d8-924e-47199beb86be req-e8c8fb67-e302-43d8-924e-47199beb86be ] Request (VolumesAssistedSnapshotsTest:_run_cleanups): 200 GET http://10.180.1.21/volume/v3/volumes/60ed1345-486e-4791-815b-0286a3c740a5 0.039s
2025-11-12 10:02:26.174 66727 INFO tempest.lib.common.rest_client [req-4e8e5773-1575-48f2-8d20-164d267156c3 req-4e8e5773-1575-48f2-8d20-164d267156c3 ] Request (ServersAdmin275Test:tearDownClass): 204 DELETE http://10.180.1.21/identity/v3/projects/ffbba145790e4903817001428a88b76a 0.164s
2025-11-12 10:02:26.267 66727 INFO tempest.lib.common.rest_client [req-4a49b635-697a-4205-a5c0-5bebad23ac85 req-4a49b635-697a-4205-a5c0-5bebad23ac85 ] Request (ImagesOneServerNegativeTestJSON:setUpClass): 201 POST http://10.180.1.21/identity/v3/auth/tokens 0.090s
2025-11-12 10:02:26.301 66693 INFO tempest.lib.common.rest_client [req-2a05eeb7-edfe-4e7e-9ad7-7bb24672faca req-2a05eeb7-edfe-4e7e-9ad7-7bb24672faca ] Request (AttachInterfacesV270Test:tearDownClass): 200 GET http://10.180.1.21/compute/v2.1/servers/8aeea60f-a838-484f-bb63-951763790c73 0.774s
2025-11-12 10:02:26.306 66727 INFO tempest.lib.common.rest_client [req-d73ebfb2-e8fd-4ae4-bf2e-b31f04012bdc req-d73ebfb2-e8fd-4ae4-bf2e-b31f04012bdc ] Request (ImagesOneServerNegativeTestJSON:setUpClass): 201 POST http://10.180.1.21/identity/v3/auth/tokens 0.037s
2025-11-12 10:02:26.329 66689 INFO tempest.lib.common.rest_client [req-e45af34b-4a6c-48ad-9f14-2d6739b16b1d req-e45af34b-4a6c-48ad-9f14-2d6739b16b1d ] Request (ImagesOneServerTestJSON:tearDownClass): 200 GET http://10.180.1.21/compute/v2.1/servers/64a91812-e9b3-43f5-b4dd-ff0b995a3168 0.811s
2025-11-12 10:02:26.333 66727 INFO tempest.lib.common.rest_client [req-66a9c5f3-5e6b-46f8-8525-918115fd9fd6 req-66a9c5f3-5e6b-46f8-8525-918115fd9fd6 ] Request (ImagesOneServerNegativeTestJSON:setUpClass): 200 GET http://10.180.1.21/identity/v3/domains?name=Default 0.027s
2025-11-12 10:02:26.373 66739 INFO tempest.lib.common.rest_client [req-08cb4d10-783c-44c5-a16e-cff49851060b req-08cb4d10-783c-44c5-a16e-cff49851060b ] Request (ListImageFiltersTestJSON:test_list_images_with_detail_filter_by_name): 200 GET http://10.180.1.21/compute/v2.1/images/detail?name=tempest-ListImageFiltersTestJSON-image-262832500 0.768s
2025-11-12 10:02:26.377 66727 INFO tempest.lib.common.rest_client [req-af9c3b83-8d10-4bf7-8440-f3768e663d5b req-af9c3b83-8d10-4bf7-8440-f3768e663d5b ] Request (ImagesOneServerNegativeTestJSON:setUpClass): 201 POST http://10.180.1.21/identity/v3/projects 0.043s
2025-11-12 10:02:26.384 66737 INFO tempest.lib.common.rest_client [req-a82cd0d2-2f41-4428-9181-679b7b5e818b req-a82cd0d2-2f41-4428-9181-679b7b5e818b ] Request (ServersNegativeTestJSON:setUpClass): 200 GET http://10.180.1.21/compute/v2.1/servers/5abb136a-1719-4626-8f7d-e73d77d52cbd 0.805s
2025-11-12 10:02:26.444 66727 INFO tempest.lib.common.rest_client [req-45837d3c-84e9-4dbc-9e02-92c12dc7d493 req-45837d3c-84e9-4dbc-9e02-92c12dc7d493 ] Request (ImagesOneServerNegativeTestJSON:setUpClass): 201 POST http://10.180.1.21/identity/v3/users 0.066s
2025-11-12 10:02:26.446 66735 INFO tempest.lib.common.rest_client [req-b8221444-8adc-4aff-b61c-b5648f74ae90 req-b8221444-8adc-4aff-b61c-b5648f74ae90 ] Request (ServersTestMultiNic:_run_cleanups): 200 GET http://10.180.1.21/compute/v2.1/servers/61cfa913-9287-40e5-a596-0e613ca76e9e 0.782s
2025-11-12 10:02:26.474 66727 INFO tempest.lib.common.rest_client [req-5956018c-6b74-4de0-980a-f6189dd958d2 req-5956018c-6b74-4de0-980a-f6189dd958d2 ] Request (ImagesOneServerNegativeTestJSON:setUpClass): 200 GET http://10.180.1.21/identity/v3/roles 0.029s
2025-11-12 10:02:26.506 66727 INFO tempest.lib.common.rest_client [req-8c8be889-a908-4d66-bee0-2274fa89c6e5 req-8c8be889-a908-4d66-bee0-2274fa89c6e5 ] Request (ImagesOneServerNegativeTestJSON:setUpClass): 204 PUT http://10.180.1.21/identity/v3/projects/3eb8466626634f1aa30979219b0caaff/users/c76d31d81ca64f808ebccdd957cf68d7/roles/0320b057f82f483d8aa83530c2e83fc5 0.031s
2025-11-12 10:02:26.506 66727 INFO tempest.lib.common.dynamic_creds [-] Dynamic test user c76d31d81ca64f808ebccdd957cf68d7 is created with scope project and roles: ['member']
2025-11-12 10:02:26.506 66727 INFO tempest.lib.common.dynamic_creds [-] Acquired dynamic creds: credentials: Credentials: {'domain_id': 'default', 'domain_name': 'Default', 'username': 'tempest-ImagesOneServerNegativeTestJSON-2139842841-project-member', 'project_domain_id': 'default', 'project_domain_name': 'Default', 'project_id': '3eb8466626634f1aa30979219b0caaff', 'project_name': 'tempest-ImagesOneServerNegativeTestJSON-2139842841', 'tenant_id': '3eb8466626634f1aa30979219b0caaff', 'tenant_name': 'tempest-ImagesOneServerNegativeTestJSON-2139842841', 'user_domain_id': 'default', 'user_domain_name': 'Default', 'user_id': 'c76d31d81ca64f808ebccdd957cf68d7', 'system': None}, Network: None, Subnet: None, Router: None
2025-11-12 10:02:26.507 66723 INFO tempest.lib.common.rest_client [req-40eaf905-4e8d-4fbe-9d0c-0ab6f5ccd680 req-40eaf905-4e8d-4fbe-9d0c-0ab6f5ccd680 ] Request (InstanceActionsNegativeTestJSON:tearDownClass): 200 GET http://10.180.1.21/compute/v2.1/servers/e0e084f4-d424-4354-b7d3-27022080ed84 0.607s
2025-11-12 10:02:26.510 66715 INFO tempest.lib.common.rest_client [req-9303b669-e718-46e2-bc59-7615d0b88ade req-9303b669-e718-46e2-bc59-7615d0b88ade ] Request (ServerAddressesTestJSON:tearDownClass): 200 GET http://10.180.1.21/compute/v2.1/servers/1d478f14-5dc4-48b6-9e15-95b3f2d3fcfd 0.757s
2025-11-12 10:02:26.567 66685 INFO tempest.lib.common.rest_client [req-5ce998ce-122d-4d21-b558-81309be65b08 req-5ce998ce-122d-4d21-b558-81309be65b08 ] Request (DeleteServersTestJSON:test_delete_server_while_in_shelved_state): 200 GET http://10.180.1.21/compute/v2.1/servers/41a1d715-3edd-4e68-be33-dee1ef933f7e 0.555s
2025-11-12 10:02:26.568 66695 INFO tempest.lib.common.rest_client [req-38bb4192-ebed-45bb-b5d4-6d856751bafe req-38bb4192-ebed-45bb-b5d4-6d856751bafe ] Request (ListServerFiltersTestJSON:setUpClass): 200 GET http://10.180.1.21/compute/v2.1/servers/8487c211-d570-419b-8a7e-744e3cfd768e 0.539s
2025-11-12 10:02:26.581 66727 INFO tempest.lib.common.rest_client [req-45f2c28d-5775-4ee6-99e1-333d78587932 req-45f2c28d-5775-4ee6-99e1-333d78587932 ] Request (ImagesOneServerNegativeTestJSON:setUpClass): 201 POST http://10.180.1.21/identity/v3/auth/tokens 0.074s
2025-11-12 10:02:26.648 66705 INFO tempest.lib.common.rest_client [req-7d51651a-4e54-40b5-90aa-024267e9e7b5 req-7d51651a-4e54-40b5-90aa-024267e9e7b5 ] Request (ImagesTestJSON:test_create_image_from_stopped_server): 202 POST http://10.180.1.21/compute/v2.1/servers/667c4d7b-9180-4026-a753-70b68923aeb1/action 0.585s
2025-11-12 10:02:26.702 66742 INFO tempest.lib.common.rest_client [req-b03277a0-14be-49ba-9df7-901304fa4427 req-b03277a0-14be-49ba-9df7-901304fa4427 ] Request (AttachVolumeTestJSON:test_attach_detach_volume): 200 GET http://10.180.1.21/compute/v2.1/servers/c61200f5-79d6-4e7a-b425-91143c3a9318 0.476s
2025-11-12 10:02:26.711 66742 INFO tempest.common.waiters [-] State transition "SHUTOFF/powering-on" ==> "ACTIVE/None" after 6 second wait
2025-11-12 10:02:26.711 66742 INFO tempest.lib.common.ssh [-] Creating ssh connection to '10.180.180.194:22' as 'cirros' with public key authentication
2025-11-12 10:02:26.735 66725 INFO tempest.lib.common.rest_client [req-b445da54-14e6-4b4a-9c32-9a9814399fea req-b445da54-14e6-4b4a-9c32-9a9814399fea ] Request (ServersWithSpecificFlavorTestJSON:test_verify_created_server_ephemeral_disk): 200 GET http://10.180.1.21/compute/v2.1/servers/c4a350ce-85cf-44b3-a33e-b587cb3e1db9 0.367s
2025-11-12 10:02:26.759 66739 INFO tempest.lib.common.rest_client [req-ccbb6af4-5d59-4062-a4cb-f887687de3f4 req-ccbb6af4-5d59-4062-a4cb-f887687de3f4 ] Request (ListImageFiltersTestJSON:test_list_images_with_detail_filter_by_server_ref): 200 GET http://10.180.1.21/compute/v2.1/images/detail?server=http%3A%2F%2F10.180.1.21%2Fcompute%2Fv2.1%2Fservers%2Fedd037fa-8d5d-4f9a-be85-32bd6655d842 0.382s
2025-11-12 10:02:26.895 66733 INFO tempest.lib.common.rest_client [req-a4f4c0b4-4865-42da-896b-c965f7cfffa5 req-a4f4c0b4-4865-42da-896b-c965f7cfffa5 ] Request (AttachVolumeShelveTestJSON:test_attach_volume_shelved_or_offload_server): 200 GET http://10.180.1.21/compute/v2.1/servers/da85d11e-d055-40f2-a137-aad5a30a06d3 0.494s
2025-11-12 10:02:26.910 66701 INFO tempest.lib.common.rest_client [req-bd9e317b-75d6-4eb1-b0d3-9df78eb355ac req-bd9e317b-75d6-4eb1-b0d3-9df78eb355ac ] Request (FloatingIPsAssociationTestJSON:tearDownClass): 200 GET http://10.180.1.21/compute/v2.1/servers/3f9e3283-4980-4cb0-9794-4fd941c2f2b3 0.473s
2025-11-12 10:02:26.937 66727 INFO tempest.lib.common.rest_client [req-4f0bea10-10f1-4451-a2a2-9559b4575ad3 req-4f0bea10-10f1-4451-a2a2-9559b4575ad3 ] Request (ImagesOneServerNegativeTestJSON:setUpClass): 201 POST http://10.180.1.21/networking/v2.0/networks 0.356s
2025-11-12 10:02:27.018 66749 INFO tempest.lib.common.rest_client [req-ba8c79ce-13ad-43b8-93f4-00c2743e9b1a req-ba8c79ce-13ad-43b8-93f4-00c2743e9b1a ] Request (ServersAdminNegativeTestJSON:tearDownClass): 200 GET http://10.180.1.21/compute/v2.1/servers/907dd2a6-130a-4fdb-ba11-90f929143dd1 0.555s
2025-11-12 10:02:27.036 66697 INFO tempest.lib.common.rest_client [req-8d7ab3c2-3cbc-44d4-9344-6a28339080a0 req-8d7ab3c2-3cbc-44d4-9344-6a28339080a0 ] Request (ServersTestJSON:_run_cleanups): 200 GET http://10.180.1.21/compute/v2.1/servers/f749aa74-3b95-42fc-a330-bbf38e28cbb6 0.504s
2025-11-12 10:02:27.074 66713 INFO tempest.lib.common.rest_client [req-d6ccafd4-b96a-4469-8824-0d7113840806 req-d6ccafd4-b96a-4469-8824-0d7113840806 ] Request (AttachInterfacesUnderV243Test:test_add_remove_fixed_ip): 200 GET http://10.180.1.21/compute/v2.1/servers/37f2f29e-8f72-422f-ae4c-b9e7c1679d21/ips 0.435s
2025-11-12 10:02:27.150 66727 INFO tempest.lib.common.rest_client [req-f9925a22-9b81-43da-843d-6fcae9f36ada req-f9925a22-9b81-43da-843d-6fcae9f36ada ] Request (ImagesOneServerNegativeTestJSON:setUpClass): 201 POST http://10.180.1.21/networking/v2.0/subnets 0.211s
2025-11-12 10:02:27.185 66743 INFO tempest.lib.common.rest_client [req-d555e6f7-ed92-4ae6-9d7e-f9555c55423b req-d555e6f7-ed92-4ae6-9d7e-f9555c55423b ] Request (ServerGroupTestJSON:_run_cleanups): 200 GET http://10.180.1.21/compute/v2.1/servers/d273741f-a859-4f96-bd57-758dd278d8c0 0.590s
2025-11-12 10:02:27.199 66707 INFO tempest.lib.common.rest_client [req-7dec9835-cec9-4391-ae5d-e4442bf38912 req-7dec9835-cec9-4391-ae5d-e4442bf38912 ] Request (VolumesAssistedSnapshotsTest:_run_cleanups): 404 GET http://10.180.1.21/volume/v3/volumes/60ed1345-486e-4791-815b-0286a3c740a5 0.019s
2025-11-12 10:02:27.292 66705 INFO tempest.lib.common.rest_client [req-c78e322a-dd5d-4b19-8c43-cb9b19049eab req-c78e322a-dd5d-4b19-8c43-cb9b19049eab ] Request (ImagesTestJSON:test_create_image_from_stopped_server): 200 GET http://10.180.1.21/compute/v2.1/servers/667c4d7b-9180-4026-a753-70b68923aeb1 0.643s
2025-11-12 10:02:27.343 66739 INFO tempest.lib.common.rest_client [req-98a2a53b-eba5-48cd-bc15-fe280351cd40 req-98a2a53b-eba5-48cd-bc15-fe280351cd40 ] Request (ListImageFiltersTestJSON:test_list_images_with_detail_filter_by_server_ref): 200 GET http://10.180.1.21/compute/v2.1/images/detail?server=http%3A%2F%2F10.180.1.21%2Fcompute%2Fservers%2Fedd037fa-8d5d-4f9a-be85-32bd6655d842 0.580s
2025-11-12 10:02:27.414 66745 INFO tempest.lib.common.rest_client [req-7a8a08ac-9bf4-4c64-ace2-a8c5b5265ff4 req-7a8a08ac-9bf4-4c64-ace2-a8c5b5265ff4 ] Request (MigrationsAdminTest:test_resize_server_revert_deleted_flavor): 200 GET http://10.180.1.21/compute/v2.1/servers/158c5759-5472-4792-b570-7e1c2570fdad 0.667s
