2025-11-12 10:02:35.145 66725 INFO tempest.lib.common.rest_client [req-54cccf43-a8dd-4d7e-bbb1-4975f111991c req-54cccf43-a8dd-4d7e-bbb1-4975f111991c ] Request (ServersWithSpecificFlavorTestJSON:test_verify_created_server_ephemeral_disk): 200 GET http://10.180.1.21/compute/v2.1/servers/c4a350ce-85cf-44b3-a33e-b587cb3e1db9 0.102s
2025-11-12 10:02:35.174 66707 INFO tempest.lib.common.rest_client [req-11449777-118c-4b3d-88f1-109721159f31 req-11449777-118c-4b3d-88f1-109721159f31 ] Request (VolumesAssistedSnapshotsTest:tearDownClass): 200 GET http://10.180.1.21/compute/v2.1/servers/2def9d9e-856d-45d3-8dfd-d1b2d8d39a29 0.098s
2025-11-12 10:02:35.207 66701 INFO tempest.lib.common.rest_client [req-b196f6ee-4758-48d5-8421-ef64192b9deb req-b196f6ee-4758-48d5-8421-ef64192b9deb ] Request (FloatingIPsAssociationTestJSON:tearDownClass): 200 GET http://10.180.1.21/compute/v2.1/servers/3f9e3283-4980-4cb0-9794-4fd941c2f2b3 0.091s
2025-11-12 10:02:35.248 66749 INFO tempest.lib.common.rest_client [req-84e66aa2-03ba-4819-9b17-95584da0e414 req-84e66aa2-03ba-4819-9b17-95584da0e414 ] Request (ServersAdminNegativeTestJSON:tearDownClass): 200 GET http://10.180.1.21/compute/v2.1/servers/907dd2a6-130a-4fdb-ba11-90f929143dd1 0.066s
2025-11-12 10:02:35.374 66697 INFO tempest.lib.common.rest_client [req-2880baee-ac04-430c-a37c-248f0ca1b719 req-2880baee-ac04-430c-a37c-248f0ca1b719 ] Request (ServersTestJSON:_run_cleanups): 200 GET http://10.180.1.21/compute/v2.1/servers/f749aa74-3b95-42fc-a330-bbf38e28cbb6 0.128s
2025-11-12 10:02:35.408 66733 INFO tempest.lib.common.rest_client [req-e2bc6557-993c-4b93-aded-4e36dceebfd4 req-e2bc6557-993c-4b93-aded-4e36dceebfd4 ] Request (AttachVolumeShelveTestJSON:test_attach_volume_shelved_or_offload_server): 200 GET http://10.180.1.21/compute/v2.1/servers/da85d11e-d055-40f2-a137-aad5a30a06d3 0.196s
2025-11-12 10:02:35.446 66723 INFO tempest.lib.common.rest_client [req-f3413267-79a5-4e47-81cf-89022310e565 req-f3413267-79a5-4e47-81cf-89022310e565 ] Request (ServerActionsTestOtherA:setUpClass): 200 PUT http://10.180.1.21/networking/v2.0/routers/683c8847-c960-49c0-b0da-8ccaacb93851/add_router_interface 0.970s
2025-11-12 10:02:35.446 66723 INFO tempest.lib.common.dynamic_creds [-] Created isolated network resources for: credentials: Credentials: {'domain_id': 'default', 'domain_name': 'Default', 'username': 'tempest-ServerActionsTestOtherA-634462162-project-member', 'project_domain_id': 'default', 'project_domain_name': 'Default', 'project_id': '275e9ee2b03f4c08b04d5befa93c9bd2', 'project_name': 'tempest-ServerActionsTestOtherA-634462162', 'tenant_id': '275e9ee2b03f4c08b04d5befa93c9bd2', 'tenant_name': 'tempest-ServerActionsTestOtherA-634462162', 'user_domain_id': 'default', 'user_domain_name': 'Default', 'user_id': '26009e9878a1440fb4bf30a25558f091', 'system': None}, Network: {'id': '197f7de7-ccf4-4946-8e94-82e59ced21ba', 'name': 'tempest-ServerActionsTestOtherA-1980111035-network', 'tenant_id': '275e9ee2b03f4c08b04d5befa93c9bd2', 'project_id': '275e9ee2b03f4c08b04d5befa93c9bd2', 'admin_state_up': True, 'mtu': 8950, 'status': 'ACTIVE', 'subnets': [], 'shared': False, 'port_security_enabled': True, 'router:external': False, 'provider:network_type': 'vlan', 'provider:physical_network': 'default', 'provider:segmentation_id': 953, 'availability_zone_hints': [], 'availability_zones': [], 'ipv4_address_scope': None, 'ipv6_address_scope': None, 'description': '', 'tags': [], 'created_at': '2025-11-12T10:02:33Z', 'updated_at': '2025-11-12T10:02:33Z', 'revision_number': 1}, Subnet: {'id': 'fb19dead-3f65-4588-a85e-bb149a5ffc59', 'name': 'tempest-ServerActionsTestOtherA-1980111035-subnet', 'tenant_id': '275e9ee2b03f4c08b04d5befa93c9bd2', 'network_id': '197f7de7-ccf4-4946-8e94-82e59ced21ba', 'ip_version': 4, 'subnetpool_id': None, 'enable_dhcp': True, 'ipv6_ra_mode': None, 'ipv6_address_mode': None, 'gateway_ip': '192.168.128.1', 'cidr': '192.168.128.0/28', 'allocation_pools': [{'start': '192.168.128.2', 'end': '192.168.128.14'}], 'host_routes': [], 'dns_nameservers': [], 'description': '', 'router:external': False, 'service_types': [], 'tags': [], 'created_at': '2025-11-12T10:02:33Z', 'updated_at': '2025-11-12T10:02:33Z', 'revision_number': 0, 'project_id': '275e9ee2b03f4c08b04d5befa93c9bd2'}, Router: {'id': '683c8847-c960-49c0-b0da-8ccaacb93851', 'name': 'tempest-ServerActionsTestOtherA-1980111035-router', 'tenant_id': '275e9ee2b03f4c08b04d5befa93c9bd2', 'admin_state_up': True, 'status': 'ACTIVE', 'external_gateway_info': {'network_id': 'c4efd8dd-8f2d-4df0-9184-b42d680b6b15', 'external_fixed_ips': [{'subnet_id': '5fbb766b-f095-401a-ba04-f081f7b59f4d', 'ip_address': '10.180.180.138'}], 'enable_snat': True}, 'description': '', 'availability_zones': [], 'distributed': False, 'ha': False, 'availability_zone_hints': [], 'routes': [], 'flavor_id': None, 'tags': [], 'created_at': '2025-11-12T10:02:33Z', 'updated_at': '2025-11-12T10:02:34Z', 'revision_number': 2, 'project_id': '275e9ee2b03f4c08b04d5befa93c9bd2'}
2025-11-12 10:02:35.536 66723 INFO tempest.lib.common.rest_client [req-cf49de57-df63-48b6-83c9-aabb09b29509 req-cf49de57-df63-48b6-83c9-aabb09b29509 ] Request (ServerActionsTestOtherA:setUpClass): 201 POST http://10.180.1.21/identity/v3/auth/tokens 0.087s
2025-11-12 10:02:35.546 66743 INFO tempest.lib.common.rest_client [req-899cde6f-b2ab-4f1c-ba34-990001c2d84c req-899cde6f-b2ab-4f1c-ba34-990001c2d84c ] Request (ServerGroupTestJSON:_run_cleanups): 200 GET http://10.180.1.21/compute/v2.1/servers/d273741f-a859-4f96-bd57-758dd278d8c0 0.273s
2025-11-12 10:02:35.569 66727 INFO tempest.lib.common.rest_client [req-4588c8b2-9325-4aca-8992-515c94cab489 req-4588c8b2-9325-4aca-8992-515c94cab489 ] Request (ImagesOneServerNegativeTestJSON:setUpClass): 200 GET http://10.180.1.21/compute/v2.1/servers/bd468445-daa3-4e04-b85f-d88f877ff417 0.262s
2025-11-12 10:02:35.690 66723 INFO tempest.lib.common.rest_client [req-db46088f-53a2-4d5c-964e-8b4c365802ef req-db46088f-53a2-4d5c-964e-8b4c365802ef ] Request (ServerActionsTestOtherA:setUpClass): 200 POST http://10.180.1.21/compute/v2.1/os-keypairs 0.152s
2025-11-12 10:02:35.747 66713 INFO tempest.lib.common.rest_client [req-f737fe76-2480-4db7-b0bc-13ed2a4bcb1f req-f737fe76-2480-4db7-b0bc-13ed2a4bcb1f ] Request (AttachInterfacesUnderV243Test:_run_cleanups): 200 GET http://10.180.1.21/compute/v2.1/servers/37f2f29e-8f72-422f-ae4c-b9e7c1679d21 0.417s
2025-11-12 10:02:35.761 66713 INFO tempest.common.waiters [-] State transition "ACTIVE/deleting" ==> "DELETED/None" after 3 second wait
2025-11-12 10:02:35.892 66723 INFO tempest.lib.common.rest_client [req-3ca2e786-63f0-4a0c-a1c3-2e45af13500b req-3ca2e786-63f0-4a0c-a1c3-2e45af13500b ] Request (ServerActionsTestOtherA:setUpClass): 201 POST http://10.180.1.21/networking/v2.0/security-groups 0.201s
2025-11-12 10:02:35.914 66747 INFO tempest.lib.common.rest_client [req-03c45dac-fe89-4137-8374-f85b1a176931 req-03c45dac-fe89-4137-8374-f85b1a176931 ] Request (ServersTestJSON:tearDownClass): 200 GET http://10.180.1.21/compute/v2.1/servers/d0152284-66a6-4269-9848-d727a1ec4929 0.287s
2025-11-12 10:02:36.068 66723 INFO tempest.lib.common.rest_client [req-426b2850-6957-42bb-8059-68cda9859f93 req-426b2850-6957-42bb-8059-68cda9859f93 ] Request (ServerActionsTestOtherA:setUpClass): 201 POST http://10.180.1.21/networking/v2.0/security-group-rules 0.175s
2025-11-12 10:02:36.113 66745 INFO tempest.lib.common.rest_client [req-dc7c2fe8-d89a-47a8-9f41-ba70f03bf610 req-dc7c2fe8-d89a-47a8-9f41-ba70f03bf610 ] Request (MigrationsAdminTest:test_resize_server_revert_deleted_flavor): 200 GET http://10.180.1.21/compute/v2.1/servers/158c5759-5472-4792-b570-7e1c2570fdad 0.427s
2025-11-12 10:02:36.249 66723 INFO tempest.lib.common.rest_client [req-132ca128-b99a-4869-ac9e-887b7f0eab60 req-132ca128-b99a-4869-ac9e-887b7f0eab60 ] Request (ServerActionsTestOtherA:setUpClass): 201 POST http://10.180.1.21/networking/v2.0/security-group-rules 0.180s
2025-11-12 10:02:36.292 66711 INFO tempest.lib.common.rest_client [req-36643437-2dcb-464f-8de6-db8ce9ae7a14 req-36643437-2dcb-464f-8de6-db8ce9ae7a14 ] Request (ServersAdminTestJSON:setUpClass): 200 GET http://10.180.1.21/compute/v2.1/servers/b71ae199-5800-4f8f-91d5-7bb64ad144c3 0.590s
2025-11-12 10:02:36.308 66711 INFO tempest.common.waiters [-] State transition "BUILD/None" ==> "BUILD/block_device_mapping" after 38 second wait
2025-11-12 10:02:36.308 66731 INFO tempest.lib.common.rest_client [req-0dc7e90b-b7ce-4811-b7c4-1592420748b6 req-0dc7e90b-b7ce-4811-b7c4-1592420748b6 ] Request (ServerDiskConfigTestJSON:test_rebuild_server_with_auto_disk_config): 200 GET http://10.180.1.21/compute/v2.1/servers/eec15b6d-6c7f-4ce0-a2d4-271ad99c2719 0.548s
2025-11-12 10:02:36.827 66723 INFO tempest.lib.common.rest_client [req-4d362a21-98c4-455f-acac-bb4b7499b921 req-4d362a21-98c4-455f-acac-bb4b7499b921 ] Request (ServerActionsTestOtherA:setUpClass): 201 POST http://10.180.1.21/networking/v2.0/floatingips 0.578s
2025-11-12 10:02:36.864 66719 INFO tempest.lib.common.rest_client [req-b7c14c25-eac5-423e-aaa1-8e25e96a9db3 req-b7c14c25-eac5-423e-aaa1-8e25e96a9db3 ] Request (ServerShowV257Test:test_rebuild_server): 200 GET http://10.180.1.21/compute/v2.1/servers/9cb8d698-ec5a-49fa-80b1-2dac1e8a641c 1.013s
2025-11-12 10:02:36.880 66723 INFO tempest.lib.common.rest_client [req-ceaa7bba-4548-443c-96ae-cb5e93366092 req-ceaa7bba-4548-443c-96ae-cb5e93366092 ] Request (ServerActionsTestOtherA:setUpClass): 201 POST http://10.180.1.21/identity/v3/auth/tokens 0.047s
2025-11-12 10:02:36.881 66723 INFO tempest.lib.common.fixed_network [-] (ServerActionsTestOtherA:setUpClass) Found network {'id': '197f7de7-ccf4-4946-8e94-82e59ced21ba', 'name': 'tempest-ServerActionsTestOtherA-1980111035-network', 'tenant_id': '275e9ee2b03f4c08b04d5befa93c9bd2', 'project_id': '275e9ee2b03f4c08b04d5befa93c9bd2', 'admin_state_up': True, 'mtu': 8950, 'status': 'ACTIVE', 'subnets': [], 'shared': False, 'port_security_enabled': True, 'router:external': False, 'provider:network_type': 'vlan', 'provider:physical_network': 'default', 'provider:segmentation_id': 953, 'availability_zone_hints': [], 'availability_zones': [], 'ipv4_address_scope': None, 'ipv6_address_scope': None, 'description': '', 'tags': [], 'created_at': '2025-11-12T10:02:33Z', 'updated_at': '2025-11-12T10:02:33Z', 'revision_number': 1} available for tenant
2025-11-12 10:02:36.883 66739 INFO tempest.lib.common.rest_client [req-5847f3d0-d58a-46a6-b077-9916ab3e8d9d req-5847f3d0-d58a-46a6-b077-9916ab3e8d9d ] Request (ListImageFiltersTestJSON:tearDownClass): 200 GET http://10.180.1.21/compute/v2.1/servers/edd037fa-8d5d-4f9a-be85-32bd6655d842 1.000s
2025-11-12 10:02:36.957 66693 INFO tempest.lib.common.rest_client [req-678cae82-cf35-45a4-8609-f5109d1797e3 req-678cae82-cf35-45a4-8609-f5109d1797e3 ] Request (AttachInterfacesV270Test:tearDownClass): 200 GET http://10.180.1.21/compute/v2.1/servers/8aeea60f-a838-484f-bb63-951763790c73 1.020s
2025-11-12 10:02:36.970 66689 INFO tempest.lib.common.rest_client [req-45adda43-1ca6-4eea-9b54-0f1d4787651a req-45adda43-1ca6-4eea-9b54-0f1d4787651a ] Request (ImagesOneServerTestJSON:tearDownClass): 200 GET http://10.180.1.21/compute/v2.1/servers/64a91812-e9b3-43f5-b4dd-ff0b995a3168 1.021s
2025-11-12 10:02:37.003 66705 INFO tempest.lib.common.rest_client [req-df442218-bdc9-4a31-aa39-282e9671c278 req-df442218-bdc9-4a31-aa39-282e9671c278 ] Request (ImagesTestJSON:test_create_image_from_stopped_server): 200 GET http://10.180.1.21/compute/v2.1/images/88451b03-1c37-4c91-a846-c4d10aab9bec 1.026s
2025-11-12 10:02:37.026 66737 INFO tempest.lib.common.rest_client [req-43f94d22-3587-4e08-a32e-a84a8a115cdd req-43f94d22-3587-4e08-a32e-a84a8a115cdd ] Request (ServersNegativeTestJSON:setUpClass): 200 GET http://10.180.1.21/compute/v2.1/servers/5abb136a-1719-4626-8f7d-e73d77d52cbd 1.024s
2025-11-12 10:02:37.071 66715 INFO tempest.lib.common.rest_client [req-31f39c6f-d199-4a05-98fc-afabb2b17bdf req-31f39c6f-d199-4a05-98fc-afabb2b17bdf ] Request (ServerAddressesTestJSON:tearDownClass): 200 GET http://10.180.1.21/compute/v2.1/servers/1d478f14-5dc4-48b6-9e15-95b3f2d3fcfd 1.027s
2025-11-12 10:02:37.087 66735 INFO tempest.lib.common.rest_client [req-a59834b0-54cd-42fd-84ee-04fda8c975f3 req-a59834b0-54cd-42fd-84ee-04fda8c975f3 ] Request (ServersTestMultiNic:test_verify_multiple_nics_order): 200 GET http://10.180.1.21/compute/v2.1/servers/6a444d1f-a3b8-4553-9bfa-e66ed01ad6b5 1.024s
2025-11-12 10:02:37.138 66685 INFO tempest.lib.common.rest_client [req-de36dab4-9409-4327-971a-dbfd0aa8d095 req-de36dab4-9409-4327-971a-dbfd0aa8d095 ] Request (DeleteServersTestJSON:test_delete_server_while_in_shelved_state): 200 GET http://10.180.1.21/compute/v2.1/servers/41a1d715-3edd-4e68-be33-dee1ef933f7e 1.038s
2025-11-12 10:02:37.153 66695 INFO tempest.lib.common.rest_client [req-b7077f06-9396-4470-b7d7-fbd24bde3118 req-b7077f06-9396-4470-b7d7-fbd24bde3118 ] Request (ListServerFiltersTestJSON:setUpClass): 200 GET http://10.180.1.21/compute/v2.1/servers/8487c211-d570-419b-8a7e-744e3cfd768e 1.036s
2025-11-12 10:02:37.197 66725 INFO tempest.lib.common.rest_client [req-9b16b6e9-0fc5-4219-a143-06288c1cbe3a req-9b16b6e9-0fc5-4219-a143-06288c1cbe3a ] Request (ServersWithSpecificFlavorTestJSON:test_verify_created_server_ephemeral_disk): 200 GET http://10.180.1.21/compute/v2.1/servers/c4a350ce-85cf-44b3-a33e-b587cb3e1db9 1.043s
2025-11-12 10:02:37.221 66707 INFO tempest.lib.common.rest_client [req-f8d7ac67-a6a1-408c-a0bf-10b45b50a792 req-f8d7ac67-a6a1-408c-a0bf-10b45b50a792 ] Request (VolumesAssistedSnapshotsTest:tearDownClass): 200 GET http://10.180.1.21/compute/v2.1/servers/2def9d9e-856d-45d3-8dfd-d1b2d8d39a29 1.039s
2025-11-12 10:02:37.265 66701 INFO tempest.lib.common.rest_client [req-dd86fa7b-867e-4a24-8765-52b59b3401d1 req-dd86fa7b-867e-4a24-8765-52b59b3401d1 ] Request (FloatingIPsAssociationTestJSON:tearDownClass): 200 GET http://10.180.1.21/compute/v2.1/servers/3f9e3283-4980-4cb0-9794-4fd941c2f2b3 1.044s
2025-11-12 10:02:37.294 66749 INFO tempest.lib.common.rest_client [req-8b13b1fe-70ac-4478-a2f2-3b5b5b8fa195 req-8b13b1fe-70ac-4478-a2f2-3b5b5b8fa195 ] Request (ServersAdminNegativeTestJSON:tearDownClass): 200 GET http://10.180.1.21/compute/v2.1/servers/907dd2a6-130a-4fdb-ba11-90f929143dd1 1.032s
2025-11-12 10:02:37.334 66697 INFO tempest.lib.common.rest_client [req-965eba78-ddba-43be-82f7-399e4564444d req-965eba78-ddba-43be-82f7-399e4564444d ] Request (ServersTestJSON:_run_cleanups): 200 GET http://10.180.1.21/compute/v2.1/servers/f749aa74-3b95-42fc-a330-bbf38e28cbb6 0.951s
2025-11-12 10:02:37.401 66733 INFO tempest.lib.common.rest_client [req-4c4c69bd-937e-472b-b63a-cb657b53f59e req-4c4c69bd-937e-472b-b63a-cb657b53f59e ] Request (AttachVolumeShelveTestJSON:test_attach_volume_shelved_or_offload_server): 200 GET http://10.180.1.21/compute/v2.1/servers/da85d11e-d055-40f2-a137-aad5a30a06d3 0.982s
2025-11-12 10:02:37.413 66743 INFO tempest.lib.common.rest_client [req-82b13259-4b29-4f16-80a9-5c549ed4181d req-82b13259-4b29-4f16-80a9-5c549ed4181d ] Request (ServerGroupTestJSON:_run_cleanups): 200 GET http://10.180.1.21/compute/v2.1/servers/d273741f-a859-4f96-bd57-758dd278d8c0 0.855s
2025-11-12 10:02:37.463 66727 INFO tempest.lib.common.rest_client [req-8cb8c036-4e3e-4e7e-a340-ade4cd637273 req-8cb8c036-4e3e-4e7e-a340-ade4cd637273 ] Request (ImagesOneServerNegativeTestJSON:setUpClass): 200 GET http://10.180.1.21/compute/v2.1/servers/bd468445-daa3-4e04-b85f-d88f877ff417 0.881s
2025-11-12 10:02:37.491 66713 INFO tempest.lib.common.rest_client [req-09c0c16a-4fb0-43e0-b707-81e3889d5287 req-09c0c16a-4fb0-43e0-b707-81e3889d5287 ] Request (AttachInterfacesUnderV243Test:_run_cleanups): 200 GET http://10.180.1.21/compute/v2.1/servers/37f2f29e-8f72-422f-ae4c-b9e7c1679d21 0.729s
2025-11-12 10:02:37.567 66747 INFO tempest.lib.common.rest_client [req-ca210e4d-81cf-4cef-8459-a9e725f7cfbf req-ca210e4d-81cf-4cef-8459-a9e725f7cfbf ] Request (ServersTestJSON:tearDownClass): 200 GET http://10.180.1.21/compute/v2.1/servers/d0152284-66a6-4269-9848-d727a1ec4929 0.641s
2025-11-12 10:02:37.697 66745 INFO tempest.lib.common.rest_client [req-17701972-a839-4b20-b443-5b7c03c4ecc5 req-17701972-a839-4b20-b443-5b7c03c4ecc5 ] Request (MigrationsAdminTest:test_resize_server_revert_deleted_flavor): 200 GET http://10.180.1.21/compute/v2.1/servers/158c5759-5472-4792-b570-7e1c2570fdad 0.574s
2025-11-12 10:02:37.835 66711 INFO tempest.lib.common.rest_client [req-392b2238-5936-474b-96d3-a7af06ff5d12 req-392b2238-5936-474b-96d3-a7af06ff5d12 ] Request (ServersAdminTestJSON:setUpClass): 200 GET http://10.180.1.21/compute/v2.1/servers/b71ae199-5800-4f8f-91d5-7bb64ad144c3 0.527s
2025-11-12 10:02:37.843 66711 INFO tempest.common.waiters [-] State transition "BUILD/block_device_mapping" ==> "BUILD/spawning" after 39 second wait
2025-11-12 10:02:37.846 66723 INFO tempest.lib.common.rest_client [req-0f06b936-14aa-4cec-ac3d-7bf39be25b88 req-0f06b936-14aa-4cec-ac3d-7bf39be25b88 ] Request (ServerActionsTestOtherA:setUpClass): 202 POST http://10.180.1.21/compute/v2.1/servers 0.964s
2025-11-12 10:02:37.896 66731 INFO tempest.lib.common.rest_client [req-6a425109-1145-44d4-a128-6a6a8ed70104 req-6a425109-1145-44d4-a128-6a6a8ed70104 ] Request (ServerDiskConfigTestJSON:test_rebuild_server_with_auto_disk_config): 200 GET http://10.180.1.21/compute/v2.1/servers/eec15b6d-6c7f-4ce0-a2d4-271ad99c2719 0.574s
2025-11-12 10:02:37.897 66723 INFO tempest.lib.common.rest_client [req-0719e81a-21b9-403e-9955-37cc8fcd7f1f req-0719e81a-21b9-403e-9955-37cc8fcd7f1f ] Request (ServerActionsTestOtherA:setUpClass): 200 GET http://10.180.1.21/compute/v2.1/servers/439e2cc4-39e6-4805-8ae5-466ee04697dc 0.049s
2025-11-12 10:02:37.903 66731 INFO tempest.common.waiters [-] State transition "BUILD/None" ==> "BUILD/networking" after 39 second wait
2025-11-12 10:02:37.950 66729 WARNING tempest.lib.common.ssh [-] Failed to establish authenticated ssh connection to cirros@10.180.180.179 ([Errno None] Unable to connect to port 22 on 10.180.180.179). Number attempts: 4. Retry after 5 seconds.: paramiko.ssh_exception.NoValidConnectionsError: [Errno None] Unable to connect to port 22 on 10.180.180.179
2025-11-12 10:02:37.957 66739 INFO tempest.lib.common.rest_client [req-4f4e53b8-5610-4401-924d-cb04beba5502 req-4f4e53b8-5610-4401-924d-cb04beba5502 ] Request (ListImageFiltersTestJSON:tearDownClass): 200 GET http://10.180.1.21/compute/v2.1/servers/edd037fa-8d5d-4f9a-be85-32bd6655d842 0.066s
2025-11-12 10:02:37.958 66719 INFO tempest.lib.common.rest_client [req-03b85604-d3fd-4deb-b4dc-26179cc1bdde req-03b85604-d3fd-4deb-b4dc-26179cc1bdde ] Request (ServerShowV257Test:test_rebuild_server): 200 GET http://10.180.1.21/compute/v2.1/servers/9cb8d698-ec5a-49fa-80b1-2dac1e8a641c 0.078s
2025-11-12 10:02:37.967 66739 INFO tempest.common.waiters [-] State transition "ACTIVE/deleting" ==> "DELETED/None" after 4 second wait
2025-11-12 10:02:38.055 66689 INFO tempest.lib.common.rest_client [req-d3e0dc32-fff1-40e3-a172-d97df30ffbd5 req-d3e0dc32-fff1-40e3-a172-d97df30ffbd5 ] Request (ImagesOneServerTestJSON:tearDownClass): 200 GET http://10.180.1.21/compute/v2.1/servers/64a91812-e9b3-43f5-b4dd-ff0b995a3168 0.076s
2025-11-12 10:02:38.079 66693 INFO tempest.lib.common.rest_client [req-ce7422fd-3d94-4498-a5c4-1fdc5b01ed77 req-ce7422fd-3d94-4498-a5c4-1fdc5b01ed77 ] Request (AttachInterfacesV270Test:tearDownClass): 200 GET http://10.180.1.21/compute/v2.1/servers/8aeea60f-a838-484f-bb63-951763790c73 0.110s
2025-11-12 10:02:38.100 66705 INFO tempest.lib.common.rest_client [req-938a37c5-4f96-40db-9fb3-b54dc7bae950 req-938a37c5-4f96-40db-9fb3-b54dc7bae950 ] Request (ImagesTestJSON:test_create_image_from_stopped_server): 200 GET http://10.180.1.21/compute/v2.1/images/88451b03-1c37-4c91-a846-c4d10aab9bec 0.093s
2025-11-12 10:02:38.137 66737 INFO tempest.lib.common.rest_client [req-e0e9df97-bbea-46bb-a209-ba73c293d0fc req-e0e9df97-bbea-46bb-a209-ba73c293d0fc ] Request (ServersNegativeTestJSON:setUpClass): 200 GET http://10.180.1.21/compute/v2.1/servers/5abb136a-1719-4626-8f7d-e73d77d52cbd 0.103s
2025-11-12 10:02:38.171 66715 INFO tempest.lib.common.rest_client [req-bd24ba43-0834-40fd-90d4-1a6f57408cb7 req-bd24ba43-0834-40fd-90d4-1a6f57408cb7 ] Request (ServerAddressesTestJSON:tearDownClass): 200 GET http://10.180.1.21/compute/v2.1/servers/1d478f14-5dc4-48b6-9e15-95b3f2d3fcfd 0.090s
2025-11-12 10:02:38.198 66735 INFO tempest.lib.common.rest_client [req-26be1203-5cbf-4fa5-a9a3-d3ee81704a4c req-26be1203-5cbf-4fa5-a9a3-d3ee81704a4c ] Request (ServersTestMultiNic:test_verify_multiple_nics_order): 200 GET http://10.180.1.21/compute/v2.1/servers/6a444d1f-a3b8-4553-9bfa-e66ed01ad6b5 0.100s
2025-11-12 10:02:38.229 66685 INFO tempest.lib.common.rest_client [req-f3b999e1-08f0-4202-9de9-c796375a4c43 req-f3b999e1-08f0-4202-9de9-c796375a4c43 ] Request (DeleteServersTestJSON:test_delete_server_while_in_shelved_state): 200 GET http://10.180.1.21/compute/v2.1/servers/41a1d715-3edd-4e68-be33-dee1ef933f7e 0.079s
2025-11-12 10:02:38.259 66695 INFO tempest.lib.common.rest_client [req-7285e533-208f-4f92-a88f-a52e3d6e204f req-7285e533-208f-4f92-a88f-a52e3d6e204f ] Request (ListServerFiltersTestJSON:setUpClass): 200 GET http://10.180.1.21/compute/v2.1/servers/8487c211-d570-419b-8a7e-744e3cfd768e 0.096s
2025-11-12 10:02:38.288 66725 INFO tempest.lib.common.rest_client [req-70db1857-19a7-44b3-9ca6-ada580b084ee req-70db1857-19a7-44b3-9ca6-ada580b084ee ] Request (ServersWithSpecificFlavorTestJSON:test_verify_created_server_ephemeral_disk): 200 GET http://10.180.1.21/compute/v2.1/servers/c4a350ce-85cf-44b3-a33e-b587cb3e1db9 0.082s
2025-11-12 10:02:38.326 66707 INFO tempest.lib.common.rest_client [req-95818c0d-8b1c-4cd7-ba63-f2a820d0e971 req-95818c0d-8b1c-4cd7-ba63-f2a820d0e971 ] Request (VolumesAssistedSnapshotsTest:tearDownClass): 200 GET http://10.180.1.21/compute/v2.1/servers/2def9d9e-856d-45d3-8dfd-d1b2d8d39a29 0.093s
2025-11-12 10:02:38.356 66701 INFO tempest.lib.common.rest_client [req-2c5fb6a6-62d3-4d34-b02c-42925f47a743 req-2c5fb6a6-62d3-4d34-b02c-42925f47a743 ] Request (FloatingIPsAssociationTestJSON:tearDownClass): 200 GET http://10.180.1.21/compute/v2.1/servers/3f9e3283-4980-4cb0-9794-4fd941c2f2b3 0.082s
2025-11-12 10:02:38.401 66749 INFO tempest.lib.common.rest_client [req-997e7186-d82c-466a-850f-fbde1c362f76 req-997e7186-d82c-466a-850f-fbde1c362f76 ] Request (ServersAdminNegativeTestJSON:tearDownClass): 200 GET http://10.180.1.21/compute/v2.1/servers/907dd2a6-130a-4fdb-ba11-90f929143dd1 0.097s
2025-11-12 10:02:38.430 66697 INFO tempest.lib.common.rest_client [req-c995e17c-2467-4e86-bec4-148fca66d12f req-c995e17c-2467-4e86-bec4-148fca66d12f ] Request (ServersTestJSON:_run_cleanups): 200 GET http://10.180.1.21/compute/v2.1/servers/f749aa74-3b95-42fc-a330-bbf38e28cbb6 0.083s
2025-11-12 10:02:38.534 66743 INFO tempest.lib.common.rest_client [req-70d07c21-2561-4baa-b62f-7e660effe894 req-70d07c21-2561-4baa-b62f-7e660effe894 ] Request (ServerGroupTestJSON:_run_cleanups): 200 GET http://10.180.1.21/compute/v2.1/servers/d273741f-a859-4f96-bd57-758dd278d8c0 0.112s
2025-11-12 10:02:38.574 66733 INFO tempest.lib.common.rest_client [req-96c10c0e-24b7-453f-adf2-489220b29cf3 req-96c10c0e-24b7-453f-adf2-489220b29cf3 ] Request (AttachVolumeShelveTestJSON:test_attach_volume_shelved_or_offload_server): 200 GET http://10.180.1.21/compute/v2.1/servers/da85d11e-d055-40f2-a137-aad5a30a06d3 0.163s
2025-11-12 10:02:38.610 66727 INFO tempest.lib.common.rest_client [req-358e60fa-91e9-4659-93b1-c10d63fde3d4 req-358e60fa-91e9-4659-93b1-c10d63fde3d4 ] Request (ImagesOneServerNegativeTestJSON:setUpClass): 200 GET http://10.180.1.21/compute/v2.1/servers/bd468445-daa3-4e04-b85f-d88f877ff417 0.137s
2025-11-12 10:02:38.647 66713 INFO tempest.lib.common.rest_client [req-b2a8988f-16e1-4a43-9b13-06380b4bebc3 req-b2a8988f-16e1-4a43-9b13-06380b4bebc3 ] Request (AttachInterfacesUnderV243Test:_run_cleanups): 200 GET http://10.180.1.21/compute/v2.1/servers/37f2f29e-8f72-422f-ae4c-b9e7c1679d21 0.140s
2025-11-12 10:02:38.716 66747 INFO tempest.lib.common.rest_client [req-11a3d63a-0c97-4827-9dc3-05418afd5baf req-11a3d63a-0c97-4827-9dc3-05418afd5baf ] Request (ServersTestJSON:tearDownClass): 200 GET http://10.180.1.21/compute/v2.1/servers/d0152284-66a6-4269-9848-d727a1ec4929 0.140s
2025-11-12 10:02:38.828 66745 INFO tempest.lib.common.rest_client [req-8a1534a1-2cd0-4f74-a8f4-c2682203609f req-8a1534a1-2cd0-4f74-a8f4-c2682203609f ] Request (MigrationsAdminTest:test_resize_server_revert_deleted_flavor): 200 GET http://10.180.1.21/compute/v2.1/servers/158c5759-5472-4792-b570-7e1c2570fdad 0.122s
2025-11-12 10:02:38.982 66711 INFO tempest.lib.common.rest_client [req-333b1487-a19b-45a6-82d1-647f9af7d8f1 req-333b1487-a19b-45a6-82d1-647f9af7d8f1 ] Request (ServersAdminTestJSON:setUpClass): 200 GET http://10.180.1.21/compute/v2.1/servers/b71ae199-5800-4f8f-91d5-7bb64ad144c3 0.137s
2025-11-12 10:02:39.039 66731 INFO tempest.lib.common.rest_client [req-d4dd2ad2-14d7-483b-a5e9-6e85c185ea85 req-d4dd2ad2-14d7-483b-a5e9-6e85c185ea85 ] Request (ServerDiskConfigTestJSON:test_rebuild_server_with_auto_disk_config): 200 GET http://10.180.1.21/compute/v2.1/servers/eec15b6d-6c7f-4ce0-a2d4-271ad99c2719 0.134s
2025-11-12 10:02:39.051 66731 INFO tempest.common.waiters [-] State transition "BUILD/networking" ==> "BUILD/block_device_mapping" after 41 second wait
2025-11-12 10:02:39.056 66723 INFO tempest.lib.common.rest_client [req-a56f7633-5d2b-4ca7-921f-f27359708c97 req-a56f7633-5d2b-4ca7-921f-f27359708c97 ] Request (ServerActionsTestOtherA:setUpClass): 200 GET http://10.180.1.21/compute/v2.1/servers/439e2cc4-39e6-4805-8ae5-466ee04697dc 0.150s
2025-11-12 10:02:39.103 66719 INFO tempest.lib.common.rest_client [req-5036e127-d644-4148-825d-9b86b797be04 req-5036e127-d644-4148-825d-9b86b797be04 ] Request (ServerShowV257Test:test_rebuild_server): 200 GET http://10.180.1.21/compute/v2.1/servers/9cb8d698-ec5a-49fa-80b1-2dac1e8a641c 0.135s
2025-11-12 10:02:39.116 66739 INFO tempest.lib.common.rest_client [req-d1ffac0d-2b60-4022-a24e-a72c7764ccb2 req-d1ffac0d-2b60-4022-a24e-a72c7764ccb2 ] Request (ListImageFiltersTestJSON:tearDownClass): 200 GET http://10.180.1.21/compute/v2.1/servers/edd037fa-8d5d-4f9a-be85-32bd6655d842 0.147s
2025-11-12 10:02:39.163 66689 INFO tempest.lib.common.rest_client [req-2cb8ecd7-c5a5-47e5-8a03-341b0a048f71 req-2cb8ecd7-c5a5-47e5-8a03-341b0a048f71 ] Request (ImagesOneServerTestJSON:tearDownClass): 200 GET http://10.180.1.21/compute/v2.1/servers/64a91812-e9b3-43f5-b4dd-ff0b995a3168 0.100s
2025-11-12 10:02:39.178 66693 INFO tempest.lib.common.rest_client [req-52f28968-63ed-44bf-b010-428ed1a2fb31 req-52f28968-63ed-44bf-b010-428ed1a2fb31 ] Request (AttachInterfacesV270Test:tearDownClass): 200 GET http://10.180.1.21/compute/v2.1/servers/8aeea60f-a838-484f-bb63-951763790c73 0.086s
2025-11-12 10:02:39.197 66705 INFO tempest.lib.common.rest_client [req-9220fb91-2212-4bf6-89c8-38df38f08c9a req-9220fb91-2212-4bf6-89c8-38df38f08c9a ] Request (ImagesTestJSON:test_create_image_from_stopped_server): 200 GET http://10.180.1.21/compute/v2.1/images/88451b03-1c37-4c91-a846-c4d10aab9bec 0.093s
2025-11-12 10:02:39.228 66737 INFO tempest.lib.common.rest_client [req-909ef57f-9df9-4a49-961d-dfcacca72e51 req-909ef57f-9df9-4a49-961d-dfcacca72e51 ] Request (ServersNegativeTestJSON:setUpClass): 200 GET http://10.180.1.21/compute/v2.1/servers/5abb136a-1719-4626-8f7d-e73d77d52cbd 0.079s
2025-11-12 10:02:39.253 66742 WARNING tempest.lib.common.ssh [-] Failed to establish authenticated ssh connection to cirros@10.180.180.194 ([Errno None] Unable to connect to port 22 on 10.180.180.194). Number attempts: 1. Retry after 2 seconds.: paramiko.ssh_exception.NoValidConnectionsError: [Errno None] Unable to connect to port 22 on 10.180.180.194
2025-11-12 10:02:39.253 66715 INFO tempest.lib.common.rest_client [req-797fa19e-7007-49ff-9b31-d35d6defddbe req-797fa19e-7007-49ff-9b31-d35d6defddbe ] Request (ServerAddressesTestJSON:tearDownClass): 200 GET http://10.180.1.21/compute/v2.1/servers/1d478f14-5dc4-48b6-9e15-95b3f2d3fcfd 0.074s
2025-11-12 10:02:39.283 66735 INFO tempest.lib.common.rest_client [req-eb4d118a-a182-4215-805b-4796d51bf41c req-eb4d118a-a182-4215-805b-4796d51bf41c ] Request (ServersTestMultiNic:test_verify_multiple_nics_order): 200 GET http://10.180.1.21/compute/v2.1/servers/6a444d1f-a3b8-4553-9bfa-e66ed01ad6b5 0.076s
2025-11-12 10:02:39.310 66685 INFO tempest.lib.common.rest_client [req-99697089-11d9-4e7b-9705-3d9dea993a6e req-99697089-11d9-4e7b-9705-3d9dea993a6e ] Request (DeleteServersTestJSON:test_delete_server_while_in_shelved_state): 200 GET http://10.180.1.21/compute/v2.1/servers/41a1d715-3edd-4e68-be33-dee1ef933f7e 0.072s
2025-11-12 10:02:39.345 66695 INFO tempest.lib.common.rest_client [req-808bc9d6-3f3f-4177-9055-360b0ed6203c req-808bc9d6-3f3f-4177-9055-360b0ed6203c ] Request (ListServerFiltersTestJSON:setUpClass): 200 GET http://10.180.1.21/compute/v2.1/servers/8487c211-d570-419b-8a7e-744e3cfd768e 0.077s
2025-11-12 10:02:39.360 66725 INFO tempest.lib.common.rest_client [req-0c73f92b-8a6d-42db-bdd0-d45c31bfaa83 req-0c73f92b-8a6d-42db-bdd0-d45c31bfaa83 ] Request (ServersWithSpecificFlavorTestJSON:test_verify_created_server_ephemeral_disk): 200 GET http://10.180.1.21/compute/v2.1/servers/c4a350ce-85cf-44b3-a33e-b587cb3e1db9 0.064s
2025-11-12 10:02:39.406 66707 INFO tempest.lib.common.rest_client [req-0db92252-1816-4ced-86f2-3f747f9bcb89 req-0db92252-1816-4ced-86f2-3f747f9bcb89 ] Request (VolumesAssistedSnapshotsTest:tearDownClass): 200 GET http://10.180.1.21/compute/v2.1/servers/2def9d9e-856d-45d3-8dfd-d1b2d8d39a29 0.067s
2025-11-12 10:02:39.434 66701 INFO tempest.lib.common.rest_client [req-fc4bf8c6-18f8-41a9-84aa-4fedcf3badec req-fc4bf8c6-18f8-41a9-84aa-4fedcf3badec ] Request (FloatingIPsAssociationTestJSON:tearDownClass): 200 GET http://10.180.1.21/compute/v2.1/servers/3f9e3283-4980-4cb0-9794-4fd941c2f2b3 0.064s
2025-11-12 10:02:39.476 66749 INFO tempest.lib.common.rest_client [req-ab670bb6-a3c6-472b-824c-dfe7e0609a98 req-ab670bb6-a3c6-472b-824c-dfe7e0609a98 ] Request (ServersAdminNegativeTestJSON:tearDownClass): 200 GET http://10.180.1.21/compute/v2.1/servers/907dd2a6-130a-4fdb-ba11-90f929143dd1 0.061s
2025-11-12 10:02:39.501 66697 INFO tempest.lib.common.rest_client [req-8131fff8-321a-459b-b3bb-5ce789f24808 req-8131fff8-321a-459b-b3bb-5ce789f24808 ] Request (ServersTestJSON:_run_cleanups): 200 GET http://10.180.1.21/compute/v2.1/servers/f749aa74-3b95-42fc-a330-bbf38e28cbb6 0.062s
2025-11-12 10:02:39.605 66743 INFO tempest.lib.common.rest_client [req-24f058b0-eef3-4c24-827e-233066ec4a01 req-24f058b0-eef3-4c24-827e-233066ec4a01 ] Request (ServerGroupTestJSON:_run_cleanups): 200 GET http://10.180.1.21/compute/v2.1/servers/d273741f-a859-4f96-bd57-758dd278d8c0 0.062s
2025-11-12 10:02:39.698 66727 INFO tempest.lib.common.rest_client [req-3a2677b6-54ed-43a1-8df8-2f0c2372f63b req-3a2677b6-54ed-43a1-8df8-2f0c2372f63b ] Request (ImagesOneServerNegativeTestJSON:setUpClass): 200 GET http://10.180.1.21/compute/v2.1/servers/bd468445-daa3-4e04-b85f-d88f877ff417 0.079s
2025-11-12 10:02:39.720 66733 INFO tempest.lib.common.rest_client [req-92f34b2d-f62f-4118-85e1-e2bdd1e7e3f8 req-92f34b2d-f62f-4118-85e1-e2bdd1e7e3f8 ] Request (AttachVolumeShelveTestJSON:test_attach_volume_shelved_or_offload_server): 200 GET http://10.180.1.21/compute/v2.1/servers/da85d11e-d055-40f2-a137-aad5a30a06d3 0.133s
2025-11-12 10:02:39.763 66713 INFO tempest.lib.common.rest_client [req-731dac6f-46f0-4e9e-81dc-2a722d1ce2f2 req-731dac6f-46f0-4e9e-81dc-2a722d1ce2f2 ] Request (AttachInterfacesUnderV243Test:_run_cleanups): 200 GET http://10.180.1.21/compute/v2.1/servers/37f2f29e-8f72-422f-ae4c-b9e7c1679d21 0.107s
2025-11-12 10:02:39.841 66747 INFO tempest.lib.common.rest_client [req-cbcd913d-6c61-4977-8a80-86257ac3ef48 req-cbcd913d-6c61-4977-8a80-86257ac3ef48 ] Request (ServersTestJSON:tearDownClass): 200 GET http://10.180.1.21/compute/v2.1/servers/d0152284-66a6-4269-9848-d727a1ec4929 0.111s
2025-11-12 10:02:39.984 66745 INFO tempest.lib.common.rest_client [req-450d3b11-d2fe-47d9-be6f-c2a0eb804f4e req-450d3b11-d2fe-47d9-be6f-c2a0eb804f4e ] Request (MigrationsAdminTest:test_resize_server_revert_deleted_flavor): 200 GET http://10.180.1.21/compute/v2.1/servers/158c5759-5472-4792-b570-7e1c2570fdad 0.147s
2025-11-12 10:02:40.131 66711 INFO tempest.lib.common.rest_client [req-5fc5a43e-911c-428c-8c58-c7c617566663 req-5fc5a43e-911c-428c-8c58-c7c617566663 ] Request (ServersAdminTestJSON:setUpClass): 200 GET http://10.180.1.21/compute/v2.1/servers/b71ae199-5800-4f8f-91d5-7bb64ad144c3 0.140s
2025-11-12 10:02:40.207 66731 INFO tempest.lib.common.rest_client [req-7e5d74c2-9401-4892-b974-7a9f8adacf19 req-7e5d74c2-9401-4892-b974-7a9f8adacf19 ] Request (ServerDiskConfigTestJSON:test_rebuild_server_with_auto_disk_config): 200 GET http://10.180.1.21/compute/v2.1/servers/eec15b6d-6c7f-4ce0-a2d4-271ad99c2719 0.155s
2025-11-12 10:02:40.211 66723 INFO tempest.lib.common.rest_client [req-939db090-fef0-41e5-b69e-efd285039cdc req-939db090-fef0-41e5-b69e-efd285039cdc ] Request (ServerActionsTestOtherA:setUpClass): 200 GET http://10.180.1.21/compute/v2.1/servers/439e2cc4-39e6-4805-8ae5-466ee04697dc 0.145s
2025-11-12 10:02:40.216 66731 INFO tempest.common.waiters [-] State transition "BUILD/block_device_mapping" ==> "BUILD/spawning" after 42 second wait
2025-11-12 10:02:40.218 66723 INFO tempest.common.waiters [-] State transition "BUILD/scheduling" ==> "BUILD/None" after 3 second wait
2025-11-12 10:02:40.268 66719 INFO tempest.lib.common.rest_client [req-9693dae0-1938-44d1-a20e-56d69501225d req-9693dae0-1938-44d1-a20e-56d69501225d ] Request (ServerShowV257Test:test_rebuild_server): 200 GET http://10.180.1.21/compute/v2.1/servers/9cb8d698-ec5a-49fa-80b1-2dac1e8a641c 0.153s
2025-11-12 10:02:40.278 66739 INFO tempest.lib.common.rest_client [req-6d797404-ca0c-47dc-bf0c-5084c73710ab req-6d797404-ca0c-47dc-bf0c-5084c73710ab ] Request (ListImageFiltersTestJSON:tearDownClass): 200 GET http://10.180.1.21/compute/v2.1/servers/edd037fa-8d5d-4f9a-be85-32bd6655d842 0.152s
2025-11-12 10:02:40.339 66689 INFO tempest.lib.common.rest_client [req-59ee00ff-c369-401a-94c6-83e30fa1579c req-59ee00ff-c369-401a-94c6-83e30fa1579c ] Request (ImagesOneServerTestJSON:tearDownClass): 200 GET http://10.180.1.21/compute/v2.1/servers/64a91812-e9b3-43f5-b4dd-ff0b995a3168 0.167s
2025-11-12 10:02:40.345 66693 INFO tempest.lib.common.rest_client [req-ff95dae9-b102-456a-9ca9-6c4596b3c048 req-ff95dae9-b102-456a-9ca9-6c4596b3c048 ] Request (AttachInterfacesV270Test:tearDownClass): 200 GET http://10.180.1.21/compute/v2.1/servers/8aeea60f-a838-484f-bb63-951763790c73 0.155s
2025-11-12 10:02:40.380 66705 INFO tempest.lib.common.rest_client [req-21a54811-0a52-4171-9ea8-84f3627c60ad req-21a54811-0a52-4171-9ea8-84f3627c60ad ] Request (ImagesTestJSON:test_create_image_from_stopped_server): 200 GET http://10.180.1.21/compute/v2.1/images/88451b03-1c37-4c91-a846-c4d10aab9bec 0.179s
2025-11-12 10:02:40.393 66737 INFO tempest.lib.common.rest_client [req-68df9a6b-d2a7-4aa5-bacc-d70556c55d0b req-68df9a6b-d2a7-4aa5-bacc-d70556c55d0b ] Request (ServersNegativeTestJSON:setUpClass): 200 GET http://10.180.1.21/compute/v2.1/servers/5abb136a-1719-4626-8f7d-e73d77d52cbd 0.157s
2025-11-12 10:02:40.433 66715 INFO tempest.lib.common.rest_client [req-4e443322-33e8-46c0-a888-3bb402098489 req-4e443322-33e8-46c0-a888-3bb402098489 ] Request (ServerAddressesTestJSON:tearDownClass): 200 GET http://10.180.1.21/compute/v2.1/servers/1d478f14-5dc4-48b6-9e15-95b3f2d3fcfd 0.172s
2025-11-12 10:02:40.444 66735 INFO tempest.lib.common.rest_client [req-48dba828-6710-4428-9611-1a1338d37d87 req-48dba828-6710-4428-9611-1a1338d37d87 ] Request (ServersTestMultiNic:test_verify_multiple_nics_order): 200 GET http://10.180.1.21/compute/v2.1/servers/6a444d1f-a3b8-4553-9bfa-e66ed01ad6b5 0.152s
2025-11-12 10:02:40.482 66685 INFO tempest.lib.common.rest_client [req-51fb4c4a-be3f-4c94-91ed-a545bc82666c req-51fb4c4a-be3f-4c94-91ed-a545bc82666c ] Request (DeleteServersTestJSON:test_delete_server_while_in_shelved_state): 200 GET http://10.180.1.21/compute/v2.1/servers/41a1d715-3edd-4e68-be33-dee1ef933f7e 0.163s
2025-11-12 10:02:40.494 66695 INFO tempest.lib.common.rest_client [req-89cdeb69-fd3d-4673-b1e2-09bddf78b44d req-89cdeb69-fd3d-4673-b1e2-09bddf78b44d ] Request (ListServerFiltersTestJSON:setUpClass): 200 GET http://10.180.1.21/compute/v2.1/servers/8487c211-d570-419b-8a7e-744e3cfd768e 0.140s
2025-11-12 10:02:40.530 66725 INFO tempest.lib.common.rest_client [req-f6ec932b-f6f6-45ee-9acd-c14a5919b87f req-f6ec932b-f6f6-45ee-9acd-c14a5919b87f ] Request (ServersWithSpecificFlavorTestJSON:test_verify_created_server_ephemeral_disk): 200 GET http://10.180.1.21/compute/v2.1/servers/c4a350ce-85cf-44b3-a33e-b587cb3e1db9 0.161s
2025-11-12 10:02:40.549 66707 INFO tempest.lib.common.rest_client [req-0a73aece-f3e4-4b00-b405-66bc8f909243 req-0a73aece-f3e4-4b00-b405-66bc8f909243 ] Request (VolumesAssistedSnapshotsTest:tearDownClass): 200 GET http://10.180.1.21/compute/v2.1/servers/2def9d9e-856d-45d3-8dfd-d1b2d8d39a29 0.134s
2025-11-12 10:02:40.581 66701 INFO tempest.lib.common.rest_client [req-acb73977-5657-4167-aac2-553bd66419ee req-acb73977-5657-4167-aac2-553bd66419ee ] Request (FloatingIPsAssociationTestJSON:tearDownClass): 200 GET http://10.180.1.21/compute/v2.1/servers/3f9e3283-4980-4cb0-9794-4fd941c2f2b3 0.141s
2025-11-12 10:02:40.601 66749 INFO tempest.lib.common.rest_client [req-0bc9d250-bcda-46c0-b00d-aa1f20a1a3a8 req-0bc9d250-bcda-46c0-b00d-aa1f20a1a3a8 ] Request (ServersAdminNegativeTestJSON:tearDownClass): 200 GET http://10.180.1.21/compute/v2.1/servers/907dd2a6-130a-4fdb-ba11-90f929143dd1 0.117s
2025-11-12 10:02:40.632 66697 INFO tempest.lib.common.rest_client [req-b9db0103-7a45-457f-a338-579828225fb4 req-b9db0103-7a45-457f-a338-579828225fb4 ] Request (ServersTestJSON:_run_cleanups): 200 GET http://10.180.1.21/compute/v2.1/servers/f749aa74-3b95-42fc-a330-bbf38e28cbb6 0.124s
2025-11-12 10:02:40.675 66743 INFO tempest.lib.common.rest_client [req-47473f32-1237-4e3a-9018-e73ce1b3c6a5 req-47473f32-1237-4e3a-9018-e73ce1b3c6a5 ] Request (ServerGroupTestJSON:_run_cleanups): 200 GET http://10.180.1.21/compute/v2.1/servers/d273741f-a859-4f96-bd57-758dd278d8c0 0.062s
2025-11-12 10:02:40.762 66727 INFO tempest.lib.common.rest_client [req-c5f00667-a3f6-4077-a9bc-a9c2ec68c0a8 req-c5f00667-a3f6-4077-a9bc-a9c2ec68c0a8 ] Request (ImagesOneServerNegativeTestJSON:setUpClass): 200 GET http://10.180.1.21/compute/v2.1/servers/bd468445-daa3-4e04-b85f-d88f877ff417 0.056s
2025-11-12 10:02:40.838 66713 INFO tempest.lib.common.rest_client [req-d992721e-6edb-4b6a-8af8-0cdf606eb50c req-d992721e-6edb-4b6a-8af8-0cdf606eb50c ] Request (AttachInterfacesUnderV243Test:_run_cleanups): 200 GET http://10.180.1.21/compute/v2.1/servers/37f2f29e-8f72-422f-ae4c-b9e7c1679d21 0.065s
2025-11-12 10:02:40.897 66733 INFO tempest.lib.common.rest_client [req-72c6532a-52c7-45e9-b91e-061a005b3b3e req-72c6532a-52c7-45e9-b91e-061a005b3b3e ] Request (AttachVolumeShelveTestJSON:test_attach_volume_shelved_or_offload_server): 200 GET http://10.180.1.21/compute/v2.1/servers/da85d11e-d055-40f2-a137-aad5a30a06d3 0.166s
2025-11-12 10:02:40.931 66747 INFO tempest.lib.common.rest_client [req-8ac2d37a-2deb-410f-a112-0ba7c0eabf32 req-8ac2d37a-2deb-410f-a112-0ba7c0eabf32 ] Request (ServersTestJSON:tearDownClass): 200 GET http://10.180.1.21/compute/v2.1/servers/d0152284-66a6-4269-9848-d727a1ec4929 0.083s
2025-11-12 10:02:41.138 66745 INFO tempest.lib.common.rest_client [req-d4e5f9b1-10d9-46fb-b1be-b88e7e535086 req-d4e5f9b1-10d9-46fb-b1be-b88e7e535086 ] Request (MigrationsAdminTest:test_resize_server_revert_deleted_flavor): 200 GET http://10.180.1.21/compute/v2.1/servers/158c5759-5472-4792-b570-7e1c2570fdad 0.145s
2025-11-12 10:02:41.274 66711 INFO tempest.lib.common.rest_client [req-90217333-7d44-403e-9b61-2e0e55cb4284 req-90217333-7d44-403e-9b61-2e0e55cb4284 ] Request (ServersAdminTestJSON:setUpClass): 200 GET http://10.180.1.21/compute/v2.1/servers/b71ae199-5800-4f8f-91d5-7bb64ad144c3 0.133s
2025-11-12 10:02:41.324 66723 INFO tempest.lib.common.rest_client [req-2cda90fe-c3ad-498c-ac7a-20e0c31198c1 req-2cda90fe-c3ad-498c-ac7a-20e0c31198c1 ] Request (ServerActionsTestOtherA:setUpClass): 200 GET http://10.180.1.21/compute/v2.1/servers/439e2cc4-39e6-4805-8ae5-466ee04697dc 0.105s
2025-11-12 10:02:41.329 66731 INFO tempest.lib.common.rest_client [req-231e905f-5372-4705-a425-6d7348aa6440 req-231e905f-5372-4705-a425-6d7348aa6440 ] Request (ServerDiskConfigTestJSON:test_rebuild_server_with_auto_disk_config): 200 GET http://10.180.1.21/compute/v2.1/servers/eec15b6d-6c7f-4ce0-a2d4-271ad99c2719 0.112s
2025-11-12 10:02:41.381 66719 INFO tempest.lib.common.rest_client [req-c4899548-b9d8-4f30-95eb-0e51853487ec req-c4899548-b9d8-4f30-95eb-0e51853487ec ] Request (ServerShowV257Test:test_rebuild_server): 200 GET http://10.180.1.21/compute/v2.1/servers/9cb8d698-ec5a-49fa-80b1-2dac1e8a641c 0.102s
2025-11-12 10:02:41.399 66739 INFO tempest.lib.common.rest_client [req-b8ca4a22-1c06-4169-aa9c-10b13c07050d req-b8ca4a22-1c06-4169-aa9c-10b13c07050d ] Request (ListImageFiltersTestJSON:tearDownClass): 200 GET http://10.180.1.21/compute/v2.1/servers/edd037fa-8d5d-4f9a-be85-32bd6655d842 0.112s
2025-11-12 10:02:41.439 66689 INFO tempest.lib.common.rest_client [req-7fe3f64a-f71d-45ff-a5fa-c5166d76b614 req-7fe3f64a-f71d-45ff-a5fa-c5166d76b614 ] Request (ImagesOneServerTestJSON:tearDownClass): 200 GET http://10.180.1.21/compute/v2.1/servers/64a91812-e9b3-43f5-b4dd-ff0b995a3168 0.091s
2025-11-12 10:02:41.472 66693 INFO tempest.lib.common.rest_client [req-a8caad30-4a2b-411b-85dd-452a04baca76 req-a8caad30-4a2b-411b-85dd-452a04baca76 ] Request (AttachInterfacesV270Test:tearDownClass): 200 GET http://10.180.1.21/compute/v2.1/servers/8aeea60f-a838-484f-bb63-951763790c73 0.111s
2025-11-12 10:02:41.490 66705 INFO tempest.lib.common.rest_client [req-e87a2ede-9804-40d2-b8ed-782cfb32c438 req-e87a2ede-9804-40d2-b8ed-782cfb32c438 ] Request (ImagesTestJSON:test_create_image_from_stopped_server): 200 GET http://10.180.1.21/compute/v2.1/images/88451b03-1c37-4c91-a846-c4d10aab9bec 0.106s
2025-11-12 10:02:41.530 66737 INFO tempest.lib.common.rest_client [req-d727e6bb-dc4c-40ae-ab02-a25b9056274a req-d727e6bb-dc4c-40ae-ab02-a25b9056274a ] Request (ServersNegativeTestJSON:setUpClass): 200 GET http://10.180.1.21/compute/v2.1/servers/5abb136a-1719-4626-8f7d-e73d77d52cbd 0.129s
2025-11-12 10:02:41.549 66715 INFO tempest.lib.common.rest_client [req-81777721-3bd7-4e5d-8b5c-f8ad83f6533c req-81777721-3bd7-4e5d-8b5c-f8ad83f6533c ] Request (ServerAddressesTestJSON:tearDownClass): 200 GET http://10.180.1.21/compute/v2.1/servers/1d478f14-5dc4-48b6-9e15-95b3f2d3fcfd 0.109s
2025-11-12 10:02:41.590 66735 INFO tempest.lib.common.rest_client [req-67f1bb93-3fba-4b4d-afae-7fdc87eaeb2c req-67f1bb93-3fba-4b4d-afae-7fdc87eaeb2c ] Request (ServersTestMultiNic:test_verify_multiple_nics_order): 200 GET http://10.180.1.21/compute/v2.1/servers/6a444d1f-a3b8-4553-9bfa-e66ed01ad6b5 0.138s
2025-11-12 10:02:41.604 66685 INFO tempest.lib.common.rest_client [req-ef71c16d-287a-43a7-81d8-3f2483a794ce req-ef71c16d-287a-43a7-81d8-3f2483a794ce ] Request (DeleteServersTestJSON:test_delete_server_while_in_shelved_state): 200 GET http://10.180.1.21/compute/v2.1/servers/41a1d715-3edd-4e68-be33-dee1ef933f7e 0.114s
2025-11-12 10:02:41.650 66695 INFO tempest.lib.common.rest_client [req-c7439850-c80d-48ea-bced-1548e6bf72e2 req-c7439850-c80d-48ea-bced-1548e6bf72e2 ] Request (ListServerFiltersTestJSON:setUpClass): 200 GET http://10.180.1.21/compute/v2.1/servers/8487c211-d570-419b-8a7e-744e3cfd768e 0.148s
2025-11-12 10:02:41.660 66725 INFO tempest.lib.common.rest_client [req-56b5931a-42d8-4523-8a73-556885696ef6 req-56b5931a-42d8-4523-8a73-556885696ef6 ] Request (ServersWithSpecificFlavorTestJSON:test_verify_created_server_ephemeral_disk): 200 GET http://10.180.1.21/compute/v2.1/servers/c4a350ce-85cf-44b3-a33e-b587cb3e1db9 0.122s
2025-11-12 10:02:41.715 66707 INFO tempest.lib.common.rest_client [req-a2fddc53-cac7-4381-b3fb-a41ed1bcda4f req-a2fddc53-cac7-4381-b3fb-a41ed1bcda4f ] Request (VolumesAssistedSnapshotsTest:tearDownClass): 200 GET http://10.180.1.21/compute/v2.1/servers/2def9d9e-856d-45d3-8dfd-d1b2d8d39a29 0.157s
2025-11-12 10:02:41.729 66701 INFO tempest.lib.common.rest_client [req-89c09121-f1e4-463c-8273-295c48bb358f req-89c09121-f1e4-463c-8273-295c48bb358f ] Request (FloatingIPsAssociationTestJSON:tearDownClass): 200 GET http://10.180.1.21/compute/v2.1/servers/3f9e3283-4980-4cb0-9794-4fd941c2f2b3 0.140s
2025-11-12 10:02:41.757 66742 WARNING tempest.lib.common.ssh [-] Failed to establish authenticated ssh connection to cirros@10.180.180.194 ([Errno None] Unable to connect to port 22 on 10.180.180.194). Number attempts: 2. Retry after 3 seconds.: paramiko.ssh_exception.NoValidConnectionsError: [Errno None] Unable to connect to port 22 on 10.180.180.194
2025-11-12 10:02:41.774 66749 INFO tempest.lib.common.rest_client [req-f2b2a85d-0340-42be-8b41-90212334086e req-f2b2a85d-0340-42be-8b41-90212334086e ] Request (ServersAdminNegativeTestJSON:tearDownClass): 200 GET http://10.180.1.21/compute/v2.1/servers/907dd2a6-130a-4fdb-ba11-90f929143dd1 0.167s
2025-11-12 10:02:41.791 66697 INFO tempest.lib.common.rest_client [req-0a2179a0-4c9c-4305-bcef-28856f6a3dae req-0a2179a0-4c9c-4305-bcef-28856f6a3dae ] Request (ServersTestJSON:_run_cleanups): 200 GET http://10.180.1.21/compute/v2.1/servers/f749aa74-3b95-42fc-a330-bbf38e28cbb6 0.151s
2025-11-12 10:02:41.843 66727 INFO tempest.lib.common.rest_client [req-929d2c7c-cd75-4dec-b93c-ec6b22b1173c req-929d2c7c-cd75-4dec-b93c-ec6b22b1173c ] Request (ImagesOneServerNegativeTestJSON:setUpClass): 200 GET http://10.180.1.21/compute/v2.1/servers/bd468445-daa3-4e04-b85f-d88f877ff417 0.072s
2025-11-12 10:02:41.856 66743 INFO tempest.lib.common.rest_client [req-06f3f880-8ffa-4d54-99e1-c6109c53e76d req-06f3f880-8ffa-4d54-99e1-c6109c53e76d ] Request (ServerGroupTestJSON:_run_cleanups): 200 GET http://10.180.1.21/compute/v2.1/servers/d273741f-a859-4f96-bd57-758dd278d8c0 0.172s
2025-11-12 10:02:41.913 66713 INFO tempest.lib.common.rest_client [req-79e33d92-c266-4895-93c3-893cba9d4063 req-79e33d92-c266-4895-93c3-893cba9d4063 ] Request (AttachInterfacesUnderV243Test:_run_cleanups): 200 GET http://10.180.1.21/compute/v2.1/servers/37f2f29e-8f72-422f-ae4c-b9e7c1679d21 0.067s
2025-11-12 10:02:42.012 66747 INFO tempest.lib.common.rest_client [req-22695e1f-53c4-4bbd-ab8b-657ac1117c40 req-22695e1f-53c4-4bbd-ab8b-657ac1117c40 ] Request (ServersTestJSON:tearDownClass): 200 GET http://10.180.1.21/compute/v2.1/servers/d0152284-66a6-4269-9848-d727a1ec4929 0.073s
2025-11-12 10:02:42.049 66733 INFO tempest.lib.common.rest_client [req-9da1b0e8-b472-4d32-a2d4-021b307ffc79 req-9da1b0e8-b472-4d32-a2d4-021b307ffc79 ] Request (AttachVolumeShelveTestJSON:test_attach_volume_shelved_or_offload_server): 200 GET http://10.180.1.21/compute/v2.1/servers/da85d11e-d055-40f2-a137-aad5a30a06d3 0.142s
2025-11-12 10:02:42.255 66745 INFO tempest.lib.common.rest_client [req-d82ce9d3-370f-49a7-b7b0-abc2d5ebaecf req-d82ce9d3-370f-49a7-b7b0-abc2d5ebaecf ] Request (MigrationsAdminTest:test_resize_server_revert_deleted_flavor): 200 GET http://10.180.1.21/compute/v2.1/servers/158c5759-5472-4792-b570-7e1c2570fdad 0.109s
2025-11-12 10:02:42.393 66723 INFO tempest.lib.common.rest_client [req-db560140-d01e-4cfd-928e-b1cf939a236b req-db560140-d01e-4cfd-928e-b1cf939a236b ] Request (ServerActionsTestOtherA:setUpClass): 200 GET http://10.180.1.21/compute/v2.1/servers/439e2cc4-39e6-4805-8ae5-466ee04697dc 0.061s
2025-11-12 10:02:42.415 66711 INFO tempest.lib.common.rest_client [req-41856181-8c09-4da6-8fb3-19c12317cbce req-41856181-8c09-4da6-8fb3-19c12317cbce ] Request (ServersAdminTestJSON:setUpClass): 200 GET http://10.180.1.21/compute/v2.1/servers/b71ae199-5800-4f8f-91d5-7bb64ad144c3 0.126s
2025-11-12 10:02:42.490 66719 INFO tempest.lib.common.rest_client [req-016f4792-104f-4afa-8cd0-34747a10308c req-016f4792-104f-4afa-8cd0-34747a10308c ] Request (ServerShowV257Test:test_rebuild_server): 200 GET http://10.180.1.21/compute/v2.1/servers/9cb8d698-ec5a-49fa-80b1-2dac1e8a641c 0.100s
2025-11-12 10:02:42.515 66731 INFO tempest.lib.common.rest_client [req-d57b6942-7595-44a3-8594-8f891c8dc8e8 req-d57b6942-7595-44a3-8594-8f891c8dc8e8 ] Request (ServerDiskConfigTestJSON:test_rebuild_server_with_auto_disk_config): 200 GET http://10.180.1.21/compute/v2.1/servers/eec15b6d-6c7f-4ce0-a2d4-271ad99c2719 0.175s
2025-11-12 10:02:42.559 66739 INFO tempest.lib.common.rest_client [req-312b2cb7-2c3b-4e0f-a173-71f21f0e7bdc req-312b2cb7-2c3b-4e0f-a173-71f21f0e7bdc ] Request (ListImageFiltersTestJSON:tearDownClass): 200 GET http://10.180.1.21/compute/v2.1/servers/edd037fa-8d5d-4f9a-be85-32bd6655d842 0.152s
2025-11-12 10:02:42.587 66689 INFO tempest.lib.common.rest_client [req-8a05f1a8-bf66-4a87-81e7-9274d78f951e req-8a05f1a8-bf66-4a87-81e7-9274d78f951e ] Request (ImagesOneServerTestJSON:tearDownClass): 200 GET http://10.180.1.21/compute/v2.1/servers/64a91812-e9b3-43f5-b4dd-ff0b995a3168 0.139s
2025-11-12 10:02:42.652 66705 INFO tempest.lib.common.rest_client [req-1c7e9d12-b3b9-4383-ba21-c37039aff61c req-1c7e9d12-b3b9-4383-ba21-c37039aff61c ] Request (ImagesTestJSON:test_create_image_from_stopped_server): 200 GET http://10.180.1.21/compute/v2.1/images/88451b03-1c37-4c91-a846-c4d10aab9bec 0.157s
2025-11-12 10:02:42.665 66693 INFO tempest.lib.common.rest_client [req-b9293995-3385-4b98-9f49-c5cdd16ca909 req-b9293995-3385-4b98-9f49-c5cdd16ca909 ] Request (AttachInterfacesV270Test:tearDownClass): 200 GET http://10.180.1.21/compute/v2.1/servers/8aeea60f-a838-484f-bb63-951763790c73 0.176s
2025-11-12 10:02:42.718 66737 INFO tempest.lib.common.rest_client [req-b780752e-d5ad-4450-9f94-381b3b3c0169 req-b780752e-d5ad-4450-9f94-381b3b3c0169 ] Request (ServersNegativeTestJSON:setUpClass): 200 GET http://10.180.1.21/compute/v2.1/servers/5abb136a-1719-4626-8f7d-e73d77d52cbd 0.177s
