2025-11-21 09:37:22.260 65898 INFO tempest.lib.common.rest_client [req-df70926b-a481-41d5-9cc3-e046ff32c253 req-df70926b-a481-41d5-9cc3-e046ff32c253 ] Request (ServersAdminTestJSON:test_create_server_with_scheduling_hint): 200 GET http://10.180.1.21/compute/v2.1/servers/c878f856-3222-4b46-8aa6-f1ce397b69b3 4.865s
2025-11-21 09:37:22.273 65896 INFO tempest.lib.common.rest_client [req-f56631cd-648a-4f28-a251-5e624ea3cbbc req-f56631cd-648a-4f28-a251-5e624ea3cbbc ] Request (ServersTestJSON:setUpClass): 200 GET http://10.180.1.21/identity/v3/roles 0.040s
2025-11-21 09:37:22.306 65896 INFO tempest.lib.common.rest_client [req-1a337900-6985-42ff-bc3e-553e3f9913de req-1a337900-6985-42ff-bc3e-553e3f9913de ] Request (ServersTestJSON:setUpClass): 204 PUT http://10.180.1.21/identity/v3/projects/1b51396257ce4d19adb1ce7d6921de72/users/3b9947dde53f4353b571dfefbea21b38/roles/03a570a97ec345139e7f9bc60a09d98a 0.033s
2025-11-21 09:37:22.306 65896 INFO tempest.lib.common.dynamic_creds [-] Dynamic test user 3b9947dde53f4353b571dfefbea21b38 is created with scope project and roles: ['reader']
2025-11-21 09:37:22.307 65896 INFO tempest.lib.common.dynamic_creds [-] Acquired dynamic creds: credentials: Credentials: {'domain_id': 'default', 'domain_name': 'Default', 'username': 'tempest-ServersTestJSON-701130459-project-reader', 'project_domain_id': 'default', 'project_domain_name': 'Default', 'project_id': '1b51396257ce4d19adb1ce7d6921de72', 'project_name': 'tempest-ServersTestJSON-701130459', 'tenant_id': '1b51396257ce4d19adb1ce7d6921de72', 'tenant_name': 'tempest-ServersTestJSON-701130459', 'user_domain_id': 'default', 'user_domain_name': 'Default', 'user_id': '3b9947dde53f4353b571dfefbea21b38', 'system': None}, Network: None, Subnet: None, Router: None
2025-11-21 09:37:22.307 65896 INFO tempest.lib.common.dynamic_creds [-] Network resources are not created for requested scope: project and credentials: Credentials: {'domain_id': 'default', 'domain_name': 'Default', 'username': 'tempest-ServersTestJSON-701130459-project-reader', 'project_domain_id': 'default', 'project_domain_name': 'Default', 'project_id': '1b51396257ce4d19adb1ce7d6921de72', 'project_name': 'tempest-ServersTestJSON-701130459', 'tenant_id': '1b51396257ce4d19adb1ce7d6921de72', 'tenant_name': 'tempest-ServersTestJSON-701130459', 'user_domain_id': 'default', 'user_domain_name': 'Default', 'user_id': '3b9947dde53f4353b571dfefbea21b38', 'system': None}, Network: None, Subnet: None, Router: None
2025-11-21 09:37:22.412 65896 INFO tempest.lib.common.rest_client [req-173b0932-2306-4629-a5bc-322933726b70 req-173b0932-2306-4629-a5bc-322933726b70 ] Request (ServersTestJSON:setUpClass): 201 POST http://10.180.1.21/identity/v3/auth/tokens 0.102s
2025-11-21 09:37:22.483 65896 INFO tempest.lib.common.rest_client [req-edd9d432-6348-4f5a-91ae-a45bf7b55991 req-edd9d432-6348-4f5a-91ae-a45bf7b55991 ] Request (ServersTestJSON:test_create_server_specify_multibyte_character_name): 201 POST http://10.180.1.21/identity/v3/auth/tokens 0.067s
2025-11-21 09:37:22.483 65896 INFO tempest.lib.common.fixed_network [-] (ServersTestJSON:test_create_server_specify_multibyte_character_name) Found network {'id': 'eb136641-1f34-4544-ad9b-c95c0d51c83c', 'name': 'tempest-ServersTestJSON-8792360-network', 'tenant_id': '1b51396257ce4d19adb1ce7d6921de72', 'project_id': '1b51396257ce4d19adb1ce7d6921de72', 'admin_state_up': True, 'mtu': 8950, 'status': 'ACTIVE', 'subnets': [], 'shared': False, 'port_security_enabled': True, 'router:external': False, 'provider:network_type': 'vlan', 'provider:physical_network': 'default', 'provider:segmentation_id': 972, 'availability_zone_hints': [], 'availability_zones': [], 'ipv4_address_scope': None, 'ipv6_address_scope': None, 'description': '', 'tags': [], 'created_at': '2025-11-21T09:37:19Z', 'updated_at': '2025-11-21T09:37:19Z', 'revision_number': 1} available for tenant
2025-11-21 09:37:22.495 65910 INFO tempest.lib.common.rest_client [req-e63a3e8f-1862-4a9f-8415-4b68b1aa0f7a req-e63a3e8f-1862-4a9f-8415-4b68b1aa0f7a ] Request (InstanceActionsNegativeTestJSON:tearDownClass): 200 GET http://10.180.1.21/compute/v2.1/servers/920da774-56d0-4779-ba66-8cc4a08ce1a1 4.639s
2025-11-21 09:37:22.519 65894 INFO tempest.lib.common.rest_client [req-0455e67b-c5e5-465a-b73e-182818590f62 req-0455e67b-c5e5-465a-b73e-182818590f62 ] Request (ServerDiskConfigTestJSON:test_rebuild_server_with_auto_disk_config): 200 GET http://10.180.1.21/compute/v2.1/servers/d311764e-130e-4181-a465-c68e4eaebce8 4.679s
2025-11-21 09:37:22.526 65894 INFO tempest.common.waiters [-] State transition "BUILD/None" ==> "BUILD/spawning" after 38 second wait
2025-11-21 09:37:22.529 65929 INFO tempest.lib.common.rest_client [req-3d274c1a-e51b-4ce0-bb2f-16a9798fb157 req-3d274c1a-e51b-4ce0-bb2f-16a9798fb157 ] Request (ListImageFiltersTestJSON:setUpClass): 200 GET http://10.180.1.21/compute/v2.1/images/a1fd8217-28fd-4a99-974d-424d68b8875b 4.657s
2025-11-21 09:37:22.544 65888 INFO tempest.lib.common.rest_client [req-e3fad263-9609-467e-a316-f2d7f304fa7f req-e3fad263-9609-467e-a316-f2d7f304fa7f ] Request (ImagesOneServerTestJSON:tearDownClass): 404 GET http://10.180.1.21/compute/v2.1/servers/2ec81332-2062-4518-bbad-64a55adc9168 4.341s
2025-11-21 09:37:22.712 65900 INFO tempest.lib.common.rest_client [req-3613fb4e-ca37-4280-878f-0c25ef04edca req-3613fb4e-ca37-4280-878f-0c25ef04edca ] Request (AttachVolumeTestJSON:test_attach_detach_volume): 200 GET http://10.180.1.21/compute/v2.1/servers/f9334c11-2ca1-4caa-b5c4-84cbc96b5aae 4.335s
2025-11-21 09:37:22.794 65950 INFO tempest.lib.common.rest_client [req-91edeadd-1265-4354-a586-8530bf7d287c req-91edeadd-1265-4354-a586-8530bf7d287c ] Request (MigrationsAdminTest:test_list_migrations_in_flavor_resize_situation): 200 GET http://10.180.1.21/compute/v2.1/servers/7e67e323-450b-4b86-a7b6-c208f16a051f 4.490s
2025-11-21 09:37:22.806 65940 INFO tempest.lib.common.rest_client [req-7cef031c-093e-4dca-b63d-75eb8205539a req-7cef031c-093e-4dca-b63d-75eb8205539a ] Request (ServerGroupTestJSON:test_create_server_with_scheduler_hint_group): 200 GET http://10.180.1.21/compute/v2.1/servers/c0a8ef3e-d54b-4e70-9c62-65d92beab6e5 4.355s
2025-11-21 09:37:22.837 65938 WARNING tempest.lib.common.ssh [-] Failed to establish authenticated ssh connection to cirros@10.180.180.181 ([Errno None] Unable to connect to port 22 on 10.180.180.181). Number attempts: 7. Retry after 8 seconds.: paramiko.ssh_exception.NoValidConnectionsError: [Errno None] Unable to connect to port 22 on 10.180.180.181
2025-11-21 09:37:22.896 65892 INFO tempest.lib.common.rest_client [req-21c5f9d8-cd47-4d97-b9f9-d92819f35acb req-21c5f9d8-cd47-4d97-b9f9-d92819f35acb ] Request (ServerShowV254Test:test_rebuild_server): 200 GET http://10.180.1.21/compute/v2.1/servers/ee1c0d1e-8c6a-4840-b2b0-3cad16cc21b9 4.063s
2025-11-21 09:37:22.909 65892 INFO tempest.common.waiters [-] State transition "BUILD/spawning" ==> "ACTIVE/None" after 49 second wait
2025-11-21 09:37:22.995 65929 INFO tempest.lib.common.rest_client [req-b66c893a-b0b4-454f-b90c-f702841ba42e req-b66c893a-b0b4-454f-b90c-f702841ba42e ] Request (ListImageFiltersTestJSON:setUpClass): 201 POST http://10.180.1.21/image/v2/images 0.462s
2025-11-21 09:37:23.408 65888 INFO tempest.lib.common.rest_client [req-548af6c7-7042-4915-b2f6-a74a661dff28 req-548af6c7-7042-4915-b2f6-a74a661dff28 ] Request (ImagesOneServerTestJSON:tearDownClass): 200 PUT http://10.180.1.21/networking/v2.0/routers/09094315-31a1-4b33-a728-e7317f2b26a7/remove_router_interface 0.863s
2025-11-21 09:37:23.481 65918 INFO tempest.lib.common.rest_client [req-4c7799eb-9500-41e0-9b13-c4b5bce008eb req-4c7799eb-9500-41e0-9b13-c4b5bce008eb ] Request (ServersTestJSON:setUpClass): 200 GET http://10.180.1.21/compute/v2.1/servers/a838ec13-60c5-4c40-97b4-46408086b78f/os-interface 3.385s
2025-11-21 09:37:23.521 65920 INFO tempest.lib.common.rest_client [req-8f57b3e3-c678-4104-8f72-d2f81472e783 req-8f57b3e3-c678-4104-8f72-d2f81472e783 ] Request (ServersTestMultiNic:test_verify_multiple_nics_order): 200 GET http://10.180.1.21/compute/v2.1/servers/4963f31e-0042-48b4-87b8-d9c20761b990 4.201s
2025-11-21 09:37:23.542 65936 INFO tempest.lib.common.rest_client [req-0506823b-e94e-420a-b999-2122425e461b req-0506823b-e94e-420a-b999-2122425e461b ] Request (ServersV294TestFqdnHostnames:tearDownClass): 204 DELETE http://10.180.1.21/compute/v2.1/os-keypairs/tempest-keypair-731305921 3.137s
2025-11-21 09:37:23.572 65908 INFO tempest.lib.common.rest_client [req-b8eeacfa-002b-4096-8703-c4298d314a7e req-b8eeacfa-002b-4096-8703-c4298d314a7e ] Request (ListServersNegativeTestJSON:tearDownClass): 404 GET http://10.180.1.21/compute/v2.1/servers/7d37e028-6230-4195-a416-e64b8a851dae 3.145s
2025-11-21 09:37:23.934 65888 INFO tempest.lib.common.rest_client [req-41c5fff4-0e95-4110-aee9-9e0d30fd4d6d req-41c5fff4-0e95-4110-aee9-9e0d30fd4d6d ] Request (ImagesOneServerTestJSON:tearDownClass): 204 DELETE http://10.180.1.21/networking/v2.0/routers/09094315-31a1-4b33-a728-e7317f2b26a7 0.526s
2025-11-21 09:37:24.063 65918 INFO tempest.lib.common.rest_client [req-8c28d5b8-060d-4735-ab45-b3b1402d3259 req-8c28d5b8-060d-4735-ab45-b3b1402d3259 ] Request (ServersTestJSON:setUpClass): 200 PUT http://10.180.1.21/networking/v2.0/floatingips/67159a74-8e30-45a0-8349-f17af0a5217a 0.580s
2025-11-21 09:37:24.218 65936 INFO tempest.lib.common.rest_client [req-0192d9ae-0d87-41e0-a3f5-d0c3cc6b30b3 req-0192d9ae-0d87-41e0-a3f5-d0c3cc6b30b3 ] Request (ServersV294TestFqdnHostnames:tearDownClass): 204 DELETE http://10.180.1.21/networking/v2.0/security-groups/8fa0462d-c236-453c-b159-169752f3af9a 0.675s
2025-11-21 09:37:24.706 65929 INFO tempest.lib.common.rest_client [req-58103e26-266a-48dd-a36f-f4fd39a858ef req-58103e26-266a-48dd-a36f-f4fd39a858ef ] Request (ListImageFiltersTestJSON:setUpClass): 204 PUT http://10.180.1.21/image/v2/images/c42692ee-f81d-4329-9a50-6d67182d161f/file 0.710s
2025-11-21 09:37:25.468 65908 INFO tempest.lib.common.rest_client [req-8222e5bc-b4fe-44de-a1a3-932ab105fddf req-8222e5bc-b4fe-44de-a1a3-932ab105fddf ] Request (ListServersNegativeTestJSON:tearDownClass): 200 PUT http://10.180.1.21/networking/v2.0/routers/fcb86d49-4972-4614-954b-95831931e9ad/remove_router_interface 1.895s
2025-11-21 09:37:25.617 65936 INFO tempest.lib.common.rest_client [req-65c18001-fbab-48db-885b-d09395023118 req-65c18001-fbab-48db-885b-d09395023118 ] Request (ServersV294TestFqdnHostnames:tearDownClass): 404 GET http://10.180.1.21/networking/v2.0/security-groups/8fa0462d-c236-453c-b159-169752f3af9a 1.398s
2025-11-21 09:37:25.625 65946 INFO tempest.lib.common.rest_client [req-c11b48c7-04d5-4bbe-90f0-8a0aca1a2025 req-c11b48c7-04d5-4bbe-90f0-8a0aca1a2025 ] Request (ImagesTestJSON:test_create_image_from_suspended_server): 200 GET http://10.180.1.21/compute/v2.1/servers/4dbd232f-6590-450d-840f-54e36e883678 5.472s
2025-11-21 09:37:25.703 65888 INFO tempest.lib.common.rest_client [req-e3b53fe7-ce32-496b-8533-e65da319860d req-e3b53fe7-ce32-496b-8533-e65da319860d ] Request (ImagesOneServerTestJSON:tearDownClass): 204 DELETE http://10.180.1.21/networking/v2.0/subnets/907de82d-da61-42a7-a0a0-97a0074d20e3 1.768s
2025-11-21 09:37:25.982 65936 INFO tempest.lib.common.rest_client [req-9a6ef0cd-e7a7-4fdf-98da-0f676d8dc172 req-9a6ef0cd-e7a7-4fdf-98da-0f676d8dc172 ] Request (ServersV294TestFqdnHostnames:tearDownClass): 204 DELETE http://10.180.1.21/networking/v2.0/floatingips/b409ba1d-a2c9-4b39-a4e4-cc84a28637a3 0.365s
2025-11-21 09:37:25.991 65908 INFO tempest.lib.common.rest_client [req-51d83e9d-2277-4332-8038-bf761d6844b3 req-51d83e9d-2277-4332-8038-bf761d6844b3 ] Request (ListServersNegativeTestJSON:tearDownClass): 204 DELETE http://10.180.1.21/networking/v2.0/routers/fcb86d49-4972-4614-954b-95831931e9ad 0.522s
2025-11-21 09:37:26.111 65924 INFO tempest.lib.common.rest_client [req-f5473aef-4323-4228-adbc-503059412792 req-f5473aef-4323-4228-adbc-503059412792 ] Request (SecurityGroupRulesNegativeTestJSON:test_create_security_group_rule_with_invalid_ip_protocol): 200 POST http://10.180.1.21/compute/v2.1/os-security-groups 5.245s
2025-11-21 09:37:26.259 65888 INFO tempest.lib.common.rest_client [req-2dac30d5-3552-4884-b0f8-6f12607bca24 req-2dac30d5-3552-4884-b0f8-6f12607bca24 ] Request (ImagesOneServerTestJSON:tearDownClass): 204 DELETE http://10.180.1.21/networking/v2.0/networks/0ce632c8-0551-473d-907d-7225ddfff54b 0.554s
2025-11-21 09:37:26.415 65888 INFO tempest.lib.common.rest_client [req-7fcc3bed-af3f-434a-a279-e1e46fb13103 req-7fcc3bed-af3f-434a-a279-e1e46fb13103 ] Request (ImagesOneServerTestJSON:tearDownClass): 204 DELETE http://10.180.1.21/identity/v3/users/aa3c009806c349098d263606a6efe141 0.155s
2025-11-21 09:37:26.415 65888 INFO tempest.lib.common.dynamic_creds [-] Deleting project and security group for project: 97f0b47bf23d438db84c780047e5c0d0
2025-11-21 09:37:26.421 65908 INFO tempest.lib.common.rest_client [req-77c93dba-ba64-4996-8d14-82d469978f6c req-77c93dba-ba64-4996-8d14-82d469978f6c ] Request (ListServersNegativeTestJSON:tearDownClass): 204 DELETE http://10.180.1.21/networking/v2.0/subnets/2bce5695-7ea0-4636-9b84-7f520d68985b 0.430s
2025-11-21 09:37:26.447 65922 INFO tempest.lib.common.rest_client [req-facc2539-a082-42bf-834d-4ff4408166ab req-facc2539-a082-42bf-834d-4ff4408166ab ] Request (ServersAdminNegativeTestJSON:tearDownClass): 200 GET http://10.180.1.21/compute/v2.1/servers/6e3dfc79-5e2f-41bf-8fdd-61857b740f1a 5.413s
2025-11-21 09:37:26.558 65888 INFO tempest.lib.common.rest_client [req-9fcd27bf-ddd9-4e06-a55f-c0e8c8697f57 req-9fcd27bf-ddd9-4e06-a55f-c0e8c8697f57 ] Request (ImagesOneServerTestJSON:tearDownClass): 200 GET http://10.180.1.21/networking/v2.0/security-groups?tenant_id=97f0b47bf23d438db84c780047e5c0d0&name=default 0.143s
2025-11-21 09:37:26.783 65908 INFO tempest.lib.common.rest_client [req-424bd239-d1dd-435f-b201-d13998f95352 req-424bd239-d1dd-435f-b201-d13998f95352 ] Request (ListServersNegativeTestJSON:tearDownClass): 204 DELETE http://10.180.1.21/networking/v2.0/networks/64d074e7-c6a5-45d8-8380-4e89bc29882d 0.362s
2025-11-21 09:37:26.818 65906 INFO tempest.lib.common.rest_client [req-70cbee17-7f7d-470c-bbbb-4e8d776fbaa0 req-70cbee17-7f7d-470c-bbbb-4e8d776fbaa0 ] Request (ListServerFiltersTestJSON:setUpClass): 200 GET http://10.180.1.21/compute/v2.1/servers/dc6f5237-50f9-4f38-b9d3-d3e8b3f847c2 5.430s
2025-11-21 09:37:26.945 65908 INFO tempest.lib.common.rest_client [req-6fb55ce6-1e0d-4f59-9459-52f8351f1cb6 req-6fb55ce6-1e0d-4f59-9459-52f8351f1cb6 ] Request (ListServersNegativeTestJSON:tearDownClass): 204 DELETE http://10.180.1.21/identity/v3/users/fe3fdad48f5a41479c0c163e5009ab6a 0.160s
2025-11-21 09:37:26.945 65908 INFO tempest.lib.common.dynamic_creds [-] Deleting project and security group for project: cad2af7a8c19433c9db441b9453ee0f5
2025-11-21 09:37:26.947 65948 INFO tempest.lib.common.rest_client [req-22f1df63-e186-4209-9898-b1182924b67f req-22f1df63-e186-4209-9898-b1182924b67f ] Request (ServerMetadataNegativeTestJSON:setUpClass): 202 POST http://10.180.1.21/compute/v2.1/servers 6.351s
2025-11-21 09:37:27.007 65888 INFO tempest.lib.common.rest_client [req-3df13705-1a3b-4af8-86b9-ee2b4e6cc144 req-3df13705-1a3b-4af8-86b9-ee2b4e6cc144 ] Request (ImagesOneServerTestJSON:tearDownClass): 204 DELETE http://10.180.1.21/networking/v2.0/security-groups/54ef4958-fa81-4670-82a0-5d9b9c8c81ef 0.449s
2025-11-21 09:37:27.064 65936 INFO tempest.lib.common.rest_client [req-98b3dabf-1f3b-40c8-b6a2-44cd37c6e1f6 req-98b3dabf-1f3b-40c8-b6a2-44cd37c6e1f6 ] Request (ServersV294TestFqdnHostnames:tearDownClass): 200 PUT http://10.180.1.21/networking/v2.0/routers/f5ec69f3-b8b1-4e9c-8e0c-6f26af776e65/remove_router_interface 1.081s
2025-11-21 09:37:27.149 65888 INFO tempest.lib.common.rest_client [req-cf7868da-d343-4f67-a5c4-1761d5401264 req-cf7868da-d343-4f67-a5c4-1761d5401264 ] Request (ImagesOneServerTestJSON:tearDownClass): 204 DELETE http://10.180.1.21/identity/v3/projects/97f0b47bf23d438db84c780047e5c0d0 0.141s
2025-11-21 09:37:27.150 65908 INFO tempest.lib.common.rest_client [req-b9e90b5d-93ca-46a1-8229-2f35ab2e14c0 req-b9e90b5d-93ca-46a1-8229-2f35ab2e14c0 ] Request (ListServersNegativeTestJSON:tearDownClass): 200 GET http://10.180.1.21/networking/v2.0/security-groups?tenant_id=cad2af7a8c19433c9db441b9453ee0f5&name=default 0.205s
2025-11-21 09:37:27.221 65888 INFO tempest.lib.common.rest_client [req-ae8691b7-fee6-49bf-ab9b-99e728980a8d req-ae8691b7-fee6-49bf-ab9b-99e728980a8d ] Request (ServersTestFqdnHostnames:setUpClass): 201 POST http://10.180.1.21/identity/v3/auth/tokens 0.070s
2025-11-21 09:37:27.252 65888 INFO tempest.lib.common.rest_client [req-1c2ba3dc-8416-4718-922f-240c934b0103 req-1c2ba3dc-8416-4718-922f-240c934b0103 ] Request (ServersTestFqdnHostnames:setUpClass): 201 POST http://10.180.1.21/identity/v3/auth/tokens 0.029s
2025-11-21 09:37:27.256 65890 INFO tempest.lib.common.rest_client [req-f6ca77db-39c4-43c9-8491-1f71c726412b req-f6ca77db-39c4-43c9-8491-1f71c726412b ] Request (SecurityGroupsTestJSON:test_list_security_groups_by_server): 200 GET http://10.180.1.21/compute/v2.1/servers/a9f4495e-8089-4363-a1d8-89b779ec9049 5.387s
2025-11-21 09:37:27.287 65888 INFO tempest.lib.common.rest_client [req-aa99a761-c758-4cc8-bd35-910dcf1c65c9 req-aa99a761-c758-4cc8-bd35-910dcf1c65c9 ] Request (ServersTestFqdnHostnames:setUpClass): 200 GET http://10.180.1.21/identity/v3/domains?name=Default 0.034s
2025-11-21 09:37:27.338 65888 INFO tempest.lib.common.rest_client [req-958bc896-3199-4a8c-8520-d69672ad6701 req-958bc896-3199-4a8c-8520-d69672ad6701 ] Request (ServersTestFqdnHostnames:setUpClass): 201 POST http://10.180.1.21/identity/v3/projects 0.051s
2025-11-21 09:37:27.382 65908 INFO tempest.lib.common.rest_client [req-9515d247-2574-467e-bdf7-79e10b5f333e req-9515d247-2574-467e-bdf7-79e10b5f333e ] Request (ListServersNegativeTestJSON:tearDownClass): 204 DELETE http://10.180.1.21/networking/v2.0/security-groups/8c459ccc-bc0f-40f0-8a48-ad1453fa4549 0.231s
2025-11-21 09:37:27.444 65888 INFO tempest.lib.common.rest_client [req-adc0ad67-cc8e-40bb-b5df-41aaec4f9dbe req-adc0ad67-cc8e-40bb-b5df-41aaec4f9dbe ] Request (ServersTestFqdnHostnames:setUpClass): 201 POST http://10.180.1.21/identity/v3/users 0.105s
2025-11-21 09:37:27.475 65888 INFO tempest.lib.common.rest_client [req-cd838740-86c7-489d-baf6-06cbc686c4e9 req-cd838740-86c7-489d-baf6-06cbc686c4e9 ] Request (ServersTestFqdnHostnames:setUpClass): 200 GET http://10.180.1.21/identity/v3/roles 0.029s
2025-11-21 09:37:27.513 65912 INFO tempest.lib.common.rest_client [req-d7e5fa59-5b8a-4886-b356-380e3ff96a12 req-d7e5fa59-5b8a-4886-b356-380e3ff96a12 ] Request (TenantUsagesTestJSON:setUpClass): 200 GET http://10.180.1.21/compute/v2.1/servers/237a97b2-171d-49de-ab34-a2d775c2e049 5.624s
2025-11-21 09:37:27.522 65912 INFO tempest.common.waiters [-] State transition "BUILD/None" ==> "BUILD/spawning" after 37 second wait
2025-11-21 09:37:27.529 65932 INFO tempest.lib.common.rest_client [req-7677bacf-cc8a-4b1d-b16d-196b40075fbe req-7677bacf-cc8a-4b1d-b16d-196b40075fbe ] Request (ImagesNegativeTestJSON:test_create_image_from_deleted_server): 200 GET http://10.180.1.21/compute/v2.1/servers/4d21f01d-c878-47a8-87a9-ca3b33c0d6a5 5.338s
2025-11-21 09:37:27.537 65932 INFO tempest.common.waiters [-] State transition "BUILD/scheduling" ==> "BUILD/None" after 25 second wait
2025-11-21 09:37:27.541 65908 INFO tempest.lib.common.rest_client [req-197e3799-15a9-460f-811d-bb1adb742e4a req-197e3799-15a9-460f-811d-bb1adb742e4a ] Request (ListServersNegativeTestJSON:tearDownClass): 204 DELETE http://10.180.1.21/identity/v3/projects/cad2af7a8c19433c9db441b9453ee0f5 0.159s
2025-11-21 09:37:27.571 65888 INFO tempest.lib.common.rest_client [req-17bf48e9-b6f4-438c-ad21-f009150a8a96 req-17bf48e9-b6f4-438c-ad21-f009150a8a96 ] Request (ServersTestFqdnHostnames:setUpClass): 204 PUT http://10.180.1.21/identity/v3/projects/827bcd26e7624456beaa3b4c7ba4d894/users/98b87302dd0f44e891592db32ba3866e/roles/50c81839aa4049c9bafc04aab78e705d 0.096s
2025-11-21 09:37:27.571 65888 INFO tempest.lib.common.dynamic_creds [-] Dynamic test user 98b87302dd0f44e891592db32ba3866e is created with scope project and roles: ['member']
2025-11-21 09:37:27.572 65888 INFO tempest.lib.common.dynamic_creds [-] Acquired dynamic creds: credentials: Credentials: {'domain_id': 'default', 'domain_name': 'Default', 'username': 'tempest-ServersTestFqdnHostnames-713597942-project-member', 'project_domain_id': 'default', 'project_domain_name': 'Default', 'project_id': '827bcd26e7624456beaa3b4c7ba4d894', 'project_name': 'tempest-ServersTestFqdnHostnames-713597942', 'tenant_id': '827bcd26e7624456beaa3b4c7ba4d894', 'tenant_name': 'tempest-ServersTestFqdnHostnames-713597942', 'user_domain_id': 'default', 'user_domain_name': 'Default', 'user_id': '98b87302dd0f44e891592db32ba3866e', 'system': None}, Network: None, Subnet: None, Router: None
2025-11-21 09:37:27.662 65916 INFO tempest.lib.common.rest_client [req-f6d6c87d-1488-40e2-ba6c-7fdccba231ad req-f6d6c87d-1488-40e2-ba6c-7fdccba231ad ] Request (InstanceActionsV221TestJSON:test_get_list_deleted_instance_actions): 200 GET http://10.180.1.21/compute/v2.1/servers/f6831acc-fce7-4a77-a720-943721a5161d 5.445s
2025-11-21 09:37:27.685 65908 INFO tempest.lib.common.rest_client [req-4b084a84-27b8-4482-8d7b-d5e3b956f140 req-4b084a84-27b8-4482-8d7b-d5e3b956f140 ] Request (ExtensionsTest:setUpClass): 201 POST http://10.180.1.21/identity/v3/auth/tokens 0.140s
2025-11-21 09:37:27.701 65892 INFO tempest.lib.common.rest_client [req-c10b7ddb-d3ef-4123-a902-4f83fc17267f req-c10b7ddb-d3ef-4123-a902-4f83fc17267f ] Request (ServerShowV254Test:test_rebuild_server): 201 POST http://10.180.1.21/compute/v2.1/os-keypairs 4.790s
2025-11-21 09:37:27.728 65888 INFO tempest.lib.common.rest_client [req-1dd7b571-bb59-4fb5-b28e-bf164b333578 req-1dd7b571-bb59-4fb5-b28e-bf164b333578 ] Request (ServersTestFqdnHostnames:setUpClass): 201 POST http://10.180.1.21/identity/v3/auth/tokens 0.156s
2025-11-21 09:37:27.760 65945 WARNING tempest.lib.common.ssh [-] Failed to establish authenticated ssh connection to cirros@10.180.180.147 ([Errno None] Unable to connect to port 22 on 10.180.180.147). Number attempts: 6. Retry after 7 seconds.: paramiko.ssh_exception.NoValidConnectionsError: [Errno None] Unable to connect to port 22 on 10.180.180.147
2025-11-21 09:37:27.762 65908 INFO tempest.lib.common.rest_client [req-bbf518b5-e8ea-4071-8147-3a8344bf726a req-bbf518b5-e8ea-4071-8147-3a8344bf726a ] Request (ExtensionsTest:setUpClass): 201 POST http://10.180.1.21/identity/v3/auth/tokens 0.073s
2025-11-21 09:37:27.785 65908 INFO tempest.lib.common.rest_client [req-cf849c50-5953-41a3-b72c-c4453838921b req-cf849c50-5953-41a3-b72c-c4453838921b ] Request (ExtensionsTest:setUpClass): 200 GET http://10.180.1.21/identity/v3/domains?name=Default 0.023s
2025-11-21 09:37:27.820 65908 INFO tempest.lib.common.rest_client [req-dbd85a8e-2bb8-43eb-87fa-fd6674b57b51 req-dbd85a8e-2bb8-43eb-87fa-fd6674b57b51 ] Request (ExtensionsTest:setUpClass): 201 POST http://10.180.1.21/identity/v3/projects 0.034s
2025-11-21 09:37:27.841 65936 INFO tempest.lib.common.rest_client [req-119e3d65-fe15-4f18-9755-d8217b18717e req-119e3d65-fe15-4f18-9755-d8217b18717e ] Request (ServersV294TestFqdnHostnames:tearDownClass): 204 DELETE http://10.180.1.21/networking/v2.0/routers/f5ec69f3-b8b1-4e9c-8e0c-6f26af776e65 0.776s
2025-11-21 09:37:27.900 65908 INFO tempest.lib.common.rest_client [req-a8bbda8b-edb7-41c1-8cf4-9e53a8618a54 req-a8bbda8b-edb7-41c1-8cf4-9e53a8618a54 ] Request (ExtensionsTest:setUpClass): 201 POST http://10.180.1.21/identity/v3/users 0.080s
2025-11-21 09:37:27.931 65914 INFO tempest.lib.common.rest_client [req-d6a4dbce-7ff1-40fc-b79d-f1008010147f req-d6a4dbce-7ff1-40fc-b79d-f1008010147f ] Request (ServerTagsTestJSON:tearDownClass): 200 GET http://10.180.1.21/compute/v2.1/servers/a9e11bda-4a51-481d-a53a-30a46057e71a 4.790s
2025-11-21 09:37:27.943 65908 INFO tempest.lib.common.rest_client [req-808d57db-e93f-4daa-99c6-7674e9b56896 req-808d57db-e93f-4daa-99c6-7674e9b56896 ] Request (ExtensionsTest:setUpClass): 200 GET http://10.180.1.21/identity/v3/roles 0.042s
2025-11-21 09:37:27.995 65908 INFO tempest.lib.common.rest_client [req-5a6a5b55-5362-47f4-accf-39c6c0fceb78 req-5a6a5b55-5362-47f4-accf-39c6c0fceb78 ] Request (ExtensionsTest:setUpClass): 204 PUT http://10.180.1.21/identity/v3/projects/b4fa8047bb0b453f9d5940f40bb27017/users/68a698ab8279435eb45b47bd42f390f2/roles/50c81839aa4049c9bafc04aab78e705d 0.051s
2025-11-21 09:37:27.995 65908 INFO tempest.lib.common.dynamic_creds [-] Dynamic test user 68a698ab8279435eb45b47bd42f390f2 is created with scope project and roles: ['member']
2025-11-21 09:37:27.996 65908 INFO tempest.lib.common.dynamic_creds [-] Acquired dynamic creds: credentials: Credentials: {'domain_id': 'default', 'domain_name': 'Default', 'username': 'tempest-ExtensionsTest-1896349268-project-member', 'project_domain_id': 'default', 'project_domain_name': 'Default', 'project_id': 'b4fa8047bb0b453f9d5940f40bb27017', 'project_name': 'tempest-ExtensionsTest-1896349268', 'tenant_id': 'b4fa8047bb0b453f9d5940f40bb27017', 'tenant_name': 'tempest-ExtensionsTest-1896349268', 'user_domain_id': 'default', 'user_domain_name': 'Default', 'user_id': '68a698ab8279435eb45b47bd42f390f2', 'system': None}, Network: None, Subnet: None, Router: None
2025-11-21 09:37:27.996 65908 INFO tempest.lib.common.dynamic_creds [-] Created isolated network resources for: credentials: Credentials: {'domain_id': 'default', 'domain_name': 'Default', 'username': 'tempest-ExtensionsTest-1896349268-project-member', 'project_domain_id': 'default', 'project_domain_name': 'Default', 'project_id': 'b4fa8047bb0b453f9d5940f40bb27017', 'project_name': 'tempest-ExtensionsTest-1896349268', 'tenant_id': 'b4fa8047bb0b453f9d5940f40bb27017', 'tenant_name': 'tempest-ExtensionsTest-1896349268', 'user_domain_id': 'default', 'user_domain_name': 'Default', 'user_id': '68a698ab8279435eb45b47bd42f390f2', 'system': None}, Network: None, Subnet: None, Router: None
2025-11-21 09:37:28.067 65888 INFO tempest.lib.common.rest_client [req-be1f5836-9e72-4a0f-a19d-85c0f92b5599 req-be1f5836-9e72-4a0f-a19d-85c0f92b5599 ] Request (ServersTestFqdnHostnames:setUpClass): 201 POST http://10.180.1.21/networking/v2.0/networks 0.338s
2025-11-21 09:37:28.078 65908 INFO tempest.lib.common.rest_client [req-c1ee23a5-1f4c-4cfa-a9d3-58bccfb62a34 req-c1ee23a5-1f4c-4cfa-a9d3-58bccfb62a34 ] Request (ExtensionsTest:setUpClass): 201 POST http://10.180.1.21/identity/v3/auth/tokens 0.079s
2025-11-21 09:37:28.113 65926 INFO tempest.lib.common.rest_client [req-2a319b20-b87e-45cd-88fa-0c5cce80b892 req-2a319b20-b87e-45cd-88fa-0c5cce80b892 ] Request (ServerRescueNegativeTestJSON:setUpClass): 200 GET http://10.180.1.21/compute/v2.1/servers/7132b1cb-840e-4b6d-819c-3fd4de493f15 4.908s
2025-11-21 09:37:28.120 65936 INFO tempest.lib.common.rest_client [req-fe671fa9-e7dd-4e89-a486-5b974ebfc72a req-fe671fa9-e7dd-4e89-a486-5b974ebfc72a ] Request (ServersV294TestFqdnHostnames:tearDownClass): 204 DELETE http://10.180.1.21/networking/v2.0/subnets/b41da09a-87d6-47a3-8c1c-db8a66644a1c 0.278s
2025-11-21 09:37:28.291 65888 INFO tempest.lib.common.rest_client [req-a1fd3487-5c7b-4c9e-9f55-bcba75bbdba2 req-a1fd3487-5c7b-4c9e-9f55-bcba75bbdba2 ] Request (ServersTestFqdnHostnames:setUpClass): 201 POST http://10.180.1.21/networking/v2.0/subnets 0.224s
2025-11-21 09:37:28.374 65898 INFO tempest.lib.common.rest_client [req-89fb23c6-24b5-4ec2-860e-041fc52ac3ee req-89fb23c6-24b5-4ec2-860e-041fc52ac3ee ] Request (ServersAdminTestJSON:test_create_server_with_scheduling_hint): 200 GET http://10.180.1.21/compute/v2.1/servers/c878f856-3222-4b46-8aa6-f1ce397b69b3 5.096s
2025-11-21 09:37:28.569 65936 INFO tempest.lib.common.rest_client [req-8363c603-e60d-4b3b-9f94-ef8e7da2d857 req-8363c603-e60d-4b3b-9f94-ef8e7da2d857 ] Request (ServersV294TestFqdnHostnames:tearDownClass): 204 DELETE http://10.180.1.21/networking/v2.0/networks/74b9306d-2e4d-40bd-8e2d-9fb80780576a 0.449s
2025-11-21 09:37:28.692 65910 INFO tempest.lib.common.rest_client [req-d8723b8f-9781-4522-8d0e-6d32bed92f3c req-d8723b8f-9781-4522-8d0e-6d32bed92f3c ] Request (InstanceActionsNegativeTestJSON:tearDownClass): 200 GET http://10.180.1.21/compute/v2.1/servers/920da774-56d0-4779-ba66-8cc4a08ce1a1 5.188s
2025-11-21 09:37:28.713 65936 INFO tempest.lib.common.rest_client [req-dc480a81-baa0-46a0-8d2b-42ec031cf1fc req-dc480a81-baa0-46a0-8d2b-42ec031cf1fc ] Request (ServersV294TestFqdnHostnames:tearDownClass): 204 DELETE http://10.180.1.21/identity/v3/users/da7e71f9cb524d09ae4bac3e1618de55 0.144s
2025-11-21 09:37:28.714 65936 INFO tempest.lib.common.dynamic_creds [-] Deleting project and security group for project: d39606b17ad2468b89ec033347627215
2025-11-21 09:37:28.757 65896 INFO tempest.lib.common.rest_client [req-bced91a0-ba87-4d3e-b85e-697c90bfee16 req-bced91a0-ba87-4d3e-b85e-697c90bfee16 ] Request (ServersTestJSON:test_create_server_specify_multibyte_character_name): 202 POST http://10.180.1.21/compute/v2.1/servers 6.273s
2025-11-21 09:37:28.846 65936 INFO tempest.lib.common.rest_client [req-86e701be-06a2-4c0b-a21e-1d70e5c1d208 req-86e701be-06a2-4c0b-a21e-1d70e5c1d208 ] Request (ServersV294TestFqdnHostnames:tearDownClass): 200 GET http://10.180.1.21/networking/v2.0/security-groups?tenant_id=d39606b17ad2468b89ec033347627215&name=default 0.132s
2025-11-21 09:37:28.987 65900 INFO tempest.lib.common.rest_client [req-114fd6fa-5e97-4eca-b6db-092bcc16f5a8 req-114fd6fa-5e97-4eca-b6db-092bcc16f5a8 ] Request (AttachVolumeTestJSON:test_attach_detach_volume): 200 GET http://10.180.1.21/compute/v2.1/servers/f9334c11-2ca1-4caa-b5c4-84cbc96b5aae 5.261s
2025-11-21 09:37:29.117 65936 INFO tempest.lib.common.rest_client [req-3b0bb5d8-dfb5-430c-b414-42f8e832ddf5 req-3b0bb5d8-dfb5-430c-b414-42f8e832ddf5 ] Request (ServersV294TestFqdnHostnames:tearDownClass): 204 DELETE http://10.180.1.21/networking/v2.0/security-groups/4158707a-f049-490d-8018-c4b053878dca 0.271s
2025-11-21 09:37:29.158 65894 INFO tempest.lib.common.rest_client [req-80fb497a-6543-4109-9978-8ecefa219166 req-80fb497a-6543-4109-9978-8ecefa219166 ] Request (ServerDiskConfigTestJSON:test_rebuild_server_with_auto_disk_config): 200 GET http://10.180.1.21/compute/v2.1/servers/d311764e-130e-4181-a465-c68e4eaebce8 5.630s
2025-11-21 09:37:29.224 65936 INFO tempest.lib.common.rest_client [req-56ab212d-7360-4814-9a47-64302245766b req-56ab212d-7360-4814-9a47-64302245766b ] Request (ServersV294TestFqdnHostnames:tearDownClass): 204 DELETE http://10.180.1.21/identity/v3/projects/d39606b17ad2468b89ec033347627215 0.106s
2025-11-21 09:37:29.246 65888 INFO tempest.lib.common.rest_client [req-4d8bce41-f152-4410-9c42-0b3a74f0b3be req-4d8bce41-f152-4410-9c42-0b3a74f0b3be ] Request (ServersTestFqdnHostnames:setUpClass): 201 POST http://10.180.1.21/networking/v2.0/routers 0.954s
2025-11-21 09:37:29.296 65940 INFO tempest.lib.common.rest_client [req-2e997234-2dd0-4273-9b4b-1d379ce067e4 req-2e997234-2dd0-4273-9b4b-1d379ce067e4 ] Request (ServerGroupTestJSON:test_create_server_with_scheduler_hint_group): 200 GET http://10.180.1.21/compute/v2.1/servers/c0a8ef3e-d54b-4e70-9c62-65d92beab6e5 5.473s
2025-11-21 09:37:29.334 65936 INFO tempest.lib.common.rest_client [req-28bac0fa-8f47-4227-9271-6727c4a1572b req-28bac0fa-8f47-4227-9271-6727c4a1572b ] Request (InstanceActionsTestJSON:setUpClass): 201 POST http://10.180.1.21/identity/v3/auth/tokens 0.107s
2025-11-21 09:37:29.338 65950 INFO tempest.lib.common.rest_client [req-e9e50a6d-9afb-424e-99db-7834fd8f7658 req-e9e50a6d-9afb-424e-99db-7834fd8f7658 ] Request (MigrationsAdminTest:test_list_migrations_in_flavor_resize_situation): 200 GET http://10.180.1.21/compute/v2.1/servers/7e67e323-450b-4b86-a7b6-c208f16a051f 5.534s
2025-11-21 09:37:29.387 65936 INFO tempest.lib.common.rest_client [req-76c76b45-2766-4128-b79b-f04ec6860f52 req-76c76b45-2766-4128-b79b-f04ec6860f52 ] Request (InstanceActionsTestJSON:setUpClass): 201 POST http://10.180.1.21/identity/v3/auth/tokens 0.046s
2025-11-21 09:37:29.422 65936 INFO tempest.lib.common.rest_client [req-d08bcd35-c66f-4bb1-83dd-c795ea673a63 req-d08bcd35-c66f-4bb1-83dd-c795ea673a63 ] Request (InstanceActionsTestJSON:setUpClass): 200 GET http://10.180.1.21/identity/v3/domains?name=Default 0.035s
2025-11-21 09:37:29.459 65936 INFO tempest.lib.common.rest_client [req-d3698504-45d4-4f5a-8ba2-224c3d942640 req-d3698504-45d4-4f5a-8ba2-224c3d942640 ] Request (InstanceActionsTestJSON:setUpClass): 201 POST http://10.180.1.21/identity/v3/projects 0.036s
2025-11-21 09:37:29.552 65936 INFO tempest.lib.common.rest_client [req-f85d66d1-e9c5-4d35-8169-83cb17fce49a req-f85d66d1-e9c5-4d35-8169-83cb17fce49a ] Request (InstanceActionsTestJSON:setUpClass): 201 POST http://10.180.1.21/identity/v3/users 0.092s
2025-11-21 09:37:29.582 65936 INFO tempest.lib.common.rest_client [req-3715110e-d7c5-4c3b-8731-d25aa2102d9d req-3715110e-d7c5-4c3b-8731-d25aa2102d9d ] Request (InstanceActionsTestJSON:setUpClass): 200 GET http://10.180.1.21/identity/v3/roles 0.029s
2025-11-21 09:37:29.611 65936 INFO tempest.lib.common.rest_client [req-322f5f91-dbc9-4cf5-8b84-a4ba60c619dd req-322f5f91-dbc9-4cf5-8b84-a4ba60c619dd ] Request (InstanceActionsTestJSON:setUpClass): 204 PUT http://10.180.1.21/identity/v3/projects/551def87b2324c6a9787b1d74d596536/users/6f9442b5dada4861b940b370a5f021f9/roles/50c81839aa4049c9bafc04aab78e705d 0.029s
2025-11-21 09:37:29.612 65936 INFO tempest.lib.common.dynamic_creds [-] Dynamic test user 6f9442b5dada4861b940b370a5f021f9 is created with scope project and roles: ['member']
2025-11-21 09:37:29.612 65936 INFO tempest.lib.common.dynamic_creds [-] Acquired dynamic creds: credentials: Credentials: {'domain_id': 'default', 'domain_name': 'Default', 'username': 'tempest-InstanceActionsTestJSON-1102013012-project-member', 'project_domain_id': 'default', 'project_domain_name': 'Default', 'project_id': '551def87b2324c6a9787b1d74d596536', 'project_name': 'tempest-InstanceActionsTestJSON-1102013012', 'tenant_id': '551def87b2324c6a9787b1d74d596536', 'tenant_name': 'tempest-InstanceActionsTestJSON-1102013012', 'user_domain_id': 'default', 'user_domain_name': 'Default', 'user_id': '6f9442b5dada4861b940b370a5f021f9', 'system': None}, Network: None, Subnet: None, Router: None
2025-11-21 09:37:29.673 65936 INFO tempest.lib.common.rest_client [req-1815b905-d992-4390-a907-eab5cce6ced2 req-1815b905-d992-4390-a907-eab5cce6ced2 ] Request (InstanceActionsTestJSON:setUpClass): 201 POST http://10.180.1.21/identity/v3/auth/tokens 0.061s
2025-11-21 09:37:29.764 65918 INFO tempest.lib.common.rest_client [req-2c694647-d411-421b-b012-7bb1fc2769f8 req-2c694647-d411-421b-b012-7bb1fc2769f8 ] Request (ServersTestJSON:setUpClass): 200 GET http://10.180.1.21/compute/v2.1/servers/a838ec13-60c5-4c40-97b4-46408086b78f 5.701s
2025-11-21 09:37:29.774 65918 INFO tempest.lib.common.ssh [-] Creating ssh connection to '10.180.180.170:22' as 'cirros' with public key authentication
2025-11-21 09:37:29.797 65920 INFO tempest.lib.common.rest_client [req-86519852-eb37-4cb2-8dc8-ba46020b6b9d req-86519852-eb37-4cb2-8dc8-ba46020b6b9d ] Request (ServersTestMultiNic:test_verify_multiple_nics_order): 200 GET http://10.180.1.21/compute/v2.1/servers/4963f31e-0042-48b4-87b8-d9c20761b990 5.265s
2025-11-21 09:37:29.804 65942 INFO paramiko.transport [-] Connected (version 2.0, client dropbear_2020.81)
2025-11-21 09:37:29.806 65920 INFO tempest.common.waiters [-] State transition "BUILD/spawning" ==> "ACTIVE/None" after 56 second wait
2025-11-21 09:37:29.811 65929 INFO tempest.lib.common.rest_client [req-6e524b75-5d17-4fcc-8d25-201bf1f7d206 req-6e524b75-5d17-4fcc-8d25-201bf1f7d206 ] Request (ListImageFiltersTestJSON:setUpClass): 200 GET http://10.180.1.21/compute/v2.1/images/c42692ee-f81d-4329-9a50-6d67182d161f 5.104s
2025-11-21 09:37:29.911 65942 INFO paramiko.transport [-] Authentication (publickey) successful!
2025-11-21 09:37:29.911 65942 INFO tempest.lib.common.ssh [-] ssh connection to cirros@10.180.180.203 successfully created
2025-11-21 09:37:30.144 65936 INFO tempest.lib.common.rest_client [req-8d2269c1-c918-443c-9753-8ffcb2a0e72e req-8d2269c1-c918-443c-9753-8ffcb2a0e72e ] Request (InstanceActionsTestJSON:setUpClass): 201 POST http://10.180.1.21/networking/v2.0/networks 0.469s
2025-11-21 09:37:30.238 65924 INFO tempest.lib.common.rest_client [req-5fe91085-1130-4566-b45f-96d25145b4d3 req-5fe91085-1130-4566-b45f-96d25145b4d3 ] Request (SecurityGroupRulesNegativeTestJSON:test_create_security_group_rule_with_invalid_ip_protocol): 400 POST http://10.180.1.21/compute/v2.1/os-security-group-rules 4.123s
2025-11-21 09:37:30.252 65888 INFO tempest.lib.common.rest_client [req-66f6b8b0-602c-4215-bf7c-ca189f78a7af req-66f6b8b0-602c-4215-bf7c-ca189f78a7af ] Request (ServersTestFqdnHostnames:setUpClass): 200 PUT http://10.180.1.21/networking/v2.0/routers/c61baeca-fbec-45b6-b83a-f3b09b64171c/add_router_interface 1.006s
2025-11-21 09:37:30.253 65888 INFO tempest.lib.common.dynamic_creds [-] Created isolated network resources for: credentials: Credentials: {'domain_id': 'default', 'domain_name': 'Default', 'username': 'tempest-ServersTestFqdnHostnames-713597942-project-member', 'project_domain_id': 'default', 'project_domain_name': 'Default', 'project_id': '827bcd26e7624456beaa3b4c7ba4d894', 'project_name': 'tempest-ServersTestFqdnHostnames-713597942', 'tenant_id': '827bcd26e7624456beaa3b4c7ba4d894', 'tenant_name': 'tempest-ServersTestFqdnHostnames-713597942', 'user_domain_id': 'default', 'user_domain_name': 'Default', 'user_id': '98b87302dd0f44e891592db32ba3866e', 'system': None}, Network: {'id': '45821190-892e-438f-b00c-cbe3e0c3bdb9', 'name': 'tempest-ServersTestFqdnHostnames-935246480-network', 'tenant_id': '827bcd26e7624456beaa3b4c7ba4d894', 'project_id': '827bcd26e7624456beaa3b4c7ba4d894', 'admin_state_up': True, 'mtu': 8950, 'status': 'ACTIVE', 'subnets': [], 'shared': False, 'port_security_enabled': True, 'router:external': False, 'provider:network_type': 'vlan', 'provider:physical_network': 'default', 'provider:segmentation_id': 201, 'availability_zone_hints': [], 'availability_zones': [], 'ipv4_address_scope': None, 'ipv6_address_scope': None, 'description': '', 'tags': [], 'created_at': '2025-11-21T09:37:27Z', 'updated_at': '2025-11-21T09:37:28Z', 'revision_number': 1}, Subnet: {'id': '289e6fa4-ed70-4dc5-9655-a488895a1ad3', 'name': 'tempest-ServersTestFqdnHostnames-935246480-subnet', 'tenant_id': '827bcd26e7624456beaa3b4c7ba4d894', 'network_id': '45821190-892e-438f-b00c-cbe3e0c3bdb9', 'ip_version': 4, 'subnetpool_id': None, 'enable_dhcp': True, 'ipv6_ra_mode': None, 'ipv6_address_mode': None, 'gateway_ip': '192.168.128.1', 'cidr': '192.168.128.0/28', 'allocation_pools': [{'start': '192.168.128.2', 'end': '192.168.128.14'}], 'host_routes': [], 'dns_nameservers': [], 'description': '', 'router:external': False, 'service_types': [], 'tags': [], 'created_at': '2025-11-21T09:37:28Z', 'updated_at': '2025-11-21T09:37:28Z', 'revision_number': 0, 'project_id': '827bcd26e7624456beaa3b4c7ba4d894'}, Router: {'id': 'c61baeca-fbec-45b6-b83a-f3b09b64171c', 'name': 'tempest-ServersTestFqdnHostnames-935246480-router', 'tenant_id': '827bcd26e7624456beaa3b4c7ba4d894', 'admin_state_up': True, 'status': 'ACTIVE', 'external_gateway_info': {'network_id': '24691bb9-cb4a-43fe-9206-38bc878dd278', 'external_fixed_ips': [{'subnet_id': '9f7bee9c-c24a-4d0a-8abe-7ae890b8a997', 'ip_address': '10.180.180.244'}], 'enable_snat': True}, 'description': '', 'availability_zones': [], 'distributed': False, 'ha': False, 'availability_zone_hints': [], 'routes': [], 'flavor_id': None, 'tags': [], 'created_at': '2025-11-21T09:37:28Z', 'updated_at': '2025-11-21T09:37:28Z', 'revision_number': 2, 'project_id': '827bcd26e7624456beaa3b4c7ba4d894'}
2025-11-21 09:37:30.359 65948 INFO tempest.lib.common.rest_client [req-7f881d2f-0a65-403c-9e98-7c1d7e7fb36f req-7f881d2f-0a65-403c-9e98-7c1d7e7fb36f ] Request (ServerMetadataNegativeTestJSON:setUpClass): 200 GET http://10.180.1.21/compute/v2.1/servers/c8f0450f-6597-48d4-847a-67bf4a2f8223 3.410s
2025-11-21 09:37:30.359 65888 INFO tempest.lib.common.rest_client [req-6c6c87c8-7239-4983-81a0-0eb30d26e126 req-6c6c87c8-7239-4983-81a0-0eb30d26e126 ] Request (ServersTestFqdnHostnames:setUpClass): 201 POST http://10.180.1.21/identity/v3/auth/tokens 0.103s
2025-11-21 09:37:30.403 65946 INFO tempest.lib.common.rest_client [req-880acda2-7518-4236-aa68-9d3ba10d822e req-880acda2-7518-4236-aa68-9d3ba10d822e ] Request (ImagesTestJSON:test_create_image_from_suspended_server): 200 GET http://10.180.1.21/compute/v2.1/servers/4dbd232f-6590-450d-840f-54e36e883678 3.771s
2025-11-21 09:37:30.412 65946 INFO tempest.common.waiters [-] State transition "BUILD/spawning" ==> "ACTIVE/None" after 54 second wait
2025-11-21 09:37:30.464 65922 INFO tempest.lib.common.rest_client [req-4f21ef56-7892-49ec-a043-fd99b994bd94 req-4f21ef56-7892-49ec-a043-fd99b994bd94 ] Request (ServersAdminNegativeTestJSON:tearDownClass): 200 GET http://10.180.1.21/compute/v2.1/servers/6e3dfc79-5e2f-41bf-8fdd-61857b740f1a 3.009s
2025-11-21 09:37:30.489 65936 INFO tempest.lib.common.rest_client [req-45207fb8-7ecb-4872-be2c-cf2e2fbea5e7 req-45207fb8-7ecb-4872-be2c-cf2e2fbea5e7 ] Request (InstanceActionsTestJSON:setUpClass): 201 POST http://10.180.1.21/networking/v2.0/subnets 0.344s
2025-11-21 09:37:30.531 65906 INFO tempest.lib.common.rest_client [req-967210be-4563-43b7-9c0a-12ae2a9ce740 req-967210be-4563-43b7-9c0a-12ae2a9ce740 ] Request (ListServerFiltersTestJSON:setUpClass): 200 GET http://10.180.1.21/compute/v2.1/servers/dc6f5237-50f9-4f38-b9d3-d3e8b3f847c2 2.702s
2025-11-21 09:37:30.674 65892 INFO tempest.lib.common.rest_client [req-3167073b-17e6-49b1-9d9b-15f49a586295 req-3167073b-17e6-49b1-9d9b-15f49a586295 ] Request (ServerShowV254Test:test_rebuild_server): 202 POST http://10.180.1.21/compute/v2.1/servers/ee1c0d1e-8c6a-4840-b2b0-3cad16cc21b9/action 2.971s
2025-11-21 09:37:30.683 65908 INFO tempest.lib.common.rest_client [req-ce65927c-6ce8-4af2-bc9b-cc2e3be907f1 req-ce65927c-6ce8-4af2-bc9b-cc2e3be907f1 ] Request (ExtensionsTest:test_get_extension): 200 GET http://10.180.1.21/compute/v2.1/extensions/os-consoles 2.603s
2025-11-21 09:37:30.854 65890 INFO tempest.lib.common.rest_client [req-8a87b067-9b5e-4ceb-9a78-a44843a66dc1 req-8a87b067-9b5e-4ceb-9a78-a44843a66dc1 ] Request (SecurityGroupsTestJSON:test_list_security_groups_by_server): 200 GET http://10.180.1.21/compute/v2.1/servers/a9f4495e-8089-4363-a1d8-89b779ec9049 2.587s
2025-11-21 09:37:30.873 65912 INFO tempest.lib.common.rest_client [req-6b57927b-8ec2-4d7a-96db-c9bd61be9c30 req-6b57927b-8ec2-4d7a-96db-c9bd61be9c30 ] Request (TenantUsagesTestJSON:setUpClass): 200 GET http://10.180.1.21/compute/v2.1/servers/237a97b2-171d-49de-ab34-a2d775c2e049 2.350s
2025-11-21 09:37:30.933 65932 INFO tempest.lib.common.rest_client [req-664314c1-b125-4d0a-b2b7-f614184fc045 req-664314c1-b125-4d0a-b2b7-f614184fc045 ] Request (ImagesNegativeTestJSON:test_create_image_from_deleted_server): 200 GET http://10.180.1.21/compute/v2.1/servers/4d21f01d-c878-47a8-87a9-ca3b33c0d6a5 2.395s
2025-11-21 09:37:30.954 65916 INFO tempest.lib.common.rest_client [req-308d7f6c-d61a-411e-bfe3-098abeb95cff req-308d7f6c-d61a-411e-bfe3-098abeb95cff ] Request (InstanceActionsV221TestJSON:test_get_list_deleted_instance_actions): 200 GET http://10.180.1.21/compute/v2.1/servers/f6831acc-fce7-4a77-a720-943721a5161d 2.282s
2025-11-21 09:37:30.985 65914 INFO tempest.lib.common.rest_client [req-d851422d-1cdb-4e38-817e-d31e8750347e req-d851422d-1cdb-4e38-817e-d31e8750347e ] Request (ServerTagsTestJSON:tearDownClass): 404 GET http://10.180.1.21/compute/v2.1/servers/a9e11bda-4a51-481d-a53a-30a46057e71a 2.035s
2025-11-21 09:37:31.002 65896 INFO tempest.lib.common.rest_client [req-009d0bfa-7bb7-401a-a279-db9a35060ac6 req-009d0bfa-7bb7-401a-a279-db9a35060ac6 ] Request (ServersTestJSON:test_create_server_specify_multibyte_character_name): 200 GET http://10.180.1.21/compute/v2.1/servers/287babe7-86ae-49f3-9a1b-424fca0869bd 2.243s
2025-11-21 09:37:31.087 65904 WARNING tempest.lib.common.ssh [-] Failed to establish authenticated ssh connection to cirros@10.180.180.193 ([Errno None] Unable to connect to port 22 on 10.180.180.193). Number attempts: 8. Retry after 9 seconds.: paramiko.ssh_exception.NoValidConnectionsError: [Errno None] Unable to connect to port 22 on 10.180.180.193
2025-11-21 09:37:31.345 65936 INFO tempest.lib.common.rest_client [req-0e4c5841-d6d5-4a77-8f23-fd57c431c37d req-0e4c5841-d6d5-4a77-8f23-fd57c431c37d ] Request (InstanceActionsTestJSON:setUpClass): 201 POST http://10.180.1.21/networking/v2.0/routers 0.855s
2025-11-21 09:37:31.351 65938 INFO paramiko.transport [-] Connected (version 2.0, client dropbear_2020.81)
2025-11-21 09:37:31.373 65926 INFO tempest.lib.common.rest_client [req-b0d0671b-623f-40d4-a4a4-9aa7c507197c req-b0d0671b-623f-40d4-a4a4-9aa7c507197c ] Request (ServerRescueNegativeTestJSON:setUpClass): 200 GET http://10.180.1.21/compute/v2.1/servers/7132b1cb-840e-4b6d-819c-3fd4de493f15 2.251s
2025-11-21 09:37:31.384 65926 INFO tempest.common.waiters [-] State transition "BUILD/scheduling" ==> "BUILD/None" after 28 second wait
2025-11-21 09:37:31.388 65898 INFO tempest.lib.common.rest_client [req-bca95770-717c-4a16-b7ba-25b0216136d8 req-bca95770-717c-4a16-b7ba-25b0216136d8 ] Request (ServersAdminTestJSON:test_create_server_with_scheduling_hint): 200 GET http://10.180.1.21/compute/v2.1/servers/c878f856-3222-4b46-8aa6-f1ce397b69b3 2.003s
2025-11-21 09:37:31.416 65938 INFO paramiko.transport [-] Authentication (publickey) successful!
2025-11-21 09:37:31.417 65938 INFO tempest.lib.common.ssh [-] ssh connection to cirros@10.180.180.181 successfully created
2025-11-21 09:37:31.439 65920 INFO tempest.lib.common.rest_client [req-eb407b18-5505-4aff-9c70-102e0190de7d req-eb407b18-5505-4aff-9c70-102e0190de7d ] Request (ServersTestMultiNic:test_verify_multiple_nics_order): 200 GET http://10.180.1.21/compute/v2.1/servers/4963f31e-0042-48b4-87b8-d9c20761b990/ips 1.633s
2025-11-21 09:37:31.485 65929 INFO tempest.lib.common.rest_client [req-342c97bf-c720-401f-92bf-f1ff8b121d38 req-342c97bf-c720-401f-92bf-f1ff8b121d38 ] Request (ListImageFiltersTestJSON:setUpClass): 200 GET http://10.180.1.21/compute/v2.1/images/c42692ee-f81d-4329-9a50-6d67182d161f 1.670s
2025-11-21 09:37:31.588 65929 INFO tempest.lib.common.rest_client [req-827a5675-beb1-4494-a843-faee970aafe8 req-827a5675-beb1-4494-a843-faee970aafe8 ] Request (ListImageFiltersTestJSON:setUpClass): 201 POST http://10.180.1.21/identity/v3/auth/tokens 0.096s
2025-11-21 09:37:31.588 65929 INFO tempest.lib.common.fixed_network [-] (ListImageFiltersTestJSON:setUpClass) Found network None available for tenant
2025-11-21 09:37:31.877 65914 INFO tempest.lib.common.rest_client [req-8acca300-7c0c-476e-af67-971a06bb67de req-8acca300-7c0c-476e-af67-971a06bb67de ] Request (ServerTagsTestJSON:tearDownClass): 200 PUT http://10.180.1.21/networking/v2.0/routers/eeb629b3-0ac1-4454-a20f-620f5ba429a2/remove_router_interface 0.891s
2025-11-21 09:37:31.984 65910 INFO tempest.lib.common.rest_client [req-517016d8-5c0a-4d65-a124-efc9f280d26e req-517016d8-5c0a-4d65-a124-efc9f280d26e ] Request (InstanceActionsNegativeTestJSON:tearDownClass): 200 GET http://10.180.1.21/compute/v2.1/servers/920da774-56d0-4779-ba66-8cc4a08ce1a1 2.279s
2025-11-21 09:37:32.419 65914 INFO tempest.lib.common.rest_client [req-e3af74b7-7b1a-46d5-8c88-4089ac470f49 req-e3af74b7-7b1a-46d5-8c88-4089ac470f49 ] Request (ServerTagsTestJSON:tearDownClass): 204 DELETE http://10.180.1.21/networking/v2.0/routers/eeb629b3-0ac1-4454-a20f-620f5ba429a2 0.542s
2025-11-21 09:37:32.461 65936 INFO tempest.lib.common.rest_client [req-67fe41dd-f640-48eb-af8e-0535e9f452f4 req-67fe41dd-f640-48eb-af8e-0535e9f452f4 ] Request (InstanceActionsTestJSON:setUpClass): 200 PUT http://10.180.1.21/networking/v2.0/routers/9c3a78b8-a7a1-4d68-8bd1-d252f15cd658/add_router_interface 1.115s
