2025-11-21 09:35:14.226 65906 INFO tempest.lib.common.rest_client [req-24c59085-3f11-4486-872e-915f7a4b9437 req-24c59085-3f11-4486-872e-915f7a4b9437 ] Request (ServerDiagnosticsNegativeTest:setUpClass): 200 GET http://10.180.1.21/identity/v3/domains?name=Default 0.044s
2025-11-21 09:35:14.239 65946 INFO tempest.lib.common.rest_client [req-63cf8c5b-9b0e-4ca7-a225-1ad937a0cfa0 req-63cf8c5b-9b0e-4ca7-a225-1ad937a0cfa0 ] Request (NetworksTest:tearDownClass): 204 DELETE http://10.180.1.21/networking/v2.0/security-groups/cf4e962d-44b3-4ac2-b1f1-f287616ab0c2 0.457s
2025-11-21 09:35:14.284 65906 INFO tempest.lib.common.rest_client [req-1b2cba0f-ad9e-4a64-94d0-22ba032dad34 req-1b2cba0f-ad9e-4a64-94d0-22ba032dad34 ] Request (ServerDiagnosticsNegativeTest:setUpClass): 201 POST http://10.180.1.21/identity/v3/projects 0.058s
2025-11-21 09:35:14.336 65946 INFO tempest.lib.common.rest_client [req-7005a36e-6e1d-47c5-bef8-ea38237043af req-7005a36e-6e1d-47c5-bef8-ea38237043af ] Request (NetworksTest:tearDownClass): 204 DELETE http://10.180.1.21/identity/v3/projects/a9273081228c494e83bf48457232141b 0.097s
2025-11-21 09:35:14.341 65902 INFO tempest.lib.common.rest_client [req-8697ec46-00d7-459b-80c3-b515b7cd510d req-8697ec46-00d7-459b-80c3-b515b7cd510d ] Request (AZAdminNegativeTestJSON:tearDownClass): 204 DELETE http://10.180.1.21/networking/v2.0/security-groups/6cc70101-d650-4219-a34d-5c9bba6eebc9 0.466s
2025-11-21 09:35:14.409 65946 INFO tempest.lib.common.rest_client [req-da393bdb-b5f8-4c1b-b5be-3f66004a21f8 req-da393bdb-b5f8-4c1b-b5be-3f66004a21f8 ] Request (ImagesTestJSON:setUpClass): 201 POST http://10.180.1.21/identity/v3/auth/tokens 0.071s
2025-11-21 09:35:14.437 65906 INFO tempest.lib.common.rest_client [req-01b1e272-f634-4603-8bd6-1b6b93df7132 req-01b1e272-f634-4603-8bd6-1b6b93df7132 ] Request (ServerDiagnosticsNegativeTest:setUpClass): 201 POST http://10.180.1.21/identity/v3/users 0.152s
2025-11-21 09:35:14.486 65902 INFO tempest.lib.common.rest_client [req-64735202-fd53-4783-a183-e635389c4838 req-64735202-fd53-4783-a183-e635389c4838 ] Request (AZAdminNegativeTestJSON:tearDownClass): 204 DELETE http://10.180.1.21/identity/v3/projects/934024ba214e452ebe499a84b23e2049 0.144s
2025-11-21 09:35:14.516 65946 INFO tempest.lib.common.rest_client [req-81b03fa9-12e7-4313-89c1-174ce1125f3a req-81b03fa9-12e7-4313-89c1-174ce1125f3a ] Request (ImagesTestJSON:setUpClass): 201 POST http://10.180.1.21/identity/v3/auth/tokens 0.100s
2025-11-21 09:35:14.546 65902 INFO tempest.lib.common.rest_client [req-1d4be38f-7573-48f2-9d99-ef40d5aecf37 req-1d4be38f-7573-48f2-9d99-ef40d5aecf37 ] Request (VolumesAdminNegativeTest:setUpClass): 201 POST http://10.180.1.21/identity/v3/auth/tokens 0.058s
2025-11-21 09:35:14.550 65906 INFO tempest.lib.common.rest_client [req-e2194815-2698-45de-bc5f-49be36910ab9 req-e2194815-2698-45de-bc5f-49be36910ab9 ] Request (ServerDiagnosticsNegativeTest:setUpClass): 200 GET http://10.180.1.21/identity/v3/roles 0.113s
2025-11-21 09:35:14.568 65946 INFO tempest.lib.common.rest_client [req-0c125628-7a2d-466b-b98f-10e0eecc9234 req-0c125628-7a2d-466b-b98f-10e0eecc9234 ] Request (ImagesTestJSON:setUpClass): 200 GET http://10.180.1.21/identity/v3/domains?name=Default 0.052s
2025-11-21 09:35:14.583 65906 INFO tempest.lib.common.rest_client [req-de580b1d-d5b9-4d46-b2f4-20c190441a5a req-de580b1d-d5b9-4d46-b2f4-20c190441a5a ] Request (ServerDiagnosticsNegativeTest:setUpClass): 204 PUT http://10.180.1.21/identity/v3/projects/d914dff1fb8145d9be7313b50ec07a0b/users/b4a39f384cfc43269c1584285817e4e9/roles/50c81839aa4049c9bafc04aab78e705d 0.032s
2025-11-21 09:35:14.583 65906 INFO tempest.lib.common.dynamic_creds [-] Dynamic test user b4a39f384cfc43269c1584285817e4e9 is created with scope project and roles: ['member']
2025-11-21 09:35:14.583 65906 INFO tempest.lib.common.dynamic_creds [-] Acquired dynamic creds: credentials: Credentials: {'domain_id': 'default', 'domain_name': 'Default', 'username': 'tempest-ServerDiagnosticsNegativeTest-1341108986-project-member', 'project_domain_id': 'default', 'project_domain_name': 'Default', 'project_id': 'd914dff1fb8145d9be7313b50ec07a0b', 'project_name': 'tempest-ServerDiagnosticsNegativeTest-1341108986', 'tenant_id': 'd914dff1fb8145d9be7313b50ec07a0b', 'tenant_name': 'tempest-ServerDiagnosticsNegativeTest-1341108986', 'user_domain_id': 'default', 'user_domain_name': 'Default', 'user_id': 'b4a39f384cfc43269c1584285817e4e9', 'system': None}, Network: None, Subnet: None, Router: None
2025-11-21 09:35:14.584 65906 INFO tempest.lib.common.dynamic_creds [-] Created isolated network resources for: credentials: Credentials: {'domain_id': 'default', 'domain_name': 'Default', 'username': 'tempest-ServerDiagnosticsNegativeTest-1341108986-project-member', 'project_domain_id': 'default', 'project_domain_name': 'Default', 'project_id': 'd914dff1fb8145d9be7313b50ec07a0b', 'project_name': 'tempest-ServerDiagnosticsNegativeTest-1341108986', 'tenant_id': 'd914dff1fb8145d9be7313b50ec07a0b', 'tenant_name': 'tempest-ServerDiagnosticsNegativeTest-1341108986', 'user_domain_id': 'default', 'user_domain_name': 'Default', 'user_id': 'b4a39f384cfc43269c1584285817e4e9', 'system': None}, Network: None, Subnet: None, Router: None
2025-11-21 09:35:14.627 65902 INFO tempest.lib.common.rest_client [req-bb788672-8777-440d-826c-aa7ae825d4b7 req-bb788672-8777-440d-826c-aa7ae825d4b7 ] Request (VolumesAdminNegativeTest:setUpClass): 201 POST http://10.180.1.21/identity/v3/auth/tokens 0.074s
2025-11-21 09:35:14.643 65946 INFO tempest.lib.common.rest_client [req-e380983f-6f81-4590-b41c-e9efd28e93a8 req-e380983f-6f81-4590-b41c-e9efd28e93a8 ] Request (ImagesTestJSON:setUpClass): 201 POST http://10.180.1.21/identity/v3/projects 0.074s
2025-11-21 09:35:14.689 65906 INFO tempest.lib.common.rest_client [req-90c8d288-4c2f-4306-946d-72b9b19d88c9 req-90c8d288-4c2f-4306-946d-72b9b19d88c9 ] Request (ServerDiagnosticsNegativeTest:setUpClass): 201 POST http://10.180.1.21/identity/v3/auth/tokens 0.102s
2025-11-21 09:35:14.697 65902 INFO tempest.lib.common.rest_client [req-59876ce4-6624-44a3-9b3d-715160446e62 req-59876ce4-6624-44a3-9b3d-715160446e62 ] Request (VolumesAdminNegativeTest:setUpClass): 200 GET http://10.180.1.21/identity/v3/domains?name=Default 0.069s
2025-11-21 09:35:14.711 65946 INFO tempest.lib.common.rest_client [req-8a045652-d05e-4f4f-b62c-a05daeda1007 req-8a045652-d05e-4f4f-b62c-a05daeda1007 ] Request (ImagesTestJSON:setUpClass): 201 POST http://10.180.1.21/identity/v3/users 0.067s
2025-11-21 09:35:14.722 65906 INFO tempest.lib.common.rest_client [req-8123d8e9-5862-426e-bb65-17eb11caab0d req-8123d8e9-5862-426e-bb65-17eb11caab0d ] Request (ServerDiagnosticsNegativeTest:setUpClass): 201 POST http://10.180.1.21/identity/v3/projects 0.032s
2025-11-21 09:35:14.735 65902 INFO tempest.lib.common.rest_client [req-b47f36b1-102d-4e1a-9c4e-a5dee6e68d9c req-b47f36b1-102d-4e1a-9c4e-a5dee6e68d9c ] Request (VolumesAdminNegativeTest:setUpClass): 201 POST http://10.180.1.21/identity/v3/projects 0.038s
2025-11-21 09:35:14.787 65906 INFO tempest.lib.common.rest_client [req-d8f8e069-7323-450f-a69e-921357f52450 req-d8f8e069-7323-450f-a69e-921357f52450 ] Request (ServerDiagnosticsNegativeTest:setUpClass): 201 POST http://10.180.1.21/identity/v3/users 0.065s
2025-11-21 09:35:14.804 65946 INFO tempest.lib.common.rest_client [req-ed66132f-0e85-427c-9cab-2dbc8e7109f8 req-ed66132f-0e85-427c-9cab-2dbc8e7109f8 ] Request (ImagesTestJSON:setUpClass): 200 GET http://10.180.1.21/identity/v3/roles 0.092s
2025-11-21 09:35:14.810 65902 INFO tempest.lib.common.rest_client [req-82b350cc-c02e-4c4e-b576-cd85f6903afa req-82b350cc-c02e-4c4e-b576-cd85f6903afa ] Request (VolumesAdminNegativeTest:setUpClass): 201 POST http://10.180.1.21/identity/v3/users 0.074s
2025-11-21 09:35:14.822 65906 INFO tempest.lib.common.rest_client [req-3e0a5f32-8412-448c-a368-a1db83cea860 req-3e0a5f32-8412-448c-a368-a1db83cea860 ] Request (ServerDiagnosticsNegativeTest:setUpClass): 200 GET http://10.180.1.21/identity/v3/roles 0.034s
2025-11-21 09:35:14.834 65946 INFO tempest.lib.common.rest_client [req-d9f47d83-9302-4367-801a-963b0789d34c req-d9f47d83-9302-4367-801a-963b0789d34c ] Request (ImagesTestJSON:setUpClass): 204 PUT http://10.180.1.21/identity/v3/projects/8609db48fc58414a8de54b4018025f9c/users/e709094b4b304d6d9b124f56f40371a9/roles/50c81839aa4049c9bafc04aab78e705d 0.030s
2025-11-21 09:35:14.834 65946 INFO tempest.lib.common.dynamic_creds [-] Dynamic test user e709094b4b304d6d9b124f56f40371a9 is created with scope project and roles: ['member']
2025-11-21 09:35:14.835 65946 INFO tempest.lib.common.dynamic_creds [-] Acquired dynamic creds: credentials: Credentials: {'domain_id': 'default', 'domain_name': 'Default', 'username': 'tempest-ImagesTestJSON-42966517-project-member', 'project_domain_id': 'default', 'project_domain_name': 'Default', 'project_id': '8609db48fc58414a8de54b4018025f9c', 'project_name': 'tempest-ImagesTestJSON-42966517', 'tenant_id': '8609db48fc58414a8de54b4018025f9c', 'tenant_name': 'tempest-ImagesTestJSON-42966517', 'user_domain_id': 'default', 'user_domain_name': 'Default', 'user_id': 'e709094b4b304d6d9b124f56f40371a9', 'system': None}, Network: None, Subnet: None, Router: None
2025-11-21 09:35:14.843 65902 INFO tempest.lib.common.rest_client [req-ae2c9189-ee4c-4089-8a8f-6ec8af73c839 req-ae2c9189-ee4c-4089-8a8f-6ec8af73c839 ] Request (VolumesAdminNegativeTest:setUpClass): 200 GET http://10.180.1.21/identity/v3/roles 0.031s
2025-11-21 09:35:14.843 65936 INFO tempest.lib.common.rest_client [req-b2f22bdb-267d-41d0-b010-c37b53c61809 req-b2f22bdb-267d-41d0-b010-c37b53c61809 ] Request (ServersV294TestFqdnHostnames:setUpClass): 201 POST http://10.180.1.21/networking/v2.0/routers 1.153s
2025-11-21 09:35:14.894 65906 INFO tempest.lib.common.rest_client [req-c2d444ec-d858-4fe4-bf01-8f1759157bdf req-c2d444ec-d858-4fe4-bf01-8f1759157bdf ] Request (ServerDiagnosticsNegativeTest:setUpClass): 204 PUT http://10.180.1.21/identity/v3/projects/323fa1b281b349489e5dd84131a0f3cc/users/814ca20cebc641a48fbcab3927e18719/roles/a32c1b37f66a4ab1bc2e71e2cc6971dc 0.072s
2025-11-21 09:35:14.906 65946 INFO tempest.lib.common.rest_client [req-e41d148d-d947-41f2-9d83-de0fa163bf8c req-e41d148d-d947-41f2-9d83-de0fa163bf8c ] Request (ImagesTestJSON:setUpClass): 201 POST http://10.180.1.21/identity/v3/auth/tokens 0.071s
2025-11-21 09:35:14.968 65906 INFO tempest.lib.common.rest_client [req-8f73bf19-5f2d-4a66-9480-05ea59b6c855 req-8f73bf19-5f2d-4a66-9480-05ea59b6c855 ] Request (ServerDiagnosticsNegativeTest:setUpClass): 200 GET http://10.180.1.21/identity/v3/roles 0.072s
2025-11-21 09:35:14.989 65906 INFO tempest.lib.common.rest_client [req-5b78b751-01a3-42b9-bd94-283009a14508 req-5b78b751-01a3-42b9-bd94-283009a14508 ] Request (ServerDiagnosticsNegativeTest:setUpClass): 204 PUT http://10.180.1.21/identity/v3/projects/323fa1b281b349489e5dd84131a0f3cc/users/814ca20cebc641a48fbcab3927e18719/roles/a32c1b37f66a4ab1bc2e71e2cc6971dc 0.021s
2025-11-21 09:35:14.990 65906 INFO tempest.lib.common.dynamic_creds [-] Dynamic test user 814ca20cebc641a48fbcab3927e18719 is created with scope project and roles: ['admin']
2025-11-21 09:35:14.990 65906 INFO tempest.lib.common.dynamic_creds [-] Acquired dynamic creds: credentials: Credentials: {'domain_id': 'default', 'domain_name': 'Default', 'username': 'tempest-ServerDiagnosticsNegativeTest-1866219640-project-admin', 'project_domain_id': 'default', 'project_domain_name': 'Default', 'project_id': '323fa1b281b349489e5dd84131a0f3cc', 'project_name': 'tempest-ServerDiagnosticsNegativeTest-1866219640', 'tenant_id': '323fa1b281b349489e5dd84131a0f3cc', 'tenant_name': 'tempest-ServerDiagnosticsNegativeTest-1866219640', 'user_domain_id': 'default', 'user_domain_name': 'Default', 'user_id': '814ca20cebc641a48fbcab3927e18719', 'system': None}, Network: None, Subnet: None, Router: None
2025-11-21 09:35:14.990 65906 INFO tempest.lib.common.dynamic_creds [-] Created isolated network resources for: credentials: Credentials: {'domain_id': 'default', 'domain_name': 'Default', 'username': 'tempest-ServerDiagnosticsNegativeTest-1866219640-project-admin', 'project_domain_id': 'default', 'project_domain_name': 'Default', 'project_id': '323fa1b281b349489e5dd84131a0f3cc', 'project_name': 'tempest-ServerDiagnosticsNegativeTest-1866219640', 'tenant_id': '323fa1b281b349489e5dd84131a0f3cc', 'tenant_name': 'tempest-ServerDiagnosticsNegativeTest-1866219640', 'user_domain_id': 'default', 'user_domain_name': 'Default', 'user_id': '814ca20cebc641a48fbcab3927e18719', 'system': None}, Network: None, Subnet: None, Router: None
2025-11-21 09:35:14.994 65902 INFO tempest.lib.common.rest_client [req-90362c5d-7991-4f9d-bc4e-719ed8d5c87c req-90362c5d-7991-4f9d-bc4e-719ed8d5c87c ] Request (VolumesAdminNegativeTest:setUpClass): 204 PUT http://10.180.1.21/identity/v3/projects/e9ba14e0ce0f471ebdaff3018740cca9/users/61038fb4fad840998e0fcdc0549d717a/roles/50c81839aa4049c9bafc04aab78e705d 0.150s
2025-11-21 09:35:14.996 65902 INFO tempest.lib.common.dynamic_creds [-] Dynamic test user 61038fb4fad840998e0fcdc0549d717a is created with scope project and roles: ['member']
2025-11-21 09:35:14.996 65902 INFO tempest.lib.common.dynamic_creds [-] Acquired dynamic creds: credentials: Credentials: {'domain_id': 'default', 'domain_name': 'Default', 'username': 'tempest-VolumesAdminNegativeTest-647144560-project-member', 'project_domain_id': 'default', 'project_domain_name': 'Default', 'project_id': 'e9ba14e0ce0f471ebdaff3018740cca9', 'project_name': 'tempest-VolumesAdminNegativeTest-647144560', 'tenant_id': 'e9ba14e0ce0f471ebdaff3018740cca9', 'tenant_name': 'tempest-VolumesAdminNegativeTest-647144560', 'user_domain_id': 'default', 'user_domain_name': 'Default', 'user_id': '61038fb4fad840998e0fcdc0549d717a', 'system': None}, Network: None, Subnet: None, Router: None
2025-11-21 09:35:15.063 65902 INFO tempest.lib.common.rest_client [req-6c7db69b-4837-431a-bfd6-d5cfe65667e6 req-6c7db69b-4837-431a-bfd6-d5cfe65667e6 ] Request (VolumesAdminNegativeTest:setUpClass): 201 POST http://10.180.1.21/identity/v3/auth/tokens 0.066s
2025-11-21 09:35:15.072 65906 INFO tempest.lib.common.rest_client [req-63444e35-225b-4704-aa9f-52171fda14c3 req-63444e35-225b-4704-aa9f-52171fda14c3 ] Request (ServerDiagnosticsNegativeTest:setUpClass): 201 POST http://10.180.1.21/identity/v3/auth/tokens 0.078s
2025-11-21 09:35:15.139 65906 INFO tempest.lib.common.rest_client [req-a4203790-e770-453a-b3d9-7a014ce15126 req-a4203790-e770-453a-b3d9-7a014ce15126 ] Request (ServerDiagnosticsNegativeTest:test_get_server_diagnostics_by_non_admin): 201 POST http://10.180.1.21/identity/v3/auth/tokens 0.062s
2025-11-21 09:35:15.142 65906 INFO tempest.lib.common.fixed_network [-] (ServerDiagnosticsNegativeTest:test_get_server_diagnostics_by_non_admin) Found network None available for tenant
2025-11-21 09:35:15.231 65916 INFO tempest.lib.common.rest_client [req-ea9ee5e9-550d-43b8-97ca-010cf8a43252 req-ea9ee5e9-550d-43b8-97ca-010cf8a43252 ] Request (FloatingIPDetailsNegativeTestJSON:tearDownClass): 200 PUT http://10.180.1.21/networking/v2.0/routers/f8464191-4185-47e6-ab13-2bf7c17a4ae5/remove_router_interface 1.265s
2025-11-21 09:35:15.381 65910 INFO tempest.lib.common.rest_client [req-0cba35ef-8f33-4b6c-a484-27f87ea0f314 req-0cba35ef-8f33-4b6c-a484-27f87ea0f314 ] Request (FlavorMetadataValidation:tearDownClass): 204 DELETE http://10.180.1.21/networking/v2.0/security-groups/cba1d47e-2d44-4338-a987-0b712de22c7e 1.261s
2025-11-21 09:35:15.463 65910 INFO tempest.lib.common.rest_client [req-942a9b2e-1344-4a82-a0b1-a96e0c55ba30 req-942a9b2e-1344-4a82-a0b1-a96e0c55ba30 ] Request (FlavorMetadataValidation:tearDownClass): 204 DELETE http://10.180.1.21/identity/v3/projects/2968cc7577974f43ad5acf322be20500 0.081s
2025-11-21 09:35:15.532 65910 INFO tempest.lib.common.rest_client [req-5d3300c9-e952-40be-8fc6-525b9439fbaa req-5d3300c9-e952-40be-8fc6-525b9439fbaa ] Request (KeyPairsV210TestJSON:setUpClass): 201 POST http://10.180.1.21/identity/v3/auth/tokens 0.068s
2025-11-21 09:35:15.572 65910 INFO tempest.lib.common.rest_client [req-6ce095a1-fdf5-44b7-ab4b-117703b88bc1 req-6ce095a1-fdf5-44b7-ab4b-117703b88bc1 ] Request (KeyPairsV210TestJSON:setUpClass): 201 POST http://10.180.1.21/identity/v3/auth/tokens 0.036s
2025-11-21 09:35:15.595 65910 INFO tempest.lib.common.rest_client [req-c79806e2-1f3e-436e-9fbd-8c50afc5ff40 req-c79806e2-1f3e-436e-9fbd-8c50afc5ff40 ] Request (KeyPairsV210TestJSON:setUpClass): 200 GET http://10.180.1.21/identity/v3/domains?name=Default 0.023s
2025-11-21 09:35:15.634 65910 INFO tempest.lib.common.rest_client [req-2344b3db-7611-4a3d-80d0-43d86896bec8 req-2344b3db-7611-4a3d-80d0-43d86896bec8 ] Request (KeyPairsV210TestJSON:setUpClass): 201 POST http://10.180.1.21/identity/v3/projects 0.038s
2025-11-21 09:35:15.691 65910 INFO tempest.lib.common.rest_client [req-887273b6-846a-481f-b55d-0fc67eab34ee req-887273b6-846a-481f-b55d-0fc67eab34ee ] Request (KeyPairsV210TestJSON:setUpClass): 201 POST http://10.180.1.21/identity/v3/users 0.057s
2025-11-21 09:35:15.711 65910 INFO tempest.lib.common.rest_client [req-3e6fca2f-7beb-4fbc-9da9-092e59571212 req-3e6fca2f-7beb-4fbc-9da9-092e59571212 ] Request (KeyPairsV210TestJSON:setUpClass): 200 GET http://10.180.1.21/identity/v3/roles 0.019s
2025-11-21 09:35:15.738 65946 INFO tempest.lib.common.rest_client [req-f5c6d283-3e85-4678-98f0-4227974c7961 req-f5c6d283-3e85-4678-98f0-4227974c7961 ] Request (ImagesTestJSON:setUpClass): 201 POST http://10.180.1.21/networking/v2.0/networks 0.831s
2025-11-21 09:35:15.749 65910 INFO tempest.lib.common.rest_client [req-67e9da53-58a9-4258-9473-47ebe4b46834 req-67e9da53-58a9-4258-9473-47ebe4b46834 ] Request (KeyPairsV210TestJSON:setUpClass): 204 PUT http://10.180.1.21/identity/v3/projects/ea740d6263314ea9b476c664999d8405/users/20670fadb9cf46bea45869e4f96e442b/roles/50c81839aa4049c9bafc04aab78e705d 0.037s
2025-11-21 09:35:15.749 65910 INFO tempest.lib.common.dynamic_creds [-] Dynamic test user 20670fadb9cf46bea45869e4f96e442b is created with scope project and roles: ['member']
2025-11-21 09:35:15.750 65910 INFO tempest.lib.common.dynamic_creds [-] Acquired dynamic creds: credentials: Credentials: {'domain_id': 'default', 'domain_name': 'Default', 'username': 'tempest-KeyPairsV210TestJSON-1971611791-project-member', 'project_domain_id': 'default', 'project_domain_name': 'Default', 'project_id': 'ea740d6263314ea9b476c664999d8405', 'project_name': 'tempest-KeyPairsV210TestJSON-1971611791', 'tenant_id': 'ea740d6263314ea9b476c664999d8405', 'tenant_name': 'tempest-KeyPairsV210TestJSON-1971611791', 'user_domain_id': 'default', 'user_domain_name': 'Default', 'user_id': '20670fadb9cf46bea45869e4f96e442b', 'system': None}, Network: None, Subnet: None, Router: None
2025-11-21 09:35:15.750 65910 INFO tempest.lib.common.dynamic_creds [-] Created isolated network resources for: credentials: Credentials: {'domain_id': 'default', 'domain_name': 'Default', 'username': 'tempest-KeyPairsV210TestJSON-1971611791-project-member', 'project_domain_id': 'default', 'project_domain_name': 'Default', 'project_id': 'ea740d6263314ea9b476c664999d8405', 'project_name': 'tempest-KeyPairsV210TestJSON-1971611791', 'tenant_id': 'ea740d6263314ea9b476c664999d8405', 'tenant_name': 'tempest-KeyPairsV210TestJSON-1971611791', 'user_domain_id': 'default', 'user_domain_name': 'Default', 'user_id': '20670fadb9cf46bea45869e4f96e442b', 'system': None}, Network: None, Subnet: None, Router: None
2025-11-21 09:35:15.840 65910 INFO tempest.lib.common.rest_client [req-31200709-58ec-4f5b-a415-5d5f8e26cbdc req-31200709-58ec-4f5b-a415-5d5f8e26cbdc ] Request (KeyPairsV210TestJSON:setUpClass): 201 POST http://10.180.1.21/identity/v3/auth/tokens 0.086s
2025-11-21 09:35:15.912 65910 INFO tempest.lib.common.rest_client [req-b854e84e-09f5-4250-beb6-d72805d1dc2d req-b854e84e-09f5-4250-beb6-d72805d1dc2d ] Request (KeyPairsV210TestJSON:setUpClass): 201 POST http://10.180.1.21/identity/v3/projects 0.071s
2025-11-21 09:35:15.980 65910 INFO tempest.lib.common.rest_client [req-76154272-adfa-447c-8ddb-7d59c8e48ac8 req-76154272-adfa-447c-8ddb-7d59c8e48ac8 ] Request (KeyPairsV210TestJSON:setUpClass): 201 POST http://10.180.1.21/identity/v3/users 0.068s
2025-11-21 09:35:16.010 65910 INFO tempest.lib.common.rest_client [req-e95bdbe4-9b1c-4861-b6ad-d1aa07092afb req-e95bdbe4-9b1c-4861-b6ad-d1aa07092afb ] Request (KeyPairsV210TestJSON:setUpClass): 200 GET http://10.180.1.21/identity/v3/roles 0.029s
2025-11-21 09:35:16.047 65910 INFO tempest.lib.common.rest_client [req-ae97c168-a38f-4b2b-8af5-ceb0fbf9e044 req-ae97c168-a38f-4b2b-8af5-ceb0fbf9e044 ] Request (KeyPairsV210TestJSON:setUpClass): 204 PUT http://10.180.1.21/identity/v3/projects/5f229850cd3a405aa8e8a249da58d9cc/users/6a6edce317394aa68abacc4115fa6788/roles/a32c1b37f66a4ab1bc2e71e2cc6971dc 0.036s
2025-11-21 09:35:16.104 65902 INFO tempest.lib.common.rest_client [req-049705ab-5b45-476d-a5f3-a856cf6c5534 req-049705ab-5b45-476d-a5f3-a856cf6c5534 ] Request (VolumesAdminNegativeTest:setUpClass): 201 POST http://10.180.1.21/networking/v2.0/networks 1.040s
2025-11-21 09:35:16.109 65910 INFO tempest.lib.common.rest_client [req-c2e7efc3-c0aa-4dde-9a01-c87c64892280 req-c2e7efc3-c0aa-4dde-9a01-c87c64892280 ] Request (KeyPairsV210TestJSON:setUpClass): 200 GET http://10.180.1.21/identity/v3/roles 0.061s
2025-11-21 09:35:16.127 65910 INFO tempest.lib.common.rest_client [req-f18e69bf-1aa1-412f-93c4-d38e18e984f0 req-f18e69bf-1aa1-412f-93c4-d38e18e984f0 ] Request (KeyPairsV210TestJSON:setUpClass): 204 PUT http://10.180.1.21/identity/v3/projects/5f229850cd3a405aa8e8a249da58d9cc/users/6a6edce317394aa68abacc4115fa6788/roles/a32c1b37f66a4ab1bc2e71e2cc6971dc 0.018s
2025-11-21 09:35:16.127 65910 INFO tempest.lib.common.dynamic_creds [-] Dynamic test user 6a6edce317394aa68abacc4115fa6788 is created with scope project and roles: ['admin']
2025-11-21 09:35:16.127 65910 INFO tempest.lib.common.dynamic_creds [-] Acquired dynamic creds: credentials: Credentials: {'domain_id': 'default', 'domain_name': 'Default', 'username': 'tempest-KeyPairsV210TestJSON-1252661709-project-admin', 'project_domain_id': 'default', 'project_domain_name': 'Default', 'project_id': '5f229850cd3a405aa8e8a249da58d9cc', 'project_name': 'tempest-KeyPairsV210TestJSON-1252661709', 'tenant_id': '5f229850cd3a405aa8e8a249da58d9cc', 'tenant_name': 'tempest-KeyPairsV210TestJSON-1252661709', 'user_domain_id': 'default', 'user_domain_name': 'Default', 'user_id': '6a6edce317394aa68abacc4115fa6788', 'system': None}, Network: None, Subnet: None, Router: None
2025-11-21 09:35:16.127 65910 INFO tempest.lib.common.dynamic_creds [-] Created isolated network resources for: credentials: Credentials: {'domain_id': 'default', 'domain_name': 'Default', 'username': 'tempest-KeyPairsV210TestJSON-1252661709-project-admin', 'project_domain_id': 'default', 'project_domain_name': 'Default', 'project_id': '5f229850cd3a405aa8e8a249da58d9cc', 'project_name': 'tempest-KeyPairsV210TestJSON-1252661709', 'tenant_id': '5f229850cd3a405aa8e8a249da58d9cc', 'tenant_name': 'tempest-KeyPairsV210TestJSON-1252661709', 'user_domain_id': 'default', 'user_domain_name': 'Default', 'user_id': '6a6edce317394aa68abacc4115fa6788', 'system': None}, Network: None, Subnet: None, Router: None
2025-11-21 09:35:16.229 65910 INFO tempest.lib.common.rest_client [req-ce99e84a-e273-4d74-8e63-0dc1bec1df3b req-ce99e84a-e273-4d74-8e63-0dc1bec1df3b ] Request (KeyPairsV210TestJSON:setUpClass): 201 POST http://10.180.1.21/identity/v3/auth/tokens 0.098s
2025-11-21 09:35:16.245 65936 INFO tempest.lib.common.rest_client [req-39f7bed7-e1cb-4a3b-bd8c-72d181dde4bb req-39f7bed7-e1cb-4a3b-bd8c-72d181dde4bb ] Request (ServersV294TestFqdnHostnames:setUpClass): 200 PUT http://10.180.1.21/networking/v2.0/routers/f5ec69f3-b8b1-4e9c-8e0c-6f26af776e65/add_router_interface 1.402s
2025-11-21 09:35:16.246 65936 INFO tempest.lib.common.dynamic_creds [-] Created isolated network resources for: credentials: Credentials: {'domain_id': 'default', 'domain_name': 'Default', 'username': 'tempest-ServersV294TestFqdnHostnames-1407796429-project-member', 'project_domain_id': 'default', 'project_domain_name': 'Default', 'project_id': 'd39606b17ad2468b89ec033347627215', 'project_name': 'tempest-ServersV294TestFqdnHostnames-1407796429', 'tenant_id': 'd39606b17ad2468b89ec033347627215', 'tenant_name': 'tempest-ServersV294TestFqdnHostnames-1407796429', 'user_domain_id': 'default', 'user_domain_name': 'Default', 'user_id': 'da7e71f9cb524d09ae4bac3e1618de55', 'system': None}, Network: {'id': '74b9306d-2e4d-40bd-8e2d-9fb80780576a', 'name': 'tempest-ServersV294TestFqdnHostnames-1022615094-network', 'tenant_id': 'd39606b17ad2468b89ec033347627215', 'project_id': 'd39606b17ad2468b89ec033347627215', 'admin_state_up': True, 'mtu': 8950, 'status': 'ACTIVE', 'subnets': [], 'shared': False, 'port_security_enabled': True, 'router:external': False, 'provider:network_type': 'vlan', 'provider:physical_network': 'default', 'provider:segmentation_id': 564, 'availability_zone_hints': [], 'availability_zones': [], 'ipv4_address_scope': None, 'ipv6_address_scope': None, 'description': '', 'tags': [], 'created_at': '2025-11-21T09:35:12Z', 'updated_at': '2025-11-21T09:35:12Z', 'revision_number': 1}, Subnet: {'id': 'b41da09a-87d6-47a3-8c1c-db8a66644a1c', 'name': 'tempest-ServersV294TestFqdnHostnames-1022615094-subnet', 'tenant_id': 'd39606b17ad2468b89ec033347627215', 'network_id': '74b9306d-2e4d-40bd-8e2d-9fb80780576a', 'ip_version': 4, 'subnetpool_id': None, 'enable_dhcp': True, 'ipv6_ra_mode': None, 'ipv6_address_mode': None, 'gateway_ip': '192.168.128.1', 'cidr': '192.168.128.0/28', 'allocation_pools': [{'start': '192.168.128.2', 'end': '192.168.128.14'}], 'host_routes': [], 'dns_nameservers': [], 'description': '', 'router:external': False, 'service_types': [], 'tags': [], 'created_at': '2025-11-21T09:35:13Z', 'updated_at': '2025-11-21T09:35:13Z', 'revision_number': 0, 'project_id': 'd39606b17ad2468b89ec033347627215'}, Router: {'id': 'f5ec69f3-b8b1-4e9c-8e0c-6f26af776e65', 'name': 'tempest-ServersV294TestFqdnHostnames-1022615094-router', 'tenant_id': 'd39606b17ad2468b89ec033347627215', 'admin_state_up': True, 'status': 'ACTIVE', 'external_gateway_info': {'network_id': '24691bb9-cb4a-43fe-9206-38bc878dd278', 'external_fixed_ips': [{'subnet_id': '9f7bee9c-c24a-4d0a-8abe-7ae890b8a997', 'ip_address': '10.180.180.237'}], 'enable_snat': True}, 'description': '', 'availability_zones': [], 'distributed': False, 'ha': False, 'availability_zone_hints': [], 'routes': [], 'flavor_id': None, 'tags': [], 'created_at': '2025-11-21T09:35:14Z', 'updated_at': '2025-11-21T09:35:14Z', 'revision_number': 2, 'project_id': 'd39606b17ad2468b89ec033347627215'}
2025-11-21 09:35:16.330 65936 INFO tempest.lib.common.rest_client [req-25fd820e-f5a1-49ef-956f-77b2526cac60 req-25fd820e-f5a1-49ef-956f-77b2526cac60 ] Request (ServersV294TestFqdnHostnames:setUpClass): 201 POST http://10.180.1.21/identity/v3/auth/tokens 0.081s
2025-11-21 09:35:16.596 65916 INFO tempest.lib.common.rest_client [req-7276769a-c9a1-476b-80f6-54dc28767036 req-7276769a-c9a1-476b-80f6-54dc28767036 ] Request (FloatingIPDetailsNegativeTestJSON:tearDownClass): 204 DELETE http://10.180.1.21/networking/v2.0/routers/f8464191-4185-47e6-ab13-2bf7c17a4ae5 1.364s
2025-11-21 09:35:16.831 65946 INFO tempest.lib.common.rest_client [req-1b753417-81a6-4224-a16d-521449f87036 req-1b753417-81a6-4224-a16d-521449f87036 ] Request (ImagesTestJSON:setUpClass): 201 POST http://10.180.1.21/networking/v2.0/subnets 1.093s
2025-11-21 09:35:16.839 65900 INFO tempest.lib.common.rest_client [req-a9fc95d3-e805-447f-baef-b286251a2ce9 req-a9fc95d3-e805-447f-baef-b286251a2ce9 ] Request (FloatingIPsTestJSON:test_allocate_floating_ip): 200 GET http://10.180.1.21/compute/v2.1/os-floating-ips 6.515s
2025-11-21 09:35:16.855 65904 INFO tempest.lib.common.rest_client [req-4ec52a25-0afa-4472-b5b7-1b0f5422d2bd req-4ec52a25-0afa-4472-b5b7-1b0f5422d2bd ] Request (ServersWithSpecificFlavorTestJSON:test_verify_created_server_ephemeral_disk): 200 GET http://10.180.1.21/compute/v2.1/flavors/42/os-extra_specs 6.497s
2025-11-21 09:35:17.017 65902 INFO tempest.lib.common.rest_client [req-204f9572-7518-4aac-bbc5-ef6387d05706 req-204f9572-7518-4aac-bbc5-ef6387d05706 ] Request (VolumesAdminNegativeTest:setUpClass): 201 POST http://10.180.1.21/networking/v2.0/subnets 0.912s
2025-11-21 09:35:17.154 65916 INFO tempest.lib.common.rest_client [req-86f2fbeb-524e-4c85-9028-5ab82f98b230 req-86f2fbeb-524e-4c85-9028-5ab82f98b230 ] Request (FloatingIPDetailsNegativeTestJSON:tearDownClass): 204 DELETE http://10.180.1.21/networking/v2.0/subnets/bdc559b1-568c-42b7-b193-a981842b5c1f 0.557s
2025-11-21 09:35:17.879 65946 INFO tempest.lib.common.rest_client [req-199724b1-2318-433f-b465-a6187d3bc4e8 req-199724b1-2318-433f-b465-a6187d3bc4e8 ] Request (ImagesTestJSON:setUpClass): 201 POST http://10.180.1.21/networking/v2.0/routers 1.047s
2025-11-21 09:35:18.288 65916 INFO tempest.lib.common.rest_client [req-dbce215a-e125-4849-99a4-e5f6c7de4d05 req-dbce215a-e125-4849-99a4-e5f6c7de4d05 ] Request (FloatingIPDetailsNegativeTestJSON:tearDownClass): 204 DELETE http://10.180.1.21/networking/v2.0/networks/c0fe22b9-458a-4e40-8815-e83de86b0984 1.133s
2025-11-21 09:35:18.441 65916 INFO tempest.lib.common.rest_client [req-3a65a8b8-887a-4fb4-adf9-c5235b4fd238 req-3a65a8b8-887a-4fb4-adf9-c5235b4fd238 ] Request (FloatingIPDetailsNegativeTestJSON:tearDownClass): 204 DELETE http://10.180.1.21/identity/v3/users/d33befabf8814435a81ddcf1cea06da6 0.153s
2025-11-21 09:35:18.442 65916 INFO tempest.lib.common.dynamic_creds [-] Deleting project and security group for project: f7e81c885f164e38a3c83b3e8827b587
2025-11-21 09:35:19.013 65902 INFO tempest.lib.common.rest_client [req-1e537f57-ca3e-4959-8b70-9dc3a0fb30cb req-1e537f57-ca3e-4959-8b70-9dc3a0fb30cb ] Request (VolumesAdminNegativeTest:setUpClass): 201 POST http://10.180.1.21/networking/v2.0/routers 1.996s
2025-11-21 09:35:19.357 65946 INFO tempest.lib.common.rest_client [req-7e6202fa-a692-489d-b401-cad5bd33c584 req-7e6202fa-a692-489d-b401-cad5bd33c584 ] Request (ImagesTestJSON:setUpClass): 200 PUT http://10.180.1.21/networking/v2.0/routers/06a9ffbf-7f40-434c-abdd-a882d1fd0dff/add_router_interface 1.478s
2025-11-21 09:35:19.358 65946 INFO tempest.lib.common.dynamic_creds [-] Created isolated network resources for: credentials: Credentials: {'domain_id': 'default', 'domain_name': 'Default', 'username': 'tempest-ImagesTestJSON-42966517-project-member', 'project_domain_id': 'default', 'project_domain_name': 'Default', 'project_id': '8609db48fc58414a8de54b4018025f9c', 'project_name': 'tempest-ImagesTestJSON-42966517', 'tenant_id': '8609db48fc58414a8de54b4018025f9c', 'tenant_name': 'tempest-ImagesTestJSON-42966517', 'user_domain_id': 'default', 'user_domain_name': 'Default', 'user_id': 'e709094b4b304d6d9b124f56f40371a9', 'system': None}, Network: {'id': '8e251a31-aaa7-4ae7-96b1-4ea51f2ebbb8', 'name': 'tempest-ImagesTestJSON-1069175786-network', 'tenant_id': '8609db48fc58414a8de54b4018025f9c', 'project_id': '8609db48fc58414a8de54b4018025f9c', 'admin_state_up': True, 'mtu': 8950, 'status': 'ACTIVE', 'subnets': [], 'shared': False, 'port_security_enabled': True, 'router:external': False, 'provider:network_type': 'vlan', 'provider:physical_network': 'default', 'provider:segmentation_id': 194, 'availability_zone_hints': [], 'availability_zones': [], 'ipv4_address_scope': None, 'ipv6_address_scope': None, 'description': '', 'tags': [], 'created_at': '2025-11-21T09:35:15Z', 'updated_at': '2025-11-21T09:35:15Z', 'revision_number': 1}, Subnet: {'id': '77a913e2-f4ef-4405-a329-c81bfa9d7299', 'name': 'tempest-ImagesTestJSON-1069175786-subnet', 'tenant_id': '8609db48fc58414a8de54b4018025f9c', 'network_id': '8e251a31-aaa7-4ae7-96b1-4ea51f2ebbb8', 'ip_version': 4, 'subnetpool_id': None, 'enable_dhcp': True, 'ipv6_ra_mode': None, 'ipv6_address_mode': None, 'gateway_ip': '192.168.128.1', 'cidr': '192.168.128.0/28', 'allocation_pools': [{'start': '192.168.128.2', 'end': '192.168.128.14'}], 'host_routes': [], 'dns_nameservers': [], 'description': '', 'router:external': False, 'service_types': [], 'tags': [], 'created_at': '2025-11-21T09:35:16Z', 'updated_at': '2025-11-21T09:35:16Z', 'revision_number': 0, 'project_id': '8609db48fc58414a8de54b4018025f9c'}, Router: {'id': '06a9ffbf-7f40-434c-abdd-a882d1fd0dff', 'name': 'tempest-ImagesTestJSON-1069175786-router', 'tenant_id': '8609db48fc58414a8de54b4018025f9c', 'admin_state_up': True, 'status': 'ACTIVE', 'external_gateway_info': {'network_id': '24691bb9-cb4a-43fe-9206-38bc878dd278', 'external_fixed_ips': [{'subnet_id': '9f7bee9c-c24a-4d0a-8abe-7ae890b8a997', 'ip_address': '10.180.180.169'}], 'enable_snat': True}, 'description': '', 'availability_zones': [], 'distributed': False, 'ha': False, 'availability_zone_hints': [], 'routes': [], 'flavor_id': None, 'tags': [], 'created_at': '2025-11-21T09:35:17Z', 'updated_at': '2025-11-21T09:35:17Z', 'revision_number': 2, 'project_id': '8609db48fc58414a8de54b4018025f9c'}
2025-11-21 09:35:19.407 65894 INFO tempest.lib.common.rest_client [req-ffa8c331-27a4-4ad9-8dd4-7e9c9d3c936d req-ffa8c331-27a4-4ad9-8dd4-7e9c9d3c936d ] Request (ServerDiagnosticsTest:test_get_server_diagnostics): 200 GET http://10.180.1.21/compute/v2.1/servers/44bd41d1-d91b-4336-97d4-6cb544da2217 8.791s
2025-11-21 09:35:19.476 65946 INFO tempest.lib.common.rest_client [req-7bf991f2-316d-4fcd-9d06-b207bc939564 req-7bf991f2-316d-4fcd-9d06-b207bc939564 ] Request (ImagesTestJSON:setUpClass): 201 POST http://10.180.1.21/identity/v3/auth/tokens 0.113s
2025-11-21 09:35:19.483 65932 INFO tempest.lib.common.rest_client [req-2dbdeae4-2a48-415d-aae1-3fa97460f0c5 req-2dbdeae4-2a48-415d-aae1-3fa97460f0c5 ] Request (AggregatesAdminNegativeTestJSON:test_aggregate_add_existent_host): 409 POST http://10.180.1.21/compute/v2.1/os-aggregates/1/action 8.815s
2025-11-21 09:35:19.518 65946 INFO tempest.lib.common.rest_client [req-90aef0d6-be59-4d77-a380-a23f62e5c6ad req-90aef0d6-be59-4d77-a380-a23f62e5c6ad ] Request (ImagesTestJSON:test_create_image_from_stopped_server): 201 POST http://10.180.1.21/identity/v3/auth/tokens 0.037s
2025-11-21 09:35:19.518 65946 INFO tempest.lib.common.fixed_network [-] (ImagesTestJSON:test_create_image_from_stopped_server) Found network {'id': '8e251a31-aaa7-4ae7-96b1-4ea51f2ebbb8', 'name': 'tempest-ImagesTestJSON-1069175786-network', 'tenant_id': '8609db48fc58414a8de54b4018025f9c', 'project_id': '8609db48fc58414a8de54b4018025f9c', 'admin_state_up': True, 'mtu': 8950, 'status': 'ACTIVE', 'subnets': [], 'shared': False, 'port_security_enabled': True, 'router:external': False, 'provider:network_type': 'vlan', 'provider:physical_network': 'default', 'provider:segmentation_id': 194, 'availability_zone_hints': [], 'availability_zones': [], 'ipv4_address_scope': None, 'ipv6_address_scope': None, 'description': '', 'tags': [], 'created_at': '2025-11-21T09:35:15Z', 'updated_at': '2025-11-21T09:35:15Z', 'revision_number': 1} available for tenant
2025-11-21 09:35:19.545 65916 INFO tempest.lib.common.rest_client [req-d281c61a-a44b-475b-b1c1-c7ae605b852d req-d281c61a-a44b-475b-b1c1-c7ae605b852d ] Request (FloatingIPDetailsNegativeTestJSON:tearDownClass): 200 GET http://10.180.1.21/networking/v2.0/security-groups?tenant_id=f7e81c885f164e38a3c83b3e8827b587&name=default 1.103s
2025-11-21 09:35:20.435 65902 INFO tempest.lib.common.rest_client [req-16da7a34-c54c-4e2d-bde9-3c9388bf93f7 req-16da7a34-c54c-4e2d-bde9-3c9388bf93f7 ] Request (VolumesAdminNegativeTest:setUpClass): 200 PUT http://10.180.1.21/networking/v2.0/routers/82a08dbd-0cfd-49d1-bba3-6b5c4a36cd2c/add_router_interface 1.420s
2025-11-21 09:35:20.436 65902 INFO tempest.lib.common.dynamic_creds [-] Created isolated network resources for: credentials: Credentials: {'domain_id': 'default', 'domain_name': 'Default', 'username': 'tempest-VolumesAdminNegativeTest-647144560-project-member', 'project_domain_id': 'default', 'project_domain_name': 'Default', 'project_id': 'e9ba14e0ce0f471ebdaff3018740cca9', 'project_name': 'tempest-VolumesAdminNegativeTest-647144560', 'tenant_id': 'e9ba14e0ce0f471ebdaff3018740cca9', 'tenant_name': 'tempest-VolumesAdminNegativeTest-647144560', 'user_domain_id': 'default', 'user_domain_name': 'Default', 'user_id': '61038fb4fad840998e0fcdc0549d717a', 'system': None}, Network: {'id': '4f72840d-bd64-4f97-8457-6ac6af0dedea', 'name': 'tempest-VolumesAdminNegativeTest-258529700-network', 'tenant_id': 'e9ba14e0ce0f471ebdaff3018740cca9', 'project_id': 'e9ba14e0ce0f471ebdaff3018740cca9', 'admin_state_up': True, 'mtu': 8950, 'status': 'ACTIVE', 'subnets': [], 'shared': False, 'port_security_enabled': True, 'router:external': False, 'provider:network_type': 'vlan', 'provider:physical_network': 'default', 'provider:segmentation_id': 413, 'availability_zone_hints': [], 'availability_zones': [], 'ipv4_address_scope': None, 'ipv6_address_scope': None, 'description': '', 'tags': [], 'created_at': '2025-11-21T09:35:16Z', 'updated_at': '2025-11-21T09:35:16Z', 'revision_number': 1}, Subnet: {'id': '8be387a0-47cb-4adf-bd0a-0cca6606d593', 'name': 'tempest-VolumesAdminNegativeTest-258529700-subnet', 'tenant_id': 'e9ba14e0ce0f471ebdaff3018740cca9', 'network_id': '4f72840d-bd64-4f97-8457-6ac6af0dedea', 'ip_version': 4, 'subnetpool_id': None, 'enable_dhcp': True, 'ipv6_ra_mode': None, 'ipv6_address_mode': None, 'gateway_ip': '192.168.128.1', 'cidr': '192.168.128.0/28', 'allocation_pools': [{'start': '192.168.128.2', 'end': '192.168.128.14'}], 'host_routes': [], 'dns_nameservers': [], 'description': '', 'router:external': False, 'service_types': [], 'tags': [], 'created_at': '2025-11-21T09:35:16Z', 'updated_at': '2025-11-21T09:35:16Z', 'revision_number': 0, 'project_id': 'e9ba14e0ce0f471ebdaff3018740cca9'}, Router: {'id': '82a08dbd-0cfd-49d1-bba3-6b5c4a36cd2c', 'name': 'tempest-VolumesAdminNegativeTest-258529700-router', 'tenant_id': 'e9ba14e0ce0f471ebdaff3018740cca9', 'admin_state_up': True, 'status': 'ACTIVE', 'external_gateway_info': {'network_id': '24691bb9-cb4a-43fe-9206-38bc878dd278', 'external_fixed_ips': [{'subnet_id': '9f7bee9c-c24a-4d0a-8abe-7ae890b8a997', 'ip_address': '10.180.180.163'}], 'enable_snat': True}, 'description': '', 'availability_zones': [], 'distributed': False, 'ha': False, 'availability_zone_hints': [], 'routes': [], 'flavor_id': None, 'tags': [], 'created_at': '2025-11-21T09:35:17Z', 'updated_at': '2025-11-21T09:35:18Z', 'revision_number': 2, 'project_id': 'e9ba14e0ce0f471ebdaff3018740cca9'}
2025-11-21 09:35:20.526 65902 INFO tempest.lib.common.rest_client [req-22bb3269-383a-4cbb-aaae-3083dcf7c898 req-22bb3269-383a-4cbb-aaae-3083dcf7c898 ] Request (VolumesAdminNegativeTest:setUpClass): 201 POST http://10.180.1.21/identity/v3/auth/tokens 0.087s
2025-11-21 09:35:20.596 65916 INFO tempest.lib.common.rest_client [req-9dd6fe69-dc3a-44a1-b494-16bf1b7c6119 req-9dd6fe69-dc3a-44a1-b494-16bf1b7c6119 ] Request (FloatingIPDetailsNegativeTestJSON:tearDownClass): 204 DELETE http://10.180.1.21/networking/v2.0/security-groups/f14c71cb-430a-4a9e-b7a1-a9582b4f0533 1.050s
2025-11-21 09:35:20.602 65902 INFO tempest.lib.common.rest_client [req-150a33f9-0312-4031-b48b-afe1d63ace32 req-150a33f9-0312-4031-b48b-afe1d63ace32 ] Request (VolumesAdminNegativeTest:setUpClass): 201 POST http://10.180.1.21/identity/v3/projects 0.075s
2025-11-21 09:35:20.678 65902 INFO tempest.lib.common.rest_client [req-4f9abb3c-0750-4a12-918d-8ff809914de9 req-4f9abb3c-0750-4a12-918d-8ff809914de9 ] Request (VolumesAdminNegativeTest:setUpClass): 201 POST http://10.180.1.21/identity/v3/users 0.075s
2025-11-21 09:35:20.711 65916 INFO tempest.lib.common.rest_client [req-ede0514c-c1d6-4628-9881-b2721e6f5166 req-ede0514c-c1d6-4628-9881-b2721e6f5166 ] Request (FloatingIPDetailsNegativeTestJSON:tearDownClass): 204 DELETE http://10.180.1.21/identity/v3/projects/f7e81c885f164e38a3c83b3e8827b587 0.115s
2025-11-21 09:35:20.732 65902 INFO tempest.lib.common.rest_client [req-20e6a0fd-8f4f-4573-965c-8672f9b3a4c8 req-20e6a0fd-8f4f-4573-965c-8672f9b3a4c8 ] Request (VolumesAdminNegativeTest:setUpClass): 200 GET http://10.180.1.21/identity/v3/roles 0.054s
2025-11-21 09:35:20.743 65916 INFO tempest.lib.common.rest_client [req-a9911719-b443-43eb-b68d-865041408195 req-a9911719-b443-43eb-b68d-865041408195 ] Request (KeyPairsV2TestJSON:setUpClass): 201 POST http://10.180.1.21/identity/v3/auth/tokens 0.029s
2025-11-21 09:35:20.765 65902 INFO tempest.lib.common.rest_client [req-588a8d11-5491-4265-96fd-73acd92ac9ca req-588a8d11-5491-4265-96fd-73acd92ac9ca ] Request (VolumesAdminNegativeTest:setUpClass): 204 PUT http://10.180.1.21/identity/v3/projects/81b93676eff04ba4b9e2822c411b55ee/users/f6e3246f8d664f2eaea10c4f0bc642d2/roles/a32c1b37f66a4ab1bc2e71e2cc6971dc 0.033s
2025-11-21 09:35:20.826 65902 INFO tempest.lib.common.rest_client [req-28ea498e-7a35-4cad-b72f-4407ab129986 req-28ea498e-7a35-4cad-b72f-4407ab129986 ] Request (VolumesAdminNegativeTest:setUpClass): 200 GET http://10.180.1.21/identity/v3/roles 0.060s
2025-11-21 09:35:20.828 65916 INFO tempest.lib.common.rest_client [req-ed13380e-63c5-457d-bca8-480e1b8d844d req-ed13380e-63c5-457d-bca8-480e1b8d844d ] Request (KeyPairsV2TestJSON:setUpClass): 201 POST http://10.180.1.21/identity/v3/auth/tokens 0.083s
2025-11-21 09:35:20.842 65902 INFO tempest.lib.common.rest_client [req-5c0a0766-72cb-498d-9158-a961136135e1 req-5c0a0766-72cb-498d-9158-a961136135e1 ] Request (VolumesAdminNegativeTest:setUpClass): 204 PUT http://10.180.1.21/identity/v3/projects/81b93676eff04ba4b9e2822c411b55ee/users/f6e3246f8d664f2eaea10c4f0bc642d2/roles/a32c1b37f66a4ab1bc2e71e2cc6971dc 0.016s
2025-11-21 09:35:20.843 65902 INFO tempest.lib.common.dynamic_creds [-] Dynamic test user f6e3246f8d664f2eaea10c4f0bc642d2 is created with scope project and roles: ['admin']
2025-11-21 09:35:20.843 65902 INFO tempest.lib.common.dynamic_creds [-] Acquired dynamic creds: credentials: Credentials: {'domain_id': 'default', 'domain_name': 'Default', 'username': 'tempest-VolumesAdminNegativeTest-1471779320-project-admin', 'project_domain_id': 'default', 'project_domain_name': 'Default', 'project_id': '81b93676eff04ba4b9e2822c411b55ee', 'project_name': 'tempest-VolumesAdminNegativeTest-1471779320', 'tenant_id': '81b93676eff04ba4b9e2822c411b55ee', 'tenant_name': 'tempest-VolumesAdminNegativeTest-1471779320', 'user_domain_id': 'default', 'user_domain_name': 'Default', 'user_id': 'f6e3246f8d664f2eaea10c4f0bc642d2', 'system': None}, Network: None, Subnet: None, Router: None
2025-11-21 09:35:20.859 65916 INFO tempest.lib.common.rest_client [req-94d820ef-8988-4a81-ac73-f7f1116e67a3 req-94d820ef-8988-4a81-ac73-f7f1116e67a3 ] Request (KeyPairsV2TestJSON:setUpClass): 200 GET http://10.180.1.21/identity/v3/domains?name=Default 0.030s
2025-11-21 09:35:20.927 65916 INFO tempest.lib.common.rest_client [req-1a7ac5a2-df83-40c2-8f8f-f04ea1da4fef req-1a7ac5a2-df83-40c2-8f8f-f04ea1da4fef ] Request (KeyPairsV2TestJSON:setUpClass): 201 POST http://10.180.1.21/identity/v3/projects 0.068s
2025-11-21 09:35:20.995 65916 INFO tempest.lib.common.rest_client [req-043e3c96-fd24-46c5-b27a-5fefabe3e410 req-043e3c96-fd24-46c5-b27a-5fefabe3e410 ] Request (KeyPairsV2TestJSON:setUpClass): 201 POST http://10.180.1.21/identity/v3/users 0.067s
2025-11-21 09:35:21.020 65916 INFO tempest.lib.common.rest_client [req-1ff062ac-84ce-4033-8d45-35d7c753f077 req-1ff062ac-84ce-4033-8d45-35d7c753f077 ] Request (KeyPairsV2TestJSON:setUpClass): 200 GET http://10.180.1.21/identity/v3/roles 0.025s
2025-11-21 09:35:21.049 65916 INFO tempest.lib.common.rest_client [req-022cf8b2-8fa1-4683-8e34-216410940020 req-022cf8b2-8fa1-4683-8e34-216410940020 ] Request (KeyPairsV2TestJSON:setUpClass): 204 PUT http://10.180.1.21/identity/v3/projects/8385ac66df74486c8b00170b93a1f670/users/7dc760a253664fffbe0c6d6b9d33084d/roles/50c81839aa4049c9bafc04aab78e705d 0.028s
2025-11-21 09:35:21.049 65916 INFO tempest.lib.common.dynamic_creds [-] Dynamic test user 7dc760a253664fffbe0c6d6b9d33084d is created with scope project and roles: ['member']
2025-11-21 09:35:21.050 65916 INFO tempest.lib.common.dynamic_creds [-] Acquired dynamic creds: credentials: Credentials: {'domain_id': 'default', 'domain_name': 'Default', 'username': 'tempest-KeyPairsV2TestJSON-927454929-project-member', 'project_domain_id': 'default', 'project_domain_name': 'Default', 'project_id': '8385ac66df74486c8b00170b93a1f670', 'project_name': 'tempest-KeyPairsV2TestJSON-927454929', 'tenant_id': '8385ac66df74486c8b00170b93a1f670', 'tenant_name': 'tempest-KeyPairsV2TestJSON-927454929', 'user_domain_id': 'default', 'user_domain_name': 'Default', 'user_id': '7dc760a253664fffbe0c6d6b9d33084d', 'system': None}, Network: None, Subnet: None, Router: None
2025-11-21 09:35:21.050 65916 INFO tempest.lib.common.dynamic_creds [-] Created isolated network resources for: credentials: Credentials: {'domain_id': 'default', 'domain_name': 'Default', 'username': 'tempest-KeyPairsV2TestJSON-927454929-project-member', 'project_domain_id': 'default', 'project_domain_name': 'Default', 'project_id': '8385ac66df74486c8b00170b93a1f670', 'project_name': 'tempest-KeyPairsV2TestJSON-927454929', 'tenant_id': '8385ac66df74486c8b00170b93a1f670', 'tenant_name': 'tempest-KeyPairsV2TestJSON-927454929', 'user_domain_id': 'default', 'user_domain_name': 'Default', 'user_id': '7dc760a253664fffbe0c6d6b9d33084d', 'system': None}, Network: None, Subnet: None, Router: None
2025-11-21 09:35:21.137 65916 INFO tempest.lib.common.rest_client [req-c62ad824-604b-49c3-bada-b3df228ba6bf req-c62ad824-604b-49c3-bada-b3df228ba6bf ] Request (KeyPairsV2TestJSON:setUpClass): 201 POST http://10.180.1.21/identity/v3/auth/tokens 0.083s
2025-11-21 09:35:21.928 65902 INFO tempest.lib.common.rest_client [req-4fe3f70e-00eb-45ab-a833-2d693649a936 req-4fe3f70e-00eb-45ab-a833-2d693649a936 ] Request (VolumesAdminNegativeTest:setUpClass): 201 POST http://10.180.1.21/networking/v2.0/networks 1.085s
2025-11-21 09:35:22.379 65920 INFO tempest.lib.common.rest_client [req-4b90984e-68e3-49dd-ba9f-ee07f480b518 req-4b90984e-68e3-49dd-ba9f-ee07f480b518 ] Request (ServersTestMultiNic:test_verify_duplicate_network_nics): 202 POST http://10.180.1.21/compute/v2.1/servers 12.065s
2025-11-21 09:35:22.396 65890 INFO tempest.lib.common.rest_client [req-10fa7a93-9a19-4e1e-9f03-c4d3af7878c5 req-10fa7a93-9a19-4e1e-9f03-c4d3af7878c5 ] Request (FlavorsExtraSpecsTestJSON:test_flavor_non_admin_get_specific_key): 200 GET http://10.180.1.21/compute/v2.1/flavors/97122575/os-extra_specs/hw:numa_nodes 11.515s
2025-11-21 09:35:22.461 65902 INFO tempest.lib.common.rest_client [req-564bda3a-ec9f-4f0a-bfd1-734029b347df req-564bda3a-ec9f-4f0a-bfd1-734029b347df ] Request (VolumesAdminNegativeTest:setUpClass): 201 POST http://10.180.1.21/networking/v2.0/subnets 0.531s
2025-11-21 09:35:23.263 65902 INFO tempest.lib.common.rest_client [req-0c1de634-4ab9-4128-bb0e-0408acecd334 req-0c1de634-4ab9-4128-bb0e-0408acecd334 ] Request (VolumesAdminNegativeTest:setUpClass): 201 POST http://10.180.1.21/networking/v2.0/routers 0.802s
2025-11-21 09:35:23.414 65892 INFO tempest.lib.common.rest_client [req-e0cef9fd-d619-472d-bfe3-2c74a2a89f9e req-e0cef9fd-d619-472d-bfe3-2c74a2a89f9e ] Request (ServerAddressesNegativeTestJSON:setUpClass): 200 GET http://10.180.1.21/compute/v2.1/servers/b0922536-231a-486f-854c-ecf666443c2b 12.266s
2025-11-21 09:35:23.421 65892 INFO tempest.common.waiters [-] State transition "BUILD/scheduling" ==> "BUILD/spawning" after 13 second wait
2025-11-21 09:35:23.430 65912 INFO tempest.lib.common.rest_client [req-fb15d29d-8799-440d-b1b2-af11679e0816 req-fb15d29d-8799-440d-b1b2-af11679e0816 ] Request (HypervisorAdminTestJSON:test_get_hypervisor_stats): 200 GET http://10.180.1.21/compute/v2.1/os-hypervisors/statistics 12.129s
2025-11-21 09:35:23.447 65918 INFO tempest.lib.common.rest_client [req-868b4607-100e-4684-b821-6e3dd9c60a30 req-868b4607-100e-4684-b821-6e3dd9c60a30 ] Request (FlavorsV255TestJSON:_run_cleanups): 202 DELETE http://10.180.1.21/compute/v2.1/flavors/1444858506 12.117s
2025-11-21 09:35:23.467 65930 INFO tempest.lib.common.rest_client [req-6bfd7694-b4bb-49cc-ab92-9d366b4dbb6e req-6bfd7694-b4bb-49cc-ab92-9d366b4dbb6e ] Request (FlavorsV261TestJSON:test_crud_flavor): 200 GET http://10.180.1.21/compute/v2.1/flavors 12.102s
2025-11-21 09:35:23.529 65912 INFO tempest.lib.common.rest_client [req-8bc042a4-50ae-4621-814f-6bba407f514d req-8bc042a4-50ae-4621-814f-6bba407f514d ] Request (HypervisorAdminTestJSON:tearDownClass): 204 DELETE http://10.180.1.21/identity/v3/users/d673f608120543828a8e3cf6cdbb49d8 0.096s
2025-11-21 09:35:23.609 65926 INFO tempest.lib.common.rest_client [req-25fea728-9ab5-428a-abef-68459f79aebd req-25fea728-9ab5-428a-abef-68459f79aebd ] Request (QuotasAdminTestV236:test_get_updated_quotas): 200 GET http://10.180.1.21/compute/v2.1/os-quota-sets/8884f1ac5b6347d5af9f6799e44d55be?user_id=92fd4d5736eb473d8e336e2ef644fa08 12.016s
2025-11-21 09:35:23.622 65929 INFO tempest.lib.common.rest_client [req-767b4646-5425-436e-8ef8-00ea611b7057 req-767b4646-5425-436e-8ef8-00ea611b7057 ] Request (FlavorsAdminTestJSON:_run_cleanups): 202 DELETE http://10.180.1.21/compute/v2.1/flavors/299614897 11.961s
2025-11-21 09:35:23.638 65912 INFO tempest.lib.common.rest_client [req-22a8574e-53e1-4467-a85d-bb5b1c9dffa9 req-22a8574e-53e1-4467-a85d-bb5b1c9dffa9 ] Request (HypervisorAdminTestJSON:tearDownClass): 204 DELETE http://10.180.1.21/identity/v3/users/94d832faefd5443bb34c7cc2a114f356 0.108s
2025-11-21 09:35:23.638 65912 INFO tempest.lib.common.dynamic_creds [-] Deleting project and security group for project: bf5ff45208394aaeaa4d34f4a420f367
2025-11-21 09:35:23.641 65938 INFO tempest.lib.common.rest_client [req-e928d4f2-0e61-41f0-b58e-e9c8d11e06ab req-e928d4f2-0e61-41f0-b58e-e9c8d11e06ab ] Request (ServicesAdminNegativeTestJSON:test_get_service_by_invalid_service_and_valid_host): 200 GET http://10.180.1.21/compute/v2.1/os-services?host=devstack&binary=xxx 11.952s
