2025-11-14 01:56:14.465 66917 INFO tempest.lib.common.rest_client [req-4ca27557-fcbd-4bb8-8a84-fab056ad0f01 req-4ca27557-fcbd-4bb8-8a84-fab056ad0f01 ] Request (VolumesAdminNegativeTest:tearDownClass): 204 DELETE http://10.180.1.21/networking/v2.0/networks/5a97de70-9e6d-4b32-9718-f6f6c7c19141 0.323s
2025-11-14 01:56:14.469 66905 INFO tempest.lib.common.rest_client [req-80b6a77c-3b4e-4dde-8848-8678e970e0c4 req-80b6a77c-3b4e-4dde-8848-8678e970e0c4 ] Request (ServersAdminNegativeTestJSON:test_migrate_server_invalid_state): 200 GET http://10.180.1.21/compute/v2.1/servers/a4ff7c87-b8b3-469b-a2f5-c8f12be43f9f 5.168s
2025-11-14 01:56:14.481 66905 INFO tempest.common.waiters [-] State transition "BUILD/None" ==> "BUILD/spawning" after 15 second wait
2025-11-14 01:56:14.633 66925 INFO tempest.lib.common.rest_client [req-7656edbd-0c2f-4c7c-b735-22347d34fa05 req-7656edbd-0c2f-4c7c-b735-22347d34fa05 ] Request (ImagesNegativeTestJSON:test_create_image_from_deleted_server): 200 GET http://10.180.1.21/compute/v2.1/servers/600032ae-da00-40e2-9943-d982042cd0d9 5.219s
2025-11-14 01:56:14.660 66895 INFO tempest.lib.common.rest_client [req-25cdcb3a-b452-4523-8412-c8b497f233ab req-25cdcb3a-b452-4523-8412-c8b497f233ab ] Request (ServersWithSpecificFlavorTestJSON:test_verify_created_server_ephemeral_disk): 200 GET http://10.180.1.21/compute/v2.1/servers/6eddcdd4-94e3-47a6-929f-5e4c8402183e 5.277s
2025-11-14 01:56:14.668 66895 INFO tempest.lib.common.ssh [-] Creating ssh connection to '10.180.180.158:22' as 'cirros' with public key authentication
2025-11-14 01:56:14.681 66942 INFO tempest.lib.common.rest_client [req-91181abf-7971-44b6-96db-9bd983b6645a req-91181abf-7971-44b6-96db-9bd983b6645a ] Request (ImagesMetadataTestJSON:test_update_image_metadata): 200 GET http://10.180.1.21/compute/v2.1/images/1168549a-1cdb-4c8b-b9e1-2301bef86a18/metadata 5.087s
2025-11-14 01:56:14.787 66942 INFO tempest.lib.common.rest_client [req-db470bec-0e56-4774-8597-198da845bb76 req-db470bec-0e56-4774-8597-198da845bb76 ] Request (ImagesMetadataTestJSON:tearDownClass): 204 DELETE http://10.180.1.21/image/v2/images/1168549a-1cdb-4c8b-b9e1-2301bef86a18 0.104s
2025-11-14 01:56:14.831 66935 INFO tempest.lib.common.rest_client [req-0689cf1b-5e43-4520-8941-7c8add3fa44d req-0689cf1b-5e43-4520-8941-7c8add3fa44d ] Request (MigrationsAdminTest:test_list_migrations_in_flavor_resize_situation): 200 GET http://10.180.1.21/compute/v2.1/servers/c5e6c008-614c-4a6b-8b72-c995d4b91134 5.173s
2025-11-14 01:56:14.841 66935 INFO tempest.common.waiters [-] State transition "RESIZE/resize_migrated" ==> "VERIFY_RESIZE/None" after 24 second wait
2025-11-14 01:56:14.844 66913 INFO tempest.lib.common.rest_client [req-18e658e2-6a9e-4d39-aa68-d5f9a1dc01c4 req-18e658e2-6a9e-4d39-aa68-d5f9a1dc01c4 ] Request (TenantUsagesNegativeTestJSON:test_get_usage_tenant_with_invalid_date): 400 GET http://10.180.1.21/compute/v2.1/os-simple-tenant-usage/683111d8b8d04f438514f4bad64ae21e?start=2025-11-15T01%3A56%3A08.031683&end=2025-11-13T01%3A56%3A08.031683 5.110s
2025-11-14 01:56:14.848 66937 WARNING tempest.lib.common.ssh [-] Failed to establish authenticated ssh connection to cirros@10.180.180.191 ([Errno None] Unable to connect to port 22 on 10.180.180.191). Number attempts: 2. Retry after 3 seconds.: paramiko.ssh_exception.NoValidConnectionsError: [Errno None] Unable to connect to port 22 on 10.180.180.191
2025-11-14 01:56:14.851 66950 INFO tempest.lib.common.rest_client [req-85900b64-034b-4897-9d9e-906c64672a47 req-85900b64-034b-4897-9d9e-906c64672a47 ] Request (DeleteServersAdminTestJSON:test_delete_server_while_in_error_state): 200 GET http://10.180.1.21/compute/v2.1/servers/1b2a4eda-8fb2-49f0-b28f-75e7585a8d1e 5.160s
2025-11-14 01:56:14.859 66950 INFO tempest.common.waiters [-] State transition "BUILD/spawning" ==> "ACTIVE/None" after 18 second wait
2025-11-14 01:56:14.924 66942 INFO tempest.lib.common.rest_client [req-eae707fe-71d5-4118-b22e-e37d0fd396d7 req-eae707fe-71d5-4118-b22e-e37d0fd396d7 ] Request (ImagesMetadataTestJSON:tearDownClass): 204 DELETE http://10.180.1.21/identity/v3/users/cd9da6b3fc7140489d7732e8c914aad3 0.136s
2025-11-14 01:56:14.924 66942 INFO tempest.lib.common.dynamic_creds [-] Deleting project and security group for project: fabad22a82924df4901be8576c6ac668
2025-11-14 01:56:14.971 66927 INFO tempest.lib.common.rest_client [req-6301c532-f8e7-49bb-8250-d8efc76a83a1 req-6301c532-f8e7-49bb-8250-d8efc76a83a1 ] Request (ServerDiagnosticsNegativeTest:test_get_server_diagnostics_by_non_admin): 200 GET http://10.180.1.21/compute/v2.1/servers/90ea98d7-6a4c-45a8-93b6-d381fe80fbbe 5.106s
2025-11-14 01:56:14.993 66911 INFO tempest.lib.common.rest_client [req-3fa5d705-e365-473b-a9b1-7ae3f940dede req-3fa5d705-e365-473b-a9b1-7ae3f940dede ] Request (ServersListShow296Test:test_list_show_update_rebuild_server_296): 200 GET http://10.180.1.21/compute/v2.1/servers/6f07e2a0-fadf-4f4b-96c0-afdfbc22ad6b 5.188s
2025-11-14 01:56:15.005 66911 INFO tempest.common.waiters [-] State transition "BUILD/spawning" ==> "ACTIVE/None" after 18 second wait
2025-11-14 01:56:15.024 66942 INFO tempest.lib.common.rest_client [req-62d3d289-d24c-438a-bb5b-11d6f7c4b89f req-62d3d289-d24c-438a-bb5b-11d6f7c4b89f ] Request (ImagesMetadataTestJSON:tearDownClass): 201 POST http://10.180.1.21/identity/v3/auth/tokens 0.099s
2025-11-14 01:56:15.077 66891 INFO tempest.lib.common.rest_client [req-388f04f8-11ac-4d31-8a20-8413eb449e7a req-388f04f8-11ac-4d31-8a20-8413eb449e7a ] Request (ListImageFiltersTestJSON:setUpClass): 200 GET http://10.180.1.21/compute/v2.1/images/e3e75121-6ceb-46d8-8cb6-deee94144108 3.616s
2025-11-14 01:56:15.334 66917 INFO tempest.lib.common.rest_client [req-3a18033a-be1a-42cb-9ce9-4ee051abe559 req-3a18033a-be1a-42cb-9ce9-4ee051abe559 ] Request (VolumesAdminNegativeTest:tearDownClass): 200 PUT http://10.180.1.21/networking/v2.0/routers/1a970e28-dbdc-42af-94a4-4f489149c83c/remove_router_interface 0.868s
2025-11-14 01:56:15.366 66931 INFO tempest.lib.common.rest_client [req-6acc421b-004d-46e5-aa8a-137f114a9201 req-6acc421b-004d-46e5-aa8a-137f114a9201 ] Request (ServersAdmin275Test:tearDownClass): 200 GET http://10.180.1.21/compute/v2.1/servers/5e74e17c-f9ea-4edb-a6f9-6488a33f0a85 4.919s
2025-11-14 01:56:15.377 66931 INFO tempest.common.waiters [-] State transition "ACTIVE/deleting" ==> "DELETED/None" after 6 second wait
2025-11-14 01:56:15.453 66942 INFO tempest.lib.common.rest_client [req-b47ceb33-f80a-4d85-90cd-d3551b9dcdfe req-b47ceb33-f80a-4d85-90cd-d3551b9dcdfe ] Request (ImagesMetadataTestJSON:tearDownClass): 200 GET http://10.180.1.21/networking/v2.0/security-groups?tenant_id=fabad22a82924df4901be8576c6ac668&name=default 0.429s
2025-11-14 01:56:15.622 66942 INFO tempest.lib.common.rest_client [req-2b569226-7b10-4e1b-b85b-c96efab9ed4d req-2b569226-7b10-4e1b-b85b-c96efab9ed4d ] Request (ImagesMetadataTestJSON:tearDownClass): 204 DELETE http://10.180.1.21/networking/v2.0/security-groups/e95e51f5-520b-4c4f-abc8-a8e44928136d 0.168s
2025-11-14 01:56:15.708 66942 INFO tempest.lib.common.rest_client [req-182d4a4d-6f28-4732-8d7f-adede5c853a2 req-182d4a4d-6f28-4732-8d7f-adede5c853a2 ] Request (ImagesMetadataTestJSON:tearDownClass): 204 DELETE http://10.180.1.21/identity/v3/projects/fabad22a82924df4901be8576c6ac668 0.086s
2025-11-14 01:56:15.781 66942 INFO tempest.lib.common.rest_client [req-010b06f2-5de6-4cd5-9b83-ac0223e9fe10 req-010b06f2-5de6-4cd5-9b83-ac0223e9fe10 ] Request (ServersTestManualDisk:setUpClass): 201 POST http://10.180.1.21/identity/v3/auth/tokens 0.069s
2025-11-14 01:56:15.826 66942 INFO tempest.lib.common.rest_client [req-7df8a19d-d4ef-43e3-a318-4fe41e8d6f85 req-7df8a19d-d4ef-43e3-a318-4fe41e8d6f85 ] Request (ServersTestManualDisk:setUpClass): 201 POST http://10.180.1.21/identity/v3/auth/tokens 0.042s
2025-11-14 01:56:15.843 66917 INFO tempest.lib.common.rest_client [req-53b99d1b-25ca-427d-9e60-dadc888fc09a req-53b99d1b-25ca-427d-9e60-dadc888fc09a ] Request (VolumesAdminNegativeTest:tearDownClass): 204 DELETE http://10.180.1.21/networking/v2.0/routers/1a970e28-dbdc-42af-94a4-4f489149c83c 0.509s
2025-11-14 01:56:15.852 66942 INFO tempest.lib.common.rest_client [req-d61b55f2-20e6-4091-9d9f-fa75e9d71545 req-d61b55f2-20e6-4091-9d9f-fa75e9d71545 ] Request (ServersTestManualDisk:setUpClass): 200 GET http://10.180.1.21/identity/v3/domains?name=Default 0.026s
2025-11-14 01:56:15.898 66942 INFO tempest.lib.common.rest_client [req-6bae053e-4138-4886-99bc-359408efdacc req-6bae053e-4138-4886-99bc-359408efdacc ] Request (ServersTestManualDisk:setUpClass): 201 POST http://10.180.1.21/identity/v3/projects 0.045s
2025-11-14 01:56:15.958 66933 INFO tempest.lib.common.rest_client [req-94e5ed30-d0aa-4a6c-8b05-9b774ec104d4 req-94e5ed30-d0aa-4a6c-8b05-9b774ec104d4 ] Request (FloatingIPsAssociationNegativeTestJSON:test_associate_ip_to_server_with_floating_ip): 400 POST http://10.180.1.21/compute/v2.1/servers/15a05a61-7efb-49b3-b504-823e26d425c5/action 3.544s
2025-11-14 01:56:15.962 66942 INFO tempest.lib.common.rest_client [req-319ae7e2-c34e-4d44-a8e1-0e0079ee7274 req-319ae7e2-c34e-4d44-a8e1-0e0079ee7274 ] Request (ServersTestManualDisk:setUpClass): 201 POST http://10.180.1.21/identity/v3/users 0.063s
2025-11-14 01:56:15.992 66942 INFO tempest.lib.common.rest_client [req-f427ddee-58a3-440f-bbc7-3b5eb47825e7 req-f427ddee-58a3-440f-bbc7-3b5eb47825e7 ] Request (ServersTestManualDisk:setUpClass): 200 GET http://10.180.1.21/identity/v3/roles 0.029s
2025-11-14 01:56:16.034 66917 INFO tempest.lib.common.rest_client [req-cbd3a22d-2c10-4b4b-a0d0-97a93549c1d5 req-cbd3a22d-2c10-4b4b-a0d0-97a93549c1d5 ] Request (VolumesAdminNegativeTest:tearDownClass): 204 DELETE http://10.180.1.21/networking/v2.0/subnets/9c1e0d1b-2fed-42af-9ac8-40b752750639 0.190s
2025-11-14 01:56:16.049 66942 INFO tempest.lib.common.rest_client [req-061bd7b4-1eb6-4e94-a0c1-e40b3f27024c req-061bd7b4-1eb6-4e94-a0c1-e40b3f27024c ] Request (ServersTestManualDisk:setUpClass): 204 PUT http://10.180.1.21/identity/v3/projects/331464cc13e54feb8be00e1b8c008c83/users/0c1653e4c77c4e28958986edd20a218c/roles/aa97208347ea48348bf9cb76af88d6ac 0.056s
2025-11-14 01:56:16.049 66942 INFO tempest.lib.common.dynamic_creds [-] Dynamic test user 0c1653e4c77c4e28958986edd20a218c is created with scope project and roles: ['member']
2025-11-14 01:56:16.049 66942 INFO tempest.lib.common.dynamic_creds [-] Acquired dynamic creds: credentials: Credentials: {'domain_id': 'default', 'domain_name': 'Default', 'username': 'tempest-ServersTestManualDisk-2020559526-project-member', 'project_domain_id': 'default', 'project_domain_name': 'Default', 'project_id': '331464cc13e54feb8be00e1b8c008c83', 'project_name': 'tempest-ServersTestManualDisk-2020559526', 'tenant_id': '331464cc13e54feb8be00e1b8c008c83', 'tenant_name': 'tempest-ServersTestManualDisk-2020559526', 'user_domain_id': 'default', 'user_domain_name': 'Default', 'user_id': '0c1653e4c77c4e28958986edd20a218c', 'system': None}, Network: None, Subnet: None, Router: None
2025-11-14 01:56:16.113 66909 INFO tempest.lib.common.rest_client [req-7e9e5d95-4d6d-4a4a-9841-7d1fd2ca3647 req-7e9e5d95-4d6d-4a4a-9841-7d1fd2ca3647 ] Request (ServersTestJSON:test_create_server_specify_multibyte_character_name): 202 POST http://10.180.1.21/compute/v2.1/servers 3.702s
2025-11-14 01:56:16.227 66955 INFO tempest.lib.common.rest_client [req-b32c9160-3fec-4abd-ac0d-d638f8205e00 req-b32c9160-3fec-4abd-ac0d-d638f8205e00 ] Request (InstanceActionsNegativeTestJSON:setUpClass): 200 GET http://10.180.1.21/compute/v2.1/servers/534ed781-c736-4080-b792-27cbc8d9f8c4 3.605s
2025-11-14 01:56:16.234 66929 INFO tempest.lib.common.rest_client [req-e90cbf85-40b6-4c17-a533-f96c0d1a32cc req-e90cbf85-40b6-4c17-a533-f96c0d1a32cc ] Request (QuotasAdminTestV236:test_get_updated_quotas): 200 GET http://10.180.1.21/compute/v2.1/os-quota-sets/6daa5ecfec4d4d968517972523ac5f7f/detail 3.625s
2025-11-14 01:56:16.234 66919 INFO tempest.lib.common.rest_client [req-4a5c86e6-ce2f-4916-bd19-e25532c749ed req-4a5c86e6-ce2f-4916-bd19-e25532c749ed ] Request (VolumesNegativeTest:test_delete_volume_without_passing_volume_id): 404 DELETE http://10.180.1.21/compute/v2.1/os-volumes/ 3.602s
2025-11-14 01:56:16.247 66899 INFO tempest.lib.common.rest_client [req-e985fbe9-f3f1-4da7-9bd9-6727e74a00e2 req-e985fbe9-f3f1-4da7-9bd9-6727e74a00e2 ] Request (AggregatesAdminNegativeTestJSON:test_aggregate_delete_as_user): 403 DELETE http://10.180.1.21/compute/v2.1/os-aggregates/5 2.865s
2025-11-14 01:56:16.301 66929 INFO tempest.lib.common.rest_client [req-6e6d6859-bfdc-462b-bdde-1006137c52a7 req-6e6d6859-bfdc-462b-bdde-1006137c52a7 ] Request (QuotasAdminTestV236:test_get_updated_quotas): 200 GET http://10.180.1.21/identity/v3/domains?name=Default 0.052s
2025-11-14 01:56:16.325 66917 INFO tempest.lib.common.rest_client [req-ae30e386-30d2-40f4-846a-2d0ced502e04 req-ae30e386-30d2-40f4-846a-2d0ced502e04 ] Request (VolumesAdminNegativeTest:tearDownClass): 204 DELETE http://10.180.1.21/networking/v2.0/networks/c7f8134d-263c-4006-b410-62b8f715e403 0.291s
2025-11-14 01:56:16.335 66947 INFO tempest.lib.common.rest_client [req-5a83126a-7bd9-41ba-ba0f-cfeca49fe581 req-5a83126a-7bd9-41ba-ba0f-cfeca49fe581 ] Request (ServerAddressesTestJSON:tearDownClass): 200 GET http://10.180.1.21/compute/v2.1/servers/3f393307-fa2f-4804-a6da-c78739558be3 3.604s
2025-11-14 01:56:16.352 66943 INFO tempest.lib.common.rest_client [req-f3d470d1-c0aa-4d71-9db0-3a44f24c91d4 req-f3d470d1-c0aa-4d71-9db0-3a44f24c91d4 ] Request (FlavorsV2TestJSON:test_list_flavors_using_marker): 200 GET http://10.180.1.21/compute/v2.1/flavors/42 2.934s
2025-11-14 01:56:16.353 66942 INFO tempest.lib.common.rest_client [req-9c43fb18-6ee5-495a-8212-9f29a35b2d46 req-9c43fb18-6ee5-495a-8212-9f29a35b2d46 ] Request (ServersTestManualDisk:setUpClass): 201 POST http://10.180.1.21/identity/v3/auth/tokens 0.303s
2025-11-14 01:56:16.387 66929 INFO tempest.lib.common.rest_client [req-b66c356c-b37e-441b-900a-b91e6b566ab4 req-b66c356c-b37e-441b-900a-b91e6b566ab4 ] Request (QuotasAdminTestV236:test_get_updated_quotas): 201 POST http://10.180.1.21/identity/v3/users 0.085s
2025-11-14 01:56:16.453 66903 INFO tempest.lib.common.rest_client [req-e97abaf8-ae32-4b1e-bced-ca5728e4fcdd req-e97abaf8-ae32-4b1e-bced-ca5728e4fcdd ] Request (FlavorsAdminTestJSON:test_create_list_flavor_without_extra_data): 200 GET http://10.180.1.21/compute/v2.1/flavors/detail 3.052s
2025-11-14 01:56:16.454 66917 INFO tempest.lib.common.rest_client [req-bcab6252-2a43-4862-96ab-b789492b63be req-bcab6252-2a43-4862-96ab-b789492b63be ] Request (VolumesAdminNegativeTest:tearDownClass): 204 DELETE http://10.180.1.21/identity/v3/users/291c9ce0869c4f4cb70f91d5479f9e8d 0.128s
2025-11-14 01:56:16.475 66893 INFO tempest.lib.common.rest_client [req-0f01ea47-9ffd-48b0-b445-9b3bab0f306f req-0f01ea47-9ffd-48b0-b445-9b3bab0f306f ] Request (ImagesDeleteNegativeTestJSON:test_delete_image_negative_image_id): 404 DELETE http://10.180.1.21/compute/v2.1/images/-1 2.527s
2025-11-14 01:56:16.529 66951 INFO tempest.lib.common.rest_client [req-9e2b3e97-6d3e-47f1-b815-8da5a5984877 req-9e2b3e97-6d3e-47f1-b815-8da5a5984877 ] Request (ServersNegativeTestMultiTenantJSON:test_delete_a_server_of_another_tenant): 404 DELETE http://10.180.1.21/compute/v2.1/servers/d4f3c129-f099-4fcf-8aa9-111326241ffc 2.647s
2025-11-14 01:56:16.533 66939 INFO tempest.lib.common.rest_client [req-205a2a71-0a7c-441e-ab82-2cbd9bbfae1e req-205a2a71-0a7c-441e-ab82-2cbd9bbfae1e ] Request (HypervisorAdminNegativeTestJSON:test_show_nonexistent_hypervisor): 404 GET http://10.180.1.21/compute/v2.1/os-hypervisors/299473b0-3810-4b1f-9bbc-7c9bbfcc0552 2.571s
2025-11-14 01:56:16.554 66921 INFO tempest.lib.common.rest_client [req-3443880f-eeb8-4d8c-b882-b6ff9ce460d2 req-3443880f-eeb8-4d8c-b882-b6ff9ce460d2 ] Request (MultipleCreateTestJSON:_run_cleanups): 404 GET http://10.180.1.21/compute/v2.1/servers/1bbdd86b-5e38-459c-98ac-e7f570b1e86d 2.191s
2025-11-14 01:56:16.583 66917 INFO tempest.lib.common.rest_client [req-6079daeb-ad47-4440-96d5-02bfebcd25c5 req-6079daeb-ad47-4440-96d5-02bfebcd25c5 ] Request (VolumesAdminNegativeTest:tearDownClass): 204 DELETE http://10.180.1.21/identity/v3/users/7fef022eb6a74d8595b75080586872b2 0.128s
2025-11-14 01:56:16.605 66929 INFO tempest.lib.common.rest_client [req-8c65713c-a1b9-4d30-a186-9803ff4180fb req-8c65713c-a1b9-4d30-a186-9803ff4180fb ] Request (QuotasAdminTestV236:test_get_updated_quotas): 200 GET http://10.180.1.21/identity/v3/domains?name=Default 0.218s
2025-11-14 01:56:16.661 66921 INFO tempest.lib.common.rest_client [req-81e9c44c-1f96-4f64-99e8-1c43762ef1b1 req-81e9c44c-1f96-4f64-99e8-1c43762ef1b1 ] Request (MultipleCreateTestJSON:test_multiple_create_with_reservation_return): 201 POST http://10.180.1.21/identity/v3/auth/tokens 0.103s
2025-11-14 01:56:16.662 66921 INFO tempest.lib.common.fixed_network [-] (MultipleCreateTestJSON:test_multiple_create_with_reservation_return) Found network {'id': '66223fa4-52c1-40f0-850f-7cc334d03c8d', 'name': 'tempest-MultipleCreateTestJSON-651600498-network', 'tenant_id': '3c472f20907f4946b24eb4b5eb99b930', 'project_id': '3c472f20907f4946b24eb4b5eb99b930', 'admin_state_up': True, 'mtu': 8950, 'status': 'ACTIVE', 'subnets': [], 'shared': False, 'port_security_enabled': True, 'router:external': False, 'provider:network_type': 'vlan', 'provider:physical_network': 'default', 'provider:segmentation_id': 837, 'availability_zone_hints': [], 'availability_zones': [], 'ipv4_address_scope': None, 'ipv6_address_scope': None, 'description': '', 'tags': [], 'created_at': '2025-11-14T01:55:03Z', 'updated_at': '2025-11-14T01:55:03Z', 'revision_number': 1} available for tenant
2025-11-14 01:56:16.676 66939 INFO tempest.lib.common.rest_client [req-93444655-cac4-4afe-b6cb-543dbee435cb req-93444655-cac4-4afe-b6cb-543dbee435cb ] Request (HypervisorAdminNegativeTestJSON:tearDownClass): 204 DELETE http://10.180.1.21/identity/v3/users/cb8a18cff2c94853ade9bd0249a0012d 0.141s
2025-11-14 01:56:16.678 66907 INFO tempest.lib.common.rest_client [req-0238a132-cf25-4334-beb3-9b9fd63c63de req-0238a132-cf25-4334-beb3-9b9fd63c63de ] Request (SecurityGroupRulesTestJSON:test_security_group_rules_create_with_optional_cidr): 200 POST http://10.180.1.21/compute/v2.1/os-security-groups 2.250s
2025-11-14 01:56:16.770 66942 INFO tempest.lib.common.rest_client [req-5b1736c5-8470-4a55-a345-52c0b634ee94 req-5b1736c5-8470-4a55-a345-52c0b634ee94 ] Request (ServersTestManualDisk:setUpClass): 201 POST http://10.180.1.21/networking/v2.0/networks 0.417s
2025-11-14 01:56:16.785 66935 INFO tempest.lib.common.rest_client [req-0de07e43-b8a4-4aa6-aecf-ec35c721648f req-0de07e43-b8a4-4aa6-aecf-ec35c721648f ] Request (MigrationsAdminTest:test_list_migrations_in_flavor_resize_situation): 204 POST http://10.180.1.21/compute/v2.1/servers/c5e6c008-614c-4a6b-8b72-c995d4b91134/action 1.943s
2025-11-14 01:56:16.809 66917 INFO tempest.lib.common.rest_client [req-76f5a624-c251-4bc1-b340-63075a4a3ae0 req-76f5a624-c251-4bc1-b340-63075a4a3ae0 ] Request (VolumesAdminNegativeTest:tearDownClass): 204 DELETE http://10.180.1.21/identity/v3/users/2d80cef873794b8eab6cf8b1af41ee78 0.225s
2025-11-14 01:56:16.809 66917 INFO tempest.lib.common.dynamic_creds [-] Deleting project and security group for project: b88bcff09d8143009ae71c0a6b38d265
2025-11-14 01:56:16.860 66917 INFO tempest.lib.common.rest_client [req-14903e80-cc58-4c0b-9376-e108f64f33ac req-14903e80-cc58-4c0b-9376-e108f64f33ac ] Request (VolumesAdminNegativeTest:tearDownClass): 200 GET http://10.180.1.21/networking/v2.0/security-groups?tenant_id=b88bcff09d8143009ae71c0a6b38d265&name=default 0.051s
2025-11-14 01:56:16.922 66953 INFO tempest.lib.common.rest_client [req-755cc7f9-ecf9-4296-b337-094fd98bbe9c req-755cc7f9-ecf9-4296-b337-094fd98bbe9c ] Request (FlavorsAccessNegativeTestJSON:_run_cleanups): 200 POST http://10.180.1.21/compute/v2.1/flavors/390361029/action 2.967s
2025-11-14 01:56:16.979 66939 INFO tempest.lib.common.rest_client [req-5ed3b7af-aff5-417e-906a-924d504190cf req-5ed3b7af-aff5-417e-906a-924d504190cf ] Request (HypervisorAdminNegativeTestJSON:tearDownClass): 204 DELETE http://10.180.1.21/identity/v3/users/e53750926e274fbaa5a781583a5c44c9 0.303s
2025-11-14 01:56:16.980 66939 INFO tempest.lib.common.dynamic_creds [-] Deleting project and security group for project: e22c3d3180a84405ab211e673c76f4ad
2025-11-14 01:56:16.994 66917 INFO tempest.lib.common.rest_client [req-a9d6f88c-24f4-4e42-8f97-02218ffc4e27 req-a9d6f88c-24f4-4e42-8f97-02218ffc4e27 ] Request (VolumesAdminNegativeTest:tearDownClass): 204 DELETE http://10.180.1.21/networking/v2.0/security-groups/29ade912-f6e5-47f2-9194-35c68b696fdb 0.134s
2025-11-14 01:56:17.025 66942 INFO tempest.lib.common.rest_client [req-782bfeb1-89e9-45ee-bafb-5e4fbf4b200d req-782bfeb1-89e9-45ee-bafb-5e4fbf4b200d ] Request (ServersTestManualDisk:setUpClass): 201 POST http://10.180.1.21/networking/v2.0/subnets 0.254s
2025-11-14 01:56:17.027 66950 INFO tempest.lib.common.rest_client [req-d99d9ad3-5ab6-4b89-bf9b-2ca218c5710e req-d99d9ad3-5ab6-4b89-bf9b-2ca218c5710e ] Request (DeleteServersAdminTestJSON:test_delete_server_while_in_error_state): 202 POST http://10.180.1.21/compute/v2.1/servers/1b2a4eda-8fb2-49f0-b28f-75e7585a8d1e/action 2.168s
2025-11-14 01:56:17.072 66939 INFO tempest.lib.common.rest_client [req-0d5ceb1e-16d3-461c-8085-541989191452 req-0d5ceb1e-16d3-461c-8085-541989191452 ] Request (HypervisorAdminNegativeTestJSON:tearDownClass): 201 POST http://10.180.1.21/identity/v3/auth/tokens 0.092s
2025-11-14 01:56:17.095 66913 INFO tempest.lib.common.rest_client [req-fa933a3f-af6e-4d77-af8a-08a4d5c604cc req-fa933a3f-af6e-4d77-af8a-08a4d5c604cc ] Request (TenantUsagesNegativeTestJSON:test_list_usage_all_tenants_with_non_admin_user): 403 GET http://10.180.1.21/compute/v2.1/os-simple-tenant-usage?start=2025-11-13T01%3A56%3A08.031683&end=2025-11-15T01%3A56%3A08.031683&detailed=1 2.249s
2025-11-14 01:56:17.135 66917 INFO tempest.lib.common.rest_client [req-52fc2242-ca0f-4586-8aea-24fa68170840 req-52fc2242-ca0f-4586-8aea-24fa68170840 ] Request (VolumesAdminNegativeTest:tearDownClass): 204 DELETE http://10.180.1.21/identity/v3/projects/b88bcff09d8143009ae71c0a6b38d265 0.140s
2025-11-14 01:56:17.136 66917 INFO tempest.lib.common.dynamic_creds [-] Deleting project and security group for project: 202c42cb3787416a858d821d48cef6cf
2025-11-14 01:56:17.146 66891 INFO tempest.lib.common.rest_client [req-49a9df12-4855-4bb7-a3a6-5d2899e9a461 req-49a9df12-4855-4bb7-a3a6-5d2899e9a461 ] Request (ListImageFiltersTestJSON:setUpClass): 200 GET http://10.180.1.21/compute/v2.1/images/e3e75121-6ceb-46d8-8cb6-deee94144108 2.065s
2025-11-14 01:56:17.311 66913 INFO tempest.lib.common.rest_client [req-041a4e05-63ed-4efd-9a7c-72df856f48ee req-041a4e05-63ed-4efd-9a7c-72df856f48ee ] Request (TenantUsagesNegativeTestJSON:tearDownClass): 204 DELETE http://10.180.1.21/identity/v3/users/02074b0bcf9c49c1bd966d1fdbfec383 0.213s
2025-11-14 01:56:17.368 66939 INFO tempest.lib.common.rest_client [req-a439921b-0352-485c-82d8-3d38c2ac31a2 req-a439921b-0352-485c-82d8-3d38c2ac31a2 ] Request (HypervisorAdminNegativeTestJSON:tearDownClass): 200 GET http://10.180.1.21/networking/v2.0/security-groups?tenant_id=e22c3d3180a84405ab211e673c76f4ad&name=default 0.295s
2025-11-14 01:56:17.396 66917 INFO tempest.lib.common.rest_client [req-baf02b28-d696-49df-9cf8-5205dd19e5f5 req-baf02b28-d696-49df-9cf8-5205dd19e5f5 ] Request (VolumesAdminNegativeTest:tearDownClass): 200 GET http://10.180.1.21/networking/v2.0/security-groups?tenant_id=202c42cb3787416a858d821d48cef6cf&name=default 0.260s
2025-11-14 01:56:17.476 66913 INFO tempest.lib.common.rest_client [req-86b4cb53-73c1-4ea6-a35d-e223b04d3c9b req-86b4cb53-73c1-4ea6-a35d-e223b04d3c9b ] Request (TenantUsagesNegativeTestJSON:tearDownClass): 204 DELETE http://10.180.1.21/identity/v3/users/7dbe8009243e43c29ce164c95bd07bdd 0.164s
2025-11-14 01:56:17.476 66913 INFO tempest.lib.common.dynamic_creds [-] Deleting project and security group for project: 683111d8b8d04f438514f4bad64ae21e
2025-11-14 01:56:17.489 66911 INFO tempest.lib.common.rest_client [req-51e14c32-89b9-4956-a5b8-534ab96d9f34 req-51e14c32-89b9-4956-a5b8-534ab96d9f34 ] Request (ServersListShow296Test:test_list_show_update_rebuild_server_296): 200 GET http://10.180.1.21/compute/v2.1/servers/detail 2.484s
2025-11-14 01:56:17.557 66913 INFO tempest.lib.common.rest_client [req-d159dda4-4ed8-452f-a434-d4cf5807e4ec req-d159dda4-4ed8-452f-a434-d4cf5807e4ec ] Request (TenantUsagesNegativeTestJSON:tearDownClass): 201 POST http://10.180.1.21/identity/v3/auth/tokens 0.080s
2025-11-14 01:56:17.622 66939 INFO tempest.lib.common.rest_client [req-ed1e6236-4319-4d31-a8ec-d8ed459a7f1d req-ed1e6236-4319-4d31-a8ec-d8ed459a7f1d ] Request (HypervisorAdminNegativeTestJSON:tearDownClass): 204 DELETE http://10.180.1.21/networking/v2.0/security-groups/c2fde80d-5a40-408f-b9f5-a17a93cf3e72 0.253s
2025-11-14 01:56:17.697 66891 INFO tempest.lib.common.rest_client [req-9e82f32c-a05d-438b-8abf-c3ef9769dd1b req-9e82f32c-a05d-438b-8abf-c3ef9769dd1b ] Request (ListImageFiltersTestJSON:setUpClass): 201 POST http://10.180.1.21/image/v2/images 0.548s
2025-11-14 01:56:17.711 66917 INFO tempest.lib.common.rest_client [req-551dd256-a1db-4bc0-b06d-10ae3b07db32 req-551dd256-a1db-4bc0-b06d-10ae3b07db32 ] Request (VolumesAdminNegativeTest:tearDownClass): 204 DELETE http://10.180.1.21/networking/v2.0/security-groups/a7d46edb-bb71-4e4c-8c20-845c61b04614 0.314s
2025-11-14 01:56:17.714 66939 INFO tempest.lib.common.rest_client [req-d5b0a10c-b7c5-4d1b-be03-b9bded320273 req-d5b0a10c-b7c5-4d1b-be03-b9bded320273 ] Request (HypervisorAdminNegativeTestJSON:tearDownClass): 204 DELETE http://10.180.1.21/identity/v3/projects/e22c3d3180a84405ab211e673c76f4ad 0.092s
2025-11-14 01:56:17.714 66939 INFO tempest.lib.common.dynamic_creds [-] Deleting project and security group for project: eb320d3050f34abfbc17481bed37fc43
2025-11-14 01:56:17.744 66945 INFO tempest.lib.common.rest_client [req-c5fdb011-6788-43a8-9dde-ec979ec0b09f req-c5fdb011-6788-43a8-9dde-ec979ec0b09f ] Request (DeleteServersTestJSON:test_delete_active_server): 200 GET http://10.180.1.21/compute/v2.1/servers/19e0e98c-c98e-4248-928a-c6d485da56e4 2.593s
2025-11-14 01:56:17.808 66923 INFO tempest.lib.common.rest_client [req-c5bf3d83-2163-4fc0-aebf-963c8096c1e3 req-c5bf3d83-2163-4fc0-aebf-963c8096c1e3 ] Request (ServerDiskConfigTestJSON:test_rebuild_server_with_auto_disk_config): 200 GET http://10.180.1.21/compute/v2.1/servers/292b0ebb-c0a6-4177-a449-d29004cae11e 2.636s
2025-11-14 01:56:17.815 66923 INFO tempest.common.waiters [-] State transition "BUILD/None" ==> "BUILD/networking" after 9 second wait
2025-11-14 01:56:17.833 66925 INFO tempest.lib.common.rest_client [req-be4b0896-6654-48ab-a0cc-312b97e7c155 req-be4b0896-6654-48ab-a0cc-312b97e7c155 ] Request (ImagesNegativeTestJSON:test_create_image_from_deleted_server): 404 GET http://10.180.1.21/compute/v2.1/servers/600032ae-da00-40e2-9943-d982042cd0d9 2.187s
2025-11-14 01:56:17.841 66917 INFO tempest.lib.common.rest_client [req-729c1e7f-c286-42d3-ae08-be51d7f6d04c req-729c1e7f-c286-42d3-ae08-be51d7f6d04c ] Request (VolumesAdminNegativeTest:tearDownClass): 204 DELETE http://10.180.1.21/identity/v3/projects/202c42cb3787416a858d821d48cef6cf 0.129s
2025-11-14 01:56:17.841 66917 INFO tempest.lib.common.dynamic_creds [-] Deleting project and security group for project: 3953cf8f861b40d992c71b99467a3ecd
2025-11-14 01:56:17.926 66942 INFO tempest.lib.common.rest_client [req-cb33245f-d9f4-4914-9773-ad1417d531a0 req-cb33245f-d9f4-4914-9773-ad1417d531a0 ] Request (ServersTestManualDisk:setUpClass): 201 POST http://10.180.1.21/networking/v2.0/routers 0.900s
2025-11-14 01:56:18.035 66939 INFO tempest.lib.common.rest_client [req-59a998ef-fa2a-4f15-af39-f8a20b5d7b4d req-59a998ef-fa2a-4f15-af39-f8a20b5d7b4d ] Request (HypervisorAdminNegativeTestJSON:tearDownClass): 200 GET http://10.180.1.21/networking/v2.0/security-groups?tenant_id=eb320d3050f34abfbc17481bed37fc43&name=default 0.320s
2025-11-14 01:56:18.066 66913 INFO tempest.lib.common.rest_client [req-6a5834a3-f984-43c6-9ddc-2922717d6b75 req-6a5834a3-f984-43c6-9ddc-2922717d6b75 ] Request (TenantUsagesNegativeTestJSON:tearDownClass): 200 GET http://10.180.1.21/networking/v2.0/security-groups?tenant_id=683111d8b8d04f438514f4bad64ae21e&name=default 0.509s
2025-11-14 01:56:18.233 66917 INFO tempest.lib.common.rest_client [req-b637245b-cbc3-41e1-9916-ccc60ff909a8 req-b637245b-cbc3-41e1-9916-ccc60ff909a8 ] Request (VolumesAdminNegativeTest:tearDownClass): 200 GET http://10.180.1.21/networking/v2.0/security-groups?tenant_id=3953cf8f861b40d992c71b99467a3ecd&name=default 0.390s
2025-11-14 01:56:18.291 66901 WARNING tempest.lib.common.ssh [-] Failed to establish authenticated ssh connection to cirros@10.180.180.239 ([Errno None] Unable to connect to port 22 on 10.180.180.239). Number attempts: 5. Retry after 6 seconds.: paramiko.ssh_exception.NoValidConnectionsError: [Errno None] Unable to connect to port 22 on 10.180.180.239
2025-11-14 01:56:18.353 66937 WARNING tempest.lib.common.ssh [-] Failed to establish authenticated ssh connection to cirros@10.180.180.191 ([Errno None] Unable to connect to port 22 on 10.180.180.191). Number attempts: 3. Retry after 4 seconds.: paramiko.ssh_exception.NoValidConnectionsError: [Errno None] Unable to connect to port 22 on 10.180.180.191
2025-11-14 01:56:18.673 66939 INFO tempest.lib.common.rest_client [req-06e1aaa6-ce5f-45e8-9662-5329dee26a6f req-06e1aaa6-ce5f-45e8-9662-5329dee26a6f ] Request (HypervisorAdminNegativeTestJSON:tearDownClass): 204 DELETE http://10.180.1.21/networking/v2.0/security-groups/4b21023c-11f9-4cb6-8c9a-462a07b6fb1f 0.638s
2025-11-14 01:56:18.752 66939 INFO tempest.lib.common.rest_client [req-172e203d-9f32-48eb-b653-7cf2248d112d req-172e203d-9f32-48eb-b653-7cf2248d112d ] Request (HypervisorAdminNegativeTestJSON:tearDownClass): 204 DELETE http://10.180.1.21/identity/v3/projects/eb320d3050f34abfbc17481bed37fc43 0.078s
2025-11-14 01:56:18.761 66913 INFO tempest.lib.common.rest_client [req-559c7a0f-63a7-47b4-a8b5-2342df1c89dd req-559c7a0f-63a7-47b4-a8b5-2342df1c89dd ] Request (TenantUsagesNegativeTestJSON:tearDownClass): 204 DELETE http://10.180.1.21/networking/v2.0/security-groups/6916061c-dd26-482f-9bfd-628511f441d8 0.694s
2025-11-14 01:56:18.787 66895 WARNING tempest.lib.common.ssh [-] Failed to establish authenticated ssh connection to cirros@10.180.180.158 ([Errno None] Unable to connect to port 22 on 10.180.180.158). Number attempts: 1. Retry after 2 seconds.: paramiko.ssh_exception.NoValidConnectionsError: [Errno None] Unable to connect to port 22 on 10.180.180.158
2025-11-14 01:56:18.828 66939 INFO tempest.lib.common.rest_client [req-6683a3a6-7e23-4248-b27e-9fd6674c3a97 req-6683a3a6-7e23-4248-b27e-9fd6674c3a97 ] Request (QuotasSecurityGroupAdminNegativeTest:setUpClass): 201 POST http://10.180.1.21/identity/v3/auth/tokens 0.074s
2025-11-14 01:56:18.866 66905 INFO tempest.lib.common.rest_client [req-ac25cc5e-40dc-4f8a-89bd-f3f489c21592 req-ac25cc5e-40dc-4f8a-89bd-f3f489c21592 ] Request (ServersAdminNegativeTestJSON:test_migrate_server_invalid_state): 200 GET http://10.180.1.21/compute/v2.1/servers/a4ff7c87-b8b3-469b-a2f5-c8f12be43f9f 3.384s
2025-11-14 01:56:18.922 66913 INFO tempest.lib.common.rest_client [req-dab70dc1-73f4-48eb-a7b8-9e18ba8d5ed6 req-dab70dc1-73f4-48eb-a7b8-9e18ba8d5ed6 ] Request (TenantUsagesNegativeTestJSON:tearDownClass): 204 DELETE http://10.180.1.21/identity/v3/projects/683111d8b8d04f438514f4bad64ae21e 0.161s
2025-11-14 01:56:18.923 66913 INFO tempest.lib.common.dynamic_creds [-] Deleting project and security group for project: 6917f6b4fd674877b24dedca74472218
2025-11-14 01:56:18.989 66917 INFO tempest.lib.common.rest_client [req-20ae435e-336a-45b8-8806-9fadcfc9d423 req-20ae435e-336a-45b8-8806-9fadcfc9d423 ] Request (VolumesAdminNegativeTest:tearDownClass): 204 DELETE http://10.180.1.21/networking/v2.0/security-groups/9261c597-6a25-4bc2-9f28-8da3cef68c7b 0.755s
2025-11-14 01:56:19.010 66939 INFO tempest.lib.common.rest_client [req-489e03f6-ba8b-40cc-942e-4b4fee19c5c1 req-489e03f6-ba8b-40cc-942e-4b4fee19c5c1 ] Request (QuotasSecurityGroupAdminNegativeTest:setUpClass): 201 POST http://10.180.1.21/identity/v3/auth/tokens 0.176s
2025-11-14 01:56:19.169 66939 INFO tempest.lib.common.rest_client [req-9e32cca8-e3e5-4d36-bdd5-b2e9f1dbc699 req-9e32cca8-e3e5-4d36-bdd5-b2e9f1dbc699 ] Request (QuotasSecurityGroupAdminNegativeTest:setUpClass): 200 GET http://10.180.1.21/identity/v3/domains?name=Default 0.159s
2025-11-14 01:56:19.229 66917 INFO tempest.lib.common.rest_client [req-13b008ee-629f-4509-81ef-0fa141dc0804 req-13b008ee-629f-4509-81ef-0fa141dc0804 ] Request (VolumesAdminNegativeTest:tearDownClass): 204 DELETE http://10.180.1.21/identity/v3/projects/3953cf8f861b40d992c71b99467a3ecd 0.240s
2025-11-14 01:56:19.345 66917 INFO tempest.lib.common.rest_client [req-f6009b41-edf1-49c5-b2e5-62f535832dee req-f6009b41-edf1-49c5-b2e5-62f535832dee ] Request (ListServerFiltersTestJSON:setUpClass): 201 POST http://10.180.1.21/identity/v3/auth/tokens 0.111s
2025-11-14 01:56:19.359 66942 INFO tempest.lib.common.rest_client [req-25720c6f-8014-419d-9e79-8864703903b5 req-25720c6f-8014-419d-9e79-8864703903b5 ] Request (ServersTestManualDisk:setUpClass): 200 PUT http://10.180.1.21/networking/v2.0/routers/ebb97c17-c01c-408f-8eb5-0b684b490509/add_router_interface 1.432s
2025-11-14 01:56:19.359 66942 INFO tempest.lib.common.dynamic_creds [-] Created isolated network resources for: credentials: Credentials: {'domain_id': 'default', 'domain_name': 'Default', 'username': 'tempest-ServersTestManualDisk-2020559526-project-member', 'project_domain_id': 'default', 'project_domain_name': 'Default', 'project_id': '331464cc13e54feb8be00e1b8c008c83', 'project_name': 'tempest-ServersTestManualDisk-2020559526', 'tenant_id': '331464cc13e54feb8be00e1b8c008c83', 'tenant_name': 'tempest-ServersTestManualDisk-2020559526', 'user_domain_id': 'default', 'user_domain_name': 'Default', 'user_id': '0c1653e4c77c4e28958986edd20a218c', 'system': None}, Network: {'id': '933ea40d-441d-4a6d-9db5-4bb02d63275c', 'name': 'tempest-ServersTestManualDisk-2061253575-network', 'tenant_id': '331464cc13e54feb8be00e1b8c008c83', 'project_id': '331464cc13e54feb8be00e1b8c008c83', 'admin_state_up': True, 'mtu': 8950, 'status': 'ACTIVE', 'subnets': [], 'shared': False, 'port_security_enabled': True, 'router:external': False, 'provider:network_type': 'vlan', 'provider:physical_network': 'default', 'provider:segmentation_id': 451, 'availability_zone_hints': [], 'availability_zones': [], 'ipv4_address_scope': None, 'ipv6_address_scope': None, 'description': '', 'tags': [], 'created_at': '2025-11-14T01:56:16Z', 'updated_at': '2025-11-14T01:56:16Z', 'revision_number': 1}, Subnet: {'id': '93b35d54-0200-479b-9769-645737a3e892', 'name': 'tempest-ServersTestManualDisk-2061253575-subnet', 'tenant_id': '331464cc13e54feb8be00e1b8c008c83', 'network_id': '933ea40d-441d-4a6d-9db5-4bb02d63275c', 'ip_version': 4, 'subnetpool_id': None, 'enable_dhcp': True, 'ipv6_ra_mode': None, 'ipv6_address_mode': None, 'gateway_ip': '192.168.128.1', 'cidr': '192.168.128.0/28', 'allocation_pools': [{'start': '192.168.128.2', 'end': '192.168.128.14'}], 'host_routes': [], 'dns_nameservers': [], 'description': '', 'router:external': False, 'service_types': [], 'tags': [], 'created_at': '2025-11-14T01:56:16Z', 'updated_at': '2025-11-14T01:56:16Z', 'revision_number': 0, 'project_id': '331464cc13e54feb8be00e1b8c008c83'}, Router: {'id': 'ebb97c17-c01c-408f-8eb5-0b684b490509', 'name': 'tempest-ServersTestManualDisk-2061253575-router', 'tenant_id': '331464cc13e54feb8be00e1b8c008c83', 'admin_state_up': True, 'status': 'ACTIVE', 'external_gateway_info': {'network_id': 'caaac12d-0265-46c1-afb1-7582313ecf7b', 'external_fixed_ips': [{'subnet_id': '723d50ec-1a7f-4fa2-86a1-46e886c9ed6d', 'ip_address': '10.180.180.139'}], 'enable_snat': True}, 'description': '', 'availability_zones': [], 'distributed': False, 'ha': False, 'availability_zone_hints': [], 'routes': [], 'flavor_id': None, 'tags': [], 'created_at': '2025-11-14T01:56:17Z', 'updated_at': '2025-11-14T01:56:17Z', 'revision_number': 2, 'project_id': '331464cc13e54feb8be00e1b8c008c83'}
2025-11-14 01:56:19.364 66939 INFO tempest.lib.common.rest_client [req-203fa329-4cca-498f-8642-8b557b3850ec req-203fa329-4cca-498f-8642-8b557b3850ec ] Request (QuotasSecurityGroupAdminNegativeTest:setUpClass): 201 POST http://10.180.1.21/identity/v3/projects 0.194s
2025-11-14 01:56:19.422 66917 INFO tempest.lib.common.rest_client [req-f830f14c-e204-436b-b3ca-276686556fcf req-f830f14c-e204-436b-b3ca-276686556fcf ] Request (ListServerFiltersTestJSON:setUpClass): 201 POST http://10.180.1.21/identity/v3/auth/tokens 0.073s
2025-11-14 01:56:19.449 66942 INFO tempest.lib.common.rest_client [req-4109cde1-45f8-475c-abfc-f296e47fd6f3 req-4109cde1-45f8-475c-abfc-f296e47fd6f3 ] Request (ServersTestManualDisk:setUpClass): 201 POST http://10.180.1.21/identity/v3/auth/tokens 0.084s
2025-11-14 01:56:19.455 66927 INFO tempest.lib.common.rest_client [req-4c0a189a-7ef7-43f6-8a48-b641926b0b73 req-4c0a189a-7ef7-43f6-8a48-b641926b0b73 ] Request (ServerDiagnosticsNegativeTest:test_get_server_diagnostics_by_non_admin): 200 GET http://10.180.1.21/compute/v2.1/servers/90ea98d7-6a4c-45a8-93b6-d381fe80fbbe 3.471s
2025-11-14 01:56:19.459 66939 INFO tempest.lib.common.rest_client [req-28e9552e-615b-48a5-a862-6436924fdbcd req-28e9552e-615b-48a5-a862-6436924fdbcd ] Request (QuotasSecurityGroupAdminNegativeTest:setUpClass): 201 POST http://10.180.1.21/identity/v3/users 0.092s
2025-11-14 01:56:19.485 66917 INFO tempest.lib.common.rest_client [req-0908d78d-fa54-4f25-a605-5c69b870efab req-0908d78d-fa54-4f25-a605-5c69b870efab ] Request (ListServerFiltersTestJSON:setUpClass): 200 GET http://10.180.1.21/identity/v3/domains?name=Default 0.062s
2025-11-14 01:56:19.506 66939 INFO tempest.lib.common.rest_client [req-5c20bae5-e11c-4c1c-a1d9-ccf9c096c1d3 req-5c20bae5-e11c-4c1c-a1d9-ccf9c096c1d3 ] Request (QuotasSecurityGroupAdminNegativeTest:setUpClass): 200 GET http://10.180.1.21/identity/v3/roles 0.046s
2025-11-14 01:56:19.545 66917 INFO tempest.lib.common.rest_client [req-d64bd635-6e6e-4e8f-ac2b-19af48372720 req-d64bd635-6e6e-4e8f-ac2b-19af48372720 ] Request (ListServerFiltersTestJSON:setUpClass): 201 POST http://10.180.1.21/identity/v3/projects 0.060s
2025-11-14 01:56:19.576 66913 INFO tempest.lib.common.rest_client [req-0f20779f-fa53-49ed-8f35-a947567982fa req-0f20779f-fa53-49ed-8f35-a947567982fa ] Request (TenantUsagesNegativeTestJSON:tearDownClass): 200 GET http://10.180.1.21/networking/v2.0/security-groups?tenant_id=6917f6b4fd674877b24dedca74472218&name=default 0.653s
2025-11-14 01:56:19.602 66939 INFO tempest.lib.common.rest_client [req-fada0d18-352f-4135-b5d5-15791638176c req-fada0d18-352f-4135-b5d5-15791638176c ] Request (QuotasSecurityGroupAdminNegativeTest:setUpClass): 204 PUT http://10.180.1.21/identity/v3/projects/3fbb413c5dc947a6b25aa94e6b90bb48/users/eb7975bf5e144ec49629033a65a42aaa/roles/aa97208347ea48348bf9cb76af88d6ac 0.095s
2025-11-14 01:56:19.603 66939 INFO tempest.lib.common.dynamic_creds [-] Dynamic test user eb7975bf5e144ec49629033a65a42aaa is created with scope project and roles: ['member']
2025-11-14 01:56:19.603 66939 INFO tempest.lib.common.dynamic_creds [-] Acquired dynamic creds: credentials: Credentials: {'domain_id': 'default', 'domain_name': 'Default', 'username': 'tempest-QuotasSecurityGroupAdminNegativeTest-674215601-project-member', 'project_domain_id': 'default', 'project_domain_name': 'Default', 'project_id': '3fbb413c5dc947a6b25aa94e6b90bb48', 'project_name': 'tempest-QuotasSecurityGroupAdminNegativeTest-674215601', 'tenant_id': '3fbb413c5dc947a6b25aa94e6b90bb48', 'tenant_name': 'tempest-QuotasSecurityGroupAdminNegativeTest-674215601', 'user_domain_id': 'default', 'user_domain_name': 'Default', 'user_id': 'eb7975bf5e144ec49629033a65a42aaa', 'system': None}, Network: None, Subnet: None, Router: None
2025-11-14 01:56:19.603 66939 INFO tempest.lib.common.dynamic_creds [-] Created isolated network resources for: credentials: Credentials: {'domain_id': 'default', 'domain_name': 'Default', 'username': 'tempest-QuotasSecurityGroupAdminNegativeTest-674215601-project-member', 'project_domain_id': 'default', 'project_domain_name': 'Default', 'project_id': '3fbb413c5dc947a6b25aa94e6b90bb48', 'project_name': 'tempest-QuotasSecurityGroupAdminNegativeTest-674215601', 'tenant_id': '3fbb413c5dc947a6b25aa94e6b90bb48', 'tenant_name': 'tempest-QuotasSecurityGroupAdminNegativeTest-674215601', 'user_domain_id': 'default', 'user_domain_name': 'Default', 'user_id': 'eb7975bf5e144ec49629033a65a42aaa', 'system': None}, Network: None, Subnet: None, Router: None
2025-11-14 01:56:19.657 66917 INFO tempest.lib.common.rest_client [req-ddbcd4b5-d723-43e9-8466-d964f5906139 req-ddbcd4b5-d723-43e9-8466-d964f5906139 ] Request (ListServerFiltersTestJSON:setUpClass): 201 POST http://10.180.1.21/identity/v3/users 0.111s
2025-11-14 01:56:19.687 66917 INFO tempest.lib.common.rest_client [req-84c035d2-b28a-4341-b9fb-0e54662018a9 req-84c035d2-b28a-4341-b9fb-0e54662018a9 ] Request (ListServerFiltersTestJSON:setUpClass): 200 GET http://10.180.1.21/identity/v3/roles 0.029s
2025-11-14 01:56:19.692 66909 INFO tempest.lib.common.rest_client [req-069e9435-ef22-48fc-953f-a1e70a0cf061 req-069e9435-ef22-48fc-953f-a1e70a0cf061 ] Request (ServersTestJSON:test_create_server_specify_multibyte_character_name): 200 GET http://10.180.1.21/compute/v2.1/servers/07f4808a-764f-4b45-8358-b0c144cb4bcd 3.577s
2025-11-14 01:56:19.695 66919 INFO tempest.lib.common.rest_client [req-78884e81-9148-468d-b187-5dfd7c323251 req-78884e81-9148-468d-b187-5dfd7c323251 ] Request (VolumesNegativeTest:test_get_volume_without_passing_volume_id): 404 GET http://10.180.1.21/compute/v2.1/os-volumes/ 3.459s
2025-11-14 01:56:19.721 66899 INFO tempest.lib.common.rest_client [req-90810c94-498e-476b-985f-dac8dfe4392f req-90810c94-498e-476b-985f-dac8dfe4392f ] Request (AggregatesAdminNegativeTestJSON:_run_cleanups): 200 DELETE http://10.180.1.21/compute/v2.1/os-aggregates/5 3.474s
2025-11-14 01:56:19.739 66939 INFO tempest.lib.common.rest_client [req-6f64d3e3-0fb1-439f-981e-a0197c650be5 req-6f64d3e3-0fb1-439f-981e-a0197c650be5 ] Request (QuotasSecurityGroupAdminNegativeTest:setUpClass): 201 POST http://10.180.1.21/identity/v3/auth/tokens 0.132s
2025-11-14 01:56:19.761 66943 INFO tempest.lib.common.rest_client [req-70871b80-0f2c-447d-843d-2d95671194ca req-70871b80-0f2c-447d-843d-2d95671194ca ] Request (FlavorsV2TestJSON:test_list_flavors_using_marker): 200 GET http://10.180.1.21/compute/v2.1/flavors?marker=42 3.404s
2025-11-14 01:56:19.767 66917 INFO tempest.lib.common.rest_client [req-52717ca5-4e0f-4c06-886f-778154e49590 req-52717ca5-4e0f-4c06-886f-778154e49590 ] Request (ListServerFiltersTestJSON:setUpClass): 204 PUT http://10.180.1.21/identity/v3/projects/79dc205990ff48cfadf5bea09d03592a/users/32916fdaf27b44de939536a46bd0a305/roles/aa97208347ea48348bf9cb76af88d6ac 0.080s
2025-11-14 01:56:19.768 66917 INFO tempest.lib.common.dynamic_creds [-] Dynamic test user 32916fdaf27b44de939536a46bd0a305 is created with scope project and roles: ['member']
2025-11-14 01:56:19.768 66917 INFO tempest.lib.common.dynamic_creds [-] Acquired dynamic creds: credentials: Credentials: {'domain_id': 'default', 'domain_name': 'Default', 'username': 'tempest-ListServerFiltersTestJSON-1269322611-project-member', 'project_domain_id': 'default', 'project_domain_name': 'Default', 'project_id': '79dc205990ff48cfadf5bea09d03592a', 'project_name': 'tempest-ListServerFiltersTestJSON-1269322611', 'tenant_id': '79dc205990ff48cfadf5bea09d03592a', 'tenant_name': 'tempest-ListServerFiltersTestJSON-1269322611', 'user_domain_id': 'default', 'user_domain_name': 'Default', 'user_id': '32916fdaf27b44de939536a46bd0a305', 'system': None}, Network: None, Subnet: None, Router: None
2025-11-14 01:56:19.777 66913 INFO tempest.lib.common.rest_client [req-07e57ef8-90ec-4ee9-bf81-3eeec7e51050 req-07e57ef8-90ec-4ee9-bf81-3eeec7e51050 ] Request (TenantUsagesNegativeTestJSON:tearDownClass): 204 DELETE http://10.180.1.21/networking/v2.0/security-groups/886b43a4-76d6-4513-9e33-c5653f454469 0.200s
2025-11-14 01:56:19.780 66939 INFO tempest.lib.common.rest_client [req-03e389e3-aae1-4ac7-94fe-5c27ac86a442 req-03e389e3-aae1-4ac7-94fe-5c27ac86a442 ] Request (QuotasSecurityGroupAdminNegativeTest:setUpClass): 201 POST http://10.180.1.21/identity/v3/projects 0.037s
2025-11-14 01:56:19.804 66891 INFO tempest.lib.common.rest_client [req-f0af5202-cee4-4555-8ec4-e3e5851ebe6c req-f0af5202-cee4-4555-8ec4-e3e5851ebe6c ] Request (ListImageFiltersTestJSON:setUpClass): 204 PUT http://10.180.1.21/image/v2/images/e4493ae3-c834-4bfb-bcf2-fcc3b1b907b2/file 1.105s
2025-11-14 01:56:19.842 66917 INFO tempest.lib.common.rest_client [req-8b47f471-26b5-4826-8153-57326c1cdcf9 req-8b47f471-26b5-4826-8153-57326c1cdcf9 ] Request (ListServerFiltersTestJSON:setUpClass): 201 POST http://10.180.1.21/identity/v3/auth/tokens 0.073s
2025-11-14 01:56:19.866 66939 INFO tempest.lib.common.rest_client [req-f7b27166-3254-4b30-8005-c28f8e09ffad req-f7b27166-3254-4b30-8005-c28f8e09ffad ] Request (QuotasSecurityGroupAdminNegativeTest:setUpClass): 201 POST http://10.180.1.21/identity/v3/users 0.085s
2025-11-14 01:56:19.893 66913 INFO tempest.lib.common.rest_client [req-3c03e150-db2e-49c7-b3e2-2d12196d0d60 req-3c03e150-db2e-49c7-b3e2-2d12196d0d60 ] Request (TenantUsagesNegativeTestJSON:tearDownClass): 204 DELETE http://10.180.1.21/identity/v3/projects/6917f6b4fd674877b24dedca74472218 0.115s
2025-11-14 01:56:19.921 66913 INFO tempest.lib.common.rest_client [req-2fd7d7a6-1064-44f6-bd38-ebf3f3d042b9 req-2fd7d7a6-1064-44f6-bd38-ebf3f3d042b9 ] Request (ServerShowV247Test:setUpClass): 201 POST http://10.180.1.21/identity/v3/auth/tokens 0.026s
2025-11-14 01:56:19.923 66939 INFO tempest.lib.common.rest_client [req-81ac4f7a-0d4b-4780-9c70-caf34b57dbe9 req-81ac4f7a-0d4b-4780-9c70-caf34b57dbe9 ] Request (QuotasSecurityGroupAdminNegativeTest:setUpClass): 200 GET http://10.180.1.21/identity/v3/roles 0.057s
2025-11-14 01:56:19.951 66913 INFO tempest.lib.common.rest_client [req-25e787b1-2b77-4c47-a2e5-7675bb76b009 req-25e787b1-2b77-4c47-a2e5-7675bb76b009 ] Request (ServerShowV247Test:setUpClass): 201 POST http://10.180.1.21/identity/v3/auth/tokens 0.026s
2025-11-14 01:56:19.953 66939 INFO tempest.lib.common.rest_client [req-8f527fc7-89cd-4af2-9f91-dc290ce0035a req-8f527fc7-89cd-4af2-9f91-dc290ce0035a ] Request (QuotasSecurityGroupAdminNegativeTest:setUpClass): 204 PUT http://10.180.1.21/identity/v3/projects/3b6de715e0e741e785bfa8e10dd3dc02/users/f641e1d8f0824152802fbfd6d9ba2803/roles/e34e1fcbcee84867860a4adc2570ee22 0.030s
2025-11-14 01:56:20.000 66939 INFO tempest.lib.common.rest_client [req-753dd45f-62ef-4f61-a5ee-160235a28b7a req-753dd45f-62ef-4f61-a5ee-160235a28b7a ] Request (QuotasSecurityGroupAdminNegativeTest:setUpClass): 200 GET http://10.180.1.21/identity/v3/roles 0.045s
2025-11-14 01:56:20.001 66913 INFO tempest.lib.common.rest_client [req-faf59a59-0446-4c5a-afb3-a2611f3d3a25 req-faf59a59-0446-4c5a-afb3-a2611f3d3a25 ] Request (ServerShowV247Test:setUpClass): 200 GET http://10.180.1.21/identity/v3/domains?name=Default 0.050s
2025-11-14 01:56:20.017 66939 INFO tempest.lib.common.rest_client [req-e54a1ddb-0b6b-4b8a-9d48-3a092ee00c1c req-e54a1ddb-0b6b-4b8a-9d48-3a092ee00c1c ] Request (QuotasSecurityGroupAdminNegativeTest:setUpClass): 204 PUT http://10.180.1.21/identity/v3/projects/3b6de715e0e741e785bfa8e10dd3dc02/users/f641e1d8f0824152802fbfd6d9ba2803/roles/e34e1fcbcee84867860a4adc2570ee22 0.017s
2025-11-14 01:56:20.018 66939 INFO tempest.lib.common.dynamic_creds [-] Dynamic test user f641e1d8f0824152802fbfd6d9ba2803 is created with scope project and roles: ['admin']
2025-11-14 01:56:20.018 66939 INFO tempest.lib.common.dynamic_creds [-] Acquired dynamic creds: credentials: Credentials: {'domain_id': 'default', 'domain_name': 'Default', 'username': 'tempest-QuotasSecurityGroupAdminNegativeTest-487601544-project-admin', 'project_domain_id': 'default', 'project_domain_name': 'Default', 'project_id': '3b6de715e0e741e785bfa8e10dd3dc02', 'project_name': 'tempest-QuotasSecurityGroupAdminNegativeTest-487601544', 'tenant_id': '3b6de715e0e741e785bfa8e10dd3dc02', 'tenant_name': 'tempest-QuotasSecurityGroupAdminNegativeTest-487601544', 'user_domain_id': 'default', 'user_domain_name': 'Default', 'user_id': 'f641e1d8f0824152802fbfd6d9ba2803', 'system': None}, Network: None, Subnet: None, Router: None
2025-11-14 01:56:20.018 66939 INFO tempest.lib.common.dynamic_creds [-] Created isolated network resources for: credentials: Credentials: {'domain_id': 'default', 'domain_name': 'Default', 'username': 'tempest-QuotasSecurityGroupAdminNegativeTest-487601544-project-admin', 'project_domain_id': 'default', 'project_domain_name': 'Default', 'project_id': '3b6de715e0e741e785bfa8e10dd3dc02', 'project_name': 'tempest-QuotasSecurityGroupAdminNegativeTest-487601544', 'tenant_id': '3b6de715e0e741e785bfa8e10dd3dc02', 'tenant_name': 'tempest-QuotasSecurityGroupAdminNegativeTest-487601544', 'user_domain_id': 'default', 'user_domain_name': 'Default', 'user_id': 'f641e1d8f0824152802fbfd6d9ba2803', 'system': None}, Network: None, Subnet: None, Router: None
2025-11-14 01:56:20.034 66913 INFO tempest.lib.common.rest_client [req-164e219b-8e31-4ddf-9ded-4adcf072bce7 req-164e219b-8e31-4ddf-9ded-4adcf072bce7 ] Request (ServerShowV247Test:setUpClass): 201 POST http://10.180.1.21/identity/v3/projects 0.032s
2025-11-14 01:56:20.096 66913 INFO tempest.lib.common.rest_client [req-a8750290-53a8-41e0-98b1-2eb5ed3d0ad9 req-a8750290-53a8-41e0-98b1-2eb5ed3d0ad9 ] Request (ServerShowV247Test:setUpClass): 201 POST http://10.180.1.21/identity/v3/users 0.061s
2025-11-14 01:56:20.097 66939 INFO tempest.lib.common.rest_client [req-4aa64f87-aa32-405f-97e1-0306b732ecae req-4aa64f87-aa32-405f-97e1-0306b732ecae ] Request (QuotasSecurityGroupAdminNegativeTest:setUpClass): 201 POST http://10.180.1.21/identity/v3/auth/tokens 0.076s
