2025-11-14 01:56:20.097 66939 WARNING tempest.lib.common.rest_client [-] Deprecated: "tenant_id" property is deprecated for removal, use "project_id" instead
2025-11-14 01:56:20.106 66933 INFO tempest.lib.common.rest_client [req-c9117a6d-9739-43ff-a96a-7760c2d1029d req-c9117a6d-9739-43ff-a96a-7760c2d1029d ] Request (FloatingIPsAssociationNegativeTestJSON:_run_cleanups): 202 DELETE http://10.180.1.21/compute/v2.1/os-floating-ips/d718e75d-5110-427e-80f4-1c89e45d884d 4.147s
2025-11-14 01:56:20.120 66913 INFO tempest.lib.common.rest_client [req-3bc854a2-79d8-4b25-a548-8cc2d44aaad4 req-3bc854a2-79d8-4b25-a548-8cc2d44aaad4 ] Request (ServerShowV247Test:setUpClass): 200 GET http://10.180.1.21/identity/v3/roles 0.024s
2025-11-14 01:56:20.138 66931 INFO tempest.lib.common.rest_client [req-989131c9-476a-46eb-ab66-3830e224ba38 req-989131c9-476a-46eb-ab66-3830e224ba38 ] Request (ServersAdmin275Test:tearDownClass): 200 GET http://10.180.1.21/compute/v2.1/servers/5e74e17c-f9ea-4edb-a6f9-6488a33f0a85 3.760s
2025-11-14 01:56:20.145 66903 INFO tempest.lib.common.rest_client [req-604c4977-b638-4b78-9869-b9287a2602e9 req-604c4977-b638-4b78-9869-b9287a2602e9 ] Request (FlavorsAdminTestJSON:_run_cleanups): 202 DELETE http://10.180.1.21/compute/v2.1/flavors/939079082 3.686s
2025-11-14 01:56:20.164 66893 INFO tempest.lib.common.rest_client [req-67c9e6b3-23f0-43b5-8fad-d52ccb76ce5a req-67c9e6b3-23f0-43b5-8fad-d52ccb76ce5a ] Request (ImagesDeleteNegativeTestJSON:test_delete_image_non_hex_string_id): 404 DELETE http://10.180.1.21/compute/v2.1/images/551ae0ca-5dbf-4684-9bf3-24a35613fdaj 3.686s
2025-11-14 01:56:20.167 66913 INFO tempest.lib.common.rest_client [req-7cd53026-7b61-42a0-acd9-52a210744ead req-7cd53026-7b61-42a0-acd9-52a210744ead ] Request (ServerShowV247Test:setUpClass): 204 PUT http://10.180.1.21/identity/v3/projects/afadcfb942c44225924dc6a11b66c9f1/users/4492575e0f484c43adddb696157fccd2/roles/aa97208347ea48348bf9cb76af88d6ac 0.046s
2025-11-14 01:56:20.168 66913 INFO tempest.lib.common.dynamic_creds [-] Dynamic test user 4492575e0f484c43adddb696157fccd2 is created with scope project and roles: ['member']
2025-11-14 01:56:20.168 66913 INFO tempest.lib.common.dynamic_creds [-] Acquired dynamic creds: credentials: Credentials: {'domain_id': 'default', 'domain_name': 'Default', 'username': 'tempest-ServerShowV247Test-599754589-project-member', 'project_domain_id': 'default', 'project_domain_name': 'Default', 'project_id': 'afadcfb942c44225924dc6a11b66c9f1', 'project_name': 'tempest-ServerShowV247Test-599754589', 'tenant_id': 'afadcfb942c44225924dc6a11b66c9f1', 'tenant_name': 'tempest-ServerShowV247Test-599754589', 'user_domain_id': 'default', 'user_domain_name': 'Default', 'user_id': '4492575e0f484c43adddb696157fccd2', 'system': None}, Network: None, Subnet: None, Router: None
2025-11-14 01:56:20.168 66913 INFO tempest.lib.common.dynamic_creds [-] Created isolated network resources for: credentials: Credentials: {'domain_id': 'default', 'domain_name': 'Default', 'username': 'tempest-ServerShowV247Test-599754589-project-member', 'project_domain_id': 'default', 'project_domain_name': 'Default', 'project_id': 'afadcfb942c44225924dc6a11b66c9f1', 'project_name': 'tempest-ServerShowV247Test-599754589', 'tenant_id': 'afadcfb942c44225924dc6a11b66c9f1', 'tenant_name': 'tempest-ServerShowV247Test-599754589', 'user_domain_id': 'default', 'user_domain_name': 'Default', 'user_id': '4492575e0f484c43adddb696157fccd2', 'system': None}, Network: None, Subnet: None, Router: None
2025-11-14 01:56:20.199 66939 INFO tempest.lib.common.rest_client [req-fc1e419c-8d32-4b9d-95b4-42f4047ee2ef req-fc1e419c-8d32-4b9d-95b4-42f4047ee2ef ] Request (QuotasSecurityGroupAdminNegativeTest:tearDownClass): 204 DELETE http://10.180.1.21/identity/v3/users/eb7975bf5e144ec49629033a65a42aaa 0.098s
2025-11-14 01:56:20.301 66913 INFO tempest.lib.common.rest_client [req-7d55b521-289b-4f6d-9b45-170f5547f138 req-7d55b521-289b-4f6d-9b45-170f5547f138 ] Request (ServerShowV247Test:setUpClass): 201 POST http://10.180.1.21/identity/v3/auth/tokens 0.129s
2025-11-14 01:56:20.368 66913 INFO tempest.lib.common.rest_client [req-11a0723d-bb38-48af-81d4-a720886fd844 req-11a0723d-bb38-48af-81d4-a720886fd844 ] Request (ServerShowV247Test:setUpClass): 200 GET http://10.180.1.21/identity/v3/projects/afadcfb942c44225924dc6a11b66c9f1 0.067s
2025-11-14 01:56:20.368 66913 INFO tempest.lib.common.dynamic_creds [-] Using the existing project afadcfb942c44225924dc6a11b66c9f1 for scope project and roles: ['reader']
2025-11-14 01:56:20.408 66939 INFO tempest.lib.common.rest_client [req-cf569fab-0e98-466b-8a29-79977c265305 req-cf569fab-0e98-466b-8a29-79977c265305 ] Request (QuotasSecurityGroupAdminNegativeTest:tearDownClass): 204 DELETE http://10.180.1.21/identity/v3/users/f641e1d8f0824152802fbfd6d9ba2803 0.208s
2025-11-14 01:56:20.408 66939 INFO tempest.lib.common.dynamic_creds [-] Deleting project and security group for project: 3fbb413c5dc947a6b25aa94e6b90bb48
2025-11-14 01:56:20.471 66913 INFO tempest.lib.common.rest_client [req-6a5624e6-b139-46a2-bea2-b9ee60903970 req-6a5624e6-b139-46a2-bea2-b9ee60903970 ] Request (ServerShowV247Test:setUpClass): 201 POST http://10.180.1.21/identity/v3/users 0.102s
2025-11-14 01:56:20.494 66939 INFO tempest.lib.common.rest_client [req-3bb85ffd-6828-4f65-8411-fb985016aba0 req-3bb85ffd-6828-4f65-8411-fb985016aba0 ] Request (QuotasSecurityGroupAdminNegativeTest:tearDownClass): 201 POST http://10.180.1.21/identity/v3/auth/tokens 0.085s
2025-11-14 01:56:20.512 66913 INFO tempest.lib.common.rest_client [req-09396438-e47e-4d8c-bb57-bb82a85331b7 req-09396438-e47e-4d8c-bb57-bb82a85331b7 ] Request (ServerShowV247Test:setUpClass): 200 GET http://10.180.1.21/identity/v3/roles 0.041s
2025-11-14 01:56:20.551 66913 INFO tempest.lib.common.rest_client [req-f459439f-fc04-4c57-a65e-1d571a5cebd6 req-f459439f-fc04-4c57-a65e-1d571a5cebd6 ] Request (ServerShowV247Test:setUpClass): 204 PUT http://10.180.1.21/identity/v3/projects/afadcfb942c44225924dc6a11b66c9f1/users/e75a96309df64263b43afe43b82a0560/roles/8d2b1b26f7b0488b8e3edb046383c8c0 0.039s
2025-11-14 01:56:20.551 66913 INFO tempest.lib.common.dynamic_creds [-] Dynamic test user e75a96309df64263b43afe43b82a0560 is created with scope project and roles: ['reader']
2025-11-14 01:56:20.552 66913 INFO tempest.lib.common.dynamic_creds [-] Acquired dynamic creds: credentials: Credentials: {'domain_id': 'default', 'domain_name': 'Default', 'username': 'tempest-ServerShowV247Test-599754589-project-reader', 'project_domain_id': 'default', 'project_domain_name': 'Default', 'project_id': 'afadcfb942c44225924dc6a11b66c9f1', 'project_name': 'tempest-ServerShowV247Test-599754589', 'tenant_id': 'afadcfb942c44225924dc6a11b66c9f1', 'tenant_name': 'tempest-ServerShowV247Test-599754589', 'user_domain_id': 'default', 'user_domain_name': 'Default', 'user_id': 'e75a96309df64263b43afe43b82a0560', 'system': None}, Network: None, Subnet: None, Router: None
2025-11-14 01:56:20.552 66913 INFO tempest.lib.common.dynamic_creds [-] Network resources are not created for requested scope: project and credentials: Credentials: {'domain_id': 'default', 'domain_name': 'Default', 'username': 'tempest-ServerShowV247Test-599754589-project-reader', 'project_domain_id': 'default', 'project_domain_name': 'Default', 'project_id': 'afadcfb942c44225924dc6a11b66c9f1', 'project_name': 'tempest-ServerShowV247Test-599754589', 'tenant_id': 'afadcfb942c44225924dc6a11b66c9f1', 'tenant_name': 'tempest-ServerShowV247Test-599754589', 'user_domain_id': 'default', 'user_domain_name': 'Default', 'user_id': 'e75a96309df64263b43afe43b82a0560', 'system': None}, Network: None, Subnet: None, Router: None
2025-11-14 01:56:20.579 66917 INFO tempest.lib.common.rest_client [req-8018a159-090d-470e-92fc-cbd07c053774 req-8018a159-090d-470e-92fc-cbd07c053774 ] Request (ListServerFiltersTestJSON:setUpClass): 201 POST http://10.180.1.21/networking/v2.0/networks 0.737s
2025-11-14 01:56:20.628 66913 INFO tempest.lib.common.rest_client [req-2d48d170-d217-4c8d-a3dc-a07c42c72523 req-2d48d170-d217-4c8d-a3dc-a07c42c72523 ] Request (ServerShowV247Test:setUpClass): 201 POST http://10.180.1.21/identity/v3/auth/tokens 0.073s
2025-11-14 01:56:20.694 66913 INFO tempest.lib.common.rest_client [req-2bc11242-ea7c-489b-9220-32694dbd2c63 req-2bc11242-ea7c-489b-9220-32694dbd2c63 ] Request (ServerShowV247Test:test_show_server): 201 POST http://10.180.1.21/identity/v3/auth/tokens 0.061s
2025-11-14 01:56:20.694 66913 INFO tempest.lib.common.fixed_network [-] (ServerShowV247Test:test_show_server) Found network None available for tenant
2025-11-14 01:56:20.720 66929 INFO tempest.lib.common.rest_client [req-38f542ab-3658-4b75-8313-b4157f995f26 req-38f542ab-3658-4b75-8313-b4157f995f26 ] Request (QuotasAdminTestV236:test_get_updated_quotas): 200 PUT http://10.180.1.21/compute/v2.1/os-quota-sets/6daa5ecfec4d4d968517972523ac5f7f?user_id=73904fd9fead4265bcd2cb794f8a62fc 4.114s
2025-11-14 01:56:20.859 66939 INFO tempest.lib.common.rest_client [req-051cd939-71d8-4834-b3bd-95e20fe570d8 req-051cd939-71d8-4834-b3bd-95e20fe570d8 ] Request (QuotasSecurityGroupAdminNegativeTest:tearDownClass): 200 GET http://10.180.1.21/networking/v2.0/security-groups?tenant_id=3fbb413c5dc947a6b25aa94e6b90bb48&name=default 0.365s
2025-11-14 01:56:20.936 66917 INFO tempest.lib.common.rest_client [req-3c7bc944-17fe-4528-af70-64feccbe9015 req-3c7bc944-17fe-4528-af70-64feccbe9015 ] Request (ListServerFiltersTestJSON:setUpClass): 201 POST http://10.180.1.21/networking/v2.0/subnets 0.357s
2025-11-14 01:56:20.937 66917 INFO tempest.lib.common.dynamic_creds [-] Created isolated network resources for: credentials: Credentials: {'domain_id': 'default', 'domain_name': 'Default', 'username': 'tempest-ListServerFiltersTestJSON-1269322611-project-member', 'project_domain_id': 'default', 'project_domain_name': 'Default', 'project_id': '79dc205990ff48cfadf5bea09d03592a', 'project_name': 'tempest-ListServerFiltersTestJSON-1269322611', 'tenant_id': '79dc205990ff48cfadf5bea09d03592a', 'tenant_name': 'tempest-ListServerFiltersTestJSON-1269322611', 'user_domain_id': 'default', 'user_domain_name': 'Default', 'user_id': '32916fdaf27b44de939536a46bd0a305', 'system': None}, Network: {'id': '8deafa1c-f16e-41ee-abd2-5d8f6665b8bd', 'name': 'tempest-ListServerFiltersTestJSON-706171790-network', 'tenant_id': '79dc205990ff48cfadf5bea09d03592a', 'project_id': '79dc205990ff48cfadf5bea09d03592a', 'admin_state_up': True, 'mtu': 8950, 'status': 'ACTIVE', 'subnets': [], 'shared': False, 'port_security_enabled': True, 'router:external': False, 'provider:network_type': 'vlan', 'provider:physical_network': 'default', 'provider:segmentation_id': 620, 'availability_zone_hints': [], 'availability_zones': [], 'ipv4_address_scope': None, 'ipv6_address_scope': None, 'description': '', 'tags': [], 'created_at': '2025-11-14T01:56:20Z', 'updated_at': '2025-11-14T01:56:20Z', 'revision_number': 1}, Subnet: {'id': '6b8606f1-e219-416c-8b9b-df472d242b0c', 'name': 'tempest-ListServerFiltersTestJSON-706171790-subnet', 'tenant_id': '79dc205990ff48cfadf5bea09d03592a', 'network_id': '8deafa1c-f16e-41ee-abd2-5d8f6665b8bd', 'ip_version': 4, 'subnetpool_id': None, 'enable_dhcp': True, 'ipv6_ra_mode': None, 'ipv6_address_mode': None, 'gateway_ip': '192.168.128.1', 'cidr': '192.168.128.0/28', 'allocation_pools': [{'start': '192.168.128.2', 'end': '192.168.128.14'}], 'host_routes': [], 'dns_nameservers': [], 'description': '', 'router:external': False, 'service_types': [], 'tags': [], 'created_at': '2025-11-14T01:56:20Z', 'updated_at': '2025-11-14T01:56:20Z', 'revision_number': 0, 'project_id': '79dc205990ff48cfadf5bea09d03592a'}, Router: None
2025-11-14 01:56:20.971 66951 INFO tempest.lib.common.rest_client [req-5d88728f-759b-4fc1-99f0-3a5780c0bda2 req-5d88728f-759b-4fc1-99f0-3a5780c0bda2 ] Request (ServersNegativeTestMultiTenantJSON:setUp): 200 GET http://10.180.1.21/compute/v2.1/servers/d4f3c129-f099-4fcf-8aa9-111326241ffc 4.438s
2025-11-14 01:56:21.016 66917 INFO tempest.lib.common.rest_client [req-0b68003b-c027-4a05-be30-4f4331e66155 req-0b68003b-c027-4a05-be30-4f4331e66155 ] Request (ListServerFiltersTestJSON:setUpClass): 201 POST http://10.180.1.21/identity/v3/auth/tokens 0.074s
2025-11-14 01:56:21.065 66917 INFO tempest.lib.common.rest_client [req-baed2de2-4310-400c-ac1d-d20126514cfb req-baed2de2-4310-400c-ac1d-d20126514cfb ] Request (ListServerFiltersTestJSON:setUpClass): 201 POST http://10.180.1.21/identity/v3/auth/tokens 0.045s
2025-11-14 01:56:21.066 66917 INFO tempest.lib.common.fixed_network [-] (ListServerFiltersTestJSON:setUpClass) Found network {'id': '8deafa1c-f16e-41ee-abd2-5d8f6665b8bd', 'name': 'tempest-ListServerFiltersTestJSON-706171790-network', 'tenant_id': '79dc205990ff48cfadf5bea09d03592a', 'project_id': '79dc205990ff48cfadf5bea09d03592a', 'admin_state_up': True, 'mtu': 8950, 'status': 'ACTIVE', 'subnets': [], 'shared': False, 'port_security_enabled': True, 'router:external': False, 'provider:network_type': 'vlan', 'provider:physical_network': 'default', 'provider:segmentation_id': 620, 'availability_zone_hints': [], 'availability_zones': [], 'ipv4_address_scope': None, 'ipv6_address_scope': None, 'description': '', 'tags': [], 'created_at': '2025-11-14T01:56:20Z', 'updated_at': '2025-11-14T01:56:20Z', 'revision_number': 1} available for tenant
2025-11-14 01:56:21.069 66939 INFO tempest.lib.common.rest_client [req-1d0f2df5-87d6-49bd-9ded-599b20266eb3 req-1d0f2df5-87d6-49bd-9ded-599b20266eb3 ] Request (QuotasSecurityGroupAdminNegativeTest:tearDownClass): 204 DELETE http://10.180.1.21/networking/v2.0/security-groups/cb3918ea-9347-4e02-8c2c-c354743dfe7c 0.210s
2025-11-14 01:56:21.100 66917 INFO tempest.lib.common.rest_client [req-533ef107-5a0d-49e8-a6a0-0916b9e2b0ae req-533ef107-5a0d-49e8-a6a0-0916b9e2b0ae ] Request (ListServerFiltersTestJSON:setUpClass): 201 POST http://10.180.1.21/identity/v3/auth/tokens 0.030s
2025-11-14 01:56:21.100 66917 INFO tempest.lib.common.fixed_network [-] (ListServerFiltersTestJSON:setUpClass) Found network {'id': '8deafa1c-f16e-41ee-abd2-5d8f6665b8bd', 'name': 'tempest-ListServerFiltersTestJSON-706171790-network', 'tenant_id': '79dc205990ff48cfadf5bea09d03592a', 'project_id': '79dc205990ff48cfadf5bea09d03592a', 'admin_state_up': True, 'mtu': 8950, 'status': 'ACTIVE', 'subnets': [], 'shared': False, 'port_security_enabled': True, 'router:external': False, 'provider:network_type': 'vlan', 'provider:physical_network': 'default', 'provider:segmentation_id': 620, 'availability_zone_hints': [], 'availability_zones': [], 'ipv4_address_scope': None, 'ipv6_address_scope': None, 'description': '', 'tags': [], 'created_at': '2025-11-14T01:56:20Z', 'updated_at': '2025-11-14T01:56:20Z', 'revision_number': 1} available for tenant
2025-11-14 01:56:21.142 66939 INFO tempest.lib.common.rest_client [req-47ce0001-0204-46e8-9285-473d79258270 req-47ce0001-0204-46e8-9285-473d79258270 ] Request (QuotasSecurityGroupAdminNegativeTest:tearDownClass): 204 DELETE http://10.180.1.21/identity/v3/projects/3fbb413c5dc947a6b25aa94e6b90bb48 0.072s
2025-11-14 01:56:21.142 66939 INFO tempest.lib.common.dynamic_creds [-] Deleting project and security group for project: 3b6de715e0e741e785bfa8e10dd3dc02
2025-11-14 01:56:21.319 66907 INFO tempest.lib.common.rest_client [req-5eb19000-b315-4df2-9e3d-c06b790e2b1f req-5eb19000-b315-4df2-9e3d-c06b790e2b1f ] Request (SecurityGroupRulesTestJSON:test_security_group_rules_create_with_optional_cidr): 200 POST http://10.180.1.21/compute/v2.1/os-security-group-rules 4.638s
2025-11-14 01:56:21.439 66939 INFO tempest.lib.common.rest_client [req-3b2073dd-d51a-44a2-b936-2f03cefac996 req-3b2073dd-d51a-44a2-b936-2f03cefac996 ] Request (QuotasSecurityGroupAdminNegativeTest:tearDownClass): 200 GET http://10.180.1.21/networking/v2.0/security-groups?tenant_id=3b6de715e0e741e785bfa8e10dd3dc02&name=default 0.296s
2025-11-14 01:56:21.610 66939 INFO tempest.lib.common.rest_client [req-5a42dd37-0759-4e61-a25c-844c76c556cc req-5a42dd37-0759-4e61-a25c-844c76c556cc ] Request (QuotasSecurityGroupAdminNegativeTest:tearDownClass): 204 DELETE http://10.180.1.21/networking/v2.0/security-groups/1b1c143a-d4b9-4058-948a-a7c053bb8fb1 0.170s
2025-11-14 01:56:21.634 66921 INFO tempest.lib.common.rest_client [req-2baeb9f3-23ab-4383-a463-c79c9332e350 req-2baeb9f3-23ab-4383-a463-c79c9332e350 ] Request (MultipleCreateTestJSON:test_multiple_create_with_reservation_return): 202 POST http://10.180.1.21/compute/v2.1/servers 4.972s
2025-11-14 01:56:21.648 66935 INFO tempest.lib.common.rest_client [req-96ee4ffb-9962-4eba-b15d-e40b82b33ad1 req-96ee4ffb-9962-4eba-b15d-e40b82b33ad1 ] Request (MigrationsAdminTest:test_list_migrations_in_flavor_resize_situation): 200 GET http://10.180.1.21/compute/v2.1/servers/c5e6c008-614c-4a6b-8b72-c995d4b91134 4.863s
2025-11-14 01:56:21.651 66953 INFO tempest.lib.common.rest_client [req-02ce9099-f82b-4ef4-b14d-09231193ad94 req-02ce9099-f82b-4ef4-b14d-09231193ad94 ] Request (FlavorsAccessNegativeTestJSON:_run_cleanups): 202 DELETE http://10.180.1.21/compute/v2.1/flavors/390361029 4.728s
2025-11-14 01:56:21.760 66939 INFO tempest.lib.common.rest_client [req-9f1244fe-9b61-48d5-94c4-14bdd79ef375 req-9f1244fe-9b61-48d5-94c4-14bdd79ef375 ] Request (QuotasSecurityGroupAdminNegativeTest:tearDownClass): 204 DELETE http://10.180.1.21/identity/v3/projects/3b6de715e0e741e785bfa8e10dd3dc02 0.150s
2025-11-14 01:56:21.771 66955 INFO tempest.lib.common.rest_client [req-4a17c36d-f5f5-4c30-bec3-41a86bbed8f2 req-4a17c36d-f5f5-4c30-bec3-41a86bbed8f2 ] Request (InstanceActionsNegativeTestJSON:setUpClass): 200 GET http://10.180.1.21/compute/v2.1/servers/534ed781-c736-4080-b792-27cbc8d9f8c4 4.526s
2025-11-14 01:56:21.805 66950 INFO tempest.lib.common.rest_client [req-6834b0ad-534b-42b4-b8f3-1598775005e6 req-6834b0ad-534b-42b4-b8f3-1598775005e6 ] Request (DeleteServersAdminTestJSON:test_delete_server_while_in_error_state): 200 GET http://10.180.1.21/compute/v2.1/servers/1b2a4eda-8fb2-49f0-b28f-75e7585a8d1e 4.777s
2025-11-14 01:56:21.841 66939 INFO tempest.lib.common.rest_client [req-6f7472ac-55c7-4ec3-8b3f-d364403d0c80 req-6f7472ac-55c7-4ec3-8b3f-d364403d0c80 ] Request (AZV2TestJSON:setUpClass): 201 POST http://10.180.1.21/identity/v3/auth/tokens 0.079s
2025-11-14 01:56:21.867 66947 INFO tempest.lib.common.rest_client [req-7da1ac9b-1ac2-4919-9975-bec236fb0bad req-7da1ac9b-1ac2-4919-9975-bec236fb0bad ] Request (ServerAddressesTestJSON:tearDownClass): 200 GET http://10.180.1.21/compute/v2.1/servers/3f393307-fa2f-4804-a6da-c78739558be3 4.521s
2025-11-14 01:56:21.876 66947 INFO tempest.common.waiters [-] State transition "ACTIVE/deleting" ==> "DELETED/None" after 5 second wait
2025-11-14 01:56:21.880 66939 INFO tempest.lib.common.rest_client [req-c059fb81-0243-4b7c-a4cd-e7a735d22f37 req-c059fb81-0243-4b7c-a4cd-e7a735d22f37 ] Request (AZV2TestJSON:setUpClass): 201 POST http://10.180.1.21/identity/v3/auth/tokens 0.036s
2025-11-14 01:56:21.890 66925 INFO tempest.lib.common.rest_client [req-865e6b0f-8b19-45f0-b6c7-db878e219a2c req-865e6b0f-8b19-45f0-b6c7-db878e219a2c ] Request (ImagesNegativeTestJSON:test_create_image_from_deleted_server): 404 POST http://10.180.1.21/compute/v2.1/servers/600032ae-da00-40e2-9943-d982042cd0d9/action 4.056s
2025-11-14 01:56:21.902 66911 INFO tempest.lib.common.rest_client [req-ee2bab0d-9721-44ea-b1ac-090a20863a33 req-ee2bab0d-9721-44ea-b1ac-090a20863a33 ] Request (ServersListShow296Test:test_list_show_update_rebuild_server_296): 200 GET http://10.180.1.21/compute/v2.1/servers/6f07e2a0-fadf-4f4b-96c0-afdfbc22ad6b 4.400s
2025-11-14 01:56:21.908 66939 INFO tempest.lib.common.rest_client [req-baf3c961-8f94-4e95-9c76-c0db64865ad5 req-baf3c961-8f94-4e95-9c76-c0db64865ad5 ] Request (AZV2TestJSON:setUpClass): 200 GET http://10.180.1.21/identity/v3/domains?name=Default 0.028s
2025-11-14 01:56:21.940 66939 INFO tempest.lib.common.rest_client [req-17a2e7e7-dd48-4846-b9e0-c792e73ffa30 req-17a2e7e7-dd48-4846-b9e0-c792e73ffa30 ] Request (AZV2TestJSON:setUpClass): 201 POST http://10.180.1.21/identity/v3/projects 0.031s
2025-11-14 01:56:22.009 66939 INFO tempest.lib.common.rest_client [req-f6e07f93-89b6-4ac2-af37-9e198ec82030 req-f6e07f93-89b6-4ac2-af37-9e198ec82030 ] Request (AZV2TestJSON:setUpClass): 201 POST http://10.180.1.21/identity/v3/users 0.069s
2025-11-14 01:56:22.036 66939 INFO tempest.lib.common.rest_client [req-bdcf987d-6ece-4212-b989-c1c9ac68522e req-bdcf987d-6ece-4212-b989-c1c9ac68522e ] Request (AZV2TestJSON:setUpClass): 200 GET http://10.180.1.21/identity/v3/roles 0.026s
2025-11-14 01:56:22.062 66939 INFO tempest.lib.common.rest_client [req-15465958-77d1-4f64-8610-73f61515c053 req-15465958-77d1-4f64-8610-73f61515c053 ] Request (AZV2TestJSON:setUpClass): 204 PUT http://10.180.1.21/identity/v3/projects/9ea287055edd45359b7a8c6c11ab743f/users/6b30079d9fe54c8dbd4d60b9270d09ee/roles/aa97208347ea48348bf9cb76af88d6ac 0.025s
2025-11-14 01:56:22.062 66939 INFO tempest.lib.common.dynamic_creds [-] Dynamic test user 6b30079d9fe54c8dbd4d60b9270d09ee is created with scope project and roles: ['member']
2025-11-14 01:56:22.062 66939 INFO tempest.lib.common.dynamic_creds [-] Acquired dynamic creds: credentials: Credentials: {'domain_id': 'default', 'domain_name': 'Default', 'username': 'tempest-AZV2TestJSON-2025979614-project-member', 'project_domain_id': 'default', 'project_domain_name': 'Default', 'project_id': '9ea287055edd45359b7a8c6c11ab743f', 'project_name': 'tempest-AZV2TestJSON-2025979614', 'tenant_id': '9ea287055edd45359b7a8c6c11ab743f', 'tenant_name': 'tempest-AZV2TestJSON-2025979614', 'user_domain_id': 'default', 'user_domain_name': 'Default', 'user_id': '6b30079d9fe54c8dbd4d60b9270d09ee', 'system': None}, Network: None, Subnet: None, Router: None
2025-11-14 01:56:22.062 66939 INFO tempest.lib.common.dynamic_creds [-] Created isolated network resources for: credentials: Credentials: {'domain_id': 'default', 'domain_name': 'Default', 'username': 'tempest-AZV2TestJSON-2025979614-project-member', 'project_domain_id': 'default', 'project_domain_name': 'Default', 'project_id': '9ea287055edd45359b7a8c6c11ab743f', 'project_name': 'tempest-AZV2TestJSON-2025979614', 'tenant_id': '9ea287055edd45359b7a8c6c11ab743f', 'tenant_name': 'tempest-AZV2TestJSON-2025979614', 'user_domain_id': 'default', 'user_domain_name': 'Default', 'user_id': '6b30079d9fe54c8dbd4d60b9270d09ee', 'system': None}, Network: None, Subnet: None, Router: None
2025-11-14 01:56:22.104 66945 INFO tempest.lib.common.rest_client [req-d1b61884-c923-4144-82f6-44a8c96f7b25 req-d1b61884-c923-4144-82f6-44a8c96f7b25 ] Request (DeleteServersTestJSON:test_delete_active_server): 200 GET http://10.180.1.21/compute/v2.1/servers/19e0e98c-c98e-4248-928a-c6d485da56e4 3.347s
2025-11-14 01:56:22.111 66945 INFO tempest.common.waiters [-] State transition "BUILD/spawning" ==> "ACTIVE/None" after 24 second wait
2025-11-14 01:56:22.138 66939 INFO tempest.lib.common.rest_client [req-a1cf78cb-2cbe-4012-8be2-8749c784a4a7 req-a1cf78cb-2cbe-4012-8be2-8749c784a4a7 ] Request (AZV2TestJSON:setUpClass): 201 POST http://10.180.1.21/identity/v3/auth/tokens 0.072s
2025-11-14 01:56:22.167 66923 INFO tempest.lib.common.rest_client [req-39ab2c91-6d92-4540-9a55-05c7d6dac58c req-39ab2c91-6d92-4540-9a55-05c7d6dac58c ] Request (ServerDiskConfigTestJSON:test_rebuild_server_with_auto_disk_config): 200 GET http://10.180.1.21/compute/v2.1/servers/292b0ebb-c0a6-4177-a449-d29004cae11e 3.351s
2025-11-14 01:56:22.175 66923 INFO tempest.common.waiters [-] State transition "BUILD/networking" ==> "BUILD/spawning" after 14 second wait
2025-11-14 01:56:22.202 66919 INFO tempest.lib.common.rest_client [req-3c496de4-8950-4642-9152-1caed0991621 req-3c496de4-8950-4642-9152-1caed0991621 ] Request (VolumesNegativeTest:test_volume_delete_nonexistent_volume_id): 404 DELETE http://10.180.1.21/compute/v2.1/os-volumes/7f357c0a-c4ea-4420-8364-249870a82634 2.505s
2025-11-14 01:56:22.220 66899 INFO tempest.lib.common.rest_client [req-eb706a85-3ae3-4b7d-a4f4-58abd3e94734 req-eb706a85-3ae3-4b7d-a4f4-58abd3e94734 ] Request (AggregatesAdminNegativeTestJSON:test_aggregate_delete_with_invalid_id): 404 DELETE http://10.180.1.21/compute/v2.1/os-aggregates/-1 2.497s
2025-11-14 01:56:22.248 66943 INFO tempest.lib.common.rest_client [req-4da9820e-6b29-4f71-ae9c-df302bafdd7b req-4da9820e-6b29-4f71-ae9c-df302bafdd7b ] Request (FlavorsV2TestJSON:test_list_flavors_with_detail): 200 GET http://10.180.1.21/compute/v2.1/flavors/detail 2.482s
2025-11-14 01:56:22.252 66942 INFO tempest.lib.common.rest_client [req-59c31db7-3d52-459d-b32f-32e7d9c90f78 req-59c31db7-3d52-459d-b32f-32e7d9c90f78 ] Request (ServersTestManualDisk:setUpClass): 200 POST http://10.180.1.21/compute/v2.1/os-keypairs 2.801s
2025-11-14 01:56:22.302 66891 INFO tempest.lib.common.rest_client [req-c0347c76-b475-41ff-93ab-a065763c809c req-c0347c76-b475-41ff-93ab-a065763c809c ] Request (ListImageFiltersTestJSON:setUpClass): 200 GET http://10.180.1.21/compute/v2.1/images/e4493ae3-c834-4bfb-bcf2-fcc3b1b907b2 2.497s
2025-11-14 01:56:22.441 66942 INFO tempest.lib.common.rest_client [req-3519e269-787d-49a4-8611-145615394a7e req-3519e269-787d-49a4-8611-145615394a7e ] Request (ServersTestManualDisk:setUpClass): 201 POST http://10.180.1.21/networking/v2.0/security-groups 0.187s
2025-11-14 01:56:22.688 66942 INFO tempest.lib.common.rest_client [req-b0b9e841-f9a1-43cc-a060-b36acc2c1509 req-b0b9e841-f9a1-43cc-a060-b36acc2c1509 ] Request (ServersTestManualDisk:setUpClass): 201 POST http://10.180.1.21/networking/v2.0/security-group-rules 0.246s
2025-11-14 01:56:22.838 66905 INFO tempest.lib.common.rest_client [req-1bab9857-8c08-4d33-ac4e-a5824c5e1af2 req-1bab9857-8c08-4d33-ac4e-a5824c5e1af2 ] Request (ServersAdminNegativeTestJSON:test_migrate_server_invalid_state): 200 GET http://10.180.1.21/compute/v2.1/servers/a4ff7c87-b8b3-469b-a2f5-c8f12be43f9f 2.960s
2025-11-14 01:56:22.860 66937 WARNING tempest.lib.common.ssh [-] Failed to establish authenticated ssh connection to cirros@10.180.180.191 ([Errno None] Unable to connect to port 22 on 10.180.180.191). Number attempts: 4. Retry after 5 seconds.: paramiko.ssh_exception.NoValidConnectionsError: [Errno None] Unable to connect to port 22 on 10.180.180.191
2025-11-14 01:56:22.866 66903 INFO tempest.lib.common.rest_client [req-5039d38d-99a6-46c2-aec5-37b8c83e6202 req-5039d38d-99a6-46c2-aec5-37b8c83e6202 ] Request (FlavorsAdminTestJSON:_run_cleanups): 200 GET http://10.180.1.21/compute/v2.1/flavors/detail 2.721s
2025-11-14 01:56:22.879 66893 INFO tempest.lib.common.rest_client [req-cbed010c-1ba3-41fc-bfae-32115ffbb17d req-cbed010c-1ba3-41fc-bfae-32115ffbb17d ] Request (ImagesDeleteNegativeTestJSON:test_delete_image_with_id_over_character_limit): 404 DELETE http://10.180.1.21/compute/v2.1/images/67df0cfb-1ef8-48b1-9a23-5794e00a4a691 2.710s
2025-11-14 01:56:22.914 66942 INFO tempest.lib.common.rest_client [req-f451e126-6b8b-49d1-945f-d64473f7d59b req-f451e126-6b8b-49d1-945f-d64473f7d59b ] Request (ServersTestManualDisk:setUpClass): 201 POST http://10.180.1.21/networking/v2.0/security-group-rules 0.225s
2025-11-14 01:56:23.180 66927 INFO tempest.lib.common.rest_client [req-012666e6-a1be-41cf-a809-de38f7dbf893 req-012666e6-a1be-41cf-a809-de38f7dbf893 ] Request (ServerDiagnosticsNegativeTest:test_get_server_diagnostics_by_non_admin): 200 GET http://10.180.1.21/compute/v2.1/servers/90ea98d7-6a4c-45a8-93b6-d381fe80fbbe 2.712s
2025-11-14 01:56:23.188 66927 INFO tempest.common.waiters [-] State transition "BUILD/None" ==> "BUILD/spawning" after 15 second wait
2025-11-14 01:56:23.417 66913 INFO tempest.lib.common.rest_client [req-8a20835d-2aee-4a1d-933e-a77915ac59a5 req-8a20835d-2aee-4a1d-933e-a77915ac59a5 ] Request (ServerShowV247Test:test_show_server): 202 POST http://10.180.1.21/compute/v2.1/servers 2.722s
2025-11-14 01:56:23.443 66942 INFO tempest.lib.common.rest_client [req-f0a4a0cd-0019-4317-910a-e51bc7529df0 req-f0a4a0cd-0019-4317-910a-e51bc7529df0 ] Request (ServersTestManualDisk:setUpClass): 201 POST http://10.180.1.21/networking/v2.0/floatingips 0.529s
2025-11-14 01:56:23.491 66942 INFO tempest.lib.common.rest_client [req-b40842e0-0ea0-412c-98fa-aacc081c832c req-b40842e0-0ea0-412c-98fa-aacc081c832c ] Request (ServersTestManualDisk:setUpClass): 201 POST http://10.180.1.21/identity/v3/auth/tokens 0.042s
2025-11-14 01:56:23.492 66942 INFO tempest.lib.common.fixed_network [-] (ServersTestManualDisk:setUpClass) Found network {'id': '933ea40d-441d-4a6d-9db5-4bb02d63275c', 'name': 'tempest-ServersTestManualDisk-2061253575-network', 'tenant_id': '331464cc13e54feb8be00e1b8c008c83', 'project_id': '331464cc13e54feb8be00e1b8c008c83', 'admin_state_up': True, 'mtu': 8950, 'status': 'ACTIVE', 'subnets': [], 'shared': False, 'port_security_enabled': True, 'router:external': False, 'provider:network_type': 'vlan', 'provider:physical_network': 'default', 'provider:segmentation_id': 451, 'availability_zone_hints': [], 'availability_zones': [], 'ipv4_address_scope': None, 'ipv6_address_scope': None, 'description': '', 'tags': [], 'created_at': '2025-11-14T01:56:16Z', 'updated_at': '2025-11-14T01:56:16Z', 'revision_number': 1} available for tenant
2025-11-14 01:56:23.500 66909 INFO tempest.lib.common.rest_client [req-b82b2218-166e-440e-aa40-f02b6f86c996 req-b82b2218-166e-440e-aa40-f02b6f86c996 ] Request (ServersTestJSON:test_create_server_specify_multibyte_character_name): 200 GET http://10.180.1.21/compute/v2.1/servers/07f4808a-764f-4b45-8358-b0c144cb4bcd 2.799s
2025-11-14 01:56:23.614 66929 INFO tempest.lib.common.rest_client [req-64b6e27e-1c45-4c1e-9fc4-63b8fe6391d3 req-64b6e27e-1c45-4c1e-9fc4-63b8fe6391d3 ] Request (QuotasAdminTestV236:test_get_updated_quotas): 200 GET http://10.180.1.21/compute/v2.1/os-quota-sets/6daa5ecfec4d4d968517972523ac5f7f?user_id=73904fd9fead4265bcd2cb794f8a62fc 2.890s
2025-11-14 01:56:23.637 66951 INFO tempest.lib.common.rest_client [req-c34d47a3-19ea-43d0-860b-e33064c428ee req-c34d47a3-19ea-43d0-860b-e33064c428ee ] Request (ServersNegativeTestMultiTenantJSON:test_update_server_of_another_tenant): 404 PUT http://10.180.1.21/compute/v2.1/servers/d4f3c129-f099-4fcf-8aa9-111326241ffc 2.653s
2025-11-14 01:56:23.708 66929 INFO tempest.lib.common.rest_client [req-e5c4b810-4a4e-4ac4-a7b4-1864b041b19d req-e5c4b810-4a4e-4ac4-a7b4-1864b041b19d ] Request (QuotasAdminTestV236:_run_cleanups): 204 DELETE http://10.180.1.21/identity/v3/users/73904fd9fead4265bcd2cb794f8a62fc 0.091s
2025-11-14 01:56:23.809 66929 INFO tempest.lib.common.rest_client [req-cfafae82-a23c-40b4-a83a-211dcf185af7 req-cfafae82-a23c-40b4-a83a-211dcf185af7 ] Request (QuotasAdminTestV236:_run_cleanups): 204 DELETE http://10.180.1.21/identity/v3/projects/6daa5ecfec4d4d968517972523ac5f7f 0.100s
2025-11-14 01:56:23.947 66933 INFO tempest.lib.common.rest_client [req-51281d61-5160-4c7b-8538-3bb9ca740bff req-51281d61-5160-4c7b-8538-3bb9ca740bff ] Request (FloatingIPsAssociationNegativeTestJSON:_run_cleanups): 202 POST http://10.180.1.21/compute/v2.1/servers/15a05a61-7efb-49b3-b504-823e26d425c5/action 3.840s
2025-11-14 01:56:23.967 66931 INFO tempest.lib.common.rest_client [req-02301049-5929-4586-9004-b523b7a8c6e9 req-02301049-5929-4586-9004-b523b7a8c6e9 ] Request (ServersAdmin275Test:tearDownClass): 404 GET http://10.180.1.21/compute/v2.1/servers/5e74e17c-f9ea-4edb-a6f9-6488a33f0a85 2.817s
2025-11-14 01:56:23.978 66929 INFO tempest.lib.common.rest_client [req-b022ccd3-b242-438d-bb22-f15a6c162cd1 req-b022ccd3-b242-438d-bb22-f15a6c162cd1 ] Request (QuotasAdminTestV236:tearDownClass): 204 DELETE http://10.180.1.21/identity/v3/users/b6b10366bdcc4ae3a2c2e2dd26019915 0.167s
2025-11-14 01:56:24.018 66917 INFO tempest.lib.common.rest_client [req-b74f3bf0-f388-42df-a362-b3dd31c23ee2 req-b74f3bf0-f388-42df-a362-b3dd31c23ee2 ] Request (ListServerFiltersTestJSON:setUpClass): 202 POST http://10.180.1.21/compute/v2.1/servers 2.917s
2025-11-14 01:56:24.124 66907 INFO tempest.lib.common.rest_client [req-1392f7b2-e6d9-482b-9b5d-bb3bf4903e69 req-1392f7b2-e6d9-482b-9b5d-bb3bf4903e69 ] Request (SecurityGroupRulesTestJSON:test_security_group_rules_create_with_optional_group_id): 200 POST http://10.180.1.21/compute/v2.1/os-security-groups 2.801s
2025-11-14 01:56:24.130 66929 INFO tempest.lib.common.rest_client [req-60c600bc-45e1-4a8c-82e1-6ec1969f0c07 req-60c600bc-45e1-4a8c-82e1-6ec1969f0c07 ] Request (QuotasAdminTestV236:tearDownClass): 204 DELETE http://10.180.1.21/identity/v3/users/07ba22f54c0c4ddaaf2b8097bea8a110 0.152s
2025-11-14 01:56:24.131 66929 INFO tempest.lib.common.dynamic_creds [-] Deleting project and security group for project: e07472dce5ad4b34b870e5bd054a36bf
2025-11-14 01:56:24.131 66931 INFO tempest.lib.common.rest_client [req-0e94a246-56cb-4661-a5c5-9e59c67dc7ac req-0e94a246-56cb-4661-a5c5-9e59c67dc7ac ] Request (ServersAdmin275Test:tearDownClass): 204 DELETE http://10.180.1.21/identity/v3/users/f490ff36579741ad97ced2bd639d1de2 0.163s
2025-11-14 01:56:24.153 66921 INFO tempest.lib.common.rest_client [req-ca559aea-0865-43b9-9851-63242fc578a0 req-ca559aea-0865-43b9-9851-63242fc578a0 ] Request (MultipleCreateTestJSON:test_multiple_create_with_reservation_return): 200 GET http://10.180.1.21/compute/v2.1/servers 2.518s
2025-11-14 01:56:24.173 66953 INFO tempest.lib.common.rest_client [req-08c5c773-deb5-4e65-8da4-70238ba92bec req-08c5c773-deb5-4e65-8da4-70238ba92bec ] Request (FlavorsAccessNegativeTestJSON:_run_cleanups): 200 GET http://10.180.1.21/compute/v2.1/flavors/detail 2.521s
2025-11-14 01:56:24.180 66925 INFO tempest.lib.common.rest_client [req-1e75d099-5525-47fe-9d66-194e47ee73f0 req-1e75d099-5525-47fe-9d66-194e47ee73f0 ] Request (ImagesNegativeTestJSON:test_create_image_from_invalid_server): 404 POST http://10.180.1.21/compute/v2.1/servers/tempest-invalid-1200119591/action 2.288s
2025-11-14 01:56:24.234 66917 INFO tempest.lib.common.rest_client [req-8a065ee4-505a-4161-8f09-13bfbeddad86 req-8a065ee4-505a-4161-8f09-13bfbeddad86 ] Request (ListServerFiltersTestJSON:setUpClass): 201 POST http://10.180.1.21/identity/v3/auth/tokens 0.210s
2025-11-14 01:56:24.234 66917 INFO tempest.lib.common.fixed_network [-] (ListServerFiltersTestJSON:setUpClass) Found network {'id': '8deafa1c-f16e-41ee-abd2-5d8f6665b8bd', 'name': 'tempest-ListServerFiltersTestJSON-706171790-network', 'tenant_id': '79dc205990ff48cfadf5bea09d03592a', 'project_id': '79dc205990ff48cfadf5bea09d03592a', 'admin_state_up': True, 'mtu': 8950, 'status': 'ACTIVE', 'subnets': [], 'shared': False, 'port_security_enabled': True, 'router:external': False, 'provider:network_type': 'vlan', 'provider:physical_network': 'default', 'provider:segmentation_id': 620, 'availability_zone_hints': [], 'availability_zones': [], 'ipv4_address_scope': None, 'ipv6_address_scope': None, 'description': '', 'tags': [], 'created_at': '2025-11-14T01:56:20Z', 'updated_at': '2025-11-14T01:56:20Z', 'revision_number': 1} available for tenant
2025-11-14 01:56:24.263 66929 INFO tempest.lib.common.rest_client [req-fe5921b1-6c55-40fa-8cba-847bd0652697 req-fe5921b1-6c55-40fa-8cba-847bd0652697 ] Request (QuotasAdminTestV236:tearDownClass): 201 POST http://10.180.1.21/identity/v3/auth/tokens 0.129s
2025-11-14 01:56:24.309 66950 INFO tempest.lib.common.rest_client [req-8e59d981-fa26-43ce-9778-ff28afc00e88 req-8e59d981-fa26-43ce-9778-ff28afc00e88 ] Request (DeleteServersAdminTestJSON:test_delete_server_while_in_error_state): 204 DELETE http://10.180.1.21/compute/v2.1/servers/1b2a4eda-8fb2-49f0-b28f-75e7585a8d1e 2.492s
2025-11-14 01:56:24.323 66911 INFO tempest.lib.common.rest_client [req-bff9b057-c7dc-42d5-8390-7c96c6519590 req-bff9b057-c7dc-42d5-8390-7c96c6519590 ] Request (ServersListShow296Test:test_list_show_update_rebuild_server_296): 200 PUT http://10.180.1.21/compute/v2.1/servers/6f07e2a0-fadf-4f4b-96c0-afdfbc22ad6b 2.409s
2025-11-14 01:56:24.340 66931 INFO tempest.lib.common.rest_client [req-68f94e25-b033-4c3d-857a-63bcb498ddda req-68f94e25-b033-4c3d-857a-63bcb498ddda ] Request (ServersAdmin275Test:tearDownClass): 204 DELETE http://10.180.1.21/identity/v3/users/961db7687e6b48b4bc88108b26933373 0.209s
2025-11-14 01:56:24.341 66931 INFO tempest.lib.common.dynamic_creds [-] Deleting project and security group for project: 7d99446500e14492b14068270d4cf074
2025-11-14 01:56:24.354 66895 WARNING tempest.lib.common.ssh [-] Failed to establish authenticated ssh connection to cirros@10.180.180.158 ([Errno None] Unable to connect to port 22 on 10.180.180.158). Number attempts: 2. Retry after 3 seconds.: paramiko.ssh_exception.NoValidConnectionsError: [Errno None] Unable to connect to port 22 on 10.180.180.158
2025-11-14 01:56:24.438 66945 INFO tempest.lib.common.rest_client [req-ca35d398-0bba-461e-b7ef-e5121f496d1f req-ca35d398-0bba-461e-b7ef-e5121f496d1f ] Request (DeleteServersTestJSON:test_delete_active_server): 204 DELETE http://10.180.1.21/compute/v2.1/servers/19e0e98c-c98e-4248-928a-c6d485da56e4 2.327s
2025-11-14 01:56:24.468 66919 INFO tempest.lib.common.rest_client [req-8b309b52-fb16-4601-b02f-288f6e8061dd req-8b309b52-fb16-4601-b02f-288f6e8061dd ] Request (VolumesNegativeTest:test_volume_get_nonexistent_volume_id): 404 GET http://10.180.1.21/compute/v2.1/os-volumes/543b373e-a399-44f1-bcbb-82ae02b1378c 2.264s
2025-11-14 01:56:24.488 66931 INFO tempest.lib.common.rest_client [req-e92642f4-45b2-499c-9d76-4d1f7620f2bf req-e92642f4-45b2-499c-9d76-4d1f7620f2bf ] Request (ServersAdmin275Test:tearDownClass): 201 POST http://10.180.1.21/identity/v3/auth/tokens 0.147s
2025-11-14 01:56:24.505 66899 INFO tempest.lib.common.rest_client [req-58d15388-71ce-406a-b8f9-9862c78f1475 req-58d15388-71ce-406a-b8f9-9862c78f1475 ] Request (AggregatesAdminNegativeTestJSON:test_aggregate_get_details_as_user): 200 POST http://10.180.1.21/compute/v2.1/os-aggregates 2.281s
2025-11-14 01:56:24.525 66943 INFO tempest.lib.common.rest_client [req-d171bf93-b9cd-4ea4-b890-3853d7a0a409 req-d171bf93-b9cd-4ea4-b890-3853d7a0a409 ] Request (FlavorsV2TestJSON:test_list_flavors_with_detail): 200 GET http://10.180.1.21/compute/v2.1/flavors/42 2.271s
2025-11-14 01:56:24.551 66939 INFO tempest.lib.common.rest_client [req-c2ab5435-2dd7-4b93-988e-3ca53dcf67b6 req-c2ab5435-2dd7-4b93-988e-3ca53dcf67b6 ] Request (AZV2TestJSON:test_get_availability_zone_list_with_non_admin_user): 200 GET http://10.180.1.21/compute/v2.1/os-availability-zone 2.411s
2025-11-14 01:56:24.565 66919 INFO tempest.lib.common.rest_client [req-13bb06c2-5144-4ead-969e-3b6d3a8fa9d7 req-13bb06c2-5144-4ead-969e-3b6d3a8fa9d7 ] Request (VolumesNegativeTest:tearDownClass): 204 DELETE http://10.180.1.21/identity/v3/users/dc7783086f984cb9a6b1c1736cec4dda 0.089s
2025-11-14 01:56:24.565 66919 INFO tempest.lib.common.dynamic_creds [-] Deleting project and security group for project: 88e5146bb8604daeb133bb8a82afc0f0
2025-11-14 01:56:24.578 66891 INFO tempest.lib.common.rest_client [req-618da358-a921-479f-98c5-fc470d71927d req-618da358-a921-479f-98c5-fc470d71927d ] Request (ListImageFiltersTestJSON:setUpClass): 200 GET http://10.180.1.21/compute/v2.1/images/e4493ae3-c834-4bfb-bcf2-fcc3b1b907b2 2.273s
2025-11-14 01:56:24.648 66929 INFO tempest.lib.common.rest_client [req-dd462118-931b-4276-8062-0c1103c3cbc3 req-dd462118-931b-4276-8062-0c1103c3cbc3 ] Request (QuotasAdminTestV236:tearDownClass): 200 GET http://10.180.1.21/networking/v2.0/security-groups?tenant_id=e07472dce5ad4b34b870e5bd054a36bf&name=default 0.384s
2025-11-14 01:56:24.692 66943 INFO tempest.lib.common.rest_client [req-595447a7-f47d-4493-a9a4-1b576222964f req-595447a7-f47d-4493-a9a4-1b576222964f ] Request (FlavorsV2TestJSON:tearDownClass): 204 DELETE http://10.180.1.21/identity/v3/users/85d616a913f544e3835287c94c1c5d82 0.154s
2025-11-14 01:56:24.693 66943 INFO tempest.lib.common.dynamic_creds [-] Deleting project and security group for project: 40aae11d972c4c5aa32dccabf21ce29b
2025-11-14 01:56:24.699 66939 INFO tempest.lib.common.rest_client [req-b1af7089-5a7b-4087-9af1-c8f74857595a req-b1af7089-5a7b-4087-9af1-c8f74857595a ] Request (AZV2TestJSON:tearDownClass): 204 DELETE http://10.180.1.21/identity/v3/users/6b30079d9fe54c8dbd4d60b9270d09ee 0.135s
2025-11-14 01:56:24.699 66939 INFO tempest.lib.common.dynamic_creds [-] Deleting project and security group for project: 9ea287055edd45359b7a8c6c11ab743f
2025-11-14 01:56:24.751 66919 INFO tempest.lib.common.rest_client [req-133496ca-0fbb-480e-a6e8-82fc55cdcbc3 req-133496ca-0fbb-480e-a6e8-82fc55cdcbc3 ] Request (VolumesNegativeTest:tearDownClass): 201 POST http://10.180.1.21/identity/v3/auth/tokens 0.185s
2025-11-14 01:56:24.801 66943 INFO tempest.lib.common.rest_client [req-2039ed41-194f-430f-8b00-9f5e782ffa57 req-2039ed41-194f-430f-8b00-9f5e782ffa57 ] Request (FlavorsV2TestJSON:tearDownClass): 201 POST http://10.180.1.21/identity/v3/auth/tokens 0.108s
2025-11-14 01:56:24.802 66901 INFO paramiko.transport [-] Connected (version 2.0, client dropbear_2020.81)
2025-11-14 01:56:24.827 66939 INFO tempest.lib.common.rest_client [req-773362ff-2f93-4e22-8e68-4d09413bc0b9 req-773362ff-2f93-4e22-8e68-4d09413bc0b9 ] Request (AZV2TestJSON:tearDownClass): 201 POST http://10.180.1.21/identity/v3/auth/tokens 0.128s
2025-11-14 01:56:24.886 66931 INFO tempest.lib.common.rest_client [req-48c02877-603e-4914-84f9-fbfc15b29446 req-48c02877-603e-4914-84f9-fbfc15b29446 ] Request (ServersAdmin275Test:tearDownClass): 200 GET http://10.180.1.21/networking/v2.0/security-groups?tenant_id=7d99446500e14492b14068270d4cf074&name=default 0.397s
2025-11-14 01:56:24.912 66901 INFO paramiko.transport [-] Authentication (publickey) successful!
2025-11-14 01:56:24.913 66901 INFO tempest.lib.common.ssh [-] ssh connection to cirros@10.180.180.239 successfully created
2025-11-14 01:56:25.051 66891 INFO tempest.lib.common.rest_client [req-bcb5bb27-0823-4bd8-b995-7a8ebe5299ca req-bcb5bb27-0823-4bd8-b995-7a8ebe5299ca ] Request (ListImageFiltersTestJSON:setUpClass): 201 POST http://10.180.1.21/image/v2/images 0.468s
2025-11-14 01:56:25.099 66929 INFO tempest.lib.common.rest_client [req-c5741ada-f979-4e54-9f87-dda5a5936953 req-c5741ada-f979-4e54-9f87-dda5a5936953 ] Request (QuotasAdminTestV236:tearDownClass): 204 DELETE http://10.180.1.21/networking/v2.0/security-groups/d14fc586-e082-4b71-9343-c32598dd73d6 0.450s
2025-11-14 01:56:25.154 66919 INFO tempest.lib.common.rest_client [req-52637abc-5057-4596-b5a9-ee69dbd4731e req-52637abc-5057-4596-b5a9-ee69dbd4731e ] Request (VolumesNegativeTest:tearDownClass): 200 GET http://10.180.1.21/networking/v2.0/security-groups?tenant_id=88e5146bb8604daeb133bb8a82afc0f0&name=default 0.403s
2025-11-14 01:56:25.173 66929 INFO tempest.lib.common.rest_client [req-7d51f827-e44b-4208-b7fb-490c9270321d req-7d51f827-e44b-4208-b7fb-490c9270321d ] Request (QuotasAdminTestV236:tearDownClass): 204 DELETE http://10.180.1.21/identity/v3/projects/e07472dce5ad4b34b870e5bd054a36bf 0.074s
2025-11-14 01:56:25.173 66929 INFO tempest.lib.common.dynamic_creds [-] Deleting project and security group for project: cce9abf8e76f4fd2b5d42cad4dbb2484
2025-11-14 01:56:25.267 66943 INFO tempest.lib.common.rest_client [req-922a55d4-569a-4742-a10f-264220c7c452 req-922a55d4-569a-4742-a10f-264220c7c452 ] Request (FlavorsV2TestJSON:tearDownClass): 200 GET http://10.180.1.21/networking/v2.0/security-groups?tenant_id=40aae11d972c4c5aa32dccabf21ce29b&name=default 0.465s
2025-11-14 01:56:25.366 66939 INFO tempest.lib.common.rest_client [req-e09c69e5-40bd-41fc-8608-596de66e5e51 req-e09c69e5-40bd-41fc-8608-596de66e5e51 ] Request (AZV2TestJSON:tearDownClass): 200 GET http://10.180.1.21/networking/v2.0/security-groups?tenant_id=9ea287055edd45359b7a8c6c11ab743f&name=default 0.538s
2025-11-14 01:56:25.370 66931 INFO tempest.lib.common.rest_client [req-f20170c3-db75-4c6f-a9da-4e61b590d35d req-f20170c3-db75-4c6f-a9da-4e61b590d35d ] Request (ServersAdmin275Test:tearDownClass): 204 DELETE http://10.180.1.21/networking/v2.0/security-groups/b762c025-71df-4835-ac36-3fbfb5220cf5 0.483s
2025-11-14 01:56:25.409 66935 INFO tempest.lib.common.rest_client [req-4e4c3053-36d8-4812-9653-fe2803442a7f req-4e4c3053-36d8-4812-9653-fe2803442a7f ] Request (MigrationsAdminTest:test_list_migrations_in_flavor_resize_situation): 200 GET http://10.180.1.21/compute/v2.1/servers/c5e6c008-614c-4a6b-8b72-c995d4b91134 2.749s
2025-11-14 01:56:25.446 66903 INFO tempest.lib.common.rest_client [req-e7b6bcf1-abd7-4547-8efe-fc9834a9ece6 req-e7b6bcf1-abd7-4547-8efe-fc9834a9ece6 ] Request (FlavorsAdminTestJSON:test_create_server_with_non_public_flavor): 200 POST http://10.180.1.21/compute/v2.1/flavors 2.572s
2025-11-14 01:56:25.476 66955 INFO tempest.lib.common.rest_client [req-524cadf6-db49-4934-b1b2-aee4009aa053 req-524cadf6-db49-4934-b1b2-aee4009aa053 ] Request (InstanceActionsNegativeTestJSON:setUpClass): 200 GET http://10.180.1.21/compute/v2.1/servers/534ed781-c736-4080-b792-27cbc8d9f8c4 2.695s
2025-11-14 01:56:25.490 66955 INFO tempest.common.waiters [-] State transition "BUILD/None" ==> "BUILD/networking" after 9 second wait
2025-11-14 01:56:25.505 66931 INFO tempest.lib.common.rest_client [req-dfd792ef-83e1-4664-bc89-cdd0676558a1 req-dfd792ef-83e1-4664-bc89-cdd0676558a1 ] Request (ServersAdmin275Test:tearDownClass): 204 DELETE http://10.180.1.21/identity/v3/projects/7d99446500e14492b14068270d4cf074 0.135s
2025-11-14 01:56:25.506 66931 INFO tempest.lib.common.dynamic_creds [-] Deleting project and security group for project: a8ad4bbdb469463e9fea8a15f66fe12d
2025-11-14 01:56:25.506 66893 INFO tempest.lib.common.rest_client [req-634c4db4-e633-4af0-8ba8-559685c5b3db req-634c4db4-e633-4af0-8ba8-559685c5b3db ] Request (ImagesDeleteNegativeTestJSON:test_delete_image_with_invalid_image_id): 404 DELETE http://10.180.1.21/compute/v2.1/images/tempest-invalid-1478127693 2.625s
2025-11-14 01:56:25.570 66919 INFO tempest.lib.common.rest_client [req-6103b22b-1644-453e-828c-6103c83387aa req-6103b22b-1644-453e-828c-6103c83387aa ] Request (VolumesNegativeTest:tearDownClass): 204 DELETE http://10.180.1.21/networking/v2.0/security-groups/e665857c-843e-43da-9140-22ba8bc36e1e 0.415s
2025-11-14 01:56:25.691 66929 INFO tempest.lib.common.rest_client [req-5727cae5-5400-4b6a-bcae-9c545e539e69 req-5727cae5-5400-4b6a-bcae-9c545e539e69 ] Request (QuotasAdminTestV236:tearDownClass): 200 GET http://10.180.1.21/networking/v2.0/security-groups?tenant_id=cce9abf8e76f4fd2b5d42cad4dbb2484&name=default 0.517s
2025-11-14 01:56:25.695 66919 INFO tempest.lib.common.rest_client [req-cfe8c64e-61ea-4fea-b582-39676051df2a req-cfe8c64e-61ea-4fea-b582-39676051df2a ] Request (VolumesNegativeTest:tearDownClass): 204 DELETE http://10.180.1.21/identity/v3/projects/88e5146bb8604daeb133bb8a82afc0f0 0.125s
2025-11-14 01:56:25.820 66943 INFO tempest.lib.common.rest_client [req-b337cc69-0bd2-45cb-a155-ff6495fd1725 req-b337cc69-0bd2-45cb-a155-ff6495fd1725 ] Request (FlavorsV2TestJSON:tearDownClass): 204 DELETE http://10.180.1.21/networking/v2.0/security-groups/93ce9c37-4646-4de8-86a1-d401b19fcaa3 0.553s
2025-11-14 01:56:25.910 66939 INFO tempest.lib.common.rest_client [req-ab09461b-2ad0-42df-9e89-215be68febca req-ab09461b-2ad0-42df-9e89-215be68febca ] Request (AZV2TestJSON:tearDownClass): 204 DELETE http://10.180.1.21/networking/v2.0/security-groups/51bcb6ee-0a9f-438d-b7dd-81c033eb63e8 0.543s
2025-11-14 01:56:25.933 66943 INFO tempest.lib.common.rest_client [req-18ad169c-220a-4290-8155-3e2f4aca6e63 req-18ad169c-220a-4290-8155-3e2f4aca6e63 ] Request (FlavorsV2TestJSON:tearDownClass): 204 DELETE http://10.180.1.21/identity/v3/projects/40aae11d972c4c5aa32dccabf21ce29b 0.112s
2025-11-14 01:56:25.970 66943 INFO tempest.lib.common.rest_client [req-8589c6cb-1cb7-42ae-812b-13e772b2b94d req-8589c6cb-1cb7-42ae-812b-13e772b2b94d ] Request (ServersTestBootFromVolume:setUpClass): 201 POST http://10.180.1.21/identity/v3/auth/tokens 0.035s
2025-11-14 01:56:26.016 66939 INFO tempest.lib.common.rest_client [req-701a056d-60e1-45a3-a5c6-75308956e295 req-701a056d-60e1-45a3-a5c6-75308956e295 ] Request (AZV2TestJSON:tearDownClass): 204 DELETE http://10.180.1.21/identity/v3/projects/9ea287055edd45359b7a8c6c11ab743f 0.105s
2025-11-14 01:56:26.037 66943 INFO tempest.lib.common.rest_client [req-c7c3e621-3716-4b47-aad7-cff149a863b8 req-c7c3e621-3716-4b47-aad7-cff149a863b8 ] Request (ServersTestBootFromVolume:setUpClass): 201 POST http://10.180.1.21/identity/v3/auth/tokens 0.064s
2025-11-14 01:56:26.063 66943 INFO tempest.lib.common.rest_client [req-fd0cde3f-cdf8-4471-a577-ff0985baff38 req-fd0cde3f-cdf8-4471-a577-ff0985baff38 ] Request (ServersTestBootFromVolume:setUpClass): 200 GET http://10.180.1.21/identity/v3/domains?name=Default 0.025s
2025-11-14 01:56:26.092 66931 INFO tempest.lib.common.rest_client [req-5ceb0b5a-fa32-4aab-9575-91a2c2553b04 req-5ceb0b5a-fa32-4aab-9575-91a2c2553b04 ] Request (ServersAdmin275Test:tearDownClass): 200 GET http://10.180.1.21/networking/v2.0/security-groups?tenant_id=a8ad4bbdb469463e9fea8a15f66fe12d&name=default 0.585s
2025-11-14 01:56:26.100 66943 INFO tempest.lib.common.rest_client [req-2f96818c-baee-4a9f-bb4a-a4b32f0e2b97 req-2f96818c-baee-4a9f-bb4a-a4b32f0e2b97 ] Request (ServersTestBootFromVolume:setUpClass): 201 POST http://10.180.1.21/identity/v3/projects 0.037s
2025-11-14 01:56:26.112 66947 INFO tempest.lib.common.rest_client [req-7c65bf70-6f15-45e7-96fa-cdd0a457cba0 req-7c65bf70-6f15-45e7-96fa-cdd0a457cba0 ] Request (ServerAddressesTestJSON:tearDownClass): 200 GET http://10.180.1.21/compute/v2.1/servers/3f393307-fa2f-4804-a6da-c78739558be3 3.233s
2025-11-14 01:56:26.199 66943 INFO tempest.lib.common.rest_client [req-cc077694-cf83-42b7-9021-aa166ee4bb5e req-cc077694-cf83-42b7-9021-aa166ee4bb5e ] Request (ServersTestBootFromVolume:setUpClass): 201 POST http://10.180.1.21/identity/v3/users 0.097s
2025-11-14 01:56:26.268 66943 INFO tempest.lib.common.rest_client [req-5c94b2eb-6970-41f1-80eb-7ba39a646945 req-5c94b2eb-6970-41f1-80eb-7ba39a646945 ] Request (ServersTestBootFromVolume:setUpClass): 200 GET http://10.180.1.21/identity/v3/roles 0.068s
