2025-11-12 06:21:10.604 65718 INFO tempest.lib.common.rest_client [req-c0cd8881-6ffb-41d9-969f-0e5f36a1049c req-c0cd8881-6ffb-41d9-969f-0e5f36a1049c ] Request (HypervisorAdminTestJSON:tearDownClass): 204 DELETE http://10.180.1.21/networking/v2.0/security-groups/587211b6-c587-4869-8b95-417263f718f9 0.131s
2025-11-12 06:21:10.655 65730 INFO tempest.lib.common.rest_client [req-80d5fe60-7f6b-4c2c-8910-88cc25cdaa01 req-80d5fe60-7f6b-4c2c-8910-88cc25cdaa01 ] Request (DeleteServersTestJSON:test_delete_active_server): 200 GET http://10.180.1.21/compute/v2.1/servers/32b795f0-b155-4758-95c2-20c16cc90c5d 1.227s
2025-11-12 06:21:10.665 65706 INFO tempest.lib.common.rest_client [req-50403b1c-352d-49eb-a484-385b5c926480 req-50403b1c-352d-49eb-a484-385b5c926480 ] Request (ServersListShow298Test:test_list_show_update_rebuild_server_298): 202 POST http://10.180.1.21/compute/v2.1/servers 1.315s
2025-11-12 06:21:10.665 65730 INFO tempest.common.waiters [-] State transition "BUILD/spawning" ==> "ACTIVE/None" after 46 second wait
2025-11-12 06:21:10.745 65718 INFO tempest.lib.common.rest_client [req-4e9b0fd1-f413-4bca-b340-63c67121abf1 req-4e9b0fd1-f413-4bca-b340-63c67121abf1 ] Request (HypervisorAdminTestJSON:tearDownClass): 204 DELETE http://10.180.1.21/identity/v3/projects/373541fba38749f29b365a75b352f18c 0.140s
2025-11-12 06:21:10.745 65718 INFO tempest.lib.common.dynamic_creds [-] Deleting project and security group for project: 9756ed9129864a1ca2e1a9256bfdbfff
2025-11-12 06:21:10.777 65700 INFO tempest.lib.common.rest_client [req-40921283-9124-4592-a616-3d8d788dcc2f req-40921283-9124-4592-a616-3d8d788dcc2f ] Request (ServerDiagnosticsTest:tearDownClass): 200 GET http://10.180.1.21/compute/v2.1/servers/1ead1b86-639b-4442-9506-693e83c9faaa 1.202s
2025-11-12 06:21:10.781 65714 INFO tempest.lib.common.rest_client [req-d5998ab8-5820-4095-9522-ee07b98e36c5 req-d5998ab8-5820-4095-9522-ee07b98e36c5 ] Request (ServersV294TestFqdnHostnames:setUpClass): 200 GET http://10.180.1.21/compute/v2.1/servers/80ffb988-27f8-4979-9556-ef0c9c1481df 1.263s
2025-11-12 06:21:10.878 65744 INFO tempest.lib.common.rest_client [req-114f6049-63cc-45ca-9cc1-b86e33374132 req-114f6049-63cc-45ca-9cc1-b86e33374132 ] Request (AttachVolumeShelveTestJSON:test_attach_volume_shelved_or_offload_server): 200 GET http://10.180.1.21/compute/v2.1/servers/f5907fb8-678b-406e-b24b-b692d48dbbd5 1.288s
2025-11-12 06:21:10.979 65718 INFO tempest.lib.common.rest_client [req-5bfe1f9b-44f5-4e53-a472-a4e303e69265 req-5bfe1f9b-44f5-4e53-a472-a4e303e69265 ] Request (HypervisorAdminTestJSON:tearDownClass): 200 GET http://10.180.1.21/networking/v2.0/security-groups?tenant_id=9756ed9129864a1ca2e1a9256bfdbfff&name=default 0.233s
2025-11-12 06:21:11.017 65720 INFO tempest.lib.common.rest_client [req-2d0f51cc-08f7-4430-bc54-cc43619009b0 req-2d0f51cc-08f7-4430-bc54-cc43619009b0 ] Request (ServersTestFqdnHostnames:tearDownClass): 200 GET http://10.180.1.21/compute/v2.1/servers/e10eedef-bfa6-4831-a6af-3845d25c35b6 1.345s
2025-11-12 06:21:11.152 65718 INFO tempest.lib.common.rest_client [req-9809ef57-5bcb-4d2c-889c-ed875512b93a req-9809ef57-5bcb-4d2c-889c-ed875512b93a ] Request (HypervisorAdminTestJSON:tearDownClass): 204 DELETE http://10.180.1.21/networking/v2.0/security-groups/7188fd49-c963-4939-a676-5f65bd965fa7 0.172s
2025-11-12 06:21:11.192 65736 INFO tempest.lib.common.rest_client [req-966ef3af-9ca1-496d-bdd5-4d2f3c9e34f9 req-966ef3af-9ca1-496d-bdd5-4d2f3c9e34f9 ] Request (FloatingIPsAssociationTestJSON:tearDownClass): 200 GET http://10.180.1.21/compute/v2.1/servers/7f1bffb1-0581-4c04-bef9-b5d97170d5ae 1.540s
2025-11-12 06:21:11.250 65722 INFO tempest.lib.common.rest_client [req-f4503544-5943-4e69-b7dc-a488711a0e25 req-f4503544-5943-4e69-b7dc-a488711a0e25 ] Request (ServerDiskConfigTestJSON:test_rebuild_server_with_manual_disk_config): 200 GET http://10.180.1.21/compute/v2.1/servers/3213e0b8-a28c-49de-aa07-33688fba741f 1.571s
2025-11-12 06:21:11.264 65710 INFO tempest.lib.common.rest_client [req-46d7972a-1d42-48fa-893f-c54be0361483 req-46d7972a-1d42-48fa-893f-c54be0361483 ] Request (VolumesAdminNegativeTest:test_update_attached_volume_with_nonexistent_volume_in_uri): 200 GET http://10.180.1.21/compute/v2.1/servers/b42d6ed6-33a7-4a17-8e02-1bb6c2baa2a4 1.540s
2025-11-12 06:21:11.288 65694 INFO tempest.lib.common.rest_client [req-03bdde0a-c17d-478f-89fc-cf7ad8bf253f req-03bdde0a-c17d-478f-89fc-cf7ad8bf253f ] Request (ImagesOneServerTestJSON:test_create_image_specify_multibyte_character_image_name): 200 GET http://10.180.1.21/compute/v2.1/images/e2bdcd21-f7f0-4c37-a066-79b13a567d81 1.561s
2025-11-12 06:21:11.298 65718 INFO tempest.lib.common.rest_client [req-25b9163f-3971-4bf8-9e4f-49ad50e48302 req-25b9163f-3971-4bf8-9e4f-49ad50e48302 ] Request (HypervisorAdminTestJSON:tearDownClass): 204 DELETE http://10.180.1.21/identity/v3/projects/9756ed9129864a1ca2e1a9256bfdbfff 0.146s
2025-11-12 06:21:11.371 65716 INFO tempest.lib.common.rest_client [req-d8d0352d-ec59-4abf-9414-e4439c3098e2 req-d8d0352d-ec59-4abf-9414-e4439c3098e2 ] Request (ServersAdminTestJSON:test_inject_network_info): 200 GET http://10.180.1.21/compute/v2.1/servers/f46fa475-8312-4850-be83-323fbb030a05 1.552s
2025-11-12 06:21:11.392 65718 INFO tempest.lib.common.rest_client [req-3ec734b0-5416-4610-9c7f-a6fbfa30859d req-3ec734b0-5416-4610-9c7f-a6fbfa30859d ] Request (HypervisorAdminV253TestBase:setUpClass): 201 POST http://10.180.1.21/identity/v3/auth/tokens 0.088s
2025-11-12 06:21:11.398 65712 INFO tempest.lib.common.rest_client [req-18540ab6-72af-40bb-b0cf-8524cd8800dc req-18540ab6-72af-40bb-b0cf-8524cd8800dc ] Request (MultipleCreateTestJSON:_run_cleanups): 404 GET http://10.180.1.21/compute/v2.1/servers/ada7efaf-1af2-47b4-b1f8-a2fa88c1db35 1.537s
2025-11-12 06:21:11.428 65732 INFO tempest.lib.common.rest_client [req-21ada0ff-198b-46e2-8f57-1d5fa49fa9bc req-21ada0ff-198b-46e2-8f57-1d5fa49fa9bc ] Request (SecurityGroupsTestJSON:test_security_groups_create_list_delete): 200 POST http://10.180.1.21/compute/v2.1/os-security-groups 1.688s
2025-11-12 06:21:11.441 65718 INFO tempest.lib.common.rest_client [req-13f6907e-d4bf-4270-b300-d1388503f0c3 req-13f6907e-d4bf-4270-b300-d1388503f0c3 ] Request (HypervisorAdminV253TestBase:setUpClass): 201 POST http://10.180.1.21/identity/v3/auth/tokens 0.047s
2025-11-12 06:21:11.471 65718 INFO tempest.lib.common.rest_client [req-cbb85f23-ba7e-45be-9196-97477aba7175 req-cbb85f23-ba7e-45be-9196-97477aba7175 ] Request (HypervisorAdminV253TestBase:setUpClass): 200 GET http://10.180.1.21/identity/v3/domains?name=Default 0.029s
2025-11-12 06:21:11.473 65708 INFO tempest.lib.common.rest_client [req-32f620a5-8349-4a9c-9cb0-5b013ae78dd8 req-32f620a5-8349-4a9c-9cb0-5b013ae78dd8 ] Request (ServerRescueTestJSONUnderV235:tearDownClass): 200 GET http://10.180.1.21/compute/v2.1/servers/9edeca4a-c476-479c-8560-c9a67857194a 1.485s
2025-11-12 06:21:11.503 65702 INFO tempest.lib.common.rest_client [req-8d731904-1277-4f65-8c6e-a7e33b6fd376 req-8d731904-1277-4f65-8c6e-a7e33b6fd376 ] Request (AttachInterfacesUnderV243Test:_run_cleanups): 200 GET http://10.180.1.21/compute/v2.1/servers/16137cc6-cee9-4fec-97e8-ae8cfba05a9c 1.440s
2025-11-12 06:21:11.512 65718 INFO tempest.lib.common.rest_client [req-ec68f68b-ff44-47c0-bae0-0be9c9044135 req-ec68f68b-ff44-47c0-bae0-0be9c9044135 ] Request (HypervisorAdminV253TestBase:setUpClass): 201 POST http://10.180.1.21/identity/v3/projects 0.040s
2025-11-12 06:21:11.545 65724 INFO tempest.lib.common.rest_client [req-d723331e-fc04-4be9-8d0a-2cfa127a746f req-d723331e-fc04-4be9-8d0a-2cfa127a746f ] Request (ImagesOneServerNegativeTestJSON:_run_cleanups): 200 GET http://10.180.1.21/compute/v2.1/servers/7b3e8ef8-e226-4776-9901-9eb7478c2acf 1.473s
2025-11-12 06:21:11.609 65718 INFO tempest.lib.common.rest_client [req-51fe71e2-5add-4276-8af7-7b8b8e81762a req-51fe71e2-5add-4276-8af7-7b8b8e81762a ] Request (HypervisorAdminV253TestBase:setUpClass): 201 POST http://10.180.1.21/identity/v3/users 0.097s
2025-11-12 06:21:11.633 65754 INFO tempest.lib.common.rest_client [req-40ae1e05-19fe-4718-8c60-501ba74cb667 req-40ae1e05-19fe-4718-8c60-501ba74cb667 ] Request (ServersAdmin275Test:tearDownClass): 200 GET http://10.180.1.21/compute/v2.1/servers/6122602d-e393-4da4-af77-9ec57755e6a7 1.468s
2025-11-12 06:21:11.638 65718 INFO tempest.lib.common.rest_client [req-8cbcd45a-5d2a-4dcc-8b25-5038073dceb8 req-8cbcd45a-5d2a-4dcc-8b25-5038073dceb8 ] Request (HypervisorAdminV253TestBase:setUpClass): 200 GET http://10.180.1.21/identity/v3/roles 0.028s
2025-11-12 06:21:11.677 65718 INFO tempest.lib.common.rest_client [req-abcd708d-f111-4045-8361-d1606828f12a req-abcd708d-f111-4045-8361-d1606828f12a ] Request (HypervisorAdminV253TestBase:setUpClass): 204 PUT http://10.180.1.21/identity/v3/projects/9815d05716504442a640e2f0a162c3f5/users/786ce7b9cc2c43508fbe5e7871ba5157/roles/d5f563bb887e4a55a4fbecf558ce5784 0.038s
2025-11-12 06:21:11.677 65718 INFO tempest.lib.common.dynamic_creds [-] Dynamic test user 786ce7b9cc2c43508fbe5e7871ba5157 is created with scope project and roles: ['member']
2025-11-12 06:21:11.677 65718 INFO tempest.lib.common.dynamic_creds [-] Acquired dynamic creds: credentials: Credentials: {'domain_id': 'default', 'domain_name': 'Default', 'username': 'tempest-HypervisorAdminV253TestBase-324634017-project-member', 'project_domain_id': 'default', 'project_domain_name': 'Default', 'project_id': '9815d05716504442a640e2f0a162c3f5', 'project_name': 'tempest-HypervisorAdminV253TestBase-324634017', 'tenant_id': '9815d05716504442a640e2f0a162c3f5', 'tenant_name': 'tempest-HypervisorAdminV253TestBase-324634017', 'user_domain_id': 'default', 'user_domain_name': 'Default', 'user_id': '786ce7b9cc2c43508fbe5e7871ba5157', 'system': None}, Network: None, Subnet: None, Router: None
2025-11-12 06:21:11.677 65718 INFO tempest.lib.common.dynamic_creds [-] Created isolated network resources for: credentials: Credentials: {'domain_id': 'default', 'domain_name': 'Default', 'username': 'tempest-HypervisorAdminV253TestBase-324634017-project-member', 'project_domain_id': 'default', 'project_domain_name': 'Default', 'project_id': '9815d05716504442a640e2f0a162c3f5', 'project_name': 'tempest-HypervisorAdminV253TestBase-324634017', 'tenant_id': '9815d05716504442a640e2f0a162c3f5', 'tenant_name': 'tempest-HypervisorAdminV253TestBase-324634017', 'user_domain_id': 'default', 'user_domain_name': 'Default', 'user_id': '786ce7b9cc2c43508fbe5e7871ba5157', 'system': None}, Network: None, Subnet: None, Router: None
2025-11-12 06:21:11.709 65752 INFO tempest.lib.common.rest_client [req-92db11c4-0d9c-4e3d-a139-757865c048e2 req-92db11c4-0d9c-4e3d-a139-757865c048e2 ] Request (VolumesAssistedSnapshotsTest:tearDownClass): 200 GET http://10.180.1.21/compute/v2.1/servers/9299378d-4537-4e61-b1f9-d09a3f690d99 1.468s
2025-11-12 06:21:11.785 65718 INFO tempest.lib.common.rest_client [req-fb58330c-58f7-48c8-91b3-cde65b6bda08 req-fb58330c-58f7-48c8-91b3-cde65b6bda08 ] Request (HypervisorAdminV253TestBase:setUpClass): 201 POST http://10.180.1.21/identity/v3/auth/tokens 0.103s
2025-11-12 06:21:11.814 65742 INFO tempest.lib.common.rest_client [req-f7550db2-46a6-4069-aee8-42c046ac777b req-f7550db2-46a6-4069-aee8-42c046ac777b ] Request (ListImageFiltersTestJSON:setUpClass): 202 POST http://10.180.1.21/compute/v2.1/servers 1.612s
2025-11-12 06:21:11.834 65728 INFO tempest.lib.common.rest_client [req-84f0a46a-ce47-4be2-be45-a42ba79ceea9 req-84f0a46a-ce47-4be2-be45-a42ba79ceea9 ] Request (FlavorsAdminTestJSON:test_list_non_public_flavor): 200 POST http://10.180.1.21/compute/v2.1/flavors 1.426s
2025-11-12 06:21:11.894 65718 INFO tempest.lib.common.rest_client [req-dbba55f0-a161-44b5-b31d-6d09663686c1 req-dbba55f0-a161-44b5-b31d-6d09663686c1 ] Request (HypervisorAdminV253TestBase:setUpClass): 201 POST http://10.180.1.21/identity/v3/projects 0.109s
2025-11-12 06:21:11.907 65750 INFO tempest.lib.common.rest_client [req-7972bdc9-80d8-492a-b943-a474281c7963 req-7972bdc9-80d8-492a-b943-a474281c7963 ] Request (InstanceActionsTestJSON:setUpClass): 200 GET http://10.180.1.21/compute/v2.1/servers/9736242b-03cf-403a-a3ec-5be482c3e619 1.556s
2025-11-12 06:21:11.936 65726 INFO tempest.lib.common.rest_client [req-88353aa4-4503-43ea-944c-03c1198c4121 req-88353aa4-4503-43ea-944c-03c1198c4121 ] Request (ListServersNegativeTestJSON:setUpClass): 200 GET http://10.180.1.21/compute/v2.1/servers 1.501s
2025-11-12 06:21:12.009 65746 INFO tempest.lib.common.rest_client [req-1924ad21-4b5b-4a20-b98b-142b37030c98 req-1924ad21-4b5b-4a20-b98b-142b37030c98 ] Request (ServerDiagnosticsV248Test:test_get_server_diagnostics): 200 GET http://10.180.1.21/compute/v2.1/servers/7cb7e9c1-6eb9-4fd6-b5df-df8746b73738 1.555s
2025-11-12 06:21:12.018 65718 INFO tempest.lib.common.rest_client [req-0812259f-0300-4425-90fb-b9c8de7ecf7d req-0812259f-0300-4425-90fb-b9c8de7ecf7d ] Request (HypervisorAdminV253TestBase:setUpClass): 201 POST http://10.180.1.21/identity/v3/users 0.123s
2025-11-12 06:21:12.024 65734 INFO tempest.lib.common.rest_client [req-facf0444-f552-4f5e-9f3f-9c6a51d2cc16 req-facf0444-f552-4f5e-9f3f-9c6a51d2cc16 ] Request (ServersAdminNegativeTestJSON:test_migrate_server_invalid_state): 200 GET http://10.180.1.21/compute/v2.1/servers/7bf478ff-b219-4ae5-a0a1-6e1a3f15aa0a 1.508s
2025-11-12 06:21:12.051 65718 INFO tempest.lib.common.rest_client [req-e548a288-4df8-4633-849f-e211a473462d req-e548a288-4df8-4633-849f-e211a473462d ] Request (HypervisorAdminV253TestBase:setUpClass): 200 GET http://10.180.1.21/identity/v3/roles 0.031s
2025-11-12 06:21:12.097 65718 INFO tempest.lib.common.rest_client [req-c85a5c0d-9c6a-445f-9a6e-ad703a4a44b0 req-c85a5c0d-9c6a-445f-9a6e-ad703a4a44b0 ] Request (HypervisorAdminV253TestBase:setUpClass): 204 PUT http://10.180.1.21/identity/v3/projects/dbc3ccf57f214853989682af5a9c9a52/users/ffe32d2258be457d90bc18824447872e/roles/8da0b01e61d740bfa27ba6ddfb89f7c4 0.045s
2025-11-12 06:21:12.147 65748 INFO tempest.lib.common.rest_client [req-cd98442b-49de-47fe-a04b-866aa1145173 req-cd98442b-49de-47fe-a04b-866aa1145173 ] Request (ServersTestBootFromVolume:tearDownClass): 204 DELETE http://10.180.1.21/compute/v2.1/servers/dfcb6eae-8eaf-45b1-a77c-13152dd7bf23 1.577s
2025-11-12 06:21:12.163 65718 INFO tempest.lib.common.rest_client [req-65b94555-9258-4af2-b3fb-4161b8d35633 req-65b94555-9258-4af2-b3fb-4161b8d35633 ] Request (HypervisorAdminV253TestBase:setUpClass): 200 GET http://10.180.1.21/identity/v3/roles 0.066s
2025-11-12 06:21:12.188 65718 INFO tempest.lib.common.rest_client [req-8d9de298-24b5-4cd6-9847-c0a6d6530acc req-8d9de298-24b5-4cd6-9847-c0a6d6530acc ] Request (HypervisorAdminV253TestBase:setUpClass): 204 PUT http://10.180.1.21/identity/v3/projects/dbc3ccf57f214853989682af5a9c9a52/users/ffe32d2258be457d90bc18824447872e/roles/8da0b01e61d740bfa27ba6ddfb89f7c4 0.024s
2025-11-12 06:21:12.188 65718 INFO tempest.lib.common.dynamic_creds [-] Dynamic test user ffe32d2258be457d90bc18824447872e is created with scope project and roles: ['admin']
2025-11-12 06:21:12.188 65718 INFO tempest.lib.common.dynamic_creds [-] Acquired dynamic creds: credentials: Credentials: {'domain_id': 'default', 'domain_name': 'Default', 'username': 'tempest-HypervisorAdminV253TestBase-778323110-project-admin', 'project_domain_id': 'default', 'project_domain_name': 'Default', 'project_id': 'dbc3ccf57f214853989682af5a9c9a52', 'project_name': 'tempest-HypervisorAdminV253TestBase-778323110', 'tenant_id': 'dbc3ccf57f214853989682af5a9c9a52', 'tenant_name': 'tempest-HypervisorAdminV253TestBase-778323110', 'user_domain_id': 'default', 'user_domain_name': 'Default', 'user_id': 'ffe32d2258be457d90bc18824447872e', 'system': None}, Network: None, Subnet: None, Router: None
2025-11-12 06:21:12.188 65718 INFO tempest.lib.common.dynamic_creds [-] Created isolated network resources for: credentials: Credentials: {'domain_id': 'default', 'domain_name': 'Default', 'username': 'tempest-HypervisorAdminV253TestBase-778323110-project-admin', 'project_domain_id': 'default', 'project_domain_name': 'Default', 'project_id': 'dbc3ccf57f214853989682af5a9c9a52', 'project_name': 'tempest-HypervisorAdminV253TestBase-778323110', 'tenant_id': 'dbc3ccf57f214853989682af5a9c9a52', 'tenant_name': 'tempest-HypervisorAdminV253TestBase-778323110', 'user_domain_id': 'default', 'user_domain_name': 'Default', 'user_id': 'ffe32d2258be457d90bc18824447872e', 'system': None}, Network: None, Subnet: None, Router: None
2025-11-12 06:21:12.199 65692 INFO tempest.lib.common.rest_client [req-4998d6e4-28b0-47d5-8bf6-e34f2f117021 req-4998d6e4-28b0-47d5-8bf6-e34f2f117021 ] Request (ListServerFiltersTestJSON:setUpClass): 200 GET http://10.180.1.21/compute/v2.1/servers/ce58e23c-09bd-424d-a6c2-a80f6646e214 1.668s
2025-11-12 06:21:12.205 65738 INFO tempest.lib.common.rest_client [req-07e705e3-f4c2-49db-ba31-51f4e910ef79 req-07e705e3-f4c2-49db-ba31-51f4e910ef79 ] Request (ImagesTestJSON:test_create_image_from_stopped_server): 200 GET http://10.180.1.21/compute/v2.1/servers/a8aaa02e-00b3-4314-a475-30788907bdcf 1.608s
2025-11-12 06:21:12.208 65692 INFO tempest.common.waiters [-] State transition "BUILD/spawning" ==> "ACTIVE/None" after 45 second wait
2025-11-12 06:21:12.267 65698 INFO tempest.lib.common.rest_client [req-4d87af12-69f4-4793-83de-5532be58dea8 req-4d87af12-69f4-4793-83de-5532be58dea8 ] Request (MigrationsAdminTest:test_resize_server_revert_deleted_flavor): 200 GET http://10.180.1.21/compute/v2.1/servers/04a61122-6cbf-4589-ab94-dbdd50d6990e 1.643s
2025-11-12 06:21:12.274 65698 INFO tempest.common.waiters [-] State transition "BUILD/scheduling" ==> "BUILD/None" after 3 second wait
2025-11-12 06:21:12.284 65718 INFO tempest.lib.common.rest_client [req-0fcd335e-a3b3-42ae-b7ed-e7e16998ff3c req-0fcd335e-a3b3-42ae-b7ed-e7e16998ff3c ] Request (HypervisorAdminV253TestBase:setUpClass): 201 POST http://10.180.1.21/identity/v3/auth/tokens 0.093s
2025-11-12 06:21:12.291 65730 INFO tempest.lib.common.rest_client [req-d58ae35f-a5e8-4bca-8afa-7f64495fe349 req-d58ae35f-a5e8-4bca-8afa-7f64495fe349 ] Request (DeleteServersTestJSON:test_delete_active_server): 204 DELETE http://10.180.1.21/compute/v2.1/servers/32b795f0-b155-4758-95c2-20c16cc90c5d 1.625s
2025-11-12 06:21:12.337 65706 INFO tempest.lib.common.rest_client [req-70121b43-ee17-4704-b043-199bb5111bf3 req-70121b43-ee17-4704-b043-199bb5111bf3 ] Request (ServersListShow298Test:test_list_show_update_rebuild_server_298): 200 GET http://10.180.1.21/compute/v2.1/servers/975df510-c5d7-4fa3-829f-7027b6efca7f 1.670s
2025-11-12 06:21:12.379 65694 INFO tempest.lib.common.rest_client [req-df7a8d6a-ad3a-4c2a-b1af-dd72f31fbee4 req-df7a8d6a-ad3a-4c2a-b1af-dd72f31fbee4 ] Request (ImagesOneServerTestJSON:test_create_image_specify_multibyte_character_image_name): 200 GET http://10.180.1.21/compute/v2.1/images/e2bdcd21-f7f0-4c37-a066-79b13a567d81 1.088s
2025-11-12 06:21:12.389 65722 INFO tempest.lib.common.rest_client [req-65868717-9a59-4725-a7cc-8ae8aa1e6a67 req-65868717-9a59-4725-a7cc-8ae8aa1e6a67 ] Request (ServerDiskConfigTestJSON:test_rebuild_server_with_manual_disk_config): 200 GET http://10.180.1.21/compute/v2.1/servers/3213e0b8-a28c-49de-aa07-33688fba741f 1.130s
2025-11-12 06:21:12.487 65712 INFO tempest.lib.common.rest_client [req-ff0487f8-4c12-469f-ad65-a7b6892e4d48 req-ff0487f8-4c12-469f-ad65-a7b6892e4d48 ] Request (MultipleCreateTestJSON:_run_cleanups): 200 GET http://10.180.1.21/compute/v2.1/servers/416b3ae6-0a81-4e65-a064-57f815b011e6 1.089s
2025-11-12 06:21:12.538 65740 INFO tempest.lib.common.rest_client [req-1b301fe3-120e-4b4e-9422-3aa4b12e40cc req-1b301fe3-120e-4b4e-9422-3aa4b12e40cc ] Request (ServerRescueNegativeTestJSON:_run_cleanups): 200 GET http://10.180.1.21/compute/v2.1/servers/9541b14d-6694-45bf-841a-e62c058ee456 1.156s
2025-11-12 06:21:12.591 65700 INFO tempest.lib.common.rest_client [req-bc7acdd6-6f3e-463b-9e2f-c5ef5e5d8e24 req-bc7acdd6-6f3e-463b-9e2f-c5ef5e5d8e24 ] Request (ServerDiagnosticsTest:tearDownClass): 200 GET http://10.180.1.21/compute/v2.1/servers/1ead1b86-639b-4442-9506-693e83c9faaa 0.801s
2025-11-12 06:21:12.594 65732 INFO tempest.lib.common.rest_client [req-a98f786c-776e-4b68-9d2b-32fca0cd165e req-a98f786c-776e-4b68-9d2b-32fca0cd165e ] Request (SecurityGroupsTestJSON:test_security_groups_create_list_delete): 200 GET http://10.180.1.21/compute/v2.1/os-security-groups 1.163s
2025-11-12 06:21:12.653 65714 INFO tempest.lib.common.rest_client [req-0195cd7b-0232-4371-9c2a-7e1667903c65 req-0195cd7b-0232-4371-9c2a-7e1667903c65 ] Request (ServersV294TestFqdnHostnames:setUpClass): 200 GET http://10.180.1.21/compute/v2.1/servers/80ffb988-27f8-4979-9556-ef0c9c1481df 0.845s
2025-11-12 06:21:12.655 65742 INFO tempest.lib.common.rest_client [req-c39275b5-486c-4b2f-b00c-6cca10861e7c req-c39275b5-486c-4b2f-b00c-6cca10861e7c ] Request (ListImageFiltersTestJSON:setUpClass): 200 GET http://10.180.1.21/compute/v2.1/servers/d7f100b5-f3df-4b97-86d7-803ad1d535de 0.839s
2025-11-12 06:21:12.676 65728 INFO tempest.lib.common.rest_client [req-15e2b9ba-c7be-48e1-b80d-48a4a5e2777c req-15e2b9ba-c7be-48e1-b80d-48a4a5e2777c ] Request (FlavorsAdminTestJSON:test_list_non_public_flavor): 200 GET http://10.180.1.21/compute/v2.1/flavors/detail 0.839s
2025-11-12 06:21:12.704 65744 INFO tempest.lib.common.rest_client [req-f41bc213-1ec4-4b16-a6a7-27ad75933f66 req-f41bc213-1ec4-4b16-a6a7-27ad75933f66 ] Request (AttachVolumeShelveTestJSON:test_attach_volume_shelved_or_offload_server): 200 GET http://10.180.1.21/compute/v2.1/servers/f5907fb8-678b-406e-b24b-b692d48dbbd5 0.811s
2025-11-12 06:21:12.723 65726 INFO tempest.lib.common.rest_client [req-65327762-bc7e-4787-9896-1677316a5463 req-65327762-bc7e-4787-9896-1677316a5463 ] Request (ListServersNegativeTestJSON:setUpClass): 200 GET http://10.180.1.21/compute/v2.1/servers/46bec4bf-925b-489a-b597-46ec5c438d97 0.784s
2025-11-12 06:21:12.765 65720 INFO tempest.lib.common.rest_client [req-61e552b8-87af-454d-944a-b210f2439a0d req-61e552b8-87af-454d-944a-b210f2439a0d ] Request (ServersTestFqdnHostnames:tearDownClass): 200 GET http://10.180.1.21/compute/v2.1/servers/e10eedef-bfa6-4831-a6af-3845d25c35b6 0.739s
2025-11-12 06:21:12.826 65736 INFO tempest.lib.common.rest_client [req-e40b424a-aa4f-4567-9147-e43e6517ddac req-e40b424a-aa4f-4567-9147-e43e6517ddac ] Request (FloatingIPsAssociationTestJSON:tearDownClass): 200 GET http://10.180.1.21/compute/v2.1/servers/7f1bffb1-0581-4c04-bef9-b5d97170d5ae 0.624s
2025-11-12 06:21:12.864 65748 INFO tempest.lib.common.rest_client [req-cb2dbf02-4820-4273-984d-5a04314c686c req-cb2dbf02-4820-4273-984d-5a04314c686c ] Request (ServersTestBootFromVolume:tearDownClass): 200 GET http://10.180.1.21/compute/v2.1/servers/dfcb6eae-8eaf-45b1-a77c-13152dd7bf23 0.716s
2025-11-12 06:21:12.926 65710 INFO tempest.lib.common.rest_client [req-8aeb0d43-3646-4841-95d2-b142fd24f0f8 req-8aeb0d43-3646-4841-95d2-b142fd24f0f8 ] Request (VolumesAdminNegativeTest:test_update_attached_volume_with_nonexistent_volume_in_uri): 200 GET http://10.180.1.21/compute/v2.1/servers/b42d6ed6-33a7-4a17-8e02-1bb6c2baa2a4 0.652s
2025-11-12 06:21:12.935 65710 INFO tempest.common.waiters [-] State transition "BUILD/None" ==> "BUILD/networking" after 27 second wait
2025-11-12 06:21:12.964 65692 INFO tempest.lib.common.rest_client [req-1383a8c7-a654-459c-9838-a258354f6983 req-1383a8c7-a654-459c-9838-a258354f6983 ] Request (ListServerFiltersTestJSON:setUpClass): 200 GET http://10.180.1.21/compute/v2.1/servers/b64e6e68-7ee8-4ca5-8bde-766d4c3bcded 0.756s
2025-11-12 06:21:13.086 65718 INFO tempest.lib.common.rest_client [req-eff7f0d4-cb4e-460f-a9d0-9906f0779ef3 req-eff7f0d4-cb4e-460f-a9d0-9906f0779ef3 ] Request (HypervisorAdminV253TestBase:test_list_show_detail_hypervisors): 200 GET http://10.180.1.21/compute/v2.1/os-hypervisors/detail?with_servers=True 0.801s
2025-11-12 06:21:13.104 65730 INFO tempest.lib.common.rest_client [req-a9d71091-5a11-4b71-9c23-8e22c959449a req-a9d71091-5a11-4b71-9c23-8e22c959449a ] Request (DeleteServersTestJSON:test_delete_active_server): 200 GET http://10.180.1.21/compute/v2.1/servers/32b795f0-b155-4758-95c2-20c16cc90c5d 0.812s
2025-11-12 06:21:13.191 65716 INFO tempest.lib.common.rest_client [req-734d79d3-dba0-43b8-bf4f-cc75c86a52f1 req-734d79d3-dba0-43b8-bf4f-cc75c86a52f1 ] Request (ServersAdminTestJSON:test_inject_network_info): 200 GET http://10.180.1.21/compute/v2.1/servers/f46fa475-8312-4850-be83-323fbb030a05 0.809s
2025-11-12 06:21:13.224 65694 INFO tempest.lib.common.rest_client [req-0f5da160-c391-44de-81a4-1866324937eb req-0f5da160-c391-44de-81a4-1866324937eb ] Request (ImagesOneServerTestJSON:test_create_image_specify_multibyte_character_image_name): 200 GET http://10.180.1.21/compute/v2.1/servers/130fc785-e077-45ee-bd54-e0dad3562b90 0.841s
2025-11-12 06:21:13.295 65708 INFO tempest.lib.common.rest_client [req-f2d2152d-4bb5-4cd9-9c7d-b7b6cf8380f6 req-f2d2152d-4bb5-4cd9-9c7d-b7b6cf8380f6 ] Request (ServerRescueTestJSONUnderV235:tearDownClass): 200 GET http://10.180.1.21/compute/v2.1/servers/9edeca4a-c476-479c-8560-c9a67857194a 0.812s
2025-11-12 06:21:13.370 65702 INFO tempest.lib.common.rest_client [req-13b0f355-6146-4723-b7a1-ec257203baf7 req-13b0f355-6146-4723-b7a1-ec257203baf7 ] Request (AttachInterfacesUnderV243Test:_run_cleanups): 200 GET http://10.180.1.21/compute/v2.1/servers/16137cc6-cee9-4fec-97e8-ae8cfba05a9c 0.858s
2025-11-12 06:21:13.399 65722 INFO tempest.lib.common.rest_client [req-cabd21b5-1ef6-4d27-a9c6-7bb6bb6fbcb8 req-cabd21b5-1ef6-4d27-a9c6-7bb6bb6fbcb8 ] Request (ServerDiskConfigTestJSON:test_rebuild_server_with_manual_disk_config): 202 POST http://10.180.1.21/compute/v2.1/servers/3213e0b8-a28c-49de-aa07-33688fba741f/action 1.002s
2025-11-12 06:21:13.462 65724 INFO tempest.lib.common.rest_client [req-5b9667b7-b6ba-41f4-af1f-e0315231255e req-5b9667b7-b6ba-41f4-af1f-e0315231255e ] Request (ImagesOneServerNegativeTestJSON:_run_cleanups): 200 GET http://10.180.1.21/compute/v2.1/servers/7b3e8ef8-e226-4776-9901-9eb7478c2acf 0.907s
2025-11-12 06:21:13.580 65732 INFO tempest.lib.common.rest_client [req-a211b749-fad9-4df8-9fde-f24d271971e9 req-a211b749-fad9-4df8-9fde-f24d271971e9 ] Request (SecurityGroupsTestJSON:test_security_groups_create_list_delete): 202 DELETE http://10.180.1.21/compute/v2.1/os-security-groups/3b4841ac-b66d-462b-9fb1-617183d722a4 0.983s
2025-11-12 06:21:13.612 65754 INFO tempest.lib.common.rest_client [req-3757eb96-f06f-4748-9bf7-3669693d485e req-3757eb96-f06f-4748-9bf7-3669693d485e ] Request (ServersAdmin275Test:tearDownClass): 200 GET http://10.180.1.21/compute/v2.1/servers/6122602d-e393-4da4-af77-9ec57755e6a7 0.969s
2025-11-12 06:21:13.614 65728 INFO tempest.lib.common.rest_client [req-bc79373c-882f-43bd-8fd3-fbebf355ec7a req-bc79373c-882f-43bd-8fd3-fbebf355ec7a ] Request (FlavorsAdminTestJSON:test_list_non_public_flavor): 200 GET http://10.180.1.21/compute/v2.1/flavors/detail 0.933s
2025-11-12 06:21:13.724 65752 INFO tempest.lib.common.rest_client [req-15802102-d1a0-44ec-926e-26a606f275e1 req-15802102-d1a0-44ec-926e-26a606f275e1 ] Request (VolumesAssistedSnapshotsTest:tearDownClass): 200 GET http://10.180.1.21/compute/v2.1/servers/9299378d-4537-4e61-b1f9-d09a3f690d99 1.002s
2025-11-12 06:21:13.749 65750 INFO tempest.lib.common.rest_client [req-baf5e785-4ab0-4094-ae64-edc92f71bb3e req-baf5e785-4ab0-4094-ae64-edc92f71bb3e ] Request (InstanceActionsTestJSON:setUpClass): 200 GET http://10.180.1.21/compute/v2.1/servers/9736242b-03cf-403a-a3ec-5be482c3e619 0.826s
2025-11-12 06:21:13.816 65746 INFO tempest.lib.common.rest_client [req-91ed0664-b0a4-4896-9cac-0b6afee579f8 req-91ed0664-b0a4-4896-9cac-0b6afee579f8 ] Request (ServerDiagnosticsV248Test:test_get_server_diagnostics): 200 GET http://10.180.1.21/compute/v2.1/servers/7cb7e9c1-6eb9-4fd6-b5df-df8746b73738 0.792s
2025-11-12 06:21:13.841 65692 INFO tempest.lib.common.rest_client [req-3fca9c42-d72a-4bc6-900f-75c5c816abb2 req-3fca9c42-d72a-4bc6-900f-75c5c816abb2 ] Request (ListServerFiltersTestJSON:setUpClass): 200 GET http://10.180.1.21/compute/v2.1/servers/7cbe31a3-da25-4642-a3ed-df550c4f0522 0.869s
2025-11-12 06:21:13.875 65734 INFO tempest.lib.common.rest_client [req-0b6f7fcc-b7ae-4ae6-8b91-67bc11c958aa req-0b6f7fcc-b7ae-4ae6-8b91-67bc11c958aa ] Request (ServersAdminNegativeTestJSON:test_migrate_server_invalid_state): 200 GET http://10.180.1.21/compute/v2.1/servers/7bf478ff-b219-4ae5-a0a1-6e1a3f15aa0a 0.841s
2025-11-12 06:21:13.923 65718 INFO tempest.lib.common.rest_client [req-e134f4e8-8af7-44e1-9a94-243d0afc442a req-e134f4e8-8af7-44e1-9a94-243d0afc442a ] Request (HypervisorAdminV253TestBase:test_list_show_detail_hypervisors): 200 GET http://10.180.1.21/compute/v2.1/os-hypervisors?with_servers=True 0.832s
2025-11-12 06:21:13.945 65738 INFO tempest.lib.common.rest_client [req-ee608296-aebb-44f0-a49c-74e37eb5a699 req-ee608296-aebb-44f0-a49c-74e37eb5a699 ] Request (ImagesTestJSON:test_create_image_from_stopped_server): 200 GET http://10.180.1.21/compute/v2.1/servers/a8aaa02e-00b3-4314-a475-30788907bdcf 0.728s
2025-11-12 06:21:14.008 65698 INFO tempest.lib.common.rest_client [req-ea6ec0ad-c52d-448a-bdd6-d493930c52c3 req-ea6ec0ad-c52d-448a-bdd6-d493930c52c3 ] Request (MigrationsAdminTest:test_resize_server_revert_deleted_flavor): 200 GET http://10.180.1.21/compute/v2.1/servers/04a61122-6cbf-4589-ab94-dbdd50d6990e 0.732s
2025-11-12 06:21:14.025 65706 INFO tempest.lib.common.rest_client [req-50893d31-67b1-41df-96e0-92febfe560f6 req-50893d31-67b1-41df-96e0-92febfe560f6 ] Request (ServersListShow298Test:test_list_show_update_rebuild_server_298): 200 GET http://10.180.1.21/compute/v2.1/servers/975df510-c5d7-4fa3-829f-7027b6efca7f 0.675s
2025-11-12 06:21:14.129 65712 INFO tempest.lib.common.rest_client [req-6ca9d6ce-acfe-416f-b2b2-bb3853e7528f req-6ca9d6ce-acfe-416f-b2b2-bb3853e7528f ] Request (MultipleCreateTestJSON:_run_cleanups): 200 GET http://10.180.1.21/compute/v2.1/servers/416b3ae6-0a81-4e65-a064-57f815b011e6 0.631s
2025-11-12 06:21:14.158 65722 INFO tempest.lib.common.rest_client [req-6a226f02-9aa9-4578-b1ba-b9febfc3a7e1 req-6a226f02-9aa9-4578-b1ba-b9febfc3a7e1 ] Request (ServerDiskConfigTestJSON:test_rebuild_server_with_manual_disk_config): 200 GET http://10.180.1.21/compute/v2.1/servers/3213e0b8-a28c-49de-aa07-33688fba741f 0.751s
2025-11-12 06:21:14.208 65732 INFO tempest.lib.common.rest_client [req-47ec2d7f-66cd-4943-bf8f-3c4137d2d565 req-47ec2d7f-66cd-4943-bf8f-3c4137d2d565 ] Request (SecurityGroupsTestJSON:test_security_groups_create_list_delete): 404 GET http://10.180.1.21/compute/v2.1/os-security-groups/3b4841ac-b66d-462b-9fb1-617183d722a4 0.627s
2025-11-12 06:21:14.236 65740 INFO tempest.lib.common.rest_client [req-16c3a2a6-4b2c-4065-a2a5-ebee63a70ef2 req-16c3a2a6-4b2c-4065-a2a5-ebee63a70ef2 ] Request (ServerRescueNegativeTestJSON:_run_cleanups): 200 GET http://10.180.1.21/compute/v2.1/servers/9541b14d-6694-45bf-841a-e62c058ee456 0.689s
2025-11-12 06:21:14.244 65740 INFO tempest.common.waiters [-] State transition "RESCUE/unrescuing" ==> "ACTIVE/None" after 4 second wait
2025-11-12 06:21:14.258 65728 INFO tempest.lib.common.rest_client [req-cb7b5c70-c97d-4dd0-a674-b84412c04c82 req-cb7b5c70-c97d-4dd0-a674-b84412c04c82 ] Request (FlavorsAdminTestJSON:_run_cleanups): 202 DELETE http://10.180.1.21/compute/v2.1/flavors/1861767164 0.639s
2025-11-12 06:21:14.270 65700 INFO tempest.lib.common.rest_client [req-3adc0a6b-d952-4535-9e37-666e34befe94 req-3adc0a6b-d952-4535-9e37-666e34befe94 ] Request (ServerDiagnosticsTest:tearDownClass): 200 GET http://10.180.1.21/compute/v2.1/servers/1ead1b86-639b-4442-9506-693e83c9faaa 0.672s
2025-11-12 06:21:14.324 65714 INFO tempest.lib.common.rest_client [req-43ac78a1-b720-4871-95bc-d15cdfaff745 req-43ac78a1-b720-4871-95bc-d15cdfaff745 ] Request (ServersV294TestFqdnHostnames:setUpClass): 200 GET http://10.180.1.21/compute/v2.1/servers/80ffb988-27f8-4979-9556-ef0c9c1481df 0.661s
2025-11-12 06:21:14.335 65742 INFO tempest.lib.common.rest_client [req-5d5a6a3d-8c17-4d7b-bf10-22104208895b req-5d5a6a3d-8c17-4d7b-bf10-22104208895b ] Request (ListImageFiltersTestJSON:setUpClass): 200 GET http://10.180.1.21/compute/v2.1/servers/d7f100b5-f3df-4b97-86d7-803ad1d535de 0.671s
2025-11-12 06:21:14.377 65744 INFO tempest.lib.common.rest_client [req-88508ba6-b0ed-4f9d-bc97-3fc6cb2abb6c req-88508ba6-b0ed-4f9d-bc97-3fc6cb2abb6c ] Request (AttachVolumeShelveTestJSON:test_attach_volume_shelved_or_offload_server): 200 GET http://10.180.1.21/compute/v2.1/servers/f5907fb8-678b-406e-b24b-b692d48dbbd5 0.663s
2025-11-12 06:21:14.387 65726 INFO tempest.lib.common.rest_client [req-38de8091-9d74-4868-be31-987afb7e0356 req-38de8091-9d74-4868-be31-987afb7e0356 ] Request (ListServersNegativeTestJSON:setUpClass): 200 GET http://10.180.1.21/compute/v2.1/servers/46bec4bf-925b-489a-b597-46ec5c438d97 0.655s
2025-11-12 06:21:14.405 65740 INFO tempest.lib.common.rest_client [req-759b9c7f-13be-4c09-bd07-8e1db065a501 req-759b9c7f-13be-4c09-bd07-8e1db065a501 ] Request (ServerRescueNegativeTestJSON:test_rescued_vm_detach_volume): 202 POST http://10.180.1.21/volume/v3/volumes 0.160s
2025-11-12 06:21:14.436 65720 INFO tempest.lib.common.rest_client [req-c3c01b11-2e0b-4444-9220-c9aa17fd500c req-c3c01b11-2e0b-4444-9220-c9aa17fd500c ] Request (ServersTestFqdnHostnames:tearDownClass): 200 GET http://10.180.1.21/compute/v2.1/servers/e10eedef-bfa6-4831-a6af-3845d25c35b6 0.663s
2025-11-12 06:21:14.438 65740 INFO tempest.lib.common.rest_client [req-dd871990-9512-4a3a-a237-abc138b49cc4 req-dd871990-9512-4a3a-a237-abc138b49cc4 ] Request (ServerRescueNegativeTestJSON:test_rescued_vm_detach_volume): 200 GET http://10.180.1.21/volume/v3/volumes/a290835a-b775-4319-9586-237125596215 0.026s
2025-11-12 06:21:14.452 65736 INFO tempest.lib.common.rest_client [req-09c32898-339b-4a17-84ba-9432f86e2b5d req-09c32898-339b-4a17-84ba-9432f86e2b5d ] Request (FloatingIPsAssociationTestJSON:tearDownClass): 200 GET http://10.180.1.21/compute/v2.1/servers/7f1bffb1-0581-4c04-bef9-b5d97170d5ae 0.617s
2025-11-12 06:21:14.637 65748 INFO tempest.lib.common.rest_client [req-e1b7bec5-0805-49c2-8190-7a0e8b8029b2 req-e1b7bec5-0805-49c2-8190-7a0e8b8029b2 ] Request (ServersTestBootFromVolume:tearDownClass): 200 GET http://10.180.1.21/compute/v2.1/servers/dfcb6eae-8eaf-45b1-a77c-13152dd7bf23 0.764s
2025-11-12 06:21:14.657 65718 INFO tempest.lib.common.rest_client [req-9508eb23-5620-432d-b6ad-ad9746318294 req-9508eb23-5620-432d-b6ad-ad9746318294 ] Request (HypervisorAdminV253TestBase:test_list_show_detail_hypervisors): 200 GET http://10.180.1.21/compute/v2.1/os-hypervisors/815e2be4-f27a-43e8-b3fb-a02fa5215b80 0.730s
2025-11-12 06:21:14.780 65718 INFO tempest.lib.common.rest_client [req-41392fd5-eac6-43a8-91a0-a14545fe72b9 req-41392fd5-eac6-43a8-91a0-a14545fe72b9 ] Request (HypervisorAdminV253TestBase:tearDownClass): 204 DELETE http://10.180.1.21/identity/v3/users/786ce7b9cc2c43508fbe5e7871ba5157 0.116s
2025-11-12 06:21:14.895 65718 INFO tempest.lib.common.rest_client [req-20201ca9-2b4f-4c42-bdbe-34fe835e38a0 req-20201ca9-2b4f-4c42-bdbe-34fe835e38a0 ] Request (HypervisorAdminV253TestBase:tearDownClass): 204 DELETE http://10.180.1.21/identity/v3/users/ffe32d2258be457d90bc18824447872e 0.115s
2025-11-12 06:21:14.895 65718 INFO tempest.lib.common.dynamic_creds [-] Deleting project and security group for project: 9815d05716504442a640e2f0a162c3f5
2025-11-12 06:21:14.945 65692 INFO tempest.lib.common.rest_client [req-c762734c-d648-4b66-9fda-3a0cc155f971 req-c762734c-d648-4b66-9fda-3a0cc155f971 ] Request (ListServerFiltersTestJSON:test_list_servers_detailed_filter_by_flavor): 200 GET http://10.180.1.21/compute/v2.1/servers/detail?flavor=84 1.094s
2025-11-12 06:21:14.981 65718 INFO tempest.lib.common.rest_client [req-b6a2a094-0b58-48fa-8b08-0924714c0b48 req-b6a2a094-0b58-48fa-8b08-0924714c0b48 ] Request (HypervisorAdminV253TestBase:tearDownClass): 201 POST http://10.180.1.21/identity/v3/auth/tokens 0.086s
2025-11-12 06:21:15.195 65718 INFO tempest.lib.common.rest_client [req-89436997-32af-4914-a392-a17c9481f737 req-89436997-32af-4914-a392-a17c9481f737 ] Request (HypervisorAdminV253TestBase:tearDownClass): 200 GET http://10.180.1.21/networking/v2.0/security-groups?tenant_id=9815d05716504442a640e2f0a162c3f5&name=default 0.213s
2025-11-12 06:21:15.217 65730 INFO tempest.lib.common.rest_client [req-8b611ec6-deb6-43cc-ad70-4cf361e158d7 req-8b611ec6-deb6-43cc-ad70-4cf361e158d7 ] Request (DeleteServersTestJSON:test_delete_active_server): 200 GET http://10.180.1.21/compute/v2.1/servers/32b795f0-b155-4758-95c2-20c16cc90c5d 1.105s
2025-11-12 06:21:15.242 65710 INFO tempest.lib.common.rest_client [req-cb3146a0-60c1-4c38-8696-7c3cfc375a03 req-cb3146a0-60c1-4c38-8696-7c3cfc375a03 ] Request (VolumesAdminNegativeTest:test_update_attached_volume_with_nonexistent_volume_in_uri): 200 GET http://10.180.1.21/compute/v2.1/servers/b42d6ed6-33a7-4a17-8e02-1bb6c2baa2a4 1.306s
2025-11-12 06:21:15.249 65710 INFO tempest.common.waiters [-] State transition "BUILD/networking" ==> "BUILD/spawning" after 30 second wait
2025-11-12 06:21:15.317 65718 INFO tempest.lib.common.rest_client [req-de70e862-05f2-45e2-a826-aeee913c6b4e req-de70e862-05f2-45e2-a826-aeee913c6b4e ] Request (HypervisorAdminV253TestBase:tearDownClass): 204 DELETE http://10.180.1.21/networking/v2.0/security-groups/6efe71d1-5629-466d-9af6-4b38d46a4d5b 0.122s
2025-11-12 06:21:15.406 65718 INFO tempest.lib.common.rest_client [req-d0ad9bc4-e9fe-478c-9107-daf87bb9dfbf req-d0ad9bc4-e9fe-478c-9107-daf87bb9dfbf ] Request (HypervisorAdminV253TestBase:tearDownClass): 204 DELETE http://10.180.1.21/identity/v3/projects/9815d05716504442a640e2f0a162c3f5 0.088s
2025-11-12 06:21:15.406 65718 INFO tempest.lib.common.dynamic_creds [-] Deleting project and security group for project: dbc3ccf57f214853989682af5a9c9a52
2025-11-12 06:21:15.435 65732 INFO tempest.lib.common.rest_client [req-da5e28c9-5a12-4de0-801f-3383f2c15f43 req-da5e28c9-5a12-4de0-801f-3383f2c15f43 ] Request (SecurityGroupsTestJSON:test_security_groups_create_list_delete): 202 DELETE http://10.180.1.21/compute/v2.1/os-security-groups/fc959f88-2479-4f1e-8b96-88e7e55001d7 1.226s
2025-11-12 06:21:15.479 65740 INFO tempest.lib.common.rest_client [req-79d514fb-cfbb-4910-aeca-e34ee4028b1d req-79d514fb-cfbb-4910-aeca-e34ee4028b1d ] Request (ServerRescueNegativeTestJSON:test_rescued_vm_detach_volume): 200 GET http://10.180.1.21/volume/v3/volumes/a290835a-b775-4319-9586-237125596215 0.033s
2025-11-12 06:21:15.486 65740 INFO tempest.common.waiters [-] volume a290835a-b775-4319-9586-237125596215 reached available after waiting for 1.486732 seconds
2025-11-12 06:21:15.521 65718 INFO tempest.lib.common.rest_client [req-f21e537b-b36a-4b5f-b887-045d09112f4f req-f21e537b-b36a-4b5f-b887-045d09112f4f ] Request (HypervisorAdminV253TestBase:tearDownClass): 200 GET http://10.180.1.21/networking/v2.0/security-groups?tenant_id=dbc3ccf57f214853989682af5a9c9a52&name=default 0.115s
2025-11-12 06:21:15.555 65716 INFO tempest.lib.common.rest_client [req-ed99fcc5-a671-4111-af53-ede01d70ce17 req-ed99fcc5-a671-4111-af53-ede01d70ce17 ] Request (ServersAdminTestJSON:test_inject_network_info): 200 GET http://10.180.1.21/compute/v2.1/servers/f46fa475-8312-4850-be83-323fbb030a05 1.356s
2025-11-12 06:21:15.578 65728 INFO tempest.lib.common.rest_client [req-294c5c1e-6ff9-43cd-85de-875600fd3a83 req-294c5c1e-6ff9-43cd-85de-875600fd3a83 ] Request (FlavorsAdminTestJSON:_run_cleanups): 200 GET http://10.180.1.21/compute/v2.1/flavors/detail 1.319s
2025-11-12 06:21:15.587 65694 INFO tempest.lib.common.rest_client [req-3930a85c-1656-4608-977d-3a4de71613c7 req-3930a85c-1656-4608-977d-3a4de71613c7 ] Request (ImagesOneServerTestJSON:test_create_image_specify_multibyte_character_image_name): 200 GET http://10.180.1.21/compute/v2.1/servers/130fc785-e077-45ee-bd54-e0dad3562b90 1.352s
2025-11-12 06:21:15.595 65694 INFO tempest.common.waiters [-] State transition "ACTIVE/image_uploading" ==> "ACTIVE/None" after 2 second wait
2025-11-12 06:21:15.637 65718 INFO tempest.lib.common.rest_client [req-12792524-43e2-4a7b-a00f-65cfc6e53724 req-12792524-43e2-4a7b-a00f-65cfc6e53724 ] Request (HypervisorAdminV253TestBase:tearDownClass): 204 DELETE http://10.180.1.21/networking/v2.0/security-groups/dca6ddb6-65fc-4590-ae01-7647e1ac76cf 0.115s
2025-11-12 06:21:15.658 65702 INFO tempest.lib.common.rest_client [req-b9a0c49b-4c74-4711-ba04-a8dd2af96cdd req-b9a0c49b-4c74-4711-ba04-a8dd2af96cdd ] Request (AttachInterfacesUnderV243Test:_run_cleanups): 200 GET http://10.180.1.21/compute/v2.1/servers/16137cc6-cee9-4fec-97e8-ae8cfba05a9c 1.280s
2025-11-12 06:21:15.674 65708 INFO tempest.lib.common.rest_client [req-ca83bbb2-80a4-4394-8366-2715ae737486 req-ca83bbb2-80a4-4394-8366-2715ae737486 ] Request (ServerRescueTestJSONUnderV235:tearDownClass): 200 GET http://10.180.1.21/compute/v2.1/servers/9edeca4a-c476-479c-8560-c9a67857194a 1.372s
2025-11-12 06:21:15.730 65724 INFO tempest.lib.common.rest_client [req-02256ab3-ea58-4ca5-9d5a-67375dbf5ca8 req-02256ab3-ea58-4ca5-9d5a-67375dbf5ca8 ] Request (ImagesOneServerNegativeTestJSON:_run_cleanups): 200 GET http://10.180.1.21/compute/v2.1/servers/7b3e8ef8-e226-4776-9901-9eb7478c2acf 1.260s
2025-11-12 06:21:15.739 65718 INFO tempest.lib.common.rest_client [req-d8699fd8-8218-401d-b1df-6b0730c446e0 req-d8699fd8-8218-401d-b1df-6b0730c446e0 ] Request (HypervisorAdminV253TestBase:tearDownClass): 204 DELETE http://10.180.1.21/identity/v3/projects/dbc3ccf57f214853989682af5a9c9a52 0.101s
2025-11-12 06:21:15.740 65718 INFO tempest.test [-] raised in SpiceDirectConsoleTestJSON.setUpClass. Invoking tearDownClass.
2025-11-12 06:21:15.756 65754 INFO tempest.lib.common.rest_client [req-f2210866-148b-4834-a571-e9936c8a85bc req-f2210866-148b-4834-a571-e9936c8a85bc ] Request (ServersAdmin275Test:tearDownClass): 200 GET http://10.180.1.21/compute/v2.1/servers/6122602d-e393-4da4-af77-9ec57755e6a7 1.132s
2025-11-12 06:21:15.806 65752 INFO tempest.lib.common.rest_client [req-7631ddff-a46e-4fc4-b957-b610370126ae req-7631ddff-a46e-4fc4-b957-b610370126ae ] Request (VolumesAssistedSnapshotsTest:tearDownClass): 200 GET http://10.180.1.21/compute/v2.1/servers/9299378d-4537-4e61-b1f9-d09a3f690d99 1.074s
2025-11-12 06:21:15.840 65718 INFO tempest.lib.common.rest_client [req-b6b1be2b-6bd3-4c52-990b-83725fade8a0 req-b6b1be2b-6bd3-4c52-990b-83725fade8a0 ] Request (VolumesNegativeTest:setUpClass): 201 POST http://10.180.1.21/identity/v3/auth/tokens 0.097s
2025-11-12 06:21:15.908 65750 INFO tempest.lib.common.rest_client [req-336d883c-80c8-4072-98e4-57361043682e req-336d883c-80c8-4072-98e4-57361043682e ] Request (InstanceActionsTestJSON:setUpClass): 200 GET http://10.180.1.21/compute/v2.1/servers/9736242b-03cf-403a-a3ec-5be482c3e619 1.151s
2025-11-12 06:21:15.914 65718 INFO tempest.lib.common.rest_client [req-4d797319-8cb3-4ac3-8780-6be8395b8205 req-4d797319-8cb3-4ac3-8780-6be8395b8205 ] Request (VolumesNegativeTest:setUpClass): 201 POST http://10.180.1.21/identity/v3/auth/tokens 0.070s
2025-11-12 06:21:15.929 65746 INFO tempest.lib.common.rest_client [req-5f6f30a8-7fa2-4a99-9cfe-9587a8a07bbd req-5f6f30a8-7fa2-4a99-9cfe-9587a8a07bbd ] Request (ServerDiagnosticsV248Test:test_get_server_diagnostics): 200 GET http://10.180.1.21/compute/v2.1/servers/7cb7e9c1-6eb9-4fd6-b5df-df8746b73738 1.103s
2025-11-12 06:21:15.981 65718 INFO tempest.lib.common.rest_client [req-6966123e-d892-477a-88e6-a6fc3635ccbd req-6966123e-d892-477a-88e6-a6fc3635ccbd ] Request (VolumesNegativeTest:setUpClass): 200 GET http://10.180.1.21/identity/v3/domains?name=Default 0.067s
2025-11-12 06:21:16.000 65704 INFO paramiko.transport [-] Connected (version 2.0, client dropbear_2020.81)
2025-11-12 06:21:16.011 65734 INFO tempest.lib.common.rest_client [req-00fd0e20-4baf-49a9-97ff-d8a9c267802f req-00fd0e20-4baf-49a9-97ff-d8a9c267802f ] Request (ServersAdminNegativeTestJSON:test_migrate_server_invalid_state): 200 GET http://10.180.1.21/compute/v2.1/servers/7bf478ff-b219-4ae5-a0a1-6e1a3f15aa0a 1.125s
2025-11-12 06:21:16.026 65718 INFO tempest.lib.common.rest_client [req-bdff8a09-473f-4c66-a7eb-c260ac1dfebc req-bdff8a09-473f-4c66-a7eb-c260ac1dfebc ] Request (VolumesNegativeTest:setUpClass): 201 POST http://10.180.1.21/identity/v3/projects 0.044s
2025-11-12 06:21:16.046 65738 INFO tempest.lib.common.rest_client [req-84dd78ee-4f11-4bf4-a25a-ca17b44dbc8c req-84dd78ee-4f11-4bf4-a25a-ca17b44dbc8c ] Request (ImagesTestJSON:test_create_image_from_stopped_server): 200 GET http://10.180.1.21/compute/v2.1/servers/a8aaa02e-00b3-4314-a475-30788907bdcf 1.088s
2025-11-12 06:21:16.076 65704 INFO paramiko.transport [-] Authentication (publickey) successful!
2025-11-12 06:21:16.077 65704 INFO tempest.lib.common.ssh [-] ssh connection to cirros@10.180.180.216 successfully created
2025-11-12 06:21:16.112 65698 INFO tempest.lib.common.rest_client [req-62c3057a-6d06-46af-810a-12337e978bec req-62c3057a-6d06-46af-810a-12337e978bec ] Request (MigrationsAdminTest:test_resize_server_revert_deleted_flavor): 200 GET http://10.180.1.21/compute/v2.1/servers/04a61122-6cbf-4589-ab94-dbdd50d6990e 1.096s
2025-11-12 06:21:16.131 65718 INFO tempest.lib.common.rest_client [req-d3a49b31-8331-4d9f-ae48-40767b0c1e07 req-d3a49b31-8331-4d9f-ae48-40767b0c1e07 ] Request (VolumesNegativeTest:setUpClass): 201 POST http://10.180.1.21/identity/v3/users 0.104s
2025-11-12 06:21:16.167 65718 INFO tempest.lib.common.rest_client [req-c4d1ad53-0151-4e1b-a816-ed706c85fecf req-c4d1ad53-0151-4e1b-a816-ed706c85fecf ] Request (VolumesNegativeTest:setUpClass): 200 GET http://10.180.1.21/identity/v3/roles 0.035s
2025-11-12 06:21:16.209 65706 INFO tempest.lib.common.rest_client [req-bb83306b-9835-44f1-ad58-bef1643f9f59 req-bb83306b-9835-44f1-ad58-bef1643f9f59 ] Request (ServersListShow298Test:test_list_show_update_rebuild_server_298): 200 GET http://10.180.1.21/compute/v2.1/servers/975df510-c5d7-4fa3-829f-7027b6efca7f 1.169s
2025-11-12 06:21:16.217 65718 INFO tempest.lib.common.rest_client [req-c1f81de0-135d-48ea-80a4-b16d7ae8b190 req-c1f81de0-135d-48ea-80a4-b16d7ae8b190 ] Request (VolumesNegativeTest:setUpClass): 204 PUT http://10.180.1.21/identity/v3/projects/fb80c1d6630446f5a066db2d7cb212ce/users/fa0c740b634c4a75b9165f788c8276b7/roles/d5f563bb887e4a55a4fbecf558ce5784 0.049s
2025-11-12 06:21:16.217 65718 INFO tempest.lib.common.dynamic_creds [-] Dynamic test user fa0c740b634c4a75b9165f788c8276b7 is created with scope project and roles: ['member']
2025-11-12 06:21:16.217 65718 INFO tempest.lib.common.dynamic_creds [-] Acquired dynamic creds: credentials: Credentials: {'domain_id': 'default', 'domain_name': 'Default', 'username': 'tempest-VolumesNegativeTest-2005130941-project-member', 'project_domain_id': 'default', 'project_domain_name': 'Default', 'project_id': 'fb80c1d6630446f5a066db2d7cb212ce', 'project_name': 'tempest-VolumesNegativeTest-2005130941', 'tenant_id': 'fb80c1d6630446f5a066db2d7cb212ce', 'tenant_name': 'tempest-VolumesNegativeTest-2005130941', 'user_domain_id': 'default', 'user_domain_name': 'Default', 'user_id': 'fa0c740b634c4a75b9165f788c8276b7', 'system': None}, Network: None, Subnet: None, Router: None
2025-11-12 06:21:16.217 65718 INFO tempest.lib.common.dynamic_creds [-] Created isolated network resources for: credentials: Credentials: {'domain_id': 'default', 'domain_name': 'Default', 'username': 'tempest-VolumesNegativeTest-2005130941-project-member', 'project_domain_id': 'default', 'project_domain_name': 'Default', 'project_id': 'fb80c1d6630446f5a066db2d7cb212ce', 'project_name': 'tempest-VolumesNegativeTest-2005130941', 'tenant_id': 'fb80c1d6630446f5a066db2d7cb212ce', 'tenant_name': 'tempest-VolumesNegativeTest-2005130941', 'user_domain_id': 'default', 'user_domain_name': 'Default', 'user_id': 'fa0c740b634c4a75b9165f788c8276b7', 'system': None}, Network: None, Subnet: None, Router: None
2025-11-12 06:21:16.278 65712 INFO tempest.lib.common.rest_client [req-0abfff07-58e0-4f7f-8e24-6563d25e840c req-0abfff07-58e0-4f7f-8e24-6563d25e840c ] Request (MultipleCreateTestJSON:_run_cleanups): 200 GET http://10.180.1.21/compute/v2.1/servers/416b3ae6-0a81-4e65-a064-57f815b011e6 1.141s
2025-11-12 06:21:16.299 65692 INFO tempest.lib.common.rest_client [req-8f2bfb9e-cb51-49d5-a438-e11d1ba2a03a req-8f2bfb9e-cb51-49d5-a438-e11d1ba2a03a ] Request (ListServerFiltersTestJSON:test_list_servers_detailed_filter_by_server_name): 200 GET http://10.180.1.21/compute/v2.1/servers/detail?name=tempest-ListServerFiltersTestJSON-instance-64658633 1.341s
2025-11-12 06:21:16.300 65718 INFO tempest.lib.common.rest_client [req-7bfc47fe-e6e8-4b0d-a938-45250b12b22e req-7bfc47fe-e6e8-4b0d-a938-45250b12b22e ] Request (VolumesNegativeTest:setUpClass): 201 POST http://10.180.1.21/identity/v3/auth/tokens 0.078s
2025-11-12 06:21:16.391 65700 INFO tempest.lib.common.rest_client [req-3cb356a7-6abe-4404-9020-05bcfc7eafa4 req-3cb356a7-6abe-4404-9020-05bcfc7eafa4 ] Request (ServerDiagnosticsTest:tearDownClass): 200 GET http://10.180.1.21/compute/v2.1/servers/1ead1b86-639b-4442-9506-693e83c9faaa 1.109s
2025-11-12 06:21:16.392 65722 INFO tempest.lib.common.rest_client [req-beb5cfba-1537-42d0-99fe-d3be9d1c0d3e req-beb5cfba-1537-42d0-99fe-d3be9d1c0d3e ] Request (ServerDiskConfigTestJSON:test_rebuild_server_with_manual_disk_config): 200 GET http://10.180.1.21/compute/v2.1/servers/3213e0b8-a28c-49de-aa07-33688fba741f 1.226s
2025-11-12 06:21:16.404 65722 INFO tempest.common.waiters [-] State transition "REBUILD/rebuilding" ==> "REBUILD/rebuild_block_device_mapping" after 2 second wait
2025-11-12 06:21:16.451 65742 INFO tempest.lib.common.rest_client [req-e92d392f-085f-425c-8da4-f0f772758558 req-e92d392f-085f-425c-8da4-f0f772758558 ] Request (ListImageFiltersTestJSON:setUpClass): 200 GET http://10.180.1.21/compute/v2.1/servers/d7f100b5-f3df-4b97-86d7-803ad1d535de 1.108s
2025-11-12 06:21:16.468 65714 INFO tempest.lib.common.rest_client [req-cf236c34-cde0-4e90-b0fe-b3e4a1cc2d6a req-cf236c34-cde0-4e90-b0fe-b3e4a1cc2d6a ] Request (ServersV294TestFqdnHostnames:setUpClass): 200 GET http://10.180.1.21/compute/v2.1/servers/80ffb988-27f8-4979-9556-ef0c9c1481df 1.133s
