2025-11-12 06:20:11.913 65710 INFO tempest.lib.common.rest_client [req-cf34ee39-01b8-4097-98a2-39e5c10bdeaf req-cf34ee39-01b8-4097-98a2-39e5c10bdeaf ] Request (QuotasAdminNegativeTest:test_create_server_when_memory_quota_is_full): 201 POST http://10.180.1.21/identity/v3/auth/tokens 0.139s
2025-11-12 06:20:11.913 65710 INFO tempest.lib.common.fixed_network [-] (QuotasAdminNegativeTest:test_create_server_when_memory_quota_is_full) Found network None available for tenant
2025-11-12 06:20:11.948 65730 INFO tempest.lib.common.rest_client [req-ad544fb9-2869-4e36-b17c-0ca7ce82c8ad req-ad544fb9-2869-4e36-b17c-0ca7ce82c8ad ] Request (DeleteServersTestJSON:setUpClass): 201 POST http://10.180.1.21/identity/v3/users 0.127s
2025-11-12 06:20:11.975 65730 INFO tempest.lib.common.rest_client [req-9f64564d-0423-4992-b943-0111fc22ef03 req-9f64564d-0423-4992-b943-0111fc22ef03 ] Request (DeleteServersTestJSON:setUpClass): 200 GET http://10.180.1.21/identity/v3/roles 0.026s
2025-11-12 06:20:12.026 65730 INFO tempest.lib.common.rest_client [req-e4408777-c6a1-4031-b174-6b55f2669187 req-e4408777-c6a1-4031-b174-6b55f2669187 ] Request (DeleteServersTestJSON:setUpClass): 204 PUT http://10.180.1.21/identity/v3/projects/5ae4dbabfb8c4137971c074055ef6834/users/91f775be0bca4bcdb53be271060cd986/roles/d5f563bb887e4a55a4fbecf558ce5784 0.050s
2025-11-12 06:20:12.027 65730 INFO tempest.lib.common.dynamic_creds [-] Dynamic test user 91f775be0bca4bcdb53be271060cd986 is created with scope project and roles: ['member']
2025-11-12 06:20:12.027 65730 INFO tempest.lib.common.dynamic_creds [-] Acquired dynamic creds: credentials: Credentials: {'domain_id': 'default', 'domain_name': 'Default', 'username': 'tempest-DeleteServersTestJSON-558004222-project-member', 'project_domain_id': 'default', 'project_domain_name': 'Default', 'project_id': '5ae4dbabfb8c4137971c074055ef6834', 'project_name': 'tempest-DeleteServersTestJSON-558004222', 'tenant_id': '5ae4dbabfb8c4137971c074055ef6834', 'tenant_name': 'tempest-DeleteServersTestJSON-558004222', 'user_domain_id': 'default', 'user_domain_name': 'Default', 'user_id': '91f775be0bca4bcdb53be271060cd986', 'system': None}, Network: None, Subnet: None, Router: None
2025-11-12 06:20:12.068 65694 INFO tempest.lib.common.rest_client [req-c70999a4-bfdb-4a26-9f3c-12882054701e req-c70999a4-bfdb-4a26-9f3c-12882054701e ] Request (ImagesOneServerTestJSON:setUpClass): 200 GET http://10.180.1.21/compute/v2.1/servers/130fc785-e077-45ee-bd54-e0dad3562b90 3.197s
2025-11-12 06:20:12.120 65730 INFO tempest.lib.common.rest_client [req-4143a669-38dd-4f91-8c4e-1a044b0c0f5e req-4143a669-38dd-4f91-8c4e-1a044b0c0f5e ] Request (DeleteServersTestJSON:setUpClass): 201 POST http://10.180.1.21/identity/v3/auth/tokens 0.093s
2025-11-12 06:20:12.178 65718 INFO tempest.lib.common.rest_client [req-96d99edd-6808-497b-87fc-725c4ae517b5 req-96d99edd-6808-497b-87fc-725c4ae517b5 ] Request (DeleteServersAdminTestJSON:test_delete_server_while_in_error_state): 204 DELETE http://10.180.1.21/compute/v2.1/servers/a522225e-cca1-4332-966b-c2abcdf67c53 2.803s
2025-11-12 06:20:12.538 65752 INFO tempest.lib.common.rest_client [req-2c96d666-03c6-4ff0-9c49-6961c5f4df01 req-2c96d666-03c6-4ff0-9c49-6961c5f4df01 ] Request (VolumesAssistedSnapshotsTest:test_volume_assisted_snapshot_create_delete): 200 GET http://10.180.1.21/volume/v3/volumes/4c9c7db3-6f43-4d7d-b1e1-6c9f2a1cc209 0.040s
2025-11-12 06:20:12.550 65730 INFO tempest.lib.common.rest_client [req-84e57693-fa23-40d9-a189-80548a108819 req-84e57693-fa23-40d9-a189-80548a108819 ] Request (DeleteServersTestJSON:setUpClass): 201 POST http://10.180.1.21/networking/v2.0/networks 0.428s
2025-11-12 06:20:12.699 65696 INFO tempest.lib.common.rest_client [req-22ec57a7-0ff4-47cf-b837-4d20a8baeebd req-22ec57a7-0ff4-47cf-b837-4d20a8baeebd ] Request (ServerGroup264TestJSON:setUpClass): 201 POST http://10.180.1.21/networking/v2.0/routers 0.903s
2025-11-12 06:20:12.797 65706 INFO tempest.lib.common.rest_client [req-7f1eb195-26c4-4302-a380-758f27b04ca7 req-7f1eb195-26c4-4302-a380-758f27b04ca7 ] Request (InstanceActionsV221TestJSON:test_get_list_deleted_instance_actions): 200 GET http://10.180.1.21/compute/v2.1/servers/03a613ae-2cd9-4bf5-bc61-32f692493661 3.348s
2025-11-12 06:20:12.909 65730 INFO tempest.lib.common.rest_client [req-6b84823d-99d1-4f45-bc56-068578d21ac5 req-6b84823d-99d1-4f45-bc56-068578d21ac5 ] Request (DeleteServersTestJSON:setUpClass): 201 POST http://10.180.1.21/networking/v2.0/subnets 0.359s
2025-11-12 06:20:13.040 65732 INFO tempest.lib.common.rest_client [req-698fd49c-7437-4b52-9628-94abfcd8e618 req-698fd49c-7437-4b52-9628-94abfcd8e618 ] Request (SecurityGroupsTestJSON:test_list_security_groups_by_server): 202 POST http://10.180.1.21/compute/v2.1/servers 4.033s
2025-11-12 06:20:13.592 65752 INFO tempest.lib.common.rest_client [req-4ddc01ee-c758-46e2-8f8a-05ef0294ecbf req-4ddc01ee-c758-46e2-8f8a-05ef0294ecbf ] Request (VolumesAssistedSnapshotsTest:test_volume_assisted_snapshot_create_delete): 200 GET http://10.180.1.21/volume/v3/volumes/4c9c7db3-6f43-4d7d-b1e1-6c9f2a1cc209 0.046s
2025-11-12 06:20:14.030 65696 INFO tempest.lib.common.rest_client [req-9a4e3d48-40bb-4c1b-ad9c-dbb205a5ff1a req-9a4e3d48-40bb-4c1b-ad9c-dbb205a5ff1a ] Request (ServerGroup264TestJSON:setUpClass): 200 PUT http://10.180.1.21/networking/v2.0/routers/4f46c61f-038d-48eb-831b-a2e41bb2108b/add_router_interface 1.330s
2025-11-12 06:20:14.031 65696 INFO tempest.lib.common.dynamic_creds [-] Created isolated network resources for: credentials: Credentials: {'domain_id': 'default', 'domain_name': 'Default', 'username': 'tempest-ServerGroup264TestJSON-117234010-project-member', 'project_domain_id': 'default', 'project_domain_name': 'Default', 'project_id': '6457b38563a84f64886354d95b1df06c', 'project_name': 'tempest-ServerGroup264TestJSON-117234010', 'tenant_id': '6457b38563a84f64886354d95b1df06c', 'tenant_name': 'tempest-ServerGroup264TestJSON-117234010', 'user_domain_id': 'default', 'user_domain_name': 'Default', 'user_id': 'dace168562cb4286a31a3266cb558bf5', 'system': None}, Network: {'id': '6637ab3a-eea0-4c36-9821-a8bde9d5d4df', 'name': 'tempest-ServerGroup264TestJSON-650846724-network', 'tenant_id': '6457b38563a84f64886354d95b1df06c', 'project_id': '6457b38563a84f64886354d95b1df06c', 'admin_state_up': True, 'mtu': 8950, 'status': 'ACTIVE', 'subnets': [], 'shared': False, 'port_security_enabled': True, 'router:external': False, 'provider:network_type': 'vlan', 'provider:physical_network': 'default', 'provider:segmentation_id': 963, 'availability_zone_hints': [], 'availability_zones': [], 'ipv4_address_scope': None, 'ipv6_address_scope': None, 'description': '', 'tags': [], 'created_at': '2025-11-12T06:20:11Z', 'updated_at': '2025-11-12T06:20:11Z', 'revision_number': 1}, Subnet: {'id': 'a530cd90-6c40-4f14-88e5-b7d52ebc5672', 'name': 'tempest-ServerGroup264TestJSON-650846724-subnet', 'tenant_id': '6457b38563a84f64886354d95b1df06c', 'network_id': '6637ab3a-eea0-4c36-9821-a8bde9d5d4df', 'ip_version': 4, 'subnetpool_id': None, 'enable_dhcp': True, 'ipv6_ra_mode': None, 'ipv6_address_mode': None, 'gateway_ip': '192.168.128.1', 'cidr': '192.168.128.0/28', 'allocation_pools': [{'start': '192.168.128.2', 'end': '192.168.128.14'}], 'host_routes': [], 'dns_nameservers': [], 'description': '', 'router:external': False, 'service_types': [], 'tags': [], 'created_at': '2025-11-12T06:20:11Z', 'updated_at': '2025-11-12T06:20:11Z', 'revision_number': 0, 'project_id': '6457b38563a84f64886354d95b1df06c'}, Router: {'id': '4f46c61f-038d-48eb-831b-a2e41bb2108b', 'name': 'tempest-ServerGroup264TestJSON-650846724-router', 'tenant_id': '6457b38563a84f64886354d95b1df06c', 'admin_state_up': True, 'status': 'ACTIVE', 'external_gateway_info': {'network_id': 'b32da74b-8731-4e60-881a-0b9990c15afb', 'external_fixed_ips': [{'subnet_id': '5ae2af40-4738-48c3-aa81-13f67878b6c2', 'ip_address': '10.180.180.131'}], 'enable_snat': True}, 'description': '', 'availability_zones': [], 'distributed': False, 'ha': False, 'availability_zone_hints': [], 'routes': [], 'flavor_id': None, 'tags': [], 'created_at': '2025-11-12T06:20:11Z', 'updated_at': '2025-11-12T06:20:12Z', 'revision_number': 2, 'project_id': '6457b38563a84f64886354d95b1df06c'}
2025-11-12 06:20:14.142 65696 INFO tempest.lib.common.rest_client [req-beb0a34f-562b-4dea-aa84-50bd911e3ca2 req-beb0a34f-562b-4dea-aa84-50bd911e3ca2 ] Request (ServerGroup264TestJSON:setUpClass): 201 POST http://10.180.1.21/identity/v3/auth/tokens 0.106s
2025-11-12 06:20:14.163 65730 INFO tempest.lib.common.rest_client [req-4634c950-d548-4541-bab3-d170665a97ff req-4634c950-d548-4541-bab3-d170665a97ff ] Request (DeleteServersTestJSON:setUpClass): 201 POST http://10.180.1.21/networking/v2.0/routers 1.252s
2025-11-12 06:20:14.268 65712 INFO tempest.lib.common.rest_client [req-ad44f4e6-81b9-4536-8a32-47677786b322 req-ad44f4e6-81b9-4536-8a32-47677786b322 ] Request (MultipleCreateTestJSON:test_multiple_create): 200 GET http://10.180.1.21/compute/v2.1/servers/416b3ae6-0a81-4e65-a064-57f815b011e6 4.690s
2025-11-12 06:20:14.277 65712 INFO tempest.common.waiters [-] State transition "BUILD/networking" ==> "BUILD/spawning" after 11 second wait
2025-11-12 06:20:14.457 65744 INFO tempest.lib.common.rest_client [req-42c83f22-3941-4383-8616-daa336acd48e req-42c83f22-3941-4383-8616-daa336acd48e ] Request (SecurityGroupRulesTestJSON:tearDownClass): 404 DELETE http://10.180.1.21/compute/v2.1/os-security-groups/af66fb32-d293-4dc2-bcc6-87732e85a15a 4.412s
2025-11-12 06:20:14.503 65714 INFO tempest.lib.common.rest_client [req-bbcaa6d3-fb32-4499-bdb0-f89a7ffe74ff req-bbcaa6d3-fb32-4499-bdb0-f89a7ffe74ff ] Request (FlavorsV2TestJSON:test_list_flavors_detailed_using_marker): 200 GET http://10.180.1.21/compute/v2.1/flavors/detail?marker=42 4.401s
2025-11-12 06:20:14.528 65750 INFO tempest.lib.common.rest_client [req-8e4d4570-f7cc-452a-8560-da7c46697064 req-8e4d4570-f7cc-452a-8560-da7c46697064 ] Request (ServicesAdminNegativeV253TestJSON:test_get_service_with_valid_service_and_invalid_host): 200 GET http://10.180.1.21/compute/v2.1/os-services?host=xxx&binary=nova-scheduler 4.400s
2025-11-12 06:20:14.642 65752 INFO tempest.lib.common.rest_client [req-29419891-98d6-4ca5-8d10-240d93606291 req-29419891-98d6-4ca5-8d10-240d93606291 ] Request (VolumesAssistedSnapshotsTest:test_volume_assisted_snapshot_create_delete): 200 GET http://10.180.1.21/volume/v3/volumes/4c9c7db3-6f43-4d7d-b1e1-6c9f2a1cc209 0.041s
2025-11-12 06:20:14.680 65692 INFO tempest.lib.common.rest_client [req-e113a07b-3734-464d-a403-50bb38ee7093 req-e113a07b-3734-464d-a403-50bb38ee7093 ] Request (ListServerFiltersTestJSON:setUpClass): 202 POST http://10.180.1.21/compute/v2.1/servers 4.945s
2025-11-12 06:20:14.734 65692 INFO tempest.lib.common.rest_client [req-baf4667b-ffff-472b-82eb-1a9e14255c1b req-baf4667b-ffff-472b-82eb-1a9e14255c1b ] Request (ListServerFiltersTestJSON:setUpClass): 201 POST http://10.180.1.21/identity/v3/auth/tokens 0.050s
2025-11-12 06:20:14.734 65692 INFO tempest.lib.common.fixed_network [-] (ListServerFiltersTestJSON:setUpClass) Found network {'id': '92a82468-d38f-4b98-8a58-ca64a60c855c', 'name': 'tempest-ListServerFiltersTestJSON-61209304-network', 'tenant_id': '05fc728f11bf47ba848529f0ea80862e', 'project_id': '05fc728f11bf47ba848529f0ea80862e', 'admin_state_up': True, 'mtu': 8950, 'status': 'ACTIVE', 'subnets': [], 'shared': False, 'port_security_enabled': True, 'router:external': False, 'provider:network_type': 'vlan', 'provider:physical_network': 'default', 'provider:segmentation_id': 67, 'availability_zone_hints': [], 'availability_zones': [], 'ipv4_address_scope': None, 'ipv6_address_scope': None, 'description': '', 'tags': [], 'created_at': '2025-11-12T06:20:09Z', 'updated_at': '2025-11-12T06:20:09Z', 'revision_number': 1} available for tenant
2025-11-12 06:20:14.738 65742 INFO tempest.lib.common.rest_client [req-3a5d6be0-b3a3-4ac2-aa6a-2ea6b40b75c5 req-3a5d6be0-b3a3-4ac2-aa6a-2ea6b40b75c5 ] Request (ImagesMetadataTestJSON:test_set_image_metadata): 200 GET http://10.180.1.21/compute/v2.1/images/def9da77-8662-4f64-a6a6-115eb7fb4da3/metadata 4.239s
2025-11-12 06:20:14.770 65728 INFO tempest.lib.common.rest_client [req-ca602c00-3367-4426-b6fc-3a164ef692d4 req-ca602c00-3367-4426-b6fc-3a164ef692d4 ] Request (FlavorsAdminTestJSON:_run_cleanups): 200 GET http://10.180.1.21/compute/v2.1/flavors/detail 4.241s
2025-11-12 06:20:14.807 65746 INFO tempest.lib.common.rest_client [req-e0c91c18-7ec2-43e6-9674-2ef8cdeffee1 req-e0c91c18-7ec2-43e6-9674-2ef8cdeffee1 ] Request (FlavorsAccessNegativeTestJSON:_run_cleanups): 200 GET http://10.180.1.21/compute/v2.1/flavors/detail 4.255s
2025-11-12 06:20:15.106 65720 WARNING tempest.lib.common.ssh [-] Failed to establish authenticated ssh connection to cirros@10.180.180.185 ([Errno None] Unable to connect to port 22 on 10.180.180.185). Number attempts: 5. Retry after 6 seconds.: paramiko.ssh_exception.NoValidConnectionsError: [Errno None] Unable to connect to port 22 on 10.180.180.185
2025-11-12 06:20:15.124 65738 INFO tempest.lib.common.rest_client [req-a0175a26-564f-44a2-bb01-1c5b908b2b2b req-a0175a26-564f-44a2-bb01-1c5b908b2b2b ] Request (FloatingIPsAssociationNegativeTestJSON:test_associate_nonexistent_floating_ip): 404 POST http://10.180.1.21/compute/v2.1/servers/97cd7275-008f-4336-9ad7-730029e211d2/action 4.886s
2025-11-12 06:20:15.347 65730 INFO tempest.lib.common.rest_client [req-5ab8e444-93d1-484d-9fd9-660a08a33253 req-5ab8e444-93d1-484d-9fd9-660a08a33253 ] Request (DeleteServersTestJSON:setUpClass): 200 PUT http://10.180.1.21/networking/v2.0/routers/1849c607-6159-4e20-9894-f7a907f0616d/add_router_interface 1.183s
2025-11-12 06:20:15.347 65730 INFO tempest.lib.common.dynamic_creds [-] Created isolated network resources for: credentials: Credentials: {'domain_id': 'default', 'domain_name': 'Default', 'username': 'tempest-DeleteServersTestJSON-558004222-project-member', 'project_domain_id': 'default', 'project_domain_name': 'Default', 'project_id': '5ae4dbabfb8c4137971c074055ef6834', 'project_name': 'tempest-DeleteServersTestJSON-558004222', 'tenant_id': '5ae4dbabfb8c4137971c074055ef6834', 'tenant_name': 'tempest-DeleteServersTestJSON-558004222', 'user_domain_id': 'default', 'user_domain_name': 'Default', 'user_id': '91f775be0bca4bcdb53be271060cd986', 'system': None}, Network: {'id': '66112d4f-786a-4f03-a4c3-2f6e79238b3b', 'name': 'tempest-DeleteServersTestJSON-214559889-network', 'tenant_id': '5ae4dbabfb8c4137971c074055ef6834', 'project_id': '5ae4dbabfb8c4137971c074055ef6834', 'admin_state_up': True, 'mtu': 8950, 'status': 'ACTIVE', 'subnets': [], 'shared': False, 'port_security_enabled': True, 'router:external': False, 'provider:network_type': 'vlan', 'provider:physical_network': 'default', 'provider:segmentation_id': 59, 'availability_zone_hints': [], 'availability_zones': [], 'ipv4_address_scope': None, 'ipv6_address_scope': None, 'description': '', 'tags': [], 'created_at': '2025-11-12T06:20:12Z', 'updated_at': '2025-11-12T06:20:12Z', 'revision_number': 1}, Subnet: {'id': '13ccb00a-9b6f-441c-8967-3066b66fbdda', 'name': 'tempest-DeleteServersTestJSON-214559889-subnet', 'tenant_id': '5ae4dbabfb8c4137971c074055ef6834', 'network_id': '66112d4f-786a-4f03-a4c3-2f6e79238b3b', 'ip_version': 4, 'subnetpool_id': None, 'enable_dhcp': True, 'ipv6_ra_mode': None, 'ipv6_address_mode': None, 'gateway_ip': '192.168.128.1', 'cidr': '192.168.128.0/28', 'allocation_pools': [{'start': '192.168.128.2', 'end': '192.168.128.14'}], 'host_routes': [], 'dns_nameservers': [], 'description': '', 'router:external': False, 'service_types': [], 'tags': [], 'created_at': '2025-11-12T06:20:12Z', 'updated_at': '2025-11-12T06:20:12Z', 'revision_number': 0, 'project_id': '5ae4dbabfb8c4137971c074055ef6834'}, Router: {'id': '1849c607-6159-4e20-9894-f7a907f0616d', 'name': 'tempest-DeleteServersTestJSON-214559889-router', 'tenant_id': '5ae4dbabfb8c4137971c074055ef6834', 'admin_state_up': True, 'status': 'ACTIVE', 'external_gateway_info': {'network_id': 'b32da74b-8731-4e60-881a-0b9990c15afb', 'external_fixed_ips': [{'subnet_id': '5ae2af40-4738-48c3-aa81-13f67878b6c2', 'ip_address': '10.180.180.175'}], 'enable_snat': True}, 'description': '', 'availability_zones': [], 'distributed': False, 'ha': False, 'availability_zone_hints': [], 'routes': [], 'flavor_id': None, 'tags': [], 'created_at': '2025-11-12T06:20:13Z', 'updated_at': '2025-11-12T06:20:13Z', 'revision_number': 2, 'project_id': '5ae4dbabfb8c4137971c074055ef6834'}
2025-11-12 06:20:15.475 65730 INFO tempest.lib.common.rest_client [req-61ea6f47-d9db-4fe9-9c79-7ba3e3938228 req-61ea6f47-d9db-4fe9-9c79-7ba3e3938228 ] Request (DeleteServersTestJSON:setUpClass): 201 POST http://10.180.1.21/identity/v3/auth/tokens 0.124s
2025-11-12 06:20:15.520 65730 INFO tempest.lib.common.rest_client [req-88fc7c1f-1973-4f88-8ccd-cbd2d1ff4c29 req-88fc7c1f-1973-4f88-8ccd-cbd2d1ff4c29 ] Request (DeleteServersTestJSON:test_delete_active_server): 201 POST http://10.180.1.21/identity/v3/auth/tokens 0.038s
2025-11-12 06:20:15.521 65730 INFO tempest.lib.common.fixed_network [-] (DeleteServersTestJSON:test_delete_active_server) Found network {'id': '66112d4f-786a-4f03-a4c3-2f6e79238b3b', 'name': 'tempest-DeleteServersTestJSON-214559889-network', 'tenant_id': '5ae4dbabfb8c4137971c074055ef6834', 'project_id': '5ae4dbabfb8c4137971c074055ef6834', 'admin_state_up': True, 'mtu': 8950, 'status': 'ACTIVE', 'subnets': [], 'shared': False, 'port_security_enabled': True, 'router:external': False, 'provider:network_type': 'vlan', 'provider:physical_network': 'default', 'provider:segmentation_id': 59, 'availability_zone_hints': [], 'availability_zones': [], 'ipv4_address_scope': None, 'ipv6_address_scope': None, 'description': '', 'tags': [], 'created_at': '2025-11-12T06:20:12Z', 'updated_at': '2025-11-12T06:20:12Z', 'revision_number': 1} available for tenant
2025-11-12 06:20:15.701 65752 INFO tempest.lib.common.rest_client [req-5a7dce1d-b0c2-4733-a219-907e317dfd67 req-5a7dce1d-b0c2-4733-a219-907e317dfd67 ] Request (VolumesAssistedSnapshotsTest:test_volume_assisted_snapshot_create_delete): 200 GET http://10.180.1.21/volume/v3/volumes/4c9c7db3-6f43-4d7d-b1e1-6c9f2a1cc209 0.047s
2025-11-12 06:20:16.335 65708 INFO tempest.lib.common.rest_client [req-d1578c2a-e4f4-4d89-81d0-9bdc709e17f3 req-d1578c2a-e4f4-4d89-81d0-9bdc709e17f3 ] Request (ServerRescueTestJSONUnderV235:setUpClass): 200 GET http://10.180.1.21/compute/v2.1/servers/9edeca4a-c476-479c-8560-c9a67857194a 5.758s
2025-11-12 06:20:16.350 65708 INFO tempest.common.waiters [-] State transition "ACTIVE/rescuing" ==> "RESCUE/None" after 13 second wait
2025-11-12 06:20:16.372 65740 INFO tempest.lib.common.rest_client [req-56d2b464-2688-484c-a0da-b758d5d5603c req-56d2b464-2688-484c-a0da-b758d5d5603c ] Request (ServerRescueNegativeTestJSON:setUpClass): 200 GET http://10.180.1.21/compute/v2.1/servers/03d4bf30-dc81-42c3-b45c-6781bae063d8 5.766s
2025-11-12 06:20:16.379 65740 INFO tempest.common.waiters [-] State transition "BUILD/None" ==> "BUILD/spawning" after 19 second wait
2025-11-12 06:20:16.445 65748 INFO tempest.lib.common.rest_client [req-b81a7464-82b8-401a-97be-d979cd8d964a req-b81a7464-82b8-401a-97be-d979cd8d964a ] Request (ServersTestBootFromVolume:setUpClass): 200 GET http://10.180.1.21/compute/v2.1/servers/dfcb6eae-8eaf-45b1-a77c-13152dd7bf23 5.801s
2025-11-12 06:20:16.455 65748 INFO tempest.common.waiters [-] State transition "BUILD/None" ==> "BUILD/networking" after 19 second wait
2025-11-12 06:20:16.525 65716 INFO tempest.lib.common.rest_client [req-09963e58-e465-4229-a6aa-c5b31a98fceb req-09963e58-e465-4229-a6aa-c5b31a98fceb ] Request (ServersAdminTestJSON:test_create_server_with_scheduling_hint): 200 GET http://10.180.1.21/compute/v2.1/servers/63046c81-5bdf-4ceb-923e-9813aba4fc9f 5.813s
2025-11-12 06:20:16.559 65702 INFO tempest.lib.common.rest_client [req-b67d96fe-40ef-4126-b700-dd97c4fcdb5c req-b67d96fe-40ef-4126-b700-dd97c4fcdb5c ] Request (AttachInterfacesUnderV243Test:test_add_remove_fixed_ip): 200 GET http://10.180.1.21/compute/v2.1/servers/16137cc6-cee9-4fec-97e8-ae8cfba05a9c/ips 5.628s
2025-11-12 06:20:16.618 65734 INFO tempest.lib.common.rest_client [req-cfcba7a8-75a7-432a-937c-a95923c02a9c req-cfcba7a8-75a7-432a-937c-a95923c02a9c ] Request (ServersAdminNegativeTestJSON:setUpClass): 200 GET http://10.180.1.21/compute/v2.1/servers/c3b016d3-6b81-4c90-8037-0fdd9acefcc4 5.884s
2025-11-12 06:20:16.753 65752 INFO tempest.lib.common.rest_client [req-d009b214-ebd8-4337-9e45-c9b1fe3fcc8d req-d009b214-ebd8-4337-9e45-c9b1fe3fcc8d ] Request (VolumesAssistedSnapshotsTest:test_volume_assisted_snapshot_create_delete): 200 GET http://10.180.1.21/volume/v3/volumes/4c9c7db3-6f43-4d7d-b1e1-6c9f2a1cc209 0.044s
2025-11-12 06:20:17.129 65724 INFO tempest.lib.common.rest_client [req-99c70914-c7b6-4d26-9836-522e300b4aaf req-99c70914-c7b6-4d26-9836-522e300b4aaf ] Request (ImagesOneServerNegativeTestJSON:tearDown): 200 GET http://10.180.1.21/compute/v2.1/servers/7b3e8ef8-e226-4776-9901-9eb7478c2acf 6.188s
2025-11-12 06:20:17.244 65726 INFO tempest.lib.common.rest_client [req-2f36a65c-7f20-4d36-944f-05bea9eb0e9d req-2f36a65c-7f20-4d36-944f-05bea9eb0e9d ] Request (QuotasAdminTestJSON:test_delete_quota): 200 GET http://10.180.1.21/compute/v2.1/os-quota-sets/92b6bbded8d24ce392d39cd4c300ce51 6.020s
2025-11-12 06:20:17.250 65704 WARNING tempest.lib.common.ssh [-] Failed to establish authenticated ssh connection to cirros@10.180.180.216 ([Errno None] Unable to connect to port 22 on 10.180.180.216). Number attempts: 3. Retry after 4 seconds.: paramiko.ssh_exception.NoValidConnectionsError: [Errno None] Unable to connect to port 22 on 10.180.180.216
2025-11-12 06:20:17.342 65726 INFO tempest.lib.common.rest_client [req-fe44a304-cac5-4f82-b4d5-c387da015ac7 req-fe44a304-cac5-4f82-b4d5-c387da015ac7 ] Request (QuotasAdminTestJSON:_run_cleanups): 204 DELETE http://10.180.1.21/identity/v3/projects/92b6bbded8d24ce392d39cd4c300ce51 0.095s
2025-11-12 06:20:17.365 65722 INFO tempest.lib.common.rest_client [req-17b4a4e3-524e-4232-8d2b-8bda67f704ff req-17b4a4e3-524e-4232-8d2b-8bda67f704ff ] Request (ServerDiskConfigTestJSON:test_rebuild_server_with_manual_disk_config): 202 POST http://10.180.1.21/compute/v2.1/servers 6.199s
2025-11-12 06:20:17.792 65752 INFO tempest.lib.common.rest_client [req-722b96a3-a01e-4131-95f9-16af8fed3e26 req-722b96a3-a01e-4131-95f9-16af8fed3e26 ] Request (VolumesAssistedSnapshotsTest:test_volume_assisted_snapshot_create_delete): 200 GET http://10.180.1.21/volume/v3/volumes/4c9c7db3-6f43-4d7d-b1e1-6c9f2a1cc209 0.030s
2025-11-12 06:20:17.952 65754 INFO tempest.lib.common.rest_client [req-3405963a-aacb-4afe-9739-13fbe5c3f4d0 req-3405963a-aacb-4afe-9739-13fbe5c3f4d0 ] Request (ServersAdmin275Test:test_rebuild_update_server_275): 200 GET http://10.180.1.21/compute/v2.1/servers/6122602d-e393-4da4-af77-9ec57755e6a7 6.377s
2025-11-12 06:20:18.229 65698 INFO tempest.lib.common.rest_client [req-9563aab0-aecb-4cc8-98e0-7784a0bdd2dd req-9563aab0-aecb-4cc8-98e0-7784a0bdd2dd ] Request (MigrationsAdminTest:test_list_migrations_in_flavor_resize_situation): 200 GET http://10.180.1.21/compute/v2.1/servers/fb707546-c7c9-4c0c-a733-e681ea1fb514 6.365s
2025-11-12 06:20:18.427 65736 INFO tempest.lib.common.rest_client [req-d6afa531-4a93-40fa-827d-6739239e2e00 req-d6afa531-4a93-40fa-827d-6739239e2e00 ] Request (FloatingIPsAssociationTestJSON:test_associate_disassociate_floating_ip): 202 POST http://10.180.1.21/compute/v2.1/servers/7f1bffb1-0581-4c04-bef9-b5d97170d5ae/action 6.872s
2025-11-12 06:20:18.561 65718 INFO tempest.lib.common.rest_client [req-9f59e72a-be91-4921-aa1a-46d6644d9dbe req-9f59e72a-be91-4921-aa1a-46d6644d9dbe ] Request (DeleteServersAdminTestJSON:test_delete_server_while_in_error_state): 200 GET http://10.180.1.21/compute/v2.1/servers/a522225e-cca1-4332-966b-c2abcdf67c53 6.382s
2025-11-12 06:20:18.580 65710 INFO tempest.lib.common.rest_client [req-0501838e-4f84-4f88-b81d-a6a0d27c3d3e req-0501838e-4f84-4f88-b81d-a6a0d27c3d3e ] Request (QuotasAdminNegativeTest:test_create_server_when_memory_quota_is_full): 403 POST http://10.180.1.21/compute/v2.1/servers 6.666s
2025-11-12 06:20:18.679 65700 INFO tempest.lib.common.rest_client [req-670fc825-f77c-47f5-9380-808cbaca246e req-670fc825-f77c-47f5-9380-808cbaca246e ] Request (ServerDiagnosticsTest:test_get_server_diagnostics): 200 GET http://10.180.1.21/compute/v2.1/servers/1ead1b86-639b-4442-9506-693e83c9faaa 6.467s
2025-11-12 06:20:18.702 65732 INFO tempest.lib.common.rest_client [req-807f34bd-29fd-4c61-83de-d17400cffd92 req-807f34bd-29fd-4c61-83de-d17400cffd92 ] Request (SecurityGroupsTestJSON:test_list_security_groups_by_server): 200 GET http://10.180.1.21/compute/v2.1/servers/3e23d85a-8cb5-4f36-97e8-3a849b5a5405 5.659s
2025-11-12 06:20:18.840 65752 INFO tempest.lib.common.rest_client [req-c3c7e654-aff2-452c-a19e-0cc502145363 req-c3c7e654-aff2-452c-a19e-0cc502145363 ] Request (VolumesAssistedSnapshotsTest:test_volume_assisted_snapshot_create_delete): 200 GET http://10.180.1.21/volume/v3/volumes/4c9c7db3-6f43-4d7d-b1e1-6c9f2a1cc209 0.041s
2025-11-12 06:20:18.879 65694 INFO tempest.lib.common.rest_client [req-7131b57d-23bf-4b8a-903c-cd87b30639e3 req-7131b57d-23bf-4b8a-903c-cd87b30639e3 ] Request (ImagesOneServerTestJSON:setUpClass): 200 GET http://10.180.1.21/compute/v2.1/servers/130fc785-e077-45ee-bd54-e0dad3562b90 5.801s
2025-11-12 06:20:18.894 65694 INFO tempest.common.waiters [-] State transition "BUILD/spawning" ==> "ACTIVE/None" after 27 second wait
2025-11-12 06:20:18.949 65706 INFO tempest.lib.common.rest_client [req-4efd8fa6-f918-46c1-8186-e50b199af320 req-4efd8fa6-f918-46c1-8186-e50b199af320 ] Request (InstanceActionsV221TestJSON:test_get_list_deleted_instance_actions): 200 GET http://10.180.1.21/compute/v2.1/servers/03a613ae-2cd9-4bf5-bc61-32f692493661 5.136s
2025-11-12 06:20:18.959 65706 INFO tempest.common.waiters [-] State transition "BUILD/spawning" ==> "ACTIVE/None" after 26 second wait
2025-11-12 06:20:19.077 65744 INFO tempest.lib.common.rest_client [req-dc291b49-92ea-40ce-a6d0-4d30180e7e5f req-dc291b49-92ea-40ce-a6d0-4d30180e7e5f ] Request (SecurityGroupRulesTestJSON:tearDownClass): 202 DELETE http://10.180.1.21/compute/v2.1/os-security-groups/b3c2131d-583b-44bc-bc7d-8463da456058 4.619s
2025-11-12 06:20:19.093 65714 INFO tempest.lib.common.rest_client [req-ce7a7b4b-b2d9-4a01-9d5e-4146f9ca5723 req-ce7a7b4b-b2d9-4a01-9d5e-4146f9ca5723 ] Request (FlavorsV2TestJSON:test_list_flavors_filter_by_min_disk): 200 GET http://10.180.1.21/compute/v2.1/flavors/42 4.581s
2025-11-12 06:20:19.096 65696 INFO tempest.lib.common.rest_client [req-126073ca-ec4f-4b87-abe8-46a0e2690097 req-126073ca-ec4f-4b87-abe8-46a0e2690097 ] Request (ServerGroup264TestJSON:test_create_get_server_group): 200 POST http://10.180.1.21/compute/v2.1/os-server-groups 4.951s
2025-11-12 06:20:19.169 65750 INFO tempest.lib.common.rest_client [req-250cb75f-7942-4fa0-923e-adda359241a6 req-250cb75f-7942-4fa0-923e-adda359241a6 ] Request (ServicesAdminNegativeV253TestJSON:test_list_services_with_non_admin_user): 403 GET http://10.180.1.21/compute/v2.1/os-services 4.638s
2025-11-12 06:20:19.333 65750 INFO tempest.lib.common.rest_client [req-d5dfe8ed-dbd4-4acd-888d-8ab26ce6f8b9 req-d5dfe8ed-dbd4-4acd-888d-8ab26ce6f8b9 ] Request (ServicesAdminNegativeV253TestJSON:tearDownClass): 204 DELETE http://10.180.1.21/identity/v3/users/95a8cb2df7f5458da2b52df52369e31e 0.161s
2025-11-12 06:20:19.467 65742 INFO tempest.lib.common.rest_client [req-9275ee56-671a-4f43-8a0f-cb8bda8b1abe req-9275ee56-671a-4f43-8a0f-cb8bda8b1abe ] Request (ImagesMetadataTestJSON:setUp): 200 PUT http://10.180.1.21/compute/v2.1/images/def9da77-8662-4f64-a6a6-115eb7fb4da3/metadata 4.728s
2025-11-12 06:20:19.474 65692 INFO tempest.lib.common.rest_client [req-ee2cc164-39e6-4e3e-aa1b-29b0108f6847 req-ee2cc164-39e6-4e3e-aa1b-29b0108f6847 ] Request (ListServerFiltersTestJSON:setUpClass): 202 POST http://10.180.1.21/compute/v2.1/servers 4.739s
2025-11-12 06:20:19.496 65728 INFO tempest.lib.common.rest_client [req-ba1fea26-c597-4adb-967f-93972d2c7bd6 req-ba1fea26-c597-4adb-967f-93972d2c7bd6 ] Request (FlavorsAdminTestJSON:test_create_server_with_non_public_flavor): 200 POST http://10.180.1.21/compute/v2.1/flavors 4.718s
2025-11-12 06:20:19.500 65746 INFO tempest.lib.common.rest_client [req-914c09ab-628d-4039-9090-dffde14aa343 req-914c09ab-628d-4039-9090-dffde14aa343 ] Request (FlavorsAccessNegativeTestJSON:test_remove_flavor_access_not_found): 200 POST http://10.180.1.21/compute/v2.1/flavors 4.678s
2025-11-12 06:20:19.503 65750 INFO tempest.lib.common.rest_client [req-6e081ffb-97c2-4a8b-aadc-f0b74f02a9b1 req-6e081ffb-97c2-4a8b-aadc-f0b74f02a9b1 ] Request (ServicesAdminNegativeV253TestJSON:tearDownClass): 204 DELETE http://10.180.1.21/identity/v3/users/3b7250c0287e41dd9e7f9e7a4fe1bbb1 0.170s
2025-11-12 06:20:19.504 65750 INFO tempest.lib.common.dynamic_creds [-] Deleting project and security group for project: 960256e17a1e4574b2d21682cddf770a
2025-11-12 06:20:19.524 65738 INFO tempest.lib.common.rest_client [req-17362c0c-ba95-4d36-a9d5-69a227490c29 req-17362c0c-ba95-4d36-a9d5-69a227490c29 ] Request (FloatingIPsAssociationNegativeTestJSON:test_dissociate_nonexistent_floating_ip): 404 POST http://10.180.1.21/compute/v2.1/servers/97cd7275-008f-4336-9ad7-730029e211d2/action 4.399s
2025-11-12 06:20:19.565 65692 INFO tempest.lib.common.rest_client [req-2d161104-c36d-4628-83da-14ccde7cdd97 req-2d161104-c36d-4628-83da-14ccde7cdd97 ] Request (ListServerFiltersTestJSON:setUpClass): 201 POST http://10.180.1.21/identity/v3/auth/tokens 0.085s
2025-11-12 06:20:19.565 65692 INFO tempest.lib.common.fixed_network [-] (ListServerFiltersTestJSON:setUpClass) Found network {'id': '92a82468-d38f-4b98-8a58-ca64a60c855c', 'name': 'tempest-ListServerFiltersTestJSON-61209304-network', 'tenant_id': '05fc728f11bf47ba848529f0ea80862e', 'project_id': '05fc728f11bf47ba848529f0ea80862e', 'admin_state_up': True, 'mtu': 8950, 'status': 'ACTIVE', 'subnets': [], 'shared': False, 'port_security_enabled': True, 'router:external': False, 'provider:network_type': 'vlan', 'provider:physical_network': 'default', 'provider:segmentation_id': 67, 'availability_zone_hints': [], 'availability_zones': [], 'ipv4_address_scope': None, 'ipv6_address_scope': None, 'description': '', 'tags': [], 'created_at': '2025-11-12T06:20:09Z', 'updated_at': '2025-11-12T06:20:09Z', 'revision_number': 1} available for tenant
2025-11-12 06:20:19.584 65750 INFO tempest.lib.common.rest_client [req-3d10a95a-623e-43da-b73f-4371a03ddd40 req-3d10a95a-623e-43da-b73f-4371a03ddd40 ] Request (ServicesAdminNegativeV253TestJSON:tearDownClass): 201 POST http://10.180.1.21/identity/v3/auth/tokens 0.080s
2025-11-12 06:20:19.706 65712 INFO tempest.lib.common.rest_client [req-a5775a56-c20c-40db-92a6-c0645b7a8f71 req-a5775a56-c20c-40db-92a6-c0645b7a8f71 ] Request (MultipleCreateTestJSON:test_multiple_create): 200 GET http://10.180.1.21/compute/v2.1/servers/416b3ae6-0a81-4e65-a064-57f815b011e6 4.428s
2025-11-12 06:20:19.786 65750 INFO tempest.lib.common.rest_client [req-a0666cf4-3598-42dd-bd06-702f2276f525 req-a0666cf4-3598-42dd-bd06-702f2276f525 ] Request (ServicesAdminNegativeV253TestJSON:tearDownClass): 200 GET http://10.180.1.21/networking/v2.0/security-groups?tenant_id=960256e17a1e4574b2d21682cddf770a&name=default 0.202s
2025-11-12 06:20:19.838 65708 INFO tempest.lib.common.rest_client [req-788e1699-f45a-4ba8-b097-0ac53c3af558 req-788e1699-f45a-4ba8-b097-0ac53c3af558 ] Request (ServerRescueTestJSONUnderV235:test_rescued_vm_add_remove_security_group): 200 POST http://10.180.1.21/compute/v2.1/os-security-groups 3.487s
2025-11-12 06:20:19.892 65752 INFO tempest.lib.common.rest_client [req-07469558-9025-4344-ac2b-eebf1754fd1e req-07469558-9025-4344-ac2b-eebf1754fd1e ] Request (VolumesAssistedSnapshotsTest:test_volume_assisted_snapshot_create_delete): 200 GET http://10.180.1.21/volume/v3/volumes/4c9c7db3-6f43-4d7d-b1e1-6c9f2a1cc209 0.042s
2025-11-12 06:20:19.895 65702 INFO tempest.lib.common.rest_client [req-832ca3e4-8a11-4be8-9222-3cb6c779fae1 req-832ca3e4-8a11-4be8-9222-3cb6c779fae1 ] Request (AttachInterfacesUnderV243Test:test_add_remove_fixed_ip): 202 POST http://10.180.1.21/compute/v2.1/servers/16137cc6-cee9-4fec-97e8-ae8cfba05a9c/action 3.334s
2025-11-12 06:20:19.902 65752 INFO tempest.common.waiters [-] Attachment 52f80170-314d-4b6a-aeae-f9683fc1822c created for volume 4c9c7db3-6f43-4d7d-b1e1-6c9f2a1cc209 to server 9299378d-4537-4e61-b1f9-d09a3f690d99 after waiting for 8.902154 seconds
2025-11-12 06:20:19.944 65752 INFO tempest.lib.common.rest_client [req-c92430db-424b-46de-9057-a954be4ed595 req-c92430db-424b-46de-9057-a954be4ed595 ] Request (VolumesAssistedSnapshotsTest:test_volume_assisted_snapshot_create_delete): 200 GET http://10.180.1.21/volume/v3/volumes/4c9c7db3-6f43-4d7d-b1e1-6c9f2a1cc209 0.042s
2025-11-12 06:20:19.953 65752 INFO tempest.common.waiters [-] volume 4c9c7db3-6f43-4d7d-b1e1-6c9f2a1cc209 reached in-use after waiting for 0.953595 seconds
2025-11-12 06:20:19.971 65750 INFO tempest.lib.common.rest_client [req-3b1106ba-d738-4178-b534-4955f87982a4 req-3b1106ba-d738-4178-b534-4955f87982a4 ] Request (ServicesAdminNegativeV253TestJSON:tearDownClass): 204 DELETE http://10.180.1.21/networking/v2.0/security-groups/6b64411c-f2df-4efb-bd74-c5cb51e66212 0.184s
2025-11-12 06:20:20.078 65750 INFO tempest.lib.common.rest_client [req-90e82579-0be1-4f83-9781-3459b0f5d833 req-90e82579-0be1-4f83-9781-3459b0f5d833 ] Request (ServicesAdminNegativeV253TestJSON:tearDownClass): 204 DELETE http://10.180.1.21/identity/v3/projects/960256e17a1e4574b2d21682cddf770a 0.107s
2025-11-12 06:20:20.080 65750 INFO tempest.lib.common.dynamic_creds [-] Deleting project and security group for project: 7ad04545950246d68927c327a1752247
2025-11-12 06:20:20.107 65724 INFO tempest.lib.common.rest_client [req-207bbbeb-f037-473c-a6ec-f1f232c20c12 req-207bbbeb-f037-473c-a6ec-f1f232c20c12 ] Request (ImagesOneServerNegativeTestJSON:setUp): 200 GET http://10.180.1.21/compute/v2.1/servers/7b3e8ef8-e226-4776-9901-9eb7478c2acf 2.969s
2025-11-12 06:20:20.233 65750 INFO tempest.lib.common.rest_client [req-75fe1be2-e7cd-47b6-a68c-ff7023ca309f req-75fe1be2-e7cd-47b6-a68c-ff7023ca309f ] Request (ServicesAdminNegativeV253TestJSON:tearDownClass): 200 GET http://10.180.1.21/networking/v2.0/security-groups?tenant_id=7ad04545950246d68927c327a1752247&name=default 0.152s
2025-11-12 06:20:20.235 65726 INFO tempest.lib.common.rest_client [req-ddb9c18e-4c29-486c-b884-6930677b56ce req-ddb9c18e-4c29-486c-b884-6930677b56ce ] Request (QuotasAdminTestJSON:test_get_default_quotas): 200 GET http://10.180.1.21/compute/v2.1/os-quota-sets/81251bbeaaab489fa4cddb0566fab31e/defaults 2.892s
2025-11-12 06:20:20.266 65726 INFO tempest.lib.common.rest_client [req-91138926-8636-44df-ac28-ab7652d506dd req-91138926-8636-44df-ac28-ab7652d506dd ] Request (QuotasAdminTestJSON:test_get_updated_quotas): 200 GET http://10.180.1.21/identity/v3/domains?name=Default 0.026s
2025-11-12 06:20:20.280 65730 INFO tempest.lib.common.rest_client [req-46eb0743-713f-4172-bcd2-21501ebdb0fb req-46eb0743-713f-4172-bcd2-21501ebdb0fb ] Request (DeleteServersTestJSON:test_delete_active_server): 202 POST http://10.180.1.21/compute/v2.1/servers 4.758s
2025-11-12 06:20:20.299 65726 INFO tempest.lib.common.rest_client [req-491a57a1-391e-4c1d-ade4-1e02fa2627a1 req-491a57a1-391e-4c1d-ade4-1e02fa2627a1 ] Request (QuotasAdminTestJSON:test_get_updated_quotas): 201 POST http://10.180.1.21/identity/v3/projects 0.032s
2025-11-12 06:20:20.355 65722 INFO tempest.lib.common.rest_client [req-038ad277-220e-427b-a812-db0310d826c7 req-038ad277-220e-427b-a812-db0310d826c7 ] Request (ServerDiskConfigTestJSON:test_rebuild_server_with_manual_disk_config): 200 GET http://10.180.1.21/compute/v2.1/servers/3213e0b8-a28c-49de-aa07-33688fba741f 2.987s
2025-11-12 06:20:20.370 65726 INFO tempest.lib.common.rest_client [req-52dd1899-dea0-4b53-84da-f21c75c1806f req-52dd1899-dea0-4b53-84da-f21c75c1806f ] Request (QuotasAdminTestJSON:test_get_updated_quotas): 200 GET http://10.180.1.21/identity/v3/domains?name=Default 0.071s
2025-11-12 06:20:20.378 65750 INFO tempest.lib.common.rest_client [req-cadb0468-8c60-4b8a-998f-4ce558327ce4 req-cadb0468-8c60-4b8a-998f-4ce558327ce4 ] Request (ServicesAdminNegativeV253TestJSON:tearDownClass): 204 DELETE http://10.180.1.21/networking/v2.0/security-groups/6a6b9b1e-8e15-418c-a584-f763844dc8dc 0.145s
2025-11-12 06:20:20.468 65740 INFO tempest.lib.common.rest_client [req-5de4a53a-0f6c-4d26-a6ea-6c5473c9009c req-5de4a53a-0f6c-4d26-a6ea-6c5473c9009c ] Request (ServerRescueNegativeTestJSON:setUpClass): 200 GET http://10.180.1.21/compute/v2.1/servers/03d4bf30-dc81-42c3-b45c-6781bae063d8 3.087s
2025-11-12 06:20:20.497 65750 INFO tempest.lib.common.rest_client [req-d291479f-51fa-4e38-8f5e-9fe389f34fa3 req-d291479f-51fa-4e38-8f5e-9fe389f34fa3 ] Request (ServicesAdminNegativeV253TestJSON:tearDownClass): 204 DELETE http://10.180.1.21/identity/v3/projects/7ad04545950246d68927c327a1752247 0.118s
2025-11-12 06:20:20.503 65748 INFO tempest.lib.common.rest_client [req-eb850646-d84f-49ae-9ca2-be00360d67fb req-eb850646-d84f-49ae-9ca2-be00360d67fb ] Request (ServersTestBootFromVolume:setUpClass): 200 GET http://10.180.1.21/compute/v2.1/servers/dfcb6eae-8eaf-45b1-a77c-13152dd7bf23 3.045s
2025-11-12 06:20:20.510 65748 INFO tempest.common.waiters [-] State transition "BUILD/networking" ==> "BUILD/spawning" after 23 second wait
2025-11-12 06:20:20.519 65716 INFO tempest.lib.common.rest_client [req-b3062685-effb-47b9-8d2f-45e13c725857 req-b3062685-effb-47b9-8d2f-45e13c725857 ] Request (ServersAdminTestJSON:test_create_server_with_scheduling_hint): 200 GET http://10.180.1.21/compute/v2.1/servers/63046c81-5bdf-4ceb-923e-9813aba4fc9f 2.981s
2025-11-12 06:20:20.591 65750 INFO tempest.lib.common.rest_client [req-33082024-11e8-47a0-8a07-75aeb4f12c01 req-33082024-11e8-47a0-8a07-75aeb4f12c01 ] Request (InstanceActionsTestJSON:setUpClass): 201 POST http://10.180.1.21/identity/v3/auth/tokens 0.093s
2025-11-12 06:20:20.612 65734 INFO tempest.lib.common.rest_client [req-791ae94e-7751-4940-8504-2a826064f532 req-791ae94e-7751-4940-8504-2a826064f532 ] Request (ServersAdminNegativeTestJSON:setUpClass): 200 GET http://10.180.1.21/compute/v2.1/servers/c3b016d3-6b81-4c90-8037-0fdd9acefcc4 2.983s
2025-11-12 06:20:20.635 65750 INFO tempest.lib.common.rest_client [req-2d442328-728d-4cdf-b459-0e157d51a1eb req-2d442328-728d-4cdf-b459-0e157d51a1eb ] Request (InstanceActionsTestJSON:setUpClass): 201 POST http://10.180.1.21/identity/v3/auth/tokens 0.040s
2025-11-12 06:20:20.645 65736 INFO tempest.lib.common.rest_client [req-6b6f6dfe-b23d-49b0-98d5-9d4d26f4dd88 req-6b6f6dfe-b23d-49b0-98d5-9d4d26f4dd88 ] Request (FloatingIPsAssociationTestJSON:test_associate_disassociate_floating_ip): 200 GET http://10.180.1.21/compute/v2.1/os-floating-ips/4718df2e-f901-4c47-b2d0-5c8a4af01e21 2.218s
2025-11-12 06:20:20.664 65750 INFO tempest.lib.common.rest_client [req-206f2ecb-16a8-4599-a254-de01849bf0b3 req-206f2ecb-16a8-4599-a254-de01849bf0b3 ] Request (InstanceActionsTestJSON:setUpClass): 200 GET http://10.180.1.21/identity/v3/domains?name=Default 0.029s
2025-11-12 06:20:20.699 65750 INFO tempest.lib.common.rest_client [req-fa0d4f2d-28a9-47e6-81bf-af9ce0073ed2 req-fa0d4f2d-28a9-47e6-81bf-af9ce0073ed2 ] Request (InstanceActionsTestJSON:setUpClass): 201 POST http://10.180.1.21/identity/v3/projects 0.035s
2025-11-12 06:20:20.762 65750 INFO tempest.lib.common.rest_client [req-1ad87e41-329d-4cf6-9340-a6f778f58f8b req-1ad87e41-329d-4cf6-9340-a6f778f58f8b ] Request (InstanceActionsTestJSON:setUpClass): 201 POST http://10.180.1.21/identity/v3/users 0.062s
2025-11-12 06:20:20.792 65750 INFO tempest.lib.common.rest_client [req-549f513f-a81d-404c-b56d-3b9cabb13ba8 req-549f513f-a81d-404c-b56d-3b9cabb13ba8 ] Request (InstanceActionsTestJSON:setUpClass): 200 GET http://10.180.1.21/identity/v3/roles 0.029s
2025-11-12 06:20:20.833 65750 INFO tempest.lib.common.rest_client [req-be5deb25-5a5d-494a-a76a-a0bc678331da req-be5deb25-5a5d-494a-a76a-a0bc678331da ] Request (InstanceActionsTestJSON:setUpClass): 204 PUT http://10.180.1.21/identity/v3/projects/ba7dfd4caf394929a73b6c6dff269ef6/users/a50f31462b844579b5bf8fd17c760fdc/roles/d5f563bb887e4a55a4fbecf558ce5784 0.040s
2025-11-12 06:20:20.833 65750 INFO tempest.lib.common.dynamic_creds [-] Dynamic test user a50f31462b844579b5bf8fd17c760fdc is created with scope project and roles: ['member']
2025-11-12 06:20:20.833 65750 INFO tempest.lib.common.dynamic_creds [-] Acquired dynamic creds: credentials: Credentials: {'domain_id': 'default', 'domain_name': 'Default', 'username': 'tempest-InstanceActionsTestJSON-1464524796-project-member', 'project_domain_id': 'default', 'project_domain_name': 'Default', 'project_id': 'ba7dfd4caf394929a73b6c6dff269ef6', 'project_name': 'tempest-InstanceActionsTestJSON-1464524796', 'tenant_id': 'ba7dfd4caf394929a73b6c6dff269ef6', 'tenant_name': 'tempest-InstanceActionsTestJSON-1464524796', 'user_domain_id': 'default', 'user_domain_name': 'Default', 'user_id': 'a50f31462b844579b5bf8fd17c760fdc', 'system': None}, Network: None, Subnet: None, Router: None
2025-11-12 06:20:20.856 65710 INFO tempest.lib.common.rest_client [req-ac95f2ac-40cf-4777-b65d-644f3f6eb7dc req-ac95f2ac-40cf-4777-b65d-644f3f6eb7dc ] Request (QuotasAdminNegativeTest:_run_cleanups): 200 PUT http://10.180.1.21/compute/v2.1/os-quota-sets/649654b9b78b461b830480cf49661ae1 2.274s
2025-11-12 06:20:20.933 65750 INFO tempest.lib.common.rest_client [req-fa83b29e-3a39-479b-8315-7f1a1c73d683 req-fa83b29e-3a39-479b-8315-7f1a1c73d683 ] Request (InstanceActionsTestJSON:setUpClass): 201 POST http://10.180.1.21/identity/v3/auth/tokens 0.099s
2025-11-12 06:20:20.977 65706 INFO tempest.lib.common.rest_client [req-95ea87ec-eafb-4449-a13a-0d1f5cb55aca req-95ea87ec-eafb-4449-a13a-0d1f5cb55aca ] Request (InstanceActionsV221TestJSON:test_get_list_deleted_instance_actions): 204 DELETE http://10.180.1.21/compute/v2.1/servers/03a613ae-2cd9-4bf5-bc61-32f692493661 2.017s
2025-11-12 06:20:21.151 65754 INFO tempest.lib.common.rest_client [req-417e0cb8-9e2e-4829-a8c0-d101ee498df8 req-417e0cb8-9e2e-4829-a8c0-d101ee498df8 ] Request (ServersAdmin275Test:test_rebuild_update_server_275): 200 GET http://10.180.1.21/compute/v2.1/servers/6122602d-e393-4da4-af77-9ec57755e6a7 2.189s
2025-11-12 06:20:21.258 65750 INFO tempest.lib.common.rest_client [req-c6cb6192-c805-4e5b-8084-9a86256c3789 req-c6cb6192-c805-4e5b-8084-9a86256c3789 ] Request (InstanceActionsTestJSON:setUpClass): 201 POST http://10.180.1.21/networking/v2.0/networks 0.325s
2025-11-12 06:20:21.290 65694 INFO tempest.lib.common.rest_client [req-6fcd1124-3a90-46f5-ae53-1ff0ef83823c req-6fcd1124-3a90-46f5-ae53-1ff0ef83823c ] Request (ImagesOneServerTestJSON:test_create_delete_image): 202 POST http://10.180.1.21/compute/v2.1/servers/130fc785-e077-45ee-bd54-e0dad3562b90/action 2.395s
2025-11-12 06:20:21.290 65744 INFO tempest.lib.common.rest_client [req-bc59b8f5-973f-4ccb-9ec6-3376ec206b50 req-bc59b8f5-973f-4ccb-9ec6-3376ec206b50 ] Request (SecurityGroupRulesTestJSON:tearDownClass): 202 DELETE http://10.180.1.21/compute/v2.1/os-security-groups/deaee23e-2b0b-473e-aefc-57a0b90649ea 2.213s
2025-11-12 06:20:21.317 65714 INFO tempest.lib.common.rest_client [req-5bd739b3-b312-463e-8757-37859c253326 req-5bd739b3-b312-463e-8757-37859c253326 ] Request (FlavorsV2TestJSON:test_list_flavors_filter_by_min_disk): 200 GET http://10.180.1.21/compute/v2.1/flavors?minDisk=2 2.221s
2025-11-12 06:20:21.318 65696 INFO tempest.lib.common.rest_client [req-d8a410eb-17f6-4979-a77e-5baf4db4a336 req-d8a410eb-17f6-4979-a77e-5baf4db4a336 ] Request (ServerGroup264TestJSON:test_create_get_server_group): 200 GET http://10.180.1.21/compute/v2.1/os-server-groups 2.220s
2025-11-12 06:20:21.459 65750 INFO tempest.lib.common.rest_client [req-d8f97b18-fc32-4b03-9100-727d96079dcc req-d8f97b18-fc32-4b03-9100-727d96079dcc ] Request (InstanceActionsTestJSON:setUpClass): 201 POST http://10.180.1.21/networking/v2.0/subnets 0.199s
2025-11-12 06:20:21.486 65698 INFO tempest.lib.common.rest_client [req-583aff6c-94c6-446e-ad16-67d01d929a72 req-583aff6c-94c6-446e-ad16-67d01d929a72 ] Request (MigrationsAdminTest:test_list_migrations_in_flavor_resize_situation): 200 GET http://10.180.1.21/compute/v2.1/servers/fb707546-c7c9-4c0c-a733-e681ea1fb514 2.248s
2025-11-12 06:20:21.500 65728 INFO tempest.lib.common.rest_client [req-e1888a8c-810f-4260-a14d-4890ee6cff1c req-e1888a8c-810f-4260-a14d-4890ee6cff1c ] Request (FlavorsAdminTestJSON:test_create_server_with_non_public_flavor): 400 POST http://10.180.1.21/compute/v2.1/servers 2.002s
2025-11-12 06:20:21.534 65742 INFO tempest.lib.common.rest_client [req-b935926b-3c62-413d-87d1-68162bd737be req-b935926b-3c62-413d-87d1-68162bd737be ] Request (ImagesMetadataTestJSON:test_set_image_metadata_item): 200 PUT http://10.180.1.21/compute/v2.1/images/def9da77-8662-4f64-a6a6-115eb7fb4da3/metadata/os_version 2.065s
2025-11-12 06:20:21.615 65720 WARNING tempest.lib.common.ssh [-] Failed to establish authenticated ssh connection to cirros@10.180.180.185 ([Errno None] Unable to connect to port 22 on 10.180.180.185). Number attempts: 6. Retry after 7 seconds.: paramiko.ssh_exception.NoValidConnectionsError: [Errno None] Unable to connect to port 22 on 10.180.180.185
2025-11-12 06:20:21.658 65738 INFO tempest.lib.common.rest_client [req-0eb9e960-b73e-47b9-b0f9-e76a4c1e79fe req-0eb9e960-b73e-47b9-b0f9-e76a4c1e79fe ] Request (FloatingIPsAssociationNegativeTestJSON:tearDownClass): 204 DELETE http://10.180.1.21/compute/v2.1/servers/97cd7275-008f-4336-9ad7-730029e211d2 2.132s
2025-11-12 06:20:21.672 65746 INFO tempest.lib.common.rest_client [req-d98c4156-22fe-45bf-b198-3396137fe99d req-d98c4156-22fe-45bf-b198-3396137fe99d ] Request (FlavorsAccessNegativeTestJSON:test_remove_flavor_access_not_found): 404 POST http://10.180.1.21/compute/v2.1/flavors/1038171697/action 2.168s
2025-11-12 06:20:22.054 65718 INFO tempest.lib.common.rest_client [req-7615afbb-7de8-4708-9bd4-7df46baba80e req-7615afbb-7de8-4708-9bd4-7df46baba80e ] Request (DeleteServersAdminTestJSON:test_delete_server_while_in_error_state): 200 GET http://10.180.1.21/compute/v2.1/servers/a522225e-cca1-4332-966b-c2abcdf67c53 2.484s
2025-11-12 06:20:22.234 65750 INFO tempest.lib.common.rest_client [req-28a4615f-f035-45e6-aab2-c87ca7570a6c req-28a4615f-f035-45e6-aab2-c87ca7570a6c ] Request (InstanceActionsTestJSON:setUpClass): 201 POST http://10.180.1.21/networking/v2.0/routers 0.775s
2025-11-12 06:20:23.292 65750 INFO tempest.lib.common.rest_client [req-29b1b21d-5323-4ea6-9e09-d0803e3b7d87 req-29b1b21d-5323-4ea6-9e09-d0803e3b7d87 ] Request (InstanceActionsTestJSON:setUpClass): 200 PUT http://10.180.1.21/networking/v2.0/routers/c70049c1-d0c8-4a45-823c-76b0e7a1b263/add_router_interface 1.057s
2025-11-12 06:20:23.292 65750 INFO tempest.lib.common.dynamic_creds [-] Created isolated network resources for: credentials: Credentials: {'domain_id': 'default', 'domain_name': 'Default', 'username': 'tempest-InstanceActionsTestJSON-1464524796-project-member', 'project_domain_id': 'default', 'project_domain_name': 'Default', 'project_id': 'ba7dfd4caf394929a73b6c6dff269ef6', 'project_name': 'tempest-InstanceActionsTestJSON-1464524796', 'tenant_id': 'ba7dfd4caf394929a73b6c6dff269ef6', 'tenant_name': 'tempest-InstanceActionsTestJSON-1464524796', 'user_domain_id': 'default', 'user_domain_name': 'Default', 'user_id': 'a50f31462b844579b5bf8fd17c760fdc', 'system': None}, Network: {'id': '61474763-81a5-4343-9f80-5d1d3ec70ef8', 'name': 'tempest-InstanceActionsTestJSON-776270116-network', 'tenant_id': 'ba7dfd4caf394929a73b6c6dff269ef6', 'project_id': 'ba7dfd4caf394929a73b6c6dff269ef6', 'admin_state_up': True, 'mtu': 8950, 'status': 'ACTIVE', 'subnets': [], 'shared': False, 'port_security_enabled': True, 'router:external': False, 'provider:network_type': 'vlan', 'provider:physical_network': 'default', 'provider:segmentation_id': 561, 'availability_zone_hints': [], 'availability_zones': [], 'ipv4_address_scope': None, 'ipv6_address_scope': None, 'description': '', 'tags': [], 'created_at': '2025-11-12T06:20:21Z', 'updated_at': '2025-11-12T06:20:21Z', 'revision_number': 1}, Subnet: {'id': '9cb4f2a0-6f8d-4936-967a-0e6fd0ae8f1e', 'name': 'tempest-InstanceActionsTestJSON-776270116-subnet', 'tenant_id': 'ba7dfd4caf394929a73b6c6dff269ef6', 'network_id': '61474763-81a5-4343-9f80-5d1d3ec70ef8', 'ip_version': 4, 'subnetpool_id': None, 'enable_dhcp': True, 'ipv6_ra_mode': None, 'ipv6_address_mode': None, 'gateway_ip': '192.168.128.1', 'cidr': '192.168.128.0/28', 'allocation_pools': [{'start': '192.168.128.2', 'end': '192.168.128.14'}], 'host_routes': [], 'dns_nameservers': [], 'description': '', 'router:external': False, 'service_types': [], 'tags': [], 'created_at': '2025-11-12T06:20:21Z', 'updated_at': '2025-11-12T06:20:21Z', 'revision_number': 0, 'project_id': 'ba7dfd4caf394929a73b6c6dff269ef6'}, Router: {'id': 'c70049c1-d0c8-4a45-823c-76b0e7a1b263', 'name': 'tempest-InstanceActionsTestJSON-776270116-router', 'tenant_id': 'ba7dfd4caf394929a73b6c6dff269ef6', 'admin_state_up': True, 'status': 'ACTIVE', 'external_gateway_info': {'network_id': 'b32da74b-8731-4e60-881a-0b9990c15afb', 'external_fixed_ips': [{'subnet_id': '5ae2af40-4738-48c3-aa81-13f67878b6c2', 'ip_address': '10.180.180.162'}], 'enable_snat': True}, 'description': '', 'availability_zones': [], 'distributed': False, 'ha': False, 'availability_zone_hints': [], 'routes': [], 'flavor_id': None, 'tags': [], 'created_at': '2025-11-12T06:20:21Z', 'updated_at': '2025-11-12T06:20:21Z', 'revision_number': 2, 'project_id': 'ba7dfd4caf394929a73b6c6dff269ef6'}
2025-11-12 06:20:23.375 65700 INFO tempest.lib.common.rest_client [req-8fb875a6-d574-496a-bd15-077ff02b438f req-8fb875a6-d574-496a-bd15-077ff02b438f ] Request (ServerDiagnosticsTest:test_get_server_diagnostics): 200 GET http://10.180.1.21/compute/v2.1/servers/1ead1b86-639b-4442-9506-693e83c9faaa 3.688s
