2025-11-12 06:18:42.519 65734 INFO tempest.lib.common.dynamic_creds [-] Acquired dynamic creds: credentials: Credentials: {'domain_id': 'default', 'domain_name': 'Default', 'username': 'tempest-InstanceUsageAuditLogTestJSON-216436708-project-admin', 'project_domain_id': 'default', 'project_domain_name': 'Default', 'project_id': 'ea8c0586831c47289a4ebd2fa8098e7e', 'project_name': 'tempest-InstanceUsageAuditLogTestJSON-216436708', 'tenant_id': 'ea8c0586831c47289a4ebd2fa8098e7e', 'tenant_name': 'tempest-InstanceUsageAuditLogTestJSON-216436708', 'user_domain_id': 'default', 'user_domain_name': 'Default', 'user_id': '0d6aac0fbc0549d0af9e7286080fab2a', 'system': None}, Network: None, Subnet: None, Router: None
2025-11-12 06:18:42.520 65734 INFO tempest.lib.common.dynamic_creds [-] Created isolated network resources for: credentials: Credentials: {'domain_id': 'default', 'domain_name': 'Default', 'username': 'tempest-InstanceUsageAuditLogTestJSON-216436708-project-admin', 'project_domain_id': 'default', 'project_domain_name': 'Default', 'project_id': 'ea8c0586831c47289a4ebd2fa8098e7e', 'project_name': 'tempest-InstanceUsageAuditLogTestJSON-216436708', 'tenant_id': 'ea8c0586831c47289a4ebd2fa8098e7e', 'tenant_name': 'tempest-InstanceUsageAuditLogTestJSON-216436708', 'user_domain_id': 'default', 'user_domain_name': 'Default', 'user_id': '0d6aac0fbc0549d0af9e7286080fab2a', 'system': None}, Network: None, Subnet: None, Router: None
2025-11-12 06:18:42.548 65742 INFO tempest.lib.common.rest_client [req-57cd9780-6df8-4fe3-bb70-37674195e7cf req-57cd9780-6df8-4fe3-bb70-37674195e7cf ] Request (QuotaClassesAdmin257Test:setUpClass): 201 POST http://10.180.1.21/identity/v3/auth/tokens 0.385s
2025-11-12 06:18:42.563 65726 INFO tempest.lib.common.rest_client [req-ac77324d-6d8a-44e9-9f96-4c19120f6e5e req-ac77324d-6d8a-44e9-9f96-4c19120f6e5e ] Request (FlavorMetadataValidation:setUpClass): 204 PUT http://10.180.1.21/identity/v3/projects/25c9ab09157a45be805868d50603f02b/users/b42cd674fd844dc2969f0bdb62cbd40a/roles/8da0b01e61d740bfa27ba6ddfb89f7c4 0.342s
2025-11-12 06:18:42.563 65726 INFO tempest.lib.common.dynamic_creds [-] Dynamic test user b42cd674fd844dc2969f0bdb62cbd40a is created with scope project and roles: ['admin']
2025-11-12 06:18:42.563 65738 INFO tempest.lib.common.rest_client [req-2df99808-d4ff-47c8-b1e9-b443e3e145d1 req-2df99808-d4ff-47c8-b1e9-b443e3e145d1 ] Request (AZAdminNegativeTestJSON:setUpClass): 204 PUT http://10.180.1.21/identity/v3/projects/ca75b8ba28ea4cf59aed9513725c7ea7/users/53e6971dca6c4b63b75e419c770b2247/roles/8da0b01e61d740bfa27ba6ddfb89f7c4 0.358s
2025-11-12 06:18:42.563 65726 INFO tempest.lib.common.dynamic_creds [-] Acquired dynamic creds: credentials: Credentials: {'domain_id': 'default', 'domain_name': 'Default', 'username': 'tempest-FlavorMetadataValidation-862268985-project-admin', 'project_domain_id': 'default', 'project_domain_name': 'Default', 'project_id': '25c9ab09157a45be805868d50603f02b', 'project_name': 'tempest-FlavorMetadataValidation-862268985', 'tenant_id': '25c9ab09157a45be805868d50603f02b', 'tenant_name': 'tempest-FlavorMetadataValidation-862268985', 'user_domain_id': 'default', 'user_domain_name': 'Default', 'user_id': 'b42cd674fd844dc2969f0bdb62cbd40a', 'system': None}, Network: None, Subnet: None, Router: None
2025-11-12 06:18:42.563 65738 INFO tempest.lib.common.dynamic_creds [-] Dynamic test user 53e6971dca6c4b63b75e419c770b2247 is created with scope project and roles: ['admin']
2025-11-12 06:18:42.563 65726 INFO tempest.lib.common.dynamic_creds [-] Created isolated network resources for: credentials: Credentials: {'domain_id': 'default', 'domain_name': 'Default', 'username': 'tempest-FlavorMetadataValidation-862268985-project-admin', 'project_domain_id': 'default', 'project_domain_name': 'Default', 'project_id': '25c9ab09157a45be805868d50603f02b', 'project_name': 'tempest-FlavorMetadataValidation-862268985', 'tenant_id': '25c9ab09157a45be805868d50603f02b', 'tenant_name': 'tempest-FlavorMetadataValidation-862268985', 'user_domain_id': 'default', 'user_domain_name': 'Default', 'user_id': 'b42cd674fd844dc2969f0bdb62cbd40a', 'system': None}, Network: None, Subnet: None, Router: None
2025-11-12 06:18:42.563 65738 INFO tempest.lib.common.dynamic_creds [-] Acquired dynamic creds: credentials: Credentials: {'domain_id': 'default', 'domain_name': 'Default', 'username': 'tempest-AZAdminNegativeTestJSON-953407755-project-admin', 'project_domain_id': 'default', 'project_domain_name': 'Default', 'project_id': 'ca75b8ba28ea4cf59aed9513725c7ea7', 'project_name': 'tempest-AZAdminNegativeTestJSON-953407755', 'tenant_id': 'ca75b8ba28ea4cf59aed9513725c7ea7', 'tenant_name': 'tempest-AZAdminNegativeTestJSON-953407755', 'user_domain_id': 'default', 'user_domain_name': 'Default', 'user_id': '53e6971dca6c4b63b75e419c770b2247', 'system': None}, Network: None, Subnet: None, Router: None
2025-11-12 06:18:42.563 65738 INFO tempest.lib.common.dynamic_creds [-] Created isolated network resources for: credentials: Credentials: {'domain_id': 'default', 'domain_name': 'Default', 'username': 'tempest-AZAdminNegativeTestJSON-953407755-project-admin', 'project_domain_id': 'default', 'project_domain_name': 'Default', 'project_id': 'ca75b8ba28ea4cf59aed9513725c7ea7', 'project_name': 'tempest-AZAdminNegativeTestJSON-953407755', 'tenant_id': 'ca75b8ba28ea4cf59aed9513725c7ea7', 'tenant_name': 'tempest-AZAdminNegativeTestJSON-953407755', 'user_domain_id': 'default', 'user_domain_name': 'Default', 'user_id': '53e6971dca6c4b63b75e419c770b2247', 'system': None}, Network: None, Subnet: None, Router: None
2025-11-12 06:18:42.603 65728 INFO tempest.lib.common.rest_client [req-49fd9e8b-ac1d-4bf2-8613-810a09129e2d req-49fd9e8b-ac1d-4bf2-8613-810a09129e2d ] Request (FlavorsAdminTestJSON:setUpClass): 204 PUT http://10.180.1.21/identity/v3/projects/f4ce064a7353458cb343e9718ff00f79/users/7d25530ac95d4e809a94c803e621502f/roles/8da0b01e61d740bfa27ba6ddfb89f7c4 0.368s
2025-11-12 06:18:42.603 65728 INFO tempest.lib.common.dynamic_creds [-] Dynamic test user 7d25530ac95d4e809a94c803e621502f is created with scope project and roles: ['admin']
2025-11-12 06:18:42.603 65728 INFO tempest.lib.common.dynamic_creds [-] Acquired dynamic creds: credentials: Credentials: {'domain_id': 'default', 'domain_name': 'Default', 'username': 'tempest-FlavorsAdminTestJSON-1867962360-project-admin', 'project_domain_id': 'default', 'project_domain_name': 'Default', 'project_id': 'f4ce064a7353458cb343e9718ff00f79', 'project_name': 'tempest-FlavorsAdminTestJSON-1867962360', 'tenant_id': 'f4ce064a7353458cb343e9718ff00f79', 'tenant_name': 'tempest-FlavorsAdminTestJSON-1867962360', 'user_domain_id': 'default', 'user_domain_name': 'Default', 'user_id': '7d25530ac95d4e809a94c803e621502f', 'system': None}, Network: None, Subnet: None, Router: None
2025-11-12 06:18:42.603 65728 INFO tempest.lib.common.dynamic_creds [-] Created isolated network resources for: credentials: Credentials: {'domain_id': 'default', 'domain_name': 'Default', 'username': 'tempest-FlavorsAdminTestJSON-1867962360-project-admin', 'project_domain_id': 'default', 'project_domain_name': 'Default', 'project_id': 'f4ce064a7353458cb343e9718ff00f79', 'project_name': 'tempest-FlavorsAdminTestJSON-1867962360', 'tenant_id': 'f4ce064a7353458cb343e9718ff00f79', 'tenant_name': 'tempest-FlavorsAdminTestJSON-1867962360', 'user_domain_id': 'default', 'user_domain_name': 'Default', 'user_id': '7d25530ac95d4e809a94c803e621502f', 'system': None}, Network: None, Subnet: None, Router: None
2025-11-12 06:18:42.657 65746 INFO tempest.lib.common.rest_client [req-020acc30-97e4-4e3e-b25e-9d0fde9e9f76 req-020acc30-97e4-4e3e-b25e-9d0fde9e9f76 ] Request (FlavorsAccessNegativeTestJSON:setUpClass): 201 POST http://10.180.1.21/identity/v3/auth/tokens 0.421s
2025-11-12 06:18:42.684 65740 INFO tempest.lib.common.rest_client [req-24480f08-55e5-4cf9-b511-a4bb6aece82b req-24480f08-55e5-4cf9-b511-a4bb6aece82b ] Request (ImagesMetadataNegativeTestJSON:test_delete_nonexistent_image_metadata_item): 404 DELETE http://10.180.1.21/compute/v2.1/images/6a047b2c-6e3f-4e51-97fc-0dfddbda3cf5/metadata/os_distro 3.152s
2025-11-12 06:18:42.718 65748 INFO tempest.lib.common.rest_client [req-d2e289cc-3e67-4a38-86bc-1d983be1b4f0 req-d2e289cc-3e67-4a38-86bc-1d983be1b4f0 ] Request (HypervisorAdminV228Test:setUpClass): 204 PUT http://10.180.1.21/identity/v3/projects/aac5229f1f904a3887e3ef1c524c3cf7/users/ef00713412e44806a03fff8f76996275/roles/8da0b01e61d740bfa27ba6ddfb89f7c4 0.437s
2025-11-12 06:18:42.719 65748 INFO tempest.lib.common.dynamic_creds [-] Dynamic test user ef00713412e44806a03fff8f76996275 is created with scope project and roles: ['admin']
2025-11-12 06:18:42.719 65748 INFO tempest.lib.common.dynamic_creds [-] Acquired dynamic creds: credentials: Credentials: {'domain_id': 'default', 'domain_name': 'Default', 'username': 'tempest-HypervisorAdminV228Test-1935081815-project-admin', 'project_domain_id': 'default', 'project_domain_name': 'Default', 'project_id': 'aac5229f1f904a3887e3ef1c524c3cf7', 'project_name': 'tempest-HypervisorAdminV228Test-1935081815', 'tenant_id': 'aac5229f1f904a3887e3ef1c524c3cf7', 'tenant_name': 'tempest-HypervisorAdminV228Test-1935081815', 'user_domain_id': 'default', 'user_domain_name': 'Default', 'user_id': 'ef00713412e44806a03fff8f76996275', 'system': None}, Network: None, Subnet: None, Router: None
2025-11-12 06:18:42.719 65748 INFO tempest.lib.common.dynamic_creds [-] Created isolated network resources for: credentials: Credentials: {'domain_id': 'default', 'domain_name': 'Default', 'username': 'tempest-HypervisorAdminV228Test-1935081815-project-admin', 'project_domain_id': 'default', 'project_domain_name': 'Default', 'project_id': 'aac5229f1f904a3887e3ef1c524c3cf7', 'project_name': 'tempest-HypervisorAdminV228Test-1935081815', 'tenant_id': 'aac5229f1f904a3887e3ef1c524c3cf7', 'tenant_name': 'tempest-HypervisorAdminV228Test-1935081815', 'user_domain_id': 'default', 'user_domain_name': 'Default', 'user_id': 'ef00713412e44806a03fff8f76996275', 'system': None}, Network: None, Subnet: None, Router: None
2025-11-12 06:18:42.727 65696 INFO tempest.lib.common.rest_client [req-d8f8672e-d4c7-4662-9b32-c3bb7f0929a0 req-d8f8672e-d4c7-4662-9b32-c3bb7f0929a0 ] Request (FlavorsExtraSpecsNegativeTestJSON:test_flavor_non_admin_unset_keys): 200 POST http://10.180.1.21/compute/v2.1/flavors/959137735/os-extra_specs 3.192s
2025-11-12 06:18:42.745 65698 INFO tempest.lib.common.rest_client [req-7a06792a-c71d-458a-909e-5ff72d1f8c09 req-7a06792a-c71d-458a-909e-5ff72d1f8c09 ] Request (MigrationsAdminTest:setUpClass): 201 POST http://10.180.1.21/identity/v3/auth/tokens 0.461s
2025-11-12 06:18:42.766 65750 INFO tempest.lib.common.rest_client [req-256567f9-944f-475a-8c33-891a6db96ce2 req-256567f9-944f-475a-8c33-891a6db96ce2 ] Request (FlavorsAccessTestJSON:setUpClass): 204 PUT http://10.180.1.21/identity/v3/projects/e15edefdde544700b688a4c5ac99e849/users/6aa16a0427cc4ee0b375066818dcc61c/roles/8da0b01e61d740bfa27ba6ddfb89f7c4 0.439s
2025-11-12 06:18:42.766 65750 INFO tempest.lib.common.dynamic_creds [-] Dynamic test user 6aa16a0427cc4ee0b375066818dcc61c is created with scope project and roles: ['admin']
2025-11-12 06:18:42.767 65750 INFO tempest.lib.common.dynamic_creds [-] Acquired dynamic creds: credentials: Credentials: {'domain_id': 'default', 'domain_name': 'Default', 'username': 'tempest-FlavorsAccessTestJSON-360224354-project-admin', 'project_domain_id': 'default', 'project_domain_name': 'Default', 'project_id': 'e15edefdde544700b688a4c5ac99e849', 'project_name': 'tempest-FlavorsAccessTestJSON-360224354', 'tenant_id': 'e15edefdde544700b688a4c5ac99e849', 'tenant_name': 'tempest-FlavorsAccessTestJSON-360224354', 'user_domain_id': 'default', 'user_domain_name': 'Default', 'user_id': '6aa16a0427cc4ee0b375066818dcc61c', 'system': None}, Network: None, Subnet: None, Router: None
2025-11-12 06:18:42.767 65750 INFO tempest.lib.common.dynamic_creds [-] Created isolated network resources for: credentials: Credentials: {'domain_id': 'default', 'domain_name': 'Default', 'username': 'tempest-FlavorsAccessTestJSON-360224354-project-admin', 'project_domain_id': 'default', 'project_domain_name': 'Default', 'project_id': 'e15edefdde544700b688a4c5ac99e849', 'project_name': 'tempest-FlavorsAccessTestJSON-360224354', 'tenant_id': 'e15edefdde544700b688a4c5ac99e849', 'tenant_name': 'tempest-FlavorsAccessTestJSON-360224354', 'user_domain_id': 'default', 'user_domain_name': 'Default', 'user_id': '6aa16a0427cc4ee0b375066818dcc61c', 'system': None}, Network: None, Subnet: None, Router: None
2025-11-12 06:18:42.802 65724 INFO tempest.lib.common.rest_client [req-fa7765a5-c2b8-4048-ab44-fbff8dc629a4 req-fa7765a5-c2b8-4048-ab44-fbff8dc629a4 ] Request (InstanceUsageAuditLogNegativeTestJSON:setUpClass): 204 PUT http://10.180.1.21/identity/v3/projects/62e3a1f220a84b1baa8eeaf652d4ad5e/users/618d542826a64c6c97bb05f77b60fc68/roles/8da0b01e61d740bfa27ba6ddfb89f7c4 0.475s
2025-11-12 06:18:42.803 65724 INFO tempest.lib.common.dynamic_creds [-] Dynamic test user 618d542826a64c6c97bb05f77b60fc68 is created with scope project and roles: ['admin']
2025-11-12 06:18:42.803 65724 INFO tempest.lib.common.dynamic_creds [-] Acquired dynamic creds: credentials: Credentials: {'domain_id': 'default', 'domain_name': 'Default', 'username': 'tempest-InstanceUsageAuditLogNegativeTestJSON-1257745654-project-admin', 'project_domain_id': 'default', 'project_domain_name': 'Default', 'project_id': '62e3a1f220a84b1baa8eeaf652d4ad5e', 'project_name': 'tempest-InstanceUsageAuditLogNegativeTestJSON-1257745654', 'tenant_id': '62e3a1f220a84b1baa8eeaf652d4ad5e', 'tenant_name': 'tempest-InstanceUsageAuditLogNegativeTestJSON-1257745654', 'user_domain_id': 'default', 'user_domain_name': 'Default', 'user_id': '618d542826a64c6c97bb05f77b60fc68', 'system': None}, Network: None, Subnet: None, Router: None
2025-11-12 06:18:42.803 65724 INFO tempest.lib.common.dynamic_creds [-] Created isolated network resources for: credentials: Credentials: {'domain_id': 'default', 'domain_name': 'Default', 'username': 'tempest-InstanceUsageAuditLogNegativeTestJSON-1257745654-project-admin', 'project_domain_id': 'default', 'project_domain_name': 'Default', 'project_id': '62e3a1f220a84b1baa8eeaf652d4ad5e', 'project_name': 'tempest-InstanceUsageAuditLogNegativeTestJSON-1257745654', 'tenant_id': '62e3a1f220a84b1baa8eeaf652d4ad5e', 'tenant_name': 'tempest-InstanceUsageAuditLogNegativeTestJSON-1257745654', 'user_domain_id': 'default', 'user_domain_name': 'Default', 'user_id': '618d542826a64c6c97bb05f77b60fc68', 'system': None}, Network: None, Subnet: None, Router: None
2025-11-12 06:18:42.842 65712 INFO tempest.lib.common.rest_client [req-d008308b-81bc-432e-b02d-5ec1243c4324 req-d008308b-81bc-432e-b02d-5ec1243c4324 ] Request (FlavorsV261TestJSON:setUpClass): 201 POST http://10.180.1.21/identity/v3/auth/tokens 0.499s
2025-11-12 06:18:42.862 65692 INFO tempest.lib.common.rest_client [req-45ffbfc1-bdb1-4209-bff9-f59a85ba2710 req-45ffbfc1-bdb1-4209-bff9-f59a85ba2710 ] Request (KeyPairsV210TestJSON:setUpClass): 201 POST http://10.180.1.21/identity/v3/auth/tokens 0.518s
2025-11-12 06:18:42.904 65730 INFO tempest.lib.common.rest_client [req-e0e4de66-ad7d-47df-97d6-325a8057a4a3 req-e0e4de66-ad7d-47df-97d6-325a8057a4a3 ] Request (TenantUsagesTestJSON:setUpClass): 204 PUT http://10.180.1.21/identity/v3/projects/8fb66d45b54843e2b5de67ce42f6e4b1/users/18f7784eea7340608293b0975fafcf88/roles/8da0b01e61d740bfa27ba6ddfb89f7c4 0.505s
2025-11-12 06:18:42.904 65730 INFO tempest.lib.common.dynamic_creds [-] Dynamic test user 18f7784eea7340608293b0975fafcf88 is created with scope project and roles: ['admin']
2025-11-12 06:18:42.904 65730 INFO tempest.lib.common.dynamic_creds [-] Acquired dynamic creds: credentials: Credentials: {'domain_id': 'default', 'domain_name': 'Default', 'username': 'tempest-TenantUsagesTestJSON-1415963697-project-admin', 'project_domain_id': 'default', 'project_domain_name': 'Default', 'project_id': '8fb66d45b54843e2b5de67ce42f6e4b1', 'project_name': 'tempest-TenantUsagesTestJSON-1415963697', 'tenant_id': '8fb66d45b54843e2b5de67ce42f6e4b1', 'tenant_name': 'tempest-TenantUsagesTestJSON-1415963697', 'user_domain_id': 'default', 'user_domain_name': 'Default', 'user_id': '18f7784eea7340608293b0975fafcf88', 'system': None}, Network: None, Subnet: None, Router: None
2025-11-12 06:18:42.904 65730 INFO tempest.lib.common.dynamic_creds [-] Created isolated network resources for: credentials: Credentials: {'domain_id': 'default', 'domain_name': 'Default', 'username': 'tempest-TenantUsagesTestJSON-1415963697-project-admin', 'project_domain_id': 'default', 'project_domain_name': 'Default', 'project_id': '8fb66d45b54843e2b5de67ce42f6e4b1', 'project_name': 'tempest-TenantUsagesTestJSON-1415963697', 'tenant_id': '8fb66d45b54843e2b5de67ce42f6e4b1', 'tenant_name': 'tempest-TenantUsagesTestJSON-1415963697', 'user_domain_id': 'default', 'user_domain_name': 'Default', 'user_id': '18f7784eea7340608293b0975fafcf88', 'system': None}, Network: None, Subnet: None, Router: None
2025-11-12 06:18:42.927 65700 INFO tempest.lib.common.rest_client [req-bcadccf6-e3f9-48b3-ab61-a8bf51fc72e6 req-bcadccf6-e3f9-48b3-ab61-a8bf51fc72e6 ] Request (AggregatesAdminNegativeTestJSON:tearDownClass): 204 DELETE http://10.180.1.21/identity/v3/projects/71765f4aafc34bd89eb3c0d127bb7170 0.563s
2025-11-12 06:18:42.927 65700 INFO tempest.lib.common.dynamic_creds [-] Deleting project and security group for project: 96bc9ef5a01947d796f4a418c8befd9d
2025-11-12 06:18:42.975 65716 INFO tempest.lib.common.rest_client [req-e17bf0e2-c980-4b74-9493-66235f01dffe req-e17bf0e2-c980-4b74-9493-66235f01dffe ] Request (FlavorsV255TestJSON:setUpClass): 201 POST http://10.180.1.21/identity/v3/auth/tokens 0.576s
2025-11-12 06:18:43.036 65694 INFO tempest.lib.common.rest_client [req-ca90677e-e90d-4b63-bb11-8ac9bfb4121e req-ca90677e-e90d-4b63-bb11-8ac9bfb4121e ] Request (ServerDiagnosticsNegativeTest:setUpClass): 201 POST http://10.180.1.21/identity/v3/auth/tokens 0.593s
2025-11-12 06:18:43.057 65754 INFO tempest.lib.common.rest_client [req-596c00d4-e7a2-4688-94e5-d201644bc51b req-596c00d4-e7a2-4688-94e5-d201644bc51b ] Request (SecurityGroupsTestAdminJSON:setUpClass): 204 PUT http://10.180.1.21/identity/v3/projects/b08e66dd78944e53bf44f2e95861eb84/users/87ff43633cbc42e6b111b308b5f465ea/roles/8da0b01e61d740bfa27ba6ddfb89f7c4 0.567s
2025-11-12 06:18:43.057 65754 INFO tempest.lib.common.dynamic_creds [-] Dynamic test user 87ff43633cbc42e6b111b308b5f465ea is created with scope project and roles: ['admin']
2025-11-12 06:18:43.057 65754 INFO tempest.lib.common.dynamic_creds [-] Acquired dynamic creds: credentials: Credentials: {'domain_id': 'default', 'domain_name': 'Default', 'username': 'tempest-SecurityGroupsTestAdminJSON-181635839-project-admin', 'project_domain_id': 'default', 'project_domain_name': 'Default', 'project_id': 'b08e66dd78944e53bf44f2e95861eb84', 'project_name': 'tempest-SecurityGroupsTestAdminJSON-181635839', 'tenant_id': 'b08e66dd78944e53bf44f2e95861eb84', 'tenant_name': 'tempest-SecurityGroupsTestAdminJSON-181635839', 'user_domain_id': 'default', 'user_domain_name': 'Default', 'user_id': '87ff43633cbc42e6b111b308b5f465ea', 'system': None}, Network: None, Subnet: None, Router: None
2025-11-12 06:18:43.057 65754 INFO tempest.lib.common.dynamic_creds [-] Created isolated network resources for: credentials: Credentials: {'domain_id': 'default', 'domain_name': 'Default', 'username': 'tempest-SecurityGroupsTestAdminJSON-181635839-project-admin', 'project_domain_id': 'default', 'project_domain_name': 'Default', 'project_id': 'b08e66dd78944e53bf44f2e95861eb84', 'project_name': 'tempest-SecurityGroupsTestAdminJSON-181635839', 'tenant_id': 'b08e66dd78944e53bf44f2e95861eb84', 'tenant_name': 'tempest-SecurityGroupsTestAdminJSON-181635839', 'user_domain_id': 'default', 'user_domain_name': 'Default', 'user_id': '87ff43633cbc42e6b111b308b5f465ea', 'system': None}, Network: None, Subnet: None, Router: None
2025-11-12 06:18:43.058 65714 INFO tempest.lib.common.rest_client [req-5826351d-b0da-451e-97bd-26ec24ae4f65 req-5826351d-b0da-451e-97bd-26ec24ae4f65 ] Request (QuotasAdminTestV236:test_get_updated_quotas): 200 GET http://10.180.1.21/identity/v3/domains?name=Default 0.596s
2025-11-12 06:18:43.108 65718 INFO tempest.lib.common.rest_client [req-c09ad262-8e63-4179-8da4-c11401aa4e7e req-c09ad262-8e63-4179-8da4-c11401aa4e7e ] Request (DeleteServersAdminTestJSON:setUpClass): 204 PUT http://10.180.1.21/identity/v3/projects/b4f8ac74cae148d297544702d34c1116/users/f113fd4333be41ea9fddfadf698e58a9/roles/8da0b01e61d740bfa27ba6ddfb89f7c4 0.602s
2025-11-12 06:18:43.109 65718 INFO tempest.lib.common.dynamic_creds [-] Dynamic test user f113fd4333be41ea9fddfadf698e58a9 is created with scope project and roles: ['admin']
2025-11-12 06:18:43.109 65718 INFO tempest.lib.common.dynamic_creds [-] Acquired dynamic creds: credentials: Credentials: {'domain_id': 'default', 'domain_name': 'Default', 'username': 'tempest-DeleteServersAdminTestJSON-1108608026-project-admin', 'project_domain_id': 'default', 'project_domain_name': 'Default', 'project_id': 'b4f8ac74cae148d297544702d34c1116', 'project_name': 'tempest-DeleteServersAdminTestJSON-1108608026', 'tenant_id': 'b4f8ac74cae148d297544702d34c1116', 'tenant_name': 'tempest-DeleteServersAdminTestJSON-1108608026', 'user_domain_id': 'default', 'user_domain_name': 'Default', 'user_id': 'f113fd4333be41ea9fddfadf698e58a9', 'system': None}, Network: None, Subnet: None, Router: None
2025-11-12 06:18:43.109 65718 INFO tempest.lib.common.dynamic_creds [-] Created isolated network resources for: credentials: Credentials: {'domain_id': 'default', 'domain_name': 'Default', 'username': 'tempest-DeleteServersAdminTestJSON-1108608026-project-admin', 'project_domain_id': 'default', 'project_domain_name': 'Default', 'project_id': 'b4f8ac74cae148d297544702d34c1116', 'project_name': 'tempest-DeleteServersAdminTestJSON-1108608026', 'tenant_id': 'b4f8ac74cae148d297544702d34c1116', 'tenant_name': 'tempest-DeleteServersAdminTestJSON-1108608026', 'user_domain_id': 'default', 'user_domain_name': 'Default', 'user_id': 'f113fd4333be41ea9fddfadf698e58a9', 'system': None}, Network: None, Subnet: None, Router: None
2025-11-12 06:18:43.131 65734 INFO tempest.lib.common.rest_client [req-ae601c8b-3cf1-486a-9407-9ae015327a8c req-ae601c8b-3cf1-486a-9407-9ae015327a8c ] Request (InstanceUsageAuditLogTestJSON:setUpClass): 201 POST http://10.180.1.21/identity/v3/auth/tokens 0.608s
2025-11-12 06:18:43.133 65744 INFO tempest.lib.common.rest_client [req-8bb87430-8e9b-4fc8-8e1c-3d4e2b2946f6 req-8bb87430-8e9b-4fc8-8e1c-3d4e2b2946f6 ] Request (SecurityGroupRulesTestJSON:setUpClass): 201 POST http://10.180.1.21/networking/v2.0/routers 1.532s
2025-11-12 06:18:43.173 65726 INFO tempest.lib.common.rest_client [req-8fa82c82-5a03-4abb-be5b-041fc10040a5 req-8fa82c82-5a03-4abb-be5b-041fc10040a5 ] Request (FlavorMetadataValidation:setUpClass): 201 POST http://10.180.1.21/identity/v3/auth/tokens 0.607s
2025-11-12 06:18:43.195 65702 INFO tempest.lib.common.rest_client [req-14e8647a-8e50-4f85-b60f-281e25133f69 req-14e8647a-8e50-4f85-b60f-281e25133f69 ] Request (AttachInterfacesUnderV243Test:setUpClass): 201 POST http://10.180.1.21/networking/v2.0/networks 1.704s
2025-11-12 06:18:43.197 65738 INFO tempest.lib.common.rest_client [req-4c515f3a-3649-4f2c-bbd0-586b87b23451 req-4c515f3a-3649-4f2c-bbd0-586b87b23451 ] Request (AZAdminNegativeTestJSON:setUpClass): 201 POST http://10.180.1.21/identity/v3/auth/tokens 0.631s
2025-11-12 06:18:43.241 65728 INFO tempest.lib.common.rest_client [req-1eb3d128-a1b0-4f82-a4a0-392ee5e0550c req-1eb3d128-a1b0-4f82-a4a0-392ee5e0550c ] Request (FlavorsAdminTestJSON:setUpClass): 201 POST http://10.180.1.21/identity/v3/auth/tokens 0.635s
2025-11-12 06:18:43.260 65746 INFO tempest.lib.common.rest_client [req-02c39a24-fb68-469c-9032-6df94fa9c0b8 req-02c39a24-fb68-469c-9032-6df94fa9c0b8 ] Request (FlavorsAccessNegativeTestJSON:setUpClass): 201 POST http://10.180.1.21/identity/v3/projects 0.602s
2025-11-12 06:18:43.276 65722 INFO tempest.lib.common.rest_client [req-21611e2d-9f9f-40ec-98c9-e96252501502 req-21611e2d-9f9f-40ec-98c9-e96252501502 ] Request (FloatingIPDetailsNegativeTestJSON:setUpClass): 201 POST http://10.180.1.21/networking/v2.0/subnets 1.389s
2025-11-12 06:18:43.308 65748 INFO tempest.lib.common.rest_client [req-8017f6d8-f7ec-4ff2-a42d-445910c6e41f req-8017f6d8-f7ec-4ff2-a42d-445910c6e41f ] Request (HypervisorAdminV228Test:setUpClass): 201 POST http://10.180.1.21/identity/v3/auth/tokens 0.586s
2025-11-12 06:18:43.335 65752 INFO tempest.lib.common.rest_client [req-4f775cc5-1294-40ca-9414-5a2cb428079b req-4f775cc5-1294-40ca-9414-5a2cb428079b ] Request (VolumesAssistedSnapshotsTest:setUpClass): 201 POST http://10.180.1.21/networking/v2.0/subnets 1.079s
2025-11-12 06:18:43.353 65698 INFO tempest.lib.common.rest_client [req-bdb0ddd7-00bd-4210-949c-48347179a28d req-bdb0ddd7-00bd-4210-949c-48347179a28d ] Request (MigrationsAdminTest:setUpClass): 200 GET http://10.180.1.21/identity/v3/projects/916cc690782745cea576bed71c8b7a14 0.608s
2025-11-12 06:18:43.353 65698 INFO tempest.lib.common.dynamic_creds [-] Using the existing project 916cc690782745cea576bed71c8b7a14 for scope project and roles: ['manager']
2025-11-12 06:18:43.375 65720 INFO tempest.lib.common.rest_client [req-5db883ce-74c1-47b9-856f-f87b06c70a0d req-5db883ce-74c1-47b9-856f-f87b06c70a0d ] Request (HostsAdminTestJSON:test_list_hosts): 200 GET http://10.180.1.21/compute/v2.1/os-hosts 2.807s
2025-11-12 06:18:43.408 65750 INFO tempest.lib.common.rest_client [req-cdc7eda0-f7c3-4c3d-9efd-70b31cb12ec8 req-cdc7eda0-f7c3-4c3d-9efd-70b31cb12ec8 ] Request (FlavorsAccessTestJSON:setUpClass): 201 POST http://10.180.1.21/identity/v3/auth/tokens 0.639s
2025-11-12 06:18:43.409 65750 WARNING tempest.lib.common.rest_client [-] Deprecated: "tenant_id" property is deprecated for removal, use "project_id" instead
2025-11-12 06:18:43.414 65724 INFO tempest.lib.common.rest_client [req-9e2fcc8a-1782-4187-89a0-81a1c3b2fa96 req-9e2fcc8a-1782-4187-89a0-81a1c3b2fa96 ] Request (InstanceUsageAuditLogNegativeTestJSON:setUpClass): 201 POST http://10.180.1.21/identity/v3/auth/tokens 0.608s
2025-11-12 06:18:43.460 65694 INFO tempest.lib.common.rest_client [req-55d3ab46-3c4f-4bae-86cd-69682cbf05a7 req-55d3ab46-3c4f-4bae-86cd-69682cbf05a7 ] Request (ServerDiagnosticsNegativeTest:test_get_server_diagnostics_by_non_admin): 201 POST http://10.180.1.21/identity/v3/auth/tokens 0.419s
2025-11-12 06:18:43.461 65694 INFO tempest.lib.common.fixed_network [-] (ServerDiagnosticsNegativeTest:test_get_server_diagnostics_by_non_admin) Found network None available for tenant
2025-11-12 06:18:43.470 65730 INFO tempest.lib.common.rest_client [req-68de719d-bfa3-444d-9d11-114fc9d4fe7c req-68de719d-bfa3-444d-9d11-114fc9d4fe7c ] Request (TenantUsagesTestJSON:setUpClass): 201 POST http://10.180.1.21/identity/v3/auth/tokens 0.563s
2025-11-12 06:18:43.471 65730 WARNING tempest.lib.common.rest_client [-] Deprecated: "tenant_id" property is deprecated for removal, use "project_id" instead
2025-11-12 06:18:43.525 65714 INFO tempest.lib.common.rest_client [req-9f9bf314-e972-4bc6-9ebc-51e06a0cd4e6 req-9f9bf314-e972-4bc6-9ebc-51e06a0cd4e6 ] Request (QuotasAdminTestV236:test_get_updated_quotas): 201 POST http://10.180.1.21/identity/v3/projects 0.466s
2025-11-12 06:18:43.552 65754 INFO tempest.lib.common.rest_client [req-143abd08-cb9d-4d5e-b5eb-7e18719b2b2f req-143abd08-cb9d-4d5e-b5eb-7e18719b2b2f ] Request (SecurityGroupsTestAdminJSON:setUpClass): 201 POST http://10.180.1.21/identity/v3/auth/tokens 0.492s
2025-11-12 06:18:43.594 65718 INFO tempest.lib.common.rest_client [req-6d0f0662-e9b5-48bf-8709-dafa5d72f53a req-6d0f0662-e9b5-48bf-8709-dafa5d72f53a ] Request (DeleteServersAdminTestJSON:setUpClass): 201 POST http://10.180.1.21/identity/v3/auth/tokens 0.481s
2025-11-12 06:18:43.617 65698 INFO tempest.lib.common.rest_client [req-02cfa7f6-f9cd-40ac-a5d1-0c3abd9fbcb6 req-02cfa7f6-f9cd-40ac-a5d1-0c3abd9fbcb6 ] Request (MigrationsAdminTest:setUpClass): 201 POST http://10.180.1.21/identity/v3/users 0.264s
2025-11-12 06:18:43.618 65746 INFO tempest.lib.common.rest_client [req-f71176a2-44cd-42f3-b425-4d937c416546 req-f71176a2-44cd-42f3-b425-4d937c416546 ] Request (FlavorsAccessNegativeTestJSON:setUpClass): 201 POST http://10.180.1.21/identity/v3/users 0.357s
2025-11-12 06:18:43.670 65730 INFO tempest.lib.common.rest_client [req-56b20834-cf2b-4dbc-b203-02f1b7fd6e59 req-56b20834-cf2b-4dbc-b203-02f1b7fd6e59 ] Request (TenantUsagesTestJSON:setUpClass): 201 POST http://10.180.1.21/identity/v3/auth/tokens 0.195s
2025-11-12 06:18:43.670 65730 INFO tempest.lib.common.fixed_network [-] (TenantUsagesTestJSON:setUpClass) Found network None available for tenant
2025-11-12 06:18:43.725 65714 INFO tempest.lib.common.rest_client [req-2e8ec411-b6cf-44bc-afd0-1a2cc9cf2fcb req-2e8ec411-b6cf-44bc-afd0-1a2cc9cf2fcb ] Request (QuotasAdminTestV236:test_get_updated_quotas): 200 GET http://10.180.1.21/identity/v3/domains?name=Default 0.200s
2025-11-12 06:18:43.752 65698 INFO tempest.lib.common.rest_client [req-26c774bc-04c2-4970-bfd9-60d58fafa98c req-26c774bc-04c2-4970-bfd9-60d58fafa98c ] Request (MigrationsAdminTest:setUpClass): 200 GET http://10.180.1.21/identity/v3/roles 0.134s
2025-11-12 06:18:43.767 65732 INFO tempest.lib.common.rest_client [req-c171c0c1-68c2-44c8-83a5-9bc02f0a2ad4 req-c171c0c1-68c2-44c8-83a5-9bc02f0a2ad4 ] Request (AZAdminV2TestJSON:test_get_availability_zone_list): 200 GET http://10.180.1.21/compute/v2.1/os-availability-zone 2.817s
2025-11-12 06:18:43.780 65746 INFO tempest.lib.common.rest_client [req-ee7ef089-32b6-432c-9dbf-00c4bc9d834e req-ee7ef089-32b6-432c-9dbf-00c4bc9d834e ] Request (FlavorsAccessNegativeTestJSON:setUpClass): 200 GET http://10.180.1.21/identity/v3/roles 0.161s
2025-11-12 06:18:43.813 65718 INFO tempest.lib.common.rest_client [req-1533ce65-e62c-4cb7-83e2-d63fd5965fb6 req-1533ce65-e62c-4cb7-83e2-d63fd5965fb6 ] Request (DeleteServersAdminTestJSON:test_admin_delete_servers_of_others): 201 POST http://10.180.1.21/identity/v3/auth/tokens 0.215s
2025-11-12 06:18:43.814 65718 INFO tempest.lib.common.fixed_network [-] (DeleteServersAdminTestJSON:test_admin_delete_servers_of_others) Found network None available for tenant
2025-11-12 06:18:43.814 65698 INFO tempest.lib.common.rest_client [req-4af68d8e-baf3-453c-80a1-b370386dab0f req-4af68d8e-baf3-453c-80a1-b370386dab0f ] Request (MigrationsAdminTest:setUpClass): 204 PUT http://10.180.1.21/identity/v3/projects/916cc690782745cea576bed71c8b7a14/users/cf803d82abb14d7bbfc2216dbced0dd8/roles/3c0ceb5cb61d4fc99aa78a3fd5c75ca3 0.062s
2025-11-12 06:18:43.814 65698 INFO tempest.lib.common.dynamic_creds [-] Dynamic test user cf803d82abb14d7bbfc2216dbced0dd8 is created with scope project and roles: ['manager']
2025-11-12 06:18:43.814 65698 INFO tempest.lib.common.dynamic_creds [-] Acquired dynamic creds: credentials: Credentials: {'domain_id': 'default', 'domain_name': 'Default', 'username': 'tempest-MigrationsAdminTest-1565405020-project-manager', 'project_domain_id': 'default', 'project_domain_name': 'Default', 'project_id': '916cc690782745cea576bed71c8b7a14', 'project_name': 'tempest-MigrationsAdminTest-1565405020', 'tenant_id': '916cc690782745cea576bed71c8b7a14', 'tenant_name': 'tempest-MigrationsAdminTest-1565405020', 'user_domain_id': 'default', 'user_domain_name': 'Default', 'user_id': 'cf803d82abb14d7bbfc2216dbced0dd8', 'system': None}, Network: None, Subnet: None, Router: None
2025-11-12 06:18:43.814 65698 INFO tempest.lib.common.dynamic_creds [-] Network resources are not created for requested scope: project and credentials: Credentials: {'domain_id': 'default', 'domain_name': 'Default', 'username': 'tempest-MigrationsAdminTest-1565405020-project-manager', 'project_domain_id': 'default', 'project_domain_name': 'Default', 'project_id': '916cc690782745cea576bed71c8b7a14', 'project_name': 'tempest-MigrationsAdminTest-1565405020', 'tenant_id': '916cc690782745cea576bed71c8b7a14', 'tenant_name': 'tempest-MigrationsAdminTest-1565405020', 'user_domain_id': 'default', 'user_domain_name': 'Default', 'user_id': 'cf803d82abb14d7bbfc2216dbced0dd8', 'system': None}, Network: None, Subnet: None, Router: None
2025-11-12 06:18:43.871 65746 INFO tempest.lib.common.rest_client [req-e17e899f-bafb-4593-8a4c-ec1fa62881bc req-e17e899f-bafb-4593-8a4c-ec1fa62881bc ] Request (FlavorsAccessNegativeTestJSON:setUpClass): 204 PUT http://10.180.1.21/identity/v3/projects/c9652619949943afb70be70581474880/users/064cb65b194a4bb78499a797fe18fa37/roles/d5f563bb887e4a55a4fbecf558ce5784 0.091s
2025-11-12 06:18:43.871 65746 INFO tempest.lib.common.dynamic_creds [-] Dynamic test user 064cb65b194a4bb78499a797fe18fa37 is created with scope project and roles: ['member']
2025-11-12 06:18:43.872 65746 INFO tempest.lib.common.dynamic_creds [-] Acquired dynamic creds: credentials: Credentials: {'domain_id': 'default', 'domain_name': 'Default', 'username': 'tempest-FlavorsAccessNegativeTestJSON-1187577144-project-member', 'project_domain_id': 'default', 'project_domain_name': 'Default', 'project_id': 'c9652619949943afb70be70581474880', 'project_name': 'tempest-FlavorsAccessNegativeTestJSON-1187577144', 'tenant_id': 'c9652619949943afb70be70581474880', 'tenant_name': 'tempest-FlavorsAccessNegativeTestJSON-1187577144', 'user_domain_id': 'default', 'user_domain_name': 'Default', 'user_id': '064cb65b194a4bb78499a797fe18fa37', 'system': None}, Network: None, Subnet: None, Router: None
2025-11-12 06:18:43.872 65746 INFO tempest.lib.common.dynamic_creds [-] Created isolated network resources for: credentials: Credentials: {'domain_id': 'default', 'domain_name': 'Default', 'username': 'tempest-FlavorsAccessNegativeTestJSON-1187577144-project-member', 'project_domain_id': 'default', 'project_domain_name': 'Default', 'project_id': 'c9652619949943afb70be70581474880', 'project_name': 'tempest-FlavorsAccessNegativeTestJSON-1187577144', 'tenant_id': 'c9652619949943afb70be70581474880', 'tenant_name': 'tempest-FlavorsAccessNegativeTestJSON-1187577144', 'user_domain_id': 'default', 'user_domain_name': 'Default', 'user_id': '064cb65b194a4bb78499a797fe18fa37', 'system': None}, Network: None, Subnet: None, Router: None
2025-11-12 06:18:43.910 65710 INFO tempest.lib.common.rest_client [req-b993c1d1-c882-4ed0-91b8-3303652b33f4 req-b993c1d1-c882-4ed0-91b8-3303652b33f4 ] Request (HypervisorAdminNegativeTestJSON:test_get_hypervisor_list_details_with_non_admin_user): 403 GET http://10.180.1.21/compute/v2.1/os-hypervisors/detail 2.866s
2025-11-12 06:18:43.936 65698 INFO tempest.lib.common.rest_client [req-38058b58-7ab0-418a-b380-55aed0b6ee95 req-38058b58-7ab0-418a-b380-55aed0b6ee95 ] Request (MigrationsAdminTest:setUpClass): 201 POST http://10.180.1.21/identity/v3/auth/tokens 0.116s
2025-11-12 06:18:43.937 65698 INFO tempest.api.compute.admin.test_migrations [-] Using project manager for migrating servers, project manager user id: cf803d82abb14d7bbfc2216dbced0dd8
2025-11-12 06:18:43.960 65746 INFO tempest.lib.common.rest_client [req-ec4671b2-bfe8-4357-b609-5a3dffe13f1a req-ec4671b2-bfe8-4357-b609-5a3dffe13f1a ] Request (FlavorsAccessNegativeTestJSON:setUpClass): 201 POST http://10.180.1.21/identity/v3/auth/tokens 0.085s
2025-11-12 06:18:43.961 65746 WARNING tempest.lib.common.rest_client [-] Deprecated: "tenant_id" property is deprecated for removal, use "project_id" instead
2025-11-12 06:18:43.992 65704 INFO tempest.lib.common.rest_client [req-4a5e1cd6-2692-48f4-8ac0-c0c0b53a0762 req-4a5e1cd6-2692-48f4-8ac0-c0c0b53a0762 ] Request (ServersWithSpecificFlavorTestJSON:setUpClass): 201 POST http://10.180.1.21/networking/v2.0/routers 1.556s
2025-11-12 06:18:44.035 65736 INFO tempest.lib.common.rest_client [req-87442d17-9ede-43de-a79f-f8847a946d24 req-87442d17-9ede-43de-a79f-f8847a946d24 ] Request (FloatingIPsAssociationTestJSON:setUpClass): 201 POST http://10.180.1.21/networking/v2.0/routers 1.530s
2025-11-12 06:18:44.050 65708 INFO tempest.lib.common.rest_client [req-614c0464-c39e-4815-8157-89986b0a2c39 req-614c0464-c39e-4815-8157-89986b0a2c39 ] Request (HypervisorAdminUnderV252Test:test_get_hypervisor_show_servers): 200 GET http://10.180.1.21/compute/v2.1/os-hypervisors 1.899s
2025-11-12 06:18:44.073 65740 INFO tempest.lib.common.rest_client [req-79248af2-8699-41ba-9a20-d61dcab0dee6 req-79248af2-8699-41ba-9a20-d61dcab0dee6 ] Request (ImagesMetadataNegativeTestJSON:test_get_nonexistent_image_metadata_item): 404 GET http://10.180.1.21/compute/v2.1/images/20856317-b189-4e94-8079-5b76cdf5fe06/metadata/os_version 1.383s
2025-11-12 06:18:44.077 65696 INFO tempest.lib.common.rest_client [req-e4dde97a-2c0d-47f5-a7ad-f4b894a22658 req-e4dde97a-2c0d-47f5-a7ad-f4b894a22658 ] Request (FlavorsExtraSpecsNegativeTestJSON:test_flavor_non_admin_unset_keys): 403 DELETE http://10.180.1.21/compute/v2.1/flavors/959137735/os-extra_specs/hw:numa_nodes 1.349s
2025-11-12 06:18:44.089 65700 INFO tempest.lib.common.rest_client [req-82f66167-eeb1-4103-a81c-3d454f457366 req-82f66167-eeb1-4103-a81c-3d454f457366 ] Request (AggregatesAdminNegativeTestJSON:tearDownClass): 200 GET http://10.180.1.21/networking/v2.0/security-groups?tenant_id=96bc9ef5a01947d796f4a418c8befd9d&name=default 1.162s
2025-11-12 06:18:44.165 65712 INFO tempest.lib.common.rest_client [req-d00eb523-e5d2-424e-9719-d7488bc1a402 req-d00eb523-e5d2-424e-9719-d7488bc1a402 ] Request (FlavorsV261TestJSON:test_crud_flavor): 200 POST http://10.180.1.21/compute/v2.1/flavors 1.321s
2025-11-12 06:18:44.256 65702 INFO tempest.lib.common.rest_client [req-e9cba4c2-5396-4adc-adeb-00b0a62d8eff req-e9cba4c2-5396-4adc-adeb-00b0a62d8eff ] Request (AttachInterfacesUnderV243Test:setUpClass): 201 POST http://10.180.1.21/networking/v2.0/subnets 1.060s
2025-11-12 06:18:44.297 65692 INFO tempest.lib.common.rest_client [req-7dbe6392-1414-4b22-9d8a-84e1bd6a76a5 req-7dbe6392-1414-4b22-9d8a-84e1bd6a76a5 ] Request (KeyPairsV210TestJSON:test_admin_manage_keypairs_for_other_users): 201 POST http://10.180.1.21/compute/v2.1/os-keypairs 1.433s
2025-11-12 06:18:44.376 65716 INFO tempest.lib.common.rest_client [req-43671b5d-5368-4a91-8573-aa6442dcb73c req-43671b5d-5368-4a91-8573-aa6442dcb73c ] Request (FlavorsV255TestJSON:test_crud_flavor): 200 POST http://10.180.1.21/compute/v2.1/flavors 1.400s
2025-11-12 06:18:44.464 65734 INFO tempest.lib.common.rest_client [req-a3742ba7-feba-4abc-b0be-20f0786103a6 req-a3742ba7-feba-4abc-b0be-20f0786103a6 ] Request (InstanceUsageAuditLogTestJSON:test_get_instance_usage_audit_log): 200 GET http://10.180.1.21/compute/v2.1/os-instance_usage_audit_log/2025-11-12%2006%3A18%3A43 1.331s
2025-11-12 06:18:44.540 65726 INFO tempest.lib.common.rest_client [req-445c38ea-f0f7-4207-8f97-afe75c0fe1a8 req-445c38ea-f0f7-4207-8f97-afe75c0fe1a8 ] Request (FlavorMetadataValidation:test_flavor_update_with_custom_namespace): 200 POST http://10.180.1.21/compute/v2.1/flavors 1.366s
2025-11-12 06:18:44.615 65738 INFO tempest.lib.common.rest_client [req-c5025860-0fe7-411d-914e-14f44c683a15 req-c5025860-0fe7-411d-914e-14f44c683a15 ] Request (AZAdminNegativeTestJSON:test_get_availability_zone_list_detail_with_non_admin_user): 403 GET http://10.180.1.21/compute/v2.1/os-availability-zone/detail 1.416s
2025-11-12 06:18:44.690 65728 INFO tempest.lib.common.rest_client [req-875aed3c-4c04-424f-8d9d-bc9c1203f583 req-875aed3c-4c04-424f-8d9d-bc9c1203f583 ] Request (FlavorsAdminTestJSON:test_create_flavor_using_string_ram): 200 POST http://10.180.1.21/compute/v2.1/flavors 1.447s
2025-11-12 06:18:44.742 65738 INFO tempest.lib.common.rest_client [req-0f564763-631c-4191-8eca-399d4265888d req-0f564763-631c-4191-8eca-399d4265888d ] Request (AZAdminNegativeTestJSON:tearDownClass): 204 DELETE http://10.180.1.21/identity/v3/users/614c0bf544b749c2bbf1e6586906a5f2 0.120s
2025-11-12 06:18:44.784 65748 INFO tempest.lib.common.rest_client [req-e0fe9472-c5fd-4a0c-a61e-9605484eb109 req-e0fe9472-c5fd-4a0c-a61e-9605484eb109 ] Request (HypervisorAdminV228Test:test_get_list_hypervisor_details): 200 GET http://10.180.1.21/compute/v2.1/os-hypervisors 1.474s
2025-11-12 06:18:44.813 65720 INFO tempest.lib.common.rest_client [req-e8341408-e3c8-488b-9c62-756c60dcfeb1 req-e8341408-e3c8-488b-9c62-756c60dcfeb1 ] Request (HostsAdminTestJSON:test_list_hosts_with_a_blank_zone): 200 GET http://10.180.1.21/compute/v2.1/os-hosts?zone= 1.430s
2025-11-12 06:18:44.855 65738 INFO tempest.lib.common.rest_client [req-87bba547-6e33-4bc6-86c2-6fd11d39af98 req-87bba547-6e33-4bc6-86c2-6fd11d39af98 ] Request (AZAdminNegativeTestJSON:tearDownClass): 204 DELETE http://10.180.1.21/identity/v3/users/53e6971dca6c4b63b75e419c770b2247 0.112s
2025-11-12 06:18:44.855 65738 INFO tempest.lib.common.dynamic_creds [-] Deleting project and security group for project: ca75b8ba28ea4cf59aed9513725c7ea7
2025-11-12 06:18:44.867 65744 INFO tempest.lib.common.rest_client [req-54c73c45-ec1c-47f8-8e98-e053e21aa8b6 req-54c73c45-ec1c-47f8-8e98-e053e21aa8b6 ] Request (SecurityGroupRulesTestJSON:setUpClass): 200 PUT http://10.180.1.21/networking/v2.0/routers/6c767286-e01f-4013-9acb-2f2835499837/add_router_interface 1.733s
2025-11-12 06:18:44.867 65744 INFO tempest.lib.common.dynamic_creds [-] Created isolated network resources for: credentials: Credentials: {'domain_id': 'default', 'domain_name': 'Default', 'username': 'tempest-SecurityGroupRulesTestJSON-2085257014-project-member', 'project_domain_id': 'default', 'project_domain_name': 'Default', 'project_id': '7e79f6b81c3a4c898f1af9cbfb8e98ab', 'project_name': 'tempest-SecurityGroupRulesTestJSON-2085257014', 'tenant_id': '7e79f6b81c3a4c898f1af9cbfb8e98ab', 'tenant_name': 'tempest-SecurityGroupRulesTestJSON-2085257014', 'user_domain_id': 'default', 'user_domain_name': 'Default', 'user_id': 'e136ff588552456eb6ec8226b1758009', 'system': None}, Network: {'id': '412591f5-14ad-497f-8959-e9d202b76f17', 'name': 'tempest-SecurityGroupRulesTestJSON-1716977201-network', 'tenant_id': '7e79f6b81c3a4c898f1af9cbfb8e98ab', 'project_id': '7e79f6b81c3a4c898f1af9cbfb8e98ab', 'admin_state_up': True, 'mtu': 8950, 'status': 'ACTIVE', 'subnets': [], 'shared': False, 'port_security_enabled': True, 'router:external': False, 'provider:network_type': 'vlan', 'provider:physical_network': 'default', 'provider:segmentation_id': 509, 'availability_zone_hints': [], 'availability_zones': [], 'ipv4_address_scope': None, 'ipv6_address_scope': None, 'description': '', 'tags': [], 'created_at': '2025-11-12T06:18:40Z', 'updated_at': '2025-11-12T06:18:40Z', 'revision_number': 1}, Subnet: {'id': '1b934d5c-f1c8-4349-a5c6-463f8a9b3058', 'name': 'tempest-SecurityGroupRulesTestJSON-1716977201-subnet', 'tenant_id': '7e79f6b81c3a4c898f1af9cbfb8e98ab', 'network_id': '412591f5-14ad-497f-8959-e9d202b76f17', 'ip_version': 4, 'subnetpool_id': None, 'enable_dhcp': True, 'ipv6_ra_mode': None, 'ipv6_address_mode': None, 'gateway_ip': '192.168.128.1', 'cidr': '192.168.128.0/28', 'allocation_pools': [{'start': '192.168.128.2', 'end': '192.168.128.14'}], 'host_routes': [], 'dns_nameservers': [], 'description': '', 'router:external': False, 'service_types': [], 'tags': [], 'created_at': '2025-11-12T06:18:41Z', 'updated_at': '2025-11-12T06:18:41Z', 'revision_number': 0, 'project_id': '7e79f6b81c3a4c898f1af9cbfb8e98ab'}, Router: {'id': '6c767286-e01f-4013-9acb-2f2835499837', 'name': 'tempest-SecurityGroupRulesTestJSON-1716977201-router', 'tenant_id': '7e79f6b81c3a4c898f1af9cbfb8e98ab', 'admin_state_up': True, 'status': 'ACTIVE', 'external_gateway_info': {'network_id': 'b32da74b-8731-4e60-881a-0b9990c15afb', 'external_fixed_ips': [{'subnet_id': '5ae2af40-4738-48c3-aa81-13f67878b6c2', 'ip_address': '10.180.180.173'}], 'enable_snat': True}, 'description': '', 'availability_zones': [], 'distributed': False, 'ha': False, 'availability_zone_hints': [], 'routes': [], 'flavor_id': None, 'tags': [], 'created_at': '2025-11-12T06:18:42Z', 'updated_at': '2025-11-12T06:18:42Z', 'revision_number': 2, 'project_id': '7e79f6b81c3a4c898f1af9cbfb8e98ab'}
2025-11-12 06:18:44.910 65738 INFO tempest.lib.common.rest_client [req-502bd852-1ed0-49e4-b19f-8ec67f27ce03 req-502bd852-1ed0-49e4-b19f-8ec67f27ce03 ] Request (AZAdminNegativeTestJSON:tearDownClass): 201 POST http://10.180.1.21/identity/v3/auth/tokens 0.055s
2025-11-12 06:18:44.932 65750 INFO tempest.lib.common.rest_client [req-4129c0dc-b0d7-4e54-9570-45990670936f req-4129c0dc-b0d7-4e54-9570-45990670936f ] Request (FlavorsAccessTestJSON:test_flavor_access_add_remove): 200 POST http://10.180.1.21/compute/v2.1/flavors 1.521s
2025-11-12 06:18:44.933 65722 INFO tempest.lib.common.rest_client [req-e6d70436-04d1-4417-a500-1dd0ca6af623 req-e6d70436-04d1-4417-a500-1dd0ca6af623 ] Request (FloatingIPDetailsNegativeTestJSON:setUpClass): 201 POST http://10.180.1.21/networking/v2.0/routers 1.657s
2025-11-12 06:18:44.984 65744 INFO tempest.lib.common.rest_client [req-8dc18cea-e0f0-4e63-97a9-14132f3c6a58 req-8dc18cea-e0f0-4e63-97a9-14132f3c6a58 ] Request (SecurityGroupRulesTestJSON:setUpClass): 201 POST http://10.180.1.21/identity/v3/auth/tokens 0.110s
2025-11-12 06:18:45.036 65724 INFO tempest.lib.common.rest_client [req-c07a590f-b0e7-4e3c-82b8-4935f3edd688 req-c07a590f-b0e7-4e3c-82b8-4935f3edd688 ] Request (InstanceUsageAuditLogNegativeTestJSON:test_get_instance_usage_audit_logs_with_invalid_time): 400 GET http://10.180.1.21/compute/v2.1/os-instance_usage_audit_log/invalid_time 1.620s
2025-11-12 06:18:45.589 65752 INFO tempest.lib.common.rest_client [req-e57a2b09-ab2b-4ff0-a7b3-d8cfae3da95c req-e57a2b09-ab2b-4ff0-a7b3-d8cfae3da95c ] Request (VolumesAssistedSnapshotsTest:setUpClass): 201 POST http://10.180.1.21/networking/v2.0/routers 2.253s
2025-11-12 06:18:45.985 65704 INFO tempest.lib.common.rest_client [req-00066781-0d2d-4138-9d48-85d33b26370b req-00066781-0d2d-4138-9d48-85d33b26370b ] Request (ServersWithSpecificFlavorTestJSON:setUpClass): 200 PUT http://10.180.1.21/networking/v2.0/routers/cf542b25-8a52-4995-ac36-f5ad944e325e/add_router_interface 1.993s
2025-11-12 06:18:45.986 65704 INFO tempest.lib.common.dynamic_creds [-] Created isolated network resources for: credentials: Credentials: {'domain_id': 'default', 'domain_name': 'Default', 'username': 'tempest-ServersWithSpecificFlavorTestJSON-474019439-project-member', 'project_domain_id': 'default', 'project_domain_name': 'Default', 'project_id': '825826f868a0421db3631c7b31ad80cf', 'project_name': 'tempest-ServersWithSpecificFlavorTestJSON-474019439', 'tenant_id': '825826f868a0421db3631c7b31ad80cf', 'tenant_name': 'tempest-ServersWithSpecificFlavorTestJSON-474019439', 'user_domain_id': 'default', 'user_domain_name': 'Default', 'user_id': 'b5264c985a4d41838ae90e11dac1d279', 'system': None}, Network: {'id': 'ba41de01-3c63-4ec5-8b4a-a53f34a8ce60', 'name': 'tempest-ServersWithSpecificFlavorTestJSON-1971221310-network', 'tenant_id': '825826f868a0421db3631c7b31ad80cf', 'project_id': '825826f868a0421db3631c7b31ad80cf', 'admin_state_up': True, 'mtu': 8950, 'status': 'ACTIVE', 'subnets': [], 'shared': False, 'port_security_enabled': True, 'router:external': False, 'provider:network_type': 'vlan', 'provider:physical_network': 'default', 'provider:segmentation_id': 871, 'availability_zone_hints': [], 'availability_zones': [], 'ipv4_address_scope': None, 'ipv6_address_scope': None, 'description': '', 'tags': [], 'created_at': '2025-11-12T06:18:41Z', 'updated_at': '2025-11-12T06:18:41Z', 'revision_number': 1}, Subnet: {'id': 'b6a8a826-18d3-4ef9-b3b3-0507ff5d7ad7', 'name': 'tempest-ServersWithSpecificFlavorTestJSON-1971221310-subnet', 'tenant_id': '825826f868a0421db3631c7b31ad80cf', 'network_id': 'ba41de01-3c63-4ec5-8b4a-a53f34a8ce60', 'ip_version': 4, 'subnetpool_id': None, 'enable_dhcp': True, 'ipv6_ra_mode': None, 'ipv6_address_mode': None, 'gateway_ip': '192.168.128.1', 'cidr': '192.168.128.0/28', 'allocation_pools': [{'start': '192.168.128.2', 'end': '192.168.128.14'}], 'host_routes': [], 'dns_nameservers': [], 'description': '', 'router:external': False, 'service_types': [], 'tags': [], 'created_at': '2025-11-12T06:18:42Z', 'updated_at': '2025-11-12T06:18:42Z', 'revision_number': 0, 'project_id': '825826f868a0421db3631c7b31ad80cf'}, Router: {'id': 'cf542b25-8a52-4995-ac36-f5ad944e325e', 'name': 'tempest-ServersWithSpecificFlavorTestJSON-1971221310-router', 'tenant_id': '825826f868a0421db3631c7b31ad80cf', 'admin_state_up': True, 'status': 'ACTIVE', 'external_gateway_info': {'network_id': 'b32da74b-8731-4e60-881a-0b9990c15afb', 'external_fixed_ips': [{'subnet_id': '5ae2af40-4738-48c3-aa81-13f67878b6c2', 'ip_address': '10.180.180.212'}], 'enable_snat': True}, 'description': '', 'availability_zones': [], 'distributed': False, 'ha': False, 'availability_zone_hints': [], 'routes': [], 'flavor_id': None, 'tags': [], 'created_at': '2025-11-12T06:18:43Z', 'updated_at': '2025-11-12T06:18:43Z', 'revision_number': 2, 'project_id': '825826f868a0421db3631c7b31ad80cf'}
2025-11-12 06:18:46.067 65704 INFO tempest.lib.common.rest_client [req-d016d3e4-03f2-4bad-b2f2-c746e33da79e req-d016d3e4-03f2-4bad-b2f2-c746e33da79e ] Request (ServersWithSpecificFlavorTestJSON:setUpClass): 201 POST http://10.180.1.21/identity/v3/auth/tokens 0.077s
2025-11-12 06:18:46.087 65700 INFO tempest.lib.common.rest_client [req-e9ac38b3-2a97-4d87-829c-d27fd71600ea req-e9ac38b3-2a97-4d87-829c-d27fd71600ea ] Request (AggregatesAdminNegativeTestJSON:tearDownClass): 204 DELETE http://10.180.1.21/networking/v2.0/security-groups/a2cb1ed3-46ea-4f32-a0ae-56b0650c2bf5 1.997s
2025-11-12 06:18:46.119 65704 INFO tempest.lib.common.rest_client [req-e15b2bdb-08a7-48dc-8fad-92fc9b208a1d req-e15b2bdb-08a7-48dc-8fad-92fc9b208a1d ] Request (ServersWithSpecificFlavorTestJSON:setUpClass): 201 POST http://10.180.1.21/identity/v3/projects 0.051s
