2025-11-12 06:19:14.767 65720 INFO tempest.lib.common.rest_client [req-3489eaa5-9e83-423e-a9d4-fd7b8c87d001 req-3489eaa5-9e83-423e-a9d4-fd7b8c87d001 ] Request (ServersTestFqdnHostnames:test_create_server_with_fqdn_name): 200 POST http://10.180.1.21/compute/v2.1/os-keypairs 2.646s
2025-11-12 06:19:14.802 65696 INFO tempest.lib.common.rest_client [req-1ba8ef4c-3c8a-4878-864a-1b48352c60e1 req-1ba8ef4c-3c8a-4878-864a-1b48352c60e1 ] Request (FlavorsExtraSpecsNegativeTestJSON:tearDownClass): 204 DELETE http://10.180.1.21/identity/v3/users/4fba6da2194f4dd6889d85f14ff4e492 0.149s
2025-11-12 06:19:14.802 65696 INFO tempest.lib.common.dynamic_creds [-] Deleting project and security group for project: 7c3fe9aeac2342208f17b15920dbdffe
2025-11-12 06:19:14.867 65712 INFO tempest.lib.common.rest_client [req-1bdf19bd-bdd0-466e-bb55-b3211423c2a4 req-1bdf19bd-bdd0-466e-bb55-b3211423c2a4 ] Request (QuotasAdminTestV257:setUpClass): 204 PUT http://10.180.1.21/identity/v3/projects/e7d49272bee94e05a3e057d632879809/users/d119d61260934c569c6087238c9976c4/roles/8da0b01e61d740bfa27ba6ddfb89f7c4 0.134s
2025-11-12 06:19:14.868 65712 INFO tempest.lib.common.dynamic_creds [-] Dynamic test user d119d61260934c569c6087238c9976c4 is created with scope project and roles: ['admin']
2025-11-12 06:19:14.868 65712 INFO tempest.lib.common.dynamic_creds [-] Acquired dynamic creds: credentials: Credentials: {'domain_id': 'default', 'domain_name': 'Default', 'username': 'tempest-QuotasAdminTestV257-1504816470-project-admin', 'project_domain_id': 'default', 'project_domain_name': 'Default', 'project_id': 'e7d49272bee94e05a3e057d632879809', 'project_name': 'tempest-QuotasAdminTestV257-1504816470', 'tenant_id': 'e7d49272bee94e05a3e057d632879809', 'tenant_name': 'tempest-QuotasAdminTestV257-1504816470', 'user_domain_id': 'default', 'user_domain_name': 'Default', 'user_id': 'd119d61260934c569c6087238c9976c4', 'system': None}, Network: None, Subnet: None, Router: None
2025-11-12 06:19:14.868 65712 INFO tempest.lib.common.dynamic_creds [-] Created isolated network resources for: credentials: Credentials: {'domain_id': 'default', 'domain_name': 'Default', 'username': 'tempest-QuotasAdminTestV257-1504816470-project-admin', 'project_domain_id': 'default', 'project_domain_name': 'Default', 'project_id': 'e7d49272bee94e05a3e057d632879809', 'project_name': 'tempest-QuotasAdminTestV257-1504816470', 'tenant_id': 'e7d49272bee94e05a3e057d632879809', 'tenant_name': 'tempest-QuotasAdminTestV257-1504816470', 'user_domain_id': 'default', 'user_domain_name': 'Default', 'user_id': 'd119d61260934c569c6087238c9976c4', 'system': None}, Network: None, Subnet: None, Router: None
2025-11-12 06:19:14.912 65692 INFO tempest.lib.common.rest_client [req-9f67bd36-6dae-48b1-895e-23fbfed118b9 req-9f67bd36-6dae-48b1-895e-23fbfed118b9 ] Request (KeyPairsV210TestJSON:tearDownClass): 204 DELETE http://10.180.1.21/identity/v3/users/23e118bbe214482cbb726fc4709ca68f 0.255s
2025-11-12 06:19:14.912 65692 INFO tempest.lib.common.dynamic_creds [-] Deleting project and security group for project: 53df61213a164060a3476f20ea114abb
2025-11-12 06:19:14.943 65696 INFO tempest.lib.common.rest_client [req-4beca3e6-35d1-4232-a11d-a15c64cf75bd req-4beca3e6-35d1-4232-a11d-a15c64cf75bd ] Request (FlavorsExtraSpecsNegativeTestJSON:tearDownClass): 201 POST http://10.180.1.21/identity/v3/auth/tokens 0.140s
2025-11-12 06:19:14.988 65712 INFO tempest.lib.common.rest_client [req-e2cef590-1e79-4c8b-81ed-fbaf2bcc18ad req-e2cef590-1e79-4c8b-81ed-fbaf2bcc18ad ] Request (QuotasAdminTestV257:setUpClass): 201 POST http://10.180.1.21/identity/v3/auth/tokens 0.118s
2025-11-12 06:19:14.989 65712 WARNING tempest.lib.common.rest_client [-] Deprecated: "tenant_id" property is deprecated for removal, use "project_id" instead
2025-11-12 06:19:15.004 65692 INFO tempest.lib.common.rest_client [req-dfa0f423-a04b-4b31-8a42-e611eb2f127d req-dfa0f423-a04b-4b31-8a42-e611eb2f127d ] Request (KeyPairsV210TestJSON:tearDownClass): 201 POST http://10.180.1.21/identity/v3/auth/tokens 0.091s
2025-11-12 06:19:15.031 65716 INFO tempest.lib.common.rest_client [req-15c1b12f-f03c-49ef-8f39-ad5cb3f6a4f7 req-15c1b12f-f03c-49ef-8f39-ad5cb3f6a4f7 ] Request (ServersAdminTestJSON:setUpClass): 201 POST http://10.180.1.21/networking/v2.0/networks 0.481s
2025-11-12 06:19:15.156 65720 INFO tempest.lib.common.rest_client [req-b62efead-f0f7-4f87-af74-6e541cf53527 req-b62efead-f0f7-4f87-af74-6e541cf53527 ] Request (ServersTestFqdnHostnames:test_create_server_with_fqdn_name): 201 POST http://10.180.1.21/networking/v2.0/security-groups 0.387s
2025-11-12 06:19:15.351 65696 INFO tempest.lib.common.rest_client [req-055e4ba2-04c2-4380-b35e-8a7345d6e3bf req-055e4ba2-04c2-4380-b35e-8a7345d6e3bf ] Request (FlavorsExtraSpecsNegativeTestJSON:tearDownClass): 200 GET http://10.180.1.21/networking/v2.0/security-groups?tenant_id=7c3fe9aeac2342208f17b15920dbdffe&name=default 0.407s
2025-11-12 06:19:15.456 65692 INFO tempest.lib.common.rest_client [req-1e8c7560-e00b-4061-89fa-f246528eda48 req-1e8c7560-e00b-4061-89fa-f246528eda48 ] Request (KeyPairsV210TestJSON:tearDownClass): 200 GET http://10.180.1.21/networking/v2.0/security-groups?tenant_id=53df61213a164060a3476f20ea114abb&name=default 0.452s
2025-11-12 06:19:15.594 65716 INFO tempest.lib.common.rest_client [req-e309201a-2c28-443f-82e7-078cc78d8d69 req-e309201a-2c28-443f-82e7-078cc78d8d69 ] Request (ServersAdminTestJSON:setUpClass): 201 POST http://10.180.1.21/networking/v2.0/subnets 0.563s
2025-11-12 06:19:15.732 65720 INFO tempest.lib.common.rest_client [req-c064407d-3c03-4942-b271-6ca992f890f6 req-c064407d-3c03-4942-b271-6ca992f890f6 ] Request (ServersTestFqdnHostnames:test_create_server_with_fqdn_name): 201 POST http://10.180.1.21/networking/v2.0/security-group-rules 0.576s
2025-11-12 06:19:15.859 65696 INFO tempest.lib.common.rest_client [req-4235a2ba-d368-4f67-bdfd-2bae2fb0d9b6 req-4235a2ba-d368-4f67-bdfd-2bae2fb0d9b6 ] Request (FlavorsExtraSpecsNegativeTestJSON:tearDownClass): 204 DELETE http://10.180.1.21/networking/v2.0/security-groups/cedfaa15-f738-428d-b036-d61f906cf5b2 0.508s
2025-11-12 06:19:15.899 65692 INFO tempest.lib.common.rest_client [req-d1d0e1a7-c6a6-4230-9178-df17bab1a7f4 req-d1d0e1a7-c6a6-4230-9178-df17bab1a7f4 ] Request (KeyPairsV210TestJSON:tearDownClass): 204 DELETE http://10.180.1.21/networking/v2.0/security-groups/fe0a6253-3a54-4d21-9afe-fefe03cb4e3e 0.442s
2025-11-12 06:19:15.971 65696 INFO tempest.lib.common.rest_client [req-eb20bb9c-a645-4123-9f63-4f52e9a6abb8 req-eb20bb9c-a645-4123-9f63-4f52e9a6abb8 ] Request (FlavorsExtraSpecsNegativeTestJSON:tearDownClass): 204 DELETE http://10.180.1.21/identity/v3/projects/7c3fe9aeac2342208f17b15920dbdffe 0.111s
2025-11-12 06:19:15.971 65696 INFO tempest.lib.common.dynamic_creds [-] Deleting project and security group for project: 146dc04a0afd48fc92f0c75dadae0b3a
2025-11-12 06:19:16.001 65692 INFO tempest.lib.common.rest_client [req-c2ab4dc9-6df2-40e6-8a3c-065969dff9dc req-c2ab4dc9-6df2-40e6-8a3c-065969dff9dc ] Request (KeyPairsV210TestJSON:tearDownClass): 204 DELETE http://10.180.1.21/identity/v3/projects/53df61213a164060a3476f20ea114abb 0.102s
2025-11-12 06:19:16.002 65692 INFO tempest.lib.common.dynamic_creds [-] Deleting project and security group for project: 26cf1c5b8deb4b859eae3070270a2ecc
2025-11-12 06:19:16.076 65720 INFO tempest.lib.common.rest_client [req-b844f16e-ac38-41c3-badc-b2d8a5c9ce83 req-b844f16e-ac38-41c3-badc-b2d8a5c9ce83 ] Request (ServersTestFqdnHostnames:test_create_server_with_fqdn_name): 201 POST http://10.180.1.21/networking/v2.0/security-group-rules 0.343s
2025-11-12 06:19:16.206 65744 INFO tempest.lib.common.rest_client [req-368f2e48-ec1b-4b73-bc85-8d8769623d9d req-368f2e48-ec1b-4b73-bc85-8d8769623d9d ] Request (SecurityGroupRulesTestJSON:test_security_group_rules_create_with_optional_group_id): 200 POST http://10.180.1.21/compute/v2.1/os-security-group-rules 3.930s
2025-11-12 06:19:16.208 65744 WARNING tempest.lib.common.rest_client [-] Deprecated: "tenant_id" property is deprecated for removal, use "project_id" instead
2025-11-12 06:19:16.221 65700 INFO tempest.lib.common.rest_client [req-aa1652c7-56ab-4298-ac48-2874700fa214 req-aa1652c7-56ab-4298-ac48-2874700fa214 ] Request (FlavorsExtraSpecsTestJSON:test_flavor_set_get_update_show_unset_keys): 200 GET http://10.180.1.21/compute/v2.1/flavors/1952358909/os-extra_specs 3.924s
2025-11-12 06:19:16.404 65696 INFO tempest.lib.common.rest_client [req-0ebbb466-7ae3-457f-9033-960f32966dbd req-0ebbb466-7ae3-457f-9033-960f32966dbd ] Request (FlavorsExtraSpecsNegativeTestJSON:tearDownClass): 200 GET http://10.180.1.21/networking/v2.0/security-groups?tenant_id=146dc04a0afd48fc92f0c75dadae0b3a&name=default 0.433s
2025-11-12 06:19:16.526 65722 INFO tempest.lib.common.rest_client [req-a41945c3-8dc4-450f-bf3e-da90bc005296 req-a41945c3-8dc4-450f-bf3e-da90bc005296 ] Request (ServerDiskConfigTestJSON:test_rebuild_server_with_auto_disk_config): 202 POST http://10.180.1.21/compute/v2.1/servers 5.508s
2025-11-12 06:19:16.533 65708 INFO tempest.lib.common.rest_client [req-bebb7f9b-7376-48f7-95b6-7e53b8ed3382 req-bebb7f9b-7376-48f7-95b6-7e53b8ed3382 ] Request (MultipleCreateNegativeTestJSON:test_min_count_less_than_one): 400 POST http://10.180.1.21/compute/v2.1/servers 4.141s
2025-11-12 06:19:16.563 65692 INFO tempest.lib.common.rest_client [req-1e821983-4a0b-499a-92ee-ce88f4886fae req-1e821983-4a0b-499a-92ee-ce88f4886fae ] Request (KeyPairsV210TestJSON:tearDownClass): 200 GET http://10.180.1.21/networking/v2.0/security-groups?tenant_id=26cf1c5b8deb4b859eae3070270a2ecc&name=default 0.561s
2025-11-12 06:19:16.586 65716 INFO tempest.lib.common.rest_client [req-c52fd903-e888-47e1-a54a-f6f1ee15edfc req-c52fd903-e888-47e1-a54a-f6f1ee15edfc ] Request (ServersAdminTestJSON:setUpClass): 201 POST http://10.180.1.21/networking/v2.0/routers 0.991s
2025-11-12 06:19:16.623 65708 INFO tempest.lib.common.rest_client [req-2eedc931-76b0-4fbd-ba32-165e6806ef04 req-2eedc931-76b0-4fbd-ba32-165e6806ef04 ] Request (MultipleCreateNegativeTestJSON:test_min_count_non_integer): 201 POST http://10.180.1.21/identity/v3/auth/tokens 0.082s
2025-11-12 06:19:16.623 65708 INFO tempest.lib.common.fixed_network [-] (MultipleCreateNegativeTestJSON:test_min_count_non_integer) Found network None available for tenant
2025-11-12 06:19:16.971 65720 INFO tempest.lib.common.rest_client [req-45066271-2b95-4327-bb14-04fa86b1fc2d req-45066271-2b95-4327-bb14-04fa86b1fc2d ] Request (ServersTestFqdnHostnames:test_create_server_with_fqdn_name): 201 POST http://10.180.1.21/networking/v2.0/floatingips 0.894s
2025-11-12 06:19:17.044 65720 INFO tempest.lib.common.rest_client [req-58af37ad-9fe3-41be-abdc-d5f821135ebf req-58af37ad-9fe3-41be-abdc-d5f821135ebf ] Request (ServersTestFqdnHostnames:test_create_server_with_fqdn_name): 201 POST http://10.180.1.21/identity/v3/auth/tokens 0.070s
2025-11-12 06:19:17.044 65720 INFO tempest.lib.common.fixed_network [-] (ServersTestFqdnHostnames:test_create_server_with_fqdn_name) Found network {'id': '9017fdb8-f85a-4ce0-af60-b5e8e6067a7b', 'name': 'tempest-ServersTestFqdnHostnames-213677396-network', 'tenant_id': 'fbb05bb13ef04734b30b0b9ac3630b82', 'project_id': 'fbb05bb13ef04734b30b0b9ac3630b82', 'admin_state_up': True, 'mtu': 8950, 'status': 'ACTIVE', 'subnets': [], 'shared': False, 'port_security_enabled': True, 'router:external': False, 'provider:network_type': 'vlan', 'provider:physical_network': 'default', 'provider:segmentation_id': 822, 'availability_zone_hints': [], 'availability_zones': [], 'ipv4_address_scope': None, 'ipv6_address_scope': None, 'description': '', 'tags': [], 'created_at': '2025-11-12T06:19:08Z', 'updated_at': '2025-11-12T06:19:08Z', 'revision_number': 1} available for tenant
2025-11-12 06:19:17.064 65696 INFO tempest.lib.common.rest_client [req-965a934d-43f2-4aec-87d4-6453e4fcf209 req-965a934d-43f2-4aec-87d4-6453e4fcf209 ] Request (FlavorsExtraSpecsNegativeTestJSON:tearDownClass): 204 DELETE http://10.180.1.21/networking/v2.0/security-groups/ce15d9b2-51f6-404a-8ff7-9dd5044a4ab9 0.659s
2025-11-12 06:19:17.109 65692 INFO tempest.lib.common.rest_client [req-9e19de50-cfb2-41d7-8f29-6190fbe36532 req-9e19de50-cfb2-41d7-8f29-6190fbe36532 ] Request (KeyPairsV210TestJSON:tearDownClass): 204 DELETE http://10.180.1.21/networking/v2.0/security-groups/fa72b5c0-bbd3-47dd-95cc-41a6adf2422e 0.546s
2025-11-12 06:19:17.212 65696 INFO tempest.lib.common.rest_client [req-8ab76015-dc4d-481e-8d0f-0065a827f748 req-8ab76015-dc4d-481e-8d0f-0065a827f748 ] Request (FlavorsExtraSpecsNegativeTestJSON:tearDownClass): 204 DELETE http://10.180.1.21/identity/v3/projects/146dc04a0afd48fc92f0c75dadae0b3a 0.148s
2025-11-12 06:19:17.213 65696 INFO tempest.test [-] raised in TestMultiAttachVolumeSwap.setUpClass. Invoking tearDownClass.
2025-11-12 06:19:17.247 65692 INFO tempest.lib.common.rest_client [req-f4e8b2f8-835b-4a53-ad07-24659b62f581 req-f4e8b2f8-835b-4a53-ad07-24659b62f581 ] Request (KeyPairsV210TestJSON:tearDownClass): 204 DELETE http://10.180.1.21/identity/v3/projects/26cf1c5b8deb4b859eae3070270a2ecc 0.137s
2025-11-12 06:19:17.278 65696 INFO tempest.lib.common.rest_client [req-e722a4ef-705f-4e16-81aa-07f1d31451f9 req-e722a4ef-705f-4e16-81aa-07f1d31451f9 ] Request (KeyPairsNegativeTestJSON:setUpClass): 201 POST http://10.180.1.21/identity/v3/auth/tokens 0.062s
2025-11-12 06:19:17.308 65696 INFO tempest.lib.common.rest_client [req-9dd220eb-9373-4358-836e-b69c29875eb2 req-9dd220eb-9373-4358-836e-b69c29875eb2 ] Request (KeyPairsNegativeTestJSON:setUpClass): 201 POST http://10.180.1.21/identity/v3/auth/tokens 0.027s
2025-11-12 06:19:17.310 65692 INFO tempest.lib.common.rest_client [req-83b089f3-b5c7-4610-8bc8-a790b37c7ed3 req-83b089f3-b5c7-4610-8bc8-a790b37c7ed3 ] Request (NetworksTest:setUpClass): 201 POST http://10.180.1.21/identity/v3/auth/tokens 0.060s
2025-11-12 06:19:17.332 65696 INFO tempest.lib.common.rest_client [req-f73e3cf3-180e-4656-a6ad-eb41bb3020f0 req-f73e3cf3-180e-4656-a6ad-eb41bb3020f0 ] Request (KeyPairsNegativeTestJSON:setUpClass): 200 GET http://10.180.1.21/identity/v3/domains?name=Default 0.024s
2025-11-12 06:19:17.340 65692 INFO tempest.lib.common.rest_client [req-68342651-2592-4f0a-ba0c-ebfcafe72d28 req-68342651-2592-4f0a-ba0c-ebfcafe72d28 ] Request (NetworksTest:setUpClass): 201 POST http://10.180.1.21/identity/v3/auth/tokens 0.028s
2025-11-12 06:19:17.363 65692 INFO tempest.lib.common.rest_client [req-e4276c84-53c5-4135-a0e8-f7abf6737b0a req-e4276c84-53c5-4135-a0e8-f7abf6737b0a ] Request (NetworksTest:setUpClass): 200 GET http://10.180.1.21/identity/v3/domains?name=Default 0.023s
2025-11-12 06:19:17.368 65696 INFO tempest.lib.common.rest_client [req-dbb694b1-5a45-4308-9ab3-615b3b5add3c req-dbb694b1-5a45-4308-9ab3-615b3b5add3c ] Request (KeyPairsNegativeTestJSON:setUpClass): 201 POST http://10.180.1.21/identity/v3/projects 0.034s
2025-11-12 06:19:17.434 65692 INFO tempest.lib.common.rest_client [req-109d87fa-1030-4825-aafd-88b54ea4c65a req-109d87fa-1030-4825-aafd-88b54ea4c65a ] Request (NetworksTest:setUpClass): 201 POST http://10.180.1.21/identity/v3/projects 0.070s
2025-11-12 06:19:17.446 65696 INFO tempest.lib.common.rest_client [req-02c3e4ac-cdb6-4bcd-9840-208e6e481af5 req-02c3e4ac-cdb6-4bcd-9840-208e6e481af5 ] Request (KeyPairsNegativeTestJSON:setUpClass): 201 POST http://10.180.1.21/identity/v3/users 0.078s
2025-11-12 06:19:17.508 65692 INFO tempest.lib.common.rest_client [req-7893148d-b153-4285-9469-695cab799575 req-7893148d-b153-4285-9469-695cab799575 ] Request (NetworksTest:setUpClass): 201 POST http://10.180.1.21/identity/v3/users 0.071s
2025-11-12 06:19:17.515 65696 INFO tempest.lib.common.rest_client [req-7e81057e-ea76-4b76-9836-e41fa0660622 req-7e81057e-ea76-4b76-9836-e41fa0660622 ] Request (KeyPairsNegativeTestJSON:setUpClass): 200 GET http://10.180.1.21/identity/v3/roles 0.068s
2025-11-12 06:19:17.538 65692 INFO tempest.lib.common.rest_client [req-a0a25af6-3f97-4a68-aae2-83939186e3b5 req-a0a25af6-3f97-4a68-aae2-83939186e3b5 ] Request (NetworksTest:setUpClass): 200 GET http://10.180.1.21/identity/v3/roles 0.029s
2025-11-12 06:19:17.545 65696 INFO tempest.lib.common.rest_client [req-0c46fc3d-e801-4bc5-b7b9-c123003bed7c req-0c46fc3d-e801-4bc5-b7b9-c123003bed7c ] Request (KeyPairsNegativeTestJSON:setUpClass): 204 PUT http://10.180.1.21/identity/v3/projects/29370028421043f4b70a22920538db22/users/c49206edac8c48a2a1b8012146dbbc3e/roles/d5f563bb887e4a55a4fbecf558ce5784 0.029s
2025-11-12 06:19:17.545 65696 INFO tempest.lib.common.dynamic_creds [-] Dynamic test user c49206edac8c48a2a1b8012146dbbc3e is created with scope project and roles: ['member']
2025-11-12 06:19:17.545 65696 INFO tempest.lib.common.dynamic_creds [-] Acquired dynamic creds: credentials: Credentials: {'domain_id': 'default', 'domain_name': 'Default', 'username': 'tempest-KeyPairsNegativeTestJSON-1447011198-project-member', 'project_domain_id': 'default', 'project_domain_name': 'Default', 'project_id': '29370028421043f4b70a22920538db22', 'project_name': 'tempest-KeyPairsNegativeTestJSON-1447011198', 'tenant_id': '29370028421043f4b70a22920538db22', 'tenant_name': 'tempest-KeyPairsNegativeTestJSON-1447011198', 'user_domain_id': 'default', 'user_domain_name': 'Default', 'user_id': 'c49206edac8c48a2a1b8012146dbbc3e', 'system': None}, Network: None, Subnet: None, Router: None
2025-11-12 06:19:17.545 65696 INFO tempest.lib.common.dynamic_creds [-] Created isolated network resources for: credentials: Credentials: {'domain_id': 'default', 'domain_name': 'Default', 'username': 'tempest-KeyPairsNegativeTestJSON-1447011198-project-member', 'project_domain_id': 'default', 'project_domain_name': 'Default', 'project_id': '29370028421043f4b70a22920538db22', 'project_name': 'tempest-KeyPairsNegativeTestJSON-1447011198', 'tenant_id': '29370028421043f4b70a22920538db22', 'tenant_name': 'tempest-KeyPairsNegativeTestJSON-1447011198', 'user_domain_id': 'default', 'user_domain_name': 'Default', 'user_id': 'c49206edac8c48a2a1b8012146dbbc3e', 'system': None}, Network: None, Subnet: None, Router: None
2025-11-12 06:19:17.608 65692 INFO tempest.lib.common.rest_client [req-dd576eaf-5852-45e9-a9f3-66d2895b7f17 req-dd576eaf-5852-45e9-a9f3-66d2895b7f17 ] Request (NetworksTest:setUpClass): 204 PUT http://10.180.1.21/identity/v3/projects/67fdbfa0387d4a41b447866557bda0b3/users/a4389d0c5fa74960ad595ec3127012ef/roles/d5f563bb887e4a55a4fbecf558ce5784 0.069s
2025-11-12 06:19:17.608 65692 INFO tempest.lib.common.dynamic_creds [-] Dynamic test user a4389d0c5fa74960ad595ec3127012ef is created with scope project and roles: ['member']
2025-11-12 06:19:17.608 65692 INFO tempest.lib.common.dynamic_creds [-] Acquired dynamic creds: credentials: Credentials: {'domain_id': 'default', 'domain_name': 'Default', 'username': 'tempest-NetworksTest-1581037977-project-member', 'project_domain_id': 'default', 'project_domain_name': 'Default', 'project_id': '67fdbfa0387d4a41b447866557bda0b3', 'project_name': 'tempest-NetworksTest-1581037977', 'tenant_id': '67fdbfa0387d4a41b447866557bda0b3', 'tenant_name': 'tempest-NetworksTest-1581037977', 'user_domain_id': 'default', 'user_domain_name': 'Default', 'user_id': 'a4389d0c5fa74960ad595ec3127012ef', 'system': None}, Network: None, Subnet: None, Router: None
2025-11-12 06:19:17.608 65692 INFO tempest.lib.common.dynamic_creds [-] Created isolated network resources for: credentials: Credentials: {'domain_id': 'default', 'domain_name': 'Default', 'username': 'tempest-NetworksTest-1581037977-project-member', 'project_domain_id': 'default', 'project_domain_name': 'Default', 'project_id': '67fdbfa0387d4a41b447866557bda0b3', 'project_name': 'tempest-NetworksTest-1581037977', 'tenant_id': '67fdbfa0387d4a41b447866557bda0b3', 'tenant_name': 'tempest-NetworksTest-1581037977', 'user_domain_id': 'default', 'user_domain_name': 'Default', 'user_id': 'a4389d0c5fa74960ad595ec3127012ef', 'system': None}, Network: None, Subnet: None, Router: None
2025-11-12 06:19:17.639 65696 INFO tempest.lib.common.rest_client [req-0db45ff7-2abe-4ccb-9f6a-16cc01dd80dc req-0db45ff7-2abe-4ccb-9f6a-16cc01dd80dc ] Request (KeyPairsNegativeTestJSON:setUpClass): 201 POST http://10.180.1.21/identity/v3/auth/tokens 0.088s
2025-11-12 06:19:17.699 65692 INFO tempest.lib.common.rest_client [req-bff90aa3-ef59-4961-8a31-35b7893f8a17 req-bff90aa3-ef59-4961-8a31-35b7893f8a17 ] Request (NetworksTest:setUpClass): 201 POST http://10.180.1.21/identity/v3/auth/tokens 0.085s
2025-11-12 06:19:17.774 65692 INFO tempest.lib.common.rest_client [req-af243f5b-33ea-4c32-b017-4fe8bdf9f4c9 req-af243f5b-33ea-4c32-b017-4fe8bdf9f4c9 ] Request (NetworksTest:setUpClass): 201 POST http://10.180.1.21/identity/v3/projects 0.074s
2025-11-12 06:19:17.872 65692 INFO tempest.lib.common.rest_client [req-8e45e05f-33fa-4b64-98ff-6205e2f903df req-8e45e05f-33fa-4b64-98ff-6205e2f903df ] Request (NetworksTest:setUpClass): 201 POST http://10.180.1.21/identity/v3/users 0.097s
2025-11-12 06:19:17.897 65692 INFO tempest.lib.common.rest_client [req-2f9660d7-1631-4d79-8578-0ebcdb84491c req-2f9660d7-1631-4d79-8578-0ebcdb84491c ] Request (NetworksTest:setUpClass): 200 GET http://10.180.1.21/identity/v3/roles 0.025s
2025-11-12 06:19:17.934 65692 INFO tempest.lib.common.rest_client [req-6fe56fd8-f82b-4971-848a-5566639b6c8e req-6fe56fd8-f82b-4971-848a-5566639b6c8e ] Request (NetworksTest:setUpClass): 204 PUT http://10.180.1.21/identity/v3/projects/c557c60284c24d4bb21589b2b5036de4/users/5b28bdbcef184318bfa915f5aedf6b24/roles/8da0b01e61d740bfa27ba6ddfb89f7c4 0.036s
2025-11-12 06:19:17.981 65716 INFO tempest.lib.common.rest_client [req-6fa7c13d-6153-4d2a-9dfc-6511df8d7a5f req-6fa7c13d-6153-4d2a-9dfc-6511df8d7a5f ] Request (ServersAdminTestJSON:setUpClass): 200 PUT http://10.180.1.21/networking/v2.0/routers/eeea3460-2fc9-4af1-b397-d7aec6b4009e/add_router_interface 1.395s
2025-11-12 06:19:17.982 65716 INFO tempest.lib.common.dynamic_creds [-] Created isolated network resources for: credentials: Credentials: {'domain_id': 'default', 'domain_name': 'Default', 'username': 'tempest-ServersAdminTestJSON-212052118-project-member', 'project_domain_id': 'default', 'project_domain_name': 'Default', 'project_id': 'e298a7a0f96a4a788d9a54a021dd429e', 'project_name': 'tempest-ServersAdminTestJSON-212052118', 'tenant_id': 'e298a7a0f96a4a788d9a54a021dd429e', 'tenant_name': 'tempest-ServersAdminTestJSON-212052118', 'user_domain_id': 'default', 'user_domain_name': 'Default', 'user_id': 'f4a6fa9c111841a5931e9866ef141f79', 'system': None}, Network: {'id': 'e87208a8-c183-4e52-985a-43d5ffdbaf64', 'name': 'tempest-ServersAdminTestJSON-1303936819-network', 'tenant_id': 'e298a7a0f96a4a788d9a54a021dd429e', 'project_id': 'e298a7a0f96a4a788d9a54a021dd429e', 'admin_state_up': True, 'mtu': 8950, 'status': 'ACTIVE', 'subnets': [], 'shared': False, 'port_security_enabled': True, 'router:external': False, 'provider:network_type': 'vlan', 'provider:physical_network': 'default', 'provider:segmentation_id': 852, 'availability_zone_hints': [], 'availability_zones': [], 'ipv4_address_scope': None, 'ipv6_address_scope': None, 'description': '', 'tags': [], 'created_at': '2025-11-12T06:19:14Z', 'updated_at': '2025-11-12T06:19:14Z', 'revision_number': 1}, Subnet: {'id': 'e8296b2d-eeba-4571-9e5f-268c9272f368', 'name': 'tempest-ServersAdminTestJSON-1303936819-subnet', 'tenant_id': 'e298a7a0f96a4a788d9a54a021dd429e', 'network_id': 'e87208a8-c183-4e52-985a-43d5ffdbaf64', 'ip_version': 4, 'subnetpool_id': None, 'enable_dhcp': True, 'ipv6_ra_mode': None, 'ipv6_address_mode': None, 'gateway_ip': '192.168.128.1', 'cidr': '192.168.128.0/28', 'allocation_pools': [{'start': '192.168.128.2', 'end': '192.168.128.14'}], 'host_routes': [], 'dns_nameservers': [], 'description': '', 'router:external': False, 'service_types': [], 'tags': [], 'created_at': '2025-11-12T06:19:15Z', 'updated_at': '2025-11-12T06:19:15Z', 'revision_number': 0, 'project_id': 'e298a7a0f96a4a788d9a54a021dd429e'}, Router: {'id': 'eeea3460-2fc9-4af1-b397-d7aec6b4009e', 'name': 'tempest-ServersAdminTestJSON-1303936819-router', 'tenant_id': 'e298a7a0f96a4a788d9a54a021dd429e', 'admin_state_up': True, 'status': 'ACTIVE', 'external_gateway_info': {'network_id': 'b32da74b-8731-4e60-881a-0b9990c15afb', 'external_fixed_ips': [{'subnet_id': '5ae2af40-4738-48c3-aa81-13f67878b6c2', 'ip_address': '10.180.180.134'}], 'enable_snat': True}, 'description': '', 'availability_zones': [], 'distributed': False, 'ha': False, 'availability_zone_hints': [], 'routes': [], 'flavor_id': None, 'tags': [], 'created_at': '2025-11-12T06:19:15Z', 'updated_at': '2025-11-12T06:19:16Z', 'revision_number': 2, 'project_id': 'e298a7a0f96a4a788d9a54a021dd429e'}
2025-11-12 06:19:17.991 65692 INFO tempest.lib.common.rest_client [req-93fcf5af-faa8-45ad-8a39-9b7d622db184 req-93fcf5af-faa8-45ad-8a39-9b7d622db184 ] Request (NetworksTest:setUpClass): 200 GET http://10.180.1.21/identity/v3/roles 0.056s
2025-11-12 06:19:18.016 65706 INFO tempest.lib.common.rest_client [req-cf89fee0-b2bc-46a6-a8f3-eb3d87e44f83 req-cf89fee0-b2bc-46a6-a8f3-eb3d87e44f83 ] Request (FloatingIPDetailsTestJSON:test_list_floating_ips): 200 GET http://10.180.1.21/compute/v2.1/os-floating-ips 5.684s
2025-11-12 06:19:18.017 65692 INFO tempest.lib.common.rest_client [req-7beca271-9d5e-46b4-b98a-dc0f3497e48d req-7beca271-9d5e-46b4-b98a-dc0f3497e48d ] Request (NetworksTest:setUpClass): 204 PUT http://10.180.1.21/identity/v3/projects/c557c60284c24d4bb21589b2b5036de4/users/5b28bdbcef184318bfa915f5aedf6b24/roles/8da0b01e61d740bfa27ba6ddfb89f7c4 0.026s
2025-11-12 06:19:18.017 65692 INFO tempest.lib.common.dynamic_creds [-] Dynamic test user 5b28bdbcef184318bfa915f5aedf6b24 is created with scope project and roles: ['admin']
2025-11-12 06:19:18.017 65692 INFO tempest.lib.common.dynamic_creds [-] Acquired dynamic creds: credentials: Credentials: {'domain_id': 'default', 'domain_name': 'Default', 'username': 'tempest-NetworksTest-945290388-project-admin', 'project_domain_id': 'default', 'project_domain_name': 'Default', 'project_id': 'c557c60284c24d4bb21589b2b5036de4', 'project_name': 'tempest-NetworksTest-945290388', 'tenant_id': 'c557c60284c24d4bb21589b2b5036de4', 'tenant_name': 'tempest-NetworksTest-945290388', 'user_domain_id': 'default', 'user_domain_name': 'Default', 'user_id': '5b28bdbcef184318bfa915f5aedf6b24', 'system': None}, Network: None, Subnet: None, Router: None
2025-11-12 06:19:18.018 65692 INFO tempest.lib.common.dynamic_creds [-] Created isolated network resources for: credentials: Credentials: {'domain_id': 'default', 'domain_name': 'Default', 'username': 'tempest-NetworksTest-945290388-project-admin', 'project_domain_id': 'default', 'project_domain_name': 'Default', 'project_id': 'c557c60284c24d4bb21589b2b5036de4', 'project_name': 'tempest-NetworksTest-945290388', 'tenant_id': 'c557c60284c24d4bb21589b2b5036de4', 'tenant_name': 'tempest-NetworksTest-945290388', 'user_domain_id': 'default', 'user_domain_name': 'Default', 'user_id': '5b28bdbcef184318bfa915f5aedf6b24', 'system': None}, Network: None, Subnet: None, Router: None
2025-11-12 06:19:18.021 65702 INFO tempest.lib.common.rest_client [req-b85c538f-17f3-4aab-8e7c-060d750cc4de req-b85c538f-17f3-4aab-8e7c-060d750cc4de ] Request (AttachInterfacesUnderV243Test:test_add_remove_fixed_ip): 200 GET http://10.180.1.21/compute/v2.1/servers/16137cc6-cee9-4fec-97e8-ae8cfba05a9c 5.505s
2025-11-12 06:19:18.030 65702 INFO tempest.common.waiters [-] State transition "BUILD/None" ==> "BUILD/spawning" after 13 second wait
2025-11-12 06:19:18.042 65740 INFO tempest.lib.common.rest_client [req-5211a45a-a547-4bdb-bd74-35b03a1546d9 req-5211a45a-a547-4bdb-bd74-35b03a1546d9 ] Request (ImagesDeleteNegativeTestJSON:test_delete_image_non_hex_string_id): 404 DELETE http://10.180.1.21/compute/v2.1/images/dc3253d5-588f-4c58-a0b5-fe6faea50cbj 4.821s
2025-11-12 06:19:18.071 65716 INFO tempest.lib.common.rest_client [req-85b4321c-063a-41b2-88bc-fb5de928190d req-85b4321c-063a-41b2-88bc-fb5de928190d ] Request (ServersAdminTestJSON:setUpClass): 201 POST http://10.180.1.21/identity/v3/auth/tokens 0.084s
2025-11-12 06:19:18.139 65692 INFO tempest.lib.common.rest_client [req-3738ad94-3533-43b3-b6da-ae388536c2b9 req-3738ad94-3533-43b3-b6da-ae388536c2b9 ] Request (NetworksTest:setUpClass): 201 POST http://10.180.1.21/identity/v3/auth/tokens 0.119s
2025-11-12 06:19:18.227 65716 INFO tempest.lib.common.rest_client [req-5b529baf-8435-48c2-a6dd-260e86b69063 req-5b529baf-8435-48c2-a6dd-260e86b69063 ] Request (ServersAdminTestJSON:setUpClass): 201 POST http://10.180.1.21/identity/v3/projects 0.155s
2025-11-12 06:19:18.290 65718 INFO tempest.lib.common.rest_client [req-8398695c-89ae-43a5-9923-9f1e30a54817 req-8398695c-89ae-43a5-9923-9f1e30a54817 ] Request (DeleteServersAdminTestJSON:test_admin_delete_servers_of_others): 204 DELETE http://10.180.1.21/compute/v2.1/servers/b27f0f52-6916-4a4a-aa90-b10a4309df00 5.082s
2025-11-12 06:19:18.310 65716 INFO tempest.lib.common.rest_client [req-99ed3b57-4b19-4ec8-a06d-823386980321 req-99ed3b57-4b19-4ec8-a06d-823386980321 ] Request (ServersAdminTestJSON:setUpClass): 201 POST http://10.180.1.21/identity/v3/users 0.083s
2025-11-12 06:19:18.333 65716 INFO tempest.lib.common.rest_client [req-6180e1b1-baed-410f-b3e7-021bcd144131 req-6180e1b1-baed-410f-b3e7-021bcd144131 ] Request (ServersAdminTestJSON:setUpClass): 200 GET http://10.180.1.21/identity/v3/roles 0.022s
2025-11-12 06:19:18.366 65716 INFO tempest.lib.common.rest_client [req-bb75aa91-fec8-4cc4-aaac-15342e2bff7d req-bb75aa91-fec8-4cc4-aaac-15342e2bff7d ] Request (ServersAdminTestJSON:setUpClass): 204 PUT http://10.180.1.21/identity/v3/projects/9356027d7b6e4abd846a31622b1ad529/users/b51848351d1744bcb50f4b9e9bc41cc0/roles/8da0b01e61d740bfa27ba6ddfb89f7c4 0.032s
2025-11-12 06:19:18.420 65716 INFO tempest.lib.common.rest_client [req-d8573411-b903-4ef3-beac-ffe7f1805e02 req-d8573411-b903-4ef3-beac-ffe7f1805e02 ] Request (ServersAdminTestJSON:setUpClass): 200 GET http://10.180.1.21/identity/v3/roles 0.053s
2025-11-12 06:19:18.440 65716 INFO tempest.lib.common.rest_client [req-ae3e7e27-1103-44c8-9c77-b2c834147dcf req-ae3e7e27-1103-44c8-9c77-b2c834147dcf ] Request (ServersAdminTestJSON:setUpClass): 204 PUT http://10.180.1.21/identity/v3/projects/9356027d7b6e4abd846a31622b1ad529/users/b51848351d1744bcb50f4b9e9bc41cc0/roles/8da0b01e61d740bfa27ba6ddfb89f7c4 0.019s
2025-11-12 06:19:18.440 65716 INFO tempest.lib.common.dynamic_creds [-] Dynamic test user b51848351d1744bcb50f4b9e9bc41cc0 is created with scope project and roles: ['admin']
2025-11-12 06:19:18.440 65716 INFO tempest.lib.common.dynamic_creds [-] Acquired dynamic creds: credentials: Credentials: {'domain_id': 'default', 'domain_name': 'Default', 'username': 'tempest-ServersAdminTestJSON-110806179-project-admin', 'project_domain_id': 'default', 'project_domain_name': 'Default', 'project_id': '9356027d7b6e4abd846a31622b1ad529', 'project_name': 'tempest-ServersAdminTestJSON-110806179', 'tenant_id': '9356027d7b6e4abd846a31622b1ad529', 'tenant_name': 'tempest-ServersAdminTestJSON-110806179', 'user_domain_id': 'default', 'user_domain_name': 'Default', 'user_id': 'b51848351d1744bcb50f4b9e9bc41cc0', 'system': None}, Network: None, Subnet: None, Router: None
2025-11-12 06:19:18.577 65754 INFO tempest.lib.common.rest_client [req-40307bfa-41b7-446a-8040-41d5c0904dbf req-40307bfa-41b7-446a-8040-41d5c0904dbf ] Request (SecurityGroupsTestAdminJSON:_run_cleanups): 202 DELETE http://10.180.1.21/compute/v2.1/os-security-groups/4e66aaf6-4f92-40cf-8697-b0905983a2d7 4.658s
2025-11-12 06:19:18.865 65716 INFO tempest.lib.common.rest_client [req-b5b59f92-51db-46b2-a6a1-e40a0c89e030 req-b5b59f92-51db-46b2-a6a1-e40a0c89e030 ] Request (ServersAdminTestJSON:setUpClass): 201 POST http://10.180.1.21/networking/v2.0/networks 0.424s
2025-11-12 06:19:19.464 65716 INFO tempest.lib.common.rest_client [req-b940384c-5e34-4887-93d2-18adfd576bab req-b940384c-5e34-4887-93d2-18adfd576bab ] Request (ServersAdminTestJSON:setUpClass): 201 POST http://10.180.1.21/networking/v2.0/subnets 0.599s
2025-11-12 06:19:19.534 65738 INFO tempest.lib.common.rest_client [req-8aa6e0b2-f2c8-4cc1-b444-77d6d4b94fcd req-8aa6e0b2-f2c8-4cc1-b444-77d6d4b94fcd ] Request (FloatingIPsAssociationNegativeTestJSON:setUpClass): 200 GET http://10.180.1.21/compute/v2.1/servers/97cd7275-008f-4336-9ad7-730029e211d2 5.296s
2025-11-12 06:19:19.733 65730 INFO tempest.lib.common.rest_client [req-def9190f-8d41-44ea-a621-eb345b7e32ec req-def9190f-8d41-44ea-a621-eb345b7e32ec ] Request (TenantUsagesTestJSON:test_get_usage_tenant): 200 GET http://10.180.1.21/compute/v2.1/os-simple-tenant-usage/d3391ddcf0074ea2b39561bc9c8ae4f2?start=2025-11-11T06%3A19%3A14.239102&end=2025-11-13T06%3A19%3A14.239102 5.494s
2025-11-12 06:19:19.805 65694 INFO tempest.lib.common.rest_client [req-736a3aee-6c6c-48f6-9e09-baf40c1cd142 req-736a3aee-6c6c-48f6-9e09-baf40c1cd142 ] Request (ServerDiagnosticsNegativeTest:test_get_server_diagnostics_by_non_admin): 403 GET http://10.180.1.21/compute/v2.1/servers/54599b59-5e4e-4006-9550-fcf7f5500ed4/diagnostics 5.545s
2025-11-12 06:19:19.814 65710 INFO tempest.lib.common.rest_client [req-70187b1f-e41a-444e-ad7e-fed9c7c486f5 req-70187b1f-e41a-444e-ad7e-fed9c7c486f5 ] Request (HypervisorAdminNegativeTestJSON:test_show_nonexistent_hypervisor): 404 GET http://10.180.1.21/compute/v2.1/os-hypervisors/9f831e68-ef80-40f0-b2ff-580b637c2a58 5.395s
2025-11-12 06:19:19.831 65748 INFO tempest.lib.common.rest_client [req-71c295bc-991c-4c3c-ba9b-fa505748ca0d req-71c295bc-991c-4c3c-ba9b-fa505748ca0d ] Request (HypervisorAdminNegativeUnderV252Test:test_show_servers_with_nonexistent_hypervisor): 404 GET http://10.180.1.21/compute/v2.1/os-hypervisors/eee7ebb4-7cd3-46e5-b38c-869ea93bf0ef/servers 5.403s
2025-11-12 06:19:19.866 65714 INFO tempest.lib.common.rest_client [req-dcf2ea60-4ab4-4580-911c-18bf91fdca22 req-dcf2ea60-4ab4-4580-911c-18bf91fdca22 ] Request (ServicesAdminTestJSON:test_get_service_by_service_binary_name): 200 GET http://10.180.1.21/compute/v2.1/os-services?binary=nova-compute 5.417s
2025-11-12 06:19:19.918 65742 INFO tempest.lib.common.rest_client [req-10b78152-08f1-4dd4-ae0e-48b84c546f9e req-10b78152-08f1-4dd4-ae0e-48b84c546f9e ] Request (QuotaClassesAdmin257Test:_run_cleanups): 200 PUT http://10.180.1.21/compute/v2.1/os-quota-class-sets/default 5.460s
2025-11-12 06:19:19.945 65728 INFO tempest.lib.common.rest_client [req-bab0f56c-621a-48d3-afab-621f6838b215 req-bab0f56c-621a-48d3-afab-621f6838b215 ] Request (FlavorsAdminTestJSON:_run_cleanups): 202 DELETE http://10.180.1.21/compute/v2.1/flavors/286607755 5.413s
2025-11-12 06:19:19.956 65746 INFO tempest.lib.common.rest_client [req-cec9d4ea-ff57-4495-bc02-e366b91d6cfd req-cec9d4ea-ff57-4495-bc02-e366b91d6cfd ] Request (FlavorsAccessNegativeTestJSON:test_flavor_access_list_with_public_flavor): 404 GET http://10.180.1.21/compute/v2.1/flavors/183391860/os-flavor-access 5.409s
2025-11-12 06:19:19.963 65748 INFO tempest.lib.common.rest_client [req-8d5a4c0d-54bc-4b35-a3a6-2d55a0b5d6f6 req-8d5a4c0d-54bc-4b35-a3a6-2d55a0b5d6f6 ] Request (HypervisorAdminNegativeUnderV252Test:tearDownClass): 204 DELETE http://10.180.1.21/identity/v3/users/c260782f0f6249569ca176b5b76fb9b3 0.129s
2025-11-12 06:19:19.978 65710 INFO tempest.lib.common.rest_client [req-3169af90-1c30-43de-bad2-180e184047c7 req-3169af90-1c30-43de-bad2-180e184047c7 ] Request (HypervisorAdminNegativeTestJSON:tearDownClass): 204 DELETE http://10.180.1.21/identity/v3/users/154dc3eeecbf42459dcae4d8f7bc3d92 0.162s
2025-11-12 06:19:19.980 65704 INFO tempest.lib.common.rest_client [req-22a94592-2a8e-4dda-bfca-6db6408fa87a req-22a94592-2a8e-4dda-bfca-6db6408fa87a ] Request (ServersWithSpecificFlavorTestJSON:test_verify_created_server_ephemeral_disk): 200 POST http://10.180.1.21/compute/v2.1/flavors/698978396/os-extra_specs 5.423s
2025-11-12 06:19:19.993 65750 INFO tempest.lib.common.rest_client [req-ccf6cf16-d2b7-4e87-aee8-e5ca9fc2c157 req-ccf6cf16-d2b7-4e87-aee8-e5ca9fc2c157 ] Request (FlavorsAccessTestJSON:test_flavor_access_list_with_private_flavor): 200 GET http://10.180.1.21/compute/v2.1/flavors/687827848/os-flavor-access 5.417s
2025-11-12 06:19:20.039 65712 INFO tempest.lib.common.rest_client [req-24e2a0cb-c791-4247-aa5e-c0fa61434a98 req-24e2a0cb-c791-4247-aa5e-c0fa61434a98 ] Request (QuotasAdminTestV257:test_get_updated_quotas): 200 GET http://10.180.1.21/identity/v3/domains?name=Default 0.079s
2025-11-12 06:19:20.117 65742 INFO tempest.lib.common.rest_client [req-5d20be3b-5684-4b6d-a59a-502320788fc8 req-5d20be3b-5684-4b6d-a59a-502320788fc8 ] Request (QuotaClassesAdmin257Test:tearDownClass): 204 DELETE http://10.180.1.21/identity/v3/users/c786b4dc5a5f44dabbfdc6cf9f569ab2 0.187s
2025-11-12 06:19:20.174 65748 INFO tempest.lib.common.rest_client [req-771fef39-37ff-40fa-ab7b-dd91621721d5 req-771fef39-37ff-40fa-ab7b-dd91621721d5 ] Request (HypervisorAdminNegativeUnderV252Test:tearDownClass): 204 DELETE http://10.180.1.21/identity/v3/users/e24a372de7884ff486f00590b25605e4 0.211s
2025-11-12 06:19:20.175 65748 INFO tempest.lib.common.dynamic_creds [-] Deleting project and security group for project: 5b3ece3dc8b64ac88562ac8df10ec9dd
2025-11-12 06:19:20.274 65712 INFO tempest.lib.common.rest_client [req-04f07f9b-0eec-4471-81ac-43ca8590b2e1 req-04f07f9b-0eec-4471-81ac-43ca8590b2e1 ] Request (QuotasAdminTestV257:test_get_updated_quotas): 201 POST http://10.180.1.21/identity/v3/projects 0.234s
2025-11-12 06:19:20.283 65710 INFO tempest.lib.common.rest_client [req-34a30248-769b-44b4-8adb-8e0110ce271f req-34a30248-769b-44b4-8adb-8e0110ce271f ] Request (HypervisorAdminNegativeTestJSON:tearDownClass): 204 DELETE http://10.180.1.21/identity/v3/users/59f8edf8e3c944f399b81a984dd37d16 0.304s
2025-11-12 06:19:20.283 65710 INFO tempest.lib.common.dynamic_creds [-] Deleting project and security group for project: e9971b24a2894918ab82c54b7b306dde
2025-11-12 06:19:20.352 65748 INFO tempest.lib.common.rest_client [req-9dad126c-f749-4f4e-aa16-537cc22ae4c0 req-9dad126c-f749-4f4e-aa16-537cc22ae4c0 ] Request (HypervisorAdminNegativeUnderV252Test:tearDownClass): 201 POST http://10.180.1.21/identity/v3/auth/tokens 0.177s
2025-11-12 06:19:20.422 65712 INFO tempest.lib.common.rest_client [req-c08b3c34-aa00-4129-95e8-5d52639866ed req-c08b3c34-aa00-4129-95e8-5d52639866ed ] Request (QuotasAdminTestV257:test_get_updated_quotas): 200 GET http://10.180.1.21/identity/v3/domains?name=Default 0.147s
2025-11-12 06:19:20.457 65742 INFO tempest.lib.common.rest_client [req-ff8ecf7c-b20d-440d-8157-329aafcf8865 req-ff8ecf7c-b20d-440d-8157-329aafcf8865 ] Request (QuotaClassesAdmin257Test:tearDownClass): 204 DELETE http://10.180.1.21/identity/v3/users/28b8eb25fef8496393436166ef55caed 0.339s
2025-11-12 06:19:20.457 65742 INFO tempest.lib.common.dynamic_creds [-] Deleting project and security group for project: d778205c000b46a1a955ba2fd11e1b89
2025-11-12 06:19:20.499 65710 INFO tempest.lib.common.rest_client [req-f44c384d-4b5a-46df-8281-fceba9da819f req-f44c384d-4b5a-46df-8281-fceba9da819f ] Request (HypervisorAdminNegativeTestJSON:tearDownClass): 201 POST http://10.180.1.21/identity/v3/auth/tokens 0.215s
2025-11-12 06:19:20.527 65742 INFO tempest.lib.common.rest_client [req-71aad502-0f8d-49a0-b135-6acadd57c38a req-71aad502-0f8d-49a0-b135-6acadd57c38a ] Request (QuotaClassesAdmin257Test:tearDownClass): 201 POST http://10.180.1.21/identity/v3/auth/tokens 0.070s
2025-11-12 06:19:20.530 65736 INFO tempest.lib.common.rest_client [req-3d3bc648-8bc1-4c56-bb7d-846af0249bfd req-3d3bc648-8bc1-4c56-bb7d-846af0249bfd ] Request (FloatingIPsAssociationTestJSON:setUpClass): 200 POST http://10.180.1.21/compute/v2.1/os-floating-ips 6.437s
2025-11-12 06:19:20.602 65736 INFO tempest.lib.common.rest_client [req-03f92059-ece0-4d22-a095-36a213a91145 req-03f92059-ece0-4d22-a095-36a213a91145 ] Request (FloatingIPsAssociationTestJSON:test_associate_already_associated_floating_ip): 201 POST http://10.180.1.21/identity/v3/auth/tokens 0.065s
2025-11-12 06:19:20.603 65736 INFO tempest.lib.common.fixed_network [-] (FloatingIPsAssociationTestJSON:test_associate_already_associated_floating_ip) Found network {'id': '844a44bb-ba3a-4431-aa46-2dc18b093360', 'name': 'tempest-FloatingIPsAssociationTestJSON-1388698126-network', 'tenant_id': '4f18832c526b458592b2e8627343a887', 'project_id': '4f18832c526b458592b2e8627343a887', 'admin_state_up': True, 'mtu': 8950, 'status': 'ACTIVE', 'subnets': [], 'shared': False, 'port_security_enabled': True, 'router:external': False, 'provider:network_type': 'vlan', 'provider:physical_network': 'default', 'provider:segmentation_id': 348, 'availability_zone_hints': [], 'availability_zones': [], 'ipv4_address_scope': None, 'ipv6_address_scope': None, 'description': '', 'tags': [], 'created_at': '2025-11-12T06:18:41Z', 'updated_at': '2025-11-12T06:18:41Z', 'revision_number': 1} available for tenant
2025-11-12 06:19:20.662 65716 INFO tempest.lib.common.rest_client [req-311caf1b-3117-4282-ade6-b53a790957d3 req-311caf1b-3117-4282-ade6-b53a790957d3 ] Request (ServersAdminTestJSON:setUpClass): 201 POST http://10.180.1.21/networking/v2.0/routers 1.197s
2025-11-12 06:19:20.832 65748 INFO tempest.lib.common.rest_client [req-bad673f4-eee7-4385-bb03-973561b2340b req-bad673f4-eee7-4385-bb03-973561b2340b ] Request (HypervisorAdminNegativeUnderV252Test:tearDownClass): 200 GET http://10.180.1.21/networking/v2.0/security-groups?tenant_id=5b3ece3dc8b64ac88562ac8df10ec9dd&name=default 0.479s
2025-11-12 06:19:20.868 65710 INFO tempest.lib.common.rest_client [req-2a2b07b5-3bfb-4e60-9bf2-9a1db387b878 req-2a2b07b5-3bfb-4e60-9bf2-9a1db387b878 ] Request (HypervisorAdminNegativeTestJSON:tearDownClass): 200 GET http://10.180.1.21/networking/v2.0/security-groups?tenant_id=e9971b24a2894918ab82c54b7b306dde&name=default 0.368s
2025-11-12 06:19:20.984 65742 INFO tempest.lib.common.rest_client [req-cb59c836-ae8b-4601-93de-31c3d3933684 req-cb59c836-ae8b-4601-93de-31c3d3933684 ] Request (QuotaClassesAdmin257Test:tearDownClass): 200 GET http://10.180.1.21/networking/v2.0/security-groups?tenant_id=d778205c000b46a1a955ba2fd11e1b89&name=default 0.457s
2025-11-12 06:19:20.988 65732 INFO tempest.lib.common.rest_client [req-cb5fecd3-3f89-4c0b-943f-7a27de5c8c59 req-cb5fecd3-3f89-4c0b-943f-7a27de5c8c59 ] Request (ServerExternalEventsTest:test_create_server_external_events): 200 GET http://10.180.1.21/compute/v2.1/servers/87e30ff5-8c4b-425a-95d8-c2743750852e 6.219s
2025-11-12 06:19:21.291 65748 INFO tempest.lib.common.rest_client [req-004d2a89-d69b-4cc9-bab6-aba618b35c64 req-004d2a89-d69b-4cc9-bab6-aba618b35c64 ] Request (HypervisorAdminNegativeUnderV252Test:tearDownClass): 204 DELETE http://10.180.1.21/networking/v2.0/security-groups/190f6cb0-c047-4453-8185-1797fae1fe26 0.458s
2025-11-12 06:19:21.370 65710 INFO tempest.lib.common.rest_client [req-6b76387e-5796-46b3-af40-4f9f1758460b req-6b76387e-5796-46b3-af40-4f9f1758460b ] Request (HypervisorAdminNegativeTestJSON:tearDownClass): 204 DELETE http://10.180.1.21/networking/v2.0/security-groups/166248e1-5c12-4e78-9f2b-3051402b1790 0.501s
2025-11-12 06:19:21.394 65748 INFO tempest.lib.common.rest_client [req-e5feda14-6a12-4181-9ccd-81426c352778 req-e5feda14-6a12-4181-9ccd-81426c352778 ] Request (HypervisorAdminNegativeUnderV252Test:tearDownClass): 204 DELETE http://10.180.1.21/identity/v3/projects/5b3ece3dc8b64ac88562ac8df10ec9dd 0.102s
2025-11-12 06:19:21.394 65748 INFO tempest.lib.common.dynamic_creds [-] Deleting project and security group for project: ae51fc0198e04efca7f3acaf9de7a6d2
2025-11-12 06:19:21.412 65752 INFO tempest.lib.common.rest_client [req-0ed892dd-4f1b-42e5-a74b-ba4d39159d84 req-0ed892dd-4f1b-42e5-a74b-ba4d39159d84 ] Request (VolumesAssistedSnapshotsTest:test_volume_assisted_snapshot_create_delete): 200 GET http://10.180.1.21/compute/v2.1/servers/9299378d-4537-4e61-b1f9-d09a3f690d99 6.346s
2025-11-12 06:19:21.421 65752 INFO tempest.common.waiters [-] State transition "BUILD/None" ==> "BUILD/spawning" after 14 second wait
2025-11-12 06:19:21.484 65710 INFO tempest.lib.common.rest_client [req-5e683d20-8843-4a1c-81c9-1c39a1ca4b8d req-5e683d20-8843-4a1c-81c9-1c39a1ca4b8d ] Request (HypervisorAdminNegativeTestJSON:tearDownClass): 204 DELETE http://10.180.1.21/identity/v3/projects/e9971b24a2894918ab82c54b7b306dde 0.114s
2025-11-12 06:19:21.484 65710 INFO tempest.lib.common.dynamic_creds [-] Deleting project and security group for project: 58e0e98a6d804d69a777e72e9392fcca
2025-11-12 06:19:21.523 65742 INFO tempest.lib.common.rest_client [req-25a9c9ca-8b8a-4e5e-bbc1-cda8ece3bce4 req-25a9c9ca-8b8a-4e5e-bbc1-cda8ece3bce4 ] Request (QuotaClassesAdmin257Test:tearDownClass): 204 DELETE http://10.180.1.21/networking/v2.0/security-groups/396e2c7c-777a-4f38-9dd4-a5bc6a7457f5 0.538s
2025-11-12 06:19:21.624 65742 INFO tempest.lib.common.rest_client [req-d4641bc2-80c9-462b-adf3-020e4e5d749f req-d4641bc2-80c9-462b-adf3-020e4e5d749f ] Request (QuotaClassesAdmin257Test:tearDownClass): 204 DELETE http://10.180.1.21/identity/v3/projects/d778205c000b46a1a955ba2fd11e1b89 0.100s
2025-11-12 06:19:21.624 65742 INFO tempest.lib.common.dynamic_creds [-] Deleting project and security group for project: 812955dfed894c3c9047e6f35792eea6
2025-11-12 06:19:21.706 65748 INFO tempest.lib.common.rest_client [req-7e02b9ef-ea72-4126-b258-dd1f4fe7eaef req-7e02b9ef-ea72-4126-b258-dd1f4fe7eaef ] Request (HypervisorAdminNegativeUnderV252Test:tearDownClass): 200 GET http://10.180.1.21/networking/v2.0/security-groups?tenant_id=ae51fc0198e04efca7f3acaf9de7a6d2&name=default 0.312s
2025-11-12 06:19:21.817 65716 INFO tempest.lib.common.rest_client [req-c60eb390-fe20-4890-832d-aa8817c771f6 req-c60eb390-fe20-4890-832d-aa8817c771f6 ] Request (ServersAdminTestJSON:setUpClass): 200 PUT http://10.180.1.21/networking/v2.0/routers/33cc6478-af6b-432c-8251-0b6eebd3ec38/add_router_interface 1.154s
2025-11-12 06:19:21.817 65716 INFO tempest.lib.common.dynamic_creds [-] Created isolated network resources for: credentials: Credentials: {'domain_id': 'default', 'domain_name': 'Default', 'username': 'tempest-ServersAdminTestJSON-110806179-project-admin', 'project_domain_id': 'default', 'project_domain_name': 'Default', 'project_id': '9356027d7b6e4abd846a31622b1ad529', 'project_name': 'tempest-ServersAdminTestJSON-110806179', 'tenant_id': '9356027d7b6e4abd846a31622b1ad529', 'tenant_name': 'tempest-ServersAdminTestJSON-110806179', 'user_domain_id': 'default', 'user_domain_name': 'Default', 'user_id': 'b51848351d1744bcb50f4b9e9bc41cc0', 'system': None}, Network: {'id': '8f6d1da1-76c8-49d2-b1a4-884987f813b8', 'name': 'tempest-ServersAdminTestJSON-1664739422-network', 'tenant_id': '9356027d7b6e4abd846a31622b1ad529', 'project_id': '9356027d7b6e4abd846a31622b1ad529', 'admin_state_up': True, 'mtu': 8950, 'status': 'ACTIVE', 'subnets': [], 'shared': False, 'port_security_enabled': True, 'router:external': False, 'provider:network_type': 'vlan', 'provider:physical_network': 'default', 'provider:segmentation_id': 120, 'availability_zone_hints': [], 'availability_zones': [], 'ipv4_address_scope': None, 'ipv6_address_scope': None, 'description': '', 'tags': [], 'created_at': '2025-11-12T06:19:18Z', 'updated_at': '2025-11-12T06:19:18Z', 'revision_number': 1}, Subnet: {'id': 'f092332a-74b1-44a0-8d36-da6bb5dd8f88', 'name': 'tempest-ServersAdminTestJSON-1664739422-subnet', 'tenant_id': '9356027d7b6e4abd846a31622b1ad529', 'network_id': '8f6d1da1-76c8-49d2-b1a4-884987f813b8', 'ip_version': 4, 'subnetpool_id': None, 'enable_dhcp': True, 'ipv6_ra_mode': None, 'ipv6_address_mode': None, 'gateway_ip': '192.168.128.1', 'cidr': '192.168.128.0/28', 'allocation_pools': [{'start': '192.168.128.2', 'end': '192.168.128.14'}], 'host_routes': [], 'dns_nameservers': [], 'description': '', 'router:external': False, 'service_types': [], 'tags': [], 'created_at': '2025-11-12T06:19:19Z', 'updated_at': '2025-11-12T06:19:19Z', 'revision_number': 0, 'project_id': '9356027d7b6e4abd846a31622b1ad529'}, Router: {'id': '33cc6478-af6b-432c-8251-0b6eebd3ec38', 'name': 'tempest-ServersAdminTestJSON-1664739422-router', 'tenant_id': '9356027d7b6e4abd846a31622b1ad529', 'admin_state_up': True, 'status': 'ACTIVE', 'external_gateway_info': {'network_id': 'b32da74b-8731-4e60-881a-0b9990c15afb', 'external_fixed_ips': [{'subnet_id': '5ae2af40-4738-48c3-aa81-13f67878b6c2', 'ip_address': '10.180.180.176'}], 'enable_snat': True}, 'description': '', 'availability_zones': [], 'distributed': False, 'ha': False, 'availability_zone_hints': [], 'routes': [], 'flavor_id': None, 'tags': [], 'created_at': '2025-11-12T06:19:19Z', 'updated_at': '2025-11-12T06:19:20Z', 'revision_number': 2, 'project_id': '9356027d7b6e4abd846a31622b1ad529'}
2025-11-12 06:19:21.906 65716 INFO tempest.lib.common.rest_client [req-ea450c68-0132-4a60-a102-8b16d8b503f8 req-ea450c68-0132-4a60-a102-8b16d8b503f8 ] Request (ServersAdminTestJSON:setUpClass): 201 POST http://10.180.1.21/identity/v3/auth/tokens 0.087s
2025-11-12 06:19:21.918 65710 INFO tempest.lib.common.rest_client [req-2c388851-bb64-45d6-a7fd-80648be6a4b9 req-2c388851-bb64-45d6-a7fd-80648be6a4b9 ] Request (HypervisorAdminNegativeTestJSON:tearDownClass): 200 GET http://10.180.1.21/networking/v2.0/security-groups?tenant_id=58e0e98a6d804d69a777e72e9392fcca&name=default 0.433s
2025-11-12 06:19:21.953 65698 INFO tempest.lib.common.rest_client [req-4786394c-5315-4cf5-a4b0-43c46e10297f req-4786394c-5315-4cf5-a4b0-43c46e10297f ] Request (MigrationsAdminTest:test_list_migrations_in_flavor_resize_situation): 200 GET http://10.180.1.21/compute/v2.1/servers/fb707546-c7c9-4c0c-a733-e681ea1fb514 6.602s
2025-11-12 06:19:21.981 65716 INFO tempest.lib.common.rest_client [req-b21fbef5-0cbf-44bb-8e2b-351eea8ecc7d req-b21fbef5-0cbf-44bb-8e2b-351eea8ecc7d ] Request (ServersAdminTestJSON:setUpClass): 201 POST http://10.180.1.21/identity/v3/auth/tokens 0.069s
