2025-11-12 06:19:47.233 65712 INFO tempest.lib.common.rest_client [req-fbf2dd1b-6f4a-4274-ba73-f3ccae357bda req-fbf2dd1b-6f4a-4274-ba73-f3ccae357bda ] Request (QuotasAdminTestV257:tearDownClass): 204 DELETE http://10.180.1.21/networking/v2.0/security-groups/f40fa581-c38d-446b-b2df-b72d8aaf8a2b 0.103s
2025-11-12 06:19:47.262 65708 INFO tempest.lib.common.rest_client [req-7d3a50a5-7945-4cd0-a4c0-97953422cef2 req-7d3a50a5-7945-4cd0-a4c0-97953422cef2 ] Request (ServerRescueTestJSONUnderV235:setUpClass): 200 GET http://10.180.1.21/compute/v2.1/servers/9edeca4a-c476-479c-8560-c9a67857194a 7.157s
2025-11-12 06:19:47.276 65708 INFO tempest.common.waiters [-] State transition "BUILD/None" ==> "BUILD/spawning" after 8 second wait
2025-11-12 06:19:47.321 65712 INFO tempest.lib.common.rest_client [req-3680de96-a772-4fa6-bbe1-a529409b838a req-3680de96-a772-4fa6-bbe1-a529409b838a ] Request (QuotasAdminTestV257:tearDownClass): 204 DELETE http://10.180.1.21/identity/v3/projects/e7d49272bee94e05a3e057d632879809 0.088s
2025-11-12 06:19:47.321 65712 INFO tempest.lib.common.dynamic_creds [-] Deleting project and security group for project: 50f40354e3d7492da29ab2b0ce53ea5c
2025-11-12 06:19:47.327 65740 INFO tempest.lib.common.rest_client [req-ce329291-f9d4-45b7-b273-38ba0997ee9a req-ce329291-f9d4-45b7-b273-38ba0997ee9a ] Request (ServerRescueNegativeTestJSON:setUpClass): 202 POST http://10.180.1.21/compute/v2.1/servers 9.279s
2025-11-12 06:19:47.347 65696 INFO tempest.lib.common.rest_client [req-b799a956-c552-48a3-9fc5-a5917fcdc837 req-b799a956-c552-48a3-9fc5-a5917fcdc837 ] Request (KeyPairsNegativeTestJSON:test_create_keypair_with_duplicate_name): 202 DELETE http://10.180.1.21/compute/v2.1/os-keypairs/tempest-keypair-590746115 6.619s
2025-11-12 06:19:47.412 65702 INFO tempest.lib.common.rest_client [req-e2d21f8a-4b76-4be5-a18c-f48932d44414 req-e2d21f8a-4b76-4be5-a18c-f48932d44414 ] Request (AttachInterfacesUnderV243Test:test_add_remove_fixed_ip): 200 GET http://10.180.1.21/compute/v2.1/servers/16137cc6-cee9-4fec-97e8-ae8cfba05a9c 7.297s
2025-11-12 06:19:47.423 65702 INFO tempest.lib.common.ssh [-] Creating ssh connection to '10.180.180.203:22' as 'cirros' with public key authentication
2025-11-12 06:19:47.427 65702 WARNING tempest.lib.common.ssh [-] Failed to establish authenticated ssh connection to cirros@10.180.180.203 ([Errno None] Unable to connect to port 22 on 10.180.180.203). Number attempts: 1. Retry after 2 seconds.: paramiko.ssh_exception.NoValidConnectionsError: [Errno None] Unable to connect to port 22 on 10.180.180.203
2025-11-12 06:19:47.443 65712 INFO tempest.lib.common.rest_client [req-d1670687-d353-4aae-93df-e8a067114505 req-d1670687-d353-4aae-93df-e8a067114505 ] Request (QuotasAdminTestV257:tearDownClass): 200 GET http://10.180.1.21/networking/v2.0/security-groups?tenant_id=50f40354e3d7492da29ab2b0ce53ea5c&name=default 0.121s
2025-11-12 06:19:47.493 65704 INFO tempest.lib.common.rest_client [req-3eb357e3-08c4-43a8-a4cf-924f87b6eb86 req-3eb357e3-08c4-43a8-a4cf-924f87b6eb86 ] Request (ServersWithSpecificFlavorTestJSON:test_verify_created_server_ephemeral_disk): 200 GET http://10.180.1.21/compute/v2.1/servers/3929be5a-fa1d-4883-9d05-de5eab30372c 6.335s
2025-11-12 06:19:47.504 65704 INFO tempest.common.waiters [-] State transition "BUILD/None" ==> "BUILD/spawning" after 7 second wait
2025-11-12 06:19:47.551 65712 INFO tempest.lib.common.rest_client [req-672d8de2-c7b3-4c74-abaa-f8ffaaad0875 req-672d8de2-c7b3-4c74-abaa-f8ffaaad0875 ] Request (QuotasAdminTestV257:tearDownClass): 204 DELETE http://10.180.1.21/networking/v2.0/security-groups/ebaad99b-08d7-4b7c-868d-d3389da4b175 0.107s
2025-11-12 06:19:47.572 65744 INFO tempest.lib.common.rest_client [req-bf022a2f-4e1f-42d6-bd2a-18b66c3a9f7c req-bf022a2f-4e1f-42d6-bd2a-18b66c3a9f7c ] Request (SecurityGroupRulesTestJSON:test_security_group_rules_delete_when_peer_group_deleted): 200 GET http://10.180.1.21/compute/v2.1/os-security-groups/b3c2131d-583b-44bc-bc7d-8463da456058 5.296s
2025-11-12 06:19:47.592 65714 INFO tempest.lib.common.rest_client [req-4a23f207-36fd-4eb1-be09-0faec834d2b4 req-4a23f207-36fd-4eb1-be09-0faec834d2b4 ] Request (FlavorsV2TestJSON:test_list_flavors): 200 GET http://10.180.1.21/compute/v2.1/flavors/42 5.280s
2025-11-12 06:19:47.597 65716 INFO tempest.lib.common.rest_client [req-e5e43d9d-3d23-49e0-a0fa-b154ce074c48 req-e5e43d9d-3d23-49e0-a0fa-b154ce074c48 ] Request (ServersAdminTestJSON:setUpClass): 200 GET http://10.180.1.21/compute/v2.1/servers/3d86878e-5741-47e4-aaf4-ce91441426a2 5.913s
2025-11-12 06:19:47.607 65716 INFO tempest.common.waiters [-] State transition "BUILD/None" ==> "BUILD/spawning" after 7 second wait
2025-11-12 06:19:47.611 65750 INFO tempest.lib.common.rest_client [req-79a0afdd-e370-4529-ac78-da0789c12fd6 req-79a0afdd-e370-4529-ac78-da0789c12fd6 ] Request (ServicesAdminNegativeV253TestJSON:test_disable_service_with_invalid_service_id): 404 PUT http://10.180.1.21/compute/v2.1/os-services/c7f57048-ea71-46df-9abd-b78f50a6eefd 5.156s
2025-11-12 06:19:47.616 65748 INFO tempest.lib.common.rest_client [req-0a67c499-e8b0-4068-a72b-9b7975eceaec req-0a67c499-e8b0-4068-a72b-9b7975eceaec ] Request (ServersTestBootFromVolume:setUpClass): 200 GET http://10.180.1.21/volume/v3/volumes/579a8bcd-f11a-4d47-9942-17747a858e54 0.037s
2025-11-12 06:19:47.665 65712 INFO tempest.lib.common.rest_client [req-338281ff-84fd-49c3-beea-89f6f544b10c req-338281ff-84fd-49c3-beea-89f6f544b10c ] Request (QuotasAdminTestV257:tearDownClass): 204 DELETE http://10.180.1.21/identity/v3/projects/50f40354e3d7492da29ab2b0ce53ea5c 0.114s
2025-11-12 06:19:47.737 65712 INFO tempest.lib.common.rest_client [req-b5fe55e2-636e-406d-9558-2284eedfe00c req-b5fe55e2-636e-406d-9558-2284eedfe00c ] Request (MultipleCreateTestJSON:setUpClass): 201 POST http://10.180.1.21/identity/v3/auth/tokens 0.070s
2025-11-12 06:19:47.795 65712 INFO tempest.lib.common.rest_client [req-ab546d2b-f3f1-46e0-874d-de179c9fb7a7 req-ab546d2b-f3f1-46e0-874d-de179c9fb7a7 ] Request (MultipleCreateTestJSON:setUpClass): 201 POST http://10.180.1.21/identity/v3/auth/tokens 0.055s
2025-11-12 06:19:47.834 65712 INFO tempest.lib.common.rest_client [req-c903225e-6cef-4c52-857c-16c4564a9d74 req-c903225e-6cef-4c52-857c-16c4564a9d74 ] Request (MultipleCreateTestJSON:setUpClass): 200 GET http://10.180.1.21/identity/v3/domains?name=Default 0.038s
2025-11-12 06:19:47.872 65712 INFO tempest.lib.common.rest_client [req-88ff1b10-eef9-4331-8fd7-9f71e971243a req-88ff1b10-eef9-4331-8fd7-9f71e971243a ] Request (MultipleCreateTestJSON:setUpClass): 201 POST http://10.180.1.21/identity/v3/projects 0.038s
2025-11-12 06:19:47.972 65712 INFO tempest.lib.common.rest_client [req-f28fe004-c4ee-44a5-a732-4e1638136b83 req-f28fe004-c4ee-44a5-a732-4e1638136b83 ] Request (MultipleCreateTestJSON:setUpClass): 201 POST http://10.180.1.21/identity/v3/users 0.099s
2025-11-12 06:19:47.997 65712 INFO tempest.lib.common.rest_client [req-9a790662-1631-4337-9113-41449880068b req-9a790662-1631-4337-9113-41449880068b ] Request (MultipleCreateTestJSON:setUpClass): 200 GET http://10.180.1.21/identity/v3/roles 0.024s
2025-11-12 06:19:48.028 65712 INFO tempest.lib.common.rest_client [req-db8050b5-c9a5-480a-97d9-2b0abb8b421e req-db8050b5-c9a5-480a-97d9-2b0abb8b421e ] Request (MultipleCreateTestJSON:setUpClass): 204 PUT http://10.180.1.21/identity/v3/projects/d4ee7bad0fa1455590f49e3ddc1b3006/users/b066bf962fe947ff90628a1b172907f2/roles/d5f563bb887e4a55a4fbecf558ce5784 0.031s
2025-11-12 06:19:48.028 65712 INFO tempest.lib.common.dynamic_creds [-] Dynamic test user b066bf962fe947ff90628a1b172907f2 is created with scope project and roles: ['member']
2025-11-12 06:19:48.029 65712 INFO tempest.lib.common.dynamic_creds [-] Acquired dynamic creds: credentials: Credentials: {'domain_id': 'default', 'domain_name': 'Default', 'username': 'tempest-MultipleCreateTestJSON-1846258238-project-member', 'project_domain_id': 'default', 'project_domain_name': 'Default', 'project_id': 'd4ee7bad0fa1455590f49e3ddc1b3006', 'project_name': 'tempest-MultipleCreateTestJSON-1846258238', 'tenant_id': 'd4ee7bad0fa1455590f49e3ddc1b3006', 'tenant_name': 'tempest-MultipleCreateTestJSON-1846258238', 'user_domain_id': 'default', 'user_domain_name': 'Default', 'user_id': 'b066bf962fe947ff90628a1b172907f2', 'system': None}, Network: None, Subnet: None, Router: None
2025-11-12 06:19:48.097 65712 INFO tempest.lib.common.rest_client [req-4f4a9f5c-2be7-44bf-b966-0c332b81bc83 req-4f4a9f5c-2be7-44bf-b966-0c332b81bc83 ] Request (MultipleCreateTestJSON:setUpClass): 201 POST http://10.180.1.21/identity/v3/auth/tokens 0.068s
2025-11-12 06:19:48.477 65712 INFO tempest.lib.common.rest_client [req-c82b6744-fae4-4378-8710-88f057679eb9 req-c82b6744-fae4-4378-8710-88f057679eb9 ] Request (MultipleCreateTestJSON:setUpClass): 201 POST http://10.180.1.21/networking/v2.0/networks 0.379s
2025-11-12 06:19:48.664 65748 INFO tempest.lib.common.rest_client [req-50ea99c1-76e0-4ffc-b987-f5a75442520c req-50ea99c1-76e0-4ffc-b987-f5a75442520c ] Request (ServersTestBootFromVolume:setUpClass): 200 GET http://10.180.1.21/volume/v3/volumes/579a8bcd-f11a-4d47-9942-17747a858e54 0.037s
2025-11-12 06:19:48.730 65712 INFO tempest.lib.common.rest_client [req-e8e471d3-e3eb-483c-8c41-71046617679e req-e8e471d3-e3eb-483c-8c41-71046617679e ] Request (MultipleCreateTestJSON:setUpClass): 201 POST http://10.180.1.21/networking/v2.0/subnets 0.252s
2025-11-12 06:19:48.801 65738 INFO tempest.lib.common.rest_client [req-0ad517e1-cd3d-421e-ba63-54586af77d83 req-0ad517e1-cd3d-421e-ba63-54586af77d83 ] Request (FloatingIPsAssociationNegativeTestJSON:test_associate_ip_to_server_with_floating_ip): 200 POST http://10.180.1.21/compute/v2.1/os-floating-ips 4.468s
2025-11-12 06:19:48.803 65694 INFO tempest.lib.common.rest_client [req-154654ec-b28f-416d-b1e6-0d97525c4e2a req-154654ec-b28f-416d-b1e6-0d97525c4e2a ] Request (ImagesOneServerTestJSON:setUpClass): 202 POST http://10.180.1.21/compute/v2.1/servers 5.427s
2025-11-12 06:19:48.860 65742 INFO tempest.lib.common.rest_client [req-1d81449f-988c-420a-8f24-d4b0ae99b21b req-1d81449f-988c-420a-8f24-d4b0ae99b21b ] Request (ImagesMetadataTestJSON:test_delete_image_metadata_item): 200 GET http://10.180.1.21/compute/v2.1/images/def9da77-8662-4f64-a6a6-115eb7fb4da3/metadata 4.197s
2025-11-12 06:19:49.065 65698 INFO tempest.lib.common.rest_client [req-7b193560-f639-4deb-9fdc-c90b7caab5b9 req-7b193560-f639-4deb-9fdc-c90b7caab5b9 ] Request (MigrationsAdminTest:test_list_migrations_in_flavor_resize_situation): 200 GET http://10.180.1.21/compute/v2.1/servers/fb707546-c7c9-4c0c-a733-e681ea1fb514 4.180s
2025-11-12 06:19:49.083 65728 INFO tempest.lib.common.rest_client [req-cec7fcde-9319-48b7-a8b8-62fa7d5c44ee req-cec7fcde-9319-48b7-a8b8-62fa7d5c44ee ] Request (FlavorsAdminTestJSON:test_create_flavor_with_uuid_id): 200 POST http://10.180.1.21/compute/v2.1/flavors 4.134s
2025-11-12 06:19:49.101 65746 INFO tempest.lib.common.rest_client [req-3eb2cb49-e50b-4a77-b206-123d6c4011c3 req-3eb2cb49-e50b-4a77-b206-123d6c4011c3 ] Request (FlavorsAccessNegativeTestJSON:_run_cleanups): 202 DELETE http://10.180.1.21/compute/v2.1/flavors/1350519400 4.062s
2025-11-12 06:19:49.409 65736 INFO tempest.lib.common.rest_client [req-4ba52b5b-b74a-4159-b1b2-28acfc5bac70 req-4ba52b5b-b74a-4159-b1b2-28acfc5bac70 ] Request (FloatingIPsAssociationTestJSON:test_associate_already_associated_floating_ip): 200 GET http://10.180.1.21/compute/v2.1/servers/0caa03f3-d322-4a7a-84f7-23f9749777bb 3.885s
2025-11-12 06:19:49.418 65736 INFO tempest.common.waiters [-] State transition "BUILD/spawning" ==> "ACTIVE/None" after 18 second wait
2025-11-12 06:19:49.537 65706 INFO tempest.lib.common.rest_client [req-bfa3fe87-64ce-4767-a2db-c9dd07a82732 req-bfa3fe87-64ce-4767-a2db-c9dd07a82732 ] Request (InstanceActionsV221TestJSON:test_get_list_deleted_instance_actions): 202 POST http://10.180.1.21/compute/v2.1/servers 5.141s
2025-11-12 06:19:49.564 65752 WARNING tempest.lib.common.ssh [-] Failed to establish authenticated ssh connection to cirros@10.180.180.133 ([Errno None] Unable to connect to port 22 on 10.180.180.133). Number attempts: 1. Retry after 2 seconds.: paramiko.ssh_exception.NoValidConnectionsError: [Errno None] Unable to connect to port 22 on 10.180.180.133
2025-11-12 06:19:49.566 65692 INFO tempest.lib.common.rest_client [req-8ddb922c-3edc-46fa-bcc9-6210cd7ee563 req-8ddb922c-3edc-46fa-bcc9-6210cd7ee563 ] Request (ServicesAdminNegativeTestJSON:test_get_service_by_invalid_params): 200 GET http://10.180.1.21/compute/v2.1/os-services?xxx=nova-compute 3.748s
2025-11-12 06:19:49.590 65710 INFO tempest.lib.common.rest_client [req-35f2dbeb-8154-4e9d-af43-06107b453a3a req-35f2dbeb-8154-4e9d-af43-06107b453a3a ] Request (QuotasAdminNegativeTest:_run_cleanups): 200 PUT http://10.180.1.21/compute/v2.1/os-quota-sets/649654b9b78b461b830480cf49661ae1 3.819s
2025-11-12 06:19:49.641 65712 INFO tempest.lib.common.rest_client [req-75a58d13-47f8-4b29-be0f-18f8e21ed9bf req-75a58d13-47f8-4b29-be0f-18f8e21ed9bf ] Request (MultipleCreateTestJSON:setUpClass): 201 POST http://10.180.1.21/networking/v2.0/routers 0.911s
2025-11-12 06:19:49.704 65730 INFO tempest.lib.common.rest_client [req-f9490640-43ef-46e4-ab31-296c7f1f5d24 req-f9490640-43ef-46e4-ab31-296c7f1f5d24 ] Request (TenantUsagesTestJSON:tearDownClass): 200 GET http://10.180.1.21/compute/v2.1/servers/5870160a-42e5-4aa5-92cd-660f8d7f1384 3.788s
2025-11-12 06:19:49.707 65748 INFO tempest.lib.common.rest_client [req-fed82c13-71b2-49e9-8ac3-a23d2c6fda4f req-fed82c13-71b2-49e9-8ac3-a23d2c6fda4f ] Request (ServersTestBootFromVolume:setUpClass): 200 GET http://10.180.1.21/volume/v3/volumes/579a8bcd-f11a-4d47-9942-17747a858e54 0.035s
2025-11-12 06:19:49.814 65734 INFO tempest.lib.common.rest_client [req-65c88d88-f28d-4476-8d92-ba0024095cf2 req-65c88d88-f28d-4476-8d92-ba0024095cf2 ] Request (QuotaClassesAdminTestJSON:test_update_default_quotas): 200 GET http://10.180.1.21/compute/v2.1/os-quota-class-sets/default 3.332s
2025-11-12 06:19:49.932 65702 WARNING tempest.lib.common.ssh [-] Failed to establish authenticated ssh connection to cirros@10.180.180.203 ([Errno None] Unable to connect to port 22 on 10.180.180.203). Number attempts: 2. Retry after 3 seconds.: paramiko.ssh_exception.NoValidConnectionsError: [Errno None] Unable to connect to port 22 on 10.180.180.203
2025-11-12 06:19:49.966 65754 INFO tempest.lib.common.rest_client [req-be37cf1f-bd96-4889-8eb3-ac5d3fc6c38b req-be37cf1f-bd96-4889-8eb3-ac5d3fc6c38b ] Request (ServersAdmin275Test:test_rebuild_update_server_275): 200 PUT http://10.180.1.21/compute/v2.1/servers/6122602d-e393-4da4-af77-9ec57755e6a7 3.957s
2025-11-12 06:19:49.971 65724 INFO tempest.lib.common.rest_client [req-9b398f50-2f93-42cd-a166-5b5322aab4e9 req-9b398f50-2f93-42cd-a166-5b5322aab4e9 ] Request (ImagesOneServerNegativeTestJSON:test_create_image_specify_invalid_metadata): 400 POST http://10.180.1.21/compute/v2.1/servers/7b3e8ef8-e226-4776-9901-9eb7478c2acf/action 3.262s
2025-11-12 06:19:50.193 65722 INFO tempest.lib.common.rest_client [req-c1d8e5ab-9662-4ca4-8bd3-2101f22ea3e4 req-c1d8e5ab-9662-4ca4-8bd3-2101f22ea3e4 ] Request (ServerDiskConfigTestJSON:test_rebuild_server_with_auto_disk_config): 202 POST http://10.180.1.21/compute/v2.1/servers/31928e69-d890-4dbc-aeae-05e2744d69cd/action 3.460s
2025-11-12 06:19:50.222 65700 INFO tempest.lib.common.rest_client [req-6220a975-07f2-42df-b858-8d0b88a71597 req-6220a975-07f2-42df-b858-8d0b88a71597 ] Request (FlavorsExtraSpecsTestJSON:tearDownClass): 202 DELETE http://10.180.1.21/compute/v2.1/flavors/1952358909 3.386s
2025-11-12 06:19:50.596 65712 INFO tempest.lib.common.rest_client [req-43bd4971-6829-403f-ad53-61e34d4459c2 req-43bd4971-6829-403f-ad53-61e34d4459c2 ] Request (MultipleCreateTestJSON:setUpClass): 200 PUT http://10.180.1.21/networking/v2.0/routers/620a9013-2b4d-46b3-a30a-5b0d4703929e/add_router_interface 0.954s
2025-11-12 06:19:50.596 65712 INFO tempest.lib.common.dynamic_creds [-] Created isolated network resources for: credentials: Credentials: {'domain_id': 'default', 'domain_name': 'Default', 'username': 'tempest-MultipleCreateTestJSON-1846258238-project-member', 'project_domain_id': 'default', 'project_domain_name': 'Default', 'project_id': 'd4ee7bad0fa1455590f49e3ddc1b3006', 'project_name': 'tempest-MultipleCreateTestJSON-1846258238', 'tenant_id': 'd4ee7bad0fa1455590f49e3ddc1b3006', 'tenant_name': 'tempest-MultipleCreateTestJSON-1846258238', 'user_domain_id': 'default', 'user_domain_name': 'Default', 'user_id': 'b066bf962fe947ff90628a1b172907f2', 'system': None}, Network: {'id': 'a1ee2943-0951-4e8e-88f7-a4e1eb6b0253', 'name': 'tempest-MultipleCreateTestJSON-1655824025-network', 'tenant_id': 'd4ee7bad0fa1455590f49e3ddc1b3006', 'project_id': 'd4ee7bad0fa1455590f49e3ddc1b3006', 'admin_state_up': True, 'mtu': 8950, 'status': 'ACTIVE', 'subnets': [], 'shared': False, 'port_security_enabled': True, 'router:external': False, 'provider:network_type': 'vlan', 'provider:physical_network': 'default', 'provider:segmentation_id': 798, 'availability_zone_hints': [], 'availability_zones': [], 'ipv4_address_scope': None, 'ipv6_address_scope': None, 'description': '', 'tags': [], 'created_at': '2025-11-12T06:19:48Z', 'updated_at': '2025-11-12T06:19:48Z', 'revision_number': 1}, Subnet: {'id': 'c38f68d8-fbe8-409d-a03e-0d83f165dfcb', 'name': 'tempest-MultipleCreateTestJSON-1655824025-subnet', 'tenant_id': 'd4ee7bad0fa1455590f49e3ddc1b3006', 'network_id': 'a1ee2943-0951-4e8e-88f7-a4e1eb6b0253', 'ip_version': 4, 'subnetpool_id': None, 'enable_dhcp': True, 'ipv6_ra_mode': None, 'ipv6_address_mode': None, 'gateway_ip': '192.168.128.1', 'cidr': '192.168.128.0/28', 'allocation_pools': [{'start': '192.168.128.2', 'end': '192.168.128.14'}], 'host_routes': [], 'dns_nameservers': [], 'description': '', 'router:external': False, 'service_types': [], 'tags': [], 'created_at': '2025-11-12T06:19:48Z', 'updated_at': '2025-11-12T06:19:48Z', 'revision_number': 0, 'project_id': 'd4ee7bad0fa1455590f49e3ddc1b3006'}, Router: {'id': '620a9013-2b4d-46b3-a30a-5b0d4703929e', 'name': 'tempest-MultipleCreateTestJSON-1655824025-router', 'tenant_id': 'd4ee7bad0fa1455590f49e3ddc1b3006', 'admin_state_up': True, 'status': 'ACTIVE', 'external_gateway_info': {'network_id': 'b32da74b-8731-4e60-881a-0b9990c15afb', 'external_fixed_ips': [{'subnet_id': '5ae2af40-4738-48c3-aa81-13f67878b6c2', 'ip_address': '10.180.180.246'}], 'enable_snat': True}, 'description': '', 'availability_zones': [], 'distributed': False, 'ha': False, 'availability_zone_hints': [], 'routes': [], 'flavor_id': None, 'tags': [], 'created_at': '2025-11-12T06:19:48Z', 'updated_at': '2025-11-12T06:19:49Z', 'revision_number': 2, 'project_id': 'd4ee7bad0fa1455590f49e3ddc1b3006'}
2025-11-12 06:19:50.680 65718 INFO tempest.lib.common.rest_client [req-b65d7f86-51cf-4542-b78d-303ac92837f1 req-b65d7f86-51cf-4542-b78d-303ac92837f1 ] Request (DeleteServersAdminTestJSON:test_delete_server_while_in_error_state): 200 GET http://10.180.1.21/compute/v2.1/servers/a522225e-cca1-4332-966b-c2abcdf67c53 4.070s
2025-11-12 06:19:50.689 65718 INFO tempest.common.waiters [-] State transition "BUILD/None" ==> "BUILD/block_device_mapping" after 5 second wait
2025-11-12 06:19:50.690 65712 INFO tempest.lib.common.rest_client [req-d391c25a-0699-441d-a32e-f54857074409 req-d391c25a-0699-441d-a32e-f54857074409 ] Request (MultipleCreateTestJSON:setUpClass): 201 POST http://10.180.1.21/identity/v3/auth/tokens 0.090s
2025-11-12 06:19:50.707 65720 INFO tempest.lib.common.rest_client [req-e83200cf-7e29-49c5-964a-f904e3e4a392 req-e83200cf-7e29-49c5-964a-f904e3e4a392 ] Request (ServersTestFqdnHostnames:test_create_server_with_fqdn_name): 200 GET http://10.180.1.21/compute/v2.1/servers/e10eedef-bfa6-4831-a6af-3845d25c35b6/os-interface 3.671s
2025-11-12 06:19:50.715 65696 INFO tempest.lib.common.rest_client [req-ffb151c4-92a9-4e22-bb8c-38d50601becd req-ffb151c4-92a9-4e22-bb8c-38d50601becd ] Request (KeyPairsNegativeTestJSON:test_create_keypair_with_empty_name_string): 400 POST http://10.180.1.21/compute/v2.1/os-keypairs 3.366s
2025-11-12 06:19:50.748 65712 INFO tempest.lib.common.rest_client [req-eb98421a-3b7d-4cab-835d-29d940760fff req-eb98421a-3b7d-4cab-835d-29d940760fff ] Request (MultipleCreateTestJSON:test_multiple_create): 201 POST http://10.180.1.21/identity/v3/auth/tokens 0.054s
2025-11-12 06:19:50.749 65712 INFO tempest.lib.common.fixed_network [-] (MultipleCreateTestJSON:test_multiple_create) Found network {'id': 'a1ee2943-0951-4e8e-88f7-a4e1eb6b0253', 'name': 'tempest-MultipleCreateTestJSON-1655824025-network', 'tenant_id': 'd4ee7bad0fa1455590f49e3ddc1b3006', 'project_id': 'd4ee7bad0fa1455590f49e3ddc1b3006', 'admin_state_up': True, 'mtu': 8950, 'status': 'ACTIVE', 'subnets': [], 'shared': False, 'port_security_enabled': True, 'router:external': False, 'provider:network_type': 'vlan', 'provider:physical_network': 'default', 'provider:segmentation_id': 798, 'availability_zone_hints': [], 'availability_zones': [], 'ipv4_address_scope': None, 'ipv6_address_scope': None, 'description': '', 'tags': [], 'created_at': '2025-11-12T06:19:48Z', 'updated_at': '2025-11-12T06:19:48Z', 'revision_number': 1} available for tenant
2025-11-12 06:19:50.757 65748 INFO tempest.lib.common.rest_client [req-5548cc6d-1e27-43be-834a-54855e291d6e req-5548cc6d-1e27-43be-834a-54855e291d6e ] Request (ServersTestBootFromVolume:setUpClass): 200 GET http://10.180.1.21/volume/v3/volumes/579a8bcd-f11a-4d47-9942-17747a858e54 0.037s
2025-11-12 06:19:51.297 65720 INFO tempest.lib.common.rest_client [req-102b4976-0866-4c98-a260-77c22ae8aa3a req-102b4976-0866-4c98-a260-77c22ae8aa3a ] Request (ServersTestFqdnHostnames:test_create_server_with_fqdn_name): 200 PUT http://10.180.1.21/networking/v2.0/floatingips/1d94b6a0-0d89-4bc7-93f8-24c2e7ac77b3 0.587s
2025-11-12 06:19:51.299 65720 INFO tempest.lib.common.ssh [-] Creating ssh connection to '10.180.180.185:22' as 'cirros' with public key authentication
2025-11-12 06:19:51.428 65744 INFO tempest.lib.common.rest_client [req-f080241f-53f6-4c41-9db5-1b04c8ef0760 req-f080241f-53f6-4c41-9db5-1b04c8ef0760 ] Request (SecurityGroupRulesTestJSON:test_security_group_rules_list): 200 POST http://10.180.1.21/compute/v2.1/os-security-groups 3.852s
2025-11-12 06:19:51.455 65714 INFO tempest.lib.common.rest_client [req-f15a1fa7-2532-4fd5-b6c6-44a4b2b79b54 req-f15a1fa7-2532-4fd5-b6c6-44a4b2b79b54 ] Request (FlavorsV2TestJSON:test_list_flavors_detailed_filter_by_min_disk): 200 GET http://10.180.1.21/compute/v2.1/flavors/42 3.859s
2025-11-12 06:19:51.462 65740 INFO tempest.lib.common.rest_client [req-e2203e9f-1611-476e-be2f-2d6f9a094395 req-e2203e9f-1611-476e-be2f-2d6f9a094395 ] Request (ServerRescueNegativeTestJSON:setUpClass): 200 GET http://10.180.1.21/compute/v2.1/servers/9541b14d-6694-45bf-841a-e62c058ee456 4.131s
2025-11-12 06:19:51.486 65750 INFO tempest.lib.common.rest_client [req-ed02952e-c018-45d4-b52d-1e35b08bfafd req-ed02952e-c018-45d4-b52d-1e35b08bfafd ] Request (ServicesAdminNegativeV253TestJSON:test_enable_service_with_invalid_service_id): 404 PUT http://10.180.1.21/compute/v2.1/os-services/c7f57048-ea71-46df-9abd-b78f50a6eefd 3.873s
2025-11-12 06:19:51.593 65740 INFO tempest.lib.common.rest_client [req-c20ef61b-66bd-4a7f-b49d-e0981e0cbd04 req-c20ef61b-66bd-4a7f-b49d-e0981e0cbd04 ] Request (ServerRescueNegativeTestJSON:setUpClass): 201 POST http://10.180.1.21/identity/v3/auth/tokens 0.117s
2025-11-12 06:19:51.594 65740 INFO tempest.lib.common.fixed_network [-] (ServerRescueNegativeTestJSON:setUpClass) Found network {'id': '0566aad7-e634-4d45-90f0-aa891e1695fc', 'name': 'tempest-ServerRescueNegativeTestJSON-1939069178-network', 'tenant_id': 'a3a20a885765470fa30023e6302108a8', 'project_id': 'a3a20a885765470fa30023e6302108a8', 'admin_state_up': True, 'mtu': 8950, 'status': 'ACTIVE', 'subnets': [], 'shared': False, 'port_security_enabled': True, 'router:external': False, 'provider:network_type': 'vlan', 'provider:physical_network': 'default', 'provider:segmentation_id': 307, 'availability_zone_hints': [], 'availability_zones': [], 'ipv4_address_scope': None, 'ipv6_address_scope': None, 'description': '', 'tags': [], 'created_at': '2025-11-12T06:19:34Z', 'updated_at': '2025-11-12T06:19:34Z', 'revision_number': 1} available for tenant
2025-11-12 06:19:51.614 65732 INFO tempest.lib.common.rest_client [req-6d5fc70f-5221-422f-999f-a56d1fcfe295 req-6d5fc70f-5221-422f-999f-a56d1fcfe295 ] Request (ServerExternalEventsTest:tearDownClass): 200 GET http://10.180.1.21/compute/v2.1/servers/87e30ff5-8c4b-425a-95d8-c2743750852e 3.796s
2025-11-12 06:19:51.655 65708 INFO tempest.lib.common.rest_client [req-8f393aa1-a16d-40e9-9a23-9794a7fc331c req-8f393aa1-a16d-40e9-9a23-9794a7fc331c ] Request (ServerRescueTestJSONUnderV235:setUpClass): 200 GET http://10.180.1.21/compute/v2.1/servers/9edeca4a-c476-479c-8560-c9a67857194a 3.378s
2025-11-12 06:19:51.820 65748 INFO tempest.lib.common.rest_client [req-56d1b025-20ce-4313-b26f-7f61cb9635a6 req-56d1b025-20ce-4313-b26f-7f61cb9635a6 ] Request (ServersTestBootFromVolume:setUpClass): 200 GET http://10.180.1.21/volume/v3/volumes/579a8bcd-f11a-4d47-9942-17747a858e54 0.054s
2025-11-12 06:19:51.828 65748 INFO tempest.common.waiters [-] volume 579a8bcd-f11a-4d47-9942-17747a858e54 reached available after waiting for 20.828005 seconds
2025-11-12 06:19:51.848 65704 INFO tempest.lib.common.rest_client [req-88bf2090-4396-4352-b858-3e826df1c969 req-88bf2090-4396-4352-b858-3e826df1c969 ] Request (ServersWithSpecificFlavorTestJSON:test_verify_created_server_ephemeral_disk): 200 GET http://10.180.1.21/compute/v2.1/servers/3929be5a-fa1d-4883-9d05-de5eab30372c 3.342s
2025-11-12 06:19:51.916 65716 INFO tempest.lib.common.rest_client [req-8c2ba697-40d5-469b-8566-95f709023764 req-8c2ba697-40d5-469b-8566-95f709023764 ] Request (ServersAdminTestJSON:setUpClass): 200 GET http://10.180.1.21/compute/v2.1/servers/3d86878e-5741-47e4-aaf4-ce91441426a2 3.307s
2025-11-12 06:19:51.928 65694 INFO tempest.lib.common.rest_client [req-c58f3bb5-11aa-478c-a61b-caaba8c40273 req-c58f3bb5-11aa-478c-a61b-caaba8c40273 ] Request (ImagesOneServerTestJSON:setUpClass): 200 GET http://10.180.1.21/compute/v2.1/servers/130fc785-e077-45ee-bd54-e0dad3562b90 3.122s
2025-11-12 06:19:52.069 65752 WARNING tempest.lib.common.ssh [-] Failed to establish authenticated ssh connection to cirros@10.180.180.133 ([Errno None] Unable to connect to port 22 on 10.180.180.133). Number attempts: 2. Retry after 3 seconds.: paramiko.ssh_exception.NoValidConnectionsError: [Errno None] Unable to connect to port 22 on 10.180.180.133
2025-11-12 06:19:52.153 65742 INFO tempest.lib.common.rest_client [req-ce6adde7-ffab-492c-ad64-0fffa2751430 req-ce6adde7-ffab-492c-ad64-0fffa2751430 ] Request (ImagesMetadataTestJSON:setUp): 200 PUT http://10.180.1.21/compute/v2.1/images/def9da77-8662-4f64-a6a6-115eb7fb4da3/metadata 3.291s
2025-11-12 06:19:52.216 65728 INFO tempest.lib.common.rest_client [req-1394a21e-6283-4c59-a7fa-becab1c93cd1 req-1394a21e-6283-4c59-a7fa-becab1c93cd1 ] Request (FlavorsAdminTestJSON:_run_cleanups): 202 DELETE http://10.180.1.21/compute/v2.1/flavors/331850b9-3bb2-405f-b82e-37fde261c59c 3.127s
2025-11-12 06:19:52.239 65746 INFO tempest.lib.common.rest_client [req-5daea50d-c106-4e29-a7ba-290d9b1aeb75 req-5daea50d-c106-4e29-a7ba-290d9b1aeb75 ] Request (FlavorsAccessNegativeTestJSON:_run_cleanups): 200 GET http://10.180.1.21/compute/v2.1/flavors/detail 3.138s
2025-11-12 06:19:52.244 65738 INFO tempest.lib.common.rest_client [req-e1aa37f2-747c-4758-baaa-e17438819427 req-e1aa37f2-747c-4758-baaa-e17438819427 ] Request (FloatingIPsAssociationNegativeTestJSON:test_associate_ip_to_server_with_floating_ip): 400 POST http://10.180.1.21/compute/v2.1/servers/97cd7275-008f-4336-9ad7-730029e211d2/action 3.436s
2025-11-12 06:19:52.323 65706 INFO tempest.lib.common.rest_client [req-afc1bf09-f5b6-42c1-a244-595c597bc7b7 req-afc1bf09-f5b6-42c1-a244-595c597bc7b7 ] Request (InstanceActionsV221TestJSON:test_get_list_deleted_instance_actions): 200 GET http://10.180.1.21/compute/v2.1/servers/03a613ae-2cd9-4bf5-bc61-32f692493661 2.784s
2025-11-12 06:19:52.349 65692 INFO tempest.lib.common.rest_client [req-51453d7d-6b88-4bba-84ec-00a5b4489bf8 req-51453d7d-6b88-4bba-84ec-00a5b4489bf8 ] Request (ServicesAdminNegativeTestJSON:test_get_service_by_invalid_service_and_valid_host): 200 GET http://10.180.1.21/compute/v2.1/os-services 2.779s
2025-11-12 06:19:52.393 65710 INFO tempest.lib.common.rest_client [req-9b03e8fe-962c-4ffb-8b47-56476e578f75 req-9b03e8fe-962c-4ffb-8b47-56476e578f75 ] Request (QuotasAdminNegativeTest:test_create_server_when_instances_quota_is_full): 200 GET http://10.180.1.21/compute/v2.1/os-quota-sets/649654b9b78b461b830480cf49661ae1 2.798s
2025-11-12 06:19:52.504 65734 INFO tempest.lib.common.rest_client [req-6c38b0a4-982d-44e6-9f3a-04f35097463a req-6c38b0a4-982d-44e6-9f3a-04f35097463a ] Request (QuotaClassesAdminTestJSON:test_update_default_quotas): 200 PUT http://10.180.1.21/compute/v2.1/os-quota-class-sets/default 2.687s
2025-11-12 06:19:52.653 65724 INFO tempest.lib.common.rest_client [req-cd46fea9-0b18-4615-9fa6-cf57d4810c0d req-cd46fea9-0b18-4615-9fa6-cf57d4810c0d ] Request (ImagesOneServerNegativeTestJSON:tearDown): 200 GET http://10.180.1.21/compute/v2.1/servers/7b3e8ef8-e226-4776-9901-9eb7478c2acf 2.681s
2025-11-12 06:19:52.765 65754 INFO tempest.lib.common.rest_client [req-bb499ac4-2f2f-4d6a-98d1-c2d87b82a41e req-bb499ac4-2f2f-4d6a-98d1-c2d87b82a41e ] Request (ServersAdmin275Test:test_rebuild_update_server_275): 200 GET http://10.180.1.21/compute/v2.1/servers/6122602d-e393-4da4-af77-9ec57755e6a7 2.786s
2025-11-12 06:19:53.025 65698 INFO tempest.lib.common.rest_client [req-a4645c9c-b6d9-4863-bbc7-834edee4ad0b req-a4645c9c-b6d9-4863-bbc7-834edee4ad0b ] Request (MigrationsAdminTest:test_list_migrations_in_flavor_resize_situation): 200 GET http://10.180.1.21/compute/v2.1/servers/fb707546-c7c9-4c0c-a733-e681ea1fb514 2.950s
2025-11-12 06:19:53.039 65698 INFO tempest.common.waiters [-] State transition "RESIZE/resize_prep" ==> "RESIZE/resize_migrating" after 10 second wait
2025-11-12 06:19:53.256 65722 INFO tempest.lib.common.rest_client [req-61671e35-a218-4ac7-bb49-35c2dd140976 req-61671e35-a218-4ac7-bb49-35c2dd140976 ] Request (ServerDiskConfigTestJSON:test_rebuild_server_with_auto_disk_config): 200 GET http://10.180.1.21/compute/v2.1/servers/31928e69-d890-4dbc-aeae-05e2744d69cd 3.056s
2025-11-12 06:19:53.284 65700 INFO tempest.lib.common.rest_client [req-fce16bad-7143-4bfa-9f03-2eb01cbfe15a req-fce16bad-7143-4bfa-9f03-2eb01cbfe15a ] Request (FlavorsExtraSpecsTestJSON:tearDownClass): 200 GET http://10.180.1.21/compute/v2.1/flavors/detail 3.062s
2025-11-12 06:19:53.309 65730 INFO tempest.lib.common.rest_client [req-8701e70f-eaee-4c2e-ab77-2d69e38f7ba4 req-8701e70f-eaee-4c2e-ab77-2d69e38f7ba4 ] Request (TenantUsagesTestJSON:tearDownClass): 404 GET http://10.180.1.21/compute/v2.1/servers/5870160a-42e5-4aa5-92cd-660f8d7f1384 2.595s
2025-11-12 06:19:53.343 65696 INFO tempest.lib.common.rest_client [req-655ccb42-8b37-406c-bd6b-c86796fd8011 req-655ccb42-8b37-406c-bd6b-c86796fd8011 ] Request (KeyPairsNegativeTestJSON:test_create_keypair_with_empty_public_key): 400 POST http://10.180.1.21/compute/v2.1/os-keypairs 2.626s
2025-11-12 06:19:53.405 65700 INFO tempest.lib.common.rest_client [req-b6bce7fc-d9c3-47f8-963b-708ba722e7ba req-b6bce7fc-d9c3-47f8-963b-708ba722e7ba ] Request (FlavorsExtraSpecsTestJSON:tearDownClass): 204 DELETE http://10.180.1.21/identity/v3/users/3f468f8e17374aa7b762b5c52fa3f93d 0.116s
2025-11-12 06:19:53.416 65730 INFO tempest.lib.common.rest_client [req-5d79bd40-67a0-47dd-a3ee-e632ce354d63 req-5d79bd40-67a0-47dd-a3ee-e632ce354d63 ] Request (TenantUsagesTestJSON:tearDownClass): 204 DELETE http://10.180.1.21/identity/v3/users/2d158e10fd824db684a3dfc50a8e4345 0.106s
2025-11-12 06:19:53.418 65736 INFO tempest.lib.common.rest_client [req-fcd18e92-ccb7-412e-8d7b-22207014d5f9 req-fcd18e92-ccb7-412e-8d7b-22207014d5f9 ] Request (FloatingIPsAssociationTestJSON:test_associate_already_associated_floating_ip): 202 POST http://10.180.1.21/compute/v2.1/servers/7f1bffb1-0581-4c04-bef9-b5d97170d5ae/action 3.999s
2025-11-12 06:19:53.437 65702 WARNING tempest.lib.common.ssh [-] Failed to establish authenticated ssh connection to cirros@10.180.180.203 ([Errno None] Unable to connect to port 22 on 10.180.180.203). Number attempts: 3. Retry after 4 seconds.: paramiko.ssh_exception.NoValidConnectionsError: [Errno None] Unable to connect to port 22 on 10.180.180.203
2025-11-12 06:19:53.529 65700 INFO tempest.lib.common.rest_client [req-e8dca9c5-aa2f-4c9f-8afc-3737b50f0e54 req-e8dca9c5-aa2f-4c9f-8afc-3737b50f0e54 ] Request (FlavorsExtraSpecsTestJSON:tearDownClass): 204 DELETE http://10.180.1.21/identity/v3/users/85e6a9a479fc4fc9890a4c2845d3b4fc 0.123s
2025-11-12 06:19:53.530 65700 INFO tempest.lib.common.dynamic_creds [-] Deleting project and security group for project: 2ffa98bbd60d4ffab89627d605b98f3b
2025-11-12 06:19:53.602 65700 INFO tempest.lib.common.rest_client [req-fa6c6e19-15c9-4b2b-a53f-a9758470ab9a req-fa6c6e19-15c9-4b2b-a53f-a9758470ab9a ] Request (FlavorsExtraSpecsTestJSON:tearDownClass): 201 POST http://10.180.1.21/identity/v3/auth/tokens 0.072s
2025-11-12 06:19:53.613 65744 INFO tempest.lib.common.rest_client [req-c5d37fb9-780f-4a77-b2c9-3f7202afc701 req-c5d37fb9-780f-4a77-b2c9-3f7202afc701 ] Request (SecurityGroupRulesTestJSON:test_security_group_rules_list): 200 POST http://10.180.1.21/compute/v2.1/os-security-group-rules 2.178s
2025-11-12 06:19:53.647 65714 INFO tempest.lib.common.rest_client [req-5f17641a-f037-41d4-a7f4-27f0f4e704e1 req-5f17641a-f037-41d4-a7f4-27f0f4e704e1 ] Request (FlavorsV2TestJSON:test_list_flavors_detailed_filter_by_min_disk): 200 GET http://10.180.1.21/compute/v2.1/flavors/detail?minDisk=2 2.190s
2025-11-12 06:19:53.659 65730 INFO tempest.lib.common.rest_client [req-51cf1ce5-0574-4898-8007-fa5c1f63a393 req-51cf1ce5-0574-4898-8007-fa5c1f63a393 ] Request (TenantUsagesTestJSON:tearDownClass): 204 DELETE http://10.180.1.21/identity/v3/users/18f7784eea7340608293b0975fafcf88 0.243s
2025-11-12 06:19:53.659 65730 INFO tempest.lib.common.dynamic_creds [-] Deleting project and security group for project: 8fb66d45b54843e2b5de67ce42f6e4b1
2025-11-12 06:19:53.676 65750 INFO tempest.lib.common.rest_client [req-c0a380a2-b170-4ad5-b5da-d7f1a9179622 req-c0a380a2-b170-4ad5-b5da-d7f1a9179622 ] Request (ServicesAdminNegativeV253TestJSON:test_get_service_by_invalid_params): 200 GET http://10.180.1.21/compute/v2.1/os-services 2.185s
2025-11-12 06:19:53.728 65730 INFO tempest.lib.common.rest_client [req-36863900-0058-415d-b892-2dfb3fe6e9ae req-36863900-0058-415d-b892-2dfb3fe6e9ae ] Request (TenantUsagesTestJSON:tearDownClass): 201 POST http://10.180.1.21/identity/v3/auth/tokens 0.068s
2025-11-12 06:19:53.934 65700 INFO tempest.lib.common.rest_client [req-419dbdf0-d03d-460d-a2d0-191ca65f293d req-419dbdf0-d03d-460d-a2d0-191ca65f293d ] Request (FlavorsExtraSpecsTestJSON:tearDownClass): 200 GET http://10.180.1.21/networking/v2.0/security-groups?tenant_id=2ffa98bbd60d4ffab89627d605b98f3b&name=default 0.332s
2025-11-12 06:19:53.947 65730 INFO tempest.lib.common.rest_client [req-48365ad9-79bf-466a-99fb-6d0199c60251 req-48365ad9-79bf-466a-99fb-6d0199c60251 ] Request (TenantUsagesTestJSON:tearDownClass): 200 GET http://10.180.1.21/networking/v2.0/security-groups?tenant_id=8fb66d45b54843e2b5de67ce42f6e4b1&name=default 0.218s
2025-11-12 06:19:54.113 65730 INFO tempest.lib.common.rest_client [req-0a1c3fcd-25b7-4cb6-b2d4-0c42a27a9c1d req-0a1c3fcd-25b7-4cb6-b2d4-0c42a27a9c1d ] Request (TenantUsagesTestJSON:tearDownClass): 204 DELETE http://10.180.1.21/networking/v2.0/security-groups/cd3fafb9-cc92-47e6-a966-00bc56c56bba 0.166s
2025-11-12 06:19:54.118 65700 INFO tempest.lib.common.rest_client [req-ef80d860-b025-49c9-a8a4-2bbd2e11542d req-ef80d860-b025-49c9-a8a4-2bbd2e11542d ] Request (FlavorsExtraSpecsTestJSON:tearDownClass): 204 DELETE http://10.180.1.21/networking/v2.0/security-groups/809af1b7-eae8-46b5-88f4-66844b6adea4 0.183s
2025-11-12 06:19:54.203 65730 INFO tempest.lib.common.rest_client [req-870c89d2-cf7b-4296-aed5-0227e60eec64 req-870c89d2-cf7b-4296-aed5-0227e60eec64 ] Request (TenantUsagesTestJSON:tearDownClass): 204 DELETE http://10.180.1.21/identity/v3/projects/8fb66d45b54843e2b5de67ce42f6e4b1 0.089s
2025-11-12 06:19:54.204 65730 INFO tempest.lib.common.dynamic_creds [-] Deleting project and security group for project: d3391ddcf0074ea2b39561bc9c8ae4f2
2025-11-12 06:19:54.210 65700 INFO tempest.lib.common.rest_client [req-6fdb8fb1-7e66-40e4-8ccc-53fd8e7c2bb5 req-6fdb8fb1-7e66-40e4-8ccc-53fd8e7c2bb5 ] Request (FlavorsExtraSpecsTestJSON:tearDownClass): 204 DELETE http://10.180.1.21/identity/v3/projects/2ffa98bbd60d4ffab89627d605b98f3b 0.091s
2025-11-12 06:19:54.210 65700 INFO tempest.lib.common.dynamic_creds [-] Deleting project and security group for project: e7580a40bcc944d5b2ad9aec432301b9
2025-11-12 06:19:54.234 65730 INFO tempest.lib.common.rest_client [req-9927acbd-98e7-44b3-9f42-e0efa1eb2fec req-9927acbd-98e7-44b3-9f42-e0efa1eb2fec ] Request (TenantUsagesTestJSON:tearDownClass): 200 GET http://10.180.1.21/networking/v2.0/security-groups?tenant_id=d3391ddcf0074ea2b39561bc9c8ae4f2&name=default 0.030s
2025-11-12 06:19:54.324 65712 INFO tempest.lib.common.rest_client [req-129a0a4f-164a-4e59-a26d-bc44edd1e99c req-129a0a4f-164a-4e59-a26d-bc44edd1e99c ] Request (MultipleCreateTestJSON:test_multiple_create): 202 POST http://10.180.1.21/compute/v2.1/servers 3.574s
2025-11-12 06:19:54.349 65700 INFO tempest.lib.common.rest_client [req-04c35229-fb90-41aa-9cb7-f494d9bf8891 req-04c35229-fb90-41aa-9cb7-f494d9bf8891 ] Request (FlavorsExtraSpecsTestJSON:tearDownClass): 200 GET http://10.180.1.21/networking/v2.0/security-groups?tenant_id=e7580a40bcc944d5b2ad9aec432301b9&name=default 0.138s
2025-11-12 06:19:54.377 65730 INFO tempest.lib.common.rest_client [req-9256be2c-67a0-4250-a2e7-49459029d186 req-9256be2c-67a0-4250-a2e7-49459029d186 ] Request (TenantUsagesTestJSON:tearDownClass): 204 DELETE http://10.180.1.21/networking/v2.0/security-groups/15d5b8e9-d760-4d15-8f7c-b01f16ee8d9b 0.141s
2025-11-12 06:19:54.486 65740 INFO tempest.lib.common.rest_client [req-dad985b1-ac95-48f3-9e05-488b5e20a687 req-dad985b1-ac95-48f3-9e05-488b5e20a687 ] Request (ServerRescueNegativeTestJSON:setUpClass): 202 POST http://10.180.1.21/compute/v2.1/servers 2.891s
2025-11-12 06:19:54.502 65700 INFO tempest.lib.common.rest_client [req-9b5fb3b2-3ec7-472d-9fc2-2ff2564d5a32 req-9b5fb3b2-3ec7-472d-9fc2-2ff2564d5a32 ] Request (FlavorsExtraSpecsTestJSON:tearDownClass): 204 DELETE http://10.180.1.21/networking/v2.0/security-groups/dac8e15d-6f79-4123-8fb9-2c2957fb1ce4 0.152s
2025-11-12 06:19:54.552 65730 INFO tempest.lib.common.rest_client [req-9ff6ab97-b526-408e-8063-1ad4e9b6cfa5 req-9ff6ab97-b526-408e-8063-1ad4e9b6cfa5 ] Request (TenantUsagesTestJSON:tearDownClass): 204 DELETE http://10.180.1.21/identity/v3/projects/d3391ddcf0074ea2b39561bc9c8ae4f2 0.174s
2025-11-12 06:19:54.652 65718 INFO tempest.lib.common.rest_client [req-734722a2-9c04-48fe-9fee-97b5215282d1 req-734722a2-9c04-48fe-9fee-97b5215282d1 ] Request (DeleteServersAdminTestJSON:test_delete_server_while_in_error_state): 200 GET http://10.180.1.21/compute/v2.1/servers/a522225e-cca1-4332-966b-c2abcdf67c53 2.962s
2025-11-12 06:19:54.653 65730 INFO tempest.lib.common.rest_client [req-b1e7cef6-0263-4f0a-9ddc-b842ebe4d6b1 req-b1e7cef6-0263-4f0a-9ddc-b842ebe4d6b1 ] Request (TenantUsagesNegativeTestJSON:setUpClass): 201 POST http://10.180.1.21/identity/v3/auth/tokens 0.098s
2025-11-12 06:19:54.663 65718 INFO tempest.common.waiters [-] State transition "BUILD/block_device_mapping" ==> "BUILD/spawning" after 9 second wait
2025-11-12 06:19:54.693 65742 INFO tempest.lib.common.rest_client [req-9392b5b5-4d93-4e2d-920a-4d1af742314e req-9392b5b5-4d93-4e2d-920a-4d1af742314e ] Request (ImagesMetadataTestJSON:test_get_image_metadata_item): 200 GET http://10.180.1.21/compute/v2.1/images/def9da77-8662-4f64-a6a6-115eb7fb4da3/metadata/os_distro 2.539s
2025-11-12 06:19:54.721 65700 INFO tempest.lib.common.rest_client [req-827c8359-e058-4596-9925-e375cd97f841 req-827c8359-e058-4596-9925-e375cd97f841 ] Request (FlavorsExtraSpecsTestJSON:tearDownClass): 204 DELETE http://10.180.1.21/identity/v3/projects/e7580a40bcc944d5b2ad9aec432301b9 0.218s
2025-11-12 06:19:54.721 65728 INFO tempest.lib.common.rest_client [req-afdfbaf7-4e67-4e55-bed0-4e56fba3ad09 req-afdfbaf7-4e67-4e55-bed0-4e56fba3ad09 ] Request (FlavorsAdminTestJSON:_run_cleanups): 200 GET http://10.180.1.21/compute/v2.1/flavors/detail 2.505s
2025-11-12 06:19:54.738 65730 INFO tempest.lib.common.rest_client [req-a348f73b-baf4-47b2-bd28-2942be107663 req-a348f73b-baf4-47b2-bd28-2942be107663 ] Request (TenantUsagesNegativeTestJSON:setUpClass): 201 POST http://10.180.1.21/identity/v3/auth/tokens 0.081s
2025-11-12 06:19:54.756 65700 INFO tempest.lib.common.rest_client [req-bf197730-9ae5-42b7-b2a7-db405b84de5b req-bf197730-9ae5-42b7-b2a7-db405b84de5b ] Request (ServerDiagnosticsTest:setUpClass): 201 POST http://10.180.1.21/identity/v3/auth/tokens 0.033s
2025-11-12 06:19:54.767 65730 INFO tempest.lib.common.rest_client [req-67c80ab2-9fc2-474f-a5a9-36b7ec9423c2 req-67c80ab2-9fc2-474f-a5a9-36b7ec9423c2 ] Request (TenantUsagesNegativeTestJSON:setUpClass): 200 GET http://10.180.1.21/identity/v3/domains?name=Default 0.028s
2025-11-12 06:19:54.801 65700 INFO tempest.lib.common.rest_client [req-70bedf96-f79e-461b-9f83-69ba03b75603 req-70bedf96-f79e-461b-9f83-69ba03b75603 ] Request (ServerDiagnosticsTest:setUpClass): 201 POST http://10.180.1.21/identity/v3/auth/tokens 0.040s
2025-11-12 06:19:54.811 65730 INFO tempest.lib.common.rest_client [req-9b5d2ba3-8afc-4a1a-93b2-31551274728f req-9b5d2ba3-8afc-4a1a-93b2-31551274728f ] Request (TenantUsagesNegativeTestJSON:setUpClass): 201 POST http://10.180.1.21/identity/v3/projects 0.043s
2025-11-12 06:19:54.828 65700 INFO tempest.lib.common.rest_client [req-2e9e932a-deef-4082-8f3f-b4f24b0ee0e6 req-2e9e932a-deef-4082-8f3f-b4f24b0ee0e6 ] Request (ServerDiagnosticsTest:setUpClass): 200 GET http://10.180.1.21/identity/v3/domains?name=Default 0.027s
2025-11-12 06:19:54.900 65730 INFO tempest.lib.common.rest_client [req-e742a824-9079-4a25-8580-0e6611bfbe1d req-e742a824-9079-4a25-8580-0e6611bfbe1d ] Request (TenantUsagesNegativeTestJSON:setUpClass): 201 POST http://10.180.1.21/identity/v3/users 0.088s
2025-11-12 06:19:54.907 65700 INFO tempest.lib.common.rest_client [req-bf27ab37-ce3d-4c0d-9c76-29de4470c7e5 req-bf27ab37-ce3d-4c0d-9c76-29de4470c7e5 ] Request (ServerDiagnosticsTest:setUpClass): 201 POST http://10.180.1.21/identity/v3/projects 0.078s
2025-11-12 06:19:54.955 65730 INFO tempest.lib.common.rest_client [req-815a6508-8bcc-4e70-99b3-e970a7a64340 req-815a6508-8bcc-4e70-99b3-e970a7a64340 ] Request (TenantUsagesNegativeTestJSON:setUpClass): 200 GET http://10.180.1.21/identity/v3/roles 0.055s
2025-11-12 06:19:54.986 65730 INFO tempest.lib.common.rest_client [req-e279317f-d820-48f5-ae1f-d7380dcce5fb req-e279317f-d820-48f5-ae1f-d7380dcce5fb ] Request (TenantUsagesNegativeTestJSON:setUpClass): 204 PUT http://10.180.1.21/identity/v3/projects/b4583db8479c47f5bcd8041ac78836f5/users/f354f1c20e8742e9bfadaecb06b4bac0/roles/d5f563bb887e4a55a4fbecf558ce5784 0.031s
2025-11-12 06:19:54.987 65730 INFO tempest.lib.common.dynamic_creds [-] Dynamic test user f354f1c20e8742e9bfadaecb06b4bac0 is created with scope project and roles: ['member']
2025-11-12 06:19:54.987 65730 INFO tempest.lib.common.dynamic_creds [-] Acquired dynamic creds: credentials: Credentials: {'domain_id': 'default', 'domain_name': 'Default', 'username': 'tempest-TenantUsagesNegativeTestJSON-1786525386-project-member', 'project_domain_id': 'default', 'project_domain_name': 'Default', 'project_id': 'b4583db8479c47f5bcd8041ac78836f5', 'project_name': 'tempest-TenantUsagesNegativeTestJSON-1786525386', 'tenant_id': 'b4583db8479c47f5bcd8041ac78836f5', 'tenant_name': 'tempest-TenantUsagesNegativeTestJSON-1786525386', 'user_domain_id': 'default', 'user_domain_name': 'Default', 'user_id': 'f354f1c20e8742e9bfadaecb06b4bac0', 'system': None}, Network: None, Subnet: None, Router: None
2025-11-12 06:19:54.987 65730 INFO tempest.lib.common.dynamic_creds [-] Created isolated network resources for: credentials: Credentials: {'domain_id': 'default', 'domain_name': 'Default', 'username': 'tempest-TenantUsagesNegativeTestJSON-1786525386-project-member', 'project_domain_id': 'default', 'project_domain_name': 'Default', 'project_id': 'b4583db8479c47f5bcd8041ac78836f5', 'project_name': 'tempest-TenantUsagesNegativeTestJSON-1786525386', 'tenant_id': 'b4583db8479c47f5bcd8041ac78836f5', 'tenant_name': 'tempest-TenantUsagesNegativeTestJSON-1786525386', 'user_domain_id': 'default', 'user_domain_name': 'Default', 'user_id': 'f354f1c20e8742e9bfadaecb06b4bac0', 'system': None}, Network: None, Subnet: None, Router: None
2025-11-12 06:19:54.987 65700 INFO tempest.lib.common.rest_client [req-965ec906-e7ae-4f05-9986-549a04ac9c0e req-965ec906-e7ae-4f05-9986-549a04ac9c0e ] Request (ServerDiagnosticsTest:setUpClass): 201 POST http://10.180.1.21/identity/v3/users 0.079s
2025-11-12 06:19:55.041 65700 INFO tempest.lib.common.rest_client [req-4dc2a4ae-21d9-45cf-b9b2-62253f62f69e req-4dc2a4ae-21d9-45cf-b9b2-62253f62f69e ] Request (ServerDiagnosticsTest:setUpClass): 200 GET http://10.180.1.21/identity/v3/roles 0.053s
2025-11-12 06:19:55.072 65730 INFO tempest.lib.common.rest_client [req-3c9baf98-3f3d-40f2-a2ea-461a8c317be6 req-3c9baf98-3f3d-40f2-a2ea-461a8c317be6 ] Request (TenantUsagesNegativeTestJSON:setUpClass): 201 POST http://10.180.1.21/identity/v3/auth/tokens 0.081s
2025-11-12 06:19:55.095 65700 INFO tempest.lib.common.rest_client [req-e335da16-5fc3-4f41-8f48-7e896ca5c4cb req-e335da16-5fc3-4f41-8f48-7e896ca5c4cb ] Request (ServerDiagnosticsTest:setUpClass): 204 PUT http://10.180.1.21/identity/v3/projects/8a66fa1389184c6482916c203777facb/users/f06bfb3f98da4418baa6b1a54b7aed56/roles/d5f563bb887e4a55a4fbecf558ce5784 0.054s
2025-11-12 06:19:55.095 65700 INFO tempest.lib.common.dynamic_creds [-] Dynamic test user f06bfb3f98da4418baa6b1a54b7aed56 is created with scope project and roles: ['member']
2025-11-12 06:19:55.096 65700 INFO tempest.lib.common.dynamic_creds [-] Acquired dynamic creds: credentials: Credentials: {'domain_id': 'default', 'domain_name': 'Default', 'username': 'tempest-ServerDiagnosticsTest-309305053-project-member', 'project_domain_id': 'default', 'project_domain_name': 'Default', 'project_id': '8a66fa1389184c6482916c203777facb', 'project_name': 'tempest-ServerDiagnosticsTest-309305053', 'tenant_id': '8a66fa1389184c6482916c203777facb', 'tenant_name': 'tempest-ServerDiagnosticsTest-309305053', 'user_domain_id': 'default', 'user_domain_name': 'Default', 'user_id': 'f06bfb3f98da4418baa6b1a54b7aed56', 'system': None}, Network: None, Subnet: None, Router: None
2025-11-12 06:19:55.096 65700 INFO tempest.lib.common.dynamic_creds [-] Created isolated network resources for: credentials: Credentials: {'domain_id': 'default', 'domain_name': 'Default', 'username': 'tempest-ServerDiagnosticsTest-309305053-project-member', 'project_domain_id': 'default', 'project_domain_name': 'Default', 'project_id': '8a66fa1389184c6482916c203777facb', 'project_name': 'tempest-ServerDiagnosticsTest-309305053', 'tenant_id': '8a66fa1389184c6482916c203777facb', 'tenant_name': 'tempest-ServerDiagnosticsTest-309305053', 'user_domain_id': 'default', 'user_domain_name': 'Default', 'user_id': 'f06bfb3f98da4418baa6b1a54b7aed56', 'system': None}, Network: None, Subnet: None, Router: None
2025-11-12 06:19:55.115 65730 INFO tempest.lib.common.rest_client [req-962927a5-0485-4438-aeca-0c63c51b726d req-962927a5-0485-4438-aeca-0c63c51b726d ] Request (TenantUsagesNegativeTestJSON:setUpClass): 201 POST http://10.180.1.21/identity/v3/projects 0.042s
2025-11-12 06:19:55.118 65748 INFO tempest.lib.common.rest_client [req-9e515a88-c5f9-4fe5-ac42-eb8802764e09 req-9e515a88-c5f9-4fe5-ac42-eb8802764e09 ] Request (ServersTestBootFromVolume:setUpClass): 202 POST http://10.180.1.21/compute/v2.1/servers 3.290s
2025-11-12 06:19:55.142 65746 INFO tempest.lib.common.rest_client [req-524decb8-abff-4675-9b05-3e46652ab89a req-524decb8-abff-4675-9b05-3e46652ab89a ] Request (FlavorsAccessNegativeTestJSON:test_flavor_non_admin_remove): 200 POST http://10.180.1.21/compute/v2.1/flavors 2.896s
2025-11-12 06:19:55.178 65692 INFO tempest.lib.common.rest_client [req-460d13b0-47b3-4271-8e47-3b6c36a80777 req-460d13b0-47b3-4271-8e47-3b6c36a80777 ] Request (ServicesAdminNegativeTestJSON:test_get_service_by_invalid_service_and_valid_host): 200 GET http://10.180.1.21/compute/v2.1/os-services?host=devstack&binary=xxx 2.826s
2025-11-12 06:19:55.194 65738 INFO tempest.lib.common.rest_client [req-51418f31-7336-4784-b963-e9c96abdfaf9 req-51418f31-7336-4784-b963-e9c96abdfaf9 ] Request (FloatingIPsAssociationNegativeTestJSON:_run_cleanups): 202 DELETE http://10.180.1.21/compute/v2.1/os-floating-ips/2638dd9c-c11d-4913-a11f-9cde56442384 2.950s
2025-11-12 06:19:55.205 65700 INFO tempest.lib.common.rest_client [req-9f4cdd28-4f0e-4c5a-87eb-100582de8711 req-9f4cdd28-4f0e-4c5a-87eb-100582de8711 ] Request (ServerDiagnosticsTest:setUpClass): 201 POST http://10.180.1.21/identity/v3/auth/tokens 0.106s
2025-11-12 06:19:55.206 65734 INFO tempest.lib.common.rest_client [req-eb16df2e-b2d9-4fa5-a3b2-3a8cb177bdf1 req-eb16df2e-b2d9-4fa5-a3b2-3a8cb177bdf1 ] Request (QuotaClassesAdminTestJSON:test_update_default_quotas): 200 GET http://10.180.1.21/compute/v2.1/os-quota-class-sets/default 2.700s
2025-11-12 06:19:55.222 65730 INFO tempest.lib.common.rest_client [req-0fdcf35f-8c6a-4d75-8d37-c9d1fced3318 req-0fdcf35f-8c6a-4d75-8d37-c9d1fced3318 ] Request (TenantUsagesNegativeTestJSON:setUpClass): 201 POST http://10.180.1.21/identity/v3/users 0.107s
