2025-11-12 06:18:36.200 65720 INFO tempest.lib.common.rest_client [req-8db802db-524d-4a22-b8a1-18494de6f625 req-8db802db-524d-4a22-b8a1-18494de6f625 ] Request (HostsAdminTestJSON:setUpClass): 201 POST http://10.180.1.21/identity/v3/projects 0.578s
2025-11-12 06:18:36.212 65750 INFO tempest.lib.common.rest_client [req-54b2d294-aa6a-494f-b860-c2e3b69f02fd req-54b2d294-aa6a-494f-b860-c2e3b69f02fd ] Request (FlavorsAccessTestJSON:setUpClass): 200 GET http://10.180.1.21/identity/v3/domains?name=Default 0.539s
2025-11-12 06:18:36.251 65744 INFO tempest.lib.common.rest_client [req-67588cfd-cbcf-4007-88ae-1224b6b6e105 req-67588cfd-cbcf-4007-88ae-1224b6b6e105 ] Request (SecurityGroupRulesTestJSON:setUpClass): 201 POST http://10.180.1.21/identity/v3/projects 0.560s
2025-11-12 06:18:36.260 65692 INFO tempest.lib.common.rest_client [req-3b199630-06c3-46d9-9146-83b86e48ddaa req-3b199630-06c3-46d9-9146-83b86e48ddaa ] Request (KeyPairsV210TestJSON:setUpClass): 201 POST http://10.180.1.21/identity/v3/projects 0.563s
2025-11-12 06:18:36.333 65730 INFO tempest.lib.common.rest_client [req-63b0b121-a9b0-4a0c-a3f5-8f95c5c6615d req-63b0b121-a9b0-4a0c-a3f5-8f95c5c6615d ] Request (TenantUsagesTestJSON:setUpClass): 200 GET http://10.180.1.21/identity/v3/domains?name=Default 0.610s
2025-11-12 06:18:36.334 65704 INFO tempest.lib.common.rest_client [req-864879b8-cf7c-4a11-ab17-32d66b8aa88f req-864879b8-cf7c-4a11-ab17-32d66b8aa88f ] Request (ServersWithSpecificFlavorTestJSON:setUpClass): 200 GET http://10.180.1.21/identity/v3/domains?name=Default 0.614s
2025-11-12 06:18:36.359 65716 INFO tempest.lib.common.rest_client [req-b5ce96bb-827b-4a00-aa89-58d06fd03cba req-b5ce96bb-827b-4a00-aa89-58d06fd03cba ] Request (FlavorsV255TestJSON:setUpClass): 201 POST http://10.180.1.21/identity/v3/projects 0.609s
2025-11-12 06:18:36.412 65702 INFO tempest.lib.common.rest_client [req-a7b867ec-dc89-4831-a287-f2aab572f6b6 req-a7b867ec-dc89-4831-a287-f2aab572f6b6 ] Request (KeyPairsV2TestJSON:tearDownClass): 204 DELETE http://10.180.1.21/identity/v3/projects/f5996a70bfbf4a4d92b6ec41d2f78a79 0.670s
2025-11-12 06:18:36.452 65736 INFO tempest.lib.common.rest_client [req-e997c0eb-ba95-4be6-add0-7fa9f2c1122e req-e997c0eb-ba95-4be6-add0-7fa9f2c1122e ] Request (FloatingIPsAssociationTestJSON:setUpClass): 200 GET http://10.180.1.21/identity/v3/domains?name=Default 0.700s
2025-11-12 06:18:36.469 65722 INFO tempest.lib.common.rest_client [req-b62327f3-b400-4cd7-bc14-f30068e71f65 req-b62327f3-b400-4cd7-bc14-f30068e71f65 ] Request (FloatingIPDetailsNegativeTestJSON:setUpClass): 200 GET http://10.180.1.21/identity/v3/domains?name=Default 0.694s
2025-11-12 06:18:36.488 65712 INFO tempest.lib.common.rest_client [req-b85d095b-fe2c-4c01-b3c0-5dce1654ac72 req-b85d095b-fe2c-4c01-b3c0-5dce1654ac72 ] Request (FlavorsV261TestJSON:setUpClass): 201 POST http://10.180.1.21/identity/v3/projects 0.686s
2025-11-12 06:18:36.499 65714 INFO tempest.lib.common.rest_client [req-25789592-5c2a-4679-a983-1306aedbb649 req-25789592-5c2a-4679-a983-1306aedbb649 ] Request (QuotasAdminTestV236:setUpClass): 201 POST http://10.180.1.21/identity/v3/users 0.675s
2025-11-12 06:18:36.540 65752 INFO tempest.lib.common.rest_client [req-ab5d220a-70ab-416e-98a4-69c8420034d4 req-ab5d220a-70ab-416e-98a4-69c8420034d4 ] Request (VolumesAssistedSnapshotsTest:setUpClass): 200 GET http://10.180.1.21/identity/v3/domains?name=Default 0.663s
2025-11-12 06:18:36.550 65754 INFO tempest.lib.common.rest_client [req-a008f817-168b-472b-9553-2751b0834138 req-a008f817-168b-472b-9553-2751b0834138 ] Request (SecurityGroupsTestAdminJSON:setUpClass): 200 GET http://10.180.1.21/identity/v3/domains?name=Default 0.671s
2025-11-12 06:18:36.561 65708 INFO tempest.lib.common.rest_client [req-61b7a0da-0dfb-4e17-a1bd-7e5ded908448 req-61b7a0da-0dfb-4e17-a1bd-7e5ded908448 ] Request (HypervisorAdminUnderV252Test:setUpClass): 200 GET http://10.180.1.21/identity/v3/roles 0.660s
2025-11-12 06:18:36.574 65696 INFO tempest.lib.common.rest_client [req-af88df91-ab17-499b-ba66-bb72b733532d req-af88df91-ab17-499b-ba66-bb72b733532d ] Request (FlavorsExtraSpecsNegativeTestJSON:setUpClass): 200 GET http://10.180.1.21/identity/v3/roles 0.671s
2025-11-12 06:18:36.585 65718 INFO tempest.lib.common.rest_client [req-1403eaa8-3b61-4321-af48-94bb156b1885 req-1403eaa8-3b61-4321-af48-94bb156b1885 ] Request (DeleteServersAdminTestJSON:setUpClass): 200 GET http://10.180.1.21/identity/v3/domains?name=Default 0.630s
2025-11-12 06:18:36.611 65734 INFO tempest.lib.common.rest_client [req-e02305e1-751a-45a3-8279-17334da9b11c req-e02305e1-751a-45a3-8279-17334da9b11c ] Request (InstanceUsageAuditLogTestJSON:setUpClass): 201 POST http://10.180.1.21/identity/v3/projects 0.654s
2025-11-12 06:18:36.625 65694 INFO tempest.lib.common.rest_client [req-bc1bb9f6-9cf8-46b2-a344-e2a6ddcc865a req-bc1bb9f6-9cf8-46b2-a344-e2a6ddcc865a ] Request (ServerDiagnosticsNegativeTest:setUpClass): 201 POST http://10.180.1.21/identity/v3/projects 0.651s
2025-11-12 06:18:36.683 65740 INFO tempest.lib.common.rest_client [req-a10c35b5-2249-47e3-898c-c3167548b1a5 req-a10c35b5-2249-47e3-898c-c3167548b1a5 ] Request (ImagesMetadataNegativeTestJSON:setUpClass): 201 POST http://10.180.1.21/identity/v3/projects 0.705s
2025-11-12 06:18:36.686 65742 INFO tempest.lib.common.rest_client [req-500d589b-cde9-4ffa-89ff-0ffb6ef54bac req-500d589b-cde9-4ffa-89ff-0ffb6ef54bac ] Request (QuotaClassesAdmin257Test:setUpClass): 201 POST http://10.180.1.21/identity/v3/users 0.689s
2025-11-12 06:18:36.755 65732 INFO tempest.lib.common.rest_client [req-f64a2cd6-400a-4629-afbd-8d9b89c9535b req-f64a2cd6-400a-4629-afbd-8d9b89c9535b ] Request (AZAdminV2TestJSON:setUpClass): 201 POST http://10.180.1.21/identity/v3/projects 0.716s
2025-11-12 06:18:36.757 65738 INFO tempest.lib.common.rest_client [req-483fea18-1966-45e6-a93e-bb58e8d58d6d req-483fea18-1966-45e6-a93e-bb58e8d58d6d ] Request (AZAdminNegativeTestJSON:setUpClass): 201 POST http://10.180.1.21/identity/v3/projects 0.704s
2025-11-12 06:18:36.823 65726 INFO tempest.lib.common.rest_client [req-0f821f4f-d909-4fd6-a600-7624896bb30d req-0f821f4f-d909-4fd6-a600-7624896bb30d ] Request (FlavorMetadataValidation:setUpClass): 201 POST http://10.180.1.21/identity/v3/projects 0.758s
2025-11-12 06:18:36.828 65728 INFO tempest.lib.common.rest_client [req-64255d68-c95f-4a5a-a57f-03835bc96899 req-64255d68-c95f-4a5a-a57f-03835bc96899 ] Request (FlavorsAdminTestJSON:setUpClass): 201 POST http://10.180.1.21/identity/v3/projects 0.752s
2025-11-12 06:18:36.887 65748 INFO tempest.lib.common.rest_client [req-397b1171-b539-42f5-bebf-955e33ab9ecf req-397b1171-b539-42f5-bebf-955e33ab9ecf ] Request (HypervisorAdminV228Test:setUpClass): 201 POST http://10.180.1.21/identity/v3/projects 0.794s
2025-11-12 06:18:36.895 65724 INFO tempest.lib.common.rest_client [req-372499f5-8f1e-4c9e-880c-6d3aab35643b req-372499f5-8f1e-4c9e-880c-6d3aab35643b ] Request (InstanceUsageAuditLogNegativeTestJSON:setUpClass): 201 POST http://10.180.1.21/identity/v3/projects 0.797s
2025-11-12 06:18:36.960 65746 INFO tempest.lib.common.rest_client [req-5362af32-dba7-493e-ad5b-4b6f7a5339f6 req-5362af32-dba7-493e-ad5b-4b6f7a5339f6 ] Request (FlavorsAccessNegativeTestJSON:setUpClass): 201 POST http://10.180.1.21/identity/v3/users 0.837s
2025-11-12 06:18:36.962 65698 INFO tempest.lib.common.rest_client [req-b69462aa-24e2-45cf-af5e-fc55a0c568ff req-b69462aa-24e2-45cf-af5e-fc55a0c568ff ] Request (MigrationsAdminTest:setUpClass): 201 POST http://10.180.1.21/identity/v3/users 0.844s
2025-11-12 06:18:36.974 65706 INFO tempest.lib.common.rest_client [req-54f9e8b1-c84d-47c5-80c2-02986ebf225a req-54f9e8b1-c84d-47c5-80c2-02986ebf225a ] Request (FloatingIPDetailsTestJSON:setUpClass): 200 PUT http://10.180.1.21/networking/v2.0/routers/d7f9ffa5-d0a7-40f7-978c-71c9633160f5/add_router_interface 1.163s
2025-11-12 06:18:36.975 65706 INFO tempest.lib.common.dynamic_creds [-] Created isolated network resources for: credentials: Credentials: {'domain_id': 'default', 'domain_name': 'Default', 'username': 'tempest-FloatingIPDetailsTestJSON-457186513-project-member', 'project_domain_id': 'default', 'project_domain_name': 'Default', 'project_id': 'a9d32f9bfb7846798a14defe1c82040e', 'project_name': 'tempest-FloatingIPDetailsTestJSON-457186513', 'tenant_id': 'a9d32f9bfb7846798a14defe1c82040e', 'tenant_name': 'tempest-FloatingIPDetailsTestJSON-457186513', 'user_domain_id': 'default', 'user_domain_name': 'Default', 'user_id': 'e628420b01124704b9a93146ca8da0bf', 'system': None}, Network: {'id': 'd6038185-6f8b-4968-9040-651a2f896dcd', 'name': 'tempest-FloatingIPDetailsTestJSON-1094367602-network', 'tenant_id': 'a9d32f9bfb7846798a14defe1c82040e', 'project_id': 'a9d32f9bfb7846798a14defe1c82040e', 'admin_state_up': True, 'mtu': 8950, 'status': 'ACTIVE', 'subnets': [], 'shared': False, 'port_security_enabled': True, 'router:external': False, 'provider:network_type': 'vlan', 'provider:physical_network': 'default', 'provider:segmentation_id': 520, 'availability_zone_hints': [], 'availability_zones': [], 'ipv4_address_scope': None, 'ipv6_address_scope': None, 'description': '', 'tags': [], 'created_at': '2025-11-12T06:18:34Z', 'updated_at': '2025-11-12T06:18:34Z', 'revision_number': 1}, Subnet: {'id': '14c2785e-bde0-4c2c-81ff-ce7e03c54d8f', 'name': 'tempest-FloatingIPDetailsTestJSON-1094367602-subnet', 'tenant_id': 'a9d32f9bfb7846798a14defe1c82040e', 'network_id': 'd6038185-6f8b-4968-9040-651a2f896dcd', 'ip_version': 4, 'subnetpool_id': None, 'enable_dhcp': True, 'ipv6_ra_mode': None, 'ipv6_address_mode': None, 'gateway_ip': '192.168.128.1', 'cidr': '192.168.128.0/28', 'allocation_pools': [{'start': '192.168.128.2', 'end': '192.168.128.14'}], 'host_routes': [], 'dns_nameservers': [], 'description': '', 'router:external': False, 'service_types': [], 'tags': [], 'created_at': '2025-11-12T06:18:34Z', 'updated_at': '2025-11-12T06:18:34Z', 'revision_number': 0, 'project_id': 'a9d32f9bfb7846798a14defe1c82040e'}, Router: {'id': 'd7f9ffa5-d0a7-40f7-978c-71c9633160f5', 'name': 'tempest-FloatingIPDetailsTestJSON-1094367602-router', 'tenant_id': 'a9d32f9bfb7846798a14defe1c82040e', 'admin_state_up': True, 'status': 'ACTIVE', 'external_gateway_info': {'network_id': 'b32da74b-8731-4e60-881a-0b9990c15afb', 'external_fixed_ips': [{'subnet_id': '5ae2af40-4738-48c3-aa81-13f67878b6c2', 'ip_address': '10.180.180.240'}], 'enable_snat': True}, 'description': '', 'availability_zones': [], 'distributed': False, 'ha': False, 'availability_zone_hints': [], 'routes': [], 'flavor_id': None, 'tags': [], 'created_at': '2025-11-12T06:18:35Z', 'updated_at': '2025-11-12T06:18:35Z', 'revision_number': 2, 'project_id': 'a9d32f9bfb7846798a14defe1c82040e'}
2025-11-12 06:18:36.998 65710 INFO tempest.lib.common.rest_client [req-f91c4d90-dfb8-4e62-a5fd-806c2180da33 req-f91c4d90-dfb8-4e62-a5fd-806c2180da33 ] Request (HypervisorAdminNegativeTestJSON:setUpClass): 201 POST http://10.180.1.21/identity/v3/projects 0.809s
2025-11-12 06:18:37.053 65720 INFO tempest.lib.common.rest_client [req-933ba8b8-bcd2-4139-bfa2-6475e8b6cdca req-933ba8b8-bcd2-4139-bfa2-6475e8b6cdca ] Request (HostsAdminTestJSON:setUpClass): 201 POST http://10.180.1.21/identity/v3/users 0.853s
2025-11-12 06:18:37.082 65700 INFO tempest.lib.common.rest_client [req-d5eb7e06-d089-4179-b327-3a2d02aa5d30 req-d5eb7e06-d089-4179-b327-3a2d02aa5d30 ] Request (AggregatesAdminNegativeTestJSON:test_aggregate_add_host_as_user): 403 POST http://10.180.1.21/compute/v2.1/os-aggregates/2/action 0.943s
2025-11-12 06:18:37.088 65750 INFO tempest.lib.common.rest_client [req-a0bc25d5-7ac8-4b91-a606-0ee9ebde4f4e req-a0bc25d5-7ac8-4b91-a606-0ee9ebde4f4e ] Request (FlavorsAccessTestJSON:setUpClass): 201 POST http://10.180.1.21/identity/v3/projects 0.872s
2025-11-12 06:18:37.106 65700 INFO tempest.lib.common.rest_client [req-ef38ca38-9360-4045-8d4d-362de73dd64e req-ef38ca38-9360-4045-8d4d-362de73dd64e ] Request (AggregatesAdminNegativeTestJSON:_run_cleanups): 200 DELETE http://10.180.1.21/compute/v2.1/os-aggregates/2 0.023s
2025-11-12 06:18:37.130 65700 INFO tempest.lib.common.rest_client [req-80c80b8a-9780-482c-87e8-9ea7192a2ea9 req-80c80b8a-9780-482c-87e8-9ea7192a2ea9 ] Request (AggregatesAdminNegativeTestJSON:test_aggregate_add_non_exist_host): 200 POST http://10.180.1.21/compute/v2.1/os-aggregates 0.022s
2025-11-12 06:18:37.136 65744 INFO tempest.lib.common.rest_client [req-933ebb65-6206-4b60-acaf-46f0d83f864b req-933ebb65-6206-4b60-acaf-46f0d83f864b ] Request (SecurityGroupRulesTestJSON:setUpClass): 201 POST http://10.180.1.21/identity/v3/users 0.885s
2025-11-12 06:18:37.148 65692 INFO tempest.lib.common.rest_client [req-0a47c85d-d917-4f6e-b7b0-51e02277f0ec req-0a47c85d-d917-4f6e-b7b0-51e02277f0ec ] Request (KeyPairsV210TestJSON:setUpClass): 201 POST http://10.180.1.21/identity/v3/users 0.887s
2025-11-12 06:18:37.167 65730 INFO tempest.lib.common.rest_client [req-7c8ad47f-a31e-4bf3-ba8e-831ee3a474be req-7c8ad47f-a31e-4bf3-ba8e-831ee3a474be ] Request (TenantUsagesTestJSON:setUpClass): 201 POST http://10.180.1.21/identity/v3/projects 0.832s
2025-11-12 06:18:37.168 65700 INFO tempest.lib.common.rest_client [req-cd2a9290-26fa-4896-bc3d-4c0d9e49881b req-cd2a9290-26fa-4896-bc3d-4c0d9e49881b ] Request (AggregatesAdminNegativeTestJSON:test_aggregate_add_non_exist_host): 404 POST http://10.180.1.21/compute/v2.1/os-aggregates/3/action 0.036s
2025-11-12 06:18:37.182 65704 INFO tempest.lib.common.rest_client [req-6e0dfd20-def0-483e-be5c-9580d6a7b329 req-6e0dfd20-def0-483e-be5c-9580d6a7b329 ] Request (ServersWithSpecificFlavorTestJSON:setUpClass): 201 POST http://10.180.1.21/identity/v3/projects 0.845s
2025-11-12 06:18:37.191 65700 INFO tempest.lib.common.rest_client [req-ab5fa171-7ba2-4eb1-9da7-a778872ca67d req-ab5fa171-7ba2-4eb1-9da7-a778872ca67d ] Request (AggregatesAdminNegativeTestJSON:_run_cleanups): 200 DELETE http://10.180.1.21/compute/v2.1/os-aggregates/3 0.022s
2025-11-12 06:18:37.200 65700 INFO tempest.lib.common.rest_client [req-7ab8471e-c439-41a6-bad0-79cbfac23e31 req-7ab8471e-c439-41a6-bad0-79cbfac23e31 ] Request (AggregatesAdminNegativeTestJSON:test_aggregate_create_aggregate_name_length_exceeds_255): 400 POST http://10.180.1.21/compute/v2.1/os-aggregates 0.008s
2025-11-12 06:18:37.209 65700 INFO tempest.lib.common.rest_client [req-87582c08-9f68-476d-bf18-ad70badea7d6 req-87582c08-9f68-476d-bf18-ad70badea7d6 ] Request (AggregatesAdminNegativeTestJSON:test_aggregate_create_aggregate_name_length_less_than_1): 400 POST http://10.180.1.21/compute/v2.1/os-aggregates 0.007s
2025-11-12 06:18:37.217 65700 INFO tempest.lib.common.rest_client [req-5eade19e-2ebc-480e-8b35-26851072b597 req-5eade19e-2ebc-480e-8b35-26851072b597 ] Request (AggregatesAdminNegativeTestJSON:test_aggregate_create_as_user): 403 POST http://10.180.1.21/compute/v2.1/os-aggregates 0.007s
2025-11-12 06:18:37.239 65702 INFO tempest.lib.common.rest_client [req-39124a75-036c-4192-a0cb-16197861cc2d req-39124a75-036c-4192-a0cb-16197861cc2d ] Request (AttachInterfacesUnderV243Test:setUpClass): 201 POST http://10.180.1.21/identity/v3/auth/tokens 0.825s
2025-11-12 06:18:37.242 65700 INFO tempest.lib.common.rest_client [req-f4eba285-be8f-48d0-9b6a-9c777205b034 req-f4eba285-be8f-48d0-9b6a-9c777205b034 ] Request (AggregatesAdminNegativeTestJSON:test_aggregate_create_with_existent_aggregate_name): 200 POST http://10.180.1.21/compute/v2.1/os-aggregates 0.023s
2025-11-12 06:18:37.257 65716 INFO tempest.lib.common.rest_client [req-18ac0624-4a78-452c-bd46-0a2f25bbefa7 req-18ac0624-4a78-452c-bd46-0a2f25bbefa7 ] Request (FlavorsV255TestJSON:setUpClass): 201 POST http://10.180.1.21/identity/v3/users 0.897s
2025-11-12 06:18:37.264 65700 INFO tempest.lib.common.rest_client [req-68dfda08-9ec6-4482-bd11-1e33637ee998 req-68dfda08-9ec6-4482-bd11-1e33637ee998 ] Request (AggregatesAdminNegativeTestJSON:test_aggregate_create_with_existent_aggregate_name): 409 POST http://10.180.1.21/compute/v2.1/os-aggregates 0.020s
2025-11-12 06:18:37.271 65736 INFO tempest.lib.common.rest_client [req-db6817e7-0bd7-4f44-9713-90b6655bb169 req-db6817e7-0bd7-4f44-9713-90b6655bb169 ] Request (FloatingIPsAssociationTestJSON:setUpClass): 201 POST http://10.180.1.21/identity/v3/projects 0.815s
2025-11-12 06:18:37.279 65722 INFO tempest.lib.common.rest_client [req-ff894128-9c7b-452f-b8d5-90b8bb26b93f req-ff894128-9c7b-452f-b8d5-90b8bb26b93f ] Request (FloatingIPDetailsNegativeTestJSON:setUpClass): 201 POST http://10.180.1.21/identity/v3/projects 0.807s
2025-11-12 06:18:37.280 65700 INFO tempest.lib.common.rest_client [req-99d32b19-d1b6-4664-a3e2-25fe4ae34597 req-99d32b19-d1b6-4664-a3e2-25fe4ae34597 ] Request (AggregatesAdminNegativeTestJSON:_run_cleanups): 200 DELETE http://10.180.1.21/compute/v2.1/os-aggregates/4 0.015s
2025-11-12 06:18:37.301 65700 INFO tempest.lib.common.rest_client [req-dde83a80-3746-4651-8e5e-83c24c7c653d req-dde83a80-3746-4651-8e5e-83c24c7c653d ] Request (AggregatesAdminNegativeTestJSON:test_aggregate_delete_as_user): 200 POST http://10.180.1.21/compute/v2.1/os-aggregates 0.020s
2025-11-12 06:18:37.309 65700 INFO tempest.lib.common.rest_client [req-183947d2-10a8-4d86-adfe-ff9b05bdbcfd req-183947d2-10a8-4d86-adfe-ff9b05bdbcfd ] Request (AggregatesAdminNegativeTestJSON:test_aggregate_delete_as_user): 403 DELETE http://10.180.1.21/compute/v2.1/os-aggregates/5 0.006s
2025-11-12 06:18:37.329 65714 INFO tempest.lib.common.rest_client [req-4504c515-d989-438e-a731-4a3537b46bf9 req-4504c515-d989-438e-a731-4a3537b46bf9 ] Request (QuotasAdminTestV236:setUpClass): 200 GET http://10.180.1.21/identity/v3/roles 0.829s
2025-11-12 06:18:37.329 65700 INFO tempest.lib.common.rest_client [req-11f19a23-beb6-406c-80e0-6fa60a64a6a7 req-11f19a23-beb6-406c-80e0-6fa60a64a6a7 ] Request (AggregatesAdminNegativeTestJSON:_run_cleanups): 200 DELETE http://10.180.1.21/compute/v2.1/os-aggregates/5 0.020s
2025-11-12 06:18:37.343 65700 INFO tempest.lib.common.rest_client [req-d4f4ddd8-61ad-40ad-9f09-dad18e7ce234 req-d4f4ddd8-61ad-40ad-9f09-dad18e7ce234 ] Request (AggregatesAdminNegativeTestJSON:test_aggregate_delete_with_invalid_id): 404 DELETE http://10.180.1.21/compute/v2.1/os-aggregates/-1 0.012s
2025-11-12 06:18:37.349 65712 INFO tempest.lib.common.rest_client [req-fa87cc6f-890a-4d34-bdc0-664b1e5fed70 req-fa87cc6f-890a-4d34-bdc0-664b1e5fed70 ] Request (FlavorsV261TestJSON:setUpClass): 201 POST http://10.180.1.21/identity/v3/users 0.860s
2025-11-12 06:18:37.352 65752 INFO tempest.lib.common.rest_client [req-8e34b97a-9e84-4a5d-8d88-35999beb1db3 req-8e34b97a-9e84-4a5d-8d88-35999beb1db3 ] Request (VolumesAssistedSnapshotsTest:setUpClass): 201 POST http://10.180.1.21/identity/v3/projects 0.809s
2025-11-12 06:18:37.366 65700 INFO tempest.lib.common.rest_client [req-84725894-4013-4594-aa55-398b744dd5a3 req-84725894-4013-4594-aa55-398b744dd5a3 ] Request (AggregatesAdminNegativeTestJSON:test_aggregate_get_details_as_user): 200 POST http://10.180.1.21/compute/v2.1/os-aggregates 0.022s
2025-11-12 06:18:37.375 65700 INFO tempest.lib.common.rest_client [req-8d59b777-c845-4f13-ba31-d8cece11889c req-8d59b777-c845-4f13-ba31-d8cece11889c ] Request (AggregatesAdminNegativeTestJSON:test_aggregate_get_details_as_user): 403 GET http://10.180.1.21/compute/v2.1/os-aggregates/6 0.007s
2025-11-12 06:18:37.392 65700 INFO tempest.lib.common.rest_client [req-29cc8b74-9fae-40c1-bbde-40d1e88cba6d req-29cc8b74-9fae-40c1-bbde-40d1e88cba6d ] Request (AggregatesAdminNegativeTestJSON:_run_cleanups): 200 DELETE http://10.180.1.21/compute/v2.1/os-aggregates/6 0.017s
2025-11-12 06:18:37.400 65754 INFO tempest.lib.common.rest_client [req-5ff2b003-e34c-4e66-b9a0-d35a31d5bf9c req-5ff2b003-e34c-4e66-b9a0-d35a31d5bf9c ] Request (SecurityGroupsTestAdminJSON:setUpClass): 201 POST http://10.180.1.21/identity/v3/projects 0.848s
2025-11-12 06:18:37.402 65708 INFO tempest.lib.common.rest_client [req-96eff444-3a3d-4073-8e35-d350e707a5a0 req-96eff444-3a3d-4073-8e35-d350e707a5a0 ] Request (HypervisorAdminUnderV252Test:setUpClass): 204 PUT http://10.180.1.21/identity/v3/projects/5d725b36d5844f648cd49b0d372242c3/users/d633575af56c4435aab9e29f84cffe76/roles/d5f563bb887e4a55a4fbecf558ce5784 0.840s
2025-11-12 06:18:37.402 65708 INFO tempest.lib.common.dynamic_creds [-] Dynamic test user d633575af56c4435aab9e29f84cffe76 is created with scope project and roles: ['member']
2025-11-12 06:18:37.403 65708 INFO tempest.lib.common.dynamic_creds [-] Acquired dynamic creds: credentials: Credentials: {'domain_id': 'default', 'domain_name': 'Default', 'username': 'tempest-HypervisorAdminUnderV252Test-1630316914-project-member', 'project_domain_id': 'default', 'project_domain_name': 'Default', 'project_id': '5d725b36d5844f648cd49b0d372242c3', 'project_name': 'tempest-HypervisorAdminUnderV252Test-1630316914', 'tenant_id': '5d725b36d5844f648cd49b0d372242c3', 'tenant_name': 'tempest-HypervisorAdminUnderV252Test-1630316914', 'user_domain_id': 'default', 'user_domain_name': 'Default', 'user_id': 'd633575af56c4435aab9e29f84cffe76', 'system': None}, Network: None, Subnet: None, Router: None
2025-11-12 06:18:37.403 65708 INFO tempest.lib.common.dynamic_creds [-] Created isolated network resources for: credentials: Credentials: {'domain_id': 'default', 'domain_name': 'Default', 'username': 'tempest-HypervisorAdminUnderV252Test-1630316914-project-member', 'project_domain_id': 'default', 'project_domain_name': 'Default', 'project_id': '5d725b36d5844f648cd49b0d372242c3', 'project_name': 'tempest-HypervisorAdminUnderV252Test-1630316914', 'tenant_id': '5d725b36d5844f648cd49b0d372242c3', 'tenant_name': 'tempest-HypervisorAdminUnderV252Test-1630316914', 'user_domain_id': 'default', 'user_domain_name': 'Default', 'user_id': 'd633575af56c4435aab9e29f84cffe76', 'system': None}, Network: None, Subnet: None, Router: None
2025-11-12 06:18:37.404 65700 INFO tempest.lib.common.rest_client [req-5c3719cf-ec78-4f16-968b-44ea18dc4204 req-5c3719cf-ec78-4f16-968b-44ea18dc4204 ] Request (AggregatesAdminNegativeTestJSON:test_aggregate_get_details_with_invalid_id): 404 GET http://10.180.1.21/compute/v2.1/os-aggregates/-1 0.010s
2025-11-12 06:18:37.412 65700 INFO tempest.lib.common.rest_client [req-f701bb9b-f2d1-4a41-8694-5638624ab46b req-f701bb9b-f2d1-4a41-8694-5638624ab46b ] Request (AggregatesAdminNegativeTestJSON:test_aggregate_list_as_user): 403 GET http://10.180.1.21/compute/v2.1/os-aggregates 0.007s
2025-11-12 06:18:37.433 65700 INFO tempest.lib.common.rest_client [req-b11f4823-032a-4931-8f38-c7d19c7c534f req-b11f4823-032a-4931-8f38-c7d19c7c534f ] Request (AggregatesAdminNegativeTestJSON:test_aggregate_remove_host_as_user): 200 POST http://10.180.1.21/compute/v2.1/os-aggregates 0.019s
2025-11-12 06:18:37.446 65696 INFO tempest.lib.common.rest_client [req-1c54c200-45aa-4c6a-b9de-c0a0935ecb57 req-1c54c200-45aa-4c6a-b9de-c0a0935ecb57 ] Request (FlavorsExtraSpecsNegativeTestJSON:setUpClass): 204 PUT http://10.180.1.21/identity/v3/projects/7c3fe9aeac2342208f17b15920dbdffe/users/4fba6da2194f4dd6889d85f14ff4e492/roles/8da0b01e61d740bfa27ba6ddfb89f7c4 0.871s
2025-11-12 06:18:37.446 65696 INFO tempest.lib.common.dynamic_creds [-] Dynamic test user 4fba6da2194f4dd6889d85f14ff4e492 is created with scope project and roles: ['admin']
2025-11-12 06:18:37.446 65696 INFO tempest.lib.common.dynamic_creds [-] Acquired dynamic creds: credentials: Credentials: {'domain_id': 'default', 'domain_name': 'Default', 'username': 'tempest-FlavorsExtraSpecsNegativeTestJSON-1018515587-project-admin', 'project_domain_id': 'default', 'project_domain_name': 'Default', 'project_id': '7c3fe9aeac2342208f17b15920dbdffe', 'project_name': 'tempest-FlavorsExtraSpecsNegativeTestJSON-1018515587', 'tenant_id': '7c3fe9aeac2342208f17b15920dbdffe', 'tenant_name': 'tempest-FlavorsExtraSpecsNegativeTestJSON-1018515587', 'user_domain_id': 'default', 'user_domain_name': 'Default', 'user_id': '4fba6da2194f4dd6889d85f14ff4e492', 'system': None}, Network: None, Subnet: None, Router: None
2025-11-12 06:18:37.446 65696 INFO tempest.lib.common.dynamic_creds [-] Created isolated network resources for: credentials: Credentials: {'domain_id': 'default', 'domain_name': 'Default', 'username': 'tempest-FlavorsExtraSpecsNegativeTestJSON-1018515587-project-admin', 'project_domain_id': 'default', 'project_domain_name': 'Default', 'project_id': '7c3fe9aeac2342208f17b15920dbdffe', 'project_name': 'tempest-FlavorsExtraSpecsNegativeTestJSON-1018515587', 'tenant_id': '7c3fe9aeac2342208f17b15920dbdffe', 'tenant_name': 'tempest-FlavorsExtraSpecsNegativeTestJSON-1018515587', 'user_domain_id': 'default', 'user_domain_name': 'Default', 'user_id': '4fba6da2194f4dd6889d85f14ff4e492', 'system': None}, Network: None, Subnet: None, Router: None
2025-11-12 06:18:37.456 65718 INFO tempest.lib.common.rest_client [req-951ba0b1-ae11-46ea-a7b7-3a8eca9baa65 req-951ba0b1-ae11-46ea-a7b7-3a8eca9baa65 ] Request (DeleteServersAdminTestJSON:setUpClass): 201 POST http://10.180.1.21/identity/v3/projects 0.868s
2025-11-12 06:18:37.510 65694 INFO tempest.lib.common.rest_client [req-8f436325-9f31-4a29-a0bf-97a3b880faba req-8f436325-9f31-4a29-a0bf-97a3b880faba ] Request (ServerDiagnosticsNegativeTest:setUpClass): 201 POST http://10.180.1.21/identity/v3/users 0.884s
2025-11-12 06:18:37.531 65734 INFO tempest.lib.common.rest_client [req-50602bf1-94f0-45ab-8b1d-9450f44ac494 req-50602bf1-94f0-45ab-8b1d-9450f44ac494 ] Request (InstanceUsageAuditLogTestJSON:setUpClass): 201 POST http://10.180.1.21/identity/v3/users 0.920s
2025-11-12 06:18:37.532 65740 INFO tempest.lib.common.rest_client [req-b6ff1bcf-5a2b-4e09-9f6d-6a31918085ec req-b6ff1bcf-5a2b-4e09-9f6d-6a31918085ec ] Request (ImagesMetadataNegativeTestJSON:setUpClass): 201 POST http://10.180.1.21/identity/v3/users 0.848s
2025-11-12 06:18:37.535 65700 INFO tempest.lib.common.rest_client [req-d2b13f85-637f-4cc3-a5c3-5d8c09da9224 req-d2b13f85-637f-4cc3-a5c3-5d8c09da9224 ] Request (AggregatesAdminNegativeTestJSON:test_aggregate_remove_host_as_user): 200 POST http://10.180.1.21/compute/v2.1/os-aggregates/7/action 0.100s
2025-11-12 06:18:37.544 65700 INFO tempest.lib.common.rest_client [req-36854343-bec4-4f90-a7fd-3da3d5d6cbae req-36854343-bec4-4f90-a7fd-3da3d5d6cbae ] Request (AggregatesAdminNegativeTestJSON:test_aggregate_remove_host_as_user): 403 POST http://10.180.1.21/compute/v2.1/os-aggregates/7/action 0.007s
2025-11-12 06:18:37.547 65742 INFO tempest.lib.common.rest_client [req-f02e8535-6665-4ac2-96e8-e403d5d34c78 req-f02e8535-6665-4ac2-96e8-e403d5d34c78 ] Request (QuotaClassesAdmin257Test:setUpClass): 200 GET http://10.180.1.21/identity/v3/roles 0.860s
2025-11-12 06:18:37.555 65732 INFO tempest.lib.common.rest_client [req-5326f740-815b-46d1-9188-0733fa796fe6 req-5326f740-815b-46d1-9188-0733fa796fe6 ] Request (AZAdminV2TestJSON:setUpClass): 201 POST http://10.180.1.21/identity/v3/users 0.800s
2025-11-12 06:18:37.567 65738 INFO tempest.lib.common.rest_client [req-66747498-aa9e-404b-bebb-0dc60bc48c5a req-66747498-aa9e-404b-bebb-0dc60bc48c5a ] Request (AZAdminNegativeTestJSON:setUpClass): 201 POST http://10.180.1.21/identity/v3/users 0.809s
2025-11-12 06:18:37.578 65726 INFO tempest.lib.common.rest_client [req-b7348122-d8eb-459e-9829-8d5e36738445 req-b7348122-d8eb-459e-9829-8d5e36738445 ] Request (FlavorMetadataValidation:setUpClass): 201 POST http://10.180.1.21/identity/v3/users 0.755s
2025-11-12 06:18:37.592 65728 INFO tempest.lib.common.rest_client [req-f4139b52-641a-44ac-b9d7-c70fc7fab210 req-f4139b52-641a-44ac-b9d7-c70fc7fab210 ] Request (FlavorsAdminTestJSON:setUpClass): 201 POST http://10.180.1.21/identity/v3/users 0.764s
2025-11-12 06:18:37.601 65748 INFO tempest.lib.common.rest_client [req-4818de14-60da-484a-abb4-dcc6a268956b req-4818de14-60da-484a-abb4-dcc6a268956b ] Request (HypervisorAdminV228Test:setUpClass): 201 POST http://10.180.1.21/identity/v3/users 0.714s
2025-11-12 06:18:37.613 65724 INFO tempest.lib.common.rest_client [req-20a8e2bb-4dc3-4fa6-aeaa-cd6bca6ca248 req-20a8e2bb-4dc3-4fa6-aeaa-cd6bca6ca248 ] Request (InstanceUsageAuditLogNegativeTestJSON:setUpClass): 201 POST http://10.180.1.21/identity/v3/users 0.717s
2025-11-12 06:18:37.619 65746 INFO tempest.lib.common.rest_client [req-e63bb912-a2b4-436f-82e3-fa4788b63eeb req-e63bb912-a2b4-436f-82e3-fa4788b63eeb ] Request (FlavorsAccessNegativeTestJSON:setUpClass): 200 GET http://10.180.1.21/identity/v3/roles 0.658s
2025-11-12 06:18:37.630 65700 INFO tempest.lib.common.rest_client [req-0f674b4d-a099-437c-b9b8-8a89e1261ee0 req-0f674b4d-a099-437c-b9b8-8a89e1261ee0 ] Request (AggregatesAdminNegativeTestJSON:_run_cleanups): 200 POST http://10.180.1.21/compute/v2.1/os-aggregates/7/action 0.085s
2025-11-12 06:18:37.630 65698 INFO tempest.lib.common.rest_client [req-19aa8694-bb20-442c-8f83-cbb2fec89f76 req-19aa8694-bb20-442c-8f83-cbb2fec89f76 ] Request (MigrationsAdminTest:setUpClass): 200 GET http://10.180.1.21/identity/v3/roles 0.668s
2025-11-12 06:18:37.649 65710 INFO tempest.lib.common.rest_client [req-44675b64-edd6-4dde-95bb-dec18fbade0a req-44675b64-edd6-4dde-95bb-dec18fbade0a ] Request (HypervisorAdminNegativeTestJSON:setUpClass): 201 POST http://10.180.1.21/identity/v3/users 0.651s
2025-11-12 06:18:37.651 65700 INFO tempest.lib.common.rest_client [req-84ce576a-e8b5-4e24-8ff9-7cf3dea1295f req-84ce576a-e8b5-4e24-8ff9-7cf3dea1295f ] Request (AggregatesAdminNegativeTestJSON:_run_cleanups): 200 DELETE http://10.180.1.21/compute/v2.1/os-aggregates/7 0.019s
2025-11-12 06:18:37.665 65720 INFO tempest.lib.common.rest_client [req-9e5145be-a442-41dd-a70d-fb6d4d33cc1d req-9e5145be-a442-41dd-a70d-fb6d4d33cc1d ] Request (HostsAdminTestJSON:setUpClass): 200 GET http://10.180.1.21/identity/v3/roles 0.612s
2025-11-12 06:18:37.676 65700 INFO tempest.lib.common.rest_client [req-711476f9-571a-423c-94a2-f05194cb61a0 req-711476f9-571a-423c-94a2-f05194cb61a0 ] Request (AggregatesAdminNegativeTestJSON:test_aggregate_remove_nonexistent_host): 200 POST http://10.180.1.21/compute/v2.1/os-aggregates 0.024s
2025-11-12 06:18:37.685 65706 INFO tempest.lib.common.rest_client [req-3a7836af-e42c-4c23-b1fc-9507872442a5 req-3a7836af-e42c-4c23-b1fc-9507872442a5 ] Request (FloatingIPDetailsTestJSON:setUpClass): 201 POST http://10.180.1.21/identity/v3/auth/tokens 0.702s
2025-11-12 06:18:37.694 65750 INFO tempest.lib.common.rest_client [req-eafd5c8c-8970-498f-b2e9-c474756fcac2 req-eafd5c8c-8970-498f-b2e9-c474756fcac2 ] Request (FlavorsAccessTestJSON:setUpClass): 201 POST http://10.180.1.21/identity/v3/users 0.605s
2025-11-12 06:18:37.708 65744 INFO tempest.lib.common.rest_client [req-4cbc5e37-a0d2-44fb-96a5-fecefcf62f5e req-4cbc5e37-a0d2-44fb-96a5-fecefcf62f5e ] Request (SecurityGroupRulesTestJSON:setUpClass): 200 GET http://10.180.1.21/identity/v3/roles 0.571s
2025-11-12 06:18:37.711 65700 INFO tempest.lib.common.rest_client [req-5bf90706-c060-4fe3-a4ca-f34310b176bb req-5bf90706-c060-4fe3-a4ca-f34310b176bb ] Request (AggregatesAdminNegativeTestJSON:test_aggregate_remove_nonexistent_host): 404 POST http://10.180.1.21/compute/v2.1/os-aggregates/8/action 0.032s
2025-11-12 06:18:37.712 65692 INFO tempest.lib.common.rest_client [req-ee07e7df-9a60-4948-9a3f-b3894b80e285 req-ee07e7df-9a60-4948-9a3f-b3894b80e285 ] Request (KeyPairsV210TestJSON:setUpClass): 200 GET http://10.180.1.21/identity/v3/roles 0.563s
2025-11-12 06:18:37.726 65700 INFO tempest.lib.common.rest_client [req-9b1e44a3-d1cf-4559-9855-b2f4336992f8 req-9b1e44a3-d1cf-4559-9855-b2f4336992f8 ] Request (AggregatesAdminNegativeTestJSON:_run_cleanups): 200 DELETE http://10.180.1.21/compute/v2.1/os-aggregates/8 0.015s
2025-11-12 06:18:37.732 65730 INFO tempest.lib.common.rest_client [req-46fa2254-e9ec-47a9-a932-9591f430878b req-46fa2254-e9ec-47a9-a932-9591f430878b ] Request (TenantUsagesTestJSON:setUpClass): 201 POST http://10.180.1.21/identity/v3/users 0.564s
2025-11-12 06:18:37.733 65704 INFO tempest.lib.common.rest_client [req-d667c072-c38e-43e4-a9ca-a658e64f9d18 req-d667c072-c38e-43e4-a9ca-a658e64f9d18 ] Request (ServersWithSpecificFlavorTestJSON:setUpClass): 201 POST http://10.180.1.21/identity/v3/users 0.550s
2025-11-12 06:18:37.748 65716 INFO tempest.lib.common.rest_client [req-fa4f7f57-c694-45a8-99d3-87c8253eba94 req-fa4f7f57-c694-45a8-99d3-87c8253eba94 ] Request (FlavorsV255TestJSON:setUpClass): 200 GET http://10.180.1.21/identity/v3/roles 0.490s
2025-11-12 06:18:37.755 65702 INFO tempest.lib.common.rest_client [req-4c7aec45-b523-4564-a021-2ec3e329fe55 req-4c7aec45-b523-4564-a021-2ec3e329fe55 ] Request (AttachInterfacesUnderV243Test:setUpClass): 201 POST http://10.180.1.21/identity/v3/auth/tokens 0.513s
2025-11-12 06:18:37.766 65736 INFO tempest.lib.common.rest_client [req-ccf1733c-e5fe-42ba-b04b-51f5c2b141e4 req-ccf1733c-e5fe-42ba-b04b-51f5c2b141e4 ] Request (FloatingIPsAssociationTestJSON:setUpClass): 201 POST http://10.180.1.21/identity/v3/users 0.495s
2025-11-12 06:18:37.774 65722 INFO tempest.lib.common.rest_client [req-a3a9db92-d347-4d83-b9ff-cd8a03a92465 req-a3a9db92-d347-4d83-b9ff-cd8a03a92465 ] Request (FloatingIPDetailsNegativeTestJSON:setUpClass): 201 POST http://10.180.1.21/identity/v3/users 0.495s
2025-11-12 06:18:37.787 65714 INFO tempest.lib.common.rest_client [req-ed748f7e-7086-4dc8-9555-ec3d23d4ea1f req-ed748f7e-7086-4dc8-9555-ec3d23d4ea1f ] Request (QuotasAdminTestV236:setUpClass): 204 PUT http://10.180.1.21/identity/v3/projects/2bd7e066c8364a98910e5cc8e812f59a/users/c5774b255bde46b1a0ebecde7ba56e93/roles/d5f563bb887e4a55a4fbecf558ce5784 0.457s
2025-11-12 06:18:37.787 65714 INFO tempest.lib.common.dynamic_creds [-] Dynamic test user c5774b255bde46b1a0ebecde7ba56e93 is created with scope project and roles: ['member']
2025-11-12 06:18:37.787 65714 INFO tempest.lib.common.dynamic_creds [-] Acquired dynamic creds: credentials: Credentials: {'domain_id': 'default', 'domain_name': 'Default', 'username': 'tempest-QuotasAdminTestV236-1880550536-project-member', 'project_domain_id': 'default', 'project_domain_name': 'Default', 'project_id': '2bd7e066c8364a98910e5cc8e812f59a', 'project_name': 'tempest-QuotasAdminTestV236-1880550536', 'tenant_id': '2bd7e066c8364a98910e5cc8e812f59a', 'tenant_name': 'tempest-QuotasAdminTestV236-1880550536', 'user_domain_id': 'default', 'user_domain_name': 'Default', 'user_id': 'c5774b255bde46b1a0ebecde7ba56e93', 'system': None}, Network: None, Subnet: None, Router: None
2025-11-12 06:18:37.787 65714 INFO tempest.lib.common.dynamic_creds [-] Created isolated network resources for: credentials: Credentials: {'domain_id': 'default', 'domain_name': 'Default', 'username': 'tempest-QuotasAdminTestV236-1880550536-project-member', 'project_domain_id': 'default', 'project_domain_name': 'Default', 'project_id': '2bd7e066c8364a98910e5cc8e812f59a', 'project_name': 'tempest-QuotasAdminTestV236-1880550536', 'tenant_id': '2bd7e066c8364a98910e5cc8e812f59a', 'tenant_name': 'tempest-QuotasAdminTestV236-1880550536', 'user_domain_id': 'default', 'user_domain_name': 'Default', 'user_id': 'c5774b255bde46b1a0ebecde7ba56e93', 'system': None}, Network: None, Subnet: None, Router: None
2025-11-12 06:18:37.790 65712 INFO tempest.lib.common.rest_client [req-017d6130-e89d-493b-a915-50cb6cddd2c6 req-017d6130-e89d-493b-a915-50cb6cddd2c6 ] Request (FlavorsV261TestJSON:setUpClass): 200 GET http://10.180.1.21/identity/v3/roles 0.441s
2025-11-12 06:18:37.841 65754 INFO tempest.lib.common.rest_client [req-b94ae157-5efd-49f8-a5b2-7b8c276a2faf req-b94ae157-5efd-49f8-a5b2-7b8c276a2faf ] Request (SecurityGroupsTestAdminJSON:setUpClass): 201 POST http://10.180.1.21/identity/v3/users 0.440s
2025-11-12 06:18:37.842 65752 INFO tempest.lib.common.rest_client [req-93979218-ced3-4c9a-9e2f-eb3017e73f6e req-93979218-ced3-4c9a-9e2f-eb3017e73f6e ] Request (VolumesAssistedSnapshotsTest:setUpClass): 201 POST http://10.180.1.21/identity/v3/users 0.489s
2025-11-12 06:18:37.901 65708 INFO tempest.lib.common.rest_client [req-a18e3a65-ec22-4076-94b6-7aae18306e5b req-a18e3a65-ec22-4076-94b6-7aae18306e5b ] Request (HypervisorAdminUnderV252Test:setUpClass): 201 POST http://10.180.1.21/identity/v3/auth/tokens 0.491s
2025-11-12 06:18:37.904 65696 INFO tempest.lib.common.rest_client [req-224ae775-dd4f-428e-9191-138b388d68ba req-224ae775-dd4f-428e-9191-138b388d68ba ] Request (FlavorsExtraSpecsNegativeTestJSON:setUpClass): 201 POST http://10.180.1.21/identity/v3/auth/tokens 0.456s
2025-11-12 06:18:37.919 65694 INFO tempest.lib.common.rest_client [req-a112f3c5-39ff-47f2-af58-8fee3f31b7a3 req-a112f3c5-39ff-47f2-af58-8fee3f31b7a3 ] Request (ServerDiagnosticsNegativeTest:setUpClass): 200 GET http://10.180.1.21/identity/v3/roles 0.409s
2025-11-12 06:18:37.922 65718 INFO tempest.lib.common.rest_client [req-4fa7e970-7b9d-4e34-b3d7-d16dd678c485 req-4fa7e970-7b9d-4e34-b3d7-d16dd678c485 ] Request (DeleteServersAdminTestJSON:setUpClass): 201 POST http://10.180.1.21/identity/v3/users 0.465s
2025-11-12 06:18:37.936 65734 INFO tempest.lib.common.rest_client [req-80424133-842f-473b-9dd6-36c0d6be38a4 req-80424133-842f-473b-9dd6-36c0d6be38a4 ] Request (InstanceUsageAuditLogTestJSON:setUpClass): 200 GET http://10.180.1.21/identity/v3/roles 0.404s
2025-11-12 06:18:37.937 65740 INFO tempest.lib.common.rest_client [req-718bb813-0165-4823-b31a-22598f094fc0 req-718bb813-0165-4823-b31a-22598f094fc0 ] Request (ImagesMetadataNegativeTestJSON:setUpClass): 200 GET http://10.180.1.21/identity/v3/roles 0.403s
2025-11-12 06:18:37.952 65732 INFO tempest.lib.common.rest_client [req-e011b7f6-49da-4bb7-a993-322c9c557218 req-e011b7f6-49da-4bb7-a993-322c9c557218 ] Request (AZAdminV2TestJSON:setUpClass): 200 GET http://10.180.1.21/identity/v3/roles 0.397s
2025-11-12 06:18:37.960 65742 INFO tempest.lib.common.rest_client [req-74cb2bb8-0b79-44c9-915b-fc747c38f2a5 req-74cb2bb8-0b79-44c9-915b-fc747c38f2a5 ] Request (QuotaClassesAdmin257Test:setUpClass): 204 PUT http://10.180.1.21/identity/v3/projects/812955dfed894c3c9047e6f35792eea6/users/c786b4dc5a5f44dabbfdc6cf9f569ab2/roles/d5f563bb887e4a55a4fbecf558ce5784 0.412s
2025-11-12 06:18:37.960 65742 INFO tempest.lib.common.dynamic_creds [-] Dynamic test user c786b4dc5a5f44dabbfdc6cf9f569ab2 is created with scope project and roles: ['member']
2025-11-12 06:18:37.960 65742 INFO tempest.lib.common.dynamic_creds [-] Acquired dynamic creds: credentials: Credentials: {'domain_id': 'default', 'domain_name': 'Default', 'username': 'tempest-QuotaClassesAdmin257Test-2001369963-project-member', 'project_domain_id': 'default', 'project_domain_name': 'Default', 'project_id': '812955dfed894c3c9047e6f35792eea6', 'project_name': 'tempest-QuotaClassesAdmin257Test-2001369963', 'tenant_id': '812955dfed894c3c9047e6f35792eea6', 'tenant_name': 'tempest-QuotaClassesAdmin257Test-2001369963', 'user_domain_id': 'default', 'user_domain_name': 'Default', 'user_id': 'c786b4dc5a5f44dabbfdc6cf9f569ab2', 'system': None}, Network: None, Subnet: None, Router: None
2025-11-12 06:18:37.961 65742 INFO tempest.lib.common.dynamic_creds [-] Created isolated network resources for: credentials: Credentials: {'domain_id': 'default', 'domain_name': 'Default', 'username': 'tempest-QuotaClassesAdmin257Test-2001369963-project-member', 'project_domain_id': 'default', 'project_domain_name': 'Default', 'project_id': '812955dfed894c3c9047e6f35792eea6', 'project_name': 'tempest-QuotaClassesAdmin257Test-2001369963', 'tenant_id': '812955dfed894c3c9047e6f35792eea6', 'tenant_name': 'tempest-QuotaClassesAdmin257Test-2001369963', 'user_domain_id': 'default', 'user_domain_name': 'Default', 'user_id': 'c786b4dc5a5f44dabbfdc6cf9f569ab2', 'system': None}, Network: None, Subnet: None, Router: None
2025-11-12 06:18:37.967 65738 INFO tempest.lib.common.rest_client [req-aa7c30f8-ef1c-41d9-a4b4-1fd43df5f018 req-aa7c30f8-ef1c-41d9-a4b4-1fd43df5f018 ] Request (AZAdminNegativeTestJSON:setUpClass): 200 GET http://10.180.1.21/identity/v3/roles 0.399s
2025-11-12 06:18:38.005 65726 INFO tempest.lib.common.rest_client [req-12e6801a-4d36-4f9a-9285-440bb7bb9211 req-12e6801a-4d36-4f9a-9285-440bb7bb9211 ] Request (FlavorMetadataValidation:setUpClass): 200 GET http://10.180.1.21/identity/v3/roles 0.426s
2025-11-12 06:18:38.008 65728 INFO tempest.lib.common.rest_client [req-ea9042dc-1a5b-4773-acd7-7826528feef5 req-ea9042dc-1a5b-4773-acd7-7826528feef5 ] Request (FlavorsAdminTestJSON:setUpClass): 200 GET http://10.180.1.21/identity/v3/roles 0.416s
2025-11-12 06:18:38.019 65748 INFO tempest.lib.common.rest_client [req-8e5f3334-961c-4e63-bb13-ce862f55347d req-8e5f3334-961c-4e63-bb13-ce862f55347d ] Request (HypervisorAdminV228Test:setUpClass): 200 GET http://10.180.1.21/identity/v3/roles 0.417s
2025-11-12 06:18:38.023 65724 INFO tempest.lib.common.rest_client [req-db6faedb-fec4-421f-9c01-2eccea0bd5a7 req-db6faedb-fec4-421f-9c01-2eccea0bd5a7 ] Request (InstanceUsageAuditLogNegativeTestJSON:setUpClass): 200 GET http://10.180.1.21/identity/v3/roles 0.410s
2025-11-12 06:18:38.039 65746 INFO tempest.lib.common.rest_client [req-c38135e3-319f-4a1b-bd87-b4fddbc3728d req-c38135e3-319f-4a1b-bd87-b4fddbc3728d ] Request (FlavorsAccessNegativeTestJSON:setUpClass): 204 PUT http://10.180.1.21/identity/v3/projects/8a2a92de2c5b4635b2db842baecbd499/users/1e1e79af42214e199a70ffad62f0d341/roles/d5f563bb887e4a55a4fbecf558ce5784 0.419s
2025-11-12 06:18:38.039 65746 INFO tempest.lib.common.dynamic_creds [-] Dynamic test user 1e1e79af42214e199a70ffad62f0d341 is created with scope project and roles: ['member']
2025-11-12 06:18:38.040 65746 INFO tempest.lib.common.dynamic_creds [-] Acquired dynamic creds: credentials: Credentials: {'domain_id': 'default', 'domain_name': 'Default', 'username': 'tempest-FlavorsAccessNegativeTestJSON-898652439-project-member', 'project_domain_id': 'default', 'project_domain_name': 'Default', 'project_id': '8a2a92de2c5b4635b2db842baecbd499', 'project_name': 'tempest-FlavorsAccessNegativeTestJSON-898652439', 'tenant_id': '8a2a92de2c5b4635b2db842baecbd499', 'tenant_name': 'tempest-FlavorsAccessNegativeTestJSON-898652439', 'user_domain_id': 'default', 'user_domain_name': 'Default', 'user_id': '1e1e79af42214e199a70ffad62f0d341', 'system': None}, Network: None, Subnet: None, Router: None
2025-11-12 06:18:38.040 65746 INFO tempest.lib.common.dynamic_creds [-] Created isolated network resources for: credentials: Credentials: {'domain_id': 'default', 'domain_name': 'Default', 'username': 'tempest-FlavorsAccessNegativeTestJSON-898652439-project-member', 'project_domain_id': 'default', 'project_domain_name': 'Default', 'project_id': '8a2a92de2c5b4635b2db842baecbd499', 'project_name': 'tempest-FlavorsAccessNegativeTestJSON-898652439', 'tenant_id': '8a2a92de2c5b4635b2db842baecbd499', 'tenant_name': 'tempest-FlavorsAccessNegativeTestJSON-898652439', 'user_domain_id': 'default', 'user_domain_name': 'Default', 'user_id': '1e1e79af42214e199a70ffad62f0d341', 'system': None}, Network: None, Subnet: None, Router: None
2025-11-12 06:18:38.043 65698 INFO tempest.lib.common.rest_client [req-95367b16-d865-49c4-9a92-ee81656b9158 req-95367b16-d865-49c4-9a92-ee81656b9158 ] Request (MigrationsAdminTest:setUpClass): 204 PUT http://10.180.1.21/identity/v3/projects/916cc690782745cea576bed71c8b7a14/users/d5e274f42fde4a7da5f75451384f32b4/roles/d5f563bb887e4a55a4fbecf558ce5784 0.412s
2025-11-12 06:18:38.043 65698 INFO tempest.lib.common.dynamic_creds [-] Dynamic test user d5e274f42fde4a7da5f75451384f32b4 is created with scope project and roles: ['member']
2025-11-12 06:18:38.044 65698 INFO tempest.lib.common.dynamic_creds [-] Acquired dynamic creds: credentials: Credentials: {'domain_id': 'default', 'domain_name': 'Default', 'username': 'tempest-MigrationsAdminTest-1565405020-project-member', 'project_domain_id': 'default', 'project_domain_name': 'Default', 'project_id': '916cc690782745cea576bed71c8b7a14', 'project_name': 'tempest-MigrationsAdminTest-1565405020', 'tenant_id': '916cc690782745cea576bed71c8b7a14', 'tenant_name': 'tempest-MigrationsAdminTest-1565405020', 'user_domain_id': 'default', 'user_domain_name': 'Default', 'user_id': 'd5e274f42fde4a7da5f75451384f32b4', 'system': None}, Network: None, Subnet: None, Router: None
2025-11-12 06:18:38.044 65698 INFO tempest.lib.common.dynamic_creds [-] Created isolated network resources for: credentials: Credentials: {'domain_id': 'default', 'domain_name': 'Default', 'username': 'tempest-MigrationsAdminTest-1565405020-project-member', 'project_domain_id': 'default', 'project_domain_name': 'Default', 'project_id': '916cc690782745cea576bed71c8b7a14', 'project_name': 'tempest-MigrationsAdminTest-1565405020', 'tenant_id': '916cc690782745cea576bed71c8b7a14', 'tenant_name': 'tempest-MigrationsAdminTest-1565405020', 'user_domain_id': 'default', 'user_domain_name': 'Default', 'user_id': 'd5e274f42fde4a7da5f75451384f32b4', 'system': None}, Network: None, Subnet: None, Router: None
2025-11-12 06:18:38.093 65720 INFO tempest.lib.common.rest_client [req-d28d6a63-300c-43f7-9518-fa39c66774f9 req-d28d6a63-300c-43f7-9518-fa39c66774f9 ] Request (HostsAdminTestJSON:setUpClass): 204 PUT http://10.180.1.21/identity/v3/projects/b6de287c9ef842e2b126548f861cb9eb/users/385f9c350c81487e91aef7d7234b2db1/roles/8da0b01e61d740bfa27ba6ddfb89f7c4 0.426s
2025-11-12 06:18:38.107 65710 INFO tempest.lib.common.rest_client [req-cfa0e42b-d8a6-4d09-8245-0281c64d16c8 req-cfa0e42b-d8a6-4d09-8245-0281c64d16c8 ] Request (HypervisorAdminNegativeTestJSON:setUpClass): 200 GET http://10.180.1.21/identity/v3/roles 0.457s
2025-11-12 06:18:38.150 65750 INFO tempest.lib.common.rest_client [req-ad7b5d5a-61e4-4c32-9cdb-ec56a128b053 req-ad7b5d5a-61e4-4c32-9cdb-ec56a128b053 ] Request (FlavorsAccessTestJSON:setUpClass): 200 GET http://10.180.1.21/identity/v3/roles 0.455s
2025-11-12 06:18:38.173 65744 INFO tempest.lib.common.rest_client [req-8ed90f03-c5c1-4efa-ae2b-d5acabf86613 req-8ed90f03-c5c1-4efa-ae2b-d5acabf86613 ] Request (SecurityGroupRulesTestJSON:setUpClass): 204 PUT http://10.180.1.21/identity/v3/projects/7e79f6b81c3a4c898f1af9cbfb8e98ab/users/e136ff588552456eb6ec8226b1758009/roles/d5f563bb887e4a55a4fbecf558ce5784 0.465s
2025-11-12 06:18:38.173 65744 INFO tempest.lib.common.dynamic_creds [-] Dynamic test user e136ff588552456eb6ec8226b1758009 is created with scope project and roles: ['member']
2025-11-12 06:18:38.173 65744 INFO tempest.lib.common.dynamic_creds [-] Acquired dynamic creds: credentials: Credentials: {'domain_id': 'default', 'domain_name': 'Default', 'username': 'tempest-SecurityGroupRulesTestJSON-2085257014-project-member', 'project_domain_id': 'default', 'project_domain_name': 'Default', 'project_id': '7e79f6b81c3a4c898f1af9cbfb8e98ab', 'project_name': 'tempest-SecurityGroupRulesTestJSON-2085257014', 'tenant_id': '7e79f6b81c3a4c898f1af9cbfb8e98ab', 'tenant_name': 'tempest-SecurityGroupRulesTestJSON-2085257014', 'user_domain_id': 'default', 'user_domain_name': 'Default', 'user_id': 'e136ff588552456eb6ec8226b1758009', 'system': None}, Network: None, Subnet: None, Router: None
2025-11-12 06:18:38.217 65692 INFO tempest.lib.common.rest_client [req-3f83edd3-ac31-43da-a32f-c85600582fe5 req-3f83edd3-ac31-43da-a32f-c85600582fe5 ] Request (KeyPairsV210TestJSON:setUpClass): 204 PUT http://10.180.1.21/identity/v3/projects/26cf1c5b8deb4b859eae3070270a2ecc/users/69ac42faf45242b2a4ed42dd9803cd5f/roles/d5f563bb887e4a55a4fbecf558ce5784 0.504s
2025-11-12 06:18:38.217 65692 INFO tempest.lib.common.dynamic_creds [-] Dynamic test user 69ac42faf45242b2a4ed42dd9803cd5f is created with scope project and roles: ['member']
2025-11-12 06:18:38.217 65692 INFO tempest.lib.common.dynamic_creds [-] Acquired dynamic creds: credentials: Credentials: {'domain_id': 'default', 'domain_name': 'Default', 'username': 'tempest-KeyPairsV210TestJSON-1990093182-project-member', 'project_domain_id': 'default', 'project_domain_name': 'Default', 'project_id': '26cf1c5b8deb4b859eae3070270a2ecc', 'project_name': 'tempest-KeyPairsV210TestJSON-1990093182', 'tenant_id': '26cf1c5b8deb4b859eae3070270a2ecc', 'tenant_name': 'tempest-KeyPairsV210TestJSON-1990093182', 'user_domain_id': 'default', 'user_domain_name': 'Default', 'user_id': '69ac42faf45242b2a4ed42dd9803cd5f', 'system': None}, Network: None, Subnet: None, Router: None
2025-11-12 06:18:38.218 65692 INFO tempest.lib.common.dynamic_creds [-] Created isolated network resources for: credentials: Credentials: {'domain_id': 'default', 'domain_name': 'Default', 'username': 'tempest-KeyPairsV210TestJSON-1990093182-project-member', 'project_domain_id': 'default', 'project_domain_name': 'Default', 'project_id': '26cf1c5b8deb4b859eae3070270a2ecc', 'project_name': 'tempest-KeyPairsV210TestJSON-1990093182', 'tenant_id': '26cf1c5b8deb4b859eae3070270a2ecc', 'tenant_name': 'tempest-KeyPairsV210TestJSON-1990093182', 'user_domain_id': 'default', 'user_domain_name': 'Default', 'user_id': '69ac42faf45242b2a4ed42dd9803cd5f', 'system': None}, Network: None, Subnet: None, Router: None
2025-11-12 06:18:38.250 65700 INFO tempest.lib.common.rest_client [req-81586363-1c20-4818-b951-cecedec0215e req-81586363-1c20-4818-b951-cecedec0215e ] Request (AggregatesAdminNegativeTestJSON:tearDownClass): 204 DELETE http://10.180.1.21/identity/v3/users/a55681980b2443ea847801a91b21ed9b 0.523s
2025-11-12 06:18:38.284 65730 INFO tempest.lib.common.rest_client [req-96501210-9c6f-40ca-a46d-27ef675f2233 req-96501210-9c6f-40ca-a46d-27ef675f2233 ] Request (TenantUsagesTestJSON:setUpClass): 200 GET http://10.180.1.21/identity/v3/roles 0.551s
2025-11-12 06:18:38.296 65704 INFO tempest.lib.common.rest_client [req-876e824b-2c14-41e2-8fc6-acfdf702f724 req-876e824b-2c14-41e2-8fc6-acfdf702f724 ] Request (ServersWithSpecificFlavorTestJSON:setUpClass): 200 GET http://10.180.1.21/identity/v3/roles 0.562s
2025-11-12 06:18:38.309 65716 INFO tempest.lib.common.rest_client [req-66473922-0a77-43f0-84b6-2341c7c212d8 req-66473922-0a77-43f0-84b6-2341c7c212d8 ] Request (FlavorsV255TestJSON:setUpClass): 204 PUT http://10.180.1.21/identity/v3/projects/ad2680bd0d2645fb9bd521711b7c4e82/users/3f918a0e64f0437195d54c1934f6ba15/roles/d5f563bb887e4a55a4fbecf558ce5784 0.560s
2025-11-12 06:18:38.309 65716 INFO tempest.lib.common.dynamic_creds [-] Dynamic test user 3f918a0e64f0437195d54c1934f6ba15 is created with scope project and roles: ['member']
