2025-11-12 06:18:55.042 65752 INFO tempest.lib.common.dynamic_creds [-] Created isolated network resources for: credentials: Credentials: {'domain_id': 'default', 'domain_name': 'Default', 'username': 'tempest-VolumesAssistedSnapshotsTest-1663948901-project', 'project_domain_id': 'default', 'project_domain_name': 'Default', 'project_id': '27691f874f3a4210bc5d1916efebc10a', 'project_name': 'tempest-VolumesAssistedSnapshotsTest-1663948901', 'tenant_id': '27691f874f3a4210bc5d1916efebc10a', 'tenant_name': 'tempest-VolumesAssistedSnapshotsTest-1663948901', 'user_domain_id': 'default', 'user_domain_name': 'Default', 'user_id': 'b42f7841da37452f81e142ef29357915', 'system': None}, Network: {'id': '624fec58-0178-4017-9075-212986ce3bfe', 'name': 'tempest-VolumesAssistedSnapshotsTest-1193609840-network', 'tenant_id': '27691f874f3a4210bc5d1916efebc10a', 'project_id': '27691f874f3a4210bc5d1916efebc10a', 'admin_state_up': True, 'mtu': 8950, 'status': 'ACTIVE', 'subnets': [], 'shared': False, 'port_security_enabled': True, 'router:external': False, 'provider:network_type': 'vlan', 'provider:physical_network': 'default', 'provider:segmentation_id': 592, 'availability_zone_hints': [], 'availability_zones': [], 'ipv4_address_scope': None, 'ipv6_address_scope': None, 'description': '', 'tags': [], 'created_at': '2025-11-12T06:18:52Z', 'updated_at': '2025-11-12T06:18:52Z', 'revision_number': 1}, Subnet: {'id': '95a1edd9-9c30-40b8-a013-de0fa21cb491', 'name': 'tempest-VolumesAssistedSnapshotsTest-1193609840-subnet', 'tenant_id': '27691f874f3a4210bc5d1916efebc10a', 'network_id': '624fec58-0178-4017-9075-212986ce3bfe', 'ip_version': 4, 'subnetpool_id': None, 'enable_dhcp': True, 'ipv6_ra_mode': None, 'ipv6_address_mode': None, 'gateway_ip': '192.168.128.1', 'cidr': '192.168.128.0/28', 'allocation_pools': [{'start': '192.168.128.2', 'end': '192.168.128.14'}], 'host_routes': [], 'dns_nameservers': [], 'description': '', 'router:external': False, 'service_types': [], 'tags': [], 'created_at': '2025-11-12T06:18:52Z', 'updated_at': '2025-11-12T06:18:52Z', 'revision_number': 0, 'project_id': '27691f874f3a4210bc5d1916efebc10a'}, Router: {'id': '76261662-85b8-43c0-a120-87c80ebc392c', 'name': 'tempest-VolumesAssistedSnapshotsTest-1193609840-router', 'tenant_id': '27691f874f3a4210bc5d1916efebc10a', 'admin_state_up': True, 'status': 'ACTIVE', 'external_gateway_info': {'network_id': 'b32da74b-8731-4e60-881a-0b9990c15afb', 'external_fixed_ips': [{'subnet_id': '5ae2af40-4738-48c3-aa81-13f67878b6c2', 'ip_address': '10.180.180.166'}], 'enable_snat': True}, 'description': '', 'availability_zones': [], 'distributed': False, 'ha': False, 'availability_zone_hints': [], 'routes': [], 'flavor_id': None, 'tags': [], 'created_at': '2025-11-12T06:18:52Z', 'updated_at': '2025-11-12T06:18:53Z', 'revision_number': 2, 'project_id': '27691f874f3a4210bc5d1916efebc10a'}
2025-11-12 06:18:55.044 65740 INFO tempest.lib.common.rest_client [req-89219041-6f72-4898-82d5-ee4464247dbf req-89219041-6f72-4898-82d5-ee4464247dbf ] Request (ImagesMetadataNegativeTestJSON:test_set_nonexistent_image_metadata): 404 PUT http://10.180.1.21/compute/v2.1/images/c603bd09-e7e1-4a89-a1f6-8d77edd86ed3/metadata 4.882s
2025-11-12 06:18:55.051 65696 INFO tempest.lib.common.rest_client [req-241c844c-c10f-468e-875c-495099f3fa07 req-241c844c-c10f-468e-875c-495099f3fa07 ] Request (FlavorsExtraSpecsNegativeTestJSON:test_flavor_non_admin_update_specific_key): 403 PUT http://10.180.1.21/compute/v2.1/flavors/959137735/os-extra_specs/hw:numa_nodes 4.868s
2025-11-12 06:18:55.085 65712 INFO tempest.lib.common.rest_client [req-78568923-140b-4de6-b747-5276523dc2ca req-78568923-140b-4de6-b747-5276523dc2ca ] Request (FlavorsV261TestJSON:test_crud_flavor): 200 PUT http://10.180.1.21/compute/v2.1/flavors/742774402 4.819s
2025-11-12 06:18:55.095 65692 INFO tempest.lib.common.rest_client [req-74de1588-ffbf-4b5f-bf14-3e5f5d405685 req-74de1588-ffbf-4b5f-bf14-3e5f5d405685 ] Request (KeyPairsV210TestJSON:test_admin_manage_keypairs_for_other_users): 200 GET http://10.180.1.21/compute/v2.1/os-keypairs/tempest-keypair-101333852?user_id=69ac42faf45242b2a4ed42dd9803cd5f 4.793s
2025-11-12 06:18:55.114 65716 INFO tempest.lib.common.rest_client [req-c1a7b2df-c724-43fd-9272-030054bff325 req-c1a7b2df-c724-43fd-9272-030054bff325 ] Request (FlavorsV255TestJSON:test_crud_flavor): 200 PUT http://10.180.1.21/compute/v2.1/flavors/416109078 4.721s
2025-11-12 06:18:55.131 65726 INFO tempest.lib.common.rest_client [req-3b926784-55f0-4e4a-9108-0c950781c530 req-3b926784-55f0-4e4a-9108-0c950781c530 ] Request (FlavorMetadataValidation:_run_cleanups): 202 DELETE http://10.180.1.21/compute/v2.1/flavors/1983346446 4.618s
2025-11-12 06:18:55.154 65702 INFO tempest.lib.common.rest_client [req-f1a70ffb-6c33-4741-ace9-6afc8edf27c9 req-f1a70ffb-6c33-4741-ace9-6afc8edf27c9 ] Request (ValidationResourcesFixture:setUp): 201 POST http://10.180.1.21/networking/v2.0/security-group-rules 0.447s
2025-11-12 06:18:55.163 65752 INFO tempest.lib.common.rest_client [req-e7ddba05-ebc9-454a-aaff-9384503b8e8d req-e7ddba05-ebc9-454a-aaff-9384503b8e8d ] Request (VolumesAssistedSnapshotsTest:setUpClass): 201 POST http://10.180.1.21/identity/v3/auth/tokens 0.118s
2025-11-12 06:18:55.210 65704 INFO tempest.lib.common.rest_client [req-2afafd1e-4286-4790-918d-5072b96a8cb3 req-2afafd1e-4286-4790-918d-5072b96a8cb3 ] Request (ServersWithSpecificFlavorTestJSON:test_verify_created_server_ephemeral_disk): 200 GET http://10.180.1.21/compute/v2.1/flavors/42 4.629s
2025-11-12 06:18:55.233 65728 INFO tempest.lib.common.rest_client [req-d4eca512-b09b-4041-b0a6-958e9677af80 req-d4eca512-b09b-4041-b0a6-958e9677af80 ] Request (FlavorsAdminTestJSON:_run_cleanups): 200 GET http://10.180.1.21/compute/v2.1/flavors/detail 4.534s
2025-11-12 06:18:55.254 65720 INFO tempest.lib.common.rest_client [req-0aa2bb6a-9b38-40a0-8cb2-4bed2a11afa3 req-0aa2bb6a-9b38-40a0-8cb2-4bed2a11afa3 ] Request (HostsAdminTestJSON:test_list_hosts_with_zone): 200 GET http://10.180.1.21/compute/v2.1/os-hosts 4.493s
2025-11-12 06:18:55.352 65722 INFO tempest.lib.common.rest_client [req-5a7a14d1-65c0-414a-9f6c-d4a1ef7e640f req-5a7a14d1-65c0-414a-9f6c-d4a1ef7e640f ] Request (FloatingIPDetailsNegativeTestJSON:tearDownClass): 204 DELETE http://10.180.1.21/networking/v2.0/routers/ae7b0ac0-38a2-4286-8bde-fe6b48701b04 0.738s
2025-11-12 06:18:55.354 65750 INFO tempest.lib.common.rest_client [req-a0868c1f-c707-46cf-a35c-9fa61c10272d req-a0868c1f-c707-46cf-a35c-9fa61c10272d ] Request (FlavorsAccessTestJSON:test_flavor_access_add_remove): 200 GET http://10.180.1.21/compute/v2.1/flavors/detail 4.327s
2025-11-12 06:18:55.473 65702 INFO tempest.lib.common.rest_client [req-569ff6c6-80f8-4dd0-b395-caa51aa8b479 req-569ff6c6-80f8-4dd0-b395-caa51aa8b479 ] Request (ValidationResourcesFixture:setUp): 201 POST http://10.180.1.21/networking/v2.0/security-group-rules 0.318s
2025-11-12 06:18:55.558 65722 INFO tempest.lib.common.rest_client [req-6a251ef0-41ea-46db-816e-c9eaf0a6c8a6 req-6a251ef0-41ea-46db-816e-c9eaf0a6c8a6 ] Request (FloatingIPDetailsNegativeTestJSON:tearDownClass): 204 DELETE http://10.180.1.21/networking/v2.0/subnets/48d602a2-4ff1-42bb-a95e-07136c3b231b 0.205s
2025-11-12 06:18:55.574 65752 INFO tempest.lib.common.rest_client [req-383940d8-832a-48d9-babb-e45426ec8e95 req-383940d8-832a-48d9-babb-e45426ec8e95 ] Request (VolumesAssistedSnapshotsTest:test_volume_assisted_snapshot_create_delete): 202 POST http://10.180.1.21/volume/v3/volumes 0.409s
2025-11-12 06:18:55.644 65752 INFO tempest.lib.common.rest_client [req-2033dc93-105c-4995-9449-e2f890d9434a req-2033dc93-105c-4995-9449-e2f890d9434a ] Request (VolumesAssistedSnapshotsTest:test_volume_assisted_snapshot_create_delete): 200 GET http://10.180.1.21/volume/v3/volumes/4c9c7db3-6f43-4d7d-b1e1-6c9f2a1cc209 0.059s
2025-11-12 06:18:56.002 65702 INFO tempest.lib.common.rest_client [req-db1ab2a7-f6b7-42d3-83a1-7a6d0e48e673 req-db1ab2a7-f6b7-42d3-83a1-7a6d0e48e673 ] Request (ValidationResourcesFixture:setUp): 201 POST http://10.180.1.21/networking/v2.0/floatingips 0.529s
2025-11-12 06:18:56.029 65722 INFO tempest.lib.common.rest_client [req-703de6e7-ffb2-43f9-85b3-d9c0d5211b33 req-703de6e7-ffb2-43f9-85b3-d9c0d5211b33 ] Request (FloatingIPDetailsNegativeTestJSON:tearDownClass): 204 DELETE http://10.180.1.21/networking/v2.0/networks/c543e809-b783-4acd-a6fe-6beea895e250 0.470s
2025-11-12 06:18:56.078 65702 INFO tempest.lib.common.rest_client [req-364074bc-6c39-456a-a311-4327e1cf68c6 req-364074bc-6c39-456a-a311-4327e1cf68c6 ] Request (AttachInterfacesUnderV243Test:test_add_remove_fixed_ip): 201 POST http://10.180.1.21/identity/v3/auth/tokens 0.069s
2025-11-12 06:18:56.079 65702 INFO tempest.lib.common.fixed_network [-] (AttachInterfacesUnderV243Test:test_add_remove_fixed_ip) Found network {'id': '48bda87f-345b-48e8-a87e-9f63c0b24987', 'name': 'tempest-AttachInterfacesUnderV243Test-1138590826-network', 'tenant_id': '24e9c97c918d4d48aaf45ce13bbe8b26', 'project_id': '24e9c97c918d4d48aaf45ce13bbe8b26', 'admin_state_up': True, 'mtu': 8950, 'status': 'ACTIVE', 'subnets': [], 'shared': False, 'port_security_enabled': True, 'router:external': False, 'provider:network_type': 'vlan', 'provider:physical_network': 'default', 'provider:segmentation_id': 499, 'availability_zone_hints': [], 'availability_zones': [], 'ipv4_address_scope': None, 'ipv6_address_scope': None, 'description': '', 'tags': [], 'created_at': '2025-11-12T06:18:43Z', 'updated_at': '2025-11-12T06:18:43Z', 'revision_number': 1} available for tenant
2025-11-12 06:18:56.098 65744 INFO tempest.lib.common.rest_client [req-87152ba3-e247-4cbf-8159-8173d8a75da9 req-87152ba3-e247-4cbf-8159-8173d8a75da9 ] Request (SecurityGroupRulesTestJSON:test_security_group_rules_create): 200 POST http://10.180.1.21/compute/v2.1/os-security-group-rules 4.470s
2025-11-12 06:18:56.184 65698 INFO tempest.lib.common.rest_client [req-1c9a80b4-d97f-4df3-a64f-f42b4c4c4508 req-1c9a80b4-d97f-4df3-a64f-f42b4c4c4508 ] Request (MigrationsAdminTest:test_list_migrations_in_flavor_resize_situation): 202 POST http://10.180.1.21/compute/v2.1/servers 6.086s
2025-11-12 06:18:56.194 65724 INFO tempest.lib.common.rest_client [req-89838250-8fcb-475a-be85-eef7b230e2ad req-89838250-8fcb-475a-be85-eef7b230e2ad ] Request (InstanceUsageAuditLogNegativeTestJSON:test_instance_usage_audit_logs_with_nonadmin_user): 403 GET http://10.180.1.21/compute/v2.1/os-instance_usage_audit_log/2025-11-12%2006%3A18%3A51 4.414s
2025-11-12 06:18:56.199 65722 INFO tempest.lib.common.rest_client [req-9a758515-c379-47d9-8435-6c3d1fb5678c req-9a758515-c379-47d9-8435-6c3d1fb5678c ] Request (FloatingIPDetailsNegativeTestJSON:tearDownClass): 204 DELETE http://10.180.1.21/identity/v3/users/1cc8418a24ee4bbe9a51098d32900fa4 0.169s
2025-11-12 06:18:56.199 65722 INFO tempest.lib.common.dynamic_creds [-] Deleting project and security group for project: 524e224d5bcf459daadb3657ab650feb
2025-11-12 06:18:56.449 65724 INFO tempest.lib.common.rest_client [req-a55038cd-4e26-4d4e-8cd9-83b430467ec2 req-a55038cd-4e26-4d4e-8cd9-83b430467ec2 ] Request (InstanceUsageAuditLogNegativeTestJSON:tearDownClass): 204 DELETE http://10.180.1.21/identity/v3/users/cb98c3a10c7e4fa2b74c9e0d27126794 0.254s
2025-11-12 06:18:56.548 65718 INFO tempest.lib.common.rest_client [req-b81bab06-8532-4d96-8ee6-a2d120e2735b req-b81bab06-8532-4d96-8ee6-a2d120e2735b ] Request (DeleteServersAdminTestJSON:test_admin_delete_servers_of_others): 200 GET http://10.180.1.21/compute/v2.1/servers/b27f0f52-6916-4a4a-aa90-b10a4309df00 4.801s
2025-11-12 06:18:56.560 65722 INFO tempest.lib.common.rest_client [req-5a9493da-c563-45ca-a67b-434907e88f99 req-5a9493da-c563-45ca-a67b-434907e88f99 ] Request (FloatingIPDetailsNegativeTestJSON:tearDownClass): 200 GET http://10.180.1.21/networking/v2.0/security-groups?tenant_id=524e224d5bcf459daadb3657ab650feb&name=default 0.360s
2025-11-12 06:18:56.571 65724 INFO tempest.lib.common.rest_client [req-028a8b07-d2d3-4c82-bf40-82b68495ecd1 req-028a8b07-d2d3-4c82-bf40-82b68495ecd1 ] Request (InstanceUsageAuditLogNegativeTestJSON:tearDownClass): 204 DELETE http://10.180.1.21/identity/v3/users/618d542826a64c6c97bb05f77b60fc68 0.121s
2025-11-12 06:18:56.571 65724 INFO tempest.lib.common.dynamic_creds [-] Deleting project and security group for project: 62e3a1f220a84b1baa8eeaf652d4ad5e
2025-11-12 06:18:56.644 65724 INFO tempest.lib.common.rest_client [req-617033f8-6954-4d2b-be1d-3ae909eb79a9 req-617033f8-6954-4d2b-be1d-3ae909eb79a9 ] Request (InstanceUsageAuditLogNegativeTestJSON:tearDownClass): 201 POST http://10.180.1.21/identity/v3/auth/tokens 0.073s
2025-11-12 06:18:56.703 65752 INFO tempest.lib.common.rest_client [req-dca1c23e-339f-4cad-8c50-546e9e28f526 req-dca1c23e-339f-4cad-8c50-546e9e28f526 ] Request (VolumesAssistedSnapshotsTest:test_volume_assisted_snapshot_create_delete): 200 GET http://10.180.1.21/volume/v3/volumes/4c9c7db3-6f43-4d7d-b1e1-6c9f2a1cc209 0.048s
2025-11-12 06:18:56.718 65752 INFO tempest.common.waiters [-] volume 4c9c7db3-6f43-4d7d-b1e1-6c9f2a1cc209 reached available after waiting for 1.718032 seconds
2025-11-12 06:18:58.068 65722 INFO tempest.lib.common.rest_client [req-013780c4-6107-4eed-97ac-ac11b0522d29 req-013780c4-6107-4eed-97ac-ac11b0522d29 ] Request (FloatingIPDetailsNegativeTestJSON:tearDownClass): 204 DELETE http://10.180.1.21/networking/v2.0/security-groups/5b66c800-3f7a-4f25-835f-82602e942992 1.507s
2025-11-12 06:18:58.130 65722 INFO tempest.lib.common.rest_client [req-26399a16-8487-4245-b7bb-156444af43c9 req-26399a16-8487-4245-b7bb-156444af43c9 ] Request (FloatingIPDetailsNegativeTestJSON:tearDownClass): 204 DELETE http://10.180.1.21/identity/v3/projects/524e224d5bcf459daadb3657ab650feb 0.062s
2025-11-12 06:18:58.184 65722 INFO tempest.lib.common.rest_client [req-b300a9e6-b7fb-4773-9066-1ec069a6006f req-b300a9e6-b7fb-4773-9066-1ec069a6006f ] Request (ListImagesTestJSON:setUpClass): 201 POST http://10.180.1.21/identity/v3/auth/tokens 0.053s
2025-11-12 06:18:58.212 65722 INFO tempest.lib.common.rest_client [req-328a37db-c814-4580-8f61-2972178615bc req-328a37db-c814-4580-8f61-2972178615bc ] Request (ListImagesTestJSON:setUpClass): 201 POST http://10.180.1.21/identity/v3/auth/tokens 0.026s
2025-11-12 06:18:58.235 65722 INFO tempest.lib.common.rest_client [req-288cb9d3-5eea-46ee-b960-55e4d588508e req-288cb9d3-5eea-46ee-b960-55e4d588508e ] Request (ListImagesTestJSON:setUpClass): 200 GET http://10.180.1.21/identity/v3/domains?name=Default 0.022s
2025-11-12 06:18:58.266 65722 INFO tempest.lib.common.rest_client [req-ea00d308-b662-4c94-8809-dd521a3b37f2 req-ea00d308-b662-4c94-8809-dd521a3b37f2 ] Request (ListImagesTestJSON:setUpClass): 201 POST http://10.180.1.21/identity/v3/projects 0.030s
2025-11-12 06:18:58.283 65724 INFO tempest.lib.common.rest_client [req-54bc010b-8753-46e2-a959-928f85a41d14 req-54bc010b-8753-46e2-a959-928f85a41d14 ] Request (InstanceUsageAuditLogNegativeTestJSON:tearDownClass): 200 GET http://10.180.1.21/networking/v2.0/security-groups?tenant_id=62e3a1f220a84b1baa8eeaf652d4ad5e&name=default 1.638s
2025-11-12 06:18:58.339 65722 INFO tempest.lib.common.rest_client [req-5b239fd8-9f81-4784-933a-03ba709dd290 req-5b239fd8-9f81-4784-933a-03ba709dd290 ] Request (ListImagesTestJSON:setUpClass): 201 POST http://10.180.1.21/identity/v3/users 0.072s
2025-11-12 06:18:58.364 65722 INFO tempest.lib.common.rest_client [req-62be02cf-3353-4798-a26e-786e6c775020 req-62be02cf-3353-4798-a26e-786e6c775020 ] Request (ListImagesTestJSON:setUpClass): 200 GET http://10.180.1.21/identity/v3/roles 0.024s
2025-11-12 06:18:58.402 65722 INFO tempest.lib.common.rest_client [req-cb9b075f-7a5e-4af1-8c74-5b6f74c3eda5 req-cb9b075f-7a5e-4af1-8c74-5b6f74c3eda5 ] Request (ListImagesTestJSON:setUpClass): 204 PUT http://10.180.1.21/identity/v3/projects/3adbe47ef3f348a9a0be9af2f15c38f4/users/812eda3cdcf24a04a25bee786c5c717c/roles/d5f563bb887e4a55a4fbecf558ce5784 0.038s
2025-11-12 06:18:58.402 65722 INFO tempest.lib.common.dynamic_creds [-] Dynamic test user 812eda3cdcf24a04a25bee786c5c717c is created with scope project and roles: ['member']
2025-11-12 06:18:58.403 65722 INFO tempest.lib.common.dynamic_creds [-] Acquired dynamic creds: credentials: Credentials: {'domain_id': 'default', 'domain_name': 'Default', 'username': 'tempest-ListImagesTestJSON-682588367-project-member', 'project_domain_id': 'default', 'project_domain_name': 'Default', 'project_id': '3adbe47ef3f348a9a0be9af2f15c38f4', 'project_name': 'tempest-ListImagesTestJSON-682588367', 'tenant_id': '3adbe47ef3f348a9a0be9af2f15c38f4', 'tenant_name': 'tempest-ListImagesTestJSON-682588367', 'user_domain_id': 'default', 'user_domain_name': 'Default', 'user_id': '812eda3cdcf24a04a25bee786c5c717c', 'system': None}, Network: None, Subnet: None, Router: None
2025-11-12 06:18:58.403 65722 INFO tempest.lib.common.dynamic_creds [-] Created isolated network resources for: credentials: Credentials: {'domain_id': 'default', 'domain_name': 'Default', 'username': 'tempest-ListImagesTestJSON-682588367-project-member', 'project_domain_id': 'default', 'project_domain_name': 'Default', 'project_id': '3adbe47ef3f348a9a0be9af2f15c38f4', 'project_name': 'tempest-ListImagesTestJSON-682588367', 'tenant_id': '3adbe47ef3f348a9a0be9af2f15c38f4', 'tenant_name': 'tempest-ListImagesTestJSON-682588367', 'user_domain_id': 'default', 'user_domain_name': 'Default', 'user_id': '812eda3cdcf24a04a25bee786c5c717c', 'system': None}, Network: None, Subnet: None, Router: None
2025-11-12 06:18:58.487 65724 INFO tempest.lib.common.rest_client [req-cfcf00e5-36b9-4ef7-ab44-9ceda4ab720f req-cfcf00e5-36b9-4ef7-ab44-9ceda4ab720f ] Request (InstanceUsageAuditLogNegativeTestJSON:tearDownClass): 204 DELETE http://10.180.1.21/networking/v2.0/security-groups/9d26762c-aab6-4314-a581-a1fbfbe7bd3f 0.203s
2025-11-12 06:18:58.519 65722 INFO tempest.lib.common.rest_client [req-ba50edaa-3eba-4585-8127-1f5847410757 req-ba50edaa-3eba-4585-8127-1f5847410757 ] Request (ListImagesTestJSON:setUpClass): 201 POST http://10.180.1.21/identity/v3/auth/tokens 0.111s
2025-11-12 06:18:58.593 65724 INFO tempest.lib.common.rest_client [req-b890f56e-e98c-46e3-a1f4-87d398509f53 req-b890f56e-e98c-46e3-a1f4-87d398509f53 ] Request (InstanceUsageAuditLogNegativeTestJSON:tearDownClass): 204 DELETE http://10.180.1.21/identity/v3/projects/62e3a1f220a84b1baa8eeaf652d4ad5e 0.105s
2025-11-12 06:18:58.593 65724 INFO tempest.lib.common.dynamic_creds [-] Deleting project and security group for project: 9c1181cde32f4dc590c7e3ae6672c689
2025-11-12 06:18:58.854 65738 INFO tempest.lib.common.rest_client [req-7d80f1b5-586d-4de0-a570-7860456f5909 req-7d80f1b5-586d-4de0-a570-7860456f5909 ] Request (FloatingIPsAssociationNegativeTestJSON:setUpClass): 202 POST http://10.180.1.21/compute/v2.1/servers 6.198s
2025-11-12 06:18:58.884 65700 INFO tempest.lib.common.rest_client [req-99243f37-d3c4-4898-a503-99ea9a2ead84 req-99243f37-d3c4-4898-a503-99ea9a2ead84 ] Request (FlavorsExtraSpecsTestJSON:test_flavor_non_admin_get_all_keys): 200 POST http://10.180.1.21/compute/v2.1/flavors/1952358909/os-extra_specs 5.561s
2025-11-12 06:18:58.891 65724 INFO tempest.lib.common.rest_client [req-bb161b76-830a-465f-9e93-ba30c0b36889 req-bb161b76-830a-465f-9e93-ba30c0b36889 ] Request (InstanceUsageAuditLogNegativeTestJSON:tearDownClass): 200 GET http://10.180.1.21/networking/v2.0/security-groups?tenant_id=9c1181cde32f4dc590c7e3ae6672c689&name=default 0.297s
2025-11-12 06:18:59.002 65724 INFO tempest.lib.common.rest_client [req-6d387224-25a6-428b-a1d5-3d57cfac966c req-6d387224-25a6-428b-a1d5-3d57cfac966c ] Request (InstanceUsageAuditLogNegativeTestJSON:tearDownClass): 204 DELETE http://10.180.1.21/networking/v2.0/security-groups/bbe6a2b9-82ed-473c-ae37-26656d683717 0.111s
2025-11-12 06:18:59.048 65706 INFO tempest.lib.common.rest_client [req-8dae5ba9-14b4-4109-9fc0-210a9711c040 req-8dae5ba9-14b4-4109-9fc0-210a9711c040 ] Request (FloatingIPDetailsTestJSON:setUpClass): 200 POST http://10.180.1.21/compute/v2.1/os-floating-ips 5.927s
2025-11-12 06:18:59.073 65736 INFO tempest.lib.common.rest_client [req-be7d10c6-6364-4348-9094-1498bf4e86d0 req-be7d10c6-6364-4348-9094-1498bf4e86d0 ] Request (FloatingIPsAssociationTestJSON:setUpClass): 200 GET http://10.180.1.21/compute/v2.1/servers/7f1bffb1-0581-4c04-bef9-b5d97170d5ae 5.607s
2025-11-12 06:18:59.143 65724 INFO tempest.lib.common.rest_client [req-8457bb74-015d-4b08-9bce-7e3af86eb1c8 req-8457bb74-015d-4b08-9bce-7e3af86eb1c8 ] Request (InstanceUsageAuditLogNegativeTestJSON:tearDownClass): 204 DELETE http://10.180.1.21/identity/v3/projects/9c1181cde32f4dc590c7e3ae6672c689 0.141s
2025-11-12 06:18:59.304 65724 INFO tempest.lib.common.rest_client [req-2531d49c-336d-4665-ade1-25a8f845923c req-2531d49c-336d-4665-ade1-25a8f845923c ] Request (QuotasSecurityGroupAdminNegativeTest:setUpClass): 201 POST http://10.180.1.21/identity/v3/auth/tokens 0.159s
2025-11-12 06:18:59.342 65724 INFO tempest.lib.common.rest_client [req-0bc9721c-999f-4b5d-8f43-78d16fc090e3 req-0bc9721c-999f-4b5d-8f43-78d16fc090e3 ] Request (QuotasSecurityGroupAdminNegativeTest:setUpClass): 201 POST http://10.180.1.21/identity/v3/auth/tokens 0.035s
2025-11-12 06:18:59.369 65724 INFO tempest.lib.common.rest_client [req-4c60705f-0cbb-4aaf-9d78-3886489e0883 req-4c60705f-0cbb-4aaf-9d78-3886489e0883 ] Request (QuotasSecurityGroupAdminNegativeTest:setUpClass): 200 GET http://10.180.1.21/identity/v3/domains?name=Default 0.026s
2025-11-12 06:18:59.415 65724 INFO tempest.lib.common.rest_client [req-1125b4ee-36f0-4bdf-8b19-b4b549af54ba req-1125b4ee-36f0-4bdf-8b19-b4b549af54ba ] Request (QuotasSecurityGroupAdminNegativeTest:setUpClass): 201 POST http://10.180.1.21/identity/v3/projects 0.045s
2025-11-12 06:18:59.437 65754 INFO tempest.lib.common.rest_client [req-fa018dbf-59ba-4c02-90b0-36a0b8aed6b7 req-fa018dbf-59ba-4c02-90b0-36a0b8aed6b7 ] Request (SecurityGroupsTestAdminJSON:test_list_security_groups_list_all_tenants_filter): 200 POST http://10.180.1.21/compute/v2.1/os-security-groups 5.762s
2025-11-12 06:18:59.509 65724 INFO tempest.lib.common.rest_client [req-21609ae3-813b-42a3-b23a-705c2a1d4e0d req-21609ae3-813b-42a3-b23a-705c2a1d4e0d ] Request (QuotasSecurityGroupAdminNegativeTest:setUpClass): 201 POST http://10.180.1.21/identity/v3/users 0.094s
2025-11-12 06:18:59.536 65724 INFO tempest.lib.common.rest_client [req-1ace2851-5962-47c7-9175-277a9cd50f93 req-1ace2851-5962-47c7-9175-277a9cd50f93 ] Request (QuotasSecurityGroupAdminNegativeTest:setUpClass): 200 GET http://10.180.1.21/identity/v3/roles 0.026s
2025-11-12 06:18:59.567 65724 INFO tempest.lib.common.rest_client [req-ac727f24-9fe2-4055-9f9f-84e07a767262 req-ac727f24-9fe2-4055-9f9f-84e07a767262 ] Request (QuotasSecurityGroupAdminNegativeTest:setUpClass): 204 PUT http://10.180.1.21/identity/v3/projects/69ea15de8d8341e492cb4dde31435696/users/4986bea1d08f4479881e2b1edd0b2ccf/roles/d5f563bb887e4a55a4fbecf558ce5784 0.031s
2025-11-12 06:18:59.568 65724 INFO tempest.lib.common.dynamic_creds [-] Dynamic test user 4986bea1d08f4479881e2b1edd0b2ccf is created with scope project and roles: ['member']
2025-11-12 06:18:59.568 65724 INFO tempest.lib.common.dynamic_creds [-] Acquired dynamic creds: credentials: Credentials: {'domain_id': 'default', 'domain_name': 'Default', 'username': 'tempest-QuotasSecurityGroupAdminNegativeTest-150157035-project-member', 'project_domain_id': 'default', 'project_domain_name': 'Default', 'project_id': '69ea15de8d8341e492cb4dde31435696', 'project_name': 'tempest-QuotasSecurityGroupAdminNegativeTest-150157035', 'tenant_id': '69ea15de8d8341e492cb4dde31435696', 'tenant_name': 'tempest-QuotasSecurityGroupAdminNegativeTest-150157035', 'user_domain_id': 'default', 'user_domain_name': 'Default', 'user_id': '4986bea1d08f4479881e2b1edd0b2ccf', 'system': None}, Network: None, Subnet: None, Router: None
2025-11-12 06:18:59.568 65724 INFO tempest.lib.common.dynamic_creds [-] Created isolated network resources for: credentials: Credentials: {'domain_id': 'default', 'domain_name': 'Default', 'username': 'tempest-QuotasSecurityGroupAdminNegativeTest-150157035-project-member', 'project_domain_id': 'default', 'project_domain_name': 'Default', 'project_id': '69ea15de8d8341e492cb4dde31435696', 'project_name': 'tempest-QuotasSecurityGroupAdminNegativeTest-150157035', 'tenant_id': '69ea15de8d8341e492cb4dde31435696', 'tenant_name': 'tempest-QuotasSecurityGroupAdminNegativeTest-150157035', 'user_domain_id': 'default', 'user_domain_name': 'Default', 'user_id': '4986bea1d08f4479881e2b1edd0b2ccf', 'system': None}, Network: None, Subnet: None, Router: None
2025-11-12 06:18:59.651 65724 INFO tempest.lib.common.rest_client [req-d72d1c6f-7d5a-4af2-b5dc-d67f94a75ac9 req-d72d1c6f-7d5a-4af2-b5dc-d67f94a75ac9 ] Request (QuotasSecurityGroupAdminNegativeTest:setUpClass): 201 POST http://10.180.1.21/identity/v3/auth/tokens 0.073s
2025-11-12 06:18:59.666 65714 INFO tempest.lib.common.rest_client [req-99ce4c17-c055-4c1b-b380-142933481329 req-99ce4c17-c055-4c1b-b380-142933481329 ] Request (QuotasAdminTestV236:test_get_updated_quotas): 200 PUT http://10.180.1.21/compute/v2.1/os-quota-sets/892485e9f1b54865a758adc5db4abd2a?user_id=33bfa38fc667474c934842c04bb85c0d 5.473s
2025-11-12 06:18:59.720 65724 INFO tempest.lib.common.rest_client [req-f1385bf5-c154-4add-993d-2d90363ba972 req-f1385bf5-c154-4add-993d-2d90363ba972 ] Request (QuotasSecurityGroupAdminNegativeTest:setUpClass): 201 POST http://10.180.1.21/identity/v3/projects 0.068s
2025-11-12 06:18:59.726 65732 INFO tempest.lib.common.rest_client [req-67716a1e-414e-4e9b-a7b8-913af377d6f4 req-67716a1e-414e-4e9b-a7b8-913af377d6f4 ] Request (ServerExternalEventsTest:test_create_server_external_events): 202 POST http://10.180.1.21/compute/v2.1/servers 5.967s
2025-11-12 06:18:59.806 65748 INFO tempest.lib.common.rest_client [req-7c3b8c5d-3171-47a1-8201-dc4a6839255f req-7c3b8c5d-3171-47a1-8201-dc4a6839255f ] Request (HypervisorAdminNegativeUnderV252Test:test_search_hypervisor_with_non_admin_user): 200 GET http://10.180.1.21/compute/v2.1/os-hypervisors 5.398s
2025-11-12 06:18:59.816 65724 INFO tempest.lib.common.rest_client [req-f4ee3093-cd5d-4e6b-9de8-3caebb331f4b req-f4ee3093-cd5d-4e6b-9de8-3caebb331f4b ] Request (QuotasSecurityGroupAdminNegativeTest:setUpClass): 201 POST http://10.180.1.21/identity/v3/users 0.095s
2025-11-12 06:18:59.849 65724 INFO tempest.lib.common.rest_client [req-e56c6718-6e97-4712-a952-75478a73d074 req-e56c6718-6e97-4712-a952-75478a73d074 ] Request (QuotasSecurityGroupAdminNegativeTest:setUpClass): 200 GET http://10.180.1.21/identity/v3/roles 0.032s
2025-11-12 06:18:59.907 65710 INFO tempest.lib.common.rest_client [req-3ccd9020-b6ad-435f-b408-64b8255c4412 req-3ccd9020-b6ad-435f-b408-64b8255c4412 ] Request (HypervisorAdminNegativeTestJSON:test_get_hypervisor_uptime_with_non_admin_user): 200 GET http://10.180.1.21/compute/v2.1/os-hypervisors 5.081s
2025-11-12 06:18:59.910 65724 INFO tempest.lib.common.rest_client [req-09921611-c2e6-4b05-983f-db8ce5602432 req-09921611-c2e6-4b05-983f-db8ce5602432 ] Request (QuotasSecurityGroupAdminNegativeTest:setUpClass): 204 PUT http://10.180.1.21/identity/v3/projects/f1d0a3a6d08749bfbbd84724bb4f6d76/users/0ee52c7d7083454aa3faff0f293be396/roles/8da0b01e61d740bfa27ba6ddfb89f7c4 0.060s
2025-11-12 06:18:59.920 65746 INFO tempest.lib.common.rest_client [req-95dd4598-b5bf-4e7a-bbfe-3ad436ec4ead req-95dd4598-b5bf-4e7a-bbfe-3ad436ec4ead ] Request (FlavorsAccessNegativeTestJSON:test_add_flavor_access_duplicate): 409 POST http://10.180.1.21/compute/v2.1/flavors/1479608164/action 4.926s
2025-11-12 06:18:59.933 65708 INFO tempest.lib.common.rest_client [req-b1fc47d4-c32e-4d65-9c0a-6521a4ea2fd9 req-b1fc47d4-c32e-4d65-9c0a-6521a4ea2fd9 ] Request (HypervisorAdminUnderV252Test:test_search_hypervisor): 200 GET http://10.180.1.21/compute/v2.1/os-hypervisors/domain-c8.fc996f14-c53b-4953-92e3-bdfa48f5cc28/search 4.913s
2025-11-12 06:18:59.939 65740 INFO tempest.lib.common.rest_client [req-a9cd9363-7664-4223-91a6-ce58f8260bfa req-a9cd9363-7664-4223-91a6-ce58f8260bfa ] Request (ImagesMetadataNegativeTestJSON:test_set_nonexistent_image_metadata_item): 404 PUT http://10.180.1.21/compute/v2.1/images/05ef9704-dce3-4190-8c4b-13884148b4e2/metadata/os_distro 4.893s
2025-11-12 06:18:59.944 65696 INFO tempest.lib.common.rest_client [req-7ce8733e-72c0-4943-83c7-599cc24327bf req-7ce8733e-72c0-4943-83c7-599cc24327bf ] Request (FlavorsExtraSpecsNegativeTestJSON:test_flavor_unset_nonexistent_key): 404 DELETE http://10.180.1.21/compute/v2.1/flavors/959137735/os-extra_specs/hw:cpu_thread_policy 4.891s
2025-11-12 06:18:59.969 65712 INFO tempest.lib.common.rest_client [req-a051a0c2-35ed-4711-bdc7-84a2cc9a2197 req-a051a0c2-35ed-4711-bdc7-84a2cc9a2197 ] Request (FlavorsV261TestJSON:test_crud_flavor): 200 GET http://10.180.1.21/compute/v2.1/flavors/detail 4.879s
2025-11-12 06:18:59.972 65724 INFO tempest.lib.common.rest_client [req-606435b2-c57a-43e2-ab49-304c8515094e req-606435b2-c57a-43e2-ab49-304c8515094e ] Request (QuotasSecurityGroupAdminNegativeTest:setUpClass): 200 GET http://10.180.1.21/identity/v3/roles 0.062s
2025-11-12 06:18:59.978 65692 INFO tempest.lib.common.rest_client [req-4394a73a-70db-47b9-8553-9aa54ea37631 req-4394a73a-70db-47b9-8553-9aa54ea37631 ] Request (KeyPairsV210TestJSON:test_admin_manage_keypairs_for_other_users): 201 POST http://10.180.1.21/compute/v2.1/os-keypairs 4.878s
2025-11-12 06:18:59.995 65724 INFO tempest.lib.common.rest_client [req-a82901f6-bb42-43df-87b1-3881d06fb67a req-a82901f6-bb42-43df-87b1-3881d06fb67a ] Request (QuotasSecurityGroupAdminNegativeTest:setUpClass): 204 PUT http://10.180.1.21/identity/v3/projects/f1d0a3a6d08749bfbbd84724bb4f6d76/users/0ee52c7d7083454aa3faff0f293be396/roles/8da0b01e61d740bfa27ba6ddfb89f7c4 0.022s
2025-11-12 06:18:59.995 65724 INFO tempest.lib.common.dynamic_creds [-] Dynamic test user 0ee52c7d7083454aa3faff0f293be396 is created with scope project and roles: ['admin']
2025-11-12 06:18:59.995 65724 INFO tempest.lib.common.dynamic_creds [-] Acquired dynamic creds: credentials: Credentials: {'domain_id': 'default', 'domain_name': 'Default', 'username': 'tempest-QuotasSecurityGroupAdminNegativeTest-1921197251-project-admin', 'project_domain_id': 'default', 'project_domain_name': 'Default', 'project_id': 'f1d0a3a6d08749bfbbd84724bb4f6d76', 'project_name': 'tempest-QuotasSecurityGroupAdminNegativeTest-1921197251', 'tenant_id': 'f1d0a3a6d08749bfbbd84724bb4f6d76', 'tenant_name': 'tempest-QuotasSecurityGroupAdminNegativeTest-1921197251', 'user_domain_id': 'default', 'user_domain_name': 'Default', 'user_id': '0ee52c7d7083454aa3faff0f293be396', 'system': None}, Network: None, Subnet: None, Router: None
2025-11-12 06:18:59.995 65724 INFO tempest.lib.common.dynamic_creds [-] Created isolated network resources for: credentials: Credentials: {'domain_id': 'default', 'domain_name': 'Default', 'username': 'tempest-QuotasSecurityGroupAdminNegativeTest-1921197251-project-admin', 'project_domain_id': 'default', 'project_domain_name': 'Default', 'project_id': 'f1d0a3a6d08749bfbbd84724bb4f6d76', 'project_name': 'tempest-QuotasSecurityGroupAdminNegativeTest-1921197251', 'tenant_id': 'f1d0a3a6d08749bfbbd84724bb4f6d76', 'tenant_name': 'tempest-QuotasSecurityGroupAdminNegativeTest-1921197251', 'user_domain_id': 'default', 'user_domain_name': 'Default', 'user_id': '0ee52c7d7083454aa3faff0f293be396', 'system': None}, Network: None, Subnet: None, Router: None
2025-11-12 06:18:59.998 65716 INFO tempest.lib.common.rest_client [req-12e278d7-8730-486e-9ba5-35a1868acbff req-12e278d7-8730-486e-9ba5-35a1868acbff ] Request (FlavorsV255TestJSON:test_crud_flavor): 200 GET http://10.180.1.21/compute/v2.1/flavors/detail 4.880s
2025-11-12 06:19:00.006 65726 INFO tempest.lib.common.rest_client [req-da639560-6eb9-4da4-9384-2e2ea6e8a504 req-da639560-6eb9-4da4-9384-2e2ea6e8a504 ] Request (FlavorMetadataValidation:_run_cleanups): 200 GET http://10.180.1.21/compute/v2.1/flavors/detail 4.874s
2025-11-12 06:19:00.041 65728 INFO tempest.lib.common.rest_client [req-87aba1c6-1ee2-4a13-9f78-d82f1835992a req-87aba1c6-1ee2-4a13-9f78-d82f1835992a ] Request (FlavorsAdminTestJSON:test_create_flavor_verify_entry_in_list_details): 200 POST http://10.180.1.21/compute/v2.1/flavors 4.791s
2025-11-12 06:19:00.067 65720 INFO tempest.lib.common.rest_client [req-bbaf744c-d386-440f-a8ff-01c927d2b76e req-bbaf744c-d386-440f-a8ff-01c927d2b76e ] Request (HostsAdminTestJSON:test_list_hosts_with_zone): 200 GET http://10.180.1.21/compute/v2.1/os-hosts?zone=internal 4.811s
2025-11-12 06:19:00.095 65724 INFO tempest.lib.common.rest_client [req-2a41f127-0a42-4249-a9ec-33cf019df402 req-2a41f127-0a42-4249-a9ec-33cf019df402 ] Request (QuotasSecurityGroupAdminNegativeTest:setUpClass): 201 POST http://10.180.1.21/identity/v3/auth/tokens 0.097s
2025-11-12 06:19:00.096 65724 WARNING tempest.lib.common.rest_client [-] Deprecated: "tenant_id" property is deprecated for removal, use "project_id" instead
2025-11-12 06:19:00.136 65708 INFO tempest.lib.common.rest_client [req-52962afd-ba7a-45ee-8148-d85b449d0212 req-52962afd-ba7a-45ee-8148-d85b449d0212 ] Request (HypervisorAdminUnderV252Test:tearDownClass): 204 DELETE http://10.180.1.21/identity/v3/users/d633575af56c4435aab9e29f84cffe76 0.200s
2025-11-12 06:19:00.249 65726 INFO tempest.lib.common.rest_client [req-67713c95-dbcf-46f3-9b57-585cca4b8e63 req-67713c95-dbcf-46f3-9b57-585cca4b8e63 ] Request (FlavorMetadataValidation:tearDownClass): 204 DELETE http://10.180.1.21/identity/v3/users/aa28b3e0f9f34fe2aadc3ed8e6de1e0b 0.226s
2025-11-12 06:19:00.257 65704 INFO tempest.lib.common.rest_client [req-67a18f09-009f-4218-80ae-f3a839411a8f req-67a18f09-009f-4218-80ae-f3a839411a8f ] Request (ServersWithSpecificFlavorTestJSON:test_verify_created_server_ephemeral_disk): 200 POST http://10.180.1.21/compute/v2.1/flavors 5.043s
2025-11-12 06:19:00.404 65708 INFO tempest.lib.common.rest_client [req-b186de33-cb6b-4b06-8c43-3809f28815ad req-b186de33-cb6b-4b06-8c43-3809f28815ad ] Request (HypervisorAdminUnderV252Test:tearDownClass): 204 DELETE http://10.180.1.21/identity/v3/users/6d630b18aa4c44cbbf2dc508bc9fe530 0.268s
2025-11-12 06:19:00.404 65708 INFO tempest.lib.common.dynamic_creds [-] Deleting project and security group for project: ccced885cb504e7ead21672d484f821f
2025-11-12 06:19:00.411 65724 INFO tempest.lib.common.rest_client [req-befa0e0f-8115-4418-b0be-e860bfb5259f req-befa0e0f-8115-4418-b0be-e860bfb5259f ] Request (QuotasSecurityGroupAdminNegativeTest:tearDownClass): 204 DELETE http://10.180.1.21/identity/v3/users/4986bea1d08f4479881e2b1edd0b2ccf 0.312s
2025-11-12 06:19:00.513 65726 INFO tempest.lib.common.rest_client [req-92508eb7-c697-4a77-a8d7-c7e388b99c66 req-92508eb7-c697-4a77-a8d7-c7e388b99c66 ] Request (FlavorMetadataValidation:tearDownClass): 204 DELETE http://10.180.1.21/identity/v3/users/b42cd674fd844dc2969f0bdb62cbd40a 0.264s
2025-11-12 06:19:00.514 65726 INFO tempest.lib.common.dynamic_creds [-] Deleting project and security group for project: 25c9ab09157a45be805868d50603f02b
2025-11-12 06:19:00.569 65750 INFO tempest.lib.common.rest_client [req-f66de5d3-9db5-4fe1-b4cc-c1fc68c7b0d1 req-f66de5d3-9db5-4fe1-b4cc-c1fc68c7b0d1 ] Request (FlavorsAccessTestJSON:test_flavor_access_add_remove): 200 POST http://10.180.1.21/compute/v2.1/flavors/1694020522/action 5.208s
2025-11-12 06:19:00.585 65708 INFO tempest.lib.common.rest_client [req-9312d4a1-0174-4dc6-83e1-034eae99a4c4 req-9312d4a1-0174-4dc6-83e1-034eae99a4c4 ] Request (HypervisorAdminUnderV252Test:tearDownClass): 201 POST http://10.180.1.21/identity/v3/auth/tokens 0.180s
2025-11-12 06:19:00.612 65726 INFO tempest.lib.common.rest_client [req-331bcb35-67a8-46df-83cc-a28b6e6d708f req-331bcb35-67a8-46df-83cc-a28b6e6d708f ] Request (FlavorMetadataValidation:tearDownClass): 201 POST http://10.180.1.21/identity/v3/auth/tokens 0.098s
2025-11-12 06:19:00.665 65724 INFO tempest.lib.common.rest_client [req-2371ffec-8abc-4648-befc-033dd9c18250 req-2371ffec-8abc-4648-befc-033dd9c18250 ] Request (QuotasSecurityGroupAdminNegativeTest:tearDownClass): 204 DELETE http://10.180.1.21/identity/v3/users/0ee52c7d7083454aa3faff0f293be396 0.254s
2025-11-12 06:19:00.665 65724 INFO tempest.lib.common.dynamic_creds [-] Deleting project and security group for project: 69ea15de8d8341e492cb4dde31435696
2025-11-12 06:19:00.724 65724 INFO tempest.lib.common.rest_client [req-83af3ff7-5c81-4876-b66a-4236b3c94851 req-83af3ff7-5c81-4876-b66a-4236b3c94851 ] Request (QuotasSecurityGroupAdminNegativeTest:tearDownClass): 201 POST http://10.180.1.21/identity/v3/auth/tokens 0.058s
2025-11-12 06:19:01.029 65694 INFO tempest.lib.common.rest_client [req-8ab2a5f6-e554-4ce8-8a3a-98d3cb611076 req-8ab2a5f6-e554-4ce8-8a3a-98d3cb611076 ] Request (ServerDiagnosticsNegativeTest:test_get_server_diagnostics_by_non_admin): 200 GET http://10.180.1.21/compute/v2.1/servers/54599b59-5e4e-4006-9550-fcf7f5500ed4 5.200s
2025-11-12 06:19:01.037 65694 INFO tempest.common.waiters [-] State transition "BUILD/block_device_mapping" ==> "BUILD/spawning" after 7 second wait
2025-11-12 06:19:01.197 65708 INFO tempest.lib.common.rest_client [req-00f7c7d0-c103-4435-9ac8-89b225ef74aa req-00f7c7d0-c103-4435-9ac8-89b225ef74aa ] Request (HypervisorAdminUnderV252Test:tearDownClass): 200 GET http://10.180.1.21/networking/v2.0/security-groups?tenant_id=ccced885cb504e7ead21672d484f821f&name=default 0.612s
2025-11-12 06:19:01.361 65726 INFO tempest.lib.common.rest_client [req-85410fb4-c06a-4214-adf9-1d7d072e7238 req-85410fb4-c06a-4214-adf9-1d7d072e7238 ] Request (FlavorMetadataValidation:tearDownClass): 200 GET http://10.180.1.21/networking/v2.0/security-groups?tenant_id=25c9ab09157a45be805868d50603f02b&name=default 0.749s
2025-11-12 06:19:01.487 65724 INFO tempest.lib.common.rest_client [req-433015a5-611c-47d7-99bf-7d6b75d20bc6 req-433015a5-611c-47d7-99bf-7d6b75d20bc6 ] Request (QuotasSecurityGroupAdminNegativeTest:tearDownClass): 200 GET http://10.180.1.21/networking/v2.0/security-groups?tenant_id=69ea15de8d8341e492cb4dde31435696&name=default 0.763s
2025-11-12 06:19:01.606 65708 INFO tempest.lib.common.rest_client [req-9fa23369-0da1-440f-a8ea-363ebedceda2 req-9fa23369-0da1-440f-a8ea-363ebedceda2 ] Request (HypervisorAdminUnderV252Test:tearDownClass): 204 DELETE http://10.180.1.21/networking/v2.0/security-groups/e6887670-513b-4404-add3-3bc3944922f7 0.408s
2025-11-12 06:19:01.638 65730 INFO tempest.lib.common.rest_client [req-0626abb6-58bf-4bb3-847f-2d413c267bcc req-0626abb6-58bf-4bb3-847f-2d413c267bcc ] Request (TenantUsagesTestJSON:setUpClass): 200 GET http://10.180.1.21/compute/v2.1/servers/5870160a-42e5-4aa5-92cd-660f8d7f1384 5.792s
2025-11-12 06:19:01.646 65730 INFO tempest.common.waiters [-] State transition "BUILD/None" ==> "BUILD/spawning" after 7 second wait
2025-11-12 06:19:01.679 65708 INFO tempest.lib.common.rest_client [req-03e40510-bc9a-43c4-860a-c0beb1348b7d req-03e40510-bc9a-43c4-860a-c0beb1348b7d ] Request (HypervisorAdminUnderV252Test:tearDownClass): 204 DELETE http://10.180.1.21/identity/v3/projects/ccced885cb504e7ead21672d484f821f 0.073s
2025-11-12 06:19:01.679 65708 INFO tempest.lib.common.dynamic_creds [-] Deleting project and security group for project: 5d725b36d5844f648cd49b0d372242c3
2025-11-12 06:19:01.705 65726 INFO tempest.lib.common.rest_client [req-12b60ab4-733a-458a-93f1-862847df5df7 req-12b60ab4-733a-458a-93f1-862847df5df7 ] Request (FlavorMetadataValidation:tearDownClass): 204 DELETE http://10.180.1.21/networking/v2.0/security-groups/ade32fda-098f-45f5-90b4-e7772e6d97c7 0.343s
2025-11-12 06:19:01.787 65724 INFO tempest.lib.common.rest_client [req-138ad6b5-6d70-4a03-b1f9-3366c627b578 req-138ad6b5-6d70-4a03-b1f9-3366c627b578 ] Request (QuotasSecurityGroupAdminNegativeTest:tearDownClass): 204 DELETE http://10.180.1.21/networking/v2.0/security-groups/f0c838e3-47d9-45f1-aa4e-a0907d405ba3 0.300s
2025-11-12 06:19:01.849 65726 INFO tempest.lib.common.rest_client [req-0b4d8043-095d-4692-9556-1a7a210bc7f1 req-0b4d8043-095d-4692-9556-1a7a210bc7f1 ] Request (FlavorMetadataValidation:tearDownClass): 204 DELETE http://10.180.1.21/identity/v3/projects/25c9ab09157a45be805868d50603f02b 0.144s
2025-11-12 06:19:01.849 65726 INFO tempest.lib.common.dynamic_creds [-] Deleting project and security group for project: 5c76ba555f564e9f9517a27d7d9fe33b
2025-11-12 06:19:01.893 65724 INFO tempest.lib.common.rest_client [req-2dd0a1ca-7e9d-45d6-8d2c-cf6ada10b286 req-2dd0a1ca-7e9d-45d6-8d2c-cf6ada10b286 ] Request (QuotasSecurityGroupAdminNegativeTest:tearDownClass): 204 DELETE http://10.180.1.21/identity/v3/projects/69ea15de8d8341e492cb4dde31435696 0.105s
2025-11-12 06:19:01.893 65724 INFO tempest.lib.common.dynamic_creds [-] Deleting project and security group for project: f1d0a3a6d08749bfbbd84724bb4f6d76
2025-11-12 06:19:01.953 65744 INFO tempest.lib.common.rest_client [req-06908a7a-5d54-4bee-ab11-00707dc8109b req-06908a7a-5d54-4bee-ab11-00707dc8109b ] Request (SecurityGroupRulesTestJSON:test_security_group_rules_create_with_optional_cidr): 200 POST http://10.180.1.21/compute/v2.1/os-security-groups 5.847s
2025-11-12 06:19:02.041 65708 INFO tempest.lib.common.rest_client [req-043040a0-5c74-4f7f-a8e7-bc8793c5e874 req-043040a0-5c74-4f7f-a8e7-bc8793c5e874 ] Request (HypervisorAdminUnderV252Test:tearDownClass): 200 GET http://10.180.1.21/networking/v2.0/security-groups?tenant_id=5d725b36d5844f648cd49b0d372242c3&name=default 0.362s
2025-11-12 06:19:02.135 65726 INFO tempest.lib.common.rest_client [req-bd57bc7e-aafa-4a93-a4fd-3d88bf980a41 req-bd57bc7e-aafa-4a93-a4fd-3d88bf980a41 ] Request (FlavorMetadataValidation:tearDownClass): 200 GET http://10.180.1.21/networking/v2.0/security-groups?tenant_id=5c76ba555f564e9f9517a27d7d9fe33b&name=default 0.286s
2025-11-12 06:19:02.196 65698 INFO tempest.lib.common.rest_client [req-40ce969b-d0ea-4f2c-8eec-e3a543e67603 req-40ce969b-d0ea-4f2c-8eec-e3a543e67603 ] Request (MigrationsAdminTest:test_list_migrations_in_flavor_resize_situation): 200 GET http://10.180.1.21/compute/v2.1/servers/fb707546-c7c9-4c0c-a733-e681ea1fb514 6.010s
2025-11-12 06:19:02.242 65724 INFO tempest.lib.common.rest_client [req-59fea464-1cdf-4f20-bf79-9c2edf8fc016 req-59fea464-1cdf-4f20-bf79-9c2edf8fc016 ] Request (QuotasSecurityGroupAdminNegativeTest:tearDownClass): 200 GET http://10.180.1.21/networking/v2.0/security-groups?tenant_id=f1d0a3a6d08749bfbbd84724bb4f6d76&name=default 0.348s
2025-11-12 06:19:02.291 65708 INFO tempest.lib.common.rest_client [req-9724fff5-4e04-41c2-b57a-78d0f985ed17 req-9724fff5-4e04-41c2-b57a-78d0f985ed17 ] Request (HypervisorAdminUnderV252Test:tearDownClass): 204 DELETE http://10.180.1.21/networking/v2.0/security-groups/c8eebd12-66c0-4ad6-b7e6-8bcb4edda14a 0.250s
2025-11-12 06:19:02.368 65726 INFO tempest.lib.common.rest_client [req-eea8cb8b-4c58-44e2-a64b-ce828c01098e req-eea8cb8b-4c58-44e2-a64b-ce828c01098e ] Request (FlavorMetadataValidation:tearDownClass): 204 DELETE http://10.180.1.21/networking/v2.0/security-groups/283998dc-df30-4e69-9908-2a212483e93d 0.233s
2025-11-12 06:19:02.400 65752 INFO tempest.lib.common.rest_client [req-f7e45e63-7c89-49f2-ac15-136a241e4321 req-f7e45e63-7c89-49f2-ac15-136a241e4321 ] Request (VolumesAssistedSnapshotsTest:test_volume_assisted_snapshot_create_delete): 200 POST http://10.180.1.21/compute/v2.1/os-keypairs 5.682s
2025-11-12 06:19:02.422 65708 INFO tempest.lib.common.rest_client [req-534e6912-e824-4a34-b3f0-fc41b6acb75f req-534e6912-e824-4a34-b3f0-fc41b6acb75f ] Request (HypervisorAdminUnderV252Test:tearDownClass): 204 DELETE http://10.180.1.21/identity/v3/projects/5d725b36d5844f648cd49b0d372242c3 0.130s
2025-11-12 06:19:02.423 65708 INFO tempest.test [-] raised in LiveMigrationManagerWorkflowTest.setUpClass. Invoking tearDownClass.
2025-11-12 06:19:02.441 65724 INFO tempest.lib.common.rest_client [req-cff260e0-98f9-448d-a3b4-d7c510306acf req-cff260e0-98f9-448d-a3b4-d7c510306acf ] Request (QuotasSecurityGroupAdminNegativeTest:tearDownClass): 204 DELETE http://10.180.1.21/networking/v2.0/security-groups/1ae5c727-8394-4316-acdc-6bec5918dcc6 0.199s
2025-11-12 06:19:02.502 65708 INFO tempest.lib.common.rest_client [req-8860efe1-0b4d-4d21-a276-979fc178de55 req-8860efe1-0b4d-4d21-a276-979fc178de55 ] Request (MultipleCreateNegativeTestJSON:setUpClass): 201 POST http://10.180.1.21/identity/v3/auth/tokens 0.075s
2025-11-12 06:19:02.502 65752 INFO tempest.lib.common.rest_client [req-440cb949-fa36-4ff8-b71a-7064548dd00c req-440cb949-fa36-4ff8-b71a-7064548dd00c ] Request (VolumesAssistedSnapshotsTest:test_volume_assisted_snapshot_create_delete): 201 POST http://10.180.1.21/networking/v2.0/security-groups 0.100s
2025-11-12 06:19:02.525 65726 INFO tempest.lib.common.rest_client [req-6a4bc103-0b91-43a8-bf11-2f9b24024ecb req-6a4bc103-0b91-43a8-bf11-2f9b24024ecb ] Request (FlavorMetadataValidation:tearDownClass): 204 DELETE http://10.180.1.21/identity/v3/projects/5c76ba555f564e9f9517a27d7d9fe33b 0.155s
2025-11-12 06:19:02.591 65724 INFO tempest.lib.common.rest_client [req-516f6efd-a6b9-44d3-8834-537a2e8480c5 req-516f6efd-a6b9-44d3-8834-537a2e8480c5 ] Request (QuotasSecurityGroupAdminNegativeTest:tearDownClass): 204 DELETE http://10.180.1.21/identity/v3/projects/f1d0a3a6d08749bfbbd84724bb4f6d76 0.149s
2025-11-12 06:19:02.592 65724 INFO tempest.test [-] raised in UnshelveToHostMultiNodesTest.setUpClass. Invoking tearDownClass.
2025-11-12 06:19:02.670 65708 INFO tempest.lib.common.rest_client [req-170fe7ac-4944-454a-bb69-ec31fe913e09 req-170fe7ac-4944-454a-bb69-ec31fe913e09 ] Request (MultipleCreateNegativeTestJSON:setUpClass): 201 POST http://10.180.1.21/identity/v3/auth/tokens 0.166s
2025-11-12 06:19:02.671 65752 INFO tempest.lib.common.rest_client [req-3bf7d30e-a5b7-4853-afbc-f1a7e90b9ebf req-3bf7d30e-a5b7-4853-afbc-f1a7e90b9ebf ] Request (VolumesAssistedSnapshotsTest:test_volume_assisted_snapshot_create_delete): 201 POST http://10.180.1.21/networking/v2.0/security-group-rules 0.167s
2025-11-12 06:19:02.674 65726 INFO tempest.lib.common.rest_client [req-fa6874ab-86bf-4b0d-ac67-7c3d3e03cec3 req-fa6874ab-86bf-4b0d-ac67-7c3d3e03cec3 ] Request (QuotasAdminTestJSON:setUpClass): 201 POST http://10.180.1.21/identity/v3/auth/tokens 0.147s
2025-11-12 06:19:02.698 65724 INFO tempest.lib.common.rest_client [req-db16b24a-4820-49e4-a7ba-86f919113cfd req-db16b24a-4820-49e4-a7ba-86f919113cfd ] Request (ImagesOneServerNegativeTestJSON:setUpClass): 201 POST http://10.180.1.21/identity/v3/auth/tokens 0.102s
2025-11-12 06:19:02.708 65708 INFO tempest.lib.common.rest_client [req-0256cee2-3e5c-459c-b074-1bb5fad3da31 req-0256cee2-3e5c-459c-b074-1bb5fad3da31 ] Request (MultipleCreateNegativeTestJSON:setUpClass): 200 GET http://10.180.1.21/identity/v3/domains?name=Default 0.037s
2025-11-12 06:19:02.709 65718 INFO tempest.lib.common.rest_client [req-ee3ad692-b9f1-44bb-92ea-a7577ecd970e req-ee3ad692-b9f1-44bb-92ea-a7577ecd970e ] Request (DeleteServersAdminTestJSON:test_admin_delete_servers_of_others): 200 GET http://10.180.1.21/compute/v2.1/servers/b27f0f52-6916-4a4a-aa90-b10a4309df00 5.150s
2025-11-12 06:19:02.718 65718 INFO tempest.common.waiters [-] State transition "BUILD/None" ==> "BUILD/spawning" after 6 second wait
2025-11-12 06:19:02.733 65726 INFO tempest.lib.common.rest_client [req-b09be9ac-b88d-4002-84dd-d76b2ab85404 req-b09be9ac-b88d-4002-84dd-d76b2ab85404 ] Request (QuotasAdminTestJSON:setUpClass): 201 POST http://10.180.1.21/identity/v3/auth/tokens 0.057s
2025-11-12 06:19:02.741 65724 INFO tempest.lib.common.rest_client [req-ea4d605e-2298-40f4-aa69-63ab0bbc6c9c req-ea4d605e-2298-40f4-aa69-63ab0bbc6c9c ] Request (ImagesOneServerNegativeTestJSON:setUpClass): 201 POST http://10.180.1.21/identity/v3/auth/tokens 0.041s
2025-11-12 06:19:02.786 65708 INFO tempest.lib.common.rest_client [req-5f5b9b4a-0edd-4f72-8e6b-2d86b04a521a req-5f5b9b4a-0edd-4f72-8e6b-2d86b04a521a ] Request (MultipleCreateNegativeTestJSON:setUpClass): 201 POST http://10.180.1.21/identity/v3/projects 0.077s
2025-11-12 06:19:02.890 65726 INFO tempest.lib.common.rest_client [req-02c08d55-e6ed-4aa1-a097-00efebb3aeec req-02c08d55-e6ed-4aa1-a097-00efebb3aeec ] Request (QuotasAdminTestJSON:setUpClass): 200 GET http://10.180.1.21/identity/v3/domains?name=Default 0.156s
2025-11-12 06:19:02.899 65752 INFO tempest.lib.common.rest_client [req-295f4f26-074d-406b-8a69-367c63e324a7 req-295f4f26-074d-406b-8a69-367c63e324a7 ] Request (VolumesAssistedSnapshotsTest:test_volume_assisted_snapshot_create_delete): 201 POST http://10.180.1.21/networking/v2.0/security-group-rules 0.226s
2025-11-12 06:19:02.899 65724 INFO tempest.lib.common.rest_client [req-6df29d76-77c9-4fbe-b32c-9014e5fc8c5f req-6df29d76-77c9-4fbe-b32c-9014e5fc8c5f ] Request (ImagesOneServerNegativeTestJSON:setUpClass): 200 GET http://10.180.1.21/identity/v3/domains?name=Default 0.157s
2025-11-12 06:19:02.903 65702 INFO tempest.lib.common.rest_client [req-93739207-0c55-444d-b5de-11aae13e3a30 req-93739207-0c55-444d-b5de-11aae13e3a30 ] Request (AttachInterfacesUnderV243Test:test_add_remove_fixed_ip): 202 POST http://10.180.1.21/compute/v2.1/servers 6.824s
2025-11-12 06:19:02.927 65708 INFO tempest.lib.common.rest_client [req-a1974960-69c2-49f6-b3ca-bbb2c9802ce3 req-a1974960-69c2-49f6-b3ca-bbb2c9802ce3 ] Request (MultipleCreateNegativeTestJSON:setUpClass): 201 POST http://10.180.1.21/identity/v3/users 0.140s
2025-11-12 06:19:02.930 65726 INFO tempest.lib.common.rest_client [req-0ca95421-debe-4c7f-bcff-9aec4681e7cc req-0ca95421-debe-4c7f-bcff-9aec4681e7cc ] Request (QuotasAdminTestJSON:setUpClass): 201 POST http://10.180.1.21/identity/v3/projects 0.040s
2025-11-12 06:19:03.025 65724 INFO tempest.lib.common.rest_client [req-249922db-c9fb-4c69-8237-a171de07a5fa req-249922db-c9fb-4c69-8237-a171de07a5fa ] Request (ImagesOneServerNegativeTestJSON:setUpClass): 201 POST http://10.180.1.21/identity/v3/projects 0.125s
2025-11-12 06:19:03.097 65708 INFO tempest.lib.common.rest_client [req-77e29fde-4b40-4519-8323-72f1c61b14c4 req-77e29fde-4b40-4519-8323-72f1c61b14c4 ] Request (MultipleCreateNegativeTestJSON:setUpClass): 200 GET http://10.180.1.21/identity/v3/roles 0.169s
