2025-11-12 06:20:23.383 65700 INFO tempest.common.waiters [-] State transition "BUILD/None" ==> "BUILD/block_device_mapping" after 17 second wait
2025-11-12 06:20:23.406 65750 INFO tempest.lib.common.rest_client [req-bb4f839b-4012-4e4d-97ac-43d92d414b59 req-bb4f839b-4012-4e4d-97ac-43d92d414b59 ] Request (InstanceActionsTestJSON:setUpClass): 201 POST http://10.180.1.21/identity/v3/auth/tokens 0.111s
2025-11-12 06:20:23.443 65750 INFO tempest.lib.common.rest_client [req-18855bef-02f0-4b18-ba4b-50bb30e67e29 req-18855bef-02f0-4b18-ba4b-50bb30e67e29 ] Request (InstanceActionsTestJSON:setUpClass): 201 POST http://10.180.1.21/identity/v3/auth/tokens 0.034s
2025-11-12 06:20:23.443 65750 INFO tempest.lib.common.fixed_network [-] (InstanceActionsTestJSON:setUpClass) Found network {'id': '61474763-81a5-4343-9f80-5d1d3ec70ef8', 'name': 'tempest-InstanceActionsTestJSON-776270116-network', 'tenant_id': 'ba7dfd4caf394929a73b6c6dff269ef6', 'project_id': 'ba7dfd4caf394929a73b6c6dff269ef6', 'admin_state_up': True, 'mtu': 8950, 'status': 'ACTIVE', 'subnets': [], 'shared': False, 'port_security_enabled': True, 'router:external': False, 'provider:network_type': 'vlan', 'provider:physical_network': 'default', 'provider:segmentation_id': 561, 'availability_zone_hints': [], 'availability_zones': [], 'ipv4_address_scope': None, 'ipv6_address_scope': None, 'description': '', 'tags': [], 'created_at': '2025-11-12T06:20:21Z', 'updated_at': '2025-11-12T06:20:21Z', 'revision_number': 1} available for tenant
2025-11-12 06:20:23.511 65732 INFO tempest.lib.common.rest_client [req-167985e0-3980-49aa-a96f-d373e1fe1cb4 req-167985e0-3980-49aa-a96f-d373e1fe1cb4 ] Request (SecurityGroupsTestJSON:test_list_security_groups_by_server): 200 GET http://10.180.1.21/compute/v2.1/servers/3e23d85a-8cb5-4f36-97e8-3a849b5a5405 3.799s
2025-11-12 06:20:23.613 65692 INFO tempest.lib.common.rest_client [req-0b8a5300-2dd7-420f-bda6-c3fc401fa844 req-0b8a5300-2dd7-420f-bda6-c3fc401fa844 ] Request (ListServerFiltersTestJSON:setUpClass): 202 POST http://10.180.1.21/compute/v2.1/servers 4.047s
2025-11-12 06:20:23.648 65702 INFO tempest.lib.common.rest_client [req-364b81a3-0c84-41f5-a33c-3eda4030b9c9 req-364b81a3-0c84-41f5-a33c-3eda4030b9c9 ] Request (AttachInterfacesUnderV243Test:test_add_remove_fixed_ip): 200 GET http://10.180.1.21/compute/v2.1/servers/16137cc6-cee9-4fec-97e8-ae8cfba05a9c/ips 3.752s
2025-11-12 06:20:23.787 65752 INFO tempest.lib.common.rest_client [req-b4ccd566-f8c0-458f-a81f-30cb6656d1aa req-b4ccd566-f8c0-458f-a81f-30cb6656d1aa ] Request (VolumesAssistedSnapshotsTest:test_volume_assisted_snapshot_create_delete): 200 POST http://10.180.1.21/compute/v2.1/os-assisted-volume-snapshots 3.833s
2025-11-12 06:20:24.068 65708 INFO tempest.lib.common.rest_client [req-c95e34a3-14e7-4f12-8f7d-98fd0835692a req-c95e34a3-14e7-4f12-8f7d-98fd0835692a ] Request (ServerRescueTestJSONUnderV235:test_rescued_vm_add_remove_security_group): 202 POST http://10.180.1.21/compute/v2.1/servers/9edeca4a-c476-479c-8560-c9a67857194a/action 4.225s
2025-11-12 06:20:24.146 65730 INFO tempest.lib.common.rest_client [req-9c912f93-69f7-468d-8838-24a1a65d4c58 req-9c912f93-69f7-468d-8838-24a1a65d4c58 ] Request (DeleteServersTestJSON:test_delete_active_server): 200 GET http://10.180.1.21/compute/v2.1/servers/32b795f0-b155-4758-95c2-20c16cc90c5d 3.863s
2025-11-12 06:20:24.299 65726 INFO tempest.lib.common.rest_client [req-2d478f0a-b566-4780-913b-14cff94963bb req-2d478f0a-b566-4780-913b-14cff94963bb ] Request (QuotasAdminTestJSON:test_get_updated_quotas): 200 PUT http://10.180.1.21/compute/v2.1/os-quota-sets/4c89a02fd7f3423896ef2a06347b3850 3.928s
2025-11-12 06:20:24.424 65724 INFO tempest.lib.common.rest_client [req-22b2c04c-ebbb-48d8-ab20-3b5c0113a0ee req-22b2c04c-ebbb-48d8-ab20-3b5c0113a0ee ] Request (ImagesOneServerNegativeTestJSON:test_create_second_image_when_first_image_is_being_saved): 202 POST http://10.180.1.21/compute/v2.1/servers/7b3e8ef8-e226-4776-9901-9eb7478c2acf/action 4.302s
2025-11-12 06:20:24.867 65704 WARNING tempest.lib.common.ssh [-] Failed to establish authenticated ssh connection to cirros@10.180.180.216 ([Errno None] Unable to connect to port 22 on 10.180.180.216). Number attempts: 4. Retry after 5 seconds.: paramiko.ssh_exception.NoValidConnectionsError: [Errno None] Unable to connect to port 22 on 10.180.180.216
2025-11-12 06:20:25.178 65712 INFO tempest.lib.common.rest_client [req-29c13dc7-cbd7-4ad7-9de4-9c8a3fbc00be req-29c13dc7-cbd7-4ad7-9de4-9c8a3fbc00be ] Request (MultipleCreateTestJSON:test_multiple_create): 200 GET http://10.180.1.21/compute/v2.1/servers/416b3ae6-0a81-4e65-a064-57f815b011e6 4.461s
2025-11-12 06:20:25.195 65710 INFO tempest.lib.common.rest_client [req-0df686b6-4e86-41c8-a8a0-e5216bf77732 req-0df686b6-4e86-41c8-a8a0-e5216bf77732 ] Request (QuotasAdminNegativeTest:test_update_quota_normal_user): 403 PUT http://10.180.1.21/compute/v2.1/os-quota-sets/649654b9b78b461b830480cf49661ae1 4.335s
2025-11-12 06:20:25.196 65712 INFO tempest.common.waiters [-] State transition "BUILD/spawning" ==> "ACTIVE/None" after 22 second wait
2025-11-12 06:20:25.334 65710 INFO tempest.lib.common.rest_client [req-f5f77f59-6f50-4688-9f0b-acbdc519f954 req-f5f77f59-6f50-4688-9f0b-acbdc519f954 ] Request (QuotasAdminNegativeTest:tearDownClass): 204 DELETE http://10.180.1.21/identity/v3/users/57e574bacf124b458f2ad7766a4e94c9 0.133s
2025-11-12 06:20:25.383 65706 INFO tempest.lib.common.rest_client [req-2a34ada8-e472-4100-b866-5b1ff2911dd0 req-2a34ada8-e472-4100-b866-5b1ff2911dd0 ] Request (InstanceActionsV221TestJSON:test_get_list_deleted_instance_actions): 200 GET http://10.180.1.21/compute/v2.1/servers/03a613ae-2cd9-4bf5-bc61-32f692493661 4.405s
2025-11-12 06:20:25.465 65710 INFO tempest.lib.common.rest_client [req-3c3bf177-c3ac-4bad-b9d2-7890fa62df91 req-3c3bf177-c3ac-4bad-b9d2-7890fa62df91 ] Request (QuotasAdminNegativeTest:tearDownClass): 204 DELETE http://10.180.1.21/identity/v3/users/85c3ecd81e944cbc9176d16787e009cd 0.131s
2025-11-12 06:20:25.466 65710 INFO tempest.lib.common.dynamic_creds [-] Deleting project and security group for project: 649654b9b78b461b830480cf49661ae1
2025-11-12 06:20:25.548 65710 INFO tempest.lib.common.rest_client [req-24b2afcc-524c-4ad4-8f4b-e1637b4de627 req-24b2afcc-524c-4ad4-8f4b-e1637b4de627 ] Request (QuotasAdminNegativeTest:tearDownClass): 201 POST http://10.180.1.21/identity/v3/auth/tokens 0.082s
2025-11-12 06:20:26.206 65710 INFO tempest.lib.common.rest_client [req-740f2d9b-a9dd-4826-abc4-d6be72c3bbab req-740f2d9b-a9dd-4826-abc4-d6be72c3bbab ] Request (QuotasAdminNegativeTest:tearDownClass): 200 GET http://10.180.1.21/networking/v2.0/security-groups?tenant_id=649654b9b78b461b830480cf49661ae1&name=default 0.658s
2025-11-12 06:20:26.299 65744 INFO tempest.lib.common.rest_client [req-b230c378-08bc-4c0b-bde8-a06e8576ebef req-b230c378-08bc-4c0b-bde8-a06e8576ebef ] Request (SecurityGroupRulesTestJSON:tearDownClass): 202 DELETE http://10.180.1.21/compute/v2.1/os-security-groups/735f4968-7ce7-4e35-93d5-6fadd54a4fc1 5.008s
2025-11-12 06:20:26.342 65694 INFO tempest.lib.common.rest_client [req-164a0926-7f52-4687-8468-91c8d78bcdbe req-164a0926-7f52-4687-8468-91c8d78bcdbe ] Request (ImagesOneServerTestJSON:test_create_delete_image): 200 GET http://10.180.1.21/compute/v2.1/images/fb3dc6cf-1233-4561-8152-6a4de4b877b7 5.050s
2025-11-12 06:20:26.362 65696 INFO tempest.lib.common.rest_client [req-d93721c3-227f-4806-ae83-f7151fae6344 req-d93721c3-227f-4806-ae83-f7151fae6344 ] Request (ServerGroup264TestJSON:test_create_get_server_group): 200 GET http://10.180.1.21/compute/v2.1/os-server-groups/cdcf8e8b-b667-445e-aa69-9839ea2e938a 5.041s
2025-11-12 06:20:26.380 65714 INFO tempest.lib.common.rest_client [req-dab915f3-f968-4d91-8fcc-bf281ec7752e req-dab915f3-f968-4d91-8fcc-bf281ec7752e ] Request (FlavorsV2TestJSON:test_list_flavors_filter_by_min_ram): 200 GET http://10.180.1.21/compute/v2.1/flavors/42 5.059s
2025-11-12 06:20:26.568 65710 INFO tempest.lib.common.rest_client [req-c819f61d-5b10-496b-9014-9689dceecb84 req-c819f61d-5b10-496b-9014-9689dceecb84 ] Request (QuotasAdminNegativeTest:tearDownClass): 204 DELETE http://10.180.1.21/networking/v2.0/security-groups/8b368a8e-ec7e-4b1c-a856-3205cb712a78 0.361s
2025-11-12 06:20:26.599 65722 INFO tempest.lib.common.rest_client [req-a2ee06b5-0e3d-49be-a96a-9fbe8d9c31ad req-a2ee06b5-0e3d-49be-a96a-9fbe8d9c31ad ] Request (ServerDiskConfigTestJSON:test_rebuild_server_with_manual_disk_config): 200 GET http://10.180.1.21/compute/v2.1/servers/3213e0b8-a28c-49de-aa07-33688fba741f 5.234s
2025-11-12 06:20:26.661 65710 INFO tempest.lib.common.rest_client [req-cae26414-636a-4948-8181-a29e5410481b req-cae26414-636a-4948-8181-a29e5410481b ] Request (QuotasAdminNegativeTest:tearDownClass): 204 DELETE http://10.180.1.21/identity/v3/projects/649654b9b78b461b830480cf49661ae1 0.093s
2025-11-12 06:20:26.662 65710 INFO tempest.lib.common.dynamic_creds [-] Deleting project and security group for project: 11e87fafb78644708fb51bab8c7d598a
2025-11-12 06:20:26.772 65740 INFO tempest.lib.common.rest_client [req-e4dd89be-9082-4f08-adac-febf31cafe0a req-e4dd89be-9082-4f08-adac-febf31cafe0a ] Request (ServerRescueNegativeTestJSON:setUpClass): 200 GET http://10.180.1.21/compute/v2.1/servers/03d4bf30-dc81-42c3-b45c-6781bae063d8 5.293s
2025-11-12 06:20:26.783 65740 INFO tempest.common.waiters [-] State transition "BUILD/spawning" ==> "ACTIVE/None" after 29 second wait
2025-11-12 06:20:26.788 65728 INFO tempest.lib.common.rest_client [req-4aea4993-27e1-4988-97fa-79d08c8172ad req-4aea4993-27e1-4988-97fa-79d08c8172ad ] Request (FlavorsAdminTestJSON:_run_cleanups): 202 DELETE http://10.180.1.21/compute/v2.1/flavors/249590656 5.287s
2025-11-12 06:20:26.797 65710 INFO tempest.lib.common.rest_client [req-1a89e151-9a7c-4415-b1b5-df7a438afd17 req-1a89e151-9a7c-4415-b1b5-df7a438afd17 ] Request (QuotasAdminNegativeTest:tearDownClass): 200 GET http://10.180.1.21/networking/v2.0/security-groups?tenant_id=11e87fafb78644708fb51bab8c7d598a&name=default 0.134s
2025-11-12 06:20:26.825 65736 INFO tempest.lib.common.rest_client [req-94b0287b-6124-4867-a101-55e7f1318c22 req-94b0287b-6124-4867-a101-55e7f1318c22 ] Request (FloatingIPsAssociationTestJSON:test_associate_disassociate_floating_ip): 202 POST http://10.180.1.21/compute/v2.1/servers/7f1bffb1-0581-4c04-bef9-b5d97170d5ae/action 6.176s
2025-11-12 06:20:26.900 65710 INFO tempest.lib.common.rest_client [req-b9d6c723-1de5-44f8-b11c-73d6fa683f75 req-b9d6c723-1de5-44f8-b11c-73d6fa683f75 ] Request (QuotasAdminNegativeTest:tearDownClass): 204 DELETE http://10.180.1.21/networking/v2.0/security-groups/87d2b018-55f4-413c-bb0b-3a2c1a8d66b7 0.103s
2025-11-12 06:20:26.931 65716 INFO tempest.lib.common.rest_client [req-cbb742c8-68f9-4759-8bee-d6cf7d97e596 req-cbb742c8-68f9-4759-8bee-d6cf7d97e596 ] Request (ServersAdminTestJSON:test_create_server_with_scheduling_hint): 200 GET http://10.180.1.21/compute/v2.1/servers/63046c81-5bdf-4ceb-923e-9813aba4fc9f 5.400s
2025-11-12 06:20:26.974 65742 INFO tempest.lib.common.rest_client [req-eb19f690-c2e1-45b6-acda-110f7ad25e89 req-eb19f690-c2e1-45b6-acda-110f7ad25e89 ] Request (ImagesMetadataTestJSON:test_set_image_metadata_item): 200 GET http://10.180.1.21/compute/v2.1/images/def9da77-8662-4f64-a6a6-115eb7fb4da3/metadata 5.439s
2025-11-12 06:20:27.000 65748 INFO tempest.lib.common.rest_client [req-02bf95ba-4fa7-42d0-9f23-cb76e0b7e6ef req-02bf95ba-4fa7-42d0-9f23-cb76e0b7e6ef ] Request (ServersTestBootFromVolume:setUpClass): 200 GET http://10.180.1.21/compute/v2.1/servers/dfcb6eae-8eaf-45b1-a77c-13152dd7bf23 5.489s
2025-11-12 06:20:27.008 65748 INFO tempest.common.waiters [-] State transition "BUILD/spawning" ==> "ACTIVE/None" after 30 second wait
2025-11-12 06:20:27.046 65710 INFO tempest.lib.common.rest_client [req-5afcccf6-b53a-4e67-89c1-ce8738b31171 req-5afcccf6-b53a-4e67-89c1-ce8738b31171 ] Request (QuotasAdminNegativeTest:tearDownClass): 204 DELETE http://10.180.1.21/identity/v3/projects/11e87fafb78644708fb51bab8c7d598a 0.145s
2025-11-12 06:20:27.047 65710 INFO tempest.test [-] raised in TestVolumeSwap.setUpClass. Invoking tearDownClass.
2025-11-12 06:20:27.083 65738 INFO tempest.lib.common.rest_client [req-19fe9b9d-fb0b-43b4-8418-945d7d7aab49 req-19fe9b9d-fb0b-43b4-8418-945d7d7aab49 ] Request (FloatingIPsAssociationNegativeTestJSON:tearDownClass): 200 GET http://10.180.1.21/compute/v2.1/servers/97cd7275-008f-4336-9ad7-730029e211d2 5.425s
2025-11-12 06:20:27.103 65746 INFO tempest.lib.common.rest_client [req-56936725-d350-4b9e-8a0e-93f9dcdad4d7 req-56936725-d350-4b9e-8a0e-93f9dcdad4d7 ] Request (FlavorsAccessNegativeTestJSON:_run_cleanups): 202 DELETE http://10.180.1.21/compute/v2.1/flavors/1038171697 5.430s
2025-11-12 06:20:27.129 65710 INFO tempest.lib.common.rest_client [req-b1f2e8fb-77a5-404a-a3a1-dbb8fb8bf662 req-b1f2e8fb-77a5-404a-a3a1-dbb8fb8bf662 ] Request (VolumesAdminNegativeTest:setUpClass): 201 POST http://10.180.1.21/identity/v3/auth/tokens 0.078s
2025-11-12 06:20:27.152 65734 INFO tempest.lib.common.rest_client [req-aa59055c-18a2-4e80-a41c-dd2b1e48ed3e req-aa59055c-18a2-4e80-a41c-dd2b1e48ed3e ] Request (ServersAdminNegativeTestJSON:setUpClass): 200 GET http://10.180.1.21/compute/v2.1/servers/c3b016d3-6b81-4c90-8037-0fdd9acefcc4 5.530s
2025-11-12 06:20:27.166 65734 INFO tempest.common.waiters [-] State transition "BUILD/None" ==> "BUILD/spawning" after 18 second wait
2025-11-12 06:20:27.168 65710 INFO tempest.lib.common.rest_client [req-be8de73b-684c-43c9-8741-84399bde1b4a req-be8de73b-684c-43c9-8741-84399bde1b4a ] Request (VolumesAdminNegativeTest:setUpClass): 201 POST http://10.180.1.21/identity/v3/auth/tokens 0.036s
2025-11-12 06:20:27.180 65754 INFO tempest.lib.common.rest_client [req-bb0da8e4-619e-42d2-931a-5ba93db1be38 req-bb0da8e4-619e-42d2-931a-5ba93db1be38 ] Request (ServersAdmin275Test:test_rebuild_update_server_275): 200 GET http://10.180.1.21/compute/v2.1/servers/6122602d-e393-4da4-af77-9ec57755e6a7 5.018s
2025-11-12 06:20:27.193 65754 INFO tempest.common.waiters [-] State transition "REBUILD/rebuild_spawning" ==> "ACTIVE/None" after 10 second wait
2025-11-12 06:20:27.210 65710 INFO tempest.lib.common.rest_client [req-cb446c92-80f3-4b8b-993d-14517e664a36 req-cb446c92-80f3-4b8b-993d-14517e664a36 ] Request (VolumesAdminNegativeTest:setUpClass): 200 GET http://10.180.1.21/identity/v3/domains?name=Default 0.041s
2025-11-12 06:20:27.252 65710 INFO tempest.lib.common.rest_client [req-233cf0d8-e064-4235-993d-038f0e608291 req-233cf0d8-e064-4235-993d-038f0e608291 ] Request (VolumesAdminNegativeTest:setUpClass): 201 POST http://10.180.1.21/identity/v3/projects 0.041s
2025-11-12 06:20:27.254 65718 INFO tempest.lib.common.rest_client [req-3976d507-5d7c-443f-ac60-35bf64d55850 req-3976d507-5d7c-443f-ac60-35bf64d55850 ] Request (DeleteServersAdminTestJSON:test_delete_server_while_in_error_state): 200 GET http://10.180.1.21/compute/v2.1/servers/a522225e-cca1-4332-966b-c2abcdf67c53 4.185s
2025-11-12 06:20:27.330 65698 INFO tempest.lib.common.rest_client [req-e9610229-da28-4c3c-bda9-f34114c53845 req-e9610229-da28-4c3c-bda9-f34114c53845 ] Request (MigrationsAdminTest:test_list_migrations_in_flavor_resize_situation): 200 GET http://10.180.1.21/compute/v2.1/servers/fb707546-c7c9-4c0c-a733-e681ea1fb514 4.834s
2025-11-12 06:20:27.340 65710 INFO tempest.lib.common.rest_client [req-9d2788b8-c957-4c04-9c9c-9ac2cf157d90 req-9d2788b8-c957-4c04-9c9c-9ac2cf157d90 ] Request (VolumesAdminNegativeTest:setUpClass): 201 POST http://10.180.1.21/identity/v3/users 0.088s
2025-11-12 06:20:27.370 65710 INFO tempest.lib.common.rest_client [req-9f76eea7-7dd5-4620-afac-800caec7bc32 req-9f76eea7-7dd5-4620-afac-800caec7bc32 ] Request (VolumesAdminNegativeTest:setUpClass): 200 GET http://10.180.1.21/identity/v3/roles 0.029s
2025-11-12 06:20:27.398 65692 INFO tempest.lib.common.rest_client [req-1969e0e1-b094-4933-ba08-3a55a29f9bc6 req-1969e0e1-b094-4933-ba08-3a55a29f9bc6 ] Request (ListServerFiltersTestJSON:setUpClass): 200 GET http://10.180.1.21/compute/v2.1/servers/ce58e23c-09bd-424d-a6c2-a80f6646e214 3.782s
2025-11-12 06:20:27.412 65710 INFO tempest.lib.common.rest_client [req-2c1271e4-5156-42a1-a82f-17471cb537de req-2c1271e4-5156-42a1-a82f-17471cb537de ] Request (VolumesAdminNegativeTest:setUpClass): 204 PUT http://10.180.1.21/identity/v3/projects/e2154e83f6d841f7a2750956de80ac80/users/e2a52aa6117647fea6d7ae4aa3071f5b/roles/d5f563bb887e4a55a4fbecf558ce5784 0.041s
2025-11-12 06:20:27.412 65710 INFO tempest.lib.common.dynamic_creds [-] Dynamic test user e2a52aa6117647fea6d7ae4aa3071f5b is created with scope project and roles: ['member']
2025-11-12 06:20:27.412 65710 INFO tempest.lib.common.dynamic_creds [-] Acquired dynamic creds: credentials: Credentials: {'domain_id': 'default', 'domain_name': 'Default', 'username': 'tempest-VolumesAdminNegativeTest-1332837272-project-member', 'project_domain_id': 'default', 'project_domain_name': 'Default', 'project_id': 'e2154e83f6d841f7a2750956de80ac80', 'project_name': 'tempest-VolumesAdminNegativeTest-1332837272', 'tenant_id': 'e2154e83f6d841f7a2750956de80ac80', 'tenant_name': 'tempest-VolumesAdminNegativeTest-1332837272', 'user_domain_id': 'default', 'user_domain_name': 'Default', 'user_id': 'e2a52aa6117647fea6d7ae4aa3071f5b', 'system': None}, Network: None, Subnet: None, Router: None
2025-11-12 06:20:27.444 65752 INFO tempest.lib.common.rest_client [req-27b6ac1d-9c09-49f6-a7e4-155cab8e83fd req-27b6ac1d-9c09-49f6-a7e4-155cab8e83fd ] Request (VolumesAssistedSnapshotsTest:test_volume_assisted_snapshot_create_delete): 204 DELETE http://10.180.1.21/compute/v2.1/os-assisted-volume-snapshots/None?delete_info=%7B%22volume_id%22%3A+%224c9c7db3-6f43-4d7d-b1e1-6c9f2a1cc209%22%7D 3.656s
2025-11-12 06:20:27.486 65710 INFO tempest.lib.common.rest_client [req-9221fa2d-e0be-4346-8647-336f708023f5 req-9221fa2d-e0be-4346-8647-336f708023f5 ] Request (VolumesAdminNegativeTest:setUpClass): 201 POST http://10.180.1.21/identity/v3/auth/tokens 0.073s
2025-11-12 06:20:27.489 65752 INFO tempest.lib.common.rest_client [req-99e32d39-46f8-4a39-8243-8ce126e270ac req-99e32d39-46f8-4a39-8243-8ce126e270ac ] Request (VolumesAssistedSnapshotsTest:_run_cleanups): 200 GET http://10.180.1.21/volume/v3/volumes/4c9c7db3-6f43-4d7d-b1e1-6c9f2a1cc209 0.044s
2025-11-12 06:20:27.773 65710 INFO tempest.lib.common.rest_client [req-32c5440b-8f62-4619-bfeb-eb9189805def req-32c5440b-8f62-4619-bfeb-eb9189805def ] Request (VolumesAdminNegativeTest:setUpClass): 201 POST http://10.180.1.21/networking/v2.0/networks 0.287s
2025-11-12 06:20:27.990 65708 INFO tempest.lib.common.rest_client [req-b9a14809-196f-4adb-8234-b12a5bbea3c9 req-b9a14809-196f-4adb-8234-b12a5bbea3c9 ] Request (ServerRescueTestJSONUnderV235:test_rescued_vm_add_remove_security_group): 202 POST http://10.180.1.21/compute/v2.1/servers/9edeca4a-c476-479c-8560-c9a67857194a/action 3.921s
2025-11-12 06:20:28.100 65710 INFO tempest.lib.common.rest_client [req-4f7e9708-691c-4d27-9555-4c6e2ea88eb0 req-4f7e9708-691c-4d27-9555-4c6e2ea88eb0 ] Request (VolumesAdminNegativeTest:setUpClass): 201 POST http://10.180.1.21/networking/v2.0/subnets 0.325s
2025-11-12 06:20:28.132 65750 INFO tempest.lib.common.rest_client [req-d4d37013-9cbb-4886-8075-161595fad085 req-d4d37013-9cbb-4886-8075-161595fad085 ] Request (InstanceActionsTestJSON:setUpClass): 202 POST http://10.180.1.21/compute/v2.1/servers 4.687s
2025-11-12 06:20:28.213 65726 INFO tempest.lib.common.rest_client [req-cb61fa52-a30f-47e0-aaed-9d088e4ed372 req-cb61fa52-a30f-47e0-aaed-9d088e4ed372 ] Request (QuotasAdminTestJSON:test_get_updated_quotas): 200 GET http://10.180.1.21/compute/v2.1/os-quota-sets/4c89a02fd7f3423896ef2a06347b3850/detail 3.912s
2025-11-12 06:20:28.259 65724 INFO tempest.lib.common.rest_client [req-2918de02-ea05-4b24-a6a4-30704e2a5a51 req-2918de02-ea05-4b24-a6a4-30704e2a5a51 ] Request (ImagesOneServerNegativeTestJSON:test_create_second_image_when_first_image_is_being_saved): 409 POST http://10.180.1.21/compute/v2.1/servers/7b3e8ef8-e226-4776-9901-9eb7478c2acf/action 3.833s
2025-11-12 06:20:28.265 65726 INFO tempest.lib.common.rest_client [req-67486335-e200-443f-8f89-e1c495bbc189 req-67486335-e200-443f-8f89-e1c495bbc189 ] Request (QuotasAdminTestJSON:test_get_updated_quotas): 200 GET http://10.180.1.21/identity/v3/domains?name=Default 0.041s
2025-11-12 06:20:28.306 65726 INFO tempest.lib.common.rest_client [req-2c99a478-19da-423a-b595-417639921f53 req-2c99a478-19da-423a-b595-417639921f53 ] Request (QuotasAdminTestJSON:test_get_updated_quotas): 201 POST http://10.180.1.21/identity/v3/users 0.040s
2025-11-12 06:20:28.343 65726 INFO tempest.lib.common.rest_client [req-3288a31d-d274-4cbc-b21a-6235e33dce02 req-3288a31d-d274-4cbc-b21a-6235e33dce02 ] Request (QuotasAdminTestJSON:test_get_updated_quotas): 200 GET http://10.180.1.21/identity/v3/domains?name=Default 0.036s
2025-11-12 06:20:28.473 65700 INFO tempest.lib.common.rest_client [req-848f9415-73c0-4925-b874-80f8cf09c4c5 req-848f9415-73c0-4925-b874-80f8cf09c4c5 ] Request (ServerDiagnosticsTest:test_get_server_diagnostics): 200 GET http://10.180.1.21/compute/v2.1/servers/1ead1b86-639b-4442-9506-693e83c9faaa 4.089s
2025-11-12 06:20:28.482 65700 INFO tempest.common.waiters [-] State transition "BUILD/block_device_mapping" ==> "BUILD/spawning" after 22 second wait
2025-11-12 06:20:28.488 65732 INFO tempest.lib.common.rest_client [req-95124e93-e7f0-415e-9ac7-d3f1a7080ec7 req-95124e93-e7f0-415e-9ac7-d3f1a7080ec7 ] Request (SecurityGroupsTestJSON:test_list_security_groups_by_server): 200 GET http://10.180.1.21/compute/v2.1/servers/3e23d85a-8cb5-4f36-97e8-3a849b5a5405 3.969s
2025-11-12 06:20:28.516 65702 INFO tempest.lib.common.rest_client [req-19cd822c-0067-438e-8f71-48009bef826e req-19cd822c-0067-438e-8f71-48009bef826e ] Request (AttachInterfacesUnderV243Test:test_add_remove_fixed_ip): 200 GET http://10.180.1.21/compute/v2.1/servers/16137cc6-cee9-4fec-97e8-ae8cfba05a9c/ips 3.865s
2025-11-12 06:20:28.594 65730 INFO tempest.lib.common.rest_client [req-e1ac0638-270b-4d43-8236-4722ca0712b6 req-e1ac0638-270b-4d43-8236-4722ca0712b6 ] Request (DeleteServersTestJSON:test_delete_active_server): 200 GET http://10.180.1.21/compute/v2.1/servers/32b795f0-b155-4758-95c2-20c16cc90c5d 3.437s
2025-11-12 06:20:28.604 65730 INFO tempest.common.waiters [-] State transition "BUILD/scheduling" ==> "BUILD/None" after 4 second wait
2025-11-12 06:20:29.043 65710 INFO tempest.lib.common.rest_client [req-d9161d72-c018-400c-bb3e-30f9e0ace469 req-d9161d72-c018-400c-bb3e-30f9e0ace469 ] Request (VolumesAdminNegativeTest:setUpClass): 201 POST http://10.180.1.21/networking/v2.0/routers 0.943s
2025-11-12 06:20:29.124 65720 WARNING tempest.lib.common.ssh [-] Failed to establish authenticated ssh connection to cirros@10.180.180.185 ([Errno None] Unable to connect to port 22 on 10.180.180.185). Number attempts: 7. Retry after 8 seconds.: paramiko.ssh_exception.NoValidConnectionsError: [Errno None] Unable to connect to port 22 on 10.180.180.185
2025-11-12 06:20:30.032 65710 INFO tempest.lib.common.rest_client [req-50387448-62bb-4914-aba5-fc1f76ed7c7f req-50387448-62bb-4914-aba5-fc1f76ed7c7f ] Request (VolumesAdminNegativeTest:setUpClass): 200 PUT http://10.180.1.21/networking/v2.0/routers/5d4374f5-df3b-4c29-b102-5bf13055efe7/add_router_interface 0.988s
2025-11-12 06:20:30.032 65710 INFO tempest.lib.common.dynamic_creds [-] Created isolated network resources for: credentials: Credentials: {'domain_id': 'default', 'domain_name': 'Default', 'username': 'tempest-VolumesAdminNegativeTest-1332837272-project-member', 'project_domain_id': 'default', 'project_domain_name': 'Default', 'project_id': 'e2154e83f6d841f7a2750956de80ac80', 'project_name': 'tempest-VolumesAdminNegativeTest-1332837272', 'tenant_id': 'e2154e83f6d841f7a2750956de80ac80', 'tenant_name': 'tempest-VolumesAdminNegativeTest-1332837272', 'user_domain_id': 'default', 'user_domain_name': 'Default', 'user_id': 'e2a52aa6117647fea6d7ae4aa3071f5b', 'system': None}, Network: {'id': 'a527041c-4483-4f9f-a010-b802d4b06fe6', 'name': 'tempest-VolumesAdminNegativeTest-838166422-network', 'tenant_id': 'e2154e83f6d841f7a2750956de80ac80', 'project_id': 'e2154e83f6d841f7a2750956de80ac80', 'admin_state_up': True, 'mtu': 8950, 'status': 'ACTIVE', 'subnets': [], 'shared': False, 'port_security_enabled': True, 'router:external': False, 'provider:network_type': 'vlan', 'provider:physical_network': 'default', 'provider:segmentation_id': 505, 'availability_zone_hints': [], 'availability_zones': [], 'ipv4_address_scope': None, 'ipv6_address_scope': None, 'description': '', 'tags': [], 'created_at': '2025-11-12T06:20:27Z', 'updated_at': '2025-11-12T06:20:27Z', 'revision_number': 1}, Subnet: {'id': 'c3dbd7f6-8f2b-43d8-b226-b9f1726055f7', 'name': 'tempest-VolumesAdminNegativeTest-838166422-subnet', 'tenant_id': 'e2154e83f6d841f7a2750956de80ac80', 'network_id': 'a527041c-4483-4f9f-a010-b802d4b06fe6', 'ip_version': 4, 'subnetpool_id': None, 'enable_dhcp': True, 'ipv6_ra_mode': None, 'ipv6_address_mode': None, 'gateway_ip': '192.168.128.1', 'cidr': '192.168.128.0/28', 'allocation_pools': [{'start': '192.168.128.2', 'end': '192.168.128.14'}], 'host_routes': [], 'dns_nameservers': [], 'description': '', 'router:external': False, 'service_types': [], 'tags': [], 'created_at': '2025-11-12T06:20:27Z', 'updated_at': '2025-11-12T06:20:27Z', 'revision_number': 0, 'project_id': 'e2154e83f6d841f7a2750956de80ac80'}, Router: {'id': '5d4374f5-df3b-4c29-b102-5bf13055efe7', 'name': 'tempest-VolumesAdminNegativeTest-838166422-router', 'tenant_id': 'e2154e83f6d841f7a2750956de80ac80', 'admin_state_up': True, 'status': 'ACTIVE', 'external_gateway_info': {'network_id': 'b32da74b-8731-4e60-881a-0b9990c15afb', 'external_fixed_ips': [{'subnet_id': '5ae2af40-4738-48c3-aa81-13f67878b6c2', 'ip_address': '10.180.180.230'}], 'enable_snat': True}, 'description': '', 'availability_zones': [], 'distributed': False, 'ha': False, 'availability_zone_hints': [], 'routes': [], 'flavor_id': None, 'tags': [], 'created_at': '2025-11-12T06:20:28Z', 'updated_at': '2025-11-12T06:20:28Z', 'revision_number': 2, 'project_id': 'e2154e83f6d841f7a2750956de80ac80'}
2025-11-12 06:20:30.131 65712 INFO tempest.lib.common.rest_client [req-bf314ebf-6f4a-47b6-b219-30858f96f1ae req-bf314ebf-6f4a-47b6-b219-30858f96f1ae ] Request (MultipleCreateTestJSON:test_multiple_create): 200 GET http://10.180.1.21/compute/v2.1/servers/ada7efaf-1af2-47b4-b1f8-a2fa88c1db35 4.934s
2025-11-12 06:20:30.158 65710 INFO tempest.lib.common.rest_client [req-fe93b4ee-0450-45af-a500-859153f34257 req-fe93b4ee-0450-45af-a500-859153f34257 ] Request (VolumesAdminNegativeTest:setUpClass): 201 POST http://10.180.1.21/identity/v3/auth/tokens 0.122s
2025-11-12 06:20:30.201 65710 INFO tempest.lib.common.rest_client [req-e4e5a71e-d5cf-43c7-9a7d-f59424dbf28a req-e4e5a71e-d5cf-43c7-9a7d-f59424dbf28a ] Request (VolumesAdminNegativeTest:setUpClass): 201 POST http://10.180.1.21/identity/v3/projects 0.042s
2025-11-12 06:20:30.211 65696 INFO tempest.lib.common.rest_client [req-55e531ed-8ec7-4de7-a194-754291057242 req-55e531ed-8ec7-4de7-a194-754291057242 ] Request (ServerGroup264TestJSON:_run_cleanups): 204 DELETE http://10.180.1.21/compute/v2.1/os-server-groups/cdcf8e8b-b667-445e-aa69-9839ea2e938a 3.848s
2025-11-12 06:20:30.234 65714 INFO tempest.lib.common.rest_client [req-294ab6a3-48a8-4c59-afbc-2c7f0f0927d5 req-294ab6a3-48a8-4c59-afbc-2c7f0f0927d5 ] Request (FlavorsV2TestJSON:test_list_flavors_filter_by_min_ram): 200 GET http://10.180.1.21/compute/v2.1/flavors?minRam=193 3.849s
2025-11-12 06:20:30.238 65744 INFO tempest.lib.common.rest_client [req-5f819c68-f6b0-4e1c-b952-8dee3dcb4182 req-5f819c68-f6b0-4e1c-b952-8dee3dcb4182 ] Request (SecurityGroupRulesTestJSON:tearDownClass): 202 DELETE http://10.180.1.21/compute/v2.1/os-security-groups/7ee15ed2-d246-4ce3-a662-8efd57946372 3.938s
2025-11-12 06:20:30.304 65710 INFO tempest.lib.common.rest_client [req-a4393442-aec2-43c6-ac04-fe3711d78d20 req-a4393442-aec2-43c6-ac04-fe3711d78d20 ] Request (VolumesAdminNegativeTest:setUpClass): 201 POST http://10.180.1.21/identity/v3/users 0.103s
2025-11-12 06:20:30.335 65710 INFO tempest.lib.common.rest_client [req-3c1f22ee-ba5c-4232-b6b3-9f9f77e36a10 req-3c1f22ee-ba5c-4232-b6b3-9f9f77e36a10 ] Request (VolumesAdminNegativeTest:setUpClass): 200 GET http://10.180.1.21/identity/v3/roles 0.030s
2025-11-12 06:20:30.374 65706 INFO tempest.lib.common.rest_client [req-c14d4eb7-e050-405b-90c9-6f5c7189008c req-c14d4eb7-e050-405b-90c9-6f5c7189008c ] Request (InstanceActionsV221TestJSON:test_get_list_deleted_instance_actions): 200 GET http://10.180.1.21/compute/v2.1/servers/03a613ae-2cd9-4bf5-bc61-32f692493661 3.979s
2025-11-12 06:20:30.385 65710 INFO tempest.lib.common.rest_client [req-2ea5c613-57df-488a-aec1-076e9522b4ac req-2ea5c613-57df-488a-aec1-076e9522b4ac ] Request (VolumesAdminNegativeTest:setUpClass): 204 PUT http://10.180.1.21/identity/v3/projects/ce49811352fe4110a1d896f60b89a288/users/4ec9c7c9732e4784a69c0c7d47fac13f/roles/8da0b01e61d740bfa27ba6ddfb89f7c4 0.045s
2025-11-12 06:20:30.399 65740 INFO tempest.lib.common.rest_client [req-a46a27e3-5b09-4c57-8f7f-b006f0cdecd9 req-a46a27e3-5b09-4c57-8f7f-b006f0cdecd9 ] Request (ServerRescueNegativeTestJSON:setUpClass): 200 POST http://10.180.1.21/compute/v2.1/servers/03d4bf30-dc81-42c3-b45c-6781bae063d8/action 3.615s
2025-11-12 06:20:30.404 65728 INFO tempest.lib.common.rest_client [req-bcf14d88-fc4b-4d9f-991e-6bc853a56287 req-bcf14d88-fc4b-4d9f-991e-6bc853a56287 ] Request (FlavorsAdminTestJSON:_run_cleanups): 200 GET http://10.180.1.21/compute/v2.1/flavors/detail 3.616s
2025-11-12 06:20:30.475 65710 INFO tempest.lib.common.rest_client [req-fcd1d0fe-d3e8-4c37-ad12-1e5453104ac2 req-fcd1d0fe-d3e8-4c37-ad12-1e5453104ac2 ] Request (VolumesAdminNegativeTest:setUpClass): 200 GET http://10.180.1.21/identity/v3/roles 0.089s
2025-11-12 06:20:30.496 65736 INFO tempest.lib.common.rest_client [req-8a4ee7ba-1b0d-4b5f-9f3f-5a8c6d4031dc req-8a4ee7ba-1b0d-4b5f-9f3f-5a8c6d4031dc ] Request (FloatingIPsAssociationTestJSON:tearDownClass): 204 DELETE http://10.180.1.21/compute/v2.1/servers/0caa03f3-d322-4a7a-84f7-23f9749777bb 3.668s
2025-11-12 06:20:30.512 65710 INFO tempest.lib.common.rest_client [req-4f38850d-f5ca-4457-8889-5dc65e94ad9c req-4f38850d-f5ca-4457-8889-5dc65e94ad9c ] Request (VolumesAdminNegativeTest:setUpClass): 204 PUT http://10.180.1.21/identity/v3/projects/ce49811352fe4110a1d896f60b89a288/users/4ec9c7c9732e4784a69c0c7d47fac13f/roles/8da0b01e61d740bfa27ba6ddfb89f7c4 0.036s
2025-11-12 06:20:30.512 65710 INFO tempest.lib.common.dynamic_creds [-] Dynamic test user 4ec9c7c9732e4784a69c0c7d47fac13f is created with scope project and roles: ['admin']
2025-11-12 06:20:30.512 65710 INFO tempest.lib.common.dynamic_creds [-] Acquired dynamic creds: credentials: Credentials: {'domain_id': 'default', 'domain_name': 'Default', 'username': 'tempest-VolumesAdminNegativeTest-643388572-project-admin', 'project_domain_id': 'default', 'project_domain_name': 'Default', 'project_id': 'ce49811352fe4110a1d896f60b89a288', 'project_name': 'tempest-VolumesAdminNegativeTest-643388572', 'tenant_id': 'ce49811352fe4110a1d896f60b89a288', 'tenant_name': 'tempest-VolumesAdminNegativeTest-643388572', 'user_domain_id': 'default', 'user_domain_name': 'Default', 'user_id': '4ec9c7c9732e4784a69c0c7d47fac13f', 'system': None}, Network: None, Subnet: None, Router: None
2025-11-12 06:20:30.809 65710 INFO tempest.lib.common.rest_client [req-e2d44add-4b29-4630-87db-d7105026decf req-e2d44add-4b29-4630-87db-d7105026decf ] Request (VolumesAdminNegativeTest:setUpClass): 201 POST http://10.180.1.21/networking/v2.0/networks 0.296s
2025-11-12 06:20:30.870 65742 INFO tempest.lib.common.rest_client [req-25c1d8e3-8986-4d2e-85cf-8ed8204fec24 req-25c1d8e3-8986-4d2e-85cf-8ed8204fec24 ] Request (ImagesMetadataTestJSON:setUp): 200 PUT http://10.180.1.21/compute/v2.1/images/def9da77-8662-4f64-a6a6-115eb7fb4da3/metadata 3.893s
2025-11-12 06:20:30.909 65746 INFO tempest.lib.common.rest_client [req-60ae46ee-38c0-4a44-afd4-ab100f6d1c3a req-60ae46ee-38c0-4a44-afd4-ab100f6d1c3a ] Request (FlavorsAccessNegativeTestJSON:_run_cleanups): 200 GET http://10.180.1.21/compute/v2.1/flavors/detail 3.806s
2025-11-12 06:20:30.982 65748 INFO tempest.lib.common.rest_client [req-f78ec0ff-87b5-4eaf-80b1-f774fce0deec req-f78ec0ff-87b5-4eaf-80b1-f774fce0deec ] Request (ServersTestBootFromVolume:setUpClass): 200 GET http://10.180.1.21/compute/v2.1/servers/dfcb6eae-8eaf-45b1-a77c-13152dd7bf23/os-interface 3.973s
2025-11-12 06:20:31.198 65710 INFO tempest.lib.common.rest_client [req-ed54b40f-2542-416c-a595-7c31fa436f64 req-ed54b40f-2542-416c-a595-7c31fa436f64 ] Request (VolumesAdminNegativeTest:setUpClass): 201 POST http://10.180.1.21/networking/v2.0/subnets 0.387s
2025-11-12 06:20:31.199 65746 INFO tempest.lib.common.rest_client [req-3fb42605-8f7a-4a3e-ada8-7724f8265389 req-3fb42605-8f7a-4a3e-ada8-7724f8265389 ] Request (FlavorsAccessNegativeTestJSON:tearDownClass): 204 DELETE http://10.180.1.21/identity/v3/users/1e1e79af42214e199a70ffad62f0d341 0.283s
2025-11-12 06:20:31.364 65746 INFO tempest.lib.common.rest_client [req-4dd02a49-00d0-4663-86d7-05eda88410d1 req-4dd02a49-00d0-4663-86d7-05eda88410d1 ] Request (FlavorsAccessNegativeTestJSON:tearDownClass): 204 DELETE http://10.180.1.21/identity/v3/users/13cb472f8e024e23949020974e7c5bd4 0.164s
2025-11-12 06:20:31.507 65746 INFO tempest.lib.common.rest_client [req-76f563dd-0e1b-46f4-a157-32911cfc9036 req-76f563dd-0e1b-46f4-a157-32911cfc9036 ] Request (FlavorsAccessNegativeTestJSON:tearDownClass): 204 DELETE http://10.180.1.21/identity/v3/users/064cb65b194a4bb78499a797fe18fa37 0.143s
2025-11-12 06:20:31.507 65746 INFO tempest.lib.common.dynamic_creds [-] Deleting project and security group for project: 1a5dd9fbf6c14446bc10ccce17dac55a
2025-11-12 06:20:31.574 65746 INFO tempest.lib.common.rest_client [req-6f6c3764-5572-4aed-8d68-de5af0723f07 req-6f6c3764-5572-4aed-8d68-de5af0723f07 ] Request (FlavorsAccessNegativeTestJSON:tearDownClass): 201 POST http://10.180.1.21/identity/v3/auth/tokens 0.066s
2025-11-12 06:20:31.770 65748 INFO tempest.lib.common.rest_client [req-104e13cf-5b1d-43fe-90e1-4c5b83efa8a1 req-104e13cf-5b1d-43fe-90e1-4c5b83efa8a1 ] Request (ServersTestBootFromVolume:setUpClass): 200 PUT http://10.180.1.21/networking/v2.0/floatingips/376717f6-02b5-4659-b4b1-657f1ed4137a 0.784s
2025-11-12 06:20:32.277 65710 INFO tempest.lib.common.rest_client [req-04ffd052-be7e-4931-abd2-dc9dc682be2c req-04ffd052-be7e-4931-abd2-dc9dc682be2c ] Request (VolumesAdminNegativeTest:setUpClass): 201 POST http://10.180.1.21/networking/v2.0/routers 1.078s
2025-11-12 06:20:32.448 65746 INFO tempest.lib.common.rest_client [req-f46b8553-fae5-4f9c-8a9c-a5823291033c req-f46b8553-fae5-4f9c-8a9c-a5823291033c ] Request (FlavorsAccessNegativeTestJSON:tearDownClass): 200 GET http://10.180.1.21/networking/v2.0/security-groups?tenant_id=1a5dd9fbf6c14446bc10ccce17dac55a&name=default 0.873s
2025-11-12 06:20:33.436 65710 INFO tempest.lib.common.rest_client [req-715e2a30-8105-44e8-a34e-ad5d00df707d req-715e2a30-8105-44e8-a34e-ad5d00df707d ] Request (VolumesAdminNegativeTest:setUpClass): 200 PUT http://10.180.1.21/networking/v2.0/routers/5d95ec22-f94d-4583-9ab1-7d8ca26751db/add_router_interface 1.158s
2025-11-12 06:20:33.436 65710 INFO tempest.lib.common.dynamic_creds [-] Created isolated network resources for: credentials: Credentials: {'domain_id': 'default', 'domain_name': 'Default', 'username': 'tempest-VolumesAdminNegativeTest-643388572-project-admin', 'project_domain_id': 'default', 'project_domain_name': 'Default', 'project_id': 'ce49811352fe4110a1d896f60b89a288', 'project_name': 'tempest-VolumesAdminNegativeTest-643388572', 'tenant_id': 'ce49811352fe4110a1d896f60b89a288', 'tenant_name': 'tempest-VolumesAdminNegativeTest-643388572', 'user_domain_id': 'default', 'user_domain_name': 'Default', 'user_id': '4ec9c7c9732e4784a69c0c7d47fac13f', 'system': None}, Network: {'id': '78809e4c-07a6-435f-8cd4-4657a877de67', 'name': 'tempest-VolumesAdminNegativeTest-402351645-network', 'tenant_id': 'ce49811352fe4110a1d896f60b89a288', 'project_id': 'ce49811352fe4110a1d896f60b89a288', 'admin_state_up': True, 'mtu': 8950, 'status': 'ACTIVE', 'subnets': [], 'shared': False, 'port_security_enabled': True, 'router:external': False, 'provider:network_type': 'vlan', 'provider:physical_network': 'default', 'provider:segmentation_id': 870, 'availability_zone_hints': [], 'availability_zones': [], 'ipv4_address_scope': None, 'ipv6_address_scope': None, 'description': '', 'tags': [], 'created_at': '2025-11-12T06:20:30Z', 'updated_at': '2025-11-12T06:20:30Z', 'revision_number': 1}, Subnet: {'id': 'f8528bca-d37a-463b-8e12-27d580209c06', 'name': 'tempest-VolumesAdminNegativeTest-402351645-subnet', 'tenant_id': 'ce49811352fe4110a1d896f60b89a288', 'network_id': '78809e4c-07a6-435f-8cd4-4657a877de67', 'ip_version': 4, 'subnetpool_id': None, 'enable_dhcp': True, 'ipv6_ra_mode': None, 'ipv6_address_mode': None, 'gateway_ip': '192.168.128.1', 'cidr': '192.168.128.0/28', 'allocation_pools': [{'start': '192.168.128.2', 'end': '192.168.128.14'}], 'host_routes': [], 'dns_nameservers': [], 'description': '', 'router:external': False, 'service_types': [], 'tags': [], 'created_at': '2025-11-12T06:20:31Z', 'updated_at': '2025-11-12T06:20:31Z', 'revision_number': 0, 'project_id': 'ce49811352fe4110a1d896f60b89a288'}, Router: {'id': '5d95ec22-f94d-4583-9ab1-7d8ca26751db', 'name': 'tempest-VolumesAdminNegativeTest-402351645-router', 'tenant_id': 'ce49811352fe4110a1d896f60b89a288', 'admin_state_up': True, 'status': 'ACTIVE', 'external_gateway_info': {'network_id': 'b32da74b-8731-4e60-881a-0b9990c15afb', 'external_fixed_ips': [{'subnet_id': '5ae2af40-4738-48c3-aa81-13f67878b6c2', 'ip_address': '10.180.180.192'}], 'enable_snat': True}, 'description': '', 'availability_zones': [], 'distributed': False, 'ha': False, 'availability_zone_hints': [], 'routes': [], 'flavor_id': None, 'tags': [], 'created_at': '2025-11-12T06:20:31Z', 'updated_at': '2025-11-12T06:20:31Z', 'revision_number': 2, 'project_id': 'ce49811352fe4110a1d896f60b89a288'}
2025-11-12 06:20:33.443 65704 WARNING tempest.lib.common.ssh [-] Failed to establish authenticated ssh connection to cirros@10.180.180.216 ([Errno None] Unable to connect to port 22 on 10.180.180.216). Number attempts: 5. Retry after 6 seconds.: paramiko.ssh_exception.NoValidConnectionsError: [Errno None] Unable to connect to port 22 on 10.180.180.216
2025-11-12 06:20:33.535 65710 INFO tempest.lib.common.rest_client [req-8014a46a-2590-4b85-a5d4-9ee298f772d7 req-8014a46a-2590-4b85-a5d4-9ee298f772d7 ] Request (VolumesAdminNegativeTest:setUpClass): 201 POST http://10.180.1.21/identity/v3/auth/tokens 0.095s
2025-11-12 06:20:33.552 65746 INFO tempest.lib.common.rest_client [req-4cff95a9-e213-4a76-be9e-7eba2ac37b3c req-4cff95a9-e213-4a76-be9e-7eba2ac37b3c ] Request (FlavorsAccessNegativeTestJSON:tearDownClass): 204 DELETE http://10.180.1.21/networking/v2.0/security-groups/337179c8-e4ec-4fcc-b075-f7ce88e9b631 1.104s
2025-11-12 06:20:33.618 65710 INFO tempest.lib.common.rest_client [req-7558faae-be76-4b0f-9be6-d3672128be6c req-7558faae-be76-4b0f-9be6-d3672128be6c ] Request (VolumesAdminNegativeTest:setUpClass): 201 POST http://10.180.1.21/identity/v3/projects 0.081s
2025-11-12 06:20:33.720 65746 INFO tempest.lib.common.rest_client [req-b4d05bcc-eaba-42fc-b3d7-20121ed47a23 req-b4d05bcc-eaba-42fc-b3d7-20121ed47a23 ] Request (FlavorsAccessNegativeTestJSON:tearDownClass): 204 DELETE http://10.180.1.21/identity/v3/projects/1a5dd9fbf6c14446bc10ccce17dac55a 0.168s
2025-11-12 06:20:33.721 65746 INFO tempest.lib.common.dynamic_creds [-] Deleting project and security group for project: 8a2a92de2c5b4635b2db842baecbd499
2025-11-12 06:20:33.769 65710 INFO tempest.lib.common.rest_client [req-e03e088f-aa86-4a79-a862-85db4a8cb1d0 req-e03e088f-aa86-4a79-a862-85db4a8cb1d0 ] Request (VolumesAdminNegativeTest:setUpClass): 201 POST http://10.180.1.21/identity/v3/users 0.146s
2025-11-12 06:20:33.800 65710 INFO tempest.lib.common.rest_client [req-a0af2796-fc6d-45c6-9b04-670f615e3367 req-a0af2796-fc6d-45c6-9b04-670f615e3367 ] Request (VolumesAdminNegativeTest:setUpClass): 200 GET http://10.180.1.21/identity/v3/roles 0.030s
2025-11-12 06:20:33.844 65710 INFO tempest.lib.common.rest_client [req-82130cf5-7304-494b-984d-e1042759337f req-82130cf5-7304-494b-984d-e1042759337f ] Request (VolumesAdminNegativeTest:setUpClass): 204 PUT http://10.180.1.21/identity/v3/projects/1d365c399dae45218466902d67b1c03c/users/52de07a619df435893f908016125f912/roles/51b2b600ad42489d9a0fc906f27ce07a 0.043s
2025-11-12 06:20:33.910 65710 INFO tempest.lib.common.rest_client [req-03881f8a-5f50-4726-b170-58a5c8c1a957 req-03881f8a-5f50-4726-b170-58a5c8c1a957 ] Request (VolumesAdminNegativeTest:setUpClass): 200 GET http://10.180.1.21/identity/v3/roles 0.065s
2025-11-12 06:20:33.939 65710 INFO tempest.lib.common.rest_client [req-994b1939-cebe-4cfa-bfa5-57ab804b6e54 req-994b1939-cebe-4cfa-bfa5-57ab804b6e54 ] Request (VolumesAdminNegativeTest:setUpClass): 204 PUT http://10.180.1.21/identity/v3/projects/1d365c399dae45218466902d67b1c03c/users/52de07a619df435893f908016125f912/roles/8da0b01e61d740bfa27ba6ddfb89f7c4 0.028s
2025-11-12 06:20:33.939 65710 INFO tempest.lib.common.dynamic_creds [-] Dynamic test user 52de07a619df435893f908016125f912 is created with scope project and roles: ['service', 'admin']
2025-11-12 06:20:33.939 65710 INFO tempest.lib.common.dynamic_creds [-] Acquired dynamic creds: credentials: Credentials: {'domain_id': 'default', 'domain_name': 'Default', 'username': 'tempest-VolumesAdminNegativeTest-461929286-project', 'project_domain_id': 'default', 'project_domain_name': 'Default', 'project_id': '1d365c399dae45218466902d67b1c03c', 'project_name': 'tempest-VolumesAdminNegativeTest-461929286', 'tenant_id': '1d365c399dae45218466902d67b1c03c', 'tenant_name': 'tempest-VolumesAdminNegativeTest-461929286', 'user_domain_id': 'default', 'user_domain_name': 'Default', 'user_id': '52de07a619df435893f908016125f912', 'system': None}, Network: None, Subnet: None, Router: None
2025-11-12 06:20:34.042 65746 INFO tempest.lib.common.rest_client [req-1646d01d-36af-4cce-9cd8-b694faa19e0b req-1646d01d-36af-4cce-9cd8-b694faa19e0b ] Request (FlavorsAccessNegativeTestJSON:tearDownClass): 200 GET http://10.180.1.21/networking/v2.0/security-groups?tenant_id=8a2a92de2c5b4635b2db842baecbd499&name=default 0.321s
2025-11-12 06:20:34.218 65746 INFO tempest.lib.common.rest_client [req-358dfa0f-4806-4499-95ee-0e5b541433cf req-358dfa0f-4806-4499-95ee-0e5b541433cf ] Request (FlavorsAccessNegativeTestJSON:tearDownClass): 204 DELETE http://10.180.1.21/networking/v2.0/security-groups/26ae7f80-3628-48dd-8953-053ae875c9e7 0.175s
2025-11-12 06:20:34.324 65710 INFO tempest.lib.common.rest_client [req-4ef1b6e5-b0f1-4da5-9ccc-d3382770ceed req-4ef1b6e5-b0f1-4da5-9ccc-d3382770ceed ] Request (VolumesAdminNegativeTest:setUpClass): 201 POST http://10.180.1.21/networking/v2.0/networks 0.385s
2025-11-12 06:20:34.340 65746 INFO tempest.lib.common.rest_client [req-4ebd155b-8686-48df-b4f6-c3def858e164 req-4ebd155b-8686-48df-b4f6-c3def858e164 ] Request (FlavorsAccessNegativeTestJSON:tearDownClass): 204 DELETE http://10.180.1.21/identity/v3/projects/8a2a92de2c5b4635b2db842baecbd499 0.122s
2025-11-12 06:20:34.340 65746 INFO tempest.lib.common.dynamic_creds [-] Deleting project and security group for project: c9652619949943afb70be70581474880
2025-11-12 06:20:34.600 65710 INFO tempest.lib.common.rest_client [req-d1f163e0-6fd9-4cea-9df2-7fa9adccaf50 req-d1f163e0-6fd9-4cea-9df2-7fa9adccaf50 ] Request (VolumesAdminNegativeTest:setUpClass): 201 POST http://10.180.1.21/networking/v2.0/subnets 0.274s
2025-11-12 06:20:34.711 65746 INFO tempest.lib.common.rest_client [req-c6cb671a-7721-4e9f-8220-c515fecb0817 req-c6cb671a-7721-4e9f-8220-c515fecb0817 ] Request (FlavorsAccessNegativeTestJSON:tearDownClass): 200 GET http://10.180.1.21/networking/v2.0/security-groups?tenant_id=c9652619949943afb70be70581474880&name=default 0.370s
2025-11-12 06:20:35.488 65710 INFO tempest.lib.common.rest_client [req-7d66d5b5-f468-41ed-9ba8-7879a58547fe req-7d66d5b5-f468-41ed-9ba8-7879a58547fe ] Request (VolumesAdminNegativeTest:setUpClass): 201 POST http://10.180.1.21/networking/v2.0/routers 0.888s
2025-11-12 06:20:35.635 65746 INFO tempest.lib.common.rest_client [req-22280a3c-f47b-4ab2-96fb-21ce5340596d req-22280a3c-f47b-4ab2-96fb-21ce5340596d ] Request (FlavorsAccessNegativeTestJSON:tearDownClass): 204 DELETE http://10.180.1.21/networking/v2.0/security-groups/f958fae3-dd54-46b7-87e2-52097be72cdf 0.923s
2025-11-12 06:20:35.799 65746 INFO tempest.lib.common.rest_client [req-d7363364-784c-4af8-8e2b-e22acbb58a81 req-d7363364-784c-4af8-8e2b-e22acbb58a81 ] Request (FlavorsAccessNegativeTestJSON:tearDownClass): 204 DELETE http://10.180.1.21/identity/v3/projects/c9652619949943afb70be70581474880 0.163s
2025-11-12 06:20:35.902 65746 INFO tempest.lib.common.rest_client [req-129236cd-2ef0-4b7c-8410-969b083b9dfc req-129236cd-2ef0-4b7c-8410-969b083b9dfc ] Request (ServerDiagnosticsV248Test:setUpClass): 201 POST http://10.180.1.21/identity/v3/auth/tokens 0.100s
2025-11-12 06:20:35.935 65746 INFO tempest.lib.common.rest_client [req-c87f99b7-4f1f-482a-bc8b-97502035ff67 req-c87f99b7-4f1f-482a-bc8b-97502035ff67 ] Request (ServerDiagnosticsV248Test:setUpClass): 201 POST http://10.180.1.21/identity/v3/auth/tokens 0.030s
2025-11-12 06:20:35.972 65746 INFO tempest.lib.common.rest_client [req-f765d2bf-fe94-494b-91d3-8c8adaa98b8e req-f765d2bf-fe94-494b-91d3-8c8adaa98b8e ] Request (ServerDiagnosticsV248Test:setUpClass): 200 GET http://10.180.1.21/identity/v3/domains?name=Default 0.037s
2025-11-12 06:20:36.008 65746 INFO tempest.lib.common.rest_client [req-aa09f35b-933b-4667-b4cf-60c6a8976a7e req-aa09f35b-933b-4667-b4cf-60c6a8976a7e ] Request (ServerDiagnosticsV248Test:setUpClass): 201 POST http://10.180.1.21/identity/v3/projects 0.036s
2025-11-12 06:20:36.088 65746 INFO tempest.lib.common.rest_client [req-33d6cd65-b28e-40bd-9789-af566cd0ea01 req-33d6cd65-b28e-40bd-9789-af566cd0ea01 ] Request (ServerDiagnosticsV248Test:setUpClass): 201 POST http://10.180.1.21/identity/v3/users 0.079s
2025-11-12 06:20:36.111 65746 INFO tempest.lib.common.rest_client [req-3f726809-e69f-4618-9f78-9cb7911248fe req-3f726809-e69f-4618-9f78-9cb7911248fe ] Request (ServerDiagnosticsV248Test:setUpClass): 200 GET http://10.180.1.21/identity/v3/roles 0.023s
2025-11-12 06:20:36.150 65746 INFO tempest.lib.common.rest_client [req-7cf65e31-cc1a-4517-8bbe-1f34bcf36bc9 req-7cf65e31-cc1a-4517-8bbe-1f34bcf36bc9 ] Request (ServerDiagnosticsV248Test:setUpClass): 204 PUT http://10.180.1.21/identity/v3/projects/d7bffd931d1d45769373a2e314688826/users/23bc9281c9e146d9bf8bddfa02cad049/roles/d5f563bb887e4a55a4fbecf558ce5784 0.038s
2025-11-12 06:20:36.150 65746 INFO tempest.lib.common.dynamic_creds [-] Dynamic test user 23bc9281c9e146d9bf8bddfa02cad049 is created with scope project and roles: ['member']
2025-11-12 06:20:36.151 65746 INFO tempest.lib.common.dynamic_creds [-] Acquired dynamic creds: credentials: Credentials: {'domain_id': 'default', 'domain_name': 'Default', 'username': 'tempest-ServerDiagnosticsV248Test-236462368-project-member', 'project_domain_id': 'default', 'project_domain_name': 'Default', 'project_id': 'd7bffd931d1d45769373a2e314688826', 'project_name': 'tempest-ServerDiagnosticsV248Test-236462368', 'tenant_id': 'd7bffd931d1d45769373a2e314688826', 'tenant_name': 'tempest-ServerDiagnosticsV248Test-236462368', 'user_domain_id': 'default', 'user_domain_name': 'Default', 'user_id': '23bc9281c9e146d9bf8bddfa02cad049', 'system': None}, Network: None, Subnet: None, Router: None
2025-11-12 06:20:36.151 65746 INFO tempest.lib.common.dynamic_creds [-] Created isolated network resources for: credentials: Credentials: {'domain_id': 'default', 'domain_name': 'Default', 'username': 'tempest-ServerDiagnosticsV248Test-236462368-project-member', 'project_domain_id': 'default', 'project_domain_name': 'Default', 'project_id': 'd7bffd931d1d45769373a2e314688826', 'project_name': 'tempest-ServerDiagnosticsV248Test-236462368', 'tenant_id': 'd7bffd931d1d45769373a2e314688826', 'tenant_name': 'tempest-ServerDiagnosticsV248Test-236462368', 'user_domain_id': 'default', 'user_domain_name': 'Default', 'user_id': '23bc9281c9e146d9bf8bddfa02cad049', 'system': None}, Network: None, Subnet: None, Router: None
2025-11-12 06:20:36.245 65746 INFO tempest.lib.common.rest_client [req-12fd5bc7-ac75-455e-b2f7-041f168343db req-12fd5bc7-ac75-455e-b2f7-041f168343db ] Request (ServerDiagnosticsV248Test:setUpClass): 201 POST http://10.180.1.21/identity/v3/auth/tokens 0.091s
2025-11-12 06:20:36.322 65746 INFO tempest.lib.common.rest_client [req-98fd90a1-2732-4f66-9712-22fc1d4bf6ec req-98fd90a1-2732-4f66-9712-22fc1d4bf6ec ] Request (ServerDiagnosticsV248Test:setUpClass): 201 POST http://10.180.1.21/identity/v3/projects 0.076s
2025-11-12 06:20:36.424 65746 INFO tempest.lib.common.rest_client [req-6b135f60-62b8-49f4-9a1c-49f5004a5c48 req-6b135f60-62b8-49f4-9a1c-49f5004a5c48 ] Request (ServerDiagnosticsV248Test:setUpClass): 201 POST http://10.180.1.21/identity/v3/users 0.100s
2025-11-12 06:20:36.448 65746 INFO tempest.lib.common.rest_client [req-573d180c-30d4-47c0-8337-427bd6d22a2c req-573d180c-30d4-47c0-8337-427bd6d22a2c ] Request (ServerDiagnosticsV248Test:setUpClass): 200 GET http://10.180.1.21/identity/v3/roles 0.023s
2025-11-12 06:20:36.487 65746 INFO tempest.lib.common.rest_client [req-74cfb826-1a34-48f2-9232-39a14d35a853 req-74cfb826-1a34-48f2-9232-39a14d35a853 ] Request (ServerDiagnosticsV248Test:setUpClass): 204 PUT http://10.180.1.21/identity/v3/projects/b22c023488cf4bb8b1f1e4292c63e9f0/users/d0c452db122046d8a1b2a3e585ebca87/roles/8da0b01e61d740bfa27ba6ddfb89f7c4 0.038s
2025-11-12 06:20:36.546 65746 INFO tempest.lib.common.rest_client [req-2a5f9504-b008-4b4b-81c6-a6015ed26e2e req-2a5f9504-b008-4b4b-81c6-a6015ed26e2e ] Request (ServerDiagnosticsV248Test:setUpClass): 200 GET http://10.180.1.21/identity/v3/roles 0.059s
