2025-11-20 12:33:15.023 66640 INFO tempest.lib.common.rest_client [req-198b5802-3a97-49b7-84c9-d7c7b6fc2e03 req-198b5802-3a97-49b7-84c9-d7c7b6fc2e03 ] Request (ImagesTestJSON:test_create_server_from_snapshot): 200 GET http://10.180.1.21/compute/v2.1/images/6d3862de-0bb4-4ccb-a54f-d7adc2efb6f1 0.183s
2025-11-20 12:33:15.031 66646 INFO tempest.lib.common.rest_client [req-c8370b90-8833-4a5f-a208-7a487380f0c0 req-c8370b90-8833-4a5f-a208-7a487380f0c0 ] Request (ServersTestMultiNic:test_verify_multiple_nics_order): 200 GET http://10.180.1.21/compute/v2.1/servers/ba1d4d97-7dc4-4b00-bd9d-4562c55f981e 0.197s
2025-11-20 12:33:15.081 66652 INFO tempest.lib.common.rest_client [req-a2805b44-db37-4ef7-9d25-3f51e49cf8f1 req-a2805b44-db37-4ef7-9d25-3f51e49cf8f1 ] Request (ListServersNegativeTestJSON:setUpClass): 200 GET http://10.180.1.21/compute/v2.1/servers/106df1fc-e3cf-4d21-89fb-caa0fce3b654 0.186s
2025-11-20 12:33:15.137 66630 INFO tempest.lib.common.rest_client [req-be2ede8a-5b77-4133-a312-f7fa23627ae3 req-be2ede8a-5b77-4133-a312-f7fa23627ae3 ] Request (ServersAdminNegativeTestJSON:tearDownClass): 200 GET http://10.180.1.21/compute/v2.1/servers/eb010ea3-4316-4a1e-9131-f28c1e0df5b1 0.166s
2025-11-20 12:33:15.158 66658 INFO tempest.lib.common.rest_client [req-84f1404f-6dc3-4f96-ab13-7a02ba4f2119 req-84f1404f-6dc3-4f96-ab13-7a02ba4f2119 ] Request (MigrationsAdminTest:test_resize_server_revert_deleted_flavor): 200 GET http://10.180.1.21/compute/v2.1/servers/85051b0f-087f-4015-afc7-c73088104608 0.196s
2025-11-20 12:33:15.195 66642 INFO tempest.lib.common.rest_client [req-32d2274e-d5b7-409b-bf66-dc4fec9ea973 req-32d2274e-d5b7-409b-bf66-dc4fec9ea973 ] Request (ListServerFiltersTestJSON:tearDownClass): 200 GET http://10.180.1.21/compute/v2.1/servers/11ce834b-806d-4aba-b442-4897eeda4ff5 0.168s
2025-11-20 12:33:15.227 66634 INFO tempest.lib.common.rest_client [req-daf96f7d-c786-494e-a2cb-7f3bc247f861 req-daf96f7d-c786-494e-a2cb-7f3bc247f861 ] Request (ServersListShow2100Test:test_list_show_rebuild_update_server_2100): 200 GET http://10.180.1.21/compute/v2.1/servers/6237414c-1762-4037-bcb4-2d414a07038e 0.178s
2025-11-20 12:33:15.266 66669 INFO tempest.lib.common.rest_client [req-7a770ab3-ef6b-42ec-b28b-58609f9b3e4e req-7a770ab3-ef6b-42ec-b28b-58609f9b3e4e ] Request (ListImageFiltersTestJSON:tearDownClass): 200 GET http://10.180.1.21/compute/v2.1/servers/a58b954b-1e9a-408b-9cf2-b7b0c9dec3ae 0.185s
2025-11-20 12:33:15.277 66669 INFO tempest.common.waiters [-] State transition "ACTIVE/deleting" ==> "DELETED/None" after 4 second wait
2025-11-20 12:33:15.297 66628 INFO tempest.lib.common.rest_client [req-65329bc8-d1e5-4218-a4aa-bcf8316ecb7d req-65329bc8-d1e5-4218-a4aa-bcf8316ecb7d ] Request (ImagesOneServerNegativeTestJSON:_run_cleanups): 200 GET http://10.180.1.21/compute/v2.1/servers/bb133dba-80e4-4093-a261-3fc7689af1d0 0.195s
2025-11-20 12:33:15.338 66636 INFO tempest.lib.common.rest_client [req-32dcc45a-b677-4937-90b6-302389fc6720 req-32dcc45a-b677-4937-90b6-302389fc6720 ] Request (InstanceActionsTestJSON:tearDownClass): 200 GET http://10.180.1.21/compute/v2.1/servers/ec07aa5e-ad25-444e-b490-9dd397fc879f 0.168s
2025-11-20 12:33:15.420 66618 INFO tempest.lib.common.rest_client [req-b9525d75-55ee-4d3c-a318-da6c5ccbc09d req-b9525d75-55ee-4d3c-a318-da6c5ccbc09d ] Request (ServerMetadataTestJSON:tearDownClass): 200 GET http://10.180.1.21/compute/v2.1/servers/c5883ba7-2bcf-4d8f-b735-9b506d7b62ab 0.177s
2025-11-20 12:33:15.443 66644 INFO tempest.lib.common.rest_client [req-06a7dc59-7699-4193-8794-849148eb8b10 req-06a7dc59-7699-4193-8794-849148eb8b10 ] Request (ServersWithSpecificFlavorTestJSON:test_verify_created_server_ephemeral_disk): 200 GET http://10.180.1.21/compute/v2.1/servers/524de610-d007-4c24-ab1e-2215e194f242 0.249s
2025-11-20 12:33:15.451 66644 INFO tempest.common.waiters [-] State transition "BUILD/spawning" ==> "ACTIVE/None" after 42 second wait
2025-11-20 12:33:15.481 66626 INFO tempest.lib.common.rest_client [req-8f008d96-7a2c-407b-84cb-6583f8947655 req-8f008d96-7a2c-407b-84cb-6583f8947655 ] Request (ServerActionsTestJSON:test_rebuild_server): 200 GET http://10.180.1.21/compute/v2.1/servers/99bb5e48-e350-4bef-b891-905a7d0b5961 0.215s
2025-11-20 12:33:15.488 66626 INFO tempest.common.waiters [-] State transition "BUILD/None" ==> "BUILD/networking" after 32 second wait
2025-11-20 12:33:15.506 66620 INFO tempest.lib.common.rest_client [req-a131f959-8cd3-4760-ae8e-92ce828a3b77 req-a131f959-8cd3-4760-ae8e-92ce828a3b77 ] Request (DeleteServersTestJSON:test_delete_active_server): 200 GET http://10.180.1.21/compute/v2.1/servers/e5a9dd97-03a5-4049-92f5-d1f35912c9df 0.194s
2025-11-20 12:33:15.542 66675 INFO tempest.lib.common.rest_client [req-0d68ee7c-10c2-4c99-b88d-bacf6e018a14 req-0d68ee7c-10c2-4c99-b88d-bacf6e018a14 ] Request (ServersTestBootFromVolume:tearDownClass): 200 GET http://10.180.1.21/compute/v2.1/servers/b3529283-6ba7-4680-a8cb-f7f6d14f3a61 0.198s
2025-11-20 12:33:15.621 66644 INFO tempest.lib.common.rest_client [req-7c1c3782-6c0f-4b29-9133-cf0c56cd73c9 req-7c1c3782-6c0f-4b29-9133-cf0c56cd73c9 ] Request (ServersWithSpecificFlavorTestJSON:test_verify_created_server_ephemeral_disk): 200 GET http://10.180.1.21/compute/v2.1/servers/524de610-d007-4c24-ab1e-2215e194f242/os-interface 0.170s
2025-11-20 12:33:15.627 66660 INFO tempest.lib.common.rest_client [req-e14242da-d879-44c0-b9bd-df2826d314bc req-e14242da-d879-44c0-b9bd-df2826d314bc ] Request (AttachVolumeNegativeTest:test_attach_attached_volume_to_different_server): 200 GET http://10.180.1.21/volume/v3/volumes/bc38806c-3309-4496-95e3-6fffcb9c867e 0.049s
2025-11-20 12:33:15.934 66664 INFO tempest.lib.common.rest_client [req-c4e576e4-1618-4f5f-93a4-48220d942f2b req-c4e576e4-1618-4f5f-93a4-48220d942f2b ] Request (ServersAdminTestJSON:tearDownClass): 200 GET http://10.180.1.21/compute/v2.1/servers/65536914-4628-46bb-a7e7-6184190df8e0 0.222s
2025-11-20 12:33:16.149 66644 INFO tempest.lib.common.rest_client [req-05783cc0-f490-4ab5-ba8d-4fe47375540c req-05783cc0-f490-4ab5-ba8d-4fe47375540c ] Request (ServersWithSpecificFlavorTestJSON:test_verify_created_server_ephemeral_disk): 200 PUT http://10.180.1.21/networking/v2.0/floatingips/a2329e28-8e47-4f9f-ae70-e95c329e15c7 0.526s
2025-11-20 12:33:16.309 66622 INFO tempest.lib.common.rest_client [req-09e9d6d6-c235-4579-b72e-d4f787bfa993 req-09e9d6d6-c235-4579-b72e-d4f787bfa993 ] Request (ServerDiskConfigTestJSON:test_resize_server_from_auto_to_manual): 200 GET http://10.180.1.21/compute/v2.1/servers/a3314847-1a14-417c-9dd1-64f0b5e1ac1e 0.351s
2025-11-20 12:33:16.338 66612 INFO tempest.lib.common.rest_client [req-37fdd229-e55f-4764-b5d6-7e0dbd033cc1 req-37fdd229-e55f-4764-b5d6-7e0dbd033cc1 ] Request (SecurityGroupsTestJSON:test_list_security_groups_by_server): 200 GET http://10.180.1.21/compute/v2.1/servers/54ad9cb9-5a15-44a8-9ca2-8d338085e309 0.355s
2025-11-20 12:33:16.364 66640 INFO tempest.lib.common.rest_client [req-09d02534-e173-44b4-b149-170d1daa38da req-09d02534-e173-44b4-b149-170d1daa38da ] Request (ImagesTestJSON:test_create_server_from_snapshot): 200 GET http://10.180.1.21/compute/v2.1/images/6d3862de-0bb4-4ccb-a54f-d7adc2efb6f1 0.337s
2025-11-20 12:33:16.436 66646 INFO tempest.lib.common.rest_client [req-d886c95d-2b21-411f-ae8f-22894ddb43eb req-d886c95d-2b21-411f-ae8f-22894ddb43eb ] Request (ServersTestMultiNic:test_verify_multiple_nics_order): 200 GET http://10.180.1.21/compute/v2.1/servers/ba1d4d97-7dc4-4b00-bd9d-4562c55f981e 0.396s
2025-11-20 12:33:16.456 66652 INFO tempest.lib.common.rest_client [req-88c866bf-58ff-4441-9092-b68faa3862b3 req-88c866bf-58ff-4441-9092-b68faa3862b3 ] Request (ListServersNegativeTestJSON:setUpClass): 200 GET http://10.180.1.21/compute/v2.1/servers/106df1fc-e3cf-4d21-89fb-caa0fce3b654 0.366s
2025-11-20 12:33:16.503 66630 INFO tempest.lib.common.rest_client [req-14a43cd6-7dcb-449c-a071-ea67da00f61f req-14a43cd6-7dcb-449c-a071-ea67da00f61f ] Request (ServersAdminNegativeTestJSON:tearDownClass): 200 GET http://10.180.1.21/compute/v2.1/servers/eb010ea3-4316-4a1e-9131-f28c1e0df5b1 0.356s
2025-11-20 12:33:16.595 66644 INFO tempest.lib.common.rest_client [req-8f94f971-2818-4a07-9e97-b5a5ca54bb7c req-8f94f971-2818-4a07-9e97-b5a5ca54bb7c ] Request (ServersWithSpecificFlavorTestJSON:test_verify_created_server_ephemeral_disk): 200 GET http://10.180.1.21/compute/v2.1/servers/524de610-d007-4c24-ab1e-2215e194f242 0.445s
2025-11-20 12:33:16.603 66644 INFO tempest.lib.common.ssh [-] Creating ssh connection to '10.180.180.208:22' as 'cirros' with public key authentication
2025-11-20 12:33:16.660 66658 INFO tempest.lib.common.rest_client [req-8e31f62c-f0b7-4515-b594-dbc035e48d1c req-8e31f62c-f0b7-4515-b594-dbc035e48d1c ] Request (MigrationsAdminTest:test_resize_server_revert_deleted_flavor): 200 GET http://10.180.1.21/compute/v2.1/servers/85051b0f-087f-4015-afc7-c73088104608 0.494s
2025-11-20 12:33:16.672 66660 INFO tempest.lib.common.rest_client [req-d9b4df8b-56af-4233-a077-c22aa9b5dcc5 req-d9b4df8b-56af-4233-a077-c22aa9b5dcc5 ] Request (AttachVolumeNegativeTest:test_attach_attached_volume_to_different_server): 200 GET http://10.180.1.21/volume/v3/volumes/bc38806c-3309-4496-95e3-6fffcb9c867e 0.036s
2025-11-20 12:33:16.673 66642 INFO tempest.lib.common.rest_client [req-2028c1c7-f8b9-418f-81c4-4e72c53f0f63 req-2028c1c7-f8b9-418f-81c4-4e72c53f0f63 ] Request (ListServerFiltersTestJSON:tearDownClass): 200 GET http://10.180.1.21/compute/v2.1/servers/11ce834b-806d-4aba-b442-4897eeda4ff5 0.471s
2025-11-20 12:33:16.735 66669 INFO tempest.lib.common.rest_client [req-2a1a5a39-6653-44d3-abd5-0b0089574f01 req-2a1a5a39-6653-44d3-abd5-0b0089574f01 ] Request (ListImageFiltersTestJSON:tearDownClass): 200 GET http://10.180.1.21/compute/v2.1/servers/a58b954b-1e9a-408b-9cf2-b7b0c9dec3ae 0.456s
2025-11-20 12:33:16.757 66634 INFO tempest.lib.common.rest_client [req-f4a53a1a-3258-43c8-9537-297a4c3f0fc0 req-f4a53a1a-3258-43c8-9537-297a4c3f0fc0 ] Request (ServersListShow2100Test:test_list_show_rebuild_update_server_2100): 200 GET http://10.180.1.21/compute/v2.1/servers/6237414c-1762-4037-bcb4-2d414a07038e 0.516s
2025-11-20 12:33:16.798 66628 INFO tempest.lib.common.rest_client [req-7acdba3e-58fa-4bcc-b93b-447f4e4e363e req-7acdba3e-58fa-4bcc-b93b-447f4e4e363e ] Request (ImagesOneServerNegativeTestJSON:_run_cleanups): 200 GET http://10.180.1.21/compute/v2.1/servers/bb133dba-80e4-4093-a261-3fc7689af1d0 0.492s
2025-11-20 12:33:16.831 66636 INFO tempest.lib.common.rest_client [req-b80dfd0c-786b-4b54-8ab9-1e34b94b2516 req-b80dfd0c-786b-4b54-8ab9-1e34b94b2516 ] Request (InstanceActionsTestJSON:tearDownClass): 200 GET http://10.180.1.21/compute/v2.1/servers/ec07aa5e-ad25-444e-b490-9dd397fc879f 0.484s
2025-11-20 12:33:16.865 66618 INFO tempest.lib.common.rest_client [req-b2d0beb5-6a85-45b9-9cbd-f3c6f2ecf0bc req-b2d0beb5-6a85-45b9-9cbd-f3c6f2ecf0bc ] Request (ServerMetadataTestJSON:tearDownClass): 200 GET http://10.180.1.21/compute/v2.1/servers/c5883ba7-2bcf-4d8f-b735-9b506d7b62ab 0.437s
2025-11-20 12:33:16.946 66620 INFO tempest.lib.common.rest_client [req-f5bb3341-2274-4b0f-8335-792900287ea2 req-f5bb3341-2274-4b0f-8335-792900287ea2 ] Request (DeleteServersTestJSON:test_delete_active_server): 200 GET http://10.180.1.21/compute/v2.1/servers/e5a9dd97-03a5-4049-92f5-d1f35912c9df 0.431s
2025-11-20 12:33:16.972 66626 INFO tempest.lib.common.rest_client [req-e837508f-3b62-4b01-8256-96f70cf862eb req-e837508f-3b62-4b01-8256-96f70cf862eb ] Request (ServerActionsTestJSON:test_rebuild_server): 200 GET http://10.180.1.21/compute/v2.1/servers/99bb5e48-e350-4bef-b891-905a7d0b5961 0.482s
2025-11-20 12:33:16.981 66626 INFO tempest.common.waiters [-] State transition "BUILD/networking" ==> "BUILD/spawning" after 33 second wait
2025-11-20 12:33:17.002 66614 WARNING tempest.lib.common.ssh [-] Failed to establish authenticated ssh connection to cirros@10.180.180.149 ([Errno None] Unable to connect to port 22 on 10.180.180.149). Number attempts: 5. Retry after 6 seconds.: paramiko.ssh_exception.NoValidConnectionsError: [Errno None] Unable to connect to port 22 on 10.180.180.149
2025-11-20 12:33:17.015 66675 INFO tempest.lib.common.rest_client [req-62e78e75-9ef8-456d-8866-27a9462ccc21 req-62e78e75-9ef8-456d-8866-27a9462ccc21 ] Request (ServersTestBootFromVolume:tearDownClass): 200 GET http://10.180.1.21/compute/v2.1/servers/b3529283-6ba7-4680-a8cb-f7f6d14f3a61 0.463s
2025-11-20 12:33:17.048 66664 INFO tempest.lib.common.rest_client [req-c436af4c-73ae-4c06-8fed-9a54b758c0b7 req-c436af4c-73ae-4c06-8fed-9a54b758c0b7 ] Request (ServersAdminTestJSON:tearDownClass): 200 GET http://10.180.1.21/compute/v2.1/servers/65536914-4628-46bb-a7e7-6184190df8e0 0.102s
2025-11-20 12:33:17.490 66622 INFO tempest.lib.common.rest_client [req-e06f609a-2265-4dfb-af27-19eaf34906bd req-e06f609a-2265-4dfb-af27-19eaf34906bd ] Request (ServerDiskConfigTestJSON:test_resize_server_from_auto_to_manual): 200 GET http://10.180.1.21/compute/v2.1/servers/a3314847-1a14-417c-9dd1-64f0b5e1ac1e 0.172s
2025-11-20 12:33:17.521 66612 INFO tempest.lib.common.rest_client [req-127aab70-4456-496e-9b38-17d204ea2a30 req-127aab70-4456-496e-9b38-17d204ea2a30 ] Request (SecurityGroupsTestJSON:test_list_security_groups_by_server): 200 GET http://10.180.1.21/compute/v2.1/servers/54ad9cb9-5a15-44a8-9ca2-8d338085e309 0.169s
2025-11-20 12:33:17.575 66640 INFO tempest.lib.common.rest_client [req-0d15620a-c9ea-4e33-b1b3-96bea0518be3 req-0d15620a-c9ea-4e33-b1b3-96bea0518be3 ] Request (ImagesTestJSON:test_create_server_from_snapshot): 200 GET http://10.180.1.21/compute/v2.1/images/6d3862de-0bb4-4ccb-a54f-d7adc2efb6f1 0.203s
2025-11-20 12:33:17.593 66646 INFO tempest.lib.common.rest_client [req-3d9d43c6-5799-4b16-8e66-3ce317176baf req-3d9d43c6-5799-4b16-8e66-3ce317176baf ] Request (ServersTestMultiNic:test_verify_multiple_nics_order): 200 GET http://10.180.1.21/compute/v2.1/servers/ba1d4d97-7dc4-4b00-bd9d-4562c55f981e 0.148s
2025-11-20 12:33:17.658 66652 INFO tempest.lib.common.rest_client [req-ebbc2e52-d29a-45de-a8cb-605747b96c71 req-ebbc2e52-d29a-45de-a8cb-605747b96c71 ] Request (ListServersNegativeTestJSON:setUpClass): 200 GET http://10.180.1.21/compute/v2.1/servers/106df1fc-e3cf-4d21-89fb-caa0fce3b654 0.191s
2025-11-20 12:33:17.722 66630 INFO tempest.lib.common.rest_client [req-02d35c38-8dfd-4c00-af51-8db51ce39cb5 req-02d35c38-8dfd-4c00-af51-8db51ce39cb5 ] Request (ServersAdminNegativeTestJSON:tearDownClass): 200 GET http://10.180.1.21/compute/v2.1/servers/eb010ea3-4316-4a1e-9131-f28c1e0df5b1 0.209s
2025-11-20 12:33:17.730 66660 INFO tempest.lib.common.rest_client [req-59f67aaf-994c-4803-80a3-861997cbed35 req-59f67aaf-994c-4803-80a3-861997cbed35 ] Request (AttachVolumeNegativeTest:test_attach_attached_volume_to_different_server): 200 GET http://10.180.1.21/volume/v3/volumes/bc38806c-3309-4496-95e3-6fffcb9c867e 0.049s
2025-11-20 12:33:17.770 66648 INFO paramiko.transport [-] Connected (version 2.0, client dropbear_2020.81)
2025-11-20 12:33:17.791 66642 INFO tempest.lib.common.rest_client [req-41f4c8fa-c63f-4d28-9ec0-3e0832c52d2c req-41f4c8fa-c63f-4d28-9ec0-3e0832c52d2c ] Request (ListServerFiltersTestJSON:tearDownClass): 200 GET http://10.180.1.21/compute/v2.1/servers/11ce834b-806d-4aba-b442-4897eeda4ff5 0.106s
2025-11-20 12:33:17.816 66658 INFO tempest.lib.common.rest_client [req-3a7d6de2-46d2-46a9-b9f4-9a1d6144cd8f req-3a7d6de2-46d2-46a9-b9f4-9a1d6144cd8f ] Request (MigrationsAdminTest:test_resize_server_revert_deleted_flavor): 200 GET http://10.180.1.21/compute/v2.1/servers/85051b0f-087f-4015-afc7-c73088104608 0.145s
2025-11-20 12:33:17.865 66669 INFO tempest.lib.common.rest_client [req-b79463a4-4692-4638-b50e-096a1b64021c req-b79463a4-4692-4638-b50e-096a1b64021c ] Request (ListImageFiltersTestJSON:tearDownClass): 200 GET http://10.180.1.21/compute/v2.1/servers/a58b954b-1e9a-408b-9cf2-b7b0c9dec3ae 0.122s
2025-11-20 12:33:17.880 66648 INFO paramiko.transport [-] Authentication (publickey) successful!
2025-11-20 12:33:17.881 66648 INFO tempest.lib.common.ssh [-] ssh connection to cirros@10.180.180.243 successfully created
2025-11-20 12:33:17.900 66634 INFO tempest.lib.common.rest_client [req-5500b9a8-f6cf-4c8f-9c09-c5233fe2ad47 req-5500b9a8-f6cf-4c8f-9c09-c5233fe2ad47 ] Request (ServersListShow2100Test:test_list_show_rebuild_update_server_2100): 200 GET http://10.180.1.21/compute/v2.1/servers/6237414c-1762-4037-bcb4-2d414a07038e 0.127s
2025-11-20 12:33:17.912 66634 INFO tempest.common.waiters [-] State transition "REBUILD/rebuild_spawning" ==> "ACTIVE/None" after 10 second wait
2025-11-20 12:33:17.936 66628 INFO tempest.lib.common.rest_client [req-b8ca3692-2d0a-4c5f-881e-c4a6c4b29769 req-b8ca3692-2d0a-4c5f-881e-c4a6c4b29769 ] Request (ImagesOneServerNegativeTestJSON:_run_cleanups): 200 GET http://10.180.1.21/compute/v2.1/servers/bb133dba-80e4-4093-a261-3fc7689af1d0 0.128s
2025-11-20 12:33:17.961 66636 INFO tempest.lib.common.rest_client [req-57abb13f-4702-458d-ad6c-4fe38ced02f4 req-57abb13f-4702-458d-ad6c-4fe38ced02f4 ] Request (InstanceActionsTestJSON:tearDownClass): 200 GET http://10.180.1.21/compute/v2.1/servers/ec07aa5e-ad25-444e-b490-9dd397fc879f 0.120s
2025-11-20 12:33:18.016 66618 INFO tempest.lib.common.rest_client [req-f88598d5-b7be-46fe-8de5-6256f61f1df4 req-f88598d5-b7be-46fe-8de5-6256f61f1df4 ] Request (ServerMetadataTestJSON:tearDownClass): 200 GET http://10.180.1.21/compute/v2.1/servers/c5883ba7-2bcf-4d8f-b735-9b506d7b62ab 0.142s
2025-11-20 12:33:18.052 66648 INFO tempest.lib.common.rest_client [req-c126d602-5c2f-4536-af7e-c389f1ffbd2e req-c126d602-5c2f-4536-af7e-c389f1ffbd2e ] Request (ServersTestFqdnHostnames:tearDownClass): 204 DELETE http://10.180.1.21/compute/v2.1/servers/b002c505-f9b9-4ff7-a8e4-f64909d2d674 0.157s
2025-11-20 12:33:18.091 66634 INFO tempest.lib.common.rest_client [req-8a1f2e9b-12e5-4de1-8fdc-880f08d4d207 req-8a1f2e9b-12e5-4de1-8fdc-880f08d4d207 ] Request (ServersListShow2100Test:tearDownClass): 204 DELETE http://10.180.1.21/compute/v2.1/servers/6237414c-1762-4037-bcb4-2d414a07038e 0.177s
2025-11-20 12:33:18.120 66620 INFO tempest.lib.common.rest_client [req-4f0db55b-0bca-497a-8e0f-8ab1a7232ecb req-4f0db55b-0bca-497a-8e0f-8ab1a7232ecb ] Request (DeleteServersTestJSON:test_delete_active_server): 200 GET http://10.180.1.21/compute/v2.1/servers/e5a9dd97-03a5-4049-92f5-d1f35912c9df 0.163s
2025-11-20 12:33:18.187 66675 INFO tempest.lib.common.rest_client [req-aef7061f-4cf4-4893-b1cd-e706a3139c3d req-aef7061f-4cf4-4893-b1cd-e706a3139c3d ] Request (ServersTestBootFromVolume:tearDownClass): 200 GET http://10.180.1.21/compute/v2.1/servers/b3529283-6ba7-4680-a8cb-f7f6d14f3a61 0.157s
2025-11-20 12:33:18.200 66626 INFO tempest.lib.common.rest_client [req-7798645b-d8a7-4734-ab57-0f38b2d05bad req-7798645b-d8a7-4734-ab57-0f38b2d05bad ] Request (ServerActionsTestJSON:test_rebuild_server): 200 GET http://10.180.1.21/compute/v2.1/servers/99bb5e48-e350-4bef-b891-905a7d0b5961 0.217s
2025-11-20 12:33:18.351 66664 INFO tempest.lib.common.rest_client [req-a1b8be8a-065c-41a4-93b0-17e18738885b req-a1b8be8a-065c-41a4-93b0-17e18738885b ] Request (ServersAdminTestJSON:tearDownClass): 200 GET http://10.180.1.21/compute/v2.1/servers/65536914-4628-46bb-a7e7-6184190df8e0 0.295s
2025-11-20 12:33:18.409 66648 INFO tempest.lib.common.rest_client [req-605f624d-1beb-4dee-91c2-d8ffb46461fc req-605f624d-1beb-4dee-91c2-d8ffb46461fc ] Request (ServersTestFqdnHostnames:tearDownClass): 200 GET http://10.180.1.21/compute/v2.1/servers/b002c505-f9b9-4ff7-a8e4-f64909d2d674 0.356s
2025-11-20 12:33:18.469 66634 INFO tempest.lib.common.rest_client [req-6ec27d37-0829-404c-8d9a-012a82fdb29e req-6ec27d37-0829-404c-8d9a-012a82fdb29e ] Request (ServersListShow2100Test:tearDownClass): 200 GET http://10.180.1.21/compute/v2.1/servers/6237414c-1762-4037-bcb4-2d414a07038e 0.377s
2025-11-20 12:33:18.728 66622 INFO tempest.lib.common.rest_client [req-1295a9da-1bfa-4913-a1ae-465bfcf112dc req-1295a9da-1bfa-4913-a1ae-465bfcf112dc ] Request (ServerDiskConfigTestJSON:test_resize_server_from_auto_to_manual): 200 GET http://10.180.1.21/compute/v2.1/servers/a3314847-1a14-417c-9dd1-64f0b5e1ac1e 0.230s
2025-11-20 12:33:18.742 66612 INFO tempest.lib.common.rest_client [req-99911ca6-7b5f-4d36-b23d-f2299851e5ed req-99911ca6-7b5f-4d36-b23d-f2299851e5ed ] Request (SecurityGroupsTestJSON:test_list_security_groups_by_server): 200 GET http://10.180.1.21/compute/v2.1/servers/54ad9cb9-5a15-44a8-9ca2-8d338085e309 0.209s
2025-11-20 12:33:18.799 66640 INFO tempest.lib.common.rest_client [req-5db2d9dc-dcb6-4450-8f15-db15a1d388c6 req-5db2d9dc-dcb6-4450-8f15-db15a1d388c6 ] Request (ImagesTestJSON:test_create_server_from_snapshot): 200 GET http://10.180.1.21/compute/v2.1/images/6d3862de-0bb4-4ccb-a54f-d7adc2efb6f1 0.220s
2025-11-20 12:33:18.804 66660 INFO tempest.lib.common.rest_client [req-d9978c9d-10ad-4551-881d-15bf273160a3 req-d9978c9d-10ad-4551-881d-15bf273160a3 ] Request (AttachVolumeNegativeTest:test_attach_attached_volume_to_different_server): 200 GET http://10.180.1.21/volume/v3/volumes/bc38806c-3309-4496-95e3-6fffcb9c867e 0.065s
2025-11-20 12:33:18.850 66646 INFO tempest.lib.common.rest_client [req-6006d658-725c-4255-9a73-c937841b9e23 req-6006d658-725c-4255-9a73-c937841b9e23 ] Request (ServersTestMultiNic:test_verify_multiple_nics_order): 200 GET http://10.180.1.21/compute/v2.1/servers/ba1d4d97-7dc4-4b00-bd9d-4562c55f981e 0.250s
2025-11-20 12:33:18.896 66652 INFO tempest.lib.common.rest_client [req-7408b411-b883-4270-bf43-9c067ce70f66 req-7408b411-b883-4270-bf43-9c067ce70f66 ] Request (ListServersNegativeTestJSON:setUpClass): 200 GET http://10.180.1.21/compute/v2.1/servers/106df1fc-e3cf-4d21-89fb-caa0fce3b654 0.231s
2025-11-20 12:33:18.939 66630 INFO tempest.lib.common.rest_client [req-031ffc9b-a851-4ec9-abfe-2e108d0ede91 req-031ffc9b-a851-4ec9-abfe-2e108d0ede91 ] Request (ServersAdminNegativeTestJSON:tearDownClass): 200 GET http://10.180.1.21/compute/v2.1/servers/eb010ea3-4316-4a1e-9131-f28c1e0df5b1 0.207s
2025-11-20 12:33:18.989 66642 INFO tempest.lib.common.rest_client [req-25179af3-cfc1-44bf-88c9-9590a781efb5 req-25179af3-cfc1-44bf-88c9-9590a781efb5 ] Request (ListServerFiltersTestJSON:tearDownClass): 200 GET http://10.180.1.21/compute/v2.1/servers/11ce834b-806d-4aba-b442-4897eeda4ff5 0.181s
2025-11-20 12:33:19.053 66669 INFO tempest.lib.common.rest_client [req-afa6d1bb-c071-4199-bb7d-40eae0f5e093 req-afa6d1bb-c071-4199-bb7d-40eae0f5e093 ] Request (ListImageFiltersTestJSON:tearDownClass): 200 GET http://10.180.1.21/compute/v2.1/servers/a58b954b-1e9a-408b-9cf2-b7b0c9dec3ae 0.176s
2025-11-20 12:33:19.082 66658 INFO tempest.lib.common.rest_client [req-1ff4fcd0-c559-4ede-b4ba-726ad39eb245 req-1ff4fcd0-c559-4ede-b4ba-726ad39eb245 ] Request (MigrationsAdminTest:test_resize_server_revert_deleted_flavor): 200 GET http://10.180.1.21/compute/v2.1/servers/85051b0f-087f-4015-afc7-c73088104608 0.253s
2025-11-20 12:33:19.123 66628 INFO tempest.lib.common.rest_client [req-3d2b7098-bfde-4dc2-b834-ca183f735330 req-3d2b7098-bfde-4dc2-b834-ca183f735330 ] Request (ImagesOneServerNegativeTestJSON:_run_cleanups): 200 GET http://10.180.1.21/compute/v2.1/servers/bb133dba-80e4-4093-a261-3fc7689af1d0 0.177s
2025-11-20 12:33:19.146 66636 INFO tempest.lib.common.rest_client [req-df6c894e-84b0-48d3-9ae4-62011c130d7f req-df6c894e-84b0-48d3-9ae4-62011c130d7f ] Request (InstanceActionsTestJSON:tearDownClass): 200 GET http://10.180.1.21/compute/v2.1/servers/ec07aa5e-ad25-444e-b490-9dd397fc879f 0.176s
2025-11-20 12:33:19.193 66618 INFO tempest.lib.common.rest_client [req-c4e6dd77-8c8d-49a1-9222-f904da2c124d req-c4e6dd77-8c8d-49a1-9222-f904da2c124d ] Request (ServerMetadataTestJSON:tearDownClass): 200 GET http://10.180.1.21/compute/v2.1/servers/c5883ba7-2bcf-4d8f-b735-9b506d7b62ab 0.166s
2025-11-20 12:33:19.233 66620 INFO tempest.lib.common.rest_client [req-1c1f4ead-1cf3-49f2-99bb-557642007916 req-1c1f4ead-1cf3-49f2-99bb-557642007916 ] Request (DeleteServersTestJSON:test_delete_active_server): 200 GET http://10.180.1.21/compute/v2.1/servers/e5a9dd97-03a5-4049-92f5-d1f35912c9df 0.105s
2025-11-20 12:33:19.292 66675 INFO tempest.lib.common.rest_client [req-4af32072-0152-46d5-9e94-f0910a3aa70c req-4af32072-0152-46d5-9e94-f0910a3aa70c ] Request (ServersTestBootFromVolume:tearDownClass): 200 GET http://10.180.1.21/compute/v2.1/servers/b3529283-6ba7-4680-a8cb-f7f6d14f3a61 0.097s
2025-11-20 12:33:19.368 66626 INFO tempest.lib.common.rest_client [req-abb56922-881d-4fa8-8b98-dbdf84358528 req-abb56922-881d-4fa8-8b98-dbdf84358528 ] Request (ServerActionsTestJSON:test_rebuild_server): 200 GET http://10.180.1.21/compute/v2.1/servers/99bb5e48-e350-4bef-b891-905a7d0b5961 0.157s
2025-11-20 12:33:19.433 66664 INFO tempest.lib.common.rest_client [req-3e1aa8c0-0387-4cbd-944a-682d40922c4c req-3e1aa8c0-0387-4cbd-944a-682d40922c4c ] Request (ServersAdminTestJSON:tearDownClass): 200 GET http://10.180.1.21/compute/v2.1/servers/65536914-4628-46bb-a7e7-6184190df8e0 0.073s
2025-11-20 12:33:19.514 66648 INFO tempest.lib.common.rest_client [req-7a26a303-206b-4306-8bd6-ce54c2df01a1 req-7a26a303-206b-4306-8bd6-ce54c2df01a1 ] Request (ServersTestFqdnHostnames:tearDownClass): 200 GET http://10.180.1.21/compute/v2.1/servers/b002c505-f9b9-4ff7-a8e4-f64909d2d674 0.094s
2025-11-20 12:33:19.560 66634 INFO tempest.lib.common.rest_client [req-76e8fb21-28c9-474f-bf0b-059eb5fba0ca req-76e8fb21-28c9-474f-bf0b-059eb5fba0ca ] Request (ServersListShow2100Test:tearDownClass): 200 GET http://10.180.1.21/compute/v2.1/servers/6237414c-1762-4037-bcb4-2d414a07038e 0.074s
2025-11-20 12:33:19.859 66660 INFO tempest.lib.common.rest_client [req-20a852a1-8277-4350-9793-e1c0cae21d9c req-20a852a1-8277-4350-9793-e1c0cae21d9c ] Request (AttachVolumeNegativeTest:test_attach_attached_volume_to_different_server): 200 GET http://10.180.1.21/volume/v3/volumes/bc38806c-3309-4496-95e3-6fffcb9c867e 0.046s
2025-11-20 12:33:19.929 66622 INFO tempest.lib.common.rest_client [req-2fb2d457-f6b9-4acb-b575-8f0f8efd2b45 req-2fb2d457-f6b9-4acb-b575-8f0f8efd2b45 ] Request (ServerDiskConfigTestJSON:test_resize_server_from_auto_to_manual): 200 GET http://10.180.1.21/compute/v2.1/servers/a3314847-1a14-417c-9dd1-64f0b5e1ac1e 0.192s
2025-11-20 12:33:19.957 66612 INFO tempest.lib.common.rest_client [req-a359623c-b74b-406e-a57c-e90672cd2b27 req-a359623c-b74b-406e-a57c-e90672cd2b27 ] Request (SecurityGroupsTestJSON:test_list_security_groups_by_server): 200 GET http://10.180.1.21/compute/v2.1/servers/54ad9cb9-5a15-44a8-9ca2-8d338085e309 0.204s
2025-11-20 12:33:19.977 66640 INFO tempest.lib.common.rest_client [req-87e3b32e-785d-4fee-a034-67b8ebbf1604 req-87e3b32e-785d-4fee-a034-67b8ebbf1604 ] Request (ImagesTestJSON:test_create_server_from_snapshot): 200 GET http://10.180.1.21/compute/v2.1/images/6d3862de-0bb4-4ccb-a54f-d7adc2efb6f1 0.173s
2025-11-20 12:33:20.025 66646 INFO tempest.lib.common.rest_client [req-75434487-bff2-4d08-b4c4-0120a9159b24 req-75434487-bff2-4d08-b4c4-0120a9159b24 ] Request (ServersTestMultiNic:test_verify_multiple_nics_order): 200 GET http://10.180.1.21/compute/v2.1/servers/ba1d4d97-7dc4-4b00-bd9d-4562c55f981e 0.165s
2025-11-20 12:33:20.043 66652 INFO tempest.lib.common.rest_client [req-66543c1f-b279-4cf1-b0e7-98eee1be5fb1 req-66543c1f-b279-4cf1-b0e7-98eee1be5fb1 ] Request (ListServersNegativeTestJSON:setUpClass): 200 GET http://10.180.1.21/compute/v2.1/servers/106df1fc-e3cf-4d21-89fb-caa0fce3b654 0.135s
2025-11-20 12:33:20.088 66640 INFO tempest.lib.common.rest_client [req-ca9cbbce-de9d-47b1-a0b3-567706bacf2d req-ca9cbbce-de9d-47b1-a0b3-567706bacf2d ] Request (ImagesTestJSON:test_create_server_from_snapshot): 200 GET http://10.180.1.21/compute/v2.1/images/6d3862de-0bb4-4ccb-a54f-d7adc2efb6f1 0.107s
2025-11-20 12:33:20.110 66630 INFO tempest.lib.common.rest_client [req-521443f4-2d78-4c7f-ac60-9c3c6a399486 req-521443f4-2d78-4c7f-ac60-9c3c6a399486 ] Request (ServersAdminNegativeTestJSON:tearDownClass): 200 GET http://10.180.1.21/compute/v2.1/servers/eb010ea3-4316-4a1e-9131-f28c1e0df5b1 0.162s
2025-11-20 12:33:20.177 66642 INFO tempest.lib.common.rest_client [req-be600ec0-2972-410a-8657-1e557d8c5ab9 req-be600ec0-2972-410a-8657-1e557d8c5ab9 ] Request (ListServerFiltersTestJSON:tearDownClass): 200 GET http://10.180.1.21/compute/v2.1/servers/11ce834b-806d-4aba-b442-4897eeda4ff5 0.180s
2025-11-20 12:33:20.208 66640 INFO tempest.lib.common.rest_client [req-34b34318-ecf8-4820-828f-5394802f4d38 req-34b34318-ecf8-4820-828f-5394802f4d38 ] Request (ImagesTestJSON:test_create_server_from_snapshot): 201 POST http://10.180.1.21/identity/v3/auth/tokens 0.113s
2025-11-20 12:33:20.208 66640 INFO tempest.lib.common.fixed_network [-] (ImagesTestJSON:test_create_server_from_snapshot) Found network {'id': 'e7e4ea94-e60b-4ba7-b730-671ac3fc1eab', 'name': 'tempest-ImagesTestJSON-8593868-network', 'tenant_id': '864ccec252f145cca0fe7d2eb7043b0d', 'project_id': '864ccec252f145cca0fe7d2eb7043b0d', 'admin_state_up': True, 'mtu': 8950, 'status': 'ACTIVE', 'subnets': [], 'shared': False, 'port_security_enabled': True, 'router:external': False, 'provider:network_type': 'vlan', 'provider:physical_network': 'default', 'provider:segmentation_id': 840, 'availability_zone_hints': [], 'availability_zones': [], 'ipv4_address_scope': None, 'ipv6_address_scope': None, 'description': '', 'tags': [], 'created_at': '2025-11-20T12:30:01Z', 'updated_at': '2025-11-20T12:30:01Z', 'revision_number': 1} available for tenant
2025-11-20 12:33:20.215 66669 INFO tempest.lib.common.rest_client [req-590bb39a-bbef-4c0a-8f41-23e7332d31e1 req-590bb39a-bbef-4c0a-8f41-23e7332d31e1 ] Request (ListImageFiltersTestJSON:tearDownClass): 200 GET http://10.180.1.21/compute/v2.1/servers/a58b954b-1e9a-408b-9cf2-b7b0c9dec3ae 0.152s
2025-11-20 12:33:20.314 66658 INFO tempest.lib.common.rest_client [req-fb0c42dd-c965-477c-a5b1-d45942f41ddf req-fb0c42dd-c965-477c-a5b1-d45942f41ddf ] Request (MigrationsAdminTest:test_resize_server_revert_deleted_flavor): 200 GET http://10.180.1.21/compute/v2.1/servers/85051b0f-087f-4015-afc7-c73088104608 0.222s
2025-11-20 12:33:20.331 66628 INFO tempest.lib.common.rest_client [req-1070327c-dc82-4283-be32-3a8678f10ef1 req-1070327c-dc82-4283-be32-3a8678f10ef1 ] Request (ImagesOneServerNegativeTestJSON:_run_cleanups): 200 GET http://10.180.1.21/compute/v2.1/servers/bb133dba-80e4-4093-a261-3fc7689af1d0 0.200s
2025-11-20 12:33:20.340 66636 INFO tempest.lib.common.rest_client [req-9844bab4-e08e-4141-a3c1-71776a8ce4f2 req-9844bab4-e08e-4141-a3c1-71776a8ce4f2 ] Request (InstanceActionsTestJSON:tearDownClass): 404 GET http://10.180.1.21/compute/v2.1/servers/ec07aa5e-ad25-444e-b490-9dd397fc879f 0.183s
2025-11-20 12:33:20.512 66618 INFO tempest.lib.common.rest_client [req-483f358c-4e9f-4efd-9207-71aca52b1efe req-483f358c-4e9f-4efd-9207-71aca52b1efe ] Request (ServerMetadataTestJSON:tearDownClass): 200 GET http://10.180.1.21/compute/v2.1/servers/c5883ba7-2bcf-4d8f-b735-9b506d7b62ab 0.310s
2025-11-20 12:33:20.581 66620 INFO tempest.lib.common.rest_client [req-ce33b601-fbee-4ade-85bd-61a9efefda00 req-ce33b601-fbee-4ade-85bd-61a9efefda00 ] Request (DeleteServersTestJSON:test_delete_active_server): 200 GET http://10.180.1.21/compute/v2.1/servers/e5a9dd97-03a5-4049-92f5-d1f35912c9df 0.336s
2025-11-20 12:33:20.674 66675 INFO tempest.lib.common.rest_client [req-05b58e6e-0faa-4074-ba7b-1c5b5d923d6e req-05b58e6e-0faa-4074-ba7b-1c5b5d923d6e ] Request (ServersTestBootFromVolume:tearDownClass): 200 GET http://10.180.1.21/compute/v2.1/servers/b3529283-6ba7-4680-a8cb-f7f6d14f3a61 0.372s
2025-11-20 12:33:20.722 66644 WARNING tempest.lib.common.ssh [-] Failed to establish authenticated ssh connection to cirros@10.180.180.208 ([Errno None] Unable to connect to port 22 on 10.180.180.208). Number attempts: 1. Retry after 2 seconds.: paramiko.ssh_exception.NoValidConnectionsError: [Errno None] Unable to connect to port 22 on 10.180.180.208
2025-11-20 12:33:20.839 66640 INFO tempest.lib.common.rest_client [req-f039b734-bb8a-4a94-b45b-2a897a17fd0c req-f039b734-bb8a-4a94-b45b-2a897a17fd0c ] Request (ImagesTestJSON:test_create_server_from_snapshot): 202 POST http://10.180.1.21/compute/v2.1/servers 0.630s
2025-11-20 12:33:20.892 66626 INFO tempest.lib.common.rest_client [req-cff810c6-94dc-4e86-aac3-5713d463027e req-cff810c6-94dc-4e86-aac3-5713d463027e ] Request (ServerActionsTestJSON:test_rebuild_server): 200 GET http://10.180.1.21/compute/v2.1/servers/99bb5e48-e350-4bef-b891-905a7d0b5961 0.513s
2025-11-20 12:33:20.929 66660 INFO tempest.lib.common.rest_client [req-767611bd-502a-48de-a89c-7ef85fa67656 req-767611bd-502a-48de-a89c-7ef85fa67656 ] Request (AttachVolumeNegativeTest:test_attach_attached_volume_to_different_server): 200 GET http://10.180.1.21/volume/v3/volumes/bc38806c-3309-4496-95e3-6fffcb9c867e 0.057s
2025-11-20 12:33:20.938 66660 INFO tempest.common.waiters [-] Attachment 5d625a87-53f1-4281-ade0-7debc6f31ab6 created for volume bc38806c-3309-4496-95e3-6fffcb9c867e to server e842b617-5918-41c5-83de-1c2dc95e9e80 after waiting for 8.938316 seconds
2025-11-20 12:33:20.967 66660 INFO tempest.lib.common.rest_client [req-6bc2d114-dbb5-4063-b95a-a5668e4e9726 req-6bc2d114-dbb5-4063-b95a-a5668e4e9726 ] Request (AttachVolumeNegativeTest:test_attach_attached_volume_to_different_server): 200 GET http://10.180.1.21/volume/v3/volumes/bc38806c-3309-4496-95e3-6fffcb9c867e 0.029s
2025-11-20 12:33:20.974 66660 INFO tempest.common.waiters [-] volume bc38806c-3309-4496-95e3-6fffcb9c867e reached in-use after waiting for 0.974303 seconds
2025-11-20 12:33:21.460 66664 INFO tempest.lib.common.rest_client [req-9956532d-f071-4975-8755-87231da47317 req-9956532d-f071-4975-8755-87231da47317 ] Request (ServersAdminTestJSON:tearDownClass): 200 GET http://10.180.1.21/compute/v2.1/servers/65536914-4628-46bb-a7e7-6184190df8e0 1.019s
2025-11-20 12:33:21.482 66648 INFO tempest.lib.common.rest_client [req-67b8939f-bfba-4ae0-a92b-48c98c0c54a9 req-67b8939f-bfba-4ae0-a92b-48c98c0c54a9 ] Request (ServersTestFqdnHostnames:tearDownClass): 200 GET http://10.180.1.21/compute/v2.1/servers/b002c505-f9b9-4ff7-a8e4-f64909d2d674 0.961s
2025-11-20 12:33:21.557 66634 INFO tempest.lib.common.rest_client [req-5a1621dd-2024-431c-b97f-7fee0fe819fc req-5a1621dd-2024-431c-b97f-7fee0fe819fc ] Request (ServersListShow2100Test:tearDownClass): 200 GET http://10.180.1.21/compute/v2.1/servers/6237414c-1762-4037-bcb4-2d414a07038e 0.985s
2025-11-20 12:33:21.567 66640 INFO tempest.lib.common.rest_client [req-29a5b183-aae9-40dd-9f7a-6656c551231a req-29a5b183-aae9-40dd-9f7a-6656c551231a ] Request (ImagesTestJSON:test_create_server_from_snapshot): 200 GET http://10.180.1.21/compute/v2.1/servers/1fc5ac30-294b-46e1-a2d5-62c92077d83e 0.726s
2025-11-20 12:33:21.627 66636 INFO tempest.lib.common.rest_client [req-2e1de20c-c883-4ec6-837b-bafca772c917 req-2e1de20c-c883-4ec6-837b-bafca772c917 ] Request (InstanceActionsTestJSON:tearDownClass): 200 PUT http://10.180.1.21/networking/v2.0/routers/7a8cbac0-8b55-4ac0-9076-4ac3125df4eb/remove_router_interface 1.286s
2025-11-20 12:33:21.722 66612 INFO tempest.lib.common.rest_client [req-f28ffd30-791e-4963-9e39-5a659b511dc8 req-f28ffd30-791e-4963-9e39-5a659b511dc8 ] Request (SecurityGroupsTestJSON:test_list_security_groups_by_server): 200 GET http://10.180.1.21/compute/v2.1/servers/54ad9cb9-5a15-44a8-9ca2-8d338085e309 0.756s
2025-11-20 12:33:21.754 66622 INFO tempest.lib.common.rest_client [req-c9cf00d4-7c32-4175-9d9a-4aa9bddd140f req-c9cf00d4-7c32-4175-9d9a-4aa9bddd140f ] Request (ServerDiskConfigTestJSON:test_resize_server_from_auto_to_manual): 200 GET http://10.180.1.21/compute/v2.1/servers/a3314847-1a14-417c-9dd1-64f0b5e1ac1e 0.817s
2025-11-20 12:33:21.773 66660 INFO tempest.lib.common.rest_client [req-d09e568f-0519-492d-b137-1a4ae56027b6 req-d09e568f-0519-492d-b137-1a4ae56027b6 ] Request (ValidationResourcesFixture:setUp): 200 POST http://10.180.1.21/compute/v2.1/os-keypairs 0.798s
2025-11-20 12:33:21.900 66660 INFO tempest.lib.common.rest_client [req-aa9700c3-7f6a-486f-be5d-2b582fd249d4 req-aa9700c3-7f6a-486f-be5d-2b582fd249d4 ] Request (ValidationResourcesFixture:setUp): 201 POST http://10.180.1.21/networking/v2.0/security-groups 0.125s
2025-11-20 12:33:21.923 66646 INFO tempest.lib.common.rest_client [req-5ba55cfd-63df-4fb6-92de-a70fe0126bb1 req-5ba55cfd-63df-4fb6-92de-a70fe0126bb1 ] Request (ServersTestMultiNic:test_verify_multiple_nics_order): 200 GET http://10.180.1.21/compute/v2.1/servers/ba1d4d97-7dc4-4b00-bd9d-4562c55f981e 0.886s
2025-11-20 12:33:22.001 66652 INFO tempest.lib.common.rest_client [req-2ae1be7c-6602-4362-bf11-dc0852b128ec req-2ae1be7c-6602-4362-bf11-dc0852b128ec ] Request (ListServersNegativeTestJSON:setUpClass): 200 GET http://10.180.1.21/compute/v2.1/servers/106df1fc-e3cf-4d21-89fb-caa0fce3b654 0.948s
2025-11-20 12:33:22.097 66660 INFO tempest.lib.common.rest_client [req-a2daf129-d29a-4ed2-a030-1c98cbda7620 req-a2daf129-d29a-4ed2-a030-1c98cbda7620 ] Request (ValidationResourcesFixture:setUp): 201 POST http://10.180.1.21/networking/v2.0/security-group-rules 0.197s
2025-11-20 12:33:22.125 66630 INFO tempest.lib.common.rest_client [req-7643b179-ad95-496e-b626-3cd172263f9c req-7643b179-ad95-496e-b626-3cd172263f9c ] Request (ServersAdminNegativeTestJSON:tearDownClass): 200 GET http://10.180.1.21/compute/v2.1/servers/eb010ea3-4316-4a1e-9131-f28c1e0df5b1 1.004s
2025-11-20 12:33:22.146 66642 INFO tempest.lib.common.rest_client [req-17258a95-0580-456c-8bb9-eed5985ad50b req-17258a95-0580-456c-8bb9-eed5985ad50b ] Request (ListServerFiltersTestJSON:tearDownClass): 200 GET http://10.180.1.21/compute/v2.1/servers/11ce834b-806d-4aba-b442-4897eeda4ff5 0.957s
2025-11-20 12:33:22.162 66636 INFO tempest.lib.common.rest_client [req-e3488e7d-2cdc-48c4-8694-5c5d9c88de60 req-e3488e7d-2cdc-48c4-8694-5c5d9c88de60 ] Request (InstanceActionsTestJSON:tearDownClass): 204 DELETE http://10.180.1.21/networking/v2.0/routers/7a8cbac0-8b55-4ac0-9076-4ac3125df4eb 0.534s
2025-11-20 12:33:22.215 66660 INFO tempest.lib.common.rest_client [req-da873acf-dccc-4585-9033-8124ef4cdec1 req-da873acf-dccc-4585-9033-8124ef4cdec1 ] Request (ValidationResourcesFixture:setUp): 201 POST http://10.180.1.21/networking/v2.0/security-group-rules 0.117s
2025-11-20 12:33:22.248 66669 INFO tempest.lib.common.rest_client [req-4a635339-d0dd-4d5d-ad83-568ec282585d req-4a635339-d0dd-4d5d-ad83-568ec282585d ] Request (ListImageFiltersTestJSON:tearDownClass): 200 GET http://10.180.1.21/compute/v2.1/servers/a58b954b-1e9a-408b-9cf2-b7b0c9dec3ae 1.022s
2025-11-20 12:33:22.368 66636 INFO tempest.lib.common.rest_client [req-43e3b715-55af-4ff9-ac29-e17061922ebd req-43e3b715-55af-4ff9-ac29-e17061922ebd ] Request (InstanceActionsTestJSON:tearDownClass): 204 DELETE http://10.180.1.21/networking/v2.0/subnets/a4515af0-0fcb-4cae-9c4e-074bcb03bdc6 0.205s
2025-11-20 12:33:22.406 66658 INFO tempest.lib.common.rest_client [req-415c9494-a9df-4807-b779-eddcb049b759 req-415c9494-a9df-4807-b779-eddcb049b759 ] Request (MigrationsAdminTest:test_resize_server_revert_deleted_flavor): 200 GET http://10.180.1.21/compute/v2.1/servers/85051b0f-087f-4015-afc7-c73088104608 1.081s
2025-11-20 12:33:22.422 66628 INFO tempest.lib.common.rest_client [req-af83eb5b-5bbb-4ab7-8f01-d9c892b102d7 req-af83eb5b-5bbb-4ab7-8f01-d9c892b102d7 ] Request (ImagesOneServerNegativeTestJSON:_run_cleanups): 200 GET http://10.180.1.21/compute/v2.1/servers/bb133dba-80e4-4093-a261-3fc7689af1d0 1.077s
2025-11-20 12:33:22.723 66636 INFO tempest.lib.common.rest_client [req-d99aa9d3-31a7-4be2-9d6b-f8a2d7f241cc req-d99aa9d3-31a7-4be2-9d6b-f8a2d7f241cc ] Request (InstanceActionsTestJSON:tearDownClass): 204 DELETE http://10.180.1.21/networking/v2.0/networks/1ba84c5b-3086-49c7-a57e-ed8deb13eb24 0.354s
2025-11-20 12:33:22.750 66620 INFO tempest.lib.common.rest_client [req-1b1d18a4-483c-40c5-a563-a033302007b0 req-1b1d18a4-483c-40c5-a563-a033302007b0 ] Request (DeleteServersTestJSON:test_delete_active_server): 200 GET http://10.180.1.21/compute/v2.1/servers/e5a9dd97-03a5-4049-92f5-d1f35912c9df 1.161s
2025-11-20 12:33:22.788 66618 INFO tempest.lib.common.rest_client [req-c37ccffd-7807-4b60-a00b-eb5106346c07 req-c37ccffd-7807-4b60-a00b-eb5106346c07 ] Request (ServerMetadataTestJSON:tearDownClass): 200 GET http://10.180.1.21/compute/v2.1/servers/c5883ba7-2bcf-4d8f-b735-9b506d7b62ab 1.268s
2025-11-20 12:33:22.799 66660 INFO tempest.lib.common.rest_client [req-4fb69f92-5e5b-4557-bd2d-f8ec651ecb63 req-4fb69f92-5e5b-4557-bd2d-f8ec651ecb63 ] Request (ValidationResourcesFixture:setUp): 201 POST http://10.180.1.21/networking/v2.0/floatingips 0.583s
2025-11-20 12:33:22.845 66675 INFO tempest.lib.common.rest_client [req-6e29e1fa-e319-41a6-89d3-a485b08ba84b req-6e29e1fa-e319-41a6-89d3-a485b08ba84b ] Request (ServersTestBootFromVolume:tearDownClass): 200 GET http://10.180.1.21/compute/v2.1/servers/b3529283-6ba7-4680-a8cb-f7f6d14f3a61 1.160s
2025-11-20 12:33:22.880 66660 INFO tempest.lib.common.rest_client [req-9c600ff9-46b8-4927-b33d-dcb244668c53 req-9c600ff9-46b8-4927-b33d-dcb244668c53 ] Request (AttachVolumeNegativeTest:test_attach_attached_volume_to_different_server): 201 POST http://10.180.1.21/identity/v3/auth/tokens 0.078s
2025-11-20 12:33:22.881 66660 INFO tempest.lib.common.fixed_network [-] (AttachVolumeNegativeTest:test_attach_attached_volume_to_different_server) Found network {'id': '048067c6-b65e-4098-a38d-bf2512dc9444', 'name': 'tempest-AttachVolumeNegativeTest-219475989-network', 'tenant_id': '68a180df1c744693994df13e84f0b71d', 'project_id': '68a180df1c744693994df13e84f0b71d', 'admin_state_up': True, 'mtu': 8950, 'status': 'ACTIVE', 'subnets': [], 'shared': False, 'port_security_enabled': True, 'router:external': False, 'provider:network_type': 'vlan', 'provider:physical_network': 'default', 'provider:segmentation_id': 210, 'availability_zone_hints': [], 'availability_zones': [], 'ipv4_address_scope': None, 'ipv6_address_scope': None, 'description': '', 'tags': [], 'created_at': '2025-11-20T12:31:39Z', 'updated_at': '2025-11-20T12:31:39Z', 'revision_number': 1} available for tenant
2025-11-20 12:33:22.885 66636 INFO tempest.lib.common.rest_client [req-a08b28ba-4d2e-4745-baa8-b8eb78c0c3aa req-a08b28ba-4d2e-4745-baa8-b8eb78c0c3aa ] Request (InstanceActionsTestJSON:tearDownClass): 204 DELETE http://10.180.1.21/identity/v3/users/4f3cd11872a24038b70e8ceb7f70d663 0.161s
2025-11-20 12:33:22.885 66636 INFO tempest.lib.common.dynamic_creds [-] Deleting project and security group for project: ab5f3a1f2a0248a59cb74953205946ce
2025-11-20 12:33:22.917 66636 INFO tempest.lib.common.rest_client [req-9068fbd3-1424-4371-a709-fcd800cf7358 req-9068fbd3-1424-4371-a709-fcd800cf7358 ] Request (InstanceActionsTestJSON:tearDownClass): 200 GET http://10.180.1.21/networking/v2.0/security-groups?tenant_id=ab5f3a1f2a0248a59cb74953205946ce&name=default 0.031s
2025-11-20 12:33:22.929 66664 INFO tempest.lib.common.rest_client [req-f05d67b5-b6d6-48c2-a002-4da456235da4 req-f05d67b5-b6d6-48c2-a002-4da456235da4 ] Request (ServersAdminTestJSON:tearDownClass): 200 GET http://10.180.1.21/compute/v2.1/servers/65536914-4628-46bb-a7e7-6184190df8e0 0.460s
2025-11-20 12:33:22.955 66626 INFO tempest.lib.common.rest_client [req-9a697b63-e175-48fd-9b24-88961c741ceb req-9a697b63-e175-48fd-9b24-88961c741ceb ] Request (ServerActionsTestJSON:test_rebuild_server): 200 GET http://10.180.1.21/compute/v2.1/servers/99bb5e48-e350-4bef-b891-905a7d0b5961 1.050s
2025-11-20 12:33:22.996 66648 INFO tempest.lib.common.rest_client [req-bd3ac963-5570-4fa0-981c-cb18e989526f req-bd3ac963-5570-4fa0-981c-cb18e989526f ] Request (ServersTestFqdnHostnames:tearDownClass): 200 GET http://10.180.1.21/compute/v2.1/servers/b002c505-f9b9-4ff7-a8e4-f64909d2d674 0.503s
2025-11-20 12:33:23.004 66648 INFO tempest.common.waiters [-] State transition "ACTIVE/deleting" ==> "DELETED/None" after 5 second wait
2025-11-20 12:33:23.035 66636 INFO tempest.lib.common.rest_client [req-3b3c5be8-0e85-4531-9802-110abfe19f7b req-3b3c5be8-0e85-4531-9802-110abfe19f7b ] Request (InstanceActionsTestJSON:tearDownClass): 204 DELETE http://10.180.1.21/networking/v2.0/security-groups/0661df5c-9e5e-4771-9650-90974e945e48 0.117s
2025-11-20 12:33:23.043 66634 INFO tempest.lib.common.rest_client [req-53eca92a-6cad-4221-b689-c3964e021613 req-53eca92a-6cad-4221-b689-c3964e021613 ] Request (ServersListShow2100Test:tearDownClass): 200 GET http://10.180.1.21/compute/v2.1/servers/6237414c-1762-4037-bcb4-2d414a07038e 0.473s
2025-11-20 12:33:23.057 66634 INFO tempest.common.waiters [-] State transition "ACTIVE/deleting" ==> "DELETED/None" after 5 second wait
2025-11-20 12:33:23.062 66640 INFO tempest.lib.common.rest_client [req-32445c77-0057-42e6-8e5d-97ddff2d864e req-32445c77-0057-42e6-8e5d-97ddff2d864e ] Request (ImagesTestJSON:test_create_server_from_snapshot): 200 GET http://10.180.1.21/compute/v2.1/servers/1fc5ac30-294b-46e1-a2d5-62c92077d83e 0.485s
2025-11-20 12:33:23.073 66640 INFO tempest.common.waiters [-] State transition "BUILD/scheduling" ==> "BUILD/None" after 2 second wait
2025-11-20 12:33:23.174 66636 INFO tempest.lib.common.rest_client [req-037214c2-0ffd-4a24-a625-9c79a0c17656 req-037214c2-0ffd-4a24-a625-9c79a0c17656 ] Request (InstanceActionsTestJSON:tearDownClass): 204 DELETE http://10.180.1.21/identity/v3/projects/ab5f3a1f2a0248a59cb74953205946ce 0.138s
2025-11-20 12:33:23.188 66612 INFO tempest.lib.common.rest_client [req-c6dc44a4-26d2-4141-82fc-67705e8d8598 req-c6dc44a4-26d2-4141-82fc-67705e8d8598 ] Request (SecurityGroupsTestJSON:test_list_security_groups_by_server): 200 GET http://10.180.1.21/compute/v2.1/servers/54ad9cb9-5a15-44a8-9ca2-8d338085e309 0.458s
2025-11-20 12:33:23.194 66622 INFO tempest.lib.common.rest_client [req-672619cc-df5d-4e69-9f6a-009fbba6fe07 req-672619cc-df5d-4e69-9f6a-009fbba6fe07 ] Request (ServerDiskConfigTestJSON:test_resize_server_from_auto_to_manual): 200 GET http://10.180.1.21/compute/v2.1/servers/a3314847-1a14-417c-9dd1-64f0b5e1ac1e 0.431s
2025-11-20 12:33:23.276 66636 INFO tempest.lib.common.rest_client [req-3b0e1b96-a0ce-4406-9271-cbdcae7de478 req-3b0e1b96-a0ce-4406-9271-cbdcae7de478 ] Request (ServerRescueNegativeTestJSON:setUpClass): 201 POST http://10.180.1.21/identity/v3/auth/tokens 0.100s
2025-11-20 12:33:23.285 66646 INFO tempest.lib.common.rest_client [req-55184428-5759-467c-8ed0-8068070f6c5c req-55184428-5759-467c-8ed0-8068070f6c5c ] Request (ServersTestMultiNic:test_verify_multiple_nics_order): 200 GET http://10.180.1.21/compute/v2.1/servers/ba1d4d97-7dc4-4b00-bd9d-4562c55f981e 0.355s
2025-11-20 12:33:23.315 66636 INFO tempest.lib.common.rest_client [req-c4143c30-498e-4dac-abd1-a68213ab1bf8 req-c4143c30-498e-4dac-abd1-a68213ab1bf8 ] Request (ServerRescueNegativeTestJSON:setUpClass): 201 POST http://10.180.1.21/identity/v3/auth/tokens 0.035s
2025-11-20 12:33:23.344 66636 INFO tempest.lib.common.rest_client [req-4b0963c5-f3d6-4ff2-b6ca-5a9633e9efc1 req-4b0963c5-f3d6-4ff2-b6ca-5a9633e9efc1 ] Request (ServerRescueNegativeTestJSON:setUpClass): 200 GET http://10.180.1.21/identity/v3/domains?name=Default 0.029s
2025-11-20 12:33:23.354 66652 INFO tempest.lib.common.rest_client [req-58cda789-18a8-41fc-a138-14495eb4a96b req-58cda789-18a8-41fc-a138-14495eb4a96b ] Request (ListServersNegativeTestJSON:setUpClass): 200 GET http://10.180.1.21/compute/v2.1/servers/106df1fc-e3cf-4d21-89fb-caa0fce3b654 0.346s
2025-11-20 12:33:23.375 66636 INFO tempest.lib.common.rest_client [req-d4a9f3a4-8018-4424-ad5e-f296c598b6bd req-d4a9f3a4-8018-4424-ad5e-f296c598b6bd ] Request (ServerRescueNegativeTestJSON:setUpClass): 201 POST http://10.180.1.21/identity/v3/projects 0.031s
2025-11-20 12:33:23.380 66630 INFO tempest.lib.common.rest_client [req-8a6e44b4-c396-4b1a-bc95-da5fd337be87 req-8a6e44b4-c396-4b1a-bc95-da5fd337be87 ] Request (ServersAdminNegativeTestJSON:tearDownClass): 404 GET http://10.180.1.21/compute/v2.1/servers/eb010ea3-4316-4a1e-9131-f28c1e0df5b1 0.241s
2025-11-20 12:33:23.455 66642 INFO tempest.lib.common.rest_client [req-376cc8c8-9057-4bd9-b2f2-d573032cb031 req-376cc8c8-9057-4bd9-b2f2-d573032cb031 ] Request (ListServerFiltersTestJSON:tearDownClass): 200 GET http://10.180.1.21/compute/v2.1/servers/11ce834b-806d-4aba-b442-4897eeda4ff5 0.299s
2025-11-20 12:33:23.455 66636 INFO tempest.lib.common.rest_client [req-ca776244-faaa-4577-9d61-7161292fbdd6 req-ca776244-faaa-4577-9d61-7161292fbdd6 ] Request (ServerRescueNegativeTestJSON:setUpClass): 201 POST http://10.180.1.21/identity/v3/users 0.079s
2025-11-20 12:33:23.479 66636 INFO tempest.lib.common.rest_client [req-b7d6211d-591b-4db1-9611-9ca4d8126477 req-b7d6211d-591b-4db1-9611-9ca4d8126477 ] Request (ServerRescueNegativeTestJSON:setUpClass): 200 GET http://10.180.1.21/identity/v3/roles 0.023s
2025-11-20 12:33:23.506 66630 INFO tempest.lib.common.rest_client [req-cd75317a-65aa-41a8-9dcf-3d942e8b3cce req-cd75317a-65aa-41a8-9dcf-3d942e8b3cce ] Request (ServersAdminNegativeTestJSON:tearDownClass): 204 DELETE http://10.180.1.21/identity/v3/users/63f9502618d047f48112028d82a174d3 0.125s
2025-11-20 12:33:23.512 66614 WARNING tempest.lib.common.ssh [-] Failed to establish authenticated ssh connection to cirros@10.180.180.149 ([Errno None] Unable to connect to port 22 on 10.180.180.149). Number attempts: 6. Retry after 7 seconds.: paramiko.ssh_exception.NoValidConnectionsError: [Errno None] Unable to connect to port 22 on 10.180.180.149
2025-11-20 12:33:23.528 66669 INFO tempest.lib.common.rest_client [req-08f183a2-a26b-48ec-9d72-c210c30870e2 req-08f183a2-a26b-48ec-9d72-c210c30870e2 ] Request (ListImageFiltersTestJSON:tearDownClass): 200 GET http://10.180.1.21/compute/v2.1/servers/a58b954b-1e9a-408b-9cf2-b7b0c9dec3ae 0.271s
2025-11-20 12:33:23.554 66636 INFO tempest.lib.common.rest_client [req-2f172a40-74a1-43ab-87ae-ee29bf3fca54 req-2f172a40-74a1-43ab-87ae-ee29bf3fca54 ] Request (ServerRescueNegativeTestJSON:setUpClass): 204 PUT http://10.180.1.21/identity/v3/projects/9d545c0d6971478ea770da539847dd04/users/591172e69afa445fae0072b264e00f2f/roles/646d44090fbc48efb744dfd71acbde70 0.074s
2025-11-20 12:33:23.554 66636 INFO tempest.lib.common.dynamic_creds [-] Dynamic test user 591172e69afa445fae0072b264e00f2f is created with scope project and roles: ['member']
