2025-11-20 12:33:23.554 66636 INFO tempest.lib.common.dynamic_creds [-] Acquired dynamic creds: credentials: Credentials: {'domain_id': 'default', 'domain_name': 'Default', 'username': 'tempest-ServerRescueNegativeTestJSON-1641470311-project-member', 'project_domain_id': 'default', 'project_domain_name': 'Default', 'project_id': '9d545c0d6971478ea770da539847dd04', 'project_name': 'tempest-ServerRescueNegativeTestJSON-1641470311', 'tenant_id': '9d545c0d6971478ea770da539847dd04', 'tenant_name': 'tempest-ServerRescueNegativeTestJSON-1641470311', 'user_domain_id': 'default', 'user_domain_name': 'Default', 'user_id': '591172e69afa445fae0072b264e00f2f', 'system': None}, Network: None, Subnet: None, Router: None
2025-11-20 12:33:23.597 66630 INFO tempest.lib.common.rest_client [req-8a23b695-4b90-4ed6-94cb-3f41edbdcd5b req-8a23b695-4b90-4ed6-94cb-3f41edbdcd5b ] Request (ServersAdminNegativeTestJSON:tearDownClass): 204 DELETE http://10.180.1.21/identity/v3/users/c2cb8ad1c1674239a273166f1cdb8a62 0.091s
2025-11-20 12:33:23.598 66630 INFO tempest.lib.common.dynamic_creds [-] Deleting project and security group for project: f21e47ce5c9a451db6c908733827a799
2025-11-20 12:33:23.609 66636 INFO tempest.lib.common.rest_client [req-5d4777ec-3680-4646-a327-aeadaaef1847 req-5d4777ec-3680-4646-a327-aeadaaef1847 ] Request (ServerRescueNegativeTestJSON:setUpClass): 201 POST http://10.180.1.21/identity/v3/auth/tokens 0.055s
2025-11-20 12:33:23.652 66630 INFO tempest.lib.common.rest_client [req-9243a01e-1f55-45f1-b3cc-4d36fcda089d req-9243a01e-1f55-45f1-b3cc-4d36fcda089d ] Request (ServersAdminNegativeTestJSON:tearDownClass): 201 POST http://10.180.1.21/identity/v3/auth/tokens 0.054s
2025-11-20 12:33:23.657 66660 INFO tempest.lib.common.rest_client [req-750d37e3-6319-4a94-9c62-29ffc16d8506 req-750d37e3-6319-4a94-9c62-29ffc16d8506 ] Request (AttachVolumeNegativeTest:test_attach_attached_volume_to_different_server): 202 POST http://10.180.1.21/compute/v2.1/servers 0.775s
2025-11-20 12:33:23.696 66658 INFO tempest.lib.common.rest_client [req-9fa91011-d06e-463e-b858-2820951755a1 req-9fa91011-d06e-463e-b858-2820951755a1 ] Request (MigrationsAdminTest:test_resize_server_revert_deleted_flavor): 200 GET http://10.180.1.21/compute/v2.1/servers/85051b0f-087f-4015-afc7-c73088104608 0.282s
2025-11-20 12:33:23.767 66630 INFO tempest.lib.common.rest_client [req-a785ccc8-718b-40e0-aba3-6917af75520f req-a785ccc8-718b-40e0-aba3-6917af75520f ] Request (ServersAdminNegativeTestJSON:tearDownClass): 200 GET http://10.180.1.21/networking/v2.0/security-groups?tenant_id=f21e47ce5c9a451db6c908733827a799&name=default 0.115s
2025-11-20 12:33:23.791 66644 WARNING tempest.lib.common.ssh [-] Failed to establish authenticated ssh connection to cirros@10.180.180.208 ([Errno None] Unable to connect to port 22 on 10.180.180.208). Number attempts: 2. Retry after 3 seconds.: paramiko.ssh_exception.NoValidConnectionsError: [Errno None] Unable to connect to port 22 on 10.180.180.208
2025-11-20 12:33:23.807 66628 INFO tempest.lib.common.rest_client [req-0ce9583f-8327-4240-9cdc-36deec41aa7a req-0ce9583f-8327-4240-9cdc-36deec41aa7a ] Request (ImagesOneServerNegativeTestJSON:_run_cleanups): 200 GET http://10.180.1.21/compute/v2.1/servers/bb133dba-80e4-4093-a261-3fc7689af1d0 0.377s
2025-11-20 12:33:23.821 66660 INFO tempest.lib.common.rest_client [req-1fa59e58-52b9-4cab-8ebd-d0bf8d7fdd90 req-1fa59e58-52b9-4cab-8ebd-d0bf8d7fdd90 ] Request (AttachVolumeNegativeTest:test_attach_attached_volume_to_different_server): 200 GET http://10.180.1.21/compute/v2.1/servers/3ea94341-52fc-4f4c-b69e-968a60dab030 0.162s
2025-11-20 12:33:23.906 66630 INFO tempest.lib.common.rest_client [req-f12d5310-0ed8-4079-9a29-767b307464fc req-f12d5310-0ed8-4079-9a29-767b307464fc ] Request (ServersAdminNegativeTestJSON:tearDownClass): 204 DELETE http://10.180.1.21/networking/v2.0/security-groups/6d7de2ea-6e39-4f8b-b8aa-3c9e17cb3814 0.139s
2025-11-20 12:33:23.919 66636 INFO tempest.lib.common.rest_client [req-b638480c-f2d3-4ae6-ac07-9d9cdb549ed6 req-b638480c-f2d3-4ae6-ac07-9d9cdb549ed6 ] Request (ServerRescueNegativeTestJSON:setUpClass): 201 POST http://10.180.1.21/networking/v2.0/networks 0.309s
2025-11-20 12:33:23.946 66620 INFO tempest.lib.common.rest_client [req-05e27ed9-5b49-4b48-bc97-59382d47c199 req-05e27ed9-5b49-4b48-bc97-59382d47c199 ] Request (DeleteServersTestJSON:test_delete_active_server): 200 GET http://10.180.1.21/compute/v2.1/servers/e5a9dd97-03a5-4049-92f5-d1f35912c9df 0.185s
2025-11-20 12:33:23.958 66618 INFO tempest.lib.common.rest_client [req-3d457482-6ed3-4bd8-b794-7897995621bf req-3d457482-6ed3-4bd8-b794-7897995621bf ] Request (ServerMetadataTestJSON:tearDownClass): 200 GET http://10.180.1.21/compute/v2.1/servers/c5883ba7-2bcf-4d8f-b735-9b506d7b62ab 0.157s
2025-11-20 12:33:24.017 66630 INFO tempest.lib.common.rest_client [req-5024735c-b778-41c8-ac2f-ec6d93a7c494 req-5024735c-b778-41c8-ac2f-ec6d93a7c494 ] Request (ServersAdminNegativeTestJSON:tearDownClass): 204 DELETE http://10.180.1.21/identity/v3/projects/f21e47ce5c9a451db6c908733827a799 0.110s
2025-11-20 12:33:24.018 66630 INFO tempest.lib.common.dynamic_creds [-] Deleting project and security group for project: 2f34810dc1d34cfd9ea3f4dbed37484c
2025-11-20 12:33:24.073 66675 INFO tempest.lib.common.rest_client [req-911217a7-8eee-4275-992f-4ec6476b2090 req-911217a7-8eee-4275-992f-4ec6476b2090 ] Request (ServersTestBootFromVolume:tearDownClass): 200 GET http://10.180.1.21/compute/v2.1/servers/b3529283-6ba7-4680-a8cb-f7f6d14f3a61 0.219s
2025-11-20 12:33:24.093 66630 INFO tempest.lib.common.rest_client [req-a0682d33-7aec-4295-9344-f1f8aa804143 req-a0682d33-7aec-4295-9344-f1f8aa804143 ] Request (ServersAdminNegativeTestJSON:tearDownClass): 200 GET http://10.180.1.21/networking/v2.0/security-groups?tenant_id=2f34810dc1d34cfd9ea3f4dbed37484c&name=default 0.075s
2025-11-20 12:33:24.117 66664 INFO tempest.lib.common.rest_client [req-2584e81e-3404-4613-8399-f961f3be0250 req-2584e81e-3404-4613-8399-f961f3be0250 ] Request (ServersAdminTestJSON:tearDownClass): 200 GET http://10.180.1.21/compute/v2.1/servers/65536914-4628-46bb-a7e7-6184190df8e0 0.178s
2025-11-20 12:33:24.133 66636 INFO tempest.lib.common.rest_client [req-a0d4e83b-5a1a-40f2-9534-1a133e8e5855 req-a0d4e83b-5a1a-40f2-9534-1a133e8e5855 ] Request (ServerRescueNegativeTestJSON:setUpClass): 201 POST http://10.180.1.21/networking/v2.0/subnets 0.214s
2025-11-20 12:33:24.271 66630 INFO tempest.lib.common.rest_client [req-3204e880-19fe-4ced-ba9e-934a7d6f3902 req-3204e880-19fe-4ced-ba9e-934a7d6f3902 ] Request (ServersAdminNegativeTestJSON:tearDownClass): 204 DELETE http://10.180.1.21/networking/v2.0/security-groups/4ddcef84-2f95-4bc5-80ff-e9e1a8242a9e 0.178s
2025-11-20 12:33:24.302 66673 WARNING tempest.lib.common.ssh [-] Failed to establish authenticated ssh connection to cirros@10.180.180.161 ([Errno None] Unable to connect to port 22 on 10.180.180.161). Number attempts: 13. Retry after 14 seconds.: paramiko.ssh_exception.NoValidConnectionsError: [Errno None] Unable to connect to port 22 on 10.180.180.161
2025-11-20 12:33:24.305 66648 INFO tempest.lib.common.rest_client [req-36d475f8-cbab-4f15-8a4c-de4cf7963a12 req-36d475f8-cbab-4f15-8a4c-de4cf7963a12 ] Request (ServersTestFqdnHostnames:tearDownClass): 200 GET http://10.180.1.21/compute/v2.1/servers/b002c505-f9b9-4ff7-a8e4-f64909d2d674 0.298s
2025-11-20 12:33:24.361 66626 INFO tempest.lib.common.rest_client [req-50df4388-9718-4d87-9a64-1ad9b7c94b4a req-50df4388-9718-4d87-9a64-1ad9b7c94b4a ] Request (ServerActionsTestJSON:test_rebuild_server): 200 GET http://10.180.1.21/compute/v2.1/servers/99bb5e48-e350-4bef-b891-905a7d0b5961 0.396s
2025-11-20 12:33:24.445 66640 INFO tempest.lib.common.rest_client [req-dbf41a35-7ba9-4ebb-ba54-831db3334706 req-dbf41a35-7ba9-4ebb-ba54-831db3334706 ] Request (ImagesTestJSON:test_create_server_from_snapshot): 200 GET http://10.180.1.21/compute/v2.1/servers/1fc5ac30-294b-46e1-a2d5-62c92077d83e 0.371s
2025-11-20 12:33:24.525 66630 INFO tempest.lib.common.rest_client [req-39cd2b3d-9950-42c9-b659-8bd3773702c2 req-39cd2b3d-9950-42c9-b659-8bd3773702c2 ] Request (ServersAdminNegativeTestJSON:tearDownClass): 204 DELETE http://10.180.1.21/identity/v3/projects/2f34810dc1d34cfd9ea3f4dbed37484c 0.254s
2025-11-20 12:33:24.639 66630 INFO tempest.lib.common.rest_client [req-a561603a-ece4-45e5-b462-cade621d297e req-a561603a-ece4-45e5-b462-cade621d297e ] Request (ComputeTenantNetworksTest:setUpClass): 201 POST http://10.180.1.21/identity/v3/auth/tokens 0.112s
2025-11-20 12:33:24.642 66634 INFO tempest.lib.common.rest_client [req-7d60435d-7512-474d-8f55-13bec7631b57 req-7d60435d-7512-474d-8f55-13bec7631b57 ] Request (ServersListShow2100Test:tearDownClass): 200 GET http://10.180.1.21/compute/v2.1/servers/6237414c-1762-4037-bcb4-2d414a07038e 0.583s
2025-11-20 12:33:24.669 66612 INFO tempest.lib.common.rest_client [req-acc6a8e6-8427-4f36-a76f-17847c654d66 req-acc6a8e6-8427-4f36-a76f-17847c654d66 ] Request (SecurityGroupsTestJSON:test_list_security_groups_by_server): 200 GET http://10.180.1.21/compute/v2.1/servers/54ad9cb9-5a15-44a8-9ca2-8d338085e309 0.465s
2025-11-20 12:33:24.676 66612 INFO tempest.common.waiters [-] State transition "BUILD/spawning" ==> "ACTIVE/None" after 45 second wait
2025-11-20 12:33:24.686 66630 INFO tempest.lib.common.rest_client [req-19a933dd-d94b-4a50-a94e-9b55b2b42cf6 req-19a933dd-d94b-4a50-a94e-9b55b2b42cf6 ] Request (ComputeTenantNetworksTest:setUpClass): 201 POST http://10.180.1.21/identity/v3/auth/tokens 0.043s
2025-11-20 12:33:24.719 66630 INFO tempest.lib.common.rest_client [req-f1d540f2-6f46-4f03-a96f-166c80bd120e req-f1d540f2-6f46-4f03-a96f-166c80bd120e ] Request (ComputeTenantNetworksTest:setUpClass): 200 GET http://10.180.1.21/identity/v3/domains?name=Default 0.032s
2025-11-20 12:33:24.752 66646 INFO tempest.lib.common.rest_client [req-f2428b4a-f735-48cf-9db8-38552cdd3ecc req-f2428b4a-f735-48cf-9db8-38552cdd3ecc ] Request (ServersTestMultiNic:test_verify_multiple_nics_order): 200 GET http://10.180.1.21/compute/v2.1/servers/ba1d4d97-7dc4-4b00-bd9d-4562c55f981e 0.460s
2025-11-20 12:33:24.756 66630 INFO tempest.lib.common.rest_client [req-b0f3da7f-32a4-4081-b235-0b0a174864fb req-b0f3da7f-32a4-4081-b235-0b0a174864fb ] Request (ComputeTenantNetworksTest:setUpClass): 201 POST http://10.180.1.21/identity/v3/projects 0.037s
2025-11-20 12:33:24.780 66622 INFO tempest.lib.common.rest_client [req-f9cc8f4e-a007-4027-b95d-8dcf28263f45 req-f9cc8f4e-a007-4027-b95d-8dcf28263f45 ] Request (ServerDiskConfigTestJSON:test_resize_server_from_auto_to_manual): 200 GET http://10.180.1.21/compute/v2.1/servers/a3314847-1a14-417c-9dd1-64f0b5e1ac1e 0.575s
2025-11-20 12:33:24.814 66652 INFO tempest.lib.common.rest_client [req-e1a5d9d5-12c5-478e-8411-3f3342f221e6 req-e1a5d9d5-12c5-478e-8411-3f3342f221e6 ] Request (ListServersNegativeTestJSON:setUpClass): 200 GET http://10.180.1.21/compute/v2.1/servers/106df1fc-e3cf-4d21-89fb-caa0fce3b654 0.451s
2025-11-20 12:33:24.843 66630 INFO tempest.lib.common.rest_client [req-a1a80164-7cd0-4b39-a87d-76d353faf44a req-a1a80164-7cd0-4b39-a87d-76d353faf44a ] Request (ComputeTenantNetworksTest:setUpClass): 201 POST http://10.180.1.21/identity/v3/users 0.086s
2025-11-20 12:33:24.847 66642 INFO tempest.lib.common.rest_client [req-91926986-08a2-4395-8f92-8f8079caabde req-91926986-08a2-4395-8f92-8f8079caabde ] Request (ListServerFiltersTestJSON:tearDownClass): 200 GET http://10.180.1.21/compute/v2.1/servers/11ce834b-806d-4aba-b442-4897eeda4ff5 0.384s
2025-11-20 12:33:24.865 66630 INFO tempest.lib.common.rest_client [req-6e63d6ee-998e-4588-9ee0-0912c4a6b92e req-6e63d6ee-998e-4588-9ee0-0912c4a6b92e ] Request (ComputeTenantNetworksTest:setUpClass): 200 GET http://10.180.1.21/identity/v3/roles 0.022s
2025-11-20 12:33:24.882 66669 INFO tempest.lib.common.rest_client [req-32ef2536-b4cd-46a0-beb8-71d852893bb5 req-32ef2536-b4cd-46a0-beb8-71d852893bb5 ] Request (ListImageFiltersTestJSON:tearDownClass): 200 GET http://10.180.1.21/compute/v2.1/servers/a58b954b-1e9a-408b-9cf2-b7b0c9dec3ae 0.346s
2025-11-20 12:33:24.896 66630 INFO tempest.lib.common.rest_client [req-8380cdf4-c9c8-4084-91f0-2b1e2dd629b2 req-8380cdf4-c9c8-4084-91f0-2b1e2dd629b2 ] Request (ComputeTenantNetworksTest:setUpClass): 204 PUT http://10.180.1.21/identity/v3/projects/136c416f4e824314bb8fe4fdcec972ae/users/681694937d6a4a55875dcfe8db7ab29f/roles/646d44090fbc48efb744dfd71acbde70 0.030s
2025-11-20 12:33:24.896 66630 INFO tempest.lib.common.dynamic_creds [-] Dynamic test user 681694937d6a4a55875dcfe8db7ab29f is created with scope project and roles: ['member']
2025-11-20 12:33:24.896 66630 INFO tempest.lib.common.dynamic_creds [-] Acquired dynamic creds: credentials: Credentials: {'domain_id': 'default', 'domain_name': 'Default', 'username': 'tempest-ComputeTenantNetworksTest-2060377898-project-member', 'project_domain_id': 'default', 'project_domain_name': 'Default', 'project_id': '136c416f4e824314bb8fe4fdcec972ae', 'project_name': 'tempest-ComputeTenantNetworksTest-2060377898', 'tenant_id': '136c416f4e824314bb8fe4fdcec972ae', 'tenant_name': 'tempest-ComputeTenantNetworksTest-2060377898', 'user_domain_id': 'default', 'user_domain_name': 'Default', 'user_id': '681694937d6a4a55875dcfe8db7ab29f', 'system': None}, Network: None, Subnet: None, Router: None
2025-11-20 12:33:24.950 66630 INFO tempest.lib.common.rest_client [req-0a58c065-5fc7-4225-bcc3-e7327936961c req-0a58c065-5fc7-4225-bcc3-e7327936961c ] Request (ComputeTenantNetworksTest:setUpClass): 201 POST http://10.180.1.21/identity/v3/auth/tokens 0.054s
2025-11-20 12:33:25.126 66636 INFO tempest.lib.common.rest_client [req-80714641-370a-4e05-83ba-0777faefcb5f req-80714641-370a-4e05-83ba-0777faefcb5f ] Request (ServerRescueNegativeTestJSON:setUpClass): 201 POST http://10.180.1.21/networking/v2.0/routers 0.992s
2025-11-20 12:33:25.215 66612 INFO tempest.lib.common.rest_client [req-b6a9d471-ab3d-40b8-8113-75635df3ecff req-b6a9d471-ab3d-40b8-8113-75635df3ecff ] Request (SecurityGroupsTestJSON:test_list_security_groups_by_server): 202 POST http://10.180.1.21/compute/v2.1/servers/54ad9cb9-5a15-44a8-9ca2-8d338085e309/action 0.538s
2025-11-20 12:33:25.272 66658 INFO tempest.lib.common.rest_client [req-5fa91d34-e2e6-4168-8a69-372c177e6ad9 req-5fa91d34-e2e6-4168-8a69-372c177e6ad9 ] Request (MigrationsAdminTest:test_resize_server_revert_deleted_flavor): 200 GET http://10.180.1.21/compute/v2.1/servers/85051b0f-087f-4015-afc7-c73088104608 0.566s
2025-11-20 12:33:25.487 66630 INFO tempest.lib.common.rest_client [req-5d1350bf-382f-4e18-bb11-ceac0e378d38 req-5d1350bf-382f-4e18-bb11-ceac0e378d38 ] Request (ComputeTenantNetworksTest:setUpClass): 201 POST http://10.180.1.21/networking/v2.0/networks 0.536s
2025-11-20 12:33:25.487 66630 INFO tempest.lib.common.dynamic_creds [-] Created isolated network resources for: credentials: Credentials: {'domain_id': 'default', 'domain_name': 'Default', 'username': 'tempest-ComputeTenantNetworksTest-2060377898-project-member', 'project_domain_id': 'default', 'project_domain_name': 'Default', 'project_id': '136c416f4e824314bb8fe4fdcec972ae', 'project_name': 'tempest-ComputeTenantNetworksTest-2060377898', 'tenant_id': '136c416f4e824314bb8fe4fdcec972ae', 'tenant_name': 'tempest-ComputeTenantNetworksTest-2060377898', 'user_domain_id': 'default', 'user_domain_name': 'Default', 'user_id': '681694937d6a4a55875dcfe8db7ab29f', 'system': None}, Network: {'id': '8f25c58d-d3c8-4343-8531-d9dca44249a6', 'name': 'tempest-ComputeTenantNetworksTest-1308272196-network', 'tenant_id': '136c416f4e824314bb8fe4fdcec972ae', 'project_id': '136c416f4e824314bb8fe4fdcec972ae', 'admin_state_up': True, 'mtu': 8950, 'status': 'ACTIVE', 'subnets': [], 'shared': False, 'port_security_enabled': True, 'router:external': False, 'provider:network_type': 'vlan', 'provider:physical_network': 'default', 'provider:segmentation_id': 541, 'availability_zone_hints': [], 'availability_zones': [], 'ipv4_address_scope': None, 'ipv6_address_scope': None, 'description': '', 'tags': [], 'created_at': '2025-11-20T12:33:25Z', 'updated_at': '2025-11-20T12:33:25Z', 'revision_number': 1}, Subnet: None, Router: None
2025-11-20 12:33:25.517 66628 INFO tempest.lib.common.rest_client [req-da7005c1-357b-4eb2-91cf-2c8bbc459e38 req-da7005c1-357b-4eb2-91cf-2c8bbc459e38 ] Request (ImagesOneServerNegativeTestJSON:_run_cleanups): 200 GET http://10.180.1.21/compute/v2.1/servers/bb133dba-80e4-4093-a261-3fc7689af1d0 0.700s
2025-11-20 12:33:25.559 66660 INFO tempest.lib.common.rest_client [req-01ea398d-0ebc-4a94-9e73-5e92a9138020 req-01ea398d-0ebc-4a94-9e73-5e92a9138020 ] Request (AttachVolumeNegativeTest:test_attach_attached_volume_to_different_server): 200 GET http://10.180.1.21/compute/v2.1/servers/3ea94341-52fc-4f4c-b69e-968a60dab030 0.731s
2025-11-20 12:33:25.570 66660 INFO tempest.common.waiters [-] State transition "BUILD/scheduling" ==> "BUILD/None" after 2 second wait
2025-11-20 12:33:25.597 66630 INFO tempest.lib.common.rest_client [req-23640f78-4441-410f-a35e-b91659d5148a req-23640f78-4441-410f-a35e-b91659d5148a ] Request (ComputeTenantNetworksTest:setUpClass): 201 POST http://10.180.1.21/identity/v3/auth/tokens 0.107s
2025-11-20 12:33:25.623 66620 INFO tempest.lib.common.rest_client [req-b16dcb36-5db0-442c-82db-c1f78b80f4c3 req-b16dcb36-5db0-442c-82db-c1f78b80f4c3 ] Request (DeleteServersTestJSON:test_delete_active_server): 200 GET http://10.180.1.21/compute/v2.1/servers/e5a9dd97-03a5-4049-92f5-d1f35912c9df 0.660s
2025-11-20 12:33:25.639 66630 INFO tempest.lib.common.rest_client [req-50bc0ecf-ad2e-43cd-b5d5-4bb3faa47ded req-50bc0ecf-ad2e-43cd-b5d5-4bb3faa47ded ] Request (ComputeTenantNetworksTest:setUpClass): 201 POST http://10.180.1.21/identity/v3/auth/tokens 0.031s
2025-11-20 12:33:25.640 66630 INFO tempest.lib.common.fixed_network [-] (ComputeTenantNetworksTest:setUpClass) Found network {'id': '8f25c58d-d3c8-4343-8531-d9dca44249a6', 'name': 'tempest-ComputeTenantNetworksTest-1308272196-network', 'tenant_id': '136c416f4e824314bb8fe4fdcec972ae', 'project_id': '136c416f4e824314bb8fe4fdcec972ae', 'admin_state_up': True, 'mtu': 8950, 'status': 'ACTIVE', 'subnets': [], 'shared': False, 'port_security_enabled': True, 'router:external': False, 'provider:network_type': 'vlan', 'provider:physical_network': 'default', 'provider:segmentation_id': 541, 'availability_zone_hints': [], 'availability_zones': [], 'ipv4_address_scope': None, 'ipv6_address_scope': None, 'description': '', 'tags': [], 'created_at': '2025-11-20T12:33:25Z', 'updated_at': '2025-11-20T12:33:25Z', 'revision_number': 1} available for tenant
2025-11-20 12:33:25.985 66618 INFO tempest.lib.common.rest_client [req-41cfe157-6386-40ca-8955-485e8cf413cb req-41cfe157-6386-40ca-8955-485e8cf413cb ] Request (ServerMetadataTestJSON:tearDownClass): 200 GET http://10.180.1.21/compute/v2.1/servers/c5883ba7-2bcf-4d8f-b735-9b506d7b62ab 1.019s
2025-11-20 12:33:26.001 66675 INFO tempest.lib.common.rest_client [req-559a7bd9-a238-4a32-9d87-c90413b622f2 req-559a7bd9-a238-4a32-9d87-c90413b622f2 ] Request (ServersTestBootFromVolume:tearDownClass): 200 GET http://10.180.1.21/compute/v2.1/servers/b3529283-6ba7-4680-a8cb-f7f6d14f3a61 0.920s
2025-11-20 12:33:26.211 66636 INFO tempest.lib.common.rest_client [req-aee2c16d-3b39-44a3-af96-f4abf57bb125 req-aee2c16d-3b39-44a3-af96-f4abf57bb125 ] Request (ServerRescueNegativeTestJSON:setUpClass): 200 PUT http://10.180.1.21/networking/v2.0/routers/9a58ef4e-0718-4d69-8dbe-7271687eea32/add_router_interface 1.084s
2025-11-20 12:33:26.211 66636 INFO tempest.lib.common.dynamic_creds [-] Created isolated network resources for: credentials: Credentials: {'domain_id': 'default', 'domain_name': 'Default', 'username': 'tempest-ServerRescueNegativeTestJSON-1641470311-project-member', 'project_domain_id': 'default', 'project_domain_name': 'Default', 'project_id': '9d545c0d6971478ea770da539847dd04', 'project_name': 'tempest-ServerRescueNegativeTestJSON-1641470311', 'tenant_id': '9d545c0d6971478ea770da539847dd04', 'tenant_name': 'tempest-ServerRescueNegativeTestJSON-1641470311', 'user_domain_id': 'default', 'user_domain_name': 'Default', 'user_id': '591172e69afa445fae0072b264e00f2f', 'system': None}, Network: {'id': 'e928de41-d6e8-4176-a2d3-4fbf2e726b8a', 'name': 'tempest-ServerRescueNegativeTestJSON-1109709248-network', 'tenant_id': '9d545c0d6971478ea770da539847dd04', 'project_id': '9d545c0d6971478ea770da539847dd04', 'admin_state_up': True, 'mtu': 8950, 'status': 'ACTIVE', 'subnets': [], 'shared': False, 'port_security_enabled': True, 'router:external': False, 'provider:network_type': 'vlan', 'provider:physical_network': 'default', 'provider:segmentation_id': 445, 'availability_zone_hints': [], 'availability_zones': [], 'ipv4_address_scope': None, 'ipv6_address_scope': None, 'description': '', 'tags': [], 'created_at': '2025-11-20T12:33:23Z', 'updated_at': '2025-11-20T12:33:23Z', 'revision_number': 1}, Subnet: {'id': 'f182ef99-f0c8-4217-a947-ea2067042a03', 'name': 'tempest-ServerRescueNegativeTestJSON-1109709248-subnet', 'tenant_id': '9d545c0d6971478ea770da539847dd04', 'network_id': 'e928de41-d6e8-4176-a2d3-4fbf2e726b8a', 'ip_version': 4, 'subnetpool_id': None, 'enable_dhcp': True, 'ipv6_ra_mode': None, 'ipv6_address_mode': None, 'gateway_ip': '192.168.128.1', 'cidr': '192.168.128.0/28', 'allocation_pools': [{'start': '192.168.128.2', 'end': '192.168.128.14'}], 'host_routes': [], 'dns_nameservers': [], 'description': '', 'router:external': False, 'service_types': [], 'tags': [], 'created_at': '2025-11-20T12:33:24Z', 'updated_at': '2025-11-20T12:33:24Z', 'revision_number': 0, 'project_id': '9d545c0d6971478ea770da539847dd04'}, Router: {'id': '9a58ef4e-0718-4d69-8dbe-7271687eea32', 'name': 'tempest-ServerRescueNegativeTestJSON-1109709248-router', 'tenant_id': '9d545c0d6971478ea770da539847dd04', 'admin_state_up': True, 'status': 'ACTIVE', 'external_gateway_info': {'network_id': 'c0092108-51c4-4065-86c2-4815315ad52a', 'external_fixed_ips': [{'subnet_id': 'ad3356f7-c944-4385-ac0e-571d9ae72ba5', 'ip_address': '10.180.180.245'}], 'enable_snat': True}, 'description': '', 'availability_zones': [], 'distributed': False, 'ha': False, 'availability_zone_hints': [], 'routes': [], 'flavor_id': None, 'tags': [], 'created_at': '2025-11-20T12:33:24Z', 'updated_at': '2025-11-20T12:33:24Z', 'revision_number': 2, 'project_id': '9d545c0d6971478ea770da539847dd04'}
2025-11-20 12:33:26.238 66664 INFO tempest.lib.common.rest_client [req-f5cd7488-ade0-42f1-8376-ed49e1dfa9dc req-f5cd7488-ade0-42f1-8376-ed49e1dfa9dc ] Request (ServersAdminTestJSON:tearDownClass): 200 GET http://10.180.1.21/compute/v2.1/servers/65536914-4628-46bb-a7e7-6184190df8e0 1.111s
2025-11-20 12:33:26.315 66636 INFO tempest.lib.common.rest_client [req-217fec36-902e-4653-b2cb-17a98ed158c5 req-217fec36-902e-4653-b2cb-17a98ed158c5 ] Request (ServerRescueNegativeTestJSON:setUpClass): 201 POST http://10.180.1.21/identity/v3/auth/tokens 0.098s
2025-11-20 12:33:26.360 66636 INFO tempest.lib.common.rest_client [req-daf48ba6-4a49-422d-a142-fb4bfc565b16 req-daf48ba6-4a49-422d-a142-fb4bfc565b16 ] Request (ServerRescueNegativeTestJSON:setUpClass): 201 POST http://10.180.1.21/identity/v3/auth/tokens 0.039s
2025-11-20 12:33:26.360 66636 INFO tempest.lib.common.fixed_network [-] (ServerRescueNegativeTestJSON:setUpClass) Found network {'id': 'e928de41-d6e8-4176-a2d3-4fbf2e726b8a', 'name': 'tempest-ServerRescueNegativeTestJSON-1109709248-network', 'tenant_id': '9d545c0d6971478ea770da539847dd04', 'project_id': '9d545c0d6971478ea770da539847dd04', 'admin_state_up': True, 'mtu': 8950, 'status': 'ACTIVE', 'subnets': [], 'shared': False, 'port_security_enabled': True, 'router:external': False, 'provider:network_type': 'vlan', 'provider:physical_network': 'default', 'provider:segmentation_id': 445, 'availability_zone_hints': [], 'availability_zones': [], 'ipv4_address_scope': None, 'ipv6_address_scope': None, 'description': '', 'tags': [], 'created_at': '2025-11-20T12:33:23Z', 'updated_at': '2025-11-20T12:33:23Z', 'revision_number': 1} available for tenant
2025-11-20 12:33:26.601 66612 INFO tempest.lib.common.rest_client [req-f09271cc-281b-473e-9e9a-14203427ee5f req-f09271cc-281b-473e-9e9a-14203427ee5f ] Request (SecurityGroupsTestJSON:test_list_security_groups_by_server): 202 POST http://10.180.1.21/compute/v2.1/servers/54ad9cb9-5a15-44a8-9ca2-8d338085e309/action 1.385s
2025-11-20 12:33:26.626 66648 INFO tempest.lib.common.rest_client [req-a02a1ae7-d22d-4bd7-ac7b-3ad884c3f3f9 req-a02a1ae7-d22d-4bd7-ac7b-3ad884c3f3f9 ] Request (ServersTestFqdnHostnames:tearDownClass): 200 GET http://10.180.1.21/compute/v2.1/servers/b002c505-f9b9-4ff7-a8e4-f64909d2d674 1.308s
2025-11-20 12:33:26.721 66640 INFO tempest.lib.common.rest_client [req-cde0ca9d-0a64-410f-aa20-78d5e08e2bbb req-cde0ca9d-0a64-410f-aa20-78d5e08e2bbb ] Request (ImagesTestJSON:test_create_server_from_snapshot): 200 GET http://10.180.1.21/compute/v2.1/servers/1fc5ac30-294b-46e1-a2d5-62c92077d83e 1.267s
2025-11-20 12:33:26.743 66626 INFO tempest.lib.common.rest_client [req-4c9b0a1e-19d4-4ce8-829b-8908356a5352 req-4c9b0a1e-19d4-4ce8-829b-8908356a5352 ] Request (ServerActionsTestJSON:test_rebuild_server): 200 GET http://10.180.1.21/compute/v2.1/servers/99bb5e48-e350-4bef-b891-905a7d0b5961 1.367s
2025-11-20 12:33:26.751 66626 INFO tempest.common.waiters [-] State transition "BUILD/spawning" ==> "ACTIVE/None" after 43 second wait
2025-11-20 12:33:26.831 66634 INFO tempest.lib.common.rest_client [req-5c351be4-24f6-4ddf-a4a0-224b801e5e36 req-5c351be4-24f6-4ddf-a4a0-224b801e5e36 ] Request (ServersListShow2100Test:tearDownClass): 200 GET http://10.180.1.21/compute/v2.1/servers/6237414c-1762-4037-bcb4-2d414a07038e 1.175s
2025-11-20 12:33:26.877 66630 INFO tempest.lib.common.rest_client [req-8b77dffc-bf43-4c6a-9787-58f20c4d083b req-8b77dffc-bf43-4c6a-9787-58f20c4d083b ] Request (ComputeTenantNetworksTest:test_list_show_tenant_networks): 200 GET http://10.180.1.21/compute/v2.1/os-tenant-networks 1.236s
2025-11-20 12:33:26.936 66646 INFO tempest.lib.common.rest_client [req-603103b2-445a-4b4a-b89a-41431c817d07 req-603103b2-445a-4b4a-b89a-41431c817d07 ] Request (ServersTestMultiNic:test_verify_multiple_nics_order): 200 GET http://10.180.1.21/compute/v2.1/servers/ba1d4d97-7dc4-4b00-bd9d-4562c55f981e 1.175s
2025-11-20 12:33:27.023 66652 INFO tempest.lib.common.rest_client [req-bd9f49e7-d2ec-4629-8c64-8127eda88e56 req-bd9f49e7-d2ec-4629-8c64-8127eda88e56 ] Request (ListServersNegativeTestJSON:setUpClass): 200 GET http://10.180.1.21/compute/v2.1/servers/106df1fc-e3cf-4d21-89fb-caa0fce3b654 1.192s
2025-11-20 12:33:27.048 66622 INFO tempest.lib.common.rest_client [req-4e811665-5ae2-4aff-aebb-1306dd176c14 req-4e811665-5ae2-4aff-aebb-1306dd176c14 ] Request (ServerDiskConfigTestJSON:test_resize_server_from_auto_to_manual): 200 GET http://10.180.1.21/compute/v2.1/servers/a3314847-1a14-417c-9dd1-64f0b5e1ac1e 1.258s
2025-11-20 12:33:27.137 66642 INFO tempest.lib.common.rest_client [req-ab823388-612c-49de-b4b2-93704053f215 req-ab823388-612c-49de-b4b2-93704053f215 ] Request (ListServerFiltersTestJSON:tearDownClass): 200 GET http://10.180.1.21/compute/v2.1/servers/11ce834b-806d-4aba-b442-4897eeda4ff5 1.281s
2025-11-20 12:33:27.159 66669 INFO tempest.lib.common.rest_client [req-fcd46c45-00dd-47b1-b1b6-30ffbc3f00cf req-fcd46c45-00dd-47b1-b1b6-30ffbc3f00cf ] Request (ListImageFiltersTestJSON:tearDownClass): 200 GET http://10.180.1.21/compute/v2.1/servers/a58b954b-1e9a-408b-9cf2-b7b0c9dec3ae 1.268s
2025-11-20 12:33:27.310 66658 INFO tempest.lib.common.rest_client [req-be8be40d-6da9-4d66-8a8d-1d3608e62414 req-be8be40d-6da9-4d66-8a8d-1d3608e62414 ] Request (MigrationsAdminTest:test_resize_server_revert_deleted_flavor): 200 GET http://10.180.1.21/compute/v2.1/servers/85051b0f-087f-4015-afc7-c73088104608 1.028s
2025-11-20 12:33:27.454 66628 INFO tempest.lib.common.rest_client [req-e1724670-d2a8-4468-8097-f827d82e077d req-e1724670-d2a8-4468-8097-f827d82e077d ] Request (ImagesOneServerNegativeTestJSON:_run_cleanups): 200 GET http://10.180.1.21/compute/v2.1/servers/bb133dba-80e4-4093-a261-3fc7689af1d0 0.925s
2025-11-20 12:33:27.538 66660 INFO tempest.lib.common.rest_client [req-3ab11e40-bea9-4115-a938-c2eefa32aa63 req-3ab11e40-bea9-4115-a938-c2eefa32aa63 ] Request (AttachVolumeNegativeTest:test_attach_attached_volume_to_different_server): 200 GET http://10.180.1.21/compute/v2.1/servers/3ea94341-52fc-4f4c-b69e-968a60dab030 0.967s
2025-11-20 12:33:27.584 66636 INFO tempest.lib.common.rest_client [req-f03a56a0-daef-4860-9857-97710b2592c0 req-f03a56a0-daef-4860-9857-97710b2592c0 ] Request (ServerRescueNegativeTestJSON:setUpClass): 202 POST http://10.180.1.21/compute/v2.1/servers 1.223s
2025-11-20 12:33:27.646 66612 INFO tempest.lib.common.rest_client [req-8e7b500e-5f48-4380-943b-68897120f550 req-8e7b500e-5f48-4380-943b-68897120f550 ] Request (SecurityGroupsTestJSON:test_list_security_groups_by_server): 200 GET http://10.180.1.21/compute/v2.1/servers/54ad9cb9-5a15-44a8-9ca2-8d338085e309/os-security-groups 1.045s
2025-11-20 12:33:27.657 66620 INFO tempest.lib.common.rest_client [req-8ce95065-d6f0-4ad3-9613-2903fbc3fede req-8ce95065-d6f0-4ad3-9613-2903fbc3fede ] Request (DeleteServersTestJSON:test_delete_active_server): 200 GET http://10.180.1.21/compute/v2.1/servers/e5a9dd97-03a5-4049-92f5-d1f35912c9df 1.026s
2025-11-20 12:33:27.700 66630 INFO tempest.lib.common.rest_client [req-c063e1ae-b4ee-4f00-847d-66a421786fd4 req-c063e1ae-b4ee-4f00-847d-66a421786fd4 ] Request (ComputeTenantNetworksTest:test_list_show_tenant_networks): 200 GET http://10.180.1.21/compute/v2.1/os-tenant-networks/8f25c58d-d3c8-4343-8531-d9dca44249a6 0.821s
2025-11-20 12:33:27.713 66626 INFO tempest.lib.common.rest_client [req-05be4cd1-7232-4cc2-935f-1d8d654c1dc3 req-05be4cd1-7232-4cc2-935f-1d8d654c1dc3 ] Request (ServerActionsTestJSON:test_rebuild_server): 200 GET http://10.180.1.21/compute/v2.1/servers/99bb5e48-e350-4bef-b891-905a7d0b5961/os-interface 0.961s
2025-11-20 12:33:27.723 66618 INFO tempest.lib.common.rest_client [req-b33606b4-08e6-480f-b276-14d3a7f586b7 req-b33606b4-08e6-480f-b276-14d3a7f586b7 ] Request (ServerMetadataTestJSON:tearDownClass): 404 GET http://10.180.1.21/compute/v2.1/servers/c5883ba7-2bcf-4d8f-b735-9b506d7b62ab 0.725s
2025-11-20 12:33:27.876 66630 INFO tempest.lib.common.rest_client [req-4e4f5f03-d292-479f-8ce0-ac1841c3f5f0 req-4e4f5f03-d292-479f-8ce0-ac1841c3f5f0 ] Request (ComputeTenantNetworksTest:tearDownClass): 204 DELETE http://10.180.1.21/networking/v2.0/networks/8f25c58d-d3c8-4343-8531-d9dca44249a6 0.173s
2025-11-20 12:33:27.969 66630 INFO tempest.lib.common.rest_client [req-8902fc87-f577-4b77-a8a9-6d55a1c1b59a req-8902fc87-f577-4b77-a8a9-6d55a1c1b59a ] Request (ComputeTenantNetworksTest:tearDownClass): 204 DELETE http://10.180.1.21/identity/v3/users/681694937d6a4a55875dcfe8db7ab29f 0.093s
2025-11-20 12:33:27.970 66630 INFO tempest.lib.common.dynamic_creds [-] Deleting project and security group for project: 136c416f4e824314bb8fe4fdcec972ae
2025-11-20 12:33:28.352 66626 INFO tempest.lib.common.rest_client [req-968389b3-3ec2-4a63-9e7e-c24b16607d65 req-968389b3-3ec2-4a63-9e7e-c24b16607d65 ] Request (ServerActionsTestJSON:test_rebuild_server): 200 PUT http://10.180.1.21/networking/v2.0/floatingips/29e5d0a1-253f-44d3-bedb-899ec79fb420 0.634s
2025-11-20 12:33:28.353 66626 INFO tempest.lib.common.ssh [-] Creating ssh connection to '10.180.180.133:22' as 'cirros' with public key authentication
2025-11-20 12:33:28.386 66664 INFO tempest.lib.common.rest_client [req-73df8cfc-aed6-4846-91cd-c311063e6c98 req-73df8cfc-aed6-4846-91cd-c311063e6c98 ] Request (ServersAdminTestJSON:tearDownClass): 200 GET http://10.180.1.21/compute/v2.1/servers/65536914-4628-46bb-a7e7-6184190df8e0 1.137s
2025-11-20 12:33:28.404 66675 INFO tempest.lib.common.rest_client [req-f3b97f3d-0f5f-4520-9eb4-9ea79c86759d req-f3b97f3d-0f5f-4520-9eb4-9ea79c86759d ] Request (ServersTestBootFromVolume:tearDownClass): 200 GET http://10.180.1.21/compute/v2.1/servers/b3529283-6ba7-4680-a8cb-f7f6d14f3a61 1.395s
2025-11-20 12:33:28.474 66630 INFO tempest.lib.common.rest_client [req-a827a58c-cff2-4c6c-b471-2d5c03c68d80 req-a827a58c-cff2-4c6c-b471-2d5c03c68d80 ] Request (ComputeTenantNetworksTest:tearDownClass): 200 GET http://10.180.1.21/networking/v2.0/security-groups?tenant_id=136c416f4e824314bb8fe4fdcec972ae&name=default 0.504s
2025-11-20 12:33:28.531 66636 INFO tempest.lib.common.rest_client [req-adf60491-026d-418f-8555-c1d0da8edfac req-adf60491-026d-418f-8555-c1d0da8edfac ] Request (ServerRescueNegativeTestJSON:setUpClass): 200 GET http://10.180.1.21/compute/v2.1/servers/46473311-21e1-4021-8556-9550fe702777 0.945s
2025-11-20 12:33:28.624 66630 INFO tempest.lib.common.rest_client [req-4622e76e-feca-4881-b944-3d3faf1ec5a8 req-4622e76e-feca-4881-b944-3d3faf1ec5a8 ] Request (ComputeTenantNetworksTest:tearDownClass): 204 DELETE http://10.180.1.21/networking/v2.0/security-groups/f2db016a-89a5-404d-90d2-2437ae4ec086 0.149s
2025-11-20 12:33:28.628 66636 INFO tempest.lib.common.rest_client [req-5311540d-4d2e-45af-8623-732a1137d66b req-5311540d-4d2e-45af-8623-732a1137d66b ] Request (ServerRescueNegativeTestJSON:setUpClass): 201 POST http://10.180.1.21/identity/v3/auth/tokens 0.081s
2025-11-20 12:33:28.629 66636 INFO tempest.lib.common.fixed_network [-] (ServerRescueNegativeTestJSON:setUpClass) Found network {'id': 'e928de41-d6e8-4176-a2d3-4fbf2e726b8a', 'name': 'tempest-ServerRescueNegativeTestJSON-1109709248-network', 'tenant_id': '9d545c0d6971478ea770da539847dd04', 'project_id': '9d545c0d6971478ea770da539847dd04', 'admin_state_up': True, 'mtu': 8950, 'status': 'ACTIVE', 'subnets': [], 'shared': False, 'port_security_enabled': True, 'router:external': False, 'provider:network_type': 'vlan', 'provider:physical_network': 'default', 'provider:segmentation_id': 445, 'availability_zone_hints': [], 'availability_zones': [], 'ipv4_address_scope': None, 'ipv6_address_scope': None, 'description': '', 'tags': [], 'created_at': '2025-11-20T12:33:23Z', 'updated_at': '2025-11-20T12:33:23Z', 'revision_number': 1} available for tenant
2025-11-20 12:33:28.652 66648 INFO tempest.lib.common.rest_client [req-7a9b88a5-bed8-4eac-a7e8-b13e32de3956 req-7a9b88a5-bed8-4eac-a7e8-b13e32de3956 ] Request (ServersTestFqdnHostnames:tearDownClass): 200 GET http://10.180.1.21/compute/v2.1/servers/b002c505-f9b9-4ff7-a8e4-f64909d2d674 1.016s
2025-11-20 12:33:28.752 66612 INFO tempest.lib.common.rest_client [req-6ac20c18-25b9-4719-806c-e82bff03cd8c req-6ac20c18-25b9-4719-806c-e82bff03cd8c ] Request (SecurityGroupsTestJSON:test_security_group_create_get_delete): 200 POST http://10.180.1.21/compute/v2.1/os-security-groups 1.100s
2025-11-20 12:33:28.756 66630 INFO tempest.lib.common.rest_client [req-1d5390f7-c290-41c0-acad-a0c069620e73 req-1d5390f7-c290-41c0-acad-a0c069620e73 ] Request (ComputeTenantNetworksTest:tearDownClass): 204 DELETE http://10.180.1.21/identity/v3/projects/136c416f4e824314bb8fe4fdcec972ae 0.130s
2025-11-20 12:33:28.810 66640 INFO tempest.lib.common.rest_client [req-958840fc-cea6-4dc2-bbc9-7a713dd62382 req-958840fc-cea6-4dc2-bbc9-7a713dd62382 ] Request (ImagesTestJSON:test_create_server_from_snapshot): 200 GET http://10.180.1.21/compute/v2.1/servers/1fc5ac30-294b-46e1-a2d5-62c92077d83e 1.081s
2025-11-20 12:33:28.832 66630 INFO tempest.lib.common.rest_client [req-342fd860-8aef-4f5d-95f0-c4a3b742a5e3 req-342fd860-8aef-4f5d-95f0-c4a3b742a5e3 ] Request (VolumesNegativeTest:setUpClass): 201 POST http://10.180.1.21/identity/v3/auth/tokens 0.074s
2025-11-20 12:33:28.847 66618 INFO tempest.lib.common.rest_client [req-367e63ce-ff94-43a0-b590-549511aa5083 req-367e63ce-ff94-43a0-b590-549511aa5083 ] Request (ServerMetadataTestJSON:tearDownClass): 200 PUT http://10.180.1.21/networking/v2.0/routers/b7c5b933-2133-4190-a00f-e50c56309e16/remove_router_interface 1.123s
2025-11-20 12:33:28.866 66630 INFO tempest.lib.common.rest_client [req-637200bd-127f-4e1f-9393-e5f3f8b047e6 req-637200bd-127f-4e1f-9393-e5f3f8b047e6 ] Request (VolumesNegativeTest:setUpClass): 201 POST http://10.180.1.21/identity/v3/auth/tokens 0.032s
2025-11-20 12:33:28.874 66646 INFO tempest.lib.common.rest_client [req-4d433b05-468b-4665-ac63-5e61f595cf27 req-4d433b05-468b-4665-ac63-5e61f595cf27 ] Request (ServersTestMultiNic:test_verify_multiple_nics_order): 200 GET http://10.180.1.21/compute/v2.1/servers/ba1d4d97-7dc4-4b00-bd9d-4562c55f981e 0.929s
2025-11-20 12:33:28.882 66634 INFO tempest.lib.common.rest_client [req-8a285d54-d685-4499-901b-bb99b2de1814 req-8a285d54-d685-4499-901b-bb99b2de1814 ] Request (ServersListShow2100Test:tearDownClass): 200 GET http://10.180.1.21/compute/v2.1/servers/6237414c-1762-4037-bcb4-2d414a07038e 1.037s
2025-11-20 12:33:28.892 66630 INFO tempest.lib.common.rest_client [req-5543e152-5551-461c-8fe1-e4605645ab63 req-5543e152-5551-461c-8fe1-e4605645ab63 ] Request (VolumesNegativeTest:setUpClass): 200 GET http://10.180.1.21/identity/v3/domains?name=Default 0.025s
2025-11-20 12:33:28.929 66630 INFO tempest.lib.common.rest_client [req-2ce0c598-9d7e-4887-8d9c-5e60cceeceeb req-2ce0c598-9d7e-4887-8d9c-5e60cceeceeb ] Request (VolumesNegativeTest:setUpClass): 201 POST http://10.180.1.21/identity/v3/projects 0.036s
2025-11-20 12:33:28.964 66652 INFO tempest.lib.common.rest_client [req-1fac9aab-8937-4cf4-a7d4-ea804bf4b267 req-1fac9aab-8937-4cf4-a7d4-ea804bf4b267 ] Request (ListServersNegativeTestJSON:setUpClass): 200 GET http://10.180.1.21/compute/v2.1/servers/106df1fc-e3cf-4d21-89fb-caa0fce3b654 0.932s
2025-11-20 12:33:28.994 66630 INFO tempest.lib.common.rest_client [req-d70489d5-a5db-4eec-974a-dca21f2a1047 req-d70489d5-a5db-4eec-974a-dca21f2a1047 ] Request (VolumesNegativeTest:setUpClass): 201 POST http://10.180.1.21/identity/v3/users 0.064s
2025-11-20 12:33:29.016 66630 INFO tempest.lib.common.rest_client [req-5abf3ae3-abbe-4480-92dd-1f123f8b4d67 req-5abf3ae3-abbe-4480-92dd-1f123f8b4d67 ] Request (VolumesNegativeTest:setUpClass): 200 GET http://10.180.1.21/identity/v3/roles 0.022s
2025-11-20 12:33:29.041 66642 INFO tempest.lib.common.rest_client [req-a3d6e406-ccbb-484d-8575-6fd7f6ee8a1a req-a3d6e406-ccbb-484d-8575-6fd7f6ee8a1a ] Request (ListServerFiltersTestJSON:tearDownClass): 200 GET http://10.180.1.21/compute/v2.1/servers/11ce834b-806d-4aba-b442-4897eeda4ff5 0.893s
2025-11-20 12:33:29.044 66630 INFO tempest.lib.common.rest_client [req-1091e960-8ac7-427c-acaa-9e4de86dd410 req-1091e960-8ac7-427c-acaa-9e4de86dd410 ] Request (VolumesNegativeTest:setUpClass): 204 PUT http://10.180.1.21/identity/v3/projects/9a269ed9eb1246e2a7187a0e5be64e7d/users/a2a3a0d903784ac9b01178dc7509f948/roles/646d44090fbc48efb744dfd71acbde70 0.027s
2025-11-20 12:33:29.044 66630 INFO tempest.lib.common.dynamic_creds [-] Dynamic test user a2a3a0d903784ac9b01178dc7509f948 is created with scope project and roles: ['member']
2025-11-20 12:33:29.044 66630 INFO tempest.lib.common.dynamic_creds [-] Acquired dynamic creds: credentials: Credentials: {'domain_id': 'default', 'domain_name': 'Default', 'username': 'tempest-VolumesNegativeTest-1248727471-project-member', 'project_domain_id': 'default', 'project_domain_name': 'Default', 'project_id': '9a269ed9eb1246e2a7187a0e5be64e7d', 'project_name': 'tempest-VolumesNegativeTest-1248727471', 'tenant_id': '9a269ed9eb1246e2a7187a0e5be64e7d', 'tenant_name': 'tempest-VolumesNegativeTest-1248727471', 'user_domain_id': 'default', 'user_domain_name': 'Default', 'user_id': 'a2a3a0d903784ac9b01178dc7509f948', 'system': None}, Network: None, Subnet: None, Router: None
2025-11-20 12:33:29.044 66630 INFO tempest.lib.common.dynamic_creds [-] Created isolated network resources for: credentials: Credentials: {'domain_id': 'default', 'domain_name': 'Default', 'username': 'tempest-VolumesNegativeTest-1248727471-project-member', 'project_domain_id': 'default', 'project_domain_name': 'Default', 'project_id': '9a269ed9eb1246e2a7187a0e5be64e7d', 'project_name': 'tempest-VolumesNegativeTest-1248727471', 'tenant_id': '9a269ed9eb1246e2a7187a0e5be64e7d', 'tenant_name': 'tempest-VolumesNegativeTest-1248727471', 'user_domain_id': 'default', 'user_domain_name': 'Default', 'user_id': 'a2a3a0d903784ac9b01178dc7509f948', 'system': None}, Network: None, Subnet: None, Router: None
2025-11-20 12:33:29.078 66622 INFO tempest.lib.common.rest_client [req-9f691879-e6a9-44d4-8f86-9d443a69376b req-9f691879-e6a9-44d4-8f86-9d443a69376b ] Request (ServerDiskConfigTestJSON:test_resize_server_from_auto_to_manual): 200 GET http://10.180.1.21/compute/v2.1/servers/a3314847-1a14-417c-9dd1-64f0b5e1ac1e 1.017s
2025-11-20 12:33:29.110 66669 INFO tempest.lib.common.rest_client [req-a95ee9fb-2434-43e3-8cef-859db6a6bacf req-a95ee9fb-2434-43e3-8cef-859db6a6bacf ] Request (ListImageFiltersTestJSON:tearDownClass): 200 GET http://10.180.1.21/compute/v2.1/servers/a58b954b-1e9a-408b-9cf2-b7b0c9dec3ae 0.938s
2025-11-20 12:33:29.119 66630 INFO tempest.lib.common.rest_client [req-b810ab35-fbe2-4be8-9431-f6f290fbc37e req-b810ab35-fbe2-4be8-9431-f6f290fbc37e ] Request (VolumesNegativeTest:setUpClass): 201 POST http://10.180.1.21/identity/v3/auth/tokens 0.072s
2025-11-20 12:33:29.228 66628 INFO tempest.lib.common.rest_client [req-f50b097c-9f6b-4008-be6b-e742c588a362 req-f50b097c-9f6b-4008-be6b-e742c588a362 ] Request (ImagesOneServerNegativeTestJSON:_run_cleanups): 200 GET http://10.180.1.21/compute/v2.1/servers/bb133dba-80e4-4093-a261-3fc7689af1d0 0.764s
2025-11-20 12:33:29.253 66658 INFO tempest.lib.common.rest_client [req-24db3686-7b81-41be-a6e5-71ec51801ffa req-24db3686-7b81-41be-a6e5-71ec51801ffa ] Request (MigrationsAdminTest:test_resize_server_revert_deleted_flavor): 200 GET http://10.180.1.21/compute/v2.1/servers/85051b0f-087f-4015-afc7-c73088104608 0.934s
2025-11-20 12:33:29.292 66660 INFO tempest.lib.common.rest_client [req-e0ea0278-1e03-479f-b3d8-49488dc1f162 req-e0ea0278-1e03-479f-b3d8-49488dc1f162 ] Request (AttachVolumeNegativeTest:test_attach_attached_volume_to_different_server): 200 GET http://10.180.1.21/compute/v2.1/servers/3ea94341-52fc-4f4c-b69e-968a60dab030 0.746s
2025-11-20 12:33:29.320 66618 INFO tempest.lib.common.rest_client [req-61fb60b4-1d06-4320-8833-9d28d3ce9a55 req-61fb60b4-1d06-4320-8833-9d28d3ce9a55 ] Request (ServerMetadataTestJSON:tearDownClass): 204 DELETE http://10.180.1.21/networking/v2.0/routers/b7c5b933-2133-4190-a00f-e50c56309e16 0.472s
2025-11-20 12:33:29.390 66620 INFO tempest.lib.common.rest_client [req-37b1cf4e-41ee-42b9-9260-45cd8de55c1d req-37b1cf4e-41ee-42b9-9260-45cd8de55c1d ] Request (DeleteServersTestJSON:test_delete_active_server): 200 GET http://10.180.1.21/compute/v2.1/servers/e5a9dd97-03a5-4049-92f5-d1f35912c9df 0.725s
2025-11-20 12:33:29.456 66612 INFO tempest.lib.common.rest_client [req-8447287a-627f-4abb-921d-671502f2e69f req-8447287a-627f-4abb-921d-671502f2e69f ] Request (SecurityGroupsTestJSON:test_security_group_create_get_delete): 200 GET http://10.180.1.21/compute/v2.1/os-security-groups/9193feb5-5429-4e6e-a991-9bc999a3e437 0.700s
2025-11-20 12:33:29.471 66618 INFO tempest.lib.common.rest_client [req-775ec3fd-c19a-4401-bac6-41d7467c8cb7 req-775ec3fd-c19a-4401-bac6-41d7467c8cb7 ] Request (ServerMetadataTestJSON:tearDownClass): 204 DELETE http://10.180.1.21/networking/v2.0/subnets/6860a588-a33f-4def-b0c8-831027da3833 0.151s
2025-11-20 12:33:29.562 66630 INFO tempest.lib.common.rest_client [req-8b081d38-4224-40cd-b7d0-11d2e912bed2 req-8b081d38-4224-40cd-b7d0-11d2e912bed2 ] Request (VolumesNegativeTest:test_create_volume_with_invalid_size): 400 POST http://10.180.1.21/compute/v2.1/os-volumes 0.441s
2025-11-20 12:33:29.613 66636 INFO tempest.lib.common.rest_client [req-c80f428c-aadc-407c-9cf7-a317c800f191 req-c80f428c-aadc-407c-9cf7-a317c800f191 ] Request (ServerRescueNegativeTestJSON:setUpClass): 202 POST http://10.180.1.21/compute/v2.1/servers 0.983s
2025-11-20 12:33:29.646 66664 INFO tempest.lib.common.rest_client [req-9ca7a9d3-ba1e-4e33-87bb-ee91028cf799 req-9ca7a9d3-ba1e-4e33-87bb-ee91028cf799 ] Request (ServersAdminTestJSON:tearDownClass): 200 GET http://10.180.1.21/compute/v2.1/servers/65536914-4628-46bb-a7e7-6184190df8e0 0.245s
2025-11-20 12:33:29.720 66675 INFO tempest.lib.common.rest_client [req-e917b879-beff-40b8-b36a-87308de2898e req-e917b879-beff-40b8-b36a-87308de2898e ] Request (ServersTestBootFromVolume:tearDownClass): 200 GET http://10.180.1.21/compute/v2.1/servers/b3529283-6ba7-4680-a8cb-f7f6d14f3a61 0.299s
2025-11-20 12:33:29.726 66630 INFO tempest.lib.common.rest_client [req-aa44a65a-b3a8-48df-b1e6-ee27bd5e28f3 req-aa44a65a-b3a8-48df-b1e6-ee27bd5e28f3 ] Request (VolumesNegativeTest:test_create_volume_with_size_zero): 400 POST http://10.180.1.21/compute/v2.1/os-volumes 0.161s
2025-11-20 12:33:29.759 66618 INFO tempest.lib.common.rest_client [req-ff34c534-ef3b-44b2-b01a-3550b282133e req-ff34c534-ef3b-44b2-b01a-3550b282133e ] Request (ServerMetadataTestJSON:tearDownClass): 204 DELETE http://10.180.1.21/networking/v2.0/networks/f8f12b22-f975-4a42-9d1a-9c899099a2a6 0.288s
2025-11-20 12:33:29.785 66636 INFO tempest.lib.common.rest_client [req-6c2a7d4d-38a2-47ee-8627-09d79806a101 req-6c2a7d4d-38a2-47ee-8627-09d79806a101 ] Request (ServerRescueNegativeTestJSON:setUpClass): 200 GET http://10.180.1.21/compute/v2.1/servers/d15d7c21-d42a-4766-8b10-4d8929b3c978 0.171s
2025-11-20 12:33:29.845 66612 INFO tempest.lib.common.rest_client [req-e8f2befe-ccb3-4193-85ed-37582ac0c7dd req-e8f2befe-ccb3-4193-85ed-37582ac0c7dd ] Request (SecurityGroupsTestJSON:test_security_group_create_get_delete): 202 DELETE http://10.180.1.21/compute/v2.1/os-security-groups/9193feb5-5429-4e6e-a991-9bc999a3e437 0.385s
2025-11-20 12:33:29.849 66630 INFO tempest.lib.common.rest_client [req-336d9ba6-c813-4e94-aa09-3f5424330d14 req-336d9ba6-c813-4e94-aa09-3f5424330d14 ] Request (VolumesNegativeTest:test_create_volume_without_passing_size): 400 POST http://10.180.1.21/compute/v2.1/os-volumes 0.122s
2025-11-20 12:33:29.889 66648 INFO tempest.lib.common.rest_client [req-7ef285c8-017b-4633-9c9a-b4ab44d349b9 req-7ef285c8-017b-4633-9c9a-b4ab44d349b9 ] Request (ServersTestFqdnHostnames:tearDownClass): 200 GET http://10.180.1.21/compute/v2.1/servers/b002c505-f9b9-4ff7-a8e4-f64909d2d674 0.224s
2025-11-20 12:33:29.907 66640 INFO tempest.lib.common.rest_client [req-c492a66a-c70b-4179-a993-d5c10d0b2535 req-c492a66a-c70b-4179-a993-d5c10d0b2535 ] Request (ImagesTestJSON:test_create_server_from_snapshot): 200 GET http://10.180.1.21/compute/v2.1/servers/1fc5ac30-294b-46e1-a2d5-62c92077d83e 0.088s
2025-11-20 12:33:29.907 66618 INFO tempest.lib.common.rest_client [req-8dbfca9d-c006-4dcd-a22c-068e7946482c req-8dbfca9d-c006-4dcd-a22c-068e7946482c ] Request (ServerMetadataTestJSON:tearDownClass): 204 DELETE http://10.180.1.21/identity/v3/users/b5645eed3a434372871f034241261344 0.148s
2025-11-20 12:33:29.908 66618 INFO tempest.lib.common.dynamic_creds [-] Deleting project and security group for project: d57fb87fec3444eaa831657df7844797
2025-11-20 12:33:29.910 66612 INFO tempest.lib.common.rest_client [req-133456ef-d4b6-4fc1-ae92-ba277f55eb3f req-133456ef-d4b6-4fc1-ae92-ba277f55eb3f ] Request (SecurityGroupsTestJSON:test_security_group_create_get_delete): 404 GET http://10.180.1.21/compute/v2.1/os-security-groups/9193feb5-5429-4e6e-a991-9bc999a3e437 0.064s
2025-11-20 12:33:29.928 66630 INFO tempest.lib.common.rest_client [req-226edea6-52ce-4de9-aff3-c1f13a466859 req-226edea6-52ce-4de9-aff3-c1f13a466859 ] Request (VolumesNegativeTest:test_delete_invalid_volume_id): 404 DELETE http://10.180.1.21/compute/v2.1/os-volumes/tempest-invalid-744672580 0.076s
2025-11-20 12:33:29.939 66618 INFO tempest.lib.common.rest_client [req-97d66a60-4d80-4f5d-a13f-a330d1759e41 req-97d66a60-4d80-4f5d-a13f-a330d1759e41 ] Request (ServerMetadataTestJSON:tearDownClass): 200 GET http://10.180.1.21/networking/v2.0/security-groups?tenant_id=d57fb87fec3444eaa831657df7844797&name=default 0.031s
2025-11-20 12:33:30.000 66646 INFO tempest.lib.common.rest_client [req-1a72a322-3988-468c-bb10-8dc2b1486a90 req-1a72a322-3988-468c-bb10-8dc2b1486a90 ] Request (ServersTestMultiNic:test_verify_multiple_nics_order): 200 GET http://10.180.1.21/compute/v2.1/servers/ba1d4d97-7dc4-4b00-bd9d-4562c55f981e 0.117s
2025-11-20 12:33:30.017 66634 INFO tempest.lib.common.rest_client [req-4b7a1d96-56a3-4e15-a23c-6d8b7e9b854b req-4b7a1d96-56a3-4e15-a23c-6d8b7e9b854b ] Request (ServersListShow2100Test:tearDownClass): 200 GET http://10.180.1.21/compute/v2.1/servers/6237414c-1762-4037-bcb4-2d414a07038e 0.115s
2025-11-20 12:33:30.023 66630 INFO tempest.lib.common.rest_client [req-abef8011-7eb7-4249-bd60-169a7d602556 req-abef8011-7eb7-4249-bd60-169a7d602556 ] Request (VolumesNegativeTest:test_delete_volume_without_passing_volume_id): 404 DELETE http://10.180.1.21/compute/v2.1/os-volumes/ 0.093s
2025-11-20 12:33:30.032 66618 INFO tempest.lib.common.rest_client [req-833be1be-5009-4e89-9550-8c8ec4e34e74 req-833be1be-5009-4e89-9550-8c8ec4e34e74 ] Request (ServerMetadataTestJSON:tearDownClass): 204 DELETE http://10.180.1.21/networking/v2.0/security-groups/5e4c940b-d3e9-472a-b94a-f6d6537eed8c 0.093s
2025-11-20 12:33:30.081 66652 INFO tempest.lib.common.rest_client [req-039c28c0-fb2b-4689-b609-245edcdc321a req-039c28c0-fb2b-4689-b609-245edcdc321a ] Request (ListServersNegativeTestJSON:setUpClass): 200 GET http://10.180.1.21/compute/v2.1/servers/106df1fc-e3cf-4d21-89fb-caa0fce3b654 0.107s
2025-11-20 12:33:30.085 66630 INFO tempest.lib.common.rest_client [req-2965b72e-06c6-4a91-8550-7a1aaf098633 req-2965b72e-06c6-4a91-8550-7a1aaf098633 ] Request (VolumesNegativeTest:test_get_volume_without_passing_volume_id): 404 GET http://10.180.1.21/compute/v2.1/os-volumes/ 0.059s
2025-11-20 12:33:30.090 66652 INFO tempest.common.waiters [-] State transition "BUILD/None" ==> "BUILD/networking" after 46 second wait
2025-11-20 12:33:30.131 66612 INFO tempest.lib.common.rest_client [req-3482543a-f73d-4e9e-af22-bc90df84c317 req-3482543a-f73d-4e9e-af22-bc90df84c317 ] Request (SecurityGroupsTestJSON:test_security_groups_create_list_delete): 200 POST http://10.180.1.21/compute/v2.1/os-security-groups 0.219s
