2025-11-20 12:31:47.285 66640 INFO tempest.lib.common.rest_client [req-aa0527d4-ac60-4560-b790-83d61a9d3b95 req-aa0527d4-ac60-4560-b790-83d61a9d3b95 ] Request (ImagesTestJSON:test_create_image_from_suspended_server): 200 GET http://10.180.1.21/compute/v2.1/servers/b0140768-15c3-4d89-8ae9-5a397e041683 1.619s
2025-11-20 12:31:47.296 66640 INFO tempest.common.waiters [-] State transition "BUILD/None" ==> "BUILD/networking" after 33 second wait
2025-11-20 12:31:47.326 66620 INFO tempest.lib.common.rest_client [req-76f7f85f-4ca7-4078-a252-82a4dd078bf6 req-76f7f85f-4ca7-4078-a252-82a4dd078bf6 ] Request (ImagesOneServerTestJSON:tearDownClass): 200 GET http://10.180.1.21/compute/v2.1/servers/b0ee2d00-7a4f-45f0-8bac-de783a1ce629 1.587s
2025-11-20 12:31:47.336 66618 INFO tempest.lib.common.rest_client [req-dece7fb3-f863-4101-8322-5ba5c8c4c824 req-dece7fb3-f863-4101-8322-5ba5c8c4c824 ] Request (ServerMetadataTestJSON:setUpClass): 201 POST http://10.180.1.21/identity/v3/auth/tokens 0.110s
2025-11-20 12:31:47.353 66670 INFO tempest.lib.common.rest_client [req-a2ec781d-85df-41f1-8ec3-dd79aff7e745 req-a2ec781d-85df-41f1-8ec3-dd79aff7e745 ] Request (KeyPairsV210TestJSON:setUpClass): 201 POST http://10.180.1.21/identity/v3/auth/tokens 0.105s
2025-11-20 12:31:47.373 66618 INFO tempest.lib.common.rest_client [req-bf78735d-164e-4ba3-925e-d53fbed9defb req-bf78735d-164e-4ba3-925e-d53fbed9defb ] Request (ServerMetadataTestJSON:setUpClass): 200 GET http://10.180.1.21/identity/v3/domains?name=Default 0.035s
2025-11-20 12:31:47.387 66655 INFO tempest.lib.common.rest_client [req-a8788c0b-1867-4671-974e-e409d1559d9c req-a8788c0b-1867-4671-974e-e409d1559d9c ] Request (ServerMetadataNegativeTestJSON:tearDownClass): 200 GET http://10.180.1.21/compute/v2.1/servers/c109525b-28f7-4809-af13-1c1a35e2b2fd 1.586s
2025-11-20 12:31:47.409 66670 INFO tempest.lib.common.rest_client [req-937a2f10-6602-43ad-b317-84b13f3bab34 req-937a2f10-6602-43ad-b317-84b13f3bab34 ] Request (KeyPairsV210TestJSON:setUpClass): 201 POST http://10.180.1.21/identity/v3/projects 0.055s
2025-11-20 12:31:47.411 66618 INFO tempest.lib.common.rest_client [req-65d0a0ea-0794-422f-8d83-6a2f5b9418f0 req-65d0a0ea-0794-422f-8d83-6a2f5b9418f0 ] Request (ServerMetadataTestJSON:setUpClass): 201 POST http://10.180.1.21/identity/v3/projects 0.038s
2025-11-20 12:31:47.480 66650 INFO tempest.lib.common.rest_client [req-b2e1dc3d-c464-4de2-b09c-92eded095385 req-b2e1dc3d-c464-4de2-b09c-92eded095385 ] Request (AttachVolumeTestJSON:test_attach_detach_volume): 200 GET http://10.180.1.21/compute/v2.1/servers/a7acdc1a-0503-4ae2-b339-9a67a0a45555 1.529s
2025-11-20 12:31:47.484 66670 INFO tempest.lib.common.rest_client [req-8a9181fc-66da-4382-b78a-474a4a3af601 req-8a9181fc-66da-4382-b78a-474a4a3af601 ] Request (KeyPairsV210TestJSON:setUpClass): 201 POST http://10.180.1.21/identity/v3/users 0.072s
2025-11-20 12:31:47.486 66618 INFO tempest.lib.common.rest_client [req-bbe33f7f-09f1-4217-89f8-a4d582e42908 req-bbe33f7f-09f1-4217-89f8-a4d582e42908 ] Request (ServerMetadataTestJSON:setUpClass): 201 POST http://10.180.1.21/identity/v3/users 0.074s
2025-11-20 12:31:47.517 66670 INFO tempest.lib.common.rest_client [req-aa1f85f5-1c7a-4296-86a5-fefe088340ad req-aa1f85f5-1c7a-4296-86a5-fefe088340ad ] Request (KeyPairsV210TestJSON:setUpClass): 200 GET http://10.180.1.21/identity/v3/roles 0.032s
2025-11-20 12:31:47.521 66618 INFO tempest.lib.common.rest_client [req-3a2dbe25-802d-4bf3-acf8-d13f70238ccd req-3a2dbe25-802d-4bf3-acf8-d13f70238ccd ] Request (ServerMetadataTestJSON:setUpClass): 200 GET http://10.180.1.21/identity/v3/roles 0.034s
2025-11-20 12:31:47.533 66658 INFO tempest.lib.common.rest_client [req-4f6b6248-f78e-4d0c-8a46-ad859eaeb5ab req-4f6b6248-f78e-4d0c-8a46-ad859eaeb5ab ] Request (MigrationsAdminTest:test_list_migrations_in_flavor_resize_situation): 200 GET http://10.180.1.21/compute/v2.1/servers/a0dfd72e-990a-4956-ac68-3590fdfccacf 1.642s
2025-11-20 12:31:47.535 66669 INFO tempest.lib.common.rest_client [req-81b19ec7-e246-4121-b2b5-c39065ad6061 req-81b19ec7-e246-4121-b2b5-c39065ad6061 ] Request (ListImageFiltersTestJSON:setUpClass): 200 GET http://10.180.1.21/compute/v2.1/images/fa1a756d-9036-4b5e-ba47-563c470ddf7b 1.545s
2025-11-20 12:31:47.561 66670 INFO tempest.lib.common.rest_client [req-c7153e26-2dcf-486f-8388-4d3cf307b9c9 req-c7153e26-2dcf-486f-8388-4d3cf307b9c9 ] Request (KeyPairsV210TestJSON:setUpClass): 204 PUT http://10.180.1.21/identity/v3/projects/2094b93add8d4a648cfebaeaa23f289c/users/8eab4dedadf24f768ea15cdea9c99dfd/roles/81f84213e82844b9aab10206df5f999b 0.044s
2025-11-20 12:31:47.571 66618 INFO tempest.lib.common.rest_client [req-bdb98850-b3cb-4896-976e-03a071986d7d req-bdb98850-b3cb-4896-976e-03a071986d7d ] Request (ServerMetadataTestJSON:setUpClass): 204 PUT http://10.180.1.21/identity/v3/projects/d57fb87fec3444eaa831657df7844797/users/b5645eed3a434372871f034241261344/roles/646d44090fbc48efb744dfd71acbde70 0.049s
2025-11-20 12:31:47.571 66618 INFO tempest.lib.common.dynamic_creds [-] Dynamic test user b5645eed3a434372871f034241261344 is created with scope project and roles: ['member']
2025-11-20 12:31:47.571 66618 INFO tempest.lib.common.dynamic_creds [-] Acquired dynamic creds: credentials: Credentials: {'domain_id': 'default', 'domain_name': 'Default', 'username': 'tempest-ServerMetadataTestJSON-1889455348-project-member', 'project_domain_id': 'default', 'project_domain_name': 'Default', 'project_id': 'd57fb87fec3444eaa831657df7844797', 'project_name': 'tempest-ServerMetadataTestJSON-1889455348', 'tenant_id': 'd57fb87fec3444eaa831657df7844797', 'tenant_name': 'tempest-ServerMetadataTestJSON-1889455348', 'user_domain_id': 'default', 'user_domain_name': 'Default', 'user_id': 'b5645eed3a434372871f034241261344', 'system': None}, Network: None, Subnet: None, Router: None
2025-11-20 12:31:47.642 66644 INFO tempest.lib.common.rest_client [req-1df1046d-f490-406b-a300-16c2baceca5e req-1df1046d-f490-406b-a300-16c2baceca5e ] Request (VolumesAssistedSnapshotsTest:tearDownClass): 200 GET http://10.180.1.21/compute/v2.1/servers/52fce579-b85f-4eb4-9009-67e5c1bca4a5 1.591s
2025-11-20 12:31:47.675 66634 INFO tempest.lib.common.rest_client [req-2ae0ee0e-aad1-4cec-9cd6-85375f9e5eb0 req-2ae0ee0e-aad1-4cec-9cd6-85375f9e5eb0 ] Request (ServersAaction247Test:tearDownClass): 204 DELETE http://10.180.1.21/compute/v2.1/servers/79392169-9f5f-480d-9294-beac60cefa02 1.627s
2025-11-20 12:31:47.678 66618 INFO tempest.lib.common.rest_client [req-3d84fdee-87af-4172-9a9c-9215d56d6543 req-3d84fdee-87af-4172-9a9c-9215d56d6543 ] Request (ServerMetadataTestJSON:setUpClass): 201 POST http://10.180.1.21/identity/v3/auth/tokens 0.106s
2025-11-20 12:31:47.684 66670 INFO tempest.lib.common.rest_client [req-3176fee0-eacd-44da-8b20-c1de1d60312d req-3176fee0-eacd-44da-8b20-c1de1d60312d ] Request (KeyPairsV210TestJSON:setUpClass): 200 GET http://10.180.1.21/identity/v3/roles 0.122s
2025-11-20 12:31:47.717 66670 INFO tempest.lib.common.rest_client [req-b8e10248-c8b0-42ac-8f6a-19c4c46cfa43 req-b8e10248-c8b0-42ac-8f6a-19c4c46cfa43 ] Request (KeyPairsV210TestJSON:setUpClass): 204 PUT http://10.180.1.21/identity/v3/projects/2094b93add8d4a648cfebaeaa23f289c/users/8eab4dedadf24f768ea15cdea9c99dfd/roles/81f84213e82844b9aab10206df5f999b 0.033s
2025-11-20 12:31:47.717 66670 INFO tempest.lib.common.dynamic_creds [-] Dynamic test user 8eab4dedadf24f768ea15cdea9c99dfd is created with scope project and roles: ['admin']
2025-11-20 12:31:47.718 66670 INFO tempest.lib.common.dynamic_creds [-] Acquired dynamic creds: credentials: Credentials: {'domain_id': 'default', 'domain_name': 'Default', 'username': 'tempest-KeyPairsV210TestJSON-152640585-project-admin', 'project_domain_id': 'default', 'project_domain_name': 'Default', 'project_id': '2094b93add8d4a648cfebaeaa23f289c', 'project_name': 'tempest-KeyPairsV210TestJSON-152640585', 'tenant_id': '2094b93add8d4a648cfebaeaa23f289c', 'tenant_name': 'tempest-KeyPairsV210TestJSON-152640585', 'user_domain_id': 'default', 'user_domain_name': 'Default', 'user_id': '8eab4dedadf24f768ea15cdea9c99dfd', 'system': None}, Network: None, Subnet: None, Router: None
2025-11-20 12:31:47.718 66670 INFO tempest.lib.common.dynamic_creds [-] Created isolated network resources for: credentials: Credentials: {'domain_id': 'default', 'domain_name': 'Default', 'username': 'tempest-KeyPairsV210TestJSON-152640585-project-admin', 'project_domain_id': 'default', 'project_domain_name': 'Default', 'project_id': '2094b93add8d4a648cfebaeaa23f289c', 'project_name': 'tempest-KeyPairsV210TestJSON-152640585', 'tenant_id': '2094b93add8d4a648cfebaeaa23f289c', 'tenant_name': 'tempest-KeyPairsV210TestJSON-152640585', 'user_domain_id': 'default', 'user_domain_name': 'Default', 'user_id': '8eab4dedadf24f768ea15cdea9c99dfd', 'system': None}, Network: None, Subnet: None, Router: None
2025-11-20 12:31:47.739 66642 INFO tempest.lib.common.rest_client [req-37e0b9f8-57e4-4e25-9675-2b53ffa063dc req-37e0b9f8-57e4-4e25-9675-2b53ffa063dc ] Request (ListServerFiltersTestJSON:test_list_servers_filter_by_exceed_limit): 200 GET http://10.180.1.21/compute/v2.1/servers 1.479s
2025-11-20 12:31:47.763 66664 INFO tempest.lib.common.rest_client [req-da770318-1ad2-45f1-a60c-7910523a5686 req-da770318-1ad2-45f1-a60c-7910523a5686 ] Request (ServersAdminTestJSON:test_list_servers_filter_by_error_status): 200 GET http://10.180.1.21/compute/v2.1/servers?status=error 1.633s
2025-11-20 12:31:47.864 66670 INFO tempest.lib.common.rest_client [req-93454e0a-e960-4ba2-990e-28077c5a927f req-93454e0a-e960-4ba2-990e-28077c5a927f ] Request (KeyPairsV210TestJSON:setUpClass): 201 POST http://10.180.1.21/identity/v3/auth/tokens 0.141s
2025-11-20 12:31:48.093 66630 INFO tempest.lib.common.rest_client [req-a09f1c90-9030-4d89-bb8b-38baedf4997f req-a09f1c90-9030-4d89-bb8b-38baedf4997f ] Request (ServersAdminNegativeTestJSON:test_migrate_server_invalid_state): 409 POST http://10.180.1.21/compute/v2.1/servers/a4c78faf-5cb1-4ffc-aa4e-bf7528eabbc4/action 1.628s
2025-11-20 12:31:48.110 66618 INFO tempest.lib.common.rest_client [req-02bd4cbd-eb2b-488c-ad04-fea9b8430eae req-02bd4cbd-eb2b-488c-ad04-fea9b8430eae ] Request (ServerMetadataTestJSON:setUpClass): 201 POST http://10.180.1.21/networking/v2.0/networks 0.431s
2025-11-20 12:31:48.381 66618 INFO tempest.lib.common.rest_client [req-cf6b2bf7-1c95-458d-997d-804cf892a07a req-cf6b2bf7-1c95-458d-997d-804cf892a07a ] Request (ServerMetadataTestJSON:setUpClass): 201 POST http://10.180.1.21/networking/v2.0/subnets 0.270s
2025-11-20 12:31:48.429 66656 INFO tempest.lib.common.rest_client [req-3923be3e-14ed-4baf-beef-10a3d2baed4a req-3923be3e-14ed-4baf-beef-10a3d2baed4a ] Request (AttachInterfacesUnderV243Test:test_add_remove_fixed_ip): 200 GET http://10.180.1.21/compute/v2.1/servers/c93a4cf4-ce0d-4aa1-8cb7-c667c256e05b/os-interface/416661ba-4eb2-4de3-96d9-2344fdcca122 1.510s
2025-11-20 12:31:49.184 66618 INFO tempest.lib.common.rest_client [req-f32b880c-7561-43ff-9a2e-771340982ecb req-f32b880c-7561-43ff-9a2e-771340982ecb ] Request (ServerMetadataTestJSON:setUpClass): 201 POST http://10.180.1.21/networking/v2.0/routers 0.802s
2025-11-20 12:31:49.198 66673 WARNING tempest.lib.common.ssh [-] Failed to establish authenticated ssh connection to cirros@10.180.180.161 ([Errno None] Unable to connect to port 22 on 10.180.180.161). Number attempts: 6. Retry after 7 seconds.: paramiko.ssh_exception.NoValidConnectionsError: [Errno None] Unable to connect to port 22 on 10.180.180.161
2025-11-20 12:31:49.292 66628 INFO tempest.lib.common.rest_client [req-263020c6-21c9-4725-83a1-543e0997fd3b req-263020c6-21c9-4725-83a1-543e0997fd3b ] Request (ImagesOneServerNegativeTestJSON:_run_cleanups): 200 GET http://10.180.1.21/compute/v2.1/servers/a7bfd5bc-b4d0-4a9f-809a-ce618a15cd65 1.900s
2025-11-20 12:31:49.301 66628 INFO tempest.common.waiters [-] State transition "ACTIVE/deleting" ==> "DELETED/None" after 3 second wait
2025-11-20 12:31:49.387 66626 WARNING tempest.lib.common.ssh [-] Failed to establish authenticated ssh connection to cirros@10.180.180.182 ([Errno None] Unable to connect to port 22 on 10.180.180.182). Number attempts: 4. Retry after 5 seconds.: paramiko.ssh_exception.NoValidConnectionsError: [Errno None] Unable to connect to port 22 on 10.180.180.182
2025-11-20 12:31:49.905 66614 INFO tempest.lib.common.rest_client [req-850fe4e7-2d74-4398-a26d-85f845e9bf23 req-850fe4e7-2d74-4398-a26d-85f845e9bf23 ] Request (FloatingIPsAssociationTestJSON:tearDownClass): 200 GET http://10.180.1.21/compute/v2.1/servers/8eeac5c8-6e8e-44d2-a598-0c3a1523e37d 2.372s
2025-11-20 12:31:50.007 66612 INFO tempest.lib.common.rest_client [req-40d140e7-d72b-4b57-b93e-e73f1d83ec55 req-40d140e7-d72b-4b57-b93e-e73f1d83ec55 ] Request (TenantUsagesTestJSON:tearDownClass): 200 GET http://10.180.1.21/compute/v2.1/servers/c6b337cb-2b9a-4e09-bdd1-4adc57c9a1f3 2.437s
2025-11-20 12:31:50.015 66612 INFO tempest.common.waiters [-] State transition "ACTIVE/deleting" ==> "DELETED/None" after 4 second wait
2025-11-20 12:31:50.046 66636 INFO tempest.lib.common.rest_client [req-b8859bbd-5f8e-454b-81c5-16e1ad96f6ec req-b8859bbd-5f8e-454b-81c5-16e1ad96f6ec ] Request (InstanceActionsTestJSON:setUpClass): 202 POST http://10.180.1.21/compute/v2.1/servers 3.491s
2025-11-20 12:31:50.092 66616 INFO tempest.lib.common.rest_client [req-aadc72d9-5db2-4817-b58e-beae6ae4b850 req-aadc72d9-5db2-4817-b58e-beae6ae4b850 ] Request (FloatingIPsAssociationNegativeTestJSON:tearDownClass): 404 GET http://10.180.1.21/compute/v2.1/servers/93e8f4f4-19b7-4c3a-af06-6804cc70ca58 2.420s
2025-11-20 12:31:50.125 66646 INFO tempest.lib.common.rest_client [req-5151e5d8-7f8e-4672-9549-5d2a2062b3ee req-5151e5d8-7f8e-4672-9549-5d2a2062b3ee ] Request (ServersTestMultiNic:test_verify_duplicate_network_nics): 200 GET http://10.180.1.21/compute/v2.1/servers/dfe6e327-dc9a-47e7-a11f-c78aded4df7b 2.468s
2025-11-20 12:31:50.275 66642 INFO tempest.lib.common.rest_client [req-5b55a7f0-748f-4e9f-92ea-50817f93b8c0 req-5b55a7f0-748f-4e9f-92ea-50817f93b8c0 ] Request (ListServerFiltersTestJSON:test_list_servers_filter_by_flavor): 200 GET http://10.180.1.21/compute/v2.1/servers?flavor=84 2.531s
2025-11-20 12:31:50.340 66618 INFO tempest.lib.common.rest_client [req-a4135e68-a731-4c58-aa25-f0e08e522ae7 req-a4135e68-a731-4c58-aa25-f0e08e522ae7 ] Request (ServerMetadataTestJSON:setUpClass): 200 PUT http://10.180.1.21/networking/v2.0/routers/b7c5b933-2133-4190-a00f-e50c56309e16/add_router_interface 1.156s
2025-11-20 12:31:50.341 66618 INFO tempest.lib.common.dynamic_creds [-] Created isolated network resources for: credentials: Credentials: {'domain_id': 'default', 'domain_name': 'Default', 'username': 'tempest-ServerMetadataTestJSON-1889455348-project-member', 'project_domain_id': 'default', 'project_domain_name': 'Default', 'project_id': 'd57fb87fec3444eaa831657df7844797', 'project_name': 'tempest-ServerMetadataTestJSON-1889455348', 'tenant_id': 'd57fb87fec3444eaa831657df7844797', 'tenant_name': 'tempest-ServerMetadataTestJSON-1889455348', 'user_domain_id': 'default', 'user_domain_name': 'Default', 'user_id': 'b5645eed3a434372871f034241261344', 'system': None}, Network: {'id': 'f8f12b22-f975-4a42-9d1a-9c899099a2a6', 'name': 'tempest-ServerMetadataTestJSON-2141494051-network', 'tenant_id': 'd57fb87fec3444eaa831657df7844797', 'project_id': 'd57fb87fec3444eaa831657df7844797', 'admin_state_up': True, 'mtu': 8950, 'status': 'ACTIVE', 'subnets': [], 'shared': False, 'port_security_enabled': True, 'router:external': False, 'provider:network_type': 'vlan', 'provider:physical_network': 'default', 'provider:segmentation_id': 589, 'availability_zone_hints': [], 'availability_zones': [], 'ipv4_address_scope': None, 'ipv6_address_scope': None, 'description': '', 'tags': [], 'created_at': '2025-11-20T12:31:48Z', 'updated_at': '2025-11-20T12:31:48Z', 'revision_number': 1}, Subnet: {'id': '6860a588-a33f-4def-b0c8-831027da3833', 'name': 'tempest-ServerMetadataTestJSON-2141494051-subnet', 'tenant_id': 'd57fb87fec3444eaa831657df7844797', 'network_id': 'f8f12b22-f975-4a42-9d1a-9c899099a2a6', 'ip_version': 4, 'subnetpool_id': None, 'enable_dhcp': True, 'ipv6_ra_mode': None, 'ipv6_address_mode': None, 'gateway_ip': '192.168.128.1', 'cidr': '192.168.128.0/28', 'allocation_pools': [{'start': '192.168.128.2', 'end': '192.168.128.14'}], 'host_routes': [], 'dns_nameservers': [], 'description': '', 'router:external': False, 'service_types': [], 'tags': [], 'created_at': '2025-11-20T12:31:48Z', 'updated_at': '2025-11-20T12:31:48Z', 'revision_number': 0, 'project_id': 'd57fb87fec3444eaa831657df7844797'}, Router: {'id': 'b7c5b933-2133-4190-a00f-e50c56309e16', 'name': 'tempest-ServerMetadataTestJSON-2141494051-router', 'tenant_id': 'd57fb87fec3444eaa831657df7844797', 'admin_state_up': True, 'status': 'ACTIVE', 'external_gateway_info': {'network_id': 'c0092108-51c4-4065-86c2-4815315ad52a', 'external_fixed_ips': [{'subnet_id': 'ad3356f7-c944-4385-ac0e-571d9ae72ba5', 'ip_address': '10.180.180.192'}], 'enable_snat': True}, 'description': '', 'availability_zones': [], 'distributed': False, 'ha': False, 'availability_zone_hints': [], 'routes': [], 'flavor_id': None, 'tags': [], 'created_at': '2025-11-20T12:31:48Z', 'updated_at': '2025-11-20T12:31:48Z', 'revision_number': 2, 'project_id': 'd57fb87fec3444eaa831657df7844797'}
2025-11-20 12:31:50.373 66664 INFO tempest.lib.common.rest_client [req-43e65365-21e9-432c-bae0-576593b6cec9 req-43e65365-21e9-432c-bae0-576593b6cec9 ] Request (ServersAdminTestJSON:test_list_servers_filter_by_error_status): 202 POST http://10.180.1.21/compute/v2.1/servers/9f235391-bb9f-4cb8-bc9a-8036aaf399d9/action 2.608s
2025-11-20 12:31:50.379 66634 INFO tempest.lib.common.rest_client [req-3b025d9f-5de6-4cb6-a966-8f9774e1dd18 req-3b025d9f-5de6-4cb6-a966-8f9774e1dd18 ] Request (ServersAaction247Test:tearDownClass): 200 GET http://10.180.1.21/compute/v2.1/servers/79392169-9f5f-480d-9294-beac60cefa02 2.703s
2025-11-20 12:31:50.466 66648 INFO tempest.lib.common.rest_client [req-bc699a24-db1b-4fe4-b400-eaba028a98ab req-bc699a24-db1b-4fe4-b400-eaba028a98ab ] Request (ServersTestFqdnHostnames:test_create_server_with_fqdn_name): 200 GET http://10.180.1.21/compute/v2.1/servers/b002c505-f9b9-4ff7-a8e4-f64909d2d674 2.541s
2025-11-20 12:31:50.486 66618 INFO tempest.lib.common.rest_client [req-147316e5-32e1-468f-a0ed-11c8b0989445 req-147316e5-32e1-468f-a0ed-11c8b0989445 ] Request (ServerMetadataTestJSON:setUpClass): 201 POST http://10.180.1.21/identity/v3/auth/tokens 0.139s
2025-11-20 12:31:50.495 66670 INFO tempest.lib.common.rest_client [req-ddb219f2-5ed4-4486-ad64-5ef9a0275121 req-ddb219f2-5ed4-4486-ad64-5ef9a0275121 ] Request (KeyPairsV210TestJSON:test_admin_manage_keypairs_for_other_users): 201 POST http://10.180.1.21/compute/v2.1/os-keypairs 2.629s
2025-11-20 12:31:50.498 66630 INFO tempest.lib.common.rest_client [req-5488ffda-9056-4c45-98bb-0087baa70622 req-5488ffda-9056-4c45-98bb-0087baa70622 ] Request (ServersAdminNegativeTestJSON:test_reset_state_server_invalid_state): 400 POST http://10.180.1.21/compute/v2.1/servers/eb010ea3-4316-4a1e-9131-f28c1e0df5b1/action 2.403s
2025-11-20 12:31:50.533 66618 INFO tempest.lib.common.rest_client [req-cb6543c1-bed6-4df4-a8f5-2fe3be4b2702 req-cb6543c1-bed6-4df4-a8f5-2fe3be4b2702 ] Request (ServerMetadataTestJSON:setUpClass): 201 POST http://10.180.1.21/identity/v3/auth/tokens 0.044s
2025-11-20 12:31:50.534 66618 INFO tempest.lib.common.fixed_network [-] (ServerMetadataTestJSON:setUpClass) Found network {'id': 'f8f12b22-f975-4a42-9d1a-9c899099a2a6', 'name': 'tempest-ServerMetadataTestJSON-2141494051-network', 'tenant_id': 'd57fb87fec3444eaa831657df7844797', 'project_id': 'd57fb87fec3444eaa831657df7844797', 'admin_state_up': True, 'mtu': 8950, 'status': 'ACTIVE', 'subnets': [], 'shared': False, 'port_security_enabled': True, 'router:external': False, 'provider:network_type': 'vlan', 'provider:physical_network': 'default', 'provider:segmentation_id': 589, 'availability_zone_hints': [], 'availability_zones': [], 'ipv4_address_scope': None, 'ipv6_address_scope': None, 'description': '', 'tags': [], 'created_at': '2025-11-20T12:31:48Z', 'updated_at': '2025-11-20T12:31:48Z', 'revision_number': 1} available for tenant
2025-11-20 12:31:50.551 66660 INFO tempest.lib.common.rest_client [req-10a83978-92eb-49ea-8653-fa00b96d22d1 req-10a83978-92eb-49ea-8653-fa00b96d22d1 ] Request (AttachVolumeNegativeTest:test_attach_attached_volume_to_different_server): 200 GET http://10.180.1.21/compute/v2.1/servers/e842b617-5918-41c5-83de-1c2dc95e9e80 2.498s
2025-11-20 12:31:50.585 66624 INFO tempest.lib.common.rest_client [req-baaf3d20-ed59-4035-9f0c-a12f58b50d6b req-baaf3d20-ed59-4035-9f0c-a12f58b50d6b ] Request (InstanceActionsV221TestJSON:test_get_list_deleted_instance_actions): 200 GET http://10.180.1.21/compute/v2.1/servers/60d7c81a-8ac6-4fc2-a67d-de0a23afeb6a 2.379s
2025-11-20 12:31:50.742 66622 INFO tempest.lib.common.rest_client [req-2f4b73e7-29e8-4627-a8d2-de62ec8c5f71 req-2f4b73e7-29e8-4627-a8d2-de62ec8c5f71 ] Request (ServerDiskConfigTestJSON:test_resize_server_from_auto_to_manual): 200 GET http://10.180.1.21/compute/v2.1/servers/a3314847-1a14-417c-9dd1-64f0b5e1ac1e 2.511s
2025-11-20 12:31:50.755 66622 INFO tempest.common.waiters [-] State transition "BUILD/spawning" ==> "ACTIVE/None" after 39 second wait
2025-11-20 12:31:50.778 66640 INFO tempest.lib.common.rest_client [req-d218cd82-50b8-43d9-abc2-b698b0f5582b req-d218cd82-50b8-43d9-abc2-b698b0f5582b ] Request (ImagesTestJSON:test_create_image_from_suspended_server): 200 GET http://10.180.1.21/compute/v2.1/servers/b0140768-15c3-4d89-8ae9-5a397e041683 2.481s
2025-11-20 12:31:50.787 66640 INFO tempest.common.waiters [-] State transition "BUILD/networking" ==> "BUILD/spawning" after 36 second wait
2025-11-20 12:31:50.826 66620 INFO tempest.lib.common.rest_client [req-7f0d79c0-5075-4c93-b498-2223aa630097 req-7f0d79c0-5075-4c93-b498-2223aa630097 ] Request (ImagesOneServerTestJSON:tearDownClass): 200 GET http://10.180.1.21/compute/v2.1/servers/b0ee2d00-7a4f-45f0-8bac-de783a1ce629 2.489s
2025-11-20 12:31:50.861 66656 INFO tempest.lib.common.rest_client [req-fcae0a6d-653a-4404-9262-7d879e38a6a3 req-fcae0a6d-653a-4404-9262-7d879e38a6a3 ] Request (AttachInterfacesUnderV243Test:test_add_remove_fixed_ip): 200 GET http://10.180.1.21/compute/v2.1/servers/c93a4cf4-ce0d-4aa1-8cb7-c667c256e05b/ips 2.429s
2025-11-20 12:31:50.871 66655 INFO tempest.lib.common.rest_client [req-ca10f551-05ac-4822-b32a-0cdb894f7a84 req-ca10f551-05ac-4822-b32a-0cdb894f7a84 ] Request (ServerMetadataNegativeTestJSON:tearDownClass): 200 GET http://10.180.1.21/compute/v2.1/servers/c109525b-28f7-4809-af13-1c1a35e2b2fd 2.475s
2025-11-20 12:31:50.914 66669 INFO tempest.lib.common.rest_client [req-3ee78eea-c877-447c-b2bf-9472c0d27157 req-3ee78eea-c877-447c-b2bf-9472c0d27157 ] Request (ListImageFiltersTestJSON:setUpClass): 200 GET http://10.180.1.21/compute/v2.1/images/fa1a756d-9036-4b5e-ba47-563c470ddf7b 2.370s
2025-11-20 12:31:50.927 66650 INFO tempest.lib.common.rest_client [req-95a327b5-2b8e-46ce-94e9-6a89e9b67093 req-95a327b5-2b8e-46ce-94e9-6a89e9b67093 ] Request (AttachVolumeTestJSON:test_attach_detach_volume): 200 GET http://10.180.1.21/compute/v2.1/servers/a7acdc1a-0503-4ae2-b339-9a67a0a45555 2.437s
2025-11-20 12:31:51.039 66644 INFO tempest.lib.common.rest_client [req-92385772-df58-42f0-be9c-046c12802f7a req-92385772-df58-42f0-be9c-046c12802f7a ] Request (VolumesAssistedSnapshotsTest:tearDownClass): 200 GET http://10.180.1.21/compute/v2.1/servers/52fce579-b85f-4eb4-9009-67e5c1bca4a5 2.382s
2025-11-20 12:31:51.083 66658 INFO tempest.lib.common.rest_client [req-6e0498ec-347c-46ba-92a8-00d3df781512 req-6e0498ec-347c-46ba-92a8-00d3df781512 ] Request (MigrationsAdminTest:test_list_migrations_in_flavor_resize_situation): 200 GET http://10.180.1.21/compute/v2.1/servers/a0dfd72e-990a-4956-ac68-3590fdfccacf 2.540s
2025-11-20 12:31:51.135 66636 INFO tempest.lib.common.rest_client [req-d1e84aa7-c2b6-4254-a50c-6ebf55f1ac8a req-d1e84aa7-c2b6-4254-a50c-6ebf55f1ac8a ] Request (InstanceActionsTestJSON:setUpClass): 200 GET http://10.180.1.21/compute/v2.1/servers/ec07aa5e-ad25-444e-b490-9dd397fc879f 1.087s
2025-11-20 12:31:51.149 66616 INFO tempest.lib.common.rest_client [req-808a9b26-5802-4080-ae1f-e8fc4fe9e837 req-808a9b26-5802-4080-ae1f-e8fc4fe9e837 ] Request (FloatingIPsAssociationNegativeTestJSON:tearDownClass): 200 PUT http://10.180.1.21/networking/v2.0/routers/9fc4eb51-cc74-491a-a539-4ea3a3ab37df/remove_router_interface 1.056s
2025-11-20 12:31:51.188 66642 INFO tempest.lib.common.rest_client [req-8a2a92b0-9f6f-433f-8ac2-c9c335b91418 req-8a2a92b0-9f6f-433f-8ac2-c9c335b91418 ] Request (ListServerFiltersTestJSON:test_list_servers_filter_by_limit): 200 GET http://10.180.1.21/compute/v2.1/servers?limit=1 0.909s
2025-11-20 12:31:51.258 66628 INFO tempest.lib.common.rest_client [req-26eab8e0-46a3-42fb-93f7-d5d2b9546149 req-26eab8e0-46a3-42fb-93f7-d5d2b9546149 ] Request (ImagesOneServerNegativeTestJSON:_run_cleanups): 200 GET http://10.180.1.21/compute/v2.1/servers/a7bfd5bc-b4d0-4a9f-809a-ce618a15cd65 0.955s
2025-11-20 12:31:51.298 66670 INFO tempest.lib.common.rest_client [req-54217c8b-ad06-435d-9be2-ec62d6ed137c req-54217c8b-ad06-435d-9be2-ec62d6ed137c ] Request (KeyPairsV210TestJSON:test_admin_manage_keypairs_for_other_users): 201 POST http://10.180.1.21/compute/v2.1/os-keypairs 0.801s
2025-11-20 12:31:51.305 66630 INFO tempest.lib.common.rest_client [req-45a637e1-93de-4964-bec7-631cc2025e7b req-45a637e1-93de-4964-bec7-631cc2025e7b ] Request (ServersAdminNegativeTestJSON:test_reset_state_server_invalid_type): 400 POST http://10.180.1.21/compute/v2.1/servers/eb010ea3-4316-4a1e-9131-f28c1e0df5b1/action 0.804s
2025-11-20 12:31:51.328 66664 INFO tempest.lib.common.rest_client [req-1bfc7bbe-514e-4b22-93d7-b8e60a05965f req-1bfc7bbe-514e-4b22-93d7-b8e60a05965f ] Request (ServersAdminTestJSON:test_list_servers_filter_by_error_status): 200 GET http://10.180.1.21/compute/v2.1/servers/9f235391-bb9f-4cb8-bc9a-8036aaf399d9 0.954s
2025-11-20 12:31:51.497 66622 INFO tempest.lib.common.rest_client [req-90d25ac6-df31-41cf-bf2c-c854c439f028 req-90d25ac6-df31-41cf-bf2c-c854c439f028 ] Request (ServerDiskConfigTestJSON:test_resize_server_from_auto_to_manual): 200 GET http://10.180.1.21/compute/v2.1/servers/a3314847-1a14-417c-9dd1-64f0b5e1ac1e 0.742s
2025-11-20 12:31:51.549 66656 INFO tempest.lib.common.rest_client [req-80cd8f33-856a-415b-85f3-85440c128e44 req-80cd8f33-856a-415b-85f3-85440c128e44 ] Request (AttachInterfacesUnderV243Test:test_add_remove_fixed_ip): 202 POST http://10.180.1.21/compute/v2.1/servers/c93a4cf4-ce0d-4aa1-8cb7-c667c256e05b/action 0.687s
2025-11-20 12:31:51.665 66614 INFO tempest.lib.common.rest_client [req-51edee59-8086-4f78-92a4-9dd21fb0d4b8 req-51edee59-8086-4f78-92a4-9dd21fb0d4b8 ] Request (FloatingIPsAssociationTestJSON:tearDownClass): 200 GET http://10.180.1.21/compute/v2.1/servers/8eeac5c8-6e8e-44d2-a598-0c3a1523e37d 0.746s
2025-11-20 12:31:51.676 66616 INFO tempest.lib.common.rest_client [req-fa6ece78-53d9-4bfd-9c57-cbcb9c167690 req-fa6ece78-53d9-4bfd-9c57-cbcb9c167690 ] Request (FloatingIPsAssociationNegativeTestJSON:tearDownClass): 204 DELETE http://10.180.1.21/networking/v2.0/routers/9fc4eb51-cc74-491a-a539-4ea3a3ab37df 0.526s
2025-11-20 12:31:51.740 66612 INFO tempest.lib.common.rest_client [req-cf643c53-7131-4ed9-b992-2952c559d938 req-cf643c53-7131-4ed9-b992-2952c559d938 ] Request (TenantUsagesTestJSON:tearDownClass): 200 GET http://10.180.1.21/compute/v2.1/servers/c6b337cb-2b9a-4e09-bdd1-4adc57c9a1f3 0.723s
2025-11-20 12:31:51.846 66618 INFO tempest.lib.common.rest_client [req-21c5e92f-af2d-4568-9c6c-6b5c81a4905a req-21c5e92f-af2d-4568-9c6c-6b5c81a4905a ] Request (ServerMetadataTestJSON:setUpClass): 202 POST http://10.180.1.21/compute/v2.1/servers 1.311s
2025-11-20 12:31:51.846 66646 INFO tempest.lib.common.rest_client [req-0ea8bc08-5bac-42e6-8f75-3ddf213a961e req-0ea8bc08-5bac-42e6-8f75-3ddf213a961e ] Request (ServersTestMultiNic:test_verify_duplicate_network_nics): 200 GET http://10.180.1.21/compute/v2.1/servers/dfe6e327-dc9a-47e7-a11f-c78aded4df7b 0.705s
2025-11-20 12:31:51.866 66670 INFO tempest.lib.common.rest_client [req-b26515ee-ea89-4909-b731-f971cfae8d60 req-b26515ee-ea89-4909-b731-f971cfae8d60 ] Request (KeyPairsV210TestJSON:test_admin_manage_keypairs_for_other_users): 200 GET http://10.180.1.21/compute/v2.1/os-keypairs/tempest-keypair-66712543?user_id=fd9f2e72ab834909afd7afb75659c119 0.567s
2025-11-20 12:31:51.875 66630 INFO tempest.lib.common.rest_client [req-66b0344b-83de-447c-951b-8edad0f93ee6 req-66b0344b-83de-447c-951b-8edad0f93ee6 ] Request (ServersAdminNegativeTestJSON:test_reset_state_server_nonexistent_server): 404 POST http://10.180.1.21/compute/v2.1/servers/999/action 0.569s
2025-11-20 12:31:51.904 66616 INFO tempest.lib.common.rest_client [req-253d89c0-b156-4e44-a606-c8cecd37f2ed req-253d89c0-b156-4e44-a606-c8cecd37f2ed ] Request (FloatingIPsAssociationNegativeTestJSON:tearDownClass): 204 DELETE http://10.180.1.21/networking/v2.0/subnets/a321c2ab-30a9-4517-9982-2df1ed3f332b 0.228s
2025-11-20 12:31:51.962 66642 INFO tempest.lib.common.rest_client [req-d53b9e9b-4bee-46f7-b51c-fcadbda30d89 req-d53b9e9b-4bee-46f7-b51c-fcadbda30d89 ] Request (ListServerFiltersTestJSON:test_list_servers_filter_by_server_name): 200 GET http://10.180.1.21/compute/v2.1/servers?name=tempest-ListServerFiltersTestJSON-instance-873175563 0.767s
2025-11-20 12:31:52.067 66664 INFO tempest.lib.common.rest_client [req-6c57d4fe-f0c2-4d01-b9be-5a8c5698c7a4 req-6c57d4fe-f0c2-4d01-b9be-5a8c5698c7a4 ] Request (ServersAdminTestJSON:test_list_servers_filter_by_exist_host): 200 GET http://10.180.1.21/compute/v2.1/servers/9f235391-bb9f-4cb8-bc9a-8036aaf399d9 0.728s
2025-11-20 12:31:52.093 66634 INFO tempest.lib.common.rest_client [req-500e638d-9cbe-44da-956c-ff5b5bb72e05 req-500e638d-9cbe-44da-956c-ff5b5bb72e05 ] Request (ServersAaction247Test:tearDownClass): 200 GET http://10.180.1.21/compute/v2.1/servers/79392169-9f5f-480d-9294-beac60cefa02 0.698s
2025-11-20 12:31:52.200 66622 INFO tempest.lib.common.rest_client [req-c4070619-4601-403e-bb3b-9b8327b74c3f req-c4070619-4601-403e-bb3b-9b8327b74c3f ] Request (ServerDiskConfigTestJSON:test_resize_server_from_auto_to_manual): 200 PUT http://10.180.1.21/compute/v2.1/servers/a3314847-1a14-417c-9dd1-64f0b5e1ac1e 0.693s
2025-11-20 12:31:52.225 66648 INFO tempest.lib.common.rest_client [req-7df77d13-4b0d-45df-9dd3-447b77246329 req-7df77d13-4b0d-45df-9dd3-447b77246329 ] Request (ServersTestFqdnHostnames:test_create_server_with_fqdn_name): 200 GET http://10.180.1.21/compute/v2.1/servers/b002c505-f9b9-4ff7-a8e4-f64909d2d674 0.745s
2025-11-20 12:31:52.263 66616 INFO tempest.lib.common.rest_client [req-cac99e35-4d23-4fbe-ba2e-ec481ed0202a req-cac99e35-4d23-4fbe-ba2e-ec481ed0202a ] Request (FloatingIPsAssociationNegativeTestJSON:tearDownClass): 204 DELETE http://10.180.1.21/networking/v2.0/networks/abd16cee-e961-463f-9595-cf9bdb02121d 0.358s
2025-11-20 12:31:52.265 66656 INFO tempest.lib.common.rest_client [req-74c41e08-0813-467e-9a76-1293f8594fcf req-74c41e08-0813-467e-9a76-1293f8594fcf ] Request (AttachInterfacesUnderV243Test:test_add_remove_fixed_ip): 200 GET http://10.180.1.21/compute/v2.1/servers/c93a4cf4-ce0d-4aa1-8cb7-c667c256e05b/ips 0.715s
2025-11-20 12:31:52.308 66660 INFO tempest.lib.common.rest_client [req-f8cae177-0f21-460c-828c-f5bd6dc9666d req-f8cae177-0f21-460c-828c-f5bd6dc9666d ] Request (AttachVolumeNegativeTest:test_attach_attached_volume_to_different_server): 200 GET http://10.180.1.21/compute/v2.1/servers/e842b617-5918-41c5-83de-1c2dc95e9e80 0.747s
2025-11-20 12:31:52.360 66624 INFO tempest.lib.common.rest_client [req-5f434999-c175-4947-b787-6cc709f24609 req-5f434999-c175-4947-b787-6cc709f24609 ] Request (InstanceActionsV221TestJSON:test_get_list_deleted_instance_actions): 200 GET http://10.180.1.21/compute/v2.1/servers/60d7c81a-8ac6-4fc2-a67d-de0a23afeb6a 0.761s
2025-11-20 12:31:52.398 66616 INFO tempest.lib.common.rest_client [req-65fa3ca5-e045-45ee-8a5e-d8144d04405e req-65fa3ca5-e045-45ee-8a5e-d8144d04405e ] Request (FloatingIPsAssociationNegativeTestJSON:tearDownClass): 204 DELETE http://10.180.1.21/identity/v3/users/dc8bda47c835487e9d8f7abbbc6b8b3b 0.135s
2025-11-20 12:31:52.398 66616 INFO tempest.lib.common.dynamic_creds [-] Deleting project and security group for project: d3c0609d6e984c5483912266a059307e
2025-11-20 12:31:52.431 66616 INFO tempest.lib.common.rest_client [req-5963be88-1427-4f9f-9d9b-8e6f012b6c4c req-5963be88-1427-4f9f-9d9b-8e6f012b6c4c ] Request (FloatingIPsAssociationNegativeTestJSON:tearDownClass): 200 GET http://10.180.1.21/networking/v2.0/security-groups?tenant_id=d3c0609d6e984c5483912266a059307e&name=default 0.033s
2025-11-20 12:31:52.457 66620 INFO tempest.lib.common.rest_client [req-4ea5269a-096b-47a4-aa2a-8db9a83b91f3 req-4ea5269a-096b-47a4-aa2a-8db9a83b91f3 ] Request (ImagesOneServerTestJSON:tearDownClass): 200 GET http://10.180.1.21/compute/v2.1/servers/b0ee2d00-7a4f-45f0-8bac-de783a1ce629 0.616s
2025-11-20 12:31:52.495 66640 INFO tempest.lib.common.rest_client [req-29e35db9-ffbd-4b78-8334-3527271868dc req-29e35db9-ffbd-4b78-8334-3527271868dc ] Request (ImagesTestJSON:test_create_image_from_suspended_server): 200 GET http://10.180.1.21/compute/v2.1/servers/b0140768-15c3-4d89-8ae9-5a397e041683 0.706s
2025-11-20 12:31:52.537 66670 INFO tempest.lib.common.rest_client [req-e417e78c-489a-4d30-abf8-fb04c48ef2c9 req-e417e78c-489a-4d30-abf8-fb04c48ef2c9 ] Request (KeyPairsV210TestJSON:test_admin_manage_keypairs_for_other_users): 201 POST http://10.180.1.21/compute/v2.1/os-keypairs 0.668s
2025-11-20 12:31:52.598 66616 INFO tempest.lib.common.rest_client [req-31c502fb-a9d6-4ea8-ae82-c515e11bbd43 req-31c502fb-a9d6-4ea8-ae82-c515e11bbd43 ] Request (FloatingIPsAssociationNegativeTestJSON:tearDownClass): 204 DELETE http://10.180.1.21/networking/v2.0/security-groups/c03b6444-8f52-49e7-856e-7b6094932e62 0.166s
2025-11-20 12:31:52.636 66618 INFO tempest.lib.common.rest_client [req-a6a96b85-c0b6-45c7-8aca-aba3ccb4b341 req-a6a96b85-c0b6-45c7-8aca-aba3ccb4b341 ] Request (ServerMetadataTestJSON:setUpClass): 200 GET http://10.180.1.21/compute/v2.1/servers/c5883ba7-2bcf-4d8f-b735-9b506d7b62ab 0.787s
2025-11-20 12:31:52.704 66630 INFO tempest.lib.common.rest_client [req-fbedb1b9-7bb1-4c00-ab0c-5df2875811a9 req-fbedb1b9-7bb1-4c00-ab0c-5df2875811a9 ] Request (ServersAdminNegativeTestJSON:test_resize_server_using_overlimit_ram): 200 GET http://10.180.1.21/compute/v2.1/os-quota-sets/2f34810dc1d34cfd9ea3f4dbed37484c 0.826s
2025-11-20 12:31:52.728 66616 INFO tempest.lib.common.rest_client [req-6b38f913-5a8b-4157-9e7c-2cf9c59c7166 req-6b38f913-5a8b-4157-9e7c-2cf9c59c7166 ] Request (FloatingIPsAssociationNegativeTestJSON:tearDownClass): 204 DELETE http://10.180.1.21/identity/v3/projects/d3c0609d6e984c5483912266a059307e 0.130s
2025-11-20 12:31:52.743 66655 INFO tempest.lib.common.rest_client [req-26db7e39-a263-4af0-a061-5ec33073b305 req-26db7e39-a263-4af0-a061-5ec33073b305 ] Request (ServerMetadataNegativeTestJSON:tearDownClass): 200 GET http://10.180.1.21/compute/v2.1/servers/c109525b-28f7-4809-af13-1c1a35e2b2fd 0.859s
2025-11-20 12:31:52.751 66669 INFO tempest.lib.common.rest_client [req-9d085eba-b6d8-43af-9a8a-df46159d6b17 req-9d085eba-b6d8-43af-9a8a-df46159d6b17 ] Request (ListImageFiltersTestJSON:setUpClass): 200 GET http://10.180.1.21/compute/v2.1/images/fa1a756d-9036-4b5e-ba47-563c470ddf7b 0.833s
2025-11-20 12:31:52.814 66650 INFO tempest.lib.common.rest_client [req-a90e913c-e556-4acd-91b9-3c565dccc819 req-a90e913c-e556-4acd-91b9-3c565dccc819 ] Request (AttachVolumeTestJSON:test_attach_detach_volume): 200 GET http://10.180.1.21/compute/v2.1/servers/a7acdc1a-0503-4ae2-b339-9a67a0a45555 0.876s
2025-11-20 12:31:52.821 66616 INFO tempest.lib.common.rest_client [req-4036ae77-39b1-4612-a38c-d0094fa88512 req-4036ae77-39b1-4612-a38c-d0094fa88512 ] Request (ExtensionsTest:setUpClass): 201 POST http://10.180.1.21/identity/v3/auth/tokens 0.091s
2025-11-20 12:31:52.830 66642 INFO tempest.lib.common.rest_client [req-030e5bf6-b0b0-40be-a106-add4c6fafa12 req-030e5bf6-b0b0-40be-a106-add4c6fafa12 ] Request (ListServerFiltersTestJSON:test_list_servers_filter_by_shutoff_status): 202 POST http://10.180.1.21/compute/v2.1/servers/9d6514e1-a867-404c-8ba9-5f4569e53355/action 0.864s
2025-11-20 12:31:52.877 66616 INFO tempest.lib.common.rest_client [req-51a1d961-e8f8-4b65-899c-3d37021038a1 req-51a1d961-e8f8-4b65-899c-3d37021038a1 ] Request (ExtensionsTest:setUpClass): 201 POST http://10.180.1.21/identity/v3/auth/tokens 0.049s
2025-11-20 12:31:52.907 66616 INFO tempest.lib.common.rest_client [req-4c10f062-310e-4c44-8add-11cd468c81ec req-4c10f062-310e-4c44-8add-11cd468c81ec ] Request (ExtensionsTest:setUpClass): 200 GET http://10.180.1.21/identity/v3/domains?name=Default 0.029s
2025-11-20 12:31:52.929 66644 INFO tempest.lib.common.rest_client [req-3932cf6b-1013-4577-b288-3cbecb389b32 req-3932cf6b-1013-4577-b288-3cbecb389b32 ] Request (VolumesAssistedSnapshotsTest:tearDownClass): 200 GET http://10.180.1.21/compute/v2.1/servers/52fce579-b85f-4eb4-9009-67e5c1bca4a5 0.881s
2025-11-20 12:31:52.941 66616 INFO tempest.lib.common.rest_client [req-1914efa3-49b1-4349-b5d5-d5b5368214ab req-1914efa3-49b1-4349-b5d5-d5b5368214ab ] Request (ExtensionsTest:setUpClass): 201 POST http://10.180.1.21/identity/v3/projects 0.034s
2025-11-20 12:31:52.955 66664 INFO tempest.lib.common.rest_client [req-3f74ed44-02da-40df-8267-1b20ed41f9f1 req-3f74ed44-02da-40df-8267-1b20ed41f9f1 ] Request (ServersAdminTestJSON:test_list_servers_filter_by_exist_host): 200 GET http://10.180.1.21/compute/v2.1/servers?host=cpu-1&all_tenants=1 0.870s
2025-11-20 12:31:53.013 66616 INFO tempest.lib.common.rest_client [req-01c00380-f61c-4a0f-a6a9-02644b67db97 req-01c00380-f61c-4a0f-a6a9-02644b67db97 ] Request (ExtensionsTest:setUpClass): 201 POST http://10.180.1.21/identity/v3/users 0.071s
2025-11-20 12:31:53.015 66636 INFO tempest.lib.common.rest_client [req-dd58a713-6a1a-4de1-8568-21fe8fbc9697 req-dd58a713-6a1a-4de1-8568-21fe8fbc9697 ] Request (InstanceActionsTestJSON:setUpClass): 200 GET http://10.180.1.21/compute/v2.1/servers/ec07aa5e-ad25-444e-b490-9dd397fc879f 0.871s
2025-11-20 12:31:53.025 66636 INFO tempest.common.waiters [-] State transition "BUILD/scheduling" ==> "BUILD/None" after 2 second wait
2025-11-20 12:31:53.042 66616 INFO tempest.lib.common.rest_client [req-ada4018b-c5f1-4805-ba2f-df07344d8a6f req-ada4018b-c5f1-4805-ba2f-df07344d8a6f ] Request (ExtensionsTest:setUpClass): 200 GET http://10.180.1.21/identity/v3/roles 0.029s
2025-11-20 12:31:53.076 66616 INFO tempest.lib.common.rest_client [req-73627a93-791f-4a3b-8551-c48a56a20970 req-73627a93-791f-4a3b-8551-c48a56a20970 ] Request (ExtensionsTest:setUpClass): 204 PUT http://10.180.1.21/identity/v3/projects/fd4d8cf2cf80436c8a9251a1a7efcbdf/users/56dd6e95fad848ef87f4ec948f53db2a/roles/646d44090fbc48efb744dfd71acbde70 0.034s
2025-11-20 12:31:53.077 66616 INFO tempest.lib.common.dynamic_creds [-] Dynamic test user 56dd6e95fad848ef87f4ec948f53db2a is created with scope project and roles: ['member']
2025-11-20 12:31:53.077 66616 INFO tempest.lib.common.dynamic_creds [-] Acquired dynamic creds: credentials: Credentials: {'domain_id': 'default', 'domain_name': 'Default', 'username': 'tempest-ExtensionsTest-1649736111-project-member', 'project_domain_id': 'default', 'project_domain_name': 'Default', 'project_id': 'fd4d8cf2cf80436c8a9251a1a7efcbdf', 'project_name': 'tempest-ExtensionsTest-1649736111', 'tenant_id': 'fd4d8cf2cf80436c8a9251a1a7efcbdf', 'tenant_name': 'tempest-ExtensionsTest-1649736111', 'user_domain_id': 'default', 'user_domain_name': 'Default', 'user_id': '56dd6e95fad848ef87f4ec948f53db2a', 'system': None}, Network: None, Subnet: None, Router: None
2025-11-20 12:31:53.077 66616 INFO tempest.lib.common.dynamic_creds [-] Created isolated network resources for: credentials: Credentials: {'domain_id': 'default', 'domain_name': 'Default', 'username': 'tempest-ExtensionsTest-1649736111-project-member', 'project_domain_id': 'default', 'project_domain_name': 'Default', 'project_id': 'fd4d8cf2cf80436c8a9251a1a7efcbdf', 'project_name': 'tempest-ExtensionsTest-1649736111', 'tenant_id': 'fd4d8cf2cf80436c8a9251a1a7efcbdf', 'tenant_name': 'tempest-ExtensionsTest-1649736111', 'user_domain_id': 'default', 'user_domain_name': 'Default', 'user_id': '56dd6e95fad848ef87f4ec948f53db2a', 'system': None}, Network: None, Subnet: None, Router: None
2025-11-20 12:31:53.087 66658 INFO tempest.lib.common.rest_client [req-2dd56924-9688-4519-8c9b-e91c2012967c req-2dd56924-9688-4519-8c9b-e91c2012967c ] Request (MigrationsAdminTest:test_list_migrations_in_flavor_resize_situation): 200 GET http://10.180.1.21/compute/v2.1/servers/a0dfd72e-990a-4956-ac68-3590fdfccacf 0.990s
2025-11-20 12:31:53.159 66628 INFO tempest.lib.common.rest_client [req-71986192-cdc6-4cf7-a94d-ba589d1dfb28 req-71986192-cdc6-4cf7-a94d-ba589d1dfb28 ] Request (ImagesOneServerNegativeTestJSON:_run_cleanups): 200 GET http://10.180.1.21/compute/v2.1/servers/a7bfd5bc-b4d0-4a9f-809a-ce618a15cd65 0.891s
2025-11-20 12:31:53.177 66670 INFO tempest.lib.common.rest_client [req-4d1a625b-203e-4d74-aaec-03b945364be5 req-4d1a625b-203e-4d74-aaec-03b945364be5 ] Request (KeyPairsV210TestJSON:test_admin_manage_keypairs_for_other_users): 200 GET http://10.180.1.21/compute/v2.1/os-keypairs?user_id=fd9f2e72ab834909afd7afb75659c119 0.638s
2025-11-20 12:31:53.185 66622 INFO tempest.lib.common.rest_client [req-24bee5b9-747c-42d2-8fb8-06e034cd6a5d req-24bee5b9-747c-42d2-8fb8-06e034cd6a5d ] Request (ServerDiskConfigTestJSON:test_resize_server_from_auto_to_manual): 200 GET http://10.180.1.21/compute/v2.1/servers/a3314847-1a14-417c-9dd1-64f0b5e1ac1e 0.976s
2025-11-20 12:31:53.191 66616 INFO tempest.lib.common.rest_client [req-29ade3a7-bdd2-469f-a5c8-8583b508054a req-29ade3a7-bdd2-469f-a5c8-8583b508054a ] Request (ExtensionsTest:setUpClass): 201 POST http://10.180.1.21/identity/v3/auth/tokens 0.110s
2025-11-20 12:31:53.212 66614 INFO tempest.lib.common.rest_client [req-8f7fce8f-602b-425a-b44f-226a0f860493 req-8f7fce8f-602b-425a-b44f-226a0f860493 ] Request (FloatingIPsAssociationTestJSON:tearDownClass): 404 GET http://10.180.1.21/compute/v2.1/servers/8eeac5c8-6e8e-44d2-a598-0c3a1523e37d 0.539s
2025-11-20 12:31:53.215 66630 INFO tempest.lib.common.rest_client [req-d9e64dc5-432e-479c-b76d-021c172a4339 req-d9e64dc5-432e-479c-b76d-021c172a4339 ] Request (ServersAdminNegativeTestJSON:test_resize_server_using_overlimit_ram): 200 POST http://10.180.1.21/compute/v2.1/flavors 0.509s
2025-11-20 12:31:53.411 66612 INFO tempest.lib.common.rest_client [req-ab6107ae-de3e-4c19-b8ca-350c072847c3 req-ab6107ae-de3e-4c19-b8ca-350c072847c3 ] Request (TenantUsagesTestJSON:tearDownClass): 200 GET http://10.180.1.21/compute/v2.1/servers/c6b337cb-2b9a-4e09-bdd1-4adc57c9a1f3 0.654s
2025-11-20 12:31:53.495 66642 INFO tempest.lib.common.rest_client [req-5a28e662-11fc-46f1-8344-1fc0f444f290 req-5a28e662-11fc-46f1-8344-1fc0f444f290 ] Request (ListServerFiltersTestJSON:test_list_servers_filter_by_shutoff_status): 200 GET http://10.180.1.21/compute/v2.1/servers/9d6514e1-a867-404c-8ba9-5f4569e53355 0.664s
2025-11-20 12:31:53.530 66664 INFO tempest.lib.common.rest_client [req-e1e119d5-4cc9-4634-a43a-0434c0532aea req-e1e119d5-4cc9-4634-a43a-0434c0532aea ] Request (ServersAdminTestJSON:test_list_servers_filter_by_exist_host): 200 GET http://10.180.1.21/compute/v2.1/servers?host=nonexistent_host&all_tenants=1 0.568s
2025-11-20 12:31:53.568 66646 INFO tempest.lib.common.rest_client [req-67a0f1dc-d898-485b-a877-c37523acc827 req-67a0f1dc-d898-485b-a877-c37523acc827 ] Request (ServersTestMultiNic:test_verify_duplicate_network_nics): 200 GET http://10.180.1.21/compute/v2.1/servers/dfe6e327-dc9a-47e7-a11f-c78aded4df7b 0.708s
2025-11-20 12:31:53.590 66670 INFO tempest.lib.common.rest_client [req-c9abd0e2-7c6f-4891-bcdb-d03c3cf3cac9 req-c9abd0e2-7c6f-4891-bcdb-d03c3cf3cac9 ] Request (KeyPairsV210TestJSON:_run_cleanups): 204 DELETE http://10.180.1.21/compute/v2.1/os-keypairs/tempest-KeyPairsV210TestJSON-keypair-1318140137 0.409s
2025-11-20 12:31:53.622 66634 INFO tempest.lib.common.rest_client [req-27ebe510-2d00-46e9-b1a8-17abe0be496b req-27ebe510-2d00-46e9-b1a8-17abe0be496b ] Request (ServersAaction247Test:tearDownClass): 200 GET http://10.180.1.21/compute/v2.1/servers/79392169-9f5f-480d-9294-beac60cefa02 0.516s
2025-11-20 12:31:53.635 66634 INFO tempest.common.waiters [-] State transition "ACTIVE/deleting" ==> "DELETED/None" after 3 second wait
2025-11-20 12:31:53.692 66616 INFO tempest.lib.common.rest_client [req-283bc270-2757-4949-9eea-6d842f4bcb0a req-283bc270-2757-4949-9eea-6d842f4bcb0a ] Request (ExtensionsTest:test_get_extension): 200 GET http://10.180.1.21/compute/v2.1/extensions/os-consoles 0.499s
2025-11-20 12:31:53.806 66622 INFO tempest.lib.common.rest_client [req-5bd7b52f-0b5c-4cf9-8b58-c181cd4e48b2 req-5bd7b52f-0b5c-4cf9-8b58-c181cd4e48b2 ] Request (ServerDiskConfigTestJSON:test_resize_server_from_auto_to_manual): 200 GET http://10.180.1.21/compute/v2.1/servers/a3314847-1a14-417c-9dd1-64f0b5e1ac1e 0.612s
2025-11-20 12:31:53.853 66630 INFO tempest.lib.common.rest_client [req-dbc7a824-0034-450f-bcaf-d7971bd2263f req-dbc7a824-0034-450f-bcaf-d7971bd2263f ] Request (ServersAdminNegativeTestJSON:test_resize_server_using_overlimit_ram): 403 POST http://10.180.1.21/compute/v2.1/servers/eb010ea3-4316-4a1e-9131-f28c1e0df5b1/action 0.633s
2025-11-20 12:31:53.880 66656 INFO tempest.lib.common.rest_client [req-51bb2aa4-1266-445a-9cca-b567e2ea530d req-51bb2aa4-1266-445a-9cca-b567e2ea530d ] Request (AttachInterfacesUnderV243Test:test_add_remove_fixed_ip): 200 GET http://10.180.1.21/compute/v2.1/servers/c93a4cf4-ce0d-4aa1-8cb7-c667c256e05b/ips 0.612s
2025-11-20 12:31:53.904 66648 INFO tempest.lib.common.rest_client [req-5eb822c8-b976-4b3b-9423-faab983eed9a req-5eb822c8-b976-4b3b-9423-faab983eed9a ] Request (ServersTestFqdnHostnames:test_create_server_with_fqdn_name): 200 GET http://10.180.1.21/compute/v2.1/servers/b002c505-f9b9-4ff7-a8e4-f64909d2d674 0.664s
2025-11-20 12:31:53.942 66660 INFO tempest.lib.common.rest_client [req-56bfc962-6620-4552-bb0a-cf34ed28fd68 req-56bfc962-6620-4552-bb0a-cf34ed28fd68 ] Request (AttachVolumeNegativeTest:test_attach_attached_volume_to_different_server): 200 GET http://10.180.1.21/compute/v2.1/servers/e842b617-5918-41c5-83de-1c2dc95e9e80 0.623s
2025-11-20 12:31:53.971 66624 INFO tempest.lib.common.rest_client [req-d066e128-cb7d-4dbf-82c4-91346655c194 req-d066e128-cb7d-4dbf-82c4-91346655c194 ] Request (InstanceActionsV221TestJSON:test_get_list_deleted_instance_actions): 200 GET http://10.180.1.21/compute/v2.1/servers/60d7c81a-8ac6-4fc2-a67d-de0a23afeb6a 0.602s
2025-11-20 12:31:54.014 66620 INFO tempest.lib.common.rest_client [req-c4cf17d0-8a3e-4336-80d4-e7268d9ae64e req-c4cf17d0-8a3e-4336-80d4-e7268d9ae64e ] Request (ImagesOneServerTestJSON:tearDownClass): 200 GET http://10.180.1.21/compute/v2.1/servers/b0ee2d00-7a4f-45f0-8bac-de783a1ce629 0.548s
2025-11-20 12:31:54.092 66664 INFO tempest.lib.common.rest_client [req-ab9cc6a7-9e67-462d-9a35-2bd94fb7e55b req-ab9cc6a7-9e67-462d-9a35-2bd94fb7e55b ] Request (ServersAdminTestJSON:test_rebuild_server_in_error_state): 202 POST http://10.180.1.21/compute/v2.1/servers/9f235391-bb9f-4cb8-bc9a-8036aaf399d9/action 0.559s
2025-11-20 12:31:54.107 66670 INFO tempest.lib.common.rest_client [req-949a24e6-abd2-4501-bdbe-b74d6e668b47 req-949a24e6-abd2-4501-bdbe-b74d6e668b47 ] Request (KeyPairsV210TestJSON:_run_cleanups): 204 DELETE http://10.180.1.21/compute/v2.1/os-keypairs/tempest-keypair-1119692275?user_id=fd9f2e72ab834909afd7afb75659c119 0.516s
2025-11-20 12:31:54.117 66640 INFO tempest.lib.common.rest_client [req-54a5dd00-59fc-41d6-bcda-d090d26cc4b1 req-54a5dd00-59fc-41d6-bcda-d090d26cc4b1 ] Request (ImagesTestJSON:test_create_image_from_suspended_server): 200 GET http://10.180.1.21/compute/v2.1/servers/b0140768-15c3-4d89-8ae9-5a397e041683 0.611s
2025-11-20 12:31:54.137 66616 INFO tempest.lib.common.rest_client [req-d97ef924-4ad4-47c9-863b-121eee57ec29 req-d97ef924-4ad4-47c9-863b-121eee57ec29 ] Request (ExtensionsTest:test_list_extensions): 200 GET http://10.180.1.21/compute/v2.1/extensions 0.443s
2025-11-20 12:31:54.169 66618 INFO tempest.lib.common.rest_client [req-7605d88d-dcb5-49c7-b8d9-aef9a0e40ec1 req-7605d88d-dcb5-49c7-b8d9-aef9a0e40ec1 ] Request (ServerMetadataTestJSON:setUpClass): 200 GET http://10.180.1.21/compute/v2.1/servers/c5883ba7-2bcf-4d8f-b735-9b506d7b62ab 0.524s
2025-11-20 12:31:54.178 66618 INFO tempest.common.waiters [-] State transition "BUILD/scheduling" ==> "BUILD/None" after 2 second wait
2025-11-20 12:31:54.218 66669 INFO tempest.lib.common.rest_client [req-f5269edb-a980-4a76-bd32-3cc356c2f8d3 req-f5269edb-a980-4a76-bd32-3cc356c2f8d3 ] Request (ListImageFiltersTestJSON:setUpClass): 200 GET http://10.180.1.21/compute/v2.1/images/fa1a756d-9036-4b5e-ba47-563c470ddf7b 0.460s
2025-11-20 12:31:54.234 66655 INFO tempest.lib.common.rest_client [req-7ed191fb-18d3-4f6c-8354-8fd5d47f0b14 req-7ed191fb-18d3-4f6c-8354-8fd5d47f0b14 ] Request (ServerMetadataNegativeTestJSON:tearDownClass): 200 GET http://10.180.1.21/compute/v2.1/servers/c109525b-28f7-4809-af13-1c1a35e2b2fd 0.481s
2025-11-20 12:31:54.300 66650 INFO tempest.lib.common.rest_client [req-3e6dd192-6b83-4d55-9249-03645f1c6894 req-3e6dd192-6b83-4d55-9249-03645f1c6894 ] Request (AttachVolumeTestJSON:test_attach_detach_volume): 200 GET http://10.180.1.21/compute/v2.1/servers/a7acdc1a-0503-4ae2-b339-9a67a0a45555 0.476s
2025-11-20 12:31:54.304 66616 INFO tempest.lib.common.rest_client [req-e6018d05-f538-4708-9a7c-4995c9b35c3b req-e6018d05-f538-4708-9a7c-4995c9b35c3b ] Request (ExtensionsTest:tearDownClass): 204 DELETE http://10.180.1.21/identity/v3/users/56dd6e95fad848ef87f4ec948f53db2a 0.143s
2025-11-20 12:31:54.304 66616 INFO tempest.lib.common.dynamic_creds [-] Deleting project and security group for project: fd4d8cf2cf80436c8a9251a1a7efcbdf
