2025-11-20 12:32:19.309 66644 INFO tempest.lib.common.rest_client [req-1bbba0fd-b91e-4cd1-9744-49502d8d5087 req-1bbba0fd-b91e-4cd1-9744-49502d8d5087 ] Request (ServersWithSpecificFlavorTestJSON:setUpClass): 200 GET http://10.180.1.21/identity/v3/roles 0.071s
2025-11-20 12:32:19.332 66644 INFO tempest.lib.common.rest_client [req-7161c079-b748-4d8a-9a92-1c859bceb6bb req-7161c079-b748-4d8a-9a92-1c859bceb6bb ] Request (ServersWithSpecificFlavorTestJSON:setUpClass): 204 PUT http://10.180.1.21/identity/v3/projects/3eb22a022913476e9d67e6915ed56319/users/6203bf0053034224bbbf0ea52afd8eb3/roles/81f84213e82844b9aab10206df5f999b 0.022s
2025-11-20 12:32:19.332 66644 INFO tempest.lib.common.dynamic_creds [-] Dynamic test user 6203bf0053034224bbbf0ea52afd8eb3 is created with scope project and roles: ['admin']
2025-11-20 12:32:19.332 66644 INFO tempest.lib.common.dynamic_creds [-] Acquired dynamic creds: credentials: Credentials: {'domain_id': 'default', 'domain_name': 'Default', 'username': 'tempest-ServersWithSpecificFlavorTestJSON-416713668-project-admin', 'project_domain_id': 'default', 'project_domain_name': 'Default', 'project_id': '3eb22a022913476e9d67e6915ed56319', 'project_name': 'tempest-ServersWithSpecificFlavorTestJSON-416713668', 'tenant_id': '3eb22a022913476e9d67e6915ed56319', 'tenant_name': 'tempest-ServersWithSpecificFlavorTestJSON-416713668', 'user_domain_id': 'default', 'user_domain_name': 'Default', 'user_id': '6203bf0053034224bbbf0ea52afd8eb3', 'system': None}, Network: None, Subnet: None, Router: None
2025-11-20 12:32:19.597 66644 INFO tempest.lib.common.rest_client [req-4dcb1cad-bb1d-4397-8d49-ab930130566b req-4dcb1cad-bb1d-4397-8d49-ab930130566b ] Request (ServersWithSpecificFlavorTestJSON:setUpClass): 201 POST http://10.180.1.21/networking/v2.0/networks 0.264s
2025-11-20 12:32:19.769 66644 INFO tempest.lib.common.rest_client [req-d2837dc5-c1a9-46c6-b1a2-4619b93969e3 req-d2837dc5-c1a9-46c6-b1a2-4619b93969e3 ] Request (ServersWithSpecificFlavorTestJSON:setUpClass): 201 POST http://10.180.1.21/networking/v2.0/subnets 0.171s
2025-11-20 12:32:20.562 66644 INFO tempest.lib.common.rest_client [req-e57e2faa-0478-42cc-a499-fbf02cdc229a req-e57e2faa-0478-42cc-a499-fbf02cdc229a ] Request (ServersWithSpecificFlavorTestJSON:setUpClass): 201 POST http://10.180.1.21/networking/v2.0/routers 0.792s
2025-11-20 12:32:21.473 66644 INFO tempest.lib.common.rest_client [req-e4a3b7f2-b126-4f86-aa09-80a40e651a16 req-e4a3b7f2-b126-4f86-aa09-80a40e651a16 ] Request (ServersWithSpecificFlavorTestJSON:setUpClass): 200 PUT http://10.180.1.21/networking/v2.0/routers/119cea61-cc97-40b9-b235-e51cce99d1d7/add_router_interface 0.910s
2025-11-20 12:32:21.473 66644 INFO tempest.lib.common.dynamic_creds [-] Created isolated network resources for: credentials: Credentials: {'domain_id': 'default', 'domain_name': 'Default', 'username': 'tempest-ServersWithSpecificFlavorTestJSON-416713668-project-admin', 'project_domain_id': 'default', 'project_domain_name': 'Default', 'project_id': '3eb22a022913476e9d67e6915ed56319', 'project_name': 'tempest-ServersWithSpecificFlavorTestJSON-416713668', 'tenant_id': '3eb22a022913476e9d67e6915ed56319', 'tenant_name': 'tempest-ServersWithSpecificFlavorTestJSON-416713668', 'user_domain_id': 'default', 'user_domain_name': 'Default', 'user_id': '6203bf0053034224bbbf0ea52afd8eb3', 'system': None}, Network: {'id': '77b46031-ee85-4d23-a411-c763d121ee6f', 'name': 'tempest-ServersWithSpecificFlavorTestJSON-2004692617-network', 'tenant_id': '3eb22a022913476e9d67e6915ed56319', 'project_id': '3eb22a022913476e9d67e6915ed56319', 'admin_state_up': True, 'mtu': 8950, 'status': 'ACTIVE', 'subnets': [], 'shared': False, 'port_security_enabled': True, 'router:external': False, 'provider:network_type': 'vlan', 'provider:physical_network': 'default', 'provider:segmentation_id': 369, 'availability_zone_hints': [], 'availability_zones': [], 'ipv4_address_scope': None, 'ipv6_address_scope': None, 'description': '', 'tags': [], 'created_at': '2025-11-20T12:32:19Z', 'updated_at': '2025-11-20T12:32:19Z', 'revision_number': 1}, Subnet: {'id': '3606b195-cae3-4e51-95f4-dbf28bb49a5c', 'name': 'tempest-ServersWithSpecificFlavorTestJSON-2004692617-subnet', 'tenant_id': '3eb22a022913476e9d67e6915ed56319', 'network_id': '77b46031-ee85-4d23-a411-c763d121ee6f', 'ip_version': 4, 'subnetpool_id': None, 'enable_dhcp': True, 'ipv6_ra_mode': None, 'ipv6_address_mode': None, 'gateway_ip': '192.168.128.1', 'cidr': '192.168.128.0/28', 'allocation_pools': [{'start': '192.168.128.2', 'end': '192.168.128.14'}], 'host_routes': [], 'dns_nameservers': [], 'description': '', 'router:external': False, 'service_types': [], 'tags': [], 'created_at': '2025-11-20T12:32:19Z', 'updated_at': '2025-11-20T12:32:19Z', 'revision_number': 0, 'project_id': '3eb22a022913476e9d67e6915ed56319'}, Router: {'id': '119cea61-cc97-40b9-b235-e51cce99d1d7', 'name': 'tempest-ServersWithSpecificFlavorTestJSON-2004692617-router', 'tenant_id': '3eb22a022913476e9d67e6915ed56319', 'admin_state_up': True, 'status': 'ACTIVE', 'external_gateway_info': {'network_id': 'c0092108-51c4-4065-86c2-4815315ad52a', 'external_fixed_ips': [{'subnet_id': 'ad3356f7-c944-4385-ac0e-571d9ae72ba5', 'ip_address': '10.180.180.230'}], 'enable_snat': True}, 'description': '', 'availability_zones': [], 'distributed': False, 'ha': False, 'availability_zone_hints': [], 'routes': [], 'flavor_id': None, 'tags': [], 'created_at': '2025-11-20T12:32:19Z', 'updated_at': '2025-11-20T12:32:20Z', 'revision_number': 2, 'project_id': '3eb22a022913476e9d67e6915ed56319'}
2025-11-20 12:32:21.584 66644 INFO tempest.lib.common.rest_client [req-52e5ec98-0239-4e06-94df-9e9e0bb718d2 req-52e5ec98-0239-4e06-94df-9e9e0bb718d2 ] Request (ServersWithSpecificFlavorTestJSON:setUpClass): 201 POST http://10.180.1.21/identity/v3/auth/tokens 0.107s
2025-11-20 12:32:22.884 66669 INFO tempest.lib.common.rest_client [req-de04241b-d50c-49dc-ba2e-e49320d9c29c req-de04241b-d50c-49dc-ba2e-e49320d9c29c ] Request (ListImageFiltersTestJSON:setUpClass): 200 GET http://10.180.1.21/compute/v2.1/images/62c3e801-7133-48ab-8ebb-6aa08e28021b 10.829s
2025-11-20 12:32:22.980 66664 INFO tempest.lib.common.rest_client [req-a41bc4cb-b2ce-4227-b3a1-8ae427c4cc88 req-a41bc4cb-b2ce-4227-b3a1-8ae427c4cc88 ] Request (ServersAdminTestJSON:_run_cleanups): 202 POST http://10.180.1.21/compute/v2.1/servers/9f235391-bb9f-4cb8-bc9a-8036aaf399d9/action 11.484s
2025-11-20 12:32:23.044 66622 INFO tempest.lib.common.rest_client [req-48afd6f5-e4df-4f83-a026-6d3715cc63ff req-48afd6f5-e4df-4f83-a026-6d3715cc63ff ] Request (ServerDiskConfigTestJSON:test_resize_server_from_auto_to_manual): 200 GET http://10.180.1.21/compute/v2.1/servers/a3314847-1a14-417c-9dd1-64f0b5e1ac1e 10.896s
2025-11-20 12:32:23.162 66646 INFO tempest.lib.common.rest_client [req-5da79072-275c-4307-9e4b-1e64271d0dab req-5da79072-275c-4307-9e4b-1e64271d0dab ] Request (ServersTestMultiNic:test_verify_duplicate_network_nics): 200 GET http://10.180.1.21/compute/v2.1/servers/dfe6e327-dc9a-47e7-a11f-c78aded4df7b 10.880s
2025-11-20 12:32:23.172 66646 INFO tempest.common.waiters [-] State transition "BUILD/spawning" ==> "ACTIVE/None" after 53 second wait
2025-11-20 12:32:23.199 66648 INFO tempest.lib.common.rest_client [req-c8b5219e-d624-43af-8d7f-ee5994b396ad req-c8b5219e-d624-43af-8d7f-ee5994b396ad ] Request (ServersTestFqdnHostnames:test_create_server_with_fqdn_name): 200 GET http://10.180.1.21/compute/v2.1/servers/b002c505-f9b9-4ff7-a8e4-f64909d2d674 10.425s
2025-11-20 12:32:23.206 66648 INFO tempest.common.waiters [-] State transition "BUILD/spawning" ==> "ACTIVE/None" after 45 second wait
2025-11-20 12:32:23.238 66640 INFO tempest.lib.common.rest_client [req-b17ef604-2eca-4148-b224-a0711174311d req-b17ef604-2eca-4148-b224-a0711174311d ] Request (ImagesTestJSON:test_create_image_from_suspended_server): 200 GET http://10.180.1.21/compute/v2.1/images/423d6110-1161-4855-a251-d02b50145a69 10.276s
2025-11-20 12:32:23.300 66614 INFO tempest.lib.common.rest_client [req-11d8b21d-91e2-4df5-aa6b-942c56bd3911 req-11d8b21d-91e2-4df5-aa6b-942c56bd3911 ] Request (ServersTestJSON:setUpClass): 200 GET http://10.180.1.21/compute/v2.1/servers/049f32ca-d6a6-4972-8a65-7a3c0292749e 10.327s
2025-11-20 12:32:23.362 66618 INFO tempest.lib.common.rest_client [req-c2857537-dfbd-4f67-a11c-c15f9c1ffe60 req-c2857537-dfbd-4f67-a11c-c15f9c1ffe60 ] Request (ServerMetadataTestJSON:setUpClass): 200 GET http://10.180.1.21/compute/v2.1/servers/c5883ba7-2bcf-4d8f-b735-9b506d7b62ab 10.099s
2025-11-20 12:32:23.415 66660 INFO tempest.lib.common.rest_client [req-acde8914-dd2b-45f4-97e1-29a529b6bec7 req-acde8914-dd2b-45f4-97e1-29a529b6bec7 ] Request (AttachVolumeNegativeTest:test_attach_attached_volume_to_different_server): 200 GET http://10.180.1.21/compute/v2.1/servers/e842b617-5918-41c5-83de-1c2dc95e9e80 10.531s
2025-11-20 12:32:23.422 66660 INFO tempest.common.waiters [-] State transition "BUILD/None" ==> "BUILD/spawning" after 36 second wait
2025-11-20 12:32:23.472 66656 INFO tempest.lib.common.rest_client [req-5e46eb88-8a44-48e4-b859-5a6cc69dd939 req-5e46eb88-8a44-48e4-b859-5a6cc69dd939 ] Request (AttachInterfacesUnderV243Test:_run_cleanups): 200 GET http://10.180.1.21/compute/v2.1/servers/c93a4cf4-ce0d-4aa1-8cb7-c667c256e05b 10.024s
2025-11-20 12:32:23.480 66656 INFO tempest.common.waiters [-] State transition "ACTIVE/deleting" ==> "DELETED/None" after 11 second wait
2025-11-20 12:32:23.490 66642 INFO tempest.lib.common.rest_client [req-4f741383-d9cd-47f2-ae36-de36ae451d83 req-4f741383-d9cd-47f2-ae36-de36ae451d83 ] Request (ListServerFiltersTestJSON:test_list_servers_filtered_by_ip): 200 GET http://10.180.1.21/compute/v2.1/servers/9d6514e1-a867-404c-8ba9-5f4569e53355 10.048s
2025-11-20 12:32:23.553 66636 INFO tempest.lib.common.rest_client [req-ad46cd73-86ed-44d5-a74d-13ed78a8965d req-ad46cd73-86ed-44d5-a74d-13ed78a8965d ] Request (InstanceActionsTestJSON:setUpClass): 200 GET http://10.180.1.21/compute/v2.1/servers/ec07aa5e-ad25-444e-b490-9dd397fc879f 9.119s
2025-11-20 12:32:23.647 66624 INFO tempest.lib.common.rest_client [req-bde01f63-bc9a-4d95-930c-8308b4383db7 req-bde01f63-bc9a-4d95-930c-8308b4383db7 ] Request (InstanceActionsV221TestJSON:test_get_list_deleted_instance_actions): 200 GET http://10.180.1.21/compute/v2.1/servers/60d7c81a-8ac6-4fc2-a67d-de0a23afeb6a 9.094s
2025-11-20 12:32:23.654 66650 INFO tempest.lib.common.rest_client [req-898e4f68-eeb7-48fc-8533-8f080b36491b req-898e4f68-eeb7-48fc-8533-8f080b36491b ] Request (AttachVolumeTestJSON:test_attach_detach_volume): 200 GET http://10.180.1.21/compute/v2.1/servers/a7acdc1a-0503-4ae2-b339-9a67a0a45555/os-interface 9.032s
2025-11-20 12:32:23.659 66624 INFO tempest.common.waiters [-] State transition "BUILD/spawning" ==> "ACTIVE/None" after 41 second wait
2025-11-20 12:32:23.678 66670 INFO tempest.lib.common.rest_client [req-9e84462d-7c10-4856-8938-10388f41e801 req-9e84462d-7c10-4856-8938-10388f41e801 ] Request (VolumesSnapshotsTestJSON:_run_cleanups): 404 GET http://10.180.1.21/compute/v2.1/os-snapshots/88d22b1d-5506-44fa-b2ec-04aec3bf3a35 8.153s
2025-11-20 12:32:23.772 66630 INFO tempest.lib.common.rest_client [req-1aa755e5-eb84-4140-8e2a-78bcc1eee0ba req-1aa755e5-eb84-4140-8e2a-78bcc1eee0ba ] Request (ServersAdminNegativeTestJSON:tearDownClass): 200 GET http://10.180.1.21/compute/v2.1/servers/a4c78faf-5cb1-4ffc-aa4e-bf7528eabbc4 7.976s
2025-11-20 12:32:23.779 66630 INFO tempest.common.waiters [-] State transition "SUSPENDED/deleting" ==> "DELETED/None" after 9 second wait
2025-11-20 12:32:23.799 66658 INFO tempest.lib.common.rest_client [req-3f444db2-43ab-420b-98a9-0efc1c43f383 req-3f444db2-43ab-420b-98a9-0efc1c43f383 ] Request (MigrationsAdminTest:test_list_migrations_in_flavor_resize_situation): 200 GET http://10.180.1.21/compute/v2.1/servers/a0dfd72e-990a-4956-ac68-3590fdfccacf 8.314s
2025-11-20 12:32:23.801 66628 INFO tempest.lib.common.rest_client [req-e50c101b-76f0-407e-85ec-fe786dd5f0a5 req-e50c101b-76f0-407e-85ec-fe786dd5f0a5 ] Request (ImagesOneServerNegativeTestJSON:_run_cleanups): 404 GET http://10.180.1.21/compute/v2.1/servers/a7bfd5bc-b4d0-4a9f-809a-ce618a15cd65 7.757s
2025-11-20 12:32:23.817 66612 INFO tempest.lib.common.rest_client [req-7fb218f2-9372-452a-bd1b-12cbd8f3a1d0 req-7fb218f2-9372-452a-bd1b-12cbd8f3a1d0 ] Request (TenantUsagesTestJSON:tearDownClass): 404 GET http://10.180.1.21/compute/v2.1/servers/c6b337cb-2b9a-4e09-bdd1-4adc57c9a1f3 7.664s
2025-11-20 12:32:23.855 66620 INFO tempest.lib.common.rest_client [req-3e956644-150e-42f7-af8d-c2b3d7230915 req-3e956644-150e-42f7-af8d-c2b3d7230915 ] Request (DeleteServersTestJSON:test_delete_active_server): 200 GET http://10.180.1.21/compute/v2.1/servers/e5a9dd97-03a5-4049-92f5-d1f35912c9df 7.628s
2025-11-20 12:32:23.888 66652 INFO tempest.lib.common.rest_client [req-303e4099-ea38-44ed-8ac5-3d506e0033bb req-303e4099-ea38-44ed-8ac5-3d506e0033bb ] Request (ServerDiagnosticsV248Test:tearDownClass): 200 GET http://10.180.1.21/compute/v2.1/servers/8d83b91f-b21f-4355-b789-eaf8d4e45eb6 7.562s
2025-11-20 12:32:23.932 66634 INFO tempest.lib.common.rest_client [req-1c1af54d-bd36-4bf4-9608-9ef83046af4c req-1c1af54d-bd36-4bf4-9608-9ef83046af4c ] Request (ServersAaction247Test:tearDownClass): 200 GET http://10.180.1.21/compute/v2.1/servers/79392169-9f5f-480d-9294-beac60cefa02 7.298s
2025-11-20 12:32:23.950 66673 WARNING tempest.lib.common.ssh [-] Failed to establish authenticated ssh connection to cirros@10.180.180.161 ([Errno None] Unable to connect to port 22 on 10.180.180.161). Number attempts: 9. Retry after 10 seconds.: paramiko.ssh_exception.NoValidConnectionsError: [Errno None] Unable to connect to port 22 on 10.180.180.161
2025-11-20 12:32:23.979 66612 INFO tempest.lib.common.rest_client [req-9e8dffdb-ca84-4e8c-8386-059e2af1871e req-9e8dffdb-ca84-4e8c-8386-059e2af1871e ] Request (TenantUsagesTestJSON:tearDownClass): 204 DELETE http://10.180.1.21/identity/v3/users/ea3b0475c6034803a9de51f0147f2844 0.161s
2025-11-20 12:32:24.078 66644 INFO tempest.lib.common.rest_client [req-6b2c5e47-3d98-4569-93b0-7d313ef7a157 req-6b2c5e47-3d98-4569-93b0-7d313ef7a157 ] Request (ServersWithSpecificFlavorTestJSON:test_verify_created_server_ephemeral_disk): 200 GET http://10.180.1.21/compute/v2.1/flavors/42 2.493s
2025-11-20 12:32:24.123 66612 INFO tempest.lib.common.rest_client [req-686fbd2b-d18f-4290-90be-6123ab33ae6e req-686fbd2b-d18f-4290-90be-6123ab33ae6e ] Request (TenantUsagesTestJSON:tearDownClass): 204 DELETE http://10.180.1.21/identity/v3/users/23d758a6f7f645f2b9f9fa8315986abc 0.143s
2025-11-20 12:32:24.123 66612 INFO tempest.lib.common.dynamic_creds [-] Deleting project and security group for project: a471037b71004a9a951c790b65bc327d
2025-11-20 12:32:24.133 66646 INFO tempest.lib.common.rest_client [req-7f17a997-b314-4292-ab8f-88e0d6518b95 req-7f17a997-b314-4292-ab8f-88e0d6518b95 ] Request (ServersTestMultiNic:test_verify_duplicate_network_nics): 200 GET http://10.180.1.21/compute/v2.1/servers/dfe6e327-dc9a-47e7-a11f-c78aded4df7b/ips 0.960s
2025-11-20 12:32:24.152 66664 INFO tempest.lib.common.rest_client [req-8d89a8b0-3a81-4029-aff4-cfa9fc487825 req-8d89a8b0-3a81-4029-aff4-cfa9fc487825 ] Request (ServersAdminTestJSON:_run_cleanups): 200 GET http://10.180.1.21/compute/v2.1/servers/9f235391-bb9f-4cb8-bc9a-8036aaf399d9 1.167s
2025-11-20 12:32:24.191 66640 INFO tempest.lib.common.rest_client [req-30b7063f-52c0-4c79-b8b4-f5782d561507 req-30b7063f-52c0-4c79-b8b4-f5782d561507 ] Request (ImagesTestJSON:test_create_image_from_suspended_server): 200 GET http://10.180.1.21/compute/v2.1/images/423d6110-1161-4855-a251-d02b50145a69 0.950s
2025-11-20 12:32:24.227 66640 INFO tempest.lib.common.rest_client [req-06565258-56d9-4f21-83bf-8001f9307d64 req-06565258-56d9-4f21-83bf-8001f9307d64 ] Request (ImagesTestJSON:test_create_image_from_suspended_server): 200 GET http://10.180.1.21/image/v2/images/423d6110-1161-4855-a251-d02b50145a69/tasks 0.030s
2025-11-20 12:32:24.247 66612 INFO tempest.lib.common.rest_client [req-3d332170-9285-48c2-8c83-d437138c7c1f req-3d332170-9285-48c2-8c83-d437138c7c1f ] Request (TenantUsagesTestJSON:tearDownClass): 201 POST http://10.180.1.21/identity/v3/auth/tokens 0.124s
2025-11-20 12:32:24.259 66648 INFO tempest.lib.common.rest_client [req-450b894b-637a-461c-9f42-ea4a2cec1626 req-450b894b-637a-461c-9f42-ea4a2cec1626 ] Request (ServersTestFqdnHostnames:test_create_server_with_fqdn_name): 200 GET http://10.180.1.21/compute/v2.1/servers/b002c505-f9b9-4ff7-a8e4-f64909d2d674/os-interface 1.053s
2025-11-20 12:32:24.261 66650 INFO tempest.lib.common.rest_client [req-f5c06290-5697-42ec-b4db-e892a598a74d req-f5c06290-5697-42ec-b4db-e892a598a74d ] Request (AttachVolumeTestJSON:test_attach_detach_volume): 200 PUT http://10.180.1.21/networking/v2.0/floatingips/e987e5c9-f930-458f-9f96-7de4c874e7aa 0.605s
2025-11-20 12:32:24.264 66650 INFO tempest.lib.common.ssh [-] Creating ssh connection to '10.180.180.137:22' as 'cirros' with public key authentication
2025-11-20 12:32:24.338 66626 WARNING tempest.lib.common.ssh [-] Failed to establish authenticated ssh connection to cirros@10.180.180.182 ([Errno None] Unable to connect to port 22 on 10.180.180.182). Number attempts: 1. Retry after 2 seconds.: paramiko.ssh_exception.NoValidConnectionsError: [Errno None] Unable to connect to port 22 on 10.180.180.182
2025-11-20 12:32:24.478 66624 INFO tempest.lib.common.rest_client [req-c938eec8-cb3a-4694-b1d3-2c82caf45f91 req-c938eec8-cb3a-4694-b1d3-2c82caf45f91 ] Request (InstanceActionsV221TestJSON:test_get_list_deleted_instance_actions): 204 DELETE http://10.180.1.21/compute/v2.1/servers/60d7c81a-8ac6-4fc2-a67d-de0a23afeb6a 0.818s
2025-11-20 12:32:24.551 66670 INFO tempest.lib.common.rest_client [req-1ea2fcfc-39c3-4faa-9342-29fbe6da1b67 req-1ea2fcfc-39c3-4faa-9342-29fbe6da1b67 ] Request (VolumesSnapshotsTestJSON:_run_cleanups): 202 DELETE http://10.180.1.21/compute/v2.1/os-volumes/7d78c9f0-3960-42db-b077-74b1d45cd9cd 0.872s
2025-11-20 12:32:24.610 66612 INFO tempest.lib.common.rest_client [req-6b796a24-6a20-45cc-98c6-eacc53972741 req-6b796a24-6a20-45cc-98c6-eacc53972741 ] Request (TenantUsagesTestJSON:tearDownClass): 200 GET http://10.180.1.21/networking/v2.0/security-groups?tenant_id=a471037b71004a9a951c790b65bc327d&name=default 0.362s
2025-11-20 12:32:24.615 66628 INFO tempest.lib.common.rest_client [req-0c05b818-430e-4ec1-97e1-1e0af1047013 req-0c05b818-430e-4ec1-97e1-1e0af1047013 ] Request (ImagesOneServerNegativeTestJSON:_run_cleanups): 200 POST http://10.180.1.21/compute/v2.1/os-keypairs 0.813s
2025-11-20 12:32:24.661 66658 INFO tempest.lib.common.rest_client [req-a1138e56-6f96-4671-a703-0caa6067f4e0 req-a1138e56-6f96-4671-a703-0caa6067f4e0 ] Request (MigrationsAdminTest:test_list_migrations_in_flavor_resize_situation): 200 POST http://10.180.1.21/compute/v2.1/os-keypairs 0.853s
2025-11-20 12:32:24.678 66642 INFO tempest.lib.common.rest_client [req-82647f35-8ed3-4c0d-adbb-c495a73bb47a req-82647f35-8ed3-4c0d-adbb-c495a73bb47a ] Request (ListServerFiltersTestJSON:test_list_servers_filtered_by_ip): 200 GET http://10.180.1.21/compute/v2.1/servers/11ce834b-806d-4aba-b442-4897eeda4ff5 1.180s
2025-11-20 12:32:24.716 66669 INFO tempest.lib.common.rest_client [req-388f8565-081f-440c-b99c-6e874e1a22b8 req-388f8565-081f-440c-b99c-6e874e1a22b8 ] Request (ListImageFiltersTestJSON:setUpClass): 200 GET http://10.180.1.21/compute/v2.1/images/62c3e801-7133-48ab-8ebb-6aa08e28021b 0.828s
2025-11-20 12:32:24.808 66612 INFO tempest.lib.common.rest_client [req-efea5942-aa0c-4928-8b46-fd64ed06127f req-efea5942-aa0c-4928-8b46-fd64ed06127f ] Request (TenantUsagesTestJSON:tearDownClass): 204 DELETE http://10.180.1.21/networking/v2.0/security-groups/f9548489-ca2a-4365-9067-a31f70b82bef 0.196s
2025-11-20 12:32:24.885 66644 INFO tempest.lib.common.rest_client [req-99bd9f31-a990-40fc-8764-7d25439fd700 req-99bd9f31-a990-40fc-8764-7d25439fd700 ] Request (ServersWithSpecificFlavorTestJSON:test_verify_created_server_ephemeral_disk): 200 POST http://10.180.1.21/compute/v2.1/flavors 0.802s
2025-11-20 12:32:24.888 66612 INFO tempest.lib.common.rest_client [req-e8fe352b-4fce-4c99-9e65-61ae8011a2a8 req-e8fe352b-4fce-4c99-9e65-61ae8011a2a8 ] Request (TenantUsagesTestJSON:tearDownClass): 204 DELETE http://10.180.1.21/identity/v3/projects/a471037b71004a9a951c790b65bc327d 0.079s
2025-11-20 12:32:24.888 66612 INFO tempest.lib.common.dynamic_creds [-] Deleting project and security group for project: a8afa32992fd43ae9d1eb76af2a6a1c9
2025-11-20 12:32:24.945 66628 INFO tempest.lib.common.rest_client [req-a41f7b41-19a0-4256-9f56-0ee687e50a37 req-a41f7b41-19a0-4256-9f56-0ee687e50a37 ] Request (ImagesOneServerNegativeTestJSON:_run_cleanups): 201 POST http://10.180.1.21/networking/v2.0/security-groups 0.325s
2025-11-20 12:32:24.991 66646 INFO tempest.lib.common.rest_client [req-c5eeab39-85ff-4fbc-9e8c-27929e81463f req-c5eeab39-85ff-4fbc-9e8c-27929e81463f ] Request (ServersTestMultiNic:_run_cleanups): 204 DELETE http://10.180.1.21/compute/v2.1/servers/dfe6e327-dc9a-47e7-a11f-c78aded4df7b 0.855s
2025-11-20 12:32:25.062 66648 INFO tempest.lib.common.rest_client [req-d44da6e7-cb56-48d4-be07-e31e71475732 req-d44da6e7-cb56-48d4-be07-e31e71475732 ] Request (ServersTestFqdnHostnames:test_create_server_with_fqdn_name): 200 PUT http://10.180.1.21/networking/v2.0/floatingips/f0ea9118-4e94-45c2-8747-26c058fc7a88 0.801s
2025-11-20 12:32:25.065 66648 INFO tempest.lib.common.ssh [-] Creating ssh connection to '10.180.180.243:22' as 'cirros' with public key authentication
2025-11-20 12:32:25.111 66658 INFO tempest.lib.common.rest_client [req-a15be46d-b3f1-47ac-aa8d-1d7828811060 req-a15be46d-b3f1-47ac-aa8d-1d7828811060 ] Request (MigrationsAdminTest:test_list_migrations_in_flavor_resize_situation): 201 POST http://10.180.1.21/networking/v2.0/security-groups 0.448s
2025-11-20 12:32:25.134 66640 INFO tempest.lib.common.rest_client [req-dde2afba-019d-4c7d-9ef7-81896708ea97 req-dde2afba-019d-4c7d-9ef7-81896708ea97 ] Request (ImagesTestJSON:_run_cleanups): 204 DELETE http://10.180.1.21/compute/v2.1/images/423d6110-1161-4855-a251-d02b50145a69 0.903s
2025-11-20 12:32:25.166 66612 INFO tempest.lib.common.rest_client [req-a606dc97-fb3b-4c0c-a47a-138ba43050f4 req-a606dc97-fb3b-4c0c-a47a-138ba43050f4 ] Request (TenantUsagesTestJSON:tearDownClass): 200 GET http://10.180.1.21/networking/v2.0/security-groups?tenant_id=a8afa32992fd43ae9d1eb76af2a6a1c9&name=default 0.278s
2025-11-20 12:32:25.324 66628 INFO tempest.lib.common.rest_client [req-74fdcd83-98c5-4ab7-b8b9-64a59ea7dadb req-74fdcd83-98c5-4ab7-b8b9-64a59ea7dadb ] Request (ImagesOneServerNegativeTestJSON:_run_cleanups): 201 POST http://10.180.1.21/networking/v2.0/security-group-rules 0.378s
2025-11-20 12:32:25.374 66622 INFO tempest.lib.common.rest_client [req-7c7b0602-fb25-4613-b058-b23642377b25 req-7c7b0602-fb25-4613-b058-b23642377b25 ] Request (ServerDiskConfigTestJSON:test_resize_server_from_auto_to_manual): 200 GET http://10.180.1.21/compute/v2.1/servers/a3314847-1a14-417c-9dd1-64f0b5e1ac1e 1.320s
2025-11-20 12:32:25.390 66658 INFO tempest.lib.common.rest_client [req-ece1480f-3fbe-470f-a00c-d7ad647de5b4 req-ece1480f-3fbe-470f-a00c-d7ad647de5b4 ] Request (MigrationsAdminTest:test_list_migrations_in_flavor_resize_situation): 201 POST http://10.180.1.21/networking/v2.0/security-group-rules 0.278s
2025-11-20 12:32:25.475 66612 INFO tempest.lib.common.rest_client [req-0e964f6f-8046-4fd3-b007-032ef54aa1eb req-0e964f6f-8046-4fd3-b007-032ef54aa1eb ] Request (TenantUsagesTestJSON:tearDownClass): 204 DELETE http://10.180.1.21/networking/v2.0/security-groups/3aefd690-63bb-474b-9a3d-c7f915224cfe 0.308s
2025-11-20 12:32:25.506 66614 INFO tempest.lib.common.rest_client [req-cdaa64ee-cc2b-4266-a7c9-7eae18ed5378 req-cdaa64ee-cc2b-4266-a7c9-7eae18ed5378 ] Request (ServersTestJSON:setUpClass): 200 GET http://10.180.1.21/compute/v2.1/servers/049f32ca-d6a6-4972-8a65-7a3c0292749e 1.196s
2025-11-20 12:32:25.624 66612 INFO tempest.lib.common.rest_client [req-1b5408b5-9114-4d75-aeeb-10448a1bac3c req-1b5408b5-9114-4d75-aeeb-10448a1bac3c ] Request (TenantUsagesTestJSON:tearDownClass): 204 DELETE http://10.180.1.21/identity/v3/projects/a8afa32992fd43ae9d1eb76af2a6a1c9 0.149s
2025-11-20 12:32:25.679 66628 INFO tempest.lib.common.rest_client [req-043a42e7-5fae-4346-8bfa-2892a2a63de6 req-043a42e7-5fae-4346-8bfa-2892a2a63de6 ] Request (ImagesOneServerNegativeTestJSON:_run_cleanups): 201 POST http://10.180.1.21/networking/v2.0/security-group-rules 0.355s
2025-11-20 12:32:25.719 66612 INFO tempest.lib.common.rest_client [req-6e1a21a1-cf9c-42de-b3b8-6bc6f90dae81 req-6e1a21a1-cf9c-42de-b3b8-6bc6f90dae81 ] Request (KeyPairsNegativeTestJSON:setUpClass): 201 POST http://10.180.1.21/identity/v3/auth/tokens 0.093s
2025-11-20 12:32:25.765 66612 INFO tempest.lib.common.rest_client [req-4e466239-7d23-4b92-8e92-80cebb5f3f30 req-4e466239-7d23-4b92-8e92-80cebb5f3f30 ] Request (KeyPairsNegativeTestJSON:setUpClass): 201 POST http://10.180.1.21/identity/v3/auth/tokens 0.043s
2025-11-20 12:32:25.788 66658 INFO tempest.lib.common.rest_client [req-2b4cd590-7d0e-4eea-afdb-6e78f2ff0fdd req-2b4cd590-7d0e-4eea-afdb-6e78f2ff0fdd ] Request (MigrationsAdminTest:test_list_migrations_in_flavor_resize_situation): 201 POST http://10.180.1.21/networking/v2.0/security-group-rules 0.398s
2025-11-20 12:32:25.805 66612 INFO tempest.lib.common.rest_client [req-dd737180-3b06-4020-b527-e004635d7195 req-dd737180-3b06-4020-b527-e004635d7195 ] Request (KeyPairsNegativeTestJSON:setUpClass): 200 GET http://10.180.1.21/identity/v3/domains?name=Default 0.040s
2025-11-20 12:32:25.827 66618 INFO tempest.lib.common.rest_client [req-8e661ae5-3665-41f0-a99e-506bee3ae8ba req-8e661ae5-3665-41f0-a99e-506bee3ae8ba ] Request (ServerMetadataTestJSON:setUpClass): 200 GET http://10.180.1.21/compute/v2.1/servers/c5883ba7-2bcf-4d8f-b735-9b506d7b62ab 1.457s
2025-11-20 12:32:25.847 66612 INFO tempest.lib.common.rest_client [req-960fb46e-c82b-4a0a-99d4-bd04ec5785d6 req-960fb46e-c82b-4a0a-99d4-bd04ec5785d6 ] Request (KeyPairsNegativeTestJSON:setUpClass): 201 POST http://10.180.1.21/identity/v3/projects 0.041s
2025-11-20 12:32:25.934 66612 INFO tempest.lib.common.rest_client [req-122f29c0-8370-4670-a6f4-104c1d05c0fb req-122f29c0-8370-4670-a6f4-104c1d05c0fb ] Request (KeyPairsNegativeTestJSON:setUpClass): 201 POST http://10.180.1.21/identity/v3/users 0.086s
2025-11-20 12:32:25.956 66612 INFO tempest.lib.common.rest_client [req-bc9d3890-3c9b-40c3-92f2-ea2799ed4e7d req-bc9d3890-3c9b-40c3-92f2-ea2799ed4e7d ] Request (KeyPairsNegativeTestJSON:setUpClass): 200 GET http://10.180.1.21/identity/v3/roles 0.021s
2025-11-20 12:32:25.985 66612 INFO tempest.lib.common.rest_client [req-382ad6fd-b14e-44fc-b997-7aa12f22095b req-382ad6fd-b14e-44fc-b997-7aa12f22095b ] Request (KeyPairsNegativeTestJSON:setUpClass): 204 PUT http://10.180.1.21/identity/v3/projects/61ebf65d934d422d9e45c1fe07d04d18/users/6bdf7e62429f4241ad4f90286e9d2e9a/roles/646d44090fbc48efb744dfd71acbde70 0.028s
2025-11-20 12:32:25.985 66612 INFO tempest.lib.common.dynamic_creds [-] Dynamic test user 6bdf7e62429f4241ad4f90286e9d2e9a is created with scope project and roles: ['member']
2025-11-20 12:32:25.985 66612 INFO tempest.lib.common.dynamic_creds [-] Acquired dynamic creds: credentials: Credentials: {'domain_id': 'default', 'domain_name': 'Default', 'username': 'tempest-KeyPairsNegativeTestJSON-1712368602-project-member', 'project_domain_id': 'default', 'project_domain_name': 'Default', 'project_id': '61ebf65d934d422d9e45c1fe07d04d18', 'project_name': 'tempest-KeyPairsNegativeTestJSON-1712368602', 'tenant_id': '61ebf65d934d422d9e45c1fe07d04d18', 'tenant_name': 'tempest-KeyPairsNegativeTestJSON-1712368602', 'user_domain_id': 'default', 'user_domain_name': 'Default', 'user_id': '6bdf7e62429f4241ad4f90286e9d2e9a', 'system': None}, Network: None, Subnet: None, Router: None
2025-11-20 12:32:25.985 66612 INFO tempest.lib.common.dynamic_creds [-] Created isolated network resources for: credentials: Credentials: {'domain_id': 'default', 'domain_name': 'Default', 'username': 'tempest-KeyPairsNegativeTestJSON-1712368602-project-member', 'project_domain_id': 'default', 'project_domain_name': 'Default', 'project_id': '61ebf65d934d422d9e45c1fe07d04d18', 'project_name': 'tempest-KeyPairsNegativeTestJSON-1712368602', 'tenant_id': '61ebf65d934d422d9e45c1fe07d04d18', 'tenant_name': 'tempest-KeyPairsNegativeTestJSON-1712368602', 'user_domain_id': 'default', 'user_domain_name': 'Default', 'user_id': '6bdf7e62429f4241ad4f90286e9d2e9a', 'system': None}, Network: None, Subnet: None, Router: None
2025-11-20 12:32:26.063 66612 INFO tempest.lib.common.rest_client [req-da914bce-05fe-449f-a784-9bf652e210a8 req-da914bce-05fe-449f-a784-9bf652e210a8 ] Request (KeyPairsNegativeTestJSON:setUpClass): 201 POST http://10.180.1.21/identity/v3/auth/tokens 0.074s
2025-11-20 12:32:26.345 66628 INFO tempest.lib.common.rest_client [req-ff8d207d-9e98-4971-85b2-8efe4c362ad3 req-ff8d207d-9e98-4971-85b2-8efe4c362ad3 ] Request (ImagesOneServerNegativeTestJSON:_run_cleanups): 201 POST http://10.180.1.21/networking/v2.0/floatingips 0.665s
2025-11-20 12:32:26.409 66628 INFO tempest.lib.common.rest_client [req-19b10a60-4d45-4d3c-afd1-31b6e6ade841 req-19b10a60-4d45-4d3c-afd1-31b6e6ade841 ] Request (ImagesOneServerNegativeTestJSON:_run_cleanups): 201 POST http://10.180.1.21/identity/v3/auth/tokens 0.059s
2025-11-20 12:32:26.409 66628 INFO tempest.lib.common.fixed_network [-] (ImagesOneServerNegativeTestJSON:_run_cleanups) Found network {'id': '6c0d23f1-97f1-4f92-a08d-e77fd32a8707', 'name': 'tempest-ImagesOneServerNegativeTestJSON-803887592-network', 'tenant_id': 'ce93391161934db3874783df65baf2be', 'project_id': 'ce93391161934db3874783df65baf2be', 'admin_state_up': True, 'mtu': 8950, 'status': 'ACTIVE', 'subnets': [], 'shared': False, 'port_security_enabled': True, 'router:external': False, 'provider:network_type': 'vlan', 'provider:physical_network': 'default', 'provider:segmentation_id': 961, 'availability_zone_hints': [], 'availability_zones': [], 'ipv4_address_scope': None, 'ipv6_address_scope': None, 'description': '', 'tags': [], 'created_at': '2025-11-20T12:30:20Z', 'updated_at': '2025-11-20T12:30:20Z', 'revision_number': 1} available for tenant
2025-11-20 12:32:26.778 66658 INFO tempest.lib.common.rest_client [req-4c84e481-f576-4957-b897-d823d3d2af4b req-4c84e481-f576-4957-b897-d823d3d2af4b ] Request (MigrationsAdminTest:test_list_migrations_in_flavor_resize_situation): 201 POST http://10.180.1.21/networking/v2.0/floatingips 0.989s
2025-11-20 12:32:26.843 66626 WARNING tempest.lib.common.ssh [-] Failed to establish authenticated ssh connection to cirros@10.180.180.182 ([Errno None] Unable to connect to port 22 on 10.180.180.182). Number attempts: 2. Retry after 3 seconds.: paramiko.ssh_exception.NoValidConnectionsError: [Errno None] Unable to connect to port 22 on 10.180.180.182
2025-11-20 12:32:26.869 66656 INFO tempest.lib.common.rest_client [req-ef488c25-1481-414a-9afa-8fbbfad27c51 req-ef488c25-1481-414a-9afa-8fbbfad27c51 ] Request (AttachInterfacesUnderV243Test:_run_cleanups): 200 GET http://10.180.1.21/compute/v2.1/servers/c93a4cf4-ce0d-4aa1-8cb7-c667c256e05b 2.385s
2025-11-20 12:32:26.897 66660 INFO tempest.lib.common.rest_client [req-17281c7c-1fd5-4f5a-9d35-4d6d5121f3fa req-17281c7c-1fd5-4f5a-9d35-4d6d5121f3fa ] Request (AttachVolumeNegativeTest:test_attach_attached_volume_to_different_server): 200 GET http://10.180.1.21/compute/v2.1/servers/e842b617-5918-41c5-83de-1c2dc95e9e80 2.473s
2025-11-20 12:32:26.926 66670 INFO tempest.lib.common.rest_client [req-f7721e34-55d8-4ddb-b95b-1b8645be9bac req-f7721e34-55d8-4ddb-b95b-1b8645be9bac ] Request (VolumesSnapshotsTestJSON:_run_cleanups): 404 GET http://10.180.1.21/compute/v2.1/os-volumes/7d78c9f0-3960-42db-b077-74b1d45cd9cd 2.374s
2025-11-20 12:32:27.306 66624 INFO tempest.lib.common.rest_client [req-e5b5416c-4cf1-4dd0-a9a7-149c66fa4d24 req-e5b5416c-4cf1-4dd0-a9a7-149c66fa4d24 ] Request (InstanceActionsV221TestJSON:test_get_list_deleted_instance_actions): 200 GET http://10.180.1.21/compute/v2.1/servers/60d7c81a-8ac6-4fc2-a67d-de0a23afeb6a 2.822s
2025-11-20 12:32:27.328 66636 INFO tempest.lib.common.rest_client [req-c1a0cde4-9af8-488f-8ede-0e86d391867b req-c1a0cde4-9af8-488f-8ede-0e86d391867b ] Request (InstanceActionsTestJSON:setUpClass): 200 GET http://10.180.1.21/compute/v2.1/servers/ec07aa5e-ad25-444e-b490-9dd397fc879f 2.766s
2025-11-20 12:32:27.335 66636 INFO tempest.common.waiters [-] State transition "BUILD/None" ==> "BUILD/spawning" after 36 second wait
2025-11-20 12:32:27.371 66669 INFO tempest.lib.common.rest_client [req-5c694f7c-b291-408b-b944-10a38127aba4 req-5c694f7c-b291-408b-b944-10a38127aba4 ] Request (ListImageFiltersTestJSON:setUpClass): 200 GET http://10.180.1.21/compute/v2.1/images/62c3e801-7133-48ab-8ebb-6aa08e28021b 2.651s
2025-11-20 12:32:27.468 66642 INFO tempest.lib.common.rest_client [req-bb45f0ce-f537-4835-b8e1-d07a2a57000f req-bb45f0ce-f537-4835-b8e1-d07a2a57000f ] Request (ListServerFiltersTestJSON:test_list_servers_filtered_by_ip): 200 GET http://10.180.1.21/compute/v2.1/servers/77c1b512-bf71-458d-8da1-30464f560744 2.779s
2025-11-20 12:32:27.484 66630 INFO tempest.lib.common.rest_client [req-5d2668f3-5741-42b2-992b-e612f1b78310 req-5d2668f3-5741-42b2-992b-e612f1b78310 ] Request (ServersAdminNegativeTestJSON:tearDownClass): 200 GET http://10.180.1.21/compute/v2.1/servers/a4c78faf-5cb1-4ffc-aa4e-bf7528eabbc4 2.705s
2025-11-20 12:32:27.498 66644 INFO tempest.lib.common.rest_client [req-aa8ea27b-549b-4e3d-9864-42f3c504e21f req-aa8ea27b-549b-4e3d-9864-42f3c504e21f ] Request (ServersWithSpecificFlavorTestJSON:test_verify_created_server_ephemeral_disk): 200 GET http://10.180.1.21/compute/v2.1/flavors/42/os-extra_specs 2.611s
2025-11-20 12:32:27.525 66620 INFO tempest.lib.common.rest_client [req-851bb14f-c57e-450c-aa4f-00870a16aae2 req-851bb14f-c57e-450c-aa4f-00870a16aae2 ] Request (DeleteServersTestJSON:test_delete_active_server): 200 GET http://10.180.1.21/compute/v2.1/servers/e5a9dd97-03a5-4049-92f5-d1f35912c9df 2.658s
2025-11-20 12:32:27.544 66634 INFO tempest.lib.common.rest_client [req-6cc6970f-8b71-416b-bfbc-5d111ab7f843 req-6cc6970f-8b71-416b-bfbc-5d111ab7f843 ] Request (ServersAaction247Test:tearDownClass): 404 GET http://10.180.1.21/compute/v2.1/servers/79392169-9f5f-480d-9294-beac60cefa02 2.601s
2025-11-20 12:32:27.557 66652 INFO tempest.lib.common.rest_client [req-a991623b-6ea5-4a59-a4ea-444dce109443 req-a991623b-6ea5-4a59-a4ea-444dce109443 ] Request (ServerDiagnosticsV248Test:tearDownClass): 200 GET http://10.180.1.21/compute/v2.1/servers/8d83b91f-b21f-4355-b789-eaf8d4e45eb6 2.656s
2025-11-20 12:32:27.638 66640 INFO tempest.lib.common.rest_client [req-8c3b1497-f19d-45e0-a9d7-832dc42afa14 req-8c3b1497-f19d-45e0-a9d7-832dc42afa14 ] Request (ImagesTestJSON:_run_cleanups): 204 DELETE http://10.180.1.21/compute/v2.1/servers/b0140768-15c3-4d89-8ae9-5a397e041683 2.503s
2025-11-20 12:32:27.658 66634 INFO tempest.lib.common.rest_client [req-b5a1917d-2a32-4470-aca3-11f954f9d20b req-b5a1917d-2a32-4470-aca3-11f954f9d20b ] Request (ServersAaction247Test:tearDownClass): 204 DELETE http://10.180.1.21/identity/v3/users/a50161bec3ce4f28ac9efcd22d71a711 0.114s
2025-11-20 12:32:27.659 66634 INFO tempest.lib.common.dynamic_creds [-] Deleting project and security group for project: 5a94fa2746824d80b49aa16ee2b447dd
2025-11-20 12:32:27.661 66646 INFO tempest.lib.common.rest_client [req-128fa3cc-5a41-4b3e-ace2-969f5a3f76bc req-128fa3cc-5a41-4b3e-ace2-969f5a3f76bc ] Request (ServersTestMultiNic:_run_cleanups): 200 GET http://10.180.1.21/compute/v2.1/servers/dfe6e327-dc9a-47e7-a11f-c78aded4df7b 2.670s
2025-11-20 12:32:27.719 66640 INFO tempest.lib.common.rest_client [req-28382f89-7e1d-4cd4-92da-6c55d5d2103e req-28382f89-7e1d-4cd4-92da-6c55d5d2103e ] Request (ImagesTestJSON:test_create_server_from_snapshot): 201 POST http://10.180.1.21/identity/v3/auth/tokens 0.077s
2025-11-20 12:32:27.719 66640 INFO tempest.lib.common.fixed_network [-] (ImagesTestJSON:test_create_server_from_snapshot) Found network {'id': 'e7e4ea94-e60b-4ba7-b730-671ac3fc1eab', 'name': 'tempest-ImagesTestJSON-8593868-network', 'tenant_id': '864ccec252f145cca0fe7d2eb7043b0d', 'project_id': '864ccec252f145cca0fe7d2eb7043b0d', 'admin_state_up': True, 'mtu': 8950, 'status': 'ACTIVE', 'subnets': [], 'shared': False, 'port_security_enabled': True, 'router:external': False, 'provider:network_type': 'vlan', 'provider:physical_network': 'default', 'provider:segmentation_id': 840, 'availability_zone_hints': [], 'availability_zones': [], 'ipv4_address_scope': None, 'ipv6_address_scope': None, 'description': '', 'tags': [], 'created_at': '2025-11-20T12:30:01Z', 'updated_at': '2025-11-20T12:30:01Z', 'revision_number': 1} available for tenant
2025-11-20 12:32:27.725 66634 INFO tempest.lib.common.rest_client [req-2d57fa80-d14d-4837-880c-3f4a2d4fbc62 req-2d57fa80-d14d-4837-880c-3f4a2d4fbc62 ] Request (ServersAaction247Test:tearDownClass): 201 POST http://10.180.1.21/identity/v3/auth/tokens 0.066s
2025-11-20 12:32:27.812 66612 INFO tempest.lib.common.rest_client [req-0968e724-9b52-4f26-94f6-668955a438f5 req-0968e724-9b52-4f26-94f6-668955a438f5 ] Request (KeyPairsNegativeTestJSON:test_create_keypair_invalid_name): 400 POST http://10.180.1.21/compute/v2.1/os-keypairs 1.746s
2025-11-20 12:32:27.916 66634 INFO tempest.lib.common.rest_client [req-1b0e51cd-3d78-48c7-8b27-870d4bf4fba8 req-1b0e51cd-3d78-48c7-8b27-870d4bf4fba8 ] Request (ServersAaction247Test:tearDownClass): 200 GET http://10.180.1.21/networking/v2.0/security-groups?tenant_id=5a94fa2746824d80b49aa16ee2b447dd&name=default 0.191s
2025-11-20 12:32:27.951 66664 INFO tempest.lib.common.rest_client [req-fa4a133e-93c2-426a-af41-623b3a1f75d1 req-fa4a133e-93c2-426a-af41-623b3a1f75d1 ] Request (ServersAdminTestJSON:_run_cleanups): 200 GET http://10.180.1.21/compute/v2.1/servers/9f235391-bb9f-4cb8-bc9a-8036aaf399d9 2.781s
2025-11-20 12:32:27.959 66664 INFO tempest.common.waiters [-] State transition "REBUILD/rebuilding" ==> "REBUILD/rebuild_spawning" after 3 second wait
2025-11-20 12:32:28.049 66634 INFO tempest.lib.common.rest_client [req-416dfd93-9b97-4da1-b672-0127969f7068 req-416dfd93-9b97-4da1-b672-0127969f7068 ] Request (ServersAaction247Test:tearDownClass): 204 DELETE http://10.180.1.21/networking/v2.0/security-groups/29ef13eb-3d56-4c6a-8e96-4de6a19ac707 0.131s
2025-11-20 12:32:28.081 66622 INFO tempest.lib.common.rest_client [req-c3ea9af9-0786-4b2b-bff4-3d6ef22932ef req-c3ea9af9-0786-4b2b-bff4-3d6ef22932ef ] Request (ServerDiskConfigTestJSON:test_resize_server_from_auto_to_manual): 200 GET http://10.180.1.21/compute/v2.1/servers/a3314847-1a14-417c-9dd1-64f0b5e1ac1e 1.699s
2025-11-20 12:32:28.142 66634 INFO tempest.lib.common.rest_client [req-5a1f4b43-3612-49ef-bc39-6a1d02595626 req-5a1f4b43-3612-49ef-bc39-6a1d02595626 ] Request (ServersAaction247Test:tearDownClass): 204 DELETE http://10.180.1.21/identity/v3/projects/5a94fa2746824d80b49aa16ee2b447dd 0.093s
2025-11-20 12:32:28.160 66614 INFO tempest.lib.common.rest_client [req-c9019d3e-b6ed-46cc-86aa-ba2858667293 req-c9019d3e-b6ed-46cc-86aa-ba2858667293 ] Request (ServersTestJSON:setUpClass): 200 GET http://10.180.1.21/compute/v2.1/servers/049f32ca-d6a6-4972-8a65-7a3c0292749e 1.642s
2025-11-20 12:32:28.175 66658 INFO tempest.lib.common.rest_client [req-8e768adb-888e-49bf-bf12-61958d400249 req-8e768adb-888e-49bf-bf12-61958d400249 ] Request (MigrationsAdminTest:test_list_migrations_in_flavor_resize_situation): 200 GET http://10.180.1.21/compute/v2.1/os-migrations 1.396s
2025-11-20 12:32:28.228 66634 INFO tempest.lib.common.rest_client [req-8671f4c3-2055-474a-b2ab-c1115e1dafdf req-8671f4c3-2055-474a-b2ab-c1115e1dafdf ] Request (ServersListShow2100Test:setUpClass): 201 POST http://10.180.1.21/identity/v3/auth/tokens 0.084s
2025-11-20 12:32:28.274 66634 INFO tempest.lib.common.rest_client [req-65b021a8-bf47-4189-9257-29fdba0ee602 req-65b021a8-bf47-4189-9257-29fdba0ee602 ] Request (ServersListShow2100Test:setUpClass): 201 POST http://10.180.1.21/identity/v3/auth/tokens 0.044s
2025-11-20 12:32:28.304 66634 INFO tempest.lib.common.rest_client [req-f6886d68-3c43-4db3-a059-099a1784d48c req-f6886d68-3c43-4db3-a059-099a1784d48c ] Request (ServersListShow2100Test:setUpClass): 200 GET http://10.180.1.21/identity/v3/domains?name=Default 0.029s
2025-11-20 12:32:28.306 66618 INFO tempest.lib.common.rest_client [req-b7c32d1a-cb43-4500-93af-0c45e57df89b req-b7c32d1a-cb43-4500-93af-0c45e57df89b ] Request (ServerMetadataTestJSON:setUpClass): 200 GET http://10.180.1.21/compute/v2.1/servers/c5883ba7-2bcf-4d8f-b735-9b506d7b62ab 1.469s
2025-11-20 12:32:28.331 66670 INFO tempest.lib.common.rest_client [req-30d10eea-c00e-496c-b6fa-61ecdec61430 req-30d10eea-c00e-496c-b6fa-61ecdec61430 ] Request (VolumesSnapshotsTestJSON:tearDownClass): 404 DELETE http://10.180.1.21/compute/v2.1/os-volumes/7d78c9f0-3960-42db-b077-74b1d45cd9cd 1.403s
2025-11-20 12:32:28.337 66634 INFO tempest.lib.common.rest_client [req-98445212-1b39-42d1-9b90-3aed24ef8d96 req-98445212-1b39-42d1-9b90-3aed24ef8d96 ] Request (ServersListShow2100Test:setUpClass): 201 POST http://10.180.1.21/identity/v3/projects 0.032s
2025-11-20 12:32:28.368 66650 WARNING tempest.lib.common.ssh [-] Failed to establish authenticated ssh connection to cirros@10.180.180.137 ([Errno None] Unable to connect to port 22 on 10.180.180.137). Number attempts: 1. Retry after 2 seconds.: paramiko.ssh_exception.NoValidConnectionsError: [Errno None] Unable to connect to port 22 on 10.180.180.137
2025-11-20 12:32:28.404 66634 INFO tempest.lib.common.rest_client [req-a10379a7-8313-465d-a921-f5d6da050767 req-a10379a7-8313-465d-a921-f5d6da050767 ] Request (ServersListShow2100Test:setUpClass): 201 POST http://10.180.1.21/identity/v3/users 0.067s
2025-11-20 12:32:28.428 66634 INFO tempest.lib.common.rest_client [req-c943c3ef-603d-4dae-9cc8-733cec00f6e5 req-c943c3ef-603d-4dae-9cc8-733cec00f6e5 ] Request (ServersListShow2100Test:setUpClass): 200 GET http://10.180.1.21/identity/v3/roles 0.023s
2025-11-20 12:32:28.460 66634 INFO tempest.lib.common.rest_client [req-bf4ddec3-d695-4389-bdc9-3b36a708582b req-bf4ddec3-d695-4389-bdc9-3b36a708582b ] Request (ServersListShow2100Test:setUpClass): 204 PUT http://10.180.1.21/identity/v3/projects/45bb23d843f0477296652f186c23afed/users/0af3563fd9ad408c805cd4d1b808ed67/roles/646d44090fbc48efb744dfd71acbde70 0.030s
2025-11-20 12:32:28.460 66634 INFO tempest.lib.common.dynamic_creds [-] Dynamic test user 0af3563fd9ad408c805cd4d1b808ed67 is created with scope project and roles: ['member']
2025-11-20 12:32:28.460 66634 INFO tempest.lib.common.dynamic_creds [-] Acquired dynamic creds: credentials: Credentials: {'domain_id': 'default', 'domain_name': 'Default', 'username': 'tempest-ServersListShow2100Test-2087956874-project-member', 'project_domain_id': 'default', 'project_domain_name': 'Default', 'project_id': '45bb23d843f0477296652f186c23afed', 'project_name': 'tempest-ServersListShow2100Test-2087956874', 'tenant_id': '45bb23d843f0477296652f186c23afed', 'tenant_name': 'tempest-ServersListShow2100Test-2087956874', 'user_domain_id': 'default', 'user_domain_name': 'Default', 'user_id': '0af3563fd9ad408c805cd4d1b808ed67', 'system': None}, Network: None, Subnet: None, Router: None
2025-11-20 12:32:28.460 66634 INFO tempest.lib.common.dynamic_creds [-] Created isolated network resources for: credentials: Credentials: {'domain_id': 'default', 'domain_name': 'Default', 'username': 'tempest-ServersListShow2100Test-2087956874-project-member', 'project_domain_id': 'default', 'project_domain_name': 'Default', 'project_id': '45bb23d843f0477296652f186c23afed', 'project_name': 'tempest-ServersListShow2100Test-2087956874', 'tenant_id': '45bb23d843f0477296652f186c23afed', 'tenant_name': 'tempest-ServersListShow2100Test-2087956874', 'user_domain_id': 'default', 'user_domain_name': 'Default', 'user_id': '0af3563fd9ad408c805cd4d1b808ed67', 'system': None}, Network: None, Subnet: None, Router: None
2025-11-20 12:32:28.492 66628 INFO tempest.lib.common.rest_client [req-47cf6d8a-5744-4881-9d19-31dfc79b46ca req-47cf6d8a-5744-4881-9d19-31dfc79b46ca ] Request (ImagesOneServerNegativeTestJSON:_run_cleanups): 202 POST http://10.180.1.21/compute/v2.1/servers 2.082s
2025-11-20 12:32:28.519 66669 INFO tempest.lib.common.rest_client [req-40181f2e-c8a9-48c2-b42d-e09b29d5d6b0 req-40181f2e-c8a9-48c2-b42d-e09b29d5d6b0 ] Request (ListImageFiltersTestJSON:setUpClass): 200 GET http://10.180.1.21/compute/v2.1/servers/a58b954b-1e9a-408b-9cf2-b7b0c9dec3ae 1.144s
2025-11-20 12:32:28.542 66634 INFO tempest.lib.common.rest_client [req-206a90c8-3ff7-49fa-84d0-239d2c7c1ad9 req-206a90c8-3ff7-49fa-84d0-239d2c7c1ad9 ] Request (ServersListShow2100Test:setUpClass): 201 POST http://10.180.1.21/identity/v3/auth/tokens 0.077s
2025-11-20 12:32:28.545 66644 INFO tempest.lib.common.rest_client [req-374fe868-6d58-45d1-a613-80288148420c req-374fe868-6d58-45d1-a613-80288148420c ] Request (ServersWithSpecificFlavorTestJSON:test_verify_created_server_ephemeral_disk): 200 POST http://10.180.1.21/compute/v2.1/flavors/917089880/os-extra_specs 1.046s
2025-11-20 12:32:28.579 66634 INFO tempest.lib.common.rest_client [req-6ca557f0-e3ff-4965-8cb2-9f90a1f6b151 req-6ca557f0-e3ff-4965-8cb2-9f90a1f6b151 ] Request (ServersListShow2100Test:test_list_show_rebuild_update_server_2100): 201 POST http://10.180.1.21/identity/v3/auth/tokens 0.033s
2025-11-20 12:32:28.580 66634 INFO tempest.lib.common.fixed_network [-] (ServersListShow2100Test:test_list_show_rebuild_update_server_2100) Found network None available for tenant
2025-11-20 12:32:28.792 66642 INFO tempest.lib.common.rest_client [req-dc5079fc-07c4-4d7c-a5ba-a2dada462b50 req-dc5079fc-07c4-4d7c-a5ba-a2dada462b50 ] Request (ListServerFiltersTestJSON:test_list_servers_filtered_by_ip): 200 GET http://10.180.1.21/compute/v2.1/servers?ip=192.168.128.10 1.313s
2025-11-20 12:32:28.829 66612 INFO tempest.lib.common.rest_client [req-46bb2b11-15bb-45a7-96bc-9602b905a856 req-46bb2b11-15bb-45a7-96bc-9602b905a856 ] Request (KeyPairsNegativeTestJSON:test_create_keypair_when_public_key_bits_exceeds_maximum): 400 POST http://10.180.1.21/compute/v2.1/os-keypairs 1.016s
2025-11-20 12:32:28.911 66656 INFO tempest.lib.common.rest_client [req-63872f94-500a-4272-ad17-eb931df09b93 req-63872f94-500a-4272-ad17-eb931df09b93 ] Request (AttachInterfacesUnderV243Test:_run_cleanups): 200 GET http://10.180.1.21/compute/v2.1/servers/c93a4cf4-ce0d-4aa1-8cb7-c667c256e05b 1.030s
2025-11-20 12:32:29.038 66640 INFO tempest.lib.common.rest_client [req-df6df577-62e1-4173-a0aa-134cb6752985 req-df6df577-62e1-4173-a0aa-134cb6752985 ] Request (ImagesTestJSON:test_create_server_from_snapshot): 202 POST http://10.180.1.21/compute/v2.1/servers 1.318s
2025-11-20 12:32:29.051 66658 INFO tempest.lib.common.rest_client [req-dcbc1ba3-71d8-46dd-8336-80abc3a56159 req-dcbc1ba3-71d8-46dd-8336-80abc3a56159 ] Request (MigrationsAdminTest:test_resize_server_revert_deleted_flavor): 200 GET http://10.180.1.21/compute/v2.1/flavors/42 0.869s
2025-11-20 12:32:29.073 66660 INFO tempest.lib.common.rest_client [req-8ffcda33-2c1b-4f68-8fae-e9738fb6e03f req-8ffcda33-2c1b-4f68-8fae-e9738fb6e03f ] Request (AttachVolumeNegativeTest:test_attach_attached_volume_to_different_server): 200 GET http://10.180.1.21/compute/v2.1/servers/e842b617-5918-41c5-83de-1c2dc95e9e80 1.165s
2025-11-20 12:32:29.102 66670 INFO tempest.lib.common.rest_client [req-0ed922ae-e2dd-42af-ab5a-fbe805456321 req-0ed922ae-e2dd-42af-ab5a-fbe805456321 ] Request (VolumesSnapshotsTestJSON:tearDownClass): 404 GET http://10.180.1.21/compute/v2.1/os-volumes/7d78c9f0-3960-42db-b077-74b1d45cd9cd 0.770s
2025-11-20 12:32:29.135 66624 INFO tempest.lib.common.rest_client [req-ff3c6adb-f247-4e1d-b6b3-65d7a0e7a29e req-ff3c6adb-f247-4e1d-b6b3-65d7a0e7a29e ] Request (InstanceActionsV221TestJSON:test_get_list_deleted_instance_actions): 200 GET http://10.180.1.21/compute/v2.1/servers/60d7c81a-8ac6-4fc2-a67d-de0a23afeb6a 0.819s
2025-11-20 12:32:29.148 66624 INFO tempest.common.waiters [-] State transition "ACTIVE/deleting" ==> "DELETED/None" after 2 second wait
2025-11-20 12:32:29.217 66648 WARNING tempest.lib.common.ssh [-] Failed to establish authenticated ssh connection to cirros@10.180.180.243 ([Errno None] Unable to connect to port 22 on 10.180.180.243). Number attempts: 1. Retry after 2 seconds.: paramiko.ssh_exception.NoValidConnectionsError: [Errno None] Unable to connect to port 22 on 10.180.180.243
2025-11-20 12:32:29.226 66630 INFO tempest.lib.common.rest_client [req-c5dc0e8b-a933-41cb-87a9-4ccb1a315087 req-c5dc0e8b-a933-41cb-87a9-4ccb1a315087 ] Request (ServersAdminNegativeTestJSON:tearDownClass): 200 GET http://10.180.1.21/compute/v2.1/servers/a4c78faf-5cb1-4ffc-aa4e-bf7528eabbc4 0.733s
2025-11-20 12:32:29.306 66670 INFO tempest.lib.common.rest_client [req-dfe1fcfa-b0e3-4407-9bda-d04539b2600a req-dfe1fcfa-b0e3-4407-9bda-d04539b2600a ] Request (VolumesSnapshotsTestJSON:tearDownClass): 204 DELETE http://10.180.1.21/identity/v3/users/cae63b9dfc2a49549760202264e8fdb0 0.204s
2025-11-20 12:32:29.307 66670 INFO tempest.lib.common.dynamic_creds [-] Deleting project and security group for project: b1bda9e73cc64857bad72c5b6504bb17
2025-11-20 12:32:29.330 66636 INFO tempest.lib.common.rest_client [req-1e7913d1-b2e9-4329-a23f-18cd6e2bce2e req-1e7913d1-b2e9-4329-a23f-18cd6e2bce2e ] Request (InstanceActionsTestJSON:setUpClass): 200 GET http://10.180.1.21/compute/v2.1/servers/ec07aa5e-ad25-444e-b490-9dd397fc879f 0.993s
2025-11-20 12:32:29.337 66675 WARNING tempest.lib.common.ssh [-] Failed to establish authenticated ssh connection to cirros@10.180.180.220 ([Errno None] Unable to connect to port 22 on 10.180.180.220). Number attempts: 13. Retry after 14 seconds.: paramiko.ssh_exception.NoValidConnectionsError: [Errno None] Unable to connect to port 22 on 10.180.180.220
