2025-11-20 12:28:47.209 66638 INFO tempest.lib.common.rest_client [req-bd7581cb-b2f6-4a6c-9c6a-f6f4d39a860a req-bd7581cb-b2f6-4a6c-9c6a-f6f4d39a860a ] Request (FlavorsExtraSpecsTestJSON:setUpClass): 200 POST http://10.180.1.21/compute/v2.1/flavors 0.146s
2025-11-20 12:28:47.213 66634 INFO tempest.lib.common.rest_client [req-a97f8896-d2d3-46c7-acb2-efd1f51af594 req-a97f8896-d2d3-46c7-acb2-efd1f51af594 ] Request (HypervisorAdminNegativeTestJSON:setUpClass): 201 POST http://10.180.1.21/identity/v3/auth/tokens 0.097s
2025-11-20 12:28:47.229 66626 INFO tempest.lib.common.rest_client [req-1d8866ea-87b7-412d-b3fe-1c87d169c78d req-1d8866ea-87b7-412d-b3fe-1c87d169c78d ] Request (ServicesAdminTestJSON:setUpClass): 201 POST http://10.180.1.21/identity/v3/users 0.094s
2025-11-20 12:28:47.248 66655 INFO tempest.lib.common.rest_client [req-55d66dac-c605-4bf9-9620-957e11a750b1 req-55d66dac-c605-4bf9-9620-957e11a750b1 ] Request (ServicesAdminNegativeTestJSON:setUpClass): 200 GET http://10.180.1.21/identity/v3/roles 0.051s
2025-11-20 12:28:47.255 66626 INFO tempest.lib.common.rest_client [req-451dbcef-a09f-4643-b9a7-496008ab00a5 req-451dbcef-a09f-4643-b9a7-496008ab00a5 ] Request (ServicesAdminTestJSON:setUpClass): 200 GET http://10.180.1.21/identity/v3/roles 0.025s
2025-11-20 12:28:47.258 66634 INFO tempest.lib.common.rest_client [req-c90b4ffa-f6b6-4683-b99a-22180ad98e60 req-c90b4ffa-f6b6-4683-b99a-22180ad98e60 ] Request (HypervisorAdminNegativeTestJSON:setUpClass): 201 POST http://10.180.1.21/identity/v3/auth/tokens 0.032s
2025-11-20 12:28:47.260 66638 INFO tempest.lib.common.rest_client [req-85bd44fa-e206-418a-8218-50397e5068da req-85bd44fa-e206-418a-8218-50397e5068da ] Request (FlavorsExtraSpecsTestJSON:test_flavor_non_admin_get_all_keys): 200 POST http://10.180.1.21/compute/v2.1/flavors/390482595/os-extra_specs 0.036s
2025-11-20 12:28:47.283 66634 INFO tempest.lib.common.rest_client [req-009dd718-37eb-4c10-915e-6737e64111f1 req-009dd718-37eb-4c10-915e-6737e64111f1 ] Request (HypervisorAdminNegativeTestJSON:setUpClass): 200 GET http://10.180.1.21/identity/v3/domains?name=Default 0.025s
2025-11-20 12:28:47.301 66626 INFO tempest.lib.common.rest_client [req-0b82a9be-69a0-4293-a569-ac01ad562b89 req-0b82a9be-69a0-4293-a569-ac01ad562b89 ] Request (ServicesAdminTestJSON:setUpClass): 204 PUT http://10.180.1.21/identity/v3/projects/896f4a8c71c04b4fb3b71b5393e176bd/users/a864471a218a492c86bf77c4c961ea24/roles/646d44090fbc48efb744dfd71acbde70 0.046s
2025-11-20 12:28:47.301 66626 INFO tempest.lib.common.dynamic_creds [-] Dynamic test user a864471a218a492c86bf77c4c961ea24 is created with scope project and roles: ['member']
2025-11-20 12:28:47.301 66626 INFO tempest.lib.common.dynamic_creds [-] Acquired dynamic creds: credentials: Credentials: {'domain_id': 'default', 'domain_name': 'Default', 'username': 'tempest-ServicesAdminTestJSON-1724746602-project-member', 'project_domain_id': 'default', 'project_domain_name': 'Default', 'project_id': '896f4a8c71c04b4fb3b71b5393e176bd', 'project_name': 'tempest-ServicesAdminTestJSON-1724746602', 'tenant_id': '896f4a8c71c04b4fb3b71b5393e176bd', 'tenant_name': 'tempest-ServicesAdminTestJSON-1724746602', 'user_domain_id': 'default', 'user_domain_name': 'Default', 'user_id': 'a864471a218a492c86bf77c4c961ea24', 'system': None}, Network: None, Subnet: None, Router: None
2025-11-20 12:28:47.302 66626 INFO tempest.lib.common.dynamic_creds [-] Created isolated network resources for: credentials: Credentials: {'domain_id': 'default', 'domain_name': 'Default', 'username': 'tempest-ServicesAdminTestJSON-1724746602-project-member', 'project_domain_id': 'default', 'project_domain_name': 'Default', 'project_id': '896f4a8c71c04b4fb3b71b5393e176bd', 'project_name': 'tempest-ServicesAdminTestJSON-1724746602', 'tenant_id': '896f4a8c71c04b4fb3b71b5393e176bd', 'tenant_name': 'tempest-ServicesAdminTestJSON-1724746602', 'user_domain_id': 'default', 'user_domain_name': 'Default', 'user_id': 'a864471a218a492c86bf77c4c961ea24', 'system': None}, Network: None, Subnet: None, Router: None
2025-11-20 12:28:47.349 66655 INFO tempest.lib.common.rest_client [req-cdda728f-8432-4956-94ed-fc242244da61 req-cdda728f-8432-4956-94ed-fc242244da61 ] Request (ServicesAdminNegativeTestJSON:setUpClass): 204 PUT http://10.180.1.21/identity/v3/projects/ced500c9378046bf9d6bd73d1e4e5e24/users/63ce1e347ed249779da3da2a96d95cd3/roles/646d44090fbc48efb744dfd71acbde70 0.100s
2025-11-20 12:28:47.349 66655 INFO tempest.lib.common.dynamic_creds [-] Dynamic test user 63ce1e347ed249779da3da2a96d95cd3 is created with scope project and roles: ['member']
2025-11-20 12:28:47.349 66655 INFO tempest.lib.common.dynamic_creds [-] Acquired dynamic creds: credentials: Credentials: {'domain_id': 'default', 'domain_name': 'Default', 'username': 'tempest-ServicesAdminNegativeTestJSON-1278508268-project-member', 'project_domain_id': 'default', 'project_domain_name': 'Default', 'project_id': 'ced500c9378046bf9d6bd73d1e4e5e24', 'project_name': 'tempest-ServicesAdminNegativeTestJSON-1278508268', 'tenant_id': 'ced500c9378046bf9d6bd73d1e4e5e24', 'tenant_name': 'tempest-ServicesAdminNegativeTestJSON-1278508268', 'user_domain_id': 'default', 'user_domain_name': 'Default', 'user_id': '63ce1e347ed249779da3da2a96d95cd3', 'system': None}, Network: None, Subnet: None, Router: None
2025-11-20 12:28:47.349 66655 INFO tempest.lib.common.dynamic_creds [-] Created isolated network resources for: credentials: Credentials: {'domain_id': 'default', 'domain_name': 'Default', 'username': 'tempest-ServicesAdminNegativeTestJSON-1278508268-project-member', 'project_domain_id': 'default', 'project_domain_name': 'Default', 'project_id': 'ced500c9378046bf9d6bd73d1e4e5e24', 'project_name': 'tempest-ServicesAdminNegativeTestJSON-1278508268', 'tenant_id': 'ced500c9378046bf9d6bd73d1e4e5e24', 'tenant_name': 'tempest-ServicesAdminNegativeTestJSON-1278508268', 'user_domain_id': 'default', 'user_domain_name': 'Default', 'user_id': '63ce1e347ed249779da3da2a96d95cd3', 'system': None}, Network: None, Subnet: None, Router: None
2025-11-20 12:28:47.383 66614 INFO tempest.lib.common.rest_client [req-de2e8434-0efe-4916-ac31-48912f8a1ca6 req-de2e8434-0efe-4916-ac31-48912f8a1ca6 ] Request (FlavorsV2TestJSON:setUpClass): 201 POST http://10.180.1.21/identity/v3/auth/tokens 0.092s
2025-11-20 12:28:47.386 66638 INFO tempest.lib.common.rest_client [req-aa33bf5f-7117-40e3-9f5b-a96d058335da req-aa33bf5f-7117-40e3-9f5b-a96d058335da ] Request (FlavorsExtraSpecsTestJSON:test_flavor_non_admin_get_all_keys): 200 GET http://10.180.1.21/compute/v2.1/flavors/390482595/os-extra_specs 0.120s
2025-11-20 12:28:47.398 66634 INFO tempest.lib.common.rest_client [req-8cb45042-571d-4c99-bf00-7c2447f4e51b req-8cb45042-571d-4c99-bf00-7c2447f4e51b ] Request (HypervisorAdminNegativeTestJSON:setUpClass): 201 POST http://10.180.1.21/identity/v3/projects 0.107s
2025-11-20 12:28:47.414 66664 INFO tempest [-] Using tempest config file /opt/stack/testrun/etc/tempest.conf
2025-11-20 12:28:47.428 66638 INFO tempest.lib.common.rest_client [req-32fd6ab5-8671-43e6-847e-89104d66a999 req-32fd6ab5-8671-43e6-847e-89104d66a999 ] Request (FlavorsExtraSpecsTestJSON:test_flavor_non_admin_get_specific_key): 200 POST http://10.180.1.21/compute/v2.1/flavors/390482595/os-extra_specs 0.022s
2025-11-20 12:28:47.440 66664 WARNING oslo_config.cfg [-] Deprecated: Option "auth_version" from group "identity" is deprecated for removal (Identity v2 API was removed and v3 is the only available identity API version now). Its value may be silently ignored in the future.
2025-11-20 12:28:47.441 66664 WARNING oslo_config.cfg [-] Deprecated: Option "access_rules" from group "identity-feature-enabled" is deprecated for removal (Access rules for application credentials is a default feature since Train). Its value may be silently ignored in the future.
2025-11-20 12:28:47.446 66638 INFO tempest.lib.common.rest_client [req-8bef2023-ff05-48e0-be36-0da0f23e8677 req-8bef2023-ff05-48e0-be36-0da0f23e8677 ] Request (FlavorsExtraSpecsTestJSON:test_flavor_non_admin_get_specific_key): 200 GET http://10.180.1.21/compute/v2.1/flavors/390482595/os-extra_specs/hw:numa_nodes 0.016s
2025-11-20 12:28:47.449 66664 WARNING oslo_config.cfg [-] Deprecated: Option "import_image" from group "image-feature-enabled" is deprecated for removal (Issue with image import in WSGI mode was fixed in Victoria, and this feature works in any deployment architecture now.). Its value may be silently ignored in the future.
2025-11-20 12:28:47.450 66664 WARNING oslo_config.cfg [-] Deprecated: Option "os_glance_reserved" from group "image-feature-enabled" is deprecated for removal (os_glance namespace is always reserved since Wallaby). Its value may be silently ignored in the future.
2025-11-20 12:28:47.453 66626 INFO tempest.lib.common.rest_client [req-bd5d3fe2-7fed-4b6b-8450-f63830d24b46 req-bd5d3fe2-7fed-4b6b-8450-f63830d24b46 ] Request (ServicesAdminTestJSON:setUpClass): 201 POST http://10.180.1.21/identity/v3/auth/tokens 0.124s
2025-11-20 12:28:47.474 66638 INFO tempest.lib.common.rest_client [req-28c1940f-6bcc-46f2-a65b-975cb79feab8 req-28c1940f-6bcc-46f2-a65b-975cb79feab8 ] Request (FlavorsExtraSpecsTestJSON:test_flavor_set_get_update_show_unset_keys): 200 POST http://10.180.1.21/compute/v2.1/flavors/390482595/os-extra_specs 0.027s
2025-11-20 12:28:47.482 66655 INFO tempest.lib.common.rest_client [req-280e43bc-5d03-4d44-a1c5-16ca7e511acb req-280e43bc-5d03-4d44-a1c5-16ca7e511acb ] Request (ServicesAdminNegativeTestJSON:setUpClass): 201 POST http://10.180.1.21/identity/v3/auth/tokens 0.110s
2025-11-20 12:28:47.490 66614 INFO tempest.lib.common.rest_client [req-edc12ab2-9a65-4180-8c81-0c5f2a74f7bd req-edc12ab2-9a65-4180-8c81-0c5f2a74f7bd ] Request (FlavorsV2TestJSON:setUpClass): 201 POST http://10.180.1.21/identity/v3/auth/tokens 0.083s
2025-11-20 12:28:47.497 66638 INFO tempest.lib.common.rest_client [req-0cb7cd3d-211e-443e-8439-ba57a03cbe54 req-0cb7cd3d-211e-443e-8439-ba57a03cbe54 ] Request (FlavorsExtraSpecsTestJSON:test_flavor_set_get_update_show_unset_keys): 200 GET http://10.180.1.21/compute/v2.1/flavors/390482595/os-extra_specs 0.021s
2025-11-20 12:28:47.499 66634 INFO tempest.lib.common.rest_client [req-61648a5e-9e63-441c-a963-8660874ad0e6 req-61648a5e-9e63-441c-a963-8660874ad0e6 ] Request (HypervisorAdminNegativeTestJSON:setUpClass): 201 POST http://10.180.1.21/identity/v3/users 0.101s
2025-11-20 12:28:47.514 66626 INFO tempest.lib.common.rest_client [req-a51b759c-9eb0-4297-a35c-c2857530d529 req-a51b759c-9eb0-4297-a35c-c2857530d529 ] Request (ServicesAdminTestJSON:setUpClass): 201 POST http://10.180.1.21/identity/v3/projects 0.060s
2025-11-20 12:28:47.520 66638 INFO tempest.lib.common.rest_client [req-9a1b19ee-49a3-4acd-b59f-b417536ae775 req-9a1b19ee-49a3-4acd-b59f-b417536ae775 ] Request (FlavorsExtraSpecsTestJSON:test_flavor_set_get_update_show_unset_keys): 200 PUT http://10.180.1.21/compute/v2.1/flavors/390482595/os-extra_specs/hw:numa_nodes 0.022s
2025-11-20 12:28:47.523 66655 INFO tempest.lib.common.rest_client [req-d880017a-c5c5-4ab1-bb48-f32ff792338e req-d880017a-c5c5-4ab1-bb48-f32ff792338e ] Request (ServicesAdminNegativeTestJSON:setUpClass): 201 POST http://10.180.1.21/identity/v3/projects 0.041s
2025-11-20 12:28:47.526 66620 INFO tempest.test [-] raised in UnshelveToHostMultiNodesTest.setUpClass. Invoking tearDownClass.
2025-11-20 12:28:47.536 66638 INFO tempest.lib.common.rest_client [req-61f0c9de-c9f2-4e63-b51c-71c50f629a6f req-61f0c9de-c9f2-4e63-b51c-71c50f629a6f ] Request (FlavorsExtraSpecsTestJSON:test_flavor_set_get_update_show_unset_keys): 200 GET http://10.180.1.21/compute/v2.1/flavors/390482595/os-extra_specs 0.015s
2025-11-20 12:28:47.560 66638 INFO tempest.lib.common.rest_client [req-64cd3065-e791-4d98-85cb-a3cb49873db0 req-64cd3065-e791-4d98-85cb-a3cb49873db0 ] Request (FlavorsExtraSpecsTestJSON:test_flavor_set_get_update_show_unset_keys): 200 DELETE http://10.180.1.21/compute/v2.1/flavors/390482595/os-extra_specs/hw:numa_nodes 0.023s
2025-11-20 12:28:47.572 66634 INFO tempest.lib.common.rest_client [req-308f7dc3-3f1c-4f7f-af5a-ae373849e6ce req-308f7dc3-3f1c-4f7f-af5a-ae373849e6ce ] Request (HypervisorAdminNegativeTestJSON:setUpClass): 200 GET http://10.180.1.21/identity/v3/roles 0.072s
2025-11-20 12:28:47.583 66638 INFO tempest.lib.common.rest_client [req-317b8a03-26fc-468c-ac90-59fe3f273236 req-317b8a03-26fc-468c-ac90-59fe3f273236 ] Request (FlavorsExtraSpecsTestJSON:test_flavor_set_get_update_show_unset_keys): 200 DELETE http://10.180.1.21/compute/v2.1/flavors/390482595/os-extra_specs/hw:cpu_policy 0.022s
2025-11-20 12:28:47.591 66614 INFO tempest.lib.common.rest_client [req-c9e2527b-3319-426b-a728-74023aa2ebfd req-c9e2527b-3319-426b-a728-74023aa2ebfd ] Request (FlavorsV2TestJSON:setUpClass): 200 GET http://10.180.1.21/identity/v3/domains?name=Default 0.100s
2025-11-20 12:28:47.601 66638 INFO tempest.lib.common.rest_client [req-bd64411b-307d-4e1b-bdae-8d7c69289671 req-bd64411b-307d-4e1b-bdae-8d7c69289671 ] Request (FlavorsExtraSpecsTestJSON:test_flavor_set_get_update_show_unset_keys): 200 GET http://10.180.1.21/compute/v2.1/flavors/390482595/os-extra_specs 0.014s
2025-11-20 12:28:47.604 66655 INFO tempest.lib.common.rest_client [req-d16ab35f-73b3-4bb9-905d-42506da37ed4 req-d16ab35f-73b3-4bb9-905d-42506da37ed4 ] Request (ServicesAdminNegativeTestJSON:setUpClass): 201 POST http://10.180.1.21/identity/v3/users 0.081s
2025-11-20 12:28:47.607 66626 INFO tempest.lib.common.rest_client [req-e995b78d-2cab-40aa-b6d5-246707274cd9 req-e995b78d-2cab-40aa-b6d5-246707274cd9 ] Request (ServicesAdminTestJSON:setUpClass): 201 POST http://10.180.1.21/identity/v3/users 0.093s
2025-11-20 12:28:47.624 66612 INFO tempest.lib.common.rest_client [req-9ca7eb4d-674f-43f3-81b0-86ca18ea5f1b req-9ca7eb4d-674f-43f3-81b0-86ca18ea5f1b ] Request (HypervisorAdminNegativeUnderV252Test:setUpClass): 201 POST http://10.180.1.21/identity/v3/auth/tokens 0.089s
2025-11-20 12:28:47.634 66638 INFO tempest.lib.common.rest_client [req-0748f07e-d190-4e08-920b-66a2c19cad87 req-0748f07e-d190-4e08-920b-66a2c19cad87 ] Request (FlavorsExtraSpecsTestJSON:tearDownClass): 202 DELETE http://10.180.1.21/compute/v2.1/flavors/390482595 0.031s
2025-11-20 12:28:47.641 66640 INFO tempest.lib.common.rest_client [req-97fe7cf5-dfad-4f09-bd81-58b2d70aab1b req-97fe7cf5-dfad-4f09-bd81-58b2d70aab1b ] Request (HostsAdminNegativeTestJSON:setUpClass): 201 POST http://10.180.1.21/identity/v3/auth/tokens 0.095s
2025-11-20 12:28:47.648 66656 INFO tempest.lib.common.rest_client [req-23b46d2a-601a-477e-b125-64bd7255a58c req-23b46d2a-601a-477e-b125-64bd7255a58c ] Request (QuotasAdminNegativeTest:setUpClass): 201 POST http://10.180.1.21/identity/v3/auth/tokens 0.092s
2025-11-20 12:28:47.659 66638 INFO tempest.lib.common.rest_client [req-3bef768d-86c4-4fe1-b30d-76970f580972 req-3bef768d-86c4-4fe1-b30d-76970f580972 ] Request (FlavorsExtraSpecsTestJSON:tearDownClass): 200 GET http://10.180.1.21/compute/v2.1/flavors/detail 0.024s
2025-11-20 12:28:47.663 66620 INFO tempest.lib.common.rest_client [req-57b0d8f3-1bcc-48b0-995e-439f0ab164d7 req-57b0d8f3-1bcc-48b0-995e-439f0ab164d7 ] Request (ServicesAdminNegativeV253TestJSON:setUpClass): 201 POST http://10.180.1.21/identity/v3/auth/tokens 0.105s
2025-11-20 12:28:47.672 66634 INFO tempest.lib.common.rest_client [req-03ba08a5-87b7-4360-86d3-5c4236b4b18b req-03ba08a5-87b7-4360-86d3-5c4236b4b18b ] Request (HypervisorAdminNegativeTestJSON:setUpClass): 204 PUT http://10.180.1.21/identity/v3/projects/553a0eb699f14dc3bf310e5aa6c844a7/users/02d3fe4ea4994a2bbc57fd65fdf6828e/roles/646d44090fbc48efb744dfd71acbde70 0.097s
2025-11-20 12:28:47.672 66634 INFO tempest.lib.common.dynamic_creds [-] Dynamic test user 02d3fe4ea4994a2bbc57fd65fdf6828e is created with scope project and roles: ['member']
2025-11-20 12:28:47.672 66634 INFO tempest.lib.common.dynamic_creds [-] Acquired dynamic creds: credentials: Credentials: {'domain_id': 'default', 'domain_name': 'Default', 'username': 'tempest-HypervisorAdminNegativeTestJSON-1493800302-project-member', 'project_domain_id': 'default', 'project_domain_name': 'Default', 'project_id': '553a0eb699f14dc3bf310e5aa6c844a7', 'project_name': 'tempest-HypervisorAdminNegativeTestJSON-1493800302', 'tenant_id': '553a0eb699f14dc3bf310e5aa6c844a7', 'tenant_name': 'tempest-HypervisorAdminNegativeTestJSON-1493800302', 'user_domain_id': 'default', 'user_domain_name': 'Default', 'user_id': '02d3fe4ea4994a2bbc57fd65fdf6828e', 'system': None}, Network: None, Subnet: None, Router: None
2025-11-20 12:28:47.673 66634 INFO tempest.lib.common.dynamic_creds [-] Created isolated network resources for: credentials: Credentials: {'domain_id': 'default', 'domain_name': 'Default', 'username': 'tempest-HypervisorAdminNegativeTestJSON-1493800302-project-member', 'project_domain_id': 'default', 'project_domain_name': 'Default', 'project_id': '553a0eb699f14dc3bf310e5aa6c844a7', 'project_name': 'tempest-HypervisorAdminNegativeTestJSON-1493800302', 'tenant_id': '553a0eb699f14dc3bf310e5aa6c844a7', 'tenant_name': 'tempest-HypervisorAdminNegativeTestJSON-1493800302', 'user_domain_id': 'default', 'user_domain_name': 'Default', 'user_id': '02d3fe4ea4994a2bbc57fd65fdf6828e', 'system': None}, Network: None, Subnet: None, Router: None
2025-11-20 12:28:47.696 66614 INFO tempest.lib.common.rest_client [req-6736aaa6-0399-4042-b427-6b983c33a107 req-6736aaa6-0399-4042-b427-6b983c33a107 ] Request (FlavorsV2TestJSON:setUpClass): 201 POST http://10.180.1.21/identity/v3/projects 0.098s
2025-11-20 12:28:47.734 66626 INFO tempest.lib.common.rest_client [req-fca063a5-dec2-4e98-899b-3b54121dc714 req-fca063a5-dec2-4e98-899b-3b54121dc714 ] Request (ServicesAdminTestJSON:setUpClass): 200 GET http://10.180.1.21/identity/v3/roles 0.127s
2025-11-20 12:28:47.741 66655 INFO tempest.lib.common.rest_client [req-1c6e04b4-e69c-49aa-90ac-0c989cb90c9e req-1c6e04b4-e69c-49aa-90ac-0c989cb90c9e ] Request (ServicesAdminNegativeTestJSON:setUpClass): 200 GET http://10.180.1.21/identity/v3/roles 0.136s
2025-11-20 12:28:47.743 66612 INFO tempest.lib.common.rest_client [req-71d29465-e375-4793-a6bf-5a2b4c5012bd req-71d29465-e375-4793-a6bf-5a2b4c5012bd ] Request (HypervisorAdminNegativeUnderV252Test:setUpClass): 201 POST http://10.180.1.21/identity/v3/auth/tokens 0.111s
2025-11-20 12:28:47.767 66656 INFO tempest.lib.common.rest_client [req-a72f0672-a0b4-46bf-871f-8424c547a913 req-a72f0672-a0b4-46bf-871f-8424c547a913 ] Request (QuotasAdminNegativeTest:setUpClass): 201 POST http://10.180.1.21/identity/v3/auth/tokens 0.114s
2025-11-20 12:28:47.772 66622 INFO tempest.test [-] raised in LiveMigrationTest.setUpClass. Invoking tearDownClass.
2025-11-20 12:28:47.779 66640 INFO tempest.lib.common.rest_client [req-967d18a2-5e00-4ea5-982a-d1383ea0fb91 req-967d18a2-5e00-4ea5-982a-d1383ea0fb91 ] Request (HostsAdminNegativeTestJSON:setUpClass): 201 POST http://10.180.1.21/identity/v3/auth/tokens 0.111s
2025-11-20 12:28:47.780 66642 INFO tempest.test [-] raised in LiveMigrationManagerWorkflowTest.setUpClass. Invoking tearDownClass.
2025-11-20 12:28:47.794 66620 INFO tempest.lib.common.rest_client [req-876bc3aa-fdea-45e1-8093-91448128f439 req-876bc3aa-fdea-45e1-8093-91448128f439 ] Request (ServicesAdminNegativeV253TestJSON:setUpClass): 201 POST http://10.180.1.21/identity/v3/auth/tokens 0.128s
2025-11-20 12:28:47.853 66638 INFO tempest.lib.common.rest_client [req-997956f2-1537-4a0d-a085-8ba59e2ba8f3 req-997956f2-1537-4a0d-a085-8ba59e2ba8f3 ] Request (FlavorsExtraSpecsTestJSON:tearDownClass): 204 DELETE http://10.180.1.21/identity/v3/users/657cc7e5082844b783a8c99018957fa7 0.182s
2025-11-20 12:28:47.861 66634 INFO tempest.lib.common.rest_client [req-0358fe22-5703-440a-89bd-6a76cf85b8e3 req-0358fe22-5703-440a-89bd-6a76cf85b8e3 ] Request (HypervisorAdminNegativeTestJSON:setUpClass): 201 POST http://10.180.1.21/identity/v3/auth/tokens 0.180s
2025-11-20 12:28:47.923 66614 INFO tempest.lib.common.rest_client [req-80e5b474-123f-4e1a-9412-0b0198c02c29 req-80e5b474-123f-4e1a-9412-0b0198c02c29 ] Request (FlavorsV2TestJSON:setUpClass): 201 POST http://10.180.1.21/identity/v3/users 0.226s
2025-11-20 12:28:47.932 66626 INFO tempest.lib.common.rest_client [req-a9e8400b-f610-41d2-bf49-74f67e5b4f1f req-a9e8400b-f610-41d2-bf49-74f67e5b4f1f ] Request (ServicesAdminTestJSON:setUpClass): 204 PUT http://10.180.1.21/identity/v3/projects/dac8320d07714f54bd28ee6de4513928/users/143294732b6a46aa8f12704d0e740347/roles/81f84213e82844b9aab10206df5f999b 0.197s
2025-11-20 12:28:47.992 66612 INFO tempest.lib.common.rest_client [req-a2295bac-ba16-46e1-824a-db546836ad82 req-a2295bac-ba16-46e1-824a-db546836ad82 ] Request (HypervisorAdminNegativeUnderV252Test:setUpClass): 200 GET http://10.180.1.21/identity/v3/domains?name=Default 0.249s
2025-11-20 12:28:47.997 66655 INFO tempest.lib.common.rest_client [req-0706ba44-0c50-4e28-9a53-95563330ad9d req-0706ba44-0c50-4e28-9a53-95563330ad9d ] Request (ServicesAdminNegativeTestJSON:setUpClass): 204 PUT http://10.180.1.21/identity/v3/projects/298a0a37304b4112a66427dceaf58f90/users/c1df3fcece264b919958e2422c9d30a2/roles/81f84213e82844b9aab10206df5f999b 0.255s
2025-11-20 12:28:48.053 66666 INFO tempest.lib.common.rest_client [req-62e5f8e3-8972-422f-b2f6-de31bf6ba94b req-62e5f8e3-8972-422f-b2f6-de31bf6ba94b ] Request (AZAdminNegativeTestJSON:setUpClass): 201 POST http://10.180.1.21/identity/v3/auth/tokens 0.294s
2025-11-20 12:28:48.055 66656 INFO tempest.lib.common.rest_client [req-6cfd8f39-fe24-41d0-a43a-5839681172e9 req-6cfd8f39-fe24-41d0-a43a-5839681172e9 ] Request (QuotasAdminNegativeTest:setUpClass): 200 GET http://10.180.1.21/identity/v3/domains?name=Default 0.287s
2025-11-20 12:28:48.084 66630 INFO tempest.lib.common.rest_client [req-a1f14184-af53-40af-bda7-30a172675fdd req-a1f14184-af53-40af-bda7-30a172675fdd ] Request (HypervisorAdminTestJSON:setUpClass): 201 POST http://10.180.1.21/identity/v3/auth/tokens 0.297s
2025-11-20 12:28:48.091 66640 INFO tempest.lib.common.rest_client [req-838f92c9-5bda-4840-b03b-1e0db39aee4d req-838f92c9-5bda-4840-b03b-1e0db39aee4d ] Request (HostsAdminNegativeTestJSON:setUpClass): 200 GET http://10.180.1.21/identity/v3/domains?name=Default 0.311s
2025-11-20 12:28:48.114 66620 INFO tempest.lib.common.rest_client [req-a5b27f85-f172-4e10-b5ab-4e1b27f3ad45 req-a5b27f85-f172-4e10-b5ab-4e1b27f3ad45 ] Request (ServicesAdminNegativeV253TestJSON:setUpClass): 200 GET http://10.180.1.21/identity/v3/domains?name=Default 0.319s
2025-11-20 12:28:48.115 66642 INFO tempest.lib.common.rest_client [req-5239b172-8427-4efe-ace9-b7707d4528c5 req-5239b172-8427-4efe-ace9-b7707d4528c5 ] Request (QuotaClassesAdminTestJSON:setUpClass): 201 POST http://10.180.1.21/identity/v3/auth/tokens 0.304s
2025-11-20 12:28:48.119 66669 INFO tempest.test [-] raised in LiveMigrationNegativeTest.setUpClass. Invoking tearDownClass.
2025-11-20 12:28:48.139 66673 INFO tempest.test [-] raised in LiveMigrationRemoteConsolesV26Test.setUpClass. Invoking tearDownClass.
2025-11-20 12:28:48.142 66622 INFO tempest.lib.common.rest_client [req-9615633c-4f31-4120-aec0-e8015cde9e32 req-9615633c-4f31-4120-aec0-e8015cde9e32 ] Request (ServerDiskConfigTestJSON:setUpClass): 201 POST http://10.180.1.21/identity/v3/auth/tokens 0.327s
2025-11-20 12:28:48.142 66662 INFO tempest.lib.common.rest_client [req-a94fbeb1-6f23-4647-99ba-71567f4a69a5 req-a94fbeb1-6f23-4647-99ba-71567f4a69a5 ] Request (QuotasSecurityGroupAdminNegativeTest:setUpClass): 201 POST http://10.180.1.21/identity/v3/auth/tokens 0.313s
2025-11-20 12:28:48.169 66616 INFO tempest.lib.common.rest_client [req-cbe303bc-b4aa-4882-aef1-1ec08f90f30c req-cbe303bc-b4aa-4882-aef1-1ec08f90f30c ] Request (FlavorsAccessTestJSON:setUpClass): 201 POST http://10.180.1.21/identity/v3/auth/tokens 0.320s
2025-11-20 12:28:48.196 66638 INFO tempest.lib.common.rest_client [req-5b17820f-fc08-4b64-9b45-b28dc425e1bf req-5b17820f-fc08-4b64-9b45-b28dc425e1bf ] Request (FlavorsExtraSpecsTestJSON:tearDownClass): 204 DELETE http://10.180.1.21/identity/v3/users/756efc2248994aad803636c40bf17823 0.343s
2025-11-20 12:28:48.196 66638 INFO tempest.lib.common.dynamic_creds [-] Deleting project and security group for project: 43126427a36e41289151dd04ea24747b
2025-11-20 12:28:48.197 66632 INFO tempest.test [-] raised in LiveAutoBlockMigrationV225Test.setUpClass. Invoking tearDownClass.
2025-11-20 12:28:48.228 66634 INFO tempest.lib.common.rest_client [req-332ff002-da15-4b16-ac8c-5a70fce4c5bb req-332ff002-da15-4b16-ac8c-5a70fce4c5bb ] Request (HypervisorAdminNegativeTestJSON:setUpClass): 201 POST http://10.180.1.21/identity/v3/projects 0.366s
2025-11-20 12:28:48.249 66624 INFO tempest.lib.common.rest_client [req-57f759ae-e680-43d5-9656-c979b096f6bb req-57f759ae-e680-43d5-9656-c979b096f6bb ] Request (InstanceUsageAuditLogTestJSON:setUpClass): 201 POST http://10.180.1.21/identity/v3/auth/tokens 0.357s
2025-11-20 12:28:48.257 66650 INFO tempest.test [-] raised in LiveMigrationWithoutHostTest.setUpClass. Invoking tearDownClass.
2025-11-20 12:28:48.278 66614 INFO tempest.lib.common.rest_client [req-2026aa16-9bff-4722-a00a-866fda6b6648 req-2026aa16-9bff-4722-a00a-866fda6b6648 ] Request (FlavorsV2TestJSON:setUpClass): 200 GET http://10.180.1.21/identity/v3/roles 0.355s
2025-11-20 12:28:48.296 66626 INFO tempest.lib.common.rest_client [req-c3953971-7662-4f0a-a2ee-dc3c0bc4e3c4 req-c3953971-7662-4f0a-a2ee-dc3c0bc4e3c4 ] Request (ServicesAdminTestJSON:setUpClass): 200 GET http://10.180.1.21/identity/v3/roles 0.364s
2025-11-20 12:28:48.301 66646 INFO tempest.lib.common.rest_client [req-33791449-3cd6-47d5-aa72-6eac5450d905 req-33791449-3cd6-47d5-aa72-6eac5450d905 ] Request (FlavorsExtraSpecsNegativeTestJSON:setUpClass): 201 POST http://10.180.1.21/identity/v3/auth/tokens 0.364s
2025-11-20 12:28:48.320 66655 INFO tempest.lib.common.rest_client [req-85a19abc-849a-43db-baf6-498491e98654 req-85a19abc-849a-43db-baf6-498491e98654 ] Request (ServicesAdminNegativeTestJSON:setUpClass): 200 GET http://10.180.1.21/identity/v3/roles 0.322s
2025-11-20 12:28:48.323 66612 INFO tempest.lib.common.rest_client [req-70152875-d738-4730-9228-a185b2bc4c5a req-70152875-d738-4730-9228-a185b2bc4c5a ] Request (HypervisorAdminNegativeUnderV252Test:setUpClass): 201 POST http://10.180.1.21/identity/v3/projects 0.328s
2025-11-20 12:28:48.366 66658 INFO tempest.lib.common.rest_client [req-b9997eb2-7fb3-48ce-a3d6-27465f0f0240 req-b9997eb2-7fb3-48ce-a3d6-27465f0f0240 ] Request (FlavorsV255TestJSON:setUpClass): 201 POST http://10.180.1.21/identity/v3/auth/tokens 0.348s
2025-11-20 12:28:48.370 66660 INFO tempest.lib.common.rest_client [req-c149ed65-2431-4454-85be-467798e32710 req-c149ed65-2431-4454-85be-467798e32710 ] Request (SecurityGroupsNegativeTestJSON:setUpClass): 201 POST http://10.180.1.21/identity/v3/auth/tokens 0.316s
2025-11-20 12:28:48.390 66666 INFO tempest.lib.common.rest_client [req-f1a4ba49-7033-4f5f-9c1f-0d72ee3dedfa req-f1a4ba49-7033-4f5f-9c1f-0d72ee3dedfa ] Request (AZAdminNegativeTestJSON:setUpClass): 201 POST http://10.180.1.21/identity/v3/auth/tokens 0.329s
2025-11-20 12:28:48.390 66656 INFO tempest.lib.common.rest_client [req-2c7e7ab0-183a-4412-b419-b638ed877310 req-2c7e7ab0-183a-4412-b419-b638ed877310 ] Request (QuotasAdminNegativeTest:setUpClass): 201 POST http://10.180.1.21/identity/v3/projects 0.332s
2025-11-20 12:28:48.442 66640 INFO tempest.lib.common.rest_client [req-aa0d80d2-5f81-4eb6-a4e4-c36084e96ec8 req-aa0d80d2-5f81-4eb6-a4e4-c36084e96ec8 ] Request (HostsAdminNegativeTestJSON:setUpClass): 201 POST http://10.180.1.21/identity/v3/projects 0.348s
2025-11-20 12:28:48.493 66620 INFO tempest.lib.common.rest_client [req-a4a61473-2b03-4a50-8e2b-ad5724f3ebe7 req-a4a61473-2b03-4a50-8e2b-ad5724f3ebe7 ] Request (ServicesAdminNegativeV253TestJSON:setUpClass): 201 POST http://10.180.1.21/identity/v3/projects 0.376s
2025-11-20 12:28:48.538 66669 INFO tempest.lib.common.rest_client [req-81b55537-f29b-40a9-9893-7d14e3c0970b req-81b55537-f29b-40a9-9893-7d14e3c0970b ] Request (ServerDiagnosticsNegativeTest:setUpClass): 201 POST http://10.180.1.21/identity/v3/auth/tokens 0.412s
2025-11-20 12:28:48.556 66630 INFO tempest.lib.common.rest_client [req-9f90cb06-dc8f-4176-af2c-14089b5047cf req-9f90cb06-dc8f-4176-af2c-14089b5047cf ] Request (HypervisorAdminTestJSON:setUpClass): 201 POST http://10.180.1.21/identity/v3/auth/tokens 0.464s
2025-11-20 12:28:48.559 66642 INFO tempest.lib.common.rest_client [req-bb1e68a8-d668-4425-aa45-fd5a3e96d5b7 req-bb1e68a8-d668-4425-aa45-fd5a3e96d5b7 ] Request (QuotaClassesAdminTestJSON:setUpClass): 201 POST http://10.180.1.21/identity/v3/auth/tokens 0.438s
2025-11-20 12:28:48.576 66636 INFO tempest.lib.common.rest_client [req-0b9be6a5-de01-4576-b848-9ec13ae891f0 req-0b9be6a5-de01-4576-b848-9ec13ae891f0 ] Request (FlavorsAccessNegativeTestJSON:setUpClass): 201 POST http://10.180.1.21/identity/v3/auth/tokens 0.442s
2025-11-20 12:28:48.579 66670 INFO tempest.lib.common.rest_client [req-f0094cdf-8598-42fe-9068-b06a8dadd61d req-f0094cdf-8598-42fe-9068-b06a8dadd61d ] Request (FlavorsAdminTestJSON:setUpClass): 201 POST http://10.180.1.21/identity/v3/auth/tokens 0.444s
2025-11-20 12:28:48.596 66622 INFO tempest.lib.common.rest_client [req-200e1bd0-1c5f-4f22-a6d5-f0be27c80701 req-200e1bd0-1c5f-4f22-a6d5-f0be27c80701 ] Request (ServerDiskConfigTestJSON:setUpClass): 201 POST http://10.180.1.21/identity/v3/auth/tokens 0.449s
2025-11-20 12:28:48.600 66662 INFO tempest.lib.common.rest_client [req-a64badd0-e840-424a-952d-6927b22219f0 req-a64badd0-e840-424a-952d-6927b22219f0 ] Request (QuotasSecurityGroupAdminNegativeTest:setUpClass): 201 POST http://10.180.1.21/identity/v3/auth/tokens 0.455s
2025-11-20 12:28:48.617 66673 INFO tempest.lib.common.rest_client [req-0ede172a-b3ad-4116-9c18-4353a8394e8f req-0ede172a-b3ad-4116-9c18-4353a8394e8f ] Request (ImagesNegativeTestJSON:setUpClass): 201 POST http://10.180.1.21/identity/v3/auth/tokens 0.460s
2025-11-20 12:28:48.621 66616 INFO tempest.lib.common.rest_client [req-9388d849-c8fd-4bab-8821-53c98f9c9402 req-9388d849-c8fd-4bab-8821-53c98f9c9402 ] Request (FlavorsAccessTestJSON:setUpClass): 201 POST http://10.180.1.21/identity/v3/auth/tokens 0.444s
2025-11-20 12:28:48.637 66644 INFO tempest.lib.common.rest_client [req-d631cf42-2491-4365-b476-c89e0f820f94 req-d631cf42-2491-4365-b476-c89e0f820f94 ] Request (VolumesAssistedSnapshotsTest:setUpClass): 201 POST http://10.180.1.21/identity/v3/auth/tokens 0.457s
2025-11-20 12:28:48.642 66638 INFO tempest.lib.common.rest_client [req-92a88f63-01cc-4a8a-9030-24ef154b1d7b req-92a88f63-01cc-4a8a-9030-24ef154b1d7b ] Request (FlavorsExtraSpecsTestJSON:tearDownClass): 201 POST http://10.180.1.21/identity/v3/auth/tokens 0.446s
2025-11-20 12:28:48.657 66628 INFO tempest.lib.common.rest_client [req-bda8720b-0e0f-4d34-b255-97cb21182648 req-bda8720b-0e0f-4d34-b255-97cb21182648 ] Request (FlavorMetadataValidation:setUpClass): 201 POST http://10.180.1.21/identity/v3/auth/tokens 0.458s
2025-11-20 12:28:48.663 66632 INFO tempest.lib.common.rest_client [req-f4e0265f-0959-4700-a53c-e73643984854 req-f4e0265f-0959-4700-a53c-e73643984854 ] Request (QuotasAdminTestJSON:setUpClass): 201 POST http://10.180.1.21/identity/v3/auth/tokens 0.460s
2025-11-20 12:28:48.677 66618 INFO tempest.lib.common.rest_client [req-acb65550-a06a-4ea3-a371-4012631edfa7 req-acb65550-a06a-4ea3-a371-4012631edfa7 ] Request (AggregatesAdminNegativeTestJSON:setUpClass): 201 POST http://10.180.1.21/identity/v3/auth/tokens 0.469s
2025-11-20 12:28:48.687 66634 INFO tempest.lib.common.rest_client [req-4bc941f8-95b7-4f1d-9a12-88359d0d60d5 req-4bc941f8-95b7-4f1d-9a12-88359d0d60d5 ] Request (HypervisorAdminNegativeTestJSON:setUpClass): 201 POST http://10.180.1.21/identity/v3/users 0.458s
2025-11-20 12:28:48.696 66675 INFO tempest.lib.common.rest_client [req-79741329-bf54-438e-a2eb-5eb99c780f16 req-79741329-bf54-438e-a2eb-5eb99c780f16 ] Request (KeyPairsV22TestJSON:setUpClass): 201 POST http://10.180.1.21/identity/v3/auth/tokens 0.455s
2025-11-20 12:28:48.707 66624 INFO tempest.lib.common.rest_client [req-fbf5aec5-0f57-4b84-9fce-9d439bf7313f req-fbf5aec5-0f57-4b84-9fce-9d439bf7313f ] Request (InstanceUsageAuditLogTestJSON:setUpClass): 201 POST http://10.180.1.21/identity/v3/auth/tokens 0.455s
2025-11-20 12:28:48.716 66652 INFO tempest.lib.common.rest_client [req-8c95e0d8-f5a0-4448-82b2-e671d7611b3a req-8c95e0d8-f5a0-4448-82b2-e671d7611b3a ] Request (QuotaClassesAdmin257Test:setUpClass): 201 POST http://10.180.1.21/identity/v3/auth/tokens 0.456s
2025-11-20 12:28:48.729 66650 INFO tempest.lib.common.rest_client [req-8ba10b55-aa13-4717-acc3-12bd101ad9aa req-8ba10b55-aa13-4717-acc3-12bd101ad9aa ] Request (FloatingIPDetailsNegativeTestJSON:setUpClass): 201 POST http://10.180.1.21/identity/v3/auth/tokens 0.465s
2025-11-20 12:28:48.738 66648 INFO tempest.lib.common.rest_client [req-eff75ade-6686-4048-b932-19c37c59c0a8 req-eff75ade-6686-4048-b932-19c37c59c0a8 ] Request (DeleteServersAdminTestJSON:setUpClass): 201 POST http://10.180.1.21/identity/v3/auth/tokens 0.472s
2025-11-20 12:28:48.748 66614 INFO tempest.lib.common.rest_client [req-632983ad-7fff-4c18-88ed-8b9d888cd6b8 req-632983ad-7fff-4c18-88ed-8b9d888cd6b8 ] Request (FlavorsV2TestJSON:setUpClass): 204 PUT http://10.180.1.21/identity/v3/projects/63ce4cfe2f27472cb176dfd68794e325/users/63f6de468a194be5b49e3bfc2d692c90/roles/646d44090fbc48efb744dfd71acbde70 0.469s
2025-11-20 12:28:48.748 66614 INFO tempest.lib.common.dynamic_creds [-] Dynamic test user 63f6de468a194be5b49e3bfc2d692c90 is created with scope project and roles: ['member']
2025-11-20 12:28:48.748 66614 INFO tempest.lib.common.dynamic_creds [-] Acquired dynamic creds: credentials: Credentials: {'domain_id': 'default', 'domain_name': 'Default', 'username': 'tempest-FlavorsV2TestJSON-1117053334-project-member', 'project_domain_id': 'default', 'project_domain_name': 'Default', 'project_id': '63ce4cfe2f27472cb176dfd68794e325', 'project_name': 'tempest-FlavorsV2TestJSON-1117053334', 'tenant_id': '63ce4cfe2f27472cb176dfd68794e325', 'tenant_name': 'tempest-FlavorsV2TestJSON-1117053334', 'user_domain_id': 'default', 'user_domain_name': 'Default', 'user_id': '63f6de468a194be5b49e3bfc2d692c90', 'system': None}, Network: None, Subnet: None, Router: None
2025-11-20 12:28:48.749 66614 INFO tempest.lib.common.dynamic_creds [-] Created isolated network resources for: credentials: Credentials: {'domain_id': 'default', 'domain_name': 'Default', 'username': 'tempest-FlavorsV2TestJSON-1117053334-project-member', 'project_domain_id': 'default', 'project_domain_name': 'Default', 'project_id': '63ce4cfe2f27472cb176dfd68794e325', 'project_name': 'tempest-FlavorsV2TestJSON-1117053334', 'tenant_id': '63ce4cfe2f27472cb176dfd68794e325', 'tenant_name': 'tempest-FlavorsV2TestJSON-1117053334', 'user_domain_id': 'default', 'user_domain_name': 'Default', 'user_id': '63f6de468a194be5b49e3bfc2d692c90', 'system': None}, Network: None, Subnet: None, Router: None
2025-11-20 12:28:48.751 66626 INFO tempest.lib.common.rest_client [req-0bc62e54-bc17-4f62-855e-76c6bf8abd75 req-0bc62e54-bc17-4f62-855e-76c6bf8abd75 ] Request (ServicesAdminTestJSON:setUpClass): 204 PUT http://10.180.1.21/identity/v3/projects/dac8320d07714f54bd28ee6de4513928/users/143294732b6a46aa8f12704d0e740347/roles/81f84213e82844b9aab10206df5f999b 0.455s
2025-11-20 12:28:48.752 66626 INFO tempest.lib.common.dynamic_creds [-] Dynamic test user 143294732b6a46aa8f12704d0e740347 is created with scope project and roles: ['admin']
2025-11-20 12:28:48.752 66626 INFO tempest.lib.common.dynamic_creds [-] Acquired dynamic creds: credentials: Credentials: {'domain_id': 'default', 'domain_name': 'Default', 'username': 'tempest-ServicesAdminTestJSON-369953567-project-admin', 'project_domain_id': 'default', 'project_domain_name': 'Default', 'project_id': 'dac8320d07714f54bd28ee6de4513928', 'project_name': 'tempest-ServicesAdminTestJSON-369953567', 'tenant_id': 'dac8320d07714f54bd28ee6de4513928', 'tenant_name': 'tempest-ServicesAdminTestJSON-369953567', 'user_domain_id': 'default', 'user_domain_name': 'Default', 'user_id': '143294732b6a46aa8f12704d0e740347', 'system': None}, Network: None, Subnet: None, Router: None
2025-11-20 12:28:48.752 66626 INFO tempest.lib.common.dynamic_creds [-] Created isolated network resources for: credentials: Credentials: {'domain_id': 'default', 'domain_name': 'Default', 'username': 'tempest-ServicesAdminTestJSON-369953567-project-admin', 'project_domain_id': 'default', 'project_domain_name': 'Default', 'project_id': 'dac8320d07714f54bd28ee6de4513928', 'project_name': 'tempest-ServicesAdminTestJSON-369953567', 'tenant_id': 'dac8320d07714f54bd28ee6de4513928', 'tenant_name': 'tempest-ServicesAdminTestJSON-369953567', 'user_domain_id': 'default', 'user_domain_name': 'Default', 'user_id': '143294732b6a46aa8f12704d0e740347', 'system': None}, Network: None, Subnet: None, Router: None
2025-11-20 12:28:48.795 66664 INFO tempest.lib.common.rest_client [req-0888d04b-4ae5-4f99-84b8-38aa365ba361 req-0888d04b-4ae5-4f99-84b8-38aa365ba361 ] Request (HypervisorAdminUnderV252Test:setUpClass): 201 POST http://10.180.1.21/identity/v3/auth/tokens 0.496s
2025-11-20 12:28:48.799 66646 INFO tempest.lib.common.rest_client [req-e76e2c6f-9dd2-44d1-a119-fde5ecd2288d req-e76e2c6f-9dd2-44d1-a119-fde5ecd2288d ] Request (FlavorsExtraSpecsNegativeTestJSON:setUpClass): 201 POST http://10.180.1.21/identity/v3/auth/tokens 0.494s
2025-11-20 12:28:48.808 66655 INFO tempest.lib.common.rest_client [req-a85ee8b0-b997-4831-a17f-abe721331d14 req-a85ee8b0-b997-4831-a17f-abe721331d14 ] Request (ServicesAdminNegativeTestJSON:setUpClass): 204 PUT http://10.180.1.21/identity/v3/projects/298a0a37304b4112a66427dceaf58f90/users/c1df3fcece264b919958e2422c9d30a2/roles/81f84213e82844b9aab10206df5f999b 0.488s
2025-11-20 12:28:48.808 66655 INFO tempest.lib.common.dynamic_creds [-] Dynamic test user c1df3fcece264b919958e2422c9d30a2 is created with scope project and roles: ['admin']
2025-11-20 12:28:48.809 66655 INFO tempest.lib.common.dynamic_creds [-] Acquired dynamic creds: credentials: Credentials: {'domain_id': 'default', 'domain_name': 'Default', 'username': 'tempest-ServicesAdminNegativeTestJSON-773889394-project-admin', 'project_domain_id': 'default', 'project_domain_name': 'Default', 'project_id': '298a0a37304b4112a66427dceaf58f90', 'project_name': 'tempest-ServicesAdminNegativeTestJSON-773889394', 'tenant_id': '298a0a37304b4112a66427dceaf58f90', 'tenant_name': 'tempest-ServicesAdminNegativeTestJSON-773889394', 'user_domain_id': 'default', 'user_domain_name': 'Default', 'user_id': 'c1df3fcece264b919958e2422c9d30a2', 'system': None}, Network: None, Subnet: None, Router: None
2025-11-20 12:28:48.809 66655 INFO tempest.lib.common.dynamic_creds [-] Created isolated network resources for: credentials: Credentials: {'domain_id': 'default', 'domain_name': 'Default', 'username': 'tempest-ServicesAdminNegativeTestJSON-773889394-project-admin', 'project_domain_id': 'default', 'project_domain_name': 'Default', 'project_id': '298a0a37304b4112a66427dceaf58f90', 'project_name': 'tempest-ServicesAdminNegativeTestJSON-773889394', 'tenant_id': '298a0a37304b4112a66427dceaf58f90', 'tenant_name': 'tempest-ServicesAdminNegativeTestJSON-773889394', 'user_domain_id': 'default', 'user_domain_name': 'Default', 'user_id': 'c1df3fcece264b919958e2422c9d30a2', 'system': None}, Network: None, Subnet: None, Router: None
2025-11-20 12:28:48.818 66612 INFO tempest.lib.common.rest_client [req-d90fb3f4-dbab-4aa0-a975-f57257d69c28 req-d90fb3f4-dbab-4aa0-a975-f57257d69c28 ] Request (HypervisorAdminNegativeUnderV252Test:setUpClass): 201 POST http://10.180.1.21/identity/v3/users 0.494s
2025-11-20 12:28:48.854 66658 INFO tempest.lib.common.rest_client [req-c3d06b45-5439-4f2e-b134-99dd577112af req-c3d06b45-5439-4f2e-b134-99dd577112af ] Request (FlavorsV255TestJSON:setUpClass): 201 POST http://10.180.1.21/identity/v3/auth/tokens 0.484s
2025-11-20 12:28:48.865 66660 INFO tempest.lib.common.rest_client [req-15b66355-00ea-4cab-b394-155757ed4348 req-15b66355-00ea-4cab-b394-155757ed4348 ] Request (SecurityGroupsNegativeTestJSON:setUpClass): 201 POST http://10.180.1.21/identity/v3/auth/tokens 0.491s
2025-11-20 12:28:48.873 66656 INFO tempest.lib.common.rest_client [req-823f5e69-013c-4de6-9ddb-63c97f687c3c req-823f5e69-013c-4de6-9ddb-63c97f687c3c ] Request (QuotasAdminNegativeTest:setUpClass): 201 POST http://10.180.1.21/identity/v3/users 0.482s
2025-11-20 12:28:48.882 66666 INFO tempest.lib.common.rest_client [req-8bc12926-c26f-4a57-95cd-1b177d8e3f56 req-8bc12926-c26f-4a57-95cd-1b177d8e3f56 ] Request (AZAdminNegativeTestJSON:setUpClass): 200 GET http://10.180.1.21/identity/v3/domains?name=Default 0.490s
2025-11-20 12:28:48.892 66640 INFO tempest.lib.common.rest_client [req-465e575b-735e-46c3-b4a1-3b31903863dc req-465e575b-735e-46c3-b4a1-3b31903863dc ] Request (HostsAdminNegativeTestJSON:setUpClass): 201 POST http://10.180.1.21/identity/v3/users 0.450s
2025-11-20 12:28:48.899 66620 INFO tempest.lib.common.rest_client [req-ac045eae-76d9-4963-b3ef-1f28d5bb5cb7 req-ac045eae-76d9-4963-b3ef-1f28d5bb5cb7 ] Request (ServicesAdminNegativeV253TestJSON:setUpClass): 201 POST http://10.180.1.21/identity/v3/users 0.406s
2025-11-20 12:28:48.913 66669 INFO tempest.lib.common.rest_client [req-34af744e-3224-45c6-87fe-85d3dd9bac9d req-34af744e-3224-45c6-87fe-85d3dd9bac9d ] Request (ServerDiagnosticsNegativeTest:setUpClass): 201 POST http://10.180.1.21/identity/v3/auth/tokens 0.372s
2025-11-20 12:28:48.917 66630 INFO tempest.lib.common.rest_client [req-16a5d4c1-6e43-4895-83e8-33e3ce79bb73 req-16a5d4c1-6e43-4895-83e8-33e3ce79bb73 ] Request (HypervisorAdminTestJSON:setUpClass): 200 GET http://10.180.1.21/identity/v3/domains?name=Default 0.361s
2025-11-20 12:28:48.933 66642 INFO tempest.lib.common.rest_client [req-cdf0293a-58aa-454f-808e-16d68339b1d4 req-cdf0293a-58aa-454f-808e-16d68339b1d4 ] Request (QuotaClassesAdminTestJSON:setUpClass): 200 GET http://10.180.1.21/identity/v3/domains?name=Default 0.373s
2025-11-20 12:28:48.937 66636 INFO tempest.lib.common.rest_client [req-3ba08ac2-6a11-4a45-8553-94d15559145b req-3ba08ac2-6a11-4a45-8553-94d15559145b ] Request (FlavorsAccessNegativeTestJSON:setUpClass): 201 POST http://10.180.1.21/identity/v3/auth/tokens 0.359s
2025-11-20 12:28:48.952 66670 INFO tempest.lib.common.rest_client [req-65242aaf-26bf-43ee-beb7-48e0fd07cb93 req-65242aaf-26bf-43ee-beb7-48e0fd07cb93 ] Request (FlavorsAdminTestJSON:setUpClass): 201 POST http://10.180.1.21/identity/v3/auth/tokens 0.370s
2025-11-20 12:28:48.955 66622 INFO tempest.lib.common.rest_client [req-c02e2023-002f-4424-9d71-9c0517d27d74 req-c02e2023-002f-4424-9d71-9c0517d27d74 ] Request (ServerDiskConfigTestJSON:setUpClass): 200 GET http://10.180.1.21/identity/v3/domains?name=Default 0.358s
2025-11-20 12:28:48.973 66662 INFO tempest.lib.common.rest_client [req-ac0abb1c-74c1-4cf4-b3e8-2f9f0501fd1c req-ac0abb1c-74c1-4cf4-b3e8-2f9f0501fd1c ] Request (QuotasSecurityGroupAdminNegativeTest:setUpClass): 200 GET http://10.180.1.21/identity/v3/domains?name=Default 0.372s
2025-11-20 12:28:48.976 66673 INFO tempest.lib.common.rest_client [req-d5e3a53c-c533-4f7e-8084-6b79a045eb12 req-d5e3a53c-c533-4f7e-8084-6b79a045eb12 ] Request (ImagesNegativeTestJSON:setUpClass): 201 POST http://10.180.1.21/identity/v3/auth/tokens 0.356s
2025-11-20 12:28:48.991 66616 INFO tempest.lib.common.rest_client [req-32176a74-76d7-4607-91ab-8eb19502c028 req-32176a74-76d7-4607-91ab-8eb19502c028 ] Request (FlavorsAccessTestJSON:setUpClass): 200 GET http://10.180.1.21/identity/v3/domains?name=Default 0.369s
2025-11-20 12:28:48.996 66644 INFO tempest.lib.common.rest_client [req-22521bab-16c9-43f2-ba6d-6a5c7ab03c71 req-22521bab-16c9-43f2-ba6d-6a5c7ab03c71 ] Request (VolumesAssistedSnapshotsTest:setUpClass): 201 POST http://10.180.1.21/identity/v3/auth/tokens 0.356s
2025-11-20 12:28:49.019 66628 INFO tempest.lib.common.rest_client [req-f51c0108-e536-466f-825a-5ac3e3146357 req-f51c0108-e536-466f-825a-5ac3e3146357 ] Request (FlavorMetadataValidation:setUpClass): 201 POST http://10.180.1.21/identity/v3/auth/tokens 0.358s
2025-11-20 12:28:49.042 66632 INFO tempest.lib.common.rest_client [req-0238e3ff-837d-4357-b302-54b1243b4a0b req-0238e3ff-837d-4357-b302-54b1243b4a0b ] Request (QuotasAdminTestJSON:setUpClass): 201 POST http://10.180.1.21/identity/v3/auth/tokens 0.376s
2025-11-20 12:28:49.054 66618 INFO tempest.lib.common.rest_client [req-d17adc6a-949f-42fe-897e-628323252d3d req-d17adc6a-949f-42fe-897e-628323252d3d ] Request (AggregatesAdminNegativeTestJSON:setUpClass): 201 POST http://10.180.1.21/identity/v3/auth/tokens 0.374s
2025-11-20 12:28:49.059 66634 INFO tempest.lib.common.rest_client [req-59b4433f-f8d1-4e80-93c9-306c9fda6295 req-59b4433f-f8d1-4e80-93c9-306c9fda6295 ] Request (HypervisorAdminNegativeTestJSON:setUpClass): 200 GET http://10.180.1.21/identity/v3/roles 0.372s
2025-11-20 12:28:49.080 66675 INFO tempest.lib.common.rest_client [req-471b0f94-b19f-451f-a6a7-f9afab731c86 req-471b0f94-b19f-451f-a6a7-f9afab731c86 ] Request (KeyPairsV22TestJSON:setUpClass): 201 POST http://10.180.1.21/identity/v3/auth/tokens 0.380s
2025-11-20 12:28:49.082 66624 INFO tempest.lib.common.rest_client [req-3b2b33da-f003-4f39-8e60-c0c6be4e789d req-3b2b33da-f003-4f39-8e60-c0c6be4e789d ] Request (InstanceUsageAuditLogTestJSON:setUpClass): 200 GET http://10.180.1.21/identity/v3/domains?name=Default 0.374s
2025-11-20 12:28:49.102 66652 INFO tempest.lib.common.rest_client [req-81318595-0fd2-4148-8215-12441367afbe req-81318595-0fd2-4148-8215-12441367afbe ] Request (QuotaClassesAdmin257Test:setUpClass): 201 POST http://10.180.1.21/identity/v3/auth/tokens 0.382s
2025-11-20 12:28:49.104 66650 INFO tempest.lib.common.rest_client [req-a5e3faec-5f3c-493c-9496-a52f056b0ed0 req-a5e3faec-5f3c-493c-9496-a52f056b0ed0 ] Request (FloatingIPDetailsNegativeTestJSON:setUpClass): 201 POST http://10.180.1.21/identity/v3/auth/tokens 0.372s
2025-11-20 12:28:49.123 66648 INFO tempest.lib.common.rest_client [req-7f5e39bc-ac12-43be-af66-d056abe0320c req-7f5e39bc-ac12-43be-af66-d056abe0320c ] Request (DeleteServersAdminTestJSON:setUpClass): 201 POST http://10.180.1.21/identity/v3/auth/tokens 0.382s
2025-11-20 12:28:49.165 66614 INFO tempest.lib.common.rest_client [req-d9e4f3b7-e10b-457b-b75c-b065353c6aab req-d9e4f3b7-e10b-457b-b75c-b065353c6aab ] Request (FlavorsV2TestJSON:setUpClass): 201 POST http://10.180.1.21/identity/v3/auth/tokens 0.407s
2025-11-20 12:28:49.171 66638 INFO tempest.lib.common.rest_client [req-a4719a19-b92b-4003-b0ae-cbba62c7f620 req-a4719a19-b92b-4003-b0ae-cbba62c7f620 ] Request (FlavorsExtraSpecsTestJSON:tearDownClass): 200 GET http://10.180.1.21/networking/v2.0/security-groups?tenant_id=43126427a36e41289151dd04ea24747b&name=default 0.529s
2025-11-20 12:28:49.182 66626 INFO tempest.lib.common.rest_client [req-cf64fe90-ad54-430c-b424-c508e5bf6f3d req-cf64fe90-ad54-430c-b424-c508e5bf6f3d ] Request (ServicesAdminTestJSON:setUpClass): 201 POST http://10.180.1.21/identity/v3/auth/tokens 0.424s
2025-11-20 12:28:49.191 66664 INFO tempest.lib.common.rest_client [req-ada36403-813f-4808-9988-375ba4a485ea req-ada36403-813f-4808-9988-375ba4a485ea ] Request (HypervisorAdminUnderV252Test:setUpClass): 201 POST http://10.180.1.21/identity/v3/auth/tokens 0.392s
2025-11-20 12:28:49.203 66646 INFO tempest.lib.common.rest_client [req-dedc4633-7e29-4484-9326-6550ed7f794d req-dedc4633-7e29-4484-9326-6550ed7f794d ] Request (FlavorsExtraSpecsNegativeTestJSON:setUpClass): 200 GET http://10.180.1.21/identity/v3/domains?name=Default 0.403s
2025-11-20 12:28:49.219 66612 INFO tempest.lib.common.rest_client [req-7c9c0f68-7b2f-43ad-9a99-9b1a59a8d5e1 req-7c9c0f68-7b2f-43ad-9a99-9b1a59a8d5e1 ] Request (HypervisorAdminNegativeUnderV252Test:setUpClass): 200 GET http://10.180.1.21/identity/v3/roles 0.401s
2025-11-20 12:28:49.238 66658 INFO tempest.lib.common.rest_client [req-5cdda910-39db-43b7-a628-986f2cd88e61 req-5cdda910-39db-43b7-a628-986f2cd88e61 ] Request (FlavorsV255TestJSON:setUpClass): 200 GET http://10.180.1.21/identity/v3/domains?name=Default 0.383s
2025-11-20 12:28:49.249 66655 INFO tempest.lib.common.rest_client [req-7dd92c4f-c229-4961-b73d-c9263634fa99 req-7dd92c4f-c229-4961-b73d-c9263634fa99 ] Request (ServicesAdminNegativeTestJSON:setUpClass): 201 POST http://10.180.1.21/identity/v3/auth/tokens 0.437s
2025-11-20 12:28:49.257 66660 INFO tempest.lib.common.rest_client [req-3d28c3a8-5f15-4f01-b8a5-24e9d15c294b req-3d28c3a8-5f15-4f01-b8a5-24e9d15c294b ] Request (SecurityGroupsNegativeTestJSON:setUpClass): 200 GET http://10.180.1.21/identity/v3/domains?name=Default 0.391s
2025-11-20 12:28:49.259 66638 INFO tempest.lib.common.rest_client [req-52b8b28f-75dc-4d52-ac77-ddf9631c9319 req-52b8b28f-75dc-4d52-ac77-ddf9631c9319 ] Request (FlavorsExtraSpecsTestJSON:tearDownClass): 204 DELETE http://10.180.1.21/networking/v2.0/security-groups/8119cf5e-0abc-4f35-90b9-c2e083cf947d 0.088s
2025-11-20 12:28:49.268 66656 INFO tempest.lib.common.rest_client [req-3eca9ce7-5757-43ed-a5f9-88e86c89a63f req-3eca9ce7-5757-43ed-a5f9-88e86c89a63f ] Request (QuotasAdminNegativeTest:setUpClass): 200 GET http://10.180.1.21/identity/v3/roles 0.394s
2025-11-20 12:28:49.279 66666 INFO tempest.lib.common.rest_client [req-696844a2-d5f7-412a-ab7c-6d949983b597 req-696844a2-d5f7-412a-ab7c-6d949983b597 ] Request (AZAdminNegativeTestJSON:setUpClass): 201 POST http://10.180.1.21/identity/v3/projects 0.395s
2025-11-20 12:28:49.282 66640 INFO tempest.lib.common.rest_client [req-3176c42e-e78a-40b8-8ead-2797c6bc63c5 req-3176c42e-e78a-40b8-8ead-2797c6bc63c5 ] Request (HostsAdminNegativeTestJSON:setUpClass): 200 GET http://10.180.1.21/identity/v3/roles 0.389s
2025-11-20 12:28:49.320 66620 INFO tempest.lib.common.rest_client [req-9a09271f-9c12-45b5-856e-89322ea7ab8c req-9a09271f-9c12-45b5-856e-89322ea7ab8c ] Request (ServicesAdminNegativeV253TestJSON:setUpClass): 200 GET http://10.180.1.21/identity/v3/roles 0.420s
