2025-11-21 23:07:45.314 66274 INFO tempest.lib.common.dynamic_creds [-] Created isolated network resources for: credentials: Credentials: {'domain_id': 'default', 'domain_name': 'Default', 'username': 'tempest-MultipleCreateNegativeTestJSON-1460445444-project-member', 'project_domain_id': 'default', 'project_domain_name': 'Default', 'project_id': 'fb035c5223c945b79c77e0b5dfb1889b', 'project_name': 'tempest-MultipleCreateNegativeTestJSON-1460445444', 'tenant_id': 'fb035c5223c945b79c77e0b5dfb1889b', 'tenant_name': 'tempest-MultipleCreateNegativeTestJSON-1460445444', 'user_domain_id': 'default', 'user_domain_name': 'Default', 'user_id': '8339000e248347568b32dcbd073eb0a2', 'system': None}, Network: None, Subnet: None, Router: None
2025-11-21 23:07:45.389 66274 INFO tempest.lib.common.rest_client [req-5beddd8e-cc90-4e84-b4eb-a35f6621603d req-5beddd8e-cc90-4e84-b4eb-a35f6621603d ] Request (MultipleCreateNegativeTestJSON:setUpClass): 201 POST http://10.180.1.21/identity/v3/auth/tokens 0.071s
2025-11-21 23:07:45.432 66274 INFO tempest.lib.common.rest_client [req-c62767f7-8353-48e2-b38d-498283cbae3f req-c62767f7-8353-48e2-b38d-498283cbae3f ] Request (MultipleCreateNegativeTestJSON:test_max_count_less_than_min_count): 201 POST http://10.180.1.21/identity/v3/auth/tokens 0.036s
2025-11-21 23:07:45.433 66274 INFO tempest.lib.common.fixed_network [-] (MultipleCreateNegativeTestJSON:test_max_count_less_than_min_count) Found network None available for tenant
2025-11-21 23:07:45.901 66266 INFO tempest.lib.common.rest_client [req-e2ab923a-6b90-4af3-b27d-d2af7242e107 req-e2ab923a-6b90-4af3-b27d-d2af7242e107 ] Request (ServerActionsTestJSON:setUpClass): 201 POST http://10.180.1.21/networking/v2.0/routers 1.013s
2025-11-21 23:07:46.208 66296 INFO tempest.lib.common.rest_client [req-11036894-0ea0-44e1-9717-5cbbb2faeeb2 req-11036894-0ea0-44e1-9717-5cbbb2faeeb2 ] Request (ServerAddressesNegativeTestJSON:setUpClass): 202 POST http://10.180.1.21/compute/v2.1/servers 6.425s
2025-11-21 23:07:46.269 66308 INFO tempest.lib.common.rest_client [req-5644f8ef-2da6-4e3d-aad2-fd08ff578115 req-5644f8ef-2da6-4e3d-aad2-fd08ff578115 ] Request (ServersWithSpecificFlavorTestJSON:test_verify_created_server_ephemeral_disk): 200 GET http://10.180.1.21/compute/v2.1/servers/463d8b7a-0a65-49c8-9c37-dac8402e141f 5.312s
2025-11-21 23:07:46.278 66308 INFO tempest.common.waiters [-] State transition "BUILD/None" ==> "BUILD/block_device_mapping" after 42 second wait
2025-11-21 23:07:46.311 66250 INFO tempest.lib.common.rest_client [req-88214c0a-bffb-4883-94c0-3a73f5372a34 req-88214c0a-bffb-4883-94c0-3a73f5372a34 ] Request (ServerGroupTestJSON:test_create_server_with_scheduler_hint_group): 200 GET http://10.180.1.21/compute/v2.1/os-server-groups/2187d835-7965-49e6-8dd3-7a7e4777460d 5.291s
2025-11-21 23:07:46.393 66264 INFO tempest.lib.common.rest_client [req-a34e3d9e-3685-4992-b6e8-f262cb5dad4e req-a34e3d9e-3685-4992-b6e8-f262cb5dad4e ] Request (ImagesOneServerNegativeTestJSON:_run_cleanups): 200 GET http://10.180.1.21/compute/v2.1/servers/a00558d3-80bd-4458-b5d4-a1f9eb043e3e 5.392s
2025-11-21 23:07:46.481 66246 INFO tempest.lib.common.rest_client [req-e4bcc66f-f4d9-4327-be46-12813b969093 req-e4bcc66f-f4d9-4327-be46-12813b969093 ] Request (ListImageFiltersTestJSON:setUpClass): 200 GET http://10.180.1.21/compute/v2.1/servers/56952b61-5f1f-47f8-bc65-a71bcb9ed5c9 5.378s
2025-11-21 23:07:46.591 66292 WARNING tempest.lib.common.ssh [-] Failed to establish authenticated ssh connection to cirros@10.180.180.128 ([Errno None] Unable to connect to port 22 on 10.180.180.128). Number attempts: 8. Retry after 9 seconds.: paramiko.ssh_exception.NoValidConnectionsError: [Errno None] Unable to connect to port 22 on 10.180.180.128
2025-11-21 23:07:47.110 66266 INFO tempest.lib.common.rest_client [req-71cc9362-0f67-4635-a30e-21201a260455 req-71cc9362-0f67-4635-a30e-21201a260455 ] Request (ServerActionsTestJSON:setUpClass): 200 PUT http://10.180.1.21/networking/v2.0/routers/dfa534b8-4726-4711-8597-50c93ed0dcbd/add_router_interface 1.209s
2025-11-21 23:07:47.111 66266 INFO tempest.lib.common.dynamic_creds [-] Created isolated network resources for: credentials: Credentials: {'domain_id': 'default', 'domain_name': 'Default', 'username': 'tempest-ServerActionsTestJSON-384184059-project-member', 'project_domain_id': 'default', 'project_domain_name': 'Default', 'project_id': '86de8593612043649982a94c68acf2f3', 'project_name': 'tempest-ServerActionsTestJSON-384184059', 'tenant_id': '86de8593612043649982a94c68acf2f3', 'tenant_name': 'tempest-ServerActionsTestJSON-384184059', 'user_domain_id': 'default', 'user_domain_name': 'Default', 'user_id': 'de13cb20ef734d659f62ff65202ab454', 'system': None}, Network: {'id': '63702d11-d98e-495d-a875-d2b3a996a3d8', 'name': 'tempest-ServerActionsTestJSON-955291215-network', 'tenant_id': '86de8593612043649982a94c68acf2f3', 'project_id': '86de8593612043649982a94c68acf2f3', 'admin_state_up': True, 'mtu': 8950, 'status': 'ACTIVE', 'subnets': [], 'shared': False, 'port_security_enabled': True, 'router:external': False, 'provider:network_type': 'vlan', 'provider:physical_network': 'default', 'provider:segmentation_id': 100, 'availability_zone_hints': [], 'availability_zones': [], 'ipv4_address_scope': None, 'ipv6_address_scope': None, 'description': '', 'tags': [], 'created_at': '2025-11-21T23:07:44Z', 'updated_at': '2025-11-21T23:07:44Z', 'revision_number': 1}, Subnet: {'id': '81f2b3d6-e186-453e-8bf4-4a9d6e58c790', 'name': 'tempest-ServerActionsTestJSON-955291215-subnet', 'tenant_id': '86de8593612043649982a94c68acf2f3', 'network_id': '63702d11-d98e-495d-a875-d2b3a996a3d8', 'ip_version': 4, 'subnetpool_id': None, 'enable_dhcp': True, 'ipv6_ra_mode': None, 'ipv6_address_mode': None, 'gateway_ip': '192.168.128.1', 'cidr': '192.168.128.0/28', 'allocation_pools': [{'start': '192.168.128.2', 'end': '192.168.128.14'}], 'host_routes': [], 'dns_nameservers': [], 'description': '', 'router:external': False, 'service_types': [], 'tags': [], 'created_at': '2025-11-21T23:07:44Z', 'updated_at': '2025-11-21T23:07:44Z', 'revision_number': 0, 'project_id': '86de8593612043649982a94c68acf2f3'}, Router: {'id': 'dfa534b8-4726-4711-8597-50c93ed0dcbd', 'name': 'tempest-ServerActionsTestJSON-955291215-router', 'tenant_id': '86de8593612043649982a94c68acf2f3', 'admin_state_up': True, 'status': 'ACTIVE', 'external_gateway_info': {'network_id': 'bfd456b0-9fdc-40c0-9533-e2810e5fe000', 'external_fixed_ips': [{'subnet_id': '5087f17e-9ba2-4159-8c65-65800efe731d', 'ip_address': '10.180.180.230'}], 'enable_snat': True}, 'description': '', 'availability_zones': [], 'distributed': False, 'ha': False, 'availability_zone_hints': [], 'routes': [], 'flavor_id': None, 'tags': [], 'created_at': '2025-11-21T23:07:45Z', 'updated_at': '2025-11-21T23:07:45Z', 'revision_number': 2, 'project_id': '86de8593612043649982a94c68acf2f3'}
2025-11-21 23:07:47.148 66272 INFO tempest.lib.common.rest_client [req-2d2a01f6-0f79-4c7e-a77d-475496065139 req-2d2a01f6-0f79-4c7e-a77d-475496065139 ] Request (MultipleCreateTestJSON:test_multiple_create): 200 GET http://10.180.1.21/compute/v2.1/servers/54f36b38-4e9c-4ea5-8549-673f6c231809 5.554s
2025-11-21 23:07:47.238 66266 INFO tempest.lib.common.rest_client [req-a4b84c4a-ab16-4a78-8314-ad848be27402 req-a4b84c4a-ab16-4a78-8314-ad848be27402 ] Request (ServerActionsTestJSON:setUpClass): 201 POST http://10.180.1.21/identity/v3/auth/tokens 0.120s
2025-11-21 23:07:47.439 66256 INFO tempest.lib.common.rest_client [req-c71c91ae-6423-4766-9cc9-ba2fecb88f4f req-c71c91ae-6423-4766-9cc9-ba2fecb88f4f ] Request (MigrationsAdminTest:test_list_migrations_in_flavor_resize_situation): 200 GET http://10.180.1.21/compute/v2.1/servers/5fbbfac5-3747-44c6-a3d9-048136d5c055 5.680s
2025-11-21 23:07:47.553 66258 INFO tempest.lib.common.rest_client [req-4f98a7c8-bd3d-485f-a695-a1d53647f12a req-4f98a7c8-bd3d-485f-a695-a1d53647f12a ] Request (DeleteServersTestJSON:test_delete_server_while_in_building_state): 202 POST http://10.180.1.21/compute/v2.1/servers 6.284s
2025-11-21 23:07:47.579 66290 INFO tempest.lib.common.rest_client [req-4d61a1de-7d64-4137-b03c-014ff0482567 req-4d61a1de-7d64-4137-b03c-014ff0482567 ] Request (ImagesDeleteNegativeTestJSON:test_delete_image_with_invalid_image_id): 404 DELETE http://10.180.1.21/compute/v2.1/images/tempest-invalid-461835338 5.453s
2025-11-21 23:07:47.709 66304 INFO tempest.lib.common.rest_client [req-764a2a2c-7902-404a-8648-f02080ef210f req-764a2a2c-7902-404a-8648-f02080ef210f ] Request (ServerActionsTestOtherB:test_create_backup): 200 GET http://10.180.1.21/compute/v2.1/servers/a9a7b0d1-809c-4ef8-bbc4-5786bf23d4bd 5.598s
2025-11-21 23:07:47.729 66294 INFO tempest.lib.common.rest_client [req-01c697ac-692d-4b9d-bd5d-d8fbf9637463 req-01c697ac-692d-4b9d-bd5d-d8fbf9637463 ] Request (ImagesOneServerTestJSON:setUpClass): 200 GET http://10.180.1.21/compute/v2.1/servers/faa9102b-7a90-41c5-8294-59785fbffd84 5.588s
2025-11-21 23:07:47.806 66278 INFO tempest.lib.common.rest_client [req-bf44e9a5-1377-47a7-81ae-ea57d4515685 req-bf44e9a5-1377-47a7-81ae-ea57d4515685 ] Request (ServerMetadataNegativeTestJSON:setUpClass): 200 GET http://10.180.1.21/compute/v2.1/servers/74a7a33a-ae62-45a6-b8ac-65463f7d10ba 5.297s
2025-11-21 23:07:48.000 66282 INFO tempest.lib.common.rest_client [req-675f3ed1-276e-4c6b-b9fe-253d47472541 req-675f3ed1-276e-4c6b-b9fe-253d47472541 ] Request (ImagesTestJSON:test_create_image_from_stopped_server): 200 GET http://10.180.1.21/compute/v2.1/servers/769d6ad2-e4aa-40ed-878e-494397f6a7ca 5.255s
2025-11-21 23:07:48.013 66282 INFO tempest.common.waiters [-] State transition "BUILD/networking" ==> "BUILD/spawning" after 53 second wait
2025-11-21 23:07:48.028 66268 INFO tempest.lib.common.rest_client [req-94266476-dcb9-4246-bbfe-9934fc8c39c6 req-94266476-dcb9-4246-bbfe-9934fc8c39c6 ] Request (FloatingIPsAssociationTestJSON:test_associate_already_associated_floating_ip): 200 GET http://10.180.1.21/compute/v2.1/servers/8492b439-7227-4f11-9437-bec4f0046113 4.903s
2025-11-21 23:07:48.065 66254 INFO tempest.lib.common.rest_client [req-0faa6efd-45a6-45cd-b71d-584ee0a7686e req-0faa6efd-45a6-45cd-b71d-584ee0a7686e ] Request (SecurityGroupsTestJSON:test_server_security_groups): 200 GET http://10.180.1.21/compute/v2.1/servers/9d967bb3-ca02-45b4-a7eb-b92bc25e201f 4.916s
2025-11-21 23:07:48.136 66280 INFO tempest.lib.common.rest_client [req-91b36158-cb80-430b-97cb-ec6b7dfb5a71 req-91b36158-cb80-430b-97cb-ec6b7dfb5a71 ] Request (ServerRescueNegativeTestJSON:setUpClass): 200 POST http://10.180.1.21/compute/v2.1/servers/b48a9491-473a-4442-89d7-1eb79b05fc5f/action 4.798s
2025-11-21 23:07:48.176 66306 INFO tempest.lib.common.rest_client [req-cba99cb9-354d-4746-ba15-65e7d3f1de27 req-cba99cb9-354d-4746-ba15-65e7d3f1de27 ] Request (ServersAdminNegativeTestJSON:test_migrate_server_invalid_state): 200 GET http://10.180.1.21/compute/v2.1/servers/c236f7a3-276e-4c84-8c52-fcbff4af3212 4.127s
2025-11-21 23:07:48.183 66306 INFO tempest.common.waiters [-] State transition "BUILD/None" ==> "BUILD/spawning" after 42 second wait
2025-11-21 23:07:48.256 66288 INFO tempest.lib.common.rest_client [req-17ae6871-1e02-4c4d-b550-02fc023fd690 req-17ae6871-1e02-4c4d-b550-02fc023fd690 ] Request (ListServersNegativeTestJSON:setUpClass): 200 GET http://10.180.1.21/compute/v2.1/servers/3403d08d-7adb-4d42-aee6-9d8c3ace73f1 3.584s
2025-11-21 23:07:48.327 66260 INFO tempest.lib.common.rest_client [req-372d0f4c-061d-4b00-a3bd-666da3598b62 req-372d0f4c-061d-4b00-a3bd-666da3598b62 ] Request (ServersAdminTestJSON:_run_cleanups): 202 POST http://10.180.1.21/compute/v2.1/servers/f8f61992-a182-42c2-9968-e62639d35423/action 4.089s
2025-11-21 23:07:48.540 66270 INFO tempest.lib.common.rest_client [req-17f714b5-be86-41c3-b29e-30408d6c6b0f req-17f714b5-be86-41c3-b29e-30408d6c6b0f ] Request (AttachInterfacesV270Test:tearDownClass): 200 GET http://10.180.1.21/compute/v2.1/servers/99e161ce-10c2-410b-b176-5ec5abbb7672 3.706s
2025-11-21 23:07:48.577 66286 INFO tempest.lib.common.rest_client [req-510ea7fa-a1dd-4558-8afc-39d0f50b9cd1 req-510ea7fa-a1dd-4558-8afc-39d0f50b9cd1 ] Request (ServersTestMultiNic:test_verify_duplicate_network_nics): 200 GET http://10.180.1.21/compute/v2.1/servers/8893416e-5e71-4627-8ad8-b2a0f90f812d 3.852s
2025-11-21 23:07:48.658 66274 INFO tempest.lib.common.rest_client [req-874940d5-4d27-4335-8ad7-7b0a444a4104 req-874940d5-4d27-4335-8ad7-7b0a444a4104 ] Request (MultipleCreateNegativeTestJSON:test_max_count_less_than_min_count): 400 POST http://10.180.1.21/compute/v2.1/servers 3.225s
2025-11-21 23:07:48.683 66302 INFO tempest.lib.common.rest_client [req-31f04960-88b8-485a-885e-00effbcb34b8 req-31f04960-88b8-485a-885e-00effbcb34b8 ] Request (VolumesAssistedSnapshotsTest:tearDownClass): 404 GET http://10.180.1.21/compute/v2.1/servers/70e3430b-9df6-452f-9bd2-1d5d7bfff8ee 2.600s
2025-11-21 23:07:48.695 66274 INFO tempest.lib.common.rest_client [req-beabab6e-3da6-4593-891e-ba42827d3d76 req-beabab6e-3da6-4593-891e-ba42827d3d76 ] Request (MultipleCreateNegativeTestJSON:test_max_count_less_than_one): 201 POST http://10.180.1.21/identity/v3/auth/tokens 0.033s
2025-11-21 23:07:48.696 66274 INFO tempest.lib.common.fixed_network [-] (MultipleCreateNegativeTestJSON:test_max_count_less_than_one) Found network None available for tenant
2025-11-21 23:07:48.701 66248 INFO tempest.lib.common.rest_client [req-1ac156e9-3ec3-4298-b574-3eb881357b30 req-1ac156e9-3ec3-4298-b574-3eb881357b30 ] Request (AttachInterfacesTestJSON:test_create_list_show_delete_interfaces_by_fixed_ip): 200 GET http://10.180.1.21/compute/v2.1/servers/9d47bd3e-149b-4e98-9393-f48f1c9d14ac 3.016s
2025-11-21 23:07:48.763 66296 INFO tempest.lib.common.rest_client [req-39d07bd3-796a-4a3c-bbc4-e2b211ce0a25 req-39d07bd3-796a-4a3c-bbc4-e2b211ce0a25 ] Request (ServerAddressesNegativeTestJSON:setUpClass): 200 GET http://10.180.1.21/compute/v2.1/servers/17144923-8f3a-4e3b-8fd7-cb519a6ffbe5 2.553s
2025-11-21 23:07:48.820 66250 INFO tempest.lib.common.rest_client [req-4152ac2c-3e96-4953-99d9-dd9db26cdc12 req-4152ac2c-3e96-4953-99d9-dd9db26cdc12 ] Request (ServerGroupTestJSON:_run_cleanups): 204 DELETE http://10.180.1.21/compute/v2.1/servers/305ed527-0b24-4e33-ac0a-3fe96b1763fe 2.508s
2025-11-21 23:07:48.916 66266 INFO tempest.lib.common.rest_client [req-1424475b-1758-4991-be78-ca054323cc47 req-1424475b-1758-4991-be78-ca054323cc47 ] Request (ServerActionsTestJSON:setUpClass): 200 POST http://10.180.1.21/compute/v2.1/os-keypairs 1.676s
2025-11-21 23:07:49.139 66266 INFO tempest.lib.common.rest_client [req-c4254a7c-6bb4-4644-b240-0c2a558d58ee req-c4254a7c-6bb4-4644-b240-0c2a558d58ee ] Request (ServerActionsTestJSON:setUpClass): 201 POST http://10.180.1.21/networking/v2.0/security-groups 0.220s
2025-11-21 23:07:49.165 66264 INFO tempest.lib.common.rest_client [req-1c19f756-da7b-4a93-8769-f03f569f9cbf req-1c19f756-da7b-4a93-8769-f03f569f9cbf ] Request (ImagesOneServerNegativeTestJSON:_run_cleanups): 200 GET http://10.180.1.21/compute/v2.1/servers/a00558d3-80bd-4458-b5d4-a1f9eb043e3e 1.757s
2025-11-21 23:07:49.186 66308 INFO tempest.lib.common.rest_client [req-8d364339-35bd-40ce-b124-b2d5db317450 req-8d364339-35bd-40ce-b124-b2d5db317450 ] Request (ServersWithSpecificFlavorTestJSON:test_verify_created_server_ephemeral_disk): 200 GET http://10.180.1.21/compute/v2.1/servers/463d8b7a-0a65-49c8-9c37-dac8402e141f 1.906s
2025-11-21 23:07:49.197 66308 INFO tempest.common.waiters [-] State transition "BUILD/block_device_mapping" ==> "BUILD/spawning" after 45 second wait
2025-11-21 23:07:49.242 66246 INFO tempest.lib.common.rest_client [req-99ed2982-4b0b-47e5-81b3-eee86c79f01a req-99ed2982-4b0b-47e5-81b3-eee86c79f01a ] Request (ListImageFiltersTestJSON:setUpClass): 200 GET http://10.180.1.21/compute/v2.1/servers/56952b61-5f1f-47f8-bc65-a71bcb9ed5c9 1.752s
2025-11-21 23:07:49.265 66290 INFO tempest.lib.common.rest_client [req-d1f3477b-e3a1-4a18-abe7-1128dfb0ea78 req-d1f3477b-e3a1-4a18-abe7-1128dfb0ea78 ] Request (ImagesDeleteNegativeTestJSON:test_delete_non_existent_image): 404 DELETE http://10.180.1.21/compute/v2.1/images/3f563974-d44c-4643-9724-bd6f550c53b3 1.684s
2025-11-21 23:07:49.270 66266 INFO tempest.lib.common.rest_client [req-9c381873-f992-4a3d-8bd3-e81505a121b0 req-9c381873-f992-4a3d-8bd3-e81505a121b0 ] Request (ServerActionsTestJSON:setUpClass): 201 POST http://10.180.1.21/networking/v2.0/security-group-rules 0.131s
2025-11-21 23:07:49.298 66258 INFO tempest.lib.common.rest_client [req-4b867867-7032-4d1f-a280-38700f6f2f98 req-4b867867-7032-4d1f-a280-38700f6f2f98 ] Request (DeleteServersTestJSON:test_delete_server_while_in_building_state): 200 GET http://10.180.1.21/compute/v2.1/servers/a073a333-d4b3-43c8-b953-774b3f10b305 1.742s
2025-11-21 23:07:49.453 66266 INFO tempest.lib.common.rest_client [req-d754c688-9892-4047-852b-6340f3d12803 req-d754c688-9892-4047-852b-6340f3d12803 ] Request (ServerActionsTestJSON:setUpClass): 201 POST http://10.180.1.21/networking/v2.0/security-group-rules 0.182s
2025-11-21 23:07:49.469 66290 INFO tempest.lib.common.rest_client [req-f10037f6-8dac-4132-a4a0-3135f8818748 req-f10037f6-8dac-4132-a4a0-3135f8818748 ] Request (ImagesDeleteNegativeTestJSON:tearDownClass): 204 DELETE http://10.180.1.21/identity/v3/users/76d3b94c53a6402da19d7ec53248d2e4 0.199s
2025-11-21 23:07:49.471 66290 INFO tempest.lib.common.dynamic_creds [-] Deleting project and security group for project: 012a2ea90b2e476f8b34249070e3008b
2025-11-21 23:07:49.559 66280 INFO tempest.lib.common.rest_client [req-a1ccfc80-695c-4681-83e4-46d33148bc73 req-a1ccfc80-695c-4681-83e4-46d33148bc73 ] Request (ServerRescueNegativeTestJSON:setUpClass): 200 GET http://10.180.1.21/compute/v2.1/servers/b48a9491-473a-4442-89d7-1eb79b05fc5f 1.421s
2025-11-21 23:07:49.580 66290 INFO tempest.lib.common.rest_client [req-5a49900b-5c11-4172-ae58-810d18bd6fcf req-5a49900b-5c11-4172-ae58-810d18bd6fcf ] Request (ImagesDeleteNegativeTestJSON:tearDownClass): 201 POST http://10.180.1.21/identity/v3/auth/tokens 0.108s
2025-11-21 23:07:49.654 66272 INFO tempest.lib.common.rest_client [req-c2cc7412-c92b-4fd2-82f1-5eecbf3dee1c req-c2cc7412-c92b-4fd2-82f1-5eecbf3dee1c ] Request (MultipleCreateTestJSON:test_multiple_create): 200 GET http://10.180.1.21/compute/v2.1/servers/54f36b38-4e9c-4ea5-8549-673f6c231809 1.496s
2025-11-21 23:07:49.664 66272 INFO tempest.common.waiters [-] State transition "BUILD/spawning" ==> "ACTIVE/None" after 54 second wait
2025-11-21 23:07:49.940 66290 INFO tempest.lib.common.rest_client [req-7698d47a-700b-41d5-9f64-98ed85564c70 req-7698d47a-700b-41d5-9f64-98ed85564c70 ] Request (ImagesDeleteNegativeTestJSON:tearDownClass): 200 GET http://10.180.1.21/networking/v2.0/security-groups?tenant_id=012a2ea90b2e476f8b34249070e3008b&name=default 0.360s
2025-11-21 23:07:50.195 66290 INFO tempest.lib.common.rest_client [req-56e5e8ea-1b1f-4336-a2e0-cd230872000a req-56e5e8ea-1b1f-4336-a2e0-cd230872000a ] Request (ImagesDeleteNegativeTestJSON:tearDownClass): 204 DELETE http://10.180.1.21/networking/v2.0/security-groups/25bc1b95-963c-4f5f-9286-066307e23d64 0.254s
2025-11-21 23:07:50.238 66260 INFO tempest.lib.common.rest_client [req-eb066be8-9cfc-4f35-85c4-4eae8f1ba473 req-eb066be8-9cfc-4f35-85c4-4eae8f1ba473 ] Request (ServersAdminTestJSON:_run_cleanups): 200 GET http://10.180.1.21/compute/v2.1/servers/f8f61992-a182-42c2-9968-e62639d35423 1.904s
2025-11-21 23:07:50.274 66302 INFO tempest.lib.common.rest_client [req-b127f092-dba2-446c-9b9f-6b4f1a14c7df req-b127f092-dba2-446c-9b9f-6b4f1a14c7df ] Request (VolumesAssistedSnapshotsTest:tearDownClass): 202 DELETE http://10.180.1.21/compute/v2.1/os-keypairs/tempest-keypair-369386382 1.591s
2025-11-21 23:07:50.280 66274 INFO tempest.lib.common.rest_client [req-e5132371-df44-4d4a-9365-3aa90e392ef2 req-e5132371-df44-4d4a-9365-3aa90e392ef2 ] Request (MultipleCreateNegativeTestJSON:test_max_count_less_than_one): 400 POST http://10.180.1.21/compute/v2.1/servers 1.583s
2025-11-21 23:07:50.342 66290 INFO tempest.lib.common.rest_client [req-55b6d278-3a0c-4d36-ab72-034d559cab73 req-55b6d278-3a0c-4d36-ab72-034d559cab73 ] Request (ImagesDeleteNegativeTestJSON:tearDownClass): 204 DELETE http://10.180.1.21/identity/v3/projects/012a2ea90b2e476f8b34249070e3008b 0.146s
2025-11-21 23:07:50.346 66256 INFO tempest.lib.common.rest_client [req-640f7ece-1ece-4bd8-96b8-f8a692b911e0 req-640f7ece-1ece-4bd8-96b8-f8a692b911e0 ] Request (MigrationsAdminTest:test_list_migrations_in_flavor_resize_situation): 200 GET http://10.180.1.21/compute/v2.1/servers/5fbbfac5-3747-44c6-a3d9-048136d5c055 1.897s
2025-11-21 23:07:50.398 66274 INFO tempest.lib.common.rest_client [req-82ccb8a0-3a9e-4d12-9e5f-8643f7abac6c req-82ccb8a0-3a9e-4d12-9e5f-8643f7abac6c ] Request (MultipleCreateNegativeTestJSON:test_max_count_non_integer): 201 POST http://10.180.1.21/identity/v3/auth/tokens 0.112s
2025-11-21 23:07:50.399 66274 INFO tempest.lib.common.fixed_network [-] (MultipleCreateNegativeTestJSON:test_max_count_non_integer) Found network None available for tenant
2025-11-21 23:07:50.428 66290 INFO tempest.lib.common.rest_client [req-f23da88e-2562-44e8-9e19-fdedc089dc7b req-f23da88e-2562-44e8-9e19-fdedc089dc7b ] Request (ServersNegativeTestMultiTenantJSON:setUpClass): 201 POST http://10.180.1.21/identity/v3/auth/tokens 0.084s
2025-11-21 23:07:50.466 66290 INFO tempest.lib.common.rest_client [req-2c365d39-a91c-473a-936c-ae3521274801 req-2c365d39-a91c-473a-936c-ae3521274801 ] Request (ServersNegativeTestMultiTenantJSON:setUpClass): 201 POST http://10.180.1.21/identity/v3/auth/tokens 0.033s
2025-11-21 23:07:50.493 66290 INFO tempest.lib.common.rest_client [req-a9ed8087-3b41-42a3-82ee-e9ba85b56c99 req-a9ed8087-3b41-42a3-82ee-e9ba85b56c99 ] Request (ServersNegativeTestMultiTenantJSON:setUpClass): 200 GET http://10.180.1.21/identity/v3/domains?name=Default 0.026s
2025-11-21 23:07:50.534 66266 INFO tempest.lib.common.rest_client [req-ecccc895-f206-4424-98b6-a710f049e9c7 req-ecccc895-f206-4424-98b6-a710f049e9c7 ] Request (ServerActionsTestJSON:setUpClass): 201 POST http://10.180.1.21/networking/v2.0/floatingips 1.080s
2025-11-21 23:07:50.539 66290 INFO tempest.lib.common.rest_client [req-d2f9ab71-c650-4003-b0ec-8da88191e024 req-d2f9ab71-c650-4003-b0ec-8da88191e024 ] Request (ServersNegativeTestMultiTenantJSON:setUpClass): 201 POST http://10.180.1.21/identity/v3/projects 0.045s
2025-11-21 23:07:50.551 66302 INFO tempest.lib.common.rest_client [req-479870af-3989-4703-99b9-4c6b583f0e98 req-479870af-3989-4703-99b9-4c6b583f0e98 ] Request (VolumesAssistedSnapshotsTest:tearDownClass): 204 DELETE http://10.180.1.21/networking/v2.0/security-groups/ff33e4b7-4f39-4757-98ee-06c13dbcea4b 0.277s
2025-11-21 23:07:50.615 66266 INFO tempest.lib.common.rest_client [req-7b315af8-9df6-4f8b-b18d-dc426ae9041f req-7b315af8-9df6-4f8b-b18d-dc426ae9041f ] Request (ServerActionsTestJSON:setUpClass): 201 POST http://10.180.1.21/identity/v3/auth/tokens 0.076s
2025-11-21 23:07:50.615 66266 INFO tempest.lib.common.fixed_network [-] (ServerActionsTestJSON:setUpClass) Found network {'id': '63702d11-d98e-495d-a875-d2b3a996a3d8', 'name': 'tempest-ServerActionsTestJSON-955291215-network', 'tenant_id': '86de8593612043649982a94c68acf2f3', 'project_id': '86de8593612043649982a94c68acf2f3', 'admin_state_up': True, 'mtu': 8950, 'status': 'ACTIVE', 'subnets': [], 'shared': False, 'port_security_enabled': True, 'router:external': False, 'provider:network_type': 'vlan', 'provider:physical_network': 'default', 'provider:segmentation_id': 100, 'availability_zone_hints': [], 'availability_zones': [], 'ipv4_address_scope': None, 'ipv6_address_scope': None, 'description': '', 'tags': [], 'created_at': '2025-11-21T23:07:44Z', 'updated_at': '2025-11-21T23:07:44Z', 'revision_number': 1} available for tenant
2025-11-21 23:07:50.616 66294 INFO tempest.lib.common.rest_client [req-f240580d-2eb9-4760-8bed-3ef8974e8c4c req-f240580d-2eb9-4760-8bed-3ef8974e8c4c ] Request (ImagesOneServerTestJSON:setUpClass): 200 GET http://10.180.1.21/compute/v2.1/servers/faa9102b-7a90-41c5-8294-59785fbffd84 1.878s
2025-11-21 23:07:50.625 66302 INFO tempest.lib.common.rest_client [req-b4cbac07-b5a0-4b60-9033-9d69c8999035 req-b4cbac07-b5a0-4b60-9033-9d69c8999035 ] Request (VolumesAssistedSnapshotsTest:tearDownClass): 404 GET http://10.180.1.21/networking/v2.0/security-groups/ff33e4b7-4f39-4757-98ee-06c13dbcea4b 0.073s
2025-11-21 23:07:50.633 66290 INFO tempest.lib.common.rest_client [req-98b1e184-77df-4d2f-bb19-fded0d1cff92 req-98b1e184-77df-4d2f-bb19-fded0d1cff92 ] Request (ServersNegativeTestMultiTenantJSON:setUpClass): 201 POST http://10.180.1.21/identity/v3/users 0.094s
2025-11-21 23:07:50.658 66290 INFO tempest.lib.common.rest_client [req-da101bb5-e401-4914-929f-0d191074a7ef req-da101bb5-e401-4914-929f-0d191074a7ef ] Request (ServersNegativeTestMultiTenantJSON:setUpClass): 200 GET http://10.180.1.21/identity/v3/roles 0.024s
2025-11-21 23:07:50.695 66290 INFO tempest.lib.common.rest_client [req-bd429af6-321b-4847-a420-b92d29a6e96d req-bd429af6-321b-4847-a420-b92d29a6e96d ] Request (ServersNegativeTestMultiTenantJSON:setUpClass): 204 PUT http://10.180.1.21/identity/v3/projects/633947f1d64a42f8a44fad605283e437/users/e608108776d84e71874c84a32b77ef6d/roles/776e918f58a74de2a41bbeeab7c89aab 0.036s
2025-11-21 23:07:50.695 66290 INFO tempest.lib.common.dynamic_creds [-] Dynamic test user e608108776d84e71874c84a32b77ef6d is created with scope project and roles: ['member']
2025-11-21 23:07:50.696 66290 INFO tempest.lib.common.dynamic_creds [-] Acquired dynamic creds: credentials: Credentials: {'domain_id': 'default', 'domain_name': 'Default', 'username': 'tempest-ServersNegativeTestMultiTenantJSON-806260297-project-member', 'project_domain_id': 'default', 'project_domain_name': 'Default', 'project_id': '633947f1d64a42f8a44fad605283e437', 'project_name': 'tempest-ServersNegativeTestMultiTenantJSON-806260297', 'tenant_id': '633947f1d64a42f8a44fad605283e437', 'tenant_name': 'tempest-ServersNegativeTestMultiTenantJSON-806260297', 'user_domain_id': 'default', 'user_domain_name': 'Default', 'user_id': 'e608108776d84e71874c84a32b77ef6d', 'system': None}, Network: None, Subnet: None, Router: None
2025-11-21 23:07:50.706 66304 INFO tempest.lib.common.rest_client [req-13d54525-8735-460d-9f87-2241fd6397a5 req-13d54525-8735-460d-9f87-2241fd6397a5 ] Request (ServerActionsTestOtherB:test_create_backup): 200 GET http://10.180.1.21/compute/v2.1/servers/a9a7b0d1-809c-4ef8-bbc4-5786bf23d4bd 1.987s
2025-11-21 23:07:50.716 66304 INFO tempest.common.waiters [-] State transition "ACTIVE/image_uploading" ==> "ACTIVE/None" after 15 second wait
2025-11-21 23:07:50.738 66304 INFO tempest.lib.common.rest_client [req-505f9556-dcf6-4689-a302-5d8dfa55a23b req-505f9556-dcf6-4689-a302-5d8dfa55a23b ] Request (ServerActionsTestOtherB:test_create_backup): 200 GET http://10.180.1.21/image/v2/images/9406e6ac-43c7-4389-83da-1b1e843799c8 0.021s
2025-11-21 23:07:50.774 66290 INFO tempest.lib.common.rest_client [req-cc2761d4-047a-4665-8db0-d1f5fd172ac1 req-cc2761d4-047a-4665-8db0-d1f5fd172ac1 ] Request (ServersNegativeTestMultiTenantJSON:setUpClass): 201 POST http://10.180.1.21/identity/v3/auth/tokens 0.078s
2025-11-21 23:07:50.912 66278 INFO tempest.lib.common.rest_client [req-0042f68f-ce46-42b7-a118-af02da8e02ae req-0042f68f-ce46-42b7-a118-af02da8e02ae ] Request (ServerMetadataNegativeTestJSON:setUpClass): 200 GET http://10.180.1.21/compute/v2.1/servers/74a7a33a-ae62-45a6-b8ac-65463f7d10ba 2.091s
2025-11-21 23:07:50.943 66302 INFO tempest.lib.common.rest_client [req-c04e423a-2b89-4e98-8cff-d3235354601a req-c04e423a-2b89-4e98-8cff-d3235354601a ] Request (VolumesAssistedSnapshotsTest:tearDownClass): 204 DELETE http://10.180.1.21/networking/v2.0/floatingips/4d733f4d-b346-4321-a497-8dc9896ae9e5 0.316s
2025-11-21 23:07:50.969 66302 INFO tempest.lib.common.rest_client [req-e8d0609b-bf49-4392-a2db-443942698a1a req-e8d0609b-bf49-4392-a2db-443942698a1a ] Request (VolumesAssistedSnapshotsTest:tearDownClass): 404 DELETE http://10.180.1.21/volume/v3/volumes/06d75b69-5c9c-4fa1-be82-b3720c35a4aa 0.025s
2025-11-21 23:07:50.984 66302 INFO tempest.lib.common.rest_client [req-28118265-8feb-487b-ad7d-5d5fec4a985e req-28118265-8feb-487b-ad7d-5d5fec4a985e ] Request (VolumesAssistedSnapshotsTest:tearDownClass): 404 GET http://10.180.1.21/volume/v3/volumes/06d75b69-5c9c-4fa1-be82-b3720c35a4aa 0.015s
2025-11-21 23:07:51.003 66250 INFO tempest.lib.common.rest_client [req-fe9e2e96-2e5e-4cd5-8e3a-a27e96965c9a req-fe9e2e96-2e5e-4cd5-8e3a-a27e96965c9a ] Request (ServerGroupTestJSON:_run_cleanups): 200 GET http://10.180.1.21/compute/v2.1/servers/305ed527-0b24-4e33-ac0a-3fe96b1763fe 2.182s
2025-11-21 23:07:51.197 66290 INFO tempest.lib.common.rest_client [req-99cf54f3-daef-45c7-b14a-3e5a79f6d47c req-99cf54f3-daef-45c7-b14a-3e5a79f6d47c ] Request (ServersNegativeTestMultiTenantJSON:setUpClass): 201 POST http://10.180.1.21/networking/v2.0/networks 0.422s
2025-11-21 23:07:51.316 66282 INFO tempest.lib.common.rest_client [req-9e4e6398-fa89-4eea-b1c5-8d092304f15a req-9e4e6398-fa89-4eea-b1c5-8d092304f15a ] Request (ImagesTestJSON:test_create_image_from_stopped_server): 200 GET http://10.180.1.21/compute/v2.1/servers/769d6ad2-e4aa-40ed-878e-494397f6a7ca 2.301s
2025-11-21 23:07:51.484 66290 INFO tempest.lib.common.rest_client [req-bbffe204-4441-485f-8d98-9a8891ca531d req-bbffe204-4441-485f-8d98-9a8891ca531d ] Request (ServersNegativeTestMultiTenantJSON:setUpClass): 201 POST http://10.180.1.21/networking/v2.0/subnets 0.287s
2025-11-21 23:07:51.539 66268 INFO tempest.lib.common.rest_client [req-42ea7dbb-648d-46b2-8c44-665783c7f077 req-42ea7dbb-648d-46b2-8c44-665783c7f077 ] Request (FloatingIPsAssociationTestJSON:test_associate_already_associated_floating_ip): 200 GET http://10.180.1.21/compute/v2.1/servers/8492b439-7227-4f11-9437-bec4f0046113 2.499s
2025-11-21 23:07:51.548 66254 INFO tempest.lib.common.rest_client [req-a027effc-db5a-4e6e-8786-40e717378e80 req-a027effc-db5a-4e6e-8786-40e717378e80 ] Request (SecurityGroupsTestJSON:test_server_security_groups): 200 GET http://10.180.1.21/compute/v2.1/servers/9d967bb3-ca02-45b4-a7eb-b92bc25e201f 2.475s
2025-11-21 23:07:51.752 66304 INFO tempest.lib.common.rest_client [req-a5ba1b8a-f192-4842-be6e-448b9fab1623 req-a5ba1b8a-f192-4842-be6e-448b9fab1623 ] Request (ServerActionsTestOtherB:test_create_backup): 404 GET http://10.180.1.21/image/v2/images/9406e6ac-43c7-4389-83da-1b1e843799c8 0.012s
2025-11-21 23:07:51.804 66304 INFO tempest.lib.common.rest_client [req-931e1ef9-8361-4974-bd35-d0a4651e6af4 req-931e1ef9-8361-4974-bd35-d0a4651e6af4 ] Request (ServerActionsTestOtherB:test_create_backup): 200 GET http://10.180.1.21/image/v2/images?status=active&sort_key=created_at&sort_dir=asc&image_type=backup&backup_type=daily&instance_uuid=a9a7b0d1-809c-4ef8-bbc4-5786bf23d4bd 0.050s
2025-11-21 23:07:51.971 66302 INFO tempest.lib.common.rest_client [req-1421ab09-89d1-4673-9cb0-7250dfc820f3 req-1421ab09-89d1-4673-9cb0-7250dfc820f3 ] Request (VolumesAssistedSnapshotsTest:tearDownClass): 200 PUT http://10.180.1.21/networking/v2.0/routers/9abfd027-4a33-4861-82c4-d5877f4d673b/remove_router_interface 0.986s
2025-11-21 23:07:52.269 66288 INFO tempest.lib.common.rest_client [req-5433990d-6760-44ee-b292-aa1e7d81e256 req-5433990d-6760-44ee-b292-aa1e7d81e256 ] Request (ListServersNegativeTestJSON:setUpClass): 200 GET http://10.180.1.21/compute/v2.1/servers/3403d08d-7adb-4d42-aee6-9d8c3ace73f1 2.999s
2025-11-21 23:07:52.324 66290 INFO tempest.lib.common.rest_client [req-83680cdb-2ccb-4730-bb87-d3212f75a497 req-83680cdb-2ccb-4730-bb87-d3212f75a497 ] Request (ServersNegativeTestMultiTenantJSON:setUpClass): 201 POST http://10.180.1.21/networking/v2.0/routers 0.839s
2025-11-21 23:07:52.387 66306 INFO tempest.lib.common.rest_client [req-f85c545d-ae45-4cf2-a77e-ef8ef2e3b585 req-f85c545d-ae45-4cf2-a77e-ef8ef2e3b585 ] Request (ServersAdminNegativeTestJSON:test_migrate_server_invalid_state): 200 GET http://10.180.1.21/compute/v2.1/servers/c236f7a3-276e-4c84-8c52-fcbff4af3212 3.203s
2025-11-21 23:07:52.597 66258 INFO tempest.lib.common.rest_client [req-dfcb4afc-b49d-4230-886d-820c0992b75b req-dfcb4afc-b49d-4230-886d-820c0992b75b ] Request (DeleteServersTestJSON:test_delete_server_while_in_building_state): 204 DELETE http://10.180.1.21/compute/v2.1/servers/a073a333-d4b3-43c8-b953-774b3f10b305 3.286s
2025-11-21 23:07:52.850 66302 INFO tempest.lib.common.rest_client [req-0777c08a-5838-444e-8fa1-a9bab938824e req-0777c08a-5838-444e-8fa1-a9bab938824e ] Request (VolumesAssistedSnapshotsTest:tearDownClass): 204 DELETE http://10.180.1.21/networking/v2.0/routers/9abfd027-4a33-4861-82c4-d5877f4d673b 0.879s
2025-11-21 23:07:52.889 66270 INFO tempest.lib.common.rest_client [req-56e3768f-62ae-4cfb-827d-4959fd1a686e req-56e3768f-62ae-4cfb-827d-4959fd1a686e ] Request (AttachInterfacesV270Test:tearDownClass): 200 GET http://10.180.1.21/compute/v2.1/servers/99e161ce-10c2-410b-b176-5ec5abbb7672 3.331s
2025-11-21 23:07:53.160 66302 INFO tempest.lib.common.rest_client [req-653c9695-3415-4d52-9873-2415c9bfede1 req-653c9695-3415-4d52-9873-2415c9bfede1 ] Request (VolumesAssistedSnapshotsTest:tearDownClass): 204 DELETE http://10.180.1.21/networking/v2.0/subnets/3daad230-d875-407c-bc94-24167eea7336 0.309s
2025-11-21 23:07:53.325 66286 INFO tempest.lib.common.rest_client [req-ed548dfa-9ff0-4747-882d-ec263bd6ccab req-ed548dfa-9ff0-4747-882d-ec263bd6ccab ] Request (ServersTestMultiNic:test_verify_duplicate_network_nics): 200 GET http://10.180.1.21/compute/v2.1/servers/8893416e-5e71-4627-8ad8-b2a0f90f812d 3.735s
2025-11-21 23:07:53.334 66286 INFO tempest.common.waiters [-] State transition "BUILD/spawning" ==> "ACTIVE/None" after 66 second wait
2025-11-21 23:07:53.375 66276 WARNING tempest.lib.common.ssh [-] Failed to establish authenticated ssh connection to cirros@10.180.180.150 ([Errno None] Unable to connect to port 22 on 10.180.180.150). Number attempts: 7. Retry after 8 seconds.: paramiko.ssh_exception.NoValidConnectionsError: [Errno None] Unable to connect to port 22 on 10.180.180.150
2025-11-21 23:07:53.432 66290 INFO tempest.lib.common.rest_client [req-49dcfb2d-d898-4394-9d7a-ecba233e18a7 req-49dcfb2d-d898-4394-9d7a-ecba233e18a7 ] Request (ServersNegativeTestMultiTenantJSON:setUpClass): 200 PUT http://10.180.1.21/networking/v2.0/routers/a4345010-233d-4414-ae9c-4ecdd0043c19/add_router_interface 1.106s
2025-11-21 23:07:53.432 66290 INFO tempest.lib.common.dynamic_creds [-] Created isolated network resources for: credentials: Credentials: {'domain_id': 'default', 'domain_name': 'Default', 'username': 'tempest-ServersNegativeTestMultiTenantJSON-806260297-project-member', 'project_domain_id': 'default', 'project_domain_name': 'Default', 'project_id': '633947f1d64a42f8a44fad605283e437', 'project_name': 'tempest-ServersNegativeTestMultiTenantJSON-806260297', 'tenant_id': '633947f1d64a42f8a44fad605283e437', 'tenant_name': 'tempest-ServersNegativeTestMultiTenantJSON-806260297', 'user_domain_id': 'default', 'user_domain_name': 'Default', 'user_id': 'e608108776d84e71874c84a32b77ef6d', 'system': None}, Network: {'id': '108254a4-026b-4e6a-af00-e1035de9c008', 'name': 'tempest-ServersNegativeTestMultiTenantJSON-1557017548-network', 'tenant_id': '633947f1d64a42f8a44fad605283e437', 'project_id': '633947f1d64a42f8a44fad605283e437', 'admin_state_up': True, 'mtu': 8950, 'status': 'ACTIVE', 'subnets': [], 'shared': False, 'port_security_enabled': True, 'router:external': False, 'provider:network_type': 'vlan', 'provider:physical_network': 'default', 'provider:segmentation_id': 717, 'availability_zone_hints': [], 'availability_zones': [], 'ipv4_address_scope': None, 'ipv6_address_scope': None, 'description': '', 'tags': [], 'created_at': '2025-11-21T23:07:51Z', 'updated_at': '2025-11-21T23:07:51Z', 'revision_number': 1}, Subnet: {'id': '4ec7eb66-44c1-4ba1-9ed6-5ea9d98b4c4c', 'name': 'tempest-ServersNegativeTestMultiTenantJSON-1557017548-subnet', 'tenant_id': '633947f1d64a42f8a44fad605283e437', 'network_id': '108254a4-026b-4e6a-af00-e1035de9c008', 'ip_version': 4, 'subnetpool_id': None, 'enable_dhcp': True, 'ipv6_ra_mode': None, 'ipv6_address_mode': None, 'gateway_ip': '192.168.128.1', 'cidr': '192.168.128.0/28', 'allocation_pools': [{'start': '192.168.128.2', 'end': '192.168.128.14'}], 'host_routes': [], 'dns_nameservers': [], 'description': '', 'router:external': False, 'service_types': [], 'tags': [], 'created_at': '2025-11-21T23:07:51Z', 'updated_at': '2025-11-21T23:07:51Z', 'revision_number': 0, 'project_id': '633947f1d64a42f8a44fad605283e437'}, Router: {'id': 'a4345010-233d-4414-ae9c-4ecdd0043c19', 'name': 'tempest-ServersNegativeTestMultiTenantJSON-1557017548-router', 'tenant_id': '633947f1d64a42f8a44fad605283e437', 'admin_state_up': True, 'status': 'ACTIVE', 'external_gateway_info': {'network_id': 'bfd456b0-9fdc-40c0-9533-e2810e5fe000', 'external_fixed_ips': [{'subnet_id': '5087f17e-9ba2-4159-8c65-65800efe731d', 'ip_address': '10.180.180.129'}], 'enable_snat': True}, 'description': '', 'availability_zones': [], 'distributed': False, 'ha': False, 'availability_zone_hints': [], 'routes': [], 'flavor_id': None, 'tags': [], 'created_at': '2025-11-21T23:07:51Z', 'updated_at': '2025-11-21T23:07:52Z', 'revision_number': 2, 'project_id': '633947f1d64a42f8a44fad605283e437'}
2025-11-21 23:07:53.530 66290 INFO tempest.lib.common.rest_client [req-9d3c928f-88cb-4bab-a800-73ce9fb8c87e req-9d3c928f-88cb-4bab-a800-73ce9fb8c87e ] Request (ServersNegativeTestMultiTenantJSON:setUpClass): 201 POST http://10.180.1.21/identity/v3/auth/tokens 0.095s
2025-11-21 23:07:53.549 66272 INFO tempest.lib.common.rest_client [req-2369dc41-831e-47f8-aa17-437a39d48e74 req-2369dc41-831e-47f8-aa17-437a39d48e74 ] Request (MultipleCreateTestJSON:test_multiple_create): 200 GET http://10.180.1.21/compute/v2.1/servers/ecc1423d-53b5-494a-8916-25cf724ea6ec 3.885s
2025-11-21 23:07:53.564 66248 INFO tempest.lib.common.rest_client [req-55077841-e7ec-43b0-aea8-921c79e3e3c3 req-55077841-e7ec-43b0-aea8-921c79e3e3c3 ] Request (AttachInterfacesTestJSON:test_create_list_show_delete_interfaces_by_fixed_ip): 200 GET http://10.180.1.21/compute/v2.1/servers/9d47bd3e-149b-4e98-9393-f48f1c9d14ac 3.853s
2025-11-21 23:07:53.571 66248 INFO tempest.common.waiters [-] State transition "BUILD/scheduling" ==> "BUILD/None" after 29 second wait
2025-11-21 23:07:53.597 66290 INFO tempest.lib.common.rest_client [req-5339a73f-c4d1-4a10-a780-9af7a53efc19 req-5339a73f-c4d1-4a10-a780-9af7a53efc19 ] Request (ServersNegativeTestMultiTenantJSON:setUpClass): 201 POST http://10.180.1.21/identity/v3/projects 0.065s
2025-11-21 23:07:53.649 66296 INFO tempest.lib.common.rest_client [req-f25d9aac-9143-4572-a481-ddcc7cd74e41 req-f25d9aac-9143-4572-a481-ddcc7cd74e41 ] Request (ServerAddressesNegativeTestJSON:setUpClass): 200 GET http://10.180.1.21/compute/v2.1/servers/17144923-8f3a-4e3b-8fd7-cb519a6ffbe5 3.872s
2025-11-21 23:07:53.667 66264 INFO tempest.lib.common.rest_client [req-69b08e3a-251e-4f25-86aa-b5fe2c4a9ade req-69b08e3a-251e-4f25-86aa-b5fe2c4a9ade ] Request (ImagesOneServerNegativeTestJSON:_run_cleanups): 200 GET http://10.180.1.21/compute/v2.1/servers/a00558d3-80bd-4458-b5d4-a1f9eb043e3e 3.494s
2025-11-21 23:07:53.675 66290 INFO tempest.lib.common.rest_client [req-f16c602c-9770-4027-ac66-3238fe578142 req-f16c602c-9770-4027-ac66-3238fe578142 ] Request (ServersNegativeTestMultiTenantJSON:setUpClass): 201 POST http://10.180.1.21/identity/v3/users 0.078s
2025-11-21 23:07:53.686 66302 INFO tempest.lib.common.rest_client [req-76938f5e-98a0-48b0-9eb2-c7fd9534ea84 req-76938f5e-98a0-48b0-9eb2-c7fd9534ea84 ] Request (VolumesAssistedSnapshotsTest:tearDownClass): 204 DELETE http://10.180.1.21/networking/v2.0/networks/9ed38e92-7dcd-434c-92d2-090ffab5b307 0.525s
2025-11-21 23:07:53.719 66290 INFO tempest.lib.common.rest_client [req-8cba0952-16d1-4215-84fd-484a3d43ccaa req-8cba0952-16d1-4215-84fd-484a3d43ccaa ] Request (ServersNegativeTestMultiTenantJSON:setUpClass): 200 GET http://10.180.1.21/identity/v3/roles 0.043s
2025-11-21 23:07:53.791 66290 INFO tempest.lib.common.rest_client [req-830fc12a-8bff-4815-badb-6d61fae37281 req-830fc12a-8bff-4815-badb-6d61fae37281 ] Request (ServersNegativeTestMultiTenantJSON:setUpClass): 204 PUT http://10.180.1.21/identity/v3/projects/899c5f5706474e7883621ed259a10f58/users/5757c210db334f34b77fcce3c673a60e/roles/776e918f58a74de2a41bbeeab7c89aab 0.071s
2025-11-21 23:07:53.791 66290 INFO tempest.lib.common.dynamic_creds [-] Dynamic test user 5757c210db334f34b77fcce3c673a60e is created with scope project and roles: ['member']
2025-11-21 23:07:53.791 66290 INFO tempest.lib.common.dynamic_creds [-] Acquired dynamic creds: credentials: Credentials: {'domain_id': 'default', 'domain_name': 'Default', 'username': 'tempest-ServersNegativeTestMultiTenantJSON-5759472-project-member', 'project_domain_id': 'default', 'project_domain_name': 'Default', 'project_id': '899c5f5706474e7883621ed259a10f58', 'project_name': 'tempest-ServersNegativeTestMultiTenantJSON-5759472', 'tenant_id': '899c5f5706474e7883621ed259a10f58', 'tenant_name': 'tempest-ServersNegativeTestMultiTenantJSON-5759472', 'user_domain_id': 'default', 'user_domain_name': 'Default', 'user_id': '5757c210db334f34b77fcce3c673a60e', 'system': None}, Network: None, Subnet: None, Router: None
2025-11-21 23:07:53.874 66246 INFO tempest.lib.common.rest_client [req-8af297e2-da77-4364-bb92-e5de0167bd0e req-8af297e2-da77-4364-bb92-e5de0167bd0e ] Request (ListImageFiltersTestJSON:setUpClass): 200 GET http://10.180.1.21/compute/v2.1/servers/56952b61-5f1f-47f8-bc65-a71bcb9ed5c9 3.618s
2025-11-21 23:07:53.881 66246 INFO tempest.common.waiters [-] State transition "BUILD/scheduling" ==> "BUILD/None" after 29 second wait
2025-11-21 23:07:53.883 66274 INFO tempest.lib.common.rest_client [req-2ec7cd8d-ad99-4fbf-88b1-d0e131affdf6 req-2ec7cd8d-ad99-4fbf-88b1-d0e131affdf6 ] Request (MultipleCreateNegativeTestJSON:test_max_count_non_integer): 400 POST http://10.180.1.21/compute/v2.1/servers 3.483s
2025-11-21 23:07:53.961 66274 INFO tempest.lib.common.rest_client [req-a1440016-469e-4c02-bc28-c19d83132d5f req-a1440016-469e-4c02-bc28-c19d83132d5f ] Request (MultipleCreateNegativeTestJSON:test_min_count_less_than_one): 201 POST http://10.180.1.21/identity/v3/auth/tokens 0.072s
2025-11-21 23:07:53.962 66274 INFO tempest.lib.common.fixed_network [-] (MultipleCreateNegativeTestJSON:test_min_count_less_than_one) Found network None available for tenant
2025-11-21 23:07:54.084 66290 INFO tempest.lib.common.rest_client [req-170db7a4-0e30-42e3-8125-39db6fb2ad49 req-170db7a4-0e30-42e3-8125-39db6fb2ad49 ] Request (ServersNegativeTestMultiTenantJSON:setUpClass): 201 POST http://10.180.1.21/networking/v2.0/networks 0.293s
2025-11-21 23:07:54.118 66308 INFO tempest.lib.common.rest_client [req-0fcb0ff7-2546-4582-814b-2907a42b4346 req-0fcb0ff7-2546-4582-814b-2907a42b4346 ] Request (ServersWithSpecificFlavorTestJSON:test_verify_created_server_ephemeral_disk): 200 GET http://10.180.1.21/compute/v2.1/servers/463d8b7a-0a65-49c8-9c37-dac8402e141f 3.915s
2025-11-21 23:07:54.607 66302 INFO tempest.lib.common.rest_client [req-93abab56-efdc-49d2-8aa6-54fb5938294e req-93abab56-efdc-49d2-8aa6-54fb5938294e ] Request (VolumesAssistedSnapshotsTest:tearDownClass): 200 PUT http://10.180.1.21/networking/v2.0/routers/7d5fb04d-0493-4ffe-9de2-b041d4b3a212/remove_router_interface 0.920s
2025-11-21 23:07:54.661 66280 INFO tempest.lib.common.rest_client [req-c021e49d-6d25-4a17-bc58-31505be076bc req-c021e49d-6d25-4a17-bc58-31505be076bc ] Request (ServerRescueNegativeTestJSON:setUpClass): 200 GET http://10.180.1.21/compute/v2.1/servers/b48a9491-473a-4442-89d7-1eb79b05fc5f 4.093s
2025-11-21 23:07:54.823 66290 INFO tempest.lib.common.rest_client [req-db472076-8a85-47d6-a4b5-6032d5e44caf req-db472076-8a85-47d6-a4b5-6032d5e44caf ] Request (ServersNegativeTestMultiTenantJSON:setUpClass): 201 POST http://10.180.1.21/networking/v2.0/subnets 0.738s
2025-11-21 23:07:55.118 66302 INFO tempest.lib.common.rest_client [req-1e950aea-7b70-4a92-b59e-4e8272779dc0 req-1e950aea-7b70-4a92-b59e-4e8272779dc0 ] Request (VolumesAssistedSnapshotsTest:tearDownClass): 204 DELETE http://10.180.1.21/networking/v2.0/routers/7d5fb04d-0493-4ffe-9de2-b041d4b3a212 0.511s
2025-11-21 23:07:55.160 66260 INFO tempest.lib.common.rest_client [req-7ac07921-6810-46d9-8d33-2eb120e86bb8 req-7ac07921-6810-46d9-8d33-2eb120e86bb8 ] Request (ServersAdminTestJSON:_run_cleanups): 200 GET http://10.180.1.21/compute/v2.1/servers/f8f61992-a182-42c2-9968-e62639d35423 3.908s
2025-11-21 23:07:55.167 66260 INFO tempest.common.waiters [-] State transition "REBUILD/rebuilding" ==> "REBUILD/rebuild_spawning" after 5 second wait
2025-11-21 23:07:55.278 66302 INFO tempest.lib.common.rest_client [req-627e770e-2605-4c8c-a662-a6638a2d7a57 req-627e770e-2605-4c8c-a662-a6638a2d7a57 ] Request (VolumesAssistedSnapshotsTest:tearDownClass): 204 DELETE http://10.180.1.21/networking/v2.0/subnets/c4596c22-8eb7-45a8-8127-18b1f6f260b1 0.160s
2025-11-21 23:07:55.808 66290 INFO tempest.lib.common.rest_client [req-b1c59d54-b8f9-4cee-88a9-6d5edc4a2119 req-b1c59d54-b8f9-4cee-88a9-6d5edc4a2119 ] Request (ServersNegativeTestMultiTenantJSON:setUpClass): 201 POST http://10.180.1.21/networking/v2.0/routers 0.984s
2025-11-21 23:07:55.839 66302 INFO tempest.lib.common.rest_client [req-57aab354-6d04-40b4-9985-1c76978d621a req-57aab354-6d04-40b4-9985-1c76978d621a ] Request (VolumesAssistedSnapshotsTest:tearDownClass): 204 DELETE http://10.180.1.21/networking/v2.0/networks/3b04e0c0-6ddb-4243-8364-c8187e4078d5 0.561s
2025-11-21 23:07:55.887 66256 INFO tempest.lib.common.rest_client [req-50b8933c-5b57-446a-8c54-5d77ed9de11c req-50b8933c-5b57-446a-8c54-5d77ed9de11c ] Request (MigrationsAdminTest:test_list_migrations_in_flavor_resize_situation): 200 GET http://10.180.1.21/compute/v2.1/servers/5fbbfac5-3747-44c6-a3d9-048136d5c055 4.529s
2025-11-21 23:07:55.899 66256 INFO tempest.common.waiters [-] State transition "VERIFY_RESIZE/None" ==> "ACTIVE/None" after 34 second wait
2025-11-21 23:07:56.569 66302 INFO tempest.lib.common.rest_client [req-3ee6ac5b-e815-4f42-9d66-27c8576b0061 req-3ee6ac5b-e815-4f42-9d66-27c8576b0061 ] Request (VolumesAssistedSnapshotsTest:tearDownClass): 200 PUT http://10.180.1.21/networking/v2.0/routers/ca40250a-6481-4864-809c-41d477302a32/remove_router_interface 0.729s
2025-11-21 23:07:56.648 66294 INFO tempest.lib.common.rest_client [req-7c8081ff-bc4c-4c62-b59f-1f624837d622 req-7c8081ff-bc4c-4c62-b59f-1f624837d622 ] Request (ImagesOneServerTestJSON:setUpClass): 200 GET http://10.180.1.21/compute/v2.1/servers/faa9102b-7a90-41c5-8294-59785fbffd84 5.017s
2025-11-21 23:07:56.711 66266 INFO tempest.lib.common.rest_client [req-4b3483fa-bee5-48f6-b94d-7f0d615b6cc1 req-4b3483fa-bee5-48f6-b94d-7f0d615b6cc1 ] Request (ServerActionsTestJSON:setUpClass): 202 POST http://10.180.1.21/compute/v2.1/servers 6.096s
2025-11-21 23:07:56.746 66290 INFO tempest.lib.common.rest_client [req-0ca50243-4bd3-41c7-8c4e-743031a0bab7 req-0ca50243-4bd3-41c7-8c4e-743031a0bab7 ] Request (ServersNegativeTestMultiTenantJSON:setUpClass): 200 PUT http://10.180.1.21/networking/v2.0/routers/b3c4d1d5-e3c3-47e4-95bc-0ca7009dd6d0/add_router_interface 0.938s
2025-11-21 23:07:56.746 66290 INFO tempest.lib.common.dynamic_creds [-] Created isolated network resources for: credentials: Credentials: {'domain_id': 'default', 'domain_name': 'Default', 'username': 'tempest-ServersNegativeTestMultiTenantJSON-5759472-project-member', 'project_domain_id': 'default', 'project_domain_name': 'Default', 'project_id': '899c5f5706474e7883621ed259a10f58', 'project_name': 'tempest-ServersNegativeTestMultiTenantJSON-5759472', 'tenant_id': '899c5f5706474e7883621ed259a10f58', 'tenant_name': 'tempest-ServersNegativeTestMultiTenantJSON-5759472', 'user_domain_id': 'default', 'user_domain_name': 'Default', 'user_id': '5757c210db334f34b77fcce3c673a60e', 'system': None}, Network: {'id': '432fa165-db6e-4c07-a770-7791aae4f17d', 'name': 'tempest-ServersNegativeTestMultiTenantJSON-600472613-network', 'tenant_id': '899c5f5706474e7883621ed259a10f58', 'project_id': '899c5f5706474e7883621ed259a10f58', 'admin_state_up': True, 'mtu': 8950, 'status': 'ACTIVE', 'subnets': [], 'shared': False, 'port_security_enabled': True, 'router:external': False, 'provider:network_type': 'vlan', 'provider:physical_network': 'default', 'provider:segmentation_id': 447, 'availability_zone_hints': [], 'availability_zones': [], 'ipv4_address_scope': None, 'ipv6_address_scope': None, 'description': '', 'tags': [], 'created_at': '2025-11-21T23:07:54Z', 'updated_at': '2025-11-21T23:07:54Z', 'revision_number': 1}, Subnet: {'id': '195ffb73-0583-4532-80d9-5ae87f020296', 'name': 'tempest-ServersNegativeTestMultiTenantJSON-600472613-subnet', 'tenant_id': '899c5f5706474e7883621ed259a10f58', 'network_id': '432fa165-db6e-4c07-a770-7791aae4f17d', 'ip_version': 4, 'subnetpool_id': None, 'enable_dhcp': True, 'ipv6_ra_mode': None, 'ipv6_address_mode': None, 'gateway_ip': '192.168.128.1', 'cidr': '192.168.128.0/28', 'allocation_pools': [{'start': '192.168.128.2', 'end': '192.168.128.14'}], 'host_routes': [], 'dns_nameservers': [], 'description': '', 'router:external': False, 'service_types': [], 'tags': [], 'created_at': '2025-11-21T23:07:54Z', 'updated_at': '2025-11-21T23:07:54Z', 'revision_number': 0, 'project_id': '899c5f5706474e7883621ed259a10f58'}, Router: {'id': 'b3c4d1d5-e3c3-47e4-95bc-0ca7009dd6d0', 'name': 'tempest-ServersNegativeTestMultiTenantJSON-600472613-router', 'tenant_id': '899c5f5706474e7883621ed259a10f58', 'admin_state_up': True, 'status': 'ACTIVE', 'external_gateway_info': {'network_id': 'bfd456b0-9fdc-40c0-9533-e2810e5fe000', 'external_fixed_ips': [{'subnet_id': '5087f17e-9ba2-4159-8c65-65800efe731d', 'ip_address': '10.180.180.250'}], 'enable_snat': True}, 'description': '', 'availability_zones': [], 'distributed': False, 'ha': False, 'availability_zone_hints': [], 'routes': [], 'flavor_id': None, 'tags': [], 'created_at': '2025-11-21T23:07:54Z', 'updated_at': '2025-11-21T23:07:55Z', 'revision_number': 2, 'project_id': '899c5f5706474e7883621ed259a10f58'}
