2025-11-21 23:07:31.411 66254 INFO tempest.lib.common.rest_client [req-95d417a7-b541-4f29-b290-c22035e91803 req-95d417a7-b541-4f29-b290-c22035e91803 ] Request (SecurityGroupsTestJSON:test_server_security_groups): 200 POST http://10.180.1.21/compute/v2.1/os-security-groups 1.376s
2025-11-21 23:07:31.449 66270 INFO tempest.lib.common.rest_client [req-df45388d-02c0-4e85-8b1d-a2acb6eb8f89 req-df45388d-02c0-4e85-8b1d-a2acb6eb8f89 ] Request (AttachInterfacesV270Test:tearDownClass): 204 DELETE http://10.180.1.21/compute/v2.1/servers/99e161ce-10c2-410b-b176-5ec5abbb7672 0.993s
2025-11-21 23:07:31.465 66296 INFO tempest.lib.common.rest_client [req-aba3b3ca-2538-41b7-982b-5ad996f3b181 req-aba3b3ca-2538-41b7-982b-5ad996f3b181 ] Request (ServersTestJSON:tearDownClass): 202 DELETE http://10.180.1.21/compute/v2.1/os-keypairs/tempest-keypair-404545142 0.748s
2025-11-21 23:07:31.535 66290 INFO tempest.lib.common.rest_client [req-47760b75-227c-4f58-8fb1-8c6612e9213c req-47760b75-227c-4f58-8fb1-8c6612e9213c ] Request (ImagesDeleteNegativeTestJSON:test_delete_image_blank_id): 404 DELETE http://10.180.1.21/compute/v2.1/images/ 0.658s
2025-11-21 23:07:31.635 66296 INFO tempest.lib.common.rest_client [req-f578e954-fc7f-4518-9133-94f3644589d4 req-f578e954-fc7f-4518-9133-94f3644589d4 ] Request (ServersTestJSON:tearDownClass): 204 DELETE http://10.180.1.21/networking/v2.0/security-groups/fdf3aa73-994d-4142-8faf-c4f58cee0574 0.169s
2025-11-21 23:07:31.720 66296 INFO tempest.lib.common.rest_client [req-df7f4e10-e105-4082-9080-e9d194bd3535 req-df7f4e10-e105-4082-9080-e9d194bd3535 ] Request (ServersTestJSON:tearDownClass): 404 GET http://10.180.1.21/networking/v2.0/security-groups/fdf3aa73-994d-4142-8faf-c4f58cee0574 0.085s
2025-11-21 23:07:31.724 66286 INFO tempest.lib.common.rest_client [req-1849d2fb-d2b4-492c-8889-e12f2540b39a req-1849d2fb-d2b4-492c-8889-e12f2540b39a ] Request (ServersTestMultiNic:test_verify_duplicate_network_nics): 200 GET http://10.180.1.21/compute/v2.1/servers/8893416e-5e71-4627-8ad8-b2a0f90f812d 1.141s
2025-11-21 23:07:31.733 66286 INFO tempest.common.waiters [-] State transition "BUILD/None" ==> "BUILD/spawning" after 44 second wait
2025-11-21 23:07:31.934 66304 INFO tempest.lib.common.rest_client [req-eed5d86f-ce8a-489b-9633-dfbceaddd70d req-eed5d86f-ce8a-489b-9633-dfbceaddd70d ] Request (ServerActionsTestOtherB:test_create_backup): 202 POST http://10.180.1.21/compute/v2.1/servers/a9a7b0d1-809c-4ef8-bbc4-5786bf23d4bd/action 0.649s
2025-11-21 23:07:31.949 66274 INFO tempest.lib.common.rest_client [req-6ce42182-321c-420d-9d70-54c5dad90fa8 req-6ce42182-321c-420d-9d70-54c5dad90fa8 ] Request (AttachInterfacesUnderV243Test:_run_cleanups): 202 DELETE http://10.180.1.21/compute/v2.1/os-keypairs/tempest-keypair-699846670 0.595s
2025-11-21 23:07:31.959 66296 INFO tempest.lib.common.rest_client [req-daff915b-5d58-4099-963b-39cb076e2932 req-daff915b-5d58-4099-963b-39cb076e2932 ] Request (ServersTestJSON:tearDownClass): 204 DELETE http://10.180.1.21/networking/v2.0/floatingips/2ab12b94-ea87-4a8f-81b3-08fe50cc9599 0.238s
2025-11-21 23:07:31.962 66304 INFO tempest.lib.common.rest_client [req-f6543d85-c166-4391-815e-66b1ad14ca9a req-f6543d85-c166-4391-815e-66b1ad14ca9a ] Request (ServerActionsTestOtherB:test_create_backup): 200 GET http://10.180.1.21/image/v2/images/7463fd30-8a6b-400b-bd4b-75cae994cc5a/tasks 0.027s
2025-11-21 23:07:31.980 66288 INFO tempest.lib.common.rest_client [req-c27d7417-6d18-4a61-85ac-b31105444504 req-c27d7417-6d18-4a61-85ac-b31105444504 ] Request (ListServersNegativeTestJSON:setUpClass): 200 GET http://10.180.1.21/compute/v2.1/servers/3403d08d-7adb-4d42-aee6-9d8c3ace73f1 0.650s
2025-11-21 23:07:32.046 66274 INFO tempest.lib.common.rest_client [req-ca363340-c89a-4aab-8947-560a0c49b8eb req-ca363340-c89a-4aab-8947-560a0c49b8eb ] Request (AttachInterfacesUnderV243Test:_run_cleanups): 204 DELETE http://10.180.1.21/networking/v2.0/security-groups/d08fe9d1-68b7-4488-a220-0a19d527b2b1 0.097s
2025-11-21 23:07:32.159 66254 INFO tempest.lib.common.rest_client [req-4832fb89-6572-4d52-ac34-76d182cc582c req-4832fb89-6572-4d52-ac34-76d182cc582c ] Request (SecurityGroupsTestJSON:test_server_security_groups): 200 POST http://10.180.1.21/compute/v2.1/os-security-groups 0.745s
2025-11-21 23:07:32.222 66254 INFO tempest.lib.common.rest_client [req-4e8f26ea-05d1-48ef-85bb-44129fdfb9cd req-4e8f26ea-05d1-48ef-85bb-44129fdfb9cd ] Request (SecurityGroupsTestJSON:test_server_security_groups): 201 POST http://10.180.1.21/identity/v3/auth/tokens 0.057s
2025-11-21 23:07:32.223 66254 INFO tempest.lib.common.fixed_network [-] (SecurityGroupsTestJSON:test_server_security_groups) Found network {'id': 'ce08f291-86c7-4fd8-becc-a4a691fcf3b8', 'name': 'tempest-SecurityGroupsTestJSON-782633606-network', 'tenant_id': '4f36b77b1ffa4053ae440e8f1405da85', 'project_id': '4f36b77b1ffa4053ae440e8f1405da85', 'admin_state_up': True, 'mtu': 8950, 'status': 'ACTIVE', 'subnets': [], 'shared': False, 'port_security_enabled': True, 'router:external': False, 'provider:network_type': 'vlan', 'provider:physical_network': 'default', 'provider:segmentation_id': 751, 'availability_zone_hints': [], 'availability_zones': [], 'ipv4_address_scope': None, 'ipv6_address_scope': None, 'description': '', 'tags': [], 'created_at': '2025-11-21T23:06:10Z', 'updated_at': '2025-11-21T23:06:10Z', 'revision_number': 1} available for tenant
2025-11-21 23:07:32.853 66274 INFO tempest.lib.common.rest_client [req-50cb77ae-546d-4738-88cd-b4040361aef4 req-50cb77ae-546d-4738-88cd-b4040361aef4 ] Request (AttachInterfacesUnderV243Test:_run_cleanups): 404 GET http://10.180.1.21/networking/v2.0/security-groups/d08fe9d1-68b7-4488-a220-0a19d527b2b1 0.806s
2025-11-21 23:07:32.937 66296 INFO tempest.lib.common.rest_client [req-76ceef02-4099-407a-b180-7b94b56600bd req-76ceef02-4099-407a-b180-7b94b56600bd ] Request (ServersTestJSON:tearDownClass): 200 PUT http://10.180.1.21/networking/v2.0/routers/5f7f6146-8797-4ff4-bb7c-938bc293d878/remove_router_interface 0.978s
2025-11-21 23:07:32.971 66270 INFO tempest.lib.common.rest_client [req-417338eb-ab44-48c7-9886-0db80a2870d3 req-417338eb-ab44-48c7-9886-0db80a2870d3 ] Request (AttachInterfacesV270Test:tearDownClass): 200 GET http://10.180.1.21/compute/v2.1/servers/99e161ce-10c2-410b-b176-5ec5abbb7672 1.521s
2025-11-21 23:07:33.003 66260 INFO tempest.lib.common.rest_client [req-53e702d0-570c-493b-a3ae-80870d2599ed req-53e702d0-570c-493b-a3ae-80870d2599ed ] Request (ServersAdminTestJSON:test_rebuild_server_in_error_state): 200 GET http://10.180.1.21/compute/v2.1/servers/f8f61992-a182-42c2-9968-e62639d35423 1.510s
2025-11-21 23:07:33.028 66290 INFO tempest.lib.common.rest_client [req-563f93c6-4659-40a3-8b7a-d45691582d54 req-563f93c6-4659-40a3-8b7a-d45691582d54 ] Request (ImagesDeleteNegativeTestJSON:test_delete_image_negative_image_id): 404 DELETE http://10.180.1.21/compute/v2.1/images/-1 1.491s
2025-11-21 23:07:33.162 66274 INFO tempest.lib.common.rest_client [req-3aada822-2882-42d3-9ccc-4ed6beac284d req-3aada822-2882-42d3-9ccc-4ed6beac284d ] Request (AttachInterfacesUnderV243Test:_run_cleanups): 204 DELETE http://10.180.1.21/networking/v2.0/floatingips/62d3319f-44e3-4daf-b905-428c1d4cb3ab 0.308s
2025-11-21 23:07:33.216 66276 WARNING tempest.lib.common.ssh [-] Failed to establish authenticated ssh connection to cirros@10.180.180.150 ([Errno None] Unable to connect to port 22 on 10.180.180.150). Number attempts: 5. Retry after 6 seconds.: paramiko.ssh_exception.NoValidConnectionsError: [Errno None] Unable to connect to port 22 on 10.180.180.150
2025-11-21 23:07:33.363 66248 INFO tempest.lib.common.rest_client [req-e354e747-2888-4502-acbc-41a488bc2bbc req-e354e747-2888-4502-acbc-41a488bc2bbc ] Request (AttachInterfacesTestJSON:test_create_list_show_delete_interfaces_by_fixed_ip): 200 GET http://10.180.1.21/compute/v2.1/servers/9d47bd3e-149b-4e98-9393-f48f1c9d14ac 1.830s
2025-11-21 23:07:33.381 66302 INFO tempest.lib.common.rest_client [req-00a06dab-b0be-471e-80cb-6cbc584be84b req-00a06dab-b0be-471e-80cb-6cbc584be84b ] Request (VolumesAssistedSnapshotsTest:tearDownClass): 200 GET http://10.180.1.21/compute/v2.1/servers/70e3430b-9df6-452f-9bd2-1d5d7bfff8ee 1.789s
2025-11-21 23:07:33.581 66296 INFO tempest.lib.common.rest_client [req-2f164a70-3d79-4d5b-ae90-d7c15892c2ef req-2f164a70-3d79-4d5b-ae90-d7c15892c2ef ] Request (ServersTestJSON:tearDownClass): 204 DELETE http://10.180.1.21/networking/v2.0/routers/5f7f6146-8797-4ff4-bb7c-938bc293d878 0.643s
2025-11-21 23:07:34.932 66308 INFO tempest.lib.common.rest_client [req-2fe4e7dd-4d2d-4356-bbc6-8a36299bcd54 req-2fe4e7dd-4d2d-4356-bbc6-8a36299bcd54 ] Request (ServersWithSpecificFlavorTestJSON:test_verify_created_server_ephemeral_disk): 200 GET http://10.180.1.21/compute/v2.1/servers/463d8b7a-0a65-49c8-9c37-dac8402e141f 3.301s
2025-11-21 23:07:34.940 66264 INFO tempest.lib.common.rest_client [req-1bb0b842-9cda-4467-af49-98ba4852641a req-1bb0b842-9cda-4467-af49-98ba4852641a ] Request (ImagesOneServerNegativeTestJSON:_run_cleanups): 200 GET http://10.180.1.21/compute/v2.1/servers/a00558d3-80bd-4458-b5d4-a1f9eb043e3e 3.290s
2025-11-21 23:07:35.007 66292 WARNING tempest.lib.common.ssh [-] Failed to establish authenticated ssh connection to cirros@10.180.180.128 ([Errno None] Unable to connect to port 22 on 10.180.180.128). Number attempts: 7. Retry after 8 seconds.: paramiko.ssh_exception.NoValidConnectionsError: [Errno None] Unable to connect to port 22 on 10.180.180.128
2025-11-21 23:07:35.077 66296 INFO tempest.lib.common.rest_client [req-533671b6-b7b8-4964-9f85-345464ee05f8 req-533671b6-b7b8-4964-9f85-345464ee05f8 ] Request (ServersTestJSON:tearDownClass): 204 DELETE http://10.180.1.21/networking/v2.0/subnets/98a5d71e-2afa-4efc-aba2-f25a54e4384c 1.495s
2025-11-21 23:07:35.140 66246 INFO tempest.lib.common.rest_client [req-223048c4-f1fe-4665-82d9-e79b80d0c049 req-223048c4-f1fe-4665-82d9-e79b80d0c049 ] Request (ListImageFiltersTestJSON:setUpClass): 200 GET http://10.180.1.21/compute/v2.1/servers/56952b61-5f1f-47f8-bc65-a71bcb9ed5c9 3.443s
2025-11-21 23:07:35.147 66272 INFO tempest.lib.common.rest_client [req-fb339700-3174-46b0-905f-04dc496b8a57 req-fb339700-3174-46b0-905f-04dc496b8a57 ] Request (MultipleCreateTestJSON:test_multiple_create): 200 GET http://10.180.1.21/compute/v2.1/servers/54f36b38-4e9c-4ea5-8549-673f6c231809 3.434s
2025-11-21 23:07:35.384 66296 INFO tempest.lib.common.rest_client [req-34e9eb0c-1eb5-4088-8437-469a508e4da8 req-34e9eb0c-1eb5-4088-8437-469a508e4da8 ] Request (ServersTestJSON:tearDownClass): 204 DELETE http://10.180.1.21/networking/v2.0/networks/f4d77781-199c-4330-80d7-7e103d792aa2 0.306s
2025-11-21 23:07:35.403 66266 INFO tempest.lib.common.rest_client [req-7ab80c9f-db70-4e0b-bf76-dbd1a0ad7a65 req-7ab80c9f-db70-4e0b-bf76-dbd1a0ad7a65 ] Request (InstanceActionsNegativeTestJSON:tearDownClass): 200 GET http://10.180.1.21/compute/v2.1/servers/c552c0e1-9eb0-445c-b45d-84c41097e98e 3.554s
2025-11-21 23:07:35.470 66256 INFO tempest.lib.common.rest_client [req-821b27f4-445f-4462-b839-d087f0d27262 req-821b27f4-445f-4462-b839-d087f0d27262 ] Request (MigrationsAdminTest:test_list_migrations_in_flavor_resize_situation): 200 GET http://10.180.1.21/compute/v2.1/servers/5fbbfac5-3747-44c6-a3d9-048136d5c055 3.597s
2025-11-21 23:07:35.579 66296 INFO tempest.lib.common.rest_client [req-30abb949-6c05-4c68-b555-1a42f5424040 req-30abb949-6c05-4c68-b555-1a42f5424040 ] Request (ServersTestJSON:tearDownClass): 204 DELETE http://10.180.1.21/identity/v3/users/f490db32b27940e982d04cc6419b4176 0.194s
2025-11-21 23:07:35.579 66296 INFO tempest.lib.common.dynamic_creds [-] Deleting project and security group for project: bbf0c200754741d9a2b2f9be98c2371e
2025-11-21 23:07:35.711 66250 INFO tempest.lib.common.rest_client [req-e1e43471-6bc4-49c9-b5fd-b064e996b372 req-e1e43471-6bc4-49c9-b5fd-b064e996b372 ] Request (ServerGroupTestJSON:test_create_server_with_scheduler_hint_group): 200 GET http://10.180.1.21/compute/v2.1/servers/305ed527-0b24-4e33-ac0a-3fe96b1763fe 3.758s
2025-11-21 23:07:35.738 66296 INFO tempest.lib.common.rest_client [req-fdaf036e-a624-4aee-a69b-0f1e36a40dcf req-fdaf036e-a624-4aee-a69b-0f1e36a40dcf ] Request (ServersTestJSON:tearDownClass): 200 GET http://10.180.1.21/networking/v2.0/security-groups?tenant_id=bbf0c200754741d9a2b2f9be98c2371e&name=default 0.158s
2025-11-21 23:07:35.772 66304 INFO tempest.lib.common.rest_client [req-173523ba-77ee-49bb-8493-a97e143a0d94 req-173523ba-77ee-49bb-8493-a97e143a0d94 ] Request (ServerActionsTestOtherB:test_create_backup): 200 GET http://10.180.1.21/compute/v2.1/servers/a9a7b0d1-809c-4ef8-bbc4-5786bf23d4bd 3.809s
2025-11-21 23:07:36.173 66296 INFO tempest.lib.common.rest_client [req-6be84aa5-96f1-4ccd-81e9-4b4ed1acd05d req-6be84aa5-96f1-4ccd-81e9-4b4ed1acd05d ] Request (ServersTestJSON:tearDownClass): 204 DELETE http://10.180.1.21/networking/v2.0/security-groups/6be05a29-3c30-45ee-b92a-4f1dbda4aa8e 0.435s
2025-11-21 23:07:36.195 66294 INFO tempest.lib.common.rest_client [req-0c5d06c4-676e-41ee-954e-d3ef18892822 req-0c5d06c4-676e-41ee-954e-d3ef18892822 ] Request (ImagesOneServerTestJSON:setUpClass): 200 GET http://10.180.1.21/compute/v2.1/servers/faa9102b-7a90-41c5-8294-59785fbffd84 4.228s
2025-11-21 23:07:36.214 66282 INFO tempest.lib.common.rest_client [req-9c063c07-736b-4215-a29b-bfcfc6aca7e1 req-9c063c07-736b-4215-a29b-bfcfc6aca7e1 ] Request (ImagesTestJSON:test_create_image_from_stopped_server): 200 GET http://10.180.1.21/compute/v2.1/servers/769d6ad2-e4aa-40ed-878e-494397f6a7ca 4.206s
2025-11-21 23:07:36.294 66296 INFO tempest.lib.common.rest_client [req-2986e394-3b6e-4ed2-b15a-b64e06ec0d37 req-2986e394-3b6e-4ed2-b15a-b64e06ec0d37 ] Request (ServersTestJSON:tearDownClass): 204 DELETE http://10.180.1.21/identity/v3/projects/bbf0c200754741d9a2b2f9be98c2371e 0.120s
2025-11-21 23:07:36.374 66296 INFO tempest.lib.common.rest_client [req-f6eef60e-8a4f-4fd3-bfaf-76149d540c0d req-f6eef60e-8a4f-4fd3-bfaf-76149d540c0d ] Request (ServerAddressesNegativeTestJSON:setUpClass): 201 POST http://10.180.1.21/identity/v3/auth/tokens 0.077s
2025-11-21 23:07:36.405 66296 INFO tempest.lib.common.rest_client [req-1ab8cc87-ec88-4a78-9cb8-6d7c10bf1078 req-1ab8cc87-ec88-4a78-9cb8-6d7c10bf1078 ] Request (ServerAddressesNegativeTestJSON:setUpClass): 201 POST http://10.180.1.21/identity/v3/auth/tokens 0.028s
2025-11-21 23:07:36.432 66296 INFO tempest.lib.common.rest_client [req-8ee9d7cd-22ec-4bb1-a393-e4ad86c6bf2f req-8ee9d7cd-22ec-4bb1-a393-e4ad86c6bf2f ] Request (ServerAddressesNegativeTestJSON:setUpClass): 200 GET http://10.180.1.21/identity/v3/domains?name=Default 0.026s
2025-11-21 23:07:36.461 66296 INFO tempest.lib.common.rest_client [req-f7406477-ace1-43e2-b2cb-a46b0b582f65 req-f7406477-ace1-43e2-b2cb-a46b0b582f65 ] Request (ServerAddressesNegativeTestJSON:setUpClass): 201 POST http://10.180.1.21/identity/v3/projects 0.029s
2025-11-21 23:07:36.532 66296 INFO tempest.lib.common.rest_client [req-ac728fff-f128-40e0-b159-c88a4d7c9c40 req-ac728fff-f128-40e0-b159-c88a4d7c9c40 ] Request (ServerAddressesNegativeTestJSON:setUpClass): 201 POST http://10.180.1.21/identity/v3/users 0.069s
2025-11-21 23:07:36.559 66296 INFO tempest.lib.common.rest_client [req-1830a981-9b41-4e7f-a629-94311fef2afd req-1830a981-9b41-4e7f-a629-94311fef2afd ] Request (ServerAddressesNegativeTestJSON:setUpClass): 200 GET http://10.180.1.21/identity/v3/roles 0.026s
2025-11-21 23:07:36.589 66296 INFO tempest.lib.common.rest_client [req-368458df-7e3a-4933-9b70-b8ea2995be65 req-368458df-7e3a-4933-9b70-b8ea2995be65 ] Request (ServerAddressesNegativeTestJSON:setUpClass): 204 PUT http://10.180.1.21/identity/v3/projects/57d4ffd5e94649ad9957476580065b93/users/9475318fe1dc41599010af00da296258/roles/776e918f58a74de2a41bbeeab7c89aab 0.030s
2025-11-21 23:07:36.590 66296 INFO tempest.lib.common.dynamic_creds [-] Dynamic test user 9475318fe1dc41599010af00da296258 is created with scope project and roles: ['member']
2025-11-21 23:07:36.590 66296 INFO tempest.lib.common.dynamic_creds [-] Acquired dynamic creds: credentials: Credentials: {'domain_id': 'default', 'domain_name': 'Default', 'username': 'tempest-ServerAddressesNegativeTestJSON-614295252-project-member', 'project_domain_id': 'default', 'project_domain_name': 'Default', 'project_id': '57d4ffd5e94649ad9957476580065b93', 'project_name': 'tempest-ServerAddressesNegativeTestJSON-614295252', 'tenant_id': '57d4ffd5e94649ad9957476580065b93', 'tenant_name': 'tempest-ServerAddressesNegativeTestJSON-614295252', 'user_domain_id': 'default', 'user_domain_name': 'Default', 'user_id': '9475318fe1dc41599010af00da296258', 'system': None}, Network: None, Subnet: None, Router: None
2025-11-21 23:07:36.652 66296 INFO tempest.lib.common.rest_client [req-0cfeae1b-7280-4200-88b5-9330083cd0bf req-0cfeae1b-7280-4200-88b5-9330083cd0bf ] Request (ServerAddressesNegativeTestJSON:setUpClass): 201 POST http://10.180.1.21/identity/v3/auth/tokens 0.061s
2025-11-21 23:07:37.150 66278 INFO tempest.lib.common.rest_client [req-1b1b65df-a587-4b90-9bfe-cfcc7f8454c5 req-1b1b65df-a587-4b90-9bfe-cfcc7f8454c5 ] Request (ServerMetadataNegativeTestJSON:setUpClass): 200 GET http://10.180.1.21/compute/v2.1/servers/74a7a33a-ae62-45a6-b8ac-65463f7d10ba 5.128s
2025-11-21 23:07:37.166 66268 INFO tempest.lib.common.rest_client [req-4dcb4109-4dd4-4fc0-bef6-404d1c6be9e9 req-4dcb4109-4dd4-4fc0-bef6-404d1c6be9e9 ] Request (FloatingIPsAssociationTestJSON:test_associate_already_associated_floating_ip): 200 GET http://10.180.1.21/compute/v2.1/servers/8492b439-7227-4f11-9437-bec4f0046113 5.065s
2025-11-21 23:07:37.400 66296 INFO tempest.lib.common.rest_client [req-0b886d7b-53cb-4c9f-bc28-19687b253297 req-0b886d7b-53cb-4c9f-bc28-19687b253297 ] Request (ServerAddressesNegativeTestJSON:setUpClass): 201 POST http://10.180.1.21/networking/v2.0/networks 0.747s
2025-11-21 23:07:37.671 66296 INFO tempest.lib.common.rest_client [req-5295bcdc-0203-4112-ac07-17dd8f9c2e20 req-5295bcdc-0203-4112-ac07-17dd8f9c2e20 ] Request (ServerAddressesNegativeTestJSON:setUpClass): 201 POST http://10.180.1.21/networking/v2.0/subnets 0.270s
2025-11-21 23:07:37.741 66280 INFO tempest.lib.common.rest_client [req-47464fe3-6483-4ec8-a847-48f05a840a95 req-47464fe3-6483-4ec8-a847-48f05a840a95 ] Request (ServerRescueNegativeTestJSON:setUpClass): 200 GET http://10.180.1.21/compute/v2.1/servers/b48a9491-473a-4442-89d7-1eb79b05fc5f 5.619s
2025-11-21 23:07:37.928 66306 INFO tempest.lib.common.rest_client [req-c636ea06-89a6-4c79-a34d-7aacc3b4166c req-c636ea06-89a6-4c79-a34d-7aacc3b4166c ] Request (ServersAdminNegativeTestJSON:test_migrate_server_invalid_state): 200 GET http://10.180.1.21/compute/v2.1/servers/c236f7a3-276e-4c84-8c52-fcbff4af3212 5.696s
2025-11-21 23:07:37.951 66258 INFO tempest.lib.common.rest_client [req-7919db69-e039-4b4c-9da8-e9526710eed7 req-7919db69-e039-4b4c-9da8-e9526710eed7 ] Request (DeleteServersTestJSON:test_delete_server_while_in_attached_volume): 404 GET http://10.180.1.21/compute/v2.1/servers/de52f561-fab4-470e-bc15-eaa8c4376d20 5.634s
2025-11-21 23:07:38.015 66258 INFO tempest.lib.common.rest_client [req-72c2c895-5c22-4745-be77-e447ae5c35f2 req-72c2c895-5c22-4745-be77-e447ae5c35f2 ] Request (DeleteServersTestJSON:test_delete_server_while_in_attached_volume): 200 GET http://10.180.1.21/volume/v3/volumes/94296478-1c6f-489d-b494-f4a1370391f0 0.064s
2025-11-21 23:07:38.022 66258 INFO tempest.common.waiters [-] volume 94296478-1c6f-489d-b494-f4a1370391f0 reached available after waiting for 0.022796 seconds
2025-11-21 23:07:38.054 66258 INFO tempest.lib.common.rest_client [req-6863257e-96c4-4efd-8213-df625dcfa00b req-6863257e-96c4-4efd-8213-df625dcfa00b ] Request (DeleteServersTestJSON:_run_cleanups): 200 GET http://10.180.1.21/volume/v3/volumes/94296478-1c6f-489d-b494-f4a1370391f0 0.031s
2025-11-21 23:07:38.284 66286 INFO tempest.lib.common.rest_client [req-d3f0db1a-d64c-4f63-98fa-f385b24ac675 req-d3f0db1a-d64c-4f63-98fa-f385b24ac675 ] Request (ServersTestMultiNic:test_verify_duplicate_network_nics): 200 GET http://10.180.1.21/compute/v2.1/servers/8893416e-5e71-4627-8ad8-b2a0f90f812d 5.550s
2025-11-21 23:07:38.299 66254 INFO tempest.lib.common.rest_client [req-c1d99342-9399-47f3-9057-060113193c84 req-c1d99342-9399-47f3-9057-060113193c84 ] Request (SecurityGroupsTestJSON:test_server_security_groups): 202 POST http://10.180.1.21/compute/v2.1/servers 6.075s
2025-11-21 23:07:38.357 66290 INFO tempest.lib.common.rest_client [req-96d53eb5-284c-4b72-a54d-736ccb6e917b req-96d53eb5-284c-4b72-a54d-736ccb6e917b ] Request (ImagesDeleteNegativeTestJSON:test_delete_image_non_hex_string_id): 404 DELETE http://10.180.1.21/compute/v2.1/images/275c06ad-00d8-41d0-8f91-70a3552a721j 5.328s
2025-11-21 23:07:38.383 66274 INFO tempest.lib.common.rest_client [req-bf23bd43-c68c-4bd2-9714-40911514c05d req-bf23bd43-c68c-4bd2-9714-40911514c05d ] Request (AttachInterfacesUnderV243Test:tearDownClass): 404 DELETE http://10.180.1.21/compute/v2.1/servers/9315f36e-43c8-4488-af6b-8a4757bc0ab5 5.220s
2025-11-21 23:07:38.584 66296 INFO tempest.lib.common.rest_client [req-a91a0a12-7ad3-4716-98a4-f50b1d6c6d00 req-a91a0a12-7ad3-4716-98a4-f50b1d6c6d00 ] Request (ServerAddressesNegativeTestJSON:setUpClass): 201 POST http://10.180.1.21/networking/v2.0/routers 0.913s
2025-11-21 23:07:38.608 66288 INFO tempest.lib.common.rest_client [req-8b34ee88-5386-4383-8bf6-67f174124fae req-8b34ee88-5386-4383-8bf6-67f174124fae ] Request (ListServersNegativeTestJSON:setUpClass): 200 GET http://10.180.1.21/compute/v2.1/servers/3403d08d-7adb-4d42-aee6-9d8c3ace73f1 5.620s
2025-11-21 23:07:38.660 66270 INFO tempest.lib.common.rest_client [req-ff83b2dc-d1ca-4346-baf7-251a20b92307 req-ff83b2dc-d1ca-4346-baf7-251a20b92307 ] Request (AttachInterfacesV270Test:tearDownClass): 200 GET http://10.180.1.21/compute/v2.1/servers/99e161ce-10c2-410b-b176-5ec5abbb7672 4.673s
2025-11-21 23:07:38.676 66270 INFO tempest.common.waiters [-] State transition "ACTIVE/deleting" ==> "DELETED/None" after 6 second wait
2025-11-21 23:07:38.834 66248 INFO tempest.lib.common.rest_client [req-f4e3d593-9a48-40cf-af89-6cd0d6ca09ae req-f4e3d593-9a48-40cf-af89-6cd0d6ca09ae ] Request (AttachInterfacesTestJSON:test_create_list_show_delete_interfaces_by_fixed_ip): 200 GET http://10.180.1.21/compute/v2.1/servers/9d47bd3e-149b-4e98-9393-f48f1c9d14ac 4.460s
2025-11-21 23:07:39.638 66296 INFO tempest.lib.common.rest_client [req-fe4a79c2-9af1-436f-a621-c4221a2677fd req-fe4a79c2-9af1-436f-a621-c4221a2677fd ] Request (ServerAddressesNegativeTestJSON:setUpClass): 200 PUT http://10.180.1.21/networking/v2.0/routers/a3cf1957-a434-4c48-a06a-00474b2a842d/add_router_interface 1.053s
2025-11-21 23:07:39.638 66296 INFO tempest.lib.common.dynamic_creds [-] Created isolated network resources for: credentials: Credentials: {'domain_id': 'default', 'domain_name': 'Default', 'username': 'tempest-ServerAddressesNegativeTestJSON-614295252-project-member', 'project_domain_id': 'default', 'project_domain_name': 'Default', 'project_id': '57d4ffd5e94649ad9957476580065b93', 'project_name': 'tempest-ServerAddressesNegativeTestJSON-614295252', 'tenant_id': '57d4ffd5e94649ad9957476580065b93', 'tenant_name': 'tempest-ServerAddressesNegativeTestJSON-614295252', 'user_domain_id': 'default', 'user_domain_name': 'Default', 'user_id': '9475318fe1dc41599010af00da296258', 'system': None}, Network: {'id': 'e7b6886b-e621-4745-bd62-041b5f9da52f', 'name': 'tempest-ServerAddressesNegativeTestJSON-650324697-network', 'tenant_id': '57d4ffd5e94649ad9957476580065b93', 'project_id': '57d4ffd5e94649ad9957476580065b93', 'admin_state_up': True, 'mtu': 8950, 'status': 'ACTIVE', 'subnets': [], 'shared': False, 'port_security_enabled': True, 'router:external': False, 'provider:network_type': 'vlan', 'provider:physical_network': 'default', 'provider:segmentation_id': 380, 'availability_zone_hints': [], 'availability_zones': [], 'ipv4_address_scope': None, 'ipv6_address_scope': None, 'description': '', 'tags': [], 'created_at': '2025-11-21T23:07:37Z', 'updated_at': '2025-11-21T23:07:37Z', 'revision_number': 1}, Subnet: {'id': '95172419-9525-4183-931b-0828021f3598', 'name': 'tempest-ServerAddressesNegativeTestJSON-650324697-subnet', 'tenant_id': '57d4ffd5e94649ad9957476580065b93', 'network_id': 'e7b6886b-e621-4745-bd62-041b5f9da52f', 'ip_version': 4, 'subnetpool_id': None, 'enable_dhcp': True, 'ipv6_ra_mode': None, 'ipv6_address_mode': None, 'gateway_ip': '192.168.128.1', 'cidr': '192.168.128.0/28', 'allocation_pools': [{'start': '192.168.128.2', 'end': '192.168.128.14'}], 'host_routes': [], 'dns_nameservers': [], 'description': '', 'router:external': False, 'service_types': [], 'tags': [], 'created_at': '2025-11-21T23:07:37Z', 'updated_at': '2025-11-21T23:07:37Z', 'revision_number': 0, 'project_id': '57d4ffd5e94649ad9957476580065b93'}, Router: {'id': 'a3cf1957-a434-4c48-a06a-00474b2a842d', 'name': 'tempest-ServerAddressesNegativeTestJSON-650324697-router', 'tenant_id': '57d4ffd5e94649ad9957476580065b93', 'admin_state_up': True, 'status': 'ACTIVE', 'external_gateway_info': {'network_id': 'bfd456b0-9fdc-40c0-9533-e2810e5fe000', 'external_fixed_ips': [{'subnet_id': '5087f17e-9ba2-4159-8c65-65800efe731d', 'ip_address': '10.180.180.176'}], 'enable_snat': True}, 'description': '', 'availability_zones': [], 'distributed': False, 'ha': False, 'availability_zone_hints': [], 'routes': [], 'flavor_id': None, 'tags': [], 'created_at': '2025-11-21T23:07:37Z', 'updated_at': '2025-11-21T23:07:38Z', 'revision_number': 2, 'project_id': '57d4ffd5e94649ad9957476580065b93'}
2025-11-21 23:07:39.743 66296 INFO tempest.lib.common.rest_client [req-20d0ebff-463c-4c32-b51d-599c1f71a477 req-20d0ebff-463c-4c32-b51d-599c1f71a477 ] Request (ServerAddressesNegativeTestJSON:setUpClass): 201 POST http://10.180.1.21/identity/v3/auth/tokens 0.102s
2025-11-21 23:07:39.763 66260 INFO tempest.lib.common.rest_client [req-ec71e48b-4942-4e83-852d-4906c1a4344c req-ec71e48b-4942-4e83-852d-4906c1a4344c ] Request (ServersAdminTestJSON:test_rebuild_server_in_error_state): 200 GET http://10.180.1.21/compute/v2.1/servers/f8f61992-a182-42c2-9968-e62639d35423 5.747s
2025-11-21 23:07:39.775 66260 INFO tempest.common.waiters [-] State transition "REBUILD/rebuild_spawning" ==> "ACTIVE/None" after 9 second wait
2025-11-21 23:07:39.783 66296 INFO tempest.lib.common.rest_client [req-4dab5fa6-a790-4b22-8438-881ebdb9f07f req-4dab5fa6-a790-4b22-8438-881ebdb9f07f ] Request (ServerAddressesNegativeTestJSON:setUpClass): 201 POST http://10.180.1.21/identity/v3/auth/tokens 0.035s
2025-11-21 23:07:39.783 66296 INFO tempest.lib.common.fixed_network [-] (ServerAddressesNegativeTestJSON:setUpClass) Found network {'id': 'e7b6886b-e621-4745-bd62-041b5f9da52f', 'name': 'tempest-ServerAddressesNegativeTestJSON-650324697-network', 'tenant_id': '57d4ffd5e94649ad9957476580065b93', 'project_id': '57d4ffd5e94649ad9957476580065b93', 'admin_state_up': True, 'mtu': 8950, 'status': 'ACTIVE', 'subnets': [], 'shared': False, 'port_security_enabled': True, 'router:external': False, 'provider:network_type': 'vlan', 'provider:physical_network': 'default', 'provider:segmentation_id': 380, 'availability_zone_hints': [], 'availability_zones': [], 'ipv4_address_scope': None, 'ipv6_address_scope': None, 'description': '', 'tags': [], 'created_at': '2025-11-21T23:07:37Z', 'updated_at': '2025-11-21T23:07:37Z', 'revision_number': 1} available for tenant
2025-11-21 23:07:39.811 66302 INFO tempest.lib.common.rest_client [req-419ed361-c39c-4655-bd3f-43f754585fda req-419ed361-c39c-4655-bd3f-43f754585fda ] Request (VolumesAssistedSnapshotsTest:tearDownClass): 200 GET http://10.180.1.21/compute/v2.1/servers/70e3430b-9df6-452f-9bd2-1d5d7bfff8ee 5.421s
2025-11-21 23:07:39.947 66308 INFO tempest.lib.common.rest_client [req-b77023b8-f76d-42de-9e0d-ff8df9532e75 req-b77023b8-f76d-42de-9e0d-ff8df9532e75 ] Request (ServersWithSpecificFlavorTestJSON:test_verify_created_server_ephemeral_disk): 200 GET http://10.180.1.21/compute/v2.1/servers/463d8b7a-0a65-49c8-9c37-dac8402e141f 4.004s
2025-11-21 23:07:39.993 66264 INFO tempest.lib.common.rest_client [req-d33f9d8d-de2f-4046-9409-cc9b6e301125 req-d33f9d8d-de2f-4046-9409-cc9b6e301125 ] Request (ImagesOneServerNegativeTestJSON:_run_cleanups): 200 GET http://10.180.1.21/compute/v2.1/servers/a00558d3-80bd-4458-b5d4-a1f9eb043e3e 4.045s
2025-11-21 23:07:40.000 66264 INFO tempest.common.waiters [-] State transition "BUILD/scheduling" ==> "BUILD/None" after 19 second wait
2025-11-21 23:07:40.090 66246 INFO tempest.lib.common.rest_client [req-06efd878-31f4-4760-b8af-799369011641 req-06efd878-31f4-4760-b8af-799369011641 ] Request (ListImageFiltersTestJSON:setUpClass): 200 GET http://10.180.1.21/compute/v2.1/servers/56952b61-5f1f-47f8-bc65-a71bcb9ed5c9 3.941s
2025-11-21 23:07:40.114 66266 INFO tempest.lib.common.rest_client [req-549bbc96-7580-4597-8375-d27280b4ba7c req-549bbc96-7580-4597-8375-d27280b4ba7c ] Request (InstanceActionsNegativeTestJSON:tearDownClass): 404 GET http://10.180.1.21/compute/v2.1/servers/c552c0e1-9eb0-445c-b45d-84c41097e98e 3.703s
2025-11-21 23:07:40.585 66272 INFO tempest.lib.common.rest_client [req-85c73453-05dc-44f7-a030-1079320dbe0d req-85c73453-05dc-44f7-a030-1079320dbe0d ] Request (MultipleCreateTestJSON:test_multiple_create): 200 GET http://10.180.1.21/compute/v2.1/servers/54f36b38-4e9c-4ea5-8549-673f6c231809 4.427s
2025-11-21 23:07:40.593 66272 INFO tempest.common.waiters [-] State transition "BUILD/None" ==> "BUILD/spawning" after 45 second wait
2025-11-21 23:07:40.752 66256 INFO tempest.lib.common.rest_client [req-e3cb2137-53d3-4945-b264-54aa3578ad55 req-e3cb2137-53d3-4945-b264-54aa3578ad55 ] Request (MigrationsAdminTest:test_list_migrations_in_flavor_resize_situation): 200 GET http://10.180.1.21/compute/v2.1/servers/5fbbfac5-3747-44c6-a3d9-048136d5c055 4.271s
2025-11-21 23:07:40.973 66266 INFO tempest.lib.common.rest_client [req-5af8ccf9-092e-437a-9793-ceeac975e94e req-5af8ccf9-092e-437a-9793-ceeac975e94e ] Request (InstanceActionsNegativeTestJSON:tearDownClass): 200 PUT http://10.180.1.21/networking/v2.0/routers/ea2f8184-5872-444a-8e70-a5e01443f87d/remove_router_interface 0.859s
2025-11-21 23:07:41.011 66250 INFO tempest.lib.common.rest_client [req-f3bfbb57-6f3a-4511-9783-20b87f7f58ac req-f3bfbb57-6f3a-4511-9783-20b87f7f58ac ] Request (ServerGroupTestJSON:test_create_server_with_scheduler_hint_group): 200 GET http://10.180.1.21/compute/v2.1/servers/305ed527-0b24-4e33-ac0a-3fe96b1763fe 4.286s
2025-11-21 23:07:41.019 66250 INFO tempest.common.waiters [-] State transition "BUILD/spawning" ==> "ACTIVE/None" after 59 second wait
2025-11-21 23:07:41.096 66304 INFO tempest.lib.common.rest_client [req-b5c727fa-b76a-40cd-bb37-f9403ca38f94 req-b5c727fa-b76a-40cd-bb37-f9403ca38f94 ] Request (ServerActionsTestOtherB:test_create_backup): 200 GET http://10.180.1.21/compute/v2.1/servers/a9a7b0d1-809c-4ef8-bbc4-5786bf23d4bd 4.310s
2025-11-21 23:07:41.134 66294 INFO tempest.lib.common.rest_client [req-85a51f83-76bb-404b-b930-d65804c931ab req-85a51f83-76bb-404b-b930-d65804c931ab ] Request (ImagesOneServerTestJSON:setUpClass): 200 GET http://10.180.1.21/compute/v2.1/servers/faa9102b-7a90-41c5-8294-59785fbffd84 3.932s
2025-11-21 23:07:41.151 66258 INFO tempest.lib.common.rest_client [req-506fb70c-1e63-45ab-8879-3fec4b985c27 req-506fb70c-1e63-45ab-8879-3fec4b985c27 ] Request (DeleteServersTestJSON:_run_cleanups): 404 GET http://10.180.1.21/compute/v2.1/servers/de52f561-fab4-470e-bc15-eaa8c4376d20/os-volume_attachments 3.087s
2025-11-21 23:07:41.185 66258 INFO tempest.lib.common.rest_client [req-6a44659c-05c6-40f8-8479-6446b5b10ae4 req-6a44659c-05c6-40f8-8479-6446b5b10ae4 ] Request (DeleteServersTestJSON:_run_cleanups): 200 GET http://10.180.1.21/volume/v3/volumes/94296478-1c6f-489d-b494-f4a1370391f0 0.033s
2025-11-21 23:07:41.195 66258 INFO tempest.common.waiters [-] volume 94296478-1c6f-489d-b494-f4a1370391f0 reached available after waiting for 0.195185 seconds
2025-11-21 23:07:41.268 66258 INFO tempest.lib.common.rest_client [req-bf69280c-45b9-4cb2-b47f-25873b98f57f req-bf69280c-45b9-4cb2-b47f-25873b98f57f ] Request (DeleteServersTestJSON:test_delete_server_while_in_building_state): 201 POST http://10.180.1.21/identity/v3/auth/tokens 0.066s
2025-11-21 23:07:41.268 66258 INFO tempest.lib.common.fixed_network [-] (DeleteServersTestJSON:test_delete_server_while_in_building_state) Found network {'id': '6cf86d0f-cac0-4288-aae1-b21f35b4e093', 'name': 'tempest-DeleteServersTestJSON-2106050837-network', 'tenant_id': 'b2f51d5d2aad4a77a4b873599850ede1', 'project_id': 'b2f51d5d2aad4a77a4b873599850ede1', 'admin_state_up': True, 'mtu': 8950, 'status': 'ACTIVE', 'subnets': [], 'shared': False, 'port_security_enabled': True, 'router:external': False, 'provider:network_type': 'vlan', 'provider:physical_network': 'default', 'provider:segmentation_id': 254, 'availability_zone_hints': [], 'availability_zones': [], 'ipv4_address_scope': None, 'ipv6_address_scope': None, 'description': '', 'tags': [], 'created_at': '2025-11-21T23:04:52Z', 'updated_at': '2025-11-21T23:04:52Z', 'revision_number': 1} available for tenant
2025-11-21 23:07:41.441 66266 INFO tempest.lib.common.rest_client [req-4adb032a-1d8b-4d42-8a74-a4677b54ea54 req-4adb032a-1d8b-4d42-8a74-a4677b54ea54 ] Request (InstanceActionsNegativeTestJSON:tearDownClass): 204 DELETE http://10.180.1.21/networking/v2.0/routers/ea2f8184-5872-444a-8e70-a5e01443f87d 0.467s
2025-11-21 23:07:41.500 66278 INFO tempest.lib.common.rest_client [req-0d88d416-e455-4de9-94e2-b9a6a07a4668 req-0d88d416-e455-4de9-94e2-b9a6a07a4668 ] Request (ServerMetadataNegativeTestJSON:setUpClass): 200 GET http://10.180.1.21/compute/v2.1/servers/74a7a33a-ae62-45a6-b8ac-65463f7d10ba 3.340s
2025-11-21 23:07:41.508 66278 INFO tempest.common.waiters [-] State transition "BUILD/scheduling" ==> "BUILD/None" after 20 second wait
2025-11-21 23:07:41.661 66266 INFO tempest.lib.common.rest_client [req-e345718f-1079-43a5-8106-96dfa7069e01 req-e345718f-1079-43a5-8106-96dfa7069e01 ] Request (InstanceActionsNegativeTestJSON:tearDownClass): 204 DELETE http://10.180.1.21/networking/v2.0/subnets/a47e9b95-6d90-4f25-8283-2a3e097d9bf7 0.219s
2025-11-21 23:07:41.736 66282 INFO tempest.lib.common.rest_client [req-18f1af2f-16b4-4c68-a1af-0be92e907ccc req-18f1af2f-16b4-4c68-a1af-0be92e907ccc ] Request (ImagesTestJSON:test_create_image_from_stopped_server): 200 GET http://10.180.1.21/compute/v2.1/servers/769d6ad2-e4aa-40ed-878e-494397f6a7ca 4.513s
2025-11-21 23:07:41.744 66282 INFO tempest.common.waiters [-] State transition "BUILD/None" ==> "BUILD/networking" after 46 second wait
2025-11-21 23:07:42.068 66266 INFO tempest.lib.common.rest_client [req-14ba90c4-f4ad-45b7-864c-8ded372c305d req-14ba90c4-f4ad-45b7-864c-8ded372c305d ] Request (InstanceActionsNegativeTestJSON:tearDownClass): 204 DELETE http://10.180.1.21/networking/v2.0/networks/46baa0e8-d690-430e-b38a-bb1941788667 0.406s
2025-11-21 23:07:42.109 66268 INFO tempest.lib.common.rest_client [req-7fc7bc7a-1967-46d2-95ff-a6939e2b9d35 req-7fc7bc7a-1967-46d2-95ff-a6939e2b9d35 ] Request (FloatingIPsAssociationTestJSON:test_associate_already_associated_floating_ip): 200 GET http://10.180.1.21/compute/v2.1/servers/8492b439-7227-4f11-9437-bec4f0046113 3.934s
2025-11-21 23:07:42.124 66268 INFO tempest.common.waiters [-] State transition "BUILD/None" ==> "BUILD/spawning" after 48 second wait
2025-11-21 23:07:42.124 66290 INFO tempest.lib.common.rest_client [req-91a80752-2403-4828-b45d-236e00166429 req-91a80752-2403-4828-b45d-236e00166429 ] Request (ImagesDeleteNegativeTestJSON:test_delete_image_with_id_over_character_limit): 404 DELETE http://10.180.1.21/compute/v2.1/images/5e7a0660-1843-467b-9156-f2f4e943ec101 3.765s
2025-11-21 23:07:42.129 66254 INFO tempest.lib.common.rest_client [req-cadb4ac8-aca8-4635-9cd3-cba26cd750dc req-cadb4ac8-aca8-4635-9cd3-cba26cd750dc ] Request (SecurityGroupsTestJSON:test_server_security_groups): 200 GET http://10.180.1.21/compute/v2.1/servers/9d967bb3-ca02-45b4-a7eb-b92bc25e201f 3.828s
2025-11-21 23:07:42.151 66274 INFO tempest.lib.common.rest_client [req-0879be0e-a3df-40d7-9ab0-89c6078188b0 req-0879be0e-a3df-40d7-9ab0-89c6078188b0 ] Request (AttachInterfacesUnderV243Test:tearDownClass): 404 GET http://10.180.1.21/compute/v2.1/servers/9315f36e-43c8-4488-af6b-8a4757bc0ab5 3.767s
2025-11-21 23:07:42.180 66266 INFO tempest.lib.common.rest_client [req-548e5279-05a2-4eaf-99c9-c3bd25889156 req-548e5279-05a2-4eaf-99c9-c3bd25889156 ] Request (InstanceActionsNegativeTestJSON:tearDownClass): 204 DELETE http://10.180.1.21/identity/v3/users/d26a868b5e22432cb94763d849583cd1 0.112s
2025-11-21 23:07:42.181 66266 INFO tempest.lib.common.dynamic_creds [-] Deleting project and security group for project: 196c691dd6324259a17dad14538e4062
2025-11-21 23:07:42.815 66276 WARNING tempest.lib.common.ssh [-] Failed to establish authenticated ssh connection to cirros@10.180.180.150 ([Errno None] Unable to connect to port 22 on 10.180.180.150). Number attempts: 6. Retry after 7 seconds.: paramiko.ssh_exception.NoValidConnectionsError: [Errno None] Unable to connect to port 22 on 10.180.180.150
2025-11-21 23:07:42.902 66274 INFO tempest.lib.common.rest_client [req-e5bfdb1b-6466-4581-b996-db758d259a86 req-e5bfdb1b-6466-4581-b996-db758d259a86 ] Request (AttachInterfacesUnderV243Test:tearDownClass): 200 PUT http://10.180.1.21/networking/v2.0/routers/e5b2861e-53c4-4d61-9ad0-f7d26a592f23/remove_router_interface 0.751s
2025-11-21 23:07:43.012 66266 INFO tempest.lib.common.rest_client [req-519d4f9b-47b4-4533-9498-a0c2ebd8b1eb req-519d4f9b-47b4-4533-9498-a0c2ebd8b1eb ] Request (InstanceActionsNegativeTestJSON:tearDownClass): 200 GET http://10.180.1.21/networking/v2.0/security-groups?tenant_id=196c691dd6324259a17dad14538e4062&name=default 0.831s
2025-11-21 23:07:43.040 66306 INFO tempest.lib.common.rest_client [req-9576c772-7d92-478a-99ba-514321b1d571 req-9576c772-7d92-478a-99ba-514321b1d571 ] Request (ServersAdminNegativeTestJSON:test_migrate_server_invalid_state): 200 GET http://10.180.1.21/compute/v2.1/servers/c236f7a3-276e-4c84-8c52-fcbff4af3212 4.098s
2025-11-21 23:07:43.325 66280 INFO tempest.lib.common.rest_client [req-ed95148e-b618-4ec5-870a-dd9d9068ebf0 req-ed95148e-b618-4ec5-870a-dd9d9068ebf0 ] Request (ServerRescueNegativeTestJSON:setUpClass): 200 GET http://10.180.1.21/compute/v2.1/servers/b48a9491-473a-4442-89d7-1eb79b05fc5f 4.572s
2025-11-21 23:07:43.338 66280 INFO tempest.common.waiters [-] State transition "BUILD/spawning" ==> "ACTIVE/None" after 61 second wait
2025-11-21 23:07:43.417 66266 INFO tempest.lib.common.rest_client [req-555da6d9-d82a-40f4-9d35-7b2f3607cf8f req-555da6d9-d82a-40f4-9d35-7b2f3607cf8f ] Request (InstanceActionsNegativeTestJSON:tearDownClass): 204 DELETE http://10.180.1.21/networking/v2.0/security-groups/38e0585a-1f21-472b-a242-53d6eed5d5f0 0.404s
2025-11-21 23:07:43.582 66274 INFO tempest.lib.common.rest_client [req-cb2111fb-8e8f-4d41-aa56-ba441e66dcda req-cb2111fb-8e8f-4d41-aa56-ba441e66dcda ] Request (AttachInterfacesUnderV243Test:tearDownClass): 204 DELETE http://10.180.1.21/networking/v2.0/routers/e5b2861e-53c4-4d61-9ad0-f7d26a592f23 0.680s
2025-11-21 23:07:43.594 66266 INFO tempest.lib.common.rest_client [req-d09639d6-b9a6-4538-99f2-ada5156f7462 req-d09639d6-b9a6-4538-99f2-ada5156f7462 ] Request (InstanceActionsNegativeTestJSON:tearDownClass): 204 DELETE http://10.180.1.21/identity/v3/projects/196c691dd6324259a17dad14538e4062 0.177s
2025-11-21 23:07:43.660 66288 INFO tempest.lib.common.rest_client [req-25c8c3f5-7679-4e05-a203-d2fde4979ff9 req-25c8c3f5-7679-4e05-a203-d2fde4979ff9 ] Request (ListServersNegativeTestJSON:setUpClass): 200 GET http://10.180.1.21/compute/v2.1/servers/3403d08d-7adb-4d42-aee6-9d8c3ace73f1 4.038s
2025-11-21 23:07:43.682 66266 INFO tempest.lib.common.rest_client [req-b7f47bae-667c-47c3-970e-1643840037d5 req-b7f47bae-667c-47c3-970e-1643840037d5 ] Request (ServerActionsTestJSON:setUpClass): 201 POST http://10.180.1.21/identity/v3/auth/tokens 0.086s
2025-11-21 23:07:43.716 66286 INFO tempest.lib.common.rest_client [req-338403ba-0e66-4632-9fd9-05bd987cb179 req-338403ba-0e66-4632-9fd9-05bd987cb179 ] Request (ServersTestMultiNic:test_verify_duplicate_network_nics): 200 GET http://10.180.1.21/compute/v2.1/servers/8893416e-5e71-4627-8ad8-b2a0f90f812d 4.422s
2025-11-21 23:07:43.726 66266 INFO tempest.lib.common.rest_client [req-33dccbf7-cbdb-4444-8395-31734953e0d4 req-33dccbf7-cbdb-4444-8395-31734953e0d4 ] Request (ServerActionsTestJSON:setUpClass): 201 POST http://10.180.1.21/identity/v3/auth/tokens 0.041s
2025-11-21 23:07:43.761 66266 INFO tempest.lib.common.rest_client [req-417adb48-f2d4-4029-82b7-28fabd96b255 req-417adb48-f2d4-4029-82b7-28fabd96b255 ] Request (ServerActionsTestJSON:setUpClass): 200 GET http://10.180.1.21/identity/v3/domains?name=Default 0.034s
2025-11-21 23:07:43.794 66274 INFO tempest.lib.common.rest_client [req-d29ddc8d-f55a-4576-825e-79d924d8e25d req-d29ddc8d-f55a-4576-825e-79d924d8e25d ] Request (AttachInterfacesUnderV243Test:tearDownClass): 204 DELETE http://10.180.1.21/networking/v2.0/subnets/81c97da3-609e-491b-bbe7-877eb7056612 0.211s
2025-11-21 23:07:43.800 66266 INFO tempest.lib.common.rest_client [req-fb2edbbd-ddd1-4a31-9bdb-2c2f14c3d7fa req-fb2edbbd-ddd1-4a31-9bdb-2c2f14c3d7fa ] Request (ServerActionsTestJSON:setUpClass): 201 POST http://10.180.1.21/identity/v3/projects 0.038s
2025-11-21 23:07:43.821 66270 INFO tempest.lib.common.rest_client [req-dff0c541-736a-4fae-a392-cb21f8d3ad3c req-dff0c541-736a-4fae-a392-cb21f8d3ad3c ] Request (AttachInterfacesV270Test:tearDownClass): 200 GET http://10.180.1.21/compute/v2.1/servers/99e161ce-10c2-410b-b176-5ec5abbb7672 4.141s
2025-11-21 23:07:43.873 66266 INFO tempest.lib.common.rest_client [req-a65d0ecd-9bf7-4478-9bdf-7239d974e9f1 req-a65d0ecd-9bf7-4478-9bdf-7239d974e9f1 ] Request (ServerActionsTestJSON:setUpClass): 201 POST http://10.180.1.21/identity/v3/users 0.073s
2025-11-21 23:07:43.895 66266 INFO tempest.lib.common.rest_client [req-ede11fac-6e92-4af4-abd2-2bebb34af37f req-ede11fac-6e92-4af4-abd2-2bebb34af37f ] Request (ServerActionsTestJSON:setUpClass): 200 GET http://10.180.1.21/identity/v3/roles 0.020s
2025-11-21 23:07:43.922 66266 INFO tempest.lib.common.rest_client [req-aed322be-3210-4fe6-9668-da535e63e096 req-aed322be-3210-4fe6-9668-da535e63e096 ] Request (ServerActionsTestJSON:setUpClass): 204 PUT http://10.180.1.21/identity/v3/projects/86de8593612043649982a94c68acf2f3/users/de13cb20ef734d659f62ff65202ab454/roles/776e918f58a74de2a41bbeeab7c89aab 0.027s
2025-11-21 23:07:43.923 66266 INFO tempest.lib.common.dynamic_creds [-] Dynamic test user de13cb20ef734d659f62ff65202ab454 is created with scope project and roles: ['member']
2025-11-21 23:07:43.923 66266 INFO tempest.lib.common.dynamic_creds [-] Acquired dynamic creds: credentials: Credentials: {'domain_id': 'default', 'domain_name': 'Default', 'username': 'tempest-ServerActionsTestJSON-384184059-project-member', 'project_domain_id': 'default', 'project_domain_name': 'Default', 'project_id': '86de8593612043649982a94c68acf2f3', 'project_name': 'tempest-ServerActionsTestJSON-384184059', 'tenant_id': '86de8593612043649982a94c68acf2f3', 'tenant_name': 'tempest-ServerActionsTestJSON-384184059', 'user_domain_id': 'default', 'user_domain_name': 'Default', 'user_id': 'de13cb20ef734d659f62ff65202ab454', 'system': None}, Network: None, Subnet: None, Router: None
2025-11-21 23:07:44.011 66266 INFO tempest.lib.common.rest_client [req-23d9d576-5a8d-43ee-b2d3-8d8639e811c4 req-23d9d576-5a8d-43ee-b2d3-8d8639e811c4 ] Request (ServerActionsTestJSON:setUpClass): 201 POST http://10.180.1.21/identity/v3/auth/tokens 0.087s
2025-11-21 23:07:44.145 66274 INFO tempest.lib.common.rest_client [req-3aa5ae6e-39aa-4e3c-ba37-e21e6a4d6ca5 req-3aa5ae6e-39aa-4e3c-ba37-e21e6a4d6ca5 ] Request (AttachInterfacesUnderV243Test:tearDownClass): 204 DELETE http://10.180.1.21/networking/v2.0/networks/c8f10311-21ae-44f5-8fca-1a47e3b05d25 0.351s
2025-11-21 23:07:44.231 66260 INFO tempest.lib.common.rest_client [req-eb479a98-748b-4020-9f58-505f132c0b0a req-eb479a98-748b-4020-9f58-505f132c0b0a ] Request (ServersAdminTestJSON:test_rebuild_server_in_error_state): 200 GET http://10.180.1.21/compute/v2.1/servers/f8f61992-a182-42c2-9968-e62639d35423 4.455s
2025-11-21 23:07:44.252 66274 INFO tempest.lib.common.rest_client [req-8b55534c-f0cf-4989-b27a-dbee14a81df6 req-8b55534c-f0cf-4989-b27a-dbee14a81df6 ] Request (AttachInterfacesUnderV243Test:tearDownClass): 204 DELETE http://10.180.1.21/identity/v3/users/777d3244c2354e0589c6759da8427ee1 0.106s
2025-11-21 23:07:44.252 66274 INFO tempest.lib.common.dynamic_creds [-] Deleting project and security group for project: d334ffc4294647b788aebdc21baaa6b2
2025-11-21 23:07:44.612 66266 INFO tempest.lib.common.rest_client [req-c79d5ade-ed64-4045-9ac4-782f8205d9c9 req-c79d5ade-ed64-4045-9ac4-782f8205d9c9 ] Request (ServerActionsTestJSON:setUpClass): 201 POST http://10.180.1.21/networking/v2.0/networks 0.601s
2025-11-21 23:07:44.641 66274 INFO tempest.lib.common.rest_client [req-c686ceff-78ec-4164-a976-488cb659ebe9 req-c686ceff-78ec-4164-a976-488cb659ebe9 ] Request (AttachInterfacesUnderV243Test:tearDownClass): 200 GET http://10.180.1.21/networking/v2.0/security-groups?tenant_id=d334ffc4294647b788aebdc21baaa6b2&name=default 0.388s
2025-11-21 23:07:44.677 66248 INFO tempest.lib.common.rest_client [req-4566bf14-14bd-4555-8d2c-92d0eb26b106 req-4566bf14-14bd-4555-8d2c-92d0eb26b106 ] Request (AttachInterfacesTestJSON:test_create_list_show_delete_interfaces_by_fixed_ip): 200 GET http://10.180.1.21/compute/v2.1/servers/9d47bd3e-149b-4e98-9393-f48f1c9d14ac 4.833s
2025-11-21 23:07:44.887 66266 INFO tempest.lib.common.rest_client [req-e965465a-ef68-4ef1-9491-b09438a7d0a3 req-e965465a-ef68-4ef1-9491-b09438a7d0a3 ] Request (ServerActionsTestJSON:setUpClass): 201 POST http://10.180.1.21/networking/v2.0/subnets 0.274s
2025-11-21 23:07:44.973 66274 INFO tempest.lib.common.rest_client [req-e7ee8754-21f9-4e37-a92d-181944a1f412 req-e7ee8754-21f9-4e37-a92d-181944a1f412 ] Request (AttachInterfacesUnderV243Test:tearDownClass): 204 DELETE http://10.180.1.21/networking/v2.0/security-groups/3fa93934-b433-4c6d-80c0-a752b7e5449c 0.332s
2025-11-21 23:07:45.040 66274 INFO tempest.lib.common.rest_client [req-e30d25a0-68c7-4673-b91c-fb3c756d2f0a req-e30d25a0-68c7-4673-b91c-fb3c756d2f0a ] Request (AttachInterfacesUnderV243Test:tearDownClass): 204 DELETE http://10.180.1.21/identity/v3/projects/d334ffc4294647b788aebdc21baaa6b2 0.066s
2025-11-21 23:07:45.074 66302 INFO tempest.lib.common.rest_client [req-700b83f9-c98c-4589-b293-8c83ebf22535 req-700b83f9-c98c-4589-b293-8c83ebf22535 ] Request (VolumesAssistedSnapshotsTest:tearDownClass): 200 GET http://10.180.1.21/compute/v2.1/servers/70e3430b-9df6-452f-9bd2-1d5d7bfff8ee 4.255s
2025-11-21 23:07:45.109 66274 INFO tempest.lib.common.rest_client [req-6da04267-3351-479e-82e7-3b9e004bbc07 req-6da04267-3351-479e-82e7-3b9e004bbc07 ] Request (MultipleCreateNegativeTestJSON:setUpClass): 201 POST http://10.180.1.21/identity/v3/auth/tokens 0.067s
2025-11-21 23:07:45.142 66274 INFO tempest.lib.common.rest_client [req-65691a3e-354a-4c15-ad2b-7d1d9600e781 req-65691a3e-354a-4c15-ad2b-7d1d9600e781 ] Request (MultipleCreateNegativeTestJSON:setUpClass): 201 POST http://10.180.1.21/identity/v3/auth/tokens 0.031s
2025-11-21 23:07:45.167 66274 INFO tempest.lib.common.rest_client [req-026b6cdc-508b-474a-a415-d35fe9d2bb05 req-026b6cdc-508b-474a-a415-d35fe9d2bb05 ] Request (MultipleCreateNegativeTestJSON:setUpClass): 200 GET http://10.180.1.21/identity/v3/domains?name=Default 0.024s
2025-11-21 23:07:45.194 66274 INFO tempest.lib.common.rest_client [req-ac52db2b-16c8-4f3b-85d2-e9c70933508c req-ac52db2b-16c8-4f3b-85d2-e9c70933508c ] Request (MultipleCreateNegativeTestJSON:setUpClass): 201 POST http://10.180.1.21/identity/v3/projects 0.027s
2025-11-21 23:07:45.262 66274 INFO tempest.lib.common.rest_client [req-81a1f0ca-0364-441b-81ff-e755f6395822 req-81a1f0ca-0364-441b-81ff-e755f6395822 ] Request (MultipleCreateNegativeTestJSON:setUpClass): 201 POST http://10.180.1.21/identity/v3/users 0.067s
2025-11-21 23:07:45.282 66274 INFO tempest.lib.common.rest_client [req-38a0164f-8721-4b8a-ad96-ba93d11892c7 req-38a0164f-8721-4b8a-ad96-ba93d11892c7 ] Request (MultipleCreateNegativeTestJSON:setUpClass): 200 GET http://10.180.1.21/identity/v3/roles 0.019s
2025-11-21 23:07:45.313 66274 INFO tempest.lib.common.rest_client [req-f2154c35-094f-4b6f-9151-8a2f983061f4 req-f2154c35-094f-4b6f-9151-8a2f983061f4 ] Request (MultipleCreateNegativeTestJSON:setUpClass): 204 PUT http://10.180.1.21/identity/v3/projects/fb035c5223c945b79c77e0b5dfb1889b/users/8339000e248347568b32dcbd073eb0a2/roles/776e918f58a74de2a41bbeeab7c89aab 0.030s
2025-11-21 23:07:45.313 66274 INFO tempest.lib.common.dynamic_creds [-] Dynamic test user 8339000e248347568b32dcbd073eb0a2 is created with scope project and roles: ['member']
2025-11-21 23:07:45.314 66274 INFO tempest.lib.common.dynamic_creds [-] Acquired dynamic creds: credentials: Credentials: {'domain_id': 'default', 'domain_name': 'Default', 'username': 'tempest-MultipleCreateNegativeTestJSON-1460445444-project-member', 'project_domain_id': 'default', 'project_domain_name': 'Default', 'project_id': 'fb035c5223c945b79c77e0b5dfb1889b', 'project_name': 'tempest-MultipleCreateNegativeTestJSON-1460445444', 'tenant_id': 'fb035c5223c945b79c77e0b5dfb1889b', 'tenant_name': 'tempest-MultipleCreateNegativeTestJSON-1460445444', 'user_domain_id': 'default', 'user_domain_name': 'Default', 'user_id': '8339000e248347568b32dcbd073eb0a2', 'system': None}, Network: None, Subnet: None, Router: None
