2025-11-21 23:08:52.363 66288 INFO tempest.lib.common.rest_client [req-1cba04bb-f2b4-4f00-b405-b8472bfdc0e7 req-1cba04bb-f2b4-4f00-b405-b8472bfdc0e7 ] Request (ListServersNegativeTestJSON:tearDownClass): 200 GET http://10.180.1.21/compute/v2.1/servers/4747ae89-2b3c-4a3a-8b94-f1978c50f22c 0.278s
2025-11-21 23:08:52.419 66256 INFO tempest.lib.common.rest_client [req-0207cd9f-5b1b-4c30-bde9-cbd751f7a4dd req-0207cd9f-5b1b-4c30-bde9-cbd751f7a4dd ] Request (MigrationsAdminTest:test_resize_server_revert_deleted_flavor): 200 GET http://10.180.1.21/compute/v2.1/servers/d4054d51-f42b-492e-b339-187de809038a 0.253s
2025-11-21 23:08:52.420 66276 INFO tempest.lib.common.rest_client [req-05dba76a-5aba-444a-8ead-626d5b464c49 req-05dba76a-5aba-444a-8ead-626d5b464c49 ] Request (ServersTestFqdnHostnames:tearDownClass): 200 GET http://10.180.1.21/compute/v2.1/servers/9a5f4dd8-6ab8-4753-a2cb-30c4a3410ecb 0.269s
2025-11-21 23:08:52.466 66272 INFO tempest.lib.common.rest_client [req-aaa37f4f-5681-4172-b8eb-69d10ad14312 req-aaa37f4f-5681-4172-b8eb-69d10ad14312 ] Request (MultipleCreateTestJSON:test_multiple_create_with_reservation_return): 200 GET http://10.180.1.21/compute/v2.1/servers/006b9cfc-e15d-4e72-8140-c4bdea3bfacf 0.205s
2025-11-21 23:08:52.512 66258 INFO tempest.lib.common.rest_client [req-03aa160b-0e11-4d44-9b92-3b0a6adfe321 req-03aa160b-0e11-4d44-9b92-3b0a6adfe321 ] Request (DeleteServersTestJSON:test_delete_server_while_in_shelved_state): 200 GET http://10.180.1.21/compute/v2.1/servers/128e1b4d-8316-42ad-8fff-2bc283144c4e 0.219s
2025-11-21 23:08:52.524 66296 INFO tempest.lib.common.rest_client [req-a9e28a03-148b-4a01-9fd7-ff509e884c45 req-a9e28a03-148b-4a01-9fd7-ff509e884c45 ] Request (ServerAddressesNegativeTestJSON:tearDownClass): 200 GET http://10.180.1.21/compute/v2.1/servers/17144923-8f3a-4e3b-8fd7-cb519a6ffbe5 0.191s
2025-11-21 23:08:52.588 66286 INFO tempest.lib.common.rest_client [req-cf64a4ac-a34d-406d-b5e8-66b029acf59b req-cf64a4ac-a34d-406d-b5e8-66b029acf59b ] Request (ServersTestMultiNic:test_verify_multiple_nics_order): 200 GET http://10.180.1.21/compute/v2.1/servers/b5f5d0ab-b35e-4627-ba32-d02d91721cba 0.207s
2025-11-21 23:08:52.610 66260 INFO tempest.lib.common.rest_client [req-cbb96e24-459e-4935-bdba-85aff268b463 req-cbb96e24-459e-4935-bdba-85aff268b463 ] Request (ServersAdminTestJSON:tearDownClass): 204 DELETE http://10.180.1.21/compute/v2.1/servers/ef73bdb1-8e2a-4d32-9f86-89e828d6fefe 0.254s
2025-11-21 23:08:52.646 66246 INFO tempest.lib.common.rest_client [req-9322776a-aa7f-416c-911c-64446ccfaa0c req-9322776a-aa7f-416c-911c-64446ccfaa0c ] Request (ListImageFiltersTestJSON:setUpClass): 200 GET http://10.180.1.21/compute/v2.1/images/374e371e-0b18-4261-9b5d-9c8d2fc05725 0.167s
2025-11-21 23:08:52.667 66280 INFO tempest.lib.common.rest_client [req-ae17813c-7ae8-4942-82f4-8e27d8120e47 req-ae17813c-7ae8-4942-82f4-8e27d8120e47 ] Request (ServerRescueNegativeTestJSON:test_rescued_vm_detach_volume): 200 GET http://10.180.1.21/compute/v2.1/servers/adbd2dab-2d09-44b1-bee8-2e8123516b3b 0.208s
2025-11-21 23:08:52.719 66254 INFO tempest.lib.common.rest_client [req-be39cd8a-29d4-4af5-90cc-b4eaa0cfa1a6 req-be39cd8a-29d4-4af5-90cc-b4eaa0cfa1a6 ] Request (SecurityGroupsTestJSON:test_server_security_groups): 200 GET http://10.180.1.21/compute/v2.1/servers/9d967bb3-ca02-45b4-a7eb-b92bc25e201f 0.124s
2025-11-21 23:08:52.785 66290 INFO tempest.lib.common.rest_client [req-720b8f7b-69b6-43af-8921-fff868e7ffa5 req-720b8f7b-69b6-43af-8921-fff868e7ffa5 ] Request (ServersNegativeTestMultiTenantJSON:tearDownClass): 200 GET http://10.180.1.21/compute/v2.1/servers/8612e025-75a7-47c2-aa5f-a29e70a5f2b4 0.145s
2025-11-21 23:08:52.817 66260 INFO tempest.lib.common.rest_client [req-95cd11b7-fb21-435c-8ac8-b7801a7fb533 req-95cd11b7-fb21-435c-8ac8-b7801a7fb533 ] Request (ServersAdminTestJSON:tearDownClass): 200 GET http://10.180.1.21/compute/v2.1/servers/ef73bdb1-8e2a-4d32-9f86-89e828d6fefe 0.205s
2025-11-21 23:08:52.842 66264 INFO tempest.lib.common.rest_client [req-1c5f7d7f-b79d-4896-9023-7d3d7a503ac2 req-1c5f7d7f-b79d-4896-9023-7d3d7a503ac2 ] Request (ImagesOneServerNegativeTestJSON:_run_cleanups): 200 GET http://10.180.1.21/compute/v2.1/servers/a00558d3-80bd-4458-b5d4-a1f9eb043e3e 0.176s
2025-11-21 23:08:52.865 66282 INFO tempest.lib.common.rest_client [req-89433dcd-dc83-4f58-b5bb-0312dd966d22 req-89433dcd-dc83-4f58-b5bb-0312dd966d22 ] Request (ImagesTestJSON:test_create_image_from_suspended_server): 200 GET http://10.180.1.21/compute/v2.1/servers/9e136e19-8ece-4b65-902f-c6af667f9d6b 0.138s
2025-11-21 23:08:52.879 66294 INFO tempest.lib.common.rest_client [req-03c602c8-6384-4173-98a8-a9389c1df733 req-03c602c8-6384-4173-98a8-a9389c1df733 ] Request (ImagesOneServerTestJSON:test_create_image_specify_multibyte_character_image_name): 200 GET http://10.180.1.21/compute/v2.1/images/5c7d3de4-d1c8-44c9-a6e0-e9eb5c08e483 0.138s
2025-11-21 23:08:52.917 66294 INFO tempest.lib.common.rest_client [req-4cb8a561-f6ad-49d9-a6d0-3af6750e8cd1 req-4cb8a561-f6ad-49d9-a6d0-3af6750e8cd1 ] Request (ImagesOneServerTestJSON:test_create_image_specify_multibyte_character_image_name): 200 GET http://10.180.1.21/compute/v2.1/images/5c7d3de4-d1c8-44c9-a6e0-e9eb5c08e483 0.035s
2025-11-21 23:08:53.040 66278 INFO tempest.lib.common.rest_client [req-90fe9116-cd40-47b5-9f77-7f0e79b09a49 req-90fe9116-cd40-47b5-9f77-7f0e79b09a49 ] Request (ServerMetadataNegativeTestJSON:tearDownClass): 200 GET http://10.180.1.21/compute/v2.1/servers/74a7a33a-ae62-45a6-b8ac-65463f7d10ba 0.122s
2025-11-21 23:08:53.065 66294 INFO tempest.lib.common.rest_client [req-9884419c-54d0-44c4-adf3-bb30b7ea19c6 req-9884419c-54d0-44c4-adf3-bb30b7ea19c6 ] Request (ImagesOneServerTestJSON:test_create_image_specify_multibyte_character_image_name): 200 GET http://10.180.1.21/compute/v2.1/servers/faa9102b-7a90-41c5-8294-59785fbffd84 0.144s
2025-11-21 23:08:53.134 66250 INFO tempest.lib.common.rest_client [req-47c5ffc9-bb05-431f-a9df-08c858b15388 req-47c5ffc9-bb05-431f-a9df-08c858b15388 ] Request (ServerRescueTestJSONUnderV235:setUpClass): 200 GET http://10.180.1.21/compute/v2.1/servers/c93af002-ef45-43b3-8405-9633970e5020 0.057s
2025-11-21 23:08:53.162 66304 INFO tempest.lib.common.rest_client [req-a04f0c24-3d02-4df2-b88d-953a18ae6e6b req-a04f0c24-3d02-4df2-b88d-953a18ae6e6b ] Request (ServerActionsTestOtherB:test_resize_server_confirm_from_stopped): 200 GET http://10.180.1.21/compute/v2.1/servers/a9a7b0d1-809c-4ef8-bbc4-5786bf23d4bd 0.137s
2025-11-21 23:08:53.319 66306 INFO tempest.lib.common.rest_client [req-cff62842-e56b-4c68-83b3-42e753abdb18 req-cff62842-e56b-4c68-83b3-42e753abdb18 ] Request (ServersAdminNegativeTestJSON:tearDownClass): 200 GET http://10.180.1.21/compute/v2.1/servers/c236f7a3-276e-4c84-8c52-fcbff4af3212 0.080s
2025-11-21 23:08:53.338 66302 INFO tempest.lib.common.rest_client [req-68f11166-7792-4614-949c-9f99d9c699ef req-68f11166-7792-4614-949c-9f99d9c699ef ] Request (FloatingIPsAssociationNegativeTestJSON:setUpClass): 200 GET http://10.180.1.21/compute/v2.1/servers/ca67416a-30fc-4c56-9201-5f2eccada52a 0.160s
2025-11-21 23:08:53.400 66268 INFO tempest.lib.common.rest_client [req-6229e3f8-60b2-4b44-8e93-5b3e4b9264aa req-6229e3f8-60b2-4b44-8e93-5b3e4b9264aa ] Request (FloatingIPsAssociationTestJSON:tearDownClass): 200 GET http://10.180.1.21/compute/v2.1/servers/1367d8f3-b94a-4b9a-8b17-566d80efc092 0.059s
2025-11-21 23:08:53.434 66288 INFO tempest.lib.common.rest_client [req-7337053b-59d8-4ce8-988f-2c5e259efe53 req-7337053b-59d8-4ce8-988f-2c5e259efe53 ] Request (ListServersNegativeTestJSON:tearDownClass): 200 GET http://10.180.1.21/compute/v2.1/servers/4747ae89-2b3c-4a3a-8b94-f1978c50f22c 0.064s
2025-11-21 23:08:53.480 66256 INFO tempest.lib.common.rest_client [req-5cc118f8-e4e9-4d47-8f16-a9a4713ea3c7 req-5cc118f8-e4e9-4d47-8f16-a9a4713ea3c7 ] Request (MigrationsAdminTest:test_resize_server_revert_deleted_flavor): 200 GET http://10.180.1.21/compute/v2.1/servers/d4054d51-f42b-492e-b339-187de809038a 0.053s
2025-11-21 23:08:53.491 66276 INFO tempest.lib.common.rest_client [req-8c11a33c-3da9-4afe-a93c-432414226776 req-8c11a33c-3da9-4afe-a93c-432414226776 ] Request (ServersTestFqdnHostnames:tearDownClass): 200 GET http://10.180.1.21/compute/v2.1/servers/9a5f4dd8-6ab8-4753-a2cb-30c4a3410ecb 0.063s
2025-11-21 23:08:53.533 66272 INFO tempest.lib.common.rest_client [req-f4c1d044-8013-4275-a086-417b8a9b91d2 req-f4c1d044-8013-4275-a086-417b8a9b91d2 ] Request (MultipleCreateTestJSON:test_multiple_create_with_reservation_return): 200 GET http://10.180.1.21/compute/v2.1/servers/006b9cfc-e15d-4e72-8140-c4bdea3bfacf 0.059s
2025-11-21 23:08:53.633 66296 INFO tempest.lib.common.rest_client [req-5dfdf943-6d16-404a-8e97-83c942a278ef req-5dfdf943-6d16-404a-8e97-83c942a278ef ] Request (ServerAddressesNegativeTestJSON:tearDownClass): 200 GET http://10.180.1.21/compute/v2.1/servers/17144923-8f3a-4e3b-8fd7-cb519a6ffbe5 0.100s
2025-11-21 23:08:53.671 66258 INFO tempest.lib.common.rest_client [req-f5b48f20-e100-4bba-ac13-208fa24970fa req-f5b48f20-e100-4bba-ac13-208fa24970fa ] Request (DeleteServersTestJSON:test_delete_server_while_in_shelved_state): 200 GET http://10.180.1.21/compute/v2.1/servers/128e1b4d-8316-42ad-8fff-2bc283144c4e 0.150s
2025-11-21 23:08:53.700 66286 INFO tempest.lib.common.rest_client [req-6714f21a-8546-4101-a7e3-2021a348fe4a req-6714f21a-8546-4101-a7e3-2021a348fe4a ] Request (ServersTestMultiNic:test_verify_multiple_nics_order): 200 GET http://10.180.1.21/compute/v2.1/servers/b5f5d0ab-b35e-4627-ba32-d02d91721cba 0.103s
2025-11-21 23:08:53.716 66246 INFO tempest.lib.common.rest_client [req-bd22cf3f-278c-4b54-ab3a-7cef4a662ee7 req-bd22cf3f-278c-4b54-ab3a-7cef4a662ee7 ] Request (ListImageFiltersTestJSON:setUpClass): 200 GET http://10.180.1.21/compute/v2.1/images/374e371e-0b18-4261-9b5d-9c8d2fc05725 0.065s
2025-11-21 23:08:53.756 66280 INFO tempest.lib.common.rest_client [req-ce6b1248-daf4-4b65-9947-443883a73ba7 req-ce6b1248-daf4-4b65-9947-443883a73ba7 ] Request (ServerRescueNegativeTestJSON:test_rescued_vm_detach_volume): 200 GET http://10.180.1.21/compute/v2.1/servers/adbd2dab-2d09-44b1-bee8-2e8123516b3b 0.079s
2025-11-21 23:08:53.798 66254 INFO tempest.lib.common.rest_client [req-7037de60-f717-4ec7-9f64-f0db1c17f950 req-7037de60-f717-4ec7-9f64-f0db1c17f950 ] Request (SecurityGroupsTestJSON:test_server_security_groups): 200 GET http://10.180.1.21/compute/v2.1/servers/9d967bb3-ca02-45b4-a7eb-b92bc25e201f 0.071s
2025-11-21 23:08:53.861 66290 INFO tempest.lib.common.rest_client [req-a957450f-3870-4d1c-9425-82936e3018d7 req-a957450f-3870-4d1c-9425-82936e3018d7 ] Request (ServersNegativeTestMultiTenantJSON:tearDownClass): 200 GET http://10.180.1.21/compute/v2.1/servers/8612e025-75a7-47c2-aa5f-a29e70a5f2b4 0.067s
2025-11-21 23:08:53.928 66264 INFO tempest.lib.common.rest_client [req-217819c6-39d6-48ba-931f-54d7df0a7d7d req-217819c6-39d6-48ba-931f-54d7df0a7d7d ] Request (ImagesOneServerNegativeTestJSON:_run_cleanups): 200 GET http://10.180.1.21/compute/v2.1/servers/a00558d3-80bd-4458-b5d4-a1f9eb043e3e 0.078s
2025-11-21 23:08:53.980 66282 INFO tempest.lib.common.rest_client [req-566fac20-9915-4740-b655-5d1efb0e06f4 req-566fac20-9915-4740-b655-5d1efb0e06f4 ] Request (ImagesTestJSON:test_create_image_from_suspended_server): 200 GET http://10.180.1.21/compute/v2.1/servers/9e136e19-8ece-4b65-902f-c6af667f9d6b 0.107s
2025-11-21 23:08:54.128 66278 INFO tempest.lib.common.rest_client [req-79f422a6-c5f4-40d2-b655-ee71917381ad req-79f422a6-c5f4-40d2-b655-ee71917381ad ] Request (ServerMetadataNegativeTestJSON:tearDownClass): 200 GET http://10.180.1.21/compute/v2.1/servers/74a7a33a-ae62-45a6-b8ac-65463f7d10ba 0.080s
2025-11-21 23:08:54.248 66294 INFO tempest.lib.common.rest_client [req-81bfa911-52c7-4afa-93b4-f04bf4bdfd36 req-81bfa911-52c7-4afa-93b4-f04bf4bdfd36 ] Request (ImagesOneServerTestJSON:test_create_image_specify_multibyte_character_image_name): 200 GET http://10.180.1.21/compute/v2.1/servers/faa9102b-7a90-41c5-8294-59785fbffd84 0.176s
2025-11-21 23:08:54.303 66250 INFO tempest.lib.common.rest_client [req-f648d212-9b39-4641-aa0c-84f65effaa3b req-f648d212-9b39-4641-aa0c-84f65effaa3b ] Request (ServerRescueTestJSONUnderV235:setUpClass): 200 GET http://10.180.1.21/compute/v2.1/servers/c93af002-ef45-43b3-8405-9633970e5020 0.159s
2025-11-21 23:08:54.407 66304 INFO tempest.lib.common.rest_client [req-f363db1b-096b-407f-86ff-b071743e1750 req-f363db1b-096b-407f-86ff-b071743e1750 ] Request (ServerActionsTestOtherB:test_resize_server_confirm_from_stopped): 200 GET http://10.180.1.21/compute/v2.1/servers/a9a7b0d1-809c-4ef8-bbc4-5786bf23d4bd 0.236s
2025-11-21 23:08:54.407 66260 INFO tempest.lib.common.rest_client [req-0fc13df4-a439-466c-aa07-f046ee297f4a req-0fc13df4-a439-466c-aa07-f046ee297f4a ] Request (ServersAdminTestJSON:tearDownClass): 200 GET http://10.180.1.21/compute/v2.1/servers/ef73bdb1-8e2a-4d32-9f86-89e828d6fefe 0.582s
2025-11-21 23:08:54.415 66304 INFO tempest.common.waiters [-] State transition "RESIZE/resize_migrating" ==> "RESIZE/resize_migrated" after 39 second wait
2025-11-21 23:08:54.463 66306 INFO tempest.lib.common.rest_client [req-2e4ecb12-3625-44a2-8c17-8c20d604e7cb req-2e4ecb12-3625-44a2-8c17-8c20d604e7cb ] Request (ServersAdminNegativeTestJSON:tearDownClass): 200 GET http://10.180.1.21/compute/v2.1/servers/c236f7a3-276e-4c84-8c52-fcbff4af3212 0.135s
2025-11-21 23:08:54.536 66302 INFO tempest.lib.common.rest_client [req-c75cd451-9523-4a79-a599-7a02351cd562 req-c75cd451-9523-4a79-a599-7a02351cd562 ] Request (FloatingIPsAssociationNegativeTestJSON:setUpClass): 200 GET http://10.180.1.21/compute/v2.1/servers/ca67416a-30fc-4c56-9201-5f2eccada52a 0.189s
2025-11-21 23:08:54.558 66268 INFO tempest.lib.common.rest_client [req-a7861215-c5c1-4132-84f1-1e98a8c3b6a9 req-a7861215-c5c1-4132-84f1-1e98a8c3b6a9 ] Request (FloatingIPsAssociationTestJSON:tearDownClass): 200 GET http://10.180.1.21/compute/v2.1/servers/1367d8f3-b94a-4b9a-8b17-566d80efc092 0.150s
2025-11-21 23:08:54.566 66268 INFO tempest.common.waiters [-] State transition "ACTIVE/deleting" ==> "DELETED/None" after 3 second wait
2025-11-21 23:08:54.616 66288 INFO tempest.lib.common.rest_client [req-e99ccd15-b007-490a-b38c-42a75f1a1936 req-e99ccd15-b007-490a-b38c-42a75f1a1936 ] Request (ListServersNegativeTestJSON:tearDownClass): 200 GET http://10.180.1.21/compute/v2.1/servers/4747ae89-2b3c-4a3a-8b94-f1978c50f22c 0.172s
2025-11-21 23:08:54.636 66256 INFO tempest.lib.common.rest_client [req-85e27d09-7514-4b7b-a63e-decdc414d64d req-85e27d09-7514-4b7b-a63e-decdc414d64d ] Request (MigrationsAdminTest:test_resize_server_revert_deleted_flavor): 200 GET http://10.180.1.21/compute/v2.1/servers/d4054d51-f42b-492e-b339-187de809038a 0.146s
2025-11-21 23:08:54.649 66256 INFO tempest.common.waiters [-] State transition "BUILD/None" ==> "BUILD/networking" after 38 second wait
2025-11-21 23:08:54.730 66272 INFO tempest.lib.common.rest_client [req-58377b9e-7e07-4186-92b1-9b679df40812 req-58377b9e-7e07-4186-92b1-9b679df40812 ] Request (MultipleCreateTestJSON:test_multiple_create_with_reservation_return): 200 GET http://10.180.1.21/compute/v2.1/servers/006b9cfc-e15d-4e72-8140-c4bdea3bfacf 0.189s
2025-11-21 23:08:54.783 66276 INFO tempest.lib.common.rest_client [req-2c4bed09-68e5-481d-8c39-19be8bb28a31 req-2c4bed09-68e5-481d-8c39-19be8bb28a31 ] Request (ServersTestFqdnHostnames:tearDownClass): 200 GET http://10.180.1.21/compute/v2.1/servers/9a5f4dd8-6ab8-4753-a2cb-30c4a3410ecb 0.284s
2025-11-21 23:08:54.828 66248 WARNING tempest.lib.common.ssh [-] Failed to establish authenticated ssh connection to cirros@10.180.180.139 ([Errno None] Unable to connect to port 22 on 10.180.180.139). Number attempts: 6. Retry after 7 seconds.: paramiko.ssh_exception.NoValidConnectionsError: [Errno None] Unable to connect to port 22 on 10.180.180.139
2025-11-21 23:08:54.841 66296 INFO tempest.lib.common.rest_client [req-32c3c13c-be44-4646-b8c3-c531fbf9d86a req-32c3c13c-be44-4646-b8c3-c531fbf9d86a ] Request (ServerAddressesNegativeTestJSON:tearDownClass): 200 GET http://10.180.1.21/compute/v2.1/servers/17144923-8f3a-4e3b-8fd7-cb519a6ffbe5 0.199s
2025-11-21 23:08:55.138 66286 INFO tempest.lib.common.rest_client [req-4e324de9-5444-44ad-b652-6135adea25ea req-4e324de9-5444-44ad-b652-6135adea25ea ] Request (ServersTestMultiNic:test_verify_multiple_nics_order): 200 GET http://10.180.1.21/compute/v2.1/servers/b5f5d0ab-b35e-4627-ba32-d02d91721cba 0.428s
2025-11-21 23:08:55.175 66258 INFO tempest.lib.common.rest_client [req-9f15e302-1f27-4a37-8ee2-9749a3a51170 req-9f15e302-1f27-4a37-8ee2-9749a3a51170 ] Request (DeleteServersTestJSON:test_delete_server_while_in_shelved_state): 200 GET http://10.180.1.21/compute/v2.1/servers/128e1b4d-8316-42ad-8fff-2bc283144c4e 0.494s
2025-11-21 23:08:55.183 66258 INFO tempest.common.waiters [-] State transition "ACTIVE/shelving" ==> "ACTIVE/shelving_image_pending_upload" after 3 second wait
2025-11-21 23:08:55.193 66246 INFO tempest.lib.common.rest_client [req-7e3a42f7-c29d-46ad-ad68-9c188c0e2025 req-7e3a42f7-c29d-46ad-ad68-9c188c0e2025 ] Request (ListImageFiltersTestJSON:setUpClass): 200 GET http://10.180.1.21/compute/v2.1/images/374e371e-0b18-4261-9b5d-9c8d2fc05725 0.474s
2025-11-21 23:08:55.247 66280 INFO tempest.lib.common.rest_client [req-bf2df568-07c9-4e9c-a5e8-1d704dc7f7b6 req-bf2df568-07c9-4e9c-a5e8-1d704dc7f7b6 ] Request (ServerRescueNegativeTestJSON:test_rescued_vm_detach_volume): 200 GET http://10.180.1.21/compute/v2.1/servers/adbd2dab-2d09-44b1-bee8-2e8123516b3b 0.480s
2025-11-21 23:08:55.266 66254 INFO tempest.lib.common.rest_client [req-015f2073-4d67-4b05-b81f-9bf3413d7d32 req-015f2073-4d67-4b05-b81f-9bf3413d7d32 ] Request (SecurityGroupsTestJSON:test_server_security_groups): 200 GET http://10.180.1.21/compute/v2.1/servers/9d967bb3-ca02-45b4-a7eb-b92bc25e201f 0.460s
2025-11-21 23:08:55.308 66290 INFO tempest.lib.common.rest_client [req-5a2b6b52-85da-4459-b313-61be9623648b req-5a2b6b52-85da-4459-b313-61be9623648b ] Request (ServersNegativeTestMultiTenantJSON:tearDownClass): 200 GET http://10.180.1.21/compute/v2.1/servers/8612e025-75a7-47c2-aa5f-a29e70a5f2b4 0.439s
2025-11-21 23:08:55.323 66264 INFO tempest.lib.common.rest_client [req-6d397480-daf6-4e97-a37d-bd193d49e237 req-6d397480-daf6-4e97-a37d-bd193d49e237 ] Request (ImagesOneServerNegativeTestJSON:_run_cleanups): 200 GET http://10.180.1.21/compute/v2.1/servers/a00558d3-80bd-4458-b5d4-a1f9eb043e3e 0.386s
2025-11-21 23:08:55.367 66282 INFO tempest.lib.common.rest_client [req-cfecb0d2-7dd2-4fd0-a2e9-359b43e8617e req-cfecb0d2-7dd2-4fd0-a2e9-359b43e8617e ] Request (ImagesTestJSON:test_create_image_from_suspended_server): 200 GET http://10.180.1.21/compute/v2.1/servers/9e136e19-8ece-4b65-902f-c6af667f9d6b 0.378s
2025-11-21 23:08:55.381 66278 INFO tempest.lib.common.rest_client [req-97e9014c-ed87-42c2-b4eb-907ea1c2f108 req-97e9014c-ed87-42c2-b4eb-907ea1c2f108 ] Request (ServerMetadataNegativeTestJSON:tearDownClass): 200 GET http://10.180.1.21/compute/v2.1/servers/74a7a33a-ae62-45a6-b8ac-65463f7d10ba 0.242s
2025-11-21 23:08:55.498 66250 INFO tempest.lib.common.rest_client [req-9737adac-0c68-4133-909d-ec5557e4b2c9 req-9737adac-0c68-4133-909d-ec5557e4b2c9 ] Request (ServerRescueTestJSONUnderV235:setUpClass): 200 GET http://10.180.1.21/compute/v2.1/servers/c93af002-ef45-43b3-8405-9633970e5020 0.180s
2025-11-21 23:08:55.527 66294 INFO tempest.lib.common.rest_client [req-25f2f273-77b9-4b27-99ca-a79dca01dd53 req-25f2f273-77b9-4b27-99ca-a79dca01dd53 ] Request (ImagesOneServerTestJSON:test_create_image_specify_multibyte_character_image_name): 200 GET http://10.180.1.21/compute/v2.1/servers/faa9102b-7a90-41c5-8294-59785fbffd84 0.267s
2025-11-21 23:08:55.534 66294 INFO tempest.common.waiters [-] State transition "ACTIVE/image_uploading" ==> "ACTIVE/None" after 2 second wait
2025-11-21 23:08:55.553 66260 INFO tempest.lib.common.rest_client [req-09d6cac9-7113-43d7-b4b0-dea08a8d226e req-09d6cac9-7113-43d7-b4b0-dea08a8d226e ] Request (ServersAdminTestJSON:tearDownClass): 200 GET http://10.180.1.21/compute/v2.1/servers/ef73bdb1-8e2a-4d32-9f86-89e828d6fefe 0.138s
2025-11-21 23:08:55.625 66306 INFO tempest.lib.common.rest_client [req-e7260a3a-72ab-4d97-bc21-e6b8f5698382 req-e7260a3a-72ab-4d97-bc21-e6b8f5698382 ] Request (ServersAdminNegativeTestJSON:tearDownClass): 200 GET http://10.180.1.21/compute/v2.1/servers/c236f7a3-276e-4c84-8c52-fcbff4af3212 0.151s
2025-11-21 23:08:55.657 66304 INFO tempest.lib.common.rest_client [req-12abd15e-1944-4c2e-9111-3f81b7ee5427 req-12abd15e-1944-4c2e-9111-3f81b7ee5427 ] Request (ServerActionsTestOtherB:test_resize_server_confirm_from_stopped): 200 GET http://10.180.1.21/compute/v2.1/servers/a9a7b0d1-809c-4ef8-bbc4-5786bf23d4bd 0.240s
2025-11-21 23:08:55.737 66294 INFO tempest.lib.common.rest_client [req-5d13dbe5-d144-4384-947b-71f6abdbe705 req-5d13dbe5-d144-4384-947b-71f6abdbe705 ] Request (ImagesOneServerTestJSON:tearDownClass): 204 DELETE http://10.180.1.21/compute/v2.1/images/5c7d3de4-d1c8-44c9-a6e0-e9eb5c08e483 0.201s
2025-11-21 23:08:55.848 66268 INFO tempest.lib.common.rest_client [req-edb41719-0646-459d-bc09-6a4c22a377e1 req-edb41719-0646-459d-bc09-6a4c22a377e1 ] Request (FloatingIPsAssociationTestJSON:tearDownClass): 200 GET http://10.180.1.21/compute/v2.1/servers/1367d8f3-b94a-4b9a-8b17-566d80efc092 0.281s
2025-11-21 23:08:55.873 66302 INFO tempest.lib.common.rest_client [req-8053c260-9e67-44bb-8c7e-063dd2b674f4 req-8053c260-9e67-44bb-8c7e-063dd2b674f4 ] Request (FloatingIPsAssociationNegativeTestJSON:setUpClass): 200 GET http://10.180.1.21/compute/v2.1/servers/ca67416a-30fc-4c56-9201-5f2eccada52a 0.322s
2025-11-21 23:08:55.928 66288 INFO tempest.lib.common.rest_client [req-dd78977b-b1ab-49f6-9f56-34ed92dfff13 req-dd78977b-b1ab-49f6-9f56-34ed92dfff13 ] Request (ListServersNegativeTestJSON:tearDownClass): 200 GET http://10.180.1.21/compute/v2.1/servers/4747ae89-2b3c-4a3a-8b94-f1978c50f22c 0.304s
2025-11-21 23:08:55.944 66294 INFO tempest.lib.common.rest_client [req-877e76c0-0b61-4205-8001-162fb8f9ccbd req-877e76c0-0b61-4205-8001-162fb8f9ccbd ] Request (ImagesOneServerTestJSON:tearDownClass): 404 DELETE http://10.180.1.21/compute/v2.1/images/f38ecc71-8ee5-4d72-89b1-6e1e3eeaccfa 0.206s
2025-11-21 23:08:55.989 66256 INFO tempest.lib.common.rest_client [req-053c98e6-ca14-484c-a57e-9479a68fb5d7 req-053c98e6-ca14-484c-a57e-9479a68fb5d7 ] Request (MigrationsAdminTest:test_resize_server_revert_deleted_flavor): 200 GET http://10.180.1.21/compute/v2.1/servers/d4054d51-f42b-492e-b339-187de809038a 0.340s
2025-11-21 23:08:56.001 66256 INFO tempest.common.waiters [-] State transition "BUILD/networking" ==> "BUILD/spawning" after 40 second wait
2025-11-21 23:08:56.004 66272 INFO tempest.lib.common.rest_client [req-8d8976ec-c1c2-4de3-b41a-f20b5a112636 req-8d8976ec-c1c2-4de3-b41a-f20b5a112636 ] Request (MultipleCreateTestJSON:test_multiple_create_with_reservation_return): 200 GET http://10.180.1.21/compute/v2.1/servers/006b9cfc-e15d-4e72-8140-c4bdea3bfacf 0.266s
2025-11-21 23:08:56.054 66276 INFO tempest.lib.common.rest_client [req-4f6be515-acff-44a0-b634-f29fa83d9d53 req-4f6be515-acff-44a0-b634-f29fa83d9d53 ] Request (ServersTestFqdnHostnames:tearDownClass): 200 GET http://10.180.1.21/compute/v2.1/servers/9a5f4dd8-6ab8-4753-a2cb-30c4a3410ecb 0.259s
2025-11-21 23:08:56.069 66296 INFO tempest.lib.common.rest_client [req-1addcd9d-a42e-43c7-8bab-ce8ac1bf5223 req-1addcd9d-a42e-43c7-8bab-ce8ac1bf5223 ] Request (ServerAddressesNegativeTestJSON:tearDownClass): 200 GET http://10.180.1.21/compute/v2.1/servers/17144923-8f3a-4e3b-8fd7-cb519a6ffbe5 0.221s
2025-11-21 23:08:56.141 66294 INFO tempest.lib.common.rest_client [req-9824d8d1-a670-40bf-83d7-b682ec3229af req-9824d8d1-a670-40bf-83d7-b682ec3229af ] Request (ImagesOneServerTestJSON:tearDownClass): 204 DELETE http://10.180.1.21/compute/v2.1/servers/faa9102b-7a90-41c5-8294-59785fbffd84 0.196s
2025-11-21 23:08:56.239 66286 INFO tempest.lib.common.rest_client [req-728fd282-1034-477f-b097-518cef4b4552 req-728fd282-1034-477f-b097-518cef4b4552 ] Request (ServersTestMultiNic:test_verify_multiple_nics_order): 200 GET http://10.180.1.21/compute/v2.1/servers/b5f5d0ab-b35e-4627-ba32-d02d91721cba 0.088s
2025-11-21 23:08:56.265 66294 INFO tempest.lib.common.rest_client [req-6f190fa1-931d-43f3-81cb-864a40d116d2 req-6f190fa1-931d-43f3-81cb-864a40d116d2 ] Request (ImagesOneServerTestJSON:tearDownClass): 200 GET http://10.180.1.21/compute/v2.1/servers/faa9102b-7a90-41c5-8294-59785fbffd84 0.123s
2025-11-21 23:08:56.301 66246 INFO tempest.lib.common.rest_client [req-ccc6aed0-a67b-4423-acfd-bfca81edfdb2 req-ccc6aed0-a67b-4423-acfd-bfca81edfdb2 ] Request (ListImageFiltersTestJSON:setUpClass): 200 GET http://10.180.1.21/compute/v2.1/images/374e371e-0b18-4261-9b5d-9c8d2fc05725 0.103s
2025-11-21 23:08:56.417 66280 INFO tempest.lib.common.rest_client [req-f42b4ce9-6082-4415-9131-8073bcf6f3d3 req-f42b4ce9-6082-4415-9131-8073bcf6f3d3 ] Request (ServerRescueNegativeTestJSON:test_rescued_vm_detach_volume): 200 GET http://10.180.1.21/compute/v2.1/servers/adbd2dab-2d09-44b1-bee8-2e8123516b3b 0.160s
2025-11-21 23:08:56.444 66258 INFO tempest.lib.common.rest_client [req-9e8d24e9-2510-4121-bc1b-183f7f8f5cdd req-9e8d24e9-2510-4121-bc1b-183f7f8f5cdd ] Request (DeleteServersTestJSON:test_delete_server_while_in_shelved_state): 200 GET http://10.180.1.21/compute/v2.1/servers/128e1b4d-8316-42ad-8fff-2bc283144c4e 0.259s
2025-11-21 23:08:56.453 66258 INFO tempest.common.waiters [-] State transition "ACTIVE/shelving_image_pending_upload" ==> "ACTIVE/shelving_image_uploading" after 4 second wait
2025-11-21 23:08:56.491 66292 WARNING tempest.lib.common.ssh [-] Failed to establish authenticated ssh connection to cirros@10.180.180.128 ([Errno None] Unable to connect to port 22 on 10.180.180.128). Number attempts: 13. Retry after 14 seconds.: paramiko.ssh_exception.NoValidConnectionsError: [Errno None] Unable to connect to port 22 on 10.180.180.128
2025-11-21 23:08:56.503 66254 INFO tempest.lib.common.rest_client [req-177025f0-766d-4862-bc63-42ad77f432ea req-177025f0-766d-4862-bc63-42ad77f432ea ] Request (SecurityGroupsTestJSON:test_server_security_groups): 200 GET http://10.180.1.21/compute/v2.1/servers/9d967bb3-ca02-45b4-a7eb-b92bc25e201f 0.228s
2025-11-21 23:08:56.537 66290 INFO tempest.lib.common.rest_client [req-cfeb8504-e483-4a11-ac2a-09ba323cc56e req-cfeb8504-e483-4a11-ac2a-09ba323cc56e ] Request (ServersNegativeTestMultiTenantJSON:tearDownClass): 200 GET http://10.180.1.21/compute/v2.1/servers/8612e025-75a7-47c2-aa5f-a29e70a5f2b4 0.220s
2025-11-21 23:08:56.583 66264 INFO tempest.lib.common.rest_client [req-9664f305-7915-48e1-93fe-191b1a5a5720 req-9664f305-7915-48e1-93fe-191b1a5a5720 ] Request (ImagesOneServerNegativeTestJSON:_run_cleanups): 200 GET http://10.180.1.21/compute/v2.1/servers/a00558d3-80bd-4458-b5d4-a1f9eb043e3e 0.253s
2025-11-21 23:08:56.637 66282 INFO tempest.lib.common.rest_client [req-a064437e-5138-496a-8d03-3826c1f90a3e req-a064437e-5138-496a-8d03-3826c1f90a3e ] Request (ImagesTestJSON:test_create_image_from_suspended_server): 200 GET http://10.180.1.21/compute/v2.1/servers/9e136e19-8ece-4b65-902f-c6af667f9d6b 0.261s
2025-11-21 23:08:56.661 66278 INFO tempest.lib.common.rest_client [req-29da7983-331f-4359-b632-044820b09cee req-29da7983-331f-4359-b632-044820b09cee ] Request (ServerMetadataNegativeTestJSON:tearDownClass): 200 GET http://10.180.1.21/compute/v2.1/servers/74a7a33a-ae62-45a6-b8ac-65463f7d10ba 0.273s
2025-11-21 23:08:56.692 66250 INFO tempest.lib.common.rest_client [req-8b0a39c1-60ee-4a3c-b8dc-6151a5b0e3f8 req-8b0a39c1-60ee-4a3c-b8dc-6151a5b0e3f8 ] Request (ServerRescueTestJSONUnderV235:setUpClass): 200 GET http://10.180.1.21/compute/v2.1/servers/c93af002-ef45-43b3-8405-9633970e5020 0.186s
2025-11-21 23:08:56.728 66260 INFO tempest.lib.common.rest_client [req-0964b8fa-be50-475f-8a85-9582fee2068b req-0964b8fa-be50-475f-8a85-9582fee2068b ] Request (ServersAdminTestJSON:tearDownClass): 200 GET http://10.180.1.21/compute/v2.1/servers/ef73bdb1-8e2a-4d32-9f86-89e828d6fefe 0.167s
2025-11-21 23:08:56.737 66260 INFO tempest.common.waiters [-] State transition "ACTIVE/deleting" ==> "DELETED/None" after 4 second wait
2025-11-21 23:08:56.757 66306 INFO tempest.lib.common.rest_client [req-0cb8b9cb-b81f-4276-9de1-b4b1ee8e6265 req-0cb8b9cb-b81f-4276-9de1-b4b1ee8e6265 ] Request (ServersAdminNegativeTestJSON:tearDownClass): 200 GET http://10.180.1.21/compute/v2.1/servers/c236f7a3-276e-4c84-8c52-fcbff4af3212 0.125s
2025-11-21 23:08:56.867 66304 INFO tempest.lib.common.rest_client [req-659e0c0b-ea15-4d1e-81d0-ee5d1854839e req-659e0c0b-ea15-4d1e-81d0-ee5d1854839e ] Request (ServerActionsTestOtherB:test_resize_server_confirm_from_stopped): 200 GET http://10.180.1.21/compute/v2.1/servers/a9a7b0d1-809c-4ef8-bbc4-5786bf23d4bd 0.202s
2025-11-21 23:08:56.930 66268 INFO tempest.lib.common.rest_client [req-a42f6181-a915-4aa3-8c3b-a3a0294d63b4 req-a42f6181-a915-4aa3-8c3b-a3a0294d63b4 ] Request (FloatingIPsAssociationTestJSON:tearDownClass): 200 GET http://10.180.1.21/compute/v2.1/servers/1367d8f3-b94a-4b9a-8b17-566d80efc092 0.067s
2025-11-21 23:08:56.960 66288 INFO tempest.lib.common.rest_client [req-bc52923d-0fc3-41d6-b1ee-5f8987334171 req-bc52923d-0fc3-41d6-b1ee-5f8987334171 ] Request (ListServersNegativeTestJSON:tearDownClass): 404 GET http://10.180.1.21/compute/v2.1/servers/4747ae89-2b3c-4a3a-8b94-f1978c50f22c 0.023s
2025-11-21 23:08:56.979 66302 INFO tempest.lib.common.rest_client [req-a569ff7a-0c50-41e0-94cc-1e88bf1c34e2 req-a569ff7a-0c50-41e0-94cc-1e88bf1c34e2 ] Request (FloatingIPsAssociationNegativeTestJSON:setUpClass): 200 GET http://10.180.1.21/compute/v2.1/servers/ca67416a-30fc-4c56-9201-5f2eccada52a 0.098s
2025-11-21 23:08:56.982 66288 INFO tempest.lib.common.rest_client [req-d7c4f159-d946-4ca6-b640-2ec199cb3bc1 req-d7c4f159-d946-4ca6-b640-2ec199cb3bc1 ] Request (ListServersNegativeTestJSON:tearDownClass): 404 GET http://10.180.1.21/compute/v2.1/servers/3403d08d-7adb-4d42-aee6-9d8c3ace73f1 0.021s
2025-11-21 23:08:57.042 66288 INFO tempest.lib.common.rest_client [req-41ee9c17-9ba5-4c67-8cdc-01a365b25cb3 req-41ee9c17-9ba5-4c67-8cdc-01a365b25cb3 ] Request (ListServersNegativeTestJSON:tearDownClass): 200 GET http://10.180.1.21/compute/v2.1/servers/0b476fe1-c0f6-4bd2-8f0d-51bee28d5ed9 0.059s
2025-11-21 23:08:57.095 66272 INFO tempest.lib.common.rest_client [req-a3cf1dda-9002-4c3d-ad7f-5cd1adb511de req-a3cf1dda-9002-4c3d-ad7f-5cd1adb511de ] Request (MultipleCreateTestJSON:test_multiple_create_with_reservation_return): 200 GET http://10.180.1.21/compute/v2.1/servers/006b9cfc-e15d-4e72-8140-c4bdea3bfacf 0.080s
2025-11-21 23:08:57.142 66256 INFO tempest.lib.common.rest_client [req-303934a3-c3f0-4883-894a-2b795a817122 req-303934a3-c3f0-4883-894a-2b795a817122 ] Request (MigrationsAdminTest:test_resize_server_revert_deleted_flavor): 200 GET http://10.180.1.21/compute/v2.1/servers/d4054d51-f42b-492e-b339-187de809038a 0.140s
2025-11-21 23:08:57.162 66276 INFO tempest.lib.common.rest_client [req-99837b83-cfdc-452f-976e-40f79ad7b748 req-99837b83-cfdc-452f-976e-40f79ad7b748 ] Request (ServersTestFqdnHostnames:tearDownClass): 200 GET http://10.180.1.21/compute/v2.1/servers/9a5f4dd8-6ab8-4753-a2cb-30c4a3410ecb 0.099s
2025-11-21 23:08:57.211 66296 INFO tempest.lib.common.rest_client [req-1d815df0-7132-4c49-9807-18a4adef4799 req-1d815df0-7132-4c49-9807-18a4adef4799 ] Request (ServerAddressesNegativeTestJSON:tearDownClass): 200 GET http://10.180.1.21/compute/v2.1/servers/17144923-8f3a-4e3b-8fd7-cb519a6ffbe5 0.130s
2025-11-21 23:08:57.312 66286 INFO tempest.lib.common.rest_client [req-a82af7dc-b6db-4bb0-b9f2-38257bd44bfc req-a82af7dc-b6db-4bb0-b9f2-38257bd44bfc ] Request (ServersTestMultiNic:test_verify_multiple_nics_order): 200 GET http://10.180.1.21/compute/v2.1/servers/b5f5d0ab-b35e-4627-ba32-d02d91721cba 0.065s
2025-11-21 23:08:57.350 66246 INFO tempest.lib.common.rest_client [req-f41f8543-9fa9-48a7-ace2-d2613c5faabf req-f41f8543-9fa9-48a7-ace2-d2613c5faabf ] Request (ListImageFiltersTestJSON:setUpClass): 200 GET http://10.180.1.21/compute/v2.1/images/374e371e-0b18-4261-9b5d-9c8d2fc05725 0.044s
2025-11-21 23:08:57.371 66294 INFO tempest.lib.common.rest_client [req-d5ac3e04-a25b-4beb-be24-6bb6eb320a28 req-d5ac3e04-a25b-4beb-be24-6bb6eb320a28 ] Request (ImagesOneServerTestJSON:tearDownClass): 200 GET http://10.180.1.21/compute/v2.1/servers/faa9102b-7a90-41c5-8294-59785fbffd84 0.097s
2025-11-21 23:08:57.484 66280 INFO tempest.lib.common.rest_client [req-286d6af1-1025-485c-907d-bf13740ceeb0 req-286d6af1-1025-485c-907d-bf13740ceeb0 ] Request (ServerRescueNegativeTestJSON:test_rescued_vm_detach_volume): 200 GET http://10.180.1.21/compute/v2.1/servers/adbd2dab-2d09-44b1-bee8-2e8123516b3b 0.057s
2025-11-21 23:08:57.580 66254 INFO tempest.lib.common.rest_client [req-d32282d3-917b-4c37-a228-0e918da5d883 req-d32282d3-917b-4c37-a228-0e918da5d883 ] Request (SecurityGroupsTestJSON:test_server_security_groups): 200 GET http://10.180.1.21/compute/v2.1/servers/9d967bb3-ca02-45b4-a7eb-b92bc25e201f 0.068s
2025-11-21 23:08:57.595 66258 INFO tempest.lib.common.rest_client [req-f40deec6-747a-492b-953b-5386948ce1b6 req-f40deec6-747a-492b-953b-5386948ce1b6 ] Request (DeleteServersTestJSON:test_delete_server_while_in_shelved_state): 200 GET http://10.180.1.21/compute/v2.1/servers/128e1b4d-8316-42ad-8fff-2bc283144c4e 0.141s
2025-11-21 23:08:57.646 66290 INFO tempest.lib.common.rest_client [req-09a7d7d6-4bc7-4d98-986f-248a70f3068e req-09a7d7d6-4bc7-4d98-986f-248a70f3068e ] Request (ServersNegativeTestMultiTenantJSON:tearDownClass): 200 GET http://10.180.1.21/compute/v2.1/servers/8612e025-75a7-47c2-aa5f-a29e70a5f2b4 0.099s
2025-11-21 23:08:57.660 66264 INFO tempest.lib.common.rest_client [req-2693db4e-312e-4fc0-96f9-4026a878023a req-2693db4e-312e-4fc0-96f9-4026a878023a ] Request (ImagesOneServerNegativeTestJSON:_run_cleanups): 200 GET http://10.180.1.21/compute/v2.1/servers/a00558d3-80bd-4458-b5d4-a1f9eb043e3e 0.068s
2025-11-21 23:08:57.700 66282 INFO tempest.lib.common.rest_client [req-a17f1aa8-3ed3-4389-b09d-596f9d0e29d1 req-a17f1aa8-3ed3-4389-b09d-596f9d0e29d1 ] Request (ImagesTestJSON:test_create_image_from_suspended_server): 200 GET http://10.180.1.21/compute/v2.1/servers/9e136e19-8ece-4b65-902f-c6af667f9d6b 0.052s
2025-11-21 23:08:57.730 66278 INFO tempest.lib.common.rest_client [req-01ec0d86-8371-4606-8e89-81524bf3d3b1 req-01ec0d86-8371-4606-8e89-81524bf3d3b1 ] Request (ServerMetadataNegativeTestJSON:tearDownClass): 200 GET http://10.180.1.21/compute/v2.1/servers/74a7a33a-ae62-45a6-b8ac-65463f7d10ba 0.060s
2025-11-21 23:08:57.761 66250 INFO tempest.lib.common.rest_client [req-8d84c6b9-94c0-468f-9dcb-a93710479953 req-8d84c6b9-94c0-468f-9dcb-a93710479953 ] Request (ServerRescueTestJSONUnderV235:setUpClass): 200 GET http://10.180.1.21/compute/v2.1/servers/c93af002-ef45-43b3-8405-9633970e5020 0.060s
2025-11-21 23:08:57.804 66260 INFO tempest.lib.common.rest_client [req-b2f23804-0f59-496b-b0a8-47a7d43b8b1f req-b2f23804-0f59-496b-b0a8-47a7d43b8b1f ] Request (ServersAdminTestJSON:tearDownClass): 200 GET http://10.180.1.21/compute/v2.1/servers/ef73bdb1-8e2a-4d32-9f86-89e828d6fefe 0.066s
2025-11-21 23:08:57.830 66306 INFO tempest.lib.common.rest_client [req-f3144597-f462-4f0d-a7bc-dbfefe3d0481 req-f3144597-f462-4f0d-a7bc-dbfefe3d0481 ] Request (ServersAdminNegativeTestJSON:tearDownClass): 200 GET http://10.180.1.21/compute/v2.1/servers/c236f7a3-276e-4c84-8c52-fcbff4af3212 0.064s
2025-11-21 23:08:58.003 66268 INFO tempest.lib.common.rest_client [req-df97aa14-b674-4404-8bfb-4f839d168643 req-df97aa14-b674-4404-8bfb-4f839d168643 ] Request (FloatingIPsAssociationTestJSON:tearDownClass): 200 GET http://10.180.1.21/compute/v2.1/servers/1367d8f3-b94a-4b9a-8b17-566d80efc092 0.064s
2025-11-21 23:08:58.004 66304 INFO tempest.lib.common.rest_client [req-943a210e-19fa-4635-b955-02f2687c6e73 req-943a210e-19fa-4635-b955-02f2687c6e73 ] Request (ServerActionsTestOtherB:test_resize_server_confirm_from_stopped): 200 GET http://10.180.1.21/compute/v2.1/servers/a9a7b0d1-809c-4ef8-bbc4-5786bf23d4bd 0.126s
2025-11-21 23:08:58.011 66304 INFO tempest.common.waiters [-] State transition "RESIZE/resize_migrated" ==> "RESIZE/resize_finish" after 43 second wait
2025-11-21 23:08:58.106 66302 INFO tempest.lib.common.rest_client [req-ad32219b-8e2a-44c3-a425-6fb420951b22 req-ad32219b-8e2a-44c3-a425-6fb420951b22 ] Request (FloatingIPsAssociationNegativeTestJSON:setUpClass): 200 GET http://10.180.1.21/compute/v2.1/servers/ca67416a-30fc-4c56-9201-5f2eccada52a 0.118s
2025-11-21 23:08:58.112 66288 INFO tempest.lib.common.rest_client [req-566c5bd9-e256-4ffd-95f1-fea8d05a954b req-566c5bd9-e256-4ffd-95f1-fea8d05a954b ] Request (ListServersNegativeTestJSON:tearDownClass): 200 GET http://10.180.1.21/compute/v2.1/servers/0b476fe1-c0f6-4bd2-8f0d-51bee28d5ed9 0.061s
2025-11-21 23:08:58.113 66302 INFO tempest.common.waiters [-] State transition "BUILD/spawning" ==> "ACTIVE/None" after 50 second wait
2025-11-21 23:08:58.155 66272 INFO tempest.lib.common.rest_client [req-2e587802-05e7-477d-9f99-e5d316092e45 req-2e587802-05e7-477d-9f99-e5d316092e45 ] Request (MultipleCreateTestJSON:test_multiple_create_with_reservation_return): 200 GET http://10.180.1.21/compute/v2.1/servers/006b9cfc-e15d-4e72-8140-c4bdea3bfacf 0.051s
2025-11-21 23:08:58.245 66256 INFO tempest.lib.common.rest_client [req-d9e5b40e-98a9-44e4-94c8-a405a3edbd31 req-d9e5b40e-98a9-44e4-94c8-a405a3edbd31 ] Request (MigrationsAdminTest:test_resize_server_revert_deleted_flavor): 200 GET http://10.180.1.21/compute/v2.1/servers/d4054d51-f42b-492e-b339-187de809038a 0.094s
2025-11-21 23:08:58.271 66266 WARNING tempest.lib.common.ssh [-] Failed to establish authenticated ssh connection to cirros@10.180.180.249 ([Errno None] Unable to connect to port 22 on 10.180.180.249). Number attempts: 3. Retry after 4 seconds.: paramiko.ssh_exception.NoValidConnectionsError: [Errno None] Unable to connect to port 22 on 10.180.180.249
2025-11-21 23:08:58.299 66276 INFO tempest.lib.common.rest_client [req-6e7c6f45-e29a-4501-a7ea-679f646fedae req-6e7c6f45-e29a-4501-a7ea-679f646fedae ] Request (ServersTestFqdnHostnames:tearDownClass): 200 GET http://10.180.1.21/compute/v2.1/servers/9a5f4dd8-6ab8-4753-a2cb-30c4a3410ecb 0.126s
2025-11-21 23:08:58.397 66296 INFO tempest.lib.common.rest_client [req-fe60ed24-4287-4acf-8aad-0bc90f983ce5 req-fe60ed24-4287-4acf-8aad-0bc90f983ce5 ] Request (ServerAddressesNegativeTestJSON:tearDownClass): 200 GET http://10.180.1.21/compute/v2.1/servers/17144923-8f3a-4e3b-8fd7-cb519a6ffbe5 0.175s
2025-11-21 23:08:58.623 66286 INFO tempest.lib.common.rest_client [req-b48c030c-2183-4606-932a-2ff0002fb35e req-b48c030c-2183-4606-932a-2ff0002fb35e ] Request (ServersTestMultiNic:test_verify_multiple_nics_order): 200 GET http://10.180.1.21/compute/v2.1/servers/b5f5d0ab-b35e-4627-ba32-d02d91721cba 0.302s
2025-11-21 23:08:58.714 66302 INFO tempest.lib.common.rest_client [req-359f97d5-5e66-458d-b271-260435116fcb req-359f97d5-5e66-458d-b271-260435116fcb ] Request (FloatingIPsAssociationNegativeTestJSON:test_associate_ip_to_server_with_floating_ip): 200 POST http://10.180.1.21/compute/v2.1/os-floating-ips 0.600s
2025-11-21 23:08:58.792 66294 INFO tempest.lib.common.rest_client [req-59c5becc-d5c6-4b6b-b94e-8070a7f28fd5 req-59c5becc-d5c6-4b6b-b94e-8070a7f28fd5 ] Request (ImagesOneServerTestJSON:tearDownClass): 200 GET http://10.180.1.21/compute/v2.1/servers/faa9102b-7a90-41c5-8294-59785fbffd84 0.413s
2025-11-21 23:08:58.848 66280 INFO tempest.lib.common.rest_client [req-02bfaf44-7458-4d81-82cb-b6b3b2f66205 req-02bfaf44-7458-4d81-82cb-b6b3b2f66205 ] Request (ServerRescueNegativeTestJSON:test_rescued_vm_detach_volume): 200 GET http://10.180.1.21/compute/v2.1/servers/adbd2dab-2d09-44b1-bee8-2e8123516b3b 0.356s
2025-11-21 23:08:58.944 66254 INFO tempest.lib.common.rest_client [req-17f53c16-8067-492e-b6b9-62e5a46c7194 req-17f53c16-8067-492e-b6b9-62e5a46c7194 ] Request (SecurityGroupsTestJSON:test_server_security_groups): 200 GET http://10.180.1.21/compute/v2.1/servers/9d967bb3-ca02-45b4-a7eb-b92bc25e201f 0.356s
2025-11-21 23:08:59.056 66258 INFO tempest.lib.common.rest_client [req-e9ac1331-d280-4917-a895-8fd0711a97a5 req-e9ac1331-d280-4917-a895-8fd0711a97a5 ] Request (DeleteServersTestJSON:test_delete_server_while_in_shelved_state): 200 GET http://10.180.1.21/compute/v2.1/servers/128e1b4d-8316-42ad-8fff-2bc283144c4e 0.453s
2025-11-21 23:08:59.118 66290 INFO tempest.lib.common.rest_client [req-418ed7c6-9da7-4ce5-92f2-f7156acde2cc req-418ed7c6-9da7-4ce5-92f2-f7156acde2cc ] Request (ServersNegativeTestMultiTenantJSON:tearDownClass): 200 GET http://10.180.1.21/compute/v2.1/servers/8612e025-75a7-47c2-aa5f-a29e70a5f2b4 0.465s
2025-11-21 23:08:59.190 66264 INFO tempest.lib.common.rest_client [req-c2ad8015-c82c-4512-a45b-0d4ba269373b req-c2ad8015-c82c-4512-a45b-0d4ba269373b ] Request (ImagesOneServerNegativeTestJSON:_run_cleanups): 200 GET http://10.180.1.21/compute/v2.1/servers/a00558d3-80bd-4458-b5d4-a1f9eb043e3e 0.521s
2025-11-21 23:08:59.254 66282 INFO tempest.lib.common.rest_client [req-763e1991-e956-4838-b721-7abf510d98c2 req-763e1991-e956-4838-b721-7abf510d98c2 ] Request (ImagesTestJSON:test_create_image_from_suspended_server): 200 GET http://10.180.1.21/compute/v2.1/servers/9e136e19-8ece-4b65-902f-c6af667f9d6b 0.545s
2025-11-21 23:09:00.230 66302 INFO tempest.lib.common.rest_client [req-4e6f7f35-394b-491e-8e2a-ff970afd872c req-4e6f7f35-394b-491e-8e2a-ff970afd872c ] Request (FloatingIPsAssociationNegativeTestJSON:test_associate_ip_to_server_with_floating_ip): 202 POST http://10.180.1.21/compute/v2.1/servers/ca67416a-30fc-4c56-9201-5f2eccada52a/action 1.513s
2025-11-21 23:09:00.295 66278 INFO tempest.lib.common.rest_client [req-5edfba8a-654c-4aaa-86d8-cee90c34a259 req-5edfba8a-654c-4aaa-86d8-cee90c34a259 ] Request (ServerMetadataNegativeTestJSON:tearDownClass): 200 GET http://10.180.1.21/compute/v2.1/servers/74a7a33a-ae62-45a6-b8ac-65463f7d10ba 1.556s
2025-11-21 23:09:00.353 66250 INFO tempest.lib.common.rest_client [req-ff1ca08d-520e-4c24-a0f3-4a3558a0f5ea req-ff1ca08d-520e-4c24-a0f3-4a3558a0f5ea ] Request (ServerRescueTestJSONUnderV235:setUpClass): 200 GET http://10.180.1.21/compute/v2.1/servers/c93af002-ef45-43b3-8405-9633970e5020 1.584s
2025-11-21 23:09:00.415 66260 INFO tempest.lib.common.rest_client [req-8f4f7995-4249-494a-970e-9298a449fe91 req-8f4f7995-4249-494a-970e-9298a449fe91 ] Request (ServersAdminTestJSON:tearDownClass): 200 GET http://10.180.1.21/compute/v2.1/servers/ef73bdb1-8e2a-4d32-9f86-89e828d6fefe 1.602s
2025-11-21 23:09:00.476 66306 INFO tempest.lib.common.rest_client [req-977f5cfb-ad86-4d5a-b774-f1213f63bd92 req-977f5cfb-ad86-4d5a-b774-f1213f63bd92 ] Request (ServersAdminNegativeTestJSON:tearDownClass): 200 GET http://10.180.1.21/compute/v2.1/servers/c236f7a3-276e-4c84-8c52-fcbff4af3212 1.638s
2025-11-21 23:09:00.536 66268 INFO tempest.lib.common.rest_client [req-1fcd2655-729e-4e65-b05f-20c4567cc45f req-1fcd2655-729e-4e65-b05f-20c4567cc45f ] Request (FloatingIPsAssociationTestJSON:tearDownClass): 200 GET http://10.180.1.21/compute/v2.1/servers/1367d8f3-b94a-4b9a-8b17-566d80efc092 1.525s
2025-11-21 23:09:00.639 66308 WARNING tempest.lib.common.ssh [-] Failed to establish authenticated ssh connection to cirros@10.180.180.173 ([Errno None] Unable to connect to port 22 on 10.180.180.173). Number attempts: 6. Retry after 7 seconds.: paramiko.ssh_exception.NoValidConnectionsError: [Errno None] Unable to connect to port 22 on 10.180.180.173
2025-11-21 23:09:00.660 66304 INFO tempest.lib.common.rest_client [req-5a094ca1-cfc3-4c0e-b41e-eba078d2d678 req-5a094ca1-cfc3-4c0e-b41e-eba078d2d678 ] Request (ServerActionsTestOtherB:test_resize_server_confirm_from_stopped): 200 GET http://10.180.1.21/compute/v2.1/servers/a9a7b0d1-809c-4ef8-bbc4-5786bf23d4bd 1.647s
2025-11-21 23:09:00.667 66304 INFO tempest.common.waiters [-] State transition "RESIZE/resize_finish" ==> "VERIFY_RESIZE/None" after 45 second wait
2025-11-21 23:09:00.684 66288 INFO tempest.lib.common.rest_client [req-4d29dcf1-e036-4e78-beb6-0ef0b8bba54c req-4d29dcf1-e036-4e78-beb6-0ef0b8bba54c ] Request (ListServersNegativeTestJSON:tearDownClass): 404 GET http://10.180.1.21/compute/v2.1/servers/0b476fe1-c0f6-4bd2-8f0d-51bee28d5ed9 1.564s
2025-11-21 23:09:00.747 66272 INFO tempest.lib.common.rest_client [req-3ce076d5-63d3-4b42-a164-185853147e49 req-3ce076d5-63d3-4b42-a164-185853147e49 ] Request (MultipleCreateTestJSON:test_multiple_create_with_reservation_return): 200 GET http://10.180.1.21/compute/v2.1/servers/006b9cfc-e15d-4e72-8140-c4bdea3bfacf 1.583s
2025-11-21 23:09:00.876 66256 INFO tempest.lib.common.rest_client [req-05c8ceb7-7af9-4848-b0c9-ba48d070bddd req-05c8ceb7-7af9-4848-b0c9-ba48d070bddd ] Request (MigrationsAdminTest:test_resize_server_revert_deleted_flavor): 200 GET http://10.180.1.21/compute/v2.1/servers/d4054d51-f42b-492e-b339-187de809038a 1.624s
2025-11-21 23:09:00.948 66276 INFO tempest.lib.common.rest_client [req-ff5aef88-fddb-441e-93a8-1a0e487cb113 req-ff5aef88-fddb-441e-93a8-1a0e487cb113 ] Request (ServersTestFqdnHostnames:tearDownClass): 200 GET http://10.180.1.21/compute/v2.1/servers/9a5f4dd8-6ab8-4753-a2cb-30c4a3410ecb 1.637s
2025-11-21 23:09:01.016 66296 INFO tempest.lib.common.rest_client [req-fd5ef123-0b4c-415e-9e7a-7a46a303d921 req-fd5ef123-0b4c-415e-9e7a-7a46a303d921 ] Request (ServerAddressesNegativeTestJSON:tearDownClass): 200 GET http://10.180.1.21/compute/v2.1/servers/17144923-8f3a-4e3b-8fd7-cb519a6ffbe5 1.609s
2025-11-21 23:09:01.093 66286 INFO tempest.lib.common.rest_client [req-4204c997-bd64-4ddb-bddd-9fe31a3bf605 req-4204c997-bd64-4ddb-bddd-9fe31a3bf605 ] Request (ServersTestMultiNic:test_verify_multiple_nics_order): 200 GET http://10.180.1.21/compute/v2.1/servers/b5f5d0ab-b35e-4627-ba32-d02d91721cba 1.462s
2025-11-21 23:09:01.154 66294 INFO tempest.lib.common.rest_client [req-baa16eaa-731e-4b8b-9a94-354d949bec37 req-baa16eaa-731e-4b8b-9a94-354d949bec37 ] Request (ImagesOneServerTestJSON:tearDownClass): 200 GET http://10.180.1.21/compute/v2.1/servers/faa9102b-7a90-41c5-8294-59785fbffd84 1.354s
2025-11-21 23:09:01.161 66294 INFO tempest.common.waiters [-] State transition "ACTIVE/deleting" ==> "DELETED/None" after 5 second wait
2025-11-21 23:09:01.207 66280 INFO tempest.lib.common.rest_client [req-60eed3a6-c78e-41a4-a2d8-a52be4eed82e req-60eed3a6-c78e-41a4-a2d8-a52be4eed82e ] Request (ServerRescueNegativeTestJSON:test_rescued_vm_detach_volume): 200 GET http://10.180.1.21/compute/v2.1/servers/adbd2dab-2d09-44b1-bee8-2e8123516b3b 1.350s
2025-11-21 23:09:01.290 66254 INFO tempest.lib.common.rest_client [req-452bd8eb-a9df-4cf8-ba05-9d8b99cca694 req-452bd8eb-a9df-4cf8-ba05-9d8b99cca694 ] Request (SecurityGroupsTestJSON:test_server_security_groups): 200 GET http://10.180.1.21/compute/v2.1/servers/9d967bb3-ca02-45b4-a7eb-b92bc25e201f 1.336s
2025-11-21 23:09:01.422 66258 INFO tempest.lib.common.rest_client [req-56779771-1e9f-405a-bca6-d2b0f561d09f req-56779771-1e9f-405a-bca6-d2b0f561d09f ] Request (DeleteServersTestJSON:test_delete_server_while_in_shelved_state): 200 GET http://10.180.1.21/compute/v2.1/servers/128e1b4d-8316-42ad-8fff-2bc283144c4e 1.356s
2025-11-21 23:09:01.456 66288 INFO tempest.lib.common.rest_client [req-747275fb-2b9a-4d55-9508-5e84cfe76079 req-747275fb-2b9a-4d55-9508-5e84cfe76079 ] Request (ListServersNegativeTestJSON:tearDownClass): 200 PUT http://10.180.1.21/networking/v2.0/routers/7083c9f6-9afc-414d-aff8-be88f30b482b/remove_router_interface 0.772s
2025-11-21 23:09:01.492 66290 INFO tempest.lib.common.rest_client [req-5e952ddc-2fdb-4e00-bca3-517da00f4544 req-5e952ddc-2fdb-4e00-bca3-517da00f4544 ] Request (ServersNegativeTestMultiTenantJSON:tearDownClass): 200 GET http://10.180.1.21/compute/v2.1/servers/8612e025-75a7-47c2-aa5f-a29e70a5f2b4 1.365s
2025-11-21 23:09:01.583 66264 INFO tempest.lib.common.rest_client [req-e3f028d3-1458-4c53-9638-2b27ca1ce737 req-e3f028d3-1458-4c53-9638-2b27ca1ce737 ] Request (ImagesOneServerNegativeTestJSON:_run_cleanups): 200 GET http://10.180.1.21/compute/v2.1/servers/a00558d3-80bd-4458-b5d4-a1f9eb043e3e 1.384s
2025-11-21 23:09:01.893 66288 INFO tempest.lib.common.rest_client [req-bfa4406d-4ad9-4cfb-b494-3636d22de054 req-bfa4406d-4ad9-4cfb-b494-3636d22de054 ] Request (ListServersNegativeTestJSON:tearDownClass): 204 DELETE http://10.180.1.21/networking/v2.0/routers/7083c9f6-9afc-414d-aff8-be88f30b482b 0.436s
2025-11-21 23:09:02.062 66288 INFO tempest.lib.common.rest_client [req-0a43dcb2-ba56-40b4-ae41-b863f5642570 req-0a43dcb2-ba56-40b4-ae41-b863f5642570 ] Request (ListServersNegativeTestJSON:tearDownClass): 204 DELETE http://10.180.1.21/networking/v2.0/subnets/50504161-1b7f-4157-9dd9-535d3ab62eae 0.168s
2025-11-21 23:09:02.202 66246 INFO tempest.lib.common.rest_client [req-9feeecc9-1d0b-4a38-8379-f361562c0cc5 req-9feeecc9-1d0b-4a38-8379-f361562c0cc5 ] Request (ListImageFiltersTestJSON:setUpClass): 200 GET http://10.180.1.21/compute/v2.1/images/374e371e-0b18-4261-9b5d-9c8d2fc05725 3.849s
2025-11-21 23:09:02.341 66248 INFO paramiko.transport [-] Connected (version 2.0, client dropbear_2020.81)
2025-11-21 23:09:02.451 66248 INFO paramiko.transport [-] Authentication (publickey) successful!
2025-11-21 23:09:02.451 66248 INFO tempest.lib.common.ssh [-] ssh connection to cirros@10.180.180.139 successfully created
2025-11-21 23:09:02.814 66288 INFO tempest.lib.common.rest_client [req-d7fa724f-6edc-4c39-bd95-c05c43097a64 req-d7fa724f-6edc-4c39-bd95-c05c43097a64 ] Request (ListServersNegativeTestJSON:tearDownClass): 204 DELETE http://10.180.1.21/networking/v2.0/networks/d583d22d-0b37-4c53-b83e-69c061cf1cbd 0.752s
2025-11-21 23:09:02.903 66288 INFO tempest.lib.common.rest_client [req-5e662380-d897-4032-9646-65dae2b5aafb req-5e662380-d897-4032-9646-65dae2b5aafb ] Request (ListServersNegativeTestJSON:tearDownClass): 204 DELETE http://10.180.1.21/identity/v3/users/5343d99d63d649baa072f552ff2c1c94 0.088s
2025-11-21 23:09:02.903 66288 INFO tempest.lib.common.dynamic_creds [-] Deleting project and security group for project: 2cac4b7bcbe948cca541355efd9473b6
