2025-11-21 23:04:48.883 66274 INFO tempest.lib.common.rest_client [req-000b8b7e-a61b-42bf-a4ea-bc2a211e668c req-000b8b7e-a61b-42bf-a4ea-bc2a211e668c ] Request (HypervisorAdminV253TestBase:setUpClass): 200 GET http://10.180.1.21/identity/v3/roles 0.785s
2025-11-21 23:04:48.889 66300 INFO tempest.lib.common.rest_client [req-31dcbf18-2116-4926-a9b6-937e1808bdea req-31dcbf18-2116-4926-a9b6-937e1808bdea ] Request (QuotaClassesAdmin257Test:setUpClass): 201 POST http://10.180.1.21/identity/v3/users 0.746s
2025-11-21 23:04:48.921 66258 INFO tempest.lib.common.rest_client [req-b3cd4c1e-cfe5-4e6c-8308-1235994f2088 req-b3cd4c1e-cfe5-4e6c-8308-1235994f2088 ] Request (DeleteServersTestJSON:setUpClass): 201 POST http://10.180.1.21/identity/v3/users 0.724s
2025-11-21 23:04:48.923 66288 INFO tempest.lib.common.rest_client [req-b4965fe4-8095-4446-b57c-65fe4066116c req-b4965fe4-8095-4446-b57c-65fe4066116c ] Request (InstanceUsageAuditLogNegativeTestJSON:setUpClass): 201 POST http://10.180.1.21/identity/v3/users 0.732s
2025-11-21 23:04:48.953 66304 INFO tempest.lib.common.rest_client [req-c1964580-7064-4173-9508-589192da34ce req-c1964580-7064-4173-9508-589192da34ce ] Request (HypervisorAdminTestJSON:setUpClass): 201 POST http://10.180.1.21/identity/v3/users 0.692s
2025-11-21 23:04:48.953 66246 INFO tempest.lib.common.rest_client [req-b08bf6d7-8320-4037-ae6c-d215b568ec16 req-b08bf6d7-8320-4037-ae6c-d215b568ec16 ] Request (AZAdminNegativeTestJSON:setUpClass): 204 PUT http://10.180.1.21/identity/v3/projects/dd6f4901d5cb439a907fc2ed94e75ded/users/64456b1beb954647b5a70454a18aaded/roles/f235323df97f4da6ba6cb028e3febf52 0.715s
2025-11-21 23:04:48.995 66250 INFO tempest.lib.common.rest_client [req-6aa75096-d089-4173-8ebe-ff87eedc8655 req-6aa75096-d089-4173-8ebe-ff87eedc8655 ] Request (ServerExternalEventsTest:setUpClass): 204 PUT http://10.180.1.21/identity/v3/projects/bb4ada9793a447109a432648b732ddaa/users/479ecfdbf4924ffb821c5d5676d69abe/roles/f235323df97f4da6ba6cb028e3febf52 0.734s
2025-11-21 23:04:48.995 66250 INFO tempest.lib.common.dynamic_creds [-] Dynamic test user 479ecfdbf4924ffb821c5d5676d69abe is created with scope project and roles: ['admin']
2025-11-21 23:04:48.995 66250 INFO tempest.lib.common.dynamic_creds [-] Acquired dynamic creds: credentials: Credentials: {'domain_id': 'default', 'domain_name': 'Default', 'username': 'tempest-ServerExternalEventsTest-249401879-project-admin', 'project_domain_id': 'default', 'project_domain_name': 'Default', 'project_id': 'bb4ada9793a447109a432648b732ddaa', 'project_name': 'tempest-ServerExternalEventsTest-249401879', 'tenant_id': 'bb4ada9793a447109a432648b732ddaa', 'tenant_name': 'tempest-ServerExternalEventsTest-249401879', 'user_domain_id': 'default', 'user_domain_name': 'Default', 'user_id': '479ecfdbf4924ffb821c5d5676d69abe', 'system': None}, Network: None, Subnet: None, Router: None
2025-11-21 23:04:48.996 66250 INFO tempest.lib.common.dynamic_creds [-] Created isolated network resources for: credentials: Credentials: {'domain_id': 'default', 'domain_name': 'Default', 'username': 'tempest-ServerExternalEventsTest-249401879-project-admin', 'project_domain_id': 'default', 'project_domain_name': 'Default', 'project_id': 'bb4ada9793a447109a432648b732ddaa', 'project_name': 'tempest-ServerExternalEventsTest-249401879', 'tenant_id': 'bb4ada9793a447109a432648b732ddaa', 'tenant_name': 'tempest-ServerExternalEventsTest-249401879', 'user_domain_id': 'default', 'user_domain_name': 'Default', 'user_id': '479ecfdbf4924ffb821c5d5676d69abe', 'system': None}, Network: None, Subnet: None, Router: None
2025-11-21 23:04:49.000 66278 INFO tempest.lib.common.rest_client [req-c031f516-d5db-4a2b-aee2-d1a586979892 req-c031f516-d5db-4a2b-aee2-d1a586979892 ] Request (FlavorMetadataValidation:setUpClass): 200 GET http://10.180.1.21/identity/v3/roles 0.688s
2025-11-21 23:04:49.005 66302 INFO tempest.lib.common.rest_client [req-7d0275e4-10dd-4d03-a684-320858db1dc1 req-7d0275e4-10dd-4d03-a684-320858db1dc1 ] Request (VolumesAssistedSnapshotsTest:setUpClass): 201 POST http://10.180.1.21/networking/v2.0/subnets 0.170s
2025-11-21 23:04:49.042 66294 INFO tempest.lib.common.rest_client [req-392260c2-1db2-44e8-875a-2fe96dad18d6 req-392260c2-1db2-44e8-875a-2fe96dad18d6 ] Request (FlavorsAdminTestJSON:setUpClass): 201 POST http://10.180.1.21/identity/v3/users 0.726s
2025-11-21 23:04:49.056 66270 INFO tempest.lib.common.rest_client [req-485e8c37-a1b3-4d60-a91a-9347178094b4 req-485e8c37-a1b3-4d60-a91a-9347178094b4 ] Request (HostsAdminNegativeTestJSON:setUpClass): 201 POST http://10.180.1.21/identity/v3/users 0.694s
2025-11-21 23:04:49.063 66296 INFO tempest.lib.common.rest_client [req-9e2149b9-f422-4868-be02-b0600c583f7d req-9e2149b9-f422-4868-be02-b0600c583f7d ] Request (HypervisorAdminUnderV252Test:setUpClass): 201 POST http://10.180.1.21/identity/v3/users 0.698s
2025-11-21 23:04:49.080 66254 INFO tempest.lib.common.rest_client [req-f33f03db-b52c-45e5-abdb-dd105c029c91 req-f33f03db-b52c-45e5-abdb-dd105c029c91 ] Request (FlavorsAccessNegativeTestJSON:setUpClass): 201 POST http://10.180.1.21/identity/v3/projects 0.653s
2025-11-21 23:04:49.084 66262 INFO tempest.lib.common.rest_client [req-e744e12a-5a3e-4300-a8c9-77a8618df3fb req-e744e12a-5a3e-4300-a8c9-77a8618df3fb ] Request (FlavorsAccessTestJSON:setUpClass): 201 POST http://10.180.1.21/identity/v3/users 0.647s
2025-11-21 23:04:49.126 66252 INFO tempest.lib.common.rest_client [req-bcffa41a-02dc-4417-ad3d-1150d31cd311 req-bcffa41a-02dc-4417-ad3d-1150d31cd311 ] Request (FlavorsExtraSpecsNegativeTestJSON:setUpClass): 200 GET http://10.180.1.21/identity/v3/roles 0.677s
2025-11-21 23:04:49.128 66260 INFO tempest.lib.common.rest_client [req-9c69110d-419f-461f-8102-726b71ae2f98 req-9c69110d-419f-461f-8102-726b71ae2f98 ] Request (ServersAdminTestJSON:setUpClass): 200 GET http://10.180.1.21/identity/v3/roles 0.644s
2025-11-21 23:04:49.148 66306 INFO tempest.lib.common.rest_client [req-3450dd35-b959-4c06-be68-a420fc1e7983 req-3450dd35-b959-4c06-be68-a420fc1e7983 ] Request (HypervisorAdminNegativeTestJSON:setUpClass): 201 POST http://10.180.1.21/identity/v3/users 0.650s
2025-11-21 23:04:49.151 66266 INFO tempest.lib.common.rest_client [req-4ef4ef90-55ce-4562-93ad-8830db7c6439 req-4ef4ef90-55ce-4562-93ad-8830db7c6439 ] Request (ServicesAdminTestJSON:setUpClass): 204 PUT http://10.180.1.21/identity/v3/projects/01a6fb00a1494407b4596077563877cb/users/35a5252b06ee4e39835f94bb55b42591/roles/f235323df97f4da6ba6cb028e3febf52 0.601s
2025-11-21 23:04:49.192 66264 INFO tempest.lib.common.rest_client [req-64668cd0-8f4e-4304-beb2-ea18ba43f0cf req-64668cd0-8f4e-4304-beb2-ea18ba43f0cf ] Request (QuotaClassesAdminTestJSON:setUpClass): 200 GET http://10.180.1.21/identity/v3/roles 0.626s
2025-11-21 23:04:49.196 66290 INFO tempest.lib.common.rest_client [req-2a901b45-ab65-486b-bd1d-3bdc6885ca2a req-2a901b45-ab65-486b-bd1d-3bdc6885ca2a ] Request (DeleteServersAdminTestJSON:setUpClass): 200 GET http://10.180.1.21/identity/v3/roles 0.626s
2025-11-21 23:04:49.217 66292 INFO tempest.lib.common.rest_client [req-8b0bddef-0e94-45ec-8be5-576cbbfc0cdb req-8b0bddef-0e94-45ec-8be5-576cbbfc0cdb ] Request (TenantUsagesNegativeTestJSON:setUpClass): 201 POST http://10.180.1.21/identity/v3/users 0.595s
2025-11-21 23:04:49.224 66248 INFO tempest.lib.common.rest_client [req-f4bb6de5-a23b-4450-a279-0c1445e35063 req-f4bb6de5-a23b-4450-a279-0c1445e35063 ] Request (AggregatesAdminNegativeTestJSON:setUpClass): 204 PUT http://10.180.1.21/identity/v3/projects/d345c5a2cca64a2ba9733ef1ae9c7dd9/users/0e353038a85d484b898aea7b5f941c03/roles/f235323df97f4da6ba6cb028e3febf52 0.554s
2025-11-21 23:04:49.239 66308 INFO tempest.lib.common.rest_client [req-db551636-8ae6-44aa-8332-cf69f7109369 req-db551636-8ae6-44aa-8332-cf69f7109369 ] Request (ServersWithSpecificFlavorTestJSON:setUpClass): 201 POST http://10.180.1.21/networking/v2.0/routers 0.750s
2025-11-21 23:04:49.268 66276 INFO tempest.lib.common.rest_client [req-7fef864a-1774-40a1-9663-8d543beac1c1 req-7fef864a-1774-40a1-9663-8d543beac1c1 ] Request (TenantUsagesTestJSON:setUpClass): 204 PUT http://10.180.1.21/identity/v3/projects/c226b1d6ec0640198c725faf4caf032c/users/2dba5688de834709ac8e523da9b11db8/roles/f235323df97f4da6ba6cb028e3febf52 0.527s
2025-11-21 23:04:49.321 66280 INFO tempest.lib.common.rest_client [req-c835101f-22e4-4b59-90d2-71068ef95ad9 req-c835101f-22e4-4b59-90d2-71068ef95ad9 ] Request (FlavorsV255TestJSON:setUpClass): 200 GET http://10.180.1.21/identity/v3/roles 0.561s
2025-11-21 23:04:49.334 66256 INFO tempest.lib.common.rest_client [req-2e15446b-7f18-4acf-b291-367fa6fdc3b2 req-2e15446b-7f18-4acf-b291-367fa6fdc3b2 ] Request (FlavorsExtraSpecsTestJSON:setUpClass): 200 POST http://10.180.1.21/compute/v2.1/flavors 0.594s
2025-11-21 23:04:49.374 66256 INFO tempest.lib.common.rest_client [req-6f696355-ee51-40f5-9d27-1c1fb597b2ec req-6f696355-ee51-40f5-9d27-1c1fb597b2ec ] Request (FlavorsExtraSpecsTestJSON:test_flavor_non_admin_get_all_keys): 200 POST http://10.180.1.21/compute/v2.1/flavors/1100685942/os-extra_specs 0.037s
2025-11-21 23:04:49.398 66286 INFO tempest.lib.common.rest_client [req-d9ead9b3-2014-4213-b981-45cede4c33bc req-d9ead9b3-2014-4213-b981-45cede4c33bc ] Request (InstanceUsageAuditLogTestJSON:setUpClass): 201 POST http://10.180.1.21/identity/v3/auth/tokens 0.637s
2025-11-21 23:04:49.425 66298 INFO tempest.lib.common.rest_client [req-9fa51e8c-0318-4795-9169-40c8b5f520f0 req-9fa51e8c-0318-4795-9169-40c8b5f520f0 ] Request (AZV2TestJSON:tearDownClass): 204 DELETE http://10.180.1.21/identity/v3/users/0186ab10be8248a396cd29612cca25ce 0.658s
2025-11-21 23:04:49.425 66298 INFO tempest.lib.common.dynamic_creds [-] Deleting project and security group for project: 475fb938d86f4de09f958b21a4f6ac84
2025-11-21 23:04:49.449 66284 INFO tempest.lib.common.rest_client [req-28bc76ed-6f95-4fb5-ad46-43a788bcf8ff req-28bc76ed-6f95-4fb5-ad46-43a788bcf8ff ] Request (HostsAdminTestJSON:setUpClass): 204 PUT http://10.180.1.21/identity/v3/projects/b0b96b05a8fb4e65ae88f0053ef39e40/users/0841dbc960be468f905f8cfe08d6d774/roles/f235323df97f4da6ba6cb028e3febf52 0.613s
2025-11-21 23:04:49.450 66284 INFO tempest.lib.common.dynamic_creds [-] Dynamic test user 0841dbc960be468f905f8cfe08d6d774 is created with scope project and roles: ['admin']
2025-11-21 23:04:49.450 66284 INFO tempest.lib.common.dynamic_creds [-] Acquired dynamic creds: credentials: Credentials: {'domain_id': 'default', 'domain_name': 'Default', 'username': 'tempest-HostsAdminTestJSON-954498330-project-admin', 'project_domain_id': 'default', 'project_domain_name': 'Default', 'project_id': 'b0b96b05a8fb4e65ae88f0053ef39e40', 'project_name': 'tempest-HostsAdminTestJSON-954498330', 'tenant_id': 'b0b96b05a8fb4e65ae88f0053ef39e40', 'tenant_name': 'tempest-HostsAdminTestJSON-954498330', 'user_domain_id': 'default', 'user_domain_name': 'Default', 'user_id': '0841dbc960be468f905f8cfe08d6d774', 'system': None}, Network: None, Subnet: None, Router: None
2025-11-21 23:04:49.450 66284 INFO tempest.lib.common.dynamic_creds [-] Created isolated network resources for: credentials: Credentials: {'domain_id': 'default', 'domain_name': 'Default', 'username': 'tempest-HostsAdminTestJSON-954498330-project-admin', 'project_domain_id': 'default', 'project_domain_name': 'Default', 'project_id': 'b0b96b05a8fb4e65ae88f0053ef39e40', 'project_name': 'tempest-HostsAdminTestJSON-954498330', 'tenant_id': 'b0b96b05a8fb4e65ae88f0053ef39e40', 'tenant_name': 'tempest-HostsAdminTestJSON-954498330', 'user_domain_id': 'default', 'user_domain_name': 'Default', 'user_id': '0841dbc960be468f905f8cfe08d6d774', 'system': None}, Network: None, Subnet: None, Router: None
2025-11-21 23:04:49.502 66268 INFO tempest.lib.common.rest_client [req-05d29192-0180-465c-96d1-e5ded8046dc3 req-05d29192-0180-465c-96d1-e5ded8046dc3 ] Request (FlavorsV261TestJSON:setUpClass): 200 GET http://10.180.1.21/identity/v3/roles 0.665s
2025-11-21 23:04:49.507 66272 INFO tempest.lib.common.rest_client [req-7d23cf0f-2e28-4ea5-9a48-6d63acdd2dc4 req-7d23cf0f-2e28-4ea5-9a48-6d63acdd2dc4 ] Request (HypervisorAdminV228Test:setUpClass): 204 PUT http://10.180.1.21/identity/v3/projects/ca85fb0ca4e54c50875a6a65d0a6d00f/users/80748c0dce57437e863341faec990ebe/roles/f235323df97f4da6ba6cb028e3febf52 0.652s
2025-11-21 23:04:49.552 66282 INFO tempest.lib.common.rest_client [req-b6dff2e9-a102-468a-811b-996d0c0849d4 req-b6dff2e9-a102-468a-811b-996d0c0849d4 ] Request (ServersAdmin275Test:setUpClass): 200 GET http://10.180.1.21/identity/v3/roles 0.694s
2025-11-21 23:04:49.554 66274 INFO tempest.lib.common.rest_client [req-2884ec11-b675-4c5d-a5c6-ad4e0a5d75ff req-2884ec11-b675-4c5d-a5c6-ad4e0a5d75ff ] Request (HypervisorAdminV253TestBase:setUpClass): 204 PUT http://10.180.1.21/identity/v3/projects/9e4f653625bb4064ab4924f02fd74b0a/users/37f39a3764e4486889676c18df5ef1e3/roles/f235323df97f4da6ba6cb028e3febf52 0.670s
2025-11-21 23:04:49.554 66274 INFO tempest.lib.common.dynamic_creds [-] Dynamic test user 37f39a3764e4486889676c18df5ef1e3 is created with scope project and roles: ['admin']
2025-11-21 23:04:49.555 66274 INFO tempest.lib.common.dynamic_creds [-] Acquired dynamic creds: credentials: Credentials: {'domain_id': 'default', 'domain_name': 'Default', 'username': 'tempest-HypervisorAdminV253TestBase-582057044-project-admin', 'project_domain_id': 'default', 'project_domain_name': 'Default', 'project_id': '9e4f653625bb4064ab4924f02fd74b0a', 'project_name': 'tempest-HypervisorAdminV253TestBase-582057044', 'tenant_id': '9e4f653625bb4064ab4924f02fd74b0a', 'tenant_name': 'tempest-HypervisorAdminV253TestBase-582057044', 'user_domain_id': 'default', 'user_domain_name': 'Default', 'user_id': '37f39a3764e4486889676c18df5ef1e3', 'system': None}, Network: None, Subnet: None, Router: None
2025-11-21 23:04:49.555 66274 INFO tempest.lib.common.dynamic_creds [-] Created isolated network resources for: credentials: Credentials: {'domain_id': 'default', 'domain_name': 'Default', 'username': 'tempest-HypervisorAdminV253TestBase-582057044-project-admin', 'project_domain_id': 'default', 'project_domain_name': 'Default', 'project_id': '9e4f653625bb4064ab4924f02fd74b0a', 'project_name': 'tempest-HypervisorAdminV253TestBase-582057044', 'tenant_id': '9e4f653625bb4064ab4924f02fd74b0a', 'tenant_name': 'tempest-HypervisorAdminV253TestBase-582057044', 'user_domain_id': 'default', 'user_domain_name': 'Default', 'user_id': '37f39a3764e4486889676c18df5ef1e3', 'system': None}, Network: None, Subnet: None, Router: None
2025-11-21 23:04:49.607 66300 INFO tempest.lib.common.rest_client [req-153f6099-5930-4bea-ad07-e34a377fa6d8 req-153f6099-5930-4bea-ad07-e34a377fa6d8 ] Request (QuotaClassesAdmin257Test:setUpClass): 200 GET http://10.180.1.21/identity/v3/roles 0.717s
2025-11-21 23:04:49.615 66258 INFO tempest.lib.common.rest_client [req-3bda56fc-82ed-4f8b-85b8-a345a3a86827 req-3bda56fc-82ed-4f8b-85b8-a345a3a86827 ] Request (DeleteServersTestJSON:setUpClass): 200 GET http://10.180.1.21/identity/v3/roles 0.694s
2025-11-21 23:04:49.630 66288 INFO tempest.lib.common.rest_client [req-308e7608-0d04-4e9c-8e18-a7221d9a3c41 req-308e7608-0d04-4e9c-8e18-a7221d9a3c41 ] Request (InstanceUsageAuditLogNegativeTestJSON:setUpClass): 200 GET http://10.180.1.21/identity/v3/roles 0.706s
2025-11-21 23:04:49.638 66304 INFO tempest.lib.common.rest_client [req-9c1195ac-2cba-49d7-8ba0-389a4db38a2d req-9c1195ac-2cba-49d7-8ba0-389a4db38a2d ] Request (HypervisorAdminTestJSON:setUpClass): 200 GET http://10.180.1.21/identity/v3/roles 0.685s
2025-11-21 23:04:49.653 66246 INFO tempest.lib.common.rest_client [req-c7c51b6d-14bb-4202-aa02-7d0c8522e0ac req-c7c51b6d-14bb-4202-aa02-7d0c8522e0ac ] Request (AZAdminNegativeTestJSON:setUpClass): 200 GET http://10.180.1.21/identity/v3/roles 0.699s
2025-11-21 23:04:49.662 66302 INFO tempest.lib.common.rest_client [req-192bc8e3-2d33-4c63-92e5-73ab1da2a107 req-192bc8e3-2d33-4c63-92e5-73ab1da2a107 ] Request (VolumesAssistedSnapshotsTest:setUpClass): 201 POST http://10.180.1.21/networking/v2.0/routers 0.656s
2025-11-21 23:04:49.684 66278 INFO tempest.lib.common.rest_client [req-9f372eaf-e56d-42bf-ab80-be41db5aca56 req-9f372eaf-e56d-42bf-ab80-be41db5aca56 ] Request (FlavorMetadataValidation:setUpClass): 204 PUT http://10.180.1.21/identity/v3/projects/e73c72052648413cb69fe4f4191913de/users/000a3ef316e24f5297ccd73835e4d4ff/roles/f235323df97f4da6ba6cb028e3febf52 0.683s
2025-11-21 23:04:49.703 66250 INFO tempest.lib.common.rest_client [req-8e7c736b-bf97-4b80-b7b6-1ace349f2308 req-8e7c736b-bf97-4b80-b7b6-1ace349f2308 ] Request (ServerExternalEventsTest:setUpClass): 201 POST http://10.180.1.21/identity/v3/auth/tokens 0.705s
2025-11-21 23:04:49.738 66294 INFO tempest.lib.common.rest_client [req-42cb068a-c3cf-4d3b-bfea-43dd229f8752 req-42cb068a-c3cf-4d3b-bfea-43dd229f8752 ] Request (FlavorsAdminTestJSON:setUpClass): 200 GET http://10.180.1.21/identity/v3/roles 0.695s
2025-11-21 23:04:49.758 66270 INFO tempest.lib.common.rest_client [req-afe87722-dc88-42c8-8c39-e65516508c5f req-afe87722-dc88-42c8-8c39-e65516508c5f ] Request (HostsAdminNegativeTestJSON:setUpClass): 200 GET http://10.180.1.21/identity/v3/roles 0.701s
2025-11-21 23:04:49.758 66296 INFO tempest.lib.common.rest_client [req-f7dbf6b7-566d-4620-8cb1-da28186cb929 req-f7dbf6b7-566d-4620-8cb1-da28186cb929 ] Request (HypervisorAdminUnderV252Test:setUpClass): 200 GET http://10.180.1.21/identity/v3/roles 0.694s
2025-11-21 23:04:49.781 66262 INFO tempest.lib.common.rest_client [req-b44c81bf-7b6e-4710-8a10-a629b99504a9 req-b44c81bf-7b6e-4710-8a10-a629b99504a9 ] Request (FlavorsAccessTestJSON:setUpClass): 200 GET http://10.180.1.21/identity/v3/roles 0.697s
2025-11-21 23:04:49.788 66254 INFO tempest.lib.common.rest_client [req-045fcb1a-6ba5-420e-8da2-7c6251244522 req-045fcb1a-6ba5-420e-8da2-7c6251244522 ] Request (FlavorsAccessNegativeTestJSON:setUpClass): 201 POST http://10.180.1.21/identity/v3/users 0.707s
2025-11-21 23:04:49.810 66260 INFO tempest.lib.common.rest_client [req-38c856fd-289c-440c-a50e-5df326c25c55 req-38c856fd-289c-440c-a50e-5df326c25c55 ] Request (ServersAdminTestJSON:setUpClass): 204 PUT http://10.180.1.21/identity/v3/projects/def2b8997a2545ae8f2ea3544ecd1f18/users/d06157fea53a496da42cc469bb3f39a8/roles/f235323df97f4da6ba6cb028e3febf52 0.682s
2025-11-21 23:04:49.811 66260 INFO tempest.lib.common.dynamic_creds [-] Dynamic test user d06157fea53a496da42cc469bb3f39a8 is created with scope project and roles: ['admin']
2025-11-21 23:04:49.811 66260 INFO tempest.lib.common.dynamic_creds [-] Acquired dynamic creds: credentials: Credentials: {'domain_id': 'default', 'domain_name': 'Default', 'username': 'tempest-ServersAdminTestJSON-1659953546-project-admin', 'project_domain_id': 'default', 'project_domain_name': 'Default', 'project_id': 'def2b8997a2545ae8f2ea3544ecd1f18', 'project_name': 'tempest-ServersAdminTestJSON-1659953546', 'tenant_id': 'def2b8997a2545ae8f2ea3544ecd1f18', 'tenant_name': 'tempest-ServersAdminTestJSON-1659953546', 'user_domain_id': 'default', 'user_domain_name': 'Default', 'user_id': 'd06157fea53a496da42cc469bb3f39a8', 'system': None}, Network: None, Subnet: None, Router: None
2025-11-21 23:04:49.814 66252 INFO tempest.lib.common.rest_client [req-b43f982f-2778-476c-8b99-6fbc3f26de65 req-b43f982f-2778-476c-8b99-6fbc3f26de65 ] Request (FlavorsExtraSpecsNegativeTestJSON:setUpClass): 204 PUT http://10.180.1.21/identity/v3/projects/4836659b02594dbbadcc06d80fcfb8d5/users/2b3ab76ae8294648aaf164ec63f64d38/roles/f235323df97f4da6ba6cb028e3febf52 0.687s
2025-11-21 23:04:49.858 66306 INFO tempest.lib.common.rest_client [req-27c1820c-9f84-4296-b41a-85d33d66e7d7 req-27c1820c-9f84-4296-b41a-85d33d66e7d7 ] Request (HypervisorAdminNegativeTestJSON:setUpClass): 200 GET http://10.180.1.21/identity/v3/roles 0.709s
2025-11-21 23:04:49.863 66266 INFO tempest.lib.common.rest_client [req-cfb1e018-f0d4-49f3-b20e-5e9c5dd22f1f req-cfb1e018-f0d4-49f3-b20e-5e9c5dd22f1f ] Request (ServicesAdminTestJSON:setUpClass): 200 GET http://10.180.1.21/identity/v3/roles 0.711s
2025-11-21 23:04:49.878 66264 INFO tempest.lib.common.rest_client [req-1e9ad7fb-9d89-436c-afc5-7334a397d100 req-1e9ad7fb-9d89-436c-afc5-7334a397d100 ] Request (QuotaClassesAdminTestJSON:setUpClass): 204 PUT http://10.180.1.21/identity/v3/projects/94193788dedb4f6e92fc2177a8879e1b/users/e123c5b6f5264c498bbc351f60fd2e5b/roles/f235323df97f4da6ba6cb028e3febf52 0.683s
2025-11-21 23:04:49.878 66264 INFO tempest.lib.common.dynamic_creds [-] Dynamic test user e123c5b6f5264c498bbc351f60fd2e5b is created with scope project and roles: ['admin']
2025-11-21 23:04:49.878 66264 INFO tempest.lib.common.dynamic_creds [-] Acquired dynamic creds: credentials: Credentials: {'domain_id': 'default', 'domain_name': 'Default', 'username': 'tempest-QuotaClassesAdminTestJSON-846380316-project-admin', 'project_domain_id': 'default', 'project_domain_name': 'Default', 'project_id': '94193788dedb4f6e92fc2177a8879e1b', 'project_name': 'tempest-QuotaClassesAdminTestJSON-846380316', 'tenant_id': '94193788dedb4f6e92fc2177a8879e1b', 'tenant_name': 'tempest-QuotaClassesAdminTestJSON-846380316', 'user_domain_id': 'default', 'user_domain_name': 'Default', 'user_id': 'e123c5b6f5264c498bbc351f60fd2e5b', 'system': None}, Network: None, Subnet: None, Router: None
2025-11-21 23:04:49.878 66264 INFO tempest.lib.common.dynamic_creds [-] Created isolated network resources for: credentials: Credentials: {'domain_id': 'default', 'domain_name': 'Default', 'username': 'tempest-QuotaClassesAdminTestJSON-846380316-project-admin', 'project_domain_id': 'default', 'project_domain_name': 'Default', 'project_id': '94193788dedb4f6e92fc2177a8879e1b', 'project_name': 'tempest-QuotaClassesAdminTestJSON-846380316', 'tenant_id': '94193788dedb4f6e92fc2177a8879e1b', 'tenant_name': 'tempest-QuotaClassesAdminTestJSON-846380316', 'user_domain_id': 'default', 'user_domain_name': 'Default', 'user_id': 'e123c5b6f5264c498bbc351f60fd2e5b', 'system': None}, Network: None, Subnet: None, Router: None
2025-11-21 23:04:49.894 66290 INFO tempest.lib.common.rest_client [req-2f610967-2f85-44e1-977f-bdfa32bf0c61 req-2f610967-2f85-44e1-977f-bdfa32bf0c61 ] Request (DeleteServersAdminTestJSON:setUpClass): 204 PUT http://10.180.1.21/identity/v3/projects/bf52a7495a254ed2a4f3021b785e79fd/users/07471dd9214d4db5abd208a6b32440b5/roles/f235323df97f4da6ba6cb028e3febf52 0.697s
2025-11-21 23:04:49.948 66248 INFO tempest.lib.common.rest_client [req-77092caa-7aa2-4c43-b596-7810d3ddf241 req-77092caa-7aa2-4c43-b596-7810d3ddf241 ] Request (AggregatesAdminNegativeTestJSON:setUpClass): 200 GET http://10.180.1.21/identity/v3/roles 0.724s
2025-11-21 23:04:49.957 66292 INFO tempest.lib.common.rest_client [req-044a03bc-2cf3-451c-9565-a02d9b414ba5 req-044a03bc-2cf3-451c-9565-a02d9b414ba5 ] Request (TenantUsagesNegativeTestJSON:setUpClass): 200 GET http://10.180.1.21/identity/v3/roles 0.740s
2025-11-21 23:04:49.967 66276 INFO tempest.lib.common.rest_client [req-40a0c55e-d7a7-400a-96c5-729724fbdcca req-40a0c55e-d7a7-400a-96c5-729724fbdcca ] Request (TenantUsagesTestJSON:setUpClass): 200 GET http://10.180.1.21/identity/v3/roles 0.699s
2025-11-21 23:04:49.990 66280 INFO tempest.lib.common.rest_client [req-97a3e377-0ac0-41d7-90b2-812679b2ca3d req-97a3e377-0ac0-41d7-90b2-812679b2ca3d ] Request (FlavorsV255TestJSON:setUpClass): 204 PUT http://10.180.1.21/identity/v3/projects/92b584355bb14c6ebfef8c2a6ca0faab/users/66536abc9aba4908b4e0a672c8a84576/roles/f235323df97f4da6ba6cb028e3febf52 0.668s
2025-11-21 23:04:50.080 66308 INFO tempest.lib.common.rest_client [req-c7b4c026-4748-4819-bfa9-23c1b476bc35 req-c7b4c026-4748-4819-bfa9-23c1b476bc35 ] Request (ServersWithSpecificFlavorTestJSON:setUpClass): 200 PUT http://10.180.1.21/networking/v2.0/routers/716aff37-4b52-4896-895e-4c344f86474a/add_router_interface 0.840s
2025-11-21 23:04:50.080 66308 INFO tempest.lib.common.dynamic_creds [-] Created isolated network resources for: credentials: Credentials: {'domain_id': 'default', 'domain_name': 'Default', 'username': 'tempest-ServersWithSpecificFlavorTestJSON-1751359708-project-member', 'project_domain_id': 'default', 'project_domain_name': 'Default', 'project_id': '277a994e1992467799069cdd9cef6e81', 'project_name': 'tempest-ServersWithSpecificFlavorTestJSON-1751359708', 'tenant_id': '277a994e1992467799069cdd9cef6e81', 'tenant_name': 'tempest-ServersWithSpecificFlavorTestJSON-1751359708', 'user_domain_id': 'default', 'user_domain_name': 'Default', 'user_id': 'a6a9178a60954b989dfdc9c4209c4615', 'system': None}, Network: {'id': 'c58a0b2f-f564-4c6f-b257-953688504427', 'name': 'tempest-ServersWithSpecificFlavorTestJSON-1586831722-network', 'tenant_id': '277a994e1992467799069cdd9cef6e81', 'project_id': '277a994e1992467799069cdd9cef6e81', 'admin_state_up': True, 'mtu': 8950, 'status': 'ACTIVE', 'subnets': [], 'shared': False, 'port_security_enabled': True, 'router:external': False, 'provider:network_type': 'vlan', 'provider:physical_network': 'default', 'provider:segmentation_id': 496, 'availability_zone_hints': [], 'availability_zones': [], 'ipv4_address_scope': None, 'ipv6_address_scope': None, 'description': '', 'tags': [], 'created_at': '2025-11-21T23:04:48Z', 'updated_at': '2025-11-21T23:04:48Z', 'revision_number': 1}, Subnet: {'id': 'fee40e49-8b22-43ad-86f3-dbc8ab33ae8d', 'name': 'tempest-ServersWithSpecificFlavorTestJSON-1586831722-subnet', 'tenant_id': '277a994e1992467799069cdd9cef6e81', 'network_id': 'c58a0b2f-f564-4c6f-b257-953688504427', 'ip_version': 4, 'subnetpool_id': None, 'enable_dhcp': True, 'ipv6_ra_mode': None, 'ipv6_address_mode': None, 'gateway_ip': '192.168.128.1', 'cidr': '192.168.128.0/28', 'allocation_pools': [{'start': '192.168.128.2', 'end': '192.168.128.14'}], 'host_routes': [], 'dns_nameservers': [], 'description': '', 'router:external': False, 'service_types': [], 'tags': [], 'created_at': '2025-11-21T23:04:48Z', 'updated_at': '2025-11-21T23:04:48Z', 'revision_number': 0, 'project_id': '277a994e1992467799069cdd9cef6e81'}, Router: {'id': '716aff37-4b52-4896-895e-4c344f86474a', 'name': 'tempest-ServersWithSpecificFlavorTestJSON-1586831722-router', 'tenant_id': '277a994e1992467799069cdd9cef6e81', 'admin_state_up': True, 'status': 'ACTIVE', 'external_gateway_info': {'network_id': 'bfd456b0-9fdc-40c0-9533-e2810e5fe000', 'external_fixed_ips': [{'subnet_id': '5087f17e-9ba2-4159-8c65-65800efe731d', 'ip_address': '10.180.180.130'}], 'enable_snat': True}, 'description': '', 'availability_zones': [], 'distributed': False, 'ha': False, 'availability_zone_hints': [], 'routes': [], 'flavor_id': None, 'tags': [], 'created_at': '2025-11-21T23:04:48Z', 'updated_at': '2025-11-21T23:04:48Z', 'revision_number': 2, 'project_id': '277a994e1992467799069cdd9cef6e81'}
2025-11-21 23:04:50.106 66286 INFO tempest.lib.common.rest_client [req-e3f7c519-a329-4bd7-89de-a203bb941dbf req-e3f7c519-a329-4bd7-89de-a203bb941dbf ] Request (InstanceUsageAuditLogTestJSON:test_get_instance_usage_audit_log): 200 GET http://10.180.1.21/compute/v2.1/os-instance_usage_audit_log/2025-11-21%2023%3A04%3A49 0.707s
2025-11-21 23:04:50.110 66256 INFO tempest.lib.common.rest_client [req-cde81291-30d3-4948-9d9c-d71d429d44b3 req-cde81291-30d3-4948-9d9c-d71d429d44b3 ] Request (FlavorsExtraSpecsTestJSON:test_flavor_non_admin_get_all_keys): 200 GET http://10.180.1.21/compute/v2.1/flavors/1100685942/os-extra_specs 0.735s
2025-11-21 23:04:50.125 66298 INFO tempest.lib.common.rest_client [req-27201381-0186-4143-9819-b942eb73ac4c req-27201381-0186-4143-9819-b942eb73ac4c ] Request (AZV2TestJSON:tearDownClass): 201 POST http://10.180.1.21/identity/v3/auth/tokens 0.699s
2025-11-21 23:04:50.131 66286 INFO tempest.lib.common.rest_client [req-009b86da-dc87-4632-9afa-f88eea615f48 req-009b86da-dc87-4632-9afa-f88eea615f48 ] Request (InstanceUsageAuditLogTestJSON:test_list_instance_usage_audit_logs): 200 GET http://10.180.1.21/compute/v2.1/os-instance_usage_audit_log 0.016s
2025-11-21 23:04:50.136 66256 INFO tempest.lib.common.rest_client [req-15ddde2a-3901-439c-9731-335967ebc257 req-15ddde2a-3901-439c-9731-335967ebc257 ] Request (FlavorsExtraSpecsTestJSON:test_flavor_non_admin_get_specific_key): 200 POST http://10.180.1.21/compute/v2.1/flavors/1100685942/os-extra_specs 0.020s
2025-11-21 23:04:50.145 66268 INFO tempest.lib.common.rest_client [req-acf9e225-c3ad-4276-8fe2-969778376eb8 req-acf9e225-c3ad-4276-8fe2-969778376eb8 ] Request (FlavorsV261TestJSON:setUpClass): 204 PUT http://10.180.1.21/identity/v3/projects/52460362700e4627ab1dff7bc3dc6e5a/users/b054a7723b6f4f3ea038ea1363e31373/roles/f235323df97f4da6ba6cb028e3febf52 0.643s
2025-11-21 23:04:50.158 66256 INFO tempest.lib.common.rest_client [req-6766223c-f6e9-4b1a-b625-68e70df36811 req-6766223c-f6e9-4b1a-b625-68e70df36811 ] Request (FlavorsExtraSpecsTestJSON:test_flavor_non_admin_get_specific_key): 200 GET http://10.180.1.21/compute/v2.1/flavors/1100685942/os-extra_specs/hw:numa_nodes 0.021s
2025-11-21 23:04:50.180 66256 INFO tempest.lib.common.rest_client [req-4fa19072-bffa-406e-b94d-ad3d0cf1de75 req-4fa19072-bffa-406e-b94d-ad3d0cf1de75 ] Request (FlavorsExtraSpecsTestJSON:test_flavor_set_get_update_show_unset_keys): 200 POST http://10.180.1.21/compute/v2.1/flavors/1100685942/os-extra_specs 0.021s
2025-11-21 23:04:50.187 66284 INFO tempest.lib.common.rest_client [req-a1c43424-fef4-466d-af75-9486331f21cc req-a1c43424-fef4-466d-af75-9486331f21cc ] Request (HostsAdminTestJSON:setUpClass): 201 POST http://10.180.1.21/identity/v3/auth/tokens 0.734s
2025-11-21 23:04:50.187 66272 INFO tempest.lib.common.rest_client [req-7b224250-dc7c-4bd1-8d82-c7caf64911ae req-7b224250-dc7c-4bd1-8d82-c7caf64911ae ] Request (HypervisorAdminV228Test:setUpClass): 200 GET http://10.180.1.21/identity/v3/roles 0.680s
2025-11-21 23:04:50.200 66256 INFO tempest.lib.common.rest_client [req-8b1c3a33-853f-46fb-9590-b3636f1c69ec req-8b1c3a33-853f-46fb-9590-b3636f1c69ec ] Request (FlavorsExtraSpecsTestJSON:test_flavor_set_get_update_show_unset_keys): 200 GET http://10.180.1.21/compute/v2.1/flavors/1100685942/os-extra_specs 0.019s
2025-11-21 23:04:50.214 66282 INFO tempest.lib.common.rest_client [req-0038756d-0980-4af7-8b20-035150d93f62 req-0038756d-0980-4af7-8b20-035150d93f62 ] Request (ServersAdmin275Test:setUpClass): 204 PUT http://10.180.1.21/identity/v3/projects/be55c1e2eb1441a6948b567fefd5250c/users/697303b5f34b4b1985e5d69fb4ed0e6d/roles/f235323df97f4da6ba6cb028e3febf52 0.661s
2025-11-21 23:04:50.229 66256 INFO tempest.lib.common.rest_client [req-15479e57-7d1f-4f0c-b3c7-ca4af723195c req-15479e57-7d1f-4f0c-b3c7-ca4af723195c ] Request (FlavorsExtraSpecsTestJSON:test_flavor_set_get_update_show_unset_keys): 200 PUT http://10.180.1.21/compute/v2.1/flavors/1100685942/os-extra_specs/hw:numa_nodes 0.028s
2025-11-21 23:04:50.244 66256 INFO tempest.lib.common.rest_client [req-d84094fb-2513-4ab9-9f73-94dc6bc7a325 req-d84094fb-2513-4ab9-9f73-94dc6bc7a325 ] Request (FlavorsExtraSpecsTestJSON:test_flavor_set_get_update_show_unset_keys): 200 GET http://10.180.1.21/compute/v2.1/flavors/1100685942/os-extra_specs 0.013s
2025-11-21 23:04:50.248 66274 INFO tempest.lib.common.rest_client [req-4c7179fe-3051-43e7-a0e9-66c3fab95adf req-4c7179fe-3051-43e7-a0e9-66c3fab95adf ] Request (HypervisorAdminV253TestBase:setUpClass): 201 POST http://10.180.1.21/identity/v3/auth/tokens 0.690s
2025-11-21 23:04:50.273 66256 INFO tempest.lib.common.rest_client [req-c3815f2d-2ce7-4ccf-8931-d2a8033102a6 req-c3815f2d-2ce7-4ccf-8931-d2a8033102a6 ] Request (FlavorsExtraSpecsTestJSON:test_flavor_set_get_update_show_unset_keys): 200 DELETE http://10.180.1.21/compute/v2.1/flavors/1100685942/os-extra_specs/hw:numa_nodes 0.028s
2025-11-21 23:04:50.293 66300 INFO tempest.lib.common.rest_client [req-28f997e7-a874-4838-bc7f-30b8805a17c4 req-28f997e7-a874-4838-bc7f-30b8805a17c4 ] Request (QuotaClassesAdmin257Test:setUpClass): 204 PUT http://10.180.1.21/identity/v3/projects/5c7ba93b88474c208c445bf4f32f6d37/users/3adac84869174307a701e16d33de3585/roles/f235323df97f4da6ba6cb028e3febf52 0.685s
2025-11-21 23:04:50.298 66260 INFO tempest.lib.common.rest_client [req-7b0f9019-bbd5-4b43-a61e-885c011dc996 req-7b0f9019-bbd5-4b43-a61e-885c011dc996 ] Request (ServersAdminTestJSON:setUpClass): 201 POST http://10.180.1.21/networking/v2.0/networks 0.486s
2025-11-21 23:04:50.309 66258 INFO tempest.lib.common.rest_client [req-8aae1aaa-d849-496d-99e9-eb4c6b6767dc req-8aae1aaa-d849-496d-99e9-eb4c6b6767dc ] Request (DeleteServersTestJSON:setUpClass): 204 PUT http://10.180.1.21/identity/v3/projects/b2f51d5d2aad4a77a4b873599850ede1/users/1ba65abcd6a94d4b89ddd09a3a2319a3/roles/776e918f58a74de2a41bbeeab7c89aab 0.693s
2025-11-21 23:04:50.309 66258 INFO tempest.lib.common.dynamic_creds [-] Dynamic test user 1ba65abcd6a94d4b89ddd09a3a2319a3 is created with scope project and roles: ['member']
2025-11-21 23:04:50.309 66258 INFO tempest.lib.common.dynamic_creds [-] Acquired dynamic creds: credentials: Credentials: {'domain_id': 'default', 'domain_name': 'Default', 'username': 'tempest-DeleteServersTestJSON-1950727101-project-member', 'project_domain_id': 'default', 'project_domain_name': 'Default', 'project_id': 'b2f51d5d2aad4a77a4b873599850ede1', 'project_name': 'tempest-DeleteServersTestJSON-1950727101', 'tenant_id': 'b2f51d5d2aad4a77a4b873599850ede1', 'tenant_name': 'tempest-DeleteServersTestJSON-1950727101', 'user_domain_id': 'default', 'user_domain_name': 'Default', 'user_id': '1ba65abcd6a94d4b89ddd09a3a2319a3', 'system': None}, Network: None, Subnet: None, Router: None
2025-11-21 23:04:50.389 66304 INFO tempest.lib.common.rest_client [req-6b2e04e6-d3e0-42b2-bdcb-2b9d5313c0b9 req-6b2e04e6-d3e0-42b2-bdcb-2b9d5313c0b9 ] Request (HypervisorAdminTestJSON:setUpClass): 204 PUT http://10.180.1.21/identity/v3/projects/65f7ed45d6ad4d52a43778a7c6199732/users/4ac078e0e5104a7bb654f9fe9533134f/roles/f235323df97f4da6ba6cb028e3febf52 0.750s
2025-11-21 23:04:50.390 66288 INFO tempest.lib.common.rest_client [req-206209ad-af87-46c3-b317-6214481fc0a3 req-206209ad-af87-46c3-b317-6214481fc0a3 ] Request (InstanceUsageAuditLogNegativeTestJSON:setUpClass): 204 PUT http://10.180.1.21/identity/v3/projects/78f562226e554f7e9d0c669b8fa8f876/users/c8fca5a4f94b40969cef789594914c6b/roles/f235323df97f4da6ba6cb028e3febf52 0.759s
2025-11-21 23:04:50.436 66246 INFO tempest.lib.common.rest_client [req-b87b9ca9-8543-46b1-89f3-5d39959e27a2 req-b87b9ca9-8543-46b1-89f3-5d39959e27a2 ] Request (AZAdminNegativeTestJSON:setUpClass): 204 PUT http://10.180.1.21/identity/v3/projects/dd6f4901d5cb439a907fc2ed94e75ded/users/64456b1beb954647b5a70454a18aaded/roles/f235323df97f4da6ba6cb028e3febf52 0.782s
2025-11-21 23:04:50.436 66246 INFO tempest.lib.common.dynamic_creds [-] Dynamic test user 64456b1beb954647b5a70454a18aaded is created with scope project and roles: ['admin']
2025-11-21 23:04:50.437 66246 INFO tempest.lib.common.dynamic_creds [-] Acquired dynamic creds: credentials: Credentials: {'domain_id': 'default', 'domain_name': 'Default', 'username': 'tempest-AZAdminNegativeTestJSON-75622236-project-admin', 'project_domain_id': 'default', 'project_domain_name': 'Default', 'project_id': 'dd6f4901d5cb439a907fc2ed94e75ded', 'project_name': 'tempest-AZAdminNegativeTestJSON-75622236', 'tenant_id': 'dd6f4901d5cb439a907fc2ed94e75ded', 'tenant_name': 'tempest-AZAdminNegativeTestJSON-75622236', 'user_domain_id': 'default', 'user_domain_name': 'Default', 'user_id': '64456b1beb954647b5a70454a18aaded', 'system': None}, Network: None, Subnet: None, Router: None
2025-11-21 23:04:50.437 66246 INFO tempest.lib.common.dynamic_creds [-] Created isolated network resources for: credentials: Credentials: {'domain_id': 'default', 'domain_name': 'Default', 'username': 'tempest-AZAdminNegativeTestJSON-75622236-project-admin', 'project_domain_id': 'default', 'project_domain_name': 'Default', 'project_id': 'dd6f4901d5cb439a907fc2ed94e75ded', 'project_name': 'tempest-AZAdminNegativeTestJSON-75622236', 'tenant_id': 'dd6f4901d5cb439a907fc2ed94e75ded', 'tenant_name': 'tempest-AZAdminNegativeTestJSON-75622236', 'user_domain_id': 'default', 'user_domain_name': 'Default', 'user_id': '64456b1beb954647b5a70454a18aaded', 'system': None}, Network: None, Subnet: None, Router: None
2025-11-21 23:04:50.446 66278 INFO tempest.lib.common.rest_client [req-1ebd472f-3d37-4d97-b523-365d95f6acf5 req-1ebd472f-3d37-4d97-b523-365d95f6acf5 ] Request (FlavorMetadataValidation:setUpClass): 200 GET http://10.180.1.21/identity/v3/roles 0.761s
2025-11-21 23:04:50.462 66302 INFO tempest.lib.common.rest_client [req-58fdb2b9-2ea1-4ad9-9cba-4d9458cb02cd req-58fdb2b9-2ea1-4ad9-9cba-4d9458cb02cd ] Request (VolumesAssistedSnapshotsTest:setUpClass): 200 PUT http://10.180.1.21/networking/v2.0/routers/9abfd027-4a33-4861-82c4-d5877f4d673b/add_router_interface 0.799s
2025-11-21 23:04:50.463 66302 INFO tempest.lib.common.dynamic_creds [-] Created isolated network resources for: credentials: Credentials: {'domain_id': 'default', 'domain_name': 'Default', 'username': 'tempest-VolumesAssistedSnapshotsTest-1893145608-project-member', 'project_domain_id': 'default', 'project_domain_name': 'Default', 'project_id': '1b4e79f1191a42ae9128374388968609', 'project_name': 'tempest-VolumesAssistedSnapshotsTest-1893145608', 'tenant_id': '1b4e79f1191a42ae9128374388968609', 'tenant_name': 'tempest-VolumesAssistedSnapshotsTest-1893145608', 'user_domain_id': 'default', 'user_domain_name': 'Default', 'user_id': 'c98bf73041174abd9a82fac3be5507a5', 'system': None}, Network: {'id': '9ed38e92-7dcd-434c-92d2-090ffab5b307', 'name': 'tempest-VolumesAssistedSnapshotsTest-1230997917-network', 'tenant_id': '1b4e79f1191a42ae9128374388968609', 'project_id': '1b4e79f1191a42ae9128374388968609', 'admin_state_up': True, 'mtu': 8950, 'status': 'ACTIVE', 'subnets': [], 'shared': False, 'port_security_enabled': True, 'router:external': False, 'provider:network_type': 'vlan', 'provider:physical_network': 'default', 'provider:segmentation_id': 44, 'availability_zone_hints': [], 'availability_zones': [], 'ipv4_address_scope': None, 'ipv6_address_scope': None, 'description': '', 'tags': [], 'created_at': '2025-11-21T23:04:48Z', 'updated_at': '2025-11-21T23:04:48Z', 'revision_number': 1}, Subnet: {'id': '3daad230-d875-407c-bc94-24167eea7336', 'name': 'tempest-VolumesAssistedSnapshotsTest-1230997917-subnet', 'tenant_id': '1b4e79f1191a42ae9128374388968609', 'network_id': '9ed38e92-7dcd-434c-92d2-090ffab5b307', 'ip_version': 4, 'subnetpool_id': None, 'enable_dhcp': True, 'ipv6_ra_mode': None, 'ipv6_address_mode': None, 'gateway_ip': '192.168.128.1', 'cidr': '192.168.128.0/28', 'allocation_pools': [{'start': '192.168.128.2', 'end': '192.168.128.14'}], 'host_routes': [], 'dns_nameservers': [], 'description': '', 'router:external': False, 'service_types': [], 'tags': [], 'created_at': '2025-11-21T23:04:48Z', 'updated_at': '2025-11-21T23:04:48Z', 'revision_number': 0, 'project_id': '1b4e79f1191a42ae9128374388968609'}, Router: {'id': '9abfd027-4a33-4861-82c4-d5877f4d673b', 'name': 'tempest-VolumesAssistedSnapshotsTest-1230997917-router', 'tenant_id': '1b4e79f1191a42ae9128374388968609', 'admin_state_up': True, 'status': 'ACTIVE', 'external_gateway_info': {'network_id': 'bfd456b0-9fdc-40c0-9533-e2810e5fe000', 'external_fixed_ips': [{'subnet_id': '5087f17e-9ba2-4159-8c65-65800efe731d', 'ip_address': '10.180.180.137'}], 'enable_snat': True}, 'description': '', 'availability_zones': [], 'distributed': False, 'ha': False, 'availability_zone_hints': [], 'routes': [], 'flavor_id': None, 'tags': [], 'created_at': '2025-11-21T23:04:49Z', 'updated_at': '2025-11-21T23:04:49Z', 'revision_number': 2, 'project_id': '1b4e79f1191a42ae9128374388968609'}
2025-11-21 23:04:50.497 66294 INFO tempest.lib.common.rest_client [req-c1448719-3170-4494-9916-f6e6e7f6555e req-c1448719-3170-4494-9916-f6e6e7f6555e ] Request (FlavorsAdminTestJSON:setUpClass): 204 PUT http://10.180.1.21/identity/v3/projects/a0dfdb4627a643728a56fead97ad0c47/users/e6efca299fba45f08ff4bb2f16359370/roles/f235323df97f4da6ba6cb028e3febf52 0.758s
2025-11-21 23:04:50.502 66250 INFO tempest.lib.common.rest_client [req-e3613b7a-13f3-421e-b45b-fa2258786d8a req-e3613b7a-13f3-421e-b45b-fa2258786d8a ] Request (ServerExternalEventsTest:setUpClass): 201 POST http://10.180.1.21/identity/v3/projects 0.797s
2025-11-21 23:04:50.551 66270 INFO tempest.lib.common.rest_client [req-917fc1c6-2678-4722-b74a-355c35140c33 req-917fc1c6-2678-4722-b74a-355c35140c33 ] Request (HostsAdminNegativeTestJSON:setUpClass): 204 PUT http://10.180.1.21/identity/v3/projects/5c3c73987a1949a48c4a213b78818e4e/users/d1274c12e70645e8b59c8ede54bab1bd/roles/f235323df97f4da6ba6cb028e3febf52 0.793s
2025-11-21 23:04:50.551 66296 INFO tempest.lib.common.rest_client [req-3788024e-21f2-49ea-9b35-bb024b6f9c3a req-3788024e-21f2-49ea-9b35-bb024b6f9c3a ] Request (HypervisorAdminUnderV252Test:setUpClass): 204 PUT http://10.180.1.21/identity/v3/projects/357a815c17c64e5398b853377fac2b86/users/7907eecb774c4654beef4925a882d376/roles/f235323df97f4da6ba6cb028e3febf52 0.793s
2025-11-21 23:04:50.602 66254 INFO tempest.lib.common.rest_client [req-eae3183c-bfc2-4cba-adfd-d5268dfc2f59 req-eae3183c-bfc2-4cba-adfd-d5268dfc2f59 ] Request (FlavorsAccessNegativeTestJSON:setUpClass): 200 GET http://10.180.1.21/identity/v3/roles 0.812s
2025-11-21 23:04:50.605 66262 INFO tempest.lib.common.rest_client [req-efbfe5c5-482c-4dec-9671-cd00ca8f7db4 req-efbfe5c5-482c-4dec-9671-cd00ca8f7db4 ] Request (FlavorsAccessTestJSON:setUpClass): 204 PUT http://10.180.1.21/identity/v3/projects/ce0643c471fa40239c4e41dca57bd9e5/users/f6d11462799b46c69d64afc7b95bb37d/roles/f235323df97f4da6ba6cb028e3febf52 0.823s
2025-11-21 23:04:50.610 66260 INFO tempest.lib.common.rest_client [req-b364f7a0-a7d8-449b-8d28-f6fec6f11561 req-b364f7a0-a7d8-449b-8d28-f6fec6f11561 ] Request (ServersAdminTestJSON:setUpClass): 201 POST http://10.180.1.21/networking/v2.0/subnets 0.312s
2025-11-21 23:04:50.648 66252 INFO tempest.lib.common.rest_client [req-731f7a7e-8bdd-427d-ac03-99ac2d4eb893 req-731f7a7e-8bdd-427d-ac03-99ac2d4eb893 ] Request (FlavorsExtraSpecsNegativeTestJSON:setUpClass): 200 GET http://10.180.1.21/identity/v3/roles 0.834s
2025-11-21 23:04:50.662 66306 INFO tempest.lib.common.rest_client [req-721db590-fbc3-4e57-8b23-9185dc73bb29 req-721db590-fbc3-4e57-8b23-9185dc73bb29 ] Request (HypervisorAdminNegativeTestJSON:setUpClass): 204 PUT http://10.180.1.21/identity/v3/projects/8a4ac4c411f34876bb2290a3c85d0c9b/users/307543fd3cda4e23a458f37a8e4a4b8d/roles/f235323df97f4da6ba6cb028e3febf52 0.803s
2025-11-21 23:04:50.664 66266 INFO tempest.lib.common.rest_client [req-c8f91f4e-e9be-4949-b85c-66f872354ff1 req-c8f91f4e-e9be-4949-b85c-66f872354ff1 ] Request (ServicesAdminTestJSON:setUpClass): 204 PUT http://10.180.1.21/identity/v3/projects/01a6fb00a1494407b4596077563877cb/users/35a5252b06ee4e39835f94bb55b42591/roles/f235323df97f4da6ba6cb028e3febf52 0.799s
2025-11-21 23:04:50.664 66266 INFO tempest.lib.common.dynamic_creds [-] Dynamic test user 35a5252b06ee4e39835f94bb55b42591 is created with scope project and roles: ['admin']
2025-11-21 23:04:50.664 66266 INFO tempest.lib.common.dynamic_creds [-] Acquired dynamic creds: credentials: Credentials: {'domain_id': 'default', 'domain_name': 'Default', 'username': 'tempest-ServicesAdminTestJSON-1043786733-project-admin', 'project_domain_id': 'default', 'project_domain_name': 'Default', 'project_id': '01a6fb00a1494407b4596077563877cb', 'project_name': 'tempest-ServicesAdminTestJSON-1043786733', 'tenant_id': '01a6fb00a1494407b4596077563877cb', 'tenant_name': 'tempest-ServicesAdminTestJSON-1043786733', 'user_domain_id': 'default', 'user_domain_name': 'Default', 'user_id': '35a5252b06ee4e39835f94bb55b42591', 'system': None}, Network: None, Subnet: None, Router: None
2025-11-21 23:04:50.664 66266 INFO tempest.lib.common.dynamic_creds [-] Created isolated network resources for: credentials: Credentials: {'domain_id': 'default', 'domain_name': 'Default', 'username': 'tempest-ServicesAdminTestJSON-1043786733-project-admin', 'project_domain_id': 'default', 'project_domain_name': 'Default', 'project_id': '01a6fb00a1494407b4596077563877cb', 'project_name': 'tempest-ServicesAdminTestJSON-1043786733', 'tenant_id': '01a6fb00a1494407b4596077563877cb', 'tenant_name': 'tempest-ServicesAdminTestJSON-1043786733', 'user_domain_id': 'default', 'user_domain_name': 'Default', 'user_id': '35a5252b06ee4e39835f94bb55b42591', 'system': None}, Network: None, Subnet: None, Router: None
2025-11-21 23:04:50.717 66290 INFO tempest.lib.common.rest_client [req-0456da4a-79b9-4139-9a03-08447946db5d req-0456da4a-79b9-4139-9a03-08447946db5d ] Request (DeleteServersAdminTestJSON:setUpClass): 200 GET http://10.180.1.21/identity/v3/roles 0.822s
2025-11-21 23:04:50.729 66264 INFO tempest.lib.common.rest_client [req-a37ffb27-d937-4504-9ae0-34d854a9b13f req-a37ffb27-d937-4504-9ae0-34d854a9b13f ] Request (QuotaClassesAdminTestJSON:setUpClass): 201 POST http://10.180.1.21/identity/v3/auth/tokens 0.847s
2025-11-21 23:04:50.734 66248 INFO tempest.lib.common.rest_client [req-44f03d30-86bf-4c78-9feb-b7468642e484 req-44f03d30-86bf-4c78-9feb-b7468642e484 ] Request (AggregatesAdminNegativeTestJSON:setUpClass): 204 PUT http://10.180.1.21/identity/v3/projects/d345c5a2cca64a2ba9733ef1ae9c7dd9/users/0e353038a85d484b898aea7b5f941c03/roles/f235323df97f4da6ba6cb028e3febf52 0.786s
2025-11-21 23:04:50.734 66248 INFO tempest.lib.common.dynamic_creds [-] Dynamic test user 0e353038a85d484b898aea7b5f941c03 is created with scope project and roles: ['admin']
2025-11-21 23:04:50.735 66248 INFO tempest.lib.common.dynamic_creds [-] Acquired dynamic creds: credentials: Credentials: {'domain_id': 'default', 'domain_name': 'Default', 'username': 'tempest-AggregatesAdminNegativeTestJSON-328496986-project-admin', 'project_domain_id': 'default', 'project_domain_name': 'Default', 'project_id': 'd345c5a2cca64a2ba9733ef1ae9c7dd9', 'project_name': 'tempest-AggregatesAdminNegativeTestJSON-328496986', 'tenant_id': 'd345c5a2cca64a2ba9733ef1ae9c7dd9', 'tenant_name': 'tempest-AggregatesAdminNegativeTestJSON-328496986', 'user_domain_id': 'default', 'user_domain_name': 'Default', 'user_id': '0e353038a85d484b898aea7b5f941c03', 'system': None}, Network: None, Subnet: None, Router: None
2025-11-21 23:04:50.735 66248 INFO tempest.lib.common.dynamic_creds [-] Created isolated network resources for: credentials: Credentials: {'domain_id': 'default', 'domain_name': 'Default', 'username': 'tempest-AggregatesAdminNegativeTestJSON-328496986-project-admin', 'project_domain_id': 'default', 'project_domain_name': 'Default', 'project_id': 'd345c5a2cca64a2ba9733ef1ae9c7dd9', 'project_name': 'tempest-AggregatesAdminNegativeTestJSON-328496986', 'tenant_id': 'd345c5a2cca64a2ba9733ef1ae9c7dd9', 'tenant_name': 'tempest-AggregatesAdminNegativeTestJSON-328496986', 'user_domain_id': 'default', 'user_domain_name': 'Default', 'user_id': '0e353038a85d484b898aea7b5f941c03', 'system': None}, Network: None, Subnet: None, Router: None
2025-11-21 23:04:50.797 66276 INFO tempest.lib.common.rest_client [req-c00fcb26-af9b-4f23-b33a-1e1fb19cc989 req-c00fcb26-af9b-4f23-b33a-1e1fb19cc989 ] Request (TenantUsagesTestJSON:setUpClass): 204 PUT http://10.180.1.21/identity/v3/projects/c226b1d6ec0640198c725faf4caf032c/users/2dba5688de834709ac8e523da9b11db8/roles/f235323df97f4da6ba6cb028e3febf52 0.829s
2025-11-21 23:04:50.797 66276 INFO tempest.lib.common.dynamic_creds [-] Dynamic test user 2dba5688de834709ac8e523da9b11db8 is created with scope project and roles: ['admin']
2025-11-21 23:04:50.797 66292 INFO tempest.lib.common.rest_client [req-b6268a6d-c7a7-4535-90b7-c7eff74c9607 req-b6268a6d-c7a7-4535-90b7-c7eff74c9607 ] Request (TenantUsagesNegativeTestJSON:setUpClass): 204 PUT http://10.180.1.21/identity/v3/projects/8b14074fe5764cbaa2385366e56e30f1/users/db8d0571fc8f40a9962ae69c97c56f37/roles/f235323df97f4da6ba6cb028e3febf52 0.839s
2025-11-21 23:04:50.797 66276 INFO tempest.lib.common.dynamic_creds [-] Acquired dynamic creds: credentials: Credentials: {'domain_id': 'default', 'domain_name': 'Default', 'username': 'tempest-TenantUsagesTestJSON-680617948-project-admin', 'project_domain_id': 'default', 'project_domain_name': 'Default', 'project_id': 'c226b1d6ec0640198c725faf4caf032c', 'project_name': 'tempest-TenantUsagesTestJSON-680617948', 'tenant_id': 'c226b1d6ec0640198c725faf4caf032c', 'tenant_name': 'tempest-TenantUsagesTestJSON-680617948', 'user_domain_id': 'default', 'user_domain_name': 'Default', 'user_id': '2dba5688de834709ac8e523da9b11db8', 'system': None}, Network: None, Subnet: None, Router: None
2025-11-21 23:04:50.797 66276 INFO tempest.lib.common.dynamic_creds [-] Created isolated network resources for: credentials: Credentials: {'domain_id': 'default', 'domain_name': 'Default', 'username': 'tempest-TenantUsagesTestJSON-680617948-project-admin', 'project_domain_id': 'default', 'project_domain_name': 'Default', 'project_id': 'c226b1d6ec0640198c725faf4caf032c', 'project_name': 'tempest-TenantUsagesTestJSON-680617948', 'tenant_id': 'c226b1d6ec0640198c725faf4caf032c', 'tenant_name': 'tempest-TenantUsagesTestJSON-680617948', 'user_domain_id': 'default', 'user_domain_name': 'Default', 'user_id': '2dba5688de834709ac8e523da9b11db8', 'system': None}, Network: None, Subnet: None, Router: None
2025-11-21 23:04:50.858 66280 INFO tempest.lib.common.rest_client [req-064c6d4a-bdf3-4c4d-9390-a6497120ce7d req-064c6d4a-bdf3-4c4d-9390-a6497120ce7d ] Request (FlavorsV255TestJSON:setUpClass): 200 GET http://10.180.1.21/identity/v3/roles 0.868s
2025-11-21 23:04:50.879 66308 INFO tempest.lib.common.rest_client [req-c354a1f3-3bdf-4f1c-9720-da78f90ecc5a req-c354a1f3-3bdf-4f1c-9720-da78f90ecc5a ] Request (ServersWithSpecificFlavorTestJSON:setUpClass): 201 POST http://10.180.1.21/identity/v3/auth/tokens 0.791s
2025-11-21 23:04:50.899 66268 INFO tempest.lib.common.rest_client [req-be0a06af-8df1-40be-b82b-0d3a4329dafd req-be0a06af-8df1-40be-b82b-0d3a4329dafd ] Request (FlavorsV261TestJSON:setUpClass): 200 GET http://10.180.1.21/identity/v3/roles 0.753s
