2025-11-21 23:06:47.785 66252 INFO tempest.lib.common.rest_client [req-59e45382-ac3e-4b49-a68a-6e9f075f3cf8 req-59e45382-ac3e-4b49-a68a-6e9f075f3cf8 ] Request (ServerAddressesTestJSON:test_list_server_addresses_by_network): 200 GET http://10.180.1.21/compute/v2.1/servers/5d0c464a-fcec-4122-9e46-5f64f9d8cd3a/ips 5.018s
2025-11-21 23:06:47.818 66286 INFO tempest.lib.common.rest_client [req-132eba40-3b27-480e-b7a5-a84774e50c3a req-132eba40-3b27-480e-b7a5-a84774e50c3a ] Request (ServersTestMultiNic:test_verify_duplicate_network_nics): 200 GET http://10.180.1.21/compute/v2.1/servers/8893416e-5e71-4627-8ad8-b2a0f90f812d 4.994s
2025-11-21 23:06:47.870 66270 INFO tempest.lib.common.rest_client [req-5cefb27f-689d-4002-9bd0-76296868b1c4 req-5cefb27f-689d-4002-9bd0-76296868b1c4 ] Request (AttachInterfacesV270Test:test_create_get_list_interfaces): 200 GET http://10.180.1.21/compute/v2.1/servers/99e161ce-10c2-410b-b176-5ec5abbb7672 4.879s
2025-11-21 23:06:47.880 66270 INFO tempest.common.waiters [-] State transition "BUILD/scheduling" ==> "BUILD/None" after 6 second wait
2025-11-21 23:06:47.888 66254 INFO tempest.lib.common.rest_client [req-c0c9e530-3567-414b-9cef-dc9d74829afb req-c0c9e530-3567-414b-9cef-dc9d74829afb ] Request (SecurityGroupsTestJSON:test_list_security_groups_by_server): 200 GET http://10.180.1.21/compute/v2.1/servers/01a301e1-bd4a-4e48-a8e6-6201d2df5367 4.764s
2025-11-21 23:06:47.980 66288 INFO tempest.lib.common.rest_client [req-25da98b1-f219-4d9b-84f5-a614543761bd req-25da98b1-f219-4d9b-84f5-a614543761bd ] Request (ListServersNegativeTestJSON:setUpClass): 200 GET http://10.180.1.21/compute/v2.1/servers/0b476fe1-c0f6-4bd2-8f0d-51bee28d5ed9 4.653s
2025-11-21 23:06:48.060 66250 INFO tempest.lib.common.rest_client [req-e1bf1354-5367-403f-9f31-1cd2b0cc92f2 req-e1bf1354-5367-403f-9f31-1cd2b0cc92f2 ] Request (ServerGroupTestJSON:test_create_server_with_scheduler_hint_group): 200 GET http://10.180.1.21/compute/v2.1/servers/305ed527-0b24-4e33-ac0a-3fe96b1763fe 4.599s
2025-11-21 23:06:48.083 66282 INFO tempest.lib.common.rest_client [req-92cd1c89-be98-4aff-a337-67c5d6f93f5a req-92cd1c89-be98-4aff-a337-67c5d6f93f5a ] Request (FlavorsV2NegativeTest:test_boot_with_low_ram): 400 POST http://10.180.1.21/compute/v2.1/servers 4.863s
2025-11-21 23:06:48.107 66274 INFO tempest.lib.common.rest_client [req-139977da-067f-43f8-b430-a9d389581767 req-139977da-067f-43f8-b430-a9d389581767 ] Request (AttachInterfacesUnderV243Test:test_add_remove_fixed_ip): 202 POST http://10.180.1.21/compute/v2.1/servers/9315f36e-43c8-4488-af6b-8a4757bc0ab5/action 4.489s
2025-11-21 23:06:48.144 66282 INFO tempest.lib.common.rest_client [req-e2b12f41-6ab7-40c3-ab38-bc344780894e req-e2b12f41-6ab7-40c3-ab38-bc344780894e ] Request (FlavorsV2NegativeTest:_run_cleanups): 204 DELETE http://10.180.1.21/image/v2/images/22bf1d12-783d-4eb1-b7b4-53726cd16149 0.060s
2025-11-21 23:06:48.156 66280 INFO tempest.lib.common.rest_client [req-00384308-eb39-44fc-9552-8861d414280d req-00384308-eb39-44fc-9552-8861d414280d ] Request (ServerRescueNegativeTestJSON:setUpClass): 200 GET http://10.180.1.21/compute/v2.1/servers/b48a9491-473a-4442-89d7-1eb79b05fc5f 4.428s
2025-11-21 23:06:48.278 66282 INFO tempest.lib.common.rest_client [req-10129090-b96d-4f19-8340-f25be7783501 req-10129090-b96d-4f19-8340-f25be7783501 ] Request (FlavorsV2NegativeTest:tearDownClass): 204 DELETE http://10.180.1.21/identity/v3/users/efe2f2a09e2944caa4f83626518cc249 0.132s
2025-11-21 23:06:48.279 66282 INFO tempest.lib.common.dynamic_creds [-] Deleting project and security group for project: dbd65645419a4c04ab5aa8635cce74bb
2025-11-21 23:06:48.341 66276 INFO tempest.lib.common.rest_client [req-3c0fa5a2-d0d6-4ab8-9122-f4920872e94e req-3c0fa5a2-d0d6-4ab8-9122-f4920872e94e ] Request (ServersTestFqdnHostnames:test_create_server_with_fqdn_name): 200 GET http://10.180.1.21/compute/v2.1/servers/9a5f4dd8-6ab8-4753-a2cb-30c4a3410ecb 3.951s
2025-11-21 23:06:48.348 66282 INFO tempest.lib.common.rest_client [req-3b2be202-692e-4a23-a79c-8728fbc015a1 req-3b2be202-692e-4a23-a79c-8728fbc015a1 ] Request (FlavorsV2NegativeTest:tearDownClass): 201 POST http://10.180.1.21/identity/v3/auth/tokens 0.068s
2025-11-21 23:06:48.360 66304 INFO tempest.lib.common.rest_client [req-c442eba2-c4c5-4d59-8e69-f5d814700a84 req-c442eba2-c4c5-4d59-8e69-f5d814700a84 ] Request (ServerActionsTestOtherB:setUp): 200 GET http://10.180.1.21/compute/v2.1/servers/a9a7b0d1-809c-4ef8-bbc4-5786bf23d4bd 3.914s
2025-11-21 23:06:48.543 66282 INFO tempest.lib.common.rest_client [req-27cddbff-4a76-4af4-a252-23629980f97a req-27cddbff-4a76-4af4-a252-23629980f97a ] Request (FlavorsV2NegativeTest:tearDownClass): 200 GET http://10.180.1.21/networking/v2.0/security-groups?tenant_id=dbd65645419a4c04ab5aa8635cce74bb&name=default 0.194s
2025-11-21 23:06:48.609 66260 INFO tempest.lib.common.rest_client [req-43e3759c-7bad-4662-bdd7-003918755890 req-43e3759c-7bad-4662-bdd7-003918755890 ] Request (ServersAdminTestJSON:test_inject_network_info): 200 GET http://10.180.1.21/compute/v2.1/servers/49c5a548-b057-4af4-a4c3-1197f9cc7c7b 3.654s
2025-11-21 23:06:48.652 66258 INFO tempest.lib.common.rest_client [req-fcdc00be-92b4-42aa-b3e3-bb14ab91cbff req-fcdc00be-92b4-42aa-b3e3-bb14ab91cbff ] Request (DeleteServersTestJSON:test_delete_server_while_in_attached_volume): 200 GET http://10.180.1.21/volume/v3/volumes/94296478-1c6f-489d-b494-f4a1370391f0 0.030s
2025-11-21 23:06:48.658 66258 INFO tempest.common.waiters [-] volume 94296478-1c6f-489d-b494-f4a1370391f0 reached available after waiting for 1.658860 seconds
2025-11-21 23:06:48.692 66282 INFO tempest.lib.common.rest_client [req-e517e46f-35a4-498a-a188-c56dbc7668ec req-e517e46f-35a4-498a-a188-c56dbc7668ec ] Request (FlavorsV2NegativeTest:tearDownClass): 204 DELETE http://10.180.1.21/networking/v2.0/security-groups/2fb42170-b770-45a4-a598-e1c9cf11fac7 0.149s
2025-11-21 23:06:48.725 66266 INFO tempest.lib.common.rest_client [req-4b63907b-1d9c-4e47-9bd8-70c42c7782bc req-4b63907b-1d9c-4e47-9bd8-70c42c7782bc ] Request (InstanceActionsNegativeTestJSON:setUpClass): 200 GET http://10.180.1.21/compute/v2.1/servers/c552c0e1-9eb0-445c-b45d-84c41097e98e 3.864s
2025-11-21 23:06:48.732 66266 INFO tempest.common.waiters [-] State transition "BUILD/None" ==> "BUILD/spawning" after 31 second wait
2025-11-21 23:06:48.767 66282 INFO tempest.lib.common.rest_client [req-36a1c280-8a74-4fb3-b7ef-1f3437b33283 req-36a1c280-8a74-4fb3-b7ef-1f3437b33283 ] Request (FlavorsV2NegativeTest:tearDownClass): 204 DELETE http://10.180.1.21/identity/v3/projects/dbd65645419a4c04ab5aa8635cce74bb 0.074s
2025-11-21 23:06:48.837 66282 INFO tempest.lib.common.rest_client [req-51cdd0d9-d9c5-45d7-b225-356e65f95485 req-51cdd0d9-d9c5-45d7-b225-356e65f95485 ] Request (ImagesTestJSON:setUpClass): 201 POST http://10.180.1.21/identity/v3/auth/tokens 0.068s
2025-11-21 23:06:48.852 66290 INFO tempest.lib.common.rest_client [req-513d7370-d82a-4e96-9698-be380aeb8d62 req-513d7370-d82a-4e96-9698-be380aeb8d62 ] Request (DeleteServersAdminTestJSON:test_delete_server_while_in_error_state): 200 GET http://10.180.1.21/compute/v2.1/servers/4240b65b-2ce4-4c6a-8a52-2446913dc435 3.720s
2025-11-21 23:06:48.880 66282 INFO tempest.lib.common.rest_client [req-dfed7a62-d120-495e-ad38-4bd1f618cd5e req-dfed7a62-d120-495e-ad38-4bd1f618cd5e ] Request (ImagesTestJSON:setUpClass): 201 POST http://10.180.1.21/identity/v3/auth/tokens 0.040s
2025-11-21 23:06:48.902 66262 INFO tempest.lib.common.rest_client [req-469df092-b2f8-449e-b1c1-6ee2e4100b90 req-469df092-b2f8-449e-b1c1-6ee2e4100b90 ] Request (VolumesTestJSON:setUpClass): 200 GET http://10.180.1.21/compute/v2.1/os-volumes/76483b36-de71-4ad4-bbe6-cc2a26437177 3.655s
2025-11-21 23:06:48.924 66282 INFO tempest.lib.common.rest_client [req-0319f56d-c7f9-4d67-8faa-113ec4ce4585 req-0319f56d-c7f9-4d67-8faa-113ec4ce4585 ] Request (ImagesTestJSON:setUpClass): 200 GET http://10.180.1.21/identity/v3/domains?name=Default 0.043s
2025-11-21 23:06:48.961 66282 INFO tempest.lib.common.rest_client [req-0c32e24c-80a9-4dc9-adcd-bce106896ca7 req-0c32e24c-80a9-4dc9-adcd-bce106896ca7 ] Request (ImagesTestJSON:setUpClass): 201 POST http://10.180.1.21/identity/v3/projects 0.036s
2025-11-21 23:06:48.995 66292 WARNING tempest.lib.common.ssh [-] Failed to establish authenticated ssh connection to cirros@10.180.180.128 ([Errno None] Unable to connect to port 22 on 10.180.180.128). Number attempts: 1. Retry after 2 seconds.: paramiko.ssh_exception.NoValidConnectionsError: [Errno None] Unable to connect to port 22 on 10.180.180.128
2025-11-21 23:06:49.038 66282 INFO tempest.lib.common.rest_client [req-feaf1389-8443-4b0d-a35d-7d527dcdded2 req-feaf1389-8443-4b0d-a35d-7d527dcdded2 ] Request (ImagesTestJSON:setUpClass): 201 POST http://10.180.1.21/identity/v3/users 0.077s
2025-11-21 23:06:49.074 66282 INFO tempest.lib.common.rest_client [req-5022fb20-3616-4777-9208-0a45f48ce6bb req-5022fb20-3616-4777-9208-0a45f48ce6bb ] Request (ImagesTestJSON:setUpClass): 200 GET http://10.180.1.21/identity/v3/roles 0.035s
2025-11-21 23:06:49.090 66308 WARNING tempest.lib.common.ssh [-] Failed to establish authenticated ssh connection to cirros@10.180.180.173 ([Errno None] Unable to connect to port 22 on 10.180.180.173). Number attempts: 7. Retry after 8 seconds.: paramiko.ssh_exception.NoValidConnectionsError: [Errno None] Unable to connect to port 22 on 10.180.180.173
2025-11-21 23:06:49.111 66282 INFO tempest.lib.common.rest_client [req-335db7ff-acf6-499e-8c71-f51f3ec51d58 req-335db7ff-acf6-499e-8c71-f51f3ec51d58 ] Request (ImagesTestJSON:setUpClass): 204 PUT http://10.180.1.21/identity/v3/projects/6f0697e8f2b64624b9be8293449d439a/users/b4c4fdb075ce4d41aae37659a78fbdd7/roles/776e918f58a74de2a41bbeeab7c89aab 0.037s
2025-11-21 23:06:49.112 66282 INFO tempest.lib.common.dynamic_creds [-] Dynamic test user b4c4fdb075ce4d41aae37659a78fbdd7 is created with scope project and roles: ['member']
2025-11-21 23:06:49.112 66282 INFO tempest.lib.common.dynamic_creds [-] Acquired dynamic creds: credentials: Credentials: {'domain_id': 'default', 'domain_name': 'Default', 'username': 'tempest-ImagesTestJSON-1987326378-project-member', 'project_domain_id': 'default', 'project_domain_name': 'Default', 'project_id': '6f0697e8f2b64624b9be8293449d439a', 'project_name': 'tempest-ImagesTestJSON-1987326378', 'tenant_id': '6f0697e8f2b64624b9be8293449d439a', 'tenant_name': 'tempest-ImagesTestJSON-1987326378', 'user_domain_id': 'default', 'user_domain_name': 'Default', 'user_id': 'b4c4fdb075ce4d41aae37659a78fbdd7', 'system': None}, Network: None, Subnet: None, Router: None
2025-11-21 23:06:49.186 66282 INFO tempest.lib.common.rest_client [req-3d2a37a0-391a-45a1-8c82-ec02e9808448 req-3d2a37a0-391a-45a1-8c82-ec02e9808448 ] Request (ImagesTestJSON:setUpClass): 201 POST http://10.180.1.21/identity/v3/auth/tokens 0.073s
2025-11-21 23:06:49.266 66264 INFO tempest.lib.common.rest_client [req-b7689dc1-3d5c-42ff-8fd3-0bf1bd60d8fa req-b7689dc1-3d5c-42ff-8fd3-0bf1bd60d8fa ] Request (ImagesOneServerNegativeTestJSON:_run_cleanups): 200 GET http://10.180.1.21/compute/v2.1/servers/399b8b9e-99bd-4672-b9c5-5764d137fe97 3.975s
2025-11-21 23:06:49.426 66248 INFO tempest.lib.common.rest_client [req-afd651e2-bdba-4d93-90bc-0a068671f7d5 req-afd651e2-bdba-4d93-90bc-0a068671f7d5 ] Request (QuotasAdminNegativeTest:test_create_server_when_cpu_quota_is_full): 200 GET http://10.180.1.21/compute/v2.1/os-quota-sets/e865e8638f34454984f77ccf80c5814a 3.612s
2025-11-21 23:06:49.537 66284 INFO tempest.lib.common.rest_client [req-e7cb4f06-1d42-458c-ae95-5eda9f8a69fe req-e7cb4f06-1d42-458c-ae95-5eda9f8a69fe ] Request (ServerGroup264TestJSON:test_create_get_server_group): 200 POST http://10.180.1.21/compute/v2.1/os-server-groups 3.673s
2025-11-21 23:06:49.600 66282 INFO tempest.lib.common.rest_client [req-9b2edef5-6f30-42cb-9ea1-cdae131ed9d5 req-9b2edef5-6f30-42cb-9ea1-cdae131ed9d5 ] Request (ImagesTestJSON:setUpClass): 201 POST http://10.180.1.21/networking/v2.0/networks 0.414s
2025-11-21 23:06:49.758 66282 INFO tempest.lib.common.rest_client [req-b49b20c3-92e5-4b18-a8b3-d86e011de28b req-b49b20c3-92e5-4b18-a8b3-d86e011de28b ] Request (ImagesTestJSON:setUpClass): 201 POST http://10.180.1.21/networking/v2.0/subnets 0.157s
2025-11-21 23:06:50.396 66302 INFO tempest.lib.common.rest_client [req-27e6734d-1c0d-4704-b5fa-6771b91f920f req-27e6734d-1c0d-4704-b5fa-6771b91f920f ] Request (VolumesAssistedSnapshotsTest:test_volume_assisted_snapshot_create_delete): 200 POST http://10.180.1.21/compute/v2.1/servers/70e3430b-9df6-452f-9bd2-1d5d7bfff8ee/os-volume_attachments 5.163s
2025-11-21 23:06:50.414 66296 INFO tempest.lib.common.rest_client [req-ba0d3f68-2d11-4bf2-8833-2db68523bcc4 req-ba0d3f68-2d11-4bf2-8833-2db68523bcc4 ] Request (ServersTestJSON:test_verify_created_server_vcpus): 200 GET http://10.180.1.21/compute/v2.1/flavors/42 3.522s
2025-11-21 23:06:50.421 66296 INFO tempest.lib.common.ssh [-] Creating ssh connection to '10.180.180.147:22' as 'cirros' with public key authentication
2025-11-21 23:06:50.423 66246 INFO tempest.lib.common.rest_client [req-c980a241-440d-4632-82c9-bd19cf681237 req-c980a241-440d-4632-82c9-bd19cf681237 ] Request (ImagesNegativeTestJSON:test_create_image_specify_uuid_35_characters_or_less): 404 POST http://10.180.1.21/compute/v2.1/servers/aaaaaaaaaaaaaaaaaaaaaaaaaaaaaaaaaaa/action 3.222s
2025-11-21 23:06:50.429 66296 INFO paramiko.transport [-] Connected (version 2.0, client dropbear_2020.81)
2025-11-21 23:06:50.432 66302 INFO tempest.lib.common.rest_client [req-1cb9484a-2ec2-4617-a48f-644269ddb748 req-1cb9484a-2ec2-4617-a48f-644269ddb748 ] Request (VolumesAssistedSnapshotsTest:test_volume_assisted_snapshot_create_delete): 200 GET http://10.180.1.21/volume/v3/volumes/06d75b69-5c9c-4fa1-be82-b3720c35a4aa 0.034s
2025-11-21 23:06:50.447 66294 INFO tempest.lib.common.rest_client [req-690d8387-15e8-4f7a-b171-6fab18e81082 req-690d8387-15e8-4f7a-b171-6fab18e81082 ] Request (FlavorsAdminTestJSON:test_list_non_public_flavor): 200 POST http://10.180.1.21/compute/v2.1/flavors 3.074s
2025-11-21 23:06:50.486 66282 INFO tempest.lib.common.rest_client [req-b602fb32-04e2-4560-b55c-e07a03978417 req-b602fb32-04e2-4560-b55c-e07a03978417 ] Request (ImagesTestJSON:setUpClass): 201 POST http://10.180.1.21/networking/v2.0/routers 0.727s
2025-11-21 23:06:50.535 66296 INFO paramiko.transport [-] Authentication (publickey) successful!
2025-11-21 23:06:50.536 66296 INFO tempest.lib.common.ssh [-] ssh connection to cirros@10.180.180.147 successfully created
2025-11-21 23:06:51.400 66282 INFO tempest.lib.common.rest_client [req-530efcbf-337c-4bec-9419-cf93fb293a2e req-530efcbf-337c-4bec-9419-cf93fb293a2e ] Request (ImagesTestJSON:setUpClass): 200 PUT http://10.180.1.21/networking/v2.0/routers/d6629e2e-eb0c-4f80-bc91-6168c91a60d9/add_router_interface 0.911s
2025-11-21 23:06:51.400 66282 INFO tempest.lib.common.dynamic_creds [-] Created isolated network resources for: credentials: Credentials: {'domain_id': 'default', 'domain_name': 'Default', 'username': 'tempest-ImagesTestJSON-1987326378-project-member', 'project_domain_id': 'default', 'project_domain_name': 'Default', 'project_id': '6f0697e8f2b64624b9be8293449d439a', 'project_name': 'tempest-ImagesTestJSON-1987326378', 'tenant_id': '6f0697e8f2b64624b9be8293449d439a', 'tenant_name': 'tempest-ImagesTestJSON-1987326378', 'user_domain_id': 'default', 'user_domain_name': 'Default', 'user_id': 'b4c4fdb075ce4d41aae37659a78fbdd7', 'system': None}, Network: {'id': '2dde6bf5-104e-41aa-8a94-e8660e67095f', 'name': 'tempest-ImagesTestJSON-306315930-network', 'tenant_id': '6f0697e8f2b64624b9be8293449d439a', 'project_id': '6f0697e8f2b64624b9be8293449d439a', 'admin_state_up': True, 'mtu': 8950, 'status': 'ACTIVE', 'subnets': [], 'shared': False, 'port_security_enabled': True, 'router:external': False, 'provider:network_type': 'vlan', 'provider:physical_network': 'default', 'provider:segmentation_id': 3, 'availability_zone_hints': [], 'availability_zones': [], 'ipv4_address_scope': None, 'ipv6_address_scope': None, 'description': '', 'tags': [], 'created_at': '2025-11-21T23:06:49Z', 'updated_at': '2025-11-21T23:06:49Z', 'revision_number': 1}, Subnet: {'id': '7ec68cb8-e684-4ba2-a9ac-14da1e98f7e7', 'name': 'tempest-ImagesTestJSON-306315930-subnet', 'tenant_id': '6f0697e8f2b64624b9be8293449d439a', 'network_id': '2dde6bf5-104e-41aa-8a94-e8660e67095f', 'ip_version': 4, 'subnetpool_id': None, 'enable_dhcp': True, 'ipv6_ra_mode': None, 'ipv6_address_mode': None, 'gateway_ip': '192.168.128.1', 'cidr': '192.168.128.0/28', 'allocation_pools': [{'start': '192.168.128.2', 'end': '192.168.128.14'}], 'host_routes': [], 'dns_nameservers': [], 'description': '', 'router:external': False, 'service_types': [], 'tags': [], 'created_at': '2025-11-21T23:06:49Z', 'updated_at': '2025-11-21T23:06:49Z', 'revision_number': 0, 'project_id': '6f0697e8f2b64624b9be8293449d439a'}, Router: {'id': 'd6629e2e-eb0c-4f80-bc91-6168c91a60d9', 'name': 'tempest-ImagesTestJSON-306315930-router', 'tenant_id': '6f0697e8f2b64624b9be8293449d439a', 'admin_state_up': True, 'status': 'ACTIVE', 'external_gateway_info': {'network_id': 'bfd456b0-9fdc-40c0-9533-e2810e5fe000', 'external_fixed_ips': [{'subnet_id': '5087f17e-9ba2-4159-8c65-65800efe731d', 'ip_address': '10.180.180.194'}], 'enable_snat': True}, 'description': '', 'availability_zones': [], 'distributed': False, 'ha': False, 'availability_zone_hints': [], 'routes': [], 'flavor_id': None, 'tags': [], 'created_at': '2025-11-21T23:06:49Z', 'updated_at': '2025-11-21T23:06:50Z', 'revision_number': 2, 'project_id': '6f0697e8f2b64624b9be8293449d439a'}
2025-11-21 23:06:51.497 66302 INFO tempest.lib.common.rest_client [req-3e06b56e-8187-43ea-8517-8ca2d6727c2c req-3e06b56e-8187-43ea-8517-8ca2d6727c2c ] Request (VolumesAssistedSnapshotsTest:test_volume_assisted_snapshot_create_delete): 200 GET http://10.180.1.21/volume/v3/volumes/06d75b69-5c9c-4fa1-be82-b3720c35a4aa 0.049s
2025-11-21 23:06:51.534 66282 INFO tempest.lib.common.rest_client [req-3ef2867f-f112-4de1-aa52-ebed03a61fbb req-3ef2867f-f112-4de1-aa52-ebed03a61fbb ] Request (ImagesTestJSON:setUpClass): 201 POST http://10.180.1.21/identity/v3/auth/tokens 0.127s
2025-11-21 23:06:51.595 66282 INFO tempest.lib.common.rest_client [req-76f94f1b-11ed-4ad1-826e-acaf7cafa3f3 req-76f94f1b-11ed-4ad1-826e-acaf7cafa3f3 ] Request (ImagesTestJSON:test_create_image_from_stopped_server): 201 POST http://10.180.1.21/identity/v3/auth/tokens 0.055s
2025-11-21 23:06:51.595 66282 INFO tempest.lib.common.fixed_network [-] (ImagesTestJSON:test_create_image_from_stopped_server) Found network {'id': '2dde6bf5-104e-41aa-8a94-e8660e67095f', 'name': 'tempest-ImagesTestJSON-306315930-network', 'tenant_id': '6f0697e8f2b64624b9be8293449d439a', 'project_id': '6f0697e8f2b64624b9be8293449d439a', 'admin_state_up': True, 'mtu': 8950, 'status': 'ACTIVE', 'subnets': [], 'shared': False, 'port_security_enabled': True, 'router:external': False, 'provider:network_type': 'vlan', 'provider:physical_network': 'default', 'provider:segmentation_id': 3, 'availability_zone_hints': [], 'availability_zones': [], 'ipv4_address_scope': None, 'ipv6_address_scope': None, 'description': '', 'tags': [], 'created_at': '2025-11-21T23:06:49Z', 'updated_at': '2025-11-21T23:06:49Z', 'revision_number': 1} available for tenant
2025-11-21 23:06:51.768 66272 INFO tempest.lib.common.rest_client [req-e44e5606-2582-4e1b-a737-bfdad7b3d9d3 req-e44e5606-2582-4e1b-a737-bfdad7b3d9d3 ] Request (MultipleCreateTestJSON:test_multiple_create): 202 POST http://10.180.1.21/compute/v2.1/servers 4.971s
2025-11-21 23:06:51.804 66278 INFO tempest.lib.common.rest_client [req-a192c247-511b-4975-bd27-bcd7a97a2779 req-a192c247-511b-4975-bd27-bcd7a97a2779 ] Request (ImagesMetadataTestJSON:test_get_image_metadata_item): 200 GET http://10.180.1.21/compute/v2.1/images/2e473925-24da-4946-a8d4-0e90a98e0ab8/metadata/os_distro 4.269s
2025-11-21 23:06:51.829 66252 INFO tempest.lib.common.rest_client [req-062606a2-e0bb-490f-ae1d-6a3e6203e8ff req-062606a2-e0bb-490f-ae1d-6a3e6203e8ff ] Request (ServerAddressesTestJSON:test_list_server_addresses_by_network): 200 GET http://10.180.1.21/compute/v2.1/servers/5d0c464a-fcec-4122-9e46-5f64f9d8cd3a/ips/tempest-ServerAddressesTestJSON-1961839461-network 4.043s
2025-11-21 23:06:51.869 66274 INFO tempest.lib.common.rest_client [req-02244cbb-f97e-4c9b-a1b5-6eba25556ce4 req-02244cbb-f97e-4c9b-a1b5-6eba25556ce4 ] Request (AttachInterfacesUnderV243Test:test_add_remove_fixed_ip): 200 GET http://10.180.1.21/compute/v2.1/servers/9315f36e-43c8-4488-af6b-8a4757bc0ab5/ips 3.761s
2025-11-21 23:06:51.943 66268 INFO tempest.lib.common.rest_client [req-54686a5d-b567-4dc0-a9ce-01586ea850e4 req-54686a5d-b567-4dc0-a9ce-01586ea850e4 ] Request (FloatingIPsAssociationTestJSON:test_associate_already_associated_floating_ip): 202 POST http://10.180.1.21/compute/v2.1/servers 4.501s
2025-11-21 23:06:52.063 66292 WARNING tempest.lib.common.ssh [-] Failed to establish authenticated ssh connection to cirros@10.180.180.128 ([Errno None] Unable to connect to port 22 on 10.180.180.128). Number attempts: 2. Retry after 3 seconds.: paramiko.ssh_exception.NoValidConnectionsError: [Errno None] Unable to connect to port 22 on 10.180.180.128
2025-11-21 23:06:52.404 66304 INFO tempest.lib.common.rest_client [req-f093c0a6-195e-478f-804f-01025b5441c4 req-f093c0a6-195e-478f-804f-01025b5441c4 ] Request (ServerActionsTestOtherB:test_create_backup): 202 POST http://10.180.1.21/compute/v2.1/servers/a9a7b0d1-809c-4ef8-bbc4-5786bf23d4bd/action 4.034s
2025-11-21 23:06:52.433 66304 INFO tempest.lib.common.rest_client [req-1a4ee97d-b5fe-4c33-becc-9fc2327eabee req-1a4ee97d-b5fe-4c33-becc-9fc2327eabee ] Request (ServerActionsTestOtherB:test_create_backup): 200 GET http://10.180.1.21/image/v2/images/9406e6ac-43c7-4389-83da-1b1e843799c8 0.028s
2025-11-21 23:06:52.562 66302 INFO tempest.lib.common.rest_client [req-b8c267d7-c63e-45ac-9cdf-7eaa79720c14 req-b8c267d7-c63e-45ac-9cdf-7eaa79720c14 ] Request (VolumesAssistedSnapshotsTest:test_volume_assisted_snapshot_create_delete): 200 GET http://10.180.1.21/volume/v3/volumes/06d75b69-5c9c-4fa1-be82-b3720c35a4aa 0.058s
2025-11-21 23:06:52.596 66256 INFO tempest.lib.common.rest_client [req-6a2b312e-6cd4-4d2b-9431-9141ed89c082 req-6a2b312e-6cd4-4d2b-9431-9141ed89c082 ] Request (MigrationsAdminTest:test_list_migrations_in_flavor_resize_situation): 200 GET http://10.180.1.21/compute/v2.1/servers/5fbbfac5-3747-44c6-a3d9-048136d5c055 3.853s
2025-11-21 23:06:52.864 66306 INFO tempest.lib.common.rest_client [req-400cfff8-f8a8-4a9e-9aed-ccc082bd4219 req-400cfff8-f8a8-4a9e-9aed-ccc082bd4219 ] Request (ServersAdminNegativeTestJSON:setUpClass): 200 GET http://10.180.1.21/compute/v2.1/servers/55b64885-7258-4b60-b8ce-c74ff85a9d48 4.098s
2025-11-21 23:06:52.873 66306 INFO tempest.common.waiters [-] State transition "BUILD/block_device_mapping" ==> "BUILD/spawning" after 35 second wait
2025-11-21 23:06:52.947 66286 INFO tempest.lib.common.rest_client [req-148a24e2-a78c-4b1a-b1fa-2149a1f98cf2 req-148a24e2-a78c-4b1a-b1fa-2149a1f98cf2 ] Request (ServersTestMultiNic:test_verify_duplicate_network_nics): 200 GET http://10.180.1.21/compute/v2.1/servers/8893416e-5e71-4627-8ad8-b2a0f90f812d 4.116s
2025-11-21 23:06:53.018 66270 INFO tempest.lib.common.rest_client [req-21cb9465-0dd4-45b9-9287-ed5828affc85 req-21cb9465-0dd4-45b9-9287-ed5828affc85 ] Request (AttachInterfacesV270Test:test_create_get_list_interfaces): 200 GET http://10.180.1.21/compute/v2.1/servers/99e161ce-10c2-410b-b176-5ec5abbb7672 4.137s
2025-11-21 23:06:53.157 66254 INFO tempest.lib.common.rest_client [req-88dd8bad-601a-4cf2-828c-95f8f8c8ef91 req-88dd8bad-601a-4cf2-828c-95f8f8c8ef91 ] Request (SecurityGroupsTestJSON:test_list_security_groups_by_server): 200 GET http://10.180.1.21/compute/v2.1/servers/01a301e1-bd4a-4e48-a8e6-6201d2df5367 4.260s
2025-11-21 23:06:53.166 66254 INFO tempest.common.waiters [-] State transition "BUILD/None" ==> "BUILD/spawning" after 30 second wait
2025-11-21 23:06:53.216 66262 INFO tempest.lib.common.rest_client [req-de6f4277-d7a4-4d6f-a992-66746761603f req-de6f4277-d7a4-4d6f-a992-66746761603f ] Request (VolumesTestJSON:test_volume_list): 200 GET http://10.180.1.21/compute/v2.1/os-volumes 4.310s
2025-11-21 23:06:53.283 66288 INFO tempest.lib.common.rest_client [req-f45d22c9-79da-4c51-858b-e173d5cb8a42 req-f45d22c9-79da-4c51-858b-e173d5cb8a42 ] Request (ListServersNegativeTestJSON:setUpClass): 200 GET http://10.180.1.21/compute/v2.1/servers/0b476fe1-c0f6-4bd2-8f0d-51bee28d5ed9 4.288s
2025-11-21 23:06:53.339 66250 INFO tempest.lib.common.rest_client [req-b464b204-e771-458d-93cd-503320507e3d req-b464b204-e771-458d-93cd-503320507e3d ] Request (ServerGroupTestJSON:test_create_server_with_scheduler_hint_group): 200 GET http://10.180.1.21/compute/v2.1/servers/305ed527-0b24-4e33-ac0a-3fe96b1763fe 4.266s
2025-11-21 23:06:53.400 66280 INFO tempest.lib.common.rest_client [req-0b07f44d-14cf-4ef0-817b-2398adcdaf79 req-0b07f44d-14cf-4ef0-817b-2398adcdaf79 ] Request (ServerRescueNegativeTestJSON:setUpClass): 200 GET http://10.180.1.21/compute/v2.1/servers/b48a9491-473a-4442-89d7-1eb79b05fc5f 4.235s
2025-11-21 23:06:53.456 66304 INFO tempest.lib.common.rest_client [req-9dd6dfe7-837d-49c3-a9b9-dbf9f7c04310 req-9dd6dfe7-837d-49c3-a9b9-dbf9f7c04310 ] Request (ServerActionsTestOtherB:test_create_backup): 200 GET http://10.180.1.21/image/v2/images/9406e6ac-43c7-4389-83da-1b1e843799c8 0.019s
2025-11-21 23:06:53.535 66276 INFO tempest.lib.common.rest_client [req-5a181410-2cfd-40c8-b8ea-50093e9af730 req-5a181410-2cfd-40c8-b8ea-50093e9af730 ] Request (ServersTestFqdnHostnames:test_create_server_with_fqdn_name): 200 GET http://10.180.1.21/compute/v2.1/servers/9a5f4dd8-6ab8-4753-a2cb-30c4a3410ecb 4.184s
2025-11-21 23:06:53.617 66248 INFO tempest.lib.common.rest_client [req-c4d28e15-6aba-4455-a1f1-f6841565314a req-c4d28e15-6aba-4455-a1f1-f6841565314a ] Request (QuotasAdminNegativeTest:test_create_server_when_cpu_quota_is_full): 200 PUT http://10.180.1.21/compute/v2.1/os-quota-sets/e865e8638f34454984f77ccf80c5814a 4.187s
2025-11-21 23:06:53.642 66284 INFO tempest.lib.common.rest_client [req-23d9201b-526d-416c-9855-ec02d97cb152 req-23d9201b-526d-416c-9855-ec02d97cb152 ] Request (ServerGroup264TestJSON:test_create_get_server_group): 200 GET http://10.180.1.21/compute/v2.1/os-server-groups 4.101s
2025-11-21 23:06:53.653 66258 INFO tempest.lib.common.rest_client [req-e54b4298-3c19-4815-9cc7-b0d108255dc2 req-e54b4298-3c19-4815-9cc7-b0d108255dc2 ] Request (DeleteServersTestJSON:test_delete_server_while_in_attached_volume): 200 POST http://10.180.1.21/compute/v2.1/servers/de52f561-fab4-470e-bc15-eaa8c4376d20/os-volume_attachments 4.994s
2025-11-21 23:06:53.666 66302 INFO tempest.lib.common.rest_client [req-e0ee1479-3a62-4a1b-beb7-c0ffd02a1e7d req-e0ee1479-3a62-4a1b-beb7-c0ffd02a1e7d ] Request (VolumesAssistedSnapshotsTest:test_volume_assisted_snapshot_create_delete): 200 GET http://10.180.1.21/volume/v3/volumes/06d75b69-5c9c-4fa1-be82-b3720c35a4aa 0.092s
2025-11-21 23:06:53.699 66258 INFO tempest.lib.common.rest_client [req-43bea195-e9ab-4999-8bc9-827bb2bb721a req-43bea195-e9ab-4999-8bc9-827bb2bb721a ] Request (DeleteServersTestJSON:test_delete_server_while_in_attached_volume): 200 GET http://10.180.1.21/volume/v3/volumes/94296478-1c6f-489d-b494-f4a1370391f0 0.043s
2025-11-21 23:06:53.714 66248 INFO tempest.lib.common.rest_client [req-6515e016-30b5-479f-b2ac-6ad8ac42ace4 req-6515e016-30b5-479f-b2ac-6ad8ac42ace4 ] Request (QuotasAdminNegativeTest:test_create_server_when_cpu_quota_is_full): 201 POST http://10.180.1.21/identity/v3/auth/tokens 0.091s
2025-11-21 23:06:53.714 66248 INFO tempest.lib.common.fixed_network [-] (QuotasAdminNegativeTest:test_create_server_when_cpu_quota_is_full) Found network None available for tenant
2025-11-21 23:06:53.871 66260 INFO tempest.lib.common.rest_client [req-84c226a8-05eb-4e48-b06b-2247bf5280bd req-84c226a8-05eb-4e48-b06b-2247bf5280bd ] Request (ServersAdminTestJSON:test_inject_network_info): 200 GET http://10.180.1.21/compute/v2.1/servers/49c5a548-b057-4af4-a4c3-1197f9cc7c7b 4.253s
2025-11-21 23:06:53.878 66260 INFO tempest.common.waiters [-] State transition "BUILD/None" ==> "BUILD/spawning" after 26 second wait
2025-11-21 23:06:53.902 66266 INFO tempest.lib.common.rest_client [req-dd08a9c0-e4ea-4e82-ab27-c2ec657f488a req-dd08a9c0-e4ea-4e82-ab27-c2ec657f488a ] Request (InstanceActionsNegativeTestJSON:setUpClass): 200 GET http://10.180.1.21/compute/v2.1/servers/c552c0e1-9eb0-445c-b45d-84c41097e98e 4.170s
2025-11-21 23:06:53.937 66290 INFO tempest.lib.common.rest_client [req-b1bb31dc-68ec-474a-ab45-46e56481b81e req-b1bb31dc-68ec-474a-ab45-46e56481b81e ] Request (DeleteServersAdminTestJSON:test_delete_server_while_in_error_state): 200 GET http://10.180.1.21/compute/v2.1/servers/4240b65b-2ce4-4c6a-8a52-2446913dc435 4.074s
2025-11-21 23:06:53.943 66246 INFO tempest.lib.common.rest_client [req-dbc5fb4c-af28-48a9-8564-456004b0d744 req-dbc5fb4c-af28-48a9-8564-456004b0d744 ] Request (ImagesNegativeTestJSON:test_create_image_specify_uuid_37_characters_or_more): 404 POST http://10.180.1.21/compute/v2.1/servers/aaaaaaaaaaaaaaaaaaaaaaaaaaaaaaaaaaaaa/action 3.518s
2025-11-21 23:06:53.965 66294 INFO tempest.lib.common.rest_client [req-be438b5f-2cc3-49a0-802e-b3521ea63638 req-be438b5f-2cc3-49a0-802e-b3521ea63638 ] Request (FlavorsAdminTestJSON:test_list_non_public_flavor): 200 GET http://10.180.1.21/compute/v2.1/flavors/detail 3.514s
2025-11-21 23:06:53.997 66264 INFO tempest.lib.common.rest_client [req-e7064116-dcc5-4514-86af-e3604631316a req-e7064116-dcc5-4514-86af-e3604631316a ] Request (ImagesOneServerNegativeTestJSON:_run_cleanups): 200 GET http://10.180.1.21/compute/v2.1/servers/399b8b9e-99bd-4672-b9c5-5764d137fe97 3.722s
2025-11-21 23:06:54.038 66296 INFO tempest.lib.common.rest_client [req-759a3097-1c1d-414f-8f2c-67d27c709a4a req-759a3097-1c1d-414f-8f2c-67d27c709a4a ] Request (ServersTestJSON:tearDownClass): 204 DELETE http://10.180.1.21/compute/v2.1/servers/7f129d3f-f4e4-4e8a-881a-20872c439afd 3.492s
2025-11-21 23:06:54.136 66272 INFO tempest.lib.common.rest_client [req-6740ba71-a95f-4aef-a801-2082ce53cf2f req-6740ba71-a95f-4aef-a801-2082ce53cf2f ] Request (MultipleCreateTestJSON:test_multiple_create): 200 GET http://10.180.1.21/compute/v2.1/servers 2.367s
2025-11-21 23:06:54.283 66278 INFO tempest.lib.common.rest_client [req-c9edfcf4-9a57-4321-8a43-0ce069fb1e89 req-c9edfcf4-9a57-4321-8a43-0ce069fb1e89 ] Request (ImagesMetadataTestJSON:setUp): 200 PUT http://10.180.1.21/compute/v2.1/images/2e473925-24da-4946-a8d4-0e90a98e0ab8/metadata 2.475s
2025-11-21 23:06:54.384 66282 INFO tempest.lib.common.rest_client [req-180a2e33-7ce8-4084-aef2-390013802ec1 req-180a2e33-7ce8-4084-aef2-390013802ec1 ] Request (ImagesTestJSON:test_create_image_from_stopped_server): 202 POST http://10.180.1.21/compute/v2.1/servers 2.788s
2025-11-21 23:06:54.391 66252 INFO tempest.lib.common.rest_client [req-bdc292ff-fc05-4403-9798-6f33539fe4cb req-bdc292ff-fc05-4403-9798-6f33539fe4cb ] Request (ServerAddressesTestJSON:tearDownClass): 204 DELETE http://10.180.1.21/compute/v2.1/servers/5d0c464a-fcec-4122-9e46-5f64f9d8cd3a 2.559s
2025-11-21 23:06:54.416 66274 INFO tempest.lib.common.rest_client [req-03e81275-d3b0-4128-bae1-474b6e69db1f req-03e81275-d3b0-4128-bae1-474b6e69db1f ] Request (AttachInterfacesUnderV243Test:test_add_remove_fixed_ip): 200 GET http://10.180.1.21/compute/v2.1/servers/9315f36e-43c8-4488-af6b-8a4757bc0ab5/ips 1.545s
2025-11-21 23:06:54.433 66268 INFO tempest.lib.common.rest_client [req-91b6425b-cfb9-40c7-aa9b-46683d98bbdb req-91b6425b-cfb9-40c7-aa9b-46683d98bbdb ] Request (FloatingIPsAssociationTestJSON:test_associate_already_associated_floating_ip): 200 GET http://10.180.1.21/compute/v2.1/servers/8492b439-7227-4f11-9437-bec4f0046113 2.488s
2025-11-21 23:06:54.480 66304 INFO tempest.lib.common.rest_client [req-1055af0a-8899-4277-b113-68aa6aeb7086 req-1055af0a-8899-4277-b113-68aa6aeb7086 ] Request (ServerActionsTestOtherB:test_create_backup): 200 GET http://10.180.1.21/image/v2/images/9406e6ac-43c7-4389-83da-1b1e843799c8 0.021s
2025-11-21 23:06:54.589 66256 INFO tempest.lib.common.rest_client [req-ef3521bd-3c3d-4298-bfe0-6f5e58f0a9ae req-ef3521bd-3c3d-4298-bfe0-6f5e58f0a9ae ] Request (MigrationsAdminTest:test_list_migrations_in_flavor_resize_situation): 200 GET http://10.180.1.21/compute/v2.1/servers/5fbbfac5-3747-44c6-a3d9-048136d5c055 0.977s
2025-11-21 23:06:54.603 66284 INFO tempest.lib.common.rest_client [req-a1b3024d-c110-4366-a8fc-27c2ffb24f2a req-a1b3024d-c110-4366-a8fc-27c2ffb24f2a ] Request (ServerGroup264TestJSON:test_create_get_server_group): 200 GET http://10.180.1.21/compute/v2.1/os-server-groups/af052d5e-a05a-4442-b6bd-8b1ba10f122d 0.959s
2025-11-21 23:06:54.914 66248 INFO tempest.lib.common.rest_client [req-da890c1d-5c36-4986-ae1e-c7688b4fc693 req-da890c1d-5c36-4986-ae1e-c7688b4fc693 ] Request (QuotasAdminNegativeTest:test_create_server_when_cpu_quota_is_full): 403 POST http://10.180.1.21/compute/v2.1/servers 1.199s
2025-11-21 23:06:55.087 66306 INFO tempest.lib.common.rest_client [req-5ea4ab86-94cd-48bd-b30e-65de3064c078 req-5ea4ab86-94cd-48bd-b30e-65de3064c078 ] Request (ServersAdminNegativeTestJSON:setUpClass): 200 GET http://10.180.1.21/compute/v2.1/servers/55b64885-7258-4b60-b8ce-c74ff85a9d48 1.213s
2025-11-21 23:06:55.116 66246 INFO tempest.lib.common.rest_client [req-89af136e-550d-454a-a5be-37b1f2a81737 req-89af136e-550d-454a-a5be-37b1f2a81737 ] Request (ImagesNegativeTestJSON:tearDownClass): 404 DELETE http://10.180.1.21/compute/v2.1/servers/b653e02e-3156-4fd2-a583-9d320a993a95 1.171s
2025-11-21 23:06:55.173 66286 INFO tempest.lib.common.rest_client [req-27a285b5-cdae-4d96-af28-8fdf9c853b73 req-27a285b5-cdae-4d96-af28-8fdf9c853b73 ] Request (ServersTestMultiNic:test_verify_duplicate_network_nics): 200 GET http://10.180.1.21/compute/v2.1/servers/8893416e-5e71-4627-8ad8-b2a0f90f812d 1.215s
2025-11-21 23:06:55.207 66294 INFO tempest.lib.common.rest_client [req-5cb2ad2a-aca3-4d00-9bdd-832997d651bd req-5cb2ad2a-aca3-4d00-9bdd-832997d651bd ] Request (FlavorsAdminTestJSON:test_list_non_public_flavor): 200 GET http://10.180.1.21/compute/v2.1/flavors/detail 1.236s
2025-11-21 23:06:55.265 66270 INFO tempest.lib.common.rest_client [req-edf05984-12fd-42af-9f97-c9366ab99030 req-edf05984-12fd-42af-9f97-c9366ab99030 ] Request (AttachInterfacesV270Test:test_create_get_list_interfaces): 200 GET http://10.180.1.21/compute/v2.1/servers/99e161ce-10c2-410b-b176-5ec5abbb7672 1.231s
2025-11-21 23:06:55.437 66296 INFO tempest.lib.common.rest_client [req-0d7c9946-312f-4ec6-a578-5549938fbf85 req-0d7c9946-312f-4ec6-a578-5549938fbf85 ] Request (ServersTestJSON:tearDownClass): 200 GET http://10.180.1.21/compute/v2.1/servers/7f129d3f-f4e4-4e8a-881a-20872c439afd 1.399s
2025-11-21 23:06:55.499 66304 INFO tempest.lib.common.rest_client [req-357e939c-4af1-4078-b514-80af3dc4982b req-357e939c-4af1-4078-b514-80af3dc4982b ] Request (ServerActionsTestOtherB:test_create_backup): 200 GET http://10.180.1.21/image/v2/images/9406e6ac-43c7-4389-83da-1b1e843799c8 0.016s
2025-11-21 23:06:55.527 66272 INFO tempest.lib.common.rest_client [req-660f9a9e-e1b3-4199-a34b-6eca7f328f27 req-660f9a9e-e1b3-4199-a34b-6eca7f328f27 ] Request (MultipleCreateTestJSON:test_multiple_create): 200 GET http://10.180.1.21/compute/v2.1/servers/54f36b38-4e9c-4ea5-8549-673f6c231809 1.388s
2025-11-21 23:06:55.607 66262 INFO tempest.lib.common.rest_client [req-7ef52bfa-9618-4e60-bc18-52a1acfd3aae req-7ef52bfa-9618-4e60-bc18-52a1acfd3aae ] Request (VolumesTestJSON:test_volume_list_param_limit): 200 GET http://10.180.1.21/compute/v2.1/os-volumes?limit=2 2.386s
2025-11-21 23:06:55.632 66302 INFO tempest.lib.common.rest_client [req-4ceafe65-c10c-442a-8701-c18333e3dabd req-4ceafe65-c10c-442a-8701-c18333e3dabd ] Request (VolumesAssistedSnapshotsTest:test_volume_assisted_snapshot_create_delete): 200 GET http://10.180.1.21/volume/v3/volumes/06d75b69-5c9c-4fa1-be82-b3720c35a4aa 0.950s
2025-11-21 23:06:55.652 66278 INFO tempest.lib.common.rest_client [req-540099e5-c8fb-4aab-976b-c3b4139ea3ae req-540099e5-c8fb-4aab-976b-c3b4139ea3ae ] Request (ImagesMetadataTestJSON:test_list_image_metadata): 200 GET http://10.180.1.21/compute/v2.1/images/2e473925-24da-4946-a8d4-0e90a98e0ab8/metadata 1.369s
2025-11-21 23:06:55.658 66258 INFO tempest.lib.common.rest_client [req-1fbfb776-1d8e-43eb-bed7-4153728e0b0f req-1fbfb776-1d8e-43eb-bed7-4153728e0b0f ] Request (DeleteServersTestJSON:test_delete_server_while_in_attached_volume): 200 GET http://10.180.1.21/volume/v3/volumes/94296478-1c6f-489d-b494-f4a1370391f0 0.950s
2025-11-21 23:06:55.718 66288 INFO tempest.lib.common.rest_client [req-6256d8d7-142a-4fd0-8eef-2737c695fe85 req-6256d8d7-142a-4fd0-8eef-2737c695fe85 ] Request (ListServersNegativeTestJSON:setUpClass): 200 GET http://10.180.1.21/compute/v2.1/servers/0b476fe1-c0f6-4bd2-8f0d-51bee28d5ed9 1.427s
2025-11-21 23:06:55.732 66254 INFO tempest.lib.common.rest_client [req-b4a89f20-3148-4fb4-b73d-816646aa37cc req-b4a89f20-3148-4fb4-b73d-816646aa37cc ] Request (SecurityGroupsTestJSON:test_list_security_groups_by_server): 200 GET http://10.180.1.21/compute/v2.1/servers/01a301e1-bd4a-4e48-a8e6-6201d2df5367 1.565s
2025-11-21 23:06:55.820 66250 INFO tempest.lib.common.rest_client [req-e076b646-0ca0-4dcf-8fc2-0283093dca13 req-e076b646-0ca0-4dcf-8fc2-0283093dca13 ] Request (ServerGroupTestJSON:test_create_server_with_scheduler_hint_group): 200 GET http://10.180.1.21/compute/v2.1/servers/305ed527-0b24-4e33-ac0a-3fe96b1763fe 1.469s
2025-11-21 23:06:55.866 66282 INFO tempest.lib.common.rest_client [req-5d90a66e-4445-42f8-b135-688406a7823d req-5d90a66e-4445-42f8-b135-688406a7823d ] Request (ImagesTestJSON:test_create_image_from_stopped_server): 200 GET http://10.180.1.21/compute/v2.1/servers/769d6ad2-e4aa-40ed-878e-494397f6a7ca 1.475s
2025-11-21 23:06:56.080 66280 INFO tempest.lib.common.rest_client [req-72f94825-6a3c-4c6c-a100-fddc715b501b req-72f94825-6a3c-4c6c-a100-fddc715b501b ] Request (ServerRescueNegativeTestJSON:setUpClass): 200 GET http://10.180.1.21/compute/v2.1/servers/b48a9491-473a-4442-89d7-1eb79b05fc5f 1.671s
2025-11-21 23:06:56.090 66280 INFO tempest.common.waiters [-] State transition "BUILD/scheduling" ==> "BUILD/None" after 14 second wait
2025-11-21 23:06:56.141 66252 INFO tempest.lib.common.rest_client [req-478c71dd-8381-4079-a71c-5fbec42d9002 req-478c71dd-8381-4079-a71c-5fbec42d9002 ] Request (ServerAddressesTestJSON:tearDownClass): 200 GET http://10.180.1.21/compute/v2.1/servers/5d0c464a-fcec-4122-9e46-5f64f9d8cd3a 1.750s
2025-11-21 23:06:56.184 66274 INFO tempest.lib.common.rest_client [req-49786586-1a0c-4fbc-9dc1-486b25a5e9f4 req-49786586-1a0c-4fbc-9dc1-486b25a5e9f4 ] Request (AttachInterfacesUnderV243Test:_run_cleanups): 204 DELETE http://10.180.1.21/compute/v2.1/servers/9315f36e-43c8-4488-af6b-8a4757bc0ab5 1.766s
2025-11-21 23:06:56.209 66284 INFO tempest.lib.common.rest_client [req-4c7dd8ee-795d-42ae-a30d-33094a637946 req-4c7dd8ee-795d-42ae-a30d-33094a637946 ] Request (ServerGroup264TestJSON:_run_cleanups): 204 DELETE http://10.180.1.21/compute/v2.1/os-server-groups/af052d5e-a05a-4442-b6bd-8b1ba10f122d 1.604s
2025-11-21 23:06:56.402 66276 INFO tempest.lib.common.rest_client [req-e0bddae9-b128-4cc5-846a-7af88cc46bd7 req-e0bddae9-b128-4cc5-846a-7af88cc46bd7 ] Request (ServersTestFqdnHostnames:test_create_server_with_fqdn_name): 200 GET http://10.180.1.21/compute/v2.1/servers/9a5f4dd8-6ab8-4753-a2cb-30c4a3410ecb 1.859s
2025-11-21 23:06:56.412 66276 INFO tempest.common.waiters [-] State transition "BUILD/spawning" ==> "ACTIVE/None" after 40 second wait
2025-11-21 23:06:56.523 66304 INFO tempest.lib.common.rest_client [req-502667bc-58ab-4e50-897a-ac868f644108 req-502667bc-58ab-4e50-897a-ac868f644108 ] Request (ServerActionsTestOtherB:test_create_backup): 200 GET http://10.180.1.21/image/v2/images/9406e6ac-43c7-4389-83da-1b1e843799c8 0.022s
2025-11-21 23:06:56.525 66260 INFO tempest.lib.common.rest_client [req-d9352902-f6ad-4072-8508-596dcba4d650 req-d9352902-f6ad-4072-8508-596dcba4d650 ] Request (ServersAdminTestJSON:test_inject_network_info): 200 GET http://10.180.1.21/compute/v2.1/servers/49c5a548-b057-4af4-a4c3-1197f9cc7c7b 1.645s
2025-11-21 23:06:56.602 66248 INFO tempest.lib.common.rest_client [req-64894b86-b4cc-462c-ac6b-25766baafa54 req-64894b86-b4cc-462c-ac6b-25766baafa54 ] Request (QuotasAdminNegativeTest:_run_cleanups): 200 PUT http://10.180.1.21/compute/v2.1/os-quota-sets/e865e8638f34454984f77ccf80c5814a 1.687s
2025-11-21 23:06:56.682 66302 INFO tempest.lib.common.rest_client [req-cc463882-0a4d-45ff-a85a-7e91c3dfa7dc req-cc463882-0a4d-45ff-a85a-7e91c3dfa7dc ] Request (VolumesAssistedSnapshotsTest:test_volume_assisted_snapshot_create_delete): 200 GET http://10.180.1.21/volume/v3/volumes/06d75b69-5c9c-4fa1-be82-b3720c35a4aa 0.040s
2025-11-21 23:06:56.714 66258 INFO tempest.lib.common.rest_client [req-c739ad6a-cc9b-47cd-bfa0-9c7abf8f8555 req-c739ad6a-cc9b-47cd-bfa0-9c7abf8f8555 ] Request (DeleteServersTestJSON:test_delete_server_while_in_attached_volume): 200 GET http://10.180.1.21/volume/v3/volumes/94296478-1c6f-489d-b494-f4a1370391f0 0.044s
2025-11-21 23:06:57.342 66290 INFO tempest.lib.common.rest_client [req-9b12d40d-cf6f-488a-8b21-b92ba14e875b req-9b12d40d-cf6f-488a-8b21-b92ba14e875b ] Request (DeleteServersAdminTestJSON:test_delete_server_while_in_error_state): 200 GET http://10.180.1.21/compute/v2.1/servers/4240b65b-2ce4-4c6a-8a52-2446913dc435 2.397s
2025-11-21 23:06:57.352 66266 INFO tempest.lib.common.rest_client [req-23449863-877a-405a-996f-6a2b0e6e4e6a req-23449863-877a-405a-996f-6a2b0e6e4e6a ] Request (InstanceActionsNegativeTestJSON:setUpClass): 200 GET http://10.180.1.21/compute/v2.1/servers/c552c0e1-9eb0-445c-b45d-84c41097e98e 2.442s
2025-11-21 23:06:57.368 66266 INFO tempest.common.waiters [-] State transition "BUILD/spawning" ==> "ACTIVE/None" after 40 second wait
2025-11-21 23:06:57.384 66246 INFO tempest.lib.common.rest_client [req-9d20d859-a7ca-4b3c-abe1-b9c1da1c90f4 req-9d20d859-a7ca-4b3c-abe1-b9c1da1c90f4 ] Request (ImagesNegativeTestJSON:tearDownClass): 404 GET http://10.180.1.21/compute/v2.1/servers/b653e02e-3156-4fd2-a583-9d320a993a95 2.267s
2025-11-21 23:06:57.404 66294 INFO tempest.lib.common.rest_client [req-38d70bfb-59ba-4aab-b0b4-4b5ea928e318 req-38d70bfb-59ba-4aab-b0b4-4b5ea928e318 ] Request (FlavorsAdminTestJSON:_run_cleanups): 202 DELETE http://10.180.1.21/compute/v2.1/flavors/863983407 2.191s
2025-11-21 23:06:57.543 66304 INFO tempest.lib.common.rest_client [req-a8021d0a-6bb8-4432-9b7c-37abe8cb49d1 req-a8021d0a-6bb8-4432-9b7c-37abe8cb49d1 ] Request (ServerActionsTestOtherB:test_create_backup): 200 GET http://10.180.1.21/image/v2/images/9406e6ac-43c7-4389-83da-1b1e843799c8 0.019s
2025-11-21 23:06:57.602 66308 INFO paramiko.transport [-] Connected (version 2.0, client dropbear_2020.81)
2025-11-21 23:06:57.644 66264 INFO tempest.lib.common.rest_client [req-eea2a40f-9c36-4e1f-bbbe-d7a87efb2d1e req-eea2a40f-9c36-4e1f-bbbe-d7a87efb2d1e ] Request (ImagesOneServerNegativeTestJSON:_run_cleanups): 200 GET http://10.180.1.21/compute/v2.1/servers/399b8b9e-99bd-4672-b9c5-5764d137fe97 2.640s
2025-11-21 23:06:57.655 66268 INFO tempest.lib.common.rest_client [req-dac6c288-67cb-4c82-9698-f2101dfae5aa req-dac6c288-67cb-4c82-9698-f2101dfae5aa ] Request (FloatingIPsAssociationTestJSON:test_associate_already_associated_floating_ip): 200 GET http://10.180.1.21/compute/v2.1/servers/8492b439-7227-4f11-9437-bec4f0046113 2.213s
2025-11-21 23:06:57.670 66308 INFO paramiko.transport [-] Authentication (publickey) successful!
2025-11-21 23:06:57.671 66308 INFO tempest.lib.common.ssh [-] ssh connection to cirros@10.180.180.173 successfully created
2025-11-21 23:06:57.707 66262 INFO tempest.lib.common.rest_client [req-0e5dc618-0884-4869-b92a-9d3463711314 req-0e5dc618-0884-4869-b92a-9d3463711314 ] Request (VolumesTestJSON:test_volume_list_param_offset_and_limit): 200 GET http://10.180.1.21/compute/v2.1/os-volumes 2.092s
2025-11-21 23:06:57.741 66302 INFO tempest.lib.common.rest_client [req-042dbc35-f43c-4d31-9411-6f5afebe5417 req-042dbc35-f43c-4d31-9411-6f5afebe5417 ] Request (VolumesAssistedSnapshotsTest:test_volume_assisted_snapshot_create_delete): 200 GET http://10.180.1.21/volume/v3/volumes/06d75b69-5c9c-4fa1-be82-b3720c35a4aa 0.050s
2025-11-21 23:06:57.779 66258 INFO tempest.lib.common.rest_client [req-984ff1b9-d357-487e-b541-08de38d67742 req-984ff1b9-d357-487e-b541-08de38d67742 ] Request (DeleteServersTestJSON:test_delete_server_while_in_attached_volume): 200 GET http://10.180.1.21/volume/v3/volumes/94296478-1c6f-489d-b494-f4a1370391f0 0.053s
2025-11-21 23:06:57.791 66256 INFO tempest.lib.common.rest_client [req-6fc8326f-6f1a-4897-b803-7a1e9f164017 req-6fc8326f-6f1a-4897-b803-7a1e9f164017 ] Request (MigrationsAdminTest:test_list_migrations_in_flavor_resize_situation): 200 GET http://10.180.1.21/compute/v2.1/servers/5fbbfac5-3747-44c6-a3d9-048136d5c055 2.191s
2025-11-21 23:06:57.886 66278 INFO tempest.lib.common.rest_client [req-ff709158-f4ff-40de-8a27-4c9a1a9d665b req-ff709158-f4ff-40de-8a27-4c9a1a9d665b ] Request (ImagesMetadataTestJSON:setUp): 200 PUT http://10.180.1.21/compute/v2.1/images/2e473925-24da-4946-a8d4-0e90a98e0ab8/metadata 2.230s
2025-11-21 23:06:58.121 66306 INFO tempest.lib.common.rest_client [req-55eba4b1-590a-4921-96b4-6170771fb60b req-55eba4b1-590a-4921-96b4-6170771fb60b ] Request (ServersAdminNegativeTestJSON:setUpClass): 200 GET http://10.180.1.21/compute/v2.1/servers/55b64885-7258-4b60-b8ce-c74ff85a9d48 2.020s
2025-11-21 23:06:58.179 66274 INFO tempest.lib.common.rest_client [req-ce1e3dc9-f942-400d-909a-11a8e3c1407f req-ce1e3dc9-f942-400d-909a-11a8e3c1407f ] Request (AttachInterfacesUnderV243Test:_run_cleanups): 200 GET http://10.180.1.21/compute/v2.1/servers/9315f36e-43c8-4488-af6b-8a4757bc0ab5 1.994s
2025-11-21 23:06:58.193 66284 INFO tempest.lib.common.rest_client [req-3aad87d1-34a3-4441-bd4d-a0f520b8c657 req-3aad87d1-34a3-4441-bd4d-a0f520b8c657 ] Request (ServerGroup264TestJSON:tearDownClass): 404 DELETE http://10.180.1.21/compute/v2.1/os-server-groups/af052d5e-a05a-4442-b6bd-8b1ba10f122d 1.979s
2025-11-21 23:06:58.209 66286 INFO tempest.lib.common.rest_client [req-8e7ce8fe-cbbb-47da-b0bb-9eb179e89dc6 req-8e7ce8fe-cbbb-47da-b0bb-9eb179e89dc6 ] Request (ServersTestMultiNic:test_verify_duplicate_network_nics): 200 GET http://10.180.1.21/compute/v2.1/servers/8893416e-5e71-4627-8ad8-b2a0f90f812d 2.021s
2025-11-21 23:06:58.303 66246 INFO tempest.lib.common.rest_client [req-f76c90f3-089c-4b6a-b003-1cd9e89c20b8 req-f76c90f3-089c-4b6a-b003-1cd9e89c20b8 ] Request (ImagesNegativeTestJSON:tearDownClass): 200 PUT http://10.180.1.21/networking/v2.0/routers/0428b1f4-9dff-44d6-ae94-f6c13949201f/remove_router_interface 0.919s
2025-11-21 23:06:58.341 66270 INFO tempest.lib.common.rest_client [req-3d7f8102-1e0e-4bd7-8fe2-35f462599ba9 req-3d7f8102-1e0e-4bd7-8fe2-35f462599ba9 ] Request (AttachInterfacesV270Test:test_create_get_list_interfaces): 200 GET http://10.180.1.21/compute/v2.1/servers/99e161ce-10c2-410b-b176-5ec5abbb7672 2.065s
2025-11-21 23:06:58.405 66276 INFO tempest.lib.common.rest_client [req-94f4c43a-5d6f-4583-803a-fcec937e9ca3 req-94f4c43a-5d6f-4583-803a-fcec937e9ca3 ] Request (ServersTestFqdnHostnames:test_create_server_with_fqdn_name): 200 GET http://10.180.1.21/compute/v2.1/servers/9a5f4dd8-6ab8-4753-a2cb-30c4a3410ecb/os-interface 1.992s
2025-11-21 23:06:58.566 66304 INFO tempest.lib.common.rest_client [req-a74dc2f0-0b32-4d79-bff1-5241e039b21e req-a74dc2f0-0b32-4d79-bff1-5241e039b21e ] Request (ServerActionsTestOtherB:test_create_backup): 200 GET http://10.180.1.21/image/v2/images/9406e6ac-43c7-4389-83da-1b1e843799c8 0.022s
2025-11-21 23:06:58.656 66292 WARNING tempest.lib.common.ssh [-] Failed to establish authenticated ssh connection to cirros@10.180.180.128 ([Errno None] Unable to connect to port 22 on 10.180.180.128). Number attempts: 3. Retry after 4 seconds.: paramiko.ssh_exception.NoValidConnectionsError: [Errno None] Unable to connect to port 22 on 10.180.180.128
2025-11-21 23:06:58.801 66302 INFO tempest.lib.common.rest_client [req-738a03d9-64d3-4e7a-afb2-1435c723bae5 req-738a03d9-64d3-4e7a-afb2-1435c723bae5 ] Request (VolumesAssistedSnapshotsTest:test_volume_assisted_snapshot_create_delete): 200 GET http://10.180.1.21/volume/v3/volumes/06d75b69-5c9c-4fa1-be82-b3720c35a4aa 0.046s
2025-11-21 23:06:58.809 66302 INFO tempest.common.waiters [-] Attachment cd53c056-2078-4aef-b9a3-3fa4671dbab2 created for volume 06d75b69-5c9c-4fa1-be82-b3720c35a4aa to server 70e3430b-9df6-452f-9bd2-1d5d7bfff8ee after waiting for 8.809034 seconds
2025-11-21 23:06:58.827 66258 INFO tempest.lib.common.rest_client [req-295d83be-05e8-439d-97d7-13b7d017fea9 req-295d83be-05e8-439d-97d7-13b7d017fea9 ] Request (DeleteServersTestJSON:test_delete_server_while_in_attached_volume): 200 GET http://10.180.1.21/volume/v3/volumes/94296478-1c6f-489d-b494-f4a1370391f0 0.038s
2025-11-21 23:06:58.844 66302 INFO tempest.lib.common.rest_client [req-9de41674-9712-416d-a7e9-69b5620c77b0 req-9de41674-9712-416d-a7e9-69b5620c77b0 ] Request (VolumesAssistedSnapshotsTest:test_volume_assisted_snapshot_create_delete): 200 GET http://10.180.1.21/volume/v3/volumes/06d75b69-5c9c-4fa1-be82-b3720c35a4aa 0.035s
2025-11-21 23:06:58.853 66302 INFO tempest.common.waiters [-] volume 06d75b69-5c9c-4fa1-be82-b3720c35a4aa reached in-use after waiting for 0.853924 seconds
2025-11-21 23:06:58.913 66246 INFO tempest.lib.common.rest_client [req-37bb9181-8da9-485d-8e84-194f1b48647d req-37bb9181-8da9-485d-8e84-194f1b48647d ] Request (ImagesNegativeTestJSON:tearDownClass): 204 DELETE http://10.180.1.21/networking/v2.0/routers/0428b1f4-9dff-44d6-ae94-f6c13949201f 0.609s
2025-11-21 23:06:59.057 66296 INFO tempest.lib.common.rest_client [req-3d0cbd97-ca7c-4331-afc0-bbb8e80678a7 req-3d0cbd97-ca7c-4331-afc0-bbb8e80678a7 ] Request (ServersTestJSON:tearDownClass): 200 GET http://10.180.1.21/compute/v2.1/servers/7f129d3f-f4e4-4e8a-881a-20872c439afd 2.610s
