2025-11-21 23:08:36.222 66266 INFO tempest.lib.common.rest_client [req-795627cc-7a2b-4256-a7c4-682bfb73b1ba req-795627cc-7a2b-4256-a7c4-682bfb73b1ba ] Request (ServerActionsTestJSON:setUpClass): 200 GET http://10.180.1.21/compute/v2.1/servers/7aa971d0-63ac-451d-94c8-48cec0c4856e 0.583s
2025-11-21 23:08:36.250 66296 INFO tempest.lib.common.rest_client [req-8ddc6408-00b4-4c10-88dd-6675b47891c7 req-8ddc6408-00b4-4c10-88dd-6675b47891c7 ] Request (ServerAddressesNegativeTestJSON:tearDownClass): 200 GET http://10.180.1.21/compute/v2.1/servers/17144923-8f3a-4e3b-8fd7-cb519a6ffbe5 0.548s
2025-11-21 23:08:36.278 66280 INFO tempest.lib.common.rest_client [req-fbb62610-3af2-4a08-8241-0b0101e00c2a req-fbb62610-3af2-4a08-8241-0b0101e00c2a ] Request (ServerRescueNegativeTestJSON:test_rescued_vm_detach_volume): 200 GET http://10.180.1.21/compute/v2.1/servers/adbd2dab-2d09-44b1-bee8-2e8123516b3b 0.394s
2025-11-21 23:08:36.345 66304 INFO tempest.lib.common.rest_client [req-0d3d0b14-4fd4-40bf-9f2b-3e82281d8047 req-0d3d0b14-4fd4-40bf-9f2b-3e82281d8047 ] Request (ServerActionsTestOtherB:test_resize_server_confirm_from_stopped): 200 GET http://10.180.1.21/compute/v2.1/servers/a9a7b0d1-809c-4ef8-bbc4-5786bf23d4bd 0.441s
2025-11-21 23:08:36.402 66286 INFO tempest.lib.common.rest_client [req-d2193f51-bbab-4cc6-af07-cdd591088e69 req-d2193f51-bbab-4cc6-af07-cdd591088e69 ] Request (ServersTestMultiNic:_run_cleanups): 200 GET http://10.180.1.21/compute/v2.1/servers/8893416e-5e71-4627-8ad8-b2a0f90f812d 0.174s
2025-11-21 23:08:36.405 66290 INFO tempest.lib.common.rest_client [req-159c623f-8d5a-42c8-9a76-4917a4bd6c14 req-159c623f-8d5a-42c8-9a76-4917a4bd6c14 ] Request (ServersNegativeTestMultiTenantJSON:setUpClass): 200 GET http://10.180.1.21/compute/v2.1/servers/8612e025-75a7-47c2-aa5f-a29e70a5f2b4 0.229s
2025-11-21 23:08:36.412 66290 INFO tempest.common.waiters [-] State transition "BUILD/block_device_mapping" ==> "BUILD/spawning" after 32 second wait
2025-11-21 23:08:36.457 66258 INFO tempest.lib.common.rest_client [req-0f410276-750a-406a-a5cd-2d059cec5c37 req-0f410276-750a-406a-a5cd-2d059cec5c37 ] Request (DeleteServersTestJSON:test_delete_server_while_in_shelved_state): 200 GET http://10.180.1.21/compute/v2.1/servers/128e1b4d-8316-42ad-8fff-2bc283144c4e 0.216s
2025-11-21 23:08:36.475 66264 INFO tempest.lib.common.rest_client [req-79bb882c-0656-4b14-a4f1-70635c27e71f req-79bb882c-0656-4b14-a4f1-70635c27e71f ] Request (ImagesOneServerNegativeTestJSON:_run_cleanups): 200 GET http://10.180.1.21/compute/v2.1/servers/a00558d3-80bd-4458-b5d4-a1f9eb043e3e 0.185s
2025-11-21 23:08:36.517 66276 INFO paramiko.transport [-] Connected (version 2.0, client dropbear_2020.81)
2025-11-21 23:08:36.529 66278 INFO tempest.lib.common.rest_client [req-e8e4cd9c-02ba-4f84-8a66-abc3927b4ae5 req-e8e4cd9c-02ba-4f84-8a66-abc3927b4ae5 ] Request (ServerMetadataNegativeTestJSON:tearDownClass): 200 GET http://10.180.1.21/compute/v2.1/servers/74a7a33a-ae62-45a6-b8ac-65463f7d10ba 0.226s
2025-11-21 23:08:36.544 66282 INFO tempest.lib.common.rest_client [req-e7abe93a-6b4a-41cf-bf62-67484810f1e8 req-e7abe93a-6b4a-41cf-bf62-67484810f1e8 ] Request (ImagesTestJSON:test_create_image_from_suspended_server): 200 GET http://10.180.1.21/compute/v2.1/servers/9e136e19-8ece-4b65-902f-c6af667f9d6b 0.200s
2025-11-21 23:08:36.632 66276 INFO paramiko.transport [-] Authentication (publickey) successful!
2025-11-21 23:08:36.632 66276 INFO tempest.lib.common.ssh [-] ssh connection to cirros@10.180.180.150 successfully created
2025-11-21 23:08:36.666 66302 INFO tempest.lib.common.rest_client [req-dc8f9009-0441-4a41-b38f-5dd498f4e1b1 req-dc8f9009-0441-4a41-b38f-5dd498f4e1b1 ] Request (FloatingIPsAssociationNegativeTestJSON:setUpClass): 200 GET http://10.180.1.21/compute/v2.1/servers/ca67416a-30fc-4c56-9201-5f2eccada52a 0.229s
2025-11-21 23:08:36.695 66254 INFO tempest.lib.common.rest_client [req-470b3e68-4031-4c61-b361-2a97f0ca2dca req-470b3e68-4031-4c61-b361-2a97f0ca2dca ] Request (SecurityGroupsTestJSON:test_server_security_groups): 200 GET http://10.180.1.21/compute/v2.1/servers/9d967bb3-ca02-45b4-a7eb-b92bc25e201f 0.273s
2025-11-21 23:08:36.706 66254 INFO tempest.common.waiters [-] State transition "HARD_REBOOT/rebooting_hard" ==> "HARD_REBOOT/reboot_pending_hard" after 3 second wait
2025-11-21 23:08:36.712 66246 INFO tempest.lib.common.rest_client [req-97512dfc-6b6b-4999-b3e8-4b3aacaf0ee0 req-97512dfc-6b6b-4999-b3e8-4b3aacaf0ee0 ] Request (ListImageFiltersTestJSON:setUpClass): 200 GET http://10.180.1.21/compute/v2.1/images/a775f490-642f-4497-b779-8c179f1b6efd 0.247s
2025-11-21 23:08:36.757 66250 INFO tempest.lib.common.rest_client [req-1f6d22bf-ddab-4748-8d02-f0fe3fa09afb req-1f6d22bf-ddab-4748-8d02-f0fe3fa09afb ] Request (ServerRescueTestJSONUnderV235:setUpClass): 200 GET http://10.180.1.21/compute/v2.1/servers/c93af002-ef45-43b3-8405-9633970e5020 0.199s
2025-11-21 23:08:36.795 66288 INFO tempest.lib.common.rest_client [req-1321d011-0c3b-4255-9e0c-8446db9b4568 req-1321d011-0c3b-4255-9e0c-8446db9b4568 ] Request (ListServersNegativeTestJSON:tearDownClass): 200 GET http://10.180.1.21/compute/v2.1/servers/4747ae89-2b3c-4a3a-8b94-f1978c50f22c 0.158s
2025-11-21 23:08:36.814 66272 INFO tempest.lib.common.rest_client [req-77227e47-770c-4849-af05-f8572033895f req-77227e47-770c-4849-af05-f8572033895f ] Request (MultipleCreateTestJSON:_run_cleanups): 404 GET http://10.180.1.21/compute/v2.1/servers/54f36b38-4e9c-4ea5-8549-673f6c231809 0.109s
2025-11-21 23:08:36.847 66276 INFO tempest.lib.common.rest_client [req-fc516637-4ab2-4109-ae5c-a7a845817692 req-fc516637-4ab2-4109-ae5c-a7a845817692 ] Request (ServersTestFqdnHostnames:tearDownClass): 204 DELETE http://10.180.1.21/compute/v2.1/servers/9a5f4dd8-6ab8-4753-a2cb-30c4a3410ecb 0.204s
2025-11-21 23:08:36.885 66272 INFO tempest.lib.common.rest_client [req-5355b080-1bac-4a3f-94ab-a5bede68c3b4 req-5355b080-1bac-4a3f-94ab-a5bede68c3b4 ] Request (MultipleCreateTestJSON:test_multiple_create_with_reservation_return): 201 POST http://10.180.1.21/identity/v3/auth/tokens 0.065s
2025-11-21 23:08:36.886 66272 INFO tempest.lib.common.fixed_network [-] (MultipleCreateTestJSON:test_multiple_create_with_reservation_return) Found network {'id': '80a353f2-1e94-45a4-8811-3186fc3c97b2', 'name': 'tempest-MultipleCreateTestJSON-1525968833-network', 'tenant_id': '8606ce7042d04b30b1b87e05444e6f11', 'project_id': '8606ce7042d04b30b1b87e05444e6f11', 'admin_state_up': True, 'mtu': 8950, 'status': 'ACTIVE', 'subnets': [], 'shared': False, 'port_security_enabled': True, 'router:external': False, 'provider:network_type': 'vlan', 'provider:physical_network': 'default', 'provider:segmentation_id': 729, 'availability_zone_hints': [], 'availability_zones': [], 'ipv4_address_scope': None, 'ipv6_address_scope': None, 'description': '', 'tags': [], 'created_at': '2025-11-21T23:06:43Z', 'updated_at': '2025-11-21T23:06:43Z', 'revision_number': 1} available for tenant
2025-11-21 23:08:36.895 66306 INFO tempest.lib.common.rest_client [req-76cb157c-2a5f-4d55-963d-2fd7744f4c09 req-76cb157c-2a5f-4d55-963d-2fd7744f4c09 ] Request (ServersAdminNegativeTestJSON:tearDownClass): 200 GET http://10.180.1.21/compute/v2.1/servers/c236f7a3-276e-4c84-8c52-fcbff4af3212 0.062s
2025-11-21 23:08:36.984 66276 INFO tempest.lib.common.rest_client [req-0bd710fa-ba2c-425a-b706-146608bfd22b req-0bd710fa-ba2c-425a-b706-146608bfd22b ] Request (ServersTestFqdnHostnames:tearDownClass): 200 GET http://10.180.1.21/compute/v2.1/servers/9a5f4dd8-6ab8-4753-a2cb-30c4a3410ecb 0.137s
2025-11-21 23:08:37.038 66260 INFO tempest.lib.common.rest_client [req-d5121c74-c41b-447f-8f85-763059baaae8 req-d5121c74-c41b-447f-8f85-763059baaae8 ] Request (ServersAdminTestJSON:tearDownClass): 200 GET http://10.180.1.21/compute/v2.1/servers/49c5a548-b057-4af4-a4c3-1197f9cc7c7b 0.126s
2025-11-21 23:08:37.104 66268 INFO tempest.lib.common.rest_client [req-93135b05-0e2f-4b74-b1f3-3a7685d9c4fe req-93135b05-0e2f-4b74-b1f3-3a7685d9c4fe ] Request (FloatingIPsAssociationTestJSON:tearDownClass): 200 GET http://10.180.1.21/compute/v2.1/servers/8492b439-7227-4f11-9437-bec4f0046113 0.110s
2025-11-21 23:08:37.158 66256 INFO tempest.lib.common.rest_client [req-947fd5b4-b613-4667-aaed-a955a07532cb req-947fd5b4-b613-4667-aaed-a955a07532cb ] Request (MigrationsAdminTest:test_resize_server_revert_deleted_flavor): 200 GET http://10.180.1.21/compute/v2.1/servers/d4054d51-f42b-492e-b339-187de809038a 0.147s
2025-11-21 23:08:37.191 66294 INFO tempest.lib.common.rest_client [req-818a7692-a7b1-48bf-8af3-fb271497069c req-818a7692-a7b1-48bf-8af3-fb271497069c ] Request (ImagesOneServerTestJSON:test_create_image_specify_multibyte_character_image_name): 200 GET http://10.180.1.21/compute/v2.1/images/5c7d3de4-d1c8-44c9-a6e0-e9eb5c08e483 0.148s
2025-11-21 23:08:37.245 66272 INFO tempest.lib.common.rest_client [req-0a0db538-b483-42e2-b52d-fa4711ee7890 req-0a0db538-b483-42e2-b52d-fa4711ee7890 ] Request (MultipleCreateTestJSON:test_multiple_create_with_reservation_return): 202 POST http://10.180.1.21/compute/v2.1/servers 0.359s
2025-11-21 23:08:37.284 66272 INFO tempest.lib.common.rest_client [req-f6d5a380-db2f-4fe6-bb56-fbc7de271f33 req-f6d5a380-db2f-4fe6-bb56-fbc7de271f33 ] Request (MultipleCreateTestJSON:test_multiple_create_with_reservation_return): 200 GET http://10.180.1.21/compute/v2.1/servers 0.038s
2025-11-21 23:08:37.358 66296 INFO tempest.lib.common.rest_client [req-b6568498-caed-4b72-99d8-ad9afd657991 req-b6568498-caed-4b72-99d8-ad9afd657991 ] Request (ServerAddressesNegativeTestJSON:tearDownClass): 200 GET http://10.180.1.21/compute/v2.1/servers/17144923-8f3a-4e3b-8fd7-cb519a6ffbe5 0.099s
2025-11-21 23:08:37.359 66266 INFO tempest.lib.common.rest_client [req-728772b9-58d8-48a4-aeeb-f75caed283f1 req-728772b9-58d8-48a4-aeeb-f75caed283f1 ] Request (ServerActionsTestJSON:setUpClass): 200 GET http://10.180.1.21/compute/v2.1/servers/7aa971d0-63ac-451d-94c8-48cec0c4856e 0.129s
2025-11-21 23:08:37.400 66272 INFO tempest.lib.common.rest_client [req-ca8e4571-e8fe-41d2-967e-85eab1a94150 req-ca8e4571-e8fe-41d2-967e-85eab1a94150 ] Request (MultipleCreateTestJSON:test_multiple_create_with_reservation_return): 200 GET http://10.180.1.21/compute/v2.1/servers/006b9cfc-e15d-4e72-8140-c4bdea3bfacf 0.114s
2025-11-21 23:08:37.417 66280 INFO tempest.lib.common.rest_client [req-de8c2473-eb20-4eed-8515-587367da3d08 req-de8c2473-eb20-4eed-8515-587367da3d08 ] Request (ServerRescueNegativeTestJSON:test_rescued_vm_detach_volume): 200 GET http://10.180.1.21/compute/v2.1/servers/adbd2dab-2d09-44b1-bee8-2e8123516b3b 0.132s
2025-11-21 23:08:37.425 66280 INFO tempest.common.waiters [-] State transition "BUILD/scheduling" ==> "BUILD/None" after 1 second wait
2025-11-21 23:08:37.512 66286 INFO tempest.lib.common.rest_client [req-6d1dbdba-8a37-46c9-8e73-14d9ce687572 req-6d1dbdba-8a37-46c9-8e73-14d9ce687572 ] Request (ServersTestMultiNic:_run_cleanups): 200 GET http://10.180.1.21/compute/v2.1/servers/8893416e-5e71-4627-8ad8-b2a0f90f812d 0.101s
2025-11-21 23:08:37.546 66304 INFO tempest.lib.common.rest_client [req-f5bbf21d-9ef5-4bbe-85df-ba15ff94c096 req-f5bbf21d-9ef5-4bbe-85df-ba15ff94c096 ] Request (ServerActionsTestOtherB:test_resize_server_confirm_from_stopped): 200 GET http://10.180.1.21/compute/v2.1/servers/a9a7b0d1-809c-4ef8-bbc4-5786bf23d4bd 0.192s
2025-11-21 23:08:37.608 66258 INFO tempest.lib.common.rest_client [req-c8499a99-27ec-401f-adc2-182a7eb34e6d req-c8499a99-27ec-401f-adc2-182a7eb34e6d ] Request (DeleteServersTestJSON:test_delete_server_while_in_shelved_state): 200 GET http://10.180.1.21/compute/v2.1/servers/128e1b4d-8316-42ad-8fff-2bc283144c4e 0.143s
2025-11-21 23:08:37.619 66290 INFO tempest.lib.common.rest_client [req-28791493-5d03-48e7-82f0-bfee5d72fc58 req-28791493-5d03-48e7-82f0-bfee5d72fc58 ] Request (ServersNegativeTestMultiTenantJSON:setUpClass): 200 GET http://10.180.1.21/compute/v2.1/servers/8612e025-75a7-47c2-aa5f-a29e70a5f2b4 0.206s
2025-11-21 23:08:37.672 66264 INFO tempest.lib.common.rest_client [req-4cad3fc4-c168-48f1-91ce-f37623d63159 req-4cad3fc4-c168-48f1-91ce-f37623d63159 ] Request (ImagesOneServerNegativeTestJSON:_run_cleanups): 200 GET http://10.180.1.21/compute/v2.1/servers/a00558d3-80bd-4458-b5d4-a1f9eb043e3e 0.190s
2025-11-21 23:08:37.680 66278 INFO tempest.lib.common.rest_client [req-f04524fa-22cf-4611-9e39-784cacebd933 req-f04524fa-22cf-4611-9e39-784cacebd933 ] Request (ServerMetadataNegativeTestJSON:tearDownClass): 200 GET http://10.180.1.21/compute/v2.1/servers/74a7a33a-ae62-45a6-b8ac-65463f7d10ba 0.140s
2025-11-21 23:08:37.725 66282 INFO tempest.lib.common.rest_client [req-b56fede7-2bba-44fa-9c2e-9e871bff7d9b req-b56fede7-2bba-44fa-9c2e-9e871bff7d9b ] Request (ImagesTestJSON:test_create_image_from_suspended_server): 200 GET http://10.180.1.21/compute/v2.1/servers/9e136e19-8ece-4b65-902f-c6af667f9d6b 0.173s
2025-11-21 23:08:37.731 66302 INFO tempest.lib.common.rest_client [req-d8a50fb1-2078-4919-b3f2-e65efb56ae62 req-d8a50fb1-2078-4919-b3f2-e65efb56ae62 ] Request (FloatingIPsAssociationNegativeTestJSON:setUpClass): 200 GET http://10.180.1.21/compute/v2.1/servers/ca67416a-30fc-4c56-9201-5f2eccada52a 0.055s
2025-11-21 23:08:37.776 66246 INFO tempest.lib.common.rest_client [req-07df8445-ca1b-412b-9f7a-89653d229e56 req-07df8445-ca1b-412b-9f7a-89653d229e56 ] Request (ListImageFiltersTestJSON:setUpClass): 200 GET http://10.180.1.21/compute/v2.1/images/a775f490-642f-4497-b779-8c179f1b6efd 0.059s
2025-11-21 23:08:37.824 66250 INFO tempest.lib.common.rest_client [req-a4728793-b5aa-4e61-9168-7474638b7a63 req-a4728793-b5aa-4e61-9168-7474638b7a63 ] Request (ServerRescueTestJSONUnderV235:setUpClass): 200 GET http://10.180.1.21/compute/v2.1/servers/c93af002-ef45-43b3-8405-9633970e5020 0.053s
2025-11-21 23:08:37.882 66254 INFO tempest.lib.common.rest_client [req-64f9d6ba-8fda-4b08-bce9-96955cbdaa0a req-64f9d6ba-8fda-4b08-bce9-96955cbdaa0a ] Request (SecurityGroupsTestJSON:test_server_security_groups): 200 GET http://10.180.1.21/compute/v2.1/servers/9d967bb3-ca02-45b4-a7eb-b92bc25e201f 0.175s
2025-11-21 23:08:37.883 66288 INFO tempest.lib.common.rest_client [req-b6caaa10-4269-41a9-8418-bc3407553eda req-b6caaa10-4269-41a9-8418-bc3407553eda ] Request (ListServersNegativeTestJSON:tearDownClass): 200 GET http://10.180.1.21/compute/v2.1/servers/4747ae89-2b3c-4a3a-8b94-f1978c50f22c 0.080s
2025-11-21 23:08:37.890 66254 INFO tempest.common.waiters [-] State transition "HARD_REBOOT/reboot_pending_hard" ==> "HARD_REBOOT/reboot_started_hard" after 4 second wait
2025-11-21 23:08:37.973 66306 INFO tempest.lib.common.rest_client [req-ea54e678-d69c-4dd5-bfcd-412f84938cf6 req-ea54e678-d69c-4dd5-bfcd-412f84938cf6 ] Request (ServersAdminNegativeTestJSON:tearDownClass): 200 GET http://10.180.1.21/compute/v2.1/servers/c236f7a3-276e-4c84-8c52-fcbff4af3212 0.069s
2025-11-21 23:08:38.112 66260 INFO tempest.lib.common.rest_client [req-8e6725fc-8109-4710-8f78-f3765e011bb1 req-8e6725fc-8109-4710-8f78-f3765e011bb1 ] Request (ServersAdminTestJSON:tearDownClass): 200 GET http://10.180.1.21/compute/v2.1/servers/49c5a548-b057-4af4-a4c3-1197f9cc7c7b 0.066s
2025-11-21 23:08:38.115 66276 INFO tempest.lib.common.rest_client [req-6b7d130f-af5e-4b71-946b-4f6f69ee0089 req-6b7d130f-af5e-4b71-946b-4f6f69ee0089 ] Request (ServersTestFqdnHostnames:tearDownClass): 200 GET http://10.180.1.21/compute/v2.1/servers/9a5f4dd8-6ab8-4753-a2cb-30c4a3410ecb 0.123s
2025-11-21 23:08:38.180 66268 INFO tempest.lib.common.rest_client [req-71c92b34-4876-47a3-84d6-7afb82410106 req-71c92b34-4876-47a3-84d6-7afb82410106 ] Request (FloatingIPsAssociationTestJSON:tearDownClass): 200 GET http://10.180.1.21/compute/v2.1/servers/8492b439-7227-4f11-9437-bec4f0046113 0.069s
2025-11-21 23:08:38.239 66256 INFO tempest.lib.common.rest_client [req-6d61a7ed-ce22-4ecf-95ff-fc277fcbeb1c req-6d61a7ed-ce22-4ecf-95ff-fc277fcbeb1c ] Request (MigrationsAdminTest:test_resize_server_revert_deleted_flavor): 200 GET http://10.180.1.21/compute/v2.1/servers/d4054d51-f42b-492e-b339-187de809038a 0.072s
2025-11-21 23:08:38.250 66294 INFO tempest.lib.common.rest_client [req-27e09244-79bc-47dc-a113-08acf375a02f req-27e09244-79bc-47dc-a113-08acf375a02f ] Request (ImagesOneServerTestJSON:test_create_image_specify_multibyte_character_image_name): 200 GET http://10.180.1.21/compute/v2.1/images/5c7d3de4-d1c8-44c9-a6e0-e9eb5c08e483 0.054s
2025-11-21 23:08:38.307 66248 WARNING tempest.lib.common.ssh [-] Failed to establish authenticated ssh connection to cirros@10.180.180.139 ([Errno None] Unable to connect to port 22 on 10.180.180.139). Number attempts: 3. Retry after 4 seconds.: paramiko.ssh_exception.NoValidConnectionsError: [Errno None] Unable to connect to port 22 on 10.180.180.139
2025-11-21 23:08:38.450 66296 INFO tempest.lib.common.rest_client [req-53da1c3d-f980-4c83-b341-9f4f70e74df3 req-53da1c3d-f980-4c83-b341-9f4f70e74df3 ] Request (ServerAddressesNegativeTestJSON:tearDownClass): 200 GET http://10.180.1.21/compute/v2.1/servers/17144923-8f3a-4e3b-8fd7-cb519a6ffbe5 0.083s
2025-11-21 23:08:38.458 66296 INFO tempest.common.waiters [-] State transition "ACTIVE/deleting" ==> "DELETED/None" after 4 second wait
2025-11-21 23:08:38.512 66272 INFO tempest.lib.common.rest_client [req-49e939da-f989-4fdd-9bd1-e5fe480236e5 req-49e939da-f989-4fdd-9bd1-e5fe480236e5 ] Request (MultipleCreateTestJSON:test_multiple_create_with_reservation_return): 200 GET http://10.180.1.21/compute/v2.1/servers/006b9cfc-e15d-4e72-8140-c4bdea3bfacf 0.103s
2025-11-21 23:08:38.564 66266 INFO tempest.lib.common.rest_client [req-0ef76f04-7acb-45c4-9c4c-f85eb8d70ccc req-0ef76f04-7acb-45c4-9c4c-f85eb8d70ccc ] Request (ServerActionsTestJSON:setUpClass): 200 GET http://10.180.1.21/compute/v2.1/servers/7aa971d0-63ac-451d-94c8-48cec0c4856e 0.196s
2025-11-21 23:08:38.573 66280 INFO tempest.lib.common.rest_client [req-49c71dde-a552-4fc8-b1b4-6659f698e8e1 req-49c71dde-a552-4fc8-b1b4-6659f698e8e1 ] Request (ServerRescueNegativeTestJSON:test_rescued_vm_detach_volume): 200 GET http://10.180.1.21/compute/v2.1/servers/adbd2dab-2d09-44b1-bee8-2e8123516b3b 0.146s
2025-11-21 23:08:38.598 66286 INFO tempest.lib.common.rest_client [req-86132c8c-43f5-4571-bd92-686a472e1d05 req-86132c8c-43f5-4571-bd92-686a472e1d05 ] Request (ServersTestMultiNic:_run_cleanups): 404 GET http://10.180.1.21/compute/v2.1/servers/8893416e-5e71-4627-8ad8-b2a0f90f812d 0.075s
2025-11-21 23:08:38.717 66258 INFO tempest.lib.common.rest_client [req-476bcb65-c24b-43ea-b5b9-ca8afa2bb290 req-476bcb65-c24b-43ea-b5b9-ca8afa2bb290 ] Request (DeleteServersTestJSON:test_delete_server_while_in_shelved_state): 200 GET http://10.180.1.21/compute/v2.1/servers/128e1b4d-8316-42ad-8fff-2bc283144c4e 0.100s
2025-11-21 23:08:38.743 66304 INFO tempest.lib.common.rest_client [req-8297a334-f2f8-4d37-97cc-83efbee263c6 req-8297a334-f2f8-4d37-97cc-83efbee263c6 ] Request (ServerActionsTestOtherB:test_resize_server_confirm_from_stopped): 200 GET http://10.180.1.21/compute/v2.1/servers/a9a7b0d1-809c-4ef8-bbc4-5786bf23d4bd 0.188s
2025-11-21 23:08:38.768 66286 INFO tempest.lib.common.rest_client [req-b473789d-9876-4615-9772-82b336a2dc59 req-b473789d-9876-4615-9772-82b336a2dc59 ] Request (ServersTestMultiNic:_run_cleanups): 204 DELETE http://10.180.1.21/networking/v2.0/subnets/848e9a3c-e8e4-40b1-91a1-c8fabf5410c2 0.169s
2025-11-21 23:08:38.816 66290 INFO tempest.lib.common.rest_client [req-232da162-7994-46c4-bd0f-66f109c1b4a5 req-232da162-7994-46c4-bd0f-66f109c1b4a5 ] Request (ServersNegativeTestMultiTenantJSON:setUpClass): 200 GET http://10.180.1.21/compute/v2.1/servers/8612e025-75a7-47c2-aa5f-a29e70a5f2b4 0.188s
2025-11-21 23:08:38.834 66264 INFO tempest.lib.common.rest_client [req-b930cdf0-b86f-4450-9a0b-1058b8e6925a req-b930cdf0-b86f-4450-9a0b-1058b8e6925a ] Request (ImagesOneServerNegativeTestJSON:_run_cleanups): 200 GET http://10.180.1.21/compute/v2.1/servers/a00558d3-80bd-4458-b5d4-a1f9eb043e3e 0.153s
2025-11-21 23:08:38.874 66278 INFO tempest.lib.common.rest_client [req-182b7cb5-4a90-4430-86a5-12dd3356e1d6 req-182b7cb5-4a90-4430-86a5-12dd3356e1d6 ] Request (ServerMetadataNegativeTestJSON:tearDownClass): 200 GET http://10.180.1.21/compute/v2.1/servers/74a7a33a-ae62-45a6-b8ac-65463f7d10ba 0.185s
2025-11-21 23:08:38.922 66282 INFO tempest.lib.common.rest_client [req-5c76fb4d-771c-4a99-b56d-29ab1436450b req-5c76fb4d-771c-4a99-b56d-29ab1436450b ] Request (ImagesTestJSON:test_create_image_from_suspended_server): 200 GET http://10.180.1.21/compute/v2.1/servers/9e136e19-8ece-4b65-902f-c6af667f9d6b 0.189s
2025-11-21 23:08:38.977 66246 INFO tempest.lib.common.rest_client [req-0f0e8edd-f9f0-41a4-96f2-7ce5a0ca1927 req-0f0e8edd-f9f0-41a4-96f2-7ce5a0ca1927 ] Request (ListImageFiltersTestJSON:setUpClass): 200 GET http://10.180.1.21/compute/v2.1/images/a775f490-642f-4497-b779-8c179f1b6efd 0.198s
2025-11-21 23:08:38.979 66302 INFO tempest.lib.common.rest_client [req-8c9d6641-9d0e-4295-abe7-272b9dc6b926 req-8c9d6641-9d0e-4295-abe7-272b9dc6b926 ] Request (FloatingIPsAssociationNegativeTestJSON:setUpClass): 200 GET http://10.180.1.21/compute/v2.1/servers/ca67416a-30fc-4c56-9201-5f2eccada52a 0.238s
2025-11-21 23:08:39.058 66250 INFO tempest.lib.common.rest_client [req-b8d62750-4c0b-496e-8c35-2fecaf1d164b req-b8d62750-4c0b-496e-8c35-2fecaf1d164b ] Request (ServerRescueTestJSONUnderV235:setUpClass): 200 GET http://10.180.1.21/compute/v2.1/servers/c93af002-ef45-43b3-8405-9633970e5020 0.225s
2025-11-21 23:08:39.064 66286 INFO tempest.lib.common.rest_client [req-53d38ee4-f3fa-4874-807e-7bafe529c92d req-53d38ee4-f3fa-4874-807e-7bafe529c92d ] Request (ServersTestMultiNic:_run_cleanups): 204 DELETE http://10.180.1.21/networking/v2.0/networks/d1fd4ed2-8fde-4232-986a-34cce47ec94e 0.296s
2025-11-21 23:08:39.226 66286 INFO tempest.lib.common.rest_client [req-79d57d5d-96c4-46b3-9bfc-8e3f06a7c871 req-79d57d5d-96c4-46b3-9bfc-8e3f06a7c871 ] Request (ServersTestMultiNic:_run_cleanups): 204 DELETE http://10.180.1.21/networking/v2.0/subnets/f8b1f3bf-d3e5-444d-8c7a-1440e11ed559 0.161s
2025-11-21 23:08:39.259 66254 INFO tempest.lib.common.rest_client [req-83c3c3a1-65fa-44d5-bf09-ca279bda3602 req-83c3c3a1-65fa-44d5-bf09-ca279bda3602 ] Request (SecurityGroupsTestJSON:test_server_security_groups): 200 GET http://10.180.1.21/compute/v2.1/servers/9d967bb3-ca02-45b4-a7eb-b92bc25e201f 0.367s
2025-11-21 23:08:39.270 66254 INFO tempest.common.waiters [-] State transition "HARD_REBOOT/reboot_started_hard" ==> "ACTIVE/None" after 6 second wait
2025-11-21 23:08:39.281 66288 INFO tempest.lib.common.rest_client [req-69a7473f-42f8-4750-9d43-c99e64e59481 req-69a7473f-42f8-4750-9d43-c99e64e59481 ] Request (ListServersNegativeTestJSON:tearDownClass): 200 GET http://10.180.1.21/compute/v2.1/servers/4747ae89-2b3c-4a3a-8b94-f1978c50f22c 0.389s
2025-11-21 23:08:39.629 66286 INFO tempest.lib.common.rest_client [req-96c6e35a-1bab-4216-9fdb-813f4eb3c9c3 req-96c6e35a-1bab-4216-9fdb-813f4eb3c9c3 ] Request (ServersTestMultiNic:_run_cleanups): 204 DELETE http://10.180.1.21/networking/v2.0/networks/ce25d4dd-3c56-4dfc-9b16-93e9b6f91163 0.402s
2025-11-21 23:08:39.642 66306 INFO tempest.lib.common.rest_client [req-08a99f97-e67e-4487-8931-4fa93b91d864 req-08a99f97-e67e-4487-8931-4fa93b91d864 ] Request (ServersAdminNegativeTestJSON:tearDownClass): 200 GET http://10.180.1.21/compute/v2.1/servers/c236f7a3-276e-4c84-8c52-fcbff4af3212 0.659s
2025-11-21 23:08:39.670 66260 INFO tempest.lib.common.rest_client [req-e7491201-7209-4156-89a9-d336645f437f req-e7491201-7209-4156-89a9-d336645f437f ] Request (ServersAdminTestJSON:tearDownClass): 200 GET http://10.180.1.21/compute/v2.1/servers/49c5a548-b057-4af4-a4c3-1197f9cc7c7b 0.548s
2025-11-21 23:08:39.737 66276 INFO tempest.lib.common.rest_client [req-487c5d1a-5221-4709-b61c-23a05bf9d3fd req-487c5d1a-5221-4709-b61c-23a05bf9d3fd ] Request (ServersTestFqdnHostnames:tearDownClass): 200 GET http://10.180.1.21/compute/v2.1/servers/9a5f4dd8-6ab8-4753-a2cb-30c4a3410ecb 0.612s
2025-11-21 23:08:39.759 66268 INFO tempest.lib.common.rest_client [req-7ca4121a-c08b-4407-bf54-e66c2d94893e req-7ca4121a-c08b-4407-bf54-e66c2d94893e ] Request (FloatingIPsAssociationTestJSON:tearDownClass): 200 GET http://10.180.1.21/compute/v2.1/servers/8492b439-7227-4f11-9437-bec4f0046113 0.569s
2025-11-21 23:08:39.788 66286 INFO tempest.lib.common.rest_client [req-9a0bae1d-9212-415d-ad9d-653f5740bc39 req-9a0bae1d-9212-415d-ad9d-653f5740bc39 ] Request (ServersTestMultiNic:test_verify_multiple_nics_order): 201 POST http://10.180.1.21/networking/v2.0/networks 0.158s
2025-11-21 23:08:39.802 66256 INFO tempest.lib.common.rest_client [req-eed5ff39-9e7b-4518-820f-2ef63e259ddc req-eed5ff39-9e7b-4518-820f-2ef63e259ddc ] Request (MigrationsAdminTest:test_resize_server_revert_deleted_flavor): 200 GET http://10.180.1.21/compute/v2.1/servers/d4054d51-f42b-492e-b339-187de809038a 0.552s
2025-11-21 23:08:39.814 66294 INFO tempest.lib.common.rest_client [req-7162b49d-2a5c-4a20-9c77-3fc004327198 req-7162b49d-2a5c-4a20-9c77-3fc004327198 ] Request (ImagesOneServerTestJSON:test_create_image_specify_multibyte_character_image_name): 200 GET http://10.180.1.21/compute/v2.1/images/5c7d3de4-d1c8-44c9-a6e0-e9eb5c08e483 0.558s
2025-11-21 23:08:39.902 66296 INFO tempest.lib.common.rest_client [req-5de94eb5-d503-43ac-b6f1-df7091620106 req-5de94eb5-d503-43ac-b6f1-df7091620106 ] Request (ServerAddressesNegativeTestJSON:tearDownClass): 200 GET http://10.180.1.21/compute/v2.1/servers/17144923-8f3a-4e3b-8fd7-cb519a6ffbe5 0.443s
2025-11-21 23:08:40.029 66286 INFO tempest.lib.common.rest_client [req-11afae6c-6edc-435f-8991-3d2a8324d9a6 req-11afae6c-6edc-435f-8991-3d2a8324d9a6 ] Request (ServersTestMultiNic:test_verify_multiple_nics_order): 201 POST http://10.180.1.21/networking/v2.0/subnets 0.239s
2025-11-21 23:08:40.056 66272 INFO tempest.lib.common.rest_client [req-23c90b5c-07d7-4301-8c62-18ad3ec79760 req-23c90b5c-07d7-4301-8c62-18ad3ec79760 ] Request (MultipleCreateTestJSON:test_multiple_create_with_reservation_return): 200 GET http://10.180.1.21/compute/v2.1/servers/006b9cfc-e15d-4e72-8140-c4bdea3bfacf 0.534s
2025-11-21 23:08:40.068 66272 INFO tempest.common.waiters [-] State transition "BUILD/scheduling" ==> "BUILD/None" after 3 second wait
2025-11-21 23:08:40.178 66286 INFO tempest.lib.common.rest_client [req-17454b9e-4240-4ab9-b22f-7e3393f5110c req-17454b9e-4240-4ab9-b22f-7e3393f5110c ] Request (ServersTestMultiNic:test_verify_multiple_nics_order): 201 POST http://10.180.1.21/networking/v2.0/networks 0.148s
2025-11-21 23:08:40.226 66254 INFO tempest.lib.common.rest_client [req-606bd3a4-c008-4b35-bf69-ee689877aa96 req-606bd3a4-c008-4b35-bf69-ee689877aa96 ] Request (SecurityGroupsTestJSON:test_server_security_groups): 202 POST http://10.180.1.21/compute/v2.1/servers/9d967bb3-ca02-45b4-a7eb-b92bc25e201f/action 0.955s
2025-11-21 23:08:40.343 66280 INFO tempest.lib.common.rest_client [req-f9cfc459-82bc-4744-b0ff-972c8e4619b7 req-f9cfc459-82bc-4744-b0ff-972c8e4619b7 ] Request (ServerRescueNegativeTestJSON:test_rescued_vm_detach_volume): 200 GET http://10.180.1.21/compute/v2.1/servers/adbd2dab-2d09-44b1-bee8-2e8123516b3b 0.761s
2025-11-21 23:08:40.374 66266 INFO tempest.lib.common.rest_client [req-c2f04c73-2ea3-49d0-8edc-acf419edc626 req-c2f04c73-2ea3-49d0-8edc-acf419edc626 ] Request (ServerActionsTestJSON:setUpClass): 200 GET http://10.180.1.21/compute/v2.1/servers/7aa971d0-63ac-451d-94c8-48cec0c4856e 0.800s
2025-11-21 23:08:40.415 66258 INFO tempest.lib.common.rest_client [req-90d87d92-e785-48c6-95f6-5b204d22a184 req-90d87d92-e785-48c6-95f6-5b204d22a184 ] Request (DeleteServersTestJSON:test_delete_server_while_in_shelved_state): 200 GET http://10.180.1.21/compute/v2.1/servers/128e1b4d-8316-42ad-8fff-2bc283144c4e 0.689s
2025-11-21 23:08:40.462 66286 INFO tempest.lib.common.rest_client [req-6edc95fd-31fa-4a81-9003-eddf0e4a790c req-6edc95fd-31fa-4a81-9003-eddf0e4a790c ] Request (ServersTestMultiNic:test_verify_multiple_nics_order): 201 POST http://10.180.1.21/networking/v2.0/subnets 0.284s
2025-11-21 23:08:40.499 66304 INFO tempest.lib.common.rest_client [req-9fafd12c-5a7e-4d5e-8817-e9fda85e3f99 req-9fafd12c-5a7e-4d5e-8817-e9fda85e3f99 ] Request (ServerActionsTestOtherB:test_resize_server_confirm_from_stopped): 200 GET http://10.180.1.21/compute/v2.1/servers/a9a7b0d1-809c-4ef8-bbc4-5786bf23d4bd 0.747s
2025-11-21 23:08:40.548 66286 INFO tempest.lib.common.rest_client [req-d288b473-ec3d-4233-a4e5-21cb52e1ecdf req-d288b473-ec3d-4233-a4e5-21cb52e1ecdf ] Request (ServersTestMultiNic:test_verify_multiple_nics_order): 201 POST http://10.180.1.21/identity/v3/auth/tokens 0.083s
2025-11-21 23:08:40.549 66286 INFO tempest.lib.common.fixed_network [-] (ServersTestMultiNic:test_verify_multiple_nics_order) Found network {'id': 'a4406580-08b6-43b8-ba60-a31f23f460eb', 'name': 'tempest-ServersTestMultiNic-1858358222-network', 'tenant_id': 'e1418d5ad8f44b44bd9df6f2df32972a', 'project_id': 'e1418d5ad8f44b44bd9df6f2df32972a', 'admin_state_up': True, 'mtu': 8950, 'status': 'ACTIVE', 'subnets': [], 'shared': False, 'port_security_enabled': True, 'router:external': False, 'provider:network_type': 'vlan', 'provider:physical_network': 'default', 'provider:segmentation_id': 128, 'availability_zone_hints': [], 'availability_zones': [], 'ipv4_address_scope': None, 'ipv6_address_scope': None, 'description': '', 'tags': [], 'created_at': '2025-11-21T23:06:34Z', 'updated_at': '2025-11-21T23:06:34Z', 'revision_number': 1} available for tenant
2025-11-21 23:08:40.583 66264 INFO tempest.lib.common.rest_client [req-f4a661aa-8158-4494-b85e-825403637cbd req-f4a661aa-8158-4494-b85e-825403637cbd ] Request (ImagesOneServerNegativeTestJSON:_run_cleanups): 200 GET http://10.180.1.21/compute/v2.1/servers/a00558d3-80bd-4458-b5d4-a1f9eb043e3e 0.741s
2025-11-21 23:08:40.583 66290 INFO tempest.lib.common.rest_client [req-f612d545-921f-4b7b-8ed4-148502933279 req-f612d545-921f-4b7b-8ed4-148502933279 ] Request (ServersNegativeTestMultiTenantJSON:setUpClass): 200 GET http://10.180.1.21/compute/v2.1/servers/8612e025-75a7-47c2-aa5f-a29e70a5f2b4 0.759s
2025-11-21 23:08:40.661 66282 INFO tempest.lib.common.rest_client [req-6452c56f-03aa-48f9-8784-79a8dd839269 req-6452c56f-03aa-48f9-8784-79a8dd839269 ] Request (ImagesTestJSON:test_create_image_from_suspended_server): 200 GET http://10.180.1.21/compute/v2.1/servers/9e136e19-8ece-4b65-902f-c6af667f9d6b 0.728s
2025-11-21 23:08:40.669 66278 INFO tempest.lib.common.rest_client [req-c62c6d2b-9735-4bfe-965b-f81447e05fe4 req-c62c6d2b-9735-4bfe-965b-f81447e05fe4 ] Request (ServerMetadataNegativeTestJSON:tearDownClass): 200 GET http://10.180.1.21/compute/v2.1/servers/74a7a33a-ae62-45a6-b8ac-65463f7d10ba 0.787s
2025-11-21 23:08:40.704 66246 INFO tempest.lib.common.rest_client [req-8d95a64a-be48-4719-b6ec-76e925b8e10b req-8d95a64a-be48-4719-b6ec-76e925b8e10b ] Request (ListImageFiltersTestJSON:setUpClass): 200 GET http://10.180.1.21/compute/v2.1/images/a775f490-642f-4497-b779-8c179f1b6efd 0.716s
2025-11-21 23:08:40.735 66302 INFO tempest.lib.common.rest_client [req-20fb9072-0b66-4343-970c-cd8aa404d65d req-20fb9072-0b66-4343-970c-cd8aa404d65d ] Request (FloatingIPsAssociationNegativeTestJSON:setUpClass): 200 GET http://10.180.1.21/compute/v2.1/servers/ca67416a-30fc-4c56-9201-5f2eccada52a 0.746s
2025-11-21 23:08:40.759 66250 INFO tempest.lib.common.rest_client [req-57bf7728-aff9-44f7-9c60-1c64bb828adf req-57bf7728-aff9-44f7-9c60-1c64bb828adf ] Request (ServerRescueTestJSONUnderV235:setUpClass): 200 GET http://10.180.1.21/compute/v2.1/servers/c93af002-ef45-43b3-8405-9633970e5020 0.687s
2025-11-21 23:08:40.797 66254 INFO tempest.lib.common.rest_client [req-c5af5444-7302-454c-be98-9a8032f3e1aa req-c5af5444-7302-454c-be98-9a8032f3e1aa ] Request (SecurityGroupsTestJSON:test_server_security_groups): 400 DELETE http://10.180.1.21/compute/v2.1/os-security-groups/0e43e81e-d8ce-4e55-a3be-4364643339e4 0.571s
2025-11-21 23:08:40.823 66288 INFO tempest.lib.common.rest_client [req-ed16142c-b372-4492-809f-6ad166e579a8 req-ed16142c-b372-4492-809f-6ad166e579a8 ] Request (ListServersNegativeTestJSON:tearDownClass): 200 GET http://10.180.1.21/compute/v2.1/servers/4747ae89-2b3c-4a3a-8b94-f1978c50f22c 0.533s
2025-11-21 23:08:40.896 66306 INFO tempest.lib.common.rest_client [req-70e28642-e69e-45a4-b51b-962c0cf5c653 req-70e28642-e69e-45a4-b51b-962c0cf5c653 ] Request (ServersAdminNegativeTestJSON:tearDownClass): 200 GET http://10.180.1.21/compute/v2.1/servers/c236f7a3-276e-4c84-8c52-fcbff4af3212 0.244s
2025-11-21 23:08:40.956 66260 INFO tempest.lib.common.rest_client [req-c1efb23b-9c75-4d2b-b0f2-8463a115b12e req-c1efb23b-9c75-4d2b-b0f2-8463a115b12e ] Request (ServersAdminTestJSON:tearDownClass): 200 GET http://10.180.1.21/compute/v2.1/servers/49c5a548-b057-4af4-a4c3-1197f9cc7c7b 0.264s
2025-11-21 23:08:41.017 66276 INFO tempest.lib.common.rest_client [req-adb91d3d-392d-4f2d-9786-117467cf50ea req-adb91d3d-392d-4f2d-9786-117467cf50ea ] Request (ServersTestFqdnHostnames:tearDownClass): 200 GET http://10.180.1.21/compute/v2.1/servers/9a5f4dd8-6ab8-4753-a2cb-30c4a3410ecb 0.267s
2025-11-21 23:08:41.027 66276 INFO tempest.common.waiters [-] State transition "ACTIVE/deleting" ==> "DELETED/None" after 5 second wait
2025-11-21 23:08:41.083 66268 INFO tempest.lib.common.rest_client [req-2658ef3f-c0c5-4bad-9403-d232f6cce02d req-2658ef3f-c0c5-4bad-9403-d232f6cce02d ] Request (FloatingIPsAssociationTestJSON:tearDownClass): 200 GET http://10.180.1.21/compute/v2.1/servers/8492b439-7227-4f11-9437-bec4f0046113 0.314s
2025-11-21 23:08:41.160 66254 INFO tempest.lib.common.rest_client [req-ab82af0a-dd3f-40f1-b6a9-308ef91008f7 req-ab82af0a-dd3f-40f1-b6a9-308ef91008f7 ] Request (SecurityGroupsTestJSON:test_server_security_groups): 204 DELETE http://10.180.1.21/compute/v2.1/servers/9d967bb3-ca02-45b4-a7eb-b92bc25e201f 0.363s
2025-11-21 23:08:41.219 66256 INFO tempest.lib.common.rest_client [req-9d3a74b9-c51e-4006-b735-6f88b677b1ca req-9d3a74b9-c51e-4006-b735-6f88b677b1ca ] Request (MigrationsAdminTest:test_resize_server_revert_deleted_flavor): 200 GET http://10.180.1.21/compute/v2.1/servers/d4054d51-f42b-492e-b339-187de809038a 0.407s
2025-11-21 23:08:41.238 66286 INFO tempest.lib.common.rest_client [req-28d65c22-47dd-4f6f-a4a8-f660b98c555d req-28d65c22-47dd-4f6f-a4a8-f660b98c555d ] Request (ServersTestMultiNic:test_verify_multiple_nics_order): 202 POST http://10.180.1.21/compute/v2.1/servers 0.689s
2025-11-21 23:08:41.260 66294 INFO tempest.lib.common.rest_client [req-1c97fa55-7f89-4a52-9321-567578ac8eb3 req-1c97fa55-7f89-4a52-9321-567578ac8eb3 ] Request (ImagesOneServerTestJSON:test_create_image_specify_multibyte_character_image_name): 200 GET http://10.180.1.21/compute/v2.1/images/5c7d3de4-d1c8-44c9-a6e0-e9eb5c08e483 0.438s
2025-11-21 23:08:41.304 66296 INFO tempest.lib.common.rest_client [req-1b62397d-dc34-460c-bed8-41433939e79f req-1b62397d-dc34-460c-bed8-41433939e79f ] Request (ServerAddressesNegativeTestJSON:tearDownClass): 200 GET http://10.180.1.21/compute/v2.1/servers/17144923-8f3a-4e3b-8fd7-cb519a6ffbe5 0.391s
2025-11-21 23:08:41.319 66272 INFO tempest.lib.common.rest_client [req-364aaaac-932d-4943-b39c-43f665177d8a req-364aaaac-932d-4943-b39c-43f665177d8a ] Request (MultipleCreateTestJSON:test_multiple_create_with_reservation_return): 200 GET http://10.180.1.21/compute/v2.1/servers/006b9cfc-e15d-4e72-8140-c4bdea3bfacf 0.249s
2025-11-21 23:08:41.365 66286 INFO tempest.lib.common.rest_client [req-6420dc1b-8bf9-4b08-93e3-81298c6e593b req-6420dc1b-8bf9-4b08-93e3-81298c6e593b ] Request (ServersTestMultiNic:test_verify_multiple_nics_order): 200 GET http://10.180.1.21/compute/v2.1/servers/b5f5d0ab-b35e-4627-ba32-d02d91721cba 0.124s
2025-11-21 23:08:41.457 66254 INFO tempest.lib.common.rest_client [req-5dab5f2f-5af6-43c4-bc6f-c9a57b58b5e4 req-5dab5f2f-5af6-43c4-bc6f-c9a57b58b5e4 ] Request (SecurityGroupsTestJSON:test_server_security_groups): 200 GET http://10.180.1.21/compute/v2.1/servers/9d967bb3-ca02-45b4-a7eb-b92bc25e201f 0.296s
2025-11-21 23:08:41.458 66280 INFO tempest.lib.common.rest_client [req-66d890d6-38ed-4dc7-8a7e-0845a2f33c79 req-66d890d6-38ed-4dc7-8a7e-0845a2f33c79 ] Request (ServerRescueNegativeTestJSON:test_rescued_vm_detach_volume): 200 GET http://10.180.1.21/compute/v2.1/servers/adbd2dab-2d09-44b1-bee8-2e8123516b3b 0.106s
2025-11-21 23:08:41.523 66258 INFO tempest.lib.common.rest_client [req-f55310b4-ae4b-4438-9866-7b952cf5b88f req-f55310b4-ae4b-4438-9866-7b952cf5b88f ] Request (DeleteServersTestJSON:test_delete_server_while_in_shelved_state): 200 GET http://10.180.1.21/compute/v2.1/servers/128e1b4d-8316-42ad-8fff-2bc283144c4e 0.100s
2025-11-21 23:08:41.531 66258 INFO tempest.common.waiters [-] State transition "BUILD/None" ==> "BUILD/networking" after 37 second wait
2025-11-21 23:08:41.581 66266 INFO tempest.lib.common.rest_client [req-59641049-daa1-4326-8fc7-4458d9aacf5b req-59641049-daa1-4326-8fc7-4458d9aacf5b ] Request (ServerActionsTestJSON:setUpClass): 200 GET http://10.180.1.21/compute/v2.1/servers/7aa971d0-63ac-451d-94c8-48cec0c4856e 0.198s
2025-11-21 23:08:41.749 66304 INFO tempest.lib.common.rest_client [req-e3c12a86-c2fc-4481-8724-d2314d73b82e req-e3c12a86-c2fc-4481-8724-d2314d73b82e ] Request (ServerActionsTestOtherB:test_resize_server_confirm_from_stopped): 200 GET http://10.180.1.21/compute/v2.1/servers/a9a7b0d1-809c-4ef8-bbc4-5786bf23d4bd 0.241s
2025-11-21 23:08:41.785 66290 INFO tempest.lib.common.rest_client [req-6254d8b7-1bcc-4d6d-ba1f-5bee17bfdc46 req-6254d8b7-1bcc-4d6d-ba1f-5bee17bfdc46 ] Request (ServersNegativeTestMultiTenantJSON:setUpClass): 200 GET http://10.180.1.21/compute/v2.1/servers/8612e025-75a7-47c2-aa5f-a29e70a5f2b4 0.191s
2025-11-21 23:08:41.842 66264 INFO tempest.lib.common.rest_client [req-710f66ee-c6ca-43d0-b3d6-7ad1155f6a3c req-710f66ee-c6ca-43d0-b3d6-7ad1155f6a3c ] Request (ImagesOneServerNegativeTestJSON:_run_cleanups): 200 GET http://10.180.1.21/compute/v2.1/servers/a00558d3-80bd-4458-b5d4-a1f9eb043e3e 0.247s
2025-11-21 23:08:41.860 66282 INFO tempest.lib.common.rest_client [req-6fd0f3c8-cd35-4714-87ff-0c113eaad09f req-6fd0f3c8-cd35-4714-87ff-0c113eaad09f ] Request (ImagesTestJSON:test_create_image_from_suspended_server): 200 GET http://10.180.1.21/compute/v2.1/servers/9e136e19-8ece-4b65-902f-c6af667f9d6b 0.190s
2025-11-21 23:08:41.916 66246 INFO tempest.lib.common.rest_client [req-196b6679-97de-494c-b6d8-f4175981867b req-196b6679-97de-494c-b6d8-f4175981867b ] Request (ListImageFiltersTestJSON:setUpClass): 200 GET http://10.180.1.21/compute/v2.1/images/a775f490-642f-4497-b779-8c179f1b6efd 0.208s
2025-11-21 23:08:41.946 66278 INFO tempest.lib.common.rest_client [req-f5c41bb6-2a95-40ab-be78-5149b1150989 req-f5c41bb6-2a95-40ab-be78-5149b1150989 ] Request (ServerMetadataNegativeTestJSON:tearDownClass): 200 GET http://10.180.1.21/compute/v2.1/servers/74a7a33a-ae62-45a6-b8ac-65463f7d10ba 0.267s
2025-11-21 23:08:41.998 66302 INFO tempest.lib.common.rest_client [req-b0bf85a5-0618-4ad9-94b3-e4d4c1eb8f5a req-b0bf85a5-0618-4ad9-94b3-e4d4c1eb8f5a ] Request (FloatingIPsAssociationNegativeTestJSON:setUpClass): 200 GET http://10.180.1.21/compute/v2.1/servers/ca67416a-30fc-4c56-9201-5f2eccada52a 0.254s
2025-11-21 23:08:42.027 66250 INFO tempest.lib.common.rest_client [req-d7a7b199-141b-4ba5-ab64-1508700e18fc req-d7a7b199-141b-4ba5-ab64-1508700e18fc ] Request (ServerRescueTestJSONUnderV235:setUpClass): 200 GET http://10.180.1.21/compute/v2.1/servers/c93af002-ef45-43b3-8405-9633970e5020 0.259s
2025-11-21 23:08:42.113 66306 INFO tempest.lib.common.rest_client [req-bcea0505-fbe6-4a41-8fc5-90b9e5197748 req-bcea0505-fbe6-4a41-8fc5-90b9e5197748 ] Request (ServersAdminNegativeTestJSON:tearDownClass): 200 GET http://10.180.1.21/compute/v2.1/servers/c236f7a3-276e-4c84-8c52-fcbff4af3212 0.209s
2025-11-21 23:08:42.136 66288 INFO tempest.lib.common.rest_client [req-ea343874-2e9a-49df-af7d-7f2e608ef526 req-ea343874-2e9a-49df-af7d-7f2e608ef526 ] Request (ListServersNegativeTestJSON:tearDownClass): 200 GET http://10.180.1.21/compute/v2.1/servers/4747ae89-2b3c-4a3a-8b94-f1978c50f22c 0.303s
2025-11-21 23:08:42.203 66260 INFO tempest.lib.common.rest_client [req-104c712b-84e5-4820-ad81-50050e98ecca req-104c712b-84e5-4820-ad81-50050e98ecca ] Request (ServersAdminTestJSON:tearDownClass): 200 GET http://10.180.1.21/compute/v2.1/servers/49c5a548-b057-4af4-a4c3-1197f9cc7c7b 0.237s
2025-11-21 23:08:42.222 66276 INFO tempest.lib.common.rest_client [req-3ae5b999-2bb9-484d-8b1c-a3d762522e68 req-3ae5b999-2bb9-484d-8b1c-a3d762522e68 ] Request (ServersTestFqdnHostnames:tearDownClass): 200 GET http://10.180.1.21/compute/v2.1/servers/9a5f4dd8-6ab8-4753-a2cb-30c4a3410ecb 0.194s
2025-11-21 23:08:42.293 66268 INFO tempest.lib.common.rest_client [req-baf7fe07-505c-49df-aa70-58126b28cd66 req-baf7fe07-505c-49df-aa70-58126b28cd66 ] Request (FloatingIPsAssociationTestJSON:tearDownClass): 200 GET http://10.180.1.21/compute/v2.1/servers/8492b439-7227-4f11-9437-bec4f0046113 0.198s
2025-11-21 23:08:42.312 66256 INFO tempest.lib.common.rest_client [req-1c2aecfc-b57f-40f6-8d0c-6bfc333c6843 req-1c2aecfc-b57f-40f6-8d0c-6bfc333c6843 ] Request (MigrationsAdminTest:test_resize_server_revert_deleted_flavor): 200 GET http://10.180.1.21/compute/v2.1/servers/d4054d51-f42b-492e-b339-187de809038a 0.084s
2025-11-21 23:08:42.393 66296 INFO tempest.lib.common.rest_client [req-431ba3c6-c570-4d58-9324-afaf880fd3d8 req-431ba3c6-c570-4d58-9324-afaf880fd3d8 ] Request (ServerAddressesNegativeTestJSON:tearDownClass): 200 GET http://10.180.1.21/compute/v2.1/servers/17144923-8f3a-4e3b-8fd7-cb519a6ffbe5 0.079s
2025-11-21 23:08:42.451 66272 INFO tempest.lib.common.rest_client [req-29a76ed3-ab82-4856-a5ee-fed03edc6cb2 req-29a76ed3-ab82-4856-a5ee-fed03edc6cb2 ] Request (MultipleCreateTestJSON:test_multiple_create_with_reservation_return): 200 GET http://10.180.1.21/compute/v2.1/servers/006b9cfc-e15d-4e72-8140-c4bdea3bfacf 0.124s
2025-11-21 23:08:42.463 66308 WARNING tempest.lib.common.ssh [-] Failed to establish authenticated ssh connection to cirros@10.180.180.173 ([Errno None] Unable to connect to port 22 on 10.180.180.173). Number attempts: 4. Retry after 5 seconds.: paramiko.ssh_exception.NoValidConnectionsError: [Errno None] Unable to connect to port 22 on 10.180.180.173
2025-11-21 23:08:42.510 66286 INFO tempest.lib.common.rest_client [req-171c9d73-a1f9-494a-ae4a-dd1885e63d7b req-171c9d73-a1f9-494a-ae4a-dd1885e63d7b ] Request (ServersTestMultiNic:test_verify_multiple_nics_order): 200 GET http://10.180.1.21/compute/v2.1/servers/b5f5d0ab-b35e-4627-ba32-d02d91721cba 0.137s
2025-11-21 23:08:42.562 66280 INFO tempest.lib.common.rest_client [req-a1ccfee0-cdc7-4f18-93ab-6a2ec4593b46 req-a1ccfee0-cdc7-4f18-93ab-6a2ec4593b46 ] Request (ServerRescueNegativeTestJSON:test_rescued_vm_detach_volume): 200 GET http://10.180.1.21/compute/v2.1/servers/adbd2dab-2d09-44b1-bee8-2e8123516b3b 0.096s
2025-11-21 23:08:42.738 66254 INFO tempest.lib.common.rest_client [req-860e1571-6592-4dca-bf1f-fd75e30ecbdd req-860e1571-6592-4dca-bf1f-fd75e30ecbdd ] Request (SecurityGroupsTestJSON:test_server_security_groups): 200 GET http://10.180.1.21/compute/v2.1/servers/9d967bb3-ca02-45b4-a7eb-b92bc25e201f 0.272s
2025-11-21 23:08:42.812 66248 WARNING tempest.lib.common.ssh [-] Failed to establish authenticated ssh connection to cirros@10.180.180.139 ([Errno None] Unable to connect to port 22 on 10.180.180.139). Number attempts: 4. Retry after 5 seconds.: paramiko.ssh_exception.NoValidConnectionsError: [Errno None] Unable to connect to port 22 on 10.180.180.139
2025-11-21 23:08:42.880 66258 INFO tempest.lib.common.rest_client [req-54bc1009-3012-4bcc-b8ba-2795033f6b45 req-54bc1009-3012-4bcc-b8ba-2795033f6b45 ] Request (DeleteServersTestJSON:test_delete_server_while_in_shelved_state): 200 GET http://10.180.1.21/compute/v2.1/servers/128e1b4d-8316-42ad-8fff-2bc283144c4e 0.348s
2025-11-21 23:08:42.887 66258 INFO tempest.common.waiters [-] State transition "BUILD/networking" ==> "BUILD/spawning" after 38 second wait
2025-11-21 23:08:42.976 66292 WARNING tempest.lib.common.ssh [-] Failed to establish authenticated ssh connection to cirros@10.180.180.128 ([Errno None] Unable to connect to port 22 on 10.180.180.128). Number attempts: 12. Retry after 13 seconds.: paramiko.ssh_exception.NoValidConnectionsError: [Errno None] Unable to connect to port 22 on 10.180.180.128
2025-11-21 23:08:42.996 66266 INFO tempest.lib.common.rest_client [req-a27aa078-68be-4c9b-ac00-e6c94846d4e9 req-a27aa078-68be-4c9b-ac00-e6c94846d4e9 ] Request (ServerActionsTestJSON:setUpClass): 200 GET http://10.180.1.21/compute/v2.1/servers/7aa971d0-63ac-451d-94c8-48cec0c4856e 0.406s
2025-11-21 23:08:43.005 66266 INFO tempest.common.waiters [-] State transition "BUILD/spawning" ==> "ACTIVE/None" after 45 second wait
2025-11-21 23:08:43.144 66304 INFO tempest.lib.common.rest_client [req-f455403b-5d04-415e-8abe-5bb3c0db9a1c req-f455403b-5d04-415e-8abe-5bb3c0db9a1c ] Request (ServerActionsTestOtherB:test_resize_server_confirm_from_stopped): 200 GET http://10.180.1.21/compute/v2.1/servers/a9a7b0d1-809c-4ef8-bbc4-5786bf23d4bd 0.383s
2025-11-21 23:08:43.244 66290 INFO tempest.lib.common.rest_client [req-9e996475-c3db-4d1a-8cce-5b2130a8e2f3 req-9e996475-c3db-4d1a-8cce-5b2130a8e2f3 ] Request (ServersNegativeTestMultiTenantJSON:setUpClass): 200 GET http://10.180.1.21/compute/v2.1/servers/8612e025-75a7-47c2-aa5f-a29e70a5f2b4 0.450s
2025-11-21 23:08:43.305 66264 INFO tempest.lib.common.rest_client [req-2b1ff03c-f45a-4c4a-a718-46d539621210 req-2b1ff03c-f45a-4c4a-a718-46d539621210 ] Request (ImagesOneServerNegativeTestJSON:_run_cleanups): 200 GET http://10.180.1.21/compute/v2.1/servers/a00558d3-80bd-4458-b5d4-a1f9eb043e3e 0.447s
2025-11-21 23:08:43.356 66282 INFO tempest.lib.common.rest_client [req-b430683d-47a2-4029-8042-ca617338a4d9 req-b430683d-47a2-4029-8042-ca617338a4d9 ] Request (ImagesTestJSON:test_create_image_from_suspended_server): 200 GET http://10.180.1.21/compute/v2.1/servers/9e136e19-8ece-4b65-902f-c6af667f9d6b 0.486s
2025-11-21 23:08:43.829 66294 INFO tempest.lib.common.rest_client [req-ab16ac2a-aeef-4435-830a-c6820274fb97 req-ab16ac2a-aeef-4435-830a-c6820274fb97 ] Request (ImagesOneServerTestJSON:test_create_image_specify_multibyte_character_image_name): 200 GET http://10.180.1.21/compute/v2.1/images/5c7d3de4-d1c8-44c9-a6e0-e9eb5c08e483 1.563s
2025-11-21 23:08:43.837 66246 INFO tempest.lib.common.rest_client [req-84c3802e-0771-4e04-8ab1-059a2e9ce6b9 req-84c3802e-0771-4e04-8ab1-059a2e9ce6b9 ] Request (ListImageFiltersTestJSON:setUpClass): 200 GET http://10.180.1.21/compute/v2.1/images/a775f490-642f-4497-b779-8c179f1b6efd 0.915s
2025-11-21 23:08:43.968 66278 INFO tempest.lib.common.rest_client [req-06047220-d867-4f81-9dfb-e9c3eebc2898 req-06047220-d867-4f81-9dfb-e9c3eebc2898 ] Request (ServerMetadataNegativeTestJSON:tearDownClass): 200 GET http://10.180.1.21/compute/v2.1/servers/74a7a33a-ae62-45a6-b8ac-65463f7d10ba 1.008s
2025-11-21 23:08:43.979 66266 INFO tempest.lib.common.rest_client [req-53be7c5e-1278-4bed-b3fb-8f4acfc73d92 req-53be7c5e-1278-4bed-b3fb-8f4acfc73d92 ] Request (ServerActionsTestJSON:setUpClass): 200 GET http://10.180.1.21/compute/v2.1/servers/7aa971d0-63ac-451d-94c8-48cec0c4856e/os-interface 0.973s
2025-11-21 23:08:44.027 66302 INFO tempest.lib.common.rest_client [req-c77db4b6-70d0-4fdb-a001-8e429bb355b4 req-c77db4b6-70d0-4fdb-a001-8e429bb355b4 ] Request (FloatingIPsAssociationNegativeTestJSON:setUpClass): 200 GET http://10.180.1.21/compute/v2.1/servers/ca67416a-30fc-4c56-9201-5f2eccada52a 1.018s
2025-11-21 23:08:44.045 66250 INFO tempest.lib.common.rest_client [req-1bad53a2-6e3b-4cb3-9f38-002df861bb36 req-1bad53a2-6e3b-4cb3-9f38-002df861bb36 ] Request (ServerRescueTestJSONUnderV235:setUpClass): 200 GET http://10.180.1.21/compute/v2.1/servers/c93af002-ef45-43b3-8405-9633970e5020 1.009s
2025-11-21 23:08:44.089 66306 INFO tempest.lib.common.rest_client [req-d23ef2ae-a382-492b-8cb3-81ed4620fa50 req-d23ef2ae-a382-492b-8cb3-81ed4620fa50 ] Request (ServersAdminNegativeTestJSON:tearDownClass): 200 GET http://10.180.1.21/compute/v2.1/servers/c236f7a3-276e-4c84-8c52-fcbff4af3212 0.963s
2025-11-21 23:08:44.110 66288 INFO tempest.lib.common.rest_client [req-2cd50637-0449-4bba-a28e-c2b191eb5581 req-2cd50637-0449-4bba-a28e-c2b191eb5581 ] Request (ListServersNegativeTestJSON:tearDownClass): 200 GET http://10.180.1.21/compute/v2.1/servers/4747ae89-2b3c-4a3a-8b94-f1978c50f22c 0.960s
2025-11-21 23:08:44.148 66260 INFO tempest.lib.common.rest_client [req-0c810c1a-3304-4a18-9d84-03d68c769368 req-0c810c1a-3304-4a18-9d84-03d68c769368 ] Request (ServersAdminTestJSON:tearDownClass): 200 GET http://10.180.1.21/compute/v2.1/servers/49c5a548-b057-4af4-a4c3-1197f9cc7c7b 0.934s
2025-11-21 23:08:44.172 66276 INFO tempest.lib.common.rest_client [req-79ee9f19-ebef-4bed-9af2-6f7dec5661a7 req-79ee9f19-ebef-4bed-9af2-6f7dec5661a7 ] Request (ServersTestFqdnHostnames:tearDownClass): 200 GET http://10.180.1.21/compute/v2.1/servers/9a5f4dd8-6ab8-4753-a2cb-30c4a3410ecb 0.941s
2025-11-21 23:08:44.212 66268 INFO tempest.lib.common.rest_client [req-601b50c1-18c2-4161-924a-a85ad9404387 req-601b50c1-18c2-4161-924a-a85ad9404387 ] Request (FloatingIPsAssociationTestJSON:tearDownClass): 200 GET http://10.180.1.21/compute/v2.1/servers/8492b439-7227-4f11-9437-bec4f0046113 0.909s
2025-11-21 23:08:44.231 66256 INFO tempest.lib.common.rest_client [req-3a7188bf-c318-4335-9de8-286b48c1ad12 req-3a7188bf-c318-4335-9de8-286b48c1ad12 ] Request (MigrationsAdminTest:test_resize_server_revert_deleted_flavor): 200 GET http://10.180.1.21/compute/v2.1/servers/d4054d51-f42b-492e-b339-187de809038a 0.910s
2025-11-21 23:08:44.291 66296 INFO tempest.lib.common.rest_client [req-268f90dc-e329-47fb-b8b9-10a8f73085d9 req-268f90dc-e329-47fb-b8b9-10a8f73085d9 ] Request (ServerAddressesNegativeTestJSON:tearDownClass): 200 GET http://10.180.1.21/compute/v2.1/servers/17144923-8f3a-4e3b-8fd7-cb519a6ffbe5 0.887s
