2025-11-21 23:08:44.306 66272 INFO tempest.lib.common.rest_client [req-accf2966-0d5f-4756-ab59-23086f205a23 req-accf2966-0d5f-4756-ab59-23086f205a23 ] Request (MultipleCreateTestJSON:test_multiple_create_with_reservation_return): 200 GET http://10.180.1.21/compute/v2.1/servers/006b9cfc-e15d-4e72-8140-c4bdea3bfacf 0.847s
2025-11-21 23:08:44.346 66286 INFO tempest.lib.common.rest_client [req-7b6bc253-e74c-4033-859f-30911e787632 req-7b6bc253-e74c-4033-859f-30911e787632 ] Request (ServersTestMultiNic:test_verify_multiple_nics_order): 200 GET http://10.180.1.21/compute/v2.1/servers/b5f5d0ab-b35e-4627-ba32-d02d91721cba 0.828s
2025-11-21 23:08:44.353 66286 INFO tempest.common.waiters [-] State transition "BUILD/scheduling" ==> "BUILD/None" after 3 second wait
2025-11-21 23:08:44.365 66280 INFO tempest.lib.common.rest_client [req-e94d7c4f-8017-4b08-bf5e-df48dad2f9c0 req-e94d7c4f-8017-4b08-bf5e-df48dad2f9c0 ] Request (ServerRescueNegativeTestJSON:test_rescued_vm_detach_volume): 200 GET http://10.180.1.21/compute/v2.1/servers/adbd2dab-2d09-44b1-bee8-2e8123516b3b 0.792s
2025-11-21 23:08:44.436 66246 INFO tempest.lib.common.rest_client [req-8016740c-d468-459f-bc7e-bfd78e6dad7f req-8016740c-d468-459f-bc7e-bfd78e6dad7f ] Request (ListImageFiltersTestJSON:setUpClass): 200 GET http://10.180.1.21/compute/v2.1/images/a775f490-642f-4497-b779-8c179f1b6efd 0.596s
2025-11-21 23:08:44.442 66254 INFO tempest.lib.common.rest_client [req-fa656212-9f2a-46fe-9796-4c8982b2d863 req-fa656212-9f2a-46fe-9796-4c8982b2d863 ] Request (SecurityGroupsTestJSON:test_server_security_groups): 200 GET http://10.180.1.21/compute/v2.1/servers/9d967bb3-ca02-45b4-a7eb-b92bc25e201f 0.693s
2025-11-21 23:08:44.503 66266 INFO tempest.lib.common.rest_client [req-e0060541-f420-4b74-b582-28b05e16ac5f req-e0060541-f420-4b74-b582-28b05e16ac5f ] Request (ServerActionsTestJSON:setUpClass): 200 PUT http://10.180.1.21/networking/v2.0/floatingips/fe5d9384-7164-41e6-acf2-d389af555a26 0.521s
2025-11-21 23:08:44.505 66266 INFO tempest.lib.common.ssh [-] Creating ssh connection to '10.180.180.249:22' as 'cirros' with public key authentication
2025-11-21 23:08:44.549 66258 INFO tempest.lib.common.rest_client [req-777651a1-c8aa-4971-a91c-54b59b6a4169 req-777651a1-c8aa-4971-a91c-54b59b6a4169 ] Request (DeleteServersTestJSON:test_delete_server_while_in_shelved_state): 200 GET http://10.180.1.21/compute/v2.1/servers/128e1b4d-8316-42ad-8fff-2bc283144c4e 0.660s
2025-11-21 23:08:44.619 66304 INFO tempest.lib.common.rest_client [req-0483ae14-5b5c-401d-90db-09d78defa0bb req-0483ae14-5b5c-401d-90db-09d78defa0bb ] Request (ServerActionsTestOtherB:test_resize_server_confirm_from_stopped): 200 GET http://10.180.1.21/compute/v2.1/servers/a9a7b0d1-809c-4ef8-bbc4-5786bf23d4bd 0.465s
2025-11-21 23:08:44.702 66264 INFO tempest.lib.common.rest_client [req-9b04a64a-4325-49a3-9573-c7d0f704a920 req-9b04a64a-4325-49a3-9573-c7d0f704a920 ] Request (ImagesOneServerNegativeTestJSON:_run_cleanups): 200 GET http://10.180.1.21/compute/v2.1/servers/a00558d3-80bd-4458-b5d4-a1f9eb043e3e 0.388s
2025-11-21 23:08:44.730 66290 INFO tempest.lib.common.rest_client [req-a17878e6-05aa-4c45-a796-d7bd1772fd0d req-a17878e6-05aa-4c45-a796-d7bd1772fd0d ] Request (ServersNegativeTestMultiTenantJSON:setUpClass): 200 GET http://10.180.1.21/compute/v2.1/servers/8612e025-75a7-47c2-aa5f-a29e70a5f2b4 0.477s
2025-11-21 23:08:44.742 66290 INFO tempest.common.waiters [-] State transition "BUILD/spawning" ==> "ACTIVE/None" after 40 second wait
2025-11-21 23:08:44.770 66282 INFO tempest.lib.common.rest_client [req-df630776-32d2-454b-9ddb-4983eaf8a450 req-df630776-32d2-454b-9ddb-4983eaf8a450 ] Request (ImagesTestJSON:test_create_image_from_suspended_server): 200 GET http://10.180.1.21/compute/v2.1/servers/9e136e19-8ece-4b65-902f-c6af667f9d6b 0.407s
2025-11-21 23:08:44.881 66246 INFO tempest.lib.common.rest_client [req-ba701eac-7aa6-4db3-8491-8cbcb327ab14 req-ba701eac-7aa6-4db3-8491-8cbcb327ab14 ] Request (ListImageFiltersTestJSON:setUpClass): 200 GET http://10.180.1.21/compute/v2.1/servers/15d07cb4-28c3-4e3e-ae2a-b2e5fcbcd618 0.439s
2025-11-21 23:08:44.918 66290 INFO tempest.lib.common.rest_client [req-e2aa9d2b-5f58-42e8-9057-aaa8311f7ee7 req-e2aa9d2b-5f58-42e8-9057-aaa8311f7ee7 ] Request (ServersNegativeTestMultiTenantJSON:setUp): 200 GET http://10.180.1.21/compute/v2.1/servers/8612e025-75a7-47c2-aa5f-a29e70a5f2b4 0.174s
2025-11-21 23:08:44.937 66294 INFO tempest.lib.common.rest_client [req-962c1889-04cd-437c-92d5-acbbbe6c29ff req-962c1889-04cd-437c-92d5-acbbbe6c29ff ] Request (ImagesOneServerTestJSON:test_create_image_specify_multibyte_character_image_name): 200 GET http://10.180.1.21/compute/v2.1/images/5c7d3de4-d1c8-44c9-a6e0-e9eb5c08e483 0.100s
2025-11-21 23:08:45.047 66290 INFO tempest.lib.common.rest_client [req-3f51fe8d-34cf-44fd-8ae6-1baeba262dc6 req-3f51fe8d-34cf-44fd-8ae6-1baeba262dc6 ] Request (ServersNegativeTestMultiTenantJSON:test_delete_a_server_of_another_tenant): 404 DELETE http://10.180.1.21/compute/v2.1/servers/8612e025-75a7-47c2-aa5f-a29e70a5f2b4 0.116s
2025-11-21 23:08:45.081 66278 INFO tempest.lib.common.rest_client [req-02e1b275-e9fd-4b8b-8859-a21402115a94 req-02e1b275-e9fd-4b8b-8859-a21402115a94 ] Request (ServerMetadataNegativeTestJSON:tearDownClass): 200 GET http://10.180.1.21/compute/v2.1/servers/74a7a33a-ae62-45a6-b8ac-65463f7d10ba 0.103s
2025-11-21 23:08:45.122 66302 INFO tempest.lib.common.rest_client [req-6841cc14-c2f2-425b-9323-0e6b2d58aa7c req-6841cc14-c2f2-425b-9323-0e6b2d58aa7c ] Request (FloatingIPsAssociationNegativeTestJSON:setUpClass): 200 GET http://10.180.1.21/compute/v2.1/servers/ca67416a-30fc-4c56-9201-5f2eccada52a 0.087s
2025-11-21 23:08:45.175 66250 INFO tempest.lib.common.rest_client [req-6e9c9add-2564-42d9-aa11-dd5dee502b40 req-6e9c9add-2564-42d9-aa11-dd5dee502b40 ] Request (ServerRescueTestJSONUnderV235:setUpClass): 200 GET http://10.180.1.21/compute/v2.1/servers/c93af002-ef45-43b3-8405-9633970e5020 0.120s
2025-11-21 23:08:45.201 66290 INFO tempest.lib.common.rest_client [req-8b78ac71-8140-4992-9dde-2cc380291224 req-8b78ac71-8140-4992-9dde-2cc380291224 ] Request (ServersNegativeTestMultiTenantJSON:setUp): 200 GET http://10.180.1.21/compute/v2.1/servers/8612e025-75a7-47c2-aa5f-a29e70a5f2b4 0.151s
2025-11-21 23:08:45.233 66306 INFO tempest.lib.common.rest_client [req-05a4efb4-ebbf-4976-b3ad-4fdc70a084b1 req-05a4efb4-ebbf-4976-b3ad-4fdc70a084b1 ] Request (ServersAdminNegativeTestJSON:tearDownClass): 200 GET http://10.180.1.21/compute/v2.1/servers/c236f7a3-276e-4c84-8c52-fcbff4af3212 0.135s
2025-11-21 23:08:45.266 66288 INFO tempest.lib.common.rest_client [req-84a0ea7c-06f8-46f5-9eb0-235a1ab9b543 req-84a0ea7c-06f8-46f5-9eb0-235a1ab9b543 ] Request (ListServersNegativeTestJSON:tearDownClass): 200 GET http://10.180.1.21/compute/v2.1/servers/4747ae89-2b3c-4a3a-8b94-f1978c50f22c 0.147s
2025-11-21 23:08:45.291 66260 INFO tempest.lib.common.rest_client [req-7c711386-f695-4503-a923-ebf3cfd63c71 req-7c711386-f695-4503-a923-ebf3cfd63c71 ] Request (ServersAdminTestJSON:tearDownClass): 200 GET http://10.180.1.21/compute/v2.1/servers/49c5a548-b057-4af4-a4c3-1197f9cc7c7b 0.134s
2025-11-21 23:08:45.310 66290 INFO tempest.lib.common.rest_client [req-3fe5c08a-8679-494a-adf7-f82451f5514b req-3fe5c08a-8679-494a-adf7-f82451f5514b ] Request (ServersNegativeTestMultiTenantJSON:test_update_server_of_another_tenant): 404 PUT http://10.180.1.21/compute/v2.1/servers/8612e025-75a7-47c2-aa5f-a29e70a5f2b4 0.100s
2025-11-21 23:08:45.324 66276 INFO tempest.lib.common.rest_client [req-df2d03a5-fa6c-4556-88f8-f9993b9fd570 req-df2d03a5-fa6c-4556-88f8-f9993b9fd570 ] Request (ServersTestFqdnHostnames:tearDownClass): 200 GET http://10.180.1.21/compute/v2.1/servers/9a5f4dd8-6ab8-4753-a2cb-30c4a3410ecb 0.143s
2025-11-21 23:08:45.376 66268 INFO tempest.lib.common.rest_client [req-2427a6b5-73a6-48e2-80dc-86b8cc2cc05a req-2427a6b5-73a6-48e2-80dc-86b8cc2cc05a ] Request (FloatingIPsAssociationTestJSON:tearDownClass): 200 GET http://10.180.1.21/compute/v2.1/servers/8492b439-7227-4f11-9437-bec4f0046113 0.156s
2025-11-21 23:08:45.392 66256 INFO tempest.lib.common.rest_client [req-53999e6e-0374-49db-bf5b-4a8525334bfb req-53999e6e-0374-49db-bf5b-4a8525334bfb ] Request (MigrationsAdminTest:test_resize_server_revert_deleted_flavor): 200 GET http://10.180.1.21/compute/v2.1/servers/d4054d51-f42b-492e-b339-187de809038a 0.152s
2025-11-21 23:08:45.445 66296 INFO tempest.lib.common.rest_client [req-5f65d77c-26fd-41a9-8781-200baaa9369f req-5f65d77c-26fd-41a9-8781-200baaa9369f ] Request (ServerAddressesNegativeTestJSON:tearDownClass): 200 GET http://10.180.1.21/compute/v2.1/servers/17144923-8f3a-4e3b-8fd7-cb519a6ffbe5 0.146s
2025-11-21 23:08:45.471 66290 INFO tempest.lib.common.rest_client [req-03f023b0-962a-49d0-bc6d-5df9df1c492e req-03f023b0-962a-49d0-bc6d-5df9df1c492e ] Request (ServersNegativeTestMultiTenantJSON:tearDownClass): 204 DELETE http://10.180.1.21/compute/v2.1/servers/8612e025-75a7-47c2-aa5f-a29e70a5f2b4 0.156s
2025-11-21 23:08:45.499 66272 INFO tempest.lib.common.rest_client [req-8fa04c4e-aaed-431c-8f4b-6014ba324d1c req-8fa04c4e-aaed-431c-8f4b-6014ba324d1c ] Request (MultipleCreateTestJSON:test_multiple_create_with_reservation_return): 200 GET http://10.180.1.21/compute/v2.1/servers/006b9cfc-e15d-4e72-8140-c4bdea3bfacf 0.183s
2025-11-21 23:08:45.523 66286 INFO tempest.lib.common.rest_client [req-f2db4c09-e6ee-4375-9060-165f7424d49b req-f2db4c09-e6ee-4375-9060-165f7424d49b ] Request (ServersTestMultiNic:test_verify_multiple_nics_order): 200 GET http://10.180.1.21/compute/v2.1/servers/b5f5d0ab-b35e-4627-ba32-d02d91721cba 0.169s
2025-11-21 23:08:45.554 66280 INFO tempest.lib.common.rest_client [req-8eae1b39-8ab2-434f-a60f-598d53d48b4f req-8eae1b39-8ab2-434f-a60f-598d53d48b4f ] Request (ServerRescueNegativeTestJSON:test_rescued_vm_detach_volume): 200 GET http://10.180.1.21/compute/v2.1/servers/adbd2dab-2d09-44b1-bee8-2e8123516b3b 0.180s
2025-11-21 23:08:45.589 66254 INFO tempest.lib.common.rest_client [req-43073917-16d9-4a9c-83e3-34534acf523c req-43073917-16d9-4a9c-83e3-34534acf523c ] Request (SecurityGroupsTestJSON:test_server_security_groups): 200 GET http://10.180.1.21/compute/v2.1/servers/9d967bb3-ca02-45b4-a7eb-b92bc25e201f 0.137s
2025-11-21 23:08:45.597 66254 INFO tempest.common.waiters [-] State transition "ACTIVE/deleting" ==> "DELETED/None" after 4 second wait
2025-11-21 23:08:45.703 66258 INFO tempest.lib.common.rest_client [req-e0936553-5c0d-4fd5-a0d7-9c9490246eb1 req-e0936553-5c0d-4fd5-a0d7-9c9490246eb1 ] Request (DeleteServersTestJSON:test_delete_server_while_in_shelved_state): 200 GET http://10.180.1.21/compute/v2.1/servers/128e1b4d-8316-42ad-8fff-2bc283144c4e 0.143s
2025-11-21 23:08:45.716 66290 INFO tempest.lib.common.rest_client [req-10bb6495-af74-4f60-895c-c217f1dbb5de req-10bb6495-af74-4f60-895c-c217f1dbb5de ] Request (ServersNegativeTestMultiTenantJSON:tearDownClass): 200 GET http://10.180.1.21/compute/v2.1/servers/8612e025-75a7-47c2-aa5f-a29e70a5f2b4 0.244s
2025-11-21 23:08:45.779 66264 INFO tempest.lib.common.rest_client [req-170fd229-6d41-4715-b4fd-ee59c7bf0087 req-170fd229-6d41-4715-b4fd-ee59c7bf0087 ] Request (ImagesOneServerNegativeTestJSON:_run_cleanups): 200 GET http://10.180.1.21/compute/v2.1/servers/a00558d3-80bd-4458-b5d4-a1f9eb043e3e 0.069s
2025-11-21 23:08:45.807 66304 INFO tempest.lib.common.rest_client [req-bc2cb9d1-04cb-4e3f-bad6-b7c98b92f847 req-bc2cb9d1-04cb-4e3f-bad6-b7c98b92f847 ] Request (ServerActionsTestOtherB:test_resize_server_confirm_from_stopped): 200 GET http://10.180.1.21/compute/v2.1/servers/a9a7b0d1-809c-4ef8-bbc4-5786bf23d4bd 0.180s
2025-11-21 23:08:45.849 66282 INFO tempest.lib.common.rest_client [req-8e31b17b-6b94-4cfe-8610-519fafd996c6 req-8e31b17b-6b94-4cfe-8610-519fafd996c6 ] Request (ImagesTestJSON:test_create_image_from_suspended_server): 200 GET http://10.180.1.21/compute/v2.1/servers/9e136e19-8ece-4b65-902f-c6af667f9d6b 0.067s
2025-11-21 23:08:45.991 66294 INFO tempest.lib.common.rest_client [req-ec58c6b1-b4f4-4bd8-bcea-485d89f29ca7 req-ec58c6b1-b4f4-4bd8-bcea-485d89f29ca7 ] Request (ImagesOneServerTestJSON:test_create_image_specify_multibyte_character_image_name): 200 GET http://10.180.1.21/compute/v2.1/images/5c7d3de4-d1c8-44c9-a6e0-e9eb5c08e483 0.046s
2025-11-21 23:08:46.008 66246 INFO tempest.lib.common.rest_client [req-86d31128-8f15-4082-8aa9-1a1dd80a4058 req-86d31128-8f15-4082-8aa9-1a1dd80a4058 ] Request (ListImageFiltersTestJSON:setUpClass): 200 GET http://10.180.1.21/compute/v2.1/servers/15d07cb4-28c3-4e3e-ae2a-b2e5fcbcd618 0.113s
2025-11-21 23:08:46.159 66278 INFO tempest.lib.common.rest_client [req-f43abd36-a3cd-4664-bcd2-34fb61ce7a9e req-f43abd36-a3cd-4664-bcd2-34fb61ce7a9e ] Request (ServerMetadataNegativeTestJSON:tearDownClass): 200 GET http://10.180.1.21/compute/v2.1/servers/74a7a33a-ae62-45a6-b8ac-65463f7d10ba 0.067s
2025-11-21 23:08:46.183 66302 INFO tempest.lib.common.rest_client [req-ba8258ff-d14e-4bec-9f6a-045b2b81e536 req-ba8258ff-d14e-4bec-9f6a-045b2b81e536 ] Request (FloatingIPsAssociationNegativeTestJSON:setUpClass): 200 GET http://10.180.1.21/compute/v2.1/servers/ca67416a-30fc-4c56-9201-5f2eccada52a 0.053s
2025-11-21 23:08:46.234 66250 INFO tempest.lib.common.rest_client [req-fd95a5dd-3d81-4857-b245-7c9f36c7c60b req-fd95a5dd-3d81-4857-b245-7c9f36c7c60b ] Request (ServerRescueTestJSONUnderV235:setUpClass): 200 GET http://10.180.1.21/compute/v2.1/servers/c93af002-ef45-43b3-8405-9633970e5020 0.049s
2025-11-21 23:08:46.297 66306 INFO tempest.lib.common.rest_client [req-c415b7d4-e6fb-46dd-8b0c-fc7147b4628e req-c415b7d4-e6fb-46dd-8b0c-fc7147b4628e ] Request (ServersAdminNegativeTestJSON:tearDownClass): 200 GET http://10.180.1.21/compute/v2.1/servers/c236f7a3-276e-4c84-8c52-fcbff4af3212 0.057s
2025-11-21 23:08:46.339 66288 INFO tempest.lib.common.rest_client [req-354816f8-9774-4753-9212-e22abdd0f303 req-354816f8-9774-4753-9212-e22abdd0f303 ] Request (ListServersNegativeTestJSON:tearDownClass): 200 GET http://10.180.1.21/compute/v2.1/servers/4747ae89-2b3c-4a3a-8b94-f1978c50f22c 0.064s
2025-11-21 23:08:46.359 66260 INFO tempest.lib.common.rest_client [req-54d4b0c7-5765-41f2-a345-b5923289fd70 req-54d4b0c7-5765-41f2-a345-b5923289fd70 ] Request (ServersAdminTestJSON:tearDownClass): 200 GET http://10.180.1.21/compute/v2.1/servers/49c5a548-b057-4af4-a4c3-1197f9cc7c7b 0.060s
2025-11-21 23:08:46.399 66276 INFO tempest.lib.common.rest_client [req-3ca4d67d-b136-4cb6-abed-bf6d4bb46882 req-3ca4d67d-b136-4cb6-abed-bf6d4bb46882 ] Request (ServersTestFqdnHostnames:tearDownClass): 200 GET http://10.180.1.21/compute/v2.1/servers/9a5f4dd8-6ab8-4753-a2cb-30c4a3410ecb 0.067s
2025-11-21 23:08:46.454 66268 INFO tempest.lib.common.rest_client [req-6bda4f26-596a-4d0b-9d32-9ebc90e99edb req-6bda4f26-596a-4d0b-9d32-9ebc90e99edb ] Request (FloatingIPsAssociationTestJSON:tearDownClass): 200 GET http://10.180.1.21/compute/v2.1/servers/8492b439-7227-4f11-9437-bec4f0046113 0.069s
2025-11-21 23:08:46.482 66256 INFO tempest.lib.common.rest_client [req-bc76b462-8638-4ea1-a8d1-a8edb3e837c0 req-bc76b462-8638-4ea1-a8d1-a8edb3e837c0 ] Request (MigrationsAdminTest:test_resize_server_revert_deleted_flavor): 200 GET http://10.180.1.21/compute/v2.1/servers/d4054d51-f42b-492e-b339-187de809038a 0.080s
2025-11-21 23:08:46.516 66296 INFO tempest.lib.common.rest_client [req-5512aec2-4f21-4a59-9f6a-91577e51ba56 req-5512aec2-4f21-4a59-9f6a-91577e51ba56 ] Request (ServerAddressesNegativeTestJSON:tearDownClass): 200 GET http://10.180.1.21/compute/v2.1/servers/17144923-8f3a-4e3b-8fd7-cb519a6ffbe5 0.062s
2025-11-21 23:08:46.561 66272 INFO tempest.lib.common.rest_client [req-39c4895b-017d-44bb-82ba-83e1633b64b9 req-39c4895b-017d-44bb-82ba-83e1633b64b9 ] Request (MultipleCreateTestJSON:test_multiple_create_with_reservation_return): 200 GET http://10.180.1.21/compute/v2.1/servers/006b9cfc-e15d-4e72-8140-c4bdea3bfacf 0.054s
2025-11-21 23:08:46.588 66286 INFO tempest.lib.common.rest_client [req-38df7781-32e7-4996-b36b-b17edc63a719 req-38df7781-32e7-4996-b36b-b17edc63a719 ] Request (ServersTestMultiNic:test_verify_multiple_nics_order): 200 GET http://10.180.1.21/compute/v2.1/servers/b5f5d0ab-b35e-4627-ba32-d02d91721cba 0.056s
2025-11-21 23:08:46.629 66280 INFO tempest.lib.common.rest_client [req-ccd4895c-9118-4379-8be1-caae2ceab163 req-ccd4895c-9118-4379-8be1-caae2ceab163 ] Request (ServerRescueNegativeTestJSON:test_rescued_vm_detach_volume): 200 GET http://10.180.1.21/compute/v2.1/servers/adbd2dab-2d09-44b1-bee8-2e8123516b3b 0.066s
2025-11-21 23:08:46.676 66254 INFO tempest.lib.common.rest_client [req-d1e66cff-3de9-487a-ae13-1b7391ea956b req-d1e66cff-3de9-487a-ae13-1b7391ea956b ] Request (SecurityGroupsTestJSON:test_server_security_groups): 200 GET http://10.180.1.21/compute/v2.1/servers/9d967bb3-ca02-45b4-a7eb-b92bc25e201f 0.078s
2025-11-21 23:08:46.829 66290 INFO tempest.lib.common.rest_client [req-f0562920-3fec-4a00-8c28-580d1f7040a9 req-f0562920-3fec-4a00-8c28-580d1f7040a9 ] Request (ServersNegativeTestMultiTenantJSON:tearDownClass): 200 GET http://10.180.1.21/compute/v2.1/servers/8612e025-75a7-47c2-aa5f-a29e70a5f2b4 0.100s
2025-11-21 23:08:46.830 66258 INFO tempest.lib.common.rest_client [req-1fb123ea-6291-4a48-94c2-124a6482b164 req-1fb123ea-6291-4a48-94c2-124a6482b164 ] Request (DeleteServersTestJSON:test_delete_server_while_in_shelved_state): 200 GET http://10.180.1.21/compute/v2.1/servers/128e1b4d-8316-42ad-8fff-2bc283144c4e 0.116s
2025-11-21 23:08:46.883 66264 INFO tempest.lib.common.rest_client [req-14d5ab9d-be98-4f81-a95e-fc17441d925d req-14d5ab9d-be98-4f81-a95e-fc17441d925d ] Request (ImagesOneServerNegativeTestJSON:_run_cleanups): 200 GET http://10.180.1.21/compute/v2.1/servers/a00558d3-80bd-4458-b5d4-a1f9eb043e3e 0.095s
2025-11-21 23:08:46.920 66304 INFO tempest.lib.common.rest_client [req-a3c56f44-6725-4c36-8f26-24d381539114 req-a3c56f44-6725-4c36-8f26-24d381539114 ] Request (ServerActionsTestOtherB:test_resize_server_confirm_from_stopped): 200 GET http://10.180.1.21/compute/v2.1/servers/a9a7b0d1-809c-4ef8-bbc4-5786bf23d4bd 0.104s
2025-11-21 23:08:46.928 66304 INFO tempest.common.waiters [-] State transition "RESIZE/resize_prep" ==> "RESIZE/resize_migrating" after 31 second wait
2025-11-21 23:08:46.936 66282 INFO tempest.lib.common.rest_client [req-5a818bed-7daa-494a-bf0b-e06da7c6ac28 req-5a818bed-7daa-494a-bf0b-e06da7c6ac28 ] Request (ImagesTestJSON:test_create_image_from_suspended_server): 200 GET http://10.180.1.21/compute/v2.1/servers/9e136e19-8ece-4b65-902f-c6af667f9d6b 0.079s
2025-11-21 23:08:47.046 66294 INFO tempest.lib.common.rest_client [req-4611ff53-5a04-494f-84be-cb824e15bfe9 req-4611ff53-5a04-494f-84be-cb824e15bfe9 ] Request (ImagesOneServerTestJSON:test_create_image_specify_multibyte_character_image_name): 200 GET http://10.180.1.21/compute/v2.1/images/5c7d3de4-d1c8-44c9-a6e0-e9eb5c08e483 0.048s
2025-11-21 23:08:47.178 66246 INFO tempest.lib.common.rest_client [req-ee11a37c-e273-4df9-81a4-06b8595016d4 req-ee11a37c-e273-4df9-81a4-06b8595016d4 ] Request (ListImageFiltersTestJSON:setUpClass): 200 GET http://10.180.1.21/compute/v2.1/servers/15d07cb4-28c3-4e3e-ae2a-b2e5fcbcd618 0.161s
2025-11-21 23:08:47.186 66246 INFO tempest.common.waiters [-] State transition "ACTIVE/image_uploading" ==> "ACTIVE/None" after 3 second wait
2025-11-21 23:08:47.238 66278 INFO tempest.lib.common.rest_client [req-eb89dac5-0ea8-48f6-8ff2-30b359e88262 req-eb89dac5-0ea8-48f6-8ff2-30b359e88262 ] Request (ServerMetadataNegativeTestJSON:tearDownClass): 200 GET http://10.180.1.21/compute/v2.1/servers/74a7a33a-ae62-45a6-b8ac-65463f7d10ba 0.072s
2025-11-21 23:08:47.299 66302 INFO tempest.lib.common.rest_client [req-d8291584-8cfa-4d28-8d37-6c5f4807b80b req-d8291584-8cfa-4d28-8d37-6c5f4807b80b ] Request (FloatingIPsAssociationNegativeTestJSON:setUpClass): 200 GET http://10.180.1.21/compute/v2.1/servers/ca67416a-30fc-4c56-9201-5f2eccada52a 0.107s
2025-11-21 23:08:47.306 66302 INFO tempest.common.waiters [-] State transition "BUILD/None" ==> "BUILD/networking" after 39 second wait
2025-11-21 23:08:47.359 66250 INFO tempest.lib.common.rest_client [req-1a7f6221-6a26-4462-8fd1-71f222db6ea5 req-1a7f6221-6a26-4462-8fd1-71f222db6ea5 ] Request (ServerRescueTestJSONUnderV235:setUpClass): 200 GET http://10.180.1.21/compute/v2.1/servers/c93af002-ef45-43b3-8405-9633970e5020 0.117s
2025-11-21 23:08:47.432 66306 INFO tempest.lib.common.rest_client [req-34a533ea-4b85-476a-94ac-6f1ad4d01638 req-34a533ea-4b85-476a-94ac-6f1ad4d01638 ] Request (ServersAdminNegativeTestJSON:tearDownClass): 200 GET http://10.180.1.21/compute/v2.1/servers/c236f7a3-276e-4c84-8c52-fcbff4af3212 0.126s
2025-11-21 23:08:47.506 66288 INFO tempest.lib.common.rest_client [req-406792e8-4e8c-475e-bfb1-3ff9f2fa7c4e req-406792e8-4e8c-475e-bfb1-3ff9f2fa7c4e ] Request (ListServersNegativeTestJSON:tearDownClass): 200 GET http://10.180.1.21/compute/v2.1/servers/4747ae89-2b3c-4a3a-8b94-f1978c50f22c 0.159s
2025-11-21 23:08:47.617 66260 INFO tempest.lib.common.rest_client [req-a5676cb8-8d88-4361-b496-84f943046cd7 req-a5676cb8-8d88-4361-b496-84f943046cd7 ] Request (ServersAdminTestJSON:tearDownClass): 200 GET http://10.180.1.21/compute/v2.1/servers/49c5a548-b057-4af4-a4c3-1197f9cc7c7b 0.249s
2025-11-21 23:08:47.711 66246 INFO tempest.lib.common.rest_client [req-fb4b1c8c-0500-4a4b-963f-b42408d8e314 req-fb4b1c8c-0500-4a4b-963f-b42408d8e314 ] Request (ListImageFiltersTestJSON:setUpClass): 202 POST http://10.180.1.21/compute/v2.1/servers/56952b61-5f1f-47f8-bc65-a71bcb9ed5c9/action 0.524s
2025-11-21 23:08:47.719 66276 INFO tempest.lib.common.rest_client [req-008fb6af-3b3c-4cb7-ae50-3fd1530eb23a req-008fb6af-3b3c-4cb7-ae50-3fd1530eb23a ] Request (ServersTestFqdnHostnames:tearDownClass): 200 GET http://10.180.1.21/compute/v2.1/servers/9a5f4dd8-6ab8-4753-a2cb-30c4a3410ecb 0.311s
2025-11-21 23:08:47.952 66256 INFO tempest.lib.common.rest_client [req-d988ee30-1f68-4cb3-a5e6-d8b8d851661f req-d988ee30-1f68-4cb3-a5e6-d8b8d851661f ] Request (MigrationsAdminTest:test_resize_server_revert_deleted_flavor): 200 GET http://10.180.1.21/compute/v2.1/servers/d4054d51-f42b-492e-b339-187de809038a 0.462s
2025-11-21 23:08:47.968 66268 INFO tempest.lib.common.rest_client [req-e93a580a-2d76-4db4-b601-3cebfce43c24 req-e93a580a-2d76-4db4-b601-3cebfce43c24 ] Request (FloatingIPsAssociationTestJSON:tearDownClass): 200 GET http://10.180.1.21/compute/v2.1/servers/8492b439-7227-4f11-9437-bec4f0046113 0.505s
2025-11-21 23:08:48.008 66296 INFO tempest.lib.common.rest_client [req-daf807ce-3a46-4fc2-9ed8-aa6ab99b5e5e req-daf807ce-3a46-4fc2-9ed8-aa6ab99b5e5e ] Request (ServerAddressesNegativeTestJSON:tearDownClass): 200 GET http://10.180.1.21/compute/v2.1/servers/17144923-8f3a-4e3b-8fd7-cb519a6ffbe5 0.483s
2025-11-21 23:08:48.020 66272 INFO tempest.lib.common.rest_client [req-ea4b3380-3e1d-40d8-852f-fc96bc5c9d29 req-ea4b3380-3e1d-40d8-852f-fc96bc5c9d29 ] Request (MultipleCreateTestJSON:test_multiple_create_with_reservation_return): 200 GET http://10.180.1.21/compute/v2.1/servers/006b9cfc-e15d-4e72-8140-c4bdea3bfacf 0.451s
2025-11-21 23:08:48.053 66286 INFO tempest.lib.common.rest_client [req-d94e5d1d-bc2a-4086-8bf3-bdf4c7cb6944 req-d94e5d1d-bc2a-4086-8bf3-bdf4c7cb6944 ] Request (ServersTestMultiNic:test_verify_multiple_nics_order): 200 GET http://10.180.1.21/compute/v2.1/servers/b5f5d0ab-b35e-4627-ba32-d02d91721cba 0.455s
2025-11-21 23:08:48.065 66280 INFO tempest.lib.common.rest_client [req-3d5c89be-6c46-4928-a428-f30c16e4af4f req-3d5c89be-6c46-4928-a428-f30c16e4af4f ] Request (ServerRescueNegativeTestJSON:test_rescued_vm_detach_volume): 200 GET http://10.180.1.21/compute/v2.1/servers/adbd2dab-2d09-44b1-bee8-2e8123516b3b 0.428s
2025-11-21 23:08:48.104 66246 INFO tempest.lib.common.rest_client [req-be1634ce-c810-469e-9ea9-fc294d1ce4f8 req-be1634ce-c810-469e-9ea9-fc294d1ce4f8 ] Request (ListImageFiltersTestJSON:setUpClass): 200 GET http://10.180.1.21/compute/v2.1/images/374e371e-0b18-4261-9b5d-9c8d2fc05725 0.392s
2025-11-21 23:08:48.114 66254 INFO tempest.lib.common.rest_client [req-0368a894-3de4-44b5-9c45-656734275a1f req-0368a894-3de4-44b5-9c45-656734275a1f ] Request (SecurityGroupsTestJSON:test_server_security_groups): 200 GET http://10.180.1.21/compute/v2.1/servers/9d967bb3-ca02-45b4-a7eb-b92bc25e201f 0.428s
2025-11-21 23:08:48.153 66290 INFO tempest.lib.common.rest_client [req-b0a57b72-842e-4981-a6c5-c5d88a2262a0 req-b0a57b72-842e-4981-a6c5-c5d88a2262a0 ] Request (ServersNegativeTestMultiTenantJSON:tearDownClass): 200 GET http://10.180.1.21/compute/v2.1/servers/8612e025-75a7-47c2-aa5f-a29e70a5f2b4 0.317s
2025-11-21 23:08:48.231 66264 INFO tempest.lib.common.rest_client [req-5f14062f-dc60-41b0-8dff-df6afed74608 req-5f14062f-dc60-41b0-8dff-df6afed74608 ] Request (ImagesOneServerNegativeTestJSON:_run_cleanups): 200 GET http://10.180.1.21/compute/v2.1/servers/a00558d3-80bd-4458-b5d4-a1f9eb043e3e 0.341s
2025-11-21 23:08:48.264 66258 INFO tempest.lib.common.rest_client [req-ebb0d908-e2a1-4c7e-81f2-682eedbd8425 req-ebb0d908-e2a1-4c7e-81f2-682eedbd8425 ] Request (DeleteServersTestJSON:test_delete_server_while_in_shelved_state): 200 GET http://10.180.1.21/compute/v2.1/servers/128e1b4d-8316-42ad-8fff-2bc283144c4e 0.426s
2025-11-21 23:08:48.319 66248 WARNING tempest.lib.common.ssh [-] Failed to establish authenticated ssh connection to cirros@10.180.180.139 ([Errno None] Unable to connect to port 22 on 10.180.180.139). Number attempts: 5. Retry after 6 seconds.: paramiko.ssh_exception.NoValidConnectionsError: [Errno None] Unable to connect to port 22 on 10.180.180.139
2025-11-21 23:08:48.378 66282 INFO tempest.lib.common.rest_client [req-c84f412a-70cb-42a4-897c-aef984038596 req-c84f412a-70cb-42a4-897c-aef984038596 ] Request (ImagesTestJSON:test_create_image_from_suspended_server): 200 GET http://10.180.1.21/compute/v2.1/servers/9e136e19-8ece-4b65-902f-c6af667f9d6b 0.433s
2025-11-21 23:08:48.404 66304 INFO tempest.lib.common.rest_client [req-1d23c619-9803-49ff-ad61-ad88468a6962 req-1d23c619-9803-49ff-ad61-ad88468a6962 ] Request (ServerActionsTestOtherB:test_resize_server_confirm_from_stopped): 200 GET http://10.180.1.21/compute/v2.1/servers/a9a7b0d1-809c-4ef8-bbc4-5786bf23d4bd 0.475s
2025-11-21 23:08:48.413 66294 INFO tempest.lib.common.rest_client [req-7c84d0cb-623c-4c92-a2a2-9b50429577eb req-7c84d0cb-623c-4c92-a2a2-9b50429577eb ] Request (ImagesOneServerTestJSON:test_create_image_specify_multibyte_character_image_name): 200 GET http://10.180.1.21/compute/v2.1/images/5c7d3de4-d1c8-44c9-a6e0-e9eb5c08e483 0.362s
2025-11-21 23:08:48.549 66278 INFO tempest.lib.common.rest_client [req-4318e33c-caac-4973-a48c-69ee231a60a5 req-4318e33c-caac-4973-a48c-69ee231a60a5 ] Request (ServerMetadataNegativeTestJSON:tearDownClass): 200 GET http://10.180.1.21/compute/v2.1/servers/74a7a33a-ae62-45a6-b8ac-65463f7d10ba 0.301s
2025-11-21 23:08:48.609 66266 WARNING tempest.lib.common.ssh [-] Failed to establish authenticated ssh connection to cirros@10.180.180.249 ([Errno None] Unable to connect to port 22 on 10.180.180.249). Number attempts: 1. Retry after 2 seconds.: paramiko.ssh_exception.NoValidConnectionsError: [Errno None] Unable to connect to port 22 on 10.180.180.249
2025-11-21 23:08:48.628 66302 INFO tempest.lib.common.rest_client [req-294c6526-2e90-4a86-88bc-89c797fbc235 req-294c6526-2e90-4a86-88bc-89c797fbc235 ] Request (FloatingIPsAssociationNegativeTestJSON:setUpClass): 200 GET http://10.180.1.21/compute/v2.1/servers/ca67416a-30fc-4c56-9201-5f2eccada52a 0.320s
2025-11-21 23:08:48.636 66302 INFO tempest.common.waiters [-] State transition "BUILD/networking" ==> "BUILD/spawning" after 40 second wait
2025-11-21 23:08:48.640 66250 INFO tempest.lib.common.rest_client [req-09a6fbc7-6d23-441d-85ca-4f2daca8a4d7 req-09a6fbc7-6d23-441d-85ca-4f2daca8a4d7 ] Request (ServerRescueTestJSONUnderV235:setUpClass): 200 GET http://10.180.1.21/compute/v2.1/servers/c93af002-ef45-43b3-8405-9633970e5020 0.268s
2025-11-21 23:08:48.748 66306 INFO tempest.lib.common.rest_client [req-60b519f0-4d26-40fa-80cf-9bab63df1476 req-60b519f0-4d26-40fa-80cf-9bab63df1476 ] Request (ServersAdminNegativeTestJSON:tearDownClass): 200 GET http://10.180.1.21/compute/v2.1/servers/c236f7a3-276e-4c84-8c52-fcbff4af3212 0.305s
2025-11-21 23:08:48.763 66288 INFO tempest.lib.common.rest_client [req-2fb49b7e-9e34-42e0-bd80-ee2d4243f56e req-2fb49b7e-9e34-42e0-bd80-ee2d4243f56e ] Request (ListServersNegativeTestJSON:tearDownClass): 200 GET http://10.180.1.21/compute/v2.1/servers/4747ae89-2b3c-4a3a-8b94-f1978c50f22c 0.247s
2025-11-21 23:08:48.806 66260 INFO tempest.lib.common.rest_client [req-d019447a-b471-4bf9-9cdf-84b3885f6a7e req-d019447a-b471-4bf9-9cdf-84b3885f6a7e ] Request (ServersAdminTestJSON:tearDownClass): 200 GET http://10.180.1.21/compute/v2.1/servers/49c5a548-b057-4af4-a4c3-1197f9cc7c7b 0.178s
2025-11-21 23:08:48.819 66276 INFO tempest.lib.common.rest_client [req-da9a90cd-113d-4fe6-a2d2-4e64c4d3e76b req-da9a90cd-113d-4fe6-a2d2-4e64c4d3e76b ] Request (ServersTestFqdnHostnames:tearDownClass): 200 GET http://10.180.1.21/compute/v2.1/servers/9a5f4dd8-6ab8-4753-a2cb-30c4a3410ecb 0.091s
2025-11-21 23:08:49.028 66256 INFO tempest.lib.common.rest_client [req-adf4e269-2f00-41b4-844e-29f3ecc9b74c req-adf4e269-2f00-41b4-844e-29f3ecc9b74c ] Request (MigrationsAdminTest:test_resize_server_revert_deleted_flavor): 200 GET http://10.180.1.21/compute/v2.1/servers/d4054d51-f42b-492e-b339-187de809038a 0.068s
2025-11-21 23:08:49.053 66268 INFO tempest.lib.common.rest_client [req-7726c440-bef6-4fb5-9ec8-1b868446c657 req-7726c440-bef6-4fb5-9ec8-1b868446c657 ] Request (FloatingIPsAssociationTestJSON:tearDownClass): 200 GET http://10.180.1.21/compute/v2.1/servers/8492b439-7227-4f11-9437-bec4f0046113 0.078s
2025-11-21 23:08:49.117 66272 INFO tempest.lib.common.rest_client [req-640b58fa-a86b-478a-af95-70721ba16b78 req-640b58fa-a86b-478a-af95-70721ba16b78 ] Request (MultipleCreateTestJSON:test_multiple_create_with_reservation_return): 200 GET http://10.180.1.21/compute/v2.1/servers/006b9cfc-e15d-4e72-8140-c4bdea3bfacf 0.088s
2025-11-21 23:08:49.136 66296 INFO tempest.lib.common.rest_client [req-67e5ba3c-47f9-4343-a006-2ca18b345bcc req-67e5ba3c-47f9-4343-a006-2ca18b345bcc ] Request (ServerAddressesNegativeTestJSON:tearDownClass): 200 GET http://10.180.1.21/compute/v2.1/servers/17144923-8f3a-4e3b-8fd7-cb519a6ffbe5 0.119s
2025-11-21 23:08:49.173 66286 INFO tempest.lib.common.rest_client [req-cd4029bc-b1bd-458f-8175-093794ed1529 req-cd4029bc-b1bd-458f-8175-093794ed1529 ] Request (ServersTestMultiNic:test_verify_multiple_nics_order): 200 GET http://10.180.1.21/compute/v2.1/servers/b5f5d0ab-b35e-4627-ba32-d02d91721cba 0.111s
2025-11-21 23:08:49.193 66280 INFO tempest.lib.common.rest_client [req-414c6a4c-de4a-4db2-aefe-aac896e83437 req-414c6a4c-de4a-4db2-aefe-aac896e83437 ] Request (ServerRescueNegativeTestJSON:test_rescued_vm_detach_volume): 200 GET http://10.180.1.21/compute/v2.1/servers/adbd2dab-2d09-44b1-bee8-2e8123516b3b 0.117s
2025-11-21 23:08:49.206 66246 INFO tempest.lib.common.rest_client [req-251a2d94-d080-4a4f-b416-7c6445289ec2 req-251a2d94-d080-4a4f-b416-7c6445289ec2 ] Request (ListImageFiltersTestJSON:setUpClass): 200 GET http://10.180.1.21/compute/v2.1/images/374e371e-0b18-4261-9b5d-9c8d2fc05725 0.097s
2025-11-21 23:08:49.271 66254 INFO tempest.lib.common.rest_client [req-69a82de2-38f6-4a9d-8de5-ea0d26d227db req-69a82de2-38f6-4a9d-8de5-ea0d26d227db ] Request (SecurityGroupsTestJSON:test_server_security_groups): 200 GET http://10.180.1.21/compute/v2.1/servers/9d967bb3-ca02-45b4-a7eb-b92bc25e201f 0.148s
2025-11-21 23:08:49.272 66290 INFO tempest.lib.common.rest_client [req-743abe4e-06ad-47f8-90de-2f57ffd7618f req-743abe4e-06ad-47f8-90de-2f57ffd7618f ] Request (ServersNegativeTestMultiTenantJSON:tearDownClass): 200 GET http://10.180.1.21/compute/v2.1/servers/8612e025-75a7-47c2-aa5f-a29e70a5f2b4 0.111s
2025-11-21 23:08:49.280 66290 INFO tempest.common.waiters [-] State transition "ACTIVE/deleting" ==> "DELETED/None" after 4 second wait
2025-11-21 23:08:49.328 66264 INFO tempest.lib.common.rest_client [req-3da8a963-cb56-4a03-9724-6cbff865f607 req-3da8a963-cb56-4a03-9724-6cbff865f607 ] Request (ImagesOneServerNegativeTestJSON:_run_cleanups): 200 GET http://10.180.1.21/compute/v2.1/servers/a00558d3-80bd-4458-b5d4-a1f9eb043e3e 0.088s
2025-11-21 23:08:49.370 66258 INFO tempest.lib.common.rest_client [req-f2643745-aceb-4df4-bf86-141ad4856349 req-f2643745-aceb-4df4-bf86-141ad4856349 ] Request (DeleteServersTestJSON:test_delete_server_while_in_shelved_state): 200 GET http://10.180.1.21/compute/v2.1/servers/128e1b4d-8316-42ad-8fff-2bc283144c4e 0.097s
2025-11-21 23:08:49.436 66282 INFO tempest.lib.common.rest_client [req-5d60cbdc-f0b4-4fdc-a9bc-64da0f83e84b req-5d60cbdc-f0b4-4fdc-a9bc-64da0f83e84b ] Request (ImagesTestJSON:test_create_image_from_suspended_server): 200 GET http://10.180.1.21/compute/v2.1/servers/9e136e19-8ece-4b65-902f-c6af667f9d6b 0.050s
2025-11-21 23:08:49.471 66294 INFO tempest.lib.common.rest_client [req-f55075f5-3253-4de1-8d63-6d2e5d272e56 req-f55075f5-3253-4de1-8d63-6d2e5d272e56 ] Request (ImagesOneServerTestJSON:test_create_image_specify_multibyte_character_image_name): 200 GET http://10.180.1.21/compute/v2.1/images/5c7d3de4-d1c8-44c9-a6e0-e9eb5c08e483 0.053s
2025-11-21 23:08:49.549 66304 INFO tempest.lib.common.rest_client [req-64014582-c23e-4556-92d2-3e76ed0c12b4 req-64014582-c23e-4556-92d2-3e76ed0c12b4 ] Request (ServerActionsTestOtherB:test_resize_server_confirm_from_stopped): 200 GET http://10.180.1.21/compute/v2.1/servers/a9a7b0d1-809c-4ef8-bbc4-5786bf23d4bd 0.133s
2025-11-21 23:08:49.640 66278 INFO tempest.lib.common.rest_client [req-c6185667-e5a8-429e-a687-9a23e0be8450 req-c6185667-e5a8-429e-a687-9a23e0be8450 ] Request (ServerMetadataNegativeTestJSON:tearDownClass): 200 GET http://10.180.1.21/compute/v2.1/servers/74a7a33a-ae62-45a6-b8ac-65463f7d10ba 0.082s
2025-11-21 23:08:49.716 66250 INFO tempest.lib.common.rest_client [req-923ac48f-6faa-4e89-a0e5-ec4ffa6b3814 req-923ac48f-6faa-4e89-a0e5-ec4ffa6b3814 ] Request (ServerRescueTestJSONUnderV235:setUpClass): 200 GET http://10.180.1.21/compute/v2.1/servers/c93af002-ef45-43b3-8405-9633970e5020 0.063s
2025-11-21 23:08:49.754 66302 INFO tempest.lib.common.rest_client [req-5fb72391-0073-40e8-ab67-82a2d1f8bea6 req-5fb72391-0073-40e8-ab67-82a2d1f8bea6 ] Request (FloatingIPsAssociationNegativeTestJSON:setUpClass): 200 GET http://10.180.1.21/compute/v2.1/servers/ca67416a-30fc-4c56-9201-5f2eccada52a 0.116s
2025-11-21 23:08:49.821 66306 INFO tempest.lib.common.rest_client [req-692a17bc-f5f1-4ccb-882b-f83144a4109c req-692a17bc-f5f1-4ccb-882b-f83144a4109c ] Request (ServersAdminNegativeTestJSON:tearDownClass): 200 GET http://10.180.1.21/compute/v2.1/servers/c236f7a3-276e-4c84-8c52-fcbff4af3212 0.063s
2025-11-21 23:08:49.836 66288 INFO tempest.lib.common.rest_client [req-d7bb1ffc-6320-4ae1-9b10-05a0ee56a706 req-d7bb1ffc-6320-4ae1-9b10-05a0ee56a706 ] Request (ListServersNegativeTestJSON:tearDownClass): 200 GET http://10.180.1.21/compute/v2.1/servers/4747ae89-2b3c-4a3a-8b94-f1978c50f22c 0.066s
2025-11-21 23:08:49.890 66260 INFO tempest.lib.common.rest_client [req-e79bae97-7481-4b29-8f8d-a94ed9508876 req-e79bae97-7481-4b29-8f8d-a94ed9508876 ] Request (ServersAdminTestJSON:tearDownClass): 200 GET http://10.180.1.21/compute/v2.1/servers/49c5a548-b057-4af4-a4c3-1197f9cc7c7b 0.075s
2025-11-21 23:08:49.897 66276 INFO tempest.lib.common.rest_client [req-d9909749-a417-4667-a0cc-e05bbf99f636 req-d9909749-a417-4667-a0cc-e05bbf99f636 ] Request (ServersTestFqdnHostnames:tearDownClass): 200 GET http://10.180.1.21/compute/v2.1/servers/9a5f4dd8-6ab8-4753-a2cb-30c4a3410ecb 0.071s
2025-11-21 23:08:50.091 66256 INFO tempest.lib.common.rest_client [req-38be5737-8585-444c-ba60-b2df3157f4de req-38be5737-8585-444c-ba60-b2df3157f4de ] Request (MigrationsAdminTest:test_resize_server_revert_deleted_flavor): 200 GET http://10.180.1.21/compute/v2.1/servers/d4054d51-f42b-492e-b339-187de809038a 0.053s
2025-11-21 23:08:50.096 66268 INFO tempest.lib.common.rest_client [req-369ee133-80af-4140-bd71-70d1e522b026 req-369ee133-80af-4140-bd71-70d1e522b026 ] Request (FloatingIPsAssociationTestJSON:tearDownClass): 404 GET http://10.180.1.21/compute/v2.1/servers/8492b439-7227-4f11-9437-bec4f0046113 0.024s
2025-11-21 23:08:50.186 66272 INFO tempest.lib.common.rest_client [req-91e17b68-52a1-449c-9ea5-03e8aecd0fb9 req-91e17b68-52a1-449c-9ea5-03e8aecd0fb9 ] Request (MultipleCreateTestJSON:test_multiple_create_with_reservation_return): 200 GET http://10.180.1.21/compute/v2.1/servers/006b9cfc-e15d-4e72-8140-c4bdea3bfacf 0.062s
2025-11-21 23:08:50.256 66296 INFO tempest.lib.common.rest_client [req-17fb44b3-3ef9-4073-87ce-8320faab43c8 req-17fb44b3-3ef9-4073-87ce-8320faab43c8 ] Request (ServerAddressesNegativeTestJSON:tearDownClass): 200 GET http://10.180.1.21/compute/v2.1/servers/17144923-8f3a-4e3b-8fd7-cb519a6ffbe5 0.110s
2025-11-21 23:08:50.312 66286 INFO tempest.lib.common.rest_client [req-70f25ec7-3240-46a1-bcd4-ff5cfe529a0c req-70f25ec7-3240-46a1-bcd4-ff5cfe529a0c ] Request (ServersTestMultiNic:test_verify_multiple_nics_order): 200 GET http://10.180.1.21/compute/v2.1/servers/b5f5d0ab-b35e-4627-ba32-d02d91721cba 0.131s
2025-11-21 23:08:50.377 66280 INFO tempest.lib.common.rest_client [req-2232cc79-5b86-4d80-b1dc-d9f43725c111 req-2232cc79-5b86-4d80-b1dc-d9f43725c111 ] Request (ServerRescueNegativeTestJSON:test_rescued_vm_detach_volume): 200 GET http://10.180.1.21/compute/v2.1/servers/adbd2dab-2d09-44b1-bee8-2e8123516b3b 0.177s
2025-11-21 23:08:50.425 66246 INFO tempest.lib.common.rest_client [req-080106b5-e114-4d2f-9277-4ac209e8b036 req-080106b5-e114-4d2f-9277-4ac209e8b036 ] Request (ListImageFiltersTestJSON:setUpClass): 200 GET http://10.180.1.21/compute/v2.1/images/374e371e-0b18-4261-9b5d-9c8d2fc05725 0.215s
2025-11-21 23:08:50.487 66268 INFO tempest.lib.common.rest_client [req-642ad61a-ba4f-4583-819f-6ffaf567f28c req-642ad61a-ba4f-4583-819f-6ffaf567f28c ] Request (FloatingIPsAssociationTestJSON:tearDownClass): 202 DELETE http://10.180.1.21/compute/v2.1/os-floating-ips/c0a04e27-b305-434f-a0b3-0c2b98ac7625 0.390s
2025-11-21 23:08:50.503 66254 INFO tempest.lib.common.rest_client [req-74a6f43a-f0c6-450a-b6a3-5daf59918014 req-74a6f43a-f0c6-450a-b6a3-5daf59918014 ] Request (SecurityGroupsTestJSON:test_server_security_groups): 200 GET http://10.180.1.21/compute/v2.1/servers/9d967bb3-ca02-45b4-a7eb-b92bc25e201f 0.224s
2025-11-21 23:08:50.545 66290 INFO tempest.lib.common.rest_client [req-d7f4ec98-ac46-46c2-85b2-a93b9a6b653f req-d7f4ec98-ac46-46c2-85b2-a93b9a6b653f ] Request (ServersNegativeTestMultiTenantJSON:tearDownClass): 200 GET http://10.180.1.21/compute/v2.1/servers/8612e025-75a7-47c2-aa5f-a29e70a5f2b4 0.264s
2025-11-21 23:08:50.568 66264 INFO tempest.lib.common.rest_client [req-ec9a901a-3bb7-4050-bed1-07314593e5ea req-ec9a901a-3bb7-4050-bed1-07314593e5ea ] Request (ImagesOneServerNegativeTestJSON:_run_cleanups): 200 GET http://10.180.1.21/compute/v2.1/servers/a00558d3-80bd-4458-b5d4-a1f9eb043e3e 0.232s
2025-11-21 23:08:50.650 66282 INFO tempest.lib.common.rest_client [req-8a116620-284d-4fa3-8136-3fb6758d61ea req-8a116620-284d-4fa3-8136-3fb6758d61ea ] Request (ImagesTestJSON:test_create_image_from_suspended_server): 200 GET http://10.180.1.21/compute/v2.1/servers/9e136e19-8ece-4b65-902f-c6af667f9d6b 0.205s
2025-11-21 23:08:50.689 66258 INFO tempest.lib.common.rest_client [req-8dae6966-dfde-439d-892d-23f442daeab6 req-8dae6966-dfde-439d-892d-23f442daeab6 ] Request (DeleteServersTestJSON:test_delete_server_while_in_shelved_state): 200 GET http://10.180.1.21/compute/v2.1/servers/128e1b4d-8316-42ad-8fff-2bc283144c4e 0.312s
2025-11-21 23:08:50.690 66294 INFO tempest.lib.common.rest_client [req-0ed10525-b4c5-421e-a559-acca11ebb31e req-0ed10525-b4c5-421e-a559-acca11ebb31e ] Request (ImagesOneServerTestJSON:test_create_image_specify_multibyte_character_image_name): 200 GET http://10.180.1.21/compute/v2.1/images/5c7d3de4-d1c8-44c9-a6e0-e9eb5c08e483 0.214s
2025-11-21 23:08:50.767 66268 INFO tempest.lib.common.rest_client [req-42e0028b-4e69-4fe3-b6a8-1ed28be71d45 req-42e0028b-4e69-4fe3-b6a8-1ed28be71d45 ] Request (FloatingIPsAssociationTestJSON:tearDownClass): 204 DELETE http://10.180.1.21/compute/v2.1/servers/1367d8f3-b94a-4b9a-8b17-566d80efc092 0.280s
2025-11-21 23:08:50.825 66278 INFO tempest.lib.common.rest_client [req-69db107a-4419-49e8-9a9b-aafa21050e56 req-69db107a-4419-49e8-9a9b-aafa21050e56 ] Request (ServerMetadataNegativeTestJSON:tearDownClass): 200 GET http://10.180.1.21/compute/v2.1/servers/74a7a33a-ae62-45a6-b8ac-65463f7d10ba 0.177s
2025-11-21 23:08:50.830 66304 INFO tempest.lib.common.rest_client [req-6c6e7026-c4fe-4cd3-8d68-dea51f186e9a req-6c6e7026-c4fe-4cd3-8d68-dea51f186e9a ] Request (ServerActionsTestOtherB:test_resize_server_confirm_from_stopped): 200 GET http://10.180.1.21/compute/v2.1/servers/a9a7b0d1-809c-4ef8-bbc4-5786bf23d4bd 0.273s
2025-11-21 23:08:50.886 66250 INFO tempest.lib.common.rest_client [req-2e31426f-a060-4054-bbd5-884d710148c6 req-2e31426f-a060-4054-bbd5-884d710148c6 ] Request (ServerRescueTestJSONUnderV235:setUpClass): 200 GET http://10.180.1.21/compute/v2.1/servers/c93af002-ef45-43b3-8405-9633970e5020 0.160s
2025-11-21 23:08:50.947 66302 INFO tempest.lib.common.rest_client [req-d427f68f-9d2f-4dc5-add9-2faa29305ce8 req-d427f68f-9d2f-4dc5-add9-2faa29305ce8 ] Request (FloatingIPsAssociationNegativeTestJSON:setUpClass): 200 GET http://10.180.1.21/compute/v2.1/servers/ca67416a-30fc-4c56-9201-5f2eccada52a 0.184s
2025-11-21 23:08:51.012 66306 INFO tempest.lib.common.rest_client [req-c5e2ac36-4014-4ac7-97b5-f4a4434fad9c req-c5e2ac36-4014-4ac7-97b5-f4a4434fad9c ] Request (ServersAdminNegativeTestJSON:tearDownClass): 200 GET http://10.180.1.21/compute/v2.1/servers/c236f7a3-276e-4c84-8c52-fcbff4af3212 0.182s
2025-11-21 23:08:51.023 66268 INFO tempest.lib.common.rest_client [req-ef16c037-7173-4ec4-a724-9d3e071edb6f req-ef16c037-7173-4ec4-a724-9d3e071edb6f ] Request (FloatingIPsAssociationTestJSON:tearDownClass): 200 GET http://10.180.1.21/compute/v2.1/servers/1367d8f3-b94a-4b9a-8b17-566d80efc092 0.255s
2025-11-21 23:08:51.039 66308 WARNING tempest.lib.common.ssh [-] Failed to establish authenticated ssh connection to cirros@10.180.180.173 ([Errno None] Unable to connect to port 22 on 10.180.180.173). Number attempts: 5. Retry after 6 seconds.: paramiko.ssh_exception.NoValidConnectionsError: [Errno None] Unable to connect to port 22 on 10.180.180.173
2025-11-21 23:08:51.076 66288 INFO tempest.lib.common.rest_client [req-2551b374-55cc-47c6-903c-03336ea06a17 req-2551b374-55cc-47c6-903c-03336ea06a17 ] Request (ListServersNegativeTestJSON:tearDownClass): 200 GET http://10.180.1.21/compute/v2.1/servers/4747ae89-2b3c-4a3a-8b94-f1978c50f22c 0.231s
2025-11-21 23:08:51.091 66260 INFO tempest.lib.common.rest_client [req-c3155390-146f-4999-9c23-b09492670fe3 req-c3155390-146f-4999-9c23-b09492670fe3 ] Request (ServersAdminTestJSON:tearDownClass): 200 GET http://10.180.1.21/compute/v2.1/servers/49c5a548-b057-4af4-a4c3-1197f9cc7c7b 0.193s
2025-11-21 23:08:51.143 66276 INFO tempest.lib.common.rest_client [req-731cd6d1-ea5a-42ef-8dac-b27937e54f03 req-731cd6d1-ea5a-42ef-8dac-b27937e54f03 ] Request (ServersTestFqdnHostnames:tearDownClass): 200 GET http://10.180.1.21/compute/v2.1/servers/9a5f4dd8-6ab8-4753-a2cb-30c4a3410ecb 0.238s
2025-11-21 23:08:51.159 66256 INFO tempest.lib.common.rest_client [req-bb5ac65c-23d4-4e93-8d70-5b363779c2a6 req-bb5ac65c-23d4-4e93-8d70-5b363779c2a6 ] Request (MigrationsAdminTest:test_resize_server_revert_deleted_flavor): 200 GET http://10.180.1.21/compute/v2.1/servers/d4054d51-f42b-492e-b339-187de809038a 0.060s
2025-11-21 23:08:51.251 66272 INFO tempest.lib.common.rest_client [req-d279e5eb-16f1-4746-a249-663c8c09259e req-d279e5eb-16f1-4746-a249-663c8c09259e ] Request (MultipleCreateTestJSON:test_multiple_create_with_reservation_return): 200 GET http://10.180.1.21/compute/v2.1/servers/006b9cfc-e15d-4e72-8140-c4bdea3bfacf 0.057s
2025-11-21 23:08:51.324 66296 INFO tempest.lib.common.rest_client [req-53e095b2-e2d2-483a-b629-441a218c1e6c req-53e095b2-e2d2-483a-b629-441a218c1e6c ] Request (ServerAddressesNegativeTestJSON:tearDownClass): 200 GET http://10.180.1.21/compute/v2.1/servers/17144923-8f3a-4e3b-8fd7-cb519a6ffbe5 0.056s
2025-11-21 23:08:51.373 66286 INFO tempest.lib.common.rest_client [req-52b72e1d-8f3b-4263-8ab2-0dd3d04b79bb req-52b72e1d-8f3b-4263-8ab2-0dd3d04b79bb ] Request (ServersTestMultiNic:test_verify_multiple_nics_order): 200 GET http://10.180.1.21/compute/v2.1/servers/b5f5d0ab-b35e-4627-ba32-d02d91721cba 0.052s
2025-11-21 23:08:51.449 66280 INFO tempest.lib.common.rest_client [req-e89114ce-864c-4ee5-9074-8b1fbdbda455 req-e89114ce-864c-4ee5-9074-8b1fbdbda455 ] Request (ServerRescueNegativeTestJSON:test_rescued_vm_detach_volume): 200 GET http://10.180.1.21/compute/v2.1/servers/adbd2dab-2d09-44b1-bee8-2e8123516b3b 0.062s
2025-11-21 23:08:51.474 66246 INFO tempest.lib.common.rest_client [req-609f9fd0-7cd7-4730-a273-802b2e3911fa req-609f9fd0-7cd7-4730-a273-802b2e3911fa ] Request (ListImageFiltersTestJSON:setUpClass): 200 GET http://10.180.1.21/compute/v2.1/images/374e371e-0b18-4261-9b5d-9c8d2fc05725 0.044s
2025-11-21 23:08:51.584 66254 INFO tempest.lib.common.rest_client [req-f6421852-32e8-4d73-8ccd-0bd031100cd1 req-f6421852-32e8-4d73-8ccd-0bd031100cd1 ] Request (SecurityGroupsTestJSON:test_server_security_groups): 200 GET http://10.180.1.21/compute/v2.1/servers/9d967bb3-ca02-45b4-a7eb-b92bc25e201f 0.073s
2025-11-21 23:08:51.631 66290 INFO tempest.lib.common.rest_client [req-cafe147a-c158-4b21-9471-50a2431c85de req-cafe147a-c158-4b21-9471-50a2431c85de ] Request (ServersNegativeTestMultiTenantJSON:tearDownClass): 200 GET http://10.180.1.21/compute/v2.1/servers/8612e025-75a7-47c2-aa5f-a29e70a5f2b4 0.076s
2025-11-21 23:08:51.656 66264 INFO tempest.lib.common.rest_client [req-930984ae-e7da-473b-92fc-b6a69280c789 req-930984ae-e7da-473b-92fc-b6a69280c789 ] Request (ImagesOneServerNegativeTestJSON:_run_cleanups): 200 GET http://10.180.1.21/compute/v2.1/servers/a00558d3-80bd-4458-b5d4-a1f9eb043e3e 0.080s
2025-11-21 23:08:51.679 66266 WARNING tempest.lib.common.ssh [-] Failed to establish authenticated ssh connection to cirros@10.180.180.249 ([Errno None] Unable to connect to port 22 on 10.180.180.249). Number attempts: 2. Retry after 3 seconds.: paramiko.ssh_exception.NoValidConnectionsError: [Errno None] Unable to connect to port 22 on 10.180.180.249
2025-11-21 23:08:51.719 66282 INFO tempest.lib.common.rest_client [req-614dc897-ab2c-4222-b3ea-5dbe128319c8 req-614dc897-ab2c-4222-b3ea-5dbe128319c8 ] Request (ImagesTestJSON:test_create_image_from_suspended_server): 200 GET http://10.180.1.21/compute/v2.1/servers/9e136e19-8ece-4b65-902f-c6af667f9d6b 0.060s
2025-11-21 23:08:51.737 66294 INFO tempest.lib.common.rest_client [req-eaf094aa-ae95-433b-89ce-5eee77d458c5 req-eaf094aa-ae95-433b-89ce-5eee77d458c5 ] Request (ImagesOneServerTestJSON:test_create_image_specify_multibyte_character_image_name): 200 GET http://10.180.1.21/compute/v2.1/images/5c7d3de4-d1c8-44c9-a6e0-e9eb5c08e483 0.042s
2025-11-21 23:08:51.828 66258 INFO tempest.lib.common.rest_client [req-350f2c9f-df9d-4aa6-8dfb-015b6d627ad3 req-350f2c9f-df9d-4aa6-8dfb-015b6d627ad3 ] Request (DeleteServersTestJSON:test_delete_server_while_in_shelved_state): 200 GET http://10.180.1.21/compute/v2.1/servers/128e1b4d-8316-42ad-8fff-2bc283144c4e 0.130s
2025-11-21 23:08:51.836 66258 INFO tempest.common.waiters [-] State transition "BUILD/spawning" ==> "ACTIVE/None" after 47 second wait
2025-11-21 23:08:51.906 66278 INFO tempest.lib.common.rest_client [req-fc8d27c0-6190-4e81-9b0e-446b72279d13 req-fc8d27c0-6190-4e81-9b0e-446b72279d13 ] Request (ServerMetadataNegativeTestJSON:tearDownClass): 200 GET http://10.180.1.21/compute/v2.1/servers/74a7a33a-ae62-45a6-b8ac-65463f7d10ba 0.073s
2025-11-21 23:08:52.014 66304 INFO tempest.lib.common.rest_client [req-23a6a583-55f6-482a-ab1d-01dd57d6b94e req-23a6a583-55f6-482a-ab1d-01dd57d6b94e ] Request (ServerActionsTestOtherB:test_resize_server_confirm_from_stopped): 200 GET http://10.180.1.21/compute/v2.1/servers/a9a7b0d1-809c-4ef8-bbc4-5786bf23d4bd 0.175s
2025-11-21 23:08:52.069 66250 INFO tempest.lib.common.rest_client [req-765eb15d-facb-42ec-9f39-18ad61d6f530 req-765eb15d-facb-42ec-9f39-18ad61d6f530 ] Request (ServerRescueTestJSONUnderV235:setUpClass): 200 GET http://10.180.1.21/compute/v2.1/servers/c93af002-ef45-43b3-8405-9633970e5020 0.173s
2025-11-21 23:08:52.170 66302 INFO tempest.lib.common.rest_client [req-038a7f48-c512-4c9b-9cfa-a3aa7779f925 req-038a7f48-c512-4c9b-9cfa-a3aa7779f925 ] Request (FloatingIPsAssociationNegativeTestJSON:setUpClass): 200 GET http://10.180.1.21/compute/v2.1/servers/ca67416a-30fc-4c56-9201-5f2eccada52a 0.212s
2025-11-21 23:08:52.230 66306 INFO tempest.lib.common.rest_client [req-d136bc0e-437b-4193-97e6-2fc95e1c4484 req-d136bc0e-437b-4193-97e6-2fc95e1c4484 ] Request (ServersAdminNegativeTestJSON:tearDownClass): 200 GET http://10.180.1.21/compute/v2.1/servers/c236f7a3-276e-4c84-8c52-fcbff4af3212 0.209s
2025-11-21 23:08:52.292 66258 INFO tempest.lib.common.rest_client [req-dbaa6cc3-9873-42b3-994b-9c5214d52d57 req-dbaa6cc3-9873-42b3-994b-9c5214d52d57 ] Request (DeleteServersTestJSON:test_delete_server_while_in_shelved_state): 202 POST http://10.180.1.21/compute/v2.1/servers/128e1b4d-8316-42ad-8fff-2bc283144c4e/action 0.456s
2025-11-21 23:08:52.333 66268 INFO tempest.lib.common.rest_client [req-a3d143ec-c2ad-41b5-95f8-c0beb87cc230 req-a3d143ec-c2ad-41b5-95f8-c0beb87cc230 ] Request (FloatingIPsAssociationTestJSON:tearDownClass): 200 GET http://10.180.1.21/compute/v2.1/servers/1367d8f3-b94a-4b9a-8b17-566d80efc092 0.301s
2025-11-21 23:08:52.355 66260 INFO tempest.lib.common.rest_client [req-14b2c7c8-dcf6-411e-94e6-078ca4534451 req-14b2c7c8-dcf6-411e-94e6-078ca4534451 ] Request (ServersAdminTestJSON:tearDownClass): 404 GET http://10.180.1.21/compute/v2.1/servers/49c5a548-b057-4af4-a4c3-1197f9cc7c7b 0.255s
