2025-11-22 01:03:55.265 66377 INFO tempest.lib.common.rest_client [req-8e0d6cec-122a-48ec-9b85-0b0d2bd032f2 req-8e0d6cec-122a-48ec-9b85-0b0d2bd032f2 ] Request (ServerShowV257Test:setUpClass): 204 PUT http://10.180.1.21/identity/v3/projects/deafa3ee2e4a46e583f3227191f84af7/users/d384ef966a31464ca654c4c376cce13f/roles/351c3b8c01534fffbc18c4bcb86b7193 0.080s
2025-11-22 01:03:55.265 66377 INFO tempest.lib.common.dynamic_creds [-] Dynamic test user d384ef966a31464ca654c4c376cce13f is created with scope project and roles: ['member']
2025-11-22 01:03:55.265 66377 INFO tempest.lib.common.dynamic_creds [-] Acquired dynamic creds: credentials: Credentials: {'domain_id': 'default', 'domain_name': 'Default', 'username': 'tempest-ServerShowV257Test-1935330688-project-member', 'project_domain_id': 'default', 'project_domain_name': 'Default', 'project_id': 'deafa3ee2e4a46e583f3227191f84af7', 'project_name': 'tempest-ServerShowV257Test-1935330688', 'tenant_id': 'deafa3ee2e4a46e583f3227191f84af7', 'tenant_name': 'tempest-ServerShowV257Test-1935330688', 'user_domain_id': 'default', 'user_domain_name': 'Default', 'user_id': 'd384ef966a31464ca654c4c376cce13f', 'system': None}, Network: None, Subnet: None, Router: None
2025-11-22 01:03:55.266 66377 INFO tempest.lib.common.dynamic_creds [-] Created isolated network resources for: credentials: Credentials: {'domain_id': 'default', 'domain_name': 'Default', 'username': 'tempest-ServerShowV257Test-1935330688-project-member', 'project_domain_id': 'default', 'project_domain_name': 'Default', 'project_id': 'deafa3ee2e4a46e583f3227191f84af7', 'project_name': 'tempest-ServerShowV257Test-1935330688', 'tenant_id': 'deafa3ee2e4a46e583f3227191f84af7', 'tenant_name': 'tempest-ServerShowV257Test-1935330688', 'user_domain_id': 'default', 'user_domain_name': 'Default', 'user_id': 'd384ef966a31464ca654c4c376cce13f', 'system': None}, Network: None, Subnet: None, Router: None
2025-11-22 01:03:55.271 66353 INFO tempest.lib.common.rest_client [req-6dc4f82d-a4b6-442c-a62c-72a33900058a req-6dc4f82d-a4b6-442c-a62c-72a33900058a ] Request (QuotasAdminTestJSON:setUpClass): 204 PUT http://10.180.1.21/identity/v3/projects/2e61ac4431f44b48b60bb19f59bbfd96/users/0189a2a17f22467cab1d23f31bb85bf5/roles/46b4aa38f72c498fa8f997630149a38b 0.023s
2025-11-22 01:03:55.271 66353 INFO tempest.lib.common.dynamic_creds [-] Dynamic test user 0189a2a17f22467cab1d23f31bb85bf5 is created with scope project and roles: ['admin']
2025-11-22 01:03:55.271 66353 INFO tempest.lib.common.dynamic_creds [-] Acquired dynamic creds: credentials: Credentials: {'domain_id': 'default', 'domain_name': 'Default', 'username': 'tempest-QuotasAdminTestJSON-58761658-project-admin', 'project_domain_id': 'default', 'project_domain_name': 'Default', 'project_id': '2e61ac4431f44b48b60bb19f59bbfd96', 'project_name': 'tempest-QuotasAdminTestJSON-58761658', 'tenant_id': '2e61ac4431f44b48b60bb19f59bbfd96', 'tenant_name': 'tempest-QuotasAdminTestJSON-58761658', 'user_domain_id': 'default', 'user_domain_name': 'Default', 'user_id': '0189a2a17f22467cab1d23f31bb85bf5', 'system': None}, Network: None, Subnet: None, Router: None
2025-11-22 01:03:55.271 66353 INFO tempest.lib.common.dynamic_creds [-] Created isolated network resources for: credentials: Credentials: {'domain_id': 'default', 'domain_name': 'Default', 'username': 'tempest-QuotasAdminTestJSON-58761658-project-admin', 'project_domain_id': 'default', 'project_domain_name': 'Default', 'project_id': '2e61ac4431f44b48b60bb19f59bbfd96', 'project_name': 'tempest-QuotasAdminTestJSON-58761658', 'tenant_id': '2e61ac4431f44b48b60bb19f59bbfd96', 'tenant_name': 'tempest-QuotasAdminTestJSON-58761658', 'user_domain_id': 'default', 'user_domain_name': 'Default', 'user_id': '0189a2a17f22467cab1d23f31bb85bf5', 'system': None}, Network: None, Subnet: None, Router: None
2025-11-22 01:03:55.332 66345 INFO tempest.lib.common.rest_client [req-08301ee5-77f8-42ee-ae70-8101f43606ad req-08301ee5-77f8-42ee-ae70-8101f43606ad ] Request (ServerDiagnosticsNegativeTest:test_get_server_diagnostics_by_non_admin): 200 GET http://10.180.1.21/compute/v2.1/servers/8d6dc013-12e6-46a1-9329-758316324d58 2.080s
2025-11-22 01:03:55.345 66377 INFO tempest.lib.common.rest_client [req-a446a584-b068-421e-b0d4-50a09637e23f req-a446a584-b068-421e-b0d4-50a09637e23f ] Request (ServerShowV257Test:setUpClass): 201 POST http://10.180.1.21/identity/v3/auth/tokens 0.075s
2025-11-22 01:03:55.405 66367 INFO tempest.lib.common.rest_client [req-053ef402-2387-4921-95d3-3f9cef0efcd3 req-053ef402-2387-4921-95d3-3f9cef0efcd3 ] Request (FlavorsV255TestJSON:tearDownClass): 204 DELETE http://10.180.1.21/identity/v3/projects/f2e525f9dec54af0a67ff578ca8d712b 0.144s
2025-11-22 01:03:55.405 66367 INFO tempest.lib.common.dynamic_creds [-] Deleting project and security group for project: 25b4da5e9c494d3f858551a78c95e9b4
2025-11-22 01:03:55.418 66353 INFO tempest.lib.common.rest_client [req-d2cb74fd-67e1-4852-9cab-09ba02bbd994 req-d2cb74fd-67e1-4852-9cab-09ba02bbd994 ] Request (QuotasAdminTestJSON:setUpClass): 201 POST http://10.180.1.21/identity/v3/auth/tokens 0.144s
2025-11-22 01:03:55.419 66353 WARNING tempest.lib.common.rest_client [-] Deprecated: "tenant_id" property is deprecated for removal, use "project_id" instead
2025-11-22 01:03:55.429 66365 INFO tempest.lib.common.rest_client [req-028fb59a-bacc-4f64-ba49-20dc02d59c4c req-028fb59a-bacc-4f64-ba49-20dc02d59c4c ] Request (DeleteServersAdminTestJSON:test_admin_delete_servers_of_others): 200 GET http://10.180.1.21/compute/v2.1/servers/6797bde2-8f30-40af-838f-e8a70f576ee9 1.975s
2025-11-22 01:03:55.440 66391 INFO tempest.lib.common.rest_client [req-30e8e679-0e0b-476e-b46f-e7c6bbb73467 req-30e8e679-0e0b-476e-b46f-e7c6bbb73467 ] Request (ServersAdminTestJSON:setUpClass): 200 GET http://10.180.1.21/compute/v2.1/servers/31c45366-8a43-4d38-8aad-09019ca76271 1.744s
2025-11-22 01:03:55.455 66399 INFO tempest.lib.common.rest_client [req-399f04f0-bfbe-4860-a6cb-9e4266661c2e req-399f04f0-bfbe-4860-a6cb-9e4266661c2e ] Request (FlavorsExtraSpecsTestJSON:test_flavor_set_get_update_show_unset_keys): 200 GET http://10.180.1.21/compute/v2.1/flavors/147335839/os-extra_specs 1.647s
2025-11-22 01:03:55.457 66377 INFO tempest.lib.common.rest_client [req-43bb1f3a-077c-45c8-93df-121a1ed38af3 req-43bb1f3a-077c-45c8-93df-121a1ed38af3 ] Request (ServerShowV257Test:test_rebuild_server): 201 POST http://10.180.1.21/identity/v3/auth/tokens 0.109s
2025-11-22 01:03:55.458 66377 INFO tempest.lib.common.fixed_network [-] (ServerShowV257Test:test_rebuild_server) Found network None available for tenant
2025-11-22 01:03:55.526 66367 INFO tempest.lib.common.rest_client [req-74476584-c476-48bc-9ed6-ef154e1a61b4 req-74476584-c476-48bc-9ed6-ef154e1a61b4 ] Request (FlavorsV255TestJSON:tearDownClass): 200 GET http://10.180.1.21/networking/v2.0/security-groups?tenant_id=25b4da5e9c494d3f858551a78c95e9b4&name=default 0.121s
2025-11-22 01:03:55.536 66395 INFO tempest.lib.common.rest_client [req-bf3c7d2d-f941-40a7-a542-953e9ddfc645 req-bf3c7d2d-f941-40a7-a542-953e9ddfc645 ] Request (SecurityGroupsNegativeTestJSON:test_update_non_existent_security_group): 404 PUT http://10.180.1.21/compute/v2.1/os-security-groups/9564d2c0-cdcc-44cd-8965-d581a1228aef 1.749s
2025-11-22 01:03:55.557 66359 INFO tempest.lib.common.rest_client [req-f6fa6668-fd63-4667-b9ae-a1b3c74613f4 req-f6fa6668-fd63-4667-b9ae-a1b3c74613f4 ] Request (ServersListShow298Test:test_list_show_update_rebuild_server_298): 200 GET http://10.180.1.21/compute/v2.1/servers/0b542951-3837-4cf1-83ec-9dacb72218ac 1.600s
2025-11-22 01:03:55.601 66373 INFO tempest.lib.common.rest_client [req-047278eb-4465-437c-a06d-b90a7cb2811a req-047278eb-4465-437c-a06d-b90a7cb2811a ] Request (ServicesAdminTestJSON:test_get_service_by_service_binary_name): 200 GET http://10.180.1.21/compute/v2.1/os-services?binary=nova-compute 1.350s
2025-11-22 01:03:55.625 66407 INFO tempest.lib.common.rest_client [req-53c6bcde-9f7c-4377-9483-44c01b6dffbe req-53c6bcde-9f7c-4377-9483-44c01b6dffbe ] Request (FlavorsAccessTestJSON:_run_cleanups): 200 GET http://10.180.1.21/compute/v2.1/flavors/detail 1.243s
2025-11-22 01:03:55.626 66367 INFO tempest.lib.common.rest_client [req-3799ba7e-d037-410f-b829-2a241861410c req-3799ba7e-d037-410f-b829-2a241861410c ] Request (FlavorsV255TestJSON:tearDownClass): 204 DELETE http://10.180.1.21/networking/v2.0/security-groups/946b40cd-9608-4002-8f5e-c8cdb3a0ab02 0.100s
2025-11-22 01:03:55.644 66351 INFO tempest.lib.common.rest_client [req-84ba939c-6af8-440d-8dbf-eb965b4acd99 req-84ba939c-6af8-440d-8dbf-eb965b4acd99 ] Request (FlavorsAdminTestJSON:test_create_flavor_with_int_id): 200 POST http://10.180.1.21/compute/v2.1/flavors 1.233s
2025-11-22 01:03:55.659 66383 INFO tempest.lib.common.rest_client [req-de3a7bf6-dd72-421b-96b1-d1ed9492870f req-de3a7bf6-dd72-421b-96b1-d1ed9492870f ] Request (ServersWithSpecificFlavorTestJSON:test_verify_created_server_ephemeral_disk): 200 GET http://10.180.1.21/compute/v2.1/flavors/42/os-extra_specs 1.212s
2025-11-22 01:03:55.679 66376 INFO tempest.lib.common.rest_client [req-a0d52e89-a041-4349-9042-3898b296f0c2 req-a0d52e89-a041-4349-9042-3898b296f0c2 ] Request (HypervisorAdminV253TestBase:test_list_show_detail_hypervisors): 200 GET http://10.180.1.21/compute/v2.1/os-hypervisors/69a4d9a7-136b-4c0e-964b-65b035541222 1.178s
2025-11-22 01:03:55.740 66389 INFO tempest.lib.common.rest_client [req-835a3c04-2010-4160-9d08-acbaa1bb2b98 req-835a3c04-2010-4160-9d08-acbaa1bb2b98 ] Request (ListImagesTestJSON:test_get_image): 200 GET http://10.180.1.21/compute/v2.1/images/88bc565e-119e-455a-91fe-e146b02fa10f 1.584s
2025-11-22 01:03:55.759 66367 INFO tempest.lib.common.rest_client [req-de9e9027-490e-4279-8561-38564d5c702d req-de9e9027-490e-4279-8561-38564d5c702d ] Request (FlavorsV255TestJSON:tearDownClass): 204 DELETE http://10.180.1.21/identity/v3/projects/25b4da5e9c494d3f858551a78c95e9b4 0.131s
2025-11-22 01:03:55.768 66387 INFO tempest.lib.common.rest_client [req-99c63ffa-f7b1-43f6-95d3-4480e4537b84 req-99c63ffa-f7b1-43f6-95d3-4480e4537b84 ] Request (HostsAdminTestJSON:test_show_host_detail): 200 GET http://10.180.1.21/compute/v2.1/os-hosts 1.097s
2025-11-22 01:03:55.782 66376 INFO tempest.lib.common.rest_client [req-d23829e8-5169-4c61-8cb5-ea4d89a83140 req-d23829e8-5169-4c61-8cb5-ea4d89a83140 ] Request (HypervisorAdminV253TestBase:tearDownClass): 204 DELETE http://10.180.1.21/identity/v3/users/f3501d88677e4d5c91a10c7019d630a1 0.094s
2025-11-22 01:03:55.821 66367 INFO tempest.lib.common.rest_client [req-40ef07bc-7316-460d-841a-cf3672fe084d req-40ef07bc-7316-460d-841a-cf3672fe084d ] Request (DeleteServersTestJSON:setUpClass): 201 POST http://10.180.1.21/identity/v3/auth/tokens 0.060s
2025-11-22 01:03:55.851 66367 INFO tempest.lib.common.rest_client [req-6f6374ff-b661-4b43-8442-6c56b1f6c1e5 req-6f6374ff-b661-4b43-8442-6c56b1f6c1e5 ] Request (DeleteServersTestJSON:setUpClass): 201 POST http://10.180.1.21/identity/v3/auth/tokens 0.026s
2025-11-22 01:03:55.886 66376 INFO tempest.lib.common.rest_client [req-dde0488b-c6f0-4c49-b2f5-ae29d43ac906 req-dde0488b-c6f0-4c49-b2f5-ae29d43ac906 ] Request (HypervisorAdminV253TestBase:tearDownClass): 204 DELETE http://10.180.1.21/identity/v3/users/309348ab8fd945b9afdf9c69c66090f2 0.103s
2025-11-22 01:03:55.886 66376 INFO tempest.lib.common.dynamic_creds [-] Deleting project and security group for project: e8d0a1493e1740a7b79ecfed9dc54d90
2025-11-22 01:03:55.900 66405 INFO tempest.lib.common.rest_client [req-90944fce-2bfb-42da-a180-fccaaba9cec8 req-90944fce-2bfb-42da-a180-fccaaba9cec8 ] Request (VolumesAssistedSnapshotsTest:test_volume_assisted_snapshot_create_delete): 200 GET http://10.180.1.21/compute/v2.1/servers/d43a2648-cefd-4dd5-aebf-f35393271a2f 1.323s
2025-11-22 01:03:55.916 66367 INFO tempest.lib.common.rest_client [req-9c3d88a1-022b-4ea1-886b-444ee216d27a req-9c3d88a1-022b-4ea1-886b-444ee216d27a ] Request (DeleteServersTestJSON:setUpClass): 200 GET http://10.180.1.21/identity/v3/domains?name=Default 0.064s
2025-11-22 01:03:55.951 66376 INFO tempest.lib.common.rest_client [req-0c9d05bc-c06b-4b20-85a3-72189793be7e req-0c9d05bc-c06b-4b20-85a3-72189793be7e ] Request (HypervisorAdminV253TestBase:tearDownClass): 201 POST http://10.180.1.21/identity/v3/auth/tokens 0.064s
2025-11-22 01:03:55.997 66367 INFO tempest.lib.common.rest_client [req-34785c03-ef46-4aae-ab72-ed688adc4adf req-34785c03-ef46-4aae-ab72-ed688adc4adf ] Request (DeleteServersTestJSON:setUpClass): 201 POST http://10.180.1.21/identity/v3/projects 0.080s
2025-11-22 01:03:56.075 66367 INFO tempest.lib.common.rest_client [req-9fe8ebe8-9e99-47ff-992b-a675b9df062c req-9fe8ebe8-9e99-47ff-992b-a675b9df062c ] Request (DeleteServersTestJSON:setUpClass): 201 POST http://10.180.1.21/identity/v3/users 0.077s
2025-11-22 01:03:56.095 66367 INFO tempest.lib.common.rest_client [req-1365b14d-9f94-4c2f-b164-c490f6d48d20 req-1365b14d-9f94-4c2f-b164-c490f6d48d20 ] Request (DeleteServersTestJSON:setUpClass): 200 GET http://10.180.1.21/identity/v3/roles 0.020s
2025-11-22 01:03:56.123 66367 INFO tempest.lib.common.rest_client [req-2b951251-545f-440b-8209-7519be0058e2 req-2b951251-545f-440b-8209-7519be0058e2 ] Request (DeleteServersTestJSON:setUpClass): 204 PUT http://10.180.1.21/identity/v3/projects/acb88debc6854427b4d8699b252b2935/users/f2a1c1c49bfe42a59b61e15dba75f016/roles/351c3b8c01534fffbc18c4bcb86b7193 0.027s
2025-11-22 01:03:56.123 66367 INFO tempest.lib.common.dynamic_creds [-] Dynamic test user f2a1c1c49bfe42a59b61e15dba75f016 is created with scope project and roles: ['member']
2025-11-22 01:03:56.124 66367 INFO tempest.lib.common.dynamic_creds [-] Acquired dynamic creds: credentials: Credentials: {'domain_id': 'default', 'domain_name': 'Default', 'username': 'tempest-DeleteServersTestJSON-264165243-project-member', 'project_domain_id': 'default', 'project_domain_name': 'Default', 'project_id': 'acb88debc6854427b4d8699b252b2935', 'project_name': 'tempest-DeleteServersTestJSON-264165243', 'tenant_id': 'acb88debc6854427b4d8699b252b2935', 'tenant_name': 'tempest-DeleteServersTestJSON-264165243', 'user_domain_id': 'default', 'user_domain_name': 'Default', 'user_id': 'f2a1c1c49bfe42a59b61e15dba75f016', 'system': None}, Network: None, Subnet: None, Router: None
2025-11-22 01:03:56.182 66367 INFO tempest.lib.common.rest_client [req-4d441a66-a9f4-4af2-bff6-13249f9d6612 req-4d441a66-a9f4-4af2-bff6-13249f9d6612 ] Request (DeleteServersTestJSON:setUpClass): 201 POST http://10.180.1.21/identity/v3/auth/tokens 0.058s
2025-11-22 01:03:56.235 66376 INFO tempest.lib.common.rest_client [req-0930d4db-a0df-482e-88e7-d29fcf7cfae7 req-0930d4db-a0df-482e-88e7-d29fcf7cfae7 ] Request (HypervisorAdminV253TestBase:tearDownClass): 200 GET http://10.180.1.21/networking/v2.0/security-groups?tenant_id=e8d0a1493e1740a7b79ecfed9dc54d90&name=default 0.284s
2025-11-22 01:03:56.561 66369 INFO tempest.lib.common.rest_client [req-97ca2052-a828-4bcf-be90-9aafe214c597 req-97ca2052-a828-4bcf-be90-9aafe214c597 ] Request (FloatingIPsAssociationTestJSON:setUpClass): 200 GET http://10.180.1.21/compute/v2.1/servers/dd3e6943-3700-4ce6-adea-7f6f96a6b764 1.857s
2025-11-22 01:03:56.566 66395 INFO tempest.lib.common.rest_client [req-e253557f-3493-4618-b032-136429c97908 req-e253557f-3493-4618-b032-136429c97908 ] Request (SecurityGroupsNegativeTestJSON:tearDownClass): 200 PUT http://10.180.1.21/networking/v2.0/routers/88c4db90-8dca-4ecd-83cc-4b5c2a16ad9c/remove_router_interface 1.027s
2025-11-22 01:03:56.583 66393 INFO tempest.lib.common.rest_client [req-1e303b00-5f43-4d28-99c4-c790d321e6e8 req-1e303b00-5f43-4d28-99c4-c790d321e6e8 ] Request (ServerExternalEventsTest:test_create_server_external_events): 200 GET http://10.180.1.21/compute/v2.1/servers/5c9deeae-0063-4d82-b449-cbc2aefd09a0 1.852s
2025-11-22 01:03:56.618 66361 INFO tempest.lib.common.rest_client [req-6d5d11e5-e132-4761-80e2-fc05d782f776 req-6d5d11e5-e132-4761-80e2-fc05d782f776 ] Request (AggregatesAdminNegativeTestJSON:_run_cleanups): 200 DELETE http://10.180.1.21/compute/v2.1/os-aggregates/2 1.783s
2025-11-22 01:03:56.637 66357 INFO tempest.lib.common.rest_client [req-f571b9f5-b992-4504-b0c2-014461f9c34e req-f571b9f5-b992-4504-b0c2-014461f9c34e ] Request (FlavorsAccessNegativeTestJSON:test_flavor_access_list_with_public_flavor): 200 POST http://10.180.1.21/compute/v2.1/flavors 1.762s
2025-11-22 01:03:56.683 66376 INFO tempest.lib.common.rest_client [req-31d44ec1-8bcb-4084-b297-c968999a2bd4 req-31d44ec1-8bcb-4084-b297-c968999a2bd4 ] Request (HypervisorAdminV253TestBase:tearDownClass): 204 DELETE http://10.180.1.21/networking/v2.0/security-groups/78a2528c-a08b-4f75-b4e4-a464b178f666 0.447s
2025-11-22 01:03:56.739 66397 INFO tempest.lib.common.rest_client [req-a83512f2-5ba2-4e8a-88b5-f5f3e3aebe13 req-a83512f2-5ba2-4e8a-88b5-f5f3e3aebe13 ] Request (QuotaClassesAdmin257Test:test_update_default_quotas): 200 PUT http://10.180.1.21/compute/v2.1/os-quota-class-sets/default 1.802s
2025-11-22 01:03:56.751 66403 INFO tempest.lib.common.rest_client [req-c12be51c-ba69-4692-b607-427a81fd21cc req-c12be51c-ba69-4692-b607-427a81fd21cc ] Request (FlavorsExtraSpecsNegativeTestJSON:test_flavor_unset_nonexistent_key): 404 DELETE http://10.180.1.21/compute/v2.1/flavors/413413358/os-extra_specs/hw:cpu_thread_policy 1.809s
2025-11-22 01:03:56.781 66376 INFO tempest.lib.common.rest_client [req-86a8155d-eb1a-4e34-9582-39b664b92cf8 req-86a8155d-eb1a-4e34-9582-39b664b92cf8 ] Request (HypervisorAdminV253TestBase:tearDownClass): 204 DELETE http://10.180.1.21/identity/v3/projects/e8d0a1493e1740a7b79ecfed9dc54d90 0.097s
2025-11-22 01:03:56.781 66376 INFO tempest.lib.common.dynamic_creds [-] Deleting project and security group for project: 2d0be83b7f1848b3bd56f8567ac236d3
2025-11-22 01:03:56.896 66367 INFO tempest.lib.common.rest_client [req-b9a8e006-a16a-4db3-87a8-2eb2b553a42c req-b9a8e006-a16a-4db3-87a8-2eb2b553a42c ] Request (DeleteServersTestJSON:setUpClass): 201 POST http://10.180.1.21/networking/v2.0/networks 0.713s
2025-11-22 01:03:57.348 66395 INFO tempest.lib.common.rest_client [req-7e687d1d-0a6f-4fdc-abcb-c402205fd132 req-7e687d1d-0a6f-4fdc-abcb-c402205fd132 ] Request (SecurityGroupsNegativeTestJSON:tearDownClass): 204 DELETE http://10.180.1.21/networking/v2.0/routers/88c4db90-8dca-4ecd-83cc-4b5c2a16ad9c 0.782s
2025-11-22 01:03:57.376 66401 INFO tempest.lib.common.rest_client [req-476bb952-30ad-4fe7-b76b-29626aec3bcf req-476bb952-30ad-4fe7-b76b-29626aec3bcf ] Request (SecurityGroupRulesNegativeTestJSON:test_create_security_group_rule_with_invalid_from_port): 400 POST http://10.180.1.21/compute/v2.1/os-security-group-rules 2.590s
2025-11-22 01:03:57.382 66355 INFO tempest.lib.common.rest_client [req-d90a46b5-9eda-44f8-bc3f-9fde1b8fe044 req-d90a46b5-9eda-44f8-bc3f-9fde1b8fe044 ] Request (HostsAdminNegativeTestJSON:test_startup_host_with_non_admin_user): 403 GET http://10.180.1.21/compute/v2.1/os-hosts/devstack/startup 2.192s
2025-11-22 01:03:57.564 66376 INFO tempest.lib.common.rest_client [req-3b7d3f41-0116-4d42-96b1-ce4b4b7f2d15 req-3b7d3f41-0116-4d42-96b1-ce4b4b7f2d15 ] Request (HypervisorAdminV253TestBase:tearDownClass): 200 GET http://10.180.1.21/networking/v2.0/security-groups?tenant_id=2d0be83b7f1848b3bd56f8567ac236d3&name=default 0.783s
2025-11-22 01:03:57.780 66367 INFO tempest.lib.common.rest_client [req-442e3342-6fc4-4b26-944d-d7ecb1b4e078 req-442e3342-6fc4-4b26-944d-d7ecb1b4e078 ] Request (DeleteServersTestJSON:setUpClass): 201 POST http://10.180.1.21/networking/v2.0/subnets 0.883s
2025-11-22 01:03:57.900 66395 INFO tempest.lib.common.rest_client [req-d29afb11-ab76-4bc6-aad4-789029b7f15b req-d29afb11-ab76-4bc6-aad4-789029b7f15b ] Request (SecurityGroupsNegativeTestJSON:tearDownClass): 204 DELETE http://10.180.1.21/networking/v2.0/subnets/4735af20-8d40-43ca-a042-f04c3678a821 0.551s
2025-11-22 01:03:58.128 66376 INFO tempest.lib.common.rest_client [req-efe399c3-37f9-4adb-95f5-902adf997277 req-efe399c3-37f9-4adb-95f5-902adf997277 ] Request (HypervisorAdminV253TestBase:tearDownClass): 204 DELETE http://10.180.1.21/networking/v2.0/security-groups/c465987c-0365-4556-977c-d20ec0631dc1 0.563s
2025-11-22 01:03:58.157 66349 INFO tempest.lib.common.rest_client [req-77bc96fd-e72c-4d15-ae8e-718ed886b5bf req-77bc96fd-e72c-4d15-ae8e-718ed886b5bf ] Request (ServerDiagnosticsTest:test_get_server_diagnostics): 200 GET http://10.180.1.21/compute/v2.1/servers/45641160-5489-43eb-8eb2-e2475148eeaf 3.179s
2025-11-22 01:03:58.164 66349 INFO tempest.common.waiters [-] State transition "BUILD/networking" ==> "BUILD/spawning" after 13 second wait
2025-11-22 01:03:58.246 66376 INFO tempest.lib.common.rest_client [req-d33d6fe0-8bd1-4c81-bd35-2af6147ce07e req-d33d6fe0-8bd1-4c81-bd35-2af6147ce07e ] Request (HypervisorAdminV253TestBase:tearDownClass): 204 DELETE http://10.180.1.21/identity/v3/projects/2d0be83b7f1848b3bd56f8567ac236d3 0.118s
2025-11-22 01:03:58.322 66376 INFO tempest.lib.common.rest_client [req-724a617d-576b-44d3-b890-ffc7f7a8e2f8 req-724a617d-576b-44d3-b890-ffc7f7a8e2f8 ] Request (ListServersNegativeTestJSON:setUpClass): 201 POST http://10.180.1.21/identity/v3/auth/tokens 0.074s
2025-11-22 01:03:58.357 66376 INFO tempest.lib.common.rest_client [req-3a2014dd-92ff-4934-97f2-974e99c0080b req-3a2014dd-92ff-4934-97f2-974e99c0080b ] Request (ListServersNegativeTestJSON:setUpClass): 201 POST http://10.180.1.21/identity/v3/auth/tokens 0.031s
2025-11-22 01:03:58.384 66376 INFO tempest.lib.common.rest_client [req-70d2b793-69e2-4477-bf99-c2d230f8db83 req-70d2b793-69e2-4477-bf99-c2d230f8db83 ] Request (ListServersNegativeTestJSON:setUpClass): 200 GET http://10.180.1.21/identity/v3/domains?name=Default 0.026s
2025-11-22 01:03:58.417 66376 INFO tempest.lib.common.rest_client [req-a0e85047-ab07-432b-9f1f-c9905050fbe7 req-a0e85047-ab07-432b-9f1f-c9905050fbe7 ] Request (ListServersNegativeTestJSON:setUpClass): 201 POST http://10.180.1.21/identity/v3/projects 0.033s
2025-11-22 01:03:58.491 66376 INFO tempest.lib.common.rest_client [req-7b16573d-f24b-4254-aef9-81cdbf0b6368 req-7b16573d-f24b-4254-aef9-81cdbf0b6368 ] Request (ListServersNegativeTestJSON:setUpClass): 201 POST http://10.180.1.21/identity/v3/users 0.073s
2025-11-22 01:03:58.523 66376 INFO tempest.lib.common.rest_client [req-c67ad23d-1b27-4ad5-8b50-156b7cdf44d5 req-c67ad23d-1b27-4ad5-8b50-156b7cdf44d5 ] Request (ListServersNegativeTestJSON:setUpClass): 200 GET http://10.180.1.21/identity/v3/roles 0.030s
2025-11-22 01:03:58.553 66376 INFO tempest.lib.common.rest_client [req-fe62824a-7333-4368-bb0b-5ee2b77fb862 req-fe62824a-7333-4368-bb0b-5ee2b77fb862 ] Request (ListServersNegativeTestJSON:setUpClass): 204 PUT http://10.180.1.21/identity/v3/projects/f0f35e42ed824ebfa2b6db1498ca447d/users/712267e5d5b44cd684cbc0a8c682a280/roles/351c3b8c01534fffbc18c4bcb86b7193 0.030s
2025-11-22 01:03:58.554 66376 INFO tempest.lib.common.dynamic_creds [-] Dynamic test user 712267e5d5b44cd684cbc0a8c682a280 is created with scope project and roles: ['member']
2025-11-22 01:03:58.554 66376 INFO tempest.lib.common.dynamic_creds [-] Acquired dynamic creds: credentials: Credentials: {'domain_id': 'default', 'domain_name': 'Default', 'username': 'tempest-ListServersNegativeTestJSON-152860058-project-member', 'project_domain_id': 'default', 'project_domain_name': 'Default', 'project_id': 'f0f35e42ed824ebfa2b6db1498ca447d', 'project_name': 'tempest-ListServersNegativeTestJSON-152860058', 'tenant_id': 'f0f35e42ed824ebfa2b6db1498ca447d', 'tenant_name': 'tempest-ListServersNegativeTestJSON-152860058', 'user_domain_id': 'default', 'user_domain_name': 'Default', 'user_id': '712267e5d5b44cd684cbc0a8c682a280', 'system': None}, Network: None, Subnet: None, Router: None
2025-11-22 01:03:58.631 66376 INFO tempest.lib.common.rest_client [req-3bd80cea-47d9-41ac-967a-3e16e96da48e req-3bd80cea-47d9-41ac-967a-3e16e96da48e ] Request (ListServersNegativeTestJSON:setUpClass): 201 POST http://10.180.1.21/identity/v3/auth/tokens 0.077s
2025-11-22 01:03:58.666 66395 INFO tempest.lib.common.rest_client [req-1b5fec70-6595-4443-a1d4-1a52034d7adb req-1b5fec70-6595-4443-a1d4-1a52034d7adb ] Request (SecurityGroupsNegativeTestJSON:tearDownClass): 204 DELETE http://10.180.1.21/networking/v2.0/networks/236e045c-28d7-4029-af7f-9c41fe815c4a 0.765s
2025-11-22 01:03:58.714 66379 INFO tempest.lib.common.rest_client [req-7a8d19df-55b9-4b50-8b1c-bc63e5ff741a req-7a8d19df-55b9-4b50-8b1c-bc63e5ff741a ] Request (ImagesNegativeTestJSON:test_create_image_from_deleted_server): 200 GET http://10.180.1.21/compute/v2.1/servers/370b8932-7f86-4ecd-aaa8-b91d969a53ae 3.477s
2025-11-22 01:03:58.725 66379 INFO tempest.common.waiters [-] State transition "BUILD/None" ==> "BUILD/spawning" after 13 second wait
2025-11-22 01:03:58.748 66399 INFO tempest.lib.common.rest_client [req-a71b86a7-af8b-4602-8f60-a5bccfbe0a20 req-a71b86a7-af8b-4602-8f60-a5bccfbe0a20 ] Request (FlavorsExtraSpecsTestJSON:test_flavor_set_get_update_show_unset_keys): 200 PUT http://10.180.1.21/compute/v2.1/flavors/147335839/os-extra_specs/hw:numa_nodes 3.292s
2025-11-22 01:03:58.784 66395 INFO tempest.lib.common.rest_client [req-71f5445f-4e82-4416-997f-c28b05f49043 req-71f5445f-4e82-4416-997f-c28b05f49043 ] Request (SecurityGroupsNegativeTestJSON:tearDownClass): 204 DELETE http://10.180.1.21/identity/v3/users/089378d8d67b41ed9b7f49a09c77c8bd 0.117s
2025-11-22 01:03:58.784 66395 INFO tempest.lib.common.dynamic_creds [-] Deleting project and security group for project: 36ac111dbe5d4a129d5a3a9e24953a8c
2025-11-22 01:03:58.856 66367 INFO tempest.lib.common.rest_client [req-27d1f344-5299-4983-a1d9-6f013dbc63ad req-27d1f344-5299-4983-a1d9-6f013dbc63ad ] Request (DeleteServersTestJSON:setUpClass): 201 POST http://10.180.1.21/networking/v2.0/routers 1.075s
2025-11-22 01:03:58.867 66385 INFO tempest.lib.common.rest_client [req-62533cb5-bf08-42d5-a230-d3085ebd7787 req-62533cb5-bf08-42d5-a230-d3085ebd7787 ] Request (ServerShowV254Test:test_rebuild_server): 200 GET http://10.180.1.21/compute/v2.1/servers/ef46355a-89c3-4d34-9f9b-45cff9ababee 3.489s
2025-11-22 01:03:58.888 66373 INFO tempest.lib.common.rest_client [req-afe96d2a-781f-41f8-a46e-08ea03456697 req-afe96d2a-781f-41f8-a46e-08ea03456697 ] Request (ServicesAdminTestJSON:test_list_services): 200 GET http://10.180.1.21/compute/v2.1/os-services 3.283s
2025-11-22 01:03:58.904 66407 INFO tempest.lib.common.rest_client [req-626fe932-3b1f-40e2-b209-cddc49bc2445 req-626fe932-3b1f-40e2-b209-cddc49bc2445 ] Request (FlavorsAccessTestJSON:test_flavor_access_list_with_private_flavor): 200 POST http://10.180.1.21/compute/v2.1/flavors 3.267s
2025-11-22 01:03:58.947 66395 INFO tempest.lib.common.rest_client [req-67c2bb62-2c20-4d1d-8815-bc6d4a77364b req-67c2bb62-2c20-4d1d-8815-bc6d4a77364b ] Request (SecurityGroupsNegativeTestJSON:tearDownClass): 200 GET http://10.180.1.21/networking/v2.0/security-groups?tenant_id=36ac111dbe5d4a129d5a3a9e24953a8c&name=default 0.162s
2025-11-22 01:03:59.005 66373 INFO tempest.lib.common.rest_client [req-4049dd25-e2b5-46c9-9721-2d7e7f2d168e req-4049dd25-e2b5-46c9-9721-2d7e7f2d168e ] Request (ServicesAdminTestJSON:tearDownClass): 204 DELETE http://10.180.1.21/identity/v3/users/32d958932577491ab2dbeb5d5b1d8755 0.112s
2025-11-22 01:03:59.098 66377 INFO tempest.lib.common.rest_client [req-84a8ffd8-04bd-4158-9dd6-b187abbc2f3e req-84a8ffd8-04bd-4158-9dd6-b187abbc2f3e ] Request (ServerShowV257Test:test_rebuild_server): 202 POST http://10.180.1.21/compute/v2.1/servers 3.639s
2025-11-22 01:03:59.129 66351 INFO tempest.lib.common.rest_client [req-1652620f-186b-4965-9a82-d436f6b8d7dc req-1652620f-186b-4965-9a82-d436f6b8d7dc ] Request (FlavorsAdminTestJSON:_run_cleanups): 202 DELETE http://10.180.1.21/compute/v2.1/flavors/1979661809 3.482s
2025-11-22 01:03:59.150 66383 INFO tempest.lib.common.rest_client [req-564c27ce-589f-44f0-9c74-373b6a9449c2 req-564c27ce-589f-44f0-9c74-373b6a9449c2 ] Request (ServersWithSpecificFlavorTestJSON:test_verify_created_server_ephemeral_disk): 200 POST http://10.180.1.21/compute/v2.1/flavors/1428571088/os-extra_specs 3.489s
2025-11-22 01:03:59.167 66373 INFO tempest.lib.common.rest_client [req-01d3f1b9-3da2-44bb-977a-70bcf03dca88 req-01d3f1b9-3da2-44bb-977a-70bcf03dca88 ] Request (ServicesAdminTestJSON:tearDownClass): 204 DELETE http://10.180.1.21/identity/v3/users/d7a67e08641049a396399fb485a02b53 0.162s
2025-11-22 01:03:59.167 66373 INFO tempest.lib.common.dynamic_creds [-] Deleting project and security group for project: 741abfeba69f43b1b99788c9313a0819
2025-11-22 01:03:59.222 66376 INFO tempest.lib.common.rest_client [req-037f8ff0-756e-48e0-ae51-81cbe8c8c2bf req-037f8ff0-756e-48e0-ae51-81cbe8c8c2bf ] Request (ListServersNegativeTestJSON:setUpClass): 201 POST http://10.180.1.21/networking/v2.0/networks 0.591s
2025-11-22 01:03:59.253 66373 INFO tempest.lib.common.rest_client [req-73e8ea51-7f58-45a5-adc4-94862013e8ca req-73e8ea51-7f58-45a5-adc4-94862013e8ca ] Request (ServicesAdminTestJSON:tearDownClass): 201 POST http://10.180.1.21/identity/v3/auth/tokens 0.085s
2025-11-22 01:03:59.366 66395 INFO tempest.lib.common.rest_client [req-793ea19c-4bf4-4aa2-b1be-00c52fc4e80d req-793ea19c-4bf4-4aa2-b1be-00c52fc4e80d ] Request (SecurityGroupsNegativeTestJSON:tearDownClass): 204 DELETE http://10.180.1.21/networking/v2.0/security-groups/09e0af0c-7857-49e8-a13f-6b692751f2e1 0.418s
2025-11-22 01:03:59.394 66347 INFO tempest.lib.common.rest_client [req-01c97c58-f7d2-44ac-94d5-65520552e5aa req-01c97c58-f7d2-44ac-94d5-65520552e5aa ] Request (AttachInterfacesTestJSON:test_create_list_show_delete_interfaces_by_fixed_ip): 200 GET http://10.180.1.21/compute/v2.1/servers/366efe2e-f316-4897-bc6f-3c252a0d3a77 3.753s
2025-11-22 01:03:59.405 66347 INFO tempest.common.waiters [-] State transition "BUILD/None" ==> "BUILD/block_device_mapping" after 13 second wait
2025-11-22 01:03:59.460 66395 INFO tempest.lib.common.rest_client [req-8737f217-1d44-4b61-a7d9-d15acd6f8046 req-8737f217-1d44-4b61-a7d9-d15acd6f8046 ] Request (SecurityGroupsNegativeTestJSON:tearDownClass): 204 DELETE http://10.180.1.21/identity/v3/projects/36ac111dbe5d4a129d5a3a9e24953a8c 0.094s
2025-11-22 01:03:59.470 66389 INFO tempest.lib.common.rest_client [req-6b5fcc1b-5d92-450b-8704-8afc6615c0b8 req-6b5fcc1b-5d92-450b-8704-8afc6615c0b8 ] Request (ListImagesTestJSON:test_list_images): 200 GET http://10.180.1.21/compute/v2.1/images 3.725s
2025-11-22 01:03:59.526 66387 INFO tempest.lib.common.rest_client [req-e6b90b8c-f274-4415-b9db-73f1f06e2cd5 req-e6b90b8c-f274-4415-b9db-73f1f06e2cd5 ] Request (HostsAdminTestJSON:test_show_host_detail): 200 GET http://10.180.1.21/compute/v2.1/os-hosts/cpu-1 3.754s
2025-11-22 01:03:59.546 66395 INFO tempest.lib.common.rest_client [req-a32f19fc-711e-49f5-9c97-3c8f2f9b96b8 req-a32f19fc-711e-49f5-9c97-3c8f2f9b96b8 ] Request (InstanceActionsTestJSON:setUpClass): 201 POST http://10.180.1.21/identity/v3/auth/tokens 0.083s
2025-11-22 01:03:59.593 66395 INFO tempest.lib.common.rest_client [req-fef6a7a2-ff08-4849-82c5-a86569a9f461 req-fef6a7a2-ff08-4849-82c5-a86569a9f461 ] Request (InstanceActionsTestJSON:setUpClass): 201 POST http://10.180.1.21/identity/v3/auth/tokens 0.043s
2025-11-22 01:03:59.840 66395 INFO tempest.lib.common.rest_client [req-8c663b70-bd3c-4d6b-a76d-e0f8d291c669 req-8c663b70-bd3c-4d6b-a76d-e0f8d291c669 ] Request (InstanceActionsTestJSON:setUpClass): 200 GET http://10.180.1.21/identity/v3/domains?name=Default 0.246s
2025-11-22 01:03:59.873 66395 INFO tempest.lib.common.rest_client [req-aa9f1057-e794-45d2-8327-c757931b0739 req-aa9f1057-e794-45d2-8327-c757931b0739 ] Request (InstanceActionsTestJSON:setUpClass): 201 POST http://10.180.1.21/identity/v3/projects 0.033s
2025-11-22 01:03:59.919 66387 INFO tempest.lib.common.rest_client [req-6dde3a96-7e4a-4c35-b9a4-d1c13bdd8df8 req-6dde3a96-7e4a-4c35-b9a4-d1c13bdd8df8 ] Request (HostsAdminTestJSON:tearDownClass): 204 DELETE http://10.180.1.21/identity/v3/users/ffb16183ef0b47438a780ceecbea10c2 0.391s
2025-11-22 01:04:00.014 66395 INFO tempest.lib.common.rest_client [req-51ef1cc2-709f-4d06-9b65-94185b28411c req-51ef1cc2-709f-4d06-9b65-94185b28411c ] Request (InstanceActionsTestJSON:setUpClass): 201 POST http://10.180.1.21/identity/v3/users 0.140s
2025-11-22 01:04:00.062 66395 INFO tempest.lib.common.rest_client [req-8513ba86-ab6c-4f93-979b-759567201f51 req-8513ba86-ab6c-4f93-979b-759567201f51 ] Request (InstanceActionsTestJSON:setUpClass): 200 GET http://10.180.1.21/identity/v3/roles 0.048s
2025-11-22 01:04:00.091 66387 INFO tempest.lib.common.rest_client [req-2fac604c-e7cb-4bea-99d8-e8a40f55f30c req-2fac604c-e7cb-4bea-99d8-e8a40f55f30c ] Request (HostsAdminTestJSON:tearDownClass): 204 DELETE http://10.180.1.21/identity/v3/users/a6e7fad28f1341d7b7d65b38db08de68 0.171s
2025-11-22 01:04:00.091 66387 INFO tempest.lib.common.dynamic_creds [-] Deleting project and security group for project: e067a7b0c8834b4d82acb63926814253
2025-11-22 01:04:00.169 66387 INFO tempest.lib.common.rest_client [req-77076880-6f14-47bf-b4a4-4ed1a8c5b891 req-77076880-6f14-47bf-b4a4-4ed1a8c5b891 ] Request (HostsAdminTestJSON:tearDownClass): 201 POST http://10.180.1.21/identity/v3/auth/tokens 0.078s
2025-11-22 01:04:00.192 66395 INFO tempest.lib.common.rest_client [req-868581f9-d718-4fe9-86c2-469c86c9c5d6 req-868581f9-d718-4fe9-86c2-469c86c9c5d6 ] Request (InstanceActionsTestJSON:setUpClass): 204 PUT http://10.180.1.21/identity/v3/projects/2ff45ca33d6545fea15f6b71a1e96795/users/11460f09042641cc8645a16a51b5e71e/roles/351c3b8c01534fffbc18c4bcb86b7193 0.129s
2025-11-22 01:04:00.192 66395 INFO tempest.lib.common.dynamic_creds [-] Dynamic test user 11460f09042641cc8645a16a51b5e71e is created with scope project and roles: ['member']
2025-11-22 01:04:00.193 66395 INFO tempest.lib.common.dynamic_creds [-] Acquired dynamic creds: credentials: Credentials: {'domain_id': 'default', 'domain_name': 'Default', 'username': 'tempest-InstanceActionsTestJSON-984293182-project-member', 'project_domain_id': 'default', 'project_domain_name': 'Default', 'project_id': '2ff45ca33d6545fea15f6b71a1e96795', 'project_name': 'tempest-InstanceActionsTestJSON-984293182', 'tenant_id': '2ff45ca33d6545fea15f6b71a1e96795', 'tenant_name': 'tempest-InstanceActionsTestJSON-984293182', 'user_domain_id': 'default', 'user_domain_name': 'Default', 'user_id': '11460f09042641cc8645a16a51b5e71e', 'system': None}, Network: None, Subnet: None, Router: None
2025-11-22 01:04:00.212 66371 INFO tempest.lib.common.rest_client [req-f7229f28-91f7-49dd-9105-23a3f995167e req-f7229f28-91f7-49dd-9105-23a3f995167e ] Request (MigrationsAdminTest:test_list_migrations_in_flavor_resize_situation): 200 GET http://10.180.1.21/compute/v2.1/servers/a6c03627-d31b-48c7-9f71-623b7356968d 4.547s
2025-11-22 01:04:00.266 66395 INFO tempest.lib.common.rest_client [req-82b9b0f8-9b27-40d6-9bdb-9b55e4d59603 req-82b9b0f8-9b27-40d6-9bdb-9b55e4d59603 ] Request (InstanceActionsTestJSON:setUpClass): 201 POST http://10.180.1.21/identity/v3/auth/tokens 0.072s
2025-11-22 01:04:00.369 66376 INFO tempest.lib.common.rest_client [req-7f5e845e-de2b-4b08-8ba2-7f63107662b8 req-7f5e845e-de2b-4b08-8ba2-7f63107662b8 ] Request (ListServersNegativeTestJSON:setUpClass): 201 POST http://10.180.1.21/networking/v2.0/subnets 1.146s
2025-11-22 01:04:00.443 66367 INFO tempest.lib.common.rest_client [req-83aeb396-e7fc-4dda-8f61-4da3a0124792 req-83aeb396-e7fc-4dda-8f61-4da3a0124792 ] Request (DeleteServersTestJSON:setUpClass): 200 PUT http://10.180.1.21/networking/v2.0/routers/7c165a2a-3bdc-4733-9b8f-a0914ed55ec1/add_router_interface 1.586s
2025-11-22 01:04:00.443 66367 INFO tempest.lib.common.dynamic_creds [-] Created isolated network resources for: credentials: Credentials: {'domain_id': 'default', 'domain_name': 'Default', 'username': 'tempest-DeleteServersTestJSON-264165243-project-member', 'project_domain_id': 'default', 'project_domain_name': 'Default', 'project_id': 'acb88debc6854427b4d8699b252b2935', 'project_name': 'tempest-DeleteServersTestJSON-264165243', 'tenant_id': 'acb88debc6854427b4d8699b252b2935', 'tenant_name': 'tempest-DeleteServersTestJSON-264165243', 'user_domain_id': 'default', 'user_domain_name': 'Default', 'user_id': 'f2a1c1c49bfe42a59b61e15dba75f016', 'system': None}, Network: {'id': '4e6d844f-6fd1-4fa5-87dc-0c9020c4f5cc', 'name': 'tempest-DeleteServersTestJSON-5264629-network', 'tenant_id': 'acb88debc6854427b4d8699b252b2935', 'project_id': 'acb88debc6854427b4d8699b252b2935', 'admin_state_up': True, 'mtu': 8950, 'status': 'ACTIVE', 'subnets': [], 'shared': False, 'port_security_enabled': True, 'router:external': False, 'provider:network_type': 'vlan', 'provider:physical_network': 'default', 'provider:segmentation_id': 202, 'availability_zone_hints': [], 'availability_zones': [], 'ipv4_address_scope': None, 'ipv6_address_scope': None, 'description': '', 'tags': [], 'created_at': '2025-11-22T01:03:56Z', 'updated_at': '2025-11-22T01:03:56Z', 'revision_number': 1}, Subnet: {'id': '96ff122a-28e8-4c34-b53d-794bb5ab0213', 'name': 'tempest-DeleteServersTestJSON-5264629-subnet', 'tenant_id': 'acb88debc6854427b4d8699b252b2935', 'network_id': '4e6d844f-6fd1-4fa5-87dc-0c9020c4f5cc', 'ip_version': 4, 'subnetpool_id': None, 'enable_dhcp': True, 'ipv6_ra_mode': None, 'ipv6_address_mode': None, 'gateway_ip': '192.168.128.1', 'cidr': '192.168.128.0/28', 'allocation_pools': [{'start': '192.168.128.2', 'end': '192.168.128.14'}], 'host_routes': [], 'dns_nameservers': [], 'description': '', 'router:external': False, 'service_types': [], 'tags': [], 'created_at': '2025-11-22T01:03:57Z', 'updated_at': '2025-11-22T01:03:57Z', 'revision_number': 0, 'project_id': 'acb88debc6854427b4d8699b252b2935'}, Router: {'id': '7c165a2a-3bdc-4733-9b8f-a0914ed55ec1', 'name': 'tempest-DeleteServersTestJSON-5264629-router', 'tenant_id': 'acb88debc6854427b4d8699b252b2935', 'admin_state_up': True, 'status': 'ACTIVE', 'external_gateway_info': {'network_id': 'b62a697e-8188-4538-8a08-f93324f85e4f', 'external_fixed_ips': [{'subnet_id': '8e496bb9-93bc-4ce1-876e-e1689c6fbf64', 'ip_address': '10.180.180.167'}], 'enable_snat': True}, 'description': '', 'availability_zones': [], 'distributed': False, 'ha': False, 'availability_zone_hints': [], 'routes': [], 'flavor_id': None, 'tags': [], 'created_at': '2025-11-22T01:03:58Z', 'updated_at': '2025-11-22T01:03:58Z', 'revision_number': 2, 'project_id': 'acb88debc6854427b4d8699b252b2935'}
2025-11-22 01:04:00.530 66367 INFO tempest.lib.common.rest_client [req-06e3e33f-19a3-4a48-ba23-b5b6267ad818 req-06e3e33f-19a3-4a48-ba23-b5b6267ad818 ] Request (DeleteServersTestJSON:setUpClass): 201 POST http://10.180.1.21/identity/v3/auth/tokens 0.084s
2025-11-22 01:04:00.549 66373 INFO tempest.lib.common.rest_client [req-a3e87ce4-cdc9-4dcd-83df-31fa488bdca4 req-a3e87ce4-cdc9-4dcd-83df-31fa488bdca4 ] Request (ServicesAdminTestJSON:tearDownClass): 200 GET http://10.180.1.21/networking/v2.0/security-groups?tenant_id=741abfeba69f43b1b99788c9313a0819&name=default 1.296s
2025-11-22 01:04:00.567 66363 INFO tempest.lib.common.rest_client [req-28dd62fc-3e03-444c-9cf6-df2f7fd72cc6 req-28dd62fc-3e03-444c-9cf6-df2f7fd72cc6 ] Request (ImagesOneServerTestJSON:setUpClass): 200 GET http://10.180.1.21/compute/v2.1/servers/e4e5619f-854d-4bf0-ae47-1f4b2b1e0fb4 4.384s
2025-11-22 01:04:00.568 66367 INFO tempest.lib.common.rest_client [req-0ecc9f4b-d024-4a52-a474-93f4fbf0b80b req-0ecc9f4b-d024-4a52-a474-93f4fbf0b80b ] Request (DeleteServersTestJSON:test_delete_active_server): 201 POST http://10.180.1.21/identity/v3/auth/tokens 0.034s
2025-11-22 01:04:00.568 66367 INFO tempest.lib.common.fixed_network [-] (DeleteServersTestJSON:test_delete_active_server) Found network {'id': '4e6d844f-6fd1-4fa5-87dc-0c9020c4f5cc', 'name': 'tempest-DeleteServersTestJSON-5264629-network', 'tenant_id': 'acb88debc6854427b4d8699b252b2935', 'project_id': 'acb88debc6854427b4d8699b252b2935', 'admin_state_up': True, 'mtu': 8950, 'status': 'ACTIVE', 'subnets': [], 'shared': False, 'port_security_enabled': True, 'router:external': False, 'provider:network_type': 'vlan', 'provider:physical_network': 'default', 'provider:segmentation_id': 202, 'availability_zone_hints': [], 'availability_zones': [], 'ipv4_address_scope': None, 'ipv6_address_scope': None, 'description': '', 'tags': [], 'created_at': '2025-11-22T01:03:56Z', 'updated_at': '2025-11-22T01:03:56Z', 'revision_number': 1} available for tenant
2025-11-22 01:04:00.717 66387 INFO tempest.lib.common.rest_client [req-9cafda3b-09e5-42cc-b97e-15c98eecf367 req-9cafda3b-09e5-42cc-b97e-15c98eecf367 ] Request (HostsAdminTestJSON:tearDownClass): 200 GET http://10.180.1.21/networking/v2.0/security-groups?tenant_id=e067a7b0c8834b4d82acb63926814253&name=default 0.547s
2025-11-22 01:04:01.068 66395 INFO tempest.lib.common.rest_client [req-30c15cbd-712f-42c3-947f-fbc6a4246790 req-30c15cbd-712f-42c3-947f-fbc6a4246790 ] Request (InstanceActionsTestJSON:setUpClass): 201 POST http://10.180.1.21/networking/v2.0/networks 0.802s
2025-11-22 01:04:01.765 66376 INFO tempest.lib.common.rest_client [req-936aa166-cf17-47bd-97ba-60fdbafd1fb6 req-936aa166-cf17-47bd-97ba-60fdbafd1fb6 ] Request (ListServersNegativeTestJSON:setUpClass): 201 POST http://10.180.1.21/networking/v2.0/routers 1.395s
2025-11-22 01:04:01.897 66373 INFO tempest.lib.common.rest_client [req-c8ee691a-45f7-4be7-a677-660d1ef606ad req-c8ee691a-45f7-4be7-a677-660d1ef606ad ] Request (ServicesAdminTestJSON:tearDownClass): 204 DELETE http://10.180.1.21/networking/v2.0/security-groups/3e9e0541-86a5-439d-b49c-97a33357abff 1.347s
2025-11-22 01:04:01.996 66373 INFO tempest.lib.common.rest_client [req-c7085389-47f7-4132-b329-3ade6d712e5e req-c7085389-47f7-4132-b329-3ade6d712e5e ] Request (ServicesAdminTestJSON:tearDownClass): 204 DELETE http://10.180.1.21/identity/v3/projects/741abfeba69f43b1b99788c9313a0819 0.099s
2025-11-22 01:04:01.997 66373 INFO tempest.lib.common.dynamic_creds [-] Deleting project and security group for project: d5a88755872b438ca1ecf204d4db6008
2025-11-22 01:04:02.023 66387 INFO tempest.lib.common.rest_client [req-26f7e87a-7e3d-4588-b95b-c224eb477239 req-26f7e87a-7e3d-4588-b95b-c224eb477239 ] Request (HostsAdminTestJSON:tearDownClass): 204 DELETE http://10.180.1.21/networking/v2.0/security-groups/fec287f5-a8da-468c-8953-c1c5b1bd3e5a 1.306s
2025-11-22 01:04:02.062 66345 INFO tempest.lib.common.rest_client [req-2d430ba1-f58d-45de-8fe5-5caa1be1fff3 req-2d430ba1-f58d-45de-8fe5-5caa1be1fff3 ] Request (ServerDiagnosticsNegativeTest:test_get_server_diagnostics_by_non_admin): 200 GET http://10.180.1.21/compute/v2.1/servers/8d6dc013-12e6-46a1-9329-758316324d58 5.721s
2025-11-22 01:04:02.155 66387 INFO tempest.lib.common.rest_client [req-aaeff784-f57e-457b-8868-42d834d5fa6e req-aaeff784-f57e-457b-8868-42d834d5fa6e ] Request (HostsAdminTestJSON:tearDownClass): 204 DELETE http://10.180.1.21/identity/v3/projects/e067a7b0c8834b4d82acb63926814253 0.132s
2025-11-22 01:04:02.156 66387 INFO tempest.lib.common.dynamic_creds [-] Deleting project and security group for project: d421e5031161461aa27b7a7cf6495f33
2025-11-22 01:04:02.229 66395 INFO tempest.lib.common.rest_client [req-082d1038-902e-4d41-941b-7d122b013236 req-082d1038-902e-4d41-941b-7d122b013236 ] Request (InstanceActionsTestJSON:setUpClass): 201 POST http://10.180.1.21/networking/v2.0/subnets 1.160s
2025-11-22 01:04:02.334 66365 INFO tempest.lib.common.rest_client [req-90cf5099-5f6f-4371-8314-75e4f080c209 req-90cf5099-5f6f-4371-8314-75e4f080c209 ] Request (DeleteServersAdminTestJSON:test_admin_delete_servers_of_others): 200 GET http://10.180.1.21/compute/v2.1/servers/6797bde2-8f30-40af-838f-e8a70f576ee9 5.895s
2025-11-22 01:04:02.443 66373 INFO tempest.lib.common.rest_client [req-1d797668-df3d-4d60-a1d4-c75f316166c0 req-1d797668-df3d-4d60-a1d4-c75f316166c0 ] Request (ServicesAdminTestJSON:tearDownClass): 200 GET http://10.180.1.21/networking/v2.0/security-groups?tenant_id=d5a88755872b438ca1ecf204d4db6008&name=default 0.445s
2025-11-22 01:04:02.466 66391 INFO tempest.lib.common.rest_client [req-6fabd775-5c82-487d-8882-7eb1919098a4 req-6fabd775-5c82-487d-8882-7eb1919098a4 ] Request (ServersAdminTestJSON:setUpClass): 200 GET http://10.180.1.21/compute/v2.1/servers/31c45366-8a43-4d38-8aad-09019ca76271 6.017s
2025-11-22 01:04:02.493 66361 INFO tempest.lib.common.rest_client [req-5618fea2-8cc0-4075-8095-0c389422a63e req-5618fea2-8cc0-4075-8095-0c389422a63e ] Request (AggregatesAdminNegativeTestJSON:test_aggregate_add_non_exist_host): 200 POST http://10.180.1.21/compute/v2.1/os-aggregates 5.874s
2025-11-22 01:04:02.505 66357 INFO tempest.lib.common.rest_client [req-81abbcb6-be45-4c20-a8ac-112cfbed2e1a req-81abbcb6-be45-4c20-a8ac-112cfbed2e1a ] Request (FlavorsAccessNegativeTestJSON:test_flavor_access_list_with_public_flavor): 404 GET http://10.180.1.21/compute/v2.1/flavors/147145845/os-flavor-access 5.865s
2025-11-22 01:04:02.517 66397 INFO tempest.lib.common.rest_client [req-34f4865c-4c90-418a-9624-b6c4383a1a02 req-34f4865c-4c90-418a-9624-b6c4383a1a02 ] Request (QuotaClassesAdmin257Test:test_update_default_quotas): 200 GET http://10.180.1.21/compute/v2.1/os-quota-class-sets/default 5.776s
2025-11-22 01:04:02.524 66403 INFO tempest.lib.common.rest_client [req-ba92c22c-bb05-457a-a3b3-b283a4987567 req-ba92c22c-bb05-457a-a3b3-b283a4987567 ] Request (FlavorsExtraSpecsNegativeTestJSON:test_flavor_update_mismatch_key): 400 PUT http://10.180.1.21/compute/v2.1/flavors/413413358/os-extra_specs/hw:numa_nodes 5.770s
2025-11-22 01:04:02.590 66387 INFO tempest.lib.common.rest_client [req-e6a70c01-e952-4d22-a4ab-bcb70fdb699a req-e6a70c01-e952-4d22-a4ab-bcb70fdb699a ] Request (HostsAdminTestJSON:tearDownClass): 200 GET http://10.180.1.21/networking/v2.0/security-groups?tenant_id=d421e5031161461aa27b7a7cf6495f33&name=default 0.434s
2025-11-22 01:04:03.247 66376 INFO tempest.lib.common.rest_client [req-f3c0a024-15e5-4e8d-8b71-64c30fbd83ab req-f3c0a024-15e5-4e8d-8b71-64c30fbd83ab ] Request (ListServersNegativeTestJSON:setUpClass): 200 PUT http://10.180.1.21/networking/v2.0/routers/895934b5-1ca4-4fd8-8668-ec492ed0c0ec/add_router_interface 1.482s
2025-11-22 01:04:03.247 66376 INFO tempest.lib.common.dynamic_creds [-] Created isolated network resources for: credentials: Credentials: {'domain_id': 'default', 'domain_name': 'Default', 'username': 'tempest-ListServersNegativeTestJSON-152860058-project-member', 'project_domain_id': 'default', 'project_domain_name': 'Default', 'project_id': 'f0f35e42ed824ebfa2b6db1498ca447d', 'project_name': 'tempest-ListServersNegativeTestJSON-152860058', 'tenant_id': 'f0f35e42ed824ebfa2b6db1498ca447d', 'tenant_name': 'tempest-ListServersNegativeTestJSON-152860058', 'user_domain_id': 'default', 'user_domain_name': 'Default', 'user_id': '712267e5d5b44cd684cbc0a8c682a280', 'system': None}, Network: {'id': '2a794659-26d4-4a6c-908b-d9ae1a8234b2', 'name': 'tempest-ListServersNegativeTestJSON-1226637182-network', 'tenant_id': 'f0f35e42ed824ebfa2b6db1498ca447d', 'project_id': 'f0f35e42ed824ebfa2b6db1498ca447d', 'admin_state_up': True, 'mtu': 8950, 'status': 'ACTIVE', 'subnets': [], 'shared': False, 'port_security_enabled': True, 'router:external': False, 'provider:network_type': 'vlan', 'provider:physical_network': 'default', 'provider:segmentation_id': 304, 'availability_zone_hints': [], 'availability_zones': [], 'ipv4_address_scope': None, 'ipv6_address_scope': None, 'description': '', 'tags': [], 'created_at': '2025-11-22T01:03:59Z', 'updated_at': '2025-11-22T01:03:59Z', 'revision_number': 1}, Subnet: {'id': '8cb442c3-f7e6-4025-a201-12c54d491f46', 'name': 'tempest-ListServersNegativeTestJSON-1226637182-subnet', 'tenant_id': 'f0f35e42ed824ebfa2b6db1498ca447d', 'network_id': '2a794659-26d4-4a6c-908b-d9ae1a8234b2', 'ip_version': 4, 'subnetpool_id': None, 'enable_dhcp': True, 'ipv6_ra_mode': None, 'ipv6_address_mode': None, 'gateway_ip': '192.168.128.1', 'cidr': '192.168.128.0/28', 'allocation_pools': [{'start': '192.168.128.2', 'end': '192.168.128.14'}], 'host_routes': [], 'dns_nameservers': [], 'description': '', 'router:external': False, 'service_types': [], 'tags': [], 'created_at': '2025-11-22T01:04:00Z', 'updated_at': '2025-11-22T01:04:00Z', 'revision_number': 0, 'project_id': 'f0f35e42ed824ebfa2b6db1498ca447d'}, Router: {'id': '895934b5-1ca4-4fd8-8668-ec492ed0c0ec', 'name': 'tempest-ListServersNegativeTestJSON-1226637182-router', 'tenant_id': 'f0f35e42ed824ebfa2b6db1498ca447d', 'admin_state_up': True, 'status': 'ACTIVE', 'external_gateway_info': {'network_id': 'b62a697e-8188-4538-8a08-f93324f85e4f', 'external_fixed_ips': [{'subnet_id': '8e496bb9-93bc-4ce1-876e-e1689c6fbf64', 'ip_address': '10.180.180.197'}], 'enable_snat': True}, 'description': '', 'availability_zones': [], 'distributed': False, 'ha': False, 'availability_zone_hints': [], 'routes': [], 'flavor_id': None, 'tags': [], 'created_at': '2025-11-22T01:04:01Z', 'updated_at': '2025-11-22T01:04:01Z', 'revision_number': 2, 'project_id': 'f0f35e42ed824ebfa2b6db1498ca447d'}
2025-11-22 01:04:03.343 66376 INFO tempest.lib.common.rest_client [req-e6e04c56-8ad4-45b9-a143-498a3f460221 req-e6e04c56-8ad4-45b9-a143-498a3f460221 ] Request (ListServersNegativeTestJSON:setUpClass): 201 POST http://10.180.1.21/identity/v3/auth/tokens 0.087s
2025-11-22 01:04:03.384 66376 INFO tempest.lib.common.rest_client [req-1b86b1d6-bb5e-4eae-9413-b7e8a10151d2 req-1b86b1d6-bb5e-4eae-9413-b7e8a10151d2 ] Request (ListServersNegativeTestJSON:setUpClass): 201 POST http://10.180.1.21/identity/v3/auth/tokens 0.037s
