2025-11-22 01:05:33.273 66379 INFO tempest.lib.common.rest_client [req-063bae77-f433-4858-a1f7-e60b3491e35e req-063bae77-f433-4858-a1f7-e60b3491e35e ] Request (ServerShowV247Test:test_update_rebuild_list_server): 200 GET http://10.180.1.21/compute/v2.1/servers/87289050-39c0-4b48-8122-eecae9a077f8 1.284s
2025-11-22 01:05:33.342 66399 INFO tempest.lib.common.rest_client [req-940996f8-4af7-4d50-af03-34e2c3b4be4c req-940996f8-4af7-4d50-af03-34e2c3b4be4c ] Request (VolumesAdminNegativeTest:test_update_attached_volume_with_nonexistent_volume_in_uri): 200 GET http://10.180.1.21/compute/v2.1/servers/2541a954-5cad-4000-aa3e-d8205890e035 1.252s
2025-11-22 01:05:33.406 66355 INFO tempest.lib.common.rest_client [req-9effed68-b09a-4800-a671-1840f12b48f8 req-9effed68-b09a-4800-a671-1840f12b48f8 ] Request (ServersTestJSON:setUpClass): 200 GET http://10.180.1.21/compute/v2.1/servers/de384249-b9c6-4b50-b965-d47f483fa1fb 1.240s
2025-11-22 01:05:33.414 66393 INFO tempest.lib.common.rest_client [req-ba46ec12-0b8d-49f6-8f81-f5a11d64c575 req-ba46ec12-0b8d-49f6-8f81-f5a11d64c575 ] Request (ServersNegativeTestMultiTenantJSON:setUpClass): 202 POST http://10.180.1.21/compute/v2.1/servers 1.472s
2025-11-22 01:05:33.465 66391 INFO tempest.lib.common.rest_client [req-9551836e-8953-4d9f-9638-67d7761ed53d req-9551836e-8953-4d9f-9638-67d7761ed53d ] Request (ServersAdminTestJSON:test_inject_network_info): 200 GET http://10.180.1.21/compute/v2.1/servers/05c247fb-8454-4fc0-8584-b96faddfa027 1.201s
2025-11-22 01:05:33.592 66363 INFO tempest.lib.common.rest_client [req-8b43c5de-2f1a-40f7-aa97-4de3972f791e req-8b43c5de-2f1a-40f7-aa97-4de3972f791e ] Request (ImagesOneServerTestJSON:test_create_image_specify_multibyte_character_image_name): 200 GET http://10.180.1.21/compute/v2.1/servers/e4e5619f-854d-4bf0-ae47-1f4b2b1e0fb4 1.322s
2025-11-22 01:05:33.649 66376 INFO tempest.lib.common.rest_client [req-35ad5dd5-b355-4440-85f2-4bd1a1d9ad14 req-35ad5dd5-b355-4440-85f2-4bd1a1d9ad14 ] Request (ListServersNegativeTestJSON:setUpClass): 200 GET http://10.180.1.21/compute/v2.1/servers/b491003c-b124-4e16-b97f-c78874d9c5c5 1.361s
2025-11-22 01:05:33.702 66397 INFO tempest.lib.common.rest_client [req-6d25c399-5e65-4013-a275-1f918e34c3b8 req-6d25c399-5e65-4013-a275-1f918e34c3b8 ] Request (ServerDiagnosticsV248Test:test_get_server_diagnostics): 200 GET http://10.180.1.21/compute/v2.1/servers/7f54e94e-d071-482c-a0ab-2c69ec8c8e6e 1.360s
2025-11-22 01:05:33.712 66397 INFO tempest.common.waiters [-] State transition "BUILD/networking" ==> "BUILD/spawning" after 40 second wait
2025-11-22 01:05:33.752 66367 INFO tempest.lib.common.rest_client [req-02ebb6ee-9e16-4408-bf7d-456664468660 req-02ebb6ee-9e16-4408-bf7d-456664468660 ] Request (DeleteServersTestJSON:test_delete_server_while_in_attached_volume): 200 GET http://10.180.1.21/compute/v2.1/servers/c0deef47-2926-4884-abd2-1c7e607bc74f 1.304s
2025-11-22 01:05:34.496 66377 INFO tempest.lib.common.rest_client [req-c73063cb-f119-4cd2-87f3-37841e803470 req-c73063cb-f119-4cd2-87f3-37841e803470 ] Request (AttachVolumeNegativeTest:test_attach_attached_volume_to_different_server): 202 POST http://10.180.1.21/compute/v2.1/servers 1.924s
2025-11-22 01:05:34.562 66369 INFO tempest.lib.common.rest_client [req-fbb87f18-803f-4e7a-aa46-b92e8e7d76bb req-fbb87f18-803f-4e7a-aa46-b92e8e7d76bb ] Request (FloatingIPsAssociationTestJSON:test_associate_disassociate_floating_ip): 202 POST http://10.180.1.21/compute/v2.1/servers/dd3e6943-3700-4ce6-adea-7f6f96a6b764/action 2.337s
2025-11-22 01:05:34.577 66387 INFO tempest.lib.common.rest_client [req-43c095c0-3420-497c-b9cd-50c3e8108c6d req-43c095c0-3420-497c-b9cd-50c3e8108c6d ] Request (InstanceActionsNegativeTestJSON:test_list_instance_actions_non_existent_server): 404 GET http://10.180.1.21/compute/v2.1/servers/9efa02b1-c5b5-476f-85ea-d154dd867f8c/os-instance-actions 1.864s
2025-11-22 01:05:34.610 66373 INFO tempest.lib.common.rest_client [req-c7e563c8-e16a-4771-b61f-f2af1850f5ab req-c7e563c8-e16a-4771-b61f-f2af1850f5ab ] Request (ServerActionsV293TestJSON:setUpClass): 200 GET http://10.180.1.21/compute/v2.1/servers/91dee4dc-6a2c-41f1-8c12-74f76422d62c 1.932s
2025-11-22 01:05:34.641 66361 INFO tempest.lib.common.rest_client [req-ba09f788-a6cb-4de0-9e08-97115841ce3e req-ba09f788-a6cb-4de0-9e08-97115841ce3e ] Request (KeyPairsNegativeTestJSON:test_create_keypair_with_duplicate_name): 202 DELETE http://10.180.1.21/compute/v2.1/os-keypairs/tempest-keypair-478474230 1.909s
2025-11-22 01:05:34.676 66351 INFO tempest.lib.common.rest_client [req-5248caae-c939-44e0-ac2f-8ac67cd19b29 req-5248caae-c939-44e0-ac2f-8ac67cd19b29 ] Request (FlavorsAdminTestJSON:test_list_public_flavor_with_other_user): 200 GET http://10.180.1.21/compute/v2.1/flavors/detail 1.859s
2025-11-22 01:05:34.711 66365 INFO tempest.lib.common.rest_client [req-b4bff4b4-c4e3-4555-a3a3-42bb59445749 req-b4bff4b4-c4e3-4555-a3a3-42bb59445749 ] Request (DeleteServersAdminTestJSON:test_delete_server_while_in_error_state): 200 GET http://10.180.1.21/compute/v2.1/servers/72b224de-34d2-43a0-a8e1-f079f7e3115a 1.980s
2025-11-22 01:05:34.751 66405 INFO tempest.lib.common.rest_client [req-023b9bb7-c5f9-441b-bb7d-a4ca62b0c243 req-023b9bb7-c5f9-441b-bb7d-a4ca62b0c243 ] Request (VolumesAssistedSnapshotsTest:_run_cleanups): 200 GET http://10.180.1.21/compute/v2.1/servers/d43a2648-cefd-4dd5-aebf-f35393271a2f/os-volume_attachments 1.862s
2025-11-22 01:05:34.776 66395 INFO tempest.lib.common.rest_client [req-154a20d0-3dd1-412a-916a-3c538c5f29fc req-154a20d0-3dd1-412a-916a-3c538c5f29fc ] Request (InstanceActionsTestJSON:tearDownClass): 200 GET http://10.180.1.21/compute/v2.1/servers/d1ce2925-19d1-4619-a63b-eb3ede939495 1.928s
2025-11-22 01:05:34.896 66393 INFO tempest.lib.common.rest_client [req-231dad3f-aa71-48ed-975d-edc2448c08e8 req-231dad3f-aa71-48ed-975d-edc2448c08e8 ] Request (ServersNegativeTestMultiTenantJSON:setUpClass): 200 GET http://10.180.1.21/compute/v2.1/servers/413343d6-be94-4a90-842a-b90da07545b0 1.480s
2025-11-22 01:05:34.921 66407 INFO tempest.lib.common.rest_client [req-2c843db2-954e-4d23-90f9-651e79bee67a req-2c843db2-954e-4d23-90f9-651e79bee67a ] Request (FloatingIPsAssociationNegativeTestJSON:setUpClass): 200 GET http://10.180.1.21/compute/v2.1/servers/0bba2a88-4146-474a-bbf9-f253d23f52c7 1.940s
2025-11-22 01:05:34.932 66407 INFO tempest.common.waiters [-] State transition "BUILD/None" ==> "BUILD/block_device_mapping" after 41 second wait
2025-11-22 01:05:34.964 66403 INFO tempest.lib.common.rest_client [req-ad674270-14e8-4dad-bcce-d6e6abfff978 req-ad674270-14e8-4dad-bcce-d6e6abfff978 ] Request (ImagesTestJSON:test_create_image_from_stopped_server): 200 GET http://10.180.1.21/compute/v2.1/images/55d6d415-dcc1-4426-95d0-26408ca1714a 1.463s
2025-11-22 01:05:35.031 66371 INFO tempest.lib.common.rest_client [req-45a7f172-bcd1-41ab-94f8-ad76b98a5e8b req-45a7f172-bcd1-41ab-94f8-ad76b98a5e8b ] Request (MigrationsAdminTest:test_list_migrations_in_flavor_resize_situation): 200 GET http://10.180.1.21/compute/v2.1/servers/a6c03627-d31b-48c7-9f71-623b7356968d 1.573s
2025-11-22 01:05:35.045 66345 INFO tempest.lib.common.rest_client [req-787c8f5f-a194-4014-b01d-7555d7b18dbf req-787c8f5f-a194-4014-b01d-7555d7b18dbf ] Request (ListImageFiltersTestJSON:setUpClass): 200 GET http://10.180.1.21/compute/v2.1/servers/c6694f03-f213-4447-845b-312138ba89ee 1.468s
2025-11-22 01:05:35.106 66349 INFO tempest.lib.common.rest_client [req-25e72e4e-f008-4e70-8056-d924cb4e597b req-25e72e4e-f008-4e70-8056-d924cb4e597b ] Request (ServersAdminNegativeTestJSON:setUpClass): 200 GET http://10.180.1.21/compute/v2.1/servers/ce476c0d-4e5f-40de-bae4-6ce2419bc5a9 1.465s
2025-11-22 01:05:35.183 66353 INFO tempest.lib.common.rest_client [req-b0c7280d-9354-4cbd-8b1c-7e2966fb8987 req-b0c7280d-9354-4cbd-8b1c-7e2966fb8987 ] Request (ServersAdmin275Test:test_rebuild_update_server_275): 200 GET http://10.180.1.21/compute/v2.1/servers/89240694-9725-487b-9f9c-65ead2d4f6e7 1.475s
2025-11-22 01:05:35.192 66353 INFO tempest.common.waiters [-] State transition "REBUILD/rebuild_spawning" ==> "ACTIVE/None" after 6 second wait
2025-11-22 01:05:35.203 66363 INFO tempest.lib.common.rest_client [req-b6152bcd-baf2-4127-a22a-8ec477264061 req-b6152bcd-baf2-4127-a22a-8ec477264061 ] Request (ImagesOneServerTestJSON:tearDownClass): 204 DELETE http://10.180.1.21/compute/v2.1/images/75a42570-0577-4488-90fd-bb6189412e36 1.602s
2025-11-22 01:05:35.253 66359 INFO tempest.lib.common.rest_client [req-d4308cd0-20dc-44cb-a671-ada26dd14b66 req-d4308cd0-20dc-44cb-a671-ada26dd14b66 ] Request (ServersNegativeTestJSON:setUpClass): 200 GET http://10.180.1.21/compute/v2.1/servers/263f731e-c4b8-4d71-8d0a-abf046caabf4 1.447s
2025-11-22 01:05:35.366 66357 INFO tempest.lib.common.rest_client [req-2c5eaa4c-fa18-445b-a539-0d8c9fee58c3 req-2c5eaa4c-fa18-445b-a539-0d8c9fee58c3 ] Request (ServerAddressesNegativeTestJSON:setUpClass): 200 GET http://10.180.1.21/compute/v2.1/servers/1ff22713-ba6e-46f9-a0d2-4d24158972d1 1.152s
2025-11-22 01:05:35.429 66401 INFO tempest.lib.common.rest_client [req-7e6f3a65-cb1f-4dcf-b1b1-cd848cc5466d req-7e6f3a65-cb1f-4dcf-b1b1-cd848cc5466d ] Request (MultipleCreateTestJSON:test_multiple_create): 200 GET http://10.180.1.21/compute/v2.1/servers/278cf733-0930-4a5a-877b-000616eeb761 1.469s
2025-11-22 01:05:35.486 66379 INFO tempest.lib.common.rest_client [req-36be4e06-ac5d-4a4d-b4ca-1f7ee2553ae3 req-36be4e06-ac5d-4a4d-b4ca-1f7ee2553ae3 ] Request (ServerShowV247Test:test_update_rebuild_list_server): 200 GET http://10.180.1.21/compute/v2.1/servers/87289050-39c0-4b48-8122-eecae9a077f8 1.204s
2025-11-22 01:05:35.502 66399 INFO tempest.lib.common.rest_client [req-7f46974c-56ba-4336-b5ab-f080e2643428 req-7f46974c-56ba-4336-b5ab-f080e2643428 ] Request (VolumesAdminNegativeTest:test_update_attached_volume_with_nonexistent_volume_in_uri): 200 GET http://10.180.1.21/compute/v2.1/servers/2541a954-5cad-4000-aa3e-d8205890e035 1.148s
2025-11-22 01:05:35.556 66355 INFO tempest.lib.common.rest_client [req-96eed1e9-3219-49df-ae17-9d7ffee48ff5 req-96eed1e9-3219-49df-ae17-9d7ffee48ff5 ] Request (ServersTestJSON:setUpClass): 200 GET http://10.180.1.21/compute/v2.1/servers/de384249-b9c6-4b50-b965-d47f483fa1fb 1.141s
2025-11-22 01:05:35.571 66391 INFO tempest.lib.common.rest_client [req-4e241f8d-6e0a-4973-915d-9329de60f20a req-4e241f8d-6e0a-4973-915d-9329de60f20a ] Request (ServersAdminTestJSON:test_inject_network_info): 200 GET http://10.180.1.21/compute/v2.1/servers/05c247fb-8454-4fc0-8584-b96faddfa027 1.099s
2025-11-22 01:05:35.636 66377 INFO tempest.lib.common.rest_client [req-dc21c1d7-4da9-494e-b657-51086eea2c79 req-dc21c1d7-4da9-494e-b657-51086eea2c79 ] Request (AttachVolumeNegativeTest:test_attach_attached_volume_to_different_server): 200 GET http://10.180.1.21/compute/v2.1/servers/7eef72de-cc46-43bb-9ad8-09834fe6018e 1.138s
2025-11-22 01:05:35.649 66369 INFO tempest.lib.common.rest_client [req-c82cea6b-67f4-4adf-aa2d-dc029fd07cad req-c82cea6b-67f4-4adf-aa2d-dc029fd07cad ] Request (FloatingIPsAssociationTestJSON:tearDownClass): 204 DELETE http://10.180.1.21/compute/v2.1/servers/2f911753-852c-4b7d-9577-3e9233965554 1.086s
2025-11-22 01:05:35.655 66361 INFO tempest.lib.common.rest_client [req-82960653-944d-4a7e-972d-7deb8984225b req-82960653-944d-4a7e-972d-7deb8984225b ] Request (KeyPairsNegativeTestJSON:test_create_keypair_with_empty_name_string): 400 POST http://10.180.1.21/compute/v2.1/os-keypairs 1.012s
2025-11-22 01:05:35.713 66387 INFO tempest.lib.common.rest_client [req-035a110a-6101-419d-a2e4-5bedba8f8bf6 req-035a110a-6101-419d-a2e4-5bedba8f8bf6 ] Request (InstanceActionsNegativeTestJSON:tearDownClass): 204 DELETE http://10.180.1.21/compute/v2.1/servers/972f66f5-115d-4e0a-8bcd-04f5f66e06c2 1.134s
2025-11-22 01:05:35.724 66376 INFO tempest.lib.common.rest_client [req-6509e5f1-3b52-425b-814f-cb672267c853 req-6509e5f1-3b52-425b-814f-cb672267c853 ] Request (ListServersNegativeTestJSON:setUpClass): 200 GET http://10.180.1.21/compute/v2.1/servers/b491003c-b124-4e16-b97f-c78874d9c5c5 1.067s
2025-11-22 01:05:35.731 66351 INFO tempest.lib.common.rest_client [req-d853469d-6609-4f43-9d10-45865d520c2c req-d853469d-6609-4f43-9d10-45865d520c2c ] Request (FlavorsAdminTestJSON:_run_cleanups): 202 DELETE http://10.180.1.21/compute/v2.1/flavors/459042292 1.050s
2025-11-22 01:05:35.781 66397 INFO tempest.lib.common.rest_client [req-1556e8a3-5c96-4363-ab91-a6386868345f req-1556e8a3-5c96-4363-ab91-a6386868345f ] Request (ServerDiagnosticsV248Test:test_get_server_diagnostics): 200 GET http://10.180.1.21/compute/v2.1/servers/7f54e94e-d071-482c-a0ab-2c69ec8c8e6e 1.068s
2025-11-22 01:05:35.824 66367 INFO tempest.lib.common.rest_client [req-536f2cd2-58fd-46a3-9607-7383ccc05dad req-536f2cd2-58fd-46a3-9607-7383ccc05dad ] Request (DeleteServersTestJSON:test_delete_server_while_in_attached_volume): 200 GET http://10.180.1.21/compute/v2.1/servers/c0deef47-2926-4884-abd2-1c7e607bc74f 1.061s
2025-11-22 01:05:35.849 66363 INFO tempest.lib.common.rest_client [req-6e41a578-03de-4daa-ab28-0c4e7412180a req-6e41a578-03de-4daa-ab28-0c4e7412180a ] Request (ImagesOneServerTestJSON:tearDownClass): 404 DELETE http://10.180.1.21/compute/v2.1/images/b44ae7d6-0227-4168-bec6-ae7e5c5a102e 0.645s
2025-11-22 01:05:35.951 66373 INFO tempest.lib.common.rest_client [req-cf5131d3-7b0a-4244-9c1e-f48b80372b5d req-cf5131d3-7b0a-4244-9c1e-f48b80372b5d ] Request (ServerActionsV293TestJSON:setUpClass): 200 GET http://10.180.1.21/compute/v2.1/servers/91dee4dc-6a2c-41f1-8c12-74f76422d62c 0.328s
2025-11-22 01:05:36.024 66369 INFO tempest.lib.common.rest_client [req-4b8408a1-04ac-4d41-8989-f445c91457f8 req-4b8408a1-04ac-4d41-8989-f445c91457f8 ] Request (FloatingIPsAssociationTestJSON:tearDownClass): 200 GET http://10.180.1.21/compute/v2.1/servers/2f911753-852c-4b7d-9577-3e9233965554 0.371s
2025-11-22 01:05:36.063 66361 INFO tempest.lib.common.rest_client [req-fec55fee-a89c-49bc-83a7-6653a63a133c req-fec55fee-a89c-49bc-83a7-6653a63a133c ] Request (KeyPairsNegativeTestJSON:test_create_keypair_with_empty_public_key): 400 POST http://10.180.1.21/compute/v2.1/os-keypairs 0.406s
2025-11-22 01:05:36.171 66353 INFO tempest.lib.common.rest_client [req-cf072bf4-7117-4220-8ba9-9939fdb5c3b7 req-cf072bf4-7117-4220-8ba9-9939fdb5c3b7 ] Request (ServersAdmin275Test:test_rebuild_update_server_275): 202 POST http://10.180.1.21/compute/v2.1/servers/89240694-9725-487b-9f9c-65ead2d4f6e7/action 0.977s
2025-11-22 01:05:36.235 66387 INFO tempest.lib.common.rest_client [req-4f2817e7-ead9-4c03-88cd-d76cc01324db req-4f2817e7-ead9-4c03-88cd-d76cc01324db ] Request (InstanceActionsNegativeTestJSON:tearDownClass): 200 GET http://10.180.1.21/compute/v2.1/servers/972f66f5-115d-4e0a-8bcd-04f5f66e06c2 0.521s
2025-11-22 01:05:36.245 66365 INFO tempest.lib.common.rest_client [req-ff78a572-c577-41a5-8561-5dda680e960c req-ff78a572-c577-41a5-8561-5dda680e960c ] Request (DeleteServersAdminTestJSON:test_delete_server_while_in_error_state): 200 GET http://10.180.1.21/compute/v2.1/servers/72b224de-34d2-43a0-a8e1-f079f7e3115a 0.524s
2025-11-22 01:05:36.258 66351 INFO tempest.lib.common.rest_client [req-580d6c92-df8f-414f-a303-8322288108d2 req-580d6c92-df8f-414f-a303-8322288108d2 ] Request (FlavorsAdminTestJSON:_run_cleanups): 200 GET http://10.180.1.21/compute/v2.1/flavors/detail 0.527s
2025-11-22 01:05:36.286 66405 INFO tempest.lib.common.rest_client [req-b262acde-eba5-4e04-a2a4-b2083b8bb522 req-b262acde-eba5-4e04-a2a4-b2083b8bb522 ] Request (VolumesAssistedSnapshotsTest:_run_cleanups): 200 GET http://10.180.1.21/compute/v2.1/servers/d43a2648-cefd-4dd5-aebf-f35393271a2f/os-volume_attachments 0.533s
2025-11-22 01:05:36.321 66405 INFO tempest.lib.common.rest_client [req-d71e338e-2e0c-4c57-bae8-592e8219dd00 req-d71e338e-2e0c-4c57-bae8-592e8219dd00 ] Request (VolumesAssistedSnapshotsTest:_run_cleanups): 200 GET http://10.180.1.21/volume/v3/volumes/d8af9936-0ccd-4f74-b729-0ef34fd131bb 0.033s
2025-11-22 01:05:36.325 66395 INFO tempest.lib.common.rest_client [req-be39b5f2-d03c-4023-8fe1-f45931ce48ce req-be39b5f2-d03c-4023-8fe1-f45931ce48ce ] Request (InstanceActionsTestJSON:tearDownClass): 200 GET http://10.180.1.21/compute/v2.1/servers/d1ce2925-19d1-4619-a63b-eb3ede939495 0.540s
2025-11-22 01:05:36.329 66405 INFO tempest.common.waiters [-] volume d8af9936-0ccd-4f74-b729-0ef34fd131bb reached available after waiting for 0.329247 seconds
2025-11-22 01:05:36.380 66393 INFO tempest.lib.common.rest_client [req-c2473ee1-6b8f-437f-b43b-4e21b356ad3c req-c2473ee1-6b8f-437f-b43b-4e21b356ad3c ] Request (ServersNegativeTestMultiTenantJSON:setUpClass): 200 GET http://10.180.1.21/compute/v2.1/servers/413343d6-be94-4a90-842a-b90da07545b0 0.475s
2025-11-22 01:05:36.388 66363 INFO tempest.lib.common.rest_client [req-c264abdf-d9c4-4ca1-ba59-056203748474 req-c264abdf-d9c4-4ca1-ba59-056203748474 ] Request (ImagesOneServerTestJSON:tearDownClass): 204 DELETE http://10.180.1.21/compute/v2.1/servers/e4e5619f-854d-4bf0-ae47-1f4b2b1e0fb4 0.539s
2025-11-22 01:05:36.392 66405 INFO tempest.lib.common.rest_client [req-70b74d02-f092-4974-8f21-8a95f41a659c req-70b74d02-f092-4974-8f21-8a95f41a659c ] Request (VolumesAssistedSnapshotsTest:_run_cleanups): 202 DELETE http://10.180.1.21/volume/v3/volumes/d8af9936-0ccd-4f74-b729-0ef34fd131bb 0.063s
2025-11-22 01:05:36.413 66351 INFO tempest.lib.common.rest_client [req-8afcf1a3-6dce-4679-b595-4d53b8351bb3 req-8afcf1a3-6dce-4679-b595-4d53b8351bb3 ] Request (FlavorsAdminTestJSON:tearDownClass): 204 DELETE http://10.180.1.21/identity/v3/users/e35f86a5b2ea4744b327a365f392739d 0.149s
2025-11-22 01:05:36.437 66405 INFO tempest.lib.common.rest_client [req-cebed938-517f-45e8-8fca-2fad11795c5d req-cebed938-517f-45e8-8fca-2fad11795c5d ] Request (VolumesAssistedSnapshotsTest:_run_cleanups): 200 GET http://10.180.1.21/volume/v3/volumes/d8af9936-0ccd-4f74-b729-0ef34fd131bb 0.045s
2025-11-22 01:05:36.448 66403 INFO tempest.lib.common.rest_client [req-02cc0775-b09b-4301-aaf7-98a0332847f8 req-02cc0775-b09b-4301-aaf7-98a0332847f8 ] Request (ImagesTestJSON:test_create_image_from_stopped_server): 200 GET http://10.180.1.21/compute/v2.1/images/55d6d415-dcc1-4426-95d0-26408ca1714a 0.477s
2025-11-22 01:05:36.519 66351 INFO tempest.lib.common.rest_client [req-a3c410e8-6499-4bef-98d6-fba07aaec35e req-a3c410e8-6499-4bef-98d6-fba07aaec35e ] Request (FlavorsAdminTestJSON:tearDownClass): 204 DELETE http://10.180.1.21/identity/v3/users/6bb676c6575942e9b7c04d956e119915 0.106s
2025-11-22 01:05:36.520 66351 INFO tempest.lib.common.dynamic_creds [-] Deleting project and security group for project: 11ff0183f94345e88070efcc573d3e84
2025-11-22 01:05:36.523 66407 INFO tempest.lib.common.rest_client [req-2827ed35-f9d6-4567-8320-6f9cf793e39d req-2827ed35-f9d6-4567-8320-6f9cf793e39d ] Request (FloatingIPsAssociationNegativeTestJSON:setUpClass): 200 GET http://10.180.1.21/compute/v2.1/servers/0bba2a88-4146-474a-bbf9-f253d23f52c7 0.590s
2025-11-22 01:05:36.530 66407 INFO tempest.common.waiters [-] State transition "BUILD/block_device_mapping" ==> "BUILD/spawning" after 43 second wait
2025-11-22 01:05:36.561 66371 INFO tempest.lib.common.rest_client [req-90305e04-9bd8-4120-bdf4-d69615ea5851 req-90305e04-9bd8-4120-bdf4-d69615ea5851 ] Request (MigrationsAdminTest:test_list_migrations_in_flavor_resize_situation): 200 GET http://10.180.1.21/compute/v2.1/servers/a6c03627-d31b-48c7-9f71-623b7356968d 0.519s
2025-11-22 01:05:36.571 66361 INFO tempest.lib.common.rest_client [req-dfebb545-21aa-47c0-b755-547abc9a5236 req-dfebb545-21aa-47c0-b755-547abc9a5236 ] Request (KeyPairsNegativeTestJSON:test_create_keypair_with_long_keynames): 400 POST http://10.180.1.21/compute/v2.1/os-keypairs 0.506s
2025-11-22 01:05:36.585 66345 INFO tempest.lib.common.rest_client [req-74d9403a-e101-4a28-b5f9-2edc42713367 req-74d9403a-e101-4a28-b5f9-2edc42713367 ] Request (ListImageFiltersTestJSON:setUpClass): 200 GET http://10.180.1.21/compute/v2.1/servers/c6694f03-f213-4447-845b-312138ba89ee 0.522s
2025-11-22 01:05:36.593 66351 INFO tempest.lib.common.rest_client [req-f56f4baa-1a17-44f4-b9be-0e3620633fc4 req-f56f4baa-1a17-44f4-b9be-0e3620633fc4 ] Request (FlavorsAdminTestJSON:tearDownClass): 201 POST http://10.180.1.21/identity/v3/auth/tokens 0.072s
2025-11-22 01:05:36.631 66349 INFO tempest.lib.common.rest_client [req-b2463719-4568-46ed-a1cd-8f45ed39354e req-b2463719-4568-46ed-a1cd-8f45ed39354e ] Request (ServersAdminNegativeTestJSON:setUpClass): 200 GET http://10.180.1.21/compute/v2.1/servers/ce476c0d-4e5f-40de-bae4-6ce2419bc5a9 0.509s
2025-11-22 01:05:36.639 66349 INFO tempest.common.waiters [-] State transition "BUILD/None" ==> "BUILD/networking" after 43 second wait
2025-11-22 01:05:36.684 66353 INFO tempest.lib.common.rest_client [req-6666b363-51f8-4478-9ba6-b2ceb486ee13 req-6666b363-51f8-4478-9ba6-b2ceb486ee13 ] Request (ServersAdmin275Test:_run_cleanups): 200 GET http://10.180.1.21/compute/v2.1/servers/89240694-9725-487b-9f9c-65ead2d4f6e7 0.502s
2025-11-22 01:05:36.691 66359 INFO tempest.lib.common.rest_client [req-4420de4b-005c-4b2e-afec-b72297bf0860 req-4420de4b-005c-4b2e-afec-b72297bf0860 ] Request (ServersNegativeTestJSON:setUpClass): 200 GET http://10.180.1.21/compute/v2.1/servers/263f731e-c4b8-4d71-8d0a-abf046caabf4 0.430s
2025-11-22 01:05:36.817 66351 INFO tempest.lib.common.rest_client [req-a260b99a-0268-4f54-9a90-d2ab6f9f6ba0 req-a260b99a-0268-4f54-9a90-d2ab6f9f6ba0 ] Request (FlavorsAdminTestJSON:tearDownClass): 200 GET http://10.180.1.21/networking/v2.0/security-groups?tenant_id=11ff0183f94345e88070efcc573d3e84&name=default 0.224s
2025-11-22 01:05:36.844 66357 INFO tempest.lib.common.rest_client [req-0e738b8b-7c2e-41fb-80f9-528405d715cd req-0e738b8b-7c2e-41fb-80f9-528405d715cd ] Request (ServerAddressesNegativeTestJSON:setUpClass): 200 GET http://10.180.1.21/compute/v2.1/servers/1ff22713-ba6e-46f9-a0d2-4d24158972d1 0.469s
2025-11-22 01:05:36.934 66351 INFO tempest.lib.common.rest_client [req-51ade9f7-a32a-458a-90e0-05237419c654 req-51ade9f7-a32a-458a-90e0-05237419c654 ] Request (FlavorsAdminTestJSON:tearDownClass): 204 DELETE http://10.180.1.21/networking/v2.0/security-groups/06f45e9c-66f0-4667-9f20-cd1d091d62c1 0.115s
2025-11-22 01:05:36.982 66363 INFO tempest.lib.common.rest_client [req-cfcab9d5-17bd-4890-a7ab-bac26cce1269 req-cfcab9d5-17bd-4890-a7ab-bac26cce1269 ] Request (ImagesOneServerTestJSON:tearDownClass): 200 GET http://10.180.1.21/compute/v2.1/servers/e4e5619f-854d-4bf0-ae47-1f4b2b1e0fb4 0.593s
2025-11-22 01:05:37.018 66351 INFO tempest.lib.common.rest_client [req-6e383870-b436-4073-8175-92bdb333f072 req-6e383870-b436-4073-8175-92bdb333f072 ] Request (FlavorsAdminTestJSON:tearDownClass): 204 DELETE http://10.180.1.21/identity/v3/projects/11ff0183f94345e88070efcc573d3e84 0.084s
2025-11-22 01:05:37.018 66351 INFO tempest.lib.common.dynamic_creds [-] Deleting project and security group for project: a3e1e4b1fdbb4dc0bf232d6d07a31b85
2025-11-22 01:05:37.087 66401 INFO tempest.lib.common.rest_client [req-8e6f264f-9c15-462e-b82f-490a0056caf0 req-8e6f264f-9c15-462e-b82f-490a0056caf0 ] Request (MultipleCreateTestJSON:test_multiple_create): 200 GET http://10.180.1.21/compute/v2.1/servers/278cf733-0930-4a5a-877b-000616eeb761 0.650s
2025-11-22 01:05:37.182 66351 INFO tempest.lib.common.rest_client [req-dcb406bc-776f-427e-9fba-10db20a8f0df req-dcb406bc-776f-427e-9fba-10db20a8f0df ] Request (FlavorsAdminTestJSON:tearDownClass): 200 GET http://10.180.1.21/networking/v2.0/security-groups?tenant_id=a3e1e4b1fdbb4dc0bf232d6d07a31b85&name=default 0.164s
2025-11-22 01:05:37.209 66379 INFO tempest.lib.common.rest_client [req-d2ae8eb4-fc0b-46c3-9110-697ff12ea0b6 req-d2ae8eb4-fc0b-46c3-9110-697ff12ea0b6 ] Request (ServerShowV247Test:test_update_rebuild_list_server): 200 GET http://10.180.1.21/compute/v2.1/servers/87289050-39c0-4b48-8122-eecae9a077f8 0.714s
2025-11-22 01:05:37.240 66399 INFO tempest.lib.common.rest_client [req-e395a679-409c-4ae3-9fba-90c93386dd51 req-e395a679-409c-4ae3-9fba-90c93386dd51 ] Request (VolumesAdminNegativeTest:test_update_attached_volume_with_nonexistent_volume_in_uri): 200 GET http://10.180.1.21/compute/v2.1/servers/2541a954-5cad-4000-aa3e-d8205890e035 0.728s
2025-11-22 01:05:37.272 66361 INFO tempest.lib.common.rest_client [req-a2d20d86-e92a-492f-a8ff-f3f67606be1f req-a2d20d86-e92a-492f-a8ff-f3f67606be1f ] Request (KeyPairsNegativeTestJSON:test_keypair_create_with_invalid_pub_key): 400 POST http://10.180.1.21/compute/v2.1/os-keypairs 0.697s
2025-11-22 01:05:37.334 66351 INFO tempest.lib.common.rest_client [req-7265963c-15e9-4e49-bb31-09d884de20d8 req-7265963c-15e9-4e49-bb31-09d884de20d8 ] Request (FlavorsAdminTestJSON:tearDownClass): 204 DELETE http://10.180.1.21/networking/v2.0/security-groups/795ce665-8a0d-4e9f-a90a-0f256c5e29f0 0.151s
2025-11-22 01:05:37.370 66355 INFO tempest.lib.common.rest_client [req-e0d0c7a4-79c5-4d92-868d-3f9e7a3d2e1a req-e0d0c7a4-79c5-4d92-868d-3f9e7a3d2e1a ] Request (ServersTestJSON:setUpClass): 200 GET http://10.180.1.21/compute/v2.1/servers/de384249-b9c6-4b50-b965-d47f483fa1fb 0.805s
2025-11-22 01:05:37.394 66391 INFO tempest.lib.common.rest_client [req-ae3e6b2f-3c5b-4fd9-b176-757d1aa6c23b req-ae3e6b2f-3c5b-4fd9-b176-757d1aa6c23b ] Request (ServersAdminTestJSON:test_inject_network_info): 200 GET http://10.180.1.21/compute/v2.1/servers/05c247fb-8454-4fc0-8584-b96faddfa027 0.815s
2025-11-22 01:05:37.446 66377 INFO tempest.lib.common.rest_client [req-fc98ddd4-e2d1-4222-bf6e-cac0f5e1cc6f req-fc98ddd4-e2d1-4222-bf6e-cac0f5e1cc6f ] Request (AttachVolumeNegativeTest:test_attach_attached_volume_to_different_server): 200 GET http://10.180.1.21/compute/v2.1/servers/7eef72de-cc46-43bb-9ad8-09834fe6018e 0.798s
2025-11-22 01:05:37.472 66351 INFO tempest.lib.common.rest_client [req-44925e41-41ac-444e-b3db-f0198c4510eb req-44925e41-41ac-444e-b3db-f0198c4510eb ] Request (FlavorsAdminTestJSON:tearDownClass): 204 DELETE http://10.180.1.21/identity/v3/projects/a3e1e4b1fdbb4dc0bf232d6d07a31b85 0.138s
2025-11-22 01:05:37.492 66405 INFO tempest.lib.common.rest_client [req-fcd10e9f-0b60-430e-9237-2a54821167b0 req-fcd10e9f-0b60-430e-9237-2a54821167b0 ] Request (VolumesAssistedSnapshotsTest:_run_cleanups): 200 GET http://10.180.1.21/volume/v3/volumes/d8af9936-0ccd-4f74-b729-0ef34fd131bb 0.042s
2025-11-22 01:05:37.507 66376 INFO tempest.lib.common.rest_client [req-f098b72e-1356-4cc4-907a-a242bf931948 req-f098b72e-1356-4cc4-907a-a242bf931948 ] Request (ListServersNegativeTestJSON:setUpClass): 200 GET http://10.180.1.21/compute/v2.1/servers/b491003c-b124-4e16-b97f-c78874d9c5c5 0.775s
2025-11-22 01:05:37.573 66351 INFO tempest.lib.common.rest_client [req-7fcf14da-fb94-4eed-bf59-0ec062380b01 req-7fcf14da-fb94-4eed-bf59-0ec062380b01 ] Request (HypervisorAdminNegativeUnderV252Test:setUpClass): 201 POST http://10.180.1.21/identity/v3/auth/tokens 0.099s
2025-11-22 01:05:37.580 66397 INFO tempest.lib.common.rest_client [req-b1aa1dca-aec8-4298-8f56-1bd7f7ae2462 req-b1aa1dca-aec8-4298-8f56-1bd7f7ae2462 ] Request (ServerDiagnosticsV248Test:test_get_server_diagnostics): 200 GET http://10.180.1.21/compute/v2.1/servers/7f54e94e-d071-482c-a0ab-2c69ec8c8e6e 0.790s
2025-11-22 01:05:37.596 66367 INFO tempest.lib.common.rest_client [req-59a849a5-4a61-453c-838b-15bfe193b9fe req-59a849a5-4a61-453c-838b-15bfe193b9fe ] Request (DeleteServersTestJSON:test_delete_server_while_in_attached_volume): 200 GET http://10.180.1.21/compute/v2.1/servers/c0deef47-2926-4884-abd2-1c7e607bc74f 0.763s
2025-11-22 01:05:37.629 66351 INFO tempest.lib.common.rest_client [req-5eabfe1c-4f87-4391-9963-96dee50c02e8 req-5eabfe1c-4f87-4391-9963-96dee50c02e8 ] Request (HypervisorAdminNegativeUnderV252Test:setUpClass): 201 POST http://10.180.1.21/identity/v3/auth/tokens 0.048s
2025-11-22 01:05:37.658 66351 INFO tempest.lib.common.rest_client [req-d67ac363-4b1e-4897-b624-a8061c23e2cf req-d67ac363-4b1e-4897-b624-a8061c23e2cf ] Request (HypervisorAdminNegativeUnderV252Test:setUpClass): 200 GET http://10.180.1.21/identity/v3/domains?name=Default 0.028s
2025-11-22 01:05:37.671 66373 INFO tempest.lib.common.rest_client [req-2bd8c069-4fef-4d46-8698-690753d651f3 req-2bd8c069-4fef-4d46-8698-690753d651f3 ] Request (ServerActionsV293TestJSON:setUpClass): 200 GET http://10.180.1.21/compute/v2.1/servers/91dee4dc-6a2c-41f1-8c12-74f76422d62c 0.710s
2025-11-22 01:05:37.686 66369 INFO tempest.lib.common.rest_client [req-1e311386-fb4d-4583-ad7e-49225caa5019 req-1e311386-fb4d-4583-ad7e-49225caa5019 ] Request (FloatingIPsAssociationTestJSON:tearDownClass): 200 GET http://10.180.1.21/compute/v2.1/servers/2f911753-852c-4b7d-9577-3e9233965554 0.653s
2025-11-22 01:05:37.701 66351 INFO tempest.lib.common.rest_client [req-445ccb12-4444-48db-9f9a-f0a974c0c2fc req-445ccb12-4444-48db-9f9a-f0a974c0c2fc ] Request (HypervisorAdminNegativeUnderV252Test:setUpClass): 201 POST http://10.180.1.21/identity/v3/projects 0.042s
2025-11-22 01:05:37.779 66365 INFO tempest.lib.common.rest_client [req-ba6193b4-fee1-4a43-895a-5edc3c520648 req-ba6193b4-fee1-4a43-895a-5edc3c520648 ] Request (DeleteServersAdminTestJSON:test_delete_server_while_in_error_state): 200 GET http://10.180.1.21/compute/v2.1/servers/72b224de-34d2-43a0-a8e1-f079f7e3115a 0.525s
2025-11-22 01:05:37.786 66351 INFO tempest.lib.common.rest_client [req-31fb0603-39aa-4ee8-8856-3f5d1dcdb449 req-31fb0603-39aa-4ee8-8856-3f5d1dcdb449 ] Request (HypervisorAdminNegativeUnderV252Test:setUpClass): 201 POST http://10.180.1.21/identity/v3/users 0.085s
2025-11-22 01:05:37.791 66361 INFO tempest.lib.common.rest_client [req-01eda60e-6183-4ead-bb62-ab1f75315f4d req-01eda60e-6183-4ead-bb62-ab1f75315f4d ] Request (KeyPairsNegativeTestJSON:test_keypair_delete_nonexistent_key): 404 DELETE http://10.180.1.21/compute/v2.1/os-keypairs/tempest-keypair-non-existent-431545162 0.515s
2025-11-22 01:05:37.804 66387 INFO tempest.lib.common.rest_client [req-1fc9ad4b-1d19-42d0-850d-6ab81404ea25 req-1fc9ad4b-1d19-42d0-850d-6ab81404ea25 ] Request (InstanceActionsNegativeTestJSON:tearDownClass): 200 GET http://10.180.1.21/compute/v2.1/servers/972f66f5-115d-4e0a-8bcd-04f5f66e06c2 0.561s
2025-11-22 01:05:37.813 66351 INFO tempest.lib.common.rest_client [req-98d2b413-8337-4883-b0d5-305e4cb2a39e req-98d2b413-8337-4883-b0d5-305e4cb2a39e ] Request (HypervisorAdminNegativeUnderV252Test:setUpClass): 200 GET http://10.180.1.21/identity/v3/roles 0.026s
2025-11-22 01:05:37.846 66351 INFO tempest.lib.common.rest_client [req-e75cd7e0-ebbf-4dd6-9d89-c0b1eadf374b req-e75cd7e0-ebbf-4dd6-9d89-c0b1eadf374b ] Request (HypervisorAdminNegativeUnderV252Test:setUpClass): 204 PUT http://10.180.1.21/identity/v3/projects/5bd09922ce5a435fafd3d831e8bfbfe4/users/b579d4eb763d4afc94e68172128be0f2/roles/351c3b8c01534fffbc18c4bcb86b7193 0.033s
2025-11-22 01:05:37.847 66351 INFO tempest.lib.common.dynamic_creds [-] Dynamic test user b579d4eb763d4afc94e68172128be0f2 is created with scope project and roles: ['member']
2025-11-22 01:05:37.847 66351 INFO tempest.lib.common.dynamic_creds [-] Acquired dynamic creds: credentials: Credentials: {'domain_id': 'default', 'domain_name': 'Default', 'username': 'tempest-HypervisorAdminNegativeUnderV252Test-714289194-project-member', 'project_domain_id': 'default', 'project_domain_name': 'Default', 'project_id': '5bd09922ce5a435fafd3d831e8bfbfe4', 'project_name': 'tempest-HypervisorAdminNegativeUnderV252Test-714289194', 'tenant_id': '5bd09922ce5a435fafd3d831e8bfbfe4', 'tenant_name': 'tempest-HypervisorAdminNegativeUnderV252Test-714289194', 'user_domain_id': 'default', 'user_domain_name': 'Default', 'user_id': 'b579d4eb763d4afc94e68172128be0f2', 'system': None}, Network: None, Subnet: None, Router: None
2025-11-22 01:05:37.847 66351 INFO tempest.lib.common.dynamic_creds [-] Created isolated network resources for: credentials: Credentials: {'domain_id': 'default', 'domain_name': 'Default', 'username': 'tempest-HypervisorAdminNegativeUnderV252Test-714289194-project-member', 'project_domain_id': 'default', 'project_domain_name': 'Default', 'project_id': '5bd09922ce5a435fafd3d831e8bfbfe4', 'project_name': 'tempest-HypervisorAdminNegativeUnderV252Test-714289194', 'tenant_id': '5bd09922ce5a435fafd3d831e8bfbfe4', 'tenant_name': 'tempest-HypervisorAdminNegativeUnderV252Test-714289194', 'user_domain_id': 'default', 'user_domain_name': 'Default', 'user_id': 'b579d4eb763d4afc94e68172128be0f2', 'system': None}, Network: None, Subnet: None, Router: None
2025-11-22 01:05:37.858 66393 INFO tempest.lib.common.rest_client [req-0dc2edfa-4e0e-4fd2-98ef-96498f2df209 req-0dc2edfa-4e0e-4fd2-98ef-96498f2df209 ] Request (ServersNegativeTestMultiTenantJSON:setUpClass): 200 GET http://10.180.1.21/compute/v2.1/servers/413343d6-be94-4a90-842a-b90da07545b0 0.469s
2025-11-22 01:05:37.863 66361 INFO tempest.lib.common.rest_client [req-14cd4f92-b041-4253-b1c4-e9225dc42695 req-14cd4f92-b041-4253-b1c4-e9225dc42695 ] Request (KeyPairsNegativeTestJSON:tearDownClass): 204 DELETE http://10.180.1.21/identity/v3/users/afd1cfcb74b54fcc8245f86133655a55 0.070s
2025-11-22 01:05:37.863 66361 INFO tempest.lib.common.dynamic_creds [-] Deleting project and security group for project: dfa530687002439f9bd3124b444c5c28
2025-11-22 01:05:37.878 66395 INFO tempest.lib.common.rest_client [req-4390a69c-2c88-4383-8ea0-0afb23269194 req-4390a69c-2c88-4383-8ea0-0afb23269194 ] Request (InstanceActionsTestJSON:tearDownClass): 200 GET http://10.180.1.21/compute/v2.1/servers/d1ce2925-19d1-4619-a63b-eb3ede939495 0.543s
2025-11-22 01:05:37.901 66403 INFO tempest.lib.common.rest_client [req-17c0258b-ed86-4399-a40c-4d501e5a0e4f req-17c0258b-ed86-4399-a40c-4d501e5a0e4f ] Request (ImagesTestJSON:test_create_image_from_stopped_server): 200 GET http://10.180.1.21/compute/v2.1/images/55d6d415-dcc1-4426-95d0-26408ca1714a 0.448s
2025-11-22 01:05:37.934 66361 INFO tempest.lib.common.rest_client [req-5c0bdcfd-abbc-452a-a049-7ec7ffb842fe req-5c0bdcfd-abbc-452a-a049-7ec7ffb842fe ] Request (KeyPairsNegativeTestJSON:tearDownClass): 201 POST http://10.180.1.21/identity/v3/auth/tokens 0.071s
2025-11-22 01:05:37.935 66351 INFO tempest.lib.common.rest_client [req-4d02f1aa-ad76-46a4-94db-c0c19c133a41 req-4d02f1aa-ad76-46a4-94db-c0c19c133a41 ] Request (HypervisorAdminNegativeUnderV252Test:setUpClass): 201 POST http://10.180.1.21/identity/v3/auth/tokens 0.084s
2025-11-22 01:05:37.971 66351 INFO tempest.lib.common.rest_client [req-e214f101-b1fd-4ee8-a029-261f03c50810 req-e214f101-b1fd-4ee8-a029-261f03c50810 ] Request (HypervisorAdminNegativeUnderV252Test:setUpClass): 201 POST http://10.180.1.21/identity/v3/projects 0.035s
2025-11-22 01:05:38.048 66351 INFO tempest.lib.common.rest_client [req-358b6c1d-fa6c-4a0d-af73-9085c11aeac1 req-358b6c1d-fa6c-4a0d-af73-9085c11aeac1 ] Request (HypervisorAdminNegativeUnderV252Test:setUpClass): 201 POST http://10.180.1.21/identity/v3/users 0.076s
2025-11-22 01:05:38.071 66351 INFO tempest.lib.common.rest_client [req-24d9ab02-5e76-46ac-8b2e-6421c3b964bf req-24d9ab02-5e76-46ac-8b2e-6421c3b964bf ] Request (HypervisorAdminNegativeUnderV252Test:setUpClass): 200 GET http://10.180.1.21/identity/v3/roles 0.023s
2025-11-22 01:05:38.104 66351 INFO tempest.lib.common.rest_client [req-ebe1f091-2edb-41ef-8d25-c4da98a7cabd req-ebe1f091-2edb-41ef-8d25-c4da98a7cabd ] Request (HypervisorAdminNegativeUnderV252Test:setUpClass): 204 PUT http://10.180.1.21/identity/v3/projects/8d22477af31e4500b79f4d1734fe4a43/users/3e27ee35afcf46619f38e6e293c5baa9/roles/46b4aa38f72c498fa8f997630149a38b 0.032s
2025-11-22 01:05:38.173 66361 INFO tempest.lib.common.rest_client [req-4e18439f-8071-4402-b0f7-562e7d07cf7c req-4e18439f-8071-4402-b0f7-562e7d07cf7c ] Request (KeyPairsNegativeTestJSON:tearDownClass): 200 GET http://10.180.1.21/networking/v2.0/security-groups?tenant_id=dfa530687002439f9bd3124b444c5c28&name=default 0.239s
2025-11-22 01:05:38.185 66351 INFO tempest.lib.common.rest_client [req-7fc41888-927b-4a92-a5a7-f08ef0fde0ec req-7fc41888-927b-4a92-a5a7-f08ef0fde0ec ] Request (HypervisorAdminNegativeUnderV252Test:setUpClass): 200 GET http://10.180.1.21/identity/v3/roles 0.080s
2025-11-22 01:05:38.215 66351 INFO tempest.lib.common.rest_client [req-b2630891-ba14-4253-b24e-93e8927f113c req-b2630891-ba14-4253-b24e-93e8927f113c ] Request (HypervisorAdminNegativeUnderV252Test:setUpClass): 204 PUT http://10.180.1.21/identity/v3/projects/8d22477af31e4500b79f4d1734fe4a43/users/3e27ee35afcf46619f38e6e293c5baa9/roles/46b4aa38f72c498fa8f997630149a38b 0.029s
2025-11-22 01:05:38.216 66351 INFO tempest.lib.common.dynamic_creds [-] Dynamic test user 3e27ee35afcf46619f38e6e293c5baa9 is created with scope project and roles: ['admin']
2025-11-22 01:05:38.216 66351 INFO tempest.lib.common.dynamic_creds [-] Acquired dynamic creds: credentials: Credentials: {'domain_id': 'default', 'domain_name': 'Default', 'username': 'tempest-HypervisorAdminNegativeUnderV252Test-986409158-project-admin', 'project_domain_id': 'default', 'project_domain_name': 'Default', 'project_id': '8d22477af31e4500b79f4d1734fe4a43', 'project_name': 'tempest-HypervisorAdminNegativeUnderV252Test-986409158', 'tenant_id': '8d22477af31e4500b79f4d1734fe4a43', 'tenant_name': 'tempest-HypervisorAdminNegativeUnderV252Test-986409158', 'user_domain_id': 'default', 'user_domain_name': 'Default', 'user_id': '3e27ee35afcf46619f38e6e293c5baa9', 'system': None}, Network: None, Subnet: None, Router: None
2025-11-22 01:05:38.216 66351 INFO tempest.lib.common.dynamic_creds [-] Created isolated network resources for: credentials: Credentials: {'domain_id': 'default', 'domain_name': 'Default', 'username': 'tempest-HypervisorAdminNegativeUnderV252Test-986409158-project-admin', 'project_domain_id': 'default', 'project_domain_name': 'Default', 'project_id': '8d22477af31e4500b79f4d1734fe4a43', 'project_name': 'tempest-HypervisorAdminNegativeUnderV252Test-986409158', 'tenant_id': '8d22477af31e4500b79f4d1734fe4a43', 'tenant_name': 'tempest-HypervisorAdminNegativeUnderV252Test-986409158', 'user_domain_id': 'default', 'user_domain_name': 'Default', 'user_id': '3e27ee35afcf46619f38e6e293c5baa9', 'system': None}, Network: None, Subnet: None, Router: None
2025-11-22 01:05:38.316 66351 INFO tempest.lib.common.rest_client [req-b8f74029-9b8c-4b09-83c3-27ab1b5b417a req-b8f74029-9b8c-4b09-83c3-27ab1b5b417a ] Request (HypervisorAdminNegativeUnderV252Test:setUpClass): 201 POST http://10.180.1.21/identity/v3/auth/tokens 0.097s
2025-11-22 01:05:38.530 66407 INFO tempest.lib.common.rest_client [req-0eb12abc-6011-4e2e-a711-e3699972f58a req-0eb12abc-6011-4e2e-a711-e3699972f58a ] Request (FloatingIPsAssociationNegativeTestJSON:setUpClass): 200 GET http://10.180.1.21/compute/v2.1/servers/0bba2a88-4146-474a-bbf9-f253d23f52c7 0.998s
2025-11-22 01:05:38.558 66405 INFO tempest.lib.common.rest_client [req-0f09c8bb-1195-4a13-86e9-f98a4e8dd524 req-0f09c8bb-1195-4a13-86e9-f98a4e8dd524 ] Request (VolumesAssistedSnapshotsTest:_run_cleanups): 200 GET http://10.180.1.21/volume/v3/volumes/d8af9936-0ccd-4f74-b729-0ef34fd131bb 0.059s
2025-11-22 01:05:38.685 66361 INFO tempest.lib.common.rest_client [req-667c2def-956c-4adc-8a87-130e01b9c3d9 req-667c2def-956c-4adc-8a87-130e01b9c3d9 ] Request (KeyPairsNegativeTestJSON:tearDownClass): 204 DELETE http://10.180.1.21/networking/v2.0/security-groups/6fe6be18-3c85-467c-8883-60fdcdae0ddd 0.511s
2025-11-22 01:05:38.717 66371 INFO tempest.lib.common.rest_client [req-9eb3e95a-615a-4009-9cf3-4af0369a9649 req-9eb3e95a-615a-4009-9cf3-4af0369a9649 ] Request (MigrationsAdminTest:test_list_migrations_in_flavor_resize_situation): 200 GET http://10.180.1.21/compute/v2.1/servers/a6c03627-d31b-48c7-9f71-623b7356968d 1.145s
2025-11-22 01:05:38.732 66345 INFO tempest.lib.common.rest_client [req-1ccb8fd8-f3e8-4ad3-8fde-2495bae360aa req-1ccb8fd8-f3e8-4ad3-8fde-2495bae360aa ] Request (ListImageFiltersTestJSON:setUpClass): 200 GET http://10.180.1.21/compute/v2.1/servers/c6694f03-f213-4447-845b-312138ba89ee 1.137s
2025-11-22 01:05:38.815 66361 INFO tempest.lib.common.rest_client [req-e4e01967-6931-45cc-8646-520bb58b91eb req-e4e01967-6931-45cc-8646-520bb58b91eb ] Request (KeyPairsNegativeTestJSON:tearDownClass): 204 DELETE http://10.180.1.21/identity/v3/projects/dfa530687002439f9bd3124b444c5c28 0.130s
2025-11-22 01:05:38.890 66361 INFO tempest.lib.common.rest_client [req-59503b99-70df-4ca7-9b32-2a50cefe3e9e req-59503b99-70df-4ca7-9b32-2a50cefe3e9e ] Request (ServersTestFqdnHostnames:setUpClass): 201 POST http://10.180.1.21/identity/v3/auth/tokens 0.074s
2025-11-22 01:05:38.920 66361 INFO tempest.lib.common.rest_client [req-54b64a7d-662a-4835-af98-436b3bf723ff req-54b64a7d-662a-4835-af98-436b3bf723ff ] Request (ServersTestFqdnHostnames:setUpClass): 201 POST http://10.180.1.21/identity/v3/auth/tokens 0.027s
2025-11-22 01:05:38.933 66353 INFO tempest.lib.common.rest_client [req-9a5bbd27-b65b-41df-bd1c-25c25cec3fd9 req-9a5bbd27-b65b-41df-bd1c-25c25cec3fd9 ] Request (ServersAdmin275Test:_run_cleanups): 200 GET http://10.180.1.21/compute/v2.1/servers/89240694-9725-487b-9f9c-65ead2d4f6e7 1.232s
2025-11-22 01:05:38.949 66361 INFO tempest.lib.common.rest_client [req-831de0fe-6f3d-48ea-b21a-cc174c99b1ca req-831de0fe-6f3d-48ea-b21a-cc174c99b1ca ] Request (ServersTestFqdnHostnames:setUpClass): 200 GET http://10.180.1.21/identity/v3/domains?name=Default 0.028s
2025-11-22 01:05:38.991 66361 INFO tempest.lib.common.rest_client [req-f04e8080-0068-4b0f-987c-be952f702c57 req-f04e8080-0068-4b0f-987c-be952f702c57 ] Request (ServersTestFqdnHostnames:setUpClass): 201 POST http://10.180.1.21/identity/v3/projects 0.041s
2025-11-22 01:05:39.028 66349 INFO tempest.lib.common.rest_client [req-89768262-f248-4ab7-a0ca-b4a72b0ecf1a req-89768262-f248-4ab7-a0ca-b4a72b0ecf1a ] Request (ServersAdminNegativeTestJSON:setUpClass): 200 GET http://10.180.1.21/compute/v2.1/servers/ce476c0d-4e5f-40de-bae4-6ce2419bc5a9 1.388s
2025-11-22 01:05:39.038 66349 INFO tempest.common.waiters [-] State transition "BUILD/networking" ==> "BUILD/spawning" after 46 second wait
2025-11-22 01:05:39.067 66359 INFO tempest.lib.common.rest_client [req-ed1fef97-c6d7-42d2-b28b-7b3f71af328a req-ed1fef97-c6d7-42d2-b28b-7b3f71af328a ] Request (ServersNegativeTestJSON:setUpClass): 200 GET http://10.180.1.21/compute/v2.1/servers/263f731e-c4b8-4d71-8d0a-abf046caabf4 1.360s
2025-11-22 01:05:39.068 66361 INFO tempest.lib.common.rest_client [req-e5ac780b-5da7-44f3-a0c8-06d84197f7bd req-e5ac780b-5da7-44f3-a0c8-06d84197f7bd ] Request (ServersTestFqdnHostnames:setUpClass): 201 POST http://10.180.1.21/identity/v3/users 0.077s
2025-11-22 01:05:39.100 66361 INFO tempest.lib.common.rest_client [req-a2d19e9f-4146-43ef-9cfb-5e48b7551cf9 req-a2d19e9f-4146-43ef-9cfb-5e48b7551cf9 ] Request (ServersTestFqdnHostnames:setUpClass): 200 GET http://10.180.1.21/identity/v3/roles 0.031s
2025-11-22 01:05:39.131 66357 INFO tempest.lib.common.rest_client [req-4651d832-be8a-447e-84ca-66264abbea61 req-4651d832-be8a-447e-84ca-66264abbea61 ] Request (ServerAddressesNegativeTestJSON:setUpClass): 200 GET http://10.180.1.21/compute/v2.1/servers/1ff22713-ba6e-46f9-a0d2-4d24158972d1 1.271s
2025-11-22 01:05:39.138 66361 INFO tempest.lib.common.rest_client [req-e0301535-b897-4976-a23c-8f2f30d435fe req-e0301535-b897-4976-a23c-8f2f30d435fe ] Request (ServersTestFqdnHostnames:setUpClass): 204 PUT http://10.180.1.21/identity/v3/projects/917cdf4e4bf24164a81fddf5deb0757f/users/cc6bc17e0c824e08bd4820d52fed7724/roles/351c3b8c01534fffbc18c4bcb86b7193 0.037s
2025-11-22 01:05:39.138 66361 INFO tempest.lib.common.dynamic_creds [-] Dynamic test user cc6bc17e0c824e08bd4820d52fed7724 is created with scope project and roles: ['member']
2025-11-22 01:05:39.138 66361 INFO tempest.lib.common.dynamic_creds [-] Acquired dynamic creds: credentials: Credentials: {'domain_id': 'default', 'domain_name': 'Default', 'username': 'tempest-ServersTestFqdnHostnames-1711465986-project-member', 'project_domain_id': 'default', 'project_domain_name': 'Default', 'project_id': '917cdf4e4bf24164a81fddf5deb0757f', 'project_name': 'tempest-ServersTestFqdnHostnames-1711465986', 'tenant_id': '917cdf4e4bf24164a81fddf5deb0757f', 'tenant_name': 'tempest-ServersTestFqdnHostnames-1711465986', 'user_domain_id': 'default', 'user_domain_name': 'Default', 'user_id': 'cc6bc17e0c824e08bd4820d52fed7724', 'system': None}, Network: None, Subnet: None, Router: None
2025-11-22 01:05:39.209 66363 INFO tempest.lib.common.rest_client [req-59033fdb-862a-4598-aaff-9e3991cff4fb req-59033fdb-862a-4598-aaff-9e3991cff4fb ] Request (ImagesOneServerTestJSON:tearDownClass): 200 GET http://10.180.1.21/compute/v2.1/servers/e4e5619f-854d-4bf0-ae47-1f4b2b1e0fb4 1.212s
2025-11-22 01:05:39.235 66361 INFO tempest.lib.common.rest_client [req-fdc95e20-4fc9-4b3d-9d87-45ed5a1b7b8e req-fdc95e20-4fc9-4b3d-9d87-45ed5a1b7b8e ] Request (ServersTestFqdnHostnames:setUpClass): 201 POST http://10.180.1.21/identity/v3/auth/tokens 0.097s
2025-11-22 01:05:39.572 66361 INFO tempest.lib.common.rest_client [req-8bca7117-5d78-4a4a-b14e-c5b3746e83c9 req-8bca7117-5d78-4a4a-b14e-c5b3746e83c9 ] Request (ServersTestFqdnHostnames:setUpClass): 201 POST http://10.180.1.21/networking/v2.0/networks 0.336s
2025-11-22 01:05:39.595 66405 INFO tempest.lib.common.rest_client [req-b439ad3e-3d73-468b-97b4-2756be8db789 req-b439ad3e-3d73-468b-97b4-2756be8db789 ] Request (VolumesAssistedSnapshotsTest:_run_cleanups): 404 GET http://10.180.1.21/volume/v3/volumes/d8af9936-0ccd-4f74-b729-0ef34fd131bb 0.025s
2025-11-22 01:05:39.601 66379 INFO tempest.lib.common.rest_client [req-362f814d-0f77-44d9-a07e-b34e17b5924a req-362f814d-0f77-44d9-a07e-b34e17b5924a ] Request (ServerShowV247Test:test_update_rebuild_list_server): 200 GET http://10.180.1.21/compute/v2.1/servers/87289050-39c0-4b48-8122-eecae9a077f8 1.379s
2025-11-22 01:05:39.627 66401 INFO tempest.lib.common.rest_client [req-9366857f-5d66-4098-a6c8-4a896af74443 req-9366857f-5d66-4098-a6c8-4a896af74443 ] Request (MultipleCreateTestJSON:test_multiple_create): 200 GET http://10.180.1.21/compute/v2.1/servers/278cf733-0930-4a5a-877b-000616eeb761 1.530s
2025-11-22 01:05:39.636 66401 INFO tempest.common.waiters [-] State transition "BUILD/spawning" ==> "ACTIVE/None" after 46 second wait
2025-11-22 01:05:39.668 66399 INFO tempest.lib.common.rest_client [req-24f68a84-af1d-4eeb-9a05-a5980c02984e req-24f68a84-af1d-4eeb-9a05-a5980c02984e ] Request (VolumesAdminNegativeTest:test_update_attached_volume_with_nonexistent_volume_in_uri): 200 GET http://10.180.1.21/compute/v2.1/servers/2541a954-5cad-4000-aa3e-d8205890e035 1.417s
2025-11-22 01:05:39.746 66355 INFO tempest.lib.common.rest_client [req-c4dc6df1-3d6f-4876-ba42-5dcdd48cc9f6 req-c4dc6df1-3d6f-4876-ba42-5dcdd48cc9f6 ] Request (ServersTestJSON:setUpClass): 200 GET http://10.180.1.21/compute/v2.1/servers/de384249-b9c6-4b50-b965-d47f483fa1fb 1.364s
2025-11-22 01:05:39.767 66351 INFO tempest.lib.common.rest_client [req-748d5d40-3360-4e25-bcde-da9a65264fd1 req-748d5d40-3360-4e25-bcde-da9a65264fd1 ] Request (HypervisorAdminNegativeUnderV252Test:test_search_hypervisor_with_non_admin_user): 200 GET http://10.180.1.21/compute/v2.1/os-hypervisors 1.449s
2025-11-22 01:05:39.770 66361 INFO tempest.lib.common.rest_client [req-c8d35cfd-2a54-4d1c-8825-fe032f23b2f9 req-c8d35cfd-2a54-4d1c-8825-fe032f23b2f9 ] Request (ServersTestFqdnHostnames:setUpClass): 201 POST http://10.180.1.21/networking/v2.0/subnets 0.197s
2025-11-22 01:05:39.801 66391 INFO tempest.lib.common.rest_client [req-6c42775a-40ff-4da6-b51e-f8b30586c5d0 req-6c42775a-40ff-4da6-b51e-f8b30586c5d0 ] Request (ServersAdminTestJSON:test_inject_network_info): 200 GET http://10.180.1.21/compute/v2.1/servers/05c247fb-8454-4fc0-8584-b96faddfa027 1.396s
2025-11-22 01:05:39.820 66376 INFO tempest.lib.common.rest_client [req-d7b851f2-be09-4f3d-bcd8-61987891b799 req-d7b851f2-be09-4f3d-bcd8-61987891b799 ] Request (ListServersNegativeTestJSON:setUpClass): 404 GET http://10.180.1.21/compute/v2.1/servers/b491003c-b124-4e16-b97f-c78874d9c5c5 1.304s
2025-11-22 01:05:39.827 66377 INFO tempest.lib.common.rest_client [req-634b8d78-a74a-4c7b-8995-e54c30677dd5 req-634b8d78-a74a-4c7b-8995-e54c30677dd5 ] Request (AttachVolumeNegativeTest:test_attach_attached_volume_to_different_server): 200 GET http://10.180.1.21/compute/v2.1/servers/7eef72de-cc46-43bb-9ad8-09834fe6018e 1.370s
2025-11-22 01:05:39.887 66367 INFO tempest.lib.common.rest_client [req-63801610-aa69-43a0-94f0-ec2d0a10650c req-63801610-aa69-43a0-94f0-ec2d0a10650c ] Request (DeleteServersTestJSON:test_delete_server_while_in_attached_volume): 200 GET http://10.180.1.21/compute/v2.1/servers/c0deef47-2926-4884-abd2-1c7e607bc74f 1.279s
2025-11-22 01:05:39.907 66397 INFO tempest.lib.common.rest_client [req-01637544-363d-4935-92b1-823ec2ce0281 req-01637544-363d-4935-92b1-823ec2ce0281 ] Request (ServerDiagnosticsV248Test:test_get_server_diagnostics): 200 GET http://10.180.1.21/compute/v2.1/servers/7f54e94e-d071-482c-a0ab-2c69ec8c8e6e 1.309s
2025-11-22 01:05:39.917 66397 INFO tempest.common.waiters [-] State transition "BUILD/spawning" ==> "ACTIVE/None" after 46 second wait
2025-11-22 01:05:39.961 66373 INFO tempest.lib.common.rest_client [req-088e6b65-3fc1-481b-83bb-4436ba1eea73 req-088e6b65-3fc1-481b-83bb-4436ba1eea73 ] Request (ServerActionsV293TestJSON:setUpClass): 200 GET http://10.180.1.21/compute/v2.1/servers/91dee4dc-6a2c-41f1-8c12-74f76422d62c 1.277s
2025-11-22 01:05:39.984 66369 INFO tempest.lib.common.rest_client [req-022ca461-e254-40ea-917b-7095ce133e55 req-022ca461-e254-40ea-917b-7095ce133e55 ] Request (FloatingIPsAssociationTestJSON:tearDownClass): 200 GET http://10.180.1.21/compute/v2.1/servers/2f911753-852c-4b7d-9577-3e9233965554 1.290s
2025-11-22 01:05:40.074 66365 INFO tempest.lib.common.rest_client [req-2778873a-c252-4020-ad87-2c55ae3631fe req-2778873a-c252-4020-ad87-2c55ae3631fe ] Request (DeleteServersAdminTestJSON:test_delete_server_while_in_error_state): 200 GET http://10.180.1.21/compute/v2.1/servers/72b224de-34d2-43a0-a8e1-f079f7e3115a 1.286s
2025-11-22 01:05:40.087 66387 INFO tempest.lib.common.rest_client [req-e4f03eea-c4e5-423f-a5d7-f229dd3d7d30 req-e4f03eea-c4e5-423f-a5d7-f229dd3d7d30 ] Request (InstanceActionsNegativeTestJSON:tearDownClass): 200 GET http://10.180.1.21/compute/v2.1/servers/972f66f5-115d-4e0a-8bcd-04f5f66e06c2 1.275s
