2025-11-22 01:04:03.384 66376 INFO tempest.lib.common.fixed_network [-] (ListServersNegativeTestJSON:setUpClass) Found network {'id': '2a794659-26d4-4a6c-908b-d9ae1a8234b2', 'name': 'tempest-ListServersNegativeTestJSON-1226637182-network', 'tenant_id': 'f0f35e42ed824ebfa2b6db1498ca447d', 'project_id': 'f0f35e42ed824ebfa2b6db1498ca447d', 'admin_state_up': True, 'mtu': 8950, 'status': 'ACTIVE', 'subnets': [], 'shared': False, 'port_security_enabled': True, 'router:external': False, 'provider:network_type': 'vlan', 'provider:physical_network': 'default', 'provider:segmentation_id': 304, 'availability_zone_hints': [], 'availability_zones': [], 'ipv4_address_scope': None, 'ipv6_address_scope': None, 'description': '', 'tags': [], 'created_at': '2025-11-22T01:03:59Z', 'updated_at': '2025-11-22T01:03:59Z', 'revision_number': 1} available for tenant
2025-11-22 01:04:03.792 66395 INFO tempest.lib.common.rest_client [req-4ca5652e-ab71-4508-a377-43e86afe9741 req-4ca5652e-ab71-4508-a377-43e86afe9741 ] Request (InstanceActionsTestJSON:setUpClass): 201 POST http://10.180.1.21/networking/v2.0/routers 1.563s
2025-11-22 01:04:03.857 66359 INFO tempest.lib.common.rest_client [req-c0f203d9-2da3-47d6-a6f5-0f1fdb84b45f req-c0f203d9-2da3-47d6-a6f5-0f1fdb84b45f ] Request (ServersListShow298Test:test_list_show_update_rebuild_server_298): 200 GET http://10.180.1.21/compute/v2.1/servers/0b542951-3837-4cf1-83ec-9dacb72218ac 7.288s
2025-11-22 01:04:03.868 66401 INFO tempest.lib.common.rest_client [req-db76ba95-31da-4301-a10d-fde2b8ea1878 req-db76ba95-31da-4301-a10d-fde2b8ea1878 ] Request (SecurityGroupRulesNegativeTestJSON:test_create_security_group_rule_with_invalid_id): 400 POST http://10.180.1.21/compute/v2.1/os-security-group-rules 6.489s
2025-11-22 01:04:03.883 66355 INFO tempest.lib.common.rest_client [req-225e17eb-2588-4eca-a7a6-5f591746ad12 req-225e17eb-2588-4eca-a7a6-5f591746ad12 ] Request (HostsAdminNegativeTestJSON:test_startup_nonexistent_host): 404 GET http://10.180.1.21/compute/v2.1/os-hosts/nonexistent_hostname/startup 6.499s
2025-11-22 01:04:03.929 66373 INFO tempest.lib.common.rest_client [req-d758d6f0-b795-4a62-a641-08c3f7a41c1e req-d758d6f0-b795-4a62-a641-08c3f7a41c1e ] Request (ServicesAdminTestJSON:tearDownClass): 204 DELETE http://10.180.1.21/networking/v2.0/security-groups/c94856da-bfe8-4094-bed3-57921fc7fb33 1.486s
2025-11-22 01:04:03.954 66405 INFO tempest.lib.common.rest_client [req-793736be-acf6-4bb7-94c8-33a95450c619 req-793736be-acf6-4bb7-94c8-33a95450c619 ] Request (VolumesAssistedSnapshotsTest:test_volume_assisted_snapshot_create_delete): 200 GET http://10.180.1.21/compute/v2.1/servers/d43a2648-cefd-4dd5-aebf-f35393271a2f 7.041s
2025-11-22 01:04:04.059 66387 INFO tempest.lib.common.rest_client [req-41c7fda6-c6b1-4e9d-9cae-73879d3aa65a req-41c7fda6-c6b1-4e9d-9cae-73879d3aa65a ] Request (HostsAdminTestJSON:tearDownClass): 204 DELETE http://10.180.1.21/networking/v2.0/security-groups/06b53c08-e11c-4084-ad61-b0dc9d9181b2 1.468s
2025-11-22 01:04:04.096 66373 INFO tempest.lib.common.rest_client [req-1897e435-43de-45c0-99b4-693dcd516327 req-1897e435-43de-45c0-99b4-693dcd516327 ] Request (ServicesAdminTestJSON:tearDownClass): 204 DELETE http://10.180.1.21/identity/v3/projects/d5a88755872b438ca1ecf204d4db6008 0.166s
2025-11-22 01:04:04.183 66373 INFO tempest.lib.common.rest_client [req-b7cdbd33-8b24-4632-821f-e808f25b74cb req-b7cdbd33-8b24-4632-821f-e808f25b74cb ] Request (FlavorsV2TestJSON:setUpClass): 201 POST http://10.180.1.21/identity/v3/auth/tokens 0.085s
2025-11-22 01:04:04.200 66387 INFO tempest.lib.common.rest_client [req-068ffa7d-793c-429d-bd17-31696504f690 req-068ffa7d-793c-429d-bd17-31696504f690 ] Request (HostsAdminTestJSON:tearDownClass): 204 DELETE http://10.180.1.21/identity/v3/projects/d421e5031161461aa27b7a7cf6495f33 0.141s
2025-11-22 01:04:04.267 66387 INFO tempest.lib.common.rest_client [req-57064519-65a3-48da-8000-bd047d1794f8 req-57064519-65a3-48da-8000-bd047d1794f8 ] Request (FloatingIPDetailsTestJSON:setUpClass): 201 POST http://10.180.1.21/identity/v3/auth/tokens 0.064s
2025-11-22 01:04:04.272 66373 INFO tempest.lib.common.rest_client [req-2e7ff501-364f-42a2-b8e0-f4b234cf0fd3 req-2e7ff501-364f-42a2-b8e0-f4b234cf0fd3 ] Request (FlavorsV2TestJSON:setUpClass): 201 POST http://10.180.1.21/identity/v3/auth/tokens 0.083s
2025-11-22 01:04:04.299 66373 INFO tempest.lib.common.rest_client [req-dea3a323-686b-478a-be24-a61d91f33595 req-dea3a323-686b-478a-be24-a61d91f33595 ] Request (FlavorsV2TestJSON:setUpClass): 200 GET http://10.180.1.21/identity/v3/domains?name=Default 0.027s
2025-11-22 01:04:04.304 66387 INFO tempest.lib.common.rest_client [req-8cd7c1d2-985d-4484-8696-3a557b1aa058 req-8cd7c1d2-985d-4484-8696-3a557b1aa058 ] Request (FloatingIPDetailsTestJSON:setUpClass): 201 POST http://10.180.1.21/identity/v3/auth/tokens 0.032s
2025-11-22 01:04:04.328 66387 INFO tempest.lib.common.rest_client [req-65b6e176-3b25-4e81-8728-e4749cc46a7d req-65b6e176-3b25-4e81-8728-e4749cc46a7d ] Request (FloatingIPDetailsTestJSON:setUpClass): 200 GET http://10.180.1.21/identity/v3/domains?name=Default 0.023s
2025-11-22 01:04:04.338 66373 INFO tempest.lib.common.rest_client [req-8a22b913-96a8-4392-ad1e-624fdb0e22ca req-8a22b913-96a8-4392-ad1e-624fdb0e22ca ] Request (FlavorsV2TestJSON:setUpClass): 201 POST http://10.180.1.21/identity/v3/projects 0.038s
2025-11-22 01:04:04.362 66387 INFO tempest.lib.common.rest_client [req-4e908c5f-269e-4500-8853-a0559bc0696d req-4e908c5f-269e-4500-8853-a0559bc0696d ] Request (FloatingIPDetailsTestJSON:setUpClass): 201 POST http://10.180.1.21/identity/v3/projects 0.034s
2025-11-22 01:04:04.423 66387 INFO tempest.lib.common.rest_client [req-7bcabcc9-e097-48a1-b609-16ab1cb6de92 req-7bcabcc9-e097-48a1-b609-16ab1cb6de92 ] Request (FloatingIPDetailsTestJSON:setUpClass): 201 POST http://10.180.1.21/identity/v3/users 0.060s
2025-11-22 01:04:04.446 66387 INFO tempest.lib.common.rest_client [req-04f074ca-e48d-4ab9-9e58-df39eed24c63 req-04f074ca-e48d-4ab9-9e58-df39eed24c63 ] Request (FloatingIPDetailsTestJSON:setUpClass): 200 GET http://10.180.1.21/identity/v3/roles 0.022s
2025-11-22 01:04:04.454 66373 INFO tempest.lib.common.rest_client [req-08131364-8c18-4bc9-bda5-1c000478d8a8 req-08131364-8c18-4bc9-bda5-1c000478d8a8 ] Request (FlavorsV2TestJSON:setUpClass): 201 POST http://10.180.1.21/identity/v3/users 0.115s
2025-11-22 01:04:04.475 66373 INFO tempest.lib.common.rest_client [req-7ed6de8c-e3bd-48a6-9e16-fa1c90f9c12c req-7ed6de8c-e3bd-48a6-9e16-fa1c90f9c12c ] Request (FlavorsV2TestJSON:setUpClass): 200 GET http://10.180.1.21/identity/v3/roles 0.021s
2025-11-22 01:04:04.478 66387 INFO tempest.lib.common.rest_client [req-117e74de-50e3-4c89-b4b5-25a3857fa61b req-117e74de-50e3-4c89-b4b5-25a3857fa61b ] Request (FloatingIPDetailsTestJSON:setUpClass): 204 PUT http://10.180.1.21/identity/v3/projects/54561d7431184ee2974c0a6f174088d4/users/1bf302c76e2c4f0482352ac23a6fb9bb/roles/351c3b8c01534fffbc18c4bcb86b7193 0.031s
2025-11-22 01:04:04.479 66387 INFO tempest.lib.common.dynamic_creds [-] Dynamic test user 1bf302c76e2c4f0482352ac23a6fb9bb is created with scope project and roles: ['member']
2025-11-22 01:04:04.479 66387 INFO tempest.lib.common.dynamic_creds [-] Acquired dynamic creds: credentials: Credentials: {'domain_id': 'default', 'domain_name': 'Default', 'username': 'tempest-FloatingIPDetailsTestJSON-1859989426-project-member', 'project_domain_id': 'default', 'project_domain_name': 'Default', 'project_id': '54561d7431184ee2974c0a6f174088d4', 'project_name': 'tempest-FloatingIPDetailsTestJSON-1859989426', 'tenant_id': '54561d7431184ee2974c0a6f174088d4', 'tenant_name': 'tempest-FloatingIPDetailsTestJSON-1859989426', 'user_domain_id': 'default', 'user_domain_name': 'Default', 'user_id': '1bf302c76e2c4f0482352ac23a6fb9bb', 'system': None}, Network: None, Subnet: None, Router: None
2025-11-22 01:04:04.539 66387 INFO tempest.lib.common.rest_client [req-c0327a83-ad31-4589-b776-48c7116f84bc req-c0327a83-ad31-4589-b776-48c7116f84bc ] Request (FloatingIPDetailsTestJSON:setUpClass): 201 POST http://10.180.1.21/identity/v3/auth/tokens 0.059s
2025-11-22 01:04:04.541 66373 INFO tempest.lib.common.rest_client [req-80789574-d500-49a5-8db6-d8078eca8f1b req-80789574-d500-49a5-8db6-d8078eca8f1b ] Request (FlavorsV2TestJSON:setUpClass): 204 PUT http://10.180.1.21/identity/v3/projects/7e85e88d315c4f6d97b396c79530999f/users/f70b2561624b4cbba53d20b00d4ea990/roles/351c3b8c01534fffbc18c4bcb86b7193 0.065s
2025-11-22 01:04:04.541 66373 INFO tempest.lib.common.dynamic_creds [-] Dynamic test user f70b2561624b4cbba53d20b00d4ea990 is created with scope project and roles: ['member']
2025-11-22 01:04:04.542 66373 INFO tempest.lib.common.dynamic_creds [-] Acquired dynamic creds: credentials: Credentials: {'domain_id': 'default', 'domain_name': 'Default', 'username': 'tempest-FlavorsV2TestJSON-96187724-project-member', 'project_domain_id': 'default', 'project_domain_name': 'Default', 'project_id': '7e85e88d315c4f6d97b396c79530999f', 'project_name': 'tempest-FlavorsV2TestJSON-96187724', 'tenant_id': '7e85e88d315c4f6d97b396c79530999f', 'tenant_name': 'tempest-FlavorsV2TestJSON-96187724', 'user_domain_id': 'default', 'user_domain_name': 'Default', 'user_id': 'f70b2561624b4cbba53d20b00d4ea990', 'system': None}, Network: None, Subnet: None, Router: None
2025-11-22 01:04:04.542 66373 INFO tempest.lib.common.dynamic_creds [-] Created isolated network resources for: credentials: Credentials: {'domain_id': 'default', 'domain_name': 'Default', 'username': 'tempest-FlavorsV2TestJSON-96187724-project-member', 'project_domain_id': 'default', 'project_domain_name': 'Default', 'project_id': '7e85e88d315c4f6d97b396c79530999f', 'project_name': 'tempest-FlavorsV2TestJSON-96187724', 'tenant_id': '7e85e88d315c4f6d97b396c79530999f', 'tenant_name': 'tempest-FlavorsV2TestJSON-96187724', 'user_domain_id': 'default', 'user_domain_name': 'Default', 'user_id': 'f70b2561624b4cbba53d20b00d4ea990', 'system': None}, Network: None, Subnet: None, Router: None
2025-11-22 01:04:04.620 66373 INFO tempest.lib.common.rest_client [req-800d91fb-d893-4f65-bd21-242d8c06d4b5 req-800d91fb-d893-4f65-bd21-242d8c06d4b5 ] Request (FlavorsV2TestJSON:setUpClass): 201 POST http://10.180.1.21/identity/v3/auth/tokens 0.075s
2025-11-22 01:04:04.904 66395 INFO tempest.lib.common.rest_client [req-a0a9d5b0-bc6a-4cce-ade0-44a7e0dbd3a5 req-a0a9d5b0-bc6a-4cce-ade0-44a7e0dbd3a5 ] Request (InstanceActionsTestJSON:setUpClass): 200 PUT http://10.180.1.21/networking/v2.0/routers/fd87f054-80b3-442f-a45c-effffc0afc0f/add_router_interface 1.111s
2025-11-22 01:04:04.904 66395 INFO tempest.lib.common.dynamic_creds [-] Created isolated network resources for: credentials: Credentials: {'domain_id': 'default', 'domain_name': 'Default', 'username': 'tempest-InstanceActionsTestJSON-984293182-project-member', 'project_domain_id': 'default', 'project_domain_name': 'Default', 'project_id': '2ff45ca33d6545fea15f6b71a1e96795', 'project_name': 'tempest-InstanceActionsTestJSON-984293182', 'tenant_id': '2ff45ca33d6545fea15f6b71a1e96795', 'tenant_name': 'tempest-InstanceActionsTestJSON-984293182', 'user_domain_id': 'default', 'user_domain_name': 'Default', 'user_id': '11460f09042641cc8645a16a51b5e71e', 'system': None}, Network: {'id': 'cdfa815a-9c19-498b-b2de-d14d31626fce', 'name': 'tempest-InstanceActionsTestJSON-1779411731-network', 'tenant_id': '2ff45ca33d6545fea15f6b71a1e96795', 'project_id': '2ff45ca33d6545fea15f6b71a1e96795', 'admin_state_up': True, 'mtu': 8950, 'status': 'ACTIVE', 'subnets': [], 'shared': False, 'port_security_enabled': True, 'router:external': False, 'provider:network_type': 'vlan', 'provider:physical_network': 'default', 'provider:segmentation_id': 539, 'availability_zone_hints': [], 'availability_zones': [], 'ipv4_address_scope': None, 'ipv6_address_scope': None, 'description': '', 'tags': [], 'created_at': '2025-11-22T01:04:00Z', 'updated_at': '2025-11-22T01:04:00Z', 'revision_number': 1}, Subnet: {'id': '4fbf036d-51c7-448d-8e2e-dcc3c8a3cc34', 'name': 'tempest-InstanceActionsTestJSON-1779411731-subnet', 'tenant_id': '2ff45ca33d6545fea15f6b71a1e96795', 'network_id': 'cdfa815a-9c19-498b-b2de-d14d31626fce', 'ip_version': 4, 'subnetpool_id': None, 'enable_dhcp': True, 'ipv6_ra_mode': None, 'ipv6_address_mode': None, 'gateway_ip': '192.168.128.1', 'cidr': '192.168.128.0/28', 'allocation_pools': [{'start': '192.168.128.2', 'end': '192.168.128.14'}], 'host_routes': [], 'dns_nameservers': [], 'description': '', 'router:external': False, 'service_types': [], 'tags': [], 'created_at': '2025-11-22T01:04:02Z', 'updated_at': '2025-11-22T01:04:02Z', 'revision_number': 0, 'project_id': '2ff45ca33d6545fea15f6b71a1e96795'}, Router: {'id': 'fd87f054-80b3-442f-a45c-effffc0afc0f', 'name': 'tempest-InstanceActionsTestJSON-1779411731-router', 'tenant_id': '2ff45ca33d6545fea15f6b71a1e96795', 'admin_state_up': True, 'status': 'ACTIVE', 'external_gateway_info': {'network_id': 'b62a697e-8188-4538-8a08-f93324f85e4f', 'external_fixed_ips': [{'subnet_id': '8e496bb9-93bc-4ce1-876e-e1689c6fbf64', 'ip_address': '10.180.180.174'}], 'enable_snat': True}, 'description': '', 'availability_zones': [], 'distributed': False, 'ha': False, 'availability_zone_hints': [], 'routes': [], 'flavor_id': None, 'tags': [], 'created_at': '2025-11-22T01:04:02Z', 'updated_at': '2025-11-22T01:04:03Z', 'revision_number': 2, 'project_id': '2ff45ca33d6545fea15f6b71a1e96795'}
2025-11-22 01:04:04.993 66395 INFO tempest.lib.common.rest_client [req-60c5082c-aa76-4d06-97d9-c3684fb17cd9 req-60c5082c-aa76-4d06-97d9-c3684fb17cd9 ] Request (InstanceActionsTestJSON:setUpClass): 201 POST http://10.180.1.21/identity/v3/auth/tokens 0.081s
2025-11-22 01:04:05.028 66395 INFO tempest.lib.common.rest_client [req-612a3a61-2d6a-4c40-8e1e-71f9186a1df4 req-612a3a61-2d6a-4c40-8e1e-71f9186a1df4 ] Request (InstanceActionsTestJSON:setUpClass): 201 POST http://10.180.1.21/identity/v3/auth/tokens 0.032s
2025-11-22 01:04:05.028 66395 INFO tempest.lib.common.fixed_network [-] (InstanceActionsTestJSON:setUpClass) Found network {'id': 'cdfa815a-9c19-498b-b2de-d14d31626fce', 'name': 'tempest-InstanceActionsTestJSON-1779411731-network', 'tenant_id': '2ff45ca33d6545fea15f6b71a1e96795', 'project_id': '2ff45ca33d6545fea15f6b71a1e96795', 'admin_state_up': True, 'mtu': 8950, 'status': 'ACTIVE', 'subnets': [], 'shared': False, 'port_security_enabled': True, 'router:external': False, 'provider:network_type': 'vlan', 'provider:physical_network': 'default', 'provider:segmentation_id': 539, 'availability_zone_hints': [], 'availability_zones': [], 'ipv4_address_scope': None, 'ipv6_address_scope': None, 'description': '', 'tags': [], 'created_at': '2025-11-22T01:04:00Z', 'updated_at': '2025-11-22T01:04:00Z', 'revision_number': 1} available for tenant
2025-11-22 01:04:05.391 66369 INFO tempest.lib.common.rest_client [req-2a5e43c9-3a33-4bf8-a3a3-b943e4e37bef req-2a5e43c9-3a33-4bf8-a3a3-b943e4e37bef ] Request (FloatingIPsAssociationTestJSON:setUpClass): 200 GET http://10.180.1.21/compute/v2.1/servers/dd3e6943-3700-4ce6-adea-7f6f96a6b764 7.821s
2025-11-22 01:04:05.400 66369 INFO tempest.common.waiters [-] State transition "BUILD/spawning" ==> "ACTIVE/None" after 20 second wait
2025-11-22 01:04:05.412 66399 INFO tempest.lib.common.rest_client [req-b9554cc1-3a25-4198-8fbe-c384ab774fc5 req-b9554cc1-3a25-4198-8fbe-c384ab774fc5 ] Request (FlavorsExtraSpecsTestJSON:test_flavor_set_get_update_show_unset_keys): 200 GET http://10.180.1.21/compute/v2.1/flavors/147335839/os-extra_specs 6.663s
2025-11-22 01:04:05.423 66393 INFO tempest.lib.common.rest_client [req-2284a30b-4cf5-438b-8aed-467ace0211b1 req-2284a30b-4cf5-438b-8aed-467ace0211b1 ] Request (ServerExternalEventsTest:test_create_server_external_events): 200 GET http://10.180.1.21/compute/v2.1/servers/5c9deeae-0063-4d82-b449-cbc2aefd09a0 7.831s
2025-11-22 01:04:05.427 66407 INFO tempest.lib.common.rest_client [req-02b8f79f-035c-42a4-8dc5-61fa73ca327a req-02b8f79f-035c-42a4-8dc5-61fa73ca327a ] Request (FlavorsAccessTestJSON:test_flavor_access_list_with_private_flavor): 200 GET http://10.180.1.21/compute/v2.1/flavors/2121699474/os-flavor-access 6.519s
2025-11-22 01:04:05.437 66393 INFO tempest.common.waiters [-] State transition "BUILD/spawning" ==> "ACTIVE/None" after 20 second wait
2025-11-22 01:04:05.453 66351 INFO tempest.lib.common.rest_client [req-1f6b6ebc-baba-49f4-a5df-3d947f917b46 req-1f6b6ebc-baba-49f4-a5df-3d947f917b46 ] Request (FlavorsAdminTestJSON:_run_cleanups): 200 GET http://10.180.1.21/compute/v2.1/flavors/detail 6.324s
2025-11-22 01:04:05.489 66383 INFO tempest.lib.common.rest_client [req-2187bbb3-a6fe-4e34-a20f-9414e256145a req-2187bbb3-a6fe-4e34-a20f-9414e256145a ] Request (ValidationResourcesFixture:setUp): 200 POST http://10.180.1.21/compute/v2.1/os-keypairs 6.337s
2025-11-22 01:04:05.757 66387 INFO tempest.lib.common.rest_client [req-77ed3817-8a6b-4592-bc69-ce98fa4c9531 req-77ed3817-8a6b-4592-bc69-ce98fa4c9531 ] Request (FloatingIPDetailsTestJSON:setUpClass): 201 POST http://10.180.1.21/networking/v2.0/networks 1.218s
2025-11-22 01:04:05.973 66383 INFO tempest.lib.common.rest_client [req-df44f6ad-a239-4a7a-8958-b19299576389 req-df44f6ad-a239-4a7a-8958-b19299576389 ] Request (ValidationResourcesFixture:setUp): 201 POST http://10.180.1.21/networking/v2.0/security-groups 0.482s
2025-11-22 01:04:06.001 66377 INFO tempest.lib.common.rest_client [req-017f53cb-5c20-45e5-b09e-af8b93995888 req-017f53cb-5c20-45e5-b09e-af8b93995888 ] Request (ServerShowV257Test:test_rebuild_server): 200 GET http://10.180.1.21/compute/v2.1/servers/088e0576-1da1-487a-a1a9-d6095d6262b0 6.900s
2025-11-22 01:04:06.053 66389 INFO tempest.lib.common.rest_client [req-7ea117bc-d274-4266-97ff-ccfbbc3a6e10 req-7ea117bc-d274-4266-97ff-ccfbbc3a6e10 ] Request (ListImagesTestJSON:test_list_images_with_detail): 200 GET http://10.180.1.21/compute/v2.1/images/detail 6.580s
2025-11-22 01:04:06.151 66389 INFO tempest.lib.common.rest_client [req-80decb5b-a5a8-4d7d-9352-b7e64f0fdda2 req-80decb5b-a5a8-4d7d-9352-b7e64f0fdda2 ] Request (ListImagesTestJSON:tearDownClass): 204 DELETE http://10.180.1.21/identity/v3/users/2957c22498cf432da0de98065b293c83 0.088s
2025-11-22 01:04:06.152 66389 INFO tempest.lib.common.dynamic_creds [-] Deleting project and security group for project: 6b7b35412f2f4121aaab0e38ec32d38f
2025-11-22 01:04:06.211 66389 INFO tempest.lib.common.rest_client [req-1dda317c-a200-4457-a360-2c735417b593 req-1dda317c-a200-4457-a360-2c735417b593 ] Request (ListImagesTestJSON:tearDownClass): 201 POST http://10.180.1.21/identity/v3/auth/tokens 0.059s
2025-11-22 01:04:06.239 66387 INFO tempest.lib.common.rest_client [req-1b162bdd-69f2-43e8-95dd-1b20271bac16 req-1b162bdd-69f2-43e8-95dd-1b20271bac16 ] Request (FloatingIPDetailsTestJSON:setUpClass): 201 POST http://10.180.1.21/networking/v2.0/subnets 0.481s
2025-11-22 01:04:06.406 66383 INFO tempest.lib.common.rest_client [req-dfea11b3-3e56-4746-91be-892c1c37c488 req-dfea11b3-3e56-4746-91be-892c1c37c488 ] Request (ValidationResourcesFixture:setUp): 201 POST http://10.180.1.21/networking/v2.0/security-group-rules 0.432s
2025-11-22 01:04:06.448 66349 INFO tempest.lib.common.rest_client [req-6ac20ab8-7210-424c-b64f-88c421792af2 req-6ac20ab8-7210-424c-b64f-88c421792af2 ] Request (ServerDiagnosticsTest:test_get_server_diagnostics): 200 GET http://10.180.1.21/compute/v2.1/servers/45641160-5489-43eb-8eb2-e2475148eeaf 7.283s
2025-11-22 01:04:06.648 66389 INFO tempest.lib.common.rest_client [req-60446cc4-b138-43ff-ac79-4ee89713dc90 req-60446cc4-b138-43ff-ac79-4ee89713dc90 ] Request (ListImagesTestJSON:tearDownClass): 200 GET http://10.180.1.21/networking/v2.0/security-groups?tenant_id=6b7b35412f2f4121aaab0e38ec32d38f&name=default 0.436s
2025-11-22 01:04:07.352 66387 INFO tempest.lib.common.rest_client [req-b85df9be-1861-4d33-8e1f-48ec15894098 req-b85df9be-1861-4d33-8e1f-48ec15894098 ] Request (FloatingIPDetailsTestJSON:setUpClass): 201 POST http://10.180.1.21/networking/v2.0/routers 1.112s
2025-11-22 01:04:07.414 66385 INFO tempest.lib.common.rest_client [req-1043f09f-d212-4b62-965d-5f7c4c848e57 req-1043f09f-d212-4b62-965d-5f7c4c848e57 ] Request (ServerShowV254Test:test_rebuild_server): 200 GET http://10.180.1.21/compute/v2.1/servers/ef46355a-89c3-4d34-9f9b-45cff9ababee 7.532s
2025-11-22 01:04:07.423 66385 INFO tempest.common.waiters [-] State transition "BUILD/scheduling" ==> "BUILD/None" after 13 second wait
2025-11-22 01:04:07.436 66379 INFO tempest.lib.common.rest_client [req-2314afd2-fd32-43fe-a8b4-4200f8022d3f req-2314afd2-fd32-43fe-a8b4-4200f8022d3f ] Request (ImagesNegativeTestJSON:test_create_image_from_deleted_server): 200 GET http://10.180.1.21/compute/v2.1/servers/370b8932-7f86-4ecd-aaa8-b91d969a53ae 7.602s
2025-11-22 01:04:07.497 66383 INFO tempest.lib.common.rest_client [req-155e2884-4396-4cad-b029-53a66615eef8 req-155e2884-4396-4cad-b029-53a66615eef8 ] Request (ValidationResourcesFixture:setUp): 201 POST http://10.180.1.21/networking/v2.0/security-group-rules 1.090s
2025-11-22 01:04:07.541 66389 INFO tempest.lib.common.rest_client [req-96aefa97-8c4b-4c63-b230-80dff52e2ba5 req-96aefa97-8c4b-4c63-b230-80dff52e2ba5 ] Request (ListImagesTestJSON:tearDownClass): 204 DELETE http://10.180.1.21/networking/v2.0/security-groups/750dbf33-f0e6-48f4-98c6-882de40cc134 0.893s
2025-11-22 01:04:07.620 66389 INFO tempest.lib.common.rest_client [req-5a976843-0f3a-47ea-9385-48448e68bed8 req-5a976843-0f3a-47ea-9385-48448e68bed8 ] Request (ListImagesTestJSON:tearDownClass): 204 DELETE http://10.180.1.21/identity/v3/projects/6b7b35412f2f4121aaab0e38ec32d38f 0.078s
2025-11-22 01:04:07.687 66389 INFO tempest.lib.common.rest_client [req-613a8392-189f-4483-b7f5-41ff3281b1e5 req-613a8392-189f-4483-b7f5-41ff3281b1e5 ] Request (TestVersions:setUpClass): 201 POST http://10.180.1.21/identity/v3/auth/tokens 0.065s
2025-11-22 01:04:07.721 66389 INFO tempest.lib.common.rest_client [req-06313999-8454-4e53-b54f-b3fca6e5a158 req-06313999-8454-4e53-b54f-b3fca6e5a158 ] Request (TestVersions:setUpClass): 201 POST http://10.180.1.21/identity/v3/auth/tokens 0.031s
2025-11-22 01:04:07.748 66389 INFO tempest.lib.common.rest_client [req-cded776b-a48f-40de-bab3-195ce14e1929 req-cded776b-a48f-40de-bab3-195ce14e1929 ] Request (TestVersions:setUpClass): 200 GET http://10.180.1.21/identity/v3/domains?name=Default 0.026s
2025-11-22 01:04:07.779 66389 INFO tempest.lib.common.rest_client [req-f069d588-feec-4c92-b4bb-6e6a77727c87 req-f069d588-feec-4c92-b4bb-6e6a77727c87 ] Request (TestVersions:setUpClass): 201 POST http://10.180.1.21/identity/v3/projects 0.031s
2025-11-22 01:04:07.849 66389 INFO tempest.lib.common.rest_client [req-d6278a4f-ceee-4a36-b75b-5e834a60db42 req-d6278a4f-ceee-4a36-b75b-5e834a60db42 ] Request (TestVersions:setUpClass): 201 POST http://10.180.1.21/identity/v3/users 0.069s
2025-11-22 01:04:07.881 66389 INFO tempest.lib.common.rest_client [req-39bca8b1-d560-48b6-a796-e033c4027cf5 req-39bca8b1-d560-48b6-a796-e033c4027cf5 ] Request (TestVersions:setUpClass): 200 GET http://10.180.1.21/identity/v3/roles 0.031s
2025-11-22 01:04:07.916 66389 INFO tempest.lib.common.rest_client [req-350e12ee-c289-4639-ae53-ea296e2806b8 req-350e12ee-c289-4639-ae53-ea296e2806b8 ] Request (TestVersions:setUpClass): 204 PUT http://10.180.1.21/identity/v3/projects/db4439bbe3a247eb9652ddb0a9d1028c/users/a5399c5038474e18876094e920baef8e/roles/351c3b8c01534fffbc18c4bcb86b7193 0.034s
2025-11-22 01:04:07.916 66389 INFO tempest.lib.common.dynamic_creds [-] Dynamic test user a5399c5038474e18876094e920baef8e is created with scope project and roles: ['member']
2025-11-22 01:04:07.916 66389 INFO tempest.lib.common.dynamic_creds [-] Acquired dynamic creds: credentials: Credentials: {'domain_id': 'default', 'domain_name': 'Default', 'username': 'tempest-TestVersions-1995657645-project-member', 'project_domain_id': 'default', 'project_domain_name': 'Default', 'project_id': 'db4439bbe3a247eb9652ddb0a9d1028c', 'project_name': 'tempest-TestVersions-1995657645', 'tenant_id': 'db4439bbe3a247eb9652ddb0a9d1028c', 'tenant_name': 'tempest-TestVersions-1995657645', 'user_domain_id': 'default', 'user_domain_name': 'Default', 'user_id': 'a5399c5038474e18876094e920baef8e', 'system': None}, Network: None, Subnet: None, Router: None
2025-11-22 01:04:07.917 66389 INFO tempest.lib.common.dynamic_creds [-] Created isolated network resources for: credentials: Credentials: {'domain_id': 'default', 'domain_name': 'Default', 'username': 'tempest-TestVersions-1995657645-project-member', 'project_domain_id': 'default', 'project_domain_name': 'Default', 'project_id': 'db4439bbe3a247eb9652ddb0a9d1028c', 'project_name': 'tempest-TestVersions-1995657645', 'tenant_id': 'db4439bbe3a247eb9652ddb0a9d1028c', 'tenant_name': 'tempest-TestVersions-1995657645', 'user_domain_id': 'default', 'user_domain_name': 'Default', 'user_id': 'a5399c5038474e18876094e920baef8e', 'system': None}, Network: None, Subnet: None, Router: None
2025-11-22 01:04:08.037 66389 INFO tempest.lib.common.rest_client [req-a7e72ef4-c2ab-42ec-ad7b-b62acafe4641 req-a7e72ef4-c2ab-42ec-ad7b-b62acafe4641 ] Request (TestVersions:setUpClass): 201 POST http://10.180.1.21/identity/v3/auth/tokens 0.114s
2025-11-22 01:04:08.064 66383 INFO tempest.lib.common.rest_client [req-24a9e40d-2102-41b2-9453-eccd409f0faa req-24a9e40d-2102-41b2-9453-eccd409f0faa ] Request (ValidationResourcesFixture:setUp): 201 POST http://10.180.1.21/networking/v2.0/floatingips 0.567s
2025-11-22 01:04:08.153 66383 INFO tempest.lib.common.rest_client [req-53e292fa-d379-4bce-af11-60bd2690a739 req-53e292fa-d379-4bce-af11-60bd2690a739 ] Request (ServersWithSpecificFlavorTestJSON:test_verify_created_server_ephemeral_disk): 201 POST http://10.180.1.21/identity/v3/auth/tokens 0.083s
2025-11-22 01:04:08.153 66383 INFO tempest.lib.common.fixed_network [-] (ServersWithSpecificFlavorTestJSON:test_verify_created_server_ephemeral_disk) Found network {'id': '5af7a4fb-8ea0-44d6-9d73-bff3305ec2cb', 'name': 'tempest-ServersWithSpecificFlavorTestJSON-1402762358-network', 'tenant_id': '35a66203934243819010e435531b152f', 'project_id': '35a66203934243819010e435531b152f', 'admin_state_up': True, 'mtu': 8950, 'status': 'ACTIVE', 'subnets': [], 'shared': False, 'port_security_enabled': True, 'router:external': False, 'provider:network_type': 'vlan', 'provider:physical_network': 'default', 'provider:segmentation_id': 441, 'availability_zone_hints': [], 'availability_zones': [], 'ipv4_address_scope': None, 'ipv6_address_scope': None, 'description': '', 'tags': [], 'created_at': '2025-11-22T01:03:23Z', 'updated_at': '2025-11-22T01:03:23Z', 'revision_number': 1} available for tenant
2025-11-22 01:04:08.233 66347 INFO tempest.lib.common.rest_client [req-316f35b4-95e7-4127-82dc-708cbceb8346 req-316f35b4-95e7-4127-82dc-708cbceb8346 ] Request (AttachInterfacesTestJSON:test_create_list_show_delete_interfaces_by_fixed_ip): 200 GET http://10.180.1.21/compute/v2.1/servers/366efe2e-f316-4897-bc6f-3c252a0d3a77 7.826s
2025-11-22 01:04:08.240 66347 INFO tempest.common.waiters [-] State transition "BUILD/block_device_mapping" ==> "BUILD/spawning" after 22 second wait
2025-11-22 01:04:08.500 66387 INFO tempest.lib.common.rest_client [req-ff0fa2be-4c85-4745-bbad-185b09e275f3 req-ff0fa2be-4c85-4745-bbad-185b09e275f3 ] Request (FloatingIPDetailsTestJSON:setUpClass): 200 PUT http://10.180.1.21/networking/v2.0/routers/16b69d11-78e4-4be4-b91c-9609ce8e87d6/add_router_interface 1.148s
2025-11-22 01:04:08.501 66387 INFO tempest.lib.common.dynamic_creds [-] Created isolated network resources for: credentials: Credentials: {'domain_id': 'default', 'domain_name': 'Default', 'username': 'tempest-FloatingIPDetailsTestJSON-1859989426-project-member', 'project_domain_id': 'default', 'project_domain_name': 'Default', 'project_id': '54561d7431184ee2974c0a6f174088d4', 'project_name': 'tempest-FloatingIPDetailsTestJSON-1859989426', 'tenant_id': '54561d7431184ee2974c0a6f174088d4', 'tenant_name': 'tempest-FloatingIPDetailsTestJSON-1859989426', 'user_domain_id': 'default', 'user_domain_name': 'Default', 'user_id': '1bf302c76e2c4f0482352ac23a6fb9bb', 'system': None}, Network: {'id': 'f0be7cbe-fde3-4da3-bf44-b58541d324c8', 'name': 'tempest-FloatingIPDetailsTestJSON-1458390021-network', 'tenant_id': '54561d7431184ee2974c0a6f174088d4', 'project_id': '54561d7431184ee2974c0a6f174088d4', 'admin_state_up': True, 'mtu': 8950, 'status': 'ACTIVE', 'subnets': [], 'shared': False, 'port_security_enabled': True, 'router:external': False, 'provider:network_type': 'vlan', 'provider:physical_network': 'default', 'provider:segmentation_id': 651, 'availability_zone_hints': [], 'availability_zones': [], 'ipv4_address_scope': None, 'ipv6_address_scope': None, 'description': '', 'tags': [], 'created_at': '2025-11-22T01:04:05Z', 'updated_at': '2025-11-22T01:04:05Z', 'revision_number': 1}, Subnet: {'id': '2bf39291-8f35-40ed-b40b-406c31b9bae4', 'name': 'tempest-FloatingIPDetailsTestJSON-1458390021-subnet', 'tenant_id': '54561d7431184ee2974c0a6f174088d4', 'network_id': 'f0be7cbe-fde3-4da3-bf44-b58541d324c8', 'ip_version': 4, 'subnetpool_id': None, 'enable_dhcp': True, 'ipv6_ra_mode': None, 'ipv6_address_mode': None, 'gateway_ip': '192.168.128.1', 'cidr': '192.168.128.0/28', 'allocation_pools': [{'start': '192.168.128.2', 'end': '192.168.128.14'}], 'host_routes': [], 'dns_nameservers': [], 'description': '', 'router:external': False, 'service_types': [], 'tags': [], 'created_at': '2025-11-22T01:04:06Z', 'updated_at': '2025-11-22T01:04:06Z', 'revision_number': 0, 'project_id': '54561d7431184ee2974c0a6f174088d4'}, Router: {'id': '16b69d11-78e4-4be4-b91c-9609ce8e87d6', 'name': 'tempest-FloatingIPDetailsTestJSON-1458390021-router', 'tenant_id': '54561d7431184ee2974c0a6f174088d4', 'admin_state_up': True, 'status': 'ACTIVE', 'external_gateway_info': {'network_id': 'b62a697e-8188-4538-8a08-f93324f85e4f', 'external_fixed_ips': [{'subnet_id': '8e496bb9-93bc-4ce1-876e-e1689c6fbf64', 'ip_address': '10.180.180.130'}], 'enable_snat': True}, 'description': '', 'availability_zones': [], 'distributed': False, 'ha': False, 'availability_zone_hints': [], 'routes': [], 'flavor_id': None, 'tags': [], 'created_at': '2025-11-22T01:04:06Z', 'updated_at': '2025-11-22T01:04:07Z', 'revision_number': 2, 'project_id': '54561d7431184ee2974c0a6f174088d4'}
2025-11-22 01:04:08.552 66371 INFO tempest.lib.common.rest_client [req-92a19a2f-f7b9-4fbd-bc2c-7d8b02baf1a4 req-92a19a2f-f7b9-4fbd-bc2c-7d8b02baf1a4 ] Request (MigrationsAdminTest:test_list_migrations_in_flavor_resize_situation): 200 GET http://10.180.1.21/compute/v2.1/servers/a6c03627-d31b-48c7-9f71-623b7356968d 7.331s
2025-11-22 01:04:08.565 66371 INFO tempest.common.waiters [-] State transition "BUILD/None" ==> "BUILD/spawning" after 21 second wait
2025-11-22 01:04:08.596 66387 INFO tempest.lib.common.rest_client [req-4df7711e-696c-401a-9d23-8a5c5a65e1a5 req-4df7711e-696c-401a-9d23-8a5c5a65e1a5 ] Request (FloatingIPDetailsTestJSON:setUpClass): 201 POST http://10.180.1.21/identity/v3/auth/tokens 0.091s
2025-11-22 01:04:08.632 66363 INFO tempest.lib.common.rest_client [req-4d8731f0-df69-4b58-8e6a-4c62a7770825 req-4d8731f0-df69-4b58-8e6a-4c62a7770825 ] Request (ImagesOneServerTestJSON:setUpClass): 200 GET http://10.180.1.21/compute/v2.1/servers/e4e5619f-854d-4bf0-ae47-1f4b2b1e0fb4 7.057s
2025-11-22 01:04:08.684 66361 INFO tempest.lib.common.rest_client [req-7d6a111e-dc6f-488d-a41e-0169f7c07147 req-7d6a111e-dc6f-488d-a41e-0169f7c07147 ] Request (AggregatesAdminNegativeTestJSON:test_aggregate_add_non_exist_host): 404 POST http://10.180.1.21/compute/v2.1/os-aggregates/3/action 6.188s
2025-11-22 01:04:08.704 66357 INFO tempest.lib.common.rest_client [req-cb7e6ad5-23f8-4c65-a5c6-1b0305b9e3d2 req-cb7e6ad5-23f8-4c65-a5c6-1b0305b9e3d2 ] Request (FlavorsAccessNegativeTestJSON:_run_cleanups): 202 DELETE http://10.180.1.21/compute/v2.1/flavors/147145845 6.198s
2025-11-22 01:04:08.736 66397 INFO tempest.lib.common.rest_client [req-034e96e5-d0b2-4ea5-a8d6-52992c8f428a req-034e96e5-d0b2-4ea5-a8d6-52992c8f428a ] Request (QuotaClassesAdmin257Test:_run_cleanups): 200 PUT http://10.180.1.21/compute/v2.1/os-quota-class-sets/default 6.217s
2025-11-22 01:04:08.739 66403 INFO tempest.lib.common.rest_client [req-58918449-66be-480a-97bd-1e54382dfeb5 req-58918449-66be-480a-97bd-1e54382dfeb5 ] Request (FlavorsExtraSpecsNegativeTestJSON:test_flavor_update_more_key): 400 PUT http://10.180.1.21/compute/v2.1/flavors/413413358/os-extra_specs/hw:numa_nodes 6.214s
2025-11-22 01:04:08.771 66367 INFO tempest.lib.common.rest_client [req-93f9903b-f495-4ebe-a242-5c2c17370be4 req-93f9903b-f495-4ebe-a242-5c2c17370be4 ] Request (DeleteServersTestJSON:test_delete_active_server): 202 POST http://10.180.1.21/compute/v2.1/servers 8.202s
2025-11-22 01:04:08.868 66353 INFO tempest.lib.common.rest_client [req-2f390b73-fe47-4d4f-8a47-119d2fd50fdf req-2f390b73-fe47-4d4f-8a47-119d2fd50fdf ] Request (QuotasAdminTestJSON:test_delete_quota): 200 GET http://10.180.1.21/identity/v3/domains?name=Default 0.098s
2025-11-22 01:04:08.879 66345 INFO tempest.lib.common.rest_client [req-926d87f4-eba0-495f-a2a5-95decec6dc28 req-926d87f4-eba0-495f-a2a5-95decec6dc28 ] Request (ServerDiagnosticsNegativeTest:test_get_server_diagnostics_by_non_admin): 200 GET http://10.180.1.21/compute/v2.1/servers/8d6dc013-12e6-46a1-9329-758316324d58 5.805s
2025-11-22 01:04:08.889 66345 INFO tempest.common.waiters [-] State transition "BUILD/spawning" ==> "ACTIVE/None" after 25 second wait
2025-11-22 01:04:08.900 66397 INFO tempest.lib.common.rest_client [req-1fa5ce43-5116-419d-9fc7-d6f3b35de13c req-1fa5ce43-5116-419d-9fc7-d6f3b35de13c ] Request (QuotaClassesAdmin257Test:tearDownClass): 204 DELETE http://10.180.1.21/identity/v3/users/b8a13914c80c46f089a0ade43c27df6b 0.152s
2025-11-22 01:04:08.935 66365 INFO tempest.lib.common.rest_client [req-bfe981c6-da28-4214-a0da-8e16b17ceed1 req-bfe981c6-da28-4214-a0da-8e16b17ceed1 ] Request (DeleteServersAdminTestJSON:test_admin_delete_servers_of_others): 200 GET http://10.180.1.21/compute/v2.1/servers/6797bde2-8f30-40af-838f-e8a70f576ee9 5.589s
2025-11-22 01:04:08.947 66365 INFO tempest.common.waiters [-] State transition "BUILD/spawning" ==> "ACTIVE/None" after 24 second wait
2025-11-22 01:04:08.959 66353 INFO tempest.lib.common.rest_client [req-92ed6a25-4cf0-44cb-ae66-b50ef6612b10 req-92ed6a25-4cf0-44cb-ae66-b50ef6612b10 ] Request (QuotasAdminTestJSON:test_delete_quota): 201 POST http://10.180.1.21/identity/v3/projects 0.091s
2025-11-22 01:04:09.004 66391 INFO tempest.lib.common.rest_client [req-ccd226ef-9429-48bc-a272-40ceaa070196 req-ccd226ef-9429-48bc-a272-40ceaa070196 ] Request (ServersAdminTestJSON:setUpClass): 200 GET http://10.180.1.21/compute/v2.1/servers/31c45366-8a43-4d38-8aad-09019ca76271 5.530s
2025-11-22 01:04:09.014 66391 INFO tempest.common.waiters [-] State transition "BUILD/scheduling" ==> "BUILD/None" after 17 second wait
2025-11-22 01:04:09.093 66397 INFO tempest.lib.common.rest_client [req-a11acd35-8d66-443a-8c10-bca69822724d req-a11acd35-8d66-443a-8c10-bca69822724d ] Request (QuotaClassesAdmin257Test:tearDownClass): 204 DELETE http://10.180.1.21/identity/v3/users/36b733797b5c4ae5b1d9bd6ce0425357 0.192s
2025-11-22 01:04:09.093 66397 INFO tempest.lib.common.dynamic_creds [-] Deleting project and security group for project: 1015f602249f44e6b6d93365b1fe7b52
2025-11-22 01:04:09.162 66397 INFO tempest.lib.common.rest_client [req-d69b48fe-454e-4b59-8ac8-9949e783c2b2 req-d69b48fe-454e-4b59-8ac8-9949e783c2b2 ] Request (QuotaClassesAdmin257Test:tearDownClass): 201 POST http://10.180.1.21/identity/v3/auth/tokens 0.069s
2025-11-22 01:04:09.171 66401 INFO tempest.lib.common.rest_client [req-9c5b7379-de3a-42fc-be95-4d60ae9ab236 req-9c5b7379-de3a-42fc-be95-4d60ae9ab236 ] Request (SecurityGroupRulesNegativeTestJSON:test_create_security_group_rule_with_invalid_ip_protocol): 200 POST http://10.180.1.21/compute/v2.1/os-security-groups 5.301s
2025-11-22 01:04:09.176 66355 INFO tempest.lib.common.rest_client [req-538da2a1-1baf-4dc2-9c4b-ae4f7d7b373e req-538da2a1-1baf-4dc2-9c4b-ae4f7d7b373e ] Request (HostsAdminNegativeTestJSON:test_update_host_with_invalid_maintenance_mode): 400 PUT http://10.180.1.21/compute/v2.1/os-hosts/devstack 5.292s
2025-11-22 01:04:09.176 66353 INFO tempest.lib.common.rest_client [req-63efdf28-138f-4a8e-b547-80bddcea5e7a req-63efdf28-138f-4a8e-b547-80bddcea5e7a ] Request (QuotasAdminTestJSON:test_delete_quota): 200 GET http://10.180.1.21/identity/v3/domains?name=Default 0.215s
2025-11-22 01:04:09.310 66373 INFO tempest.lib.common.rest_client [req-3524dbfa-99d9-4c09-a9ea-4fb960adcd55 req-3524dbfa-99d9-4c09-a9ea-4fb960adcd55 ] Request (FlavorsV2TestJSON:test_get_flavor): 200 GET http://10.180.1.21/compute/v2.1/flavors/42 4.689s
2025-11-22 01:04:09.342 66397 INFO tempest.lib.common.rest_client [req-f459ea86-7c6c-4a8b-90d5-a3530d3f1ed5 req-f459ea86-7c6c-4a8b-90d5-a3530d3f1ed5 ] Request (QuotaClassesAdmin257Test:tearDownClass): 200 GET http://10.180.1.21/networking/v2.0/security-groups?tenant_id=1015f602249f44e6b6d93365b1fe7b52&name=default 0.179s
2025-11-22 01:04:09.406 66359 INFO tempest.lib.common.rest_client [req-b7375dd6-1e6a-48c0-a157-c1f8c6c85074 req-b7375dd6-1e6a-48c0-a157-c1f8c6c85074 ] Request (ServersListShow298Test:test_list_show_update_rebuild_server_298): 200 GET http://10.180.1.21/compute/v2.1/servers/0b542951-3837-4cf1-83ec-9dacb72218ac 4.530s
2025-11-22 01:04:09.418 66359 INFO tempest.common.waiters [-] State transition "BUILD/scheduling" ==> "BUILD/None" after 17 second wait
2025-11-22 01:04:09.432 66397 INFO tempest.lib.common.rest_client [req-b4442465-2d39-40b5-830c-e2c542f2ecc3 req-b4442465-2d39-40b5-830c-e2c542f2ecc3 ] Request (QuotaClassesAdmin257Test:tearDownClass): 204 DELETE http://10.180.1.21/networking/v2.0/security-groups/bcd43a03-6e7c-416f-910e-3c0f30d5e511 0.089s
2025-11-22 01:04:09.464 66405 INFO tempest.lib.common.rest_client [req-7a3eb947-60ef-4044-9ef1-6d5d2c038175 req-7a3eb947-60ef-4044-9ef1-6d5d2c038175 ] Request (VolumesAssistedSnapshotsTest:test_volume_assisted_snapshot_create_delete): 200 GET http://10.180.1.21/compute/v2.1/servers/d43a2648-cefd-4dd5-aebf-f35393271a2f 4.497s
2025-11-22 01:04:09.474 66405 INFO tempest.common.waiters [-] State transition "BUILD/scheduling" ==> "BUILD/None" after 14 second wait
2025-11-22 01:04:09.521 66397 INFO tempest.lib.common.rest_client [req-02641816-9ff9-4cc1-8a50-20d7d34e1fe7 req-02641816-9ff9-4cc1-8a50-20d7d34e1fe7 ] Request (QuotaClassesAdmin257Test:tearDownClass): 204 DELETE http://10.180.1.21/identity/v3/projects/1015f602249f44e6b6d93365b1fe7b52 0.088s
2025-11-22 01:04:09.521 66397 INFO tempest.lib.common.dynamic_creds [-] Deleting project and security group for project: f938440f419246fc9fc29397b846c22f
2025-11-22 01:04:09.536 66376 INFO tempest.lib.common.rest_client [req-0d84f17f-25ff-4349-99fd-72b6ba65ee41 req-0d84f17f-25ff-4349-99fd-72b6ba65ee41 ] Request (ListServersNegativeTestJSON:setUpClass): 202 POST http://10.180.1.21/compute/v2.1/servers 6.151s
2025-11-22 01:04:09.634 66397 INFO tempest.lib.common.rest_client [req-823236a4-b3f2-4d0e-9eba-392c991acbb9 req-823236a4-b3f2-4d0e-9eba-392c991acbb9 ] Request (QuotaClassesAdmin257Test:tearDownClass): 200 GET http://10.180.1.21/networking/v2.0/security-groups?tenant_id=f938440f419246fc9fc29397b846c22f&name=default 0.113s
2025-11-22 01:04:09.742 66397 INFO tempest.lib.common.rest_client [req-1f76e751-a966-4d54-8aa0-8c17718ccce0 req-1f76e751-a966-4d54-8aa0-8c17718ccce0 ] Request (QuotaClassesAdmin257Test:tearDownClass): 204 DELETE http://10.180.1.21/networking/v2.0/security-groups/74d90996-ca26-4d29-a317-1fd472deafcb 0.107s
2025-11-22 01:04:09.860 66397 INFO tempest.lib.common.rest_client [req-5cd54941-7925-42e7-87e0-9fddbc3e772c req-5cd54941-7925-42e7-87e0-9fddbc3e772c ] Request (QuotaClassesAdmin257Test:tearDownClass): 204 DELETE http://10.180.1.21/identity/v3/projects/f938440f419246fc9fc29397b846c22f 0.118s
2025-11-22 01:04:09.925 66397 INFO tempest.lib.common.rest_client [req-09659cad-f0da-4d9a-9460-c68db342fe98 req-09659cad-f0da-4d9a-9460-c68db342fe98 ] Request (QuotasAdminNegativeTest:setUpClass): 201 POST http://10.180.1.21/identity/v3/auth/tokens 0.063s
2025-11-22 01:04:09.965 66397 INFO tempest.lib.common.rest_client [req-89fc455f-7a1d-4e41-b0b7-f167e43c8d3b req-89fc455f-7a1d-4e41-b0b7-f167e43c8d3b ] Request (QuotasAdminNegativeTest:setUpClass): 201 POST http://10.180.1.21/identity/v3/auth/tokens 0.035s
2025-11-22 01:04:09.996 66397 INFO tempest.lib.common.rest_client [req-61e85a3a-4c4d-4daf-b3fa-4aeb11579f03 req-61e85a3a-4c4d-4daf-b3fa-4aeb11579f03 ] Request (QuotasAdminNegativeTest:setUpClass): 200 GET http://10.180.1.21/identity/v3/domains?name=Default 0.031s
2025-11-22 01:04:10.010 66395 INFO tempest.lib.common.rest_client [req-ad3aa09a-c81f-464e-921d-cb8e1d6a5ad5 req-ad3aa09a-c81f-464e-921d-cb8e1d6a5ad5 ] Request (InstanceActionsTestJSON:setUpClass): 202 POST http://10.180.1.21/compute/v2.1/servers 4.981s
2025-11-22 01:04:10.038 66397 INFO tempest.lib.common.rest_client [req-9aec6184-6b80-42c7-9056-064fcb500126 req-9aec6184-6b80-42c7-9056-064fcb500126 ] Request (QuotasAdminNegativeTest:setUpClass): 201 POST http://10.180.1.21/identity/v3/projects 0.040s
2025-11-22 01:04:10.060 66399 INFO tempest.lib.common.rest_client [req-be2cfff7-2e49-4e9e-982d-86bf49e03542 req-be2cfff7-2e49-4e9e-982d-86bf49e03542 ] Request (FlavorsExtraSpecsTestJSON:test_flavor_set_get_update_show_unset_keys): 200 DELETE http://10.180.1.21/compute/v2.1/flavors/147335839/os-extra_specs/hw:numa_nodes 4.646s
2025-11-22 01:04:10.086 66407 INFO tempest.lib.common.rest_client [req-4f6cd965-7ed0-4b63-983f-bb7ac43a259f req-4f6cd965-7ed0-4b63-983f-bb7ac43a259f ] Request (FlavorsAccessTestJSON:_run_cleanups): 202 DELETE http://10.180.1.21/compute/v2.1/flavors/2121699474 4.657s
2025-11-22 01:04:10.157 66397 INFO tempest.lib.common.rest_client [req-cc78440f-e7ca-4acc-8f4d-4b8cdace91fe req-cc78440f-e7ca-4acc-8f4d-4b8cdace91fe ] Request (QuotasAdminNegativeTest:setUpClass): 201 POST http://10.180.1.21/identity/v3/users 0.118s
2025-11-22 01:04:10.180 66397 INFO tempest.lib.common.rest_client [req-d6ac7bba-dc2e-4e92-a423-e8e0ae33ac60 req-d6ac7bba-dc2e-4e92-a423-e8e0ae33ac60 ] Request (QuotasAdminNegativeTest:setUpClass): 200 GET http://10.180.1.21/identity/v3/roles 0.023s
2025-11-22 01:04:10.219 66397 INFO tempest.lib.common.rest_client [req-078b9992-d864-482d-8fe8-5ef43956e0c0 req-078b9992-d864-482d-8fe8-5ef43956e0c0 ] Request (QuotasAdminNegativeTest:setUpClass): 204 PUT http://10.180.1.21/identity/v3/projects/0412729c0f6b4e6188990b0d85ce0782/users/3cc49cfa195c4c2ca1f0f9cbbd5ca866/roles/351c3b8c01534fffbc18c4bcb86b7193 0.035s
2025-11-22 01:04:10.219 66397 INFO tempest.lib.common.dynamic_creds [-] Dynamic test user 3cc49cfa195c4c2ca1f0f9cbbd5ca866 is created with scope project and roles: ['member']
2025-11-22 01:04:10.219 66397 INFO tempest.lib.common.dynamic_creds [-] Acquired dynamic creds: credentials: Credentials: {'domain_id': 'default', 'domain_name': 'Default', 'username': 'tempest-QuotasAdminNegativeTest-236771298-project-member', 'project_domain_id': 'default', 'project_domain_name': 'Default', 'project_id': '0412729c0f6b4e6188990b0d85ce0782', 'project_name': 'tempest-QuotasAdminNegativeTest-236771298', 'tenant_id': '0412729c0f6b4e6188990b0d85ce0782', 'tenant_name': 'tempest-QuotasAdminNegativeTest-236771298', 'user_domain_id': 'default', 'user_domain_name': 'Default', 'user_id': '3cc49cfa195c4c2ca1f0f9cbbd5ca866', 'system': None}, Network: None, Subnet: None, Router: None
2025-11-22 01:04:10.219 66397 INFO tempest.lib.common.dynamic_creds [-] Created isolated network resources for: credentials: Credentials: {'domain_id': 'default', 'domain_name': 'Default', 'username': 'tempest-QuotasAdminNegativeTest-236771298-project-member', 'project_domain_id': 'default', 'project_domain_name': 'Default', 'project_id': '0412729c0f6b4e6188990b0d85ce0782', 'project_name': 'tempest-QuotasAdminNegativeTest-236771298', 'tenant_id': '0412729c0f6b4e6188990b0d85ce0782', 'tenant_name': 'tempest-QuotasAdminNegativeTest-236771298', 'user_domain_id': 'default', 'user_domain_name': 'Default', 'user_id': '3cc49cfa195c4c2ca1f0f9cbbd5ca866', 'system': None}, Network: None, Subnet: None, Router: None
2025-11-22 01:04:10.237 66369 INFO tempest.lib.common.rest_client [req-a87d2e17-8e84-4b65-9708-d939a44314c9 req-a87d2e17-8e84-4b65-9708-d939a44314c9 ] Request (FloatingIPsAssociationTestJSON:setUpClass): 200 POST http://10.180.1.21/compute/v2.1/os-floating-ips 4.837s
2025-11-22 01:04:10.258 66351 INFO tempest.lib.common.rest_client [req-a206fcff-1ef3-4197-aa7e-ccae81e8badb req-a206fcff-1ef3-4197-aa7e-ccae81e8badb ] Request (FlavorsAdminTestJSON:test_create_flavor_with_none_id): 200 POST http://10.180.1.21/compute/v2.1/flavors 4.798s
2025-11-22 01:04:10.271 66393 INFO tempest.lib.common.rest_client [req-d255d815-9966-4b07-aec1-73f698e7487f req-d255d815-9966-4b07-aec1-73f698e7487f ] Request (ServerExternalEventsTest:test_create_server_external_events): 200 POST http://10.180.1.21/compute/v2.1/os-server-external-events 4.831s
2025-11-22 01:04:10.311 66397 INFO tempest.lib.common.rest_client [req-ea0d1f49-5380-41b1-aa01-3b1c36f38573 req-ea0d1f49-5380-41b1-aa01-3b1c36f38573 ] Request (QuotasAdminNegativeTest:setUpClass): 201 POST http://10.180.1.21/identity/v3/auth/tokens 0.088s
2025-11-22 01:04:10.337 66369 INFO tempest.lib.common.rest_client [req-e126b904-8601-42b6-846d-15eec5cf1695 req-e126b904-8601-42b6-846d-15eec5cf1695 ] Request (FloatingIPsAssociationTestJSON:test_associate_already_associated_floating_ip): 201 POST http://10.180.1.21/identity/v3/auth/tokens 0.090s
2025-11-22 01:04:10.338 66369 INFO tempest.lib.common.fixed_network [-] (FloatingIPsAssociationTestJSON:test_associate_already_associated_floating_ip) Found network {'id': '2c24ba71-6844-4d1c-ba85-361f920004e4', 'name': 'tempest-FloatingIPsAssociationTestJSON-1842908297-network', 'tenant_id': '5fde526c29434f22882d0f42737eb7ad', 'project_id': '5fde526c29434f22882d0f42737eb7ad', 'admin_state_up': True, 'mtu': 8950, 'status': 'ACTIVE', 'subnets': [], 'shared': False, 'port_security_enabled': True, 'router:external': False, 'provider:network_type': 'vlan', 'provider:physical_network': 'default', 'provider:segmentation_id': 623, 'availability_zone_hints': [], 'availability_zones': [], 'ipv4_address_scope': None, 'ipv6_address_scope': None, 'description': '', 'tags': [], 'created_at': '2025-11-22T01:03:29Z', 'updated_at': '2025-11-22T01:03:29Z', 'revision_number': 1} available for tenant
2025-11-22 01:04:10.366 66377 INFO tempest.lib.common.rest_client [req-e7c2137b-b2d8-40f8-83f8-e417b39dec07 req-e7c2137b-b2d8-40f8-83f8-e417b39dec07 ] Request (ServerShowV257Test:test_rebuild_server): 200 GET http://10.180.1.21/compute/v2.1/servers/088e0576-1da1-487a-a1a9-d6095d6262b0 3.343s
2025-11-22 01:04:10.370 66389 INFO tempest.lib.common.rest_client [-] Request (TestVersions:test_get_version_details): 200 GET http://10.180.1.21/compute/ 2.331s
2025-11-22 01:04:10.377 66377 INFO tempest.common.waiters [-] State transition "BUILD/scheduling" ==> "BUILD/None" after 4 second wait
2025-11-22 01:04:10.386 66397 INFO tempest.lib.common.rest_client [req-1bf5b98b-34c6-4b78-94b0-cabf39cfc3ca req-1bf5b98b-34c6-4b78-94b0-cabf39cfc3ca ] Request (QuotasAdminNegativeTest:setUpClass): 201 POST http://10.180.1.21/identity/v3/projects 0.074s
2025-11-22 01:04:10.430 66349 INFO tempest.lib.common.rest_client [req-93e27e10-8e91-4ce2-a677-18d5ee170e88 req-93e27e10-8e91-4ce2-a677-18d5ee170e88 ] Request (ServerDiagnosticsTest:test_get_server_diagnostics): 200 GET http://10.180.1.21/compute/v2.1/servers/45641160-5489-43eb-8eb2-e2475148eeaf 2.970s
2025-11-22 01:04:10.441 66349 INFO tempest.common.waiters [-] State transition "BUILD/spawning" ==> "ACTIVE/None" after 25 second wait
2025-11-22 01:04:10.456 66397 INFO tempest.lib.common.rest_client [req-7eddef8d-8684-49d5-ac72-02118749077d req-7eddef8d-8684-49d5-ac72-02118749077d ] Request (QuotasAdminNegativeTest:setUpClass): 201 POST http://10.180.1.21/identity/v3/users 0.070s
2025-11-22 01:04:10.480 66397 INFO tempest.lib.common.rest_client [req-9a6416ae-84a1-4c55-b6b7-6ec1b971785c req-9a6416ae-84a1-4c55-b6b7-6ec1b971785c ] Request (QuotasAdminNegativeTest:setUpClass): 200 GET http://10.180.1.21/identity/v3/roles 0.023s
2025-11-22 01:04:10.497 66385 INFO tempest.lib.common.rest_client [req-7dcc20dc-b59d-4d81-be39-2be6fa84ec36 req-7dcc20dc-b59d-4d81-be39-2be6fa84ec36 ] Request (ServerShowV254Test:test_rebuild_server): 200 GET http://10.180.1.21/compute/v2.1/servers/ef46355a-89c3-4d34-9f9b-45cff9ababee 2.073s
2025-11-22 01:04:10.521 66397 INFO tempest.lib.common.rest_client [req-4857ad0b-f2f3-405d-9dd5-2d423c4604ec req-4857ad0b-f2f3-405d-9dd5-2d423c4604ec ] Request (QuotasAdminNegativeTest:setUpClass): 204 PUT http://10.180.1.21/identity/v3/projects/f550f88fdda44ee6833954913b1d8d9d/users/e1d27bc082c04af0bc46fd4a5aeab5a1/roles/46b4aa38f72c498fa8f997630149a38b 0.040s
2025-11-22 01:04:10.603 66397 INFO tempest.lib.common.rest_client [req-43f48684-22aa-45c2-a1eb-61050c9f05e0 req-43f48684-22aa-45c2-a1eb-61050c9f05e0 ] Request (QuotasAdminNegativeTest:setUpClass): 200 GET http://10.180.1.21/identity/v3/roles 0.081s
2025-11-22 01:04:10.640 66397 INFO tempest.lib.common.rest_client [req-121194ae-e420-4609-87d0-998789178568 req-121194ae-e420-4609-87d0-998789178568 ] Request (QuotasAdminNegativeTest:setUpClass): 204 PUT http://10.180.1.21/identity/v3/projects/f550f88fdda44ee6833954913b1d8d9d/users/e1d27bc082c04af0bc46fd4a5aeab5a1/roles/46b4aa38f72c498fa8f997630149a38b 0.036s
2025-11-22 01:04:10.640 66397 INFO tempest.lib.common.dynamic_creds [-] Dynamic test user e1d27bc082c04af0bc46fd4a5aeab5a1 is created with scope project and roles: ['admin']
