2025-11-22 01:06:56.676 66349 INFO tempest.lib.common.rest_client [req-62e2ec0e-dbb0-4afd-ba62-badacbddf5ab req-62e2ec0e-dbb0-4afd-ba62-badacbddf5ab ] Request (ServersAdminNegativeTestJSON:test_migrate_server_invalid_state): 200 GET http://10.180.1.21/compute/v2.1/servers/9114d0a6-7df3-4e1b-88b2-a56a7d80cf4d 2.457s
2025-11-22 01:06:56.683 66349 INFO tempest.common.waiters [-] State transition "BUILD/networking" ==> "BUILD/spawning" after 63 second wait
2025-11-22 01:06:56.767 66361 INFO tempest.lib.common.rest_client [req-6fbf1cda-3f45-4c6b-99db-f87882b2c9c8 req-6fbf1cda-3f45-4c6b-99db-f87882b2c9c8 ] Request (ServersTestFqdnHostnames:test_create_server_with_fqdn_name): 200 GET http://10.180.1.21/compute/v2.1/servers/0597cdeb-a745-4d60-81b3-2da38008bff5 2.474s
2025-11-22 01:06:56.810 66405 INFO tempest.lib.common.rest_client [req-60f274d5-b817-441c-bac0-cb869d76a76c req-60f274d5-b817-441c-bac0-cb869d76a76c ] Request (ImagesMetadataTestJSON:test_get_image_metadata_item): 200 GET http://10.180.1.21/compute/v2.1/images/3fa5d125-b704-4517-871b-b48ed856ca51/metadata/os_distro 2.446s
2025-11-22 01:06:56.905 66357 INFO tempest.lib.common.rest_client [req-91b8e1f6-b833-4594-a56f-0d140d2923f8 req-91b8e1f6-b833-4594-a56f-0d140d2923f8 ] Request (ServerAddressesNegativeTestJSON:tearDownClass): 204 DELETE http://10.180.1.21/compute/v2.1/servers/1ff22713-ba6e-46f9-a0d2-4d24158972d1 2.536s
2025-11-22 01:06:56.974 66397 INFO tempest.lib.common.rest_client [req-c2cd238d-33ff-4683-aaea-91796fbd4be9 req-c2cd238d-33ff-4683-aaea-91796fbd4be9 ] Request (ServerRescueTestJSONUnderV235:setUpClass): 200 GET http://10.180.1.21/compute/v2.1/servers/2b5a9a85-77c7-4862-8bff-2b432c487913 2.239s
2025-11-22 01:06:56.989 66353 INFO tempest.lib.common.rest_client [req-d19115f9-3fb3-444f-8e36-0dbbb3b79ade req-d19115f9-3fb3-444f-8e36-0dbbb3b79ade ] Request (SecurityGroupsTestJSON:test_list_security_groups_by_server): 202 POST http://10.180.1.21/compute/v2.1/servers 2.747s
2025-11-22 01:06:57.045 66371 INFO tempest.lib.common.rest_client [req-500b732a-dd51-4b67-9138-559b9e6bf611 req-500b732a-dd51-4b67-9138-559b9e6bf611 ] Request (MigrationsAdminTest:test_resize_server_revert_deleted_flavor): 200 GET http://10.180.1.21/compute/v2.1/servers/972053aa-d68f-451e-a885-9dc2d0021697 2.151s
2025-11-22 01:06:57.092 66376 INFO tempest.lib.common.rest_client [req-e14093bf-8186-426c-b632-da548811a645 req-e14093bf-8186-426c-b632-da548811a645 ] Request (ServersTestJSON:test_create_server_specify_multibyte_character_name): 200 GET http://10.180.1.21/compute/v2.1/servers/8453ba27-76de-4365-9386-bfc4b7751dcf 1.434s
2025-11-22 01:06:57.243 66393 INFO tempest.lib.common.rest_client [req-9d856e7b-f0e8-4d69-9daa-add70d9912da req-9d856e7b-f0e8-4d69-9daa-add70d9912da ] Request (ServersNegativeTestMultiTenantJSON:setUp): 200 GET http://10.180.1.21/compute/v2.1/servers/413343d6-be94-4a90-842a-b90da07545b0 1.258s
2025-11-22 01:06:57.370 66403 INFO tempest.lib.common.rest_client [req-14f5f23c-e05c-4ed4-b206-f8b2d9fcaeff req-14f5f23c-e05c-4ed4-b206-f8b2d9fcaeff ] Request (ImagesTestJSON:test_create_image_from_suspended_server): 202 POST http://10.180.1.21/compute/v2.1/servers/5742547e-0408-483d-91c7-fcf669549f34/action 1.292s
2025-11-22 01:06:57.416 66355 WARNING tempest.lib.common.ssh [-] Failed to establish authenticated ssh connection to cirros@10.180.180.202 ([Errno None] Unable to connect to port 22 on 10.180.180.202). Number attempts: 3. Retry after 4 seconds.: paramiko.ssh_exception.NoValidConnectionsError: [Errno None] Unable to connect to port 22 on 10.180.180.202
2025-11-22 01:06:57.447 66369 INFO tempest.lib.common.rest_client [req-8528b208-c430-45b8-8a03-8b7503f28036 req-8528b208-c430-45b8-8a03-8b7503f28036 ] Request (FloatingIPsNegativeTestJSON:setUpClass): 200 GET http://10.180.1.21/compute/v2.1/os-floating-ips 1.366s
2025-11-22 01:06:57.514 66379 INFO tempest.lib.common.rest_client [req-539b1d03-26ca-46eb-8cd4-d24acf14fecc req-539b1d03-26ca-46eb-8cd4-d24acf14fecc ] Request (ServerShowV247Test:tearDownClass): 200 GET http://10.180.1.21/compute/v2.1/servers/db9a30f2-a43e-49dc-b788-2bc3ac5f9202 1.373s
2025-11-22 01:06:57.627 66391 INFO tempest.lib.common.rest_client [req-b1932935-f62d-405e-9518-439473e079d3 req-b1932935-f62d-405e-9518-439473e079d3 ] Request (ServersAdminTestJSON:test_list_servers_filter_by_error_status): 200 GET http://10.180.1.21/compute/v2.1/servers?status=error 1.483s
2025-11-22 01:06:57.641 66345 INFO tempest.lib.common.rest_client [req-3809a6b7-4011-4aa9-a545-df33f25db639 req-3809a6b7-4011-4aa9-a545-df33f25db639 ] Request (ListImageFiltersTestJSON:setUpClass): 202 POST http://10.180.1.21/compute/v2.1/servers/3c917444-5383-44e4-8cf5-191387768f84/action 1.768s
2025-11-22 01:06:57.648 66347 INFO tempest.lib.common.rest_client [req-319e2571-7132-4bf3-81c6-b03a535679a5 req-319e2571-7132-4bf3-81c6-b03a535679a5 ] Request (AttachInterfacesTestJSON:_run_cleanups): 202 DELETE http://10.180.1.21/compute/v2.1/os-keypairs/tempest-keypair-441911543 1.215s
2025-11-22 01:06:57.771 66347 INFO tempest.lib.common.rest_client [req-6c1927d8-11dc-436a-9cb8-442e1e00e47c req-6c1927d8-11dc-436a-9cb8-442e1e00e47c ] Request (AttachInterfacesTestJSON:_run_cleanups): 204 DELETE http://10.180.1.21/networking/v2.0/security-groups/4084ab59-bd5b-4cb9-a9c9-bd403fe4c58d 0.123s
2025-11-22 01:06:57.809 66405 INFO tempest.lib.common.rest_client [req-5faad80d-0660-4056-ba7a-0592df692ead req-5faad80d-0660-4056-ba7a-0592df692ead ] Request (ImagesMetadataTestJSON:setUp): 200 PUT http://10.180.1.21/compute/v2.1/images/3fa5d125-b704-4517-871b-b48ed856ca51/metadata 0.997s
2025-11-22 01:06:57.816 66377 INFO tempest.lib.common.rest_client [req-4045bb9e-9ca3-4e1b-827b-b41455ca2338 req-4045bb9e-9ca3-4e1b-827b-b41455ca2338 ] Request (AttachVolumeNegativeTest:test_attach_attached_volume_to_different_server): 200 GET http://10.180.1.21/compute/v2.1/servers/7eef72de-cc46-43bb-9ad8-09834fe6018e/os-interface 1.226s
2025-11-22 01:06:57.819 66347 INFO tempest.lib.common.rest_client [req-6f0c1b46-a09e-4458-ab28-98f49c107444 req-6f0c1b46-a09e-4458-ab28-98f49c107444 ] Request (AttachInterfacesTestJSON:_run_cleanups): 404 GET http://10.180.1.21/networking/v2.0/security-groups/4084ab59-bd5b-4cb9-a9c9-bd403fe4c58d 0.046s
2025-11-22 01:06:58.145 66347 INFO tempest.lib.common.rest_client [req-a5d97336-c02b-40e1-a87f-d64094cb2848 req-a5d97336-c02b-40e1-a87f-d64094cb2848 ] Request (AttachInterfacesTestJSON:_run_cleanups): 204 DELETE http://10.180.1.21/networking/v2.0/floatingips/9ab066a6-5138-4d0d-a538-1b4d715dd781 0.326s
2025-11-22 01:06:58.171 66359 INFO tempest.lib.common.rest_client [req-404cba3b-b30b-48a0-8815-42ca03a74cda req-404cba3b-b30b-48a0-8815-42ca03a74cda ] Request (ServersNegativeTestJSON:setUpClass): 200 GET http://10.180.1.21/compute/v2.1/servers/9292b310-ca56-463d-ad8c-319f5347eb81 1.281s
2025-11-22 01:06:58.650 66353 INFO tempest.lib.common.rest_client [req-87a9a65e-8163-4d14-9d20-3c2d9456d638 req-87a9a65e-8163-4d14-9d20-3c2d9456d638 ] Request (SecurityGroupsTestJSON:test_list_security_groups_by_server): 200 GET http://10.180.1.21/compute/v2.1/servers/0dc915fe-b12c-4b62-85f6-684d45ce4262 1.658s
2025-11-22 01:06:58.680 66357 INFO tempest.lib.common.rest_client [req-3b5b8f55-6489-4c91-853c-df22358d3384 req-3b5b8f55-6489-4c91-853c-df22358d3384 ] Request (ServerAddressesNegativeTestJSON:tearDownClass): 200 GET http://10.180.1.21/compute/v2.1/servers/1ff22713-ba6e-46f9-a0d2-4d24158972d1 1.774s
2025-11-22 01:06:58.803 66401 INFO tempest.lib.common.rest_client [req-9e55393f-7d82-42b3-adcb-db745129a746 req-9e55393f-7d82-42b3-adcb-db745129a746 ] Request (MultipleCreateTestJSON:test_multiple_create_with_reservation_return): 200 GET http://10.180.1.21/compute/v2.1/servers/18749170-a6f8-4a0d-a00c-5748f1753a08 1.747s
2025-11-22 01:06:58.814 66401 INFO tempest.common.waiters [-] State transition "BUILD/scheduling" ==> "BUILD/None" after 24 second wait
2025-11-22 01:06:58.815 66383 INFO tempest.lib.common.rest_client [req-288b6f09-1950-473a-ad3e-ff3e2b999eae req-288b6f09-1950-473a-ad3e-ff3e2b999eae ] Request (ServersWithSpecificFlavorTestJSON:test_verify_created_server_ephemeral_disk): 200 GET http://10.180.1.21/compute/v2.1/servers/5cd9940f-2d1b-4f77-909a-e8e1c347dff3 1.592s
2025-11-22 01:06:58.817 66377 INFO tempest.lib.common.rest_client [req-0ba8ebd2-24a1-4d09-be4b-d8aa51fb8ed5 req-0ba8ebd2-24a1-4d09-be4b-d8aa51fb8ed5 ] Request (AttachVolumeNegativeTest:test_attach_attached_volume_to_different_server): 200 PUT http://10.180.1.21/networking/v2.0/floatingips/1555216e-4a75-4852-ad8f-e213fb316094 0.998s
2025-11-22 01:06:58.818 66377 INFO tempest.lib.common.ssh [-] Creating ssh connection to '10.180.180.159:22' as 'cirros' with public key authentication
2025-11-22 01:06:58.852 66393 INFO tempest.lib.common.rest_client [req-241526d8-4013-4a31-867d-423fbef1798c req-241526d8-4013-4a31-867d-423fbef1798c ] Request (ServersNegativeTestMultiTenantJSON:test_update_server_of_another_tenant): 404 PUT http://10.180.1.21/compute/v2.1/servers/413343d6-be94-4a90-842a-b90da07545b0 1.598s
2025-11-22 01:06:58.888 66395 INFO tempest.lib.common.rest_client [req-8d9545cd-835c-4ce0-a409-c801328f90fe req-8d9545cd-835c-4ce0-a409-c801328f90fe ] Request (AttachVolumeTestJSON:test_attach_detach_volume): 200 GET http://10.180.1.21/compute/v2.1/servers/26df9e7f-2318-4685-8e87-2db29001eb38 1.663s
2025-11-22 01:06:58.914 66387 INFO tempest.lib.common.rest_client [req-b8cd6e20-0fc6-48c7-929d-cd8b944d7191 req-b8cd6e20-0fc6-48c7-929d-cd8b944d7191 ] Request (AttachVolumeShelveTestJSON:test_attach_volume_shelved_or_offload_server): 200 GET http://10.180.1.21/compute/v2.1/servers/aee3654f-1d41-459c-b508-8f70044c7292 1.566s
2025-11-22 01:06:59.003 66403 INFO tempest.lib.common.rest_client [req-a7117fbf-237a-448b-bf85-e0bf16396964 req-a7117fbf-237a-448b-bf85-e0bf16396964 ] Request (ImagesTestJSON:test_create_image_from_suspended_server): 200 GET http://10.180.1.21/compute/v2.1/servers/5742547e-0408-483d-91c7-fcf669549f34 1.632s
2025-11-22 01:06:59.032 66369 INFO tempest.lib.common.rest_client [req-f25c9b18-16c8-466a-956d-d7d7efda17ae req-f25c9b18-16c8-466a-956d-d7d7efda17ae ] Request (FloatingIPsNegativeTestJSON:test_allocate_floating_ip_from_nonexistent_pool): 404 POST http://10.180.1.21/compute/v2.1/os-floating-ips 1.581s
2025-11-22 01:06:59.035 66365 INFO tempest.lib.common.rest_client [req-685336ca-2814-48bb-b66d-39d8b7266bd9 req-685336ca-2814-48bb-b66d-39d8b7266bd9 ] Request (AttachInterfacesV270Test:test_create_get_list_interfaces): 200 GET http://10.180.1.21/compute/v2.1/servers/bba6410d-020c-424f-88b1-1e01f8e1e1cd 1.617s
2025-11-22 01:06:59.128 66351 INFO tempest.lib.common.rest_client [req-a1e31761-e75f-4546-a45d-0f6b8046397a req-a1e31761-e75f-4546-a45d-0f6b8046397a ] Request (ServersTestBootFromVolume:setUpClass): 200 GET http://10.180.1.21/compute/v2.1/servers/b60575ad-4405-487a-897c-0bf15d3ac7ee 1.623s
2025-11-22 01:06:59.167 66367 INFO tempest.lib.common.rest_client [req-6d9294dc-08c7-412b-a940-e82f698521ac req-6d9294dc-08c7-412b-a940-e82f698521ac ] Request (DeleteServersTestJSON:test_delete_server_while_in_attached_volume): 200 GET http://10.180.1.21/compute/v2.1/servers/c0deef47-2926-4884-abd2-1c7e607bc74f 1.599s
2025-11-22 01:06:59.182 66367 INFO tempest.common.waiters [-] State transition "ACTIVE/deleting" ==> "DELETED/None" after 6 second wait
2025-11-22 01:06:59.254 66391 INFO tempest.lib.common.rest_client [req-76dc6545-df80-413b-bbb3-15b82e8ecf59 req-76dc6545-df80-413b-bbb3-15b82e8ecf59 ] Request (ServersAdminTestJSON:test_list_servers_filter_by_error_status): 202 POST http://10.180.1.21/compute/v2.1/servers/90e18f04-9e69-45fd-b08e-2b99865608e9/action 1.624s
2025-11-22 01:06:59.303 66345 INFO tempest.lib.common.rest_client [req-e3984c6d-a732-4a3f-9b15-fdb1451da417 req-e3984c6d-a732-4a3f-9b15-fdb1451da417 ] Request (ListImageFiltersTestJSON:setUpClass): 200 GET http://10.180.1.21/compute/v2.1/images/2608a8c4-f850-49f9-99c3-4596b44f39f8 1.660s
2025-11-22 01:06:59.317 66363 INFO tempest.lib.common.rest_client [req-20544b2e-a2a8-4eca-9e39-9e8cdaee4ffa req-20544b2e-a2a8-4eca-9e39-9e8cdaee4ffa ] Request (ServerActionsTestOtherB:setUpClass): 200 GET http://10.180.1.21/compute/v2.1/servers/4dbbadd0-b2be-43d1-9374-f7bdf6e8e79f 1.688s
2025-11-22 01:06:59.602 66373 WARNING tempest.lib.common.ssh [-] Failed to establish authenticated ssh connection to cirros@10.180.180.251 ([Errno None] Unable to connect to port 22 on 10.180.180.251). Number attempts: 1. Retry after 2 seconds.: paramiko.ssh_exception.NoValidConnectionsError: [Errno None] Unable to connect to port 22 on 10.180.180.251
2025-11-22 01:06:59.783 66349 INFO tempest.lib.common.rest_client [req-1ea7f06a-1dc9-4e59-a84b-3bb46f754a95 req-1ea7f06a-1dc9-4e59-a84b-3bb46f754a95 ] Request (ServersAdminNegativeTestJSON:test_migrate_server_invalid_state): 200 GET http://10.180.1.21/compute/v2.1/servers/9114d0a6-7df3-4e1b-88b2-a56a7d80cf4d 2.099s
2025-11-22 01:06:59.804 66361 INFO tempest.lib.common.rest_client [req-62c0b2e9-a39d-4ecf-bf4a-d2128c751c78 req-62c0b2e9-a39d-4ecf-bf4a-d2128c751c78 ] Request (ServersTestFqdnHostnames:test_create_server_with_fqdn_name): 200 GET http://10.180.1.21/compute/v2.1/servers/0597cdeb-a745-4d60-81b3-2da38008bff5 2.029s
2025-11-22 01:06:59.812 66405 INFO tempest.lib.common.rest_client [req-def4722a-1212-46e5-b7de-999f0e3ef3fb req-def4722a-1212-46e5-b7de-999f0e3ef3fb ] Request (ImagesMetadataTestJSON:test_list_image_metadata): 200 GET http://10.180.1.21/compute/v2.1/images/3fa5d125-b704-4517-871b-b48ed856ca51/metadata 2.002s
2025-11-22 01:06:59.861 66397 INFO tempest.lib.common.rest_client [req-00bc1b4f-aa48-42b3-ba3b-72de7cae7e1f req-00bc1b4f-aa48-42b3-ba3b-72de7cae7e1f ] Request (ServerRescueTestJSONUnderV235:setUpClass): 200 GET http://10.180.1.21/compute/v2.1/servers/2b5a9a85-77c7-4862-8bff-2b432c487913 1.874s
2025-11-22 01:06:59.922 66371 INFO tempest.lib.common.rest_client [req-33f3e31a-d66f-48b5-ac7b-56611448bbda req-33f3e31a-d66f-48b5-ac7b-56611448bbda ] Request (MigrationsAdminTest:test_resize_server_revert_deleted_flavor): 200 GET http://10.180.1.21/compute/v2.1/servers/972053aa-d68f-451e-a885-9dc2d0021697 1.867s
2025-11-22 01:06:59.932 66371 INFO tempest.common.waiters [-] State transition "BUILD/None" ==> "BUILD/spawning" after 61 second wait
2025-11-22 01:06:59.936 66376 INFO tempest.lib.common.rest_client [req-ad81b75e-2779-4b3d-b57f-89f012a35323 req-ad81b75e-2779-4b3d-b57f-89f012a35323 ] Request (ServersTestJSON:test_create_server_specify_multibyte_character_name): 200 GET http://10.180.1.21/compute/v2.1/servers/8453ba27-76de-4365-9386-bfc4b7751dcf 1.834s
2025-11-22 01:06:59.963 66347 INFO tempest.lib.common.rest_client [req-244dcc81-e40f-4f95-850c-a979472577bf req-244dcc81-e40f-4f95-850c-a979472577bf ] Request (ValidationResourcesFixture:setUp): 200 POST http://10.180.1.21/compute/v2.1/os-keypairs 1.810s
2025-11-22 01:07:00.062 66393 INFO tempest.lib.common.rest_client [req-8190f015-31cd-4069-82c5-130a9863eb87 req-8190f015-31cd-4069-82c5-130a9863eb87 ] Request (ServersNegativeTestMultiTenantJSON:tearDownClass): 204 DELETE http://10.180.1.21/compute/v2.1/servers/413343d6-be94-4a90-842a-b90da07545b0 1.200s
2025-11-22 01:07:00.078 66347 INFO tempest.lib.common.rest_client [req-0a688a12-71f7-4acf-b4b7-53fb8ef6a7da req-0a688a12-71f7-4acf-b4b7-53fb8ef6a7da ] Request (ValidationResourcesFixture:setUp): 201 POST http://10.180.1.21/networking/v2.0/security-groups 0.112s
2025-11-22 01:07:00.101 66379 INFO tempest.lib.common.rest_client [req-91449afb-5042-4ed7-96e8-c3357805645a req-91449afb-5042-4ed7-96e8-c3357805645a ] Request (ServerShowV247Test:tearDownClass): 200 GET http://10.180.1.21/compute/v2.1/servers/db9a30f2-a43e-49dc-b788-2bc3ac5f9202 1.571s
2025-11-22 01:07:00.111 66369 INFO tempest.lib.common.rest_client [req-5b3c98bc-f19d-4010-873c-fa42c86191fb req-5b3c98bc-f19d-4010-873c-fa42c86191fb ] Request (FloatingIPsNegativeTestJSON:test_delete_nonexistent_floating_ip): 404 DELETE http://10.180.1.21/compute/v2.1/os-floating-ips/a8073198-bf83-442f-8b44-50ffde0a298c 1.078s
2025-11-22 01:07:00.208 66347 INFO tempest.lib.common.rest_client [req-b0d19369-43e2-4ce5-9cd9-5c54916ec6d9 req-b0d19369-43e2-4ce5-9cd9-5c54916ec6d9 ] Request (ValidationResourcesFixture:setUp): 201 POST http://10.180.1.21/networking/v2.0/security-group-rules 0.130s
2025-11-22 01:07:00.904 66359 INFO tempest.lib.common.rest_client [req-e8c1de3c-b1d0-4ebf-8c97-9d1b4b1ff6d6 req-e8c1de3c-b1d0-4ebf-8c97-9d1b4b1ff6d6 ] Request (ServersNegativeTestJSON:setUpClass): 200 GET http://10.180.1.21/compute/v2.1/servers/9292b310-ca56-463d-ad8c-319f5347eb81 1.724s
2025-11-22 01:07:00.942 66369 INFO tempest.lib.common.rest_client [req-a8bdd900-0349-4317-a053-0afb3bb4c804 req-a8bdd900-0349-4317-a053-0afb3bb4c804 ] Request (FloatingIPsNegativeTestJSON:tearDownClass): 200 PUT http://10.180.1.21/networking/v2.0/routers/2c6fb5d0-a38a-401b-8c84-88aca4b67db6/remove_router_interface 0.829s
2025-11-22 01:07:01.018 66347 INFO tempest.lib.common.rest_client [req-d48cb70c-f29d-4caa-926d-74d850c6962a req-d48cb70c-f29d-4caa-926d-74d850c6962a ] Request (ValidationResourcesFixture:setUp): 201 POST http://10.180.1.21/networking/v2.0/security-group-rules 0.809s
2025-11-22 01:07:01.039 66391 INFO tempest.lib.common.rest_client [req-0e00c7ab-15fa-4cb5-a242-612e5031ea87 req-0e00c7ab-15fa-4cb5-a242-612e5031ea87 ] Request (ServersAdminTestJSON:test_list_servers_filter_by_error_status): 200 GET http://10.180.1.21/compute/v2.1/servers/90e18f04-9e69-45fd-b08e-2b99865608e9 1.784s
2025-11-22 01:07:01.042 66353 INFO tempest.lib.common.rest_client [req-7fd1a336-0d95-4252-aefc-59d8c042a81d req-7fd1a336-0d95-4252-aefc-59d8c042a81d ] Request (SecurityGroupsTestJSON:test_list_security_groups_by_server): 200 GET http://10.180.1.21/compute/v2.1/servers/0dc915fe-b12c-4b62-85f6-684d45ce4262 1.382s
2025-11-22 01:07:01.203 66405 INFO tempest.lib.common.rest_client [req-fe32937b-fe63-45d2-a2e6-2707a8682511 req-fe32937b-fe63-45d2-a2e6-2707a8682511 ] Request (ImagesMetadataTestJSON:setUp): 200 PUT http://10.180.1.21/compute/v2.1/images/3fa5d125-b704-4517-871b-b48ed856ca51/metadata 1.389s
2025-11-22 01:07:01.503 66369 INFO tempest.lib.common.rest_client [req-5bc197bc-365f-4117-b39d-e78ef777abc3 req-5bc197bc-365f-4117-b39d-e78ef777abc3 ] Request (FloatingIPsNegativeTestJSON:tearDownClass): 204 DELETE http://10.180.1.21/networking/v2.0/routers/2c6fb5d0-a38a-401b-8c84-88aca4b67db6 0.560s
2025-11-22 01:07:01.549 66357 INFO tempest.lib.common.rest_client [req-e268eeab-8089-4da3-826f-b7cfa2263456 req-e268eeab-8089-4da3-826f-b7cfa2263456 ] Request (ServerAddressesNegativeTestJSON:tearDownClass): 200 GET http://10.180.1.21/compute/v2.1/servers/1ff22713-ba6e-46f9-a0d2-4d24158972d1 1.859s
2025-11-22 01:07:01.558 66357 INFO tempest.common.waiters [-] State transition "ACTIVE/deleting" ==> "DELETED/None" after 3 second wait
2025-11-22 01:07:01.578 66347 INFO tempest.lib.common.rest_client [req-5876faed-3d88-499f-b141-71c014bd1966 req-5876faed-3d88-499f-b141-71c014bd1966 ] Request (ValidationResourcesFixture:setUp): 201 POST http://10.180.1.21/networking/v2.0/floatingips 0.559s
2025-11-22 01:07:01.609 66401 INFO tempest.lib.common.rest_client [req-01cd5d5f-8230-401f-9db2-d55f6d71f947 req-01cd5d5f-8230-401f-9db2-d55f6d71f947 ] Request (MultipleCreateTestJSON:test_multiple_create_with_reservation_return): 200 GET http://10.180.1.21/compute/v2.1/servers/18749170-a6f8-4a0d-a00c-5748f1753a08 1.794s
2025-11-22 01:07:01.668 66347 INFO tempest.lib.common.rest_client [req-740a601c-d6d6-4f80-9347-0896167bbf20 req-740a601c-d6d6-4f80-9347-0896167bbf20 ] Request (AttachInterfacesTestJSON:test_create_list_show_delete_interfaces_by_network_port): 201 POST http://10.180.1.21/identity/v3/auth/tokens 0.086s
2025-11-22 01:07:01.668 66347 INFO tempest.lib.common.fixed_network [-] (AttachInterfacesTestJSON:test_create_list_show_delete_interfaces_by_network_port) Found network {'id': '308a6b0c-93e1-4b75-8b6e-d31d2ca22619', 'name': 'tempest-AttachInterfacesTestJSON-227859621-network', 'tenant_id': 'db54dbe34cce4201b7bbbde0dc582f3b', 'project_id': 'db54dbe34cce4201b7bbbde0dc582f3b', 'admin_state_up': True, 'mtu': 8950, 'status': 'ACTIVE', 'subnets': [], 'shared': False, 'port_security_enabled': True, 'router:external': False, 'provider:network_type': 'vlan', 'provider:physical_network': 'default', 'provider:segmentation_id': 899, 'availability_zone_hints': [], 'availability_zones': [], 'ipv4_address_scope': None, 'ipv6_address_scope': None, 'description': '', 'tags': [], 'created_at': '2025-11-22T01:03:26Z', 'updated_at': '2025-11-22T01:03:26Z', 'revision_number': 1} available for tenant
2025-11-22 01:07:01.714 66369 INFO tempest.lib.common.rest_client [req-01b365f5-6b44-4a01-86ab-c0ed057a9c56 req-01b365f5-6b44-4a01-86ab-c0ed057a9c56 ] Request (FloatingIPsNegativeTestJSON:tearDownClass): 204 DELETE http://10.180.1.21/networking/v2.0/subnets/0c7f7218-5545-440a-865b-4247a0446477 0.210s
2025-11-22 01:07:01.768 66383 INFO tempest.lib.common.rest_client [req-883ec6ad-0d19-4e83-9697-743b3a328eef req-883ec6ad-0d19-4e83-9697-743b3a328eef ] Request (ServersWithSpecificFlavorTestJSON:test_verify_created_server_ephemeral_disk): 200 GET http://10.180.1.21/compute/v2.1/servers/5cd9940f-2d1b-4f77-909a-e8e1c347dff3 1.945s
2025-11-22 01:07:01.786 66395 INFO tempest.lib.common.rest_client [req-035e8fda-e38a-44c5-ab72-62daf74a7a0d req-035e8fda-e38a-44c5-ab72-62daf74a7a0d ] Request (AttachVolumeTestJSON:test_attach_detach_volume): 200 GET http://10.180.1.21/compute/v2.1/servers/26df9e7f-2318-4685-8e87-2db29001eb38 1.887s
2025-11-22 01:07:01.797 66395 INFO tempest.common.waiters [-] State transition "BUILD/None" ==> "BUILD/block_device_mapping" after 59 second wait
2025-11-22 01:07:01.914 66369 INFO tempest.lib.common.rest_client [req-fdb69aec-63ae-4cd0-9eee-7b54327900f5 req-fdb69aec-63ae-4cd0-9eee-7b54327900f5 ] Request (FloatingIPsNegativeTestJSON:tearDownClass): 204 DELETE http://10.180.1.21/networking/v2.0/networks/a90961ce-dec2-4c77-8733-364cb28d2399 0.199s
2025-11-22 01:07:01.941 66387 INFO tempest.lib.common.rest_client [req-ed277461-0f77-42e5-822b-1be42b95869d req-ed277461-0f77-42e5-822b-1be42b95869d ] Request (AttachVolumeShelveTestJSON:test_attach_volume_shelved_or_offload_server): 200 GET http://10.180.1.21/compute/v2.1/servers/aee3654f-1d41-459c-b508-8f70044c7292 2.018s
2025-11-22 01:07:02.016 66369 INFO tempest.lib.common.rest_client [req-6ff8d93d-e298-46a4-973b-14d4f76c6d7f req-6ff8d93d-e298-46a4-973b-14d4f76c6d7f ] Request (FloatingIPsNegativeTestJSON:tearDownClass): 204 DELETE http://10.180.1.21/identity/v3/users/00ea9a3a78434076ba1a80751fbdf9e4 0.102s
2025-11-22 01:07:02.016 66369 INFO tempest.lib.common.dynamic_creds [-] Deleting project and security group for project: 58c09c8056e14164a3c8b1f45c99b0c7
2025-11-22 01:07:02.085 66365 INFO tempest.lib.common.rest_client [req-6d9ca735-5b68-4c51-a853-b1410dfaf35a req-6d9ca735-5b68-4c51-a853-b1410dfaf35a ] Request (AttachInterfacesV270Test:test_create_get_list_interfaces): 200 GET http://10.180.1.21/compute/v2.1/servers/bba6410d-020c-424f-88b1-1e01f8e1e1cd 2.034s
2025-11-22 01:07:02.109 66403 INFO tempest.lib.common.rest_client [req-ad538791-676c-47ba-97d3-e08bdf4c0fa7 req-ad538791-676c-47ba-97d3-e08bdf4c0fa7 ] Request (ImagesTestJSON:test_create_image_from_suspended_server): 200 GET http://10.180.1.21/compute/v2.1/servers/5742547e-0408-483d-91c7-fcf669549f34 2.094s
2025-11-22 01:07:02.122 66403 INFO tempest.common.waiters [-] State transition "ACTIVE/suspending" ==> "SUSPENDED/None" after 3 second wait
2025-11-22 01:07:02.127 66369 INFO tempest.lib.common.rest_client [req-a459176d-2977-4717-819b-ad7b257d347f req-a459176d-2977-4717-819b-ad7b257d347f ] Request (FloatingIPsNegativeTestJSON:tearDownClass): 200 GET http://10.180.1.21/networking/v2.0/security-groups?tenant_id=58c09c8056e14164a3c8b1f45c99b0c7&name=default 0.110s
2025-11-22 01:07:02.360 66369 INFO tempest.lib.common.rest_client [req-15965b7d-257f-474d-ae2b-eda4c6992eda req-15965b7d-257f-474d-ae2b-eda4c6992eda ] Request (FloatingIPsNegativeTestJSON:tearDownClass): 204 DELETE http://10.180.1.21/networking/v2.0/security-groups/066ea31f-1b22-40e9-92d5-77454619e25e 0.233s
2025-11-22 01:07:02.384 66351 INFO tempest.lib.common.rest_client [req-f7ec5dc6-0c31-46eb-948e-cdeac06adf15 req-f7ec5dc6-0c31-46eb-948e-cdeac06adf15 ] Request (ServersTestBootFromVolume:setUpClass): 200 GET http://10.180.1.21/compute/v2.1/servers/b60575ad-4405-487a-897c-0bf15d3ac7ee 2.236s
2025-11-22 01:07:02.479 66369 INFO tempest.lib.common.rest_client [req-bfe23454-7dac-4d44-a3ef-27000c71839f req-bfe23454-7dac-4d44-a3ef-27000c71839f ] Request (FloatingIPsNegativeTestJSON:tearDownClass): 204 DELETE http://10.180.1.21/identity/v3/projects/58c09c8056e14164a3c8b1f45c99b0c7 0.119s
2025-11-22 01:07:02.497 66393 INFO tempest.lib.common.rest_client [req-055c5cd9-058c-4686-8f3c-b838a805c94f req-055c5cd9-058c-4686-8f3c-b838a805c94f ] Request (ServersNegativeTestMultiTenantJSON:tearDownClass): 200 GET http://10.180.1.21/compute/v2.1/servers/413343d6-be94-4a90-842a-b90da07545b0 2.435s
2025-11-22 01:07:02.544 66345 INFO tempest.lib.common.rest_client [req-7efc2374-c186-4770-9eaf-c2cf528f5510 req-7efc2374-c186-4770-9eaf-c2cf528f5510 ] Request (ListImageFiltersTestJSON:setUpClass): 200 GET http://10.180.1.21/compute/v2.1/images/2608a8c4-f850-49f9-99c3-4596b44f39f8 2.235s
2025-11-22 01:07:02.570 66367 INFO tempest.lib.common.rest_client [req-4e424880-cf49-4675-bf45-79d695ece9b9 req-4e424880-cf49-4675-bf45-79d695ece9b9 ] Request (DeleteServersTestJSON:test_delete_server_while_in_attached_volume): 200 GET http://10.180.1.21/compute/v2.1/servers/c0deef47-2926-4884-abd2-1c7e607bc74f 2.387s
2025-11-22 01:07:02.571 66369 INFO tempest.lib.common.rest_client [req-9b390479-341f-42f6-a4df-688428ff6c70 req-9b390479-341f-42f6-a4df-688428ff6c70 ] Request (ServersTestManualDisk:setUpClass): 201 POST http://10.180.1.21/identity/v3/auth/tokens 0.090s
2025-11-22 01:07:02.611 66369 INFO tempest.lib.common.rest_client [req-1c2d8531-b1c9-4182-944a-7559cb42bf70 req-1c2d8531-b1c9-4182-944a-7559cb42bf70 ] Request (ServersTestManualDisk:setUpClass): 201 POST http://10.180.1.21/identity/v3/auth/tokens 0.036s
2025-11-22 01:07:02.641 66369 INFO tempest.lib.common.rest_client [req-067cbe77-93dc-4dd9-a625-682f8846a0c8 req-067cbe77-93dc-4dd9-a625-682f8846a0c8 ] Request (ServersTestManualDisk:setUpClass): 200 GET http://10.180.1.21/identity/v3/domains?name=Default 0.030s
2025-11-22 01:07:02.664 66373 WARNING tempest.lib.common.ssh [-] Failed to establish authenticated ssh connection to cirros@10.180.180.251 ([Errno None] Unable to connect to port 22 on 10.180.180.251). Number attempts: 2. Retry after 3 seconds.: paramiko.ssh_exception.NoValidConnectionsError: [Errno None] Unable to connect to port 22 on 10.180.180.251
2025-11-22 01:07:02.672 66369 INFO tempest.lib.common.rest_client [req-8ee699fa-291b-4922-9578-76a74797a9cb req-8ee699fa-291b-4922-9578-76a74797a9cb ] Request (ServersTestManualDisk:setUpClass): 201 POST http://10.180.1.21/identity/v3/projects 0.031s
2025-11-22 01:07:02.737 66369 INFO tempest.lib.common.rest_client [req-8eee2e91-2cdf-46d2-9b32-f3b323d4381c req-8eee2e91-2cdf-46d2-9b32-f3b323d4381c ] Request (ServersTestManualDisk:setUpClass): 201 POST http://10.180.1.21/identity/v3/users 0.064s
2025-11-22 01:07:02.759 66369 INFO tempest.lib.common.rest_client [req-a92a00d5-f6ba-49d9-b4d9-2689f784d6a5 req-a92a00d5-f6ba-49d9-b4d9-2689f784d6a5 ] Request (ServersTestManualDisk:setUpClass): 200 GET http://10.180.1.21/identity/v3/roles 0.021s
2025-11-22 01:07:02.788 66369 INFO tempest.lib.common.rest_client [req-8b7cf1eb-5798-4b06-a70f-73c58c2af2d9 req-8b7cf1eb-5798-4b06-a70f-73c58c2af2d9 ] Request (ServersTestManualDisk:setUpClass): 204 PUT http://10.180.1.21/identity/v3/projects/f080844591be488fa21bd2f473dbb680/users/31471979bbe64cf999b6226af1e4bc28/roles/351c3b8c01534fffbc18c4bcb86b7193 0.029s
2025-11-22 01:07:02.789 66369 INFO tempest.lib.common.dynamic_creds [-] Dynamic test user 31471979bbe64cf999b6226af1e4bc28 is created with scope project and roles: ['member']
2025-11-22 01:07:02.789 66369 INFO tempest.lib.common.dynamic_creds [-] Acquired dynamic creds: credentials: Credentials: {'domain_id': 'default', 'domain_name': 'Default', 'username': 'tempest-ServersTestManualDisk-1223873631-project-member', 'project_domain_id': 'default', 'project_domain_name': 'Default', 'project_id': 'f080844591be488fa21bd2f473dbb680', 'project_name': 'tempest-ServersTestManualDisk-1223873631', 'tenant_id': 'f080844591be488fa21bd2f473dbb680', 'tenant_name': 'tempest-ServersTestManualDisk-1223873631', 'user_domain_id': 'default', 'user_domain_name': 'Default', 'user_id': '31471979bbe64cf999b6226af1e4bc28', 'system': None}, Network: None, Subnet: None, Router: None
2025-11-22 01:07:02.854 66369 INFO tempest.lib.common.rest_client [req-47d6ccfa-5caa-45aa-804e-ec217d96d717 req-47d6ccfa-5caa-45aa-804e-ec217d96d717 ] Request (ServersTestManualDisk:setUpClass): 201 POST http://10.180.1.21/identity/v3/auth/tokens 0.065s
2025-11-22 01:07:02.859 66363 INFO tempest.lib.common.rest_client [req-02aab5cf-55f7-47cf-95f6-85b360936b68 req-02aab5cf-55f7-47cf-95f6-85b360936b68 ] Request (ServerActionsTestOtherB:setUpClass): 200 GET http://10.180.1.21/compute/v2.1/servers/4dbbadd0-b2be-43d1-9374-f7bdf6e8e79f 2.532s
2025-11-22 01:07:02.866 66363 INFO tempest.common.waiters [-] State transition "BUILD/scheduling" ==> "BUILD/None" after 29 second wait
2025-11-22 01:07:02.985 66377 WARNING tempest.lib.common.ssh [-] Failed to establish authenticated ssh connection to cirros@10.180.180.159 ([Errno None] Unable to connect to port 22 on 10.180.180.159). Number attempts: 1. Retry after 2 seconds.: paramiko.ssh_exception.NoValidConnectionsError: [Errno None] Unable to connect to port 22 on 10.180.180.159
2025-11-22 01:07:03.228 66369 INFO tempest.lib.common.rest_client [req-a0cd070d-d826-40c3-9f2d-181b1a121593 req-a0cd070d-d826-40c3-9f2d-181b1a121593 ] Request (ServersTestManualDisk:setUpClass): 201 POST http://10.180.1.21/networking/v2.0/networks 0.373s
2025-11-22 01:07:03.341 66349 INFO tempest.lib.common.rest_client [req-f98e7d05-d3c0-4846-bc06-a29cf30ef36d req-f98e7d05-d3c0-4846-bc06-a29cf30ef36d ] Request (ServersAdminNegativeTestJSON:test_migrate_server_invalid_state): 200 GET http://10.180.1.21/compute/v2.1/servers/9114d0a6-7df3-4e1b-88b2-a56a7d80cf4d 2.550s
2025-11-22 01:07:03.523 66369 INFO tempest.lib.common.rest_client [req-53453ade-7c4a-4e1f-b6cc-ffbd3b95e328 req-53453ade-7c4a-4e1f-b6cc-ffbd3b95e328 ] Request (ServersTestManualDisk:setUpClass): 201 POST http://10.180.1.21/networking/v2.0/subnets 0.294s
2025-11-22 01:07:03.556 66361 INFO tempest.lib.common.rest_client [req-50261e5c-bca2-4e21-8931-06a864f3e222 req-50261e5c-bca2-4e21-8931-06a864f3e222 ] Request (ServersTestFqdnHostnames:test_create_server_with_fqdn_name): 200 GET http://10.180.1.21/compute/v2.1/servers/0597cdeb-a745-4d60-81b3-2da38008bff5 2.743s
2025-11-22 01:07:03.564 66361 INFO tempest.common.waiters [-] State transition "BUILD/spawning" ==> "ACTIVE/None" after 76 second wait
2025-11-22 01:07:03.584 66397 INFO tempest.lib.common.rest_client [req-934ca306-4158-49da-bbb6-a032b7c9e338 req-934ca306-4158-49da-bbb6-a032b7c9e338 ] Request (ServerRescueTestJSONUnderV235:setUpClass): 200 GET http://10.180.1.21/compute/v2.1/servers/2b5a9a85-77c7-4862-8bff-2b432c487913 2.715s
2025-11-22 01:07:03.734 66376 INFO tempest.lib.common.rest_client [req-205a5bff-8f17-4019-bcd7-6f0a2966a337 req-205a5bff-8f17-4019-bcd7-6f0a2966a337 ] Request (ServersTestJSON:test_create_server_specify_multibyte_character_name): 200 GET http://10.180.1.21/compute/v2.1/servers/8453ba27-76de-4365-9386-bfc4b7751dcf 2.789s
2025-11-22 01:07:03.814 66371 INFO tempest.lib.common.rest_client [req-9d8dae87-6493-4759-8351-3525602140ed req-9d8dae87-6493-4759-8351-3525602140ed ] Request (MigrationsAdminTest:test_resize_server_revert_deleted_flavor): 200 GET http://10.180.1.21/compute/v2.1/servers/972053aa-d68f-451e-a885-9dc2d0021697 2.881s
2025-11-22 01:07:04.191 66379 INFO tempest.lib.common.rest_client [req-a1318df2-059e-4084-9a9c-63a8c1e51e42 req-a1318df2-059e-4084-9a9c-63a8c1e51e42 ] Request (ServerShowV247Test:tearDownClass): 200 GET http://10.180.1.21/compute/v2.1/servers/db9a30f2-a43e-49dc-b788-2bc3ac5f9202 3.078s
2025-11-22 01:07:04.202 66379 INFO tempest.common.waiters [-] State transition "ACTIVE/deleting" ==> "DELETED/None" after 7 second wait
2025-11-22 01:07:04.317 66369 INFO tempest.lib.common.rest_client [req-117ca2ed-431d-4549-a40c-4a5d530f3e45 req-117ca2ed-431d-4549-a40c-4a5d530f3e45 ] Request (ServersTestManualDisk:setUpClass): 201 POST http://10.180.1.21/networking/v2.0/routers 0.793s
2025-11-22 01:07:04.390 66391 INFO tempest.lib.common.rest_client [req-b8d99ecf-2c54-4bee-a79e-61251b8a9c33 req-b8d99ecf-2c54-4bee-a79e-61251b8a9c33 ] Request (ServersAdminTestJSON:test_list_servers_filter_by_exist_host): 200 GET http://10.180.1.21/compute/v2.1/servers/90e18f04-9e69-45fd-b08e-2b99865608e9 3.334s
2025-11-22 01:07:04.465 66405 INFO tempest.lib.common.rest_client [req-edb66fe0-412a-40e1-afb5-5b1af3009578 req-edb66fe0-412a-40e1-afb5-5b1af3009578 ] Request (ImagesMetadataTestJSON:test_set_image_metadata): 200 PUT http://10.180.1.21/compute/v2.1/images/3fa5d125-b704-4517-871b-b48ed856ca51/metadata 3.261s
2025-11-22 01:07:05.032 66355 WARNING tempest.lib.common.ssh [-] Failed to establish authenticated ssh connection to cirros@10.180.180.202 ([Errno None] Unable to connect to port 22 on 10.180.180.202). Number attempts: 4. Retry after 5 seconds.: paramiko.ssh_exception.NoValidConnectionsError: [Errno None] Unable to connect to port 22 on 10.180.180.202
2025-11-22 01:07:05.193 66369 INFO tempest.lib.common.rest_client [req-a35870e1-8e0a-4639-a243-1f2a076d19ce req-a35870e1-8e0a-4639-a243-1f2a076d19ce ] Request (ServersTestManualDisk:setUpClass): 200 PUT http://10.180.1.21/networking/v2.0/routers/9c587a10-bf31-4de1-acb5-62965d8868dd/add_router_interface 0.876s
2025-11-22 01:07:05.193 66369 INFO tempest.lib.common.dynamic_creds [-] Created isolated network resources for: credentials: Credentials: {'domain_id': 'default', 'domain_name': 'Default', 'username': 'tempest-ServersTestManualDisk-1223873631-project-member', 'project_domain_id': 'default', 'project_domain_name': 'Default', 'project_id': 'f080844591be488fa21bd2f473dbb680', 'project_name': 'tempest-ServersTestManualDisk-1223873631', 'tenant_id': 'f080844591be488fa21bd2f473dbb680', 'tenant_name': 'tempest-ServersTestManualDisk-1223873631', 'user_domain_id': 'default', 'user_domain_name': 'Default', 'user_id': '31471979bbe64cf999b6226af1e4bc28', 'system': None}, Network: {'id': '21c7eeaf-3259-48fe-899a-5a2a0e4e9494', 'name': 'tempest-ServersTestManualDisk-314823293-network', 'tenant_id': 'f080844591be488fa21bd2f473dbb680', 'project_id': 'f080844591be488fa21bd2f473dbb680', 'admin_state_up': True, 'mtu': 8950, 'status': 'ACTIVE', 'subnets': [], 'shared': False, 'port_security_enabled': True, 'router:external': False, 'provider:network_type': 'vlan', 'provider:physical_network': 'default', 'provider:segmentation_id': 454, 'availability_zone_hints': [], 'availability_zones': [], 'ipv4_address_scope': None, 'ipv6_address_scope': None, 'description': '', 'tags': [], 'created_at': '2025-11-22T01:07:03Z', 'updated_at': '2025-11-22T01:07:03Z', 'revision_number': 1}, Subnet: {'id': 'ced14182-79d3-4a5c-a1bd-6b43d2446fb9', 'name': 'tempest-ServersTestManualDisk-314823293-subnet', 'tenant_id': 'f080844591be488fa21bd2f473dbb680', 'network_id': '21c7eeaf-3259-48fe-899a-5a2a0e4e9494', 'ip_version': 4, 'subnetpool_id': None, 'enable_dhcp': True, 'ipv6_ra_mode': None, 'ipv6_address_mode': None, 'gateway_ip': '192.168.128.1', 'cidr': '192.168.128.0/28', 'allocation_pools': [{'start': '192.168.128.2', 'end': '192.168.128.14'}], 'host_routes': [], 'dns_nameservers': [], 'description': '', 'router:external': False, 'service_types': [], 'tags': [], 'created_at': '2025-11-22T01:07:03Z', 'updated_at': '2025-11-22T01:07:03Z', 'revision_number': 0, 'project_id': 'f080844591be488fa21bd2f473dbb680'}, Router: {'id': '9c587a10-bf31-4de1-acb5-62965d8868dd', 'name': 'tempest-ServersTestManualDisk-314823293-router', 'tenant_id': 'f080844591be488fa21bd2f473dbb680', 'admin_state_up': True, 'status': 'ACTIVE', 'external_gateway_info': {'network_id': 'b62a697e-8188-4538-8a08-f93324f85e4f', 'external_fixed_ips': [{'subnet_id': '8e496bb9-93bc-4ce1-876e-e1689c6fbf64', 'ip_address': '10.180.180.192'}], 'enable_snat': True}, 'description': '', 'availability_zones': [], 'distributed': False, 'ha': False, 'availability_zone_hints': [], 'routes': [], 'flavor_id': None, 'tags': [], 'created_at': '2025-11-22T01:07:03Z', 'updated_at': '2025-11-22T01:07:03Z', 'revision_number': 2, 'project_id': 'f080844591be488fa21bd2f473dbb680'}
2025-11-22 01:07:05.285 66369 INFO tempest.lib.common.rest_client [req-c534e749-014b-4b15-bfc2-1f76ecd10e52 req-c534e749-014b-4b15-bfc2-1f76ecd10e52 ] Request (ServersTestManualDisk:setUpClass): 201 POST http://10.180.1.21/identity/v3/auth/tokens 0.088s
2025-11-22 01:07:05.312 66359 INFO tempest.lib.common.rest_client [req-265c7341-97f2-4387-87c2-6930a91aed66 req-265c7341-97f2-4387-87c2-6930a91aed66 ] Request (ServersNegativeTestJSON:setUpClass): 200 GET http://10.180.1.21/compute/v2.1/servers/9292b310-ca56-463d-ad8c-319f5347eb81 3.395s
2025-11-22 01:07:05.446 66353 INFO tempest.lib.common.rest_client [req-58a54db8-0eee-440a-b5cc-e40e9067c769 req-58a54db8-0eee-440a-b5cc-e40e9067c769 ] Request (SecurityGroupsTestJSON:test_list_security_groups_by_server): 200 GET http://10.180.1.21/compute/v2.1/servers/0dc915fe-b12c-4b62-85f6-684d45ce4262 3.388s
2025-11-22 01:07:05.803 66347 INFO tempest.lib.common.rest_client [req-dbf31378-a6ae-4b07-8058-fbbb8307e844 req-dbf31378-a6ae-4b07-8058-fbbb8307e844 ] Request (AttachInterfacesTestJSON:test_create_list_show_delete_interfaces_by_network_port): 202 POST http://10.180.1.21/compute/v2.1/servers 4.134s
2025-11-22 01:07:05.917 66357 INFO tempest.lib.common.rest_client [req-9854d321-81fe-4396-8660-2242bb5d5424 req-9854d321-81fe-4396-8660-2242bb5d5424 ] Request (ServerAddressesNegativeTestJSON:tearDownClass): 200 GET http://10.180.1.21/compute/v2.1/servers/1ff22713-ba6e-46f9-a0d2-4d24158972d1 3.358s
2025-11-22 01:07:05.983 66403 INFO tempest.lib.common.rest_client [req-c57d1ca2-083c-490e-b261-917a2b338428 req-c57d1ca2-083c-490e-b261-917a2b338428 ] Request (ImagesTestJSON:test_create_image_from_suspended_server): 202 POST http://10.180.1.21/compute/v2.1/servers/5742547e-0408-483d-91c7-fcf669549f34/action 3.860s
2025-11-22 01:07:05.990 66401 INFO tempest.lib.common.rest_client [req-744499ce-5566-4b4d-9f04-00c4f8ab56fd req-744499ce-5566-4b4d-9f04-00c4f8ab56fd ] Request (MultipleCreateTestJSON:test_multiple_create_with_reservation_return): 200 GET http://10.180.1.21/compute/v2.1/servers/18749170-a6f8-4a0d-a00c-5748f1753a08 3.372s
2025-11-22 01:07:05.996 66377 WARNING tempest.lib.common.ssh [-] Failed to establish authenticated ssh connection to cirros@10.180.180.159 ([Errno None] Unable to connect to port 22 on 10.180.180.159). Number attempts: 2. Retry after 3 seconds.: paramiko.ssh_exception.NoValidConnectionsError: [Errno None] Unable to connect to port 22 on 10.180.180.159
2025-11-22 01:07:06.098 66383 INFO tempest.lib.common.rest_client [req-37bf79d1-4b7f-4728-a2da-c34cdb297d8f req-37bf79d1-4b7f-4728-a2da-c34cdb297d8f ] Request (ServersWithSpecificFlavorTestJSON:test_verify_created_server_ephemeral_disk): 200 GET http://10.180.1.21/compute/v2.1/servers/5cd9940f-2d1b-4f77-909a-e8e1c347dff3 3.320s
2025-11-22 01:07:06.099 66395 INFO tempest.lib.common.rest_client [req-9f4ade81-0c74-4d4b-a11a-4d268e99ea17 req-9f4ade81-0c74-4d4b-a11a-4d268e99ea17 ] Request (AttachVolumeTestJSON:test_attach_detach_volume): 200 GET http://10.180.1.21/compute/v2.1/servers/26df9e7f-2318-4685-8e87-2db29001eb38 3.301s
2025-11-22 01:07:06.105 66383 INFO tempest.common.waiters [-] State transition "BUILD/None" ==> "BUILD/spawning" after 62 second wait
2025-11-22 01:07:06.107 66395 INFO tempest.common.waiters [-] State transition "BUILD/block_device_mapping" ==> "BUILD/spawning" after 64 second wait
2025-11-22 01:07:06.155 66387 INFO tempest.lib.common.rest_client [req-ebb87625-e362-4c74-a222-7f2095a62b31 req-ebb87625-e362-4c74-a222-7f2095a62b31 ] Request (AttachVolumeShelveTestJSON:test_attach_volume_shelved_or_offload_server): 200 GET http://10.180.1.21/compute/v2.1/servers/aee3654f-1d41-459c-b508-8f70044c7292 3.198s
2025-11-22 01:07:06.159 66365 INFO tempest.lib.common.rest_client [req-e76a068a-cdcb-4376-850c-18c033bdec28 req-e76a068a-cdcb-4376-850c-18c033bdec28 ] Request (AttachInterfacesV270Test:test_create_get_list_interfaces): 200 GET http://10.180.1.21/compute/v2.1/servers/bba6410d-020c-424f-88b1-1e01f8e1e1cd 3.064s
2025-11-22 01:07:06.180 66365 INFO tempest.common.waiters [-] State transition "BUILD/None" ==> "BUILD/networking" after 54 second wait
2025-11-22 01:07:06.226 66351 INFO tempest.lib.common.rest_client [req-779fa747-1334-4c32-8691-75cb5394d460 req-779fa747-1334-4c32-8691-75cb5394d460 ] Request (ServersTestBootFromVolume:setUpClass): 200 GET http://10.180.1.21/compute/v2.1/servers/b60575ad-4405-487a-897c-0bf15d3ac7ee 2.830s
2025-11-22 01:07:06.249 66393 INFO tempest.lib.common.rest_client [req-7c1751c9-95ed-4de9-8b0e-da6b5fa0ae6c req-7c1751c9-95ed-4de9-8b0e-da6b5fa0ae6c ] Request (ServersNegativeTestMultiTenantJSON:tearDownClass): 200 GET http://10.180.1.21/compute/v2.1/servers/413343d6-be94-4a90-842a-b90da07545b0 2.740s
2025-11-22 01:07:06.258 66393 INFO tempest.common.waiters [-] State transition "ACTIVE/deleting" ==> "DELETED/None" after 4 second wait
2025-11-22 01:07:06.271 66345 INFO tempest.lib.common.rest_client [req-202c48e6-e967-45f9-90fe-801918510853 req-202c48e6-e967-45f9-90fe-801918510853 ] Request (ListImageFiltersTestJSON:setUpClass): 200 GET http://10.180.1.21/compute/v2.1/images/2608a8c4-f850-49f9-99c3-4596b44f39f8 2.722s
2025-11-22 01:07:06.370 66361 INFO tempest.lib.common.rest_client [req-6cd92f70-753b-4e65-aa88-621c7a0244f9 req-6cd92f70-753b-4e65-aa88-621c7a0244f9 ] Request (ServersTestFqdnHostnames:test_create_server_with_fqdn_name): 200 GET http://10.180.1.21/compute/v2.1/servers/0597cdeb-a745-4d60-81b3-2da38008bff5/os-interface 2.805s
2025-11-22 01:07:06.387 66367 INFO tempest.lib.common.rest_client [req-b5a8d2ad-bad2-4255-b81c-5aca81091f38 req-b5a8d2ad-bad2-4255-b81c-5aca81091f38 ] Request (DeleteServersTestJSON:test_delete_server_while_in_attached_volume): 200 GET http://10.180.1.21/compute/v2.1/servers/c0deef47-2926-4884-abd2-1c7e607bc74f 2.804s
2025-11-22 01:07:07.098 66361 INFO tempest.lib.common.rest_client [req-1b492743-c05d-4648-be10-2a28402e00ad req-1b492743-c05d-4648-be10-2a28402e00ad ] Request (ServersTestFqdnHostnames:test_create_server_with_fqdn_name): 200 PUT http://10.180.1.21/networking/v2.0/floatingips/38bae941-bbdc-4b60-a7a9-44a7f19a6c87 0.725s
2025-11-22 01:07:07.102 66361 INFO tempest.lib.common.ssh [-] Creating ssh connection to '10.180.180.227:22' as 'cirros' with public key authentication
2025-11-22 01:07:07.142 66363 INFO tempest.lib.common.rest_client [req-69e8f369-660d-46f1-9a99-3c42db145da8 req-69e8f369-660d-46f1-9a99-3c42db145da8 ] Request (ServerActionsTestOtherB:setUpClass): 200 GET http://10.180.1.21/compute/v2.1/servers/4dbbadd0-b2be-43d1-9374-f7bdf6e8e79f 3.275s
2025-11-22 01:07:07.296 66391 INFO tempest.lib.common.rest_client [req-7394d526-3444-4aee-9f8a-ce0664981a51 req-7394d526-3444-4aee-9f8a-ce0664981a51 ] Request (ServersAdminTestJSON:test_list_servers_filter_by_exist_host): 200 GET http://10.180.1.21/compute/v2.1/servers?host=cpu-1&all_tenants=1 2.894s
2025-11-22 01:07:07.330 66349 INFO tempest.lib.common.rest_client [req-f56f54aa-e52c-49ad-99ed-6c6c5f7d31a9 req-f56f54aa-e52c-49ad-99ed-6c6c5f7d31a9 ] Request (ServersAdminNegativeTestJSON:test_migrate_server_invalid_state): 200 GET http://10.180.1.21/compute/v2.1/servers/9114d0a6-7df3-4e1b-88b2-a56a7d80cf4d 2.974s
2025-11-22 01:07:07.343 66349 INFO tempest.common.waiters [-] State transition "BUILD/spawning" ==> "ACTIVE/None" after 74 second wait
2025-11-22 01:07:07.349 66405 INFO tempest.lib.common.rest_client [req-1cc40b93-52da-4b99-99d4-f2fab4554820 req-1cc40b93-52da-4b99-99d4-f2fab4554820 ] Request (ImagesMetadataTestJSON:test_set_image_metadata): 200 GET http://10.180.1.21/compute/v2.1/images/3fa5d125-b704-4517-871b-b48ed856ca51/metadata 2.883s
2025-11-22 01:07:07.412 66397 INFO tempest.lib.common.rest_client [req-299e1369-d147-491b-aa00-2ee9c0d76e7e req-299e1369-d147-491b-aa00-2ee9c0d76e7e ] Request (ServerRescueTestJSONUnderV235:setUpClass): 200 GET http://10.180.1.21/compute/v2.1/servers/2b5a9a85-77c7-4862-8bff-2b432c487913 2.815s
2025-11-22 01:07:07.424 66397 INFO tempest.common.waiters [-] State transition "BUILD/scheduling" ==> "BUILD/None" after 14 second wait
2025-11-22 01:07:07.486 66376 INFO tempest.lib.common.rest_client [req-2b5dc811-8be5-45fe-9a79-d981d6d4270d req-2b5dc811-8be5-45fe-9a79-d981d6d4270d ] Request (ServersTestJSON:test_create_server_specify_multibyte_character_name): 200 GET http://10.180.1.21/compute/v2.1/servers/8453ba27-76de-4365-9386-bfc4b7751dcf 2.740s
2025-11-22 01:07:07.629 66379 INFO tempest.lib.common.rest_client [req-b41060fd-d5a9-42a6-9683-052341777cd6 req-b41060fd-d5a9-42a6-9683-052341777cd6 ] Request (ServerShowV247Test:tearDownClass): 200 GET http://10.180.1.21/compute/v2.1/servers/db9a30f2-a43e-49dc-b788-2bc3ac5f9202 2.424s
2025-11-22 01:07:07.652 66371 INFO tempest.lib.common.rest_client [req-7c9d09c1-0fa1-4556-88da-19dfe5c64d6a req-7c9d09c1-0fa1-4556-88da-19dfe5c64d6a ] Request (MigrationsAdminTest:test_resize_server_revert_deleted_flavor): 200 GET http://10.180.1.21/compute/v2.1/servers/972053aa-d68f-451e-a885-9dc2d0021697 2.829s
2025-11-22 01:07:07.710 66347 INFO tempest.lib.common.rest_client [req-a24d6a87-5cba-46dc-aa1b-65ecaf31a880 req-a24d6a87-5cba-46dc-aa1b-65ecaf31a880 ] Request (AttachInterfacesTestJSON:test_create_list_show_delete_interfaces_by_network_port): 200 GET http://10.180.1.21/compute/v2.1/servers/8fd1921e-d991-42e7-ac8e-2139748ab4c8 1.905s
2025-11-22 01:07:07.746 66403 INFO tempest.lib.common.rest_client [req-c22c0ac4-619e-4bd2-93be-449751942b35 req-c22c0ac4-619e-4bd2-93be-449751942b35 ] Request (ImagesTestJSON:test_create_image_from_suspended_server): 200 GET http://10.180.1.21/compute/v2.1/images/ad93a415-dd20-45aa-9dfe-cf069c97cf1e 1.761s
2025-11-22 01:07:07.775 66369 INFO tempest.lib.common.rest_client [req-0202991a-644c-4d45-a5fd-20da763e0e3f req-0202991a-644c-4d45-a5fd-20da763e0e3f ] Request (ServersTestManualDisk:setUpClass): 200 POST http://10.180.1.21/compute/v2.1/os-keypairs 2.488s
2025-11-22 01:07:07.892 66369 INFO tempest.lib.common.rest_client [req-0e301339-2af2-4c0b-89d6-4eda2096ef5a req-0e301339-2af2-4c0b-89d6-4eda2096ef5a ] Request (ServersTestManualDisk:setUpClass): 201 POST http://10.180.1.21/networking/v2.0/security-groups 0.115s
2025-11-22 01:07:07.919 66359 INFO tempest.lib.common.rest_client [req-4cde6a46-a3cd-43bc-8ca5-57d5007bbbf4 req-4cde6a46-a3cd-43bc-8ca5-57d5007bbbf4 ] Request (ServersNegativeTestJSON:setUpClass): 200 GET http://10.180.1.21/compute/v2.1/servers/9292b310-ca56-463d-ad8c-319f5347eb81 1.596s
2025-11-22 01:07:07.935 66353 INFO tempest.lib.common.rest_client [req-bd3d2b90-af65-4683-a0f2-3a48fdbac784 req-bd3d2b90-af65-4683-a0f2-3a48fdbac784 ] Request (SecurityGroupsTestJSON:test_list_security_groups_by_server): 200 GET http://10.180.1.21/compute/v2.1/servers/0dc915fe-b12c-4b62-85f6-684d45ce4262 1.481s
2025-11-22 01:07:08.023 66369 INFO tempest.lib.common.rest_client [req-4f3f4374-43d7-497f-b4f4-58be54d56acb req-4f3f4374-43d7-497f-b4f4-58be54d56acb ] Request (ServersTestManualDisk:setUpClass): 201 POST http://10.180.1.21/networking/v2.0/security-group-rules 0.130s
2025-11-22 01:07:08.084 66357 INFO tempest.lib.common.rest_client [req-2e692446-3476-4ee4-83a8-f730677ae299 req-2e692446-3476-4ee4-83a8-f730677ae299 ] Request (ServerAddressesNegativeTestJSON:tearDownClass): 200 GET http://10.180.1.21/compute/v2.1/servers/1ff22713-ba6e-46f9-a0d2-4d24158972d1 1.159s
2025-11-22 01:07:08.105 66401 INFO tempest.lib.common.rest_client [req-35c5d662-c150-47a8-89ab-1ff2dcec1234 req-35c5d662-c150-47a8-89ab-1ff2dcec1234 ] Request (MultipleCreateTestJSON:test_multiple_create_with_reservation_return): 200 GET http://10.180.1.21/compute/v2.1/servers/18749170-a6f8-4a0d-a00c-5748f1753a08 1.107s
2025-11-22 01:07:08.195 66369 INFO tempest.lib.common.rest_client [req-927863a3-fb0c-465c-aa5d-27043b7e7955 req-927863a3-fb0c-465c-aa5d-27043b7e7955 ] Request (ServersTestManualDisk:setUpClass): 201 POST http://10.180.1.21/networking/v2.0/security-group-rules 0.172s
2025-11-22 01:07:08.878 66369 INFO tempest.lib.common.rest_client [req-6c06f05f-29f3-48c9-8576-9ef056fd53c5 req-6c06f05f-29f3-48c9-8576-9ef056fd53c5 ] Request (ServersTestManualDisk:setUpClass): 201 POST http://10.180.1.21/networking/v2.0/floatingips 0.682s
2025-11-22 01:07:08.922 66369 INFO tempest.lib.common.rest_client [req-63890374-7014-401e-9def-0ec7ddb1d381 req-63890374-7014-401e-9def-0ec7ddb1d381 ] Request (ServersTestManualDisk:setUpClass): 201 POST http://10.180.1.21/identity/v3/auth/tokens 0.039s
