2025-11-22 01:06:24.821 66401 INFO tempest.lib.common.fixed_network [-] (MultipleCreateTestJSON:test_multiple_create_with_reservation_return) Found network {'id': '65f6214a-e71c-4548-84f6-bee21f51c9f8', 'name': 'tempest-MultipleCreateTestJSON-1263310292-network', 'tenant_id': '538c6b83fef7487491e275fe58141e5b', 'project_id': '538c6b83fef7487491e275fe58141e5b', 'admin_state_up': True, 'mtu': 8950, 'status': 'ACTIVE', 'subnets': [], 'shared': False, 'port_security_enabled': True, 'router:external': False, 'provider:network_type': 'vlan', 'provider:physical_network': 'default', 'provider:segmentation_id': 221, 'availability_zone_hints': [], 'availability_zones': [], 'ipv4_address_scope': None, 'ipv6_address_scope': None, 'description': '', 'tags': [], 'created_at': '2025-11-22T01:04:35Z', 'updated_at': '2025-11-22T01:04:35Z', 'revision_number': 1} available for tenant
2025-11-22 01:06:24.822 66363 INFO tempest.lib.common.rest_client [req-fd5e0446-c32e-4857-920d-dffc2feec412 req-fd5e0446-c32e-4857-920d-dffc2feec412 ] Request (ServerActionsTestOtherB:setUpClass): 201 POST http://10.180.1.21/networking/v2.0/security-group-rules 0.127s
2025-11-22 01:06:24.908 66405 INFO tempest.lib.common.rest_client [req-e3e32f06-74c9-4d24-a66d-c667812ec945 req-e3e32f06-74c9-4d24-a66d-c667812ec945 ] Request (VolumesAssistedSnapshotsTest:tearDownClass): 204 DELETE http://10.180.1.21/networking/v2.0/security-groups/829aa62a-6089-4079-9025-78ed84149431 0.102s
2025-11-22 01:06:24.934 66393 INFO tempest.lib.common.rest_client [req-7754073c-c44f-43ca-bd8a-33a8ff23cd14 req-7754073c-c44f-43ca-bd8a-33a8ff23cd14 ] Request (ServersNegativeTestMultiTenantJSON:setUpClass): 200 GET http://10.180.1.21/compute/v2.1/servers/413343d6-be94-4a90-842a-b90da07545b0 1.167s
2025-11-22 01:06:24.955 66405 INFO tempest.lib.common.rest_client [req-e520b2e6-a004-49e5-92f8-b45d1cc52bbb req-e520b2e6-a004-49e5-92f8-b45d1cc52bbb ] Request (VolumesAssistedSnapshotsTest:tearDownClass): 404 GET http://10.180.1.21/networking/v2.0/security-groups/829aa62a-6089-4079-9025-78ed84149431 0.046s
2025-11-22 01:06:24.957 66345 INFO tempest.lib.common.rest_client [req-f2abfd61-6f75-4320-a0d3-cd1b0360f487 req-f2abfd61-6f75-4320-a0d3-cd1b0360f487 ] Request (ListImageFiltersTestJSON:setUpClass): 200 GET http://10.180.1.21/compute/v2.1/servers/3c917444-5383-44e4-8cf5-191387768f84 1.749s
2025-11-22 01:06:25.219 66405 INFO tempest.lib.common.rest_client [req-ab4dcaae-c1aa-42b6-ba10-966344fff11d req-ab4dcaae-c1aa-42b6-ba10-966344fff11d ] Request (VolumesAssistedSnapshotsTest:tearDownClass): 204 DELETE http://10.180.1.21/networking/v2.0/floatingips/73fe1fa4-0cdd-429b-a9e2-79a3385e1066 0.264s
2025-11-22 01:06:25.238 66405 INFO tempest.lib.common.rest_client [req-eb36ea6a-9543-4bd1-898c-52015b36825c req-eb36ea6a-9543-4bd1-898c-52015b36825c ] Request (VolumesAssistedSnapshotsTest:tearDownClass): 404 DELETE http://10.180.1.21/volume/v3/volumes/d8af9936-0ccd-4f74-b729-0ef34fd131bb 0.018s
2025-11-22 01:06:25.247 66379 INFO tempest.lib.common.rest_client [req-615a5c00-1d77-4df3-859f-5f1fc145eb97 req-615a5c00-1d77-4df3-859f-5f1fc145eb97 ] Request (ServerShowV247Test:tearDownClass): 200 GET http://10.180.1.21/compute/v2.1/servers/87289050-39c0-4b48-8122-eecae9a077f8 1.437s
2025-11-22 01:06:25.254 66405 INFO tempest.lib.common.rest_client [req-42489060-21d3-4a41-8367-ac50e5437dbc req-42489060-21d3-4a41-8367-ac50e5437dbc ] Request (VolumesAssistedSnapshotsTest:tearDownClass): 404 GET http://10.180.1.21/volume/v3/volumes/d8af9936-0ccd-4f74-b729-0ef34fd131bb 0.015s
2025-11-22 01:06:25.265 66349 INFO tempest.lib.common.rest_client [req-def3e7a3-dbf9-4b33-8abb-dd3879556ed0 req-def3e7a3-dbf9-4b33-8abb-dd3879556ed0 ] Request (ServersAdminNegativeTestJSON:test_migrate_server_invalid_state): 200 GET http://10.180.1.21/compute/v2.1/servers/9114d0a6-7df3-4e1b-88b2-a56a7d80cf4d 1.419s
2025-11-22 01:06:25.376 66363 INFO tempest.lib.common.rest_client [req-da45526a-6f84-4cb2-a046-e0453f0da28e req-da45526a-6f84-4cb2-a046-e0453f0da28e ] Request (ServerActionsTestOtherB:setUpClass): 201 POST http://10.180.1.21/networking/v2.0/floatingips 0.554s
2025-11-22 01:06:25.399 66369 INFO tempest.lib.common.rest_client [req-e8574d2e-9869-48b9-a16f-12ba8662acda req-e8574d2e-9869-48b9-a16f-12ba8662acda ] Request (FloatingIPsAssociationTestJSON:tearDownClass): 200 GET http://10.180.1.21/compute/v2.1/servers/dd3e6943-3700-4ce6-adea-7f6f96a6b764 1.536s
2025-11-22 01:06:25.414 66363 INFO tempest.lib.common.rest_client [req-561f76c0-7de1-4910-9822-f4737387023b req-561f76c0-7de1-4910-9822-f4737387023b ] Request (ServerActionsTestOtherB:setUpClass): 201 POST http://10.180.1.21/identity/v3/auth/tokens 0.034s
2025-11-22 01:06:25.415 66363 INFO tempest.lib.common.fixed_network [-] (ServerActionsTestOtherB:setUpClass) Found network {'id': '1fcbad8f-bb70-401d-89ce-a95385e2997c', 'name': 'tempest-ServerActionsTestOtherB-91688486-network', 'tenant_id': '04d55443932d4c27bf71459856531414', 'project_id': '04d55443932d4c27bf71459856531414', 'admin_state_up': True, 'mtu': 8950, 'status': 'ACTIVE', 'subnets': [], 'shared': False, 'port_security_enabled': True, 'router:external': False, 'provider:network_type': 'vlan', 'provider:physical_network': 'default', 'provider:segmentation_id': 344, 'availability_zone_hints': [], 'availability_zones': [], 'ipv4_address_scope': None, 'ipv6_address_scope': None, 'description': '', 'tags': [], 'created_at': '2025-11-22T01:06:19Z', 'updated_at': '2025-11-22T01:06:19Z', 'revision_number': 1} available for tenant
2025-11-22 01:06:25.437 66397 INFO tempest.lib.common.rest_client [req-226cc5a3-38a5-4a5b-ae3a-e7634fbc937a req-226cc5a3-38a5-4a5b-ae3a-e7634fbc937a ] Request (ServerDiagnosticsV248Test:tearDownClass): 200 GET http://10.180.1.21/compute/v2.1/servers/7f54e94e-d071-482c-a0ab-2c69ec8c8e6e 1.510s
2025-11-22 01:06:25.487 66371 INFO tempest.lib.common.rest_client [req-653ca3d6-b321-42a7-968b-ef63c482601f req-653ca3d6-b321-42a7-968b-ef63c482601f ] Request (MigrationsAdminTest:test_resize_server_revert_deleted_flavor): 200 GET http://10.180.1.21/compute/v2.1/servers/972053aa-d68f-451e-a885-9dc2d0021697 1.541s
2025-11-22 01:06:25.563 66407 INFO tempest.lib.common.rest_client [req-7ff8f53a-bbfb-4e66-9de0-a5908bfcb4ab req-7ff8f53a-bbfb-4e66-9de0-a5908bfcb4ab ] Request (FloatingIPsAssociationNegativeTestJSON:tearDownClass): 200 GET http://10.180.1.21/compute/v2.1/servers/0bba2a88-4146-474a-bbf9-f253d23f52c7 1.513s
2025-11-22 01:06:25.604 66353 INFO tempest.lib.common.rest_client [req-dea5e4f6-8bbf-47e8-b93f-5c96e53f3b14 req-dea5e4f6-8bbf-47e8-b93f-5c96e53f3b14 ] Request (ServersAdmin275Test:tearDownClass): 200 GET http://10.180.1.21/compute/v2.1/servers/89240694-9725-487b-9f9c-65ead2d4f6e7 1.549s
2025-11-22 01:06:25.632 66403 INFO tempest.lib.common.rest_client [req-8dd009fb-5ba4-4bc0-b043-40bf9a9a225b req-8dd009fb-5ba4-4bc0-b043-40bf9a9a225b ] Request (ImagesTestJSON:test_create_image_from_suspended_server): 200 GET http://10.180.1.21/compute/v2.1/servers/5742547e-0408-483d-91c7-fcf669549f34 1.469s
2025-11-22 01:06:25.682 66359 INFO tempest.lib.common.rest_client [req-f8ce1e82-a4c6-4aa2-bdce-2324adfa5bba req-f8ce1e82-a4c6-4aa2-bdce-2324adfa5bba ] Request (ServersNegativeTestJSON:setUpClass): 200 GET http://10.180.1.21/compute/v2.1/servers/263f731e-c4b8-4d71-8d0a-abf046caabf4 1.397s
2025-11-22 01:06:25.690 66359 INFO tempest.common.waiters [-] State transition "BUILD/None" ==> "BUILD/networking" after 53 second wait
2025-11-22 01:06:25.730 66357 INFO tempest.lib.common.rest_client [req-3996805b-507b-419b-9d77-ef102d71e098 req-3996805b-507b-419b-9d77-ef102d71e098 ] Request (ServerAddressesNegativeTestJSON:setUpClass): 200 GET http://10.180.1.21/compute/v2.1/servers/1ff22713-ba6e-46f9-a0d2-4d24158972d1 1.508s
2025-11-22 01:06:25.742 66395 INFO tempest.lib.common.rest_client [req-4dd62c79-6aad-4998-aca1-7b80a83a8cbe req-4dd62c79-6aad-4998-aca1-7b80a83a8cbe ] Request (AttachVolumeTestJSON:test_attach_detach_volume): 200 GET http://10.180.1.21/compute/v2.1/servers/26df9e7f-2318-4685-8e87-2db29001eb38 1.399s
2025-11-22 01:06:25.789 66383 INFO tempest.lib.common.rest_client [req-c712b44a-43d9-4610-aefa-b59941087819 req-c712b44a-43d9-4610-aefa-b59941087819 ] Request (ServersWithSpecificFlavorTestJSON:test_verify_created_server_ephemeral_disk): 200 GET http://10.180.1.21/compute/v2.1/servers/5cd9940f-2d1b-4f77-909a-e8e1c347dff3 1.295s
2025-11-22 01:06:26.038 66405 INFO tempest.lib.common.rest_client [req-b90a4de6-9c23-4a92-a156-78a53b9b837b req-b90a4de6-9c23-4a92-a156-78a53b9b837b ] Request (VolumesAssistedSnapshotsTest:tearDownClass): 200 PUT http://10.180.1.21/networking/v2.0/routers/fb1c6816-ea36-4431-80fa-88e84a5f818a/remove_router_interface 0.783s
2025-11-22 01:06:26.092 66355 INFO tempest.lib.common.rest_client [req-5ed9ef05-128a-4453-ba68-713f2184a707 req-5ed9ef05-128a-4453-ba68-713f2184a707 ] Request (ServersTestJSON:setUpClass): 200 GET http://10.180.1.21/compute/v2.1/servers/de384249-b9c6-4b50-b965-d47f483fa1fb 1.449s
2025-11-22 01:06:26.420 66365 INFO tempest.lib.common.rest_client [req-790fd823-1927-44ef-bf7a-f131ae269ba0 req-790fd823-1927-44ef-bf7a-f131ae269ba0 ] Request (AttachInterfacesV270Test:test_create_get_list_interfaces): 200 GET http://10.180.1.21/compute/v2.1/servers/bba6410d-020c-424f-88b1-1e01f8e1e1cd 1.743s
2025-11-22 01:06:26.541 66405 INFO tempest.lib.common.rest_client [req-d5c83d6a-9d7a-457c-bcb5-3de87aa883ca req-d5c83d6a-9d7a-457c-bcb5-3de87aa883ca ] Request (VolumesAssistedSnapshotsTest:tearDownClass): 204 DELETE http://10.180.1.21/networking/v2.0/routers/fb1c6816-ea36-4431-80fa-88e84a5f818a 0.503s
2025-11-22 01:06:26.796 66405 INFO tempest.lib.common.rest_client [req-11346b9d-d1a4-436c-80f7-7b0b56be59aa req-11346b9d-d1a4-436c-80f7-7b0b56be59aa ] Request (VolumesAssistedSnapshotsTest:tearDownClass): 204 DELETE http://10.180.1.21/networking/v2.0/subnets/84f6a54e-3774-47f3-99a9-22e633ddbfc5 0.254s
2025-11-22 01:06:26.889 66347 INFO tempest.lib.common.rest_client [req-3145333b-1adb-4b47-b41a-a6ed10ba2b86 req-3145333b-1adb-4b47-b41a-a6ed10ba2b86 ] Request (AttachInterfacesTestJSON:_run_cleanups): 200 GET http://10.180.1.21/compute/v2.1/servers/366efe2e-f316-4897-bc6f-3c252a0d3a77 2.100s
2025-11-22 01:06:26.930 66387 INFO tempest.lib.common.rest_client [req-72b90443-2de6-481c-84c0-c0517099aa6a req-72b90443-2de6-481c-84c0-c0517099aa6a ] Request (AttachVolumeShelveTestJSON:test_attach_volume_shelved_or_offload_server): 202 POST http://10.180.1.21/compute/v2.1/servers 2.555s
2025-11-22 01:06:27.168 66405 INFO tempest.lib.common.rest_client [req-df3a3fb3-66ea-4bea-9554-ad15a9da635e req-df3a3fb3-66ea-4bea-9554-ad15a9da635e ] Request (VolumesAssistedSnapshotsTest:tearDownClass): 204 DELETE http://10.180.1.21/networking/v2.0/networks/419b5be5-726f-4d92-b546-fb65d36e6aa6 0.372s
2025-11-22 01:06:27.520 66345 INFO tempest.lib.common.rest_client [req-4aa1921b-749c-4cf7-b8f3-e327f4843168 req-4aa1921b-749c-4cf7-b8f3-e327f4843168 ] Request (ListImageFiltersTestJSON:setUpClass): 202 POST http://10.180.1.21/compute/v2.1/servers/c6694f03-f213-4447-845b-312138ba89ee/action 2.550s
2025-11-22 01:06:28.116 66405 INFO tempest.lib.common.rest_client [req-b003ad58-2047-4083-8ffa-93cd70b0e15d req-b003ad58-2047-4083-8ffa-93cd70b0e15d ] Request (VolumesAssistedSnapshotsTest:tearDownClass): 200 PUT http://10.180.1.21/networking/v2.0/routers/1f1fb0e8-d720-49ce-b64b-e5182a42d29d/remove_router_interface 0.947s
2025-11-22 01:06:28.148 66377 INFO tempest.lib.common.rest_client [req-75087c08-2a6f-49a5-8071-83aa7a8c07f5 req-75087c08-2a6f-49a5-8071-83aa7a8c07f5 ] Request (AttachVolumeNegativeTest:test_attach_attached_volume_to_different_server): 200 GET http://10.180.1.21/compute/v2.1/servers/7eef72de-cc46-43bb-9ad8-09834fe6018e 2.778s
2025-11-22 01:06:28.703 66405 INFO tempest.lib.common.rest_client [req-eeb43c73-31a5-4478-a47d-34737fd504c3 req-eeb43c73-31a5-4478-a47d-34737fd504c3 ] Request (VolumesAssistedSnapshotsTest:tearDownClass): 204 DELETE http://10.180.1.21/networking/v2.0/routers/1f1fb0e8-d720-49ce-b64b-e5182a42d29d 0.587s
2025-11-22 01:06:28.779 66391 INFO tempest.lib.common.rest_client [req-091b30a7-dae7-4be5-8386-57c9be41467b req-091b30a7-dae7-4be5-8386-57c9be41467b ] Request (ServersAdminTestJSON:test_inject_network_info): 200 GET http://10.180.1.21/compute/v2.1/servers/05c247fb-8454-4fc0-8584-b96faddfa027 3.387s
2025-11-22 01:06:28.788 66391 INFO tempest.common.waiters [-] State transition "BUILD/spawning" ==> "ACTIVE/None" after 68 second wait
2025-11-22 01:06:28.905 66405 INFO tempest.lib.common.rest_client [req-f60fdc95-fec0-48c1-95dc-6ecea3b8a958 req-f60fdc95-fec0-48c1-95dc-6ecea3b8a958 ] Request (VolumesAssistedSnapshotsTest:tearDownClass): 204 DELETE http://10.180.1.21/networking/v2.0/subnets/84452a42-1c34-4c28-a792-31a3f8933dd5 0.201s
2025-11-22 01:06:28.932 66401 INFO tempest.lib.common.rest_client [req-5f5b93d2-38ba-49c4-a715-a21a9eeff947 req-5f5b93d2-38ba-49c4-a715-a21a9eeff947 ] Request (MultipleCreateTestJSON:test_multiple_create_with_reservation_return): 202 POST http://10.180.1.21/compute/v2.1/servers 4.110s
2025-11-22 01:06:29.320 66351 INFO tempest.lib.common.rest_client [req-683efae7-3bef-475b-ae4b-9b4ae8665dfb req-683efae7-3bef-475b-ae4b-9b4ae8665dfb ] Request (ServersTestBootFromVolume:setUpClass): 200 GET http://10.180.1.21/compute/v2.1/servers/b60575ad-4405-487a-897c-0bf15d3ac7ee 3.878s
2025-11-22 01:06:29.340 66405 INFO tempest.lib.common.rest_client [req-3e5b6b73-0ccf-497e-b061-9319baaf658f req-3e5b6b73-0ccf-497e-b061-9319baaf658f ] Request (VolumesAssistedSnapshotsTest:tearDownClass): 204 DELETE http://10.180.1.21/networking/v2.0/networks/4de140c7-a9f6-4152-afb7-e283cb007f2b 0.435s
2025-11-22 01:06:30.094 66405 INFO tempest.lib.common.rest_client [req-e3fcaef4-3b48-4082-8e74-c35b6db0f102 req-e3fcaef4-3b48-4082-8e74-c35b6db0f102 ] Request (VolumesAssistedSnapshotsTest:tearDownClass): 200 PUT http://10.180.1.21/networking/v2.0/routers/7cd33c35-a305-41a2-abca-218072771b23/remove_router_interface 0.753s
2025-11-22 01:06:30.142 66399 INFO tempest.lib.common.rest_client [req-024b8eae-ae41-4a96-912a-cc5e045e5d55 req-024b8eae-ae41-4a96-912a-cc5e045e5d55 ] Request (VolumesAdminNegativeTest:tearDownClass): 200 GET http://10.180.1.21/compute/v2.1/servers/2541a954-5cad-4000-aa3e-d8205890e035 4.621s
2025-11-22 01:06:30.663 66405 INFO tempest.lib.common.rest_client [req-2cc9d3b7-6ff6-4c61-a9e3-a0d2ad8a1ac1 req-2cc9d3b7-6ff6-4c61-a9e3-a0d2ad8a1ac1 ] Request (VolumesAssistedSnapshotsTest:tearDownClass): 204 DELETE http://10.180.1.21/networking/v2.0/routers/7cd33c35-a305-41a2-abca-218072771b23 0.568s
2025-11-22 01:06:30.711 66376 INFO tempest.lib.common.rest_client [req-7b60d230-4c5e-45e9-9e74-c5ec7e15a6fa req-7b60d230-4c5e-45e9-9e74-c5ec7e15a6fa ] Request (ListServersNegativeTestJSON:tearDownClass): 200 GET http://10.180.1.21/compute/v2.1/servers/d3ae5dbe-cdab-4e3e-92e6-0c7ca6a547bb 5.103s
2025-11-22 01:06:30.906 66405 INFO tempest.lib.common.rest_client [req-5d62aa45-435e-46d3-901c-03f20c779ede req-5d62aa45-435e-46d3-901c-03f20c779ede ] Request (VolumesAssistedSnapshotsTest:tearDownClass): 204 DELETE http://10.180.1.21/networking/v2.0/subnets/efd8d6ff-38e5-4a3d-9edd-f79e778a18a0 0.243s
2025-11-22 01:06:31.063 66363 INFO tempest.lib.common.rest_client [req-b0d2c4d2-f756-44ca-85a8-bef78c000122 req-b0d2c4d2-f756-44ca-85a8-bef78c000122 ] Request (ServerActionsTestOtherB:setUpClass): 202 POST http://10.180.1.21/compute/v2.1/servers 5.647s
2025-11-22 01:06:31.067 66367 INFO tempest.lib.common.rest_client [req-624abe07-add0-4005-b5eb-e8e45f599edd req-624abe07-add0-4005-b5eb-e8e45f599edd ] Request (DeleteServersTestJSON:test_delete_server_while_in_attached_volume): 200 GET http://10.180.1.21/compute/v2.1/servers/c0deef47-2926-4884-abd2-1c7e607bc74f 5.434s
2025-11-22 01:06:31.076 66367 INFO tempest.common.waiters [-] State transition "BUILD/spawning" ==> "ACTIVE/None" after 71 second wait
2025-11-22 01:06:31.150 66373 INFO tempest.lib.common.rest_client [req-d674b270-e082-4b91-8fcf-91787b6e1567 req-d674b270-e082-4b91-8fcf-91787b6e1567 ] Request (ServerActionsV293TestJSON:setUpClass): 200 GET http://10.180.1.21/compute/v2.1/servers/91dee4dc-6a2c-41f1-8c12-74f76422d62c 5.452s
2025-11-22 01:06:31.160 66361 INFO tempest.lib.common.rest_client [req-b81bf6f1-8880-47c3-a3ac-8f49c663beef req-b81bf6f1-8880-47c3-a3ac-8f49c663beef ] Request (ServersTestFqdnHostnames:test_create_server_with_fqdn_name): 200 GET http://10.180.1.21/compute/v2.1/servers/0597cdeb-a745-4d60-81b3-2da38008bff5 5.434s
2025-11-22 01:06:31.162 66373 INFO tempest.common.waiters [-] State transition "BUILD/None" ==> "BUILD/networking" after 57 second wait
2025-11-22 01:06:31.231 66393 INFO tempest.lib.common.rest_client [req-235edfae-bdce-4830-a61c-a069809293c9 req-235edfae-bdce-4830-a61c-a069809293c9 ] Request (ServersNegativeTestMultiTenantJSON:setUpClass): 200 GET http://10.180.1.21/compute/v2.1/servers/413343d6-be94-4a90-842a-b90da07545b0 5.289s
2025-11-22 01:06:31.257 66379 INFO tempest.lib.common.rest_client [req-c7370277-f998-4a08-a6ab-dff7c38b0596 req-c7370277-f998-4a08-a6ab-dff7c38b0596 ] Request (ServerShowV247Test:tearDownClass): 200 GET http://10.180.1.21/compute/v2.1/servers/87289050-39c0-4b48-8122-eecae9a077f8 4.999s
2025-11-22 01:06:31.267 66379 INFO tempest.common.waiters [-] State transition "ACTIVE/deleting" ==> "DELETED/None" after 6 second wait
2025-11-22 01:06:31.356 66367 INFO tempest.lib.common.rest_client [req-0b4b42b6-8698-40ae-82ac-1ff824f81da8 req-0b4b42b6-8698-40ae-82ac-1ff824f81da8 ] Request (DeleteServersTestJSON:test_delete_server_while_in_attached_volume): 202 POST http://10.180.1.21/volume/v3/volumes 0.280s
2025-11-22 01:06:31.370 66349 INFO tempest.lib.common.rest_client [req-8d167960-9411-44a3-9e9d-1eb7048ac745 req-8d167960-9411-44a3-9e9d-1eb7048ac745 ] Request (ServersAdminNegativeTestJSON:test_migrate_server_invalid_state): 200 GET http://10.180.1.21/compute/v2.1/servers/9114d0a6-7df3-4e1b-88b2-a56a7d80cf4d 5.092s
2025-11-22 01:06:31.377 66349 INFO tempest.common.waiters [-] State transition "BUILD/scheduling" ==> "BUILD/None" after 38 second wait
2025-11-22 01:06:31.385 66369 INFO tempest.lib.common.rest_client [req-1f70ff82-584f-4a15-8a43-295b20ed5372 req-1f70ff82-584f-4a15-8a43-295b20ed5372 ] Request (FloatingIPsAssociationTestJSON:tearDownClass): 200 GET http://10.180.1.21/compute/v2.1/servers/dd3e6943-3700-4ce6-adea-7f6f96a6b764 4.975s
2025-11-22 01:06:31.390 66405 INFO tempest.lib.common.rest_client [req-4f57c1e4-2fff-4b49-a70d-b09201c20a93 req-4f57c1e4-2fff-4b49-a70d-b09201c20a93 ] Request (VolumesAssistedSnapshotsTest:tearDownClass): 204 DELETE http://10.180.1.21/networking/v2.0/networks/e5bc2e40-7e26-47fb-8c97-5c3dca0ce6ec 0.483s
2025-11-22 01:06:31.404 66367 INFO tempest.lib.common.rest_client [req-8c207949-cc55-4d64-b2fd-bde7763fcbba req-8c207949-cc55-4d64-b2fd-bde7763fcbba ] Request (DeleteServersTestJSON:test_delete_server_while_in_attached_volume): 200 GET http://10.180.1.21/volume/v3/volumes/5ec8b56a-8b6e-4335-80d4-7cb8da16d35e 0.040s
2025-11-22 01:06:31.467 66371 INFO tempest.lib.common.rest_client [req-b44423f5-2389-4c64-bc43-49104a8e285e req-b44423f5-2389-4c64-bc43-49104a8e285e ] Request (MigrationsAdminTest:test_resize_server_revert_deleted_flavor): 200 GET http://10.180.1.21/compute/v2.1/servers/972053aa-d68f-451e-a885-9dc2d0021697 4.966s
2025-11-22 01:06:31.480 66371 INFO tempest.common.waiters [-] State transition "BUILD/scheduling" ==> "BUILD/None" after 33 second wait
2025-11-22 01:06:31.491 66397 INFO tempest.lib.common.rest_client [req-3cfbada8-244d-4075-896f-f39848a090dd req-3cfbada8-244d-4075-896f-f39848a090dd ] Request (ServerDiagnosticsV248Test:tearDownClass): 200 GET http://10.180.1.21/compute/v2.1/servers/7f54e94e-d071-482c-a0ab-2c69ec8c8e6e 5.042s
2025-11-22 01:06:31.517 66353 INFO tempest.lib.common.rest_client [req-ace010d2-27af-455c-af47-da55ab7e4481 req-ace010d2-27af-455c-af47-da55ab7e4481 ] Request (ServersAdmin275Test:tearDownClass): 404 GET http://10.180.1.21/compute/v2.1/servers/89240694-9725-487b-9f9c-65ead2d4f6e7 4.903s
2025-11-22 01:06:31.523 66405 INFO tempest.lib.common.rest_client [req-6aa68947-331a-413c-bfa3-e8a3b128c154 req-6aa68947-331a-413c-bfa3-e8a3b128c154 ] Request (VolumesAssistedSnapshotsTest:tearDownClass): 204 DELETE http://10.180.1.21/identity/v3/users/3680df5cf206451ea850d1bafec15e71 0.133s
2025-11-22 01:06:31.559 66407 INFO tempest.lib.common.rest_client [req-3d8b3165-9742-4393-98ce-a01f5fa0761f req-3d8b3165-9742-4393-98ce-a01f5fa0761f ] Request (FloatingIPsAssociationNegativeTestJSON:tearDownClass): 200 GET http://10.180.1.21/compute/v2.1/servers/0bba2a88-4146-474a-bbf9-f253d23f52c7 4.989s
2025-11-22 01:06:31.583 66403 INFO tempest.lib.common.rest_client [req-28628158-b0ff-4dbb-9d56-621dee602288 req-28628158-b0ff-4dbb-9d56-621dee602288 ] Request (ImagesTestJSON:test_create_image_from_suspended_server): 200 GET http://10.180.1.21/compute/v2.1/servers/5742547e-0408-483d-91c7-fcf669549f34 4.940s
2025-11-22 01:06:31.652 66405 INFO tempest.lib.common.rest_client [req-4da982e0-701a-4315-b6ad-e29ed2168cbc req-4da982e0-701a-4315-b6ad-e29ed2168cbc ] Request (VolumesAssistedSnapshotsTest:tearDownClass): 204 DELETE http://10.180.1.21/identity/v3/users/df4b60a6621542a692d2c255c24811c7 0.128s
2025-11-22 01:06:31.671 66353 INFO tempest.lib.common.rest_client [req-24c44e64-e1a1-40dc-a145-221cba4bc776 req-24c44e64-e1a1-40dc-a145-221cba4bc776 ] Request (ServersAdmin275Test:tearDownClass): 204 DELETE http://10.180.1.21/identity/v3/users/9a8dbc72cf7e4bbd8a3a9a548daa8006 0.153s
2025-11-22 01:06:31.800 66405 INFO tempest.lib.common.rest_client [req-62644f64-0fa1-42ff-8bcf-3a06e24cf66e req-62644f64-0fa1-42ff-8bcf-3a06e24cf66e ] Request (VolumesAssistedSnapshotsTest:tearDownClass): 204 DELETE http://10.180.1.21/identity/v3/users/90e0d3dbdf234c2ba1e70cae4438ae5b 0.147s
2025-11-22 01:06:31.800 66405 INFO tempest.lib.common.dynamic_creds [-] Deleting project and security group for project: c935dca4a13c4be398244359d27d69e9
2025-11-22 01:06:31.807 66353 INFO tempest.lib.common.rest_client [req-a029f517-6ab9-4b41-b494-8760abc02002 req-a029f517-6ab9-4b41-b494-8760abc02002 ] Request (ServersAdmin275Test:tearDownClass): 204 DELETE http://10.180.1.21/identity/v3/users/0a801ff936234645a21f73523d214340 0.136s
2025-11-22 01:06:31.808 66353 INFO tempest.lib.common.dynamic_creds [-] Deleting project and security group for project: 53ac3c1d9c7949eaa9053f5e5efd6d9d
2025-11-22 01:06:31.839 66359 INFO tempest.lib.common.rest_client [req-559129ef-079a-4f37-bd4c-ae38e8bf9e56 req-559129ef-079a-4f37-bd4c-ae38e8bf9e56 ] Request (ServersNegativeTestJSON:setUpClass): 200 GET http://10.180.1.21/compute/v2.1/servers/263f731e-c4b8-4d71-8d0a-abf046caabf4 5.148s
2025-11-22 01:06:31.846 66359 INFO tempest.common.waiters [-] State transition "BUILD/networking" ==> "BUILD/spawning" after 59 second wait
2025-11-22 01:06:31.853 66405 INFO tempest.lib.common.rest_client [req-100beee7-6875-45e4-bbbb-08f58ce9e6dd req-100beee7-6875-45e4-bbbb-08f58ce9e6dd ] Request (VolumesAssistedSnapshotsTest:tearDownClass): 200 GET http://10.180.1.21/networking/v2.0/security-groups?tenant_id=c935dca4a13c4be398244359d27d69e9&name=default 0.052s
2025-11-22 01:06:31.861 66357 INFO tempest.lib.common.rest_client [req-48ab4e4b-9a50-4c41-935b-2ecfea840576 req-48ab4e4b-9a50-4c41-935b-2ecfea840576 ] Request (ServerAddressesNegativeTestJSON:setUpClass): 200 GET http://10.180.1.21/compute/v2.1/servers/1ff22713-ba6e-46f9-a0d2-4d24158972d1 5.121s
2025-11-22 01:06:31.872 66357 INFO tempest.common.waiters [-] State transition "BUILD/None" ==> "BUILD/spawning" after 58 second wait
2025-11-22 01:06:31.894 66353 INFO tempest.lib.common.rest_client [req-3172ebd8-add5-42d6-aebf-02aa677f6182 req-3172ebd8-add5-42d6-aebf-02aa677f6182 ] Request (ServersAdmin275Test:tearDownClass): 201 POST http://10.180.1.21/identity/v3/auth/tokens 0.086s
2025-11-22 01:06:31.951 66405 INFO tempest.lib.common.rest_client [req-7301fec9-0ee1-4f2e-83b4-6aa6aaf7e5a6 req-7301fec9-0ee1-4f2e-83b4-6aa6aaf7e5a6 ] Request (VolumesAssistedSnapshotsTest:tearDownClass): 204 DELETE http://10.180.1.21/networking/v2.0/security-groups/538220b1-c668-4243-b5bc-fedc1db47ac4 0.098s
2025-11-22 01:06:31.977 66395 INFO tempest.lib.common.rest_client [req-1a476ce7-93e5-49a7-be61-8ef4de416b0f req-1a476ce7-93e5-49a7-be61-8ef4de416b0f ] Request (AttachVolumeTestJSON:test_attach_detach_volume): 200 GET http://10.180.1.21/compute/v2.1/servers/26df9e7f-2318-4685-8e87-2db29001eb38 5.227s
2025-11-22 01:06:31.996 66383 INFO tempest.lib.common.rest_client [req-ea939147-69f0-4d47-8cb3-93eb7f39fd8d req-ea939147-69f0-4d47-8cb3-93eb7f39fd8d ] Request (ServersWithSpecificFlavorTestJSON:test_verify_created_server_ephemeral_disk): 200 GET http://10.180.1.21/compute/v2.1/servers/5cd9940f-2d1b-4f77-909a-e8e1c347dff3 5.198s
2025-11-22 01:06:32.033 66405 INFO tempest.lib.common.rest_client [req-d65b2000-982e-4535-9ab4-4c6a5c133b5d req-d65b2000-982e-4535-9ab4-4c6a5c133b5d ] Request (VolumesAssistedSnapshotsTest:tearDownClass): 204 DELETE http://10.180.1.21/identity/v3/projects/c935dca4a13c4be398244359d27d69e9 0.081s
2025-11-22 01:06:32.033 66405 INFO tempest.lib.common.dynamic_creds [-] Deleting project and security group for project: 7b8fdf4bd64f462b87079ea2fa26bbd3
2025-11-22 01:06:32.299 66353 INFO tempest.lib.common.rest_client [req-2d1ca029-23a3-434d-9fa8-6155e5c00755 req-2d1ca029-23a3-434d-9fa8-6155e5c00755 ] Request (ServersAdmin275Test:tearDownClass): 200 GET http://10.180.1.21/networking/v2.0/security-groups?tenant_id=53ac3c1d9c7949eaa9053f5e5efd6d9d&name=default 0.404s
2025-11-22 01:06:32.362 66387 INFO tempest.lib.common.rest_client [req-c8ad915e-c223-47ac-8f05-4803c857de36 req-c8ad915e-c223-47ac-8f05-4803c857de36 ] Request (AttachVolumeShelveTestJSON:test_attach_volume_shelved_or_offload_server): 200 GET http://10.180.1.21/compute/v2.1/servers/aee3654f-1d41-459c-b508-8f70044c7292 5.430s
2025-11-22 01:06:32.446 66367 INFO tempest.lib.common.rest_client [req-832f056f-ad01-4fc8-9102-d3765792880c req-832f056f-ad01-4fc8-9102-d3765792880c ] Request (DeleteServersTestJSON:test_delete_server_while_in_attached_volume): 200 GET http://10.180.1.21/volume/v3/volumes/5ec8b56a-8b6e-4335-80d4-7cb8da16d35e 0.029s
2025-11-22 01:06:32.453 66367 INFO tempest.common.waiters [-] volume 5ec8b56a-8b6e-4335-80d4-7cb8da16d35e reached available after waiting for 1.453864 seconds
2025-11-22 01:06:32.456 66405 INFO tempest.lib.common.rest_client [req-8d49ba58-cd5d-4a31-ad02-0757e2e29447 req-8d49ba58-cd5d-4a31-ad02-0757e2e29447 ] Request (VolumesAssistedSnapshotsTest:tearDownClass): 200 GET http://10.180.1.21/networking/v2.0/security-groups?tenant_id=7b8fdf4bd64f462b87079ea2fa26bbd3&name=default 0.422s
2025-11-22 01:06:32.545 66353 INFO tempest.lib.common.rest_client [req-744201b9-9754-4514-9740-203aba179df0 req-744201b9-9754-4514-9740-203aba179df0 ] Request (ServersAdmin275Test:tearDownClass): 204 DELETE http://10.180.1.21/networking/v2.0/security-groups/12ad9459-670d-4335-af4e-3491b2445863 0.245s
2025-11-22 01:06:32.586 66365 INFO tempest.lib.common.rest_client [req-111621b7-19bd-4b81-b02e-2d559734570d req-111621b7-19bd-4b81-b02e-2d559734570d ] Request (AttachInterfacesV270Test:test_create_get_list_interfaces): 200 GET http://10.180.1.21/compute/v2.1/servers/bba6410d-020c-424f-88b1-1e01f8e1e1cd 5.155s
2025-11-22 01:06:32.609 66355 INFO tempest.lib.common.rest_client [req-c971a2ab-08a2-41e8-ae52-4f3fd19bbb7f req-c971a2ab-08a2-41e8-ae52-4f3fd19bbb7f ] Request (ServersTestJSON:setUpClass): 200 GET http://10.180.1.21/compute/v2.1/servers/de384249-b9c6-4b50-b965-d47f483fa1fb 5.509s
2025-11-22 01:06:32.620 66353 INFO tempest.lib.common.rest_client [req-b8b9d8d3-9bfe-4d3c-89fc-3183bd4c3db5 req-b8b9d8d3-9bfe-4d3c-89fc-3183bd4c3db5 ] Request (ServersAdmin275Test:tearDownClass): 204 DELETE http://10.180.1.21/identity/v3/projects/53ac3c1d9c7949eaa9053f5e5efd6d9d 0.075s
2025-11-22 01:06:32.620 66353 INFO tempest.lib.common.dynamic_creds [-] Deleting project and security group for project: dea706c9a7024fe38f41911d49e80954
2025-11-22 01:06:32.626 66345 INFO tempest.lib.common.rest_client [req-7dc4b62d-fbb5-46a0-8527-c08cc763ff8c req-7dc4b62d-fbb5-46a0-8527-c08cc763ff8c ] Request (ListImageFiltersTestJSON:setUpClass): 200 GET http://10.180.1.21/compute/v2.1/images/085f7712-9e91-40de-b15f-96481e1c4bf8 5.105s
2025-11-22 01:06:32.690 66405 INFO tempest.lib.common.rest_client [req-3de600aa-bc75-46c8-a8a0-1d3ae9e346d6 req-3de600aa-bc75-46c8-a8a0-1d3ae9e346d6 ] Request (VolumesAssistedSnapshotsTest:tearDownClass): 204 DELETE http://10.180.1.21/networking/v2.0/security-groups/2a80aefc-cdc5-4c54-8f92-ece184915602 0.233s
2025-11-22 01:06:32.797 66405 INFO tempest.lib.common.rest_client [req-e51c08bf-2cfb-4469-af9c-548f802cb55b req-e51c08bf-2cfb-4469-af9c-548f802cb55b ] Request (VolumesAssistedSnapshotsTest:tearDownClass): 204 DELETE http://10.180.1.21/identity/v3/projects/7b8fdf4bd64f462b87079ea2fa26bbd3 0.107s
2025-11-22 01:06:32.797 66405 INFO tempest.lib.common.dynamic_creds [-] Deleting project and security group for project: 30de3ed5ad1a4028bf6381eff4ab16fd
2025-11-22 01:06:32.826 66353 INFO tempest.lib.common.rest_client [req-b36dfde1-7f94-489f-9ae5-2b98edf3c25a req-b36dfde1-7f94-489f-9ae5-2b98edf3c25a ] Request (ServersAdmin275Test:tearDownClass): 200 GET http://10.180.1.21/networking/v2.0/security-groups?tenant_id=dea706c9a7024fe38f41911d49e80954&name=default 0.206s
2025-11-22 01:06:32.832 66391 INFO tempest.lib.common.rest_client [req-72c3be18-0168-46e4-b42e-1944922264d2 req-72c3be18-0168-46e4-b42e-1944922264d2 ] Request (ServersAdminTestJSON:test_inject_network_info): 202 POST http://10.180.1.21/compute/v2.1/servers/05c247fb-8454-4fc0-8584-b96faddfa027/action 4.042s
2025-11-22 01:06:32.847 66347 INFO tempest.lib.common.rest_client [req-b48c4d27-8fb1-403f-9a69-58c1354008c1 req-b48c4d27-8fb1-403f-9a69-58c1354008c1 ] Request (AttachInterfacesTestJSON:_run_cleanups): 200 GET http://10.180.1.21/compute/v2.1/servers/366efe2e-f316-4897-bc6f-3c252a0d3a77 4.949s
2025-11-22 01:06:32.854 66347 INFO tempest.common.waiters [-] State transition "ACTIVE/deleting" ==> "DELETED/None" after 6 second wait
2025-11-22 01:06:32.889 66401 INFO tempest.lib.common.rest_client [req-c21fa062-ebe8-429c-842e-86174e4c655c req-c21fa062-ebe8-429c-842e-86174e4c655c ] Request (MultipleCreateTestJSON:test_multiple_create_with_reservation_return): 200 GET http://10.180.1.21/compute/v2.1/servers 3.956s
2025-11-22 01:06:32.903 66405 INFO tempest.lib.common.rest_client [req-21755dc2-9e68-4e77-9fcb-8ff8fcbd4eb2 req-21755dc2-9e68-4e77-9fcb-8ff8fcbd4eb2 ] Request (VolumesAssistedSnapshotsTest:tearDownClass): 200 GET http://10.180.1.21/networking/v2.0/security-groups?tenant_id=30de3ed5ad1a4028bf6381eff4ab16fd&name=default 0.105s
2025-11-22 01:06:33.003 66353 INFO tempest.lib.common.rest_client [req-08610363-d40a-4228-9bef-910d80ee3d21 req-08610363-d40a-4228-9bef-910d80ee3d21 ] Request (ServersAdmin275Test:tearDownClass): 204 DELETE http://10.180.1.21/networking/v2.0/security-groups/584d0b44-0002-49c7-8ffd-92da74468d96 0.177s
2025-11-22 01:06:33.032 66377 INFO tempest.lib.common.rest_client [req-cf9b1e17-a447-41e2-88c1-cc41adf22b45 req-cf9b1e17-a447-41e2-88c1-cc41adf22b45 ] Request (AttachVolumeNegativeTest:test_attach_attached_volume_to_different_server): 200 GET http://10.180.1.21/compute/v2.1/servers/7eef72de-cc46-43bb-9ad8-09834fe6018e 3.868s
2025-11-22 01:06:33.148 66353 INFO tempest.lib.common.rest_client [req-6ed5e7ac-092b-45de-8dfc-8aa603f60829 req-6ed5e7ac-092b-45de-8dfc-8aa603f60829 ] Request (ServersAdmin275Test:tearDownClass): 204 DELETE http://10.180.1.21/identity/v3/projects/dea706c9a7024fe38f41911d49e80954 0.144s
2025-11-22 01:06:33.165 66405 INFO tempest.lib.common.rest_client [req-85d958ab-e0f0-4be7-8f88-a585fdc059b6 req-85d958ab-e0f0-4be7-8f88-a585fdc059b6 ] Request (VolumesAssistedSnapshotsTest:tearDownClass): 204 DELETE http://10.180.1.21/networking/v2.0/security-groups/371ce54a-8947-4d2e-b101-d5493de5e909 0.261s
2025-11-22 01:06:33.190 66351 INFO tempest.lib.common.rest_client [req-5d195fb0-7e85-43f6-999d-06937b6d9dff req-5d195fb0-7e85-43f6-999d-06937b6d9dff ] Request (ServersTestBootFromVolume:setUpClass): 200 GET http://10.180.1.21/compute/v2.1/servers/b60575ad-4405-487a-897c-0bf15d3ac7ee 2.860s
2025-11-22 01:06:33.203 66363 INFO tempest.lib.common.rest_client [req-df4a29d9-a9d0-4af4-9389-a3ea597c6c9f req-df4a29d9-a9d0-4af4-9389-a3ea597c6c9f ] Request (ServerActionsTestOtherB:setUpClass): 200 GET http://10.180.1.21/compute/v2.1/servers/4dbbadd0-b2be-43d1-9374-f7bdf6e8e79f 2.138s
2025-11-22 01:06:33.227 66353 INFO tempest.lib.common.rest_client [req-160cc709-06da-466b-9287-e5d384277528 req-160cc709-06da-466b-9287-e5d384277528 ] Request (FlavorsV2NegativeTest:setUpClass): 201 POST http://10.180.1.21/identity/v3/auth/tokens 0.077s
2025-11-22 01:06:33.267 66353 INFO tempest.lib.common.rest_client [req-c03e0b52-35b4-4499-b36e-88c697025573 req-c03e0b52-35b4-4499-b36e-88c697025573 ] Request (FlavorsV2NegativeTest:setUpClass): 201 POST http://10.180.1.21/identity/v3/auth/tokens 0.038s
2025-11-22 01:06:33.312 66405 INFO tempest.lib.common.rest_client [req-998bed7d-6e7f-4a5f-9f5d-26400cbd6281 req-998bed7d-6e7f-4a5f-9f5d-26400cbd6281 ] Request (VolumesAssistedSnapshotsTest:tearDownClass): 204 DELETE http://10.180.1.21/identity/v3/projects/30de3ed5ad1a4028bf6381eff4ab16fd 0.147s
2025-11-22 01:06:33.325 66399 INFO tempest.lib.common.rest_client [req-af4dad3d-4ecb-449a-9155-efc305e0cbfe req-af4dad3d-4ecb-449a-9155-efc305e0cbfe ] Request (VolumesAdminNegativeTest:tearDownClass): 200 GET http://10.180.1.21/compute/v2.1/servers/2541a954-5cad-4000-aa3e-d8205890e035 2.171s
2025-11-22 01:06:33.338 66376 INFO tempest.lib.common.rest_client [req-3ce50ceb-0642-4e5c-bfd2-51dd1e2e357a req-3ce50ceb-0642-4e5c-bfd2-51dd1e2e357a ] Request (ListServersNegativeTestJSON:tearDownClass): 200 GET http://10.180.1.21/compute/v2.1/servers/d3ae5dbe-cdab-4e3e-92e6-0c7ca6a547bb 1.616s
2025-11-22 01:06:33.339 66353 INFO tempest.lib.common.rest_client [req-baf9727c-a7d2-4ae6-8060-e51de3215527 req-baf9727c-a7d2-4ae6-8060-e51de3215527 ] Request (FlavorsV2NegativeTest:setUpClass): 200 GET http://10.180.1.21/identity/v3/domains?name=Default 0.071s
2025-11-22 01:06:33.351 66405 INFO tempest.lib.common.rest_client [req-cbb28b56-95a1-400f-bd64-b1f489ece7b2 req-cbb28b56-95a1-400f-bd64-b1f489ece7b2 ] Request (ImagesMetadataTestJSON:setUpClass): 201 POST http://10.180.1.21/identity/v3/auth/tokens 0.037s
2025-11-22 01:06:33.379 66353 INFO tempest.lib.common.rest_client [req-2dbcd596-1b45-4591-9eee-90bc3a21a885 req-2dbcd596-1b45-4591-9eee-90bc3a21a885 ] Request (FlavorsV2NegativeTest:setUpClass): 201 POST http://10.180.1.21/identity/v3/projects 0.039s
2025-11-22 01:06:33.426 66405 INFO tempest.lib.common.rest_client [req-bb91ecc4-a0b9-41d2-8251-0611d0d7ca91 req-bb91ecc4-a0b9-41d2-8251-0611d0d7ca91 ] Request (ImagesMetadataTestJSON:setUpClass): 201 POST http://10.180.1.21/identity/v3/auth/tokens 0.072s
2025-11-22 01:06:33.433 66361 INFO tempest.lib.common.rest_client [req-b568b15b-85b2-4818-8508-1cc4dbd26307 req-b568b15b-85b2-4818-8508-1cc4dbd26307 ] Request (ServersTestFqdnHostnames:test_create_server_with_fqdn_name): 200 GET http://10.180.1.21/compute/v2.1/servers/0597cdeb-a745-4d60-81b3-2da38008bff5 1.256s
2025-11-22 01:06:33.437 66353 INFO tempest.lib.common.rest_client [req-5ceea00a-85c0-4023-9fa3-76b2acb96a95 req-5ceea00a-85c0-4023-9fa3-76b2acb96a95 ] Request (FlavorsV2NegativeTest:setUpClass): 201 POST http://10.180.1.21/identity/v3/users 0.057s
2025-11-22 01:06:33.454 66405 INFO tempest.lib.common.rest_client [req-ee180c07-0df5-4572-a8b1-3cc901165ce8 req-ee180c07-0df5-4572-a8b1-3cc901165ce8 ] Request (ImagesMetadataTestJSON:setUpClass): 200 GET http://10.180.1.21/identity/v3/domains?name=Default 0.028s
2025-11-22 01:06:33.459 66353 INFO tempest.lib.common.rest_client [req-fa303993-941e-411a-95de-1c86081abdd5 req-fa303993-941e-411a-95de-1c86081abdd5 ] Request (FlavorsV2NegativeTest:setUpClass): 200 GET http://10.180.1.21/identity/v3/roles 0.020s
2025-11-22 01:06:33.484 66405 INFO tempest.lib.common.rest_client [req-76c16640-83f6-4d83-9a9d-f3b51ccc6123 req-76c16640-83f6-4d83-9a9d-f3b51ccc6123 ] Request (ImagesMetadataTestJSON:setUpClass): 201 POST http://10.180.1.21/identity/v3/projects 0.029s
2025-11-22 01:06:33.488 66353 INFO tempest.lib.common.rest_client [req-283ffe94-8053-4af5-8bde-b6fc2b38475a req-283ffe94-8053-4af5-8bde-b6fc2b38475a ] Request (FlavorsV2NegativeTest:setUpClass): 204 PUT http://10.180.1.21/identity/v3/projects/eaba7adb79a448b38febef34618b0926/users/ff2e29116cb44befa3ae4b30228ba16e/roles/351c3b8c01534fffbc18c4bcb86b7193 0.029s
2025-11-22 01:06:33.488 66353 INFO tempest.lib.common.dynamic_creds [-] Dynamic test user ff2e29116cb44befa3ae4b30228ba16e is created with scope project and roles: ['member']
2025-11-22 01:06:33.489 66353 INFO tempest.lib.common.dynamic_creds [-] Acquired dynamic creds: credentials: Credentials: {'domain_id': 'default', 'domain_name': 'Default', 'username': 'tempest-FlavorsV2NegativeTest-1414727888-project-member', 'project_domain_id': 'default', 'project_domain_name': 'Default', 'project_id': 'eaba7adb79a448b38febef34618b0926', 'project_name': 'tempest-FlavorsV2NegativeTest-1414727888', 'tenant_id': 'eaba7adb79a448b38febef34618b0926', 'tenant_name': 'tempest-FlavorsV2NegativeTest-1414727888', 'user_domain_id': 'default', 'user_domain_name': 'Default', 'user_id': 'ff2e29116cb44befa3ae4b30228ba16e', 'system': None}, Network: None, Subnet: None, Router: None
2025-11-22 01:06:33.489 66353 INFO tempest.lib.common.dynamic_creds [-] Created isolated network resources for: credentials: Credentials: {'domain_id': 'default', 'domain_name': 'Default', 'username': 'tempest-FlavorsV2NegativeTest-1414727888-project-member', 'project_domain_id': 'default', 'project_domain_name': 'Default', 'project_id': 'eaba7adb79a448b38febef34618b0926', 'project_name': 'tempest-FlavorsV2NegativeTest-1414727888', 'tenant_id': 'eaba7adb79a448b38febef34618b0926', 'tenant_name': 'tempest-FlavorsV2NegativeTest-1414727888', 'user_domain_id': 'default', 'user_domain_name': 'Default', 'user_id': 'ff2e29116cb44befa3ae4b30228ba16e', 'system': None}, Network: None, Subnet: None, Router: None
2025-11-22 01:06:33.560 66393 INFO tempest.lib.common.rest_client [req-f5ee4670-80f7-47f7-b40b-d914de14d9a6 req-f5ee4670-80f7-47f7-b40b-d914de14d9a6 ] Request (ServersNegativeTestMultiTenantJSON:setUpClass): 200 GET http://10.180.1.21/compute/v2.1/servers/413343d6-be94-4a90-842a-b90da07545b0 1.321s
2025-11-22 01:06:33.612 66405 INFO tempest.lib.common.rest_client [req-1ca31325-4ac0-40de-bf18-9187380bfece req-1ca31325-4ac0-40de-bf18-9187380bfece ] Request (ImagesMetadataTestJSON:setUpClass): 201 POST http://10.180.1.21/identity/v3/users 0.127s
2025-11-22 01:06:33.619 66373 INFO tempest.lib.common.rest_client [req-a2c707e0-c1d4-47b1-84ee-8f6ce4bfc488 req-a2c707e0-c1d4-47b1-84ee-8f6ce4bfc488 ] Request (ServerActionsV293TestJSON:setUpClass): 200 GET http://10.180.1.21/compute/v2.1/servers/91dee4dc-6a2c-41f1-8c12-74f76422d62c 1.456s
2025-11-22 01:06:33.633 66373 INFO tempest.common.waiters [-] State transition "BUILD/networking" ==> "BUILD/block_device_mapping" after 59 second wait
2025-11-22 01:06:33.638 66353 INFO tempest.lib.common.rest_client [req-9df17221-6643-44eb-9f60-9f8c1ff015f8 req-9df17221-6643-44eb-9f60-9f8c1ff015f8 ] Request (FlavorsV2NegativeTest:setUpClass): 201 POST http://10.180.1.21/identity/v3/auth/tokens 0.145s
2025-11-22 01:06:33.648 66405 INFO tempest.lib.common.rest_client [req-69789941-6856-477a-9ac0-73911b153a01 req-69789941-6856-477a-9ac0-73911b153a01 ] Request (ImagesMetadataTestJSON:setUpClass): 200 GET http://10.180.1.21/identity/v3/roles 0.035s
2025-11-22 01:06:33.652 66379 INFO tempest.lib.common.rest_client [req-dff5b79c-0b18-4717-971a-c5dd8bd187ff req-dff5b79c-0b18-4717-971a-c5dd8bd187ff ] Request (ServerShowV247Test:tearDownClass): 200 GET http://10.180.1.21/compute/v2.1/servers/87289050-39c0-4b48-8122-eecae9a077f8 1.383s
2025-11-22 01:06:33.686 66405 INFO tempest.lib.common.rest_client [req-dd3ff735-bbdc-4338-b4a9-ee167d1840c2 req-dd3ff735-bbdc-4338-b4a9-ee167d1840c2 ] Request (ImagesMetadataTestJSON:setUpClass): 204 PUT http://10.180.1.21/identity/v3/projects/16ec7fe783044e328d8fad81a0543ac9/users/20c13755088b423981e1bb23618f4465/roles/351c3b8c01534fffbc18c4bcb86b7193 0.038s
2025-11-22 01:06:33.687 66405 INFO tempest.lib.common.dynamic_creds [-] Dynamic test user 20c13755088b423981e1bb23618f4465 is created with scope project and roles: ['member']
2025-11-22 01:06:33.687 66405 INFO tempest.lib.common.dynamic_creds [-] Acquired dynamic creds: credentials: Credentials: {'domain_id': 'default', 'domain_name': 'Default', 'username': 'tempest-ImagesMetadataTestJSON-890551995-project-member', 'project_domain_id': 'default', 'project_domain_name': 'Default', 'project_id': '16ec7fe783044e328d8fad81a0543ac9', 'project_name': 'tempest-ImagesMetadataTestJSON-890551995', 'tenant_id': '16ec7fe783044e328d8fad81a0543ac9', 'tenant_name': 'tempest-ImagesMetadataTestJSON-890551995', 'user_domain_id': 'default', 'user_domain_name': 'Default', 'user_id': '20c13755088b423981e1bb23618f4465', 'system': None}, Network: None, Subnet: None, Router: None
2025-11-22 01:06:33.687 66405 INFO tempest.lib.common.dynamic_creds [-] Created isolated network resources for: credentials: Credentials: {'domain_id': 'default', 'domain_name': 'Default', 'username': 'tempest-ImagesMetadataTestJSON-890551995-project-member', 'project_domain_id': 'default', 'project_domain_name': 'Default', 'project_id': '16ec7fe783044e328d8fad81a0543ac9', 'project_name': 'tempest-ImagesMetadataTestJSON-890551995', 'tenant_id': '16ec7fe783044e328d8fad81a0543ac9', 'tenant_name': 'tempest-ImagesMetadataTestJSON-890551995', 'user_domain_id': 'default', 'user_domain_name': 'Default', 'user_id': '20c13755088b423981e1bb23618f4465', 'system': None}, Network: None, Subnet: None, Router: None
2025-11-22 01:06:33.690 66349 INFO tempest.lib.common.rest_client [req-c7640cbb-310b-4f1a-a023-dd2b850d14f2 req-c7640cbb-310b-4f1a-a023-dd2b850d14f2 ] Request (ServersAdminNegativeTestJSON:test_migrate_server_invalid_state): 200 GET http://10.180.1.21/compute/v2.1/servers/9114d0a6-7df3-4e1b-88b2-a56a7d80cf4d 1.311s
2025-11-22 01:06:33.754 66369 INFO tempest.lib.common.rest_client [req-6e2bd419-80ba-4479-9fc0-c054a2f3ca29 req-6e2bd419-80ba-4479-9fc0-c054a2f3ca29 ] Request (FloatingIPsAssociationTestJSON:tearDownClass): 200 GET http://10.180.1.21/compute/v2.1/servers/dd3e6943-3700-4ce6-adea-7f6f96a6b764 1.355s
2025-11-22 01:06:33.808 66405 INFO tempest.lib.common.rest_client [req-d5c833df-3682-45ca-969f-d6b2b8eb81e5 req-d5c833df-3682-45ca-969f-d6b2b8eb81e5 ] Request (ImagesMetadataTestJSON:setUpClass): 201 POST http://10.180.1.21/identity/v3/auth/tokens 0.114s
2025-11-22 01:06:33.823 66371 INFO tempest.lib.common.rest_client [req-0091e058-2fa7-4861-a610-42110887c780 req-0091e058-2fa7-4861-a610-42110887c780 ] Request (MigrationsAdminTest:test_resize_server_revert_deleted_flavor): 200 GET http://10.180.1.21/compute/v2.1/servers/972053aa-d68f-451e-a885-9dc2d0021697 1.342s
2025-11-22 01:06:33.898 66397 INFO tempest.lib.common.rest_client [req-906fd370-5244-4f3c-8e58-32e64deeac01 req-906fd370-5244-4f3c-8e58-32e64deeac01 ] Request (ServerDiagnosticsV248Test:tearDownClass): 200 GET http://10.180.1.21/compute/v2.1/servers/7f54e94e-d071-482c-a0ab-2c69ec8c8e6e 1.395s
2025-11-22 01:06:33.961 66407 INFO tempest.lib.common.rest_client [req-5d345cc7-5a5f-43d5-a4d8-228bbbf50223 req-5d345cc7-5a5f-43d5-a4d8-228bbbf50223 ] Request (FloatingIPsAssociationNegativeTestJSON:tearDownClass): 200 GET http://10.180.1.21/compute/v2.1/servers/0bba2a88-4146-474a-bbf9-f253d23f52c7 1.389s
2025-11-22 01:06:34.015 66403 INFO tempest.lib.common.rest_client [req-dd1f36b6-c17b-43ee-b1ce-de7bfb558d8f req-dd1f36b6-c17b-43ee-b1ce-de7bfb558d8f ] Request (ImagesTestJSON:test_create_image_from_suspended_server): 200 GET http://10.180.1.21/compute/v2.1/servers/5742547e-0408-483d-91c7-fcf669549f34 1.423s
2025-11-22 01:06:34.081 66391 INFO tempest.lib.common.rest_client [req-f7f818a9-47ef-4b88-8fd9-5fa55f0d7110 req-f7f818a9-47ef-4b88-8fd9-5fa55f0d7110 ] Request (ServersAdminTestJSON:test_list_servers_by_admin): 200 GET http://10.180.1.21/compute/v2.1/servers/detail 1.248s
2025-11-22 01:06:34.213 66359 INFO tempest.lib.common.rest_client [req-c0d4a71d-09bd-49b1-ad14-561105fe6f11 req-c0d4a71d-09bd-49b1-ad14-561105fe6f11 ] Request (ServersNegativeTestJSON:setUpClass): 200 GET http://10.180.1.21/compute/v2.1/servers/263f731e-c4b8-4d71-8d0a-abf046caabf4 1.365s
2025-11-22 01:06:34.297 66405 INFO tempest.lib.common.rest_client [req-89d301bc-0806-4697-8d13-f6d30631ae86 req-89d301bc-0806-4697-8d13-f6d30631ae86 ] Request (ImagesMetadataTestJSON:setUpClass): 201 POST http://10.180.1.21/image/v2/images 0.487s
2025-11-22 01:06:34.366 66357 INFO tempest.lib.common.rest_client [req-f266df4e-438d-448f-bdbf-5ba9c7baab19 req-f266df4e-438d-448f-bdbf-5ba9c7baab19 ] Request (ServerAddressesNegativeTestJSON:setUpClass): 200 GET http://10.180.1.21/compute/v2.1/servers/1ff22713-ba6e-46f9-a0d2-4d24158972d1 1.493s
2025-11-22 01:06:34.441 66401 INFO tempest.lib.common.rest_client [req-9da45c2d-2a8d-4ade-9921-7c4ed3c438de req-9da45c2d-2a8d-4ade-9921-7c4ed3c438de ] Request (MultipleCreateTestJSON:test_multiple_create_with_reservation_return): 200 GET http://10.180.1.21/compute/v2.1/servers/18749170-a6f8-4a0d-a00c-5748f1753a08 1.550s
2025-11-22 01:06:34.498 66395 INFO tempest.lib.common.rest_client [req-4a93b35f-c8aa-4690-999c-e2990b67d042 req-4a93b35f-c8aa-4690-999c-e2990b67d042 ] Request (AttachVolumeTestJSON:test_attach_detach_volume): 200 GET http://10.180.1.21/compute/v2.1/servers/26df9e7f-2318-4685-8e87-2db29001eb38 1.512s
2025-11-22 01:06:34.506 66395 INFO tempest.common.waiters [-] State transition "BUILD/scheduling" ==> "BUILD/None" after 32 second wait
2025-11-22 01:06:34.584 66383 INFO tempest.lib.common.rest_client [req-086ba6f0-968e-4c79-b0f1-e0f6b26e457c req-086ba6f0-968e-4c79-b0f1-e0f6b26e457c ] Request (ServersWithSpecificFlavorTestJSON:test_verify_created_server_ephemeral_disk): 200 GET http://10.180.1.21/compute/v2.1/servers/5cd9940f-2d1b-4f77-909a-e8e1c347dff3 1.578s
2025-11-22 01:06:34.656 66387 INFO tempest.lib.common.rest_client [req-c69ba9ba-592f-4014-adb2-abd7435558ec req-c69ba9ba-592f-4014-adb2-abd7435558ec ] Request (AttachVolumeShelveTestJSON:test_attach_volume_shelved_or_offload_server): 200 GET http://10.180.1.21/compute/v2.1/servers/aee3654f-1d41-459c-b508-8f70044c7292 1.284s
2025-11-22 01:06:34.753 66365 INFO tempest.lib.common.rest_client [req-2c6e513d-679c-4166-81b5-276e526f0728 req-2c6e513d-679c-4166-81b5-276e526f0728 ] Request (AttachInterfacesV270Test:test_create_get_list_interfaces): 200 GET http://10.180.1.21/compute/v2.1/servers/bba6410d-020c-424f-88b1-1e01f8e1e1cd 1.156s
2025-11-22 01:06:34.882 66355 INFO tempest.lib.common.rest_client [req-908cdf1f-d4ba-4fc1-8c3e-7820f73ae3e4 req-908cdf1f-d4ba-4fc1-8c3e-7820f73ae3e4 ] Request (ServersTestJSON:setUpClass): 200 GET http://10.180.1.21/compute/v2.1/servers/de384249-b9c6-4b50-b965-d47f483fa1fb 1.264s
2025-11-22 01:06:34.899 66355 INFO tempest.common.waiters [-] State transition "BUILD/spawning" ==> "ACTIVE/None" after 63 second wait
2025-11-22 01:06:35.012 66405 INFO tempest.lib.common.rest_client [req-8ac34c83-9159-44c2-a302-5b07ee563589 req-8ac34c83-9159-44c2-a302-5b07ee563589 ] Request (ImagesMetadataTestJSON:setUpClass): 204 PUT http://10.180.1.21/image/v2/images/3fa5d125-b704-4517-871b-b48ed856ca51/file 0.714s
2025-11-22 01:06:35.042 66345 INFO tempest.lib.common.rest_client [req-d55e4424-6cb6-47b3-8b31-1b1f20332c7f req-d55e4424-6cb6-47b3-8b31-1b1f20332c7f ] Request (ListImageFiltersTestJSON:setUpClass): 200 GET http://10.180.1.21/compute/v2.1/images/085f7712-9e91-40de-b15f-96481e1c4bf8 1.412s
2025-11-22 01:06:35.176 66353 INFO tempest.lib.common.rest_client [req-4542643a-1f24-4422-8e8b-86ca8aaab20d req-4542643a-1f24-4422-8e8b-86ca8aaab20d ] Request (FlavorsV2NegativeTest:test_boot_with_low_ram): 200 GET http://10.180.1.21/compute/v2.1/flavors/42 1.534s
2025-11-22 01:06:35.254 66347 INFO tempest.lib.common.rest_client [req-4a09e047-258c-49d6-817c-0530436232a7 req-4a09e047-258c-49d6-817c-0530436232a7 ] Request (AttachInterfacesTestJSON:_run_cleanups): 200 GET http://10.180.1.21/compute/v2.1/servers/366efe2e-f316-4897-bc6f-3c252a0d3a77 1.399s
2025-11-22 01:06:35.308 66377 INFO tempest.lib.common.rest_client [req-f8a52c1e-0955-4203-b8cd-37b9747585cb req-f8a52c1e-0955-4203-b8cd-37b9747585cb ] Request (AttachVolumeNegativeTest:test_attach_attached_volume_to_different_server): 200 GET http://10.180.1.21/compute/v2.1/servers/7eef72de-cc46-43bb-9ad8-09834fe6018e 1.266s
2025-11-22 01:06:35.359 66367 INFO tempest.lib.common.rest_client [req-78ba2a39-851c-4e23-8d79-a35a2064e174 req-78ba2a39-851c-4e23-8d79-a35a2064e174 ] Request (DeleteServersTestJSON:test_delete_server_while_in_attached_volume): 200 POST http://10.180.1.21/compute/v2.1/servers/c0deef47-2926-4884-abd2-1c7e607bc74f/os-volume_attachments 2.905s
2025-11-22 01:06:35.400 66367 INFO tempest.lib.common.rest_client [req-5ea89c5c-a852-4251-8f39-273fd59ee83e req-5ea89c5c-a852-4251-8f39-273fd59ee83e ] Request (DeleteServersTestJSON:test_delete_server_while_in_attached_volume): 200 GET http://10.180.1.21/volume/v3/volumes/5ec8b56a-8b6e-4335-80d4-7cb8da16d35e 0.038s
2025-11-22 01:06:35.417 66351 INFO tempest.lib.common.rest_client [req-709a0921-7405-403a-94ac-28a278ada062 req-709a0921-7405-403a-94ac-28a278ada062 ] Request (ServersTestBootFromVolume:setUpClass): 200 GET http://10.180.1.21/compute/v2.1/servers/b60575ad-4405-487a-897c-0bf15d3ac7ee 1.219s
2025-11-22 01:06:35.473 66363 INFO tempest.lib.common.rest_client [req-8576ac93-118e-463e-9a5d-0825bd186515 req-8576ac93-118e-463e-9a5d-0825bd186515 ] Request (ServerActionsTestOtherB:setUpClass): 200 GET http://10.180.1.21/compute/v2.1/servers/4dbbadd0-b2be-43d1-9374-f7bdf6e8e79f 1.261s
