2025-11-14 02:38:47.214 66078 INFO tempest.lib.common.rest_client [req-bed3cb7c-e4d9-46f5-8d22-5608cbf50894 req-bed3cb7c-e4d9-46f5-8d22-5608cbf50894 ] Request (ServerMetadataNegativeTestJSON:setUpClass): 201 POST http://10.180.1.21/identity/v3/auth/tokens 0.074s
2025-11-14 02:38:47.215 66078 WARNING tempest.lib.common.rest_client [-] Deprecated: "tenant_id" property is deprecated for removal, use "project_id" instead
2025-11-14 02:38:47.251 66072 INFO tempest.lib.common.rest_client [req-8082abc7-a9f0-42ed-91db-e39b2022879f req-8082abc7-a9f0-42ed-91db-e39b2022879f ] Request (HypervisorAdminV253TestBase:test_list_show_detail_hypervisors): 200 GET http://10.180.1.21/compute/v2.1/os-hypervisors/detail?with_servers=True 3.253s
2025-11-14 02:38:47.253 66078 INFO tempest.lib.common.rest_client [req-a08f2271-eb0f-4353-b9ba-d67768d4d4b3 req-a08f2271-eb0f-4353-b9ba-d67768d4d4b3 ] Request (ServerMetadataNegativeTestJSON:setUpClass): 201 POST http://10.180.1.21/identity/v3/auth/tokens 0.031s
2025-11-14 02:38:47.253 66078 INFO tempest.lib.common.fixed_network [-] (ServerMetadataNegativeTestJSON:setUpClass) Found network {'id': '4c1525a7-88be-416d-804f-f10b60385c3d', 'name': 'tempest-ServerMetadataNegativeTestJSON-794605089-network', 'tenant_id': 'f6f3ddae09ab4def8993465fa35f5073', 'project_id': 'f6f3ddae09ab4def8993465fa35f5073', 'admin_state_up': True, 'mtu': 8950, 'status': 'ACTIVE', 'subnets': [], 'shared': False, 'port_security_enabled': True, 'router:external': False, 'provider:network_type': 'vlan', 'provider:physical_network': 'default', 'provider:segmentation_id': 78, 'availability_zone_hints': [], 'availability_zones': [], 'ipv4_address_scope': None, 'ipv6_address_scope': None, 'description': '', 'tags': [], 'created_at': '2025-11-14T02:38:43Z', 'updated_at': '2025-11-14T02:38:43Z', 'revision_number': 1} available for tenant
2025-11-14 02:38:47.355 66044 INFO tempest.lib.common.rest_client [req-b5d80d82-f5f4-48de-86c4-e02e09ee0c84 req-b5d80d82-f5f4-48de-86c4-e02e09ee0c84 ] Request (FlavorsV255TestJSON:test_crud_flavor): 200 POST http://10.180.1.21/compute/v2.1/flavors 3.238s
2025-11-14 02:38:47.438 66036 INFO tempest.lib.common.rest_client [req-e9548cef-9ccf-4d17-8af0-a4d5193d0bc6 req-e9548cef-9ccf-4d17-8af0-a4d5193d0bc6 ] Request (FlavorsExtraSpecsNegativeTestJSON:setUpClass): 200 POST http://10.180.1.21/compute/v2.1/flavors 3.115s
2025-11-14 02:38:47.496 66086 INFO tempest.lib.common.rest_client [req-3324820e-f00c-42fb-bf50-d9a7a2d2cccd req-3324820e-f00c-42fb-bf50-d9a7a2d2cccd ] Request (ServerActionsTestJSON:setUpClass): 200 PUT http://10.180.1.21/networking/v2.0/routers/3898aa25-d951-4fc6-bb11-294650c1e3ef/add_router_interface 1.094s
2025-11-14 02:38:47.496 66086 INFO tempest.lib.common.dynamic_creds [-] Created isolated network resources for: credentials: Credentials: {'domain_id': 'default', 'domain_name': 'Default', 'username': 'tempest-ServerActionsTestJSON-1078547311-project-member', 'project_domain_id': 'default', 'project_domain_name': 'Default', 'project_id': '78d2b5046d3c4de593c525e116690fe1', 'project_name': 'tempest-ServerActionsTestJSON-1078547311', 'tenant_id': '78d2b5046d3c4de593c525e116690fe1', 'tenant_name': 'tempest-ServerActionsTestJSON-1078547311', 'user_domain_id': 'default', 'user_domain_name': 'Default', 'user_id': '4e03ed29b52c43f59e0a939fe43cbaf2', 'system': None}, Network: {'id': '52104915-b12a-4c05-be2b-7f284b5cc5a7', 'name': 'tempest-ServerActionsTestJSON-1019527782-network', 'tenant_id': '78d2b5046d3c4de593c525e116690fe1', 'project_id': '78d2b5046d3c4de593c525e116690fe1', 'admin_state_up': True, 'mtu': 8950, 'status': 'ACTIVE', 'subnets': [], 'shared': False, 'port_security_enabled': True, 'router:external': False, 'provider:network_type': 'vlan', 'provider:physical_network': 'default', 'provider:segmentation_id': 51, 'availability_zone_hints': [], 'availability_zones': [], 'ipv4_address_scope': None, 'ipv6_address_scope': None, 'description': '', 'tags': [], 'created_at': '2025-11-14T02:38:43Z', 'updated_at': '2025-11-14T02:38:43Z', 'revision_number': 1}, Subnet: {'id': 'ccd6af2a-b428-4d09-b6ea-de979c54d441', 'name': 'tempest-ServerActionsTestJSON-1019527782-subnet', 'tenant_id': '78d2b5046d3c4de593c525e116690fe1', 'network_id': '52104915-b12a-4c05-be2b-7f284b5cc5a7', 'ip_version': 4, 'subnetpool_id': None, 'enable_dhcp': True, 'ipv6_ra_mode': None, 'ipv6_address_mode': None, 'gateway_ip': '192.168.128.1', 'cidr': '192.168.128.0/28', 'allocation_pools': [{'start': '192.168.128.2', 'end': '192.168.128.14'}], 'host_routes': [], 'dns_nameservers': [], 'description': '', 'router:external': False, 'service_types': [], 'tags': [], 'created_at': '2025-11-14T02:38:44Z', 'updated_at': '2025-11-14T02:38:44Z', 'revision_number': 0, 'project_id': '78d2b5046d3c4de593c525e116690fe1'}, Router: {'id': '3898aa25-d951-4fc6-bb11-294650c1e3ef', 'name': 'tempest-ServerActionsTestJSON-1019527782-router', 'tenant_id': '78d2b5046d3c4de593c525e116690fe1', 'admin_state_up': True, 'status': 'ACTIVE', 'external_gateway_info': {'network_id': 'c5f52073-e829-4801-9ca8-6628da8a0193', 'external_fixed_ips': [{'subnet_id': 'ea7ddd04-f5d7-46d9-aa4d-a00b9d5b85c2', 'ip_address': '10.180.180.242'}], 'enable_snat': True}, 'description': '', 'availability_zones': [], 'distributed': False, 'ha': False, 'availability_zone_hints': [], 'routes': [], 'flavor_id': None, 'tags': [], 'created_at': '2025-11-14T02:38:45Z', 'updated_at': '2025-11-14T02:38:46Z', 'revision_number': 2, 'project_id': '78d2b5046d3c4de593c525e116690fe1'}
2025-11-14 02:38:47.517 66088 INFO tempest.lib.common.rest_client [req-0c636e89-c082-4178-8a22-3edb75ba36ea req-0c636e89-c082-4178-8a22-3edb75ba36ea ] Request (FlavorMetadataValidation:test_flavor_update_with_custom_namespace): 200 POST http://10.180.1.21/compute/v2.1/flavors 3.121s
2025-11-14 02:38:47.573 66086 INFO tempest.lib.common.rest_client [req-a3bf403f-8c48-4ed1-8c8b-bae749c58af9 req-a3bf403f-8c48-4ed1-8c8b-bae749c58af9 ] Request (ServerActionsTestJSON:setUpClass): 201 POST http://10.180.1.21/identity/v3/auth/tokens 0.072s
2025-11-14 02:38:47.601 66052 INFO tempest.lib.common.rest_client [req-e3891d5b-da3b-431a-9667-9b6e4b27d6f7 req-e3891d5b-da3b-431a-9667-9b6e4b27d6f7 ] Request (VolumesAssistedSnapshotsTest:setUpClass): 201 POST http://10.180.1.21/networking/v2.0/subnets 0.936s
2025-11-14 02:38:47.652 66092 INFO tempest.lib.common.rest_client [req-960f0f58-75ff-4f03-811a-7e6a45c99907 req-960f0f58-75ff-4f03-811a-7e6a45c99907 ] Request (FlavorsExtraSpecsTestJSON:setUpClass): 200 POST http://10.180.1.21/compute/v2.1/flavors 3.183s
2025-11-14 02:38:47.686 66082 INFO tempest.lib.common.rest_client [req-86b3ca2f-7243-4d64-bdf7-59382b870508 req-86b3ca2f-7243-4d64-bdf7-59382b870508 ] Request (InstanceUsageAuditLogTestJSON:tearDownClass): 200 GET http://10.180.1.21/networking/v2.0/security-groups?tenant_id=137fb0c7fb4a40af85219145dc5a17da&name=default 0.893s
2025-11-14 02:38:47.728 66068 INFO tempest.lib.common.rest_client [req-4a48e4a5-79cd-4c5f-8923-bcc3a4efa03e req-4a48e4a5-79cd-4c5f-8923-bcc3a4efa03e ] Request (FlavorsAdminTestJSON:test_create_flavor_using_string_ram): 200 POST http://10.180.1.21/compute/v2.1/flavors 3.178s
2025-11-14 02:38:47.767 66076 INFO tempest.lib.common.rest_client [req-63156d44-faaf-4c2d-82a3-953a1970ecc0 req-63156d44-faaf-4c2d-82a3-953a1970ecc0 ] Request (ServersWithSpecificFlavorTestJSON:setUpClass): 201 POST http://10.180.1.21/networking/v2.0/networks 0.845s
2025-11-14 02:38:47.808 66071 INFO tempest.lib.common.rest_client [req-5f418155-e95e-4f3b-9d5c-4e5cee242f9d req-5f418155-e95e-4f3b-9d5c-4e5cee242f9d ] Request (AZAdminNegativeTestJSON:test_get_availability_zone_list_detail_with_non_admin_user): 403 GET http://10.180.1.21/compute/v2.1/os-availability-zone/detail 3.156s
2025-11-14 02:38:47.855 66082 INFO tempest.lib.common.rest_client [req-b9e85971-cc6a-4c18-a9f3-7ee8c701e153 req-b9e85971-cc6a-4c18-a9f3-7ee8c701e153 ] Request (InstanceUsageAuditLogTestJSON:tearDownClass): 204 DELETE http://10.180.1.21/networking/v2.0/security-groups/1372aaf3-eb85-4625-92f2-1f062b446869 0.168s
2025-11-14 02:38:47.898 66071 INFO tempest.lib.common.rest_client [req-9d1f0c0b-83a1-43f8-b95d-583a69ba6c59 req-9d1f0c0b-83a1-43f8-b95d-583a69ba6c59 ] Request (AZAdminNegativeTestJSON:tearDownClass): 204 DELETE http://10.180.1.21/identity/v3/users/dcf60b2d57a644e4a897d213ba96b9fc 0.084s
2025-11-14 02:38:47.933 66085 INFO tempest.lib.common.rest_client [req-de2a7345-5010-430d-a70f-6d2fd1f68e1f req-de2a7345-5010-430d-a70f-6d2fd1f68e1f ] Request (AbsoluteLimitsNegativeTestJSON:test_max_metadata_exceed_limit): 403 POST http://10.180.1.21/compute/v2.1/servers 5.076s
2025-11-14 02:38:47.973 66082 INFO tempest.lib.common.rest_client [req-a336d5d7-6c93-44c3-b699-9534e9bd034c req-a336d5d7-6c93-44c3-b699-9534e9bd034c ] Request (InstanceUsageAuditLogTestJSON:tearDownClass): 204 DELETE http://10.180.1.21/identity/v3/projects/137fb0c7fb4a40af85219145dc5a17da 0.117s
2025-11-14 02:38:47.973 66082 INFO tempest.lib.common.dynamic_creds [-] Deleting project and security group for project: 277c34ddd8324bef9c7b0b0cfe497a01
2025-11-14 02:38:48.043 66071 INFO tempest.lib.common.rest_client [req-1a639b00-ca18-4d6d-91a9-eb8213c163cf req-1a639b00-ca18-4d6d-91a9-eb8213c163cf ] Request (AZAdminNegativeTestJSON:tearDownClass): 204 DELETE http://10.180.1.21/identity/v3/users/30670531b0e540248947a506b3abbd4b 0.144s
2025-11-14 02:38:48.043 66071 INFO tempest.lib.common.dynamic_creds [-] Deleting project and security group for project: f5eebf9b8c31440599fd738822694d55
2025-11-14 02:38:48.046 66076 INFO tempest.lib.common.rest_client [req-a8e54b08-e5ca-4003-8cfc-d4b0bf415409 req-a8e54b08-e5ca-4003-8cfc-d4b0bf415409 ] Request (ServersWithSpecificFlavorTestJSON:setUpClass): 201 POST http://10.180.1.21/networking/v2.0/subnets 0.279s
2025-11-14 02:38:48.109 66056 INFO tempest.lib.common.rest_client [req-4359ff55-627d-47f9-9841-cc09fe0d5644 req-4359ff55-627d-47f9-9841-cc09fe0d5644 ] Request (HypervisorAdminNegativeTestJSON:test_get_hypervisor_list_details_with_non_admin_user): 403 GET http://10.180.1.21/compute/v2.1/os-hypervisors/detail 3.202s
2025-11-14 02:38:48.129 66071 INFO tempest.lib.common.rest_client [req-52c9983c-2ab2-4ab3-8b3d-7846e9f3c245 req-52c9983c-2ab2-4ab3-8b3d-7846e9f3c245 ] Request (AZAdminNegativeTestJSON:tearDownClass): 201 POST http://10.180.1.21/identity/v3/auth/tokens 0.085s
2025-11-14 02:38:48.171 66085 INFO tempest.lib.common.rest_client [req-5ccb03b1-60c9-4413-8ea2-5cbbcb7667ce req-5ccb03b1-60c9-4413-8ea2-5cbbcb7667ce ] Request (AbsoluteLimitsNegativeTestJSON:tearDownClass): 204 DELETE http://10.180.1.21/identity/v3/users/fca19d0407d04b1091ee28d3f0e66c22 0.233s
2025-11-14 02:38:48.172 66085 INFO tempest.lib.common.dynamic_creds [-] Deleting project and security group for project: 5e9a2557b4dd46ed9ced7ba8a3cd225d
2025-11-14 02:38:48.193 66082 INFO tempest.lib.common.rest_client [req-a29f6b68-7d87-4b13-bd76-c40b211e55de req-a29f6b68-7d87-4b13-bd76-c40b211e55de ] Request (InstanceUsageAuditLogTestJSON:tearDownClass): 200 GET http://10.180.1.21/networking/v2.0/security-groups?tenant_id=277c34ddd8324bef9c7b0b0cfe497a01&name=default 0.219s
2025-11-14 02:38:48.236 66085 INFO tempest.lib.common.rest_client [req-15ffcc82-68e7-4a53-aa4b-211ba2f03e34 req-15ffcc82-68e7-4a53-aa4b-211ba2f03e34 ] Request (AbsoluteLimitsNegativeTestJSON:tearDownClass): 201 POST http://10.180.1.21/identity/v3/auth/tokens 0.064s
2025-11-14 02:38:48.287 66080 INFO tempest.lib.common.rest_client [req-a02c1279-dd68-4098-b63c-647e22cf1436 req-a02c1279-dd68-4098-b63c-647e22cf1436 ] Request (FlavorsAccessTestJSON:test_flavor_access_add_remove): 200 POST http://10.180.1.21/compute/v2.1/flavors 3.315s
2025-11-14 02:38:48.406 66058 INFO tempest.lib.common.rest_client [req-2e36cb0d-f2ba-4716-b31b-fb8af0f80e87 req-2e36cb0d-f2ba-4716-b31b-fb8af0f80e87 ] Request (FlavorsV261TestJSON:test_crud_flavor): 200 POST http://10.180.1.21/compute/v2.1/flavors 3.400s
2025-11-14 02:38:48.478 66052 INFO tempest.lib.common.rest_client [req-3f3ae312-6387-47a2-8f6c-435fd832c322 req-3f3ae312-6387-47a2-8f6c-435fd832c322 ] Request (VolumesAssistedSnapshotsTest:setUpClass): 201 POST http://10.180.1.21/networking/v2.0/routers 0.876s
2025-11-14 02:38:48.502 66096 INFO tempest.lib.common.rest_client [req-8007386e-9403-48c5-b72b-5ea1512662ff req-8007386e-9403-48c5-b72b-5ea1512662ff ] Request (InstanceUsageAuditLogNegativeTestJSON:test_get_instance_usage_audit_logs_with_invalid_time): 400 GET http://10.180.1.21/compute/v2.1/os-instance_usage_audit_log/invalid_time 3.362s
2025-11-14 02:38:48.707 66067 INFO tempest.lib.common.rest_client [req-86186831-90cd-429e-8d0d-547fa5f3aab9 req-86186831-90cd-429e-8d0d-547fa5f3aab9 ] Request (ServerDiagnosticsV248Test:test_get_server_diagnostics): 202 POST http://10.180.1.21/compute/v2.1/servers 3.451s
2025-11-14 02:38:48.728 66071 INFO tempest.lib.common.rest_client [req-5c2922e3-cf23-45de-9305-7c8f4a16257c req-5c2922e3-cf23-45de-9305-7c8f4a16257c ] Request (AZAdminNegativeTestJSON:tearDownClass): 200 GET http://10.180.1.21/networking/v2.0/security-groups?tenant_id=f5eebf9b8c31440599fd738822694d55&name=default 0.597s
2025-11-14 02:38:48.814 66082 INFO tempest.lib.common.rest_client [req-b8af9413-e788-4181-8d89-40e8b9aeb2b2 req-b8af9413-e788-4181-8d89-40e8b9aeb2b2 ] Request (InstanceUsageAuditLogTestJSON:tearDownClass): 204 DELETE http://10.180.1.21/networking/v2.0/security-groups/5d39f821-909b-49e4-9b04-990cfe130eff 0.620s
2025-11-14 02:38:48.904 66082 INFO tempest.lib.common.rest_client [req-f0f023a8-22fa-4cf1-a16e-de7f86254e50 req-f0f023a8-22fa-4cf1-a16e-de7f86254e50 ] Request (InstanceUsageAuditLogTestJSON:tearDownClass): 204 DELETE http://10.180.1.21/identity/v3/projects/277c34ddd8324bef9c7b0b0cfe497a01 0.089s
2025-11-14 02:38:48.927 66076 INFO tempest.lib.common.rest_client [req-528bc392-121c-4825-a885-e58bd6c1d197 req-528bc392-121c-4825-a885-e58bd6c1d197 ] Request (ServersWithSpecificFlavorTestJSON:setUpClass): 201 POST http://10.180.1.21/networking/v2.0/routers 0.880s
2025-11-14 02:38:48.954 66085 INFO tempest.lib.common.rest_client [req-44ecd3a6-c33e-4774-b3db-36f6527dc9d6 req-44ecd3a6-c33e-4774-b3db-36f6527dc9d6 ] Request (AbsoluteLimitsNegativeTestJSON:tearDownClass): 200 GET http://10.180.1.21/networking/v2.0/security-groups?tenant_id=5e9a2557b4dd46ed9ced7ba8a3cd225d&name=default 0.717s
2025-11-14 02:38:48.980 66082 INFO tempest.lib.common.rest_client [req-08f3ecae-1732-4a91-ae7f-aaa1e5206b87 req-08f3ecae-1732-4a91-ae7f-aaa1e5206b87 ] Request (QuotasAdminTestV236:setUpClass): 201 POST http://10.180.1.21/identity/v3/auth/tokens 0.075s
2025-11-14 02:38:49.028 66082 INFO tempest.lib.common.rest_client [req-ac9bb343-485e-44cb-9ef1-455adca895a7 req-ac9bb343-485e-44cb-9ef1-455adca895a7 ] Request (QuotasAdminTestV236:setUpClass): 201 POST http://10.180.1.21/identity/v3/auth/tokens 0.045s
2025-11-14 02:38:49.063 66082 INFO tempest.lib.common.rest_client [req-4f2d6a3b-0327-45b5-85b9-e05024af8233 req-4f2d6a3b-0327-45b5-85b9-e05024af8233 ] Request (QuotasAdminTestV236:setUpClass): 200 GET http://10.180.1.21/identity/v3/domains?name=Default 0.035s
2025-11-14 02:38:49.063 66071 INFO tempest.lib.common.rest_client [req-50f2881a-f369-46a6-9cfe-187577cdf100 req-50f2881a-f369-46a6-9cfe-187577cdf100 ] Request (AZAdminNegativeTestJSON:tearDownClass): 204 DELETE http://10.180.1.21/networking/v2.0/security-groups/3a5aaa3e-6c1b-4b5b-b5dc-8edd4b07b661 0.335s
2025-11-14 02:38:49.106 66082 INFO tempest.lib.common.rest_client [req-e31b5fd8-443f-4cc8-ad4d-d25c3381df5f req-e31b5fd8-443f-4cc8-ad4d-d25c3381df5f ] Request (QuotasAdminTestV236:setUpClass): 201 POST http://10.180.1.21/identity/v3/projects 0.042s
2025-11-14 02:38:49.152 66071 INFO tempest.lib.common.rest_client [req-ffe567d1-282f-4d6c-881c-150f84ec73ff req-ffe567d1-282f-4d6c-881c-150f84ec73ff ] Request (AZAdminNegativeTestJSON:tearDownClass): 204 DELETE http://10.180.1.21/identity/v3/projects/f5eebf9b8c31440599fd738822694d55 0.087s
2025-11-14 02:38:49.152 66071 INFO tempest.lib.common.dynamic_creds [-] Deleting project and security group for project: 40f6675ee1e04e5f9d9208beaa5a6e49
2025-11-14 02:38:49.224 66082 INFO tempest.lib.common.rest_client [req-ae680ed4-f377-47cf-9caa-8c664db1bf5c req-ae680ed4-f377-47cf-9caa-8c664db1bf5c ] Request (QuotasAdminTestV236:setUpClass): 201 POST http://10.180.1.21/identity/v3/users 0.117s
2025-11-14 02:38:49.254 66082 INFO tempest.lib.common.rest_client [req-3ada85e3-de86-4c68-a255-ca0dda3a0684 req-3ada85e3-de86-4c68-a255-ca0dda3a0684 ] Request (QuotasAdminTestV236:setUpClass): 200 GET http://10.180.1.21/identity/v3/roles 0.030s
2025-11-14 02:38:49.287 66082 INFO tempest.lib.common.rest_client [req-bd3fde69-5b4a-40e1-b111-e68736b0d032 req-bd3fde69-5b4a-40e1-b111-e68736b0d032 ] Request (QuotasAdminTestV236:setUpClass): 204 PUT http://10.180.1.21/identity/v3/projects/0227f7d3b7964d498082eb6cb819a3c2/users/a91c1564c7c04fb3a52a87cd09dc8065/roles/39f220bb09cd4e009bd2d58dfb10af6d 0.031s
2025-11-14 02:38:49.287 66082 INFO tempest.lib.common.dynamic_creds [-] Dynamic test user a91c1564c7c04fb3a52a87cd09dc8065 is created with scope project and roles: ['member']
2025-11-14 02:38:49.287 66082 INFO tempest.lib.common.dynamic_creds [-] Acquired dynamic creds: credentials: Credentials: {'domain_id': 'default', 'domain_name': 'Default', 'username': 'tempest-QuotasAdminTestV236-250049035-project-member', 'project_domain_id': 'default', 'project_domain_name': 'Default', 'project_id': '0227f7d3b7964d498082eb6cb819a3c2', 'project_name': 'tempest-QuotasAdminTestV236-250049035', 'tenant_id': '0227f7d3b7964d498082eb6cb819a3c2', 'tenant_name': 'tempest-QuotasAdminTestV236-250049035', 'user_domain_id': 'default', 'user_domain_name': 'Default', 'user_id': 'a91c1564c7c04fb3a52a87cd09dc8065', 'system': None}, Network: None, Subnet: None, Router: None
2025-11-14 02:38:49.287 66082 INFO tempest.lib.common.dynamic_creds [-] Created isolated network resources for: credentials: Credentials: {'domain_id': 'default', 'domain_name': 'Default', 'username': 'tempest-QuotasAdminTestV236-250049035-project-member', 'project_domain_id': 'default', 'project_domain_name': 'Default', 'project_id': '0227f7d3b7964d498082eb6cb819a3c2', 'project_name': 'tempest-QuotasAdminTestV236-250049035', 'tenant_id': '0227f7d3b7964d498082eb6cb819a3c2', 'tenant_name': 'tempest-QuotasAdminTestV236-250049035', 'user_domain_id': 'default', 'user_domain_name': 'Default', 'user_id': 'a91c1564c7c04fb3a52a87cd09dc8065', 'system': None}, Network: None, Subnet: None, Router: None
2025-11-14 02:38:49.413 66082 INFO tempest.lib.common.rest_client [req-62f340aa-00ad-4a1e-b21b-a2b5df7d43ec req-62f340aa-00ad-4a1e-b21b-a2b5df7d43ec ] Request (QuotasAdminTestV236:setUpClass): 201 POST http://10.180.1.21/identity/v3/auth/tokens 0.119s
2025-11-14 02:38:49.495 66082 INFO tempest.lib.common.rest_client [req-01326d65-83d6-4a89-bb55-f186064f915e req-01326d65-83d6-4a89-bb55-f186064f915e ] Request (QuotasAdminTestV236:setUpClass): 201 POST http://10.180.1.21/identity/v3/projects 0.082s
2025-11-14 02:38:49.603 66082 INFO tempest.lib.common.rest_client [req-9535f74c-7d56-4e53-bcdf-e8ff89f563ed req-9535f74c-7d56-4e53-bcdf-e8ff89f563ed ] Request (QuotasAdminTestV236:setUpClass): 201 POST http://10.180.1.21/identity/v3/users 0.107s
2025-11-14 02:38:49.628 66082 INFO tempest.lib.common.rest_client [req-5e3d4be6-01d6-4b17-a70a-26d8739e36be req-5e3d4be6-01d6-4b17-a70a-26d8739e36be ] Request (QuotasAdminTestV236:setUpClass): 200 GET http://10.180.1.21/identity/v3/roles 0.024s
2025-11-14 02:38:49.666 66082 INFO tempest.lib.common.rest_client [req-0c0a0fd3-24dd-4fa2-8c7b-41ac245c5a41 req-0c0a0fd3-24dd-4fa2-8c7b-41ac245c5a41 ] Request (QuotasAdminTestV236:setUpClass): 204 PUT http://10.180.1.21/identity/v3/projects/65316af093144898bc6598c85a42e313/users/1c985a0cc09f446687fd2a86240d2f9d/roles/65da260b012341c797ef35ce91a8bb24 0.037s
2025-11-14 02:38:49.724 66082 INFO tempest.lib.common.rest_client [req-7f6253fd-d372-40ef-8f4b-79331d48e6df req-7f6253fd-d372-40ef-8f4b-79331d48e6df ] Request (QuotasAdminTestV236:setUpClass): 200 GET http://10.180.1.21/identity/v3/roles 0.058s
2025-11-14 02:38:49.746 66082 INFO tempest.lib.common.rest_client [req-614884e2-a8d4-415b-85e2-50af4c54b6cb req-614884e2-a8d4-415b-85e2-50af4c54b6cb ] Request (QuotasAdminTestV236:setUpClass): 204 PUT http://10.180.1.21/identity/v3/projects/65316af093144898bc6598c85a42e313/users/1c985a0cc09f446687fd2a86240d2f9d/roles/65da260b012341c797ef35ce91a8bb24 0.021s
2025-11-14 02:38:49.746 66082 INFO tempest.lib.common.dynamic_creds [-] Dynamic test user 1c985a0cc09f446687fd2a86240d2f9d is created with scope project and roles: ['admin']
2025-11-14 02:38:49.746 66082 INFO tempest.lib.common.dynamic_creds [-] Acquired dynamic creds: credentials: Credentials: {'domain_id': 'default', 'domain_name': 'Default', 'username': 'tempest-QuotasAdminTestV236-1597578342-project-admin', 'project_domain_id': 'default', 'project_domain_name': 'Default', 'project_id': '65316af093144898bc6598c85a42e313', 'project_name': 'tempest-QuotasAdminTestV236-1597578342', 'tenant_id': '65316af093144898bc6598c85a42e313', 'tenant_name': 'tempest-QuotasAdminTestV236-1597578342', 'user_domain_id': 'default', 'user_domain_name': 'Default', 'user_id': '1c985a0cc09f446687fd2a86240d2f9d', 'system': None}, Network: None, Subnet: None, Router: None
2025-11-14 02:38:49.746 66082 INFO tempest.lib.common.dynamic_creds [-] Created isolated network resources for: credentials: Credentials: {'domain_id': 'default', 'domain_name': 'Default', 'username': 'tempest-QuotasAdminTestV236-1597578342-project-admin', 'project_domain_id': 'default', 'project_domain_name': 'Default', 'project_id': '65316af093144898bc6598c85a42e313', 'project_name': 'tempest-QuotasAdminTestV236-1597578342', 'tenant_id': '65316af093144898bc6598c85a42e313', 'tenant_name': 'tempest-QuotasAdminTestV236-1597578342', 'user_domain_id': 'default', 'user_domain_name': 'Default', 'user_id': '1c985a0cc09f446687fd2a86240d2f9d', 'system': None}, Network: None, Subnet: None, Router: None
2025-11-14 02:38:49.836 66082 INFO tempest.lib.common.rest_client [req-3064e873-2da7-44a3-8144-b94ee3d54997 req-3064e873-2da7-44a3-8144-b94ee3d54997 ] Request (QuotasAdminTestV236:setUpClass): 201 POST http://10.180.1.21/identity/v3/auth/tokens 0.087s
2025-11-14 02:38:49.837 66082 WARNING tempest.lib.common.rest_client [-] Deprecated: "tenant_id" property is deprecated for removal, use "project_id" instead
2025-11-14 02:38:49.841 66052 INFO tempest.lib.common.rest_client [req-c23dc39d-b55d-4f0f-bd04-3df523b21214 req-c23dc39d-b55d-4f0f-bd04-3df523b21214 ] Request (VolumesAssistedSnapshotsTest:setUpClass): 200 PUT http://10.180.1.21/networking/v2.0/routers/a6ad9ff2-a62a-4cb9-8dd2-bc372f346c5c/add_router_interface 1.362s
2025-11-14 02:38:49.841 66052 INFO tempest.lib.common.dynamic_creds [-] Created isolated network resources for: credentials: Credentials: {'domain_id': 'default', 'domain_name': 'Default', 'username': 'tempest-VolumesAssistedSnapshotsTest-195909717-project-admin', 'project_domain_id': 'default', 'project_domain_name': 'Default', 'project_id': '39668cafd2074564b90de8723f143840', 'project_name': 'tempest-VolumesAssistedSnapshotsTest-195909717', 'tenant_id': '39668cafd2074564b90de8723f143840', 'tenant_name': 'tempest-VolumesAssistedSnapshotsTest-195909717', 'user_domain_id': 'default', 'user_domain_name': 'Default', 'user_id': 'efa94cd622a646b8b4d3f410b9c54ef2', 'system': None}, Network: {'id': '6dc29a90-6d90-4671-9d88-e76b0afd1b11', 'name': 'tempest-VolumesAssistedSnapshotsTest-958022688-network', 'tenant_id': '39668cafd2074564b90de8723f143840', 'project_id': '39668cafd2074564b90de8723f143840', 'admin_state_up': True, 'mtu': 8950, 'status': 'ACTIVE', 'subnets': [], 'shared': False, 'port_security_enabled': True, 'router:external': False, 'provider:network_type': 'vlan', 'provider:physical_network': 'default', 'provider:segmentation_id': 585, 'availability_zone_hints': [], 'availability_zones': [], 'ipv4_address_scope': None, 'ipv6_address_scope': None, 'description': '', 'tags': [], 'created_at': '2025-11-14T02:38:46Z', 'updated_at': '2025-11-14T02:38:46Z', 'revision_number': 1}, Subnet: {'id': '51b11ac6-714b-4d76-b894-f3baa1782e36', 'name': 'tempest-VolumesAssistedSnapshotsTest-958022688-subnet', 'tenant_id': '39668cafd2074564b90de8723f143840', 'network_id': '6dc29a90-6d90-4671-9d88-e76b0afd1b11', 'ip_version': 4, 'subnetpool_id': None, 'enable_dhcp': True, 'ipv6_ra_mode': None, 'ipv6_address_mode': None, 'gateway_ip': '192.168.128.1', 'cidr': '192.168.128.0/28', 'allocation_pools': [{'start': '192.168.128.2', 'end': '192.168.128.14'}], 'host_routes': [], 'dns_nameservers': [], 'description': '', 'router:external': False, 'service_types': [], 'tags': [], 'created_at': '2025-11-14T02:38:47Z', 'updated_at': '2025-11-14T02:38:47Z', 'revision_number': 0, 'project_id': '39668cafd2074564b90de8723f143840'}, Router: {'id': 'a6ad9ff2-a62a-4cb9-8dd2-bc372f346c5c', 'name': 'tempest-VolumesAssistedSnapshotsTest-958022688-router', 'tenant_id': '39668cafd2074564b90de8723f143840', 'admin_state_up': True, 'status': 'ACTIVE', 'external_gateway_info': {'network_id': 'c5f52073-e829-4801-9ca8-6628da8a0193', 'external_fixed_ips': [{'subnet_id': 'ea7ddd04-f5d7-46d9-aa4d-a00b9d5b85c2', 'ip_address': '10.180.180.215'}], 'enable_snat': True}, 'description': '', 'availability_zones': [], 'distributed': False, 'ha': False, 'availability_zone_hints': [], 'routes': [], 'flavor_id': None, 'tags': [], 'created_at': '2025-11-14T02:38:47Z', 'updated_at': '2025-11-14T02:38:48Z', 'revision_number': 2, 'project_id': '39668cafd2074564b90de8723f143840'}
2025-11-14 02:38:49.918 66052 INFO tempest.lib.common.rest_client [req-c34e8a29-93ff-4807-b040-dc436d50367e req-c34e8a29-93ff-4807-b040-dc436d50367e ] Request (VolumesAssistedSnapshotsTest:setUpClass): 201 POST http://10.180.1.21/identity/v3/auth/tokens 0.075s
2025-11-14 02:38:49.925 66085 INFO tempest.lib.common.rest_client [req-7d9cbd6a-5afc-4bb7-b55b-197c407770ba req-7d9cbd6a-5afc-4bb7-b55b-197c407770ba ] Request (AbsoluteLimitsNegativeTestJSON:tearDownClass): 204 DELETE http://10.180.1.21/networking/v2.0/security-groups/4a671ee9-7e62-4bd6-957c-54d8905bbe5f 0.970s
2025-11-14 02:38:49.961 66076 INFO tempest.lib.common.rest_client [req-39180c00-12f4-47bd-a1df-06f02a54a3d7 req-39180c00-12f4-47bd-a1df-06f02a54a3d7 ] Request (ServersWithSpecificFlavorTestJSON:setUpClass): 200 PUT http://10.180.1.21/networking/v2.0/routers/ca9e38da-cda1-4ad9-9fff-18a2b7819c6b/add_router_interface 1.033s
2025-11-14 02:38:49.961 66076 INFO tempest.lib.common.dynamic_creds [-] Created isolated network resources for: credentials: Credentials: {'domain_id': 'default', 'domain_name': 'Default', 'username': 'tempest-ServersWithSpecificFlavorTestJSON-1463215160-project-admin', 'project_domain_id': 'default', 'project_domain_name': 'Default', 'project_id': '03871475fe2348adb9b8f47af5a801bb', 'project_name': 'tempest-ServersWithSpecificFlavorTestJSON-1463215160', 'tenant_id': '03871475fe2348adb9b8f47af5a801bb', 'tenant_name': 'tempest-ServersWithSpecificFlavorTestJSON-1463215160', 'user_domain_id': 'default', 'user_domain_name': 'Default', 'user_id': 'e816b4c93f834c539cabb568e1c08a6b', 'system': None}, Network: {'id': '5d6b72b2-184d-4ac2-a9cf-bd0f1e0aa241', 'name': 'tempest-ServersWithSpecificFlavorTestJSON-41527823-network', 'tenant_id': '03871475fe2348adb9b8f47af5a801bb', 'project_id': '03871475fe2348adb9b8f47af5a801bb', 'admin_state_up': True, 'mtu': 8950, 'status': 'ACTIVE', 'subnets': [], 'shared': False, 'port_security_enabled': True, 'router:external': False, 'provider:network_type': 'vlan', 'provider:physical_network': 'default', 'provider:segmentation_id': 780, 'availability_zone_hints': [], 'availability_zones': [], 'ipv4_address_scope': None, 'ipv6_address_scope': None, 'description': '', 'tags': [], 'created_at': '2025-11-14T02:38:47Z', 'updated_at': '2025-11-14T02:38:47Z', 'revision_number': 1}, Subnet: {'id': '91eb8245-eb20-48d1-8605-932dcaf421a5', 'name': 'tempest-ServersWithSpecificFlavorTestJSON-41527823-subnet', 'tenant_id': '03871475fe2348adb9b8f47af5a801bb', 'network_id': '5d6b72b2-184d-4ac2-a9cf-bd0f1e0aa241', 'ip_version': 4, 'subnetpool_id': None, 'enable_dhcp': True, 'ipv6_ra_mode': None, 'ipv6_address_mode': None, 'gateway_ip': '192.168.128.1', 'cidr': '192.168.128.0/28', 'allocation_pools': [{'start': '192.168.128.2', 'end': '192.168.128.14'}], 'host_routes': [], 'dns_nameservers': [], 'description': '', 'router:external': False, 'service_types': [], 'tags': [], 'created_at': '2025-11-14T02:38:47Z', 'updated_at': '2025-11-14T02:38:47Z', 'revision_number': 0, 'project_id': '03871475fe2348adb9b8f47af5a801bb'}, Router: {'id': 'ca9e38da-cda1-4ad9-9fff-18a2b7819c6b', 'name': 'tempest-ServersWithSpecificFlavorTestJSON-41527823-router', 'tenant_id': '03871475fe2348adb9b8f47af5a801bb', 'admin_state_up': True, 'status': 'ACTIVE', 'external_gateway_info': {'network_id': 'c5f52073-e829-4801-9ca8-6628da8a0193', 'external_fixed_ips': [{'subnet_id': 'ea7ddd04-f5d7-46d9-aa4d-a00b9d5b85c2', 'ip_address': '10.180.180.200'}], 'enable_snat': True}, 'description': '', 'availability_zones': [], 'distributed': False, 'ha': False, 'availability_zone_hints': [], 'routes': [], 'flavor_id': None, 'tags': [], 'created_at': '2025-11-14T02:38:48Z', 'updated_at': '2025-11-14T02:38:48Z', 'revision_number': 2, 'project_id': '03871475fe2348adb9b8f47af5a801bb'}
2025-11-14 02:38:50.000 66052 INFO tempest.lib.common.rest_client [req-665a1d70-0f4b-4caf-86fb-40ecd748bb45 req-665a1d70-0f4b-4caf-86fb-40ecd748bb45 ] Request (VolumesAssistedSnapshotsTest:setUpClass): 201 POST http://10.180.1.21/identity/v3/projects 0.081s
2025-11-14 02:38:50.026 66085 INFO tempest.lib.common.rest_client [req-4a8a75f2-bf4c-4ff3-87a4-43d62964e266 req-4a8a75f2-bf4c-4ff3-87a4-43d62964e266 ] Request (AbsoluteLimitsNegativeTestJSON:tearDownClass): 204 DELETE http://10.180.1.21/identity/v3/projects/5e9a2557b4dd46ed9ced7ba8a3cd225d 0.101s
2025-11-14 02:38:50.040 66060 INFO tempest.lib.common.rest_client [req-3200766e-fa22-4d89-8fe9-60092e967547 req-3200766e-fa22-4d89-8fe9-60092e967547 ] Request (ServerDiagnosticsTest:test_get_server_diagnostics): 202 POST http://10.180.1.21/compute/v2.1/servers 5.241s
2025-11-14 02:38:50.087 66071 INFO tempest.lib.common.rest_client [req-efec6e8b-4646-4741-8de6-054afba5aae9 req-efec6e8b-4646-4741-8de6-054afba5aae9 ] Request (AZAdminNegativeTestJSON:tearDownClass): 200 GET http://10.180.1.21/networking/v2.0/security-groups?tenant_id=40f6675ee1e04e5f9d9208beaa5a6e49&name=default 0.935s
2025-11-14 02:38:50.117 66052 INFO tempest.lib.common.rest_client [req-e694baa2-ab07-4239-a205-7d33f74bcc2a req-e694baa2-ab07-4239-a205-7d33f74bcc2a ] Request (VolumesAssistedSnapshotsTest:setUpClass): 201 POST http://10.180.1.21/identity/v3/users 0.116s
2025-11-14 02:38:50.120 66076 INFO tempest.lib.common.rest_client [req-40b54f1e-e810-4061-ab8e-c29c3fff7153 req-40b54f1e-e810-4061-ab8e-c29c3fff7153 ] Request (ServersWithSpecificFlavorTestJSON:setUpClass): 201 POST http://10.180.1.21/identity/v3/auth/tokens 0.155s
2025-11-14 02:38:50.126 66074 INFO tempest.lib.common.rest_client [req-e987de43-4560-45c1-bff3-c582d150cfff req-e987de43-4560-45c1-bff3-c582d150cfff ] Request (ServerDiagnosticsNegativeTest:test_get_server_diagnostics_by_non_admin): 202 POST http://10.180.1.21/compute/v2.1/servers 4.845s
2025-11-14 02:38:50.164 66085 INFO tempest.lib.common.rest_client [req-79e1e123-4ccd-4043-8f0c-a04eeda74c77 req-79e1e123-4ccd-4043-8f0c-a04eeda74c77 ] Request (AttachInterfacesTestJSON:setUpClass): 201 POST http://10.180.1.21/identity/v3/auth/tokens 0.136s
2025-11-14 02:38:50.198 66052 INFO tempest.lib.common.rest_client [req-d7403540-cc4f-44f1-8d6c-cd99b0e15743 req-d7403540-cc4f-44f1-8d6c-cd99b0e15743 ] Request (VolumesAssistedSnapshotsTest:setUpClass): 200 GET http://10.180.1.21/identity/v3/roles 0.081s
2025-11-14 02:38:50.241 66071 INFO tempest.lib.common.rest_client [req-48fd68e0-2f88-467f-8856-956792545da1 req-48fd68e0-2f88-467f-8856-956792545da1 ] Request (AZAdminNegativeTestJSON:tearDownClass): 204 DELETE http://10.180.1.21/networking/v2.0/security-groups/0c49da9f-53c8-4036-867d-a62b350fbedb 0.153s
2025-11-14 02:38:50.308 66085 INFO tempest.lib.common.rest_client [req-e2058a60-4872-4a3e-ab08-b321c6b06e16 req-e2058a60-4872-4a3e-ab08-b321c6b06e16 ] Request (AttachInterfacesTestJSON:setUpClass): 201 POST http://10.180.1.21/identity/v3/auth/tokens 0.139s
2025-11-14 02:38:50.338 66052 INFO tempest.lib.common.rest_client [req-d37571c8-1c8b-4dd9-ac4e-d3e4bf362def req-d37571c8-1c8b-4dd9-ac4e-d3e4bf362def ] Request (VolumesAssistedSnapshotsTest:setUpClass): 204 PUT http://10.180.1.21/identity/v3/projects/08e27890319842e0b1385f1b98720657/users/14ccf71fcf4846848f043c9dc596005a/roles/4a90db3890894612baf3548c1b76b68f 0.139s
2025-11-14 02:38:50.406 66071 INFO tempest.lib.common.rest_client [req-cbdd2ca3-95ce-4bd2-a36c-cfd880c69ddf req-cbdd2ca3-95ce-4bd2-a36c-cfd880c69ddf ] Request (AZAdminNegativeTestJSON:tearDownClass): 204 DELETE http://10.180.1.21/identity/v3/projects/40f6675ee1e04e5f9d9208beaa5a6e49 0.164s
2025-11-14 02:38:50.490 66052 INFO tempest.lib.common.rest_client [req-820cefff-6bcf-4663-987c-2c95bbb1a096 req-820cefff-6bcf-4663-987c-2c95bbb1a096 ] Request (VolumesAssistedSnapshotsTest:setUpClass): 200 GET http://10.180.1.21/identity/v3/roles 0.152s
2025-11-14 02:38:50.499 66085 INFO tempest.lib.common.rest_client [req-4b1fc46a-ccc7-4393-9b2d-502e0d0ec3f8 req-4b1fc46a-ccc7-4393-9b2d-502e0d0ec3f8 ] Request (AttachInterfacesTestJSON:setUpClass): 200 GET http://10.180.1.21/identity/v3/domains?name=Default 0.191s
2025-11-14 02:38:50.518 66052 INFO tempest.lib.common.rest_client [req-5f6a773e-17c4-43d0-a981-38f05d6b8cd7 req-5f6a773e-17c4-43d0-a981-38f05d6b8cd7 ] Request (VolumesAssistedSnapshotsTest:setUpClass): 204 PUT http://10.180.1.21/identity/v3/projects/08e27890319842e0b1385f1b98720657/users/14ccf71fcf4846848f043c9dc596005a/roles/65da260b012341c797ef35ce91a8bb24 0.028s
2025-11-14 02:38:50.519 66052 INFO tempest.lib.common.dynamic_creds [-] Dynamic test user 14ccf71fcf4846848f043c9dc596005a is created with scope project and roles: ['service', 'admin']
2025-11-14 02:38:50.519 66052 INFO tempest.lib.common.dynamic_creds [-] Acquired dynamic creds: credentials: Credentials: {'domain_id': 'default', 'domain_name': 'Default', 'username': 'tempest-VolumesAssistedSnapshotsTest-1696457244-project', 'project_domain_id': 'default', 'project_domain_name': 'Default', 'project_id': '08e27890319842e0b1385f1b98720657', 'project_name': 'tempest-VolumesAssistedSnapshotsTest-1696457244', 'tenant_id': '08e27890319842e0b1385f1b98720657', 'tenant_name': 'tempest-VolumesAssistedSnapshotsTest-1696457244', 'user_domain_id': 'default', 'user_domain_name': 'Default', 'user_id': '14ccf71fcf4846848f043c9dc596005a', 'system': None}, Network: None, Subnet: None, Router: None
2025-11-14 02:38:50.588 66071 INFO tempest.lib.common.rest_client [req-f5517b3a-ab2b-421c-bf5c-d12210dcf3f6 req-f5517b3a-ab2b-421c-bf5c-d12210dcf3f6 ] Request (FlavorsAccessNegativeTestJSON:setUpClass): 201 POST http://10.180.1.21/identity/v3/auth/tokens 0.180s
2025-11-14 02:38:50.604 66094 INFO tempest.lib.common.rest_client [req-8f69ca06-974e-4181-88ce-c1c7f8c25778 req-8f69ca06-974e-4181-88ce-c1c7f8c25778 ] Request (DeleteServersAdminTestJSON:test_admin_delete_servers_of_others): 202 POST http://10.180.1.21/compute/v2.1/servers 5.273s
2025-11-14 02:38:50.611 66085 INFO tempest.lib.common.rest_client [req-a2dd8b4e-9828-4e41-94fc-b2f00df2018d req-a2dd8b4e-9828-4e41-94fc-b2f00df2018d ] Request (AttachInterfacesTestJSON:setUpClass): 201 POST http://10.180.1.21/identity/v3/projects 0.110s
2025-11-14 02:38:50.696 66040 INFO tempest.lib.common.rest_client [req-102b6b77-e6bd-4204-9f89-a4cb1a179369 req-102b6b77-e6bd-4204-9f89-a4cb1a179369 ] Request (SecurityGroupsNegativeTestJSON:test_delete_the_default_security_group): 400 DELETE http://10.180.1.21/compute/v2.1/os-security-groups/40975cef-938a-49ea-8c6f-a01aa01a663e 5.159s
2025-11-14 02:38:50.704 66071 INFO tempest.lib.common.rest_client [req-a773431f-c564-4e50-ae15-ddfdc487f7b3 req-a773431f-c564-4e50-ae15-ddfdc487f7b3 ] Request (FlavorsAccessNegativeTestJSON:setUpClass): 201 POST http://10.180.1.21/identity/v3/auth/tokens 0.112s
2025-11-14 02:38:50.741 66085 INFO tempest.lib.common.rest_client [req-edda8ec0-8066-43da-a3c5-641a0d6414c2 req-edda8ec0-8066-43da-a3c5-641a0d6414c2 ] Request (AttachInterfacesTestJSON:setUpClass): 201 POST http://10.180.1.21/identity/v3/users 0.129s
2025-11-14 02:38:50.765 66071 INFO tempest.lib.common.rest_client [req-5ff405c8-c921-43cb-8c6f-01c3485fae2c req-5ff405c8-c921-43cb-8c6f-01c3485fae2c ] Request (FlavorsAccessNegativeTestJSON:setUpClass): 200 GET http://10.180.1.21/identity/v3/domains?name=Default 0.060s
2025-11-14 02:38:50.812 66052 INFO tempest.lib.common.rest_client [req-58fd4221-b4c7-408b-b66c-64749b63d575 req-58fd4221-b4c7-408b-b66c-64749b63d575 ] Request (VolumesAssistedSnapshotsTest:setUpClass): 201 POST http://10.180.1.21/networking/v2.0/networks 0.293s
2025-11-14 02:38:50.813 66054 INFO tempest.lib.common.rest_client [req-33463533-c7cc-41b7-b2b4-8723f4c9ac48 req-33463533-c7cc-41b7-b2b4-8723f4c9ac48 ] Request (MigrationsAdminTest:test_list_migrations): 200 GET http://10.180.1.21/compute/v2.1/os-migrations 5.216s
2025-11-14 02:38:50.824 66085 INFO tempest.lib.common.rest_client [req-c86e0ccb-bdd4-489f-a7ca-130593a009ef req-c86e0ccb-bdd4-489f-a7ca-130593a009ef ] Request (AttachInterfacesTestJSON:setUpClass): 200 GET http://10.180.1.21/identity/v3/roles 0.083s
2025-11-14 02:38:50.858 66071 INFO tempest.lib.common.rest_client [req-2bbb1f76-f6d4-4b9d-a692-0d0ed06eba7d req-2bbb1f76-f6d4-4b9d-a692-0d0ed06eba7d ] Request (FlavorsAccessNegativeTestJSON:setUpClass): 201 POST http://10.180.1.21/identity/v3/projects 0.093s
2025-11-14 02:38:50.902 66054 INFO tempest.lib.common.rest_client [req-f8c063e4-86b3-41de-87a8-5014235acad6 req-f8c063e4-86b3-41de-87a8-5014235acad6 ] Request (MigrationsAdminTest:test_list_migrations_in_flavor_resize_situation): 201 POST http://10.180.1.21/identity/v3/auth/tokens 0.078s
2025-11-14 02:38:50.903 66054 INFO tempest.lib.common.fixed_network [-] (MigrationsAdminTest:test_list_migrations_in_flavor_resize_situation) Found network None available for tenant
2025-11-14 02:38:50.955 66085 INFO tempest.lib.common.rest_client [req-5a511ad0-6eda-49d7-b135-ead998f58502 req-5a511ad0-6eda-49d7-b135-ead998f58502 ] Request (AttachInterfacesTestJSON:setUpClass): 204 PUT http://10.180.1.21/identity/v3/projects/23efb1897b584b108e76c2cd52a5a2c1/users/6ca271ed583e42508332f8a27c95ce35/roles/39f220bb09cd4e009bd2d58dfb10af6d 0.129s
2025-11-14 02:38:50.955 66085 INFO tempest.lib.common.dynamic_creds [-] Dynamic test user 6ca271ed583e42508332f8a27c95ce35 is created with scope project and roles: ['member']
2025-11-14 02:38:50.955 66085 INFO tempest.lib.common.dynamic_creds [-] Acquired dynamic creds: credentials: Credentials: {'domain_id': 'default', 'domain_name': 'Default', 'username': 'tempest-AttachInterfacesTestJSON-254233845-project-member', 'project_domain_id': 'default', 'project_domain_name': 'Default', 'project_id': '23efb1897b584b108e76c2cd52a5a2c1', 'project_name': 'tempest-AttachInterfacesTestJSON-254233845', 'tenant_id': '23efb1897b584b108e76c2cd52a5a2c1', 'tenant_name': 'tempest-AttachInterfacesTestJSON-254233845', 'user_domain_id': 'default', 'user_domain_name': 'Default', 'user_id': '6ca271ed583e42508332f8a27c95ce35', 'system': None}, Network: None, Subnet: None, Router: None
2025-11-14 02:38:51.018 66085 INFO tempest.lib.common.rest_client [req-0718f78e-06b3-4395-a50f-f88473e877d9 req-0718f78e-06b3-4395-a50f-f88473e877d9 ] Request (AttachInterfacesTestJSON:setUpClass): 201 POST http://10.180.1.21/identity/v3/auth/tokens 0.063s
2025-11-14 02:38:51.040 66052 INFO tempest.lib.common.rest_client [req-8b46eb53-de32-4048-bd3f-1302fbe5bbd0 req-8b46eb53-de32-4048-bd3f-1302fbe5bbd0 ] Request (VolumesAssistedSnapshotsTest:setUpClass): 201 POST http://10.180.1.21/networking/v2.0/subnets 0.227s
2025-11-14 02:38:51.042 66071 INFO tempest.lib.common.rest_client [req-f74cf300-fa18-4f5d-ab31-56300e89ae18 req-f74cf300-fa18-4f5d-ab31-56300e89ae18 ] Request (FlavorsAccessNegativeTestJSON:setUpClass): 201 POST http://10.180.1.21/identity/v3/users 0.183s
2025-11-14 02:38:51.043 66062 INFO tempest.lib.common.rest_client [req-58622ea3-e1c0-48f2-b9c8-8ee2ee56c9ed req-58622ea3-e1c0-48f2-b9c8-8ee2ee56c9ed ] Request (FloatingIPsTestJSON:test_allocate_floating_ip): 200 GET http://10.180.1.21/compute/v2.1/os-floating-ips/b83882d7-333b-495a-a0dd-eb492c7be483 4.632s
2025-11-14 02:38:51.072 66071 INFO tempest.lib.common.rest_client [req-ec7fdfa3-7a0c-43e8-9565-c9f643cf14db req-ec7fdfa3-7a0c-43e8-9565-c9f643cf14db ] Request (FlavorsAccessNegativeTestJSON:setUpClass): 200 GET http://10.180.1.21/identity/v3/roles 0.030s
2025-11-14 02:38:51.077 66042 INFO tempest.lib.common.rest_client [req-7ea7cea3-7edf-4728-b154-0690f07164b5 req-7ea7cea3-7edf-4728-b154-0690f07164b5 ] Request (AZAdminV2TestJSON:test_get_availability_zone_list_detail): 200 GET http://10.180.1.21/compute/v2.1/os-availability-zone/detail 4.466s
2025-11-14 02:38:51.134 66071 INFO tempest.lib.common.rest_client [req-8f201c23-c53b-4b17-8d17-6a1af4e6dbd2 req-8f201c23-c53b-4b17-8d17-6a1af4e6dbd2 ] Request (FlavorsAccessNegativeTestJSON:setUpClass): 204 PUT http://10.180.1.21/identity/v3/projects/1ed22fbd212146d99b8929dd296e9f33/users/e50d103e9010492d8d4eeb3bcdc35a89/roles/39f220bb09cd4e009bd2d58dfb10af6d 0.061s
2025-11-14 02:38:51.134 66071 INFO tempest.lib.common.dynamic_creds [-] Dynamic test user e50d103e9010492d8d4eeb3bcdc35a89 is created with scope project and roles: ['member']
2025-11-14 02:38:51.134 66071 INFO tempest.lib.common.dynamic_creds [-] Acquired dynamic creds: credentials: Credentials: {'domain_id': 'default', 'domain_name': 'Default', 'username': 'tempest-FlavorsAccessNegativeTestJSON-2050597259-project-member', 'project_domain_id': 'default', 'project_domain_name': 'Default', 'project_id': '1ed22fbd212146d99b8929dd296e9f33', 'project_name': 'tempest-FlavorsAccessNegativeTestJSON-2050597259', 'tenant_id': '1ed22fbd212146d99b8929dd296e9f33', 'tenant_name': 'tempest-FlavorsAccessNegativeTestJSON-2050597259', 'user_domain_id': 'default', 'user_domain_name': 'Default', 'user_id': 'e50d103e9010492d8d4eeb3bcdc35a89', 'system': None}, Network: None, Subnet: None, Router: None
2025-11-14 02:38:51.134 66071 INFO tempest.lib.common.dynamic_creds [-] Created isolated network resources for: credentials: Credentials: {'domain_id': 'default', 'domain_name': 'Default', 'username': 'tempest-FlavorsAccessNegativeTestJSON-2050597259-project-member', 'project_domain_id': 'default', 'project_domain_name': 'Default', 'project_id': '1ed22fbd212146d99b8929dd296e9f33', 'project_name': 'tempest-FlavorsAccessNegativeTestJSON-2050597259', 'tenant_id': '1ed22fbd212146d99b8929dd296e9f33', 'tenant_name': 'tempest-FlavorsAccessNegativeTestJSON-2050597259', 'user_domain_id': 'default', 'user_domain_name': 'Default', 'user_id': 'e50d103e9010492d8d4eeb3bcdc35a89', 'system': None}, Network: None, Subnet: None, Router: None
2025-11-14 02:38:51.146 66048 INFO tempest.lib.common.rest_client [req-977fb938-1cf2-42fc-9c5b-3da665a38bf7 req-977fb938-1cf2-42fc-9c5b-3da665a38bf7 ] Request (FloatingIPsAssociationTestJSON:setUpClass): 202 POST http://10.180.1.21/compute/v2.1/servers 5.744s
2025-11-14 02:38:51.244 66042 INFO tempest.lib.common.rest_client [req-1a130eb1-d79f-4101-bc9c-6622cee6a4d2 req-1a130eb1-d79f-4101-bc9c-6622cee6a4d2 ] Request (AZAdminV2TestJSON:tearDownClass): 204 DELETE http://10.180.1.21/identity/v3/users/396a0fb2798144afa1444e21a66113da 0.160s
2025-11-14 02:38:51.273 66064 INFO tempest.lib.common.rest_client [req-e9a0012e-3600-41c6-8a36-759d0010ace6 req-e9a0012e-3600-41c6-8a36-759d0010ace6 ] Request (HostsAdminNegativeTestJSON:test_list_hosts_with_non_admin_user): 403 GET http://10.180.1.21/compute/v2.1/os-hosts 4.438s
2025-11-14 02:38:51.336 66046 INFO tempest.lib.common.rest_client [req-19ff9de3-b8ac-4a76-adc9-46af175b9231 req-19ff9de3-b8ac-4a76-adc9-46af175b9231 ] Request (AggregatesAdminNegativeTestJSON:test_aggregate_add_existent_host): 200 POST http://10.180.1.21/compute/v2.1/os-aggregates 4.180s
2025-11-14 02:38:51.348 66071 INFO tempest.lib.common.rest_client [req-94df0b2a-2c14-4261-8509-cb46321471bf req-94df0b2a-2c14-4261-8509-cb46321471bf ] Request (FlavorsAccessNegativeTestJSON:setUpClass): 201 POST http://10.180.1.21/identity/v3/auth/tokens 0.210s
2025-11-14 02:38:51.402 66085 INFO tempest.lib.common.rest_client [req-7c53b7d0-b94d-45af-b7ea-5836ccaa992b req-7c53b7d0-b94d-45af-b7ea-5836ccaa992b ] Request (AttachInterfacesTestJSON:setUpClass): 201 POST http://10.180.1.21/networking/v2.0/networks 0.383s
2025-11-14 02:38:51.441 66042 INFO tempest.lib.common.rest_client [req-cc3467ca-1935-4638-a60b-df440f14397a req-cc3467ca-1935-4638-a60b-df440f14397a ] Request (AZAdminV2TestJSON:tearDownClass): 204 DELETE http://10.180.1.21/identity/v3/users/76aa02ed94e24a80bc4df24bab42e2f1 0.196s
2025-11-14 02:38:51.441 66042 INFO tempest.lib.common.dynamic_creds [-] Deleting project and security group for project: 7c2f85d3121b4d85a582100d77f04345
2025-11-14 02:38:51.571 66038 INFO tempest.lib.common.rest_client [req-699ec8e6-125d-4236-bed3-6f964808ce43 req-699ec8e6-125d-4236-bed3-6f964808ce43 ] Request (QuotasAdminNegativeTest:test_create_server_when_cpu_quota_is_full): 200 PUT http://10.180.1.21/compute/v2.1/os-quota-sets/3d5f6a76dc4e4d759911f67a2b162429 4.564s
2025-11-14 02:38:51.572 66042 INFO tempest.lib.common.rest_client [req-f1e8dfa6-48ec-4b65-b993-1b21dcbef190 req-f1e8dfa6-48ec-4b65-b993-1b21dcbef190 ] Request (AZAdminV2TestJSON:tearDownClass): 201 POST http://10.180.1.21/identity/v3/auth/tokens 0.130s
2025-11-14 02:38:51.578 66071 INFO tempest.lib.common.rest_client [req-64cf2473-29f3-47dd-8a54-cf5fc86e6fbb req-64cf2473-29f3-47dd-8a54-cf5fc86e6fbb ] Request (FlavorsAccessNegativeTestJSON:setUpClass): 201 POST http://10.180.1.21/identity/v3/projects 0.229s
2025-11-14 02:38:51.610 66085 INFO tempest.lib.common.rest_client [req-ef386878-5a44-40f4-a94a-4e9505e330d3 req-ef386878-5a44-40f4-a94a-4e9505e330d3 ] Request (AttachInterfacesTestJSON:setUpClass): 201 POST http://10.180.1.21/networking/v2.0/subnets 0.207s
2025-11-14 02:38:51.641 66072 INFO tempest.lib.common.rest_client [req-00ac3810-c029-474c-a1c9-dd368b7e5d3b req-00ac3810-c029-474c-a1c9-dd368b7e5d3b ] Request (HypervisorAdminV253TestBase:test_list_show_detail_hypervisors): 200 GET http://10.180.1.21/compute/v2.1/os-hypervisors?with_servers=True 4.386s
2025-11-14 02:38:51.643 66038 INFO tempest.lib.common.rest_client [req-f2736bc7-f582-458e-bf6e-f6b9380403ce req-f2736bc7-f582-458e-bf6e-f6b9380403ce ] Request (QuotasAdminNegativeTest:test_create_server_when_cpu_quota_is_full): 201 POST http://10.180.1.21/identity/v3/auth/tokens 0.064s
2025-11-14 02:38:51.644 66038 INFO tempest.lib.common.fixed_network [-] (QuotasAdminNegativeTest:test_create_server_when_cpu_quota_is_full) Found network None available for tenant
2025-11-14 02:38:51.671 66071 INFO tempest.lib.common.rest_client [req-c4bdb389-bb44-42aa-9c01-f9679e2026d3 req-c4bdb389-bb44-42aa-9c01-f9679e2026d3 ] Request (FlavorsAccessNegativeTestJSON:setUpClass): 201 POST http://10.180.1.21/identity/v3/users 0.092s
2025-11-14 02:38:51.734 66071 INFO tempest.lib.common.rest_client [req-bd62a6f3-b152-4068-b949-b341db640037 req-bd62a6f3-b152-4068-b949-b341db640037 ] Request (FlavorsAccessNegativeTestJSON:setUpClass): 200 GET http://10.180.1.21/identity/v3/roles 0.063s
2025-11-14 02:38:51.763 66071 INFO tempest.lib.common.rest_client [req-1ec6dc6f-7a04-468d-9319-b880e0201f4d req-1ec6dc6f-7a04-468d-9319-b880e0201f4d ] Request (FlavorsAccessNegativeTestJSON:setUpClass): 204 PUT http://10.180.1.21/identity/v3/projects/2cb3fe86a9aa40659a41d5a05c060645/users/483591dbc1cd40299ae47653006a6de4/roles/65da260b012341c797ef35ce91a8bb24 0.029s
2025-11-14 02:38:51.795 66044 INFO tempest.lib.common.rest_client [req-3d7fd29a-f2c3-4d6b-ab02-987d40360452 req-3d7fd29a-f2c3-4d6b-ab02-987d40360452 ] Request (FlavorsV255TestJSON:test_crud_flavor): 200 GET http://10.180.1.21/compute/v2.1/flavors/687541034 4.436s
2025-11-14 02:38:51.816 66071 INFO tempest.lib.common.rest_client [req-ff41a786-485b-4e05-b01a-f6cd144cc2c9 req-ff41a786-485b-4e05-b01a-f6cd144cc2c9 ] Request (FlavorsAccessNegativeTestJSON:setUpClass): 200 GET http://10.180.1.21/identity/v3/roles 0.052s
2025-11-14 02:38:51.831 66042 INFO tempest.lib.common.rest_client [req-bcce9444-7eb6-4502-ba7a-8e13ea46b5fd req-bcce9444-7eb6-4502-ba7a-8e13ea46b5fd ] Request (AZAdminV2TestJSON:tearDownClass): 200 GET http://10.180.1.21/networking/v2.0/security-groups?tenant_id=7c2f85d3121b4d85a582100d77f04345&name=default 0.258s
2025-11-14 02:38:51.840 66071 INFO tempest.lib.common.rest_client [req-0fafa6d5-ff97-4589-a56e-a58288a6f768 req-0fafa6d5-ff97-4589-a56e-a58288a6f768 ] Request (FlavorsAccessNegativeTestJSON:setUpClass): 204 PUT http://10.180.1.21/identity/v3/projects/2cb3fe86a9aa40659a41d5a05c060645/users/483591dbc1cd40299ae47653006a6de4/roles/65da260b012341c797ef35ce91a8bb24 0.023s
2025-11-14 02:38:51.840 66071 INFO tempest.lib.common.dynamic_creds [-] Dynamic test user 483591dbc1cd40299ae47653006a6de4 is created with scope project and roles: ['admin']
