2025-11-14 02:40:05.201 66064 INFO tempest.lib.common.dynamic_creds [-] Created isolated network resources for: credentials: Credentials: {'domain_id': 'default', 'domain_name': 'Default', 'username': 'tempest-ListServersNegativeTestJSON-1141148033-project-member', 'project_domain_id': 'default', 'project_domain_name': 'Default', 'project_id': '4b15f690278c468aa212638c6c5e1f90', 'project_name': 'tempest-ListServersNegativeTestJSON-1141148033', 'tenant_id': '4b15f690278c468aa212638c6c5e1f90', 'tenant_name': 'tempest-ListServersNegativeTestJSON-1141148033', 'user_domain_id': 'default', 'user_domain_name': 'Default', 'user_id': '3e5cd482594f4077b9b7cca3ef80bfc1', 'system': None}, Network: {'id': '792011a0-1e8c-46cc-80fd-0dc125d8ede7', 'name': 'tempest-ListServersNegativeTestJSON-324804648-network', 'tenant_id': '4b15f690278c468aa212638c6c5e1f90', 'project_id': '4b15f690278c468aa212638c6c5e1f90', 'admin_state_up': True, 'mtu': 8950, 'status': 'ACTIVE', 'subnets': [], 'shared': False, 'port_security_enabled': True, 'router:external': False, 'provider:network_type': 'vlan', 'provider:physical_network': 'default', 'provider:segmentation_id': 120, 'availability_zone_hints': [], 'availability_zones': [], 'ipv4_address_scope': None, 'ipv6_address_scope': None, 'description': '', 'tags': [], 'created_at': '2025-11-14T02:40:02Z', 'updated_at': '2025-11-14T02:40:02Z', 'revision_number': 1}, Subnet: {'id': '0e063958-c9b5-4ee3-a707-7e6aaf891e42', 'name': 'tempest-ListServersNegativeTestJSON-324804648-subnet', 'tenant_id': '4b15f690278c468aa212638c6c5e1f90', 'network_id': '792011a0-1e8c-46cc-80fd-0dc125d8ede7', 'ip_version': 4, 'subnetpool_id': None, 'enable_dhcp': True, 'ipv6_ra_mode': None, 'ipv6_address_mode': None, 'gateway_ip': '192.168.128.1', 'cidr': '192.168.128.0/28', 'allocation_pools': [{'start': '192.168.128.2', 'end': '192.168.128.14'}], 'host_routes': [], 'dns_nameservers': [], 'description': '', 'router:external': False, 'service_types': [], 'tags': [], 'created_at': '2025-11-14T02:40:03Z', 'updated_at': '2025-11-14T02:40:03Z', 'revision_number': 0, 'project_id': '4b15f690278c468aa212638c6c5e1f90'}, Router: {'id': '5408c102-a39a-4887-af99-bd7df1cf0b77', 'name': 'tempest-ListServersNegativeTestJSON-324804648-router', 'tenant_id': '4b15f690278c468aa212638c6c5e1f90', 'admin_state_up': True, 'status': 'ACTIVE', 'external_gateway_info': {'network_id': 'c5f52073-e829-4801-9ca8-6628da8a0193', 'external_fixed_ips': [{'subnet_id': 'ea7ddd04-f5d7-46d9-aa4d-a00b9d5b85c2', 'ip_address': '10.180.180.190'}], 'enable_snat': True}, 'description': '', 'availability_zones': [], 'distributed': False, 'ha': False, 'availability_zone_hints': [], 'routes': [], 'flavor_id': None, 'tags': [], 'created_at': '2025-11-14T02:40:03Z', 'updated_at': '2025-11-14T02:40:03Z', 'revision_number': 2, 'project_id': '4b15f690278c468aa212638c6c5e1f90'}
2025-11-14 02:40:05.285 66044 INFO tempest.lib.common.rest_client [req-ad052a18-d6e8-4d70-b5a3-43a9b384f998 req-ad052a18-d6e8-4d70-b5a3-43a9b384f998 ] Request (ImagesOneServerTestJSON:setUpClass): 200 GET http://10.180.1.21/compute/v2.1/servers/5fab543c-86b1-4821-abb5-8cb9ffbcafba 4.058s
2025-11-14 02:40:05.293 66044 INFO tempest.common.waiters [-] State transition "BUILD/spawning" ==> "ACTIVE/None" after 20 second wait
2025-11-14 02:40:05.301 66064 INFO tempest.lib.common.rest_client [req-9a2bc9e9-8ba2-469d-9ff2-dda8305abbfd req-9a2bc9e9-8ba2-469d-9ff2-dda8305abbfd ] Request (ListServersNegativeTestJSON:setUpClass): 201 POST http://10.180.1.21/identity/v3/auth/tokens 0.094s
2025-11-14 02:40:05.355 66064 INFO tempest.lib.common.rest_client [req-a02ace0e-138a-41e9-be93-1ab4feb9039a req-a02ace0e-138a-41e9-be93-1ab4feb9039a ] Request (ListServersNegativeTestJSON:setUpClass): 201 POST http://10.180.1.21/identity/v3/auth/tokens 0.047s
2025-11-14 02:40:05.356 66064 INFO tempest.lib.common.fixed_network [-] (ListServersNegativeTestJSON:setUpClass) Found network {'id': '792011a0-1e8c-46cc-80fd-0dc125d8ede7', 'name': 'tempest-ListServersNegativeTestJSON-324804648-network', 'tenant_id': '4b15f690278c468aa212638c6c5e1f90', 'project_id': '4b15f690278c468aa212638c6c5e1f90', 'admin_state_up': True, 'mtu': 8950, 'status': 'ACTIVE', 'subnets': [], 'shared': False, 'port_security_enabled': True, 'router:external': False, 'provider:network_type': 'vlan', 'provider:physical_network': 'default', 'provider:segmentation_id': 120, 'availability_zone_hints': [], 'availability_zones': [], 'ipv4_address_scope': None, 'ipv6_address_scope': None, 'description': '', 'tags': [], 'created_at': '2025-11-14T02:40:02Z', 'updated_at': '2025-11-14T02:40:02Z', 'revision_number': 1} available for tenant
2025-11-14 02:40:05.390 66085 WARNING tempest.lib.common.ssh [-] Failed to establish authenticated ssh connection to cirros@10.180.180.183 ([Errno None] Unable to connect to port 22 on 10.180.180.183). Number attempts: 4. Retry after 5 seconds.: paramiko.ssh_exception.NoValidConnectionsError: [Errno None] Unable to connect to port 22 on 10.180.180.183
2025-11-14 02:40:05.650 66086 INFO tempest.lib.common.rest_client [req-fe20dec0-3a72-4b2b-a136-e1931bdf3828 req-fe20dec0-3a72-4b2b-a136-e1931bdf3828 ] Request (ServerActionsTestJSON:setUp): 200 GET http://10.180.1.21/compute/v2.1/servers/95bff58e-a68b-487f-a46c-1863360282bd 3.938s
2025-11-14 02:40:05.756 66062 INFO tempest.lib.common.rest_client [req-d003c182-004d-43d3-97b4-9c7779d48ffe req-d003c182-004d-43d3-97b4-9c7779d48ffe ] Request (ServerDiskConfigTestJSON:test_rebuild_server_with_auto_disk_config): 200 GET http://10.180.1.21/compute/v2.1/servers/671a633d-ab29-4b33-8468-5fc0ff0c48f3 4.025s
2025-11-14 02:40:05.764 66062 INFO tempest.common.waiters [-] State transition "REBUILD/rebuilding" ==> "REBUILD/rebuild_spawning" after 5 second wait
2025-11-14 02:40:05.775 66038 INFO tempest.lib.common.rest_client [req-a1c32006-e283-4107-91e3-e30737f2c08f req-a1c32006-e283-4107-91e3-e30737f2c08f ] Request (KeyPairsV22TestJSON:_run_cleanups): 204 DELETE http://10.180.1.21/compute/v2.1/os-keypairs/tempest-keypair-1001858357 3.878s
2025-11-14 02:40:05.824 66072 INFO tempest.lib.common.rest_client [req-baded7da-5608-47f8-8202-e1adbbaa73f5 req-baded7da-5608-47f8-8202-e1adbbaa73f5 ] Request (AttachInterfacesV270Test:test_create_get_list_interfaces): 200 GET http://10.180.1.21/compute/v2.1/servers/bb9d3182-b730-43f9-964f-2d685c5dae28 3.980s
2025-11-14 02:40:06.095 66092 INFO tempest.lib.common.rest_client [req-b3c3d39c-8291-4661-a354-a4ca96a00f3e req-b3c3d39c-8291-4661-a354-a4ca96a00f3e ] Request (ServerAddressesNegativeTestJSON:setUpClass): 200 GET http://10.180.1.21/compute/v2.1/servers/78284eeb-dc6d-405c-8a79-e46ccec7d553 4.056s
2025-11-14 02:40:06.105 66092 INFO tempest.common.waiters [-] State transition "BUILD/networking" ==> "BUILD/spawning" after 12 second wait
2025-11-14 02:40:06.141 66054 INFO tempest.lib.common.rest_client [req-16db1392-f1ed-4b95-99a0-8ac9e1e9b749 req-16db1392-f1ed-4b95-99a0-8ac9e1e9b749 ] Request (MigrationsAdminTest:test_list_migrations_in_flavor_resize_situation): 200 GET http://10.180.1.21/compute/v2.1/servers/ac264115-3fd3-4cc3-b700-dd918838b320 4.076s
2025-11-14 02:40:06.152 66054 INFO tempest.common.waiters [-] State transition "RESIZE/resize_migrated" ==> "VERIFY_RESIZE/None" after 28 second wait
2025-11-14 02:40:06.168 66067 INFO tempest.lib.common.rest_client [req-ce90f01d-3b14-4d75-a1e1-04b584349093 req-ce90f01d-3b14-4d75-a1e1-04b584349093 ] Request (ServerExternalEventsTest:test_create_server_external_events): 200 GET http://10.180.1.21/compute/v2.1/servers/856e2496-3a50-4a36-a353-6c1c3efe8a5c 3.839s
2025-11-14 02:40:06.178 66067 INFO tempest.common.waiters [-] State transition "BUILD/scheduling" ==> "BUILD/None" after 5 second wait
2025-11-14 02:40:06.252 66050 INFO tempest.lib.common.rest_client [req-eea4f591-4666-463e-9caf-60d9449e129e req-eea4f591-4666-463e-9caf-60d9449e129e ] Request (ServicesAdminNegativeTestJSON:test_list_services_with_non_admin_user): 403 GET http://10.180.1.21/compute/v2.1/os-services 3.476s
2025-11-14 02:40:06.261 66090 WARNING tempest.lib.common.ssh [-] Failed to establish authenticated ssh connection to cirros@10.180.180.201 ([Errno None] Unable to connect to port 22 on 10.180.180.201). Number attempts: 3. Retry after 4 seconds.: paramiko.ssh_exception.NoValidConnectionsError: [Errno None] Unable to connect to port 22 on 10.180.180.201
2025-11-14 02:40:06.266 66046 INFO tempest.lib.common.rest_client [req-63e01f03-778e-454f-84bd-bcd3e1de9a1d req-63e01f03-778e-454f-84bd-bcd3e1de9a1d ] Request (AggregatesAdminNegativeTestJSON:test_aggregate_delete_with_invalid_id): 404 DELETE http://10.180.1.21/compute/v2.1/os-aggregates/-1 3.473s
2025-11-14 02:40:06.279 66056 INFO tempest.lib.common.rest_client [req-ae19edd5-a19a-4449-b4c7-f089fb368d31 req-ae19edd5-a19a-4449-b4c7-f089fb368d31 ] Request (SecurityGroupsTestAdminJSON:_run_cleanups): 202 DELETE http://10.180.1.21/compute/v2.1/os-security-groups/5fc12b88-961e-4722-beab-f158df85fd97 3.531s
2025-11-14 02:40:06.307 66071 INFO tempest.lib.common.rest_client [req-a4d2cb6c-fb25-41fa-a7ea-e396cffbf3b4 req-a4d2cb6c-fb25-41fa-a7ea-e396cffbf3b4 ] Request (FlavorsAccessNegativeTestJSON:_run_cleanups): 200 GET http://10.180.1.21/compute/v2.1/flavors/detail 3.274s
2025-11-14 02:40:06.328 66068 INFO tempest.lib.common.rest_client [req-0217a5dd-8d3a-4024-94b3-31f2e095c85f req-0217a5dd-8d3a-4024-94b3-31f2e095c85f ] Request (FlavorsAdminTestJSON:test_create_server_with_non_public_flavor): 200 POST http://10.180.1.21/compute/v2.1/flavors 3.251s
2025-11-14 02:40:06.346 66050 INFO tempest.lib.common.rest_client [req-8c31cbd6-12d4-46da-9dfe-a7d054a3819e req-8c31cbd6-12d4-46da-9dfe-a7d054a3819e ] Request (ServicesAdminNegativeTestJSON:tearDownClass): 204 DELETE http://10.180.1.21/identity/v3/users/69fa8591d5ff45eaa0635fbcd27d3ddf 0.091s
2025-11-14 02:40:06.372 66056 INFO tempest.lib.common.rest_client [req-fec69c48-fef2-481c-a472-0796d9b4c696 req-fec69c48-fef2-481c-a472-0796d9b4c696 ] Request (SecurityGroupsTestAdminJSON:tearDownClass): 204 DELETE http://10.180.1.21/identity/v3/users/9c9e31fcf0934f2d9e585064b2f8a6d3 0.091s
2025-11-14 02:40:06.430 66080 INFO tempest.lib.common.rest_client [req-1f72dc0b-de4f-4308-811e-4c1d24967cbc req-1f72dc0b-de4f-4308-811e-4c1d24967cbc ] Request (ServersTestFqdnHostnames:test_create_server_with_fqdn_name): 200 GET http://10.180.1.21/compute/v2.1/servers/716a9055-81b4-4c36-b19e-8585e124bc83 3.581s
2025-11-14 02:40:06.508 66088 INFO tempest.lib.common.rest_client [req-f564eb9e-8d0c-4f6e-9916-ad32b0243545 req-f564eb9e-8d0c-4f6e-9916-ad32b0243545 ] Request (ServerAddressesTestJSON:tearDownClass): 204 DELETE http://10.180.1.21/compute/v2.1/servers/e713993e-5be1-4c47-b1d1-09bb74ff48f5 3.391s
2025-11-14 02:40:06.515 66078 INFO tempest.lib.common.rest_client [req-01b3fb92-2331-49db-a4f2-ce0cd2217afa req-01b3fb92-2331-49db-a4f2-ce0cd2217afa ] Request (ServerMetadataNegativeTestJSON:test_server_create_metadata_key_too_long): 400 POST http://10.180.1.21/compute/v2.1/servers 3.057s
2025-11-14 02:40:06.534 66056 INFO tempest.lib.common.rest_client [req-8b6368ba-2a84-40d8-83ea-0eabc880f2ac req-8b6368ba-2a84-40d8-83ea-0eabc880f2ac ] Request (SecurityGroupsTestAdminJSON:tearDownClass): 204 DELETE http://10.180.1.21/identity/v3/users/bdf9209513e548fcb8a04ea97980efd5 0.161s
2025-11-14 02:40:06.534 66056 INFO tempest.lib.common.dynamic_creds [-] Deleting project and security group for project: 3877fb9cbd924019ba39ab330871c6ee
2025-11-14 02:40:06.560 66050 INFO tempest.lib.common.rest_client [req-89f3f3d2-24e4-4936-a5d0-b711f69d034c req-89f3f3d2-24e4-4936-a5d0-b711f69d034c ] Request (ServicesAdminNegativeTestJSON:tearDownClass): 204 DELETE http://10.180.1.21/identity/v3/users/112e48cbc30b40f2b40a9011113650b7 0.213s
2025-11-14 02:40:06.560 66050 INFO tempest.lib.common.dynamic_creds [-] Deleting project and security group for project: 0ff1ece6ed6c43aa953a1467aecd5ef5
2025-11-14 02:40:06.607 66056 INFO tempest.lib.common.rest_client [req-c62b4e29-3c16-4fca-b0e5-9cf870c496cf req-c62b4e29-3c16-4fca-b0e5-9cf870c496cf ] Request (SecurityGroupsTestAdminJSON:tearDownClass): 201 POST http://10.180.1.21/identity/v3/auth/tokens 0.072s
2025-11-14 02:40:06.637 66050 INFO tempest.lib.common.rest_client [req-ac83119d-2cbf-435b-918e-ccec7c71cfab req-ac83119d-2cbf-435b-918e-ccec7c71cfab ] Request (ServicesAdminNegativeTestJSON:tearDownClass): 201 POST http://10.180.1.21/identity/v3/auth/tokens 0.076s
2025-11-14 02:40:06.711 66036 INFO tempest.lib.common.rest_client [req-3c8a5f9f-033d-418e-95cd-db9598c1c2c9 req-3c8a5f9f-033d-418e-95cd-db9598c1c2c9 ] Request (QuotasAdminTestJSON:test_get_updated_quotas): 200 GET http://10.180.1.21/compute/v2.1/os-quota-sets/2fbfcaede0f44a908ca938be9f1135d4/detail 3.378s
2025-11-14 02:40:06.720 66056 INFO tempest.lib.common.rest_client [req-c7fb3f9d-36aa-4ecd-86ac-5d344094bf6a req-c7fb3f9d-36aa-4ecd-86ac-5d344094bf6a ] Request (SecurityGroupsTestAdminJSON:tearDownClass): 200 GET http://10.180.1.21/networking/v2.0/security-groups?tenant_id=3877fb9cbd924019ba39ab330871c6ee&name=default 0.112s
2025-11-14 02:40:06.750 66036 INFO tempest.lib.common.rest_client [req-1c4860bb-8379-4ba8-9e4a-ad5a49dbad26 req-1c4860bb-8379-4ba8-9e4a-ad5a49dbad26 ] Request (QuotasAdminTestJSON:test_get_updated_quotas): 200 GET http://10.180.1.21/identity/v3/domains?name=Default 0.032s
2025-11-14 02:40:06.780 66036 INFO tempest.lib.common.rest_client [req-4d511892-4bdd-4068-a890-a00d46d919e0 req-4d511892-4bdd-4068-a890-a00d46d919e0 ] Request (QuotasAdminTestJSON:test_get_updated_quotas): 201 POST http://10.180.1.21/identity/v3/users 0.029s
2025-11-14 02:40:06.801 66036 INFO tempest.lib.common.rest_client [req-968286cd-7464-453f-8129-e5f808cca6dc req-968286cd-7464-453f-8129-e5f808cca6dc ] Request (QuotasAdminTestJSON:test_get_updated_quotas): 200 GET http://10.180.1.21/identity/v3/domains?name=Default 0.021s
2025-11-14 02:40:06.905 66050 INFO tempest.lib.common.rest_client [req-e2ca438c-7790-4d1d-bb95-57ee5850eb0e req-e2ca438c-7790-4d1d-bb95-57ee5850eb0e ] Request (ServicesAdminNegativeTestJSON:tearDownClass): 200 GET http://10.180.1.21/networking/v2.0/security-groups?tenant_id=0ff1ece6ed6c43aa953a1467aecd5ef5&name=default 0.267s
2025-11-14 02:40:06.968 66040 INFO tempest.lib.common.rest_client [req-b341363d-6e47-4ccc-be2c-a2c040412b17 req-b341363d-6e47-4ccc-be2c-a2c040412b17 ] Request (InstanceActionsNegativeTestJSON:tearDownClass): 200 GET http://10.180.1.21/compute/v2.1/servers/f307e1d6-7592-42cd-9982-76fbb21fffae 2.963s
2025-11-14 02:40:07.009 66056 INFO tempest.lib.common.rest_client [req-44514375-1fd0-467c-a552-48b006eeb7c5 req-44514375-1fd0-467c-a552-48b006eeb7c5 ] Request (SecurityGroupsTestAdminJSON:tearDownClass): 204 DELETE http://10.180.1.21/networking/v2.0/security-groups/602db219-eec4-4c1d-afbe-45520f52a5cc 0.289s
2025-11-14 02:40:07.097 66056 INFO tempest.lib.common.rest_client [req-afaad03e-7288-453d-8ce1-78c49d850d84 req-afaad03e-7288-453d-8ce1-78c49d850d84 ] Request (SecurityGroupsTestAdminJSON:tearDownClass): 204 DELETE http://10.180.1.21/identity/v3/projects/3877fb9cbd924019ba39ab330871c6ee 0.087s
2025-11-14 02:40:07.097 66056 INFO tempest.lib.common.dynamic_creds [-] Deleting project and security group for project: f5d4e9741cc64e8d9b424413a36800bb
2025-11-14 02:40:07.107 66050 INFO tempest.lib.common.rest_client [req-b67f2202-2c83-491b-8e1b-b111b241e5fe req-b67f2202-2c83-491b-8e1b-b111b241e5fe ] Request (ServicesAdminNegativeTestJSON:tearDownClass): 204 DELETE http://10.180.1.21/networking/v2.0/security-groups/9a1fe05c-3db5-425b-ab46-fb6ef3b45598 0.202s
2025-11-14 02:40:07.243 66050 INFO tempest.lib.common.rest_client [req-8b3f62bc-0f2f-472f-879e-4a183de5bf2d req-8b3f62bc-0f2f-472f-879e-4a183de5bf2d ] Request (ServicesAdminNegativeTestJSON:tearDownClass): 204 DELETE http://10.180.1.21/identity/v3/projects/0ff1ece6ed6c43aa953a1467aecd5ef5 0.136s
2025-11-14 02:40:07.244 66050 INFO tempest.lib.common.dynamic_creds [-] Deleting project and security group for project: bb65634c821f4e28bdd8f93ff3655055
2025-11-14 02:40:07.668 66052 WARNING tempest.lib.common.ssh [-] Failed to establish authenticated ssh connection to cirros@10.180.180.216 ([Errno None] Unable to connect to port 22 on 10.180.180.216). Number attempts: 3. Retry after 4 seconds.: paramiko.ssh_exception.NoValidConnectionsError: [Errno None] Unable to connect to port 22 on 10.180.180.216
2025-11-14 02:40:07.880 66056 INFO tempest.lib.common.rest_client [req-15fb56f4-6f3a-4901-8982-40748438e1bf req-15fb56f4-6f3a-4901-8982-40748438e1bf ] Request (SecurityGroupsTestAdminJSON:tearDownClass): 200 GET http://10.180.1.21/networking/v2.0/security-groups?tenant_id=f5d4e9741cc64e8d9b424413a36800bb&name=default 0.782s
2025-11-14 02:40:08.028 66050 INFO tempest.lib.common.rest_client [req-7971eef2-9dd7-43f0-8c91-500224ba5e35 req-7971eef2-9dd7-43f0-8c91-500224ba5e35 ] Request (ServicesAdminNegativeTestJSON:tearDownClass): 200 GET http://10.180.1.21/networking/v2.0/security-groups?tenant_id=bb65634c821f4e28bdd8f93ff3655055&name=default 0.784s
2025-11-14 02:40:08.176 66094 INFO tempest.lib.common.rest_client [req-81667c50-538c-4859-8c86-938a22046663 req-81667c50-538c-4859-8c86-938a22046663 ] Request (DeleteServersAdminTestJSON:test_delete_server_while_in_error_state): 200 GET http://10.180.1.21/compute/v2.1/servers/e9f1571f-b718-4c4c-8feb-f23426bd5274 3.168s
2025-11-14 02:40:08.183 66094 INFO tempest.common.waiters [-] State transition "BUILD/networking" ==> "BUILD/spawning" after 14 second wait
2025-11-14 02:40:08.244 66076 WARNING tempest.lib.common.ssh [-] Failed to establish authenticated ssh connection to cirros@10.180.180.241 ([Errno None] Unable to connect to port 22 on 10.180.180.241). Number attempts: 3. Retry after 4 seconds.: paramiko.ssh_exception.NoValidConnectionsError: [Errno None] Unable to connect to port 22 on 10.180.180.241
2025-11-14 02:40:08.299 66056 INFO tempest.lib.common.rest_client [req-3aa55bcf-f71e-42ad-80ae-dd13d1d56d4d req-3aa55bcf-f71e-42ad-80ae-dd13d1d56d4d ] Request (SecurityGroupsTestAdminJSON:tearDownClass): 204 DELETE http://10.180.1.21/networking/v2.0/security-groups/d4959aa3-b88c-4cae-bf77-a571c84807c1 0.419s
2025-11-14 02:40:08.406 66056 INFO tempest.lib.common.rest_client [req-d72edb17-1b1c-4a95-96dc-bdd20b7aa3f6 req-d72edb17-1b1c-4a95-96dc-bdd20b7aa3f6 ] Request (SecurityGroupsTestAdminJSON:tearDownClass): 204 DELETE http://10.180.1.21/identity/v3/projects/f5d4e9741cc64e8d9b424413a36800bb 0.106s
2025-11-14 02:40:08.408 66056 INFO tempest.test [-] raised in UpdateMultiattachVolumeNegativeTest.setUpClass. Invoking tearDownClass.
2025-11-14 02:40:08.434 66050 INFO tempest.lib.common.rest_client [req-c559d3be-4b74-42c6-a1b3-c0595842825d req-c559d3be-4b74-42c6-a1b3-c0595842825d ] Request (ServicesAdminNegativeTestJSON:tearDownClass): 204 DELETE http://10.180.1.21/networking/v2.0/security-groups/f4565552-86ff-4bfd-9a40-4705e590cb40 0.405s
2025-11-14 02:40:08.495 66056 INFO tempest.lib.common.rest_client [req-d20d6ac8-ad36-4185-b6c7-f5df4e754177 req-d20d6ac8-ad36-4185-b6c7-f5df4e754177 ] Request (ImagesOneServerNegativeTestJSON:setUpClass): 201 POST http://10.180.1.21/identity/v3/auth/tokens 0.083s
2025-11-14 02:40:08.537 66050 INFO tempest.lib.common.rest_client [req-b800f5e0-70ee-4de3-a7b6-3c7769bc0436 req-b800f5e0-70ee-4de3-a7b6-3c7769bc0436 ] Request (ServicesAdminNegativeTestJSON:tearDownClass): 204 DELETE http://10.180.1.21/identity/v3/projects/bb65634c821f4e28bdd8f93ff3655055 0.103s
2025-11-14 02:40:08.554 66056 INFO tempest.lib.common.rest_client [req-b376d8ff-c1d0-4f74-a3a0-649c7e587bc5 req-b376d8ff-c1d0-4f74-a3a0-649c7e587bc5 ] Request (ImagesOneServerNegativeTestJSON:setUpClass): 201 POST http://10.180.1.21/identity/v3/auth/tokens 0.055s
2025-11-14 02:40:08.564 66050 INFO tempest.lib.common.rest_client [req-5b5c9def-bc61-43a4-a426-10199762f110 req-5b5c9def-bc61-43a4-a426-10199762f110 ] Request (FloatingIPDetailsTestJSON:setUpClass): 201 POST http://10.180.1.21/identity/v3/auth/tokens 0.024s
2025-11-14 02:40:08.575 66056 INFO tempest.lib.common.rest_client [req-815ea76a-7fb0-4c77-8ac9-6e535dcea754 req-815ea76a-7fb0-4c77-8ac9-6e535dcea754 ] Request (ImagesOneServerNegativeTestJSON:setUpClass): 200 GET http://10.180.1.21/identity/v3/domains?name=Default 0.021s
2025-11-14 02:40:08.593 66050 INFO tempest.lib.common.rest_client [req-7c67dfb6-3956-4fb1-b4b5-755fb03c4a9f req-7c67dfb6-3956-4fb1-b4b5-755fb03c4a9f ] Request (FloatingIPDetailsTestJSON:setUpClass): 201 POST http://10.180.1.21/identity/v3/auth/tokens 0.027s
2025-11-14 02:40:08.606 66056 INFO tempest.lib.common.rest_client [req-acb0f2a8-980b-49e1-9751-6beda35cf1d7 req-acb0f2a8-980b-49e1-9751-6beda35cf1d7 ] Request (ImagesOneServerNegativeTestJSON:setUpClass): 201 POST http://10.180.1.21/identity/v3/projects 0.030s
2025-11-14 02:40:08.655 66050 INFO tempest.lib.common.rest_client [req-ec47654f-969a-4bd2-8eff-0601021b96c8 req-ec47654f-969a-4bd2-8eff-0601021b96c8 ] Request (FloatingIPDetailsTestJSON:setUpClass): 200 GET http://10.180.1.21/identity/v3/domains?name=Default 0.061s
2025-11-14 02:40:08.671 66056 INFO tempest.lib.common.rest_client [req-ef3e208e-bda6-43f9-ae63-94127cac9ae9 req-ef3e208e-bda6-43f9-ae63-94127cac9ae9 ] Request (ImagesOneServerNegativeTestJSON:setUpClass): 201 POST http://10.180.1.21/identity/v3/users 0.064s
2025-11-14 02:40:08.686 66050 INFO tempest.lib.common.rest_client [req-cf2550db-dc10-4f98-83be-ef7f1a21dbab req-cf2550db-dc10-4f98-83be-ef7f1a21dbab ] Request (FloatingIPDetailsTestJSON:setUpClass): 201 POST http://10.180.1.21/identity/v3/projects 0.031s
2025-11-14 02:40:08.711 66056 INFO tempest.lib.common.rest_client [req-ffb7278a-3f30-423a-9a58-d8ced6cec999 req-ffb7278a-3f30-423a-9a58-d8ced6cec999 ] Request (ImagesOneServerNegativeTestJSON:setUpClass): 200 GET http://10.180.1.21/identity/v3/roles 0.038s
2025-11-14 02:40:08.721 66074 INFO tempest.lib.common.rest_client [req-d3dde00d-b6ed-460c-9d7a-a4c83c3b3ba3 req-d3dde00d-b6ed-460c-9d7a-a4c83c3b3ba3 ] Request (TenantUsagesTestJSON:setUpClass): 200 GET http://10.180.1.21/compute/v2.1/servers/cf29fbbc-4fa3-455d-bccd-cdcc7666027d 3.633s
2025-11-14 02:40:08.730 66074 INFO tempest.common.waiters [-] State transition "BUILD/None" ==> "BUILD/spawning" after 13 second wait
2025-11-14 02:40:08.759 66050 INFO tempest.lib.common.rest_client [req-a43d61ff-6a63-4cb2-b2a6-2e24051e41a9 req-a43d61ff-6a63-4cb2-b2a6-2e24051e41a9 ] Request (FloatingIPDetailsTestJSON:setUpClass): 201 POST http://10.180.1.21/identity/v3/users 0.072s
2025-11-14 02:40:08.780 66050 INFO tempest.lib.common.rest_client [req-bd62ff41-bd95-40c4-8a8a-f58cd9c2e2ce req-bd62ff41-bd95-40c4-8a8a-f58cd9c2e2ce ] Request (FloatingIPDetailsTestJSON:setUpClass): 200 GET http://10.180.1.21/identity/v3/roles 0.020s
2025-11-14 02:40:08.793 66056 INFO tempest.lib.common.rest_client [req-32ecaf77-19fa-42a3-8659-8bbe5123e958 req-32ecaf77-19fa-42a3-8659-8bbe5123e958 ] Request (ImagesOneServerNegativeTestJSON:setUpClass): 204 PUT http://10.180.1.21/identity/v3/projects/2f03a23d6c0c49c9943b73099f9573cb/users/45f17ff60a43419593db23c83f099a53/roles/39f220bb09cd4e009bd2d58dfb10af6d 0.081s
2025-11-14 02:40:08.793 66056 INFO tempest.lib.common.dynamic_creds [-] Dynamic test user 45f17ff60a43419593db23c83f099a53 is created with scope project and roles: ['member']
2025-11-14 02:40:08.794 66056 INFO tempest.lib.common.dynamic_creds [-] Acquired dynamic creds: credentials: Credentials: {'domain_id': 'default', 'domain_name': 'Default', 'username': 'tempest-ImagesOneServerNegativeTestJSON-281812694-project-member', 'project_domain_id': 'default', 'project_domain_name': 'Default', 'project_id': '2f03a23d6c0c49c9943b73099f9573cb', 'project_name': 'tempest-ImagesOneServerNegativeTestJSON-281812694', 'tenant_id': '2f03a23d6c0c49c9943b73099f9573cb', 'tenant_name': 'tempest-ImagesOneServerNegativeTestJSON-281812694', 'user_domain_id': 'default', 'user_domain_name': 'Default', 'user_id': '45f17ff60a43419593db23c83f099a53', 'system': None}, Network: None, Subnet: None, Router: None
2025-11-14 02:40:08.809 66050 INFO tempest.lib.common.rest_client [req-f9e41fd9-09eb-4100-8af5-45937a41efc5 req-f9e41fd9-09eb-4100-8af5-45937a41efc5 ] Request (FloatingIPDetailsTestJSON:setUpClass): 204 PUT http://10.180.1.21/identity/v3/projects/b9b21574a35147b6ad693ee58827d191/users/9aed147750354d098fe995b5f55f0b66/roles/39f220bb09cd4e009bd2d58dfb10af6d 0.029s
2025-11-14 02:40:08.809 66050 INFO tempest.lib.common.dynamic_creds [-] Dynamic test user 9aed147750354d098fe995b5f55f0b66 is created with scope project and roles: ['member']
2025-11-14 02:40:08.810 66050 INFO tempest.lib.common.dynamic_creds [-] Acquired dynamic creds: credentials: Credentials: {'domain_id': 'default', 'domain_name': 'Default', 'username': 'tempest-FloatingIPDetailsTestJSON-153022781-project-member', 'project_domain_id': 'default', 'project_domain_name': 'Default', 'project_id': 'b9b21574a35147b6ad693ee58827d191', 'project_name': 'tempest-FloatingIPDetailsTestJSON-153022781', 'tenant_id': 'b9b21574a35147b6ad693ee58827d191', 'tenant_name': 'tempest-FloatingIPDetailsTestJSON-153022781', 'user_domain_id': 'default', 'user_domain_name': 'Default', 'user_id': '9aed147750354d098fe995b5f55f0b66', 'system': None}, Network: None, Subnet: None, Router: None
2025-11-14 02:40:08.854 66042 INFO tempest.lib.common.rest_client [req-9b58511c-c091-4e40-8ccf-8a892cf06bd4 req-9b58511c-c091-4e40-8ccf-8a892cf06bd4 ] Request (ServersAdmin275Test:_run_cleanups): 200 GET http://10.180.1.21/compute/v2.1/servers/19e0c114-c8ce-4b80-9783-d1b96bf1569d 3.732s
2025-11-14 02:40:08.857 66056 INFO tempest.lib.common.rest_client [req-d1bc60b6-9662-47c5-8566-d5516d5ba455 req-d1bc60b6-9662-47c5-8566-d5516d5ba455 ] Request (ImagesOneServerNegativeTestJSON:setUpClass): 201 POST http://10.180.1.21/identity/v3/auth/tokens 0.063s
2025-11-14 02:40:08.867 66042 INFO tempest.common.waiters [-] State transition "REBUILD/rebuild_spawning" ==> "ACTIVE/None" after 14 second wait
2025-11-14 02:40:08.872 66050 INFO tempest.lib.common.rest_client [req-d59f8af6-7c33-48f7-b7e9-9cb24ee6f955 req-d59f8af6-7c33-48f7-b7e9-9cb24ee6f955 ] Request (FloatingIPDetailsTestJSON:setUpClass): 201 POST http://10.180.1.21/identity/v3/auth/tokens 0.062s
2025-11-14 02:40:09.204 66096 WARNING tempest.lib.common.ssh [-] Failed to establish authenticated ssh connection to cirros@10.180.180.175 ([Errno None] Unable to connect to port 22 on 10.180.180.175). Number attempts: 3. Retry after 4 seconds.: paramiko.ssh_exception.NoValidConnectionsError: [Errno None] Unable to connect to port 22 on 10.180.180.175
2025-11-14 02:40:09.222 66056 INFO tempest.lib.common.rest_client [req-6a2373ae-1bcc-4e52-ae6d-50cbeb11dae6 req-6a2373ae-1bcc-4e52-ae6d-50cbeb11dae6 ] Request (ImagesOneServerNegativeTestJSON:setUpClass): 201 POST http://10.180.1.21/networking/v2.0/networks 0.365s
2025-11-14 02:40:09.285 66058 INFO tempest.lib.common.rest_client [req-ead7020f-f814-49f6-84b5-8e42ecc2026e req-ead7020f-f814-49f6-84b5-8e42ecc2026e ] Request (SecurityGroupsTestJSON:test_list_security_groups_by_server): 200 GET http://10.180.1.21/compute/v2.1/servers/91cf9555-8264-42f4-904d-8211f5c6b0cf 4.139s
2025-11-14 02:40:09.331 66050 INFO tempest.lib.common.rest_client [req-92e77263-5900-42da-ac51-4ba754465b04 req-92e77263-5900-42da-ac51-4ba754465b04 ] Request (FloatingIPDetailsTestJSON:setUpClass): 201 POST http://10.180.1.21/networking/v2.0/networks 0.458s
2025-11-14 02:40:09.472 66098 INFO tempest.lib.common.rest_client [req-b58bfd3a-792a-4a94-8163-1b7f9eb7b615 req-b58bfd3a-792a-4a94-8163-1b7f9eb7b615 ] Request (ListServerFiltersTestJSON:setUpClass): 200 GET http://10.180.1.21/compute/v2.1/servers/caa249fb-cccc-438a-b456-0068782da68e 4.281s
2025-11-14 02:40:09.641 66056 INFO tempest.lib.common.rest_client [req-eb01e0d1-1ed1-4f75-a47e-2dc059e00474 req-eb01e0d1-1ed1-4f75-a47e-2dc059e00474 ] Request (ImagesOneServerNegativeTestJSON:setUpClass): 201 POST http://10.180.1.21/networking/v2.0/subnets 0.418s
2025-11-14 02:40:09.671 66050 INFO tempest.lib.common.rest_client [req-224175e7-6bb4-46a8-8eea-38e2cfe908e5 req-224175e7-6bb4-46a8-8eea-38e2cfe908e5 ] Request (FloatingIPDetailsTestJSON:setUpClass): 201 POST http://10.180.1.21/networking/v2.0/subnets 0.340s
2025-11-14 02:40:10.106 66044 INFO tempest.lib.common.rest_client [req-c4417784-ca9d-478b-b6e3-36471e078502 req-c4417784-ca9d-478b-b6e3-36471e078502 ] Request (ImagesOneServerTestJSON:test_create_delete_image): 202 POST http://10.180.1.21/compute/v2.1/servers/5fab543c-86b1-4821-abb5-8cb9ffbcafba/action 4.812s
2025-11-14 02:40:10.572 66056 INFO tempest.lib.common.rest_client [req-5061fff9-2d28-4aba-8666-804f83c2d9f1 req-5061fff9-2d28-4aba-8666-804f83c2d9f1 ] Request (ImagesOneServerNegativeTestJSON:setUpClass): 201 POST http://10.180.1.21/networking/v2.0/routers 0.931s
2025-11-14 02:40:10.770 66090 WARNING tempest.lib.common.ssh [-] Failed to establish authenticated ssh connection to cirros@10.180.180.201 ([Errno None] Unable to connect to port 22 on 10.180.180.201). Number attempts: 4. Retry after 5 seconds.: paramiko.ssh_exception.NoValidConnectionsError: [Errno None] Unable to connect to port 22 on 10.180.180.201
2025-11-14 02:40:10.871 66050 INFO tempest.lib.common.rest_client [req-a901cf54-9bfb-46b1-a5ad-55be4799cf8c req-a901cf54-9bfb-46b1-a5ad-55be4799cf8c ] Request (FloatingIPDetailsTestJSON:setUpClass): 201 POST http://10.180.1.21/networking/v2.0/routers 1.199s
2025-11-14 02:40:10.900 66085 INFO paramiko.transport [-] Connected (version 2.0, client dropbear_2020.81)
2025-11-14 02:40:10.966 66085 INFO paramiko.transport [-] Authentication (publickey) successful!
2025-11-14 02:40:10.966 66085 INFO tempest.lib.common.ssh [-] ssh connection to cirros@10.180.180.183 successfully created
2025-11-14 02:40:11.842 66056 INFO tempest.lib.common.rest_client [req-af2f448a-ff0b-4b27-9cda-e7c6fb8e441f req-af2f448a-ff0b-4b27-9cda-e7c6fb8e441f ] Request (ImagesOneServerNegativeTestJSON:setUpClass): 200 PUT http://10.180.1.21/networking/v2.0/routers/532ef8d9-7c40-45c1-a737-bcd424a7bb8a/add_router_interface 1.269s
2025-11-14 02:40:11.843 66056 INFO tempest.lib.common.dynamic_creds [-] Created isolated network resources for: credentials: Credentials: {'domain_id': 'default', 'domain_name': 'Default', 'username': 'tempest-ImagesOneServerNegativeTestJSON-281812694-project-member', 'project_domain_id': 'default', 'project_domain_name': 'Default', 'project_id': '2f03a23d6c0c49c9943b73099f9573cb', 'project_name': 'tempest-ImagesOneServerNegativeTestJSON-281812694', 'tenant_id': '2f03a23d6c0c49c9943b73099f9573cb', 'tenant_name': 'tempest-ImagesOneServerNegativeTestJSON-281812694', 'user_domain_id': 'default', 'user_domain_name': 'Default', 'user_id': '45f17ff60a43419593db23c83f099a53', 'system': None}, Network: {'id': 'd4af0398-a1cc-447b-bb1e-c07a9effe969', 'name': 'tempest-ImagesOneServerNegativeTestJSON-1295624878-network', 'tenant_id': '2f03a23d6c0c49c9943b73099f9573cb', 'project_id': '2f03a23d6c0c49c9943b73099f9573cb', 'admin_state_up': True, 'mtu': 8950, 'status': 'ACTIVE', 'subnets': [], 'shared': False, 'port_security_enabled': True, 'router:external': False, 'provider:network_type': 'vlan', 'provider:physical_network': 'default', 'provider:segmentation_id': 408, 'availability_zone_hints': [], 'availability_zones': [], 'ipv4_address_scope': None, 'ipv6_address_scope': None, 'description': '', 'tags': [], 'created_at': '2025-11-14T02:40:09Z', 'updated_at': '2025-11-14T02:40:09Z', 'revision_number': 1}, Subnet: {'id': '81fac3ba-80e9-439c-bd19-c6b9cc5994fb', 'name': 'tempest-ImagesOneServerNegativeTestJSON-1295624878-subnet', 'tenant_id': '2f03a23d6c0c49c9943b73099f9573cb', 'network_id': 'd4af0398-a1cc-447b-bb1e-c07a9effe969', 'ip_version': 4, 'subnetpool_id': None, 'enable_dhcp': True, 'ipv6_ra_mode': None, 'ipv6_address_mode': None, 'gateway_ip': '192.168.128.1', 'cidr': '192.168.128.0/28', 'allocation_pools': [{'start': '192.168.128.2', 'end': '192.168.128.14'}], 'host_routes': [], 'dns_nameservers': [], 'description': '', 'router:external': False, 'service_types': [], 'tags': [], 'created_at': '2025-11-14T02:40:09Z', 'updated_at': '2025-11-14T02:40:09Z', 'revision_number': 0, 'project_id': '2f03a23d6c0c49c9943b73099f9573cb'}, Router: {'id': '532ef8d9-7c40-45c1-a737-bcd424a7bb8a', 'name': 'tempest-ImagesOneServerNegativeTestJSON-1295624878-router', 'tenant_id': '2f03a23d6c0c49c9943b73099f9573cb', 'admin_state_up': True, 'status': 'ACTIVE', 'external_gateway_info': {'network_id': 'c5f52073-e829-4801-9ca8-6628da8a0193', 'external_fixed_ips': [{'subnet_id': 'ea7ddd04-f5d7-46d9-aa4d-a00b9d5b85c2', 'ip_address': '10.180.180.210'}], 'enable_snat': True}, 'description': '', 'availability_zones': [], 'distributed': False, 'ha': False, 'availability_zone_hints': [], 'routes': [], 'flavor_id': None, 'tags': [], 'created_at': '2025-11-14T02:40:09Z', 'updated_at': '2025-11-14T02:40:10Z', 'revision_number': 2, 'project_id': '2f03a23d6c0c49c9943b73099f9573cb'}
2025-11-14 02:40:11.932 66056 INFO tempest.lib.common.rest_client [req-d0ff9e2f-1f7c-4da2-8d7b-f0050701ae75 req-d0ff9e2f-1f7c-4da2-8d7b-f0050701ae75 ] Request (ImagesOneServerNegativeTestJSON:setUpClass): 201 POST http://10.180.1.21/identity/v3/auth/tokens 0.085s
2025-11-14 02:40:11.966 66056 INFO tempest.lib.common.rest_client [req-1f0a31a8-8fb0-457e-9c45-a420be2aa614 req-1f0a31a8-8fb0-457e-9c45-a420be2aa614 ] Request (ImagesOneServerNegativeTestJSON:setUpClass): 201 POST http://10.180.1.21/identity/v3/auth/tokens 0.030s
2025-11-14 02:40:11.967 66056 INFO tempest.lib.common.fixed_network [-] (ImagesOneServerNegativeTestJSON:setUpClass) Found network {'id': 'd4af0398-a1cc-447b-bb1e-c07a9effe969', 'name': 'tempest-ImagesOneServerNegativeTestJSON-1295624878-network', 'tenant_id': '2f03a23d6c0c49c9943b73099f9573cb', 'project_id': '2f03a23d6c0c49c9943b73099f9573cb', 'admin_state_up': True, 'mtu': 8950, 'status': 'ACTIVE', 'subnets': [], 'shared': False, 'port_security_enabled': True, 'router:external': False, 'provider:network_type': 'vlan', 'provider:physical_network': 'default', 'provider:segmentation_id': 408, 'availability_zone_hints': [], 'availability_zones': [], 'ipv4_address_scope': None, 'ipv6_address_scope': None, 'description': '', 'tags': [], 'created_at': '2025-11-14T02:40:09Z', 'updated_at': '2025-11-14T02:40:09Z', 'revision_number': 1} available for tenant
2025-11-14 02:40:12.769 66048 INFO tempest.lib.common.rest_client [req-d6c9977d-fd61-4f64-ac33-4d1a4af3deda req-d6c9977d-fd61-4f64-ac33-4d1a4af3deda ] Request (FloatingIPsAssociationTestJSON:test_associate_already_associated_floating_ip): 202 POST http://10.180.1.21/compute/v2.1/servers/32139dca-3134-4408-9d41-5b0cc132af7e/action 8.799s
2025-11-14 02:40:12.789 66050 INFO tempest.lib.common.rest_client [req-c81dde85-d53e-4dc8-a902-e16f7b7f644b req-c81dde85-d53e-4dc8-a902-e16f7b7f644b ] Request (FloatingIPDetailsTestJSON:setUpClass): 200 PUT http://10.180.1.21/networking/v2.0/routers/b533ab7e-ca15-41b8-878e-32c3eef680b5/add_router_interface 1.917s
2025-11-14 02:40:12.789 66050 INFO tempest.lib.common.dynamic_creds [-] Created isolated network resources for: credentials: Credentials: {'domain_id': 'default', 'domain_name': 'Default', 'username': 'tempest-FloatingIPDetailsTestJSON-153022781-project-member', 'project_domain_id': 'default', 'project_domain_name': 'Default', 'project_id': 'b9b21574a35147b6ad693ee58827d191', 'project_name': 'tempest-FloatingIPDetailsTestJSON-153022781', 'tenant_id': 'b9b21574a35147b6ad693ee58827d191', 'tenant_name': 'tempest-FloatingIPDetailsTestJSON-153022781', 'user_domain_id': 'default', 'user_domain_name': 'Default', 'user_id': '9aed147750354d098fe995b5f55f0b66', 'system': None}, Network: {'id': '1cc4129e-f5e8-4ae2-b099-5d8614959ed9', 'name': 'tempest-FloatingIPDetailsTestJSON-1058886601-network', 'tenant_id': 'b9b21574a35147b6ad693ee58827d191', 'project_id': 'b9b21574a35147b6ad693ee58827d191', 'admin_state_up': True, 'mtu': 8950, 'status': 'ACTIVE', 'subnets': [], 'shared': False, 'port_security_enabled': True, 'router:external': False, 'provider:network_type': 'vlan', 'provider:physical_network': 'default', 'provider:segmentation_id': 871, 'availability_zone_hints': [], 'availability_zones': [], 'ipv4_address_scope': None, 'ipv6_address_scope': None, 'description': '', 'tags': [], 'created_at': '2025-11-14T02:40:09Z', 'updated_at': '2025-11-14T02:40:09Z', 'revision_number': 1}, Subnet: {'id': '1bd1c47f-e10a-431e-990b-2aa075e07c33', 'name': 'tempest-FloatingIPDetailsTestJSON-1058886601-subnet', 'tenant_id': 'b9b21574a35147b6ad693ee58827d191', 'network_id': '1cc4129e-f5e8-4ae2-b099-5d8614959ed9', 'ip_version': 4, 'subnetpool_id': None, 'enable_dhcp': True, 'ipv6_ra_mode': None, 'ipv6_address_mode': None, 'gateway_ip': '192.168.128.1', 'cidr': '192.168.128.0/28', 'allocation_pools': [{'start': '192.168.128.2', 'end': '192.168.128.14'}], 'host_routes': [], 'dns_nameservers': [], 'description': '', 'router:external': False, 'service_types': [], 'tags': [], 'created_at': '2025-11-14T02:40:09Z', 'updated_at': '2025-11-14T02:40:09Z', 'revision_number': 0, 'project_id': 'b9b21574a35147b6ad693ee58827d191'}, Router: {'id': 'b533ab7e-ca15-41b8-878e-32c3eef680b5', 'name': 'tempest-FloatingIPDetailsTestJSON-1058886601-router', 'tenant_id': 'b9b21574a35147b6ad693ee58827d191', 'admin_state_up': True, 'status': 'ACTIVE', 'external_gateway_info': {'network_id': 'c5f52073-e829-4801-9ca8-6628da8a0193', 'external_fixed_ips': [{'subnet_id': 'ea7ddd04-f5d7-46d9-aa4d-a00b9d5b85c2', 'ip_address': '10.180.180.237'}], 'enable_snat': True}, 'description': '', 'availability_zones': [], 'distributed': False, 'ha': False, 'availability_zone_hints': [], 'routes': [], 'flavor_id': None, 'tags': [], 'created_at': '2025-11-14T02:40:10Z', 'updated_at': '2025-11-14T02:40:10Z', 'revision_number': 2, 'project_id': 'b9b21574a35147b6ad693ee58827d191'}
2025-11-14 02:40:12.830 66064 INFO tempest.lib.common.rest_client [req-7e31f947-b9da-404b-a8e0-983e3d75a2eb req-7e31f947-b9da-404b-a8e0-983e3d75a2eb ] Request (ListServersNegativeTestJSON:setUpClass): 202 POST http://10.180.1.21/compute/v2.1/servers 7.472s
2025-11-14 02:40:12.882 66086 INFO tempest.lib.common.rest_client [req-3433508b-cf98-47ec-ad9c-242c2a354e89 req-3433508b-cf98-47ec-ad9c-242c2a354e89 ] Request (ServerActionsTestJSON:test_lock_unlock_server): 202 POST http://10.180.1.21/compute/v2.1/servers/95bff58e-a68b-487f-a46c-1863360282bd/action 7.220s
2025-11-14 02:40:12.886 66038 INFO tempest.lib.common.rest_client [req-ea5ddaec-82d0-4e0a-b8d7-dbf288b821f4 req-ea5ddaec-82d0-4e0a-b8d7-dbf288b821f4 ] Request (KeyPairsV22TestJSON:test_keypairs_create_list_delete): 201 POST http://10.180.1.21/compute/v2.1/os-keypairs 7.109s
2025-11-14 02:40:12.923 66046 INFO tempest.lib.common.rest_client [req-9763f920-6c01-465b-a697-63339b717495 req-9763f920-6c01-465b-a697-63339b717495 ] Request (AggregatesAdminNegativeTestJSON:test_aggregate_get_details_as_user): 200 POST http://10.180.1.21/compute/v2.1/os-aggregates 6.654s
2025-11-14 02:40:12.947 66071 INFO tempest.lib.common.rest_client [req-c1e0af0b-a472-4811-8429-216e8633c427 req-c1e0af0b-a472-4811-8429-216e8633c427 ] Request (FlavorsAccessNegativeTestJSON:test_remove_flavor_access_not_found): 200 POST http://10.180.1.21/compute/v2.1/flavors 6.633s
2025-11-14 02:40:12.950 66050 INFO tempest.lib.common.rest_client [req-70bb6aef-c643-4d17-bd03-7867486b4efe req-70bb6aef-c643-4d17-bd03-7867486b4efe ] Request (FloatingIPDetailsTestJSON:setUpClass): 201 POST http://10.180.1.21/identity/v3/auth/tokens 0.157s
2025-11-14 02:40:12.962 66068 INFO tempest.lib.common.rest_client [req-fd54ae84-0c0e-4a54-ab05-fb4c0c56a2e3 req-fd54ae84-0c0e-4a54-ab05-fb4c0c56a2e3 ] Request (FlavorsAdminTestJSON:test_create_server_with_non_public_flavor): 400 POST http://10.180.1.21/compute/v2.1/servers 6.631s
2025-11-14 02:40:12.975 66054 INFO tempest.lib.common.rest_client [req-3e1fd9c9-7178-4cd7-9e21-f8a182be257a req-3e1fd9c9-7178-4cd7-9e21-f8a182be257a ] Request (MigrationsAdminTest:test_list_migrations_in_flavor_resize_situation): 204 POST http://10.180.1.21/compute/v2.1/servers/ac264115-3fd3-4cc3-b700-dd918838b320/action 6.823s
2025-11-14 02:40:12.989 66078 INFO tempest.lib.common.rest_client [req-adc0b9cb-3bf0-4cf6-b351-1eb62c3831a4 req-adc0b9cb-3bf0-4cf6-b351-1eb62c3831a4 ] Request (ServerMetadataNegativeTestJSON:test_server_metadata_non_existent_server): 404 GET http://10.180.1.21/compute/v2.1/servers/73a49859-1197-4bad-ad44-f4d030d02f1d/metadata/test2 6.472s
2025-11-14 02:40:13.267 66088 INFO tempest.lib.common.rest_client [req-2e448d04-6543-4c71-91ea-2e49d14efef4 req-2e448d04-6543-4c71-91ea-2e49d14efef4 ] Request (ServerAddressesTestJSON:tearDownClass): 200 GET http://10.180.1.21/compute/v2.1/servers/e713993e-5be1-4c47-b1d1-09bb74ff48f5 6.758s
2025-11-14 02:40:13.288 66062 INFO tempest.lib.common.rest_client [req-b6800845-be93-4b5d-b90c-297d1e173c20 req-b6800845-be93-4b5d-b90c-297d1e173c20 ] Request (ServerDiskConfigTestJSON:test_rebuild_server_with_auto_disk_config): 200 GET http://10.180.1.21/compute/v2.1/servers/671a633d-ab29-4b33-8468-5fc0ff0c48f3 6.523s
2025-11-14 02:40:13.299 66062 INFO tempest.common.waiters [-] State transition "REBUILD/rebuild_spawning" ==> "ACTIVE/None" after 13 second wait
2025-11-14 02:40:13.401 66072 INFO tempest.lib.common.rest_client [req-75ae2c09-23e3-44b9-a7fb-ae6d4334168d req-75ae2c09-23e3-44b9-a7fb-ae6d4334168d ] Request (AttachInterfacesV270Test:test_create_get_list_interfaces): 200 GET http://10.180.1.21/compute/v2.1/servers/bb9d3182-b730-43f9-964f-2d685c5dae28 6.561s
2025-11-14 02:40:13.417 66072 INFO tempest.common.waiters [-] State transition "BUILD/None" ==> "BUILD/networking" after 15 second wait
2025-11-14 02:40:13.591 66036 INFO tempest.lib.common.rest_client [req-3ad6e71f-cbd7-4ae5-9b10-c4f9b2297346 req-3ad6e71f-cbd7-4ae5-9b10-c4f9b2297346 ] Request (QuotasAdminTestJSON:test_get_updated_quotas): 200 PUT http://10.180.1.21/compute/v2.1/os-quota-sets/2fbfcaede0f44a908ca938be9f1135d4?user_id=1c2d9aba35d1442d9571c5d181dd3784 6.789s
2025-11-14 02:40:13.713 66067 INFO tempest.lib.common.rest_client [req-b7c5a257-1a7f-4dd1-9f16-8d2499533617 req-b7c5a257-1a7f-4dd1-9f16-8d2499533617 ] Request (ServerExternalEventsTest:test_create_server_external_events): 200 GET http://10.180.1.21/compute/v2.1/servers/856e2496-3a50-4a36-a353-6c1c3efe8a5c 6.534s
2025-11-14 02:40:13.754 66092 INFO tempest.lib.common.rest_client [req-7023ea88-1908-4771-8352-67be80c5a80c req-7023ea88-1908-4771-8352-67be80c5a80c ] Request (ServerAddressesNegativeTestJSON:setUpClass): 200 GET http://10.180.1.21/compute/v2.1/servers/78284eeb-dc6d-405c-8a79-e46ccec7d553 6.647s
2025-11-14 02:40:13.848 66040 INFO tempest.lib.common.rest_client [req-d21c9505-983a-41e3-b54d-e59cf11bd218 req-d21c9505-983a-41e3-b54d-e59cf11bd218 ] Request (InstanceActionsNegativeTestJSON:tearDownClass): 200 GET http://10.180.1.21/compute/v2.1/servers/f307e1d6-7592-42cd-9982-76fbb21fffae 5.866s
2025-11-14 02:40:13.873 66080 INFO tempest.lib.common.rest_client [req-ec2b71c7-2b14-44c2-9a45-b536f24d72a0 req-ec2b71c7-2b14-44c2-9a45-b536f24d72a0 ] Request (ServersTestFqdnHostnames:test_create_server_with_fqdn_name): 200 GET http://10.180.1.21/compute/v2.1/servers/716a9055-81b4-4c36-b19e-8585e124bc83 6.429s
2025-11-14 02:40:13.881 66080 INFO tempest.common.waiters [-] State transition "BUILD/spawning" ==> "ACTIVE/None" after 24 second wait
2025-11-14 02:40:13.974 66042 INFO tempest.lib.common.rest_client [req-aa88dedd-295f-4112-bd2b-32c61322596a req-aa88dedd-295f-4112-bd2b-32c61322596a ] Request (ServersAdmin275Test:tearDownClass): 204 DELETE http://10.180.1.21/compute/v2.1/servers/19e0c114-c8ce-4b80-9783-d1b96bf1569d 5.102s
2025-11-14 02:40:14.166 66094 INFO tempest.lib.common.rest_client [req-a3b8cefa-d0a7-4e6e-bee7-17e79e3414cc req-a3b8cefa-d0a7-4e6e-bee7-17e79e3414cc ] Request (DeleteServersAdminTestJSON:test_delete_server_while_in_error_state): 200 GET http://10.180.1.21/compute/v2.1/servers/e9f1571f-b718-4c4c-8feb-f23426bd5274 4.982s
2025-11-14 02:40:14.195 66074 INFO tempest.lib.common.rest_client [req-bfc84b13-edae-4415-8204-1155be5f6427 req-bfc84b13-edae-4415-8204-1155be5f6427 ] Request (TenantUsagesTestJSON:setUpClass): 200 GET http://10.180.1.21/compute/v2.1/servers/cf29fbbc-4fa3-455d-bccd-cdcc7666027d 4.463s
2025-11-14 02:40:14.208 66044 INFO tempest.lib.common.rest_client [req-1a9aec52-b003-4547-ab45-6c9fa3b9aedb req-1a9aec52-b003-4547-ab45-6c9fa3b9aedb ] Request (ImagesOneServerTestJSON:test_create_delete_image): 200 GET http://10.180.1.21/compute/v2.1/images/76ade52f-4c02-464e-96ea-22871685baea 4.101s
2025-11-14 02:40:14.713 66058 INFO tempest.lib.common.rest_client [req-9f04d6ea-8d00-4194-9ec3-90a96d9fbfd1 req-9f04d6ea-8d00-4194-9ec3-90a96d9fbfd1 ] Request (SecurityGroupsTestJSON:test_list_security_groups_by_server): 200 GET http://10.180.1.21/compute/v2.1/servers/91cf9555-8264-42f4-904d-8211f5c6b0cf 4.420s
2025-11-14 02:40:14.730 66098 INFO tempest.lib.common.rest_client [req-36ecf00f-0cc5-473b-ad0d-f28b2fefb8b8 req-36ecf00f-0cc5-473b-ad0d-f28b2fefb8b8 ] Request (ListServerFiltersTestJSON:setUpClass): 200 GET http://10.180.1.21/compute/v2.1/servers/caa249fb-cccc-438a-b456-0068782da68e 4.241s
2025-11-14 02:40:14.865 66085 INFO tempest.lib.common.rest_client [req-df42786b-0f25-48ab-a044-558c0b6822b6 req-df42786b-0f25-48ab-a044-558c0b6822b6 ] Request (AttachInterfacesTestJSON:test_create_list_show_delete_interfaces_by_fixed_ip): 200 GET http://10.180.1.21/compute/v2.1/servers/6aecb22c-d006-465f-adf3-b4533e7d5550/os-interface 3.897s
2025-11-14 02:40:15.228 66096 WARNING tempest.lib.common.ssh [-] Failed to establish authenticated ssh connection to cirros@10.180.180.175 ([Errno None] Unable to connect to port 22 on 10.180.180.175). Number attempts: 4. Retry after 5 seconds.: paramiko.ssh_exception.NoValidConnectionsError: [Errno None] Unable to connect to port 22 on 10.180.180.175
2025-11-14 02:40:15.284 66052 WARNING tempest.lib.common.ssh [-] Failed to establish authenticated ssh connection to cirros@10.180.180.216 ([Errno None] Unable to connect to port 22 on 10.180.180.216). Number attempts: 4. Retry after 5 seconds.: paramiko.ssh_exception.NoValidConnectionsError: [Errno None] Unable to connect to port 22 on 10.180.180.216
2025-11-14 02:40:15.534 66048 INFO tempest.lib.common.rest_client [req-c54ffa2b-9de3-4723-8b06-7123facc012c req-c54ffa2b-9de3-4723-8b06-7123facc012c ] Request (FloatingIPsAssociationTestJSON:test_associate_already_associated_floating_ip): 409 POST http://10.180.1.21/compute/v2.1/servers/4db85217-7efc-4766-b2b2-f6d236b8fd5c/action 2.765s
2025-11-14 02:40:15.579 66056 INFO tempest.lib.common.rest_client [req-443f4487-0166-4c87-867a-d1dd329a0c0a req-443f4487-0166-4c87-867a-d1dd329a0c0a ] Request (ImagesOneServerNegativeTestJSON:setUpClass): 202 POST http://10.180.1.21/compute/v2.1/servers 3.611s
2025-11-14 02:40:15.676 66064 INFO tempest.lib.common.rest_client [req-6e65dc81-50d2-412b-9dcd-4ed918c887a8 req-6e65dc81-50d2-412b-9dcd-4ed918c887a8 ] Request (ListServersNegativeTestJSON:setUpClass): 200 GET http://10.180.1.21/compute/v2.1/servers 2.844s
2025-11-14 02:40:15.714 66038 INFO tempest.lib.common.rest_client [req-79e14ba2-959a-4365-a460-9b149e15f4f3 req-79e14ba2-959a-4365-a460-9b149e15f4f3 ] Request (KeyPairsV22TestJSON:test_keypairs_create_list_delete): 201 POST http://10.180.1.21/compute/v2.1/os-keypairs 2.823s
2025-11-14 02:40:15.720 66046 INFO tempest.lib.common.rest_client [req-3a6843bd-e0d9-4e55-8647-3f1f7c3762bd req-3a6843bd-e0d9-4e55-8647-3f1f7c3762bd ] Request (AggregatesAdminNegativeTestJSON:test_aggregate_get_details_as_user): 403 GET http://10.180.1.21/compute/v2.1/os-aggregates/6 2.795s
2025-11-14 02:40:15.822 66086 INFO tempest.lib.common.rest_client [req-53bf6f92-0a3a-4c6d-a19a-0e0a0c84277b req-53bf6f92-0a3a-4c6d-a19a-0e0a0c84277b ] Request (ServerActionsTestJSON:test_lock_unlock_server): 200 GET http://10.180.1.21/compute/v2.1/servers/95bff58e-a68b-487f-a46c-1863360282bd 2.939s
2025-11-14 02:40:15.862 66076 WARNING tempest.lib.common.ssh [-] Failed to establish authenticated ssh connection to cirros@10.180.180.241 ([Errno None] Unable to connect to port 22 on 10.180.180.241). Number attempts: 4. Retry after 5 seconds.: paramiko.ssh_exception.NoValidConnectionsError: [Errno None] Unable to connect to port 22 on 10.180.180.241
2025-11-14 02:40:15.942 66071 INFO tempest.lib.common.rest_client [req-edd8ecad-cac5-4392-b56d-7c817dff3665 req-edd8ecad-cac5-4392-b56d-7c817dff3665 ] Request (FlavorsAccessNegativeTestJSON:test_remove_flavor_access_not_found): 404 POST http://10.180.1.21/compute/v2.1/flavors/2112705847/action 2.988s
2025-11-14 02:40:15.961 66068 INFO tempest.lib.common.rest_client [req-b5805a61-76ba-41e3-b211-bb19b01308fb req-b5805a61-76ba-41e3-b211-bb19b01308fb ] Request (FlavorsAdminTestJSON:_run_cleanups): 202 DELETE http://10.180.1.21/compute/v2.1/flavors/1629554074 2.998s
2025-11-14 02:40:16.277 66090 WARNING tempest.lib.common.ssh [-] Failed to establish authenticated ssh connection to cirros@10.180.180.201 ([Errno None] Unable to connect to port 22 on 10.180.180.201). Number attempts: 5. Retry after 6 seconds.: paramiko.ssh_exception.NoValidConnectionsError: [Errno None] Unable to connect to port 22 on 10.180.180.201
2025-11-14 02:40:16.438 66054 INFO tempest.lib.common.rest_client [req-53c2e401-7183-45a4-a132-b8dc7677dca9 req-53c2e401-7183-45a4-a132-b8dc7677dca9 ] Request (MigrationsAdminTest:test_list_migrations_in_flavor_resize_situation): 200 GET http://10.180.1.21/compute/v2.1/servers/ac264115-3fd3-4cc3-b700-dd918838b320 3.462s
2025-11-14 02:40:16.494 66078 INFO tempest.lib.common.rest_client [req-d21d45be-2e2a-45fc-9a66-33591cc8d512 req-d21d45be-2e2a-45fc-9a66-33591cc8d512 ] Request (ServerMetadataNegativeTestJSON:test_set_metadata_invalid_key): 400 PUT http://10.180.1.21/compute/v2.1/servers/f023112e-bba9-404a-9c04-5dcd719257fa/metadata/key 3.503s
