2025-11-14 02:39:17.554 66064 INFO tempest.lib.common.rest_client [req-60462f82-c0ec-4492-adeb-533f0c52bbda req-60462f82-c0ec-4492-adeb-533f0c52bbda ] Request (HostsAdminNegativeTestJSON:test_update_host_with_invalid_maintenance_mode): 400 PUT http://10.180.1.21/compute/v2.1/os-hosts/devstack 2.660s
2025-11-14 02:39:17.578 66062 INFO tempest.lib.common.rest_client [req-4ed2c282-3c4a-4b7d-aef2-78015610c0cb req-4ed2c282-3c4a-4b7d-aef2-78015610c0cb ] Request (ServerDiskConfigTestJSON:setUpClass): 200 PUT http://10.180.1.21/networking/v2.0/routers/3838198a-45dd-462e-a5d3-d94080cf7ec6/add_router_interface 1.188s
2025-11-14 02:39:17.579 66062 INFO tempest.lib.common.dynamic_creds [-] Created isolated network resources for: credentials: Credentials: {'domain_id': 'default', 'domain_name': 'Default', 'username': 'tempest-ServerDiskConfigTestJSON-1525559737-project-member', 'project_domain_id': 'default', 'project_domain_name': 'Default', 'project_id': '9d246f54dac740a9931c2da538a177e4', 'project_name': 'tempest-ServerDiskConfigTestJSON-1525559737', 'tenant_id': '9d246f54dac740a9931c2da538a177e4', 'tenant_name': 'tempest-ServerDiskConfigTestJSON-1525559737', 'user_domain_id': 'default', 'user_domain_name': 'Default', 'user_id': '7e55d31a4cfd48429067964ffb025f94', 'system': None}, Network: {'id': '25dd7449-964d-4376-8a00-4f9d28ddaf6c', 'name': 'tempest-ServerDiskConfigTestJSON-1451436100-network', 'tenant_id': '9d246f54dac740a9931c2da538a177e4', 'project_id': '9d246f54dac740a9931c2da538a177e4', 'admin_state_up': True, 'mtu': 8950, 'status': 'ACTIVE', 'subnets': [], 'shared': False, 'port_security_enabled': True, 'router:external': False, 'provider:network_type': 'vlan', 'provider:physical_network': 'default', 'provider:segmentation_id': 927, 'availability_zone_hints': [], 'availability_zones': [], 'ipv4_address_scope': None, 'ipv6_address_scope': None, 'description': '', 'tags': [], 'created_at': '2025-11-14T02:39:15Z', 'updated_at': '2025-11-14T02:39:15Z', 'revision_number': 1}, Subnet: {'id': '83631564-c2e4-434f-a447-29c0ef21917b', 'name': 'tempest-ServerDiskConfigTestJSON-1451436100-subnet', 'tenant_id': '9d246f54dac740a9931c2da538a177e4', 'network_id': '25dd7449-964d-4376-8a00-4f9d28ddaf6c', 'ip_version': 4, 'subnetpool_id': None, 'enable_dhcp': True, 'ipv6_ra_mode': None, 'ipv6_address_mode': None, 'gateway_ip': '192.168.128.1', 'cidr': '192.168.128.0/28', 'allocation_pools': [{'start': '192.168.128.2', 'end': '192.168.128.14'}], 'host_routes': [], 'dns_nameservers': [], 'description': '', 'router:external': False, 'service_types': [], 'tags': [], 'created_at': '2025-11-14T02:39:15Z', 'updated_at': '2025-11-14T02:39:15Z', 'revision_number': 0, 'project_id': '9d246f54dac740a9931c2da538a177e4'}, Router: {'id': '3838198a-45dd-462e-a5d3-d94080cf7ec6', 'name': 'tempest-ServerDiskConfigTestJSON-1451436100-router', 'tenant_id': '9d246f54dac740a9931c2da538a177e4', 'admin_state_up': True, 'status': 'ACTIVE', 'external_gateway_info': {'network_id': 'c5f52073-e829-4801-9ca8-6628da8a0193', 'external_fixed_ips': [{'subnet_id': 'ea7ddd04-f5d7-46d9-aa4d-a00b9d5b85c2', 'ip_address': '10.180.180.141'}], 'enable_snat': True}, 'description': '', 'availability_zones': [], 'distributed': False, 'ha': False, 'availability_zone_hints': [], 'routes': [], 'flavor_id': None, 'tags': [], 'created_at': '2025-11-14T02:39:15Z', 'updated_at': '2025-11-14T02:39:16Z', 'revision_number': 2, 'project_id': '9d246f54dac740a9931c2da538a177e4'}
2025-11-14 02:39:17.666 66062 INFO tempest.lib.common.rest_client [req-39eaeedd-55e2-4094-aad0-43697fbec2fc req-39eaeedd-55e2-4094-aad0-43697fbec2fc ] Request (ServerDiskConfigTestJSON:setUpClass): 201 POST http://10.180.1.21/identity/v3/auth/tokens 0.084s
2025-11-14 02:39:17.694 66088 INFO tempest.lib.common.rest_client [req-ae9e6f9c-b8b6-4d19-8955-c379e9f9b953 req-ae9e6f9c-b8b6-4d19-8955-c379e9f9b953 ] Request (HypervisorAdminTestJSON:tearDownClass): 200 GET http://10.180.1.21/networking/v2.0/security-groups?tenant_id=57566ef9dbd14896b89547efc8ceb217&name=default 0.595s
2025-11-14 02:39:17.697 66062 INFO tempest.lib.common.rest_client [req-2edf5980-8e93-4ec3-bd39-75463a99a6ed req-2edf5980-8e93-4ec3-bd39-75463a99a6ed ] Request (ServerDiskConfigTestJSON:test_rebuild_server_with_auto_disk_config): 201 POST http://10.180.1.21/identity/v3/auth/tokens 0.026s
2025-11-14 02:39:17.698 66062 INFO tempest.lib.common.fixed_network [-] (ServerDiskConfigTestJSON:test_rebuild_server_with_auto_disk_config) Found network {'id': '25dd7449-964d-4376-8a00-4f9d28ddaf6c', 'name': 'tempest-ServerDiskConfigTestJSON-1451436100-network', 'tenant_id': '9d246f54dac740a9931c2da538a177e4', 'project_id': '9d246f54dac740a9931c2da538a177e4', 'admin_state_up': True, 'mtu': 8950, 'status': 'ACTIVE', 'subnets': [], 'shared': False, 'port_security_enabled': True, 'router:external': False, 'provider:network_type': 'vlan', 'provider:physical_network': 'default', 'provider:segmentation_id': 927, 'availability_zone_hints': [], 'availability_zones': [], 'ipv4_address_scope': None, 'ipv6_address_scope': None, 'description': '', 'tags': [], 'created_at': '2025-11-14T02:39:15Z', 'updated_at': '2025-11-14T02:39:15Z', 'revision_number': 1} available for tenant
2025-11-14 02:39:17.806 66098 INFO tempest.lib.common.rest_client [req-ecc635cc-a67d-4ccc-8f77-bba8e30ca6c9 req-ecc635cc-a67d-4ccc-8f77-bba8e30ca6c9 ] Request (QuotasAdminTestV257:tearDownClass): 204 DELETE http://10.180.1.21/networking/v2.0/security-groups/45021e3a-2d11-4601-8b78-1ea5f17521b4 0.323s
2025-11-14 02:39:17.884 66098 INFO tempest.lib.common.rest_client [req-6febac48-8597-4782-bdaa-3cc350a125d2 req-6febac48-8597-4782-bdaa-3cc350a125d2 ] Request (QuotasAdminTestV257:tearDownClass): 204 DELETE http://10.180.1.21/identity/v3/projects/9e773f972a2b4b89a80582be0df4d2f5 0.078s
2025-11-14 02:39:17.884 66098 INFO tempest.lib.common.dynamic_creds [-] Deleting project and security group for project: f946b6f693e54fad96663bf1a9c9a88e
2025-11-14 02:39:17.893 66085 INFO tempest.lib.common.rest_client [req-d48b59bb-7a4b-4c31-addd-6707071d2670 req-d48b59bb-7a4b-4c31-addd-6707071d2670 ] Request (AttachInterfacesTestJSON:test_create_list_show_delete_interfaces_by_fixed_ip): 200 GET http://10.180.1.21/compute/v2.1/servers/6aecb22c-d006-465f-adf3-b4533e7d5550 2.617s
2025-11-14 02:39:17.966 66088 INFO tempest.lib.common.rest_client [req-61894c8e-2d37-49f7-89ab-88cf3c252de4 req-61894c8e-2d37-49f7-89ab-88cf3c252de4 ] Request (HypervisorAdminTestJSON:tearDownClass): 204 DELETE http://10.180.1.21/networking/v2.0/security-groups/2c215a5b-fd63-4ea1-9819-738b23640c55 0.271s
2025-11-14 02:39:17.970 66096 INFO tempest.lib.common.rest_client [req-1a5ce35c-0fed-4ef1-aba7-ead90c45af61 req-1a5ce35c-0fed-4ef1-aba7-ead90c45af61 ] Request (ServerActionsTestOtherA:setUpClass): 201 POST http://10.180.1.21/networking/v2.0/floatingips 0.834s
2025-11-14 02:39:18.018 66086 INFO tempest.lib.common.rest_client [req-55d83a18-b5a1-4125-907b-2cc08e07dfb2 req-55d83a18-b5a1-4125-907b-2cc08e07dfb2 ] Request (ServerActionsTestJSON:setUpClass): 200 GET http://10.180.1.21/compute/v2.1/servers/95bff58e-a68b-487f-a46c-1863360282bd 2.838s
2025-11-14 02:39:18.040 66040 INFO tempest.lib.common.rest_client [req-bc2f136f-533a-47c6-b255-aa5c767ec441 req-bc2f136f-533a-47c6-b255-aa5c767ec441 ] Request (InstanceActionsNegativeTestJSON:setUpClass): 200 GET http://10.180.1.21/compute/v2.1/servers/f307e1d6-7592-42cd-9982-76fbb21fffae 2.628s
2025-11-14 02:39:18.045 66096 INFO tempest.lib.common.rest_client [req-a4cb7ad4-49ca-4e98-95c9-b74170b57879 req-a4cb7ad4-49ca-4e98-95c9-b74170b57879 ] Request (ServerActionsTestOtherA:setUpClass): 201 POST http://10.180.1.21/identity/v3/auth/tokens 0.071s
2025-11-14 02:39:18.045 66096 INFO tempest.lib.common.fixed_network [-] (ServerActionsTestOtherA:setUpClass) Found network {'id': 'fcf80bfe-b713-4f7c-aacb-4e0d6ed35a89', 'name': 'tempest-ServerActionsTestOtherA-361888572-network', 'tenant_id': 'e3b18c49ceea46d6911355436cc6d6e0', 'project_id': 'e3b18c49ceea46d6911355436cc6d6e0', 'admin_state_up': True, 'mtu': 8950, 'status': 'ACTIVE', 'subnets': [], 'shared': False, 'port_security_enabled': True, 'router:external': False, 'provider:network_type': 'vlan', 'provider:physical_network': 'default', 'provider:segmentation_id': 770, 'availability_zone_hints': [], 'availability_zones': [], 'ipv4_address_scope': None, 'ipv6_address_scope': None, 'description': '', 'tags': [], 'created_at': '2025-11-14T02:39:11Z', 'updated_at': '2025-11-14T02:39:11Z', 'revision_number': 1} available for tenant
2025-11-14 02:39:18.082 66088 INFO tempest.lib.common.rest_client [req-527a61c9-fc85-4819-bc2f-7df99a9ed322 req-527a61c9-fc85-4819-bc2f-7df99a9ed322 ] Request (HypervisorAdminTestJSON:tearDownClass): 204 DELETE http://10.180.1.21/identity/v3/projects/57566ef9dbd14896b89547efc8ceb217 0.116s
2025-11-14 02:39:18.082 66088 INFO tempest.lib.common.dynamic_creds [-] Deleting project and security group for project: 2e2c1140b1e44831aea0b24b97d5702a
2025-11-14 02:39:18.108 66098 INFO tempest.lib.common.rest_client [req-4c43fcc8-b81c-4482-9cfe-0245c945f5d5 req-4c43fcc8-b81c-4482-9cfe-0245c945f5d5 ] Request (QuotasAdminTestV257:tearDownClass): 200 GET http://10.180.1.21/networking/v2.0/security-groups?tenant_id=f946b6f693e54fad96663bf1a9c9a88e&name=default 0.223s
2025-11-14 02:39:18.114 66042 INFO tempest.lib.common.rest_client [req-425b3834-2a73-4b5d-b184-67d72b4e8b9d req-425b3834-2a73-4b5d-b184-67d72b4e8b9d ] Request (ServersAdmin275Test:test_rebuild_update_server_275): 200 GET http://10.180.1.21/compute/v2.1/servers/19e0c114-c8ce-4b80-9783-d1b96bf1569d 2.620s
2025-11-14 02:39:18.175 66060 INFO tempest.lib.common.rest_client [req-bac917ea-e800-4244-9591-04b9ae23f894 req-bac917ea-e800-4244-9591-04b9ae23f894 ] Request (ServerDiagnosticsTest:tearDownClass): 204 DELETE http://10.180.1.21/compute/v2.1/servers/c888b0f7-d60a-4398-83a0-34259ecd28d2 2.666s
2025-11-14 02:39:18.198 66098 INFO tempest.lib.common.rest_client [req-28fe2d79-30b7-44ea-bb7c-d3b3d05f5a9e req-28fe2d79-30b7-44ea-bb7c-d3b3d05f5a9e ] Request (QuotasAdminTestV257:tearDownClass): 204 DELETE http://10.180.1.21/networking/v2.0/security-groups/46f8a018-2270-4154-b1fb-685084cbf560 0.090s
2025-11-14 02:39:18.209 66088 INFO tempest.lib.common.rest_client [req-e3754e68-5c69-4ef0-b88a-8cf92cc445ea req-e3754e68-5c69-4ef0-b88a-8cf92cc445ea ] Request (HypervisorAdminTestJSON:tearDownClass): 200 GET http://10.180.1.21/networking/v2.0/security-groups?tenant_id=2e2c1140b1e44831aea0b24b97d5702a&name=default 0.125s
2025-11-14 02:39:18.312 66038 INFO tempest.lib.common.rest_client [req-a0bd18cc-259d-4c70-b47a-c6889cb6fd19 req-a0bd18cc-259d-4c70-b47a-c6889cb6fd19 ] Request (QuotasAdminNegativeTest:test_create_server_when_memory_quota_is_full): 200 PUT http://10.180.1.21/compute/v2.1/os-quota-sets/3d5f6a76dc4e4d759911f67a2b162429 2.636s
2025-11-14 02:39:18.322 66088 INFO tempest.lib.common.rest_client [req-9a2b6a26-9278-4cb0-8c31-25f2ce761dc8 req-9a2b6a26-9278-4cb0-8c31-25f2ce761dc8 ] Request (HypervisorAdminTestJSON:tearDownClass): 204 DELETE http://10.180.1.21/networking/v2.0/security-groups/1558f2d7-7e3d-411b-8f2e-fec60216b0fb 0.113s
2025-11-14 02:39:18.385 66074 INFO tempest.lib.common.rest_client [req-f68d7f7f-b97b-45e4-b884-33979eb99913 req-f68d7f7f-b97b-45e4-b884-33979eb99913 ] Request (ServerDiagnosticsNegativeTest:test_get_server_diagnostics_by_non_admin): 403 GET http://10.180.1.21/compute/v2.1/servers/667b0970-0919-4965-a076-f4c51a6bdea3/diagnostics 2.284s
2025-11-14 02:39:18.397 66098 INFO tempest.lib.common.rest_client [req-3072686b-9c61-4cfe-8517-17d16ee818fd req-3072686b-9c61-4cfe-8517-17d16ee818fd ] Request (QuotasAdminTestV257:tearDownClass): 204 DELETE http://10.180.1.21/identity/v3/projects/f946b6f693e54fad96663bf1a9c9a88e 0.198s
2025-11-14 02:39:18.403 66038 INFO tempest.lib.common.rest_client [req-c113bb2f-7f81-4dd7-890b-634ed4e4ee51 req-c113bb2f-7f81-4dd7-890b-634ed4e4ee51 ] Request (QuotasAdminNegativeTest:test_create_server_when_memory_quota_is_full): 201 POST http://10.180.1.21/identity/v3/auth/tokens 0.085s
2025-11-14 02:39:18.403 66038 INFO tempest.lib.common.fixed_network [-] (QuotasAdminNegativeTest:test_create_server_when_memory_quota_is_full) Found network None available for tenant
2025-11-14 02:39:18.451 66098 INFO tempest.lib.common.rest_client [req-d0f5e19b-401e-4a27-861b-de4430f2c962 req-d0f5e19b-401e-4a27-861b-de4430f2c962 ] Request (TenantUsagesNegativeTestJSON:setUpClass): 201 POST http://10.180.1.21/identity/v3/auth/tokens 0.052s
2025-11-14 02:39:18.523 66088 INFO tempest.lib.common.rest_client [req-cead5aa7-6471-4afc-9aa5-d6c1b227c091 req-cead5aa7-6471-4afc-9aa5-d6c1b227c091 ] Request (HypervisorAdminTestJSON:tearDownClass): 204 DELETE http://10.180.1.21/identity/v3/projects/2e2c1140b1e44831aea0b24b97d5702a 0.200s
2025-11-14 02:39:18.556 66098 INFO tempest.lib.common.rest_client [req-356a21c3-fed6-4d96-b2e3-16fd26d692b8 req-356a21c3-fed6-4d96-b2e3-16fd26d692b8 ] Request (TenantUsagesNegativeTestJSON:setUpClass): 201 POST http://10.180.1.21/identity/v3/auth/tokens 0.101s
2025-11-14 02:39:18.558 66088 INFO tempest.lib.common.rest_client [req-0eca3c52-c76f-494e-b1a7-21d817778b01 req-0eca3c52-c76f-494e-b1a7-21d817778b01 ] Request (ServerAddressesTestJSON:setUpClass): 201 POST http://10.180.1.21/identity/v3/auth/tokens 0.033s
2025-11-14 02:39:18.584 66098 INFO tempest.lib.common.rest_client [req-c9aaa424-8506-49c0-afc7-b6a3a037592e req-c9aaa424-8506-49c0-afc7-b6a3a037592e ] Request (TenantUsagesNegativeTestJSON:setUpClass): 200 GET http://10.180.1.21/identity/v3/domains?name=Default 0.027s
2025-11-14 02:39:18.590 66054 INFO tempest.lib.common.rest_client [req-76b19e5c-1e53-41e4-af5f-c0e3a8e71d42 req-76b19e5c-1e53-41e4-af5f-c0e3a8e71d42 ] Request (MigrationsAdminTest:test_list_migrations_in_flavor_resize_situation): 200 GET http://10.180.1.21/compute/v2.1/servers/ac264115-3fd3-4cc3-b700-dd918838b320 2.407s
2025-11-14 02:39:18.605 66088 INFO tempest.lib.common.rest_client [req-2ea63567-ed3f-4ef2-aff3-727bc799190d req-2ea63567-ed3f-4ef2-aff3-727bc799190d ] Request (ServerAddressesTestJSON:setUpClass): 201 POST http://10.180.1.21/identity/v3/auth/tokens 0.043s
2025-11-14 02:39:18.618 66098 INFO tempest.lib.common.rest_client [req-a437917d-49cc-4550-aa07-21f4c781fec5 req-a437917d-49cc-4550-aa07-21f4c781fec5 ] Request (TenantUsagesNegativeTestJSON:setUpClass): 201 POST http://10.180.1.21/identity/v3/projects 0.034s
2025-11-14 02:39:18.679 66088 INFO tempest.lib.common.rest_client [req-e84c5015-6aa6-4fe8-b1c6-8d0440c11be2 req-e84c5015-6aa6-4fe8-b1c6-8d0440c11be2 ] Request (ServerAddressesTestJSON:setUpClass): 200 GET http://10.180.1.21/identity/v3/domains?name=Default 0.074s
2025-11-14 02:39:18.690 66098 INFO tempest.lib.common.rest_client [req-50495ac4-b459-4260-bc3b-27ef12ddaa7f req-50495ac4-b459-4260-bc3b-27ef12ddaa7f ] Request (TenantUsagesNegativeTestJSON:setUpClass): 201 POST http://10.180.1.21/identity/v3/users 0.071s
2025-11-14 02:39:18.709 66090 INFO tempest.lib.common.rest_client [req-3635a9f1-2686-4737-9075-cd12764544d5 req-3635a9f1-2686-4737-9075-cd12764544d5 ] Request (ServersTestJSON:setUpClass): 200 GET http://10.180.1.21/compute/v2.1/servers/0129724f-53f3-446a-b2b5-4df9cf72b45f 2.172s
2025-11-14 02:39:18.715 66088 INFO tempest.lib.common.rest_client [req-d069a42c-82ce-4b3a-af2d-912efc0bfa0a req-d069a42c-82ce-4b3a-af2d-912efc0bfa0a ] Request (ServerAddressesTestJSON:setUpClass): 201 POST http://10.180.1.21/identity/v3/projects 0.035s
2025-11-14 02:39:18.719 66098 INFO tempest.lib.common.rest_client [req-1e232674-3d2d-4349-af0b-161f4757ce87 req-1e232674-3d2d-4349-af0b-161f4757ce87 ] Request (TenantUsagesNegativeTestJSON:setUpClass): 200 GET http://10.180.1.21/identity/v3/roles 0.028s
2025-11-14 02:39:18.726 66076 INFO tempest.lib.common.rest_client [req-29e22acb-8bc7-4f41-9676-c2a2a77d041b req-29e22acb-8bc7-4f41-9676-c2a2a77d041b ] Request (ServersWithSpecificFlavorTestJSON:test_verify_created_server_ephemeral_disk): 202 POST http://10.180.1.21/compute/v2.1/servers 2.864s
2025-11-14 02:39:18.751 66046 INFO tempest.lib.common.rest_client [req-d9ff4798-65f0-47e1-a947-cc3c0a57f9bc req-d9ff4798-65f0-47e1-a947-cc3c0a57f9bc ] Request (AggregatesAdminNegativeTestJSON:test_aggregate_add_non_exist_host): 404 POST http://10.180.1.21/compute/v2.1/os-aggregates/3/action 2.052s
2025-11-14 02:39:18.771 66036 INFO tempest.lib.common.rest_client [req-b0a2d6c9-5059-4a7d-9c2c-2d1a761e29a3 req-b0a2d6c9-5059-4a7d-9c2c-2d1a761e29a3 ] Request (FlavorsExtraSpecsNegativeTestJSON:tearDownClass): 202 DELETE http://10.180.1.21/compute/v2.1/flavors/1685614971 2.065s
2025-11-14 02:39:18.784 66071 INFO tempest.lib.common.rest_client [req-1a8ca2cb-d2c9-4f9f-a88d-4b9664d9ada1 req-1a8ca2cb-d2c9-4f9f-a88d-4b9664d9ada1 ] Request (FlavorsAccessNegativeTestJSON:_run_cleanups): 202 DELETE http://10.180.1.21/compute/v2.1/flavors/1999129191 2.057s
2025-11-14 02:39:18.788 66088 INFO tempest.lib.common.rest_client [req-9f66f4a6-037f-49f7-8b31-9d018b87788a req-9f66f4a6-037f-49f7-8b31-9d018b87788a ] Request (ServerAddressesTestJSON:setUpClass): 201 POST http://10.180.1.21/identity/v3/users 0.072s
2025-11-14 02:39:18.801 66092 INFO tempest.lib.common.rest_client [req-48fe04df-809b-4073-a0d0-bd9a780e7eb4 req-48fe04df-809b-4073-a0d0-bd9a780e7eb4 ] Request (FlavorsExtraSpecsTestJSON:test_flavor_set_get_update_show_unset_keys): 200 DELETE http://10.180.1.21/compute/v2.1/flavors/1947402856/os-extra_specs/hw:cpu_policy 2.070s
2025-11-14 02:39:18.817 66098 INFO tempest.lib.common.rest_client [req-f58e3bff-edfb-499c-8f4b-dc1a77050105 req-f58e3bff-edfb-499c-8f4b-dc1a77050105 ] Request (TenantUsagesNegativeTestJSON:setUpClass): 204 PUT http://10.180.1.21/identity/v3/projects/4e403126e7fc45b9bc27214546d354a4/users/e9f807ccb9c14dedb21810694afacad2/roles/39f220bb09cd4e009bd2d58dfb10af6d 0.098s
2025-11-14 02:39:18.817 66098 INFO tempest.lib.common.dynamic_creds [-] Dynamic test user e9f807ccb9c14dedb21810694afacad2 is created with scope project and roles: ['member']
2025-11-14 02:39:18.818 66098 INFO tempest.lib.common.dynamic_creds [-] Acquired dynamic creds: credentials: Credentials: {'domain_id': 'default', 'domain_name': 'Default', 'username': 'tempest-TenantUsagesNegativeTestJSON-1948235454-project-member', 'project_domain_id': 'default', 'project_domain_name': 'Default', 'project_id': '4e403126e7fc45b9bc27214546d354a4', 'project_name': 'tempest-TenantUsagesNegativeTestJSON-1948235454', 'tenant_id': '4e403126e7fc45b9bc27214546d354a4', 'tenant_name': 'tempest-TenantUsagesNegativeTestJSON-1948235454', 'user_domain_id': 'default', 'user_domain_name': 'Default', 'user_id': 'e9f807ccb9c14dedb21810694afacad2', 'system': None}, Network: None, Subnet: None, Router: None
2025-11-14 02:39:18.818 66098 INFO tempest.lib.common.dynamic_creds [-] Created isolated network resources for: credentials: Credentials: {'domain_id': 'default', 'domain_name': 'Default', 'username': 'tempest-TenantUsagesNegativeTestJSON-1948235454-project-member', 'project_domain_id': 'default', 'project_domain_name': 'Default', 'project_id': '4e403126e7fc45b9bc27214546d354a4', 'project_name': 'tempest-TenantUsagesNegativeTestJSON-1948235454', 'tenant_id': '4e403126e7fc45b9bc27214546d354a4', 'tenant_name': 'tempest-TenantUsagesNegativeTestJSON-1948235454', 'user_domain_id': 'default', 'user_domain_name': 'Default', 'user_id': 'e9f807ccb9c14dedb21810694afacad2', 'system': None}, Network: None, Subnet: None, Router: None
2025-11-14 02:39:18.829 66080 INFO tempest.lib.common.rest_client [req-9427f6d9-781b-419b-b79b-9d614461a063 req-9427f6d9-781b-419b-b79b-9d614461a063 ] Request (FlavorsAccessTestJSON:_run_cleanups): 200 GET http://10.180.1.21/compute/v2.1/flavors/detail 2.080s
2025-11-14 02:39:18.839 66050 INFO tempest.lib.common.rest_client [req-9c81858b-b50f-4d85-af4c-748de9c9ad08 req-9c81858b-b50f-4d85-af4c-748de9c9ad08 ] Request (QuotaClassesAdmin257Test:test_update_default_quotas): 200 GET http://10.180.1.21/compute/v2.1/os-quota-class-sets/default 2.260s
2025-11-14 02:39:18.851 66068 INFO tempest.lib.common.rest_client [req-d721fcc6-7f05-41db-ae3f-d6a3dcc6c1f9 req-d721fcc6-7f05-41db-ae3f-d6a3dcc6c1f9 ] Request (FlavorsAdminTestJSON:test_create_flavor_with_none_id): 200 POST http://10.180.1.21/compute/v2.1/flavors 2.080s
2025-11-14 02:39:18.865 66072 INFO tempest.lib.common.rest_client [req-9b367d8e-d9e6-4409-b9ad-e66088697e0c req-9b367d8e-d9e6-4409-b9ad-e66088697e0c ] Request (ServicesAdminNegativeV253TestJSON:test_get_service_with_valid_service_and_invalid_host): 200 GET http://10.180.1.21/compute/v2.1/os-services 2.077s
2025-11-14 02:39:18.872 66044 INFO tempest.lib.common.rest_client [req-d25c5bb1-3f7e-493d-a0df-acfb4fa1babe req-d25c5bb1-3f7e-493d-a0df-acfb4fa1babe ] Request (HypervisorAdminUnderV252Test:test_search_hypervisor): 200 GET http://10.180.1.21/compute/v2.1/os-hypervisors 2.024s
2025-11-14 02:39:18.882 66088 INFO tempest.lib.common.rest_client [req-b2245e6d-016c-4701-aa74-fa887438d3a5 req-b2245e6d-016c-4701-aa74-fa887438d3a5 ] Request (ServerAddressesTestJSON:setUpClass): 200 GET http://10.180.1.21/identity/v3/roles 0.094s
2025-11-14 02:39:18.913 66098 INFO tempest.lib.common.rest_client [req-47167680-5ec8-476d-9c68-e38aec1a0b70 req-47167680-5ec8-476d-9c68-e38aec1a0b70 ] Request (TenantUsagesNegativeTestJSON:setUpClass): 201 POST http://10.180.1.21/identity/v3/auth/tokens 0.090s
2025-11-14 02:39:18.939 66052 INFO tempest.lib.common.rest_client [req-798963d6-1c92-4ebc-9d5d-cd12120ef6f7 req-798963d6-1c92-4ebc-9d5d-cd12120ef6f7 ] Request (VolumesAssistedSnapshotsTest:test_volume_assisted_snapshot_create_delete): 200 GET http://10.180.1.21/compute/v2.1/servers/d74f35ca-04cc-415e-a71d-3d78e99e7a01 1.505s
2025-11-14 02:39:18.962 66058 INFO tempest.lib.common.rest_client [req-04fbf6ee-e72a-448e-ab53-119fa871b3f5 req-04fbf6ee-e72a-448e-ab53-119fa871b3f5 ] Request (ImagesMetadataNegativeTestJSON:test_list_nonexistent_image_metadata): 404 GET http://10.180.1.21/compute/v2.1/images/67b3eed8-91ee-4fb1-adac-f8dfcf349d02/metadata 1.413s
2025-11-14 02:39:18.968 66064 INFO tempest.lib.common.rest_client [req-ae890117-d142-4362-982c-51155fb03003 req-ae890117-d142-4362-982c-51155fb03003 ] Request (HostsAdminNegativeTestJSON:test_update_host_with_invalid_status): 400 PUT http://10.180.1.21/compute/v2.1/os-hosts/devstack 1.412s
2025-11-14 02:39:18.973 66080 INFO tempest.lib.common.rest_client [req-037ad601-fb6e-42d1-82e8-684ff3b21690 req-037ad601-fb6e-42d1-82e8-684ff3b21690 ] Request (FlavorsAccessTestJSON:tearDownClass): 204 DELETE http://10.180.1.21/identity/v3/users/2e2d9d6d4ada40f7a84b35deb5e1cfdf 0.138s
2025-11-14 02:39:19.046 66088 INFO tempest.lib.common.rest_client [req-6126e915-342e-4782-9db7-fe06d216c433 req-6126e915-342e-4782-9db7-fe06d216c433 ] Request (ServerAddressesTestJSON:setUpClass): 204 PUT http://10.180.1.21/identity/v3/projects/8629140b3b1b490f99cc420f8ce371b9/users/a0a319d0fa3c49c9b4541458f5be152f/roles/39f220bb09cd4e009bd2d58dfb10af6d 0.162s
2025-11-14 02:39:19.047 66088 INFO tempest.lib.common.dynamic_creds [-] Dynamic test user a0a319d0fa3c49c9b4541458f5be152f is created with scope project and roles: ['member']
2025-11-14 02:39:19.047 66088 INFO tempest.lib.common.dynamic_creds [-] Acquired dynamic creds: credentials: Credentials: {'domain_id': 'default', 'domain_name': 'Default', 'username': 'tempest-ServerAddressesTestJSON-928152806-project-member', 'project_domain_id': 'default', 'project_domain_name': 'Default', 'project_id': '8629140b3b1b490f99cc420f8ce371b9', 'project_name': 'tempest-ServerAddressesTestJSON-928152806', 'tenant_id': '8629140b3b1b490f99cc420f8ce371b9', 'tenant_name': 'tempest-ServerAddressesTestJSON-928152806', 'user_domain_id': 'default', 'user_domain_name': 'Default', 'user_id': 'a0a319d0fa3c49c9b4541458f5be152f', 'system': None}, Network: None, Subnet: None, Router: None
2025-11-14 02:39:19.098 66094 INFO tempest.lib.common.rest_client [req-7be3fa9a-b10f-4f34-89d6-178ed44ba986 req-7be3fa9a-b10f-4f34-89d6-178ed44ba986 ] Request (DeleteServersAdminTestJSON:test_admin_delete_servers_of_others): 200 GET http://10.180.1.21/compute/v2.1/servers/a18c85f2-ad46-4cd3-9deb-901e6486550b 1.420s
2025-11-14 02:39:19.109 66094 INFO tempest.common.waiters [-] State transition "BUILD/spawning" ==> "ACTIVE/None" after 25 second wait
2025-11-14 02:39:19.115 66098 INFO tempest.lib.common.rest_client [req-e02dea3d-5274-43c4-895f-a087e11748af req-e02dea3d-5274-43c4-895f-a087e11748af ] Request (TenantUsagesNegativeTestJSON:setUpClass): 201 POST http://10.180.1.21/identity/v3/projects 0.201s
2025-11-14 02:39:19.189 66088 INFO tempest.lib.common.rest_client [req-676c26cd-1c2d-407d-9869-4e6f3c8854bd req-676c26cd-1c2d-407d-9869-4e6f3c8854bd ] Request (ServerAddressesTestJSON:setUpClass): 201 POST http://10.180.1.21/identity/v3/auth/tokens 0.141s
2025-11-14 02:39:19.233 66080 INFO tempest.lib.common.rest_client [req-4a689368-296f-4244-bdcf-f3ad92e11bbb req-4a689368-296f-4244-bdcf-f3ad92e11bbb ] Request (FlavorsAccessTestJSON:tearDownClass): 204 DELETE http://10.180.1.21/identity/v3/users/09325b5249a74a2db35a0410e2b4a7b9 0.259s
2025-11-14 02:39:19.233 66080 INFO tempest.lib.common.dynamic_creds [-] Deleting project and security group for project: 8075a8a3ef6440bf87362742e21f55ea
2025-11-14 02:39:19.305 66098 INFO tempest.lib.common.rest_client [req-491e15a0-b35c-4a82-bee9-45c0d15d3377 req-491e15a0-b35c-4a82-bee9-45c0d15d3377 ] Request (TenantUsagesNegativeTestJSON:setUpClass): 201 POST http://10.180.1.21/identity/v3/users 0.190s
2025-11-14 02:39:19.322 66056 INFO tempest.lib.common.rest_client [req-48991272-1bdb-4fc8-80c6-72c5f877b293 req-48991272-1bdb-4fc8-80c6-72c5f877b293 ] Request (SecurityGroupsTestAdminJSON:test_list_security_groups_list_all_tenants_filter): 200 POST http://10.180.1.21/compute/v2.1/os-security-groups 2.036s
2025-11-14 02:39:19.335 66080 INFO tempest.lib.common.rest_client [req-705e8fcd-1745-4dfb-b4d3-e3867162c283 req-705e8fcd-1745-4dfb-b4d3-e3867162c283 ] Request (FlavorsAccessTestJSON:tearDownClass): 201 POST http://10.180.1.21/identity/v3/auth/tokens 0.101s
2025-11-14 02:39:19.368 66098 INFO tempest.lib.common.rest_client [req-e596a209-e983-4c14-aa0a-1babd2d12bcd req-e596a209-e983-4c14-aa0a-1babd2d12bcd ] Request (TenantUsagesNegativeTestJSON:setUpClass): 200 GET http://10.180.1.21/identity/v3/roles 0.063s
2025-11-14 02:39:19.405 66098 INFO tempest.lib.common.rest_client [req-4c764e13-5daa-4084-b2e0-49667185e071 req-4c764e13-5daa-4084-b2e0-49667185e071 ] Request (TenantUsagesNegativeTestJSON:setUpClass): 204 PUT http://10.180.1.21/identity/v3/projects/486f9b0bdd5e400188a2a6caf8bcd3a2/users/37f8367753c2478686d7a4bd6bd2d549/roles/65da260b012341c797ef35ce91a8bb24 0.036s
2025-11-14 02:39:19.465 66098 INFO tempest.lib.common.rest_client [req-c5f2e746-5ec2-435e-84f4-27ca4408866d req-c5f2e746-5ec2-435e-84f4-27ca4408866d ] Request (TenantUsagesNegativeTestJSON:setUpClass): 200 GET http://10.180.1.21/identity/v3/roles 0.060s
2025-11-14 02:39:19.483 66098 INFO tempest.lib.common.rest_client [req-ae526b4b-6df7-4824-a661-1b95b6fb87b6 req-ae526b4b-6df7-4824-a661-1b95b6fb87b6 ] Request (TenantUsagesNegativeTestJSON:setUpClass): 204 PUT http://10.180.1.21/identity/v3/projects/486f9b0bdd5e400188a2a6caf8bcd3a2/users/37f8367753c2478686d7a4bd6bd2d549/roles/65da260b012341c797ef35ce91a8bb24 0.018s
2025-11-14 02:39:19.483 66098 INFO tempest.lib.common.dynamic_creds [-] Dynamic test user 37f8367753c2478686d7a4bd6bd2d549 is created with scope project and roles: ['admin']
2025-11-14 02:39:19.483 66098 INFO tempest.lib.common.dynamic_creds [-] Acquired dynamic creds: credentials: Credentials: {'domain_id': 'default', 'domain_name': 'Default', 'username': 'tempest-TenantUsagesNegativeTestJSON-1826436830-project-admin', 'project_domain_id': 'default', 'project_domain_name': 'Default', 'project_id': '486f9b0bdd5e400188a2a6caf8bcd3a2', 'project_name': 'tempest-TenantUsagesNegativeTestJSON-1826436830', 'tenant_id': '486f9b0bdd5e400188a2a6caf8bcd3a2', 'tenant_name': 'tempest-TenantUsagesNegativeTestJSON-1826436830', 'user_domain_id': 'default', 'user_domain_name': 'Default', 'user_id': '37f8367753c2478686d7a4bd6bd2d549', 'system': None}, Network: None, Subnet: None, Router: None
2025-11-14 02:39:19.484 66098 INFO tempest.lib.common.dynamic_creds [-] Created isolated network resources for: credentials: Credentials: {'domain_id': 'default', 'domain_name': 'Default', 'username': 'tempest-TenantUsagesNegativeTestJSON-1826436830-project-admin', 'project_domain_id': 'default', 'project_domain_name': 'Default', 'project_id': '486f9b0bdd5e400188a2a6caf8bcd3a2', 'project_name': 'tempest-TenantUsagesNegativeTestJSON-1826436830', 'tenant_id': '486f9b0bdd5e400188a2a6caf8bcd3a2', 'tenant_name': 'tempest-TenantUsagesNegativeTestJSON-1826436830', 'user_domain_id': 'default', 'user_domain_name': 'Default', 'user_id': '37f8367753c2478686d7a4bd6bd2d549', 'system': None}, Network: None, Subnet: None, Router: None
2025-11-14 02:39:19.569 66098 INFO tempest.lib.common.rest_client [req-6e638e63-d656-4bba-b015-4c6966ee4b17 req-6e638e63-d656-4bba-b015-4c6966ee4b17 ] Request (TenantUsagesNegativeTestJSON:setUpClass): 201 POST http://10.180.1.21/identity/v3/auth/tokens 0.083s
2025-11-14 02:39:19.579 66080 INFO tempest.lib.common.rest_client [req-e5ee7d0d-3d77-4d62-9d5a-403b0a2b3edf req-e5ee7d0d-3d77-4d62-9d5a-403b0a2b3edf ] Request (FlavorsAccessTestJSON:tearDownClass): 200 GET http://10.180.1.21/networking/v2.0/security-groups?tenant_id=8075a8a3ef6440bf87362742e21f55ea&name=default 0.243s
2025-11-14 02:39:19.630 66088 INFO tempest.lib.common.rest_client [req-519ef9a0-f1c8-4e0d-a023-4f4a22bf50fa req-519ef9a0-f1c8-4e0d-a023-4f4a22bf50fa ] Request (ServerAddressesTestJSON:setUpClass): 201 POST http://10.180.1.21/networking/v2.0/networks 0.440s
2025-11-14 02:39:19.817 66080 INFO tempest.lib.common.rest_client [req-930fdfcd-8406-4b2e-b264-ba4bd8978ad4 req-930fdfcd-8406-4b2e-b264-ba4bd8978ad4 ] Request (FlavorsAccessTestJSON:tearDownClass): 204 DELETE http://10.180.1.21/networking/v2.0/security-groups/838f73ec-b61c-4764-8455-a67632020b02 0.238s
2025-11-14 02:39:19.961 66080 INFO tempest.lib.common.rest_client [req-bfdd99b6-f960-415f-a932-a075a5b65312 req-bfdd99b6-f960-415f-a932-a075a5b65312 ] Request (FlavorsAccessTestJSON:tearDownClass): 204 DELETE http://10.180.1.21/identity/v3/projects/8075a8a3ef6440bf87362742e21f55ea 0.143s
2025-11-14 02:39:19.961 66080 INFO tempest.lib.common.dynamic_creds [-] Deleting project and security group for project: 24e4bbaadd3246f683f86efb519e5583
2025-11-14 02:39:20.004 66088 INFO tempest.lib.common.rest_client [req-b24e4259-10d8-432f-9ae0-bf4070f22929 req-b24e4259-10d8-432f-9ae0-bf4070f22929 ] Request (ServerAddressesTestJSON:setUpClass): 201 POST http://10.180.1.21/networking/v2.0/subnets 0.373s
2025-11-14 02:39:20.148 66080 INFO tempest.lib.common.rest_client [req-1d19774b-8d01-4530-ade9-7f092da5466e req-1d19774b-8d01-4530-ade9-7f092da5466e ] Request (FlavorsAccessTestJSON:tearDownClass): 200 GET http://10.180.1.21/networking/v2.0/security-groups?tenant_id=24e4bbaadd3246f683f86efb519e5583&name=default 0.186s
2025-11-14 02:39:20.976 66088 INFO tempest.lib.common.rest_client [req-7ab1f10e-ce33-413e-9108-75ebcf2fdaa0 req-7ab1f10e-ce33-413e-9108-75ebcf2fdaa0 ] Request (ServerAddressesTestJSON:setUpClass): 201 POST http://10.180.1.21/networking/v2.0/routers 0.972s
2025-11-14 02:39:21.136 66080 INFO tempest.lib.common.rest_client [req-42f37808-1126-42c3-8b62-db979c2fe0a9 req-42f37808-1126-42c3-8b62-db979c2fe0a9 ] Request (FlavorsAccessTestJSON:tearDownClass): 204 DELETE http://10.180.1.21/networking/v2.0/security-groups/b0e70056-4d95-4617-aac8-f3d6895832c0 0.988s
2025-11-14 02:39:21.251 66080 INFO tempest.lib.common.rest_client [req-49d27ab7-10ec-42e9-837a-2173a530e5b7 req-49d27ab7-10ec-42e9-837a-2173a530e5b7 ] Request (FlavorsAccessTestJSON:tearDownClass): 204 DELETE http://10.180.1.21/identity/v3/projects/24e4bbaadd3246f683f86efb519e5583 0.114s
2025-11-14 02:39:21.311 66080 INFO tempest.lib.common.rest_client [req-b4ee3e62-72c1-4a29-b0a6-76f76df46c78 req-b4ee3e62-72c1-4a29-b0a6-76f76df46c78 ] Request (ServersTestFqdnHostnames:setUpClass): 201 POST http://10.180.1.21/identity/v3/auth/tokens 0.059s
2025-11-14 02:39:21.357 66080 INFO tempest.lib.common.rest_client [req-f1234679-d304-4279-9a2d-234c7bf23eff req-f1234679-d304-4279-9a2d-234c7bf23eff ] Request (ServersTestFqdnHostnames:setUpClass): 201 POST http://10.180.1.21/identity/v3/auth/tokens 0.044s
2025-11-14 02:39:21.387 66080 INFO tempest.lib.common.rest_client [req-a2d7cd38-5de7-4df3-919b-efe9d6520291 req-a2d7cd38-5de7-4df3-919b-efe9d6520291 ] Request (ServersTestFqdnHostnames:setUpClass): 200 GET http://10.180.1.21/identity/v3/domains?name=Default 0.029s
2025-11-14 02:39:21.417 66080 INFO tempest.lib.common.rest_client [req-d69d8d0d-d928-48d6-9aaa-6640c045b830 req-d69d8d0d-d928-48d6-9aaa-6640c045b830 ] Request (ServersTestFqdnHostnames:setUpClass): 201 POST http://10.180.1.21/identity/v3/projects 0.029s
2025-11-14 02:39:21.481 66080 INFO tempest.lib.common.rest_client [req-a7720347-fea9-427e-b6d2-c7121b999e34 req-a7720347-fea9-427e-b6d2-c7121b999e34 ] Request (ServersTestFqdnHostnames:setUpClass): 201 POST http://10.180.1.21/identity/v3/users 0.064s
2025-11-14 02:39:21.501 66080 INFO tempest.lib.common.rest_client [req-82e848a8-89ea-4652-b70d-41d76b241d7b req-82e848a8-89ea-4652-b70d-41d76b241d7b ] Request (ServersTestFqdnHostnames:setUpClass): 200 GET http://10.180.1.21/identity/v3/roles 0.020s
2025-11-14 02:39:21.532 66080 INFO tempest.lib.common.rest_client [req-76d1cc5e-9b97-4e69-afe4-3b186e499a8b req-76d1cc5e-9b97-4e69-afe4-3b186e499a8b ] Request (ServersTestFqdnHostnames:setUpClass): 204 PUT http://10.180.1.21/identity/v3/projects/593858850c734bbaa72c8624445c0ea2/users/5368aa8f04dc4be19327f6661484b9d9/roles/39f220bb09cd4e009bd2d58dfb10af6d 0.030s
2025-11-14 02:39:21.532 66080 INFO tempest.lib.common.dynamic_creds [-] Dynamic test user 5368aa8f04dc4be19327f6661484b9d9 is created with scope project and roles: ['member']
2025-11-14 02:39:21.532 66080 INFO tempest.lib.common.dynamic_creds [-] Acquired dynamic creds: credentials: Credentials: {'domain_id': 'default', 'domain_name': 'Default', 'username': 'tempest-ServersTestFqdnHostnames-1424597037-project-member', 'project_domain_id': 'default', 'project_domain_name': 'Default', 'project_id': '593858850c734bbaa72c8624445c0ea2', 'project_name': 'tempest-ServersTestFqdnHostnames-1424597037', 'tenant_id': '593858850c734bbaa72c8624445c0ea2', 'tenant_name': 'tempest-ServersTestFqdnHostnames-1424597037', 'user_domain_id': 'default', 'user_domain_name': 'Default', 'user_id': '5368aa8f04dc4be19327f6661484b9d9', 'system': None}, Network: None, Subnet: None, Router: None
2025-11-14 02:39:21.602 66080 INFO tempest.lib.common.rest_client [req-30e03a15-d9d8-4742-a10d-39fd25d1c4f7 req-30e03a15-d9d8-4742-a10d-39fd25d1c4f7 ] Request (ServersTestFqdnHostnames:setUpClass): 201 POST http://10.180.1.21/identity/v3/auth/tokens 0.070s
2025-11-14 02:39:21.740 66062 INFO tempest.lib.common.rest_client [req-6eff5251-d8f6-4d2e-800c-23208a92fb1c req-6eff5251-d8f6-4d2e-800c-23208a92fb1c ] Request (ServerDiskConfigTestJSON:test_rebuild_server_with_auto_disk_config): 202 POST http://10.180.1.21/compute/v2.1/servers 4.041s
2025-11-14 02:39:22.137 66096 INFO tempest.lib.common.rest_client [req-c6d422ea-92f5-4dfd-9fca-cd852e8b256f req-c6d422ea-92f5-4dfd-9fca-cd852e8b256f ] Request (ServerActionsTestOtherA:setUpClass): 202 POST http://10.180.1.21/compute/v2.1/servers 4.090s
2025-11-14 02:39:22.239 66088 INFO tempest.lib.common.rest_client [req-bce787d2-bbdf-4b4b-aeb4-1fa58ac61572 req-bce787d2-bbdf-4b4b-aeb4-1fa58ac61572 ] Request (ServerAddressesTestJSON:setUpClass): 200 PUT http://10.180.1.21/networking/v2.0/routers/a5c3ad3c-b354-403c-919c-cc1d3d7eb423/add_router_interface 1.261s
2025-11-14 02:39:22.239 66088 INFO tempest.lib.common.dynamic_creds [-] Created isolated network resources for: credentials: Credentials: {'domain_id': 'default', 'domain_name': 'Default', 'username': 'tempest-ServerAddressesTestJSON-928152806-project-member', 'project_domain_id': 'default', 'project_domain_name': 'Default', 'project_id': '8629140b3b1b490f99cc420f8ce371b9', 'project_name': 'tempest-ServerAddressesTestJSON-928152806', 'tenant_id': '8629140b3b1b490f99cc420f8ce371b9', 'tenant_name': 'tempest-ServerAddressesTestJSON-928152806', 'user_domain_id': 'default', 'user_domain_name': 'Default', 'user_id': 'a0a319d0fa3c49c9b4541458f5be152f', 'system': None}, Network: {'id': '6402d308-fe24-4721-b0bd-aa17faf44237', 'name': 'tempest-ServerAddressesTestJSON-1585413252-network', 'tenant_id': '8629140b3b1b490f99cc420f8ce371b9', 'project_id': '8629140b3b1b490f99cc420f8ce371b9', 'admin_state_up': True, 'mtu': 8950, 'status': 'ACTIVE', 'subnets': [], 'shared': False, 'port_security_enabled': True, 'router:external': False, 'provider:network_type': 'vlan', 'provider:physical_network': 'default', 'provider:segmentation_id': 787, 'availability_zone_hints': [], 'availability_zones': [], 'ipv4_address_scope': None, 'ipv6_address_scope': None, 'description': '', 'tags': [], 'created_at': '2025-11-14T02:39:19Z', 'updated_at': '2025-11-14T02:39:19Z', 'revision_number': 1}, Subnet: {'id': '1401ed0c-0448-40f4-a466-95774b8e6ed8', 'name': 'tempest-ServerAddressesTestJSON-1585413252-subnet', 'tenant_id': '8629140b3b1b490f99cc420f8ce371b9', 'network_id': '6402d308-fe24-4721-b0bd-aa17faf44237', 'ip_version': 4, 'subnetpool_id': None, 'enable_dhcp': True, 'ipv6_ra_mode': None, 'ipv6_address_mode': None, 'gateway_ip': '192.168.128.1', 'cidr': '192.168.128.0/28', 'allocation_pools': [{'start': '192.168.128.2', 'end': '192.168.128.14'}], 'host_routes': [], 'dns_nameservers': [], 'description': '', 'router:external': False, 'service_types': [], 'tags': [], 'created_at': '2025-11-14T02:39:19Z', 'updated_at': '2025-11-14T02:39:19Z', 'revision_number': 0, 'project_id': '8629140b3b1b490f99cc420f8ce371b9'}, Router: {'id': 'a5c3ad3c-b354-403c-919c-cc1d3d7eb423', 'name': 'tempest-ServerAddressesTestJSON-1585413252-router', 'tenant_id': '8629140b3b1b490f99cc420f8ce371b9', 'admin_state_up': True, 'status': 'ACTIVE', 'external_gateway_info': {'network_id': 'c5f52073-e829-4801-9ca8-6628da8a0193', 'external_fixed_ips': [{'subnet_id': 'ea7ddd04-f5d7-46d9-aa4d-a00b9d5b85c2', 'ip_address': '10.180.180.214'}], 'enable_snat': True}, 'description': '', 'availability_zones': [], 'distributed': False, 'ha': False, 'availability_zone_hints': [], 'routes': [], 'flavor_id': None, 'tags': [], 'created_at': '2025-11-14T02:39:20Z', 'updated_at': '2025-11-14T02:39:20Z', 'revision_number': 2, 'project_id': '8629140b3b1b490f99cc420f8ce371b9'}
2025-11-14 02:39:22.257 66074 INFO tempest.lib.common.rest_client [req-620497da-4a29-4c02-948f-137ce00046ea req-620497da-4a29-4c02-948f-137ce00046ea ] Request (ServerDiagnosticsNegativeTest:tearDownClass): 204 DELETE http://10.180.1.21/compute/v2.1/servers/667b0970-0919-4965-a076-f4c51a6bdea3 3.864s
2025-11-14 02:39:22.260 66060 INFO tempest.lib.common.rest_client [req-b0367b8f-18ab-4dfd-ab29-89754d6913e6 req-b0367b8f-18ab-4dfd-ab29-89754d6913e6 ] Request (ServerDiagnosticsTest:tearDownClass): 200 GET http://10.180.1.21/compute/v2.1/servers/c888b0f7-d60a-4398-83a0-34259ecd28d2 4.084s
2025-11-14 02:39:22.407 66088 INFO tempest.lib.common.rest_client [req-73a8d234-256c-4acc-a287-10d482aa2a8f req-73a8d234-256c-4acc-a287-10d482aa2a8f ] Request (ServerAddressesTestJSON:setUpClass): 201 POST http://10.180.1.21/identity/v3/auth/tokens 0.164s
2025-11-14 02:39:22.413 66080 INFO tempest.lib.common.rest_client [req-2cdc0394-6acc-445b-be5a-6a8a34f025ea req-2cdc0394-6acc-445b-be5a-6a8a34f025ea ] Request (ServersTestFqdnHostnames:setUpClass): 201 POST http://10.180.1.21/networking/v2.0/networks 0.810s
2025-11-14 02:39:22.441 66088 INFO tempest.lib.common.rest_client [req-312a3e23-fd4f-4260-9d16-022ef2fd6d5f req-312a3e23-fd4f-4260-9d16-022ef2fd6d5f ] Request (ServerAddressesTestJSON:setUpClass): 201 POST http://10.180.1.21/identity/v3/auth/tokens 0.030s
2025-11-14 02:39:22.441 66088 INFO tempest.lib.common.fixed_network [-] (ServerAddressesTestJSON:setUpClass) Found network {'id': '6402d308-fe24-4721-b0bd-aa17faf44237', 'name': 'tempest-ServerAddressesTestJSON-1585413252-network', 'tenant_id': '8629140b3b1b490f99cc420f8ce371b9', 'project_id': '8629140b3b1b490f99cc420f8ce371b9', 'admin_state_up': True, 'mtu': 8950, 'status': 'ACTIVE', 'subnets': [], 'shared': False, 'port_security_enabled': True, 'router:external': False, 'provider:network_type': 'vlan', 'provider:physical_network': 'default', 'provider:segmentation_id': 787, 'availability_zone_hints': [], 'availability_zones': [], 'ipv4_address_scope': None, 'ipv6_address_scope': None, 'description': '', 'tags': [], 'created_at': '2025-11-14T02:39:19Z', 'updated_at': '2025-11-14T02:39:19Z', 'revision_number': 1} available for tenant
2025-11-14 02:39:22.715 66080 INFO tempest.lib.common.rest_client [req-27ff9715-c10d-4828-a285-34c2dc2f9087 req-27ff9715-c10d-4828-a285-34c2dc2f9087 ] Request (ServersTestFqdnHostnames:setUpClass): 201 POST http://10.180.1.21/networking/v2.0/subnets 0.301s
2025-11-14 02:39:22.764 66048 INFO tempest.lib.common.rest_client [req-123e60cd-ac78-430e-bb37-487bbaffbc8a req-123e60cd-ac78-430e-bb37-487bbaffbc8a ] Request (FloatingIPsAssociationTestJSON:setUpClass): 200 GET http://10.180.1.21/compute/v2.1/servers/4db85217-7efc-4766-b2b2-f6d236b8fd5c 4.230s
2025-11-14 02:39:22.773 66048 INFO tempest.common.waiters [-] State transition "BUILD/spawning" ==> "ACTIVE/None" after 28 second wait
2025-11-14 02:39:23.570 66080 INFO tempest.lib.common.rest_client [req-f591ceb1-137c-4c81-8bd2-6dee33bbc65f req-f591ceb1-137c-4c81-8bd2-6dee33bbc65f ] Request (ServersTestFqdnHostnames:setUpClass): 201 POST http://10.180.1.21/networking/v2.0/routers 0.854s
2025-11-14 02:39:24.469 66038 INFO tempest.lib.common.rest_client [req-f8a58109-a341-4465-af93-517377c376c9 req-f8a58109-a341-4465-af93-517377c376c9 ] Request (QuotasAdminNegativeTest:test_create_server_when_memory_quota_is_full): 403 POST http://10.180.1.21/compute/v2.1/servers 6.065s
2025-11-14 02:39:24.498 66078 INFO tempest.lib.common.rest_client [req-6ce19445-2bd6-4e6d-a62d-c2c06b9af95c req-6ce19445-2bd6-4e6d-a62d-c2c06b9af95c ] Request (ServerMetadataNegativeTestJSON:setUpClass): 200 GET http://10.180.1.21/compute/v2.1/servers/f023112e-bba9-404a-9c04-5dcd719257fa 5.925s
2025-11-14 02:39:24.507 66078 INFO tempest.common.waiters [-] State transition "BUILD/spawning" ==> "ACTIVE/None" after 29 second wait
2025-11-14 02:39:24.514 66080 INFO tempest.lib.common.rest_client [req-60223de8-a048-412d-8304-1edaf7f8deeb req-60223de8-a048-412d-8304-1edaf7f8deeb ] Request (ServersTestFqdnHostnames:setUpClass): 200 PUT http://10.180.1.21/networking/v2.0/routers/ead8e875-2b9d-46ba-8c71-7268c13b0ab1/add_router_interface 0.944s
2025-11-14 02:39:24.515 66080 INFO tempest.lib.common.dynamic_creds [-] Created isolated network resources for: credentials: Credentials: {'domain_id': 'default', 'domain_name': 'Default', 'username': 'tempest-ServersTestFqdnHostnames-1424597037-project-member', 'project_domain_id': 'default', 'project_domain_name': 'Default', 'project_id': '593858850c734bbaa72c8624445c0ea2', 'project_name': 'tempest-ServersTestFqdnHostnames-1424597037', 'tenant_id': '593858850c734bbaa72c8624445c0ea2', 'tenant_name': 'tempest-ServersTestFqdnHostnames-1424597037', 'user_domain_id': 'default', 'user_domain_name': 'Default', 'user_id': '5368aa8f04dc4be19327f6661484b9d9', 'system': None}, Network: {'id': '0e504c36-9e9f-4adb-a3c3-037df874ce2c', 'name': 'tempest-ServersTestFqdnHostnames-1663796139-network', 'tenant_id': '593858850c734bbaa72c8624445c0ea2', 'project_id': '593858850c734bbaa72c8624445c0ea2', 'admin_state_up': True, 'mtu': 8950, 'status': 'ACTIVE', 'subnets': [], 'shared': False, 'port_security_enabled': True, 'router:external': False, 'provider:network_type': 'vlan', 'provider:physical_network': 'default', 'provider:segmentation_id': 525, 'availability_zone_hints': [], 'availability_zones': [], 'ipv4_address_scope': None, 'ipv6_address_scope': None, 'description': '', 'tags': [], 'created_at': '2025-11-14T02:39:22Z', 'updated_at': '2025-11-14T02:39:22Z', 'revision_number': 1}, Subnet: {'id': 'a81c9a89-732a-4a49-b096-14da8e18d501', 'name': 'tempest-ServersTestFqdnHostnames-1663796139-subnet', 'tenant_id': '593858850c734bbaa72c8624445c0ea2', 'network_id': '0e504c36-9e9f-4adb-a3c3-037df874ce2c', 'ip_version': 4, 'subnetpool_id': None, 'enable_dhcp': True, 'ipv6_ra_mode': None, 'ipv6_address_mode': None, 'gateway_ip': '192.168.128.1', 'cidr': '192.168.128.0/28', 'allocation_pools': [{'start': '192.168.128.2', 'end': '192.168.128.14'}], 'host_routes': [], 'dns_nameservers': [], 'description': '', 'router:external': False, 'service_types': [], 'tags': [], 'created_at': '2025-11-14T02:39:22Z', 'updated_at': '2025-11-14T02:39:22Z', 'revision_number': 0, 'project_id': '593858850c734bbaa72c8624445c0ea2'}, Router: {'id': 'ead8e875-2b9d-46ba-8c71-7268c13b0ab1', 'name': 'tempest-ServersTestFqdnHostnames-1663796139-router', 'tenant_id': '593858850c734bbaa72c8624445c0ea2', 'admin_state_up': True, 'status': 'ACTIVE', 'external_gateway_info': {'network_id': 'c5f52073-e829-4801-9ca8-6628da8a0193', 'external_fixed_ips': [{'subnet_id': 'ea7ddd04-f5d7-46d9-aa4d-a00b9d5b85c2', 'ip_address': '10.180.180.179'}], 'enable_snat': True}, 'description': '', 'availability_zones': [], 'distributed': False, 'ha': False, 'availability_zone_hints': [], 'routes': [], 'flavor_id': None, 'tags': [], 'created_at': '2025-11-14T02:39:22Z', 'updated_at': '2025-11-14T02:39:23Z', 'revision_number': 2, 'project_id': '593858850c734bbaa72c8624445c0ea2'}
2025-11-14 02:39:24.531 66046 INFO tempest.lib.common.rest_client [req-5364d8d2-92db-4876-9796-e60548b4e0c9 req-5364d8d2-92db-4876-9796-e60548b4e0c9 ] Request (AggregatesAdminNegativeTestJSON:_run_cleanups): 200 DELETE http://10.180.1.21/compute/v2.1/os-aggregates/3 5.779s
2025-11-14 02:39:24.557 66036 INFO tempest.lib.common.rest_client [req-7c4aae9b-51bf-4188-bd9d-8a425043cebd req-7c4aae9b-51bf-4188-bd9d-8a425043cebd ] Request (FlavorsExtraSpecsNegativeTestJSON:tearDownClass): 200 GET http://10.180.1.21/compute/v2.1/flavors/detail 5.785s
2025-11-14 02:39:24.582 66071 INFO tempest.lib.common.rest_client [req-23f60ee1-9bc6-4520-9f51-86c91f9b8b92 req-23f60ee1-9bc6-4520-9f51-86c91f9b8b92 ] Request (FlavorsAccessNegativeTestJSON:_run_cleanups): 200 GET http://10.180.1.21/compute/v2.1/flavors/detail 5.797s
2025-11-14 02:39:24.590 66076 INFO tempest.lib.common.rest_client [req-88459688-0b07-42c6-8cab-04fd7ec397e9 req-88459688-0b07-42c6-8cab-04fd7ec397e9 ] Request (ServersWithSpecificFlavorTestJSON:test_verify_created_server_ephemeral_disk): 200 GET http://10.180.1.21/compute/v2.1/servers/b32f43ef-2ea5-4f1d-8a23-b66a8a96ae90 5.863s
2025-11-14 02:39:24.607 66092 INFO tempest.lib.common.rest_client [req-b5e6a619-6ce2-40ae-a203-d150fc192edf req-b5e6a619-6ce2-40ae-a203-d150fc192edf ] Request (FlavorsExtraSpecsTestJSON:test_flavor_set_get_update_show_unset_keys): 200 GET http://10.180.1.21/compute/v2.1/flavors/1947402856/os-extra_specs 5.806s
2025-11-14 02:39:24.629 66068 INFO tempest.lib.common.rest_client [req-c17e399f-5bb0-4498-bcb4-26533f70ccf3 req-c17e399f-5bb0-4498-bcb4-26533f70ccf3 ] Request (FlavorsAdminTestJSON:_run_cleanups): 202 DELETE http://10.180.1.21/compute/v2.1/flavors/077181cd-7c49-445d-8466-c84a1189f9f4 5.773s
2025-11-14 02:39:24.637 66078 INFO tempest.lib.common.rest_client [req-3de0c97e-3c11-45b6-9a4e-57b793e72eab req-3de0c97e-3c11-45b6-9a4e-57b793e72eab ] Request (ServerMetadataNegativeTestJSON:test_create_server_metadata_blank_key): 201 POST http://10.180.1.21/identity/v3/auth/tokens 0.121s
2025-11-14 02:39:24.637 66078 INFO tempest.lib.common.fixed_network [-] (ServerMetadataNegativeTestJSON:test_create_server_metadata_blank_key) Found network {'id': '4c1525a7-88be-416d-804f-f10b60385c3d', 'name': 'tempest-ServerMetadataNegativeTestJSON-794605089-network', 'tenant_id': 'f6f3ddae09ab4def8993465fa35f5073', 'project_id': 'f6f3ddae09ab4def8993465fa35f5073', 'admin_state_up': True, 'mtu': 8950, 'status': 'ACTIVE', 'subnets': [], 'shared': False, 'port_security_enabled': True, 'router:external': False, 'provider:network_type': 'vlan', 'provider:physical_network': 'default', 'provider:segmentation_id': 78, 'availability_zone_hints': [], 'availability_zones': [], 'ipv4_address_scope': None, 'ipv6_address_scope': None, 'description': '', 'tags': [], 'created_at': '2025-11-14T02:38:43Z', 'updated_at': '2025-11-14T02:38:43Z', 'revision_number': 1} available for tenant
2025-11-14 02:39:24.654 66072 INFO tempest.lib.common.rest_client [req-e81c5c9f-27e1-4de7-8d59-9e6605b25968 req-e81c5c9f-27e1-4de7-8d59-9e6605b25968 ] Request (ServicesAdminNegativeV253TestJSON:test_get_service_with_valid_service_and_invalid_host): 200 GET http://10.180.1.21/compute/v2.1/os-services?host=xxx&binary=nova-scheduler 5.786s
2025-11-14 02:39:24.655 66080 INFO tempest.lib.common.rest_client [req-9fdc2ecb-bdd2-49e8-8bfe-42fc9981e0da req-9fdc2ecb-bdd2-49e8-8bfe-42fc9981e0da ] Request (ServersTestFqdnHostnames:setUpClass): 201 POST http://10.180.1.21/identity/v3/auth/tokens 0.135s
2025-11-14 02:39:24.677 66050 INFO tempest.lib.common.rest_client [req-de6b6044-3bd3-49ac-8385-6eb9977c7326 req-de6b6044-3bd3-49ac-8385-6eb9977c7326 ] Request (QuotaClassesAdmin257Test:test_update_default_quotas): 200 PUT http://10.180.1.21/compute/v2.1/os-quota-class-sets/default 5.835s
2025-11-14 02:39:24.679 66044 INFO tempest.lib.common.rest_client [req-28bfebe6-84ec-4c7c-bb33-5d572574303b req-28bfebe6-84ec-4c7c-bb33-5d572574303b ] Request (HypervisorAdminUnderV252Test:test_search_hypervisor): 200 GET http://10.180.1.21/compute/v2.1/os-hypervisors/domain-c8.fc996f14-c53b-4953-92e3-bdfa48f5cc28/search 5.805s
