2025-11-14 02:39:10.090 66044 INFO tempest.lib.common.dynamic_creds [-] Acquired dynamic creds: credentials: Credentials: {'domain_id': 'default', 'domain_name': 'Default', 'username': 'tempest-HypervisorAdminUnderV252Test-2040802537-project-admin', 'project_domain_id': 'default', 'project_domain_name': 'Default', 'project_id': '66f9e0ab500f4b98ad62e30c3bd11ef4', 'project_name': 'tempest-HypervisorAdminUnderV252Test-2040802537', 'tenant_id': '66f9e0ab500f4b98ad62e30c3bd11ef4', 'tenant_name': 'tempest-HypervisorAdminUnderV252Test-2040802537', 'user_domain_id': 'default', 'user_domain_name': 'Default', 'user_id': 'db7e88a5c3f74e1eb2a1dd3407ac347e', 'system': None}, Network: None, Subnet: None, Router: None
2025-11-14 02:39:10.091 66044 INFO tempest.lib.common.dynamic_creds [-] Created isolated network resources for: credentials: Credentials: {'domain_id': 'default', 'domain_name': 'Default', 'username': 'tempest-HypervisorAdminUnderV252Test-2040802537-project-admin', 'project_domain_id': 'default', 'project_domain_name': 'Default', 'project_id': '66f9e0ab500f4b98ad62e30c3bd11ef4', 'project_name': 'tempest-HypervisorAdminUnderV252Test-2040802537', 'tenant_id': '66f9e0ab500f4b98ad62e30c3bd11ef4', 'tenant_name': 'tempest-HypervisorAdminUnderV252Test-2040802537', 'user_domain_id': 'default', 'user_domain_name': 'Default', 'user_id': 'db7e88a5c3f74e1eb2a1dd3407ac347e', 'system': None}, Network: None, Subnet: None, Router: None
2025-11-14 02:39:10.140 66058 INFO tempest.lib.common.rest_client [req-bcbfc5aa-4a04-44c2-9277-37be498f77be req-bcbfc5aa-4a04-44c2-9277-37be498f77be ] Request (FlavorsV261TestJSON:tearDownClass): 204 DELETE http://10.180.1.21/identity/v3/projects/633a4de0c97f4f72b031a85883caf594 0.109s
2025-11-14 02:39:10.173 66044 INFO tempest.lib.common.rest_client [req-da3fcfc0-5cd2-45b4-aa60-5a7b45598cfa req-da3fcfc0-5cd2-45b4-aa60-5a7b45598cfa ] Request (HypervisorAdminUnderV252Test:setUpClass): 201 POST http://10.180.1.21/identity/v3/auth/tokens 0.079s
2025-11-14 02:39:10.219 66058 INFO tempest.lib.common.rest_client [req-bc21320b-3e6d-45ed-8093-c85bf9c3f58a req-bc21320b-3e6d-45ed-8093-c85bf9c3f58a ] Request (ImagesMetadataNegativeTestJSON:setUpClass): 201 POST http://10.180.1.21/identity/v3/auth/tokens 0.077s
2025-11-14 02:39:10.251 66058 INFO tempest.lib.common.rest_client [req-e12d4706-c4d2-41e4-8459-520de885ac65 req-e12d4706-c4d2-41e4-8459-520de885ac65 ] Request (ImagesMetadataNegativeTestJSON:setUpClass): 201 POST http://10.180.1.21/identity/v3/auth/tokens 0.029s
2025-11-14 02:39:10.286 66058 INFO tempest.lib.common.rest_client [req-6cc2f254-09ce-4f06-a11f-64733a1d075a req-6cc2f254-09ce-4f06-a11f-64733a1d075a ] Request (ImagesMetadataNegativeTestJSON:setUpClass): 200 GET http://10.180.1.21/identity/v3/domains?name=Default 0.035s
2025-11-14 02:39:10.313 66058 INFO tempest.lib.common.rest_client [req-c76ad32d-930a-4d2a-9d4b-c56f90f400c8 req-c76ad32d-930a-4d2a-9d4b-c56f90f400c8 ] Request (ImagesMetadataNegativeTestJSON:setUpClass): 201 POST http://10.180.1.21/identity/v3/projects 0.026s
2025-11-14 02:39:10.400 66058 INFO tempest.lib.common.rest_client [req-d6f0e61b-2dc0-4ba5-bf8e-3f7a81068c3f req-d6f0e61b-2dc0-4ba5-bf8e-3f7a81068c3f ] Request (ImagesMetadataNegativeTestJSON:setUpClass): 201 POST http://10.180.1.21/identity/v3/users 0.087s
2025-11-14 02:39:10.422 66058 INFO tempest.lib.common.rest_client [req-a8cab2e2-6781-4048-8533-ec8023a40d4d req-a8cab2e2-6781-4048-8533-ec8023a40d4d ] Request (ImagesMetadataNegativeTestJSON:setUpClass): 200 GET http://10.180.1.21/identity/v3/roles 0.022s
2025-11-14 02:39:10.459 66058 INFO tempest.lib.common.rest_client [req-8d3809bf-948b-40cf-89c6-ce476e36157d req-8d3809bf-948b-40cf-89c6-ce476e36157d ] Request (ImagesMetadataNegativeTestJSON:setUpClass): 204 PUT http://10.180.1.21/identity/v3/projects/95b99f88a3674e8ca8b140a6fcdbce06/users/ea00480e77614a5ca0bb0649726f935a/roles/39f220bb09cd4e009bd2d58dfb10af6d 0.036s
2025-11-14 02:39:10.459 66058 INFO tempest.lib.common.dynamic_creds [-] Dynamic test user ea00480e77614a5ca0bb0649726f935a is created with scope project and roles: ['member']
2025-11-14 02:39:10.459 66058 INFO tempest.lib.common.dynamic_creds [-] Acquired dynamic creds: credentials: Credentials: {'domain_id': 'default', 'domain_name': 'Default', 'username': 'tempest-ImagesMetadataNegativeTestJSON-2022558470-project-member', 'project_domain_id': 'default', 'project_domain_name': 'Default', 'project_id': '95b99f88a3674e8ca8b140a6fcdbce06', 'project_name': 'tempest-ImagesMetadataNegativeTestJSON-2022558470', 'tenant_id': '95b99f88a3674e8ca8b140a6fcdbce06', 'tenant_name': 'tempest-ImagesMetadataNegativeTestJSON-2022558470', 'user_domain_id': 'default', 'user_domain_name': 'Default', 'user_id': 'ea00480e77614a5ca0bb0649726f935a', 'system': None}, Network: None, Subnet: None, Router: None
2025-11-14 02:39:10.460 66058 INFO tempest.lib.common.dynamic_creds [-] Created isolated network resources for: credentials: Credentials: {'domain_id': 'default', 'domain_name': 'Default', 'username': 'tempest-ImagesMetadataNegativeTestJSON-2022558470-project-member', 'project_domain_id': 'default', 'project_domain_name': 'Default', 'project_id': '95b99f88a3674e8ca8b140a6fcdbce06', 'project_name': 'tempest-ImagesMetadataNegativeTestJSON-2022558470', 'tenant_id': '95b99f88a3674e8ca8b140a6fcdbce06', 'tenant_name': 'tempest-ImagesMetadataNegativeTestJSON-2022558470', 'user_domain_id': 'default', 'user_domain_name': 'Default', 'user_id': 'ea00480e77614a5ca0bb0649726f935a', 'system': None}, Network: None, Subnet: None, Router: None
2025-11-14 02:39:10.538 66058 INFO tempest.lib.common.rest_client [req-7227464e-9fd1-454f-8480-45c70b026a0f req-7227464e-9fd1-454f-8480-45c70b026a0f ] Request (ImagesMetadataNegativeTestJSON:setUpClass): 201 POST http://10.180.1.21/identity/v3/auth/tokens 0.074s
2025-11-14 02:39:10.867 66090 INFO tempest.lib.common.rest_client [req-ba20e52e-1b9a-4cf6-90c2-1f43cbbe6239 req-ba20e52e-1b9a-4cf6-90c2-1f43cbbe6239 ] Request (ServersTestJSON:setUpClass): 201 POST http://10.180.1.21/networking/v2.0/security-group-rules 0.993s
2025-11-14 02:39:11.182 66096 INFO tempest.lib.common.rest_client [req-27dfcb59-cca9-467a-9601-3d904688df03 req-27dfcb59-cca9-467a-9601-3d904688df03 ] Request (ServerActionsTestOtherA:setUpClass): 201 POST http://10.180.1.21/networking/v2.0/networks 1.263s
2025-11-14 02:39:11.282 66062 INFO tempest.lib.common.rest_client [req-d42f99ca-bff9-4982-8d65-af8d2f4f59f6 req-d42f99ca-bff9-4982-8d65-af8d2f4f59f6 ] Request (FloatingIPsTestJSON:tearDownClass): 200 PUT http://10.180.1.21/networking/v2.0/routers/7349a7d8-87ae-4d8b-a4c3-39426fa1b40c/remove_router_interface 1.581s
2025-11-14 02:39:11.562 66096 INFO tempest.lib.common.rest_client [req-c04f89d3-54ce-48f7-8937-3f89d40afade req-c04f89d3-54ce-48f7-8937-3f89d40afade ] Request (ServerActionsTestOtherA:setUpClass): 201 POST http://10.180.1.21/networking/v2.0/subnets 0.379s
2025-11-14 02:39:11.597 66074 INFO tempest.lib.common.rest_client [req-654b7b46-d1fc-47f3-be12-6ce96d70e18f req-654b7b46-d1fc-47f3-be12-6ce96d70e18f ] Request (ServerDiagnosticsNegativeTest:test_get_server_diagnostics_by_non_admin): 200 GET http://10.180.1.21/compute/v2.1/servers/667b0970-0919-4965-a076-f4c51a6bdea3 3.284s
2025-11-14 02:39:11.604 66064 INFO tempest.lib.common.rest_client [req-ce68c59e-ed57-4fd0-a056-46ddfb9cfa99 req-ce68c59e-ed57-4fd0-a056-46ddfb9cfa99 ] Request (HostsAdminNegativeTestJSON:test_startup_host_with_non_admin_user): 403 GET http://10.180.1.21/compute/v2.1/os-hosts/devstack/startup 3.262s
2025-11-14 02:39:11.620 66060 INFO tempest.lib.common.rest_client [req-4218ba13-2b66-4e33-9c2c-63f2f4b0242d req-4218ba13-2b66-4e33-9c2c-63f2f4b0242d ] Request (ServerDiagnosticsTest:test_get_server_diagnostics): 200 GET http://10.180.1.21/compute/v2.1/servers/c888b0f7-d60a-4398-83a0-34259ecd28d2 3.376s
2025-11-14 02:39:11.627 66060 INFO tempest.common.waiters [-] State transition "BUILD/spawning" ==> "ACTIVE/None" after 18 second wait
2025-11-14 02:39:11.754 66090 INFO tempest.lib.common.rest_client [req-11071f89-8af5-4c5a-a919-6baccd1b2bc8 req-11071f89-8af5-4c5a-a919-6baccd1b2bc8 ] Request (ServersTestJSON:setUpClass): 201 POST http://10.180.1.21/networking/v2.0/floatingips 0.886s
2025-11-14 02:39:11.844 66090 INFO tempest.lib.common.rest_client [req-cae026e6-e860-42af-ae52-8985cca65e0a req-cae026e6-e860-42af-ae52-8985cca65e0a ] Request (ServersTestJSON:setUpClass): 201 POST http://10.180.1.21/identity/v3/auth/tokens 0.084s
2025-11-14 02:39:11.844 66090 INFO tempest.lib.common.fixed_network [-] (ServersTestJSON:setUpClass) Found network {'id': '01ff0da4-b00c-4b91-9db1-19d1cdaf89b1', 'name': 'tempest-ServersTestJSON-844133373-network', 'tenant_id': 'aeaf15dea49a4686a9ad5e0ff1c8c30d', 'project_id': 'aeaf15dea49a4686a9ad5e0ff1c8c30d', 'admin_state_up': True, 'mtu': 8950, 'status': 'ACTIVE', 'subnets': [], 'shared': False, 'port_security_enabled': True, 'router:external': False, 'provider:network_type': 'vlan', 'provider:physical_network': 'default', 'provider:segmentation_id': 822, 'availability_zone_hints': [], 'availability_zones': [], 'ipv4_address_scope': None, 'ipv6_address_scope': None, 'description': '', 'tags': [], 'created_at': '2025-11-14T02:39:05Z', 'updated_at': '2025-11-14T02:39:05Z', 'revision_number': 1} available for tenant
2025-11-14 02:39:12.024 66062 INFO tempest.lib.common.rest_client [req-e89ce0aa-94de-48dd-892f-dca3aff57bf5 req-e89ce0aa-94de-48dd-892f-dca3aff57bf5 ] Request (FloatingIPsTestJSON:tearDownClass): 204 DELETE http://10.180.1.21/networking/v2.0/routers/7349a7d8-87ae-4d8b-a4c3-39426fa1b40c 0.741s
2025-11-14 02:39:12.372 66052 INFO tempest.lib.common.rest_client [req-708b560d-6f2f-450d-8e8b-65b46fd8667a req-708b560d-6f2f-450d-8e8b-65b46fd8667a ] Request (VolumesAssistedSnapshotsTest:test_volume_assisted_snapshot_create_delete): 200 GET http://10.180.1.21/compute/v2.1/servers/d74f35ca-04cc-415e-a71d-3d78e99e7a01 3.966s
2025-11-14 02:39:12.391 66052 INFO tempest.common.waiters [-] State transition "BUILD/scheduling" ==> "BUILD/None" after 5 second wait
2025-11-14 02:39:12.548 66038 INFO tempest.lib.common.rest_client [req-01eab331-3a75-4ac0-a6e4-1ab42e476252 req-01eab331-3a75-4ac0-a6e4-1ab42e476252 ] Request (QuotasAdminNegativeTest:_run_cleanups): 200 PUT http://10.180.1.21/compute/v2.1/os-quota-sets/3d5f6a76dc4e4d759911f67a2b162429 4.020s
2025-11-14 02:39:12.571 66096 INFO tempest.lib.common.rest_client [req-2ac409c6-8618-4387-b087-4d123c8ff82a req-2ac409c6-8618-4387-b087-4d123c8ff82a ] Request (ServerActionsTestOtherA:setUpClass): 201 POST http://10.180.1.21/networking/v2.0/routers 1.008s
2025-11-14 02:39:12.686 66098 INFO tempest.lib.common.rest_client [req-90e81679-512c-4ef3-880d-63429eda74fe req-90e81679-512c-4ef3-880d-63429eda74fe ] Request (QuotasAdminTestV257:test_get_updated_quotas): 200 PUT http://10.180.1.21/compute/v2.1/os-quota-sets/af56f7c3cc3a4b9191e823c578bbe39a?user_id=a2c6ac7eacde45a1b27af665343f6be5 4.096s
2025-11-14 02:39:12.754 66062 INFO tempest.lib.common.rest_client [req-48d51a41-6225-4ffa-b493-be859d2d1d49 req-48d51a41-6225-4ffa-b493-be859d2d1d49 ] Request (FloatingIPsTestJSON:tearDownClass): 204 DELETE http://10.180.1.21/networking/v2.0/subnets/9ea54489-7d57-410b-babb-9e3a4db443f9 0.729s
2025-11-14 02:39:12.798 66094 INFO tempest.lib.common.rest_client [req-46132c60-fdf3-40bb-9909-74c4a3945c57 req-46132c60-fdf3-40bb-9909-74c4a3945c57 ] Request (DeleteServersAdminTestJSON:test_admin_delete_servers_of_others): 200 GET http://10.180.1.21/compute/v2.1/servers/a18c85f2-ad46-4cd3-9deb-901e6486550b 4.363s
2025-11-14 02:39:13.145 66062 INFO tempest.lib.common.rest_client [req-dc1772f6-e099-4470-8bdb-55f370184476 req-dc1772f6-e099-4470-8bdb-55f370184476 ] Request (FloatingIPsTestJSON:tearDownClass): 204 DELETE http://10.180.1.21/networking/v2.0/networks/4bb3d57b-4e8a-4dad-b2c5-c0eb36536801 0.391s
2025-11-14 02:39:13.266 66062 INFO tempest.lib.common.rest_client [req-017c605d-7b7f-438f-9e00-2d35147f5f64 req-017c605d-7b7f-438f-9e00-2d35147f5f64 ] Request (FloatingIPsTestJSON:tearDownClass): 204 DELETE http://10.180.1.21/identity/v3/users/2c00e772cc9b4347928ef48abbcfd77c 0.120s
2025-11-14 02:39:13.266 66062 INFO tempest.lib.common.dynamic_creds [-] Deleting project and security group for project: 0f70aa1c8da14f6a8311ae035f2d48f5
2025-11-14 02:39:13.675 66096 INFO tempest.lib.common.rest_client [req-7afabc42-68ea-4962-8b2d-9e172e2dc9ab req-7afabc42-68ea-4962-8b2d-9e172e2dc9ab ] Request (ServerActionsTestOtherA:setUpClass): 200 PUT http://10.180.1.21/networking/v2.0/routers/97909365-beaf-447b-8df5-526ee0cf9e15/add_router_interface 1.103s
2025-11-14 02:39:13.675 66096 INFO tempest.lib.common.dynamic_creds [-] Created isolated network resources for: credentials: Credentials: {'domain_id': 'default', 'domain_name': 'Default', 'username': 'tempest-ServerActionsTestOtherA-1746218147-project-member', 'project_domain_id': 'default', 'project_domain_name': 'Default', 'project_id': 'e3b18c49ceea46d6911355436cc6d6e0', 'project_name': 'tempest-ServerActionsTestOtherA-1746218147', 'tenant_id': 'e3b18c49ceea46d6911355436cc6d6e0', 'tenant_name': 'tempest-ServerActionsTestOtherA-1746218147', 'user_domain_id': 'default', 'user_domain_name': 'Default', 'user_id': '8802194827b14b97aeb56648aa01300f', 'system': None}, Network: {'id': 'fcf80bfe-b713-4f7c-aacb-4e0d6ed35a89', 'name': 'tempest-ServerActionsTestOtherA-361888572-network', 'tenant_id': 'e3b18c49ceea46d6911355436cc6d6e0', 'project_id': 'e3b18c49ceea46d6911355436cc6d6e0', 'admin_state_up': True, 'mtu': 8950, 'status': 'ACTIVE', 'subnets': [], 'shared': False, 'port_security_enabled': True, 'router:external': False, 'provider:network_type': 'vlan', 'provider:physical_network': 'default', 'provider:segmentation_id': 770, 'availability_zone_hints': [], 'availability_zones': [], 'ipv4_address_scope': None, 'ipv6_address_scope': None, 'description': '', 'tags': [], 'created_at': '2025-11-14T02:39:11Z', 'updated_at': '2025-11-14T02:39:11Z', 'revision_number': 1}, Subnet: {'id': 'e13c0635-5895-432e-b2e6-aaa3ab3ffd67', 'name': 'tempest-ServerActionsTestOtherA-361888572-subnet', 'tenant_id': 'e3b18c49ceea46d6911355436cc6d6e0', 'network_id': 'fcf80bfe-b713-4f7c-aacb-4e0d6ed35a89', 'ip_version': 4, 'subnetpool_id': None, 'enable_dhcp': True, 'ipv6_ra_mode': None, 'ipv6_address_mode': None, 'gateway_ip': '192.168.128.1', 'cidr': '192.168.128.0/28', 'allocation_pools': [{'start': '192.168.128.2', 'end': '192.168.128.14'}], 'host_routes': [], 'dns_nameservers': [], 'description': '', 'router:external': False, 'service_types': [], 'tags': [], 'created_at': '2025-11-14T02:39:11Z', 'updated_at': '2025-11-14T02:39:11Z', 'revision_number': 0, 'project_id': 'e3b18c49ceea46d6911355436cc6d6e0'}, Router: {'id': '97909365-beaf-447b-8df5-526ee0cf9e15', 'name': 'tempest-ServerActionsTestOtherA-361888572-router', 'tenant_id': 'e3b18c49ceea46d6911355436cc6d6e0', 'admin_state_up': True, 'status': 'ACTIVE', 'external_gateway_info': {'network_id': 'c5f52073-e829-4801-9ca8-6628da8a0193', 'external_fixed_ips': [{'subnet_id': 'ea7ddd04-f5d7-46d9-aa4d-a00b9d5b85c2', 'ip_address': '10.180.180.233'}], 'enable_snat': True}, 'description': '', 'availability_zones': [], 'distributed': False, 'ha': False, 'availability_zone_hints': [], 'routes': [], 'flavor_id': None, 'tags': [], 'created_at': '2025-11-14T02:39:11Z', 'updated_at': '2025-11-14T02:39:12Z', 'revision_number': 2, 'project_id': 'e3b18c49ceea46d6911355436cc6d6e0'}
2025-11-14 02:39:13.757 66096 INFO tempest.lib.common.rest_client [req-42808503-b9a2-4cbd-ac2b-7c5f43230a98 req-42808503-b9a2-4cbd-ac2b-7c5f43230a98 ] Request (ServerActionsTestOtherA:setUpClass): 201 POST http://10.180.1.21/identity/v3/auth/tokens 0.078s
2025-11-14 02:39:13.782 66048 INFO tempest.lib.common.rest_client [req-f7b46613-0a77-4081-ae1b-ec150f1e79b5 req-f7b46613-0a77-4081-ae1b-ec150f1e79b5 ] Request (FloatingIPsAssociationTestJSON:setUpClass): 200 GET http://10.180.1.21/compute/v2.1/servers/4db85217-7efc-4766-b2b2-f6d236b8fd5c 5.174s
2025-11-14 02:39:13.840 66062 INFO tempest.lib.common.rest_client [req-cc3731ba-53f1-4dc2-ae0a-45349c325a26 req-cc3731ba-53f1-4dc2-ae0a-45349c325a26 ] Request (FloatingIPsTestJSON:tearDownClass): 200 GET http://10.180.1.21/networking/v2.0/security-groups?tenant_id=0f70aa1c8da14f6a8311ae035f2d48f5&name=default 0.574s
2025-11-14 02:39:13.870 66078 INFO tempest.lib.common.rest_client [req-4d3f1092-9aeb-4342-91d1-f5da50df841f req-4d3f1092-9aeb-4342-91d1-f5da50df841f ] Request (ServerMetadataNegativeTestJSON:setUpClass): 200 GET http://10.180.1.21/compute/v2.1/servers/f023112e-bba9-404a-9c04-5dcd719257fa 5.040s
2025-11-14 02:39:13.892 66088 INFO tempest.lib.common.rest_client [req-16c1cff0-916f-4f88-8f84-613cbaaf109a req-16c1cff0-916f-4f88-8f84-613cbaaf109a ] Request (HypervisorAdminTestJSON:test_get_hypervisor_show_details): 200 GET http://10.180.1.21/compute/v2.1/os-hypervisors/1 4.946s
2025-11-14 02:39:14.067 66062 INFO tempest.lib.common.rest_client [req-3c4715de-dac5-484e-961b-13e2df8860d3 req-3c4715de-dac5-484e-961b-13e2df8860d3 ] Request (FloatingIPsTestJSON:tearDownClass): 204 DELETE http://10.180.1.21/networking/v2.0/security-groups/2658bbdb-0cf6-489b-8d7c-9e6e40daf8af 0.226s
2025-11-14 02:39:14.165 66086 INFO tempest.lib.common.rest_client [req-59d81833-92f2-47d6-8d1e-dca9cc8a6164 req-59d81833-92f2-47d6-8d1e-dca9cc8a6164 ] Request (ServerActionsTestJSON:setUpClass): 200 GET http://10.180.1.21/compute/v2.1/servers/95bff58e-a68b-487f-a46c-1863360282bd 5.290s
2025-11-14 02:39:14.178 66086 INFO tempest.common.waiters [-] State transition "BUILD/None" ==> "BUILD/spawning" after 14 second wait
2025-11-14 02:39:14.198 66062 INFO tempest.lib.common.rest_client [req-13217c71-8155-43ad-a880-53e253ef8561 req-13217c71-8155-43ad-a880-53e253ef8561 ] Request (FloatingIPsTestJSON:tearDownClass): 204 DELETE http://10.180.1.21/identity/v3/projects/0f70aa1c8da14f6a8311ae035f2d48f5 0.131s
2025-11-14 02:39:14.267 66085 INFO tempest.lib.common.rest_client [req-dd980761-bc0e-4b93-b504-d5298b9956f1 req-dd980761-bc0e-4b93-b504-d5298b9956f1 ] Request (AttachInterfacesTestJSON:test_create_list_show_delete_interfaces_by_fixed_ip): 200 GET http://10.180.1.21/compute/v2.1/servers/6aecb22c-d006-465f-adf3-b4533e7d5550 4.752s
2025-11-14 02:39:14.305 66062 INFO tempest.lib.common.rest_client [req-2f4aae89-830d-43e7-b195-ea5a6771f0a6 req-2f4aae89-830d-43e7-b195-ea5a6771f0a6 ] Request (ServerDiskConfigTestJSON:setUpClass): 201 POST http://10.180.1.21/identity/v3/auth/tokens 0.105s
2025-11-14 02:39:14.315 66046 INFO tempest.lib.common.rest_client [req-c50d3179-7eda-44e7-9f80-84eb8ae82d1f req-c50d3179-7eda-44e7-9f80-84eb8ae82d1f ] Request (AggregatesAdminNegativeTestJSON:_run_cleanups): 200 DELETE http://10.180.1.21/compute/v2.1/os-aggregates/2 4.420s
2025-11-14 02:39:14.323 66036 INFO tempest.lib.common.rest_client [req-62c7f3b0-cfee-44a7-861a-8d1ce7174754 req-62c7f3b0-cfee-44a7-861a-8d1ce7174754 ] Request (FlavorsExtraSpecsNegativeTestJSON:test_flavor_update_mismatch_key): 400 PUT http://10.180.1.21/compute/v2.1/flavors/1685614971/os-extra_specs/hw:numa_nodes 4.414s
2025-11-14 02:39:14.338 66092 INFO tempest.lib.common.rest_client [req-8ffd9bb3-0897-4b0f-b5b0-d9a54eb0f20c req-8ffd9bb3-0897-4b0f-b5b0-d9a54eb0f20c ] Request (FlavorsExtraSpecsTestJSON:test_flavor_set_get_update_show_unset_keys): 200 GET http://10.180.1.21/compute/v2.1/flavors/1947402856/os-extra_specs 4.406s
2025-11-14 02:39:14.355 66062 INFO tempest.lib.common.rest_client [req-fffbbef8-86bc-4152-b210-8866e7601bfb req-fffbbef8-86bc-4152-b210-8866e7601bfb ] Request (ServerDiskConfigTestJSON:setUpClass): 201 POST http://10.180.1.21/identity/v3/auth/tokens 0.047s
2025-11-14 02:39:14.385 66062 INFO tempest.lib.common.rest_client [req-20f7daf3-9207-4a16-8027-85a392661ff7 req-20f7daf3-9207-4a16-8027-85a392661ff7 ] Request (ServerDiskConfigTestJSON:setUpClass): 200 GET http://10.180.1.21/identity/v3/domains?name=Default 0.030s
2025-11-14 02:39:14.402 66040 INFO tempest.lib.common.rest_client [req-74d31d6b-caa7-4136-a633-9a521a430a72 req-74d31d6b-caa7-4136-a633-9a521a430a72 ] Request (InstanceActionsNegativeTestJSON:setUpClass): 200 GET http://10.180.1.21/compute/v2.1/servers/f307e1d6-7592-42cd-9982-76fbb21fffae 4.469s
2025-11-14 02:39:14.408 66056 INFO tempest.lib.common.rest_client [req-049fdf2c-6407-4dd5-a86f-9b271faeb4d3 req-049fdf2c-6407-4dd5-a86f-9b271faeb4d3 ] Request (HypervisorAdminNegativeTestJSON:test_show_nonexistent_hypervisor): 404 GET http://10.180.1.21/compute/v2.1/os-hypervisors/4065b96f-5cff-420c-b060-45f277d2c8c7 4.469s
2025-11-14 02:39:14.410 66040 INFO tempest.common.waiters [-] State transition "BUILD/scheduling" ==> "BUILD/None" after 6 second wait
2025-11-14 02:39:14.416 66062 INFO tempest.lib.common.rest_client [req-b696e983-1901-4585-93cc-5703c7169a8b req-b696e983-1901-4585-93cc-5703c7169a8b ] Request (ServerDiskConfigTestJSON:setUpClass): 201 POST http://10.180.1.21/identity/v3/projects 0.029s
2025-11-14 02:39:14.482 66042 INFO tempest.lib.common.rest_client [req-56dd4ac0-b7b7-47d1-a669-23e241bca38f req-56dd4ac0-b7b7-47d1-a669-23e241bca38f ] Request (ServersAdmin275Test:test_rebuild_update_server_275): 200 GET http://10.180.1.21/compute/v2.1/servers/19e0c114-c8ce-4b80-9783-d1b96bf1569d 4.528s
2025-11-14 02:39:14.493 66042 INFO tempest.common.waiters [-] State transition "BUILD/None" ==> "BUILD/spawning" after 10 second wait
2025-11-14 02:39:14.498 66062 INFO tempest.lib.common.rest_client [req-af76e486-3984-43a4-a970-e4cb93a5f24b req-af76e486-3984-43a4-a970-e4cb93a5f24b ] Request (ServerDiskConfigTestJSON:setUpClass): 201 POST http://10.180.1.21/identity/v3/users 0.082s
2025-11-14 02:39:14.506 66071 INFO tempest.lib.common.rest_client [req-d7cfbe60-53e1-4ee2-b652-8879bb72d7eb req-d7cfbe60-53e1-4ee2-b652-8879bb72d7eb ] Request (FlavorsAccessNegativeTestJSON:test_flavor_access_list_with_public_flavor): 200 POST http://10.180.1.21/compute/v2.1/flavors 4.542s
2025-11-14 02:39:14.524 66068 INFO tempest.lib.common.rest_client [req-9c881998-d7a5-485e-bec3-c350e05f547c req-9c881998-d7a5-485e-bec3-c350e05f547c ] Request (FlavorsAdminTestJSON:_run_cleanups): 202 DELETE http://10.180.1.21/compute/v2.1/flavors/1479494914 4.554s
2025-11-14 02:39:14.529 66062 INFO tempest.lib.common.rest_client [req-fde770d0-efbe-4221-9ea7-98c62a0e02e5 req-fde770d0-efbe-4221-9ea7-98c62a0e02e5 ] Request (ServerDiskConfigTestJSON:setUpClass): 200 GET http://10.180.1.21/identity/v3/roles 0.030s
2025-11-14 02:39:14.537 66080 INFO tempest.lib.common.rest_client [req-0097617f-a1d5-4f9e-9caf-86153bb4d65e req-0097617f-a1d5-4f9e-9caf-86153bb4d65e ] Request (FlavorsAccessTestJSON:test_flavor_access_list_with_private_flavor): 200 GET http://10.180.1.21/compute/v2.1/flavors/2103194751/os-flavor-access 4.561s
2025-11-14 02:39:14.557 66067 INFO tempest.lib.common.rest_client [req-6bb2ff47-1ace-4758-8f75-49e209385e4f req-6bb2ff47-1ace-4758-8f75-49e209385e4f ] Request (ServerDiagnosticsV248Test:test_get_server_diagnostics): 200 GET http://10.180.1.21/compute/v2.1/servers/6b042a7b-f012-436e-8f7b-33ebc843f958/diagnostics 5.319s
2025-11-14 02:39:14.565 66072 INFO tempest.lib.common.rest_client [req-4107fc6c-fff8-4151-8651-3e7afb1ec3a6 req-4107fc6c-fff8-4151-8651-3e7afb1ec3a6 ] Request (ServicesAdminNegativeV253TestJSON:test_get_service_by_invalid_service_and_valid_host): 200 GET http://10.180.1.21/compute/v2.1/os-services 4.558s
2025-11-14 02:39:14.567 66056 INFO tempest.lib.common.rest_client [req-2dd47732-8f99-40c6-84fe-d008a02a5106 req-2dd47732-8f99-40c6-84fe-d008a02a5106 ] Request (HypervisorAdminNegativeTestJSON:tearDownClass): 204 DELETE http://10.180.1.21/identity/v3/users/bf7a601501f14a8298ceb15c91e9a524 0.158s
2025-11-14 02:39:14.603 66076 INFO tempest.lib.common.rest_client [req-8504afe8-b563-423c-8de6-f9832b1a65bb req-8504afe8-b563-423c-8de6-f9832b1a65bb ] Request (ValidationResourcesFixture:setUp): 200 POST http://10.180.1.21/compute/v2.1/os-keypairs 4.595s
2025-11-14 02:39:14.603 66062 INFO tempest.lib.common.rest_client [req-741e16f4-27e0-4ded-a3b6-083216083afc req-741e16f4-27e0-4ded-a3b6-083216083afc ] Request (ServerDiskConfigTestJSON:setUpClass): 204 PUT http://10.180.1.21/identity/v3/projects/9d246f54dac740a9931c2da538a177e4/users/7e55d31a4cfd48429067964ffb025f94/roles/39f220bb09cd4e009bd2d58dfb10af6d 0.073s
2025-11-14 02:39:14.603 66062 INFO tempest.lib.common.dynamic_creds [-] Dynamic test user 7e55d31a4cfd48429067964ffb025f94 is created with scope project and roles: ['member']
2025-11-14 02:39:14.604 66062 INFO tempest.lib.common.dynamic_creds [-] Acquired dynamic creds: credentials: Credentials: {'domain_id': 'default', 'domain_name': 'Default', 'username': 'tempest-ServerDiskConfigTestJSON-1525559737-project-member', 'project_domain_id': 'default', 'project_domain_name': 'Default', 'project_id': '9d246f54dac740a9931c2da538a177e4', 'project_name': 'tempest-ServerDiskConfigTestJSON-1525559737', 'tenant_id': '9d246f54dac740a9931c2da538a177e4', 'tenant_name': 'tempest-ServerDiskConfigTestJSON-1525559737', 'user_domain_id': 'default', 'user_domain_name': 'Default', 'user_id': '7e55d31a4cfd48429067964ffb025f94', 'system': None}, Network: None, Subnet: None, Router: None
2025-11-14 02:39:14.715 66056 INFO tempest.lib.common.rest_client [req-11390bfb-836d-47d0-8517-11193956f782 req-11390bfb-836d-47d0-8517-11193956f782 ] Request (HypervisorAdminNegativeTestJSON:tearDownClass): 204 DELETE http://10.180.1.21/identity/v3/users/3d1388797903418ca7dd452b14e9a428 0.147s
2025-11-14 02:39:14.715 66056 INFO tempest.lib.common.dynamic_creds [-] Deleting project and security group for project: 3b7afa702e4843c688c601c60616b624
2025-11-14 02:39:14.748 66076 INFO tempest.lib.common.rest_client [req-ccbdca71-f6e9-429d-8f90-a7969b30a1e0 req-ccbdca71-f6e9-429d-8f90-a7969b30a1e0 ] Request (ValidationResourcesFixture:setUp): 201 POST http://10.180.1.21/networking/v2.0/security-groups 0.143s
2025-11-14 02:39:14.754 66044 INFO tempest.lib.common.rest_client [req-ea2d0fad-a9df-4b86-b97a-bf251a005434 req-ea2d0fad-a9df-4b86-b97a-bf251a005434 ] Request (HypervisorAdminUnderV252Test:test_get_hypervisor_show_servers): 200 GET http://10.180.1.21/compute/v2.1/os-hypervisors 4.580s
2025-11-14 02:39:14.783 66062 INFO tempest.lib.common.rest_client [req-a0b54aec-dd70-451b-8e33-56180752cde6 req-a0b54aec-dd70-451b-8e33-56180752cde6 ] Request (ServerDiskConfigTestJSON:setUpClass): 201 POST http://10.180.1.21/identity/v3/auth/tokens 0.179s
2025-11-14 02:39:14.811 66056 INFO tempest.lib.common.rest_client [req-a3a90a14-db20-4a0d-8323-71d4f8630ec2 req-a3a90a14-db20-4a0d-8323-71d4f8630ec2 ] Request (HypervisorAdminNegativeTestJSON:tearDownClass): 201 POST http://10.180.1.21/identity/v3/auth/tokens 0.095s
2025-11-14 02:39:14.851 66076 INFO tempest.lib.common.rest_client [req-6fc9c025-b355-44d9-a5fb-4c9acc8b6fc7 req-6fc9c025-b355-44d9-a5fb-4c9acc8b6fc7 ] Request (ValidationResourcesFixture:setUp): 201 POST http://10.180.1.21/networking/v2.0/security-group-rules 0.102s
2025-11-14 02:39:14.883 66058 INFO tempest.lib.common.rest_client [req-db5437be-1d6b-4925-8c80-cc96fc31c314 req-db5437be-1d6b-4925-8c80-cc96fc31c314 ] Request (ImagesMetadataNegativeTestJSON:test_delete_nonexistent_image_metadata_item): 404 DELETE http://10.180.1.21/compute/v2.1/images/a73677af-ba61-48ec-a2a1-2a79defe470a/metadata/os_distro 4.344s
2025-11-14 02:39:14.893 66064 INFO tempest.lib.common.rest_client [req-eeef9307-c2e2-49fe-8804-505967b96aa7 req-eeef9307-c2e2-49fe-8804-505967b96aa7 ] Request (HostsAdminNegativeTestJSON:test_startup_nonexistent_host): 404 GET http://10.180.1.21/compute/v2.1/os-hosts/nonexistent_hostname/startup 3.287s
2025-11-14 02:39:15.058 66056 INFO tempest.lib.common.rest_client [req-73e62e1d-e5e9-4588-b627-80afde545ddb req-73e62e1d-e5e9-4588-b627-80afde545ddb ] Request (HypervisorAdminNegativeTestJSON:tearDownClass): 200 GET http://10.180.1.21/networking/v2.0/security-groups?tenant_id=3b7afa702e4843c688c601c60616b624&name=default 0.247s
2025-11-14 02:39:15.137 66062 INFO tempest.lib.common.rest_client [req-ce648909-e6c4-4582-b0e2-09b9e6218dff req-ce648909-e6c4-4582-b0e2-09b9e6218dff ] Request (ServerDiskConfigTestJSON:setUpClass): 201 POST http://10.180.1.21/networking/v2.0/networks 0.354s
2025-11-14 02:39:15.141 66076 INFO tempest.lib.common.rest_client [req-b35c7c26-b28e-4541-9271-dcfba0bb275f req-b35c7c26-b28e-4541-9271-dcfba0bb275f ] Request (ValidationResourcesFixture:setUp): 201 POST http://10.180.1.21/networking/v2.0/security-group-rules 0.290s
2025-11-14 02:39:15.173 66054 INFO tempest.lib.common.rest_client [req-ef4636b3-3741-4f6e-b8f3-42d647131151 req-ef4636b3-3741-4f6e-b8f3-42d647131151 ] Request (MigrationsAdminTest:test_list_migrations_in_flavor_resize_situation): 200 GET http://10.180.1.21/compute/v2.1/servers/ac264115-3fd3-4cc3-b700-dd918838b320 4.245s
2025-11-14 02:39:15.181 66054 INFO tempest.common.waiters [-] State transition "BUILD/block_device_mapping" ==> "BUILD/spawning" after 18 second wait
2025-11-14 02:39:15.259 66056 INFO tempest.lib.common.rest_client [req-bd4dc1cb-c08b-4e52-91fe-c3cfa44baa8a req-bd4dc1cb-c08b-4e52-91fe-c3cfa44baa8a ] Request (HypervisorAdminNegativeTestJSON:tearDownClass): 204 DELETE http://10.180.1.21/networking/v2.0/security-groups/b5f1d33e-490d-4c2a-b79c-ac764633b85d 0.199s
2025-11-14 02:39:15.382 66056 INFO tempest.lib.common.rest_client [req-d68a4135-d17b-47f6-98e6-76f7c163482b req-d68a4135-d17b-47f6-98e6-76f7c163482b ] Request (HypervisorAdminNegativeTestJSON:tearDownClass): 204 DELETE http://10.180.1.21/identity/v3/projects/3b7afa702e4843c688c601c60616b624 0.122s
2025-11-14 02:39:15.382 66056 INFO tempest.lib.common.dynamic_creds [-] Deleting project and security group for project: b41a239a878a4c0a8b7d2da1ac37cf7e
2025-11-14 02:39:15.398 66062 INFO tempest.lib.common.rest_client [req-9f0f1f88-6659-4407-a8a3-f8e978539576 req-9f0f1f88-6659-4407-a8a3-f8e978539576 ] Request (ServerDiskConfigTestJSON:setUpClass): 201 POST http://10.180.1.21/networking/v2.0/subnets 0.260s
2025-11-14 02:39:15.507 66060 INFO tempest.lib.common.rest_client [req-6ec9f711-5f40-46cb-bf4f-8eda61611ef8 req-6ec9f711-5f40-46cb-bf4f-8eda61611ef8 ] Request (ServerDiagnosticsTest:test_get_server_diagnostics): 200 GET http://10.180.1.21/compute/v2.1/servers/c888b0f7-d60a-4398-83a0-34259ecd28d2/diagnostics 3.879s
2025-11-14 02:39:15.605 66056 INFO tempest.lib.common.rest_client [req-62ee9cf5-a611-40e9-99bd-f0c3b674bc3e req-62ee9cf5-a611-40e9-99bd-f0c3b674bc3e ] Request (HypervisorAdminNegativeTestJSON:tearDownClass): 200 GET http://10.180.1.21/networking/v2.0/security-groups?tenant_id=b41a239a878a4c0a8b7d2da1ac37cf7e&name=default 0.223s
2025-11-14 02:39:15.674 66038 INFO tempest.lib.common.rest_client [req-ed4fb273-d612-4dcb-a5eb-4d248baeb41a req-ed4fb273-d612-4dcb-a5eb-4d248baeb41a ] Request (QuotasAdminNegativeTest:test_create_server_when_memory_quota_is_full): 200 GET http://10.180.1.21/compute/v2.1/os-quota-sets/3d5f6a76dc4e4d759911f67a2b162429 3.122s
2025-11-14 02:39:15.787 66076 INFO tempest.lib.common.rest_client [req-e9508f5a-8ef7-4da8-ba38-521420b3761b req-e9508f5a-8ef7-4da8-ba38-521420b3761b ] Request (ValidationResourcesFixture:setUp): 201 POST http://10.180.1.21/networking/v2.0/floatingips 0.644s
2025-11-14 02:39:15.860 66076 INFO tempest.lib.common.rest_client [req-cfe6d6d7-a330-44a7-ab06-3e6bf8e59858 req-cfe6d6d7-a330-44a7-ab06-3e6bf8e59858 ] Request (ServersWithSpecificFlavorTestJSON:test_verify_created_server_ephemeral_disk): 201 POST http://10.180.1.21/identity/v3/auth/tokens 0.070s
2025-11-14 02:39:15.861 66076 INFO tempest.lib.common.fixed_network [-] (ServersWithSpecificFlavorTestJSON:test_verify_created_server_ephemeral_disk) Found network {'id': '5fda638d-80bb-4a68-a3db-239d08e7d441', 'name': 'tempest-ServersWithSpecificFlavorTestJSON-130315581-network', 'tenant_id': '4fa2ca0413904bfd9374136031e45359', 'project_id': '4fa2ca0413904bfd9374136031e45359', 'admin_state_up': True, 'mtu': 8950, 'status': 'ACTIVE', 'subnets': [], 'shared': False, 'port_security_enabled': True, 'router:external': False, 'provider:network_type': 'vlan', 'provider:physical_network': 'default', 'provider:segmentation_id': 977, 'availability_zone_hints': [], 'availability_zones': [], 'ipv4_address_scope': None, 'ipv6_address_scope': None, 'description': '', 'tags': [], 'created_at': '2025-11-14T02:38:42Z', 'updated_at': '2025-11-14T02:38:42Z', 'revision_number': 1} available for tenant
2025-11-14 02:39:15.939 66056 INFO tempest.lib.common.rest_client [req-2cc6670c-d9e0-467c-a133-8068463c9ce4 req-2cc6670c-d9e0-467c-a133-8068463c9ce4 ] Request (HypervisorAdminNegativeTestJSON:tearDownClass): 204 DELETE http://10.180.1.21/networking/v2.0/security-groups/917247e9-6026-4282-9442-9daf704b25df 0.333s
2025-11-14 02:39:16.036 66056 INFO tempest.lib.common.rest_client [req-57846578-20bb-4f88-a7da-497b87dd3ded req-57846578-20bb-4f88-a7da-497b87dd3ded ] Request (HypervisorAdminNegativeTestJSON:tearDownClass): 204 DELETE http://10.180.1.21/identity/v3/projects/b41a239a878a4c0a8b7d2da1ac37cf7e 0.097s
2025-11-14 02:39:16.092 66074 INFO tempest.lib.common.rest_client [req-dd377214-7215-4923-ac5c-87d064cb215a req-dd377214-7215-4923-ac5c-87d064cb215a ] Request (ServerDiagnosticsNegativeTest:test_get_server_diagnostics_by_non_admin): 200 GET http://10.180.1.21/compute/v2.1/servers/667b0970-0919-4965-a076-f4c51a6bdea3 3.483s
2025-11-14 02:39:16.100 66074 INFO tempest.common.waiters [-] State transition "BUILD/spawning" ==> "ACTIVE/None" after 23 second wait
2025-11-14 02:39:16.104 66056 INFO tempest.lib.common.rest_client [req-358a7c12-c5db-46b1-b24d-4157e9e5e004 req-358a7c12-c5db-46b1-b24d-4157e9e5e004 ] Request (SecurityGroupsTestAdminJSON:setUpClass): 201 POST http://10.180.1.21/identity/v3/auth/tokens 0.066s
2025-11-14 02:39:16.139 66056 INFO tempest.lib.common.rest_client [req-a0531f26-4a7b-4e35-b473-50f3ecb0c667 req-a0531f26-4a7b-4e35-b473-50f3ecb0c667 ] Request (SecurityGroupsTestAdminJSON:setUpClass): 201 POST http://10.180.1.21/identity/v3/auth/tokens 0.028s
2025-11-14 02:39:16.174 66056 INFO tempest.lib.common.rest_client [req-f20c41c5-bd95-4f1f-815f-d09a4e2fc211 req-f20c41c5-bd95-4f1f-815f-d09a4e2fc211 ] Request (SecurityGroupsTestAdminJSON:setUpClass): 200 GET http://10.180.1.21/identity/v3/domains?name=Default 0.034s
2025-11-14 02:39:16.216 66056 INFO tempest.lib.common.rest_client [req-7044fda9-9e91-4a28-8d8a-1a7d7ea6e671 req-7044fda9-9e91-4a28-8d8a-1a7d7ea6e671 ] Request (SecurityGroupsTestAdminJSON:setUpClass): 201 POST http://10.180.1.21/identity/v3/projects 0.041s
2025-11-14 02:39:16.285 66056 INFO tempest.lib.common.rest_client [req-e8ea0c88-7bc4-40ee-bd10-6ea1a427b715 req-e8ea0c88-7bc4-40ee-bd10-6ea1a427b715 ] Request (SecurityGroupsTestAdminJSON:setUpClass): 201 POST http://10.180.1.21/identity/v3/users 0.068s
2025-11-14 02:39:16.297 66098 INFO tempest.lib.common.rest_client [req-77730c45-5e27-47bf-aae7-636c6eef0984 req-77730c45-5e27-47bf-aae7-636c6eef0984 ] Request (QuotasAdminTestV257:test_get_updated_quotas): 200 GET http://10.180.1.21/compute/v2.1/os-quota-sets/af56f7c3cc3a4b9191e823c578bbe39a?user_id=a2c6ac7eacde45a1b27af665343f6be5 3.610s
2025-11-14 02:39:16.310 66056 INFO tempest.lib.common.rest_client [req-227fb154-c7bd-48ba-a13a-1664cffefc0a req-227fb154-c7bd-48ba-a13a-1664cffefc0a ] Request (SecurityGroupsTestAdminJSON:setUpClass): 200 GET http://10.180.1.21/identity/v3/roles 0.024s
2025-11-14 02:39:16.348 66056 INFO tempest.lib.common.rest_client [req-3637a6b7-792f-4a46-8ab7-52ad7b3530c2 req-3637a6b7-792f-4a46-8ab7-52ad7b3530c2 ] Request (SecurityGroupsTestAdminJSON:setUpClass): 204 PUT http://10.180.1.21/identity/v3/projects/f5d4e9741cc64e8d9b424413a36800bb/users/9c9e31fcf0934f2d9e585064b2f8a6d3/roles/39f220bb09cd4e009bd2d58dfb10af6d 0.038s
2025-11-14 02:39:16.348 66056 INFO tempest.lib.common.dynamic_creds [-] Dynamic test user 9c9e31fcf0934f2d9e585064b2f8a6d3 is created with scope project and roles: ['member']
2025-11-14 02:39:16.349 66056 INFO tempest.lib.common.dynamic_creds [-] Acquired dynamic creds: credentials: Credentials: {'domain_id': 'default', 'domain_name': 'Default', 'username': 'tempest-SecurityGroupsTestAdminJSON-1134678092-project-member', 'project_domain_id': 'default', 'project_domain_name': 'Default', 'project_id': 'f5d4e9741cc64e8d9b424413a36800bb', 'project_name': 'tempest-SecurityGroupsTestAdminJSON-1134678092', 'tenant_id': 'f5d4e9741cc64e8d9b424413a36800bb', 'tenant_name': 'tempest-SecurityGroupsTestAdminJSON-1134678092', 'user_domain_id': 'default', 'user_domain_name': 'Default', 'user_id': '9c9e31fcf0934f2d9e585064b2f8a6d3', 'system': None}, Network: None, Subnet: None, Router: None
2025-11-14 02:39:16.349 66056 INFO tempest.lib.common.dynamic_creds [-] Created isolated network resources for: credentials: Credentials: {'domain_id': 'default', 'domain_name': 'Default', 'username': 'tempest-SecurityGroupsTestAdminJSON-1134678092-project-member', 'project_domain_id': 'default', 'project_domain_name': 'Default', 'project_id': 'f5d4e9741cc64e8d9b424413a36800bb', 'project_name': 'tempest-SecurityGroupsTestAdminJSON-1134678092', 'tenant_id': 'f5d4e9741cc64e8d9b424413a36800bb', 'tenant_name': 'tempest-SecurityGroupsTestAdminJSON-1134678092', 'user_domain_id': 'default', 'user_domain_name': 'Default', 'user_id': '9c9e31fcf0934f2d9e585064b2f8a6d3', 'system': None}, Network: None, Subnet: None, Router: None
2025-11-14 02:39:16.390 66062 INFO tempest.lib.common.rest_client [req-ca33fa17-12cf-426d-87e3-393975f98a48 req-ca33fa17-12cf-426d-87e3-393975f98a48 ] Request (ServerDiskConfigTestJSON:setUpClass): 201 POST http://10.180.1.21/networking/v2.0/routers 0.991s
2025-11-14 02:39:16.417 66098 INFO tempest.lib.common.rest_client [req-42190071-b86b-4b72-95ac-36ba38c4e70c req-42190071-b86b-4b72-95ac-36ba38c4e70c ] Request (QuotasAdminTestV257:_run_cleanups): 204 DELETE http://10.180.1.21/identity/v3/users/a2c6ac7eacde45a1b27af665343f6be5 0.118s
2025-11-14 02:39:16.419 66052 INFO tempest.lib.common.rest_client [req-91fb8ed1-a537-4f8b-a010-071154b06392 req-91fb8ed1-a537-4f8b-a010-071154b06392 ] Request (VolumesAssistedSnapshotsTest:test_volume_assisted_snapshot_create_delete): 200 GET http://10.180.1.21/compute/v2.1/servers/d74f35ca-04cc-415e-a71d-3d78e99e7a01 3.027s
2025-11-14 02:39:16.460 66056 INFO tempest.lib.common.rest_client [req-a36fa3c5-b92e-4375-930b-99be12b4d5f4 req-a36fa3c5-b92e-4375-930b-99be12b4d5f4 ] Request (SecurityGroupsTestAdminJSON:setUpClass): 201 POST http://10.180.1.21/identity/v3/auth/tokens 0.108s
2025-11-14 02:39:16.536 66090 INFO tempest.lib.common.rest_client [req-ff86f2ed-7200-43a4-a40d-da57da019847 req-ff86f2ed-7200-43a4-a40d-da57da019847 ] Request (ServersTestJSON:setUpClass): 202 POST http://10.180.1.21/compute/v2.1/servers 4.691s
2025-11-14 02:39:16.549 66098 INFO tempest.lib.common.rest_client [req-1b0d7ff1-28de-47ce-b199-1e48749129cf req-1b0d7ff1-28de-47ce-b199-1e48749129cf ] Request (QuotasAdminTestV257:_run_cleanups): 204 DELETE http://10.180.1.21/identity/v3/projects/af56f7c3cc3a4b9191e823c578bbe39a 0.131s
2025-11-14 02:39:16.641 66056 INFO tempest.lib.common.rest_client [req-0ec2825a-8a3c-4b6b-871c-16c2703a017d req-0ec2825a-8a3c-4b6b-871c-16c2703a017d ] Request (SecurityGroupsTestAdminJSON:setUpClass): 201 POST http://10.180.1.21/identity/v3/projects 0.180s
2025-11-14 02:39:16.667 66096 INFO tempest.lib.common.rest_client [req-aa18adb2-d6ce-4a73-8fde-34733c243c42 req-aa18adb2-d6ce-4a73-8fde-34733c243c42 ] Request (ServerActionsTestOtherA:setUpClass): 200 POST http://10.180.1.21/compute/v2.1/os-keypairs 2.908s
2025-11-14 02:39:16.670 66094 INFO tempest.lib.common.rest_client [req-5b365197-fcae-4cc8-bb50-cabd6b8affc2 req-5b365197-fcae-4cc8-bb50-cabd6b8affc2 ] Request (DeleteServersAdminTestJSON:test_admin_delete_servers_of_others): 200 GET http://10.180.1.21/compute/v2.1/servers/a18c85f2-ad46-4cd3-9deb-901e6486550b 2.863s
2025-11-14 02:39:16.695 66088 INFO tempest.lib.common.rest_client [req-e44013e6-1dc3-4624-aae1-44273bc3592b req-e44013e6-1dc3-4624-aae1-44273bc3592b ] Request (HypervisorAdminTestJSON:test_get_hypervisor_stats): 200 GET http://10.180.1.21/compute/v2.1/os-hypervisors/statistics 2.797s
2025-11-14 02:39:16.696 66046 INFO tempest.lib.common.rest_client [req-ee8e3d75-c44e-4978-9f79-b3f9fecb6358 req-ee8e3d75-c44e-4978-9f79-b3f9fecb6358 ] Request (AggregatesAdminNegativeTestJSON:test_aggregate_add_non_exist_host): 200 POST http://10.180.1.21/compute/v2.1/os-aggregates 2.380s
2025-11-14 02:39:16.704 66036 INFO tempest.lib.common.rest_client [req-23835e93-8866-438e-8fab-673f80aff4b6 req-23835e93-8866-438e-8fab-673f80aff4b6 ] Request (FlavorsExtraSpecsNegativeTestJSON:test_flavor_update_more_key): 400 PUT http://10.180.1.21/compute/v2.1/flavors/1685614971/os-extra_specs/hw:numa_nodes 2.379s
2025-11-14 02:39:16.718 66098 INFO tempest.lib.common.rest_client [req-010e5f2c-aff7-4811-82e1-69bd58475654 req-010e5f2c-aff7-4811-82e1-69bd58475654 ] Request (QuotasAdminTestV257:tearDownClass): 204 DELETE http://10.180.1.21/identity/v3/users/c5f9e3d3c29941dbb10ec2234c8ef032 0.161s
2025-11-14 02:39:16.724 66071 INFO tempest.lib.common.rest_client [req-ed1d4f0f-275d-429b-b0fb-fd00cb4c4165 req-ed1d4f0f-275d-429b-b0fb-fd00cb4c4165 ] Request (FlavorsAccessNegativeTestJSON:test_flavor_access_list_with_public_flavor): 404 GET http://10.180.1.21/compute/v2.1/flavors/1999129191/os-flavor-access 2.214s
2025-11-14 02:39:16.730 66092 INFO tempest.lib.common.rest_client [req-280ab609-84d4-4d00-84c1-81111469a273 req-280ab609-84d4-4d00-84c1-81111469a273 ] Request (FlavorsExtraSpecsTestJSON:test_flavor_set_get_update_show_unset_keys): 200 DELETE http://10.180.1.21/compute/v2.1/flavors/1947402856/os-extra_specs/hw:numa_nodes 2.391s
2025-11-14 02:39:16.748 66080 INFO tempest.lib.common.rest_client [req-de62230c-3608-4da9-823e-0e0a55220862 req-de62230c-3608-4da9-823e-0e0a55220862 ] Request (FlavorsAccessTestJSON:_run_cleanups): 202 DELETE http://10.180.1.21/compute/v2.1/flavors/2103194751 2.209s
2025-11-14 02:39:16.758 66068 INFO tempest.lib.common.rest_client [req-cbee0721-f085-48eb-a3fd-2e52a867f45c req-cbee0721-f085-48eb-a3fd-2e52a867f45c ] Request (FlavorsAdminTestJSON:_run_cleanups): 200 GET http://10.180.1.21/compute/v2.1/flavors/detail 2.233s
2025-11-14 02:39:16.771 66056 INFO tempest.lib.common.rest_client [req-76c624e5-33df-4f30-a757-aa0154848938 req-76c624e5-33df-4f30-a757-aa0154848938 ] Request (SecurityGroupsTestAdminJSON:setUpClass): 201 POST http://10.180.1.21/identity/v3/users 0.129s
2025-11-14 02:39:16.782 66072 INFO tempest.lib.common.rest_client [req-8f75f339-1800-4f43-919f-5db6d4985c17 req-8f75f339-1800-4f43-919f-5db6d4985c17 ] Request (ServicesAdminNegativeV253TestJSON:test_get_service_by_invalid_service_and_valid_host): 200 GET http://10.180.1.21/compute/v2.1/os-services?host=devstack&binary=xxx 2.213s
2025-11-14 02:39:16.805 66096 INFO tempest.lib.common.rest_client [req-ab848393-562a-4054-812a-e8bc9608015d req-ab848393-562a-4054-812a-e8bc9608015d ] Request (ServerActionsTestOtherA:setUpClass): 201 POST http://10.180.1.21/networking/v2.0/security-groups 0.136s
2025-11-14 02:39:16.843 66044 INFO tempest.lib.common.rest_client [req-ea9579f3-85f6-4980-8788-25d5f0e7e4ad req-ea9579f3-85f6-4980-8788-25d5f0e7e4ad ] Request (HypervisorAdminUnderV252Test:test_get_hypervisor_show_servers): 200 GET http://10.180.1.21/compute/v2.1/os-hypervisors/domain-c8.fc996f14-c53b-4953-92e3-bdfa48f5cc28/servers 2.087s
2025-11-14 02:39:16.872 66098 INFO tempest.lib.common.rest_client [req-104a504c-fc74-4fbd-841f-9c629d416369 req-104a504c-fc74-4fbd-841f-9c629d416369 ] Request (QuotasAdminTestV257:tearDownClass): 204 DELETE http://10.180.1.21/identity/v3/users/71280d2489964130b091e2e6882f13cc 0.153s
2025-11-14 02:39:16.872 66098 INFO tempest.lib.common.dynamic_creds [-] Deleting project and security group for project: 9e773f972a2b4b89a80582be0df4d2f5
2025-11-14 02:39:16.872 66088 INFO tempest.lib.common.rest_client [req-66aba269-994a-42bd-a2f3-9bd0213741f7 req-66aba269-994a-42bd-a2f3-9bd0213741f7 ] Request (HypervisorAdminTestJSON:tearDownClass): 204 DELETE http://10.180.1.21/identity/v3/users/d3609cbbd35c4589be934a5b5b09d13b 0.171s
2025-11-14 02:39:16.932 66096 INFO tempest.lib.common.rest_client [req-a0feb582-c02a-4343-8fc3-0b3d5c6e9a7e req-a0feb582-c02a-4343-8fc3-0b3d5c6e9a7e ] Request (ServerActionsTestOtherA:setUpClass): 201 POST http://10.180.1.21/networking/v2.0/security-group-rules 0.126s
2025-11-14 02:39:16.946 66098 INFO tempest.lib.common.rest_client [req-3e966c1f-84c0-414b-96f0-e81803a18b6e req-3e966c1f-84c0-414b-96f0-e81803a18b6e ] Request (QuotasAdminTestV257:tearDownClass): 201 POST http://10.180.1.21/identity/v3/auth/tokens 0.074s
2025-11-14 02:39:16.986 66056 INFO tempest.lib.common.rest_client [req-56904ffe-9541-4fac-aa18-86f50f229f19 req-56904ffe-9541-4fac-aa18-86f50f229f19 ] Request (SecurityGroupsTestAdminJSON:setUpClass): 200 GET http://10.180.1.21/identity/v3/roles 0.215s
2025-11-14 02:39:17.017 66088 INFO tempest.lib.common.rest_client [req-bc5f7d05-9169-43ea-bb10-eb9aba9cfa5c req-bc5f7d05-9169-43ea-bb10-eb9aba9cfa5c ] Request (HypervisorAdminTestJSON:tearDownClass): 204 DELETE http://10.180.1.21/identity/v3/users/2e298917fe7242d7aea918dbd25c326c 0.145s
2025-11-14 02:39:17.017 66088 INFO tempest.lib.common.dynamic_creds [-] Deleting project and security group for project: 57566ef9dbd14896b89547efc8ceb217
2025-11-14 02:39:17.069 66056 INFO tempest.lib.common.rest_client [req-4fd332c1-18a3-4c34-9b7f-ef9dd61f8a07 req-4fd332c1-18a3-4c34-9b7f-ef9dd61f8a07 ] Request (SecurityGroupsTestAdminJSON:setUpClass): 204 PUT http://10.180.1.21/identity/v3/projects/3877fb9cbd924019ba39ab330871c6ee/users/bdf9209513e548fcb8a04ea97980efd5/roles/65da260b012341c797ef35ce91a8bb24 0.081s
2025-11-14 02:39:17.098 66088 INFO tempest.lib.common.rest_client [req-3022b780-d77e-4ab1-9cea-4cb9ccbe0bd7 req-3022b780-d77e-4ab1-9cea-4cb9ccbe0bd7 ] Request (HypervisorAdminTestJSON:tearDownClass): 201 POST http://10.180.1.21/identity/v3/auth/tokens 0.081s
2025-11-14 02:39:17.135 66096 INFO tempest.lib.common.rest_client [req-a8d23b70-c92b-4f59-ba82-71e9907823ed req-a8d23b70-c92b-4f59-ba82-71e9907823ed ] Request (ServerActionsTestOtherA:setUpClass): 201 POST http://10.180.1.21/networking/v2.0/security-group-rules 0.203s
2025-11-14 02:39:17.154 66056 INFO tempest.lib.common.rest_client [req-b8ff3b7e-09f9-4a4a-82e9-33d3efc65040 req-b8ff3b7e-09f9-4a4a-82e9-33d3efc65040 ] Request (SecurityGroupsTestAdminJSON:setUpClass): 200 GET http://10.180.1.21/identity/v3/roles 0.085s
2025-11-14 02:39:17.191 66056 INFO tempest.lib.common.rest_client [req-9008e81c-e664-4419-8d80-57213429d200 req-9008e81c-e664-4419-8d80-57213429d200 ] Request (SecurityGroupsTestAdminJSON:setUpClass): 204 PUT http://10.180.1.21/identity/v3/projects/3877fb9cbd924019ba39ab330871c6ee/users/bdf9209513e548fcb8a04ea97980efd5/roles/65da260b012341c797ef35ce91a8bb24 0.036s
2025-11-14 02:39:17.191 66056 INFO tempest.lib.common.dynamic_creds [-] Dynamic test user bdf9209513e548fcb8a04ea97980efd5 is created with scope project and roles: ['admin']
2025-11-14 02:39:17.191 66056 INFO tempest.lib.common.dynamic_creds [-] Acquired dynamic creds: credentials: Credentials: {'domain_id': 'default', 'domain_name': 'Default', 'username': 'tempest-SecurityGroupsTestAdminJSON-920999504-project-admin', 'project_domain_id': 'default', 'project_domain_name': 'Default', 'project_id': '3877fb9cbd924019ba39ab330871c6ee', 'project_name': 'tempest-SecurityGroupsTestAdminJSON-920999504', 'tenant_id': '3877fb9cbd924019ba39ab330871c6ee', 'tenant_name': 'tempest-SecurityGroupsTestAdminJSON-920999504', 'user_domain_id': 'default', 'user_domain_name': 'Default', 'user_id': 'bdf9209513e548fcb8a04ea97980efd5', 'system': None}, Network: None, Subnet: None, Router: None
2025-11-14 02:39:17.192 66056 INFO tempest.lib.common.dynamic_creds [-] Created isolated network resources for: credentials: Credentials: {'domain_id': 'default', 'domain_name': 'Default', 'username': 'tempest-SecurityGroupsTestAdminJSON-920999504-project-admin', 'project_domain_id': 'default', 'project_domain_name': 'Default', 'project_id': '3877fb9cbd924019ba39ab330871c6ee', 'project_name': 'tempest-SecurityGroupsTestAdminJSON-920999504', 'tenant_id': '3877fb9cbd924019ba39ab330871c6ee', 'tenant_name': 'tempest-SecurityGroupsTestAdminJSON-920999504', 'user_domain_id': 'default', 'user_domain_name': 'Default', 'user_id': 'bdf9209513e548fcb8a04ea97980efd5', 'system': None}, Network: None, Subnet: None, Router: None
2025-11-14 02:39:17.284 66056 INFO tempest.lib.common.rest_client [req-08e963e1-714a-4677-aa64-903672962ac9 req-08e963e1-714a-4677-aa64-903672962ac9 ] Request (SecurityGroupsTestAdminJSON:setUpClass): 201 POST http://10.180.1.21/identity/v3/auth/tokens 0.089s
2025-11-14 02:39:17.482 66098 INFO tempest.lib.common.rest_client [req-844ddfca-2aa4-4f8e-9864-53b4cfd64389 req-844ddfca-2aa4-4f8e-9864-53b4cfd64389 ] Request (QuotasAdminTestV257:tearDownClass): 200 GET http://10.180.1.21/networking/v2.0/security-groups?tenant_id=9e773f972a2b4b89a80582be0df4d2f5&name=default 0.536s
2025-11-14 02:39:17.524 66048 INFO tempest.lib.common.rest_client [req-20d25f0d-4ee7-4693-9158-d38b5ab8dcab req-20d25f0d-4ee7-4693-9158-d38b5ab8dcab ] Request (FloatingIPsAssociationTestJSON:setUpClass): 200 GET http://10.180.1.21/compute/v2.1/servers/4db85217-7efc-4766-b2b2-f6d236b8fd5c 2.733s
2025-11-14 02:39:17.547 66058 INFO tempest.lib.common.rest_client [req-62245be8-cd90-4c11-a180-d2f2bfe0d4b0 req-62245be8-cd90-4c11-a180-d2f2bfe0d4b0 ] Request (ImagesMetadataNegativeTestJSON:test_get_nonexistent_image_metadata_item): 404 GET http://10.180.1.21/compute/v2.1/images/735854e5-b5c0-47ee-b43b-63cb7c417d0a/metadata/os_version 2.662s
2025-11-14 02:39:17.554 66078 INFO tempest.lib.common.rest_client [req-af16dd02-a079-4301-8c62-2398f22ebd7f req-af16dd02-a079-4301-8c62-2398f22ebd7f ] Request (ServerMetadataNegativeTestJSON:setUpClass): 200 GET http://10.180.1.21/compute/v2.1/servers/f023112e-bba9-404a-9c04-5dcd719257fa 2.675s
