2025-11-14 02:42:44.232 66090 INFO tempest.lib.common.rest_client [req-6ee3188c-af7f-4327-90fc-3b7afe9eaf8c req-6ee3188c-af7f-4327-90fc-3b7afe9eaf8c ] Request (ServersTestMultiNic:_run_cleanups): 200 GET http://10.180.1.21/compute/v2.1/servers/ab64090f-d45b-41d9-b1e4-3a1a57337a56 0.083s
2025-11-14 02:42:44.273 66054 INFO tempest.lib.common.rest_client [req-9ccab369-35f0-441e-a769-b7970e6b3716 req-9ccab369-35f0-441e-a769-b7970e6b3716 ] Request (MigrationsAdminTest:test_resize_server_revert_deleted_flavor): 200 GET http://10.180.1.21/compute/v2.1/servers/1019dc1b-33fc-45a7-9eb9-d7baf4950e1a 0.111s
2025-11-14 02:42:44.286 66082 INFO tempest.lib.common.rest_client [req-3f5b359e-a88f-4dca-87ef-ace7997f7bcf req-3f5b359e-a88f-4dca-87ef-ace7997f7bcf ] Request (ServersNegativeTestMultiTenantJSON:tearDownClass): 200 GET http://10.180.1.21/compute/v2.1/servers/cdeccb4d-d3fc-41b9-9cc4-b68a1ced857e 0.077s
2025-11-14 02:42:44.331 66092 INFO tempest.lib.common.rest_client [req-e12add85-ccbc-48ba-89da-67856daa11a5 req-e12add85-ccbc-48ba-89da-67856daa11a5 ] Request (ServerRescueTestJSONUnderV235:tearDownClass): 200 GET http://10.180.1.21/compute/v2.1/servers/3c0934a9-252b-4616-93ba-0f20d148f604 0.111s
2025-11-14 02:42:44.336 66044 INFO tempest.lib.common.rest_client [req-eaec5432-2042-47f0-ad7d-12766c1ad1b8 req-eaec5432-2042-47f0-ad7d-12766c1ad1b8 ] Request (ServersTestBootFromVolume:setUpClass): 200 GET http://10.180.1.21/compute/v2.1/servers/7b553948-c734-41e9-9a9f-1ec61e5c492d 0.077s
2025-11-14 02:42:44.382 66056 INFO tempest.lib.common.rest_client [req-c84636f7-b706-44a7-a3b4-ab84aac3a7e1 req-c84636f7-b706-44a7-a3b4-ab84aac3a7e1 ] Request (ImagesOneServerNegativeTestJSON:_run_cleanups): 200 GET http://10.180.1.21/compute/v2.1/servers/54f70fe2-5259-4e70-8f26-6b27c54ee444 0.109s
2025-11-14 02:42:44.398 66086 INFO tempest.lib.common.rest_client [req-ef50f340-6faf-491b-a8b2-1704a4b3dbf0 req-ef50f340-6faf-491b-a8b2-1704a4b3dbf0 ] Request (ServerActionsTestJSON:test_rebuild_server): 200 GET http://10.180.1.21/compute/v2.1/servers/8f3c4fee-c9e4-4c16-8cd5-562095bc1805 0.089s
2025-11-14 02:42:44.436 66068 INFO tempest.lib.common.rest_client [req-19c7f5fb-9367-4078-88a2-c1e90842c1fb req-19c7f5fb-9367-4078-88a2-c1e90842c1fb ] Request (ServersAdminNegativeTestJSON:test_migrate_server_invalid_state): 200 GET http://10.180.1.21/compute/v2.1/servers/c6748496-ba51-4709-bca4-8c09d2be77e8 0.078s
2025-11-14 02:42:44.497 66062 INFO tempest.lib.common.rest_client [req-187de0c2-1278-4278-a5a9-c899c8b11bc8 req-187de0c2-1278-4278-a5a9-c899c8b11bc8 ] Request (ServerDiskConfigTestJSON:test_resize_server_from_auto_to_manual): 200 GET http://10.180.1.21/compute/v2.1/servers/0c14c4d2-b078-41c4-920d-d17ed577ebad 0.131s
2025-11-14 02:42:44.497 66076 INFO tempest.lib.common.rest_client [req-2d1b3c6c-8abf-4900-9f4a-5278ed39b7a6 req-2d1b3c6c-8abf-4900-9f4a-5278ed39b7a6 ] Request (ServersWithSpecificFlavorTestJSON:test_verify_created_server_ephemeral_disk): 200 GET http://10.180.1.21/compute/v2.1/servers/05953b83-4821-4233-86ef-49e3bc492c1d 0.090s
2025-11-14 02:42:44.554 66048 INFO tempest.lib.common.rest_client [req-e353622b-4bdb-404d-a260-96ba8f5dc4ba req-e353622b-4bdb-404d-a260-96ba8f5dc4ba ] Request (ServerMetadataTestJSON:tearDownClass): 200 GET http://10.180.1.21/compute/v2.1/servers/b8c9cd15-227c-47d4-9b2a-ea77d8c0ddc5 0.111s
2025-11-14 02:42:44.572 66078 INFO tempest.lib.common.rest_client [req-1688c563-c1c7-4be9-9d10-14418a5ca67c req-1688c563-c1c7-4be9-9d10-14418a5ca67c ] Request (ServersListShow2100Test:tearDownClass): 200 GET http://10.180.1.21/compute/v2.1/servers/4eb0977c-56d8-43c2-9c38-1eb2dd281f73 0.085s
2025-11-14 02:42:44.607 66040 INFO tempest.lib.common.rest_client [req-faeef261-625f-42de-bfc4-110f6c30b274 req-faeef261-625f-42de-bfc4-110f6c30b274 ] Request (AttachVolumeNegativeTest:test_attach_attached_volume_to_different_server): 200 GET http://10.180.1.21/compute/v2.1/servers/82dec126-eb2a-4d77-aa7a-3ceeb6f7aaa5 0.112s
2025-11-14 02:42:44.625 66058 INFO tempest.lib.common.rest_client [req-31bf644f-5b5c-47a3-8435-e8d9fd70b4e7 req-31bf644f-5b5c-47a3-8435-e8d9fd70b4e7 ] Request (SecurityGroupsTestJSON:test_server_security_groups): 200 GET http://10.180.1.21/compute/v2.1/servers/3b26077b-ef17-4368-903b-3eb65588cee0 0.085s
2025-11-14 02:42:44.652 66067 INFO tempest.lib.common.rest_client [req-5adfeaef-838f-4187-8be4-2909329af72e req-5adfeaef-838f-4187-8be4-2909329af72e ] Request (ServerGroupTestJSON:test_create_server_with_scheduler_hint_group): 200 GET http://10.180.1.21/compute/v2.1/servers/dbaf087d-8a01-402d-adca-9ee97afe86d7 0.100s
2025-11-14 02:42:44.673 66096 INFO tempest.lib.common.rest_client [req-969a5bc6-5979-46a4-b9d0-e93f46d18b8d req-969a5bc6-5979-46a4-b9d0-e93f46d18b8d ] Request (ServerActionsTestOtherA:test_rebuild_server_with_volume_attached): 200 GET http://10.180.1.21/compute/v2.1/servers/fb6cadc8-5615-4da1-aed7-09604f51cdc4 0.079s
2025-11-14 02:42:44.797 66036 INFO tempest.lib.common.rest_client [req-fcc6a87b-31d5-45df-a6d5-08e409e6aaf3 req-fcc6a87b-31d5-45df-a6d5-08e409e6aaf3 ] Request (ServerShowV254Test:test_rebuild_server): 200 GET http://10.180.1.21/compute/v2.1/servers/68f1e04e-011e-4d3a-be56-d55170c76885 0.059s
2025-11-14 02:42:44.860 66074 INFO tempest.lib.common.rest_client [req-2f89eb99-cc68-4e38-ba65-decebe21194d req-2f89eb99-cc68-4e38-ba65-decebe21194d ] Request (ServerShowV247Test:test_update_rebuild_list_server): 200 GET http://10.180.1.21/compute/v2.1/servers/18b9d973-6729-47b1-8585-3ba385e9815e 0.052s
2025-11-14 02:42:45.115 66098 INFO tempest.lib.common.rest_client [req-aeba0a8d-cdd8-4843-b8f1-1b104929f376 req-aeba0a8d-cdd8-4843-b8f1-1b104929f376 ] Request (ListServerFiltersTestJSON:tearDownClass): 200 GET http://10.180.1.21/compute/v2.1/servers/4326ee00-a744-40c5-b4c8-b9678112fab9 0.059s
2025-11-14 02:42:45.139 66046 INFO tempest.lib.common.rest_client [req-7939eff5-bd4f-4084-af94-c6be827a1660 req-7939eff5-bd4f-4084-af94-c6be827a1660 ] Request (ImagesTestJSON:test_create_image_from_suspended_server): 200 GET http://10.180.1.21/compute/v2.1/servers/f6c4788e-d8f0-4023-a28c-9b1822c8ed29 0.114s
2025-11-14 02:42:45.161 66088 INFO tempest.lib.common.rest_client [req-e624be11-5758-4c98-97d4-bbec4a458089 req-e624be11-5758-4c98-97d4-bbec4a458089 ] Request (ServerRescueNegativeTestJSON:test_rescued_vm_detach_volume): 200 GET http://10.180.1.21/compute/v2.1/servers/e62fd4a2-5121-40b7-830d-0ee02d4e66ce 0.086s
2025-11-14 02:42:45.189 66072 INFO tempest.lib.common.rest_client [req-bc591756-8536-49a5-bac6-9a14cabe0793 req-bc591756-8536-49a5-bac6-9a14cabe0793 ] Request (InstanceActionsTestJSON:tearDownClass): 200 GET http://10.180.1.21/compute/v2.1/servers/e0fc1117-a6d6-4dd9-8052-ec90f2320b41 0.059s
2025-11-14 02:42:45.241 66052 INFO tempest.lib.common.rest_client [req-77848c64-da50-4e7c-94c7-23a88710a7e1 req-77848c64-da50-4e7c-94c7-23a88710a7e1 ] Request (VolumesAssistedSnapshotsTest:tearDownClass): 200 GET http://10.180.1.21/compute/v2.1/servers/d74f35ca-04cc-415e-a71d-3d78e99e7a01 0.052s
2025-11-14 02:42:45.284 66060 INFO tempest.lib.common.rest_client [req-be8b5535-071e-4d71-a671-19465a480413 req-be8b5535-071e-4d71-a671-19465a480413 ] Request (AttachVolumeShelveTestJSON:test_attach_volume_shelved_or_offload_server): 200 GET http://10.180.1.21/compute/v2.1/servers/1847f3a7-41c8-41f2-bddb-2d7da65d0443 0.091s
2025-11-14 02:42:45.301 66090 INFO tempest.lib.common.rest_client [req-4ebcc283-9e86-4b95-b9c4-3a3a86cdd593 req-4ebcc283-9e86-4b95-b9c4-3a3a86cdd593 ] Request (ServersTestMultiNic:_run_cleanups): 200 GET http://10.180.1.21/compute/v2.1/servers/ab64090f-d45b-41d9-b1e4-3a1a57337a56 0.061s
2025-11-14 02:42:45.361 66082 INFO tempest.lib.common.rest_client [req-cd9f56c5-9bd2-488b-ba60-7a3b133783eb req-cd9f56c5-9bd2-488b-ba60-7a3b133783eb ] Request (ServersNegativeTestMultiTenantJSON:tearDownClass): 200 GET http://10.180.1.21/compute/v2.1/servers/cdeccb4d-d3fc-41b9-9cc4-b68a1ced857e 0.068s
2025-11-14 02:42:45.373 66054 INFO tempest.lib.common.rest_client [req-902475b9-f55e-4f40-b4ea-961a9ef52df6 req-902475b9-f55e-4f40-b4ea-961a9ef52df6 ] Request (MigrationsAdminTest:test_resize_server_revert_deleted_flavor): 200 GET http://10.180.1.21/compute/v2.1/servers/1019dc1b-33fc-45a7-9eb9-d7baf4950e1a 0.092s
2025-11-14 02:42:45.418 66044 INFO tempest.lib.common.rest_client [req-719281c7-37cc-4d5b-8131-cc3dd3d51b74 req-719281c7-37cc-4d5b-8131-cc3dd3d51b74 ] Request (ServersTestBootFromVolume:setUpClass): 200 GET http://10.180.1.21/compute/v2.1/servers/7b553948-c734-41e9-9a9f-1ec61e5c492d 0.074s
2025-11-14 02:42:45.418 66092 INFO tempest.lib.common.rest_client [req-ee7bee1d-2832-46bd-9c36-fa502f363982 req-ee7bee1d-2832-46bd-9c36-fa502f363982 ] Request (ServerRescueTestJSONUnderV235:tearDownClass): 200 GET http://10.180.1.21/compute/v2.1/servers/3c0934a9-252b-4616-93ba-0f20d148f604 0.079s
2025-11-14 02:42:45.466 66056 INFO tempest.lib.common.rest_client [req-76fb7249-527c-4405-bbbd-8c62c9ee9a10 req-76fb7249-527c-4405-bbbd-8c62c9ee9a10 ] Request (ImagesOneServerNegativeTestJSON:_run_cleanups): 200 GET http://10.180.1.21/compute/v2.1/servers/54f70fe2-5259-4e70-8f26-6b27c54ee444 0.076s
2025-11-14 02:42:45.468 66086 INFO tempest.lib.common.rest_client [req-ea3aa806-989d-4218-a70f-67a30ee8dcd7 req-ea3aa806-989d-4218-a70f-67a30ee8dcd7 ] Request (ServerActionsTestJSON:test_rebuild_server): 200 GET http://10.180.1.21/compute/v2.1/servers/8f3c4fee-c9e4-4c16-8cd5-562095bc1805 0.062s
2025-11-14 02:42:45.475 66086 INFO tempest.common.waiters [-] State transition "BUILD/None" ==> "BUILD/networking" after 31 second wait
2025-11-14 02:42:45.523 66068 INFO tempest.lib.common.rest_client [req-df12e588-0682-407b-8e78-3bfe71f8fa6b req-df12e588-0682-407b-8e78-3bfe71f8fa6b ] Request (ServersAdminNegativeTestJSON:test_migrate_server_invalid_state): 200 GET http://10.180.1.21/compute/v2.1/servers/c6748496-ba51-4709-bca4-8c09d2be77e8 0.079s
2025-11-14 02:42:45.617 66076 INFO tempest.lib.common.rest_client [req-2ff4144f-fc33-414a-9252-319dc79dd91b req-2ff4144f-fc33-414a-9252-319dc79dd91b ] Request (ServersWithSpecificFlavorTestJSON:test_verify_created_server_ephemeral_disk): 200 GET http://10.180.1.21/compute/v2.1/servers/05953b83-4821-4233-86ef-49e3bc492c1d 0.110s
2025-11-14 02:42:45.640 66062 INFO tempest.lib.common.rest_client [req-1814ffaf-152f-4078-967a-31d529255842 req-1814ffaf-152f-4078-967a-31d529255842 ] Request (ServerDiskConfigTestJSON:test_resize_server_from_auto_to_manual): 200 GET http://10.180.1.21/compute/v2.1/servers/0c14c4d2-b078-41c4-920d-d17ed577ebad 0.134s
2025-11-14 02:42:45.686 66048 INFO tempest.lib.common.rest_client [req-c37cbe24-c8da-4462-998a-6bd6bc5e914e req-c37cbe24-c8da-4462-998a-6bd6bc5e914e ] Request (ServerMetadataTestJSON:tearDownClass): 200 GET http://10.180.1.21/compute/v2.1/servers/b8c9cd15-227c-47d4-9b2a-ea77d8c0ddc5 0.123s
2025-11-14 02:42:45.710 66078 INFO tempest.lib.common.rest_client [req-5b4fd807-a69a-43d5-9cd8-302f4b470fe2 req-5b4fd807-a69a-43d5-9cd8-302f4b470fe2 ] Request (ServersListShow2100Test:tearDownClass): 200 GET http://10.180.1.21/compute/v2.1/servers/4eb0977c-56d8-43c2-9c38-1eb2dd281f73 0.125s
2025-11-14 02:42:45.742 66040 INFO tempest.lib.common.rest_client [req-e943cf6c-cf82-4cdb-ab21-2a775cd078da req-e943cf6c-cf82-4cdb-ab21-2a775cd078da ] Request (AttachVolumeNegativeTest:test_attach_attached_volume_to_different_server): 200 GET http://10.180.1.21/compute/v2.1/servers/82dec126-eb2a-4d77-aa7a-3ceeb6f7aaa5 0.125s
2025-11-14 02:42:45.775 66058 INFO tempest.lib.common.rest_client [req-b6750827-b4ae-4a5f-94d4-4774ab817084 req-b6750827-b4ae-4a5f-94d4-4774ab817084 ] Request (SecurityGroupsTestJSON:test_server_security_groups): 200 GET http://10.180.1.21/compute/v2.1/servers/3b26077b-ef17-4368-903b-3eb65588cee0 0.140s
2025-11-14 02:42:45.798 66067 INFO tempest.lib.common.rest_client [req-32bc5b87-459f-436c-89f2-14c4a80faedf req-32bc5b87-459f-436c-89f2-14c4a80faedf ] Request (ServerGroupTestJSON:test_create_server_with_scheduler_hint_group): 200 GET http://10.180.1.21/compute/v2.1/servers/dbaf087d-8a01-402d-adca-9ee97afe86d7 0.137s
2025-11-14 02:42:45.832 66096 INFO tempest.lib.common.rest_client [req-6629f23e-441c-41e0-8d26-18afd83e5a96 req-6629f23e-441c-41e0-8d26-18afd83e5a96 ] Request (ServerActionsTestOtherA:test_rebuild_server_with_volume_attached): 200 GET http://10.180.1.21/compute/v2.1/servers/fb6cadc8-5615-4da1-aed7-09604f51cdc4 0.151s
2025-11-14 02:42:45.870 66036 INFO tempest.lib.common.rest_client [req-504560b1-c881-48d6-8d42-a3230e317e67 req-504560b1-c881-48d6-8d42-a3230e317e67 ] Request (ServerShowV254Test:test_rebuild_server): 200 GET http://10.180.1.21/compute/v2.1/servers/68f1e04e-011e-4d3a-be56-d55170c76885 0.064s
2025-11-14 02:42:45.937 66074 INFO tempest.lib.common.rest_client [req-53c8ab27-b0f1-4845-87a8-1e473019f49a req-53c8ab27-b0f1-4845-87a8-1e473019f49a ] Request (ServerShowV247Test:test_update_rebuild_list_server): 200 GET http://10.180.1.21/compute/v2.1/servers/18b9d973-6729-47b1-8585-3ba385e9815e 0.067s
2025-11-14 02:42:46.132 66085 WARNING tempest.lib.common.ssh [-] Failed to establish authenticated ssh connection to cirros@10.180.180.211 ([Errno None] Unable to connect to port 22 on 10.180.180.211). Number attempts: 4. Retry after 5 seconds.: paramiko.ssh_exception.NoValidConnectionsError: [Errno None] Unable to connect to port 22 on 10.180.180.211
2025-11-14 02:42:46.191 66098 INFO tempest.lib.common.rest_client [req-d5a8a57f-2cae-4b57-b025-45fc95474c23 req-d5a8a57f-2cae-4b57-b025-45fc95474c23 ] Request (ListServerFiltersTestJSON:tearDownClass): 200 GET http://10.180.1.21/compute/v2.1/servers/4326ee00-a744-40c5-b4c8-b9678112fab9 0.068s
2025-11-14 02:42:46.244 66046 INFO tempest.lib.common.rest_client [req-4b550dfc-4cbd-4123-b988-34d4219424fc req-4b550dfc-4cbd-4123-b988-34d4219424fc ] Request (ImagesTestJSON:test_create_image_from_suspended_server): 200 GET http://10.180.1.21/compute/v2.1/servers/f6c4788e-d8f0-4023-a28c-9b1822c8ed29 0.098s
2025-11-14 02:42:46.257 66088 INFO tempest.lib.common.rest_client [req-d411c863-7f63-4139-9da5-deb3a8c782da req-d411c863-7f63-4139-9da5-deb3a8c782da ] Request (ServerRescueNegativeTestJSON:test_rescued_vm_detach_volume): 200 GET http://10.180.1.21/compute/v2.1/servers/e62fd4a2-5121-40b7-830d-0ee02d4e66ce 0.088s
2025-11-14 02:42:46.302 66072 INFO tempest.lib.common.rest_client [req-3a71476d-54dd-404f-b466-8d6d0c48c78e req-3a71476d-54dd-404f-b466-8d6d0c48c78e ] Request (InstanceActionsTestJSON:tearDownClass): 200 GET http://10.180.1.21/compute/v2.1/servers/e0fc1117-a6d6-4dd9-8052-ec90f2320b41 0.105s
2025-11-14 02:42:46.322 66052 INFO tempest.lib.common.rest_client [req-31119fb5-e862-4827-8d9b-451ff2145cde req-31119fb5-e862-4827-8d9b-451ff2145cde ] Request (VolumesAssistedSnapshotsTest:tearDownClass): 200 GET http://10.180.1.21/compute/v2.1/servers/d74f35ca-04cc-415e-a71d-3d78e99e7a01 0.072s
2025-11-14 02:42:46.381 66090 INFO tempest.lib.common.rest_client [req-9620dc08-c22e-4988-97c1-420589e2dfa1 req-9620dc08-c22e-4988-97c1-420589e2dfa1 ] Request (ServersTestMultiNic:_run_cleanups): 200 GET http://10.180.1.21/compute/v2.1/servers/ab64090f-d45b-41d9-b1e4-3a1a57337a56 0.072s
2025-11-14 02:42:46.402 66060 INFO tempest.lib.common.rest_client [req-3367ad46-8d9b-4249-9b9b-dce88b80a590 req-3367ad46-8d9b-4249-9b9b-dce88b80a590 ] Request (AttachVolumeShelveTestJSON:test_attach_volume_shelved_or_offload_server): 200 GET http://10.180.1.21/compute/v2.1/servers/1847f3a7-41c8-41f2-bddb-2d7da65d0443 0.109s
2025-11-14 02:42:46.435 66082 INFO tempest.lib.common.rest_client [req-ad2956fc-ebbe-48a8-a43d-60705a72e7f0 req-ad2956fc-ebbe-48a8-a43d-60705a72e7f0 ] Request (ServersNegativeTestMultiTenantJSON:tearDownClass): 200 GET http://10.180.1.21/compute/v2.1/servers/cdeccb4d-d3fc-41b9-9cc4-b68a1ced857e 0.066s
2025-11-14 02:42:46.496 66054 INFO tempest.lib.common.rest_client [req-90e662f8-2917-47a1-b7bf-97f74307fdac req-90e662f8-2917-47a1-b7bf-97f74307fdac ] Request (MigrationsAdminTest:test_resize_server_revert_deleted_flavor): 200 GET http://10.180.1.21/compute/v2.1/servers/1019dc1b-33fc-45a7-9eb9-d7baf4950e1a 0.115s
2025-11-14 02:42:46.508 66092 INFO tempest.lib.common.rest_client [req-0d71e5c0-55df-4312-8e48-ce4f008865b3 req-0d71e5c0-55df-4312-8e48-ce4f008865b3 ] Request (ServerRescueTestJSONUnderV235:tearDownClass): 200 GET http://10.180.1.21/compute/v2.1/servers/3c0934a9-252b-4616-93ba-0f20d148f604 0.082s
2025-11-14 02:42:46.552 66044 INFO tempest.lib.common.rest_client [req-77c29107-f150-44a3-845f-bc39cd5836c7 req-77c29107-f150-44a3-845f-bc39cd5836c7 ] Request (ServersTestBootFromVolume:setUpClass): 200 GET http://10.180.1.21/compute/v2.1/servers/7b553948-c734-41e9-9a9f-1ec61e5c492d 0.126s
2025-11-14 02:42:46.570 66056 INFO tempest.lib.common.rest_client [req-fd0b1d73-3e0b-4796-8b80-3c57aa239773 req-fd0b1d73-3e0b-4796-8b80-3c57aa239773 ] Request (ImagesOneServerNegativeTestJSON:_run_cleanups): 200 GET http://10.180.1.21/compute/v2.1/servers/54f70fe2-5259-4e70-8f26-6b27c54ee444 0.095s
2025-11-14 02:42:46.652 66068 INFO tempest.lib.common.rest_client [req-4f8fc7d8-7a75-468b-81f6-74c8b7e40c4d req-4f8fc7d8-7a75-468b-81f6-74c8b7e40c4d ] Request (ServersAdminNegativeTestJSON:test_migrate_server_invalid_state): 200 GET http://10.180.1.21/compute/v2.1/servers/c6748496-ba51-4709-bca4-8c09d2be77e8 0.121s
2025-11-14 02:42:46.679 66086 INFO tempest.lib.common.rest_client [req-943dc5cb-b1f8-4864-9f90-6e5c09e1d679 req-943dc5cb-b1f8-4864-9f90-6e5c09e1d679 ] Request (ServerActionsTestJSON:test_rebuild_server): 200 GET http://10.180.1.21/compute/v2.1/servers/8f3c4fee-c9e4-4c16-8cd5-562095bc1805 0.203s
2025-11-14 02:42:46.688 66086 INFO tempest.common.waiters [-] State transition "BUILD/networking" ==> "BUILD/spawning" after 32 second wait
2025-11-14 02:42:46.702 66076 INFO tempest.lib.common.rest_client [req-88b67663-6725-4b74-a3aa-9bed22700e54 req-88b67663-6725-4b74-a3aa-9bed22700e54 ] Request (ServersWithSpecificFlavorTestJSON:test_verify_created_server_ephemeral_disk): 200 GET http://10.180.1.21/compute/v2.1/servers/05953b83-4821-4233-86ef-49e3bc492c1d 0.075s
2025-11-14 02:42:46.766 66048 INFO tempest.lib.common.rest_client [req-b81d18d5-4be7-4de1-a5b9-ffa5522b3983 req-b81d18d5-4be7-4de1-a5b9-ffa5522b3983 ] Request (ServerMetadataTestJSON:tearDownClass): 200 GET http://10.180.1.21/compute/v2.1/servers/b8c9cd15-227c-47d4-9b2a-ea77d8c0ddc5 0.071s
2025-11-14 02:42:46.792 66062 INFO tempest.lib.common.rest_client [req-da4845fe-ac99-4bdc-aa5c-ae381c352e03 req-da4845fe-ac99-4bdc-aa5c-ae381c352e03 ] Request (ServerDiskConfigTestJSON:test_resize_server_from_auto_to_manual): 200 GET http://10.180.1.21/compute/v2.1/servers/0c14c4d2-b078-41c4-920d-d17ed577ebad 0.143s
2025-11-14 02:42:46.836 66038 WARNING tempest.lib.common.ssh [-] Failed to establish authenticated ssh connection to cirros@10.180.180.181 ([Errno None] Unable to connect to port 22 on 10.180.180.181). Number attempts: 8. Retry after 9 seconds.: paramiko.ssh_exception.NoValidConnectionsError: [Errno None] Unable to connect to port 22 on 10.180.180.181
2025-11-14 02:42:46.856 66078 INFO tempest.lib.common.rest_client [req-6cf19d40-c1f4-4484-bbb6-ad29443284d4 req-6cf19d40-c1f4-4484-bbb6-ad29443284d4 ] Request (ServersListShow2100Test:tearDownClass): 200 GET http://10.180.1.21/compute/v2.1/servers/4eb0977c-56d8-43c2-9c38-1eb2dd281f73 0.133s
2025-11-14 02:42:46.874 66040 INFO tempest.lib.common.rest_client [req-da628cc0-38d6-4a0e-8980-41cc89ccbf4f req-da628cc0-38d6-4a0e-8980-41cc89ccbf4f ] Request (AttachVolumeNegativeTest:test_attach_attached_volume_to_different_server): 200 GET http://10.180.1.21/compute/v2.1/servers/82dec126-eb2a-4d77-aa7a-3ceeb6f7aaa5 0.124s
2025-11-14 02:42:46.917 66058 INFO tempest.lib.common.rest_client [req-6933ec27-3215-4d74-8759-e3bdc0c9f9ab req-6933ec27-3215-4d74-8759-e3bdc0c9f9ab ] Request (SecurityGroupsTestJSON:test_server_security_groups): 200 GET http://10.180.1.21/compute/v2.1/servers/3b26077b-ef17-4368-903b-3eb65588cee0 0.133s
2025-11-14 02:42:46.930 66067 INFO tempest.lib.common.rest_client [req-85d5a7c2-5f92-478b-a0c0-09ec89e53d14 req-85d5a7c2-5f92-478b-a0c0-09ec89e53d14 ] Request (ServerGroupTestJSON:test_create_server_with_scheduler_hint_group): 200 GET http://10.180.1.21/compute/v2.1/servers/dbaf087d-8a01-402d-adca-9ee97afe86d7 0.124s
2025-11-14 02:42:46.969 66096 INFO tempest.lib.common.rest_client [req-6ac14dff-2587-4158-a6ca-293fd4d946e9 req-6ac14dff-2587-4158-a6ca-293fd4d946e9 ] Request (ServerActionsTestOtherA:test_rebuild_server_with_volume_attached): 200 GET http://10.180.1.21/compute/v2.1/servers/fb6cadc8-5615-4da1-aed7-09604f51cdc4 0.127s
2025-11-14 02:42:46.986 66036 INFO tempest.lib.common.rest_client [req-4962352b-4a97-45e4-bc86-d9611f543ded req-4962352b-4a97-45e4-bc86-d9611f543ded ] Request (ServerShowV254Test:test_rebuild_server): 200 GET http://10.180.1.21/compute/v2.1/servers/68f1e04e-011e-4d3a-be56-d55170c76885 0.106s
2025-11-14 02:42:47.022 66074 INFO tempest.lib.common.rest_client [req-f55f6acb-8899-408e-8ef4-10e4d8c72a0c req-f55f6acb-8899-408e-8ef4-10e4d8c72a0c ] Request (ServerShowV247Test:test_update_rebuild_list_server): 200 GET http://10.180.1.21/compute/v2.1/servers/18b9d973-6729-47b1-8585-3ba385e9815e 0.073s
2025-11-14 02:42:47.270 66098 INFO tempest.lib.common.rest_client [req-bbf1170e-70a8-42fc-8075-0cc6bba03d81 req-bbf1170e-70a8-42fc-8075-0cc6bba03d81 ] Request (ListServerFiltersTestJSON:tearDownClass): 200 GET http://10.180.1.21/compute/v2.1/servers/4326ee00-a744-40c5-b4c8-b9678112fab9 0.071s
2025-11-14 02:42:47.344 66088 INFO tempest.lib.common.rest_client [req-3ea1746c-da55-4866-adb5-0ef7b27195fa req-3ea1746c-da55-4866-adb5-0ef7b27195fa ] Request (ServerRescueNegativeTestJSON:test_rescued_vm_detach_volume): 200 GET http://10.180.1.21/compute/v2.1/servers/e62fd4a2-5121-40b7-830d-0ee02d4e66ce 0.078s
2025-11-14 02:42:47.365 66072 INFO tempest.lib.common.rest_client [req-274c69e7-e3f8-4010-8a13-bdf3501d81e3 req-274c69e7-e3f8-4010-8a13-bdf3501d81e3 ] Request (InstanceActionsTestJSON:tearDownClass): 404 GET http://10.180.1.21/compute/v2.1/servers/e0fc1117-a6d6-4dd9-8052-ec90f2320b41 0.055s
2025-11-14 02:42:47.370 66046 INFO tempest.lib.common.rest_client [req-806052cd-d564-4282-b071-0d3e64682d9a req-806052cd-d564-4282-b071-0d3e64682d9a ] Request (ImagesTestJSON:test_create_image_from_suspended_server): 200 GET http://10.180.1.21/compute/v2.1/servers/f6c4788e-d8f0-4023-a28c-9b1822c8ed29 0.118s
2025-11-14 02:42:47.534 66052 INFO tempest.lib.common.rest_client [req-69d87fb5-f472-4f00-9212-ce273beacddc req-69d87fb5-f472-4f00-9212-ce273beacddc ] Request (VolumesAssistedSnapshotsTest:tearDownClass): 200 GET http://10.180.1.21/compute/v2.1/servers/d74f35ca-04cc-415e-a71d-3d78e99e7a01 0.204s
2025-11-14 02:42:47.547 66090 INFO tempest.lib.common.rest_client [req-4782d5f4-a93f-465d-a216-55de853422ac req-4782d5f4-a93f-465d-a216-55de853422ac ] Request (ServersTestMultiNic:_run_cleanups): 200 GET http://10.180.1.21/compute/v2.1/servers/ab64090f-d45b-41d9-b1e4-3a1a57337a56 0.158s
2025-11-14 02:42:47.652 66082 INFO tempest.lib.common.rest_client [req-4bbe8ff9-f1c5-4dcc-9d68-84b167b0364b req-4bbe8ff9-f1c5-4dcc-9d68-84b167b0364b ] Request (ServersNegativeTestMultiTenantJSON:tearDownClass): 200 GET http://10.180.1.21/compute/v2.1/servers/cdeccb4d-d3fc-41b9-9cc4-b68a1ced857e 0.209s
2025-11-14 02:42:47.683 66060 INFO tempest.lib.common.rest_client [req-c7d3371b-bb81-458f-a63d-11e6782c616b req-c7d3371b-bb81-458f-a63d-11e6782c616b ] Request (AttachVolumeShelveTestJSON:test_attach_volume_shelved_or_offload_server): 200 GET http://10.180.1.21/compute/v2.1/servers/1847f3a7-41c8-41f2-bddb-2d7da65d0443 0.272s
2025-11-14 02:42:47.692 66060 INFO tempest.common.waiters [-] State transition "ACTIVE/shelving_image_uploading" ==> "SHELVED/shelving_offloading" after 16 second wait
2025-11-14 02:42:47.770 66092 INFO tempest.lib.common.rest_client [req-f8d37268-aa5f-4e33-9918-33458d497867 req-f8d37268-aa5f-4e33-9918-33458d497867 ] Request (ServerRescueTestJSONUnderV235:tearDownClass): 200 GET http://10.180.1.21/compute/v2.1/servers/3c0934a9-252b-4616-93ba-0f20d148f604 0.254s
2025-11-14 02:42:47.795 66054 INFO tempest.lib.common.rest_client [req-ecdbae20-01a5-4f66-a015-79d73f34acd3 req-ecdbae20-01a5-4f66-a015-79d73f34acd3 ] Request (MigrationsAdminTest:test_resize_server_revert_deleted_flavor): 200 GET http://10.180.1.21/compute/v2.1/servers/1019dc1b-33fc-45a7-9eb9-d7baf4950e1a 0.291s
2025-11-14 02:42:47.821 66044 INFO tempest.lib.common.rest_client [req-1c5f308d-1813-4777-8d74-38e32f24475e req-1c5f308d-1813-4777-8d74-38e32f24475e ] Request (ServersTestBootFromVolume:setUpClass): 200 GET http://10.180.1.21/compute/v2.1/servers/7b553948-c734-41e9-9a9f-1ec61e5c492d 0.259s
2025-11-14 02:42:47.846 66056 INFO tempest.lib.common.rest_client [req-aaf3e9d6-ac2c-473a-88bd-58108054ddea req-aaf3e9d6-ac2c-473a-88bd-58108054ddea ] Request (ImagesOneServerNegativeTestJSON:_run_cleanups): 200 GET http://10.180.1.21/compute/v2.1/servers/54f70fe2-5259-4e70-8f26-6b27c54ee444 0.268s
2025-11-14 02:42:47.872 66068 INFO tempest.lib.common.rest_client [req-7ead1d52-0991-4420-ada3-e4fc6bb18efd req-7ead1d52-0991-4420-ada3-e4fc6bb18efd ] Request (ServersAdminNegativeTestJSON:test_migrate_server_invalid_state): 200 GET http://10.180.1.21/compute/v2.1/servers/c6748496-ba51-4709-bca4-8c09d2be77e8 0.211s
2025-11-14 02:42:47.958 66076 INFO tempest.lib.common.rest_client [req-a8f94ba5-c62b-4aed-b360-1487b1f5bf6e req-a8f94ba5-c62b-4aed-b360-1487b1f5bf6e ] Request (ServersWithSpecificFlavorTestJSON:test_verify_created_server_ephemeral_disk): 200 GET http://10.180.1.21/compute/v2.1/servers/05953b83-4821-4233-86ef-49e3bc492c1d 0.248s
2025-11-14 02:42:47.981 66086 INFO tempest.lib.common.rest_client [req-9c4db91d-52e9-4e1f-ad50-50fc51fa1751 req-9c4db91d-52e9-4e1f-ad50-50fc51fa1751 ] Request (ServerActionsTestJSON:test_rebuild_server): 200 GET http://10.180.1.21/compute/v2.1/servers/8f3c4fee-c9e4-4c16-8cd5-562095bc1805 0.291s
2025-11-14 02:42:48.016 66048 INFO tempest.lib.common.rest_client [req-f43238df-02f2-4598-a635-9542cb3da066 req-f43238df-02f2-4598-a635-9542cb3da066 ] Request (ServerMetadataTestJSON:tearDownClass): 200 GET http://10.180.1.21/compute/v2.1/servers/b8c9cd15-227c-47d4-9b2a-ea77d8c0ddc5 0.241s
2025-11-14 02:42:48.056 66072 INFO tempest.lib.common.rest_client [req-2807a235-6516-493f-866b-06f22efe0b0c req-2807a235-6516-493f-866b-06f22efe0b0c ] Request (InstanceActionsTestJSON:tearDownClass): 200 PUT http://10.180.1.21/networking/v2.0/routers/1fd0a7ab-f1e8-4914-bb0f-5c4aaf36ae03/remove_router_interface 0.690s
2025-11-14 02:42:48.104 66078 INFO tempest.lib.common.rest_client [req-eabbe664-101e-459d-8164-ea618257755e req-eabbe664-101e-459d-8164-ea618257755e ] Request (ServersListShow2100Test:tearDownClass): 200 GET http://10.180.1.21/compute/v2.1/servers/4eb0977c-56d8-43c2-9c38-1eb2dd281f73 0.234s
2025-11-14 02:42:48.130 66062 INFO tempest.lib.common.rest_client [req-c0954ae2-ac4d-4a20-b2c7-9ebb42cd1542 req-c0954ae2-ac4d-4a20-b2c7-9ebb42cd1542 ] Request (ServerDiskConfigTestJSON:test_resize_server_from_auto_to_manual): 200 GET http://10.180.1.21/compute/v2.1/servers/0c14c4d2-b078-41c4-920d-d17ed577ebad 0.329s
2025-11-14 02:42:48.161 66040 INFO tempest.lib.common.rest_client [req-6b4103e8-9f91-41a6-9661-c815181b5bd9 req-6b4103e8-9f91-41a6-9661-c815181b5bd9 ] Request (AttachVolumeNegativeTest:test_attach_attached_volume_to_different_server): 200 GET http://10.180.1.21/compute/v2.1/servers/82dec126-eb2a-4d77-aa7a-3ceeb6f7aaa5 0.277s
2025-11-14 02:42:48.192 66058 INFO tempest.lib.common.rest_client [req-c7a28f7b-ca5b-4929-9045-b7902bf3d017 req-c7a28f7b-ca5b-4929-9045-b7902bf3d017 ] Request (SecurityGroupsTestJSON:test_server_security_groups): 200 GET http://10.180.1.21/compute/v2.1/servers/3b26077b-ef17-4368-903b-3eb65588cee0 0.265s
2025-11-14 02:42:48.217 66067 INFO tempest.lib.common.rest_client [req-83d05d5b-97c1-43d1-9a88-f80e93330056 req-83d05d5b-97c1-43d1-9a88-f80e93330056 ] Request (ServerGroupTestJSON:test_create_server_with_scheduler_hint_group): 200 GET http://10.180.1.21/compute/v2.1/servers/dbaf087d-8a01-402d-adca-9ee97afe86d7 0.277s
2025-11-14 02:42:48.241 66096 INFO tempest.lib.common.rest_client [req-fc52758e-5780-4fe7-97a0-e344fea94f20 req-fc52758e-5780-4fe7-97a0-e344fea94f20 ] Request (ServerActionsTestOtherA:test_rebuild_server_with_volume_attached): 200 GET http://10.180.1.21/compute/v2.1/servers/fb6cadc8-5615-4da1-aed7-09604f51cdc4 0.263s
2025-11-14 02:42:48.285 66036 INFO tempest.lib.common.rest_client [req-17657ce4-786a-42ce-9f68-13d1ed27dbed req-17657ce4-786a-42ce-9f68-13d1ed27dbed ] Request (ServerShowV254Test:test_rebuild_server): 200 GET http://10.180.1.21/compute/v2.1/servers/68f1e04e-011e-4d3a-be56-d55170c76885 0.288s
2025-11-14 02:42:48.300 66074 INFO tempest.lib.common.rest_client [req-fe898a5b-531b-47c3-94ec-8511fbec482d req-fe898a5b-531b-47c3-94ec-8511fbec482d ] Request (ServerShowV247Test:test_update_rebuild_list_server): 200 GET http://10.180.1.21/compute/v2.1/servers/18b9d973-6729-47b1-8585-3ba385e9815e 0.267s
2025-11-14 02:42:48.343 66098 INFO tempest.lib.common.rest_client [req-79100141-a7ce-4ea4-b8cb-fba057d53290 req-79100141-a7ce-4ea4-b8cb-fba057d53290 ] Request (ListServerFiltersTestJSON:tearDownClass): 200 GET http://10.180.1.21/compute/v2.1/servers/4326ee00-a744-40c5-b4c8-b9678112fab9 0.064s
2025-11-14 02:42:48.405 66072 INFO tempest.lib.common.rest_client [req-75f4f546-61f9-43ab-b5f3-e11da558fd9c req-75f4f546-61f9-43ab-b5f3-e11da558fd9c ] Request (InstanceActionsTestJSON:tearDownClass): 204 DELETE http://10.180.1.21/networking/v2.0/routers/1fd0a7ab-f1e8-4914-bb0f-5c4aaf36ae03 0.349s
2025-11-14 02:42:48.409 66088 INFO tempest.lib.common.rest_client [req-9b40ab87-c1c5-42dd-8cdf-d20ce726bb6b req-9b40ab87-c1c5-42dd-8cdf-d20ce726bb6b ] Request (ServerRescueNegativeTestJSON:test_rescued_vm_detach_volume): 200 GET http://10.180.1.21/compute/v2.1/servers/e62fd4a2-5121-40b7-830d-0ee02d4e66ce 0.057s
2025-11-14 02:42:48.480 66046 INFO tempest.lib.common.rest_client [req-3c874ba3-9e24-4635-b94d-a8e90f9ff3cc req-3c874ba3-9e24-4635-b94d-a8e90f9ff3cc ] Request (ImagesTestJSON:test_create_image_from_suspended_server): 200 GET http://10.180.1.21/compute/v2.1/servers/f6c4788e-d8f0-4023-a28c-9b1822c8ed29 0.098s
2025-11-14 02:42:48.547 66072 INFO tempest.lib.common.rest_client [req-73e77f8f-1e15-4fde-9fc9-67fb66763a9f req-73e77f8f-1e15-4fde-9fc9-67fb66763a9f ] Request (InstanceActionsTestJSON:tearDownClass): 204 DELETE http://10.180.1.21/networking/v2.0/subnets/774ab566-3f60-4a25-896b-34aa6edb9ec0 0.141s
2025-11-14 02:42:48.677 66052 INFO tempest.lib.common.rest_client [req-0df32c5f-59ad-42f0-9566-349d5421e9d3 req-0df32c5f-59ad-42f0-9566-349d5421e9d3 ] Request (VolumesAssistedSnapshotsTest:tearDownClass): 200 GET http://10.180.1.21/compute/v2.1/servers/d74f35ca-04cc-415e-a71d-3d78e99e7a01 0.134s
2025-11-14 02:42:48.686 66090 INFO tempest.lib.common.rest_client [req-96666a5c-be10-44b2-9b72-c5a60f7f6b32 req-96666a5c-be10-44b2-9b72-c5a60f7f6b32 ] Request (ServersTestMultiNic:_run_cleanups): 200 GET http://10.180.1.21/compute/v2.1/servers/ab64090f-d45b-41d9-b1e4-3a1a57337a56 0.126s
2025-11-14 02:42:48.874 66072 INFO tempest.lib.common.rest_client [req-deb8663a-c13a-4577-9c3d-b0c4f300fe8d req-deb8663a-c13a-4577-9c3d-b0c4f300fe8d ] Request (InstanceActionsTestJSON:tearDownClass): 204 DELETE http://10.180.1.21/networking/v2.0/networks/dc965b22-adaf-4b68-bcfd-5c485619de84 0.326s
2025-11-14 02:42:48.913 66060 INFO tempest.lib.common.rest_client [req-93056748-b28e-4516-804e-b747d3e161e8 req-93056748-b28e-4516-804e-b747d3e161e8 ] Request (AttachVolumeShelveTestJSON:test_attach_volume_shelved_or_offload_server): 200 GET http://10.180.1.21/compute/v2.1/servers/1847f3a7-41c8-41f2-bddb-2d7da65d0443 0.219s
2025-11-14 02:42:48.989 66092 INFO tempest.lib.common.rest_client [req-fdbe68aa-0648-45e5-9cad-2c860d6a29c0 req-fdbe68aa-0648-45e5-9cad-2c860d6a29c0 ] Request (ServerRescueTestJSONUnderV235:tearDownClass): 200 GET http://10.180.1.21/compute/v2.1/servers/3c0934a9-252b-4616-93ba-0f20d148f604 0.210s
2025-11-14 02:42:49.037 66072 INFO tempest.lib.common.rest_client [req-f6e4e492-4b1a-493f-8477-6ddae8e9e7a6 req-f6e4e492-4b1a-493f-8477-6ddae8e9e7a6 ] Request (InstanceActionsTestJSON:tearDownClass): 204 DELETE http://10.180.1.21/identity/v3/users/89908edde65443c791548d09cb085010 0.163s
2025-11-14 02:42:49.037 66072 INFO tempest.lib.common.dynamic_creds [-] Deleting project and security group for project: e79f22b5582d4cf885561d992548d579
2025-11-14 02:42:49.120 66072 INFO tempest.lib.common.rest_client [req-e05e7aba-027c-4913-9ad7-65f76f7fc83d req-e05e7aba-027c-4913-9ad7-65f76f7fc83d ] Request (InstanceActionsTestJSON:tearDownClass): 200 GET http://10.180.1.21/networking/v2.0/security-groups?tenant_id=e79f22b5582d4cf885561d992548d579&name=default 0.082s
2025-11-14 02:42:49.148 66054 INFO tempest.lib.common.rest_client [req-bc6e187b-cd7d-4e9c-81ef-3f4c253cc100 req-bc6e187b-cd7d-4e9c-81ef-3f4c253cc100 ] Request (MigrationsAdminTest:test_resize_server_revert_deleted_flavor): 200 GET http://10.180.1.21/compute/v2.1/servers/1019dc1b-33fc-45a7-9eb9-d7baf4950e1a 0.345s
2025-11-14 02:42:49.268 66072 INFO tempest.lib.common.rest_client [req-110a3524-85d8-446e-a504-893e71a1ae3b req-110a3524-85d8-446e-a504-893e71a1ae3b ] Request (InstanceActionsTestJSON:tearDownClass): 204 DELETE http://10.180.1.21/networking/v2.0/security-groups/6f8fce09-ff14-4f78-bcad-d1a722c00977 0.147s
2025-11-14 02:42:49.285 66082 INFO tempest.lib.common.rest_client [req-270665e1-4c7a-440f-b0e5-2381b138d0ea req-270665e1-4c7a-440f-b0e5-2381b138d0ea ] Request (ServersNegativeTestMultiTenantJSON:tearDownClass): 200 GET http://10.180.1.21/compute/v2.1/servers/cdeccb4d-d3fc-41b9-9cc4-b68a1ced857e 0.624s
2025-11-14 02:42:49.292 66044 INFO tempest.lib.common.rest_client [req-87d02c74-6205-47f8-bf7d-6a0fd1e5b5ff req-87d02c74-6205-47f8-bf7d-6a0fd1e5b5ff ] Request (ServersTestBootFromVolume:setUpClass): 200 GET http://10.180.1.21/compute/v2.1/servers/7b553948-c734-41e9-9a9f-1ec61e5c492d 0.463s
2025-11-14 02:42:49.343 66068 INFO tempest.lib.common.rest_client [req-a4478cc2-dc4e-4b57-8060-0bd7e166f081 req-a4478cc2-dc4e-4b57-8060-0bd7e166f081 ] Request (ServersAdminNegativeTestJSON:test_migrate_server_invalid_state): 200 GET http://10.180.1.21/compute/v2.1/servers/c6748496-ba51-4709-bca4-8c09d2be77e8 0.464s
2025-11-14 02:42:49.347 66056 INFO tempest.lib.common.rest_client [req-53c36a36-c6d5-4db0-b047-5506ffc25605 req-53c36a36-c6d5-4db0-b047-5506ffc25605 ] Request (ImagesOneServerNegativeTestJSON:_run_cleanups): 200 GET http://10.180.1.21/compute/v2.1/servers/54f70fe2-5259-4e70-8f26-6b27c54ee444 0.488s
2025-11-14 02:42:49.377 66072 INFO tempest.lib.common.rest_client [req-33ab7fca-87d8-4a33-8762-80281cee7444 req-33ab7fca-87d8-4a33-8762-80281cee7444 ] Request (InstanceActionsTestJSON:tearDownClass): 204 DELETE http://10.180.1.21/identity/v3/projects/e79f22b5582d4cf885561d992548d579 0.108s
2025-11-14 02:42:49.400 66076 INFO tempest.lib.common.rest_client [req-877087ac-dfef-4e73-b81c-f37ea3343294 req-877087ac-dfef-4e73-b81c-f37ea3343294 ] Request (ServersWithSpecificFlavorTestJSON:test_verify_created_server_ephemeral_disk): 200 GET http://10.180.1.21/compute/v2.1/servers/05953b83-4821-4233-86ef-49e3bc492c1d 0.433s
2025-11-14 02:42:49.465 66086 INFO tempest.lib.common.rest_client [req-c9d48a1b-e4d2-45a5-b988-81f5ccfbbec3 req-c9d48a1b-e4d2-45a5-b988-81f5ccfbbec3 ] Request (ServerActionsTestJSON:test_rebuild_server): 200 GET http://10.180.1.21/compute/v2.1/servers/8f3c4fee-c9e4-4c16-8cd5-562095bc1805 0.473s
2025-11-14 02:42:49.471 66048 INFO tempest.lib.common.rest_client [req-14db78b8-3b30-4611-9cd6-c30161632e7a req-14db78b8-3b30-4611-9cd6-c30161632e7a ] Request (ServerMetadataTestJSON:tearDownClass): 200 GET http://10.180.1.21/compute/v2.1/servers/b8c9cd15-227c-47d4-9b2a-ea77d8c0ddc5 0.442s
2025-11-14 02:42:49.575 66078 INFO tempest.lib.common.rest_client [req-e63baa44-ae94-4436-a355-f6b8b79e7603 req-e63baa44-ae94-4436-a355-f6b8b79e7603 ] Request (ServersListShow2100Test:tearDownClass): 200 GET http://10.180.1.21/compute/v2.1/servers/4eb0977c-56d8-43c2-9c38-1eb2dd281f73 0.456s
2025-11-14 02:42:49.597 66062 INFO tempest.lib.common.rest_client [req-0d519d5f-28ef-4c36-8a7d-b571f249c3ad req-0d519d5f-28ef-4c36-8a7d-b571f249c3ad ] Request (ServerDiskConfigTestJSON:test_resize_server_from_auto_to_manual): 200 GET http://10.180.1.21/compute/v2.1/servers/0c14c4d2-b078-41c4-920d-d17ed577ebad 0.454s
2025-11-14 02:42:49.629 66040 INFO tempest.lib.common.rest_client [req-b2ab46ef-a252-4322-a61b-3f6f609b8611 req-b2ab46ef-a252-4322-a61b-3f6f609b8611 ] Request (AttachVolumeNegativeTest:test_attach_attached_volume_to_different_server): 200 GET http://10.180.1.21/compute/v2.1/servers/82dec126-eb2a-4d77-aa7a-3ceeb6f7aaa5 0.460s
2025-11-14 02:42:49.653 66058 INFO tempest.lib.common.rest_client [req-cb146f79-da4c-407e-bb7a-f1eb0ac4709d req-cb146f79-da4c-407e-bb7a-f1eb0ac4709d ] Request (SecurityGroupsTestJSON:test_server_security_groups): 200 GET http://10.180.1.21/compute/v2.1/servers/3b26077b-ef17-4368-903b-3eb65588cee0 0.451s
2025-11-14 02:42:49.675 66067 INFO tempest.lib.common.rest_client [req-82697e49-a97f-4345-a61b-bb78170be75a req-82697e49-a97f-4345-a61b-bb78170be75a ] Request (ServerGroupTestJSON:test_create_server_with_scheduler_hint_group): 200 GET http://10.180.1.21/compute/v2.1/servers/dbaf087d-8a01-402d-adca-9ee97afe86d7 0.446s
2025-11-14 02:42:49.699 66096 INFO tempest.lib.common.rest_client [req-ca3d1a9b-e844-4605-b53e-73c8ed9e69dd req-ca3d1a9b-e844-4605-b53e-73c8ed9e69dd ] Request (ServerActionsTestOtherA:test_rebuild_server_with_volume_attached): 200 GET http://10.180.1.21/compute/v2.1/servers/fb6cadc8-5615-4da1-aed7-09604f51cdc4 0.449s
2025-11-14 02:42:49.729 66036 INFO tempest.lib.common.rest_client [req-7c925c3b-c1f9-41bc-b431-5aac7f603f31 req-7c925c3b-c1f9-41bc-b431-5aac7f603f31 ] Request (ServerShowV254Test:test_rebuild_server): 200 GET http://10.180.1.21/compute/v2.1/servers/68f1e04e-011e-4d3a-be56-d55170c76885 0.431s
2025-11-14 02:42:49.755 66074 INFO tempest.lib.common.rest_client [req-6735fa4e-31a5-4cb1-9cce-7d5c5b58f0fd req-6735fa4e-31a5-4cb1-9cce-7d5c5b58f0fd ] Request (ServerShowV247Test:test_update_rebuild_list_server): 200 GET http://10.180.1.21/compute/v2.1/servers/18b9d973-6729-47b1-8585-3ba385e9815e 0.445s
2025-11-14 02:42:49.792 66098 INFO tempest.lib.common.rest_client [req-b8b7d4ae-ab71-4b7d-9c12-d668c54ebb4c req-b8b7d4ae-ab71-4b7d-9c12-d668c54ebb4c ] Request (ListServerFiltersTestJSON:tearDownClass): 200 GET http://10.180.1.21/compute/v2.1/servers/4326ee00-a744-40c5-b4c8-b9678112fab9 0.441s
2025-11-14 02:42:49.810 66088 INFO tempest.lib.common.rest_client [req-ee525233-9be6-436d-b038-8a6bc02d3c3e req-ee525233-9be6-436d-b038-8a6bc02d3c3e ] Request (ServerRescueNegativeTestJSON:test_rescued_vm_detach_volume): 200 GET http://10.180.1.21/compute/v2.1/servers/e62fd4a2-5121-40b7-830d-0ee02d4e66ce 0.392s
2025-11-14 02:42:49.893 66052 INFO tempest.lib.common.rest_client [req-d1ccf26f-1580-48a7-a069-0d9431a48683 req-d1ccf26f-1580-48a7-a069-0d9431a48683 ] Request (VolumesAssistedSnapshotsTest:tearDownClass): 200 GET http://10.180.1.21/compute/v2.1/servers/d74f35ca-04cc-415e-a71d-3d78e99e7a01 0.204s
2025-11-14 02:42:49.908 66046 INFO tempest.lib.common.rest_client [req-61731b6d-b010-4aef-897c-7d18d95a1cf3 req-61731b6d-b010-4aef-897c-7d18d95a1cf3 ] Request (ImagesTestJSON:test_create_image_from_suspended_server): 200 GET http://10.180.1.21/compute/v2.1/servers/f6c4788e-d8f0-4023-a28c-9b1822c8ed29 0.420s
2025-11-14 02:42:49.916 66046 INFO tempest.common.waiters [-] State transition "BUILD/spawning" ==> "ACTIVE/None" after 42 second wait
2025-11-14 02:42:49.951 66090 INFO tempest.lib.common.rest_client [req-6fb17eed-14ff-4282-a357-f95c1e350f6e req-6fb17eed-14ff-4282-a357-f95c1e350f6e ] Request (ServersTestMultiNic:_run_cleanups): 200 GET http://10.180.1.21/compute/v2.1/servers/ab64090f-d45b-41d9-b1e4-3a1a57337a56 0.256s
2025-11-14 02:42:49.993 66046 INFO tempest.lib.common.rest_client [req-61b73430-bb4c-4f93-aa75-a61546743a2a req-61b73430-bb4c-4f93-aa75-a61546743a2a ] Request (ImagesTestJSON:test_create_image_from_suspended_server): 202 POST http://10.180.1.21/compute/v2.1/servers/f6c4788e-d8f0-4023-a28c-9b1822c8ed29/action 0.077s
2025-11-14 02:42:50.109 66060 INFO tempest.lib.common.rest_client [req-2a79391a-78cf-4042-a56c-6207e0b85463 req-2a79391a-78cf-4042-a56c-6207e0b85463 ] Request (AttachVolumeShelveTestJSON:test_attach_volume_shelved_or_offload_server): 200 GET http://10.180.1.21/compute/v2.1/servers/1847f3a7-41c8-41f2-bddb-2d7da65d0443 0.183s
2025-11-14 02:42:50.126 66046 INFO tempest.lib.common.rest_client [req-2cfe48a0-f9f6-4926-b4c1-1d0e20483d56 req-2cfe48a0-f9f6-4926-b4c1-1d0e20483d56 ] Request (ImagesTestJSON:test_create_image_from_suspended_server): 200 GET http://10.180.1.21/compute/v2.1/servers/f6c4788e-d8f0-4023-a28c-9b1822c8ed29 0.132s
2025-11-14 02:42:50.164 66092 INFO tempest.lib.common.rest_client [req-eccf645b-3237-4171-9977-1111e99d0622 req-eccf645b-3237-4171-9977-1111e99d0622 ] Request (ServerRescueTestJSONUnderV235:tearDownClass): 200 GET http://10.180.1.21/compute/v2.1/servers/3c0934a9-252b-4616-93ba-0f20d148f604 0.166s
2025-11-14 02:42:50.250 66054 INFO tempest.lib.common.rest_client [req-4b9eac0d-5ec3-4025-9240-5724ea5fe8dd req-4b9eac0d-5ec3-4025-9240-5724ea5fe8dd ] Request (MigrationsAdminTest:test_resize_server_revert_deleted_flavor): 200 GET http://10.180.1.21/compute/v2.1/servers/1019dc1b-33fc-45a7-9eb9-d7baf4950e1a 0.094s
2025-11-14 02:42:50.358 66044 INFO tempest.lib.common.rest_client [req-e7bb4ef5-495a-4086-895b-f2023504f343 req-e7bb4ef5-495a-4086-895b-f2023504f343 ] Request (ServersTestBootFromVolume:setUpClass): 200 GET http://10.180.1.21/compute/v2.1/servers/7b553948-c734-41e9-9a9f-1ec61e5c492d 0.055s
2025-11-14 02:42:50.370 66082 INFO tempest.lib.common.rest_client [req-c659795d-5409-4ac9-b310-66b92041b732 req-c659795d-5409-4ac9-b310-66b92041b732 ] Request (ServersNegativeTestMultiTenantJSON:tearDownClass): 200 GET http://10.180.1.21/compute/v2.1/servers/cdeccb4d-d3fc-41b9-9cc4-b68a1ced857e 0.067s
2025-11-14 02:42:50.413 66068 INFO tempest.lib.common.rest_client [req-ea0d231e-0f4f-410e-9377-9a864b5cb6f5 req-ea0d231e-0f4f-410e-9377-9a864b5cb6f5 ] Request (ServersAdminNegativeTestJSON:test_migrate_server_invalid_state): 200 GET http://10.180.1.21/compute/v2.1/servers/c6748496-ba51-4709-bca4-8c09d2be77e8 0.060s
2025-11-14 02:42:50.425 66056 INFO tempest.lib.common.rest_client [req-5e442923-fe8b-4fab-9c85-c5610ba77d69 req-5e442923-fe8b-4fab-9c85-c5610ba77d69 ] Request (ImagesOneServerNegativeTestJSON:_run_cleanups): 200 GET http://10.180.1.21/compute/v2.1/servers/54f70fe2-5259-4e70-8f26-6b27c54ee444 0.070s
2025-11-14 02:42:50.466 66076 INFO tempest.lib.common.rest_client [req-ffc112bd-466c-4f89-bfe2-4dd6497ac35c req-ffc112bd-466c-4f89-bfe2-4dd6497ac35c ] Request (ServersWithSpecificFlavorTestJSON:test_verify_created_server_ephemeral_disk): 200 GET http://10.180.1.21/compute/v2.1/servers/05953b83-4821-4233-86ef-49e3bc492c1d 0.056s
2025-11-14 02:42:50.569 66048 INFO tempest.lib.common.rest_client [req-5a254725-52c8-4e2b-9957-3d8cdc074e51 req-5a254725-52c8-4e2b-9957-3d8cdc074e51 ] Request (ServerMetadataTestJSON:tearDownClass): 200 GET http://10.180.1.21/compute/v2.1/servers/b8c9cd15-227c-47d4-9b2a-ea77d8c0ddc5 0.084s
2025-11-14 02:42:50.608 66086 INFO tempest.lib.common.rest_client [req-a480ae61-2688-4905-85ce-9b4410ca62e9 req-a480ae61-2688-4905-85ce-9b4410ca62e9 ] Request (ServerActionsTestJSON:test_rebuild_server): 200 GET http://10.180.1.21/compute/v2.1/servers/8f3c4fee-c9e4-4c16-8cd5-562095bc1805 0.131s
2025-11-14 02:42:50.755 66078 INFO tempest.lib.common.rest_client [req-f76ce6cd-436f-4a78-b407-9264bedf2738 req-f76ce6cd-436f-4a78-b407-9264bedf2738 ] Request (ServersListShow2100Test:tearDownClass): 200 GET http://10.180.1.21/compute/v2.1/servers/4eb0977c-56d8-43c2-9c38-1eb2dd281f73 0.165s
2025-11-14 02:42:50.775 66062 INFO tempest.lib.common.rest_client [req-133326ea-8f5e-48c3-8de4-88a6f0a51b86 req-133326ea-8f5e-48c3-8de4-88a6f0a51b86 ] Request (ServerDiskConfigTestJSON:test_resize_server_from_auto_to_manual): 200 GET http://10.180.1.21/compute/v2.1/servers/0c14c4d2-b078-41c4-920d-d17ed577ebad 0.169s
2025-11-14 02:42:50.828 66040 INFO tempest.lib.common.rest_client [req-0f01fd83-6c47-405f-ad8d-cb703fcde429 req-0f01fd83-6c47-405f-ad8d-cb703fcde429 ] Request (AttachVolumeNegativeTest:test_attach_attached_volume_to_different_server): 200 GET http://10.180.1.21/compute/v2.1/servers/82dec126-eb2a-4d77-aa7a-3ceeb6f7aaa5 0.189s
2025-11-14 02:42:50.849 66058 INFO tempest.lib.common.rest_client [req-8c02827e-7093-4996-aa17-52cb88f4d83b req-8c02827e-7093-4996-aa17-52cb88f4d83b ] Request (SecurityGroupsTestJSON:test_server_security_groups): 200 GET http://10.180.1.21/compute/v2.1/servers/3b26077b-ef17-4368-903b-3eb65588cee0 0.188s
2025-11-14 02:42:50.888 66067 INFO tempest.lib.common.rest_client [req-95495724-bfee-4e13-8154-6bc6d303dc15 req-95495724-bfee-4e13-8154-6bc6d303dc15 ] Request (ServerGroupTestJSON:test_create_server_with_scheduler_hint_group): 200 GET http://10.180.1.21/compute/v2.1/servers/dbaf087d-8a01-402d-adca-9ee97afe86d7 0.204s
2025-11-14 02:42:50.913 66096 INFO tempest.lib.common.rest_client [req-213aa095-abc7-43a6-a31f-d46829ac3049 req-213aa095-abc7-43a6-a31f-d46829ac3049 ] Request (ServerActionsTestOtherA:test_rebuild_server_with_volume_attached): 200 GET http://10.180.1.21/compute/v2.1/servers/fb6cadc8-5615-4da1-aed7-09604f51cdc4 0.206s
2025-11-14 02:42:50.946 66036 INFO tempest.lib.common.rest_client [req-be003dae-ba60-4415-a22c-c1b05f75ecec req-be003dae-ba60-4415-a22c-c1b05f75ecec ] Request (ServerShowV254Test:test_rebuild_server): 200 GET http://10.180.1.21/compute/v2.1/servers/68f1e04e-011e-4d3a-be56-d55170c76885 0.206s
2025-11-14 02:42:50.957 66036 INFO tempest.common.waiters [-] State transition "REBUILD/rebuild_spawning" ==> "ACTIVE/None" after 10 second wait
2025-11-14 02:42:50.975 66074 INFO tempest.lib.common.rest_client [req-62343eac-1b0e-4265-8265-f194b2e18cc5 req-62343eac-1b0e-4265-8265-f194b2e18cc5 ] Request (ServerShowV247Test:test_update_rebuild_list_server): 200 GET http://10.180.1.21/compute/v2.1/servers/18b9d973-6729-47b1-8585-3ba385e9815e 0.210s
2025-11-14 02:42:51.023 66098 INFO tempest.lib.common.rest_client [req-4406e6e6-cdc6-48bb-bcc3-3b166a61ef4d req-4406e6e6-cdc6-48bb-bcc3-3b166a61ef4d ] Request (ListServerFiltersTestJSON:tearDownClass): 200 GET http://10.180.1.21/compute/v2.1/servers/4326ee00-a744-40c5-b4c8-b9678112fab9 0.221s
2025-11-14 02:42:51.102 66052 INFO tempest.lib.common.rest_client [req-d2ce95d7-b6dc-426f-9c1d-e8d9413ff298 req-d2ce95d7-b6dc-426f-9c1d-e8d9413ff298 ] Request (VolumesAssistedSnapshotsTest:tearDownClass): 200 GET http://10.180.1.21/compute/v2.1/servers/d74f35ca-04cc-415e-a71d-3d78e99e7a01 0.201s
2025-11-14 02:42:51.128 66088 INFO tempest.lib.common.rest_client [req-507ea305-3dbb-40f2-88cd-d162c5f132e6 req-507ea305-3dbb-40f2-88cd-d162c5f132e6 ] Request (ServerRescueNegativeTestJSON:test_rescued_vm_detach_volume): 200 GET http://10.180.1.21/compute/v2.1/servers/e62fd4a2-5121-40b7-830d-0ee02d4e66ce 0.310s
2025-11-14 02:42:51.128 66036 INFO tempest.lib.common.rest_client [req-e390a3f0-573a-4d8f-9e35-50d2eb8f2c57 req-e390a3f0-573a-4d8f-9e35-50d2eb8f2c57 ] Request (ServerShowV254Test:_run_cleanups): 204 DELETE http://10.180.1.21/compute/v2.1/os-keypairs/tempest-ServerShowV254Test-keypair-1501216687 0.171s
2025-11-14 02:42:51.137 66088 INFO tempest.common.waiters [-] State transition "BUILD/None" ==> "BUILD/networking" after 36 second wait
2025-11-14 02:42:51.191 66090 INFO tempest.lib.common.rest_client [req-ed419c20-4f68-436b-a0fe-44e4bbb93f38 req-ed419c20-4f68-436b-a0fe-44e4bbb93f38 ] Request (ServersTestMultiNic:_run_cleanups): 200 GET http://10.180.1.21/compute/v2.1/servers/ab64090f-d45b-41d9-b1e4-3a1a57337a56 0.227s
2025-11-14 02:42:51.243 66060 INFO tempest.lib.common.rest_client [req-bad286d9-5b5e-45e1-b5fb-7ebd60fab72b req-bad286d9-5b5e-45e1-b5fb-7ebd60fab72b ] Request (AttachVolumeShelveTestJSON:test_attach_volume_shelved_or_offload_server): 200 GET http://10.180.1.21/compute/v2.1/servers/1847f3a7-41c8-41f2-bddb-2d7da65d0443 0.124s
2025-11-14 02:42:51.252 66060 INFO tempest.common.waiters [-] State transition "SHELVED/shelving_offloading" ==> "SHELVED_OFFLOADED/None" after 20 second wait
2025-11-14 02:42:51.313 66036 INFO tempest.lib.common.rest_client [req-59bb605a-3465-48ce-8350-117cf726a1b8 req-59bb605a-3465-48ce-8350-117cf726a1b8 ] Request (ServerShowV254Test:tearDownClass): 204 DELETE http://10.180.1.21/compute/v2.1/servers/68f1e04e-011e-4d3a-be56-d55170c76885 0.179s
2025-11-14 02:42:51.320 66046 INFO tempest.lib.common.rest_client [req-a909d2a2-70c3-479b-9d51-f1940c1bfd16 req-a909d2a2-70c3-479b-9d51-f1940c1bfd16 ] Request (ImagesTestJSON:test_create_image_from_suspended_server): 200 GET http://10.180.1.21/compute/v2.1/servers/f6c4788e-d8f0-4023-a28c-9b1822c8ed29 0.186s
2025-11-14 02:42:51.368 66092 INFO tempest.lib.common.rest_client [req-317197e7-33bc-4927-b21a-eea3bcbe6f15 req-317197e7-33bc-4927-b21a-eea3bcbe6f15 ] Request (ServerRescueTestJSONUnderV235:tearDownClass): 200 GET http://10.180.1.21/compute/v2.1/servers/3c0934a9-252b-4616-93ba-0f20d148f604 0.196s
2025-11-14 02:42:51.510 66060 INFO tempest.lib.common.rest_client [req-c656bb62-f5a8-4d19-a5dd-95d77e22e939 req-c656bb62-f5a8-4d19-a5dd-95d77e22e939 ] Request (AttachVolumeShelveTestJSON:test_attach_volume_shelved_or_offload_server): 200 POST http://10.180.1.21/compute/v2.1/servers/1847f3a7-41c8-41f2-bddb-2d7da65d0443/os-volume_attachments 0.257s
2025-11-14 02:42:51.510 66054 INFO tempest.lib.common.rest_client [req-057930b1-10f4-4358-8110-7df1add4694d req-057930b1-10f4-4358-8110-7df1add4694d ] Request (MigrationsAdminTest:test_resize_server_revert_deleted_flavor): 200 GET http://10.180.1.21/compute/v2.1/servers/1019dc1b-33fc-45a7-9eb9-d7baf4950e1a 0.247s
