2025-11-14 02:42:51.539 66060 INFO tempest.lib.common.rest_client [req-69aceb68-864a-4f72-b668-67d8d0cbae2f req-69aceb68-864a-4f72-b668-67d8d0cbae2f ] Request (AttachVolumeShelveTestJSON:test_attach_volume_shelved_or_offload_server): 200 GET http://10.180.1.21/volume/v3/volumes/9457c4d8-a188-42b1-8685-b17239bc1179 0.028s
2025-11-14 02:42:51.546 66060 INFO tempest.common.waiters [-] Attachment c4c527ef-ed93-432d-ad84-0810692f94ce created for volume 9457c4d8-a188-42b1-8685-b17239bc1179 to server 1847f3a7-41c8-41f2-bddb-2d7da65d0443 after waiting for 0.546082 seconds
2025-11-14 02:42:51.568 66044 INFO tempest.lib.common.rest_client [req-7f3b119c-e864-4a85-a2b3-005b916cc79f req-7f3b119c-e864-4a85-a2b3-005b916cc79f ] Request (ServersTestBootFromVolume:setUpClass): 200 GET http://10.180.1.21/compute/v2.1/servers/7b553948-c734-41e9-9a9f-1ec61e5c492d 0.202s
2025-11-14 02:42:51.583 66060 INFO tempest.lib.common.rest_client [req-e313487c-d617-4c5b-b3b6-2a6fb17b72ec req-e313487c-d617-4c5b-b3b6-2a6fb17b72ec ] Request (AttachVolumeShelveTestJSON:test_attach_volume_shelved_or_offload_server): 200 GET http://10.180.1.21/volume/v3/volumes/9457c4d8-a188-42b1-8685-b17239bc1179 0.037s
2025-11-14 02:42:51.583 66036 INFO tempest.lib.common.rest_client [req-fa800841-6170-4ed8-b01c-57a8e3cc97c7 req-fa800841-6170-4ed8-b01c-57a8e3cc97c7 ] Request (ServerShowV254Test:tearDownClass): 200 GET http://10.180.1.21/compute/v2.1/servers/68f1e04e-011e-4d3a-be56-d55170c76885 0.270s
2025-11-14 02:42:51.591 66060 INFO tempest.common.waiters [-] volume 9457c4d8-a188-42b1-8685-b17239bc1179 reached in-use after waiting for 0.591600 seconds
2025-11-14 02:42:51.641 66068 INFO tempest.lib.common.rest_client [req-365b93d6-3bff-463d-9e2f-5dea52318378 req-365b93d6-3bff-463d-9e2f-5dea52318378 ] Request (ServersAdminNegativeTestJSON:test_migrate_server_invalid_state): 200 GET http://10.180.1.21/compute/v2.1/servers/c6748496-ba51-4709-bca4-8c09d2be77e8 0.220s
2025-11-14 02:42:51.652 66082 INFO tempest.lib.common.rest_client [req-d87bdfd2-0c20-4378-a242-516f71e60082 req-d87bdfd2-0c20-4378-a242-516f71e60082 ] Request (ServersNegativeTestMultiTenantJSON:tearDownClass): 200 GET http://10.180.1.21/compute/v2.1/servers/cdeccb4d-d3fc-41b9-9cc4-b68a1ced857e 0.273s
2025-11-14 02:42:51.695 66056 INFO tempest.lib.common.rest_client [req-68328c59-2adc-4cfd-ad23-ed03b71c0ca4 req-68328c59-2adc-4cfd-ad23-ed03b71c0ca4 ] Request (ImagesOneServerNegativeTestJSON:_run_cleanups): 200 GET http://10.180.1.21/compute/v2.1/servers/54f70fe2-5259-4e70-8f26-6b27c54ee444 0.262s
2025-11-14 02:42:51.710 66076 INFO tempest.lib.common.rest_client [req-ef68d274-9dbc-49c2-bf13-b0b5e69e7ca5 req-ef68d274-9dbc-49c2-bf13-b0b5e69e7ca5 ] Request (ServersWithSpecificFlavorTestJSON:test_verify_created_server_ephemeral_disk): 200 GET http://10.180.1.21/compute/v2.1/servers/05953b83-4821-4233-86ef-49e3bc492c1d 0.234s
2025-11-14 02:42:51.762 66048 INFO tempest.lib.common.rest_client [req-6f871d51-e66b-4f6f-b140-84f0f9a61434 req-6f871d51-e66b-4f6f-b140-84f0f9a61434 ] Request (ServerMetadataTestJSON:tearDownClass): 200 GET http://10.180.1.21/compute/v2.1/servers/b8c9cd15-227c-47d4-9b2a-ea77d8c0ddc5 0.181s
2025-11-14 02:42:51.817 66060 INFO tempest.lib.common.rest_client [req-154935b1-c167-4670-995e-76747026b4ba req-154935b1-c167-4670-995e-76747026b4ba ] Request (AttachVolumeShelveTestJSON:test_attach_volume_shelved_or_offload_server): 202 POST http://10.180.1.21/compute/v2.1/servers/1847f3a7-41c8-41f2-bddb-2d7da65d0443/action 0.225s
2025-11-14 02:42:51.957 66086 INFO tempest.lib.common.rest_client [req-6fb992a0-5b6b-4bbe-992c-bfa06119bebe req-6fb992a0-5b6b-4bbe-992c-bfa06119bebe ] Request (ServerActionsTestJSON:test_rebuild_server): 200 GET http://10.180.1.21/compute/v2.1/servers/8f3c4fee-c9e4-4c16-8cd5-562095bc1805 0.340s
2025-11-14 02:42:51.986 66078 INFO tempest.lib.common.rest_client [req-5d38136a-3b98-4ac4-aaa8-bcb795c02651 req-5d38136a-3b98-4ac4-aaa8-bcb795c02651 ] Request (ServersListShow2100Test:tearDownClass): 200 GET http://10.180.1.21/compute/v2.1/servers/4eb0977c-56d8-43c2-9c38-1eb2dd281f73 0.218s
2025-11-14 02:42:52.128 66062 INFO tempest.lib.common.rest_client [req-19fefe2a-3490-4457-b9e2-65567b11487c req-19fefe2a-3490-4457-b9e2-65567b11487c ] Request (ServerDiskConfigTestJSON:test_resize_server_from_auto_to_manual): 200 GET http://10.180.1.21/compute/v2.1/servers/0c14c4d2-b078-41c4-920d-d17ed577ebad 0.345s
2025-11-14 02:42:52.154 66060 INFO tempest.lib.common.rest_client [req-3f833857-bb3a-4503-956c-398a066b003a req-3f833857-bb3a-4503-956c-398a066b003a ] Request (AttachVolumeShelveTestJSON:test_attach_volume_shelved_or_offload_server): 200 GET http://10.180.1.21/compute/v2.1/servers/1847f3a7-41c8-41f2-bddb-2d7da65d0443 0.337s
2025-11-14 02:42:52.180 66040 INFO tempest.lib.common.rest_client [req-50b338fe-55bf-42d4-8eca-154575423b4d req-50b338fe-55bf-42d4-8eca-154575423b4d ] Request (AttachVolumeNegativeTest:test_attach_attached_volume_to_different_server): 200 GET http://10.180.1.21/compute/v2.1/servers/82dec126-eb2a-4d77-aa7a-3ceeb6f7aaa5 0.343s
2025-11-14 02:42:52.211 66058 INFO tempest.lib.common.rest_client [req-c41a4ec2-0c90-4fdf-9644-f3a8fd49558d req-c41a4ec2-0c90-4fdf-9644-f3a8fd49558d ] Request (SecurityGroupsTestJSON:test_server_security_groups): 200 GET http://10.180.1.21/compute/v2.1/servers/3b26077b-ef17-4368-903b-3eb65588cee0 0.349s
2025-11-14 02:42:52.225 66067 INFO tempest.lib.common.rest_client [req-b8d2801c-6b7e-4837-8cee-3c28555dbfc8 req-b8d2801c-6b7e-4837-8cee-3c28555dbfc8 ] Request (ServerGroupTestJSON:test_create_server_with_scheduler_hint_group): 200 GET http://10.180.1.21/compute/v2.1/servers/dbaf087d-8a01-402d-adca-9ee97afe86d7 0.325s
2025-11-14 02:42:52.261 66096 INFO tempest.lib.common.rest_client [req-c174680c-033f-4b6b-8583-e4a39b7ef036 req-c174680c-033f-4b6b-8583-e4a39b7ef036 ] Request (ServerActionsTestOtherA:test_rebuild_server_with_volume_attached): 200 GET http://10.180.1.21/compute/v2.1/servers/fb6cadc8-5615-4da1-aed7-09604f51cdc4 0.339s
2025-11-14 02:42:52.276 66074 INFO tempest.lib.common.rest_client [req-54d41511-9253-43ad-ae44-df8f1463b2e4 req-54d41511-9253-43ad-ae44-df8f1463b2e4 ] Request (ServerShowV247Test:test_update_rebuild_list_server): 200 GET http://10.180.1.21/compute/v2.1/servers/18b9d973-6729-47b1-8585-3ba385e9815e 0.287s
2025-11-14 02:42:52.330 66098 INFO tempest.lib.common.rest_client [req-ac707189-0c44-4ccc-a8d0-b5e33200fb26 req-ac707189-0c44-4ccc-a8d0-b5e33200fb26 ] Request (ListServerFiltersTestJSON:tearDownClass): 200 GET http://10.180.1.21/compute/v2.1/servers/4326ee00-a744-40c5-b4c8-b9678112fab9 0.299s
2025-11-14 02:42:52.345 66052 INFO tempest.lib.common.rest_client [req-4ee392ca-3384-46d5-841b-a2a7355690d1 req-4ee392ca-3384-46d5-841b-a2a7355690d1 ] Request (VolumesAssistedSnapshotsTest:tearDownClass): 200 GET http://10.180.1.21/compute/v2.1/servers/d74f35ca-04cc-415e-a71d-3d78e99e7a01 0.225s
2025-11-14 02:42:52.406 66090 INFO tempest.lib.common.rest_client [req-9ea4f445-d55f-44c8-8347-15dc2e0bfd78 req-9ea4f445-d55f-44c8-8347-15dc2e0bfd78 ] Request (ServersTestMultiNic:_run_cleanups): 200 GET http://10.180.1.21/compute/v2.1/servers/ab64090f-d45b-41d9-b1e4-3a1a57337a56 0.206s
2025-11-14 02:42:52.429 66088 INFO tempest.lib.common.rest_client [req-d3cda0f3-b27c-458c-8dfd-9cc6e062bdf4 req-d3cda0f3-b27c-458c-8dfd-9cc6e062bdf4 ] Request (ServerRescueNegativeTestJSON:test_rescued_vm_detach_volume): 200 GET http://10.180.1.21/compute/v2.1/servers/e62fd4a2-5121-40b7-830d-0ee02d4e66ce 0.291s
2025-11-14 02:42:52.435 66088 INFO tempest.common.waiters [-] State transition "BUILD/networking" ==> "BUILD/spawning" after 37 second wait
2025-11-14 02:42:52.503 66092 INFO tempest.lib.common.rest_client [req-1fa1cf16-621c-41cd-96fb-be3da93b2ea1 req-1fa1cf16-621c-41cd-96fb-be3da93b2ea1 ] Request (ServerRescueTestJSONUnderV235:tearDownClass): 200 GET http://10.180.1.21/compute/v2.1/servers/3c0934a9-252b-4616-93ba-0f20d148f604 0.127s
2025-11-14 02:42:52.519 66046 INFO tempest.lib.common.rest_client [req-466ff475-53e7-4c5a-91ee-999ef4de78a4 req-466ff475-53e7-4c5a-91ee-999ef4de78a4 ] Request (ImagesTestJSON:test_create_image_from_suspended_server): 200 GET http://10.180.1.21/compute/v2.1/servers/f6c4788e-d8f0-4023-a28c-9b1822c8ed29 0.192s
2025-11-14 02:42:52.527 66046 INFO tempest.common.waiters [-] State transition "ACTIVE/suspending" ==> "SUSPENDED/None" after 2 second wait
2025-11-14 02:42:52.642 66054 INFO tempest.lib.common.rest_client [req-2ba91a29-6b07-4c3e-a007-ba4d1ceaf357 req-2ba91a29-6b07-4c3e-a007-ba4d1ceaf357 ] Request (MigrationsAdminTest:test_resize_server_revert_deleted_flavor): 200 GET http://10.180.1.21/compute/v2.1/servers/1019dc1b-33fc-45a7-9eb9-d7baf4950e1a 0.124s
2025-11-14 02:42:52.699 66044 INFO tempest.lib.common.rest_client [req-74260670-0771-43af-b136-c9ed3a46423e req-74260670-0771-43af-b136-c9ed3a46423e ] Request (ServersTestBootFromVolume:setUpClass): 200 GET http://10.180.1.21/compute/v2.1/servers/7b553948-c734-41e9-9a9f-1ec61e5c492d 0.122s
2025-11-14 02:42:52.753 66036 INFO tempest.lib.common.rest_client [req-2cbc097a-5f7f-4312-bcb7-567bc9693590 req-2cbc097a-5f7f-4312-bcb7-567bc9693590 ] Request (ServerShowV254Test:tearDownClass): 200 GET http://10.180.1.21/compute/v2.1/servers/68f1e04e-011e-4d3a-be56-d55170c76885 0.158s
2025-11-14 02:42:52.803 66068 INFO tempest.lib.common.rest_client [req-8363c0cc-9047-4cf3-a9c3-b2c050e955bb req-8363c0cc-9047-4cf3-a9c3-b2c050e955bb ] Request (ServersAdminNegativeTestJSON:test_migrate_server_invalid_state): 200 GET http://10.180.1.21/compute/v2.1/servers/c6748496-ba51-4709-bca4-8c09d2be77e8 0.153s
2025-11-14 02:42:52.855 66082 INFO tempest.lib.common.rest_client [req-fdd840e7-db7d-445b-be9a-28d3073ea3fe req-fdd840e7-db7d-445b-be9a-28d3073ea3fe ] Request (ServersNegativeTestMultiTenantJSON:tearDownClass): 200 GET http://10.180.1.21/compute/v2.1/servers/cdeccb4d-d3fc-41b9-9cc4-b68a1ced857e 0.194s
2025-11-14 02:42:52.900 66056 INFO tempest.lib.common.rest_client [req-dc0284b4-a0cb-456e-8d53-f93d79e8e2aa req-dc0284b4-a0cb-456e-8d53-f93d79e8e2aa ] Request (ImagesOneServerNegativeTestJSON:_run_cleanups): 200 GET http://10.180.1.21/compute/v2.1/servers/54f70fe2-5259-4e70-8f26-6b27c54ee444 0.196s
2025-11-14 02:42:52.946 66076 INFO tempest.lib.common.rest_client [req-c5b57b07-8774-442d-9193-5bd086bb7683 req-c5b57b07-8774-442d-9193-5bd086bb7683 ] Request (ServersWithSpecificFlavorTestJSON:test_verify_created_server_ephemeral_disk): 200 GET http://10.180.1.21/compute/v2.1/servers/05953b83-4821-4233-86ef-49e3bc492c1d 0.226s
2025-11-14 02:42:52.949 66046 INFO tempest.lib.common.rest_client [req-d1f0003d-b0ad-42e5-adc5-25afcd773c81 req-d1f0003d-b0ad-42e5-adc5-25afcd773c81 ] Request (ImagesTestJSON:test_create_image_from_suspended_server): 202 POST http://10.180.1.21/compute/v2.1/servers/f6c4788e-d8f0-4023-a28c-9b1822c8ed29/action 0.422s
2025-11-14 02:42:52.985 66046 INFO tempest.lib.common.rest_client [req-935c3688-fedd-4d3f-8f73-4ada3ac1374c req-935c3688-fedd-4d3f-8f73-4ada3ac1374c ] Request (ImagesTestJSON:test_create_image_from_suspended_server): 200 GET http://10.180.1.21/compute/v2.1/images/084b3961-e4f4-479c-b6c3-96bcf2d94a19 0.035s
2025-11-14 02:42:53.004 66048 INFO tempest.lib.common.rest_client [req-2cd2431b-64dc-4225-8600-ed5762d506d1 req-2cd2431b-64dc-4225-8600-ed5762d506d1 ] Request (ServerMetadataTestJSON:tearDownClass): 200 GET http://10.180.1.21/compute/v2.1/servers/b8c9cd15-227c-47d4-9b2a-ea77d8c0ddc5 0.233s
2025-11-14 02:42:53.024 66078 INFO tempest.lib.common.rest_client [req-4fa2aac1-38cc-474c-88f2-4d271b72766a req-4fa2aac1-38cc-474c-88f2-4d271b72766a ] Request (ServersListShow2100Test:tearDownClass): 404 GET http://10.180.1.21/compute/v2.1/servers/4eb0977c-56d8-43c2-9c38-1eb2dd281f73 0.020s
2025-11-14 02:42:53.100 66086 INFO tempest.lib.common.rest_client [req-d2bcb67a-3485-4df2-8dcd-c565ba7aaf95 req-d2bcb67a-3485-4df2-8dcd-c565ba7aaf95 ] Request (ServerActionsTestJSON:test_rebuild_server): 200 GET http://10.180.1.21/compute/v2.1/servers/8f3c4fee-c9e4-4c16-8cd5-562095bc1805 0.130s
2025-11-14 02:42:53.122 66078 INFO tempest.lib.common.rest_client [req-6e019a71-6767-4dd4-9484-040f2221cb90 req-6e019a71-6767-4dd4-9484-040f2221cb90 ] Request (ServersListShow2100Test:tearDownClass): 204 DELETE http://10.180.1.21/identity/v3/users/51ddc91c9e1b457dacaa4c1402cbf338 0.097s
2025-11-14 02:42:53.123 66078 INFO tempest.lib.common.dynamic_creds [-] Deleting project and security group for project: 3422c746e4a14fb286045d11a7035ad3
2025-11-14 02:42:53.186 66078 INFO tempest.lib.common.rest_client [req-78448614-e591-43df-862c-12e3e42462be req-78448614-e591-43df-862c-12e3e42462be ] Request (ServersListShow2100Test:tearDownClass): 201 POST http://10.180.1.21/identity/v3/auth/tokens 0.063s
2025-11-14 02:42:53.264 66062 INFO tempest.lib.common.rest_client [req-bbfb25d5-6b86-4200-9439-c44d190fc4ef req-bbfb25d5-6b86-4200-9439-c44d190fc4ef ] Request (ServerDiskConfigTestJSON:test_resize_server_from_auto_to_manual): 200 GET http://10.180.1.21/compute/v2.1/servers/0c14c4d2-b078-41c4-920d-d17ed577ebad 0.128s
2025-11-14 02:42:53.288 66060 INFO tempest.lib.common.rest_client [req-639e6b6b-2aaa-466d-8c6b-faf5c2d7deca req-639e6b6b-2aaa-466d-8c6b-faf5c2d7deca ] Request (AttachVolumeShelveTestJSON:test_attach_volume_shelved_or_offload_server): 200 GET http://10.180.1.21/compute/v2.1/servers/1847f3a7-41c8-41f2-bddb-2d7da65d0443 0.123s
2025-11-14 02:42:53.317 66040 INFO tempest.lib.common.rest_client [req-4950a876-fa67-4e9f-b018-5cfdaee83743 req-4950a876-fa67-4e9f-b018-5cfdaee83743 ] Request (AttachVolumeNegativeTest:test_attach_attached_volume_to_different_server): 200 GET http://10.180.1.21/compute/v2.1/servers/82dec126-eb2a-4d77-aa7a-3ceeb6f7aaa5 0.129s
2025-11-14 02:42:53.361 66078 INFO tempest.lib.common.rest_client [req-2418711b-97ce-4a82-8027-358a0c648f7d req-2418711b-97ce-4a82-8027-358a0c648f7d ] Request (ServersListShow2100Test:tearDownClass): 200 GET http://10.180.1.21/networking/v2.0/security-groups?tenant_id=3422c746e4a14fb286045d11a7035ad3&name=default 0.174s
2025-11-14 02:42:53.366 66058 INFO tempest.lib.common.rest_client [req-aa4f882a-e2b5-4cb9-8333-32d560c58d7a req-aa4f882a-e2b5-4cb9-8333-32d560c58d7a ] Request (SecurityGroupsTestJSON:test_server_security_groups): 200 GET http://10.180.1.21/compute/v2.1/servers/3b26077b-ef17-4368-903b-3eb65588cee0 0.147s
2025-11-14 02:42:53.379 66067 INFO tempest.lib.common.rest_client [req-77b7965d-1c7d-4810-b8f2-028856779a77 req-77b7965d-1c7d-4810-b8f2-028856779a77 ] Request (ServerGroupTestJSON:test_create_server_with_scheduler_hint_group): 200 GET http://10.180.1.21/compute/v2.1/servers/dbaf087d-8a01-402d-adca-9ee97afe86d7 0.146s
2025-11-14 02:42:53.417 66096 INFO tempest.lib.common.rest_client [req-5c8259f4-ff6a-496a-a0d8-a5100238fed2 req-5c8259f4-ff6a-496a-a0d8-a5100238fed2 ] Request (ServerActionsTestOtherA:test_rebuild_server_with_volume_attached): 200 GET http://10.180.1.21/compute/v2.1/servers/fb6cadc8-5615-4da1-aed7-09604f51cdc4 0.148s
2025-11-14 02:42:53.436 66074 INFO tempest.lib.common.rest_client [req-f08adc3a-8ea9-4710-9efd-d95e29b5ad5c req-f08adc3a-8ea9-4710-9efd-d95e29b5ad5c ] Request (ServerShowV247Test:test_update_rebuild_list_server): 200 GET http://10.180.1.21/compute/v2.1/servers/18b9d973-6729-47b1-8585-3ba385e9815e 0.148s
2025-11-14 02:42:53.446 66078 INFO tempest.lib.common.rest_client [req-97811d43-542d-4f0d-87ff-03d33b396654 req-97811d43-542d-4f0d-87ff-03d33b396654 ] Request (ServersListShow2100Test:tearDownClass): 204 DELETE http://10.180.1.21/networking/v2.0/security-groups/437caeca-0792-486e-9136-d9b4cc902b6a 0.085s
2025-11-14 02:42:53.479 66098 INFO tempest.lib.common.rest_client [req-a65b7737-0523-4990-b826-4c45155c50e2 req-a65b7737-0523-4990-b826-4c45155c50e2 ] Request (ListServerFiltersTestJSON:tearDownClass): 200 GET http://10.180.1.21/compute/v2.1/servers/4326ee00-a744-40c5-b4c8-b9678112fab9 0.137s
2025-11-14 02:42:53.497 66052 INFO tempest.lib.common.rest_client [req-d64be57e-4b57-4097-b2b2-c084ec6d9fac req-d64be57e-4b57-4097-b2b2-c084ec6d9fac ] Request (VolumesAssistedSnapshotsTest:tearDownClass): 200 GET http://10.180.1.21/compute/v2.1/servers/d74f35ca-04cc-415e-a71d-3d78e99e7a01 0.145s
2025-11-14 02:42:53.524 66078 INFO tempest.lib.common.rest_client [req-8fba1b7b-e97e-400c-bb89-6f85e4dbc828 req-8fba1b7b-e97e-400c-bb89-6f85e4dbc828 ] Request (ServersListShow2100Test:tearDownClass): 204 DELETE http://10.180.1.21/identity/v3/projects/3422c746e4a14fb286045d11a7035ad3 0.078s
2025-11-14 02:42:53.551 66090 INFO tempest.lib.common.rest_client [req-9669f192-642f-4059-9efe-63faa2cabd9c req-9669f192-642f-4059-9efe-63faa2cabd9c ] Request (ServersTestMultiNic:_run_cleanups): 200 GET http://10.180.1.21/compute/v2.1/servers/ab64090f-d45b-41d9-b1e4-3a1a57337a56 0.135s
2025-11-14 02:42:53.615 66078 INFO tempest.lib.common.rest_client [req-da0d80a3-51ff-4575-a2d4-8f431339e304 req-da0d80a3-51ff-4575-a2d4-8f431339e304 ] Request (ExtensionsTest:setUpClass): 201 POST http://10.180.1.21/identity/v3/auth/tokens 0.088s
2025-11-14 02:42:53.638 66092 INFO tempest.lib.common.rest_client [req-566cb09b-d7ab-44f5-9a0a-355a0190a912 req-566cb09b-d7ab-44f5-9a0a-355a0190a912 ] Request (ServerRescueTestJSONUnderV235:tearDownClass): 200 GET http://10.180.1.21/compute/v2.1/servers/3c0934a9-252b-4616-93ba-0f20d148f604 0.125s
2025-11-14 02:42:53.659 66078 INFO tempest.lib.common.rest_client [req-bded9460-adc1-43d8-a690-ea119ce0fb9b req-bded9460-adc1-43d8-a690-ea119ce0fb9b ] Request (ExtensionsTest:setUpClass): 201 POST http://10.180.1.21/identity/v3/auth/tokens 0.041s
2025-11-14 02:42:53.660 66088 INFO tempest.lib.common.rest_client [req-f4b0e8b7-0e56-42e2-83a2-45b44a959b99 req-f4b0e8b7-0e56-42e2-83a2-45b44a959b99 ] Request (ServerRescueNegativeTestJSON:test_rescued_vm_detach_volume): 200 GET http://10.180.1.21/compute/v2.1/servers/e62fd4a2-5121-40b7-830d-0ee02d4e66ce 0.224s
2025-11-14 02:42:53.688 66078 INFO tempest.lib.common.rest_client [req-4e531c61-050c-4c33-86dd-161610f9fd4f req-4e531c61-050c-4c33-86dd-161610f9fd4f ] Request (ExtensionsTest:setUpClass): 200 GET http://10.180.1.21/identity/v3/domains?name=Default 0.029s
2025-11-14 02:42:53.717 66078 INFO tempest.lib.common.rest_client [req-19ec2afa-b6b7-40b8-9543-e1b7b4df8a03 req-19ec2afa-b6b7-40b8-9543-e1b7b4df8a03 ] Request (ExtensionsTest:setUpClass): 201 POST http://10.180.1.21/identity/v3/projects 0.028s
2025-11-14 02:42:53.780 66044 INFO tempest.lib.common.rest_client [req-f8598988-00b7-44e0-b25a-7341569504b0 req-f8598988-00b7-44e0-b25a-7341569504b0 ] Request (ServersTestBootFromVolume:setUpClass): 200 GET http://10.180.1.21/compute/v2.1/servers/7b553948-c734-41e9-9a9f-1ec61e5c492d 0.072s
2025-11-14 02:42:53.783 66078 INFO tempest.lib.common.rest_client [req-acbc7d82-8ce3-465c-b00b-afcbad6b0594 req-acbc7d82-8ce3-465c-b00b-afcbad6b0594 ] Request (ExtensionsTest:setUpClass): 201 POST http://10.180.1.21/identity/v3/users 0.065s
2025-11-14 02:42:53.794 66054 INFO tempest.lib.common.rest_client [req-5fae18f2-f136-4561-bcb7-b3d1f371eb54 req-5fae18f2-f136-4561-bcb7-b3d1f371eb54 ] Request (MigrationsAdminTest:test_resize_server_revert_deleted_flavor): 200 GET http://10.180.1.21/compute/v2.1/servers/1019dc1b-33fc-45a7-9eb9-d7baf4950e1a 0.142s
2025-11-14 02:42:53.806 66078 INFO tempest.lib.common.rest_client [req-125a48c7-521b-415b-b463-cddbc1265696 req-125a48c7-521b-415b-b463-cddbc1265696 ] Request (ExtensionsTest:setUpClass): 200 GET http://10.180.1.21/identity/v3/roles 0.023s
2025-11-14 02:42:53.830 66078 INFO tempest.lib.common.rest_client [req-d3033096-ccf9-4937-9bf8-4690471e43cb req-d3033096-ccf9-4937-9bf8-4690471e43cb ] Request (ExtensionsTest:setUpClass): 204 PUT http://10.180.1.21/identity/v3/projects/3b3937e4c4c348c49031760e530a63b9/users/fc804899214f426c9b3414754566df55/roles/39f220bb09cd4e009bd2d58dfb10af6d 0.024s
2025-11-14 02:42:53.831 66078 INFO tempest.lib.common.dynamic_creds [-] Dynamic test user fc804899214f426c9b3414754566df55 is created with scope project and roles: ['member']
2025-11-14 02:42:53.831 66078 INFO tempest.lib.common.dynamic_creds [-] Acquired dynamic creds: credentials: Credentials: {'domain_id': 'default', 'domain_name': 'Default', 'username': 'tempest-ExtensionsTest-1629893320-project-member', 'project_domain_id': 'default', 'project_domain_name': 'Default', 'project_id': '3b3937e4c4c348c49031760e530a63b9', 'project_name': 'tempest-ExtensionsTest-1629893320', 'tenant_id': '3b3937e4c4c348c49031760e530a63b9', 'tenant_name': 'tempest-ExtensionsTest-1629893320', 'user_domain_id': 'default', 'user_domain_name': 'Default', 'user_id': 'fc804899214f426c9b3414754566df55', 'system': None}, Network: None, Subnet: None, Router: None
2025-11-14 02:42:53.831 66078 INFO tempest.lib.common.dynamic_creds [-] Created isolated network resources for: credentials: Credentials: {'domain_id': 'default', 'domain_name': 'Default', 'username': 'tempest-ExtensionsTest-1629893320-project-member', 'project_domain_id': 'default', 'project_domain_name': 'Default', 'project_id': '3b3937e4c4c348c49031760e530a63b9', 'project_name': 'tempest-ExtensionsTest-1629893320', 'tenant_id': '3b3937e4c4c348c49031760e530a63b9', 'tenant_name': 'tempest-ExtensionsTest-1629893320', 'user_domain_id': 'default', 'user_domain_name': 'Default', 'user_id': 'fc804899214f426c9b3414754566df55', 'system': None}, Network: None, Subnet: None, Router: None
2025-11-14 02:42:53.840 66036 INFO tempest.lib.common.rest_client [req-9d4da843-3a7b-46ae-9437-7ff4b766c7df req-9d4da843-3a7b-46ae-9437-7ff4b766c7df ] Request (ServerShowV254Test:tearDownClass): 200 GET http://10.180.1.21/compute/v2.1/servers/68f1e04e-011e-4d3a-be56-d55170c76885 0.077s
2025-11-14 02:42:53.862 66068 INFO tempest.lib.common.rest_client [req-acea74a0-65b5-429c-8434-a9757d51b57e req-acea74a0-65b5-429c-8434-a9757d51b57e ] Request (ServersAdminNegativeTestJSON:test_migrate_server_invalid_state): 200 GET http://10.180.1.21/compute/v2.1/servers/c6748496-ba51-4709-bca4-8c09d2be77e8 0.052s
2025-11-14 02:42:53.904 66078 INFO tempest.lib.common.rest_client [req-8576de8e-9372-4965-b82c-19b7caac6737 req-8576de8e-9372-4965-b82c-19b7caac6737 ] Request (ExtensionsTest:setUpClass): 201 POST http://10.180.1.21/identity/v3/auth/tokens 0.070s
2025-11-14 02:42:53.926 66082 INFO tempest.lib.common.rest_client [req-a1be3570-05d2-4a8d-bf12-1651dbbd34b6 req-a1be3570-05d2-4a8d-bf12-1651dbbd34b6 ] Request (ServersNegativeTestMultiTenantJSON:tearDownClass): 200 GET http://10.180.1.21/compute/v2.1/servers/cdeccb4d-d3fc-41b9-9cc4-b68a1ced857e 0.064s
2025-11-14 02:42:53.986 66078 INFO tempest.lib.common.rest_client [req-0071c732-8554-48fe-a471-9f45b061d6e7 req-0071c732-8554-48fe-a471-9f45b061d6e7 ] Request (ExtensionsTest:test_get_extension): 200 GET http://10.180.1.21/compute/v2.1/extensions/os-consoles 0.081s
2025-11-14 02:42:53.996 66056 INFO tempest.lib.common.rest_client [req-c6dc93a9-3e2f-452e-bd7e-0beabd75777d req-c6dc93a9-3e2f-452e-bd7e-0beabd75777d ] Request (ImagesOneServerNegativeTestJSON:_run_cleanups): 200 GET http://10.180.1.21/compute/v2.1/servers/54f70fe2-5259-4e70-8f26-6b27c54ee444 0.088s
2025-11-14 02:42:54.011 66078 INFO tempest.lib.common.rest_client [req-9cef92e6-398a-411e-8640-e07d5d2f0d87 req-9cef92e6-398a-411e-8640-e07d5d2f0d87 ] Request (ExtensionsTest:test_list_extensions): 200 GET http://10.180.1.21/compute/v2.1/extensions 0.024s
2025-11-14 02:42:54.041 66076 INFO tempest.lib.common.rest_client [req-bcc24a04-3523-4902-91bb-e9153bd8c643 req-bcc24a04-3523-4902-91bb-e9153bd8c643 ] Request (ServersWithSpecificFlavorTestJSON:test_verify_created_server_ephemeral_disk): 200 GET http://10.180.1.21/compute/v2.1/servers/05953b83-4821-4233-86ef-49e3bc492c1d 0.087s
2025-11-14 02:42:54.048 66046 INFO tempest.lib.common.rest_client [req-b8fb6412-f9d5-4b77-9d84-5525c989d399 req-b8fb6412-f9d5-4b77-9d84-5525c989d399 ] Request (ImagesTestJSON:test_create_image_from_suspended_server): 200 GET http://10.180.1.21/compute/v2.1/images/084b3961-e4f4-479c-b6c3-96bcf2d94a19 0.058s
2025-11-14 02:42:54.101 66048 INFO tempest.lib.common.rest_client [req-70a10f8c-5095-45fd-81c5-a2c63d7903b8 req-70a10f8c-5095-45fd-81c5-a2c63d7903b8 ] Request (ServerMetadataTestJSON:tearDownClass): 200 GET http://10.180.1.21/compute/v2.1/servers/b8c9cd15-227c-47d4-9b2a-ea77d8c0ddc5 0.089s
2025-11-14 02:42:54.132 66078 INFO tempest.lib.common.rest_client [req-4c5aee3c-e2f5-4237-a9f9-92e7a5541f09 req-4c5aee3c-e2f5-4237-a9f9-92e7a5541f09 ] Request (ExtensionsTest:tearDownClass): 204 DELETE http://10.180.1.21/identity/v3/users/fc804899214f426c9b3414754566df55 0.105s
2025-11-14 02:42:54.132 66078 INFO tempest.lib.common.dynamic_creds [-] Deleting project and security group for project: 3b3937e4c4c348c49031760e530a63b9
2025-11-14 02:42:54.186 66078 INFO tempest.lib.common.rest_client [req-0c4ecf52-952e-4a4f-a03c-fe83b8f1a3a6 req-0c4ecf52-952e-4a4f-a03c-fe83b8f1a3a6 ] Request (ExtensionsTest:tearDownClass): 201 POST http://10.180.1.21/identity/v3/auth/tokens 0.054s
2025-11-14 02:42:54.218 66086 INFO tempest.lib.common.rest_client [req-70007d54-8195-4ae9-874d-9e2206457fcb req-70007d54-8195-4ae9-874d-9e2206457fcb ] Request (ServerActionsTestJSON:test_rebuild_server): 200 GET http://10.180.1.21/compute/v2.1/servers/8f3c4fee-c9e4-4c16-8cd5-562095bc1805 0.110s
2025-11-14 02:42:54.344 66078 INFO tempest.lib.common.rest_client [req-07957db3-c473-49ce-aaa6-946eee8cfa5f req-07957db3-c473-49ce-aaa6-946eee8cfa5f ] Request (ExtensionsTest:tearDownClass): 200 GET http://10.180.1.21/networking/v2.0/security-groups?tenant_id=3b3937e4c4c348c49031760e530a63b9&name=default 0.158s
2025-11-14 02:42:54.376 66062 INFO tempest.lib.common.rest_client [req-4be7768d-34bf-41ea-8120-4aa7d0f21923 req-4be7768d-34bf-41ea-8120-4aa7d0f21923 ] Request (ServerDiskConfigTestJSON:test_resize_server_from_auto_to_manual): 200 GET http://10.180.1.21/compute/v2.1/servers/0c14c4d2-b078-41c4-920d-d17ed577ebad 0.104s
2025-11-14 02:42:54.431 66040 INFO tempest.lib.common.rest_client [req-59afbf91-eb45-4892-947a-458adae218eb req-59afbf91-eb45-4892-947a-458adae218eb ] Request (AttachVolumeNegativeTest:test_attach_attached_volume_to_different_server): 200 GET http://10.180.1.21/compute/v2.1/servers/82dec126-eb2a-4d77-aa7a-3ceeb6f7aaa5 0.100s
2025-11-14 02:42:54.460 66060 INFO tempest.lib.common.rest_client [req-60651178-ae70-4eed-a45c-80983701681d req-60651178-ae70-4eed-a45c-80983701681d ] Request (AttachVolumeShelveTestJSON:test_attach_volume_shelved_or_offload_server): 200 GET http://10.180.1.21/compute/v2.1/servers/1847f3a7-41c8-41f2-bddb-2d7da65d0443 0.157s
2025-11-14 02:42:54.462 66078 INFO tempest.lib.common.rest_client [req-82aeba12-c247-4299-920f-2c4d65e46302 req-82aeba12-c247-4299-920f-2c4d65e46302 ] Request (ExtensionsTest:tearDownClass): 204 DELETE http://10.180.1.21/networking/v2.0/security-groups/79a1f1a8-5273-484b-bf57-9c0da666b5a7 0.117s
2025-11-14 02:42:54.491 66058 INFO tempest.lib.common.rest_client [req-4258394b-ebb0-4679-b383-18e642d27d56 req-4258394b-ebb0-4679-b383-18e642d27d56 ] Request (SecurityGroupsTestJSON:test_server_security_groups): 200 GET http://10.180.1.21/compute/v2.1/servers/3b26077b-ef17-4368-903b-3eb65588cee0 0.117s
2025-11-14 02:42:54.513 66067 INFO tempest.lib.common.rest_client [req-c9e95d00-bc71-42a4-a575-40ed44618131 req-c9e95d00-bc71-42a4-a575-40ed44618131 ] Request (ServerGroupTestJSON:test_create_server_with_scheduler_hint_group): 200 GET http://10.180.1.21/compute/v2.1/servers/dbaf087d-8a01-402d-adca-9ee97afe86d7 0.127s
2025-11-14 02:42:54.530 66078 INFO tempest.lib.common.rest_client [req-5fd6337c-1d7e-481c-bcea-8dab5b31c9f4 req-5fd6337c-1d7e-481c-bcea-8dab5b31c9f4 ] Request (ExtensionsTest:tearDownClass): 204 DELETE http://10.180.1.21/identity/v3/projects/3b3937e4c4c348c49031760e530a63b9 0.068s
2025-11-14 02:42:54.539 66096 INFO tempest.lib.common.rest_client [req-5d8e43d1-739b-4e40-8535-5c559ee227c2 req-5d8e43d1-739b-4e40-8535-5c559ee227c2 ] Request (ServerActionsTestOtherA:test_rebuild_server_with_volume_attached): 200 GET http://10.180.1.21/compute/v2.1/servers/fb6cadc8-5615-4da1-aed7-09604f51cdc4 0.113s
2025-11-14 02:42:54.586 66074 INFO tempest.lib.common.rest_client [req-bb337ab0-69c1-42b3-93ad-5d232f483c49 req-bb337ab0-69c1-42b3-93ad-5d232f483c49 ] Request (ServerShowV247Test:test_update_rebuild_list_server): 200 GET http://10.180.1.21/compute/v2.1/servers/18b9d973-6729-47b1-8585-3ba385e9815e 0.140s
2025-11-14 02:42:54.640 66098 INFO tempest.lib.common.rest_client [req-7786e2b5-b7c9-45df-949b-3c8344e7d1ae req-7786e2b5-b7c9-45df-949b-3c8344e7d1ae ] Request (ListServerFiltersTestJSON:tearDownClass): 200 GET http://10.180.1.21/compute/v2.1/servers/4326ee00-a744-40c5-b4c8-b9678112fab9 0.153s
2025-11-14 02:42:54.654 66052 INFO tempest.lib.common.rest_client [req-b973b836-d5bc-4ecc-acdd-0dc58dbfee62 req-b973b836-d5bc-4ecc-acdd-0dc58dbfee62 ] Request (VolumesAssistedSnapshotsTest:tearDownClass): 200 GET http://10.180.1.21/compute/v2.1/servers/d74f35ca-04cc-415e-a71d-3d78e99e7a01 0.147s
2025-11-14 02:42:54.707 66090 INFO tempest.lib.common.rest_client [req-44dba498-a8f2-4db7-9f47-91924e24a900 req-44dba498-a8f2-4db7-9f47-91924e24a900 ] Request (ServersTestMultiNic:_run_cleanups): 200 GET http://10.180.1.21/compute/v2.1/servers/ab64090f-d45b-41d9-b1e4-3a1a57337a56 0.145s
2025-11-14 02:42:54.708 66085 WARNING tempest.lib.common.ssh [-] Failed to establish authenticated ssh connection to cirros@10.180.180.211 ([Errno None] Unable to connect to port 22 on 10.180.180.211). Number attempts: 5. Retry after 6 seconds.: paramiko.ssh_exception.NoValidConnectionsError: [Errno None] Unable to connect to port 22 on 10.180.180.211
2025-11-14 02:42:54.713 66092 INFO tempest.lib.common.rest_client [req-1901cf48-a169-4842-a145-86986067981a req-1901cf48-a169-4842-a145-86986067981a ] Request (ServerRescueTestJSONUnderV235:tearDownClass): 200 GET http://10.180.1.21/compute/v2.1/servers/3c0934a9-252b-4616-93ba-0f20d148f604 0.067s
2025-11-14 02:42:54.824 66088 INFO tempest.lib.common.rest_client [req-dbeba9e3-1697-4e80-910f-bbeaa844e0a4 req-dbeba9e3-1697-4e80-910f-bbeaa844e0a4 ] Request (ServerRescueNegativeTestJSON:test_rescued_vm_detach_volume): 200 GET http://10.180.1.21/compute/v2.1/servers/e62fd4a2-5121-40b7-830d-0ee02d4e66ce 0.157s
2025-11-14 02:42:54.843 66044 INFO tempest.lib.common.rest_client [req-8233aaba-f271-4b74-bf21-fd14a19b7bfe req-8233aaba-f271-4b74-bf21-fd14a19b7bfe ] Request (ServersTestBootFromVolume:setUpClass): 200 GET http://10.180.1.21/compute/v2.1/servers/7b553948-c734-41e9-9a9f-1ec61e5c492d 0.055s
2025-11-14 02:42:54.913 66036 INFO tempest.lib.common.rest_client [req-95a2f1f2-25bd-4c2e-85de-a56303d37593 req-95a2f1f2-25bd-4c2e-85de-a56303d37593 ] Request (ServerShowV254Test:tearDownClass): 200 GET http://10.180.1.21/compute/v2.1/servers/68f1e04e-011e-4d3a-be56-d55170c76885 0.061s
2025-11-14 02:42:54.924 66054 INFO tempest.lib.common.rest_client [req-6cdae2be-8e8b-4e3e-97e4-97d45f900ef6 req-6cdae2be-8e8b-4e3e-97e4-97d45f900ef6 ] Request (MigrationsAdminTest:test_resize_server_revert_deleted_flavor): 200 GET http://10.180.1.21/compute/v2.1/servers/1019dc1b-33fc-45a7-9eb9-d7baf4950e1a 0.121s
2025-11-14 02:42:54.965 66068 INFO tempest.lib.common.rest_client [req-b1ccf6ed-c065-469e-84b9-6c6463567bb2 req-b1ccf6ed-c065-469e-84b9-6c6463567bb2 ] Request (ServersAdminNegativeTestJSON:test_migrate_server_invalid_state): 200 GET http://10.180.1.21/compute/v2.1/servers/c6748496-ba51-4709-bca4-8c09d2be77e8 0.095s
2025-11-14 02:42:54.999 66082 INFO tempest.lib.common.rest_client [req-ea4a74ed-ef77-4ed4-94fa-900cb8ea3caf req-ea4a74ed-ef77-4ed4-94fa-900cb8ea3caf ] Request (ServersNegativeTestMultiTenantJSON:tearDownClass): 200 GET http://10.180.1.21/compute/v2.1/servers/cdeccb4d-d3fc-41b9-9cc4-b68a1ced857e 0.058s
2025-11-14 02:42:55.059 66056 INFO tempest.lib.common.rest_client [req-06b3b6db-7c75-473a-9fd1-c69ff8235be4 req-06b3b6db-7c75-473a-9fd1-c69ff8235be4 ] Request (ImagesOneServerNegativeTestJSON:_run_cleanups): 200 GET http://10.180.1.21/compute/v2.1/servers/54f70fe2-5259-4e70-8f26-6b27c54ee444 0.054s
2025-11-14 02:42:55.094 66046 INFO tempest.lib.common.rest_client [req-41d7b743-ae88-482b-80a1-c8d3d0631f59 req-41d7b743-ae88-482b-80a1-c8d3d0631f59 ] Request (ImagesTestJSON:test_create_image_from_suspended_server): 200 GET http://10.180.1.21/compute/v2.1/images/084b3961-e4f4-479c-b6c3-96bcf2d94a19 0.040s
2025-11-14 02:42:55.100 66076 INFO tempest.lib.common.rest_client [req-4003e94b-f943-4e4c-b249-1e833e0e6004 req-4003e94b-f943-4e4c-b249-1e833e0e6004 ] Request (ServersWithSpecificFlavorTestJSON:test_verify_created_server_ephemeral_disk): 200 GET http://10.180.1.21/compute/v2.1/servers/05953b83-4821-4233-86ef-49e3bc492c1d 0.052s
2025-11-14 02:42:55.164 66048 INFO tempest.lib.common.rest_client [req-7e34aed2-222e-484d-95ef-ac2b283d37e6 req-7e34aed2-222e-484d-95ef-ac2b283d37e6 ] Request (ServerMetadataTestJSON:tearDownClass): 200 GET http://10.180.1.21/compute/v2.1/servers/b8c9cd15-227c-47d4-9b2a-ea77d8c0ddc5 0.055s
2025-11-14 02:42:55.316 66086 INFO tempest.lib.common.rest_client [req-9c2cae7f-e54f-45fa-b9f3-072dcc281f85 req-9c2cae7f-e54f-45fa-b9f3-072dcc281f85 ] Request (ServerActionsTestJSON:test_rebuild_server): 200 GET http://10.180.1.21/compute/v2.1/servers/8f3c4fee-c9e4-4c16-8cd5-562095bc1805 0.091s
2025-11-14 02:42:55.495 66040 INFO tempest.lib.common.rest_client [req-f715a3e8-4147-46f8-95af-075499fa834e req-f715a3e8-4147-46f8-95af-075499fa834e ] Request (AttachVolumeNegativeTest:test_attach_attached_volume_to_different_server): 200 GET http://10.180.1.21/compute/v2.1/servers/82dec126-eb2a-4d77-aa7a-3ceeb6f7aaa5 0.056s
2025-11-14 02:42:55.510 66062 INFO tempest.lib.common.rest_client [req-863f8d66-d9c5-40bb-8ad1-63a4ee6ed5cd req-863f8d66-d9c5-40bb-8ad1-63a4ee6ed5cd ] Request (ServerDiskConfigTestJSON:test_resize_server_from_auto_to_manual): 200 GET http://10.180.1.21/compute/v2.1/servers/0c14c4d2-b078-41c4-920d-d17ed577ebad 0.124s
2025-11-14 02:42:55.568 66058 INFO tempest.lib.common.rest_client [req-fa27bf0f-0309-47ff-8267-4bba16cafa6d req-fa27bf0f-0309-47ff-8267-4bba16cafa6d ] Request (SecurityGroupsTestJSON:test_server_security_groups): 200 GET http://10.180.1.21/compute/v2.1/servers/3b26077b-ef17-4368-903b-3eb65588cee0 0.067s
2025-11-14 02:42:55.607 66060 INFO tempest.lib.common.rest_client [req-9d104e2f-2c0c-4f0b-b0b9-61529897e0fc req-9d104e2f-2c0c-4f0b-b0b9-61529897e0fc ] Request (AttachVolumeShelveTestJSON:test_attach_volume_shelved_or_offload_server): 200 GET http://10.180.1.21/compute/v2.1/servers/1847f3a7-41c8-41f2-bddb-2d7da65d0443 0.138s
2025-11-14 02:42:55.629 66067 INFO tempest.lib.common.rest_client [req-5ce4349c-fe1f-4a83-88c1-1ecac44dff4e req-5ce4349c-fe1f-4a83-88c1-1ecac44dff4e ] Request (ServerGroupTestJSON:test_create_server_with_scheduler_hint_group): 200 GET http://10.180.1.21/compute/v2.1/servers/dbaf087d-8a01-402d-adca-9ee97afe86d7 0.105s
2025-11-14 02:42:55.658 66096 INFO tempest.lib.common.rest_client [req-66eebe37-3dda-4ecc-a3fe-04021a7af95c req-66eebe37-3dda-4ecc-a3fe-04021a7af95c ] Request (ServerActionsTestOtherA:test_rebuild_server_with_volume_attached): 200 GET http://10.180.1.21/compute/v2.1/servers/fb6cadc8-5615-4da1-aed7-09604f51cdc4 0.107s
2025-11-14 02:42:55.687 66074 INFO tempest.lib.common.rest_client [req-020f27cb-96dc-46d3-8d4f-e5e99b2ec65c req-020f27cb-96dc-46d3-8d4f-e5e99b2ec65c ] Request (ServerShowV247Test:test_update_rebuild_list_server): 200 GET http://10.180.1.21/compute/v2.1/servers/18b9d973-6729-47b1-8585-3ba385e9815e 0.091s
2025-11-14 02:42:55.713 66098 INFO tempest.lib.common.rest_client [req-bfccd223-4c34-401e-941e-b067477dd8c5 req-bfccd223-4c34-401e-941e-b067477dd8c5 ] Request (ListServerFiltersTestJSON:tearDownClass): 200 GET http://10.180.1.21/compute/v2.1/servers/4326ee00-a744-40c5-b4c8-b9678112fab9 0.065s
2025-11-14 02:42:55.741 66052 INFO tempest.lib.common.rest_client [req-5fb41373-9c94-4cd6-a1d6-4527f28b639a req-5fb41373-9c94-4cd6-a1d6-4527f28b639a ] Request (VolumesAssistedSnapshotsTest:tearDownClass): 200 GET http://10.180.1.21/compute/v2.1/servers/d74f35ca-04cc-415e-a71d-3d78e99e7a01 0.078s
2025-11-14 02:42:55.775 66090 INFO tempest.lib.common.rest_client [req-30491df4-bc01-4122-86bf-dc7e299489e6 req-30491df4-bc01-4122-86bf-dc7e299489e6 ] Request (ServersTestMultiNic:_run_cleanups): 200 GET http://10.180.1.21/compute/v2.1/servers/ab64090f-d45b-41d9-b1e4-3a1a57337a56 0.060s
2025-11-14 02:42:55.798 66092 INFO tempest.lib.common.rest_client [req-0cefa58a-f978-4690-83cc-fd0af64ed73e req-0cefa58a-f978-4690-83cc-fd0af64ed73e ] Request (ServerRescueTestJSONUnderV235:tearDownClass): 200 GET http://10.180.1.21/compute/v2.1/servers/3c0934a9-252b-4616-93ba-0f20d148f604 0.077s
2025-11-14 02:42:55.902 66044 INFO tempest.lib.common.rest_client [req-4570cac3-7006-4773-9ce8-49ea74532969 req-4570cac3-7006-4773-9ce8-49ea74532969 ] Request (ServersTestBootFromVolume:setUpClass): 200 GET http://10.180.1.21/compute/v2.1/servers/7b553948-c734-41e9-9a9f-1ec61e5c492d 0.051s
2025-11-14 02:42:55.940 66088 INFO tempest.lib.common.rest_client [req-c6646f9e-72a1-4793-a8ec-4417b020babf req-c6646f9e-72a1-4793-a8ec-4417b020babf ] Request (ServerRescueNegativeTestJSON:test_rescued_vm_detach_volume): 200 GET http://10.180.1.21/compute/v2.1/servers/e62fd4a2-5121-40b7-830d-0ee02d4e66ce 0.107s
2025-11-14 02:42:55.983 66036 INFO tempest.lib.common.rest_client [req-3e7907c7-98f2-4e0a-a11b-4c5296752105 req-3e7907c7-98f2-4e0a-a11b-4c5296752105 ] Request (ServerShowV254Test:tearDownClass): 200 GET http://10.180.1.21/compute/v2.1/servers/68f1e04e-011e-4d3a-be56-d55170c76885 0.059s
2025-11-14 02:42:55.991 66036 INFO tempest.common.waiters [-] State transition "ACTIVE/deleting" ==> "DELETED/None" after 4 second wait
2025-11-14 02:42:56.030 66068 INFO tempest.lib.common.rest_client [req-f254a22f-f272-4265-94bb-b1f2f15e0b24 req-f254a22f-f272-4265-94bb-b1f2f15e0b24 ] Request (ServersAdminNegativeTestJSON:test_migrate_server_invalid_state): 200 GET http://10.180.1.21/compute/v2.1/servers/c6748496-ba51-4709-bca4-8c09d2be77e8 0.057s
2025-11-14 02:42:56.032 66054 INFO tempest.lib.common.rest_client [req-0853e4b8-1b2f-4d54-ad6c-4d78f872a1ce req-0853e4b8-1b2f-4d54-ad6c-4d78f872a1ce ] Request (MigrationsAdminTest:test_resize_server_revert_deleted_flavor): 200 GET http://10.180.1.21/compute/v2.1/servers/1019dc1b-33fc-45a7-9eb9-d7baf4950e1a 0.099s
2025-11-14 02:42:56.086 66082 INFO tempest.lib.common.rest_client [req-01e0c45c-f37b-458e-ac2b-794ffe20253a req-01e0c45c-f37b-458e-ac2b-794ffe20253a ] Request (ServersNegativeTestMultiTenantJSON:tearDownClass): 200 GET http://10.180.1.21/compute/v2.1/servers/cdeccb4d-d3fc-41b9-9cc4-b68a1ced857e 0.078s
2025-11-14 02:42:56.128 66056 INFO tempest.lib.common.rest_client [req-127a64db-13e0-47c6-a846-36b73fb55452 req-127a64db-13e0-47c6-a846-36b73fb55452 ] Request (ImagesOneServerNegativeTestJSON:_run_cleanups): 200 GET http://10.180.1.21/compute/v2.1/servers/54f70fe2-5259-4e70-8f26-6b27c54ee444 0.060s
2025-11-14 02:42:56.137 66046 INFO tempest.lib.common.rest_client [req-1de976ed-644d-4e6d-8ce9-ba8c9715d979 req-1de976ed-644d-4e6d-8ce9-ba8c9715d979 ] Request (ImagesTestJSON:test_create_image_from_suspended_server): 200 GET http://10.180.1.21/compute/v2.1/images/084b3961-e4f4-479c-b6c3-96bcf2d94a19 0.038s
2025-11-14 02:42:56.188 66076 INFO tempest.lib.common.rest_client [req-fcfaa311-90ee-49ba-8e4e-fea4ef481c1e req-fcfaa311-90ee-49ba-8e4e-fea4ef481c1e ] Request (ServersWithSpecificFlavorTestJSON:test_verify_created_server_ephemeral_disk): 200 GET http://10.180.1.21/compute/v2.1/servers/05953b83-4821-4233-86ef-49e3bc492c1d 0.080s
2025-11-14 02:42:56.236 66048 INFO tempest.lib.common.rest_client [req-3aac5fa5-4ae0-490b-8c18-a1c3993a556b req-3aac5fa5-4ae0-490b-8c18-a1c3993a556b ] Request (ServerMetadataTestJSON:tearDownClass): 200 GET http://10.180.1.21/compute/v2.1/servers/b8c9cd15-227c-47d4-9b2a-ea77d8c0ddc5 0.064s
2025-11-14 02:42:56.348 66038 WARNING tempest.lib.common.ssh [-] Failed to establish authenticated ssh connection to cirros@10.180.180.181 ([Errno None] Unable to connect to port 22 on 10.180.180.181). Number attempts: 9. Retry after 10 seconds.: paramiko.ssh_exception.NoValidConnectionsError: [Errno None] Unable to connect to port 22 on 10.180.180.181
2025-11-14 02:42:56.437 66086 INFO tempest.lib.common.rest_client [req-10d31ad2-6265-4a80-b6aa-e6ca8e14cb74 req-10d31ad2-6265-4a80-b6aa-e6ca8e14cb74 ] Request (ServerActionsTestJSON:test_rebuild_server): 200 GET http://10.180.1.21/compute/v2.1/servers/8f3c4fee-c9e4-4c16-8cd5-562095bc1805 0.112s
2025-11-14 02:42:56.444 66086 INFO tempest.common.waiters [-] State transition "BUILD/spawning" ==> "ACTIVE/None" after 42 second wait
2025-11-14 02:42:56.509 66086 INFO tempest.lib.common.rest_client [req-5e9aba49-4373-4211-8105-162d63d5c2df req-5e9aba49-4373-4211-8105-162d63d5c2df ] Request (ServerActionsTestJSON:test_rebuild_server): 200 GET http://10.180.1.21/compute/v2.1/servers/8f3c4fee-c9e4-4c16-8cd5-562095bc1805/os-interface 0.065s
2025-11-14 02:42:56.919 66040 INFO tempest.lib.common.rest_client [req-148e7bf0-1f90-4a28-ae76-9337ed3a0172 req-148e7bf0-1f90-4a28-ae76-9337ed3a0172 ] Request (AttachVolumeNegativeTest:test_attach_attached_volume_to_different_server): 200 GET http://10.180.1.21/compute/v2.1/servers/82dec126-eb2a-4d77-aa7a-3ceeb6f7aaa5 0.414s
2025-11-14 02:42:57.086 66086 INFO tempest.lib.common.rest_client [req-c9377b23-d3b7-4fb3-b2dd-3ba359a956be req-c9377b23-d3b7-4fb3-b2dd-3ba359a956be ] Request (ServerActionsTestJSON:test_rebuild_server): 200 PUT http://10.180.1.21/networking/v2.0/floatingips/5038da18-029b-4bab-aa5c-a256ac9ea751 0.574s
2025-11-14 02:42:57.087 66086 INFO tempest.lib.common.ssh [-] Creating ssh connection to '10.180.180.195:22' as 'cirros' with public key authentication
2025-11-14 02:42:57.129 66062 INFO tempest.lib.common.rest_client [req-217615e9-3a3b-4b2f-89d3-2436756899fb req-217615e9-3a3b-4b2f-89d3-2436756899fb ] Request (ServerDiskConfigTestJSON:test_resize_server_from_auto_to_manual): 200 GET http://10.180.1.21/compute/v2.1/servers/0c14c4d2-b078-41c4-920d-d17ed577ebad 0.611s
2025-11-14 02:42:57.138 66058 INFO tempest.lib.common.rest_client [req-9776abd9-039b-4fa6-aa49-147cdaa18fb7 req-9776abd9-039b-4fa6-aa49-147cdaa18fb7 ] Request (SecurityGroupsTestJSON:test_server_security_groups): 200 GET http://10.180.1.21/compute/v2.1/servers/3b26077b-ef17-4368-903b-3eb65588cee0 0.563s
2025-11-14 02:42:57.297 66060 INFO tempest.lib.common.rest_client [req-44a8d4d4-e3c2-4b85-8bf1-d82bf4ad75b8 req-44a8d4d4-e3c2-4b85-8bf1-d82bf4ad75b8 ] Request (AttachVolumeShelveTestJSON:test_attach_volume_shelved_or_offload_server): 200 GET http://10.180.1.21/compute/v2.1/servers/1847f3a7-41c8-41f2-bddb-2d7da65d0443 0.680s
2025-11-14 02:42:57.320 66067 INFO tempest.lib.common.rest_client [req-7b50dc81-d4ed-49bd-9613-d7b03e8db8d5 req-7b50dc81-d4ed-49bd-9613-d7b03e8db8d5 ] Request (ServerGroupTestJSON:test_create_server_with_scheduler_hint_group): 200 GET http://10.180.1.21/compute/v2.1/servers/dbaf087d-8a01-402d-adca-9ee97afe86d7 0.682s
2025-11-14 02:42:57.327 66067 INFO tempest.common.waiters [-] State transition "BUILD/None" ==> "BUILD/block_device_mapping" after 40 second wait
2025-11-14 02:42:57.349 66096 INFO tempest.lib.common.rest_client [req-b2ec62c9-49c2-414b-8d39-1cbb9ece6428 req-b2ec62c9-49c2-414b-8d39-1cbb9ece6428 ] Request (ServerActionsTestOtherA:test_rebuild_server_with_volume_attached): 200 GET http://10.180.1.21/compute/v2.1/servers/fb6cadc8-5615-4da1-aed7-09604f51cdc4 0.684s
2025-11-14 02:42:57.376 66074 INFO tempest.lib.common.rest_client [req-48547a76-f88a-422f-bef1-3ad6caeb0ec5 req-48547a76-f88a-422f-bef1-3ad6caeb0ec5 ] Request (ServerShowV247Test:test_update_rebuild_list_server): 200 GET http://10.180.1.21/compute/v2.1/servers/18b9d973-6729-47b1-8585-3ba385e9815e 0.674s
2025-11-14 02:42:57.385 66074 INFO tempest.common.waiters [-] State transition "BUILD/scheduling" ==> "BUILD/None" after 19 second wait
2025-11-14 02:42:57.411 66098 INFO tempest.lib.common.rest_client [req-8019bd8c-ead5-437a-b4d4-0cd086bbb120 req-8019bd8c-ead5-437a-b4d4-0cd086bbb120 ] Request (ListServerFiltersTestJSON:tearDownClass): 200 GET http://10.180.1.21/compute/v2.1/servers/4326ee00-a744-40c5-b4c8-b9678112fab9 0.690s
2025-11-14 02:42:57.437 66052 INFO tempest.lib.common.rest_client [req-5fbd0d62-7af2-49b3-9f69-24f465871ca3 req-5fbd0d62-7af2-49b3-9f69-24f465871ca3 ] Request (VolumesAssistedSnapshotsTest:tearDownClass): 200 GET http://10.180.1.21/compute/v2.1/servers/d74f35ca-04cc-415e-a71d-3d78e99e7a01 0.688s
2025-11-14 02:42:57.473 66090 INFO tempest.lib.common.rest_client [req-5e6fd4cd-80d8-4b01-90aa-18b3ea4a1dc3 req-5e6fd4cd-80d8-4b01-90aa-18b3ea4a1dc3 ] Request (ServersTestMultiNic:_run_cleanups): 200 GET http://10.180.1.21/compute/v2.1/servers/ab64090f-d45b-41d9-b1e4-3a1a57337a56 0.689s
2025-11-14 02:42:57.503 66092 INFO tempest.lib.common.rest_client [req-114a0a42-ae89-44a0-9d20-3ae5ee8bd799 req-114a0a42-ae89-44a0-9d20-3ae5ee8bd799 ] Request (ServerRescueTestJSONUnderV235:tearDownClass): 200 GET http://10.180.1.21/compute/v2.1/servers/3c0934a9-252b-4616-93ba-0f20d148f604 0.697s
2025-11-14 02:42:57.534 66044 INFO tempest.lib.common.rest_client [req-b0c86644-4f4a-4292-aff4-bcf3f21c582a req-b0c86644-4f4a-4292-aff4-bcf3f21c582a ] Request (ServersTestBootFromVolume:setUpClass): 200 GET http://10.180.1.21/compute/v2.1/servers/7b553948-c734-41e9-9a9f-1ec61e5c492d 0.625s
2025-11-14 02:42:57.675 66036 INFO tempest.lib.common.rest_client [req-b7e1333d-883e-4125-909e-bec5867a0e68 req-b7e1333d-883e-4125-909e-bec5867a0e68 ] Request (ServerShowV254Test:tearDownClass): 200 GET http://10.180.1.21/compute/v2.1/servers/68f1e04e-011e-4d3a-be56-d55170c76885 0.683s
2025-11-14 02:42:57.699 66088 INFO tempest.lib.common.rest_client [req-4875bcd4-7231-467a-b13e-b1528f31cf13 req-4875bcd4-7231-467a-b13e-b1528f31cf13 ] Request (ServerRescueNegativeTestJSON:test_rescued_vm_detach_volume): 200 GET http://10.180.1.21/compute/v2.1/servers/e62fd4a2-5121-40b7-830d-0ee02d4e66ce 0.751s
2025-11-14 02:42:57.794 66068 INFO tempest.lib.common.rest_client [req-a912135f-77cf-4ef0-ad8b-fdd3e91f0dcc req-a912135f-77cf-4ef0-ad8b-fdd3e91f0dcc ] Request (ServersAdminNegativeTestJSON:test_migrate_server_invalid_state): 200 GET http://10.180.1.21/compute/v2.1/servers/c6748496-ba51-4709-bca4-8c09d2be77e8 0.751s
2025-11-14 02:42:57.819 66054 INFO tempest.lib.common.rest_client [req-35696639-9b85-42bf-a4f2-9eefeb50e2f0 req-35696639-9b85-42bf-a4f2-9eefeb50e2f0 ] Request (MigrationsAdminTest:test_resize_server_revert_deleted_flavor): 200 GET http://10.180.1.21/compute/v2.1/servers/1019dc1b-33fc-45a7-9eb9-d7baf4950e1a 0.779s
2025-11-14 02:42:57.869 66056 INFO tempest.lib.common.rest_client [req-fd9271e4-8fb0-4a39-add7-e137ffa1f485 req-fd9271e4-8fb0-4a39-add7-e137ffa1f485 ] Request (ImagesOneServerNegativeTestJSON:_run_cleanups): 200 GET http://10.180.1.21/compute/v2.1/servers/54f70fe2-5259-4e70-8f26-6b27c54ee444 0.733s
2025-11-14 02:42:57.876 66056 INFO tempest.common.waiters [-] State transition "BUILD/None" ==> "BUILD/networking" after 38 second wait
2025-11-14 02:42:57.884 66082 INFO tempest.lib.common.rest_client [req-ba44aa62-05c7-4112-b2f9-ede3dd4816ab req-ba44aa62-05c7-4112-b2f9-ede3dd4816ab ] Request (ServersNegativeTestMultiTenantJSON:tearDownClass): 200 GET http://10.180.1.21/compute/v2.1/servers/cdeccb4d-d3fc-41b9-9cc4-b68a1ced857e 0.791s
2025-11-14 02:42:57.910 66046 INFO tempest.lib.common.rest_client [req-dedaed41-8574-4aad-aa4b-ac8ca73886ce req-dedaed41-8574-4aad-aa4b-ac8ca73886ce ] Request (ImagesTestJSON:test_create_image_from_suspended_server): 200 GET http://10.180.1.21/compute/v2.1/images/084b3961-e4f4-479c-b6c3-96bcf2d94a19 0.769s
2025-11-14 02:42:57.939 66076 INFO tempest.lib.common.rest_client [req-e343a75c-a2c4-4dc7-854f-712efa40b524 req-e343a75c-a2c4-4dc7-854f-712efa40b524 ] Request (ServersWithSpecificFlavorTestJSON:test_verify_created_server_ephemeral_disk): 200 GET http://10.180.1.21/compute/v2.1/servers/05953b83-4821-4233-86ef-49e3bc492c1d 0.743s
2025-11-14 02:42:57.966 66048 INFO tempest.lib.common.rest_client [req-1dd8e769-1e79-4dba-83db-b2df4a55a13d req-1dd8e769-1e79-4dba-83db-b2df4a55a13d ] Request (ServerMetadataTestJSON:tearDownClass): 200 GET http://10.180.1.21/compute/v2.1/servers/b8c9cd15-227c-47d4-9b2a-ea77d8c0ddc5 0.722s
2025-11-14 02:42:57.986 66040 INFO tempest.lib.common.rest_client [req-17b92d3a-9b68-4dde-8c9b-2989be8fabdc req-17b92d3a-9b68-4dde-8c9b-2989be8fabdc ] Request (AttachVolumeNegativeTest:test_attach_attached_volume_to_different_server): 200 GET http://10.180.1.21/compute/v2.1/servers/82dec126-eb2a-4d77-aa7a-3ceeb6f7aaa5 0.058s
2025-11-14 02:42:58.526 66058 INFO tempest.lib.common.rest_client [req-e41bfb32-ecea-46a9-bba2-353d1df89395 req-e41bfb32-ecea-46a9-bba2-353d1df89395 ] Request (SecurityGroupsTestJSON:test_server_security_groups): 200 GET http://10.180.1.21/compute/v2.1/servers/3b26077b-ef17-4368-903b-3eb65588cee0 0.380s
2025-11-14 02:42:58.570 66062 INFO tempest.lib.common.rest_client [req-827b39ae-f95e-477b-879c-5a2969529be9 req-827b39ae-f95e-477b-879c-5a2969529be9 ] Request (ServerDiskConfigTestJSON:test_resize_server_from_auto_to_manual): 200 GET http://10.180.1.21/compute/v2.1/servers/0c14c4d2-b078-41c4-920d-d17ed577ebad 0.433s
2025-11-14 02:42:58.751 66060 INFO tempest.lib.common.rest_client [req-373217ce-36d0-4d3f-86a1-4a1ff26f7005 req-373217ce-36d0-4d3f-86a1-4a1ff26f7005 ] Request (AttachVolumeShelveTestJSON:test_attach_volume_shelved_or_offload_server): 200 GET http://10.180.1.21/compute/v2.1/servers/1847f3a7-41c8-41f2-bddb-2d7da65d0443 0.440s
2025-11-14 02:42:58.790 66067 INFO tempest.lib.common.rest_client [req-17545d99-ecbe-4def-accd-cd24a77a19a2 req-17545d99-ecbe-4def-accd-cd24a77a19a2 ] Request (ServerGroupTestJSON:test_create_server_with_scheduler_hint_group): 200 GET http://10.180.1.21/compute/v2.1/servers/dbaf087d-8a01-402d-adca-9ee97afe86d7 0.462s
2025-11-14 02:42:58.800 66067 INFO tempest.common.waiters [-] State transition "BUILD/block_device_mapping" ==> "BUILD/spawning" after 41 second wait
