2025-11-14 02:26:21.936 67177 INFO tempest.lib.common.dynamic_creds [-] Deleting project and security group for project: 960592ec7bc546e99ed5422a6d560d89
2025-11-14 02:26:22.013 67177 INFO tempest.lib.common.rest_client [req-4fb306b6-5b35-4493-bcdb-ba74287660cb req-4fb306b6-5b35-4493-bcdb-ba74287660cb ] Request (ImagesDeleteNegativeTestJSON:tearDownClass): 201 POST http://10.180.1.21/identity/v3/auth/tokens 0.077s
2025-11-14 02:26:22.031 67163 INFO tempest.lib.common.rest_client [req-0695ca06-b317-4641-b9cd-b127fa0ad788 req-0695ca06-b317-4641-b9cd-b127fa0ad788 ] Request (ListImageFiltersTestJSON:tearDownClass): 200 GET http://10.180.1.21/networking/v2.0/security-groups?tenant_id=edc1f82e0049440b99a2d219264513a1&name=default 0.697s
2025-11-14 02:26:22.071 67143 INFO tempest.lib.common.rest_client [req-42cee0a6-82b0-4b18-9ef2-8e9436123848 req-42cee0a6-82b0-4b18-9ef2-8e9436123848 ] Request (ValidationResourcesFixture:setUp): 200 POST http://10.180.1.21/compute/v2.1/os-keypairs 2.652s
2025-11-14 02:26:22.380 67145 INFO tempest.lib.common.rest_client [req-4ae2eeeb-0f49-471a-acc6-f4024eb0d7b3 req-4ae2eeeb-0f49-471a-acc6-f4024eb0d7b3 ] Request (FloatingIPsAssociationTestJSON:tearDownClass): 204 DELETE http://10.180.1.21/networking/v2.0/routers/6abfe072-31e5-433e-9ac3-9d879fa0e300 0.629s
2025-11-14 02:26:22.399 67131 INFO tempest.lib.common.rest_client [req-927671ea-9eec-4dd5-9be2-abd52ad87636 req-927671ea-9eec-4dd5-9be2-abd52ad87636 ] Request (ServersTestBootFromVolume:tearDownClass): 404 GET http://10.180.1.21/networking/v2.0/security-groups/2529d546-6a72-464a-9873-c673041e67b0 0.496s
2025-11-14 02:26:22.403 67165 INFO tempest.lib.common.rest_client [req-f5672d01-8e69-42a5-b977-a74cf9865657 req-f5672d01-8e69-42a5-b977-a74cf9865657 ] Request (AttachInterfacesTestJSON:test_reassign_port_between_servers): 200 GET http://10.180.1.21/compute/v2.1/servers/97cc9daf-f8de-446a-8d8d-8691e7abfa97 3.340s
2025-11-14 02:26:22.435 67181 INFO tempest.lib.common.rest_client [req-02ee2f7f-bd69-4b33-ad34-f79c13ad0259 req-02ee2f7f-bd69-4b33-ad34-f79c13ad0259 ] Request (VolumesAdminNegativeTest:test_update_attached_volume_with_nonexistent_volume_in_uri): 404 GET http://10.180.1.21/compute/v2.1/servers/5f53e0da-8514-4107-bf1f-474aac3375f9 2.240s
2025-11-14 02:26:22.602 67177 INFO tempest.lib.common.rest_client [req-6958320d-18e8-4e5e-8c64-db5bbd43059b req-6958320d-18e8-4e5e-8c64-db5bbd43059b ] Request (ImagesDeleteNegativeTestJSON:tearDownClass): 200 GET http://10.180.1.21/networking/v2.0/security-groups?tenant_id=960592ec7bc546e99ed5422a6d560d89&name=default 0.589s
2025-11-14 02:26:22.610 67155 INFO tempest.lib.common.rest_client [req-fc1e02f6-11ec-4b4e-af13-bdc64c55e72a req-fc1e02f6-11ec-4b4e-af13-bdc64c55e72a ] Request (ServerPasswordTestJSON:tearDownClass): 200 PUT http://10.180.1.21/networking/v2.0/routers/4db939f9-204c-4031-872d-b2e412d3b5af/remove_router_interface 0.897s
2025-11-14 02:26:22.709 67163 INFO tempest.lib.common.rest_client [req-34f4fe1c-e652-433e-8606-3a2ebdbec19b req-34f4fe1c-e652-433e-8606-3a2ebdbec19b ] Request (ListImageFiltersTestJSON:tearDownClass): 204 DELETE http://10.180.1.21/networking/v2.0/security-groups/1b7bd13b-9a72-44fb-a4d5-0b5b5577d196 0.677s
2025-11-14 02:26:22.724 67143 INFO tempest.lib.common.rest_client [req-b269936f-63b2-48bd-b0d4-63ddafcb3e5d req-b269936f-63b2-48bd-b0d4-63ddafcb3e5d ] Request (ValidationResourcesFixture:setUp): 201 POST http://10.180.1.21/networking/v2.0/security-groups 0.651s
2025-11-14 02:26:22.779 67163 INFO tempest.lib.common.rest_client [req-91c88132-be74-48ee-912a-5ad2b1fc2c6a req-91c88132-be74-48ee-912a-5ad2b1fc2c6a ] Request (ListImageFiltersTestJSON:tearDownClass): 204 DELETE http://10.180.1.21/identity/v3/projects/edc1f82e0049440b99a2d219264513a1 0.069s
2025-11-14 02:26:22.821 67145 INFO tempest.lib.common.rest_client [req-10f99b13-df6e-4c40-b07e-dd861b9c4c6e req-10f99b13-df6e-4c40-b07e-dd861b9c4c6e ] Request (FloatingIPsAssociationTestJSON:tearDownClass): 204 DELETE http://10.180.1.21/networking/v2.0/subnets/50b2f455-f8ba-4fc8-9cb7-cdd469ae5d49 0.440s
2025-11-14 02:26:22.875 67163 INFO tempest.lib.common.rest_client [req-add71cd9-c723-4859-a37f-b462f3b929e4 req-add71cd9-c723-4859-a37f-b462f3b929e4 ] Request (ServersListShow298Test:setUpClass): 201 POST http://10.180.1.21/identity/v3/auth/tokens 0.090s
2025-11-14 02:26:22.921 67163 INFO tempest.lib.common.rest_client [req-39569d14-ce8a-4c61-a197-e31850f0b8cb req-39569d14-ce8a-4c61-a197-e31850f0b8cb ] Request (ServersListShow298Test:setUpClass): 201 POST http://10.180.1.21/identity/v3/auth/tokens 0.044s
2025-11-14 02:26:22.955 67163 INFO tempest.lib.common.rest_client [req-f0b75542-ddba-4ab8-9ba6-263c3ac85810 req-f0b75542-ddba-4ab8-9ba6-263c3ac85810 ] Request (ServersListShow298Test:setUpClass): 200 GET http://10.180.1.21/identity/v3/domains?name=Default 0.033s
2025-11-14 02:26:22.992 67163 INFO tempest.lib.common.rest_client [req-148a7a4c-003b-4f32-9a46-f467a754dcdd req-148a7a4c-003b-4f32-9a46-f467a754dcdd ] Request (ServersListShow298Test:setUpClass): 201 POST http://10.180.1.21/identity/v3/projects 0.036s
2025-11-14 02:26:23.049 67131 INFO tempest.lib.common.rest_client [req-03c3c798-abee-421b-a13a-6627c6012c7f req-03c3c798-abee-421b-a13a-6627c6012c7f ] Request (ServersTestBootFromVolume:tearDownClass): 204 DELETE http://10.180.1.21/networking/v2.0/floatingips/c84c5318-f28c-4845-8260-8680dc1db86f 0.649s
2025-11-14 02:26:23.084 67163 INFO tempest.lib.common.rest_client [req-1057b8b6-6736-4b46-a26f-981682caf3a6 req-1057b8b6-6736-4b46-a26f-981682caf3a6 ] Request (ServersListShow298Test:setUpClass): 201 POST http://10.180.1.21/identity/v3/users 0.091s
2025-11-14 02:26:23.108 67163 INFO tempest.lib.common.rest_client [req-c88d0bac-87ff-4a60-a1bc-3b88915b6084 req-c88d0bac-87ff-4a60-a1bc-3b88915b6084 ] Request (ServersListShow298Test:setUpClass): 200 GET http://10.180.1.21/identity/v3/roles 0.024s
2025-11-14 02:26:23.142 67163 INFO tempest.lib.common.rest_client [req-72860ff6-553c-4404-aef0-0f3ac35e0741 req-72860ff6-553c-4404-aef0-0f3ac35e0741 ] Request (ServersListShow298Test:setUpClass): 204 PUT http://10.180.1.21/identity/v3/projects/c045ae7bfc564df280f4eb1e89ee6ff6/users/321d2a18675c4260b77db66a1f248c84/roles/c3002e7031604a79bce0c9869a023cc3 0.034s
2025-11-14 02:26:23.144 67163 INFO tempest.lib.common.dynamic_creds [-] Dynamic test user 321d2a18675c4260b77db66a1f248c84 is created with scope project and roles: ['member']
2025-11-14 02:26:23.144 67163 INFO tempest.lib.common.dynamic_creds [-] Acquired dynamic creds: credentials: Credentials: {'domain_id': 'default', 'domain_name': 'Default', 'username': 'tempest-ServersListShow298Test-1394560228-project-member', 'project_domain_id': 'default', 'project_domain_name': 'Default', 'project_id': 'c045ae7bfc564df280f4eb1e89ee6ff6', 'project_name': 'tempest-ServersListShow298Test-1394560228', 'tenant_id': 'c045ae7bfc564df280f4eb1e89ee6ff6', 'tenant_name': 'tempest-ServersListShow298Test-1394560228', 'user_domain_id': 'default', 'user_domain_name': 'Default', 'user_id': '321d2a18675c4260b77db66a1f248c84', 'system': None}, Network: None, Subnet: None, Router: None
2025-11-14 02:26:23.145 67163 INFO tempest.lib.common.dynamic_creds [-] Created isolated network resources for: credentials: Credentials: {'domain_id': 'default', 'domain_name': 'Default', 'username': 'tempest-ServersListShow298Test-1394560228-project-member', 'project_domain_id': 'default', 'project_domain_name': 'Default', 'project_id': 'c045ae7bfc564df280f4eb1e89ee6ff6', 'project_name': 'tempest-ServersListShow298Test-1394560228', 'tenant_id': 'c045ae7bfc564df280f4eb1e89ee6ff6', 'tenant_name': 'tempest-ServersListShow298Test-1394560228', 'user_domain_id': 'default', 'user_domain_name': 'Default', 'user_id': '321d2a18675c4260b77db66a1f248c84', 'system': None}, Network: None, Subnet: None, Router: None
2025-11-14 02:26:23.166 67177 INFO tempest.lib.common.rest_client [req-bf9d7ec2-9114-4b57-afdb-c7e1d069a73a req-bf9d7ec2-9114-4b57-afdb-c7e1d069a73a ] Request (ImagesDeleteNegativeTestJSON:tearDownClass): 204 DELETE http://10.180.1.21/networking/v2.0/security-groups/84e925ff-4f0c-49a4-b489-2d489b6e15ef 0.563s
2025-11-14 02:26:23.208 67129 INFO tempest.lib.common.rest_client [req-7c378c3a-15b9-49a9-bba6-2fc39224040b req-7c378c3a-15b9-49a9-bba6-2fc39224040b ] Request (ListServerFiltersTestJSON:tearDownClass): 204 DELETE http://10.180.1.21/compute/v2.1/servers/c47763ff-cce9-44d7-b4ef-d024a036d408 2.983s
2025-11-14 02:26:23.225 67163 INFO tempest.lib.common.rest_client [req-4d18fcd9-0681-4186-b1eb-8b1344418479 req-4d18fcd9-0681-4186-b1eb-8b1344418479 ] Request (ServersListShow298Test:setUpClass): 201 POST http://10.180.1.21/identity/v3/auth/tokens 0.076s
2025-11-14 02:26:23.262 67177 INFO tempest.lib.common.rest_client [req-3d207ae2-df79-49e5-82be-db6ffcc61191 req-3d207ae2-df79-49e5-82be-db6ffcc61191 ] Request (ImagesDeleteNegativeTestJSON:tearDownClass): 204 DELETE http://10.180.1.21/identity/v3/projects/960592ec7bc546e99ed5422a6d560d89 0.096s
2025-11-14 02:26:23.284 67163 INFO tempest.lib.common.rest_client [req-79b35e09-96f4-465e-b80d-bf545dcbf1a7 req-79b35e09-96f4-465e-b80d-bf545dcbf1a7 ] Request (ServersListShow298Test:test_list_show_update_rebuild_server_298): 201 POST http://10.180.1.21/identity/v3/auth/tokens 0.056s
2025-11-14 02:26:23.284 67163 INFO tempest.lib.common.fixed_network [-] (ServersListShow298Test:test_list_show_update_rebuild_server_298) Found network None available for tenant
2025-11-14 02:26:23.337 67177 INFO tempest.lib.common.rest_client [req-9b09146a-93bc-4ece-a6fa-006654b48464 req-9b09146a-93bc-4ece-a6fa-006654b48464 ] Request (ListImageFiltersNegativeTestJSON:setUpClass): 201 POST http://10.180.1.21/identity/v3/auth/tokens 0.073s
2025-11-14 02:26:23.369 67177 INFO tempest.lib.common.rest_client [req-0097de4a-ad1c-4685-96c8-a196a47f5b1b req-0097de4a-ad1c-4685-96c8-a196a47f5b1b ] Request (ListImageFiltersNegativeTestJSON:setUpClass): 201 POST http://10.180.1.21/identity/v3/auth/tokens 0.030s
2025-11-14 02:26:23.400 67177 INFO tempest.lib.common.rest_client [req-3fb5e45e-6656-4f17-8de3-09bd9fca7847 req-3fb5e45e-6656-4f17-8de3-09bd9fca7847 ] Request (ListImageFiltersNegativeTestJSON:setUpClass): 200 GET http://10.180.1.21/identity/v3/domains?name=Default 0.031s
2025-11-14 02:26:23.441 67177 INFO tempest.lib.common.rest_client [req-eeae3223-3e25-4148-b85f-88e394afdce2 req-eeae3223-3e25-4148-b85f-88e394afdce2 ] Request (ListImageFiltersNegativeTestJSON:setUpClass): 201 POST http://10.180.1.21/identity/v3/projects 0.040s
2025-11-14 02:26:23.501 67177 INFO tempest.lib.common.rest_client [req-706bcf78-94a4-49f6-9286-123691322e3e req-706bcf78-94a4-49f6-9286-123691322e3e ] Request (ListImageFiltersNegativeTestJSON:setUpClass): 201 POST http://10.180.1.21/identity/v3/users 0.059s
2025-11-14 02:26:23.528 67177 INFO tempest.lib.common.rest_client [req-02602005-7a37-4397-a1d2-a7eab02bfcca req-02602005-7a37-4397-a1d2-a7eab02bfcca ] Request (ListImageFiltersNegativeTestJSON:setUpClass): 200 GET http://10.180.1.21/identity/v3/roles 0.026s
2025-11-14 02:26:23.556 67177 INFO tempest.lib.common.rest_client [req-59987d53-3462-48c6-ae30-49927e4001d7 req-59987d53-3462-48c6-ae30-49927e4001d7 ] Request (ListImageFiltersNegativeTestJSON:setUpClass): 204 PUT http://10.180.1.21/identity/v3/projects/094a0395e4774acc8d0f42955ff352c5/users/b201350760bf459c91d1b47c92b4551c/roles/c3002e7031604a79bce0c9869a023cc3 0.026s
2025-11-14 02:26:23.556 67177 INFO tempest.lib.common.dynamic_creds [-] Dynamic test user b201350760bf459c91d1b47c92b4551c is created with scope project and roles: ['member']
2025-11-14 02:26:23.556 67177 INFO tempest.lib.common.dynamic_creds [-] Acquired dynamic creds: credentials: Credentials: {'domain_id': 'default', 'domain_name': 'Default', 'username': 'tempest-ListImageFiltersNegativeTestJSON-1099875948-project-member', 'project_domain_id': 'default', 'project_domain_name': 'Default', 'project_id': '094a0395e4774acc8d0f42955ff352c5', 'project_name': 'tempest-ListImageFiltersNegativeTestJSON-1099875948', 'tenant_id': '094a0395e4774acc8d0f42955ff352c5', 'tenant_name': 'tempest-ListImageFiltersNegativeTestJSON-1099875948', 'user_domain_id': 'default', 'user_domain_name': 'Default', 'user_id': 'b201350760bf459c91d1b47c92b4551c', 'system': None}, Network: None, Subnet: None, Router: None
2025-11-14 02:26:23.557 67177 INFO tempest.lib.common.dynamic_creds [-] Created isolated network resources for: credentials: Credentials: {'domain_id': 'default', 'domain_name': 'Default', 'username': 'tempest-ListImageFiltersNegativeTestJSON-1099875948-project-member', 'project_domain_id': 'default', 'project_domain_name': 'Default', 'project_id': '094a0395e4774acc8d0f42955ff352c5', 'project_name': 'tempest-ListImageFiltersNegativeTestJSON-1099875948', 'tenant_id': '094a0395e4774acc8d0f42955ff352c5', 'tenant_name': 'tempest-ListImageFiltersNegativeTestJSON-1099875948', 'user_domain_id': 'default', 'user_domain_name': 'Default', 'user_id': 'b201350760bf459c91d1b47c92b4551c', 'system': None}, Network: None, Subnet: None, Router: None
2025-11-14 02:26:23.586 67155 INFO tempest.lib.common.rest_client [req-3073880d-bc12-4944-904e-d09f27e41879 req-3073880d-bc12-4944-904e-d09f27e41879 ] Request (ServerPasswordTestJSON:tearDownClass): 204 DELETE http://10.180.1.21/networking/v2.0/routers/4db939f9-204c-4031-872d-b2e412d3b5af 0.975s
2025-11-14 02:26:23.623 67181 INFO tempest.lib.common.rest_client [req-64fd8040-66d2-4928-890f-7bc49dcfd512 req-64fd8040-66d2-4928-890f-7bc49dcfd512 ] Request (VolumesAdminNegativeTest:tearDownClass): 200 PUT http://10.180.1.21/networking/v2.0/routers/e94d9343-8558-4f60-98ef-f2f04d449539/remove_router_interface 1.183s
2025-11-14 02:26:23.660 67177 INFO tempest.lib.common.rest_client [req-e5d3c565-d294-431b-b5de-e18090e70283 req-e5d3c565-d294-431b-b5de-e18090e70283 ] Request (ListImageFiltersNegativeTestJSON:setUpClass): 201 POST http://10.180.1.21/identity/v3/auth/tokens 0.100s
2025-11-14 02:26:23.707 67143 INFO tempest.lib.common.rest_client [req-5866995a-0f49-42ca-a58b-ec9bfd81d538 req-5866995a-0f49-42ca-a58b-ec9bfd81d538 ] Request (ValidationResourcesFixture:setUp): 201 POST http://10.180.1.21/networking/v2.0/security-group-rules 0.983s
2025-11-14 02:26:23.887 67145 INFO tempest.lib.common.rest_client [req-cde02034-50a2-4500-b027-a77fc19c1e46 req-cde02034-50a2-4500-b027-a77fc19c1e46 ] Request (FloatingIPsAssociationTestJSON:tearDownClass): 204 DELETE http://10.180.1.21/networking/v2.0/networks/e1c62984-fd6c-4b89-83ba-471ee19259c2 1.066s
2025-11-14 02:26:23.921 67184 INFO tempest.lib.common.rest_client [req-4bd06639-a1da-409d-bfe9-4dae23dd934b req-4bd06639-a1da-409d-bfe9-4dae23dd934b ] Request (ImagesTestJSON:test_create_image_from_stopped_server): 200 GET http://10.180.1.21/compute/v2.1/servers/cef0b453-ea22-46b7-a577-dd2c88921916 3.643s
2025-11-14 02:26:24.090 67155 INFO tempest.lib.common.rest_client [req-97c99f84-5334-4a08-a042-ea4e78146933 req-97c99f84-5334-4a08-a042-ea4e78146933 ] Request (ServerPasswordTestJSON:tearDownClass): 204 DELETE http://10.180.1.21/networking/v2.0/subnets/6f554b84-3654-4126-a2f5-919cb4ca0308 0.504s
2025-11-14 02:26:24.106 67145 INFO tempest.lib.common.rest_client [req-713d8161-e9f9-4334-9743-58b514df8283 req-713d8161-e9f9-4334-9743-58b514df8283 ] Request (FloatingIPsAssociationTestJSON:tearDownClass): 204 DELETE http://10.180.1.21/identity/v3/users/147cb96ab6684540ad12605ff5030b39 0.219s
2025-11-14 02:26:24.107 67145 INFO tempest.lib.common.dynamic_creds [-] Deleting project and security group for project: 8054b00295dc4214aaef69d9dd69abdd
2025-11-14 02:26:24.473 67181 INFO tempest.lib.common.rest_client [req-f05e0ca5-6fa9-4fb6-8d5d-4fecf64a427c req-f05e0ca5-6fa9-4fb6-8d5d-4fecf64a427c ] Request (VolumesAdminNegativeTest:tearDownClass): 204 DELETE http://10.180.1.21/networking/v2.0/routers/e94d9343-8558-4f60-98ef-f2f04d449539 0.848s
2025-11-14 02:26:24.534 67131 INFO tempest.lib.common.rest_client [req-c11342fc-f38c-4dda-9859-c109e8502b32 req-c11342fc-f38c-4dda-9859-c109e8502b32 ] Request (ServersTestBootFromVolume:tearDownClass): 200 PUT http://10.180.1.21/networking/v2.0/routers/6be2bd2c-4fca-45a1-a76f-e5f3ce61e5a3/remove_router_interface 1.485s
2025-11-14 02:26:24.610 67143 INFO tempest.lib.common.rest_client [req-c009ee30-c42f-43e0-bb45-31521fb919d2 req-c009ee30-c42f-43e0-bb45-31521fb919d2 ] Request (ValidationResourcesFixture:setUp): 201 POST http://10.180.1.21/networking/v2.0/security-group-rules 0.902s
2025-11-14 02:26:24.636 67145 INFO tempest.lib.common.rest_client [req-19cc9b90-7f95-40ca-976f-8ca9c4a33016 req-19cc9b90-7f95-40ca-976f-8ca9c4a33016 ] Request (FloatingIPsAssociationTestJSON:tearDownClass): 200 GET http://10.180.1.21/networking/v2.0/security-groups?tenant_id=8054b00295dc4214aaef69d9dd69abdd&name=default 0.528s
2025-11-14 02:26:24.660 67155 INFO tempest.lib.common.rest_client [req-79238c2c-42aa-49ac-9051-b8f84ef36db7 req-79238c2c-42aa-49ac-9051-b8f84ef36db7 ] Request (ServerPasswordTestJSON:tearDownClass): 204 DELETE http://10.180.1.21/networking/v2.0/networks/76d8c505-612f-42f7-b580-80ad995f060e 0.569s
2025-11-14 02:26:24.680 67157 INFO tempest.lib.common.rest_client [req-c7673493-cf39-4918-8384-4fb4dd9b94a3 req-c7673493-cf39-4918-8384-4fb4dd9b94a3 ] Request (AttachVolumeNegativeTest:test_attach_attached_volume_to_different_server): 204 DELETE http://10.180.1.21/compute/v2.1/servers/7c7b0c0b-b0be-40cc-883c-0d315e7918de 4.290s
2025-11-14 02:26:24.781 67181 INFO tempest.lib.common.rest_client [req-15abeb76-a4af-46ac-a3ca-30ebed5f8d36 req-15abeb76-a4af-46ac-a3ca-30ebed5f8d36 ] Request (VolumesAdminNegativeTest:tearDownClass): 204 DELETE http://10.180.1.21/networking/v2.0/subnets/d8187df9-2ebc-4c54-8272-85799aaa57cc 0.307s
2025-11-14 02:26:24.827 67155 INFO tempest.lib.common.rest_client [req-d0bc1c91-8ee6-4de1-890d-45943e7b4d45 req-d0bc1c91-8ee6-4de1-890d-45943e7b4d45 ] Request (ServerPasswordTestJSON:tearDownClass): 204 DELETE http://10.180.1.21/identity/v3/users/10e490ad900a49ddb2cb772a4a9eb84d 0.166s
2025-11-14 02:26:24.827 67155 INFO tempest.lib.common.dynamic_creds [-] Deleting project and security group for project: 71edaf19a421480f97b55109081db3f5
2025-11-14 02:26:25.142 67131 INFO tempest.lib.common.rest_client [req-b1a74895-a2f1-4ff4-a2d0-5570bb3ab786 req-b1a74895-a2f1-4ff4-a2d0-5570bb3ab786 ] Request (ServersTestBootFromVolume:tearDownClass): 204 DELETE http://10.180.1.21/networking/v2.0/routers/6be2bd2c-4fca-45a1-a76f-e5f3ce61e5a3 0.607s
2025-11-14 02:26:25.218 67145 INFO tempest.lib.common.rest_client [req-cd5c074a-3ef4-4977-909c-8f93d137547d req-cd5c074a-3ef4-4977-909c-8f93d137547d ] Request (FloatingIPsAssociationTestJSON:tearDownClass): 204 DELETE http://10.180.1.21/networking/v2.0/security-groups/9f52d070-8fe3-48e6-9c32-5f1f6e97adc5 0.582s
2025-11-14 02:26:25.224 67143 INFO tempest.lib.common.rest_client [req-0633d394-580f-4bb0-98d3-0e9d0c8a2d7b req-0633d394-580f-4bb0-98d3-0e9d0c8a2d7b ] Request (ValidationResourcesFixture:setUp): 201 POST http://10.180.1.21/networking/v2.0/floatingips 0.613s
2025-11-14 02:26:25.284 67155 INFO tempest.lib.common.rest_client [req-5be3d25e-55b7-42b6-aef5-9fa795ed4e27 req-5be3d25e-55b7-42b6-aef5-9fa795ed4e27 ] Request (ServerPasswordTestJSON:tearDownClass): 200 GET http://10.180.1.21/networking/v2.0/security-groups?tenant_id=71edaf19a421480f97b55109081db3f5&name=default 0.456s
2025-11-14 02:26:25.295 67143 INFO tempest.lib.common.rest_client [req-444c51d4-28f1-4dbb-a246-b680526241c1 req-444c51d4-28f1-4dbb-a246-b680526241c1 ] Request (AttachVolumeTestJSON:test_attach_detach_volume): 201 POST http://10.180.1.21/identity/v3/auth/tokens 0.068s
2025-11-14 02:26:25.295 67143 INFO tempest.lib.common.fixed_network [-] (AttachVolumeTestJSON:test_attach_detach_volume) Found network {'id': 'c87708cd-2db7-4d57-a0e4-7bba7b43c191', 'name': 'tempest-AttachVolumeTestJSON-855149058-network', 'tenant_id': '22cc0a5bfb154aa6b50543bef386d65c', 'project_id': '22cc0a5bfb154aa6b50543bef386d65c', 'admin_state_up': True, 'mtu': 8950, 'status': 'ACTIVE', 'subnets': [], 'shared': False, 'port_security_enabled': True, 'router:external': False, 'provider:network_type': 'vlan', 'provider:physical_network': 'default', 'provider:segmentation_id': 263, 'availability_zone_hints': [], 'availability_zones': [], 'ipv4_address_scope': None, 'ipv6_address_scope': None, 'description': '', 'tags': [], 'created_at': '2025-11-14T02:26:16Z', 'updated_at': '2025-11-14T02:26:16Z', 'revision_number': 1} available for tenant
2025-11-14 02:26:25.322 67145 INFO tempest.lib.common.rest_client [req-a1a2b384-0922-4f62-85fd-c0e1fef76737 req-a1a2b384-0922-4f62-85fd-c0e1fef76737 ] Request (FloatingIPsAssociationTestJSON:tearDownClass): 204 DELETE http://10.180.1.21/identity/v3/projects/8054b00295dc4214aaef69d9dd69abdd 0.103s
2025-11-14 02:26:25.345 67147 INFO tempest.lib.common.rest_client [req-cb4e0d77-2a72-4388-a3ad-28d588ab8663 req-cb4e0d77-2a72-4388-a3ad-28d588ab8663 ] Request (ServersNegativeTestJSON:setUpClass): 202 POST http://10.180.1.21/compute/v2.1/servers 5.295s
2025-11-14 02:26:25.403 67145 INFO tempest.lib.common.rest_client [req-fee2e253-4857-4414-808e-c10bc011325e req-fee2e253-4857-4414-808e-c10bc011325e ] Request (FloatingIPDetailsTestJSON:setUpClass): 201 POST http://10.180.1.21/identity/v3/auth/tokens 0.075s
2025-11-14 02:26:25.405 67125 INFO tempest.lib.common.rest_client [req-3cc67b6e-c865-4254-8565-87a4b00c45fb req-3cc67b6e-c865-4254-8565-87a4b00c45fb ] Request (ServerShowV254Test:test_rebuild_server): 204 DELETE http://10.180.1.21/compute/v2.1/servers/eafa4a4e-220b-4a43-9f76-fd44ea3abc56 4.921s
2025-11-14 02:26:25.427 67141 INFO tempest.lib.common.rest_client [req-b5c6441b-9c2b-46f8-b0f4-0aaf40821375 req-b5c6441b-9c2b-46f8-b0f4-0aaf40821375 ] Request (FlavorsAccessNegativeTestJSON:_run_cleanups): 200 GET http://10.180.1.21/compute/v2.1/flavors/detail 4.911s
2025-11-14 02:26:25.427 67131 INFO tempest.lib.common.rest_client [req-09877060-526a-4409-ba37-96420c646e35 req-09877060-526a-4409-ba37-96420c646e35 ] Request (ServersTestBootFromVolume:tearDownClass): 204 DELETE http://10.180.1.21/networking/v2.0/subnets/b274b7bb-0b0a-4525-88fb-26538520aeb0 0.284s
2025-11-14 02:26:25.444 67145 INFO tempest.lib.common.rest_client [req-448518ee-b039-4347-9ca1-1638471523d3 req-448518ee-b039-4347-9ca1-1638471523d3 ] Request (FloatingIPDetailsTestJSON:setUpClass): 201 POST http://10.180.1.21/identity/v3/auth/tokens 0.038s
2025-11-14 02:26:25.454 67121 INFO tempest.lib.common.rest_client [req-f5789e44-f4b8-4195-826b-0785b1cdccf5 req-f5789e44-f4b8-4195-826b-0785b1cdccf5 ] Request (FlavorsAccessTestJSON:test_flavor_access_list_with_private_flavor): 200 GET http://10.180.1.21/compute/v2.1/flavors/1077199441/os-flavor-access 4.912s
2025-11-14 02:26:25.477 67145 INFO tempest.lib.common.rest_client [req-bd28fa5c-d078-4afc-b9c0-76bd8e5fdcf7 req-bd28fa5c-d078-4afc-b9c0-76bd8e5fdcf7 ] Request (FloatingIPDetailsTestJSON:setUpClass): 200 GET http://10.180.1.21/identity/v3/domains?name=Default 0.033s
2025-11-14 02:26:25.510 67145 INFO tempest.lib.common.rest_client [req-9562090a-5ee9-49ff-b32c-2c681e4b35af req-9562090a-5ee9-49ff-b32c-2c681e4b35af ] Request (FloatingIPDetailsTestJSON:setUpClass): 201 POST http://10.180.1.21/identity/v3/projects 0.032s
2025-11-14 02:26:25.527 67155 INFO tempest.lib.common.rest_client [req-b3be8673-f1db-4645-8768-62720c4b47e4 req-b3be8673-f1db-4645-8768-62720c4b47e4 ] Request (ServerPasswordTestJSON:tearDownClass): 204 DELETE http://10.180.1.21/networking/v2.0/security-groups/083c3bf4-f4ab-45ba-ac32-5513308b4f37 0.242s
2025-11-14 02:26:25.528 67141 INFO tempest.lib.common.rest_client [req-6b4376d2-0dd2-4492-803f-b40a2e7c4ad7 req-6b4376d2-0dd2-4492-803f-b40a2e7c4ad7 ] Request (FlavorsAccessNegativeTestJSON:tearDownClass): 204 DELETE http://10.180.1.21/identity/v3/users/33a9efc82e994f71981f3c629d8748ed 0.094s
2025-11-14 02:26:25.533 67181 INFO tempest.lib.common.rest_client [req-b6df3af5-bc81-4e3a-a01c-4c153bc02ac3 req-b6df3af5-bc81-4e3a-a01c-4c153bc02ac3 ] Request (VolumesAdminNegativeTest:tearDownClass): 204 DELETE http://10.180.1.21/networking/v2.0/networks/9da485f8-5f5c-42f5-94ec-e5f8ddd96aec 0.751s
2025-11-14 02:26:25.556 67171 INFO tempest.lib.common.rest_client [req-46966ffc-42a8-496d-8c0b-ef38cd77a738 req-46966ffc-42a8-496d-8c0b-ef38cd77a738 ] Request (MultipleCreateTestJSON:test_multiple_create_with_reservation_return): 200 GET http://10.180.1.21/compute/v2.1/servers/8752be2f-da79-4129-8664-8393ecdfe047 4.947s
2025-11-14 02:26:25.608 67145 INFO tempest.lib.common.rest_client [req-72dbba5f-5d7e-4b46-bef5-8e2243fee7b9 req-72dbba5f-5d7e-4b46-bef5-8e2243fee7b9 ] Request (FloatingIPDetailsTestJSON:setUpClass): 201 POST http://10.180.1.21/identity/v3/users 0.097s
2025-11-14 02:26:25.615 67155 INFO tempest.lib.common.rest_client [req-a23c9e26-8131-4baa-abfa-a4aab63481f8 req-a23c9e26-8131-4baa-abfa-a4aab63481f8 ] Request (ServerPasswordTestJSON:tearDownClass): 204 DELETE http://10.180.1.21/identity/v3/projects/71edaf19a421480f97b55109081db3f5 0.087s
2025-11-14 02:26:25.667 67145 INFO tempest.lib.common.rest_client [req-4fa2bb0e-8e67-4067-861f-eb081568da0c req-4fa2bb0e-8e67-4067-861f-eb081568da0c ] Request (FloatingIPDetailsTestJSON:setUpClass): 200 GET http://10.180.1.21/identity/v3/roles 0.059s
2025-11-14 02:26:25.723 67141 INFO tempest.lib.common.rest_client [req-c4c76ba8-b2b6-4a23-8715-314e05f85c41 req-c4c76ba8-b2b6-4a23-8715-314e05f85c41 ] Request (FlavorsAccessNegativeTestJSON:tearDownClass): 204 DELETE http://10.180.1.21/identity/v3/users/66c6da892412438ba34bd1b45d406163 0.195s
2025-11-14 02:26:25.733 67155 INFO tempest.lib.common.rest_client [req-105f39c2-688a-4ec4-8862-b37a1e841a62 req-105f39c2-688a-4ec4-8862-b37a1e841a62 ] Request (ServersTestJSON:setUpClass): 201 POST http://10.180.1.21/identity/v3/auth/tokens 0.114s
2025-11-14 02:26:25.760 67131 INFO tempest.lib.common.rest_client [req-08e76332-08d1-4276-b1fb-66993805df52 req-08e76332-08d1-4276-b1fb-66993805df52 ] Request (ServersTestBootFromVolume:tearDownClass): 204 DELETE http://10.180.1.21/networking/v2.0/networks/1a445f13-c2d7-4f09-913e-bdabc3d901ab 0.332s
2025-11-14 02:26:25.793 67145 INFO tempest.lib.common.rest_client [req-17c7ec31-d5f3-41aa-958f-d32bc6ba564d req-17c7ec31-d5f3-41aa-958f-d32bc6ba564d ] Request (FloatingIPDetailsTestJSON:setUpClass): 204 PUT http://10.180.1.21/identity/v3/projects/2ce02629327b4e43a4439ea504e32a6c/users/0504808e39754b7d9194cb20bec72e1c/roles/c3002e7031604a79bce0c9869a023cc3 0.125s
2025-11-14 02:26:25.793 67145 INFO tempest.lib.common.dynamic_creds [-] Dynamic test user 0504808e39754b7d9194cb20bec72e1c is created with scope project and roles: ['member']
2025-11-14 02:26:25.793 67145 INFO tempest.lib.common.dynamic_creds [-] Acquired dynamic creds: credentials: Credentials: {'domain_id': 'default', 'domain_name': 'Default', 'username': 'tempest-FloatingIPDetailsTestJSON-1678626766-project-member', 'project_domain_id': 'default', 'project_domain_name': 'Default', 'project_id': '2ce02629327b4e43a4439ea504e32a6c', 'project_name': 'tempest-FloatingIPDetailsTestJSON-1678626766', 'tenant_id': '2ce02629327b4e43a4439ea504e32a6c', 'tenant_name': 'tempest-FloatingIPDetailsTestJSON-1678626766', 'user_domain_id': 'default', 'user_domain_name': 'Default', 'user_id': '0504808e39754b7d9194cb20bec72e1c', 'system': None}, Network: None, Subnet: None, Router: None
2025-11-14 02:26:25.871 67167 INFO tempest.lib.common.rest_client [req-1753cb1f-fe71-42a5-967a-efd1240f4513 req-1753cb1f-fe71-42a5-967a-efd1240f4513 ] Request (QuotasAdminTestJSON:test_update_all_quota_resources_for_tenant): 200 GET http://10.180.1.21/compute/v2.1/os-quota-sets/b5a65e89cf3e49ba8c0eb413fda2b8e9/defaults 5.254s
2025-11-14 02:26:25.903 67173 INFO tempest.lib.common.rest_client [req-c78192cd-25a1-4452-aee5-5008ff4a88f6 req-c78192cd-25a1-4452-aee5-5008ff4a88f6 ] Request (KeyPairsV22TestJSON:_run_cleanups): 204 DELETE http://10.180.1.21/compute/v2.1/os-keypairs/tempest-keypair-2123645731 5.279s
2025-11-14 02:26:25.924 67155 INFO tempest.lib.common.rest_client [req-2f687dd0-21fc-4400-b67b-6b45dd5cc26d req-2f687dd0-21fc-4400-b67b-6b45dd5cc26d ] Request (ServersTestJSON:setUpClass): 201 POST http://10.180.1.21/identity/v3/auth/tokens 0.188s
2025-11-14 02:26:25.925 67139 INFO tempest.lib.common.rest_client [req-73b8cc15-07fa-4673-87d8-7635a2db2f69 req-73b8cc15-07fa-4673-87d8-7635a2db2f69 ] Request (ServerDiskConfigTestJSON:test_rebuild_server_with_auto_disk_config): 204 DELETE http://10.180.1.21/compute/v2.1/servers/d23fbbd2-5c5b-4776-a54f-2caee58dece7 5.427s
2025-11-14 02:26:25.938 67141 INFO tempest.lib.common.rest_client [req-04f8169e-866c-4da6-9406-f8b5e47878fa req-04f8169e-866c-4da6-9406-f8b5e47878fa ] Request (FlavorsAccessNegativeTestJSON:tearDownClass): 204 DELETE http://10.180.1.21/identity/v3/users/261addb2b3b04322b6e3f5481b1b79b1 0.214s
2025-11-14 02:26:25.939 67141 INFO tempest.lib.common.dynamic_creds [-] Deleting project and security group for project: b6cebe5eb71f41999789fab392a7eb6f
2025-11-14 02:26:26.003 67145 INFO tempest.lib.common.rest_client [req-67c8f28b-c9f0-4765-84ef-801f819f2a4c req-67c8f28b-c9f0-4765-84ef-801f819f2a4c ] Request (FloatingIPDetailsTestJSON:setUpClass): 201 POST http://10.180.1.21/identity/v3/auth/tokens 0.209s
2025-11-14 02:26:26.007 67131 INFO tempest.lib.common.rest_client [req-2af9270e-0ce1-4755-a103-f59a2a3c6e8b req-2af9270e-0ce1-4755-a103-f59a2a3c6e8b ] Request (ServersTestBootFromVolume:tearDownClass): 204 DELETE http://10.180.1.21/identity/v3/users/6b7cd268a7d145fd9ce0c92112e482ec 0.247s
2025-11-14 02:26:26.007 67131 INFO tempest.lib.common.dynamic_creds [-] Deleting project and security group for project: 2c5f5613ebbb47e98300c4f8a0802726
2025-11-14 02:26:26.071 67141 INFO tempest.lib.common.rest_client [req-3ba0ca26-bee0-4a1f-9dcd-1737f63ce679 req-3ba0ca26-bee0-4a1f-9dcd-1737f63ce679 ] Request (FlavorsAccessNegativeTestJSON:tearDownClass): 201 POST http://10.180.1.21/identity/v3/auth/tokens 0.132s
2025-11-14 02:26:26.072 67155 INFO tempest.lib.common.rest_client [req-ae300f34-5dca-473a-b9f0-a0f9a1ffc6ac req-ae300f34-5dca-473a-b9f0-a0f9a1ffc6ac ] Request (ServersTestJSON:setUpClass): 200 GET http://10.180.1.21/identity/v3/domains?name=Default 0.147s
2025-11-14 02:26:26.106 67155 INFO tempest.lib.common.rest_client [req-6d424124-3602-492f-be44-e4c040796d7c req-6d424124-3602-492f-be44-e4c040796d7c ] Request (ServersTestJSON:setUpClass): 201 POST http://10.180.1.21/identity/v3/projects 0.033s
2025-11-14 02:26:26.163 67153 INFO tempest.lib.common.rest_client [req-d8966b80-c452-4b10-8fba-7f30eacdc8b8 req-d8966b80-c452-4b10-8fba-7f30eacdc8b8 ] Request (ImagesMetadataTestJSON:setUp): 200 PUT http://10.180.1.21/compute/v2.1/images/bf870d1a-e651-40c8-9284-8938bf28fe75/metadata 5.200s
2025-11-14 02:26:26.170 67155 INFO tempest.lib.common.rest_client [req-666d5c81-fbe5-4bdd-a4f6-b75e54ee26ae req-666d5c81-fbe5-4bdd-a4f6-b75e54ee26ae ] Request (ServersTestJSON:setUpClass): 201 POST http://10.180.1.21/identity/v3/users 0.063s
2025-11-14 02:26:26.188 67159 INFO tempest.lib.common.rest_client [req-3603ddfd-9c22-4722-86db-837b17b6e172 req-3603ddfd-9c22-4722-86db-837b17b6e172 ] Request (DeleteServersTestJSON:test_delete_server_while_in_attached_volume): 404 GET http://10.180.1.21/compute/v2.1/servers/3ce9ac35-00a3-4ded-a73e-ca3fff7bebac 5.109s
2025-11-14 02:26:26.198 67155 INFO tempest.lib.common.rest_client [req-7f8fd024-39c3-4eb6-9245-069eb3b294a1 req-7f8fd024-39c3-4eb6-9245-069eb3b294a1 ] Request (ServersTestJSON:setUpClass): 200 GET http://10.180.1.21/identity/v3/roles 0.027s
2025-11-14 02:26:26.208 67151 INFO tempest.lib.common.rest_client [req-7c5b96f8-d529-49e2-83e3-39c268bf9198 req-7c5b96f8-d529-49e2-83e3-39c268bf9198 ] Request (AggregatesAdminNegativeTestJSON:test_aggregate_remove_nonexistent_host): 200 POST http://10.180.1.21/compute/v2.1/os-aggregates 5.022s
2025-11-14 02:26:26.229 67155 INFO tempest.lib.common.rest_client [req-2125a606-2f21-4a8b-9376-cb55c5cda1de req-2125a606-2f21-4a8b-9376-cb55c5cda1de ] Request (ServersTestJSON:setUpClass): 204 PUT http://10.180.1.21/identity/v3/projects/2e1b8b03c1b042bd95670876a540057f/users/3b2c1d48eed545aa95ca0920ec91551f/roles/c3002e7031604a79bce0c9869a023cc3 0.031s
2025-11-14 02:26:26.229 67155 INFO tempest.lib.common.dynamic_creds [-] Dynamic test user 3b2c1d48eed545aa95ca0920ec91551f is created with scope project and roles: ['member']
2025-11-14 02:26:26.229 67155 INFO tempest.lib.common.dynamic_creds [-] Acquired dynamic creds: credentials: Credentials: {'domain_id': 'default', 'domain_name': 'Default', 'username': 'tempest-ServersTestJSON-27002374-project-member', 'project_domain_id': 'default', 'project_domain_name': 'Default', 'project_id': '2e1b8b03c1b042bd95670876a540057f', 'project_name': 'tempest-ServersTestJSON-27002374', 'tenant_id': '2e1b8b03c1b042bd95670876a540057f', 'tenant_name': 'tempest-ServersTestJSON-27002374', 'user_domain_id': 'default', 'user_domain_name': 'Default', 'user_id': '3b2c1d48eed545aa95ca0920ec91551f', 'system': None}, Network: None, Subnet: None, Router: None
2025-11-14 02:26:26.255 67159 INFO tempest.lib.common.rest_client [req-9f9264ea-e5f7-474f-879f-7bf34c9bc0bf req-9f9264ea-e5f7-474f-879f-7bf34c9bc0bf ] Request (DeleteServersTestJSON:test_delete_server_while_in_building_state): 201 POST http://10.180.1.21/identity/v3/auth/tokens 0.061s
2025-11-14 02:26:26.255 67159 INFO tempest.lib.common.fixed_network [-] (DeleteServersTestJSON:test_delete_server_while_in_building_state) Found network {'id': '618dec8d-9cec-4de4-98de-a1aed2055cac', 'name': 'tempest-DeleteServersTestJSON-1779991087-network', 'tenant_id': '7869a0ff7cfe4f269cc571cfba1c0ce8', 'project_id': '7869a0ff7cfe4f269cc571cfba1c0ce8', 'admin_state_up': True, 'mtu': 8950, 'status': 'ACTIVE', 'subnets': [], 'shared': False, 'port_security_enabled': True, 'router:external': False, 'provider:network_type': 'vlan', 'provider:physical_network': 'default', 'provider:segmentation_id': 571, 'availability_zone_hints': [], 'availability_zones': [], 'ipv4_address_scope': None, 'ipv6_address_scope': None, 'description': '', 'tags': [], 'created_at': '2025-11-14T02:25:42Z', 'updated_at': '2025-11-14T02:25:42Z', 'revision_number': 1} available for tenant
2025-11-14 02:26:26.312 67155 INFO tempest.lib.common.rest_client [req-1019e151-ed10-4d6d-9cda-cf5752397872 req-1019e151-ed10-4d6d-9cda-cf5752397872 ] Request (ServersTestJSON:setUpClass): 201 POST http://10.180.1.21/identity/v3/auth/tokens 0.082s
2025-11-14 02:26:26.353 67181 INFO tempest.lib.common.rest_client [req-1f2fe84c-1fb0-4c6a-ab31-8408319afc79 req-1f2fe84c-1fb0-4c6a-ab31-8408319afc79 ] Request (VolumesAdminNegativeTest:tearDownClass): 200 PUT http://10.180.1.21/networking/v2.0/routers/02c10d0b-e5aa-40bb-8cb9-8c107b607dec/remove_router_interface 0.820s
2025-11-14 02:26:26.397 67131 INFO tempest.lib.common.rest_client [req-bfb0228c-8637-416c-8c39-0d00d3270317 req-bfb0228c-8637-416c-8c39-0d00d3270317 ] Request (ServersTestBootFromVolume:tearDownClass): 200 GET http://10.180.1.21/networking/v2.0/security-groups?tenant_id=2c5f5613ebbb47e98300c4f8a0802726&name=default 0.389s
2025-11-14 02:26:26.510 67141 INFO tempest.lib.common.rest_client [req-a1dcfd66-fc15-40b0-a25c-b85a5124ea35 req-a1dcfd66-fc15-40b0-a25c-b85a5124ea35 ] Request (FlavorsAccessNegativeTestJSON:tearDownClass): 200 GET http://10.180.1.21/networking/v2.0/security-groups?tenant_id=b6cebe5eb71f41999789fab392a7eb6f&name=default 0.438s
2025-11-14 02:26:26.572 67145 INFO tempest.lib.common.rest_client [req-cb4eea6b-38bc-4e85-b080-136b99633334 req-cb4eea6b-38bc-4e85-b080-136b99633334 ] Request (FloatingIPDetailsTestJSON:setUpClass): 201 POST http://10.180.1.21/networking/v2.0/networks 0.568s
2025-11-14 02:26:26.666 67133 INFO tempest.lib.common.rest_client [req-662f5bf9-ed7f-42fc-8d54-779c9829b375 req-662f5bf9-ed7f-42fc-8d54-779c9829b375 ] Request (SecurityGroupsTestJSON:test_list_security_groups_by_server): 200 POST http://10.180.1.21/compute/v2.1/os-security-groups 5.162s
2025-11-14 02:26:26.689 67137 INFO tempest.lib.common.rest_client [req-c558a7e6-432f-4f09-92ea-497694a1964a req-c558a7e6-432f-4f09-92ea-497694a1964a ] Request (ServerActionsV293TestJSON:setUpClass): 404 GET http://10.180.1.21/compute/v2.1/servers/c0d86139-afd0-4a98-b2fa-16ea7fe55138 5.021s
2025-11-14 02:26:26.689 67137 INFO tempest.test [-] raised in ServerActionsV293TestJSON.setUpClass. Invoking tearDownClass.
2025-11-14 02:26:26.712 67135 INFO tempest.lib.common.rest_client [req-d215262a-d1ee-4cad-858f-4c5474d72b4e req-d215262a-d1ee-4cad-858f-4c5474d72b4e ] Request (FlavorsAdminTestJSON:_run_cleanups): 200 GET http://10.180.1.21/compute/v2.1/flavors/detail 5.023s
2025-11-14 02:26:26.718 67155 INFO tempest.lib.common.rest_client [req-303069ae-ec18-4da3-8b67-dfc66df3d125 req-303069ae-ec18-4da3-8b67-dfc66df3d125 ] Request (ServersTestJSON:setUpClass): 201 POST http://10.180.1.21/networking/v2.0/networks 0.406s
2025-11-14 02:26:26.787 67127 INFO tempest.lib.common.rest_client [req-1ac501c0-ba18-4674-a2ae-c7a6927acd81 req-1ac501c0-ba18-4674-a2ae-c7a6927acd81 ] Request (MigrationsAdminTest:test_list_migrations): 200 GET http://10.180.1.21/compute/v2.1/os-migrations 5.067s
2025-11-14 02:26:26.793 67179 INFO tempest.lib.common.rest_client [req-d0266293-b539-4b28-902e-6dc4da650301 req-d0266293-b539-4b28-902e-6dc4da650301 ] Request (ServerGroup264TestJSON:tearDownClass): 404 DELETE http://10.180.1.21/compute/v2.1/os-server-groups/1fde0e4a-2d70-4ac2-a672-dc692d75f5e6 4.960s
2025-11-14 02:26:26.818 67131 INFO tempest.lib.common.rest_client [req-80f044c8-d46b-4350-8141-174347ebfc27 req-80f044c8-d46b-4350-8141-174347ebfc27 ] Request (ServersTestBootFromVolume:tearDownClass): 204 DELETE http://10.180.1.21/networking/v2.0/security-groups/79fa9bf8-f56f-4de5-850a-730e931e435b 0.420s
2025-11-14 02:26:26.867 67127 INFO tempest.lib.common.rest_client [req-c95d678f-ff1d-4031-9fc7-12b10007ee7d req-c95d678f-ff1d-4031-9fc7-12b10007ee7d ] Request (MigrationsAdminTest:test_list_migrations_in_flavor_resize_situation): 201 POST http://10.180.1.21/identity/v3/auth/tokens 0.072s
2025-11-14 02:26:26.867 67127 INFO tempest.lib.common.fixed_network [-] (MigrationsAdminTest:test_list_migrations_in_flavor_resize_situation) Found network None available for tenant
2025-11-14 02:26:26.901 67131 INFO tempest.lib.common.rest_client [req-a2ba8c2a-6075-4d82-b36f-7b7306a05cb6 req-a2ba8c2a-6075-4d82-b36f-7b7306a05cb6 ] Request (ServersTestBootFromVolume:tearDownClass): 204 DELETE http://10.180.1.21/identity/v3/projects/2c5f5613ebbb47e98300c4f8a0802726 0.082s
2025-11-14 02:26:26.959 67141 INFO tempest.lib.common.rest_client [req-a23db345-144e-4894-b097-4db927464ff2 req-a23db345-144e-4894-b097-4db927464ff2 ] Request (FlavorsAccessNegativeTestJSON:tearDownClass): 204 DELETE http://10.180.1.21/networking/v2.0/security-groups/b8c9357c-5028-4806-bdd1-170499c107b7 0.448s
2025-11-14 02:26:26.969 67131 INFO tempest.lib.common.rest_client [req-77473c4c-c3e0-4949-8615-4371c92038f7 req-77473c4c-c3e0-4949-8615-4371c92038f7 ] Request (ServerAddressesTestJSON:setUpClass): 201 POST http://10.180.1.21/identity/v3/auth/tokens 0.062s
2025-11-14 02:26:27.001 67131 INFO tempest.lib.common.rest_client [req-7c0f31d8-75b4-4ba2-a6bf-f7bbe08ef4e4 req-7c0f31d8-75b4-4ba2-a6bf-f7bbe08ef4e4 ] Request (ServerAddressesTestJSON:setUpClass): 201 POST http://10.180.1.21/identity/v3/auth/tokens 0.029s
2025-11-14 02:26:27.030 67141 INFO tempest.lib.common.rest_client [req-24922bda-d7fe-4141-b033-96a5f9b22d8e req-24922bda-d7fe-4141-b033-96a5f9b22d8e ] Request (FlavorsAccessNegativeTestJSON:tearDownClass): 204 DELETE http://10.180.1.21/identity/v3/projects/b6cebe5eb71f41999789fab392a7eb6f 0.070s
2025-11-14 02:26:27.030 67141 INFO tempest.lib.common.dynamic_creds [-] Deleting project and security group for project: afd97bbd99d6441aa181f53fe53d822c
2025-11-14 02:26:27.053 67131 INFO tempest.lib.common.rest_client [req-9bb7a7b8-e2f0-4fb2-be53-22113adef9f8 req-9bb7a7b8-e2f0-4fb2-be53-22113adef9f8 ] Request (ServerAddressesTestJSON:setUpClass): 200 GET http://10.180.1.21/identity/v3/domains?name=Default 0.050s
2025-11-14 02:26:27.088 67131 INFO tempest.lib.common.rest_client [req-8e1a4abd-ea7b-4add-83bb-4a7ff0717783 req-8e1a4abd-ea7b-4add-83bb-4a7ff0717783 ] Request (ServerAddressesTestJSON:setUpClass): 201 POST http://10.180.1.21/identity/v3/projects 0.035s
2025-11-14 02:26:27.110 67145 INFO tempest.lib.common.rest_client [req-70fdafbe-020c-463f-af92-1565b1f471a4 req-70fdafbe-020c-463f-af92-1565b1f471a4 ] Request (FloatingIPDetailsTestJSON:setUpClass): 201 POST http://10.180.1.21/networking/v2.0/subnets 0.538s
2025-11-14 02:26:27.143 67181 INFO tempest.lib.common.rest_client [req-2dae2b2d-6abd-4136-90c5-17b0aa69d7ea req-2dae2b2d-6abd-4136-90c5-17b0aa69d7ea ] Request (VolumesAdminNegativeTest:tearDownClass): 204 DELETE http://10.180.1.21/networking/v2.0/routers/02c10d0b-e5aa-40bb-8cb9-8c107b607dec 0.790s
2025-11-14 02:26:27.153 67131 INFO tempest.lib.common.rest_client [req-281a0698-ebdc-4535-b644-dcdb8586570a req-281a0698-ebdc-4535-b644-dcdb8586570a ] Request (ServerAddressesTestJSON:setUpClass): 201 POST http://10.180.1.21/identity/v3/users 0.064s
2025-11-14 02:26:27.174 67131 INFO tempest.lib.common.rest_client [req-9b0e90db-5623-4f81-af12-0db4ca53cfc1 req-9b0e90db-5623-4f81-af12-0db4ca53cfc1 ] Request (ServerAddressesTestJSON:setUpClass): 200 GET http://10.180.1.21/identity/v3/roles 0.021s
2025-11-14 02:26:27.185 67149 INFO tempest.lib.common.rest_client [req-8df23a86-5a7e-4f24-a3fd-864fee6c8c42 req-8df23a86-5a7e-4f24-a3fd-864fee6c8c42 ] Request (FloatingIPsTestJSON:test_delete_floating_ip): 200 POST http://10.180.1.21/compute/v2.1/os-floating-ips 6.308s
2025-11-14 02:26:27.204 67131 INFO tempest.lib.common.rest_client [req-bac3a6d1-ffb3-431c-91b0-73d3982bbd0a req-bac3a6d1-ffb3-431c-91b0-73d3982bbd0a ] Request (ServerAddressesTestJSON:setUpClass): 204 PUT http://10.180.1.21/identity/v3/projects/c9483ebb21294c35be6c05d9cc082e84/users/8910d58491c8423aade2b4fbb000d992/roles/c3002e7031604a79bce0c9869a023cc3 0.029s
2025-11-14 02:26:27.204 67131 INFO tempest.lib.common.dynamic_creds [-] Dynamic test user 8910d58491c8423aade2b4fbb000d992 is created with scope project and roles: ['member']
2025-11-14 02:26:27.205 67131 INFO tempest.lib.common.dynamic_creds [-] Acquired dynamic creds: credentials: Credentials: {'domain_id': 'default', 'domain_name': 'Default', 'username': 'tempest-ServerAddressesTestJSON-82631497-project-member', 'project_domain_id': 'default', 'project_domain_name': 'Default', 'project_id': 'c9483ebb21294c35be6c05d9cc082e84', 'project_name': 'tempest-ServerAddressesTestJSON-82631497', 'tenant_id': 'c9483ebb21294c35be6c05d9cc082e84', 'tenant_name': 'tempest-ServerAddressesTestJSON-82631497', 'user_domain_id': 'default', 'user_domain_name': 'Default', 'user_id': '8910d58491c8423aade2b4fbb000d992', 'system': None}, Network: None, Subnet: None, Router: None
2025-11-14 02:26:27.210 67129 INFO tempest.lib.common.rest_client [req-60fc6a3d-72ae-4505-b463-13abeace07e5 req-60fc6a3d-72ae-4505-b463-13abeace07e5 ] Request (ListServerFiltersTestJSON:tearDownClass): 404 GET http://10.180.1.21/compute/v2.1/servers/c47763ff-cce9-44d7-b4ef-d024a036d408 4.002s
2025-11-14 02:26:27.258 67155 INFO tempest.lib.common.rest_client [req-1082fd9c-0b9c-4f2a-9aa5-c47601e53c6e req-1082fd9c-0b9c-4f2a-9aa5-c47601e53c6e ] Request (ServersTestJSON:setUpClass): 201 POST http://10.180.1.21/networking/v2.0/subnets 0.540s
2025-11-14 02:26:27.275 67131 INFO tempest.lib.common.rest_client [req-f3ab1b00-e665-4731-8593-144e5263b9ad req-f3ab1b00-e665-4731-8593-144e5263b9ad ] Request (ServerAddressesTestJSON:setUpClass): 201 POST http://10.180.1.21/identity/v3/auth/tokens 0.070s
2025-11-14 02:26:27.290 67161 INFO tempest.lib.common.rest_client [req-24f1c2b9-1b8d-4bd9-bcae-7fec7be31795 req-24f1c2b9-1b8d-4bd9-bcae-7fec7be31795 ] Request (InstanceActionsV221TestJSON:test_get_list_deleted_instance_actions): 200 GET http://10.180.1.21/compute/v2.1/servers/1bd7d86a-1fb0-422e-938d-925c8a5408e5 4.501s
2025-11-14 02:26:27.374 67141 INFO tempest.lib.common.rest_client [req-453baa4d-e3f6-4791-a273-101cdb891d1d req-453baa4d-e3f6-4791-a273-101cdb891d1d ] Request (FlavorsAccessNegativeTestJSON:tearDownClass): 200 GET http://10.180.1.21/networking/v2.0/security-groups?tenant_id=afd97bbd99d6441aa181f53fe53d822c&name=default 0.343s
2025-11-14 02:26:27.457 67163 INFO tempest.lib.common.rest_client [req-9c3443d5-b544-4f24-8f82-46259c582212 req-9c3443d5-b544-4f24-8f82-46259c582212 ] Request (ServersListShow298Test:test_list_show_update_rebuild_server_298): 202 POST http://10.180.1.21/compute/v2.1/servers 4.170s
2025-11-14 02:26:27.541 67177 INFO tempest.lib.common.rest_client [req-01854d54-f81c-4983-b4b0-502694b6b627 req-01854d54-f81c-4983-b4b0-502694b6b627 ] Request (ListImageFiltersNegativeTestJSON:test_get_nonexistent_image): 404 GET http://10.180.1.21/compute/v2.1/images/be382db4-d0a9-45e5-a7b9-8d367fb0a8e6 3.880s
2025-11-14 02:26:27.568 67157 INFO tempest.lib.common.rest_client [req-3853a9d6-e191-476b-a8a5-6fb5b6e544ef req-3853a9d6-e191-476b-a8a5-6fb5b6e544ef ] Request (AttachVolumeNegativeTest:test_attach_attached_volume_to_different_server): 404 GET http://10.180.1.21/compute/v2.1/servers/7c7b0c0b-b0be-40cc-883c-0d315e7918de 2.887s
2025-11-14 02:26:27.637 67177 INFO tempest.lib.common.rest_client [req-17e92c67-426e-4cbe-bd62-c5a4485e42c3 req-17e92c67-426e-4cbe-bd62-c5a4485e42c3 ] Request (ListImageFiltersNegativeTestJSON:tearDownClass): 204 DELETE http://10.180.1.21/identity/v3/users/b201350760bf459c91d1b47c92b4551c 0.089s
2025-11-14 02:26:27.637 67177 INFO tempest.lib.common.dynamic_creds [-] Deleting project and security group for project: 094a0395e4774acc8d0f42955ff352c5
2025-11-14 02:26:27.702 67177 INFO tempest.lib.common.rest_client [req-7c71394a-3e02-4b54-8e32-7b9553388847 req-7c71394a-3e02-4b54-8e32-7b9553388847 ] Request (ListImageFiltersNegativeTestJSON:tearDownClass): 201 POST http://10.180.1.21/identity/v3/auth/tokens 0.065s
2025-11-14 02:26:27.904 67179 INFO tempest.lib.common.rest_client [req-a3d517e6-2c03-4b75-bb05-60ec35636a30 req-a3d517e6-2c03-4b75-bb05-60ec35636a30 ] Request (ServerGroup264TestJSON:tearDownClass): 200 PUT http://10.180.1.21/networking/v2.0/routers/9c5671b5-2fa5-4b20-ac65-60bcc1cf6377/remove_router_interface 1.110s
2025-11-14 02:26:28.028 67181 INFO tempest.lib.common.rest_client [req-92152abc-cd5c-4276-b398-4ee36cf889e8 req-92152abc-cd5c-4276-b398-4ee36cf889e8 ] Request (VolumesAdminNegativeTest:tearDownClass): 204 DELETE http://10.180.1.21/networking/v2.0/subnets/b8a7b61b-9d6f-4464-9222-c2db4d57b76a 0.884s
2025-11-14 02:26:28.060 67145 INFO tempest.lib.common.rest_client [req-7b8d3b14-88d3-4c9e-bc21-8e372787e814 req-7b8d3b14-88d3-4c9e-bc21-8e372787e814 ] Request (FloatingIPDetailsTestJSON:setUpClass): 201 POST http://10.180.1.21/networking/v2.0/routers 0.949s
2025-11-14 02:26:28.142 67129 INFO tempest.lib.common.rest_client [req-4b5dd760-f2ef-47b8-a48b-ba6a9d6c14aa req-4b5dd760-f2ef-47b8-a48b-ba6a9d6c14aa ] Request (ListServerFiltersTestJSON:tearDownClass): 204 DELETE http://10.180.1.21/networking/v2.0/subnets/3225a898-9663-4819-b2c4-ab9a55d1bbba 0.932s
2025-11-14 02:26:28.418 67131 INFO tempest.lib.common.rest_client [req-f9c071c0-4fda-4bfc-9716-f9e4cf7423ad req-f9c071c0-4fda-4bfc-9716-f9e4cf7423ad ] Request (ServerAddressesTestJSON:setUpClass): 201 POST http://10.180.1.21/networking/v2.0/networks 1.142s
2025-11-14 02:26:28.452 67165 INFO tempest.lib.common.rest_client [req-b3312d62-ece8-4c2b-88d2-cdef960cbae3 req-b3312d62-ece8-4c2b-88d2-cdef960cbae3 ] Request (AttachInterfacesTestJSON:test_reassign_port_between_servers): 200 GET http://10.180.1.21/compute/v2.1/servers/97cc9daf-f8de-446a-8d8d-8691e7abfa97 5.033s
2025-11-14 02:26:28.538 67141 INFO tempest.lib.common.rest_client [req-f21541dd-fed3-4dfb-8937-fe9e712e803c req-f21541dd-fed3-4dfb-8937-fe9e712e803c ] Request (FlavorsAccessNegativeTestJSON:tearDownClass): 204 DELETE http://10.180.1.21/networking/v2.0/security-groups/5acd5a11-be00-48ae-974c-91b1608c14f7 1.164s
2025-11-14 02:26:28.564 67184 INFO tempest.lib.common.rest_client [req-365f9994-db19-4648-b141-b8b0dbabe21d req-365f9994-db19-4648-b141-b8b0dbabe21d ] Request (ImagesTestJSON:test_create_image_from_stopped_server): 200 GET http://10.180.1.21/compute/v2.1/servers/cef0b453-ea22-46b7-a577-dd2c88921916 3.628s
2025-11-14 02:26:28.633 67141 INFO tempest.lib.common.rest_client [req-18af9f36-a984-4c96-ae73-869fc1cdccda req-18af9f36-a984-4c96-ae73-869fc1cdccda ] Request (FlavorsAccessNegativeTestJSON:tearDownClass): 204 DELETE http://10.180.1.21/identity/v3/projects/afd97bbd99d6441aa181f53fe53d822c 0.094s
2025-11-14 02:26:28.633 67141 INFO tempest.lib.common.dynamic_creds [-] Deleting project and security group for project: 3729cf0912af4b6fba7f9e06fc376392
2025-11-14 02:26:28.687 67177 INFO tempest.lib.common.rest_client [req-d399ebd9-ab8a-44d2-bab7-a4e69e8ee612 req-d399ebd9-ab8a-44d2-bab7-a4e69e8ee612 ] Request (ListImageFiltersNegativeTestJSON:tearDownClass): 200 GET http://10.180.1.21/networking/v2.0/security-groups?tenant_id=094a0395e4774acc8d0f42955ff352c5&name=default 0.984s
2025-11-14 02:26:28.754 67155 INFO tempest.lib.common.rest_client [req-87689194-362b-4fcd-bfea-2497ff520856 req-87689194-362b-4fcd-bfea-2497ff520856 ] Request (ServersTestJSON:setUpClass): 201 POST http://10.180.1.21/networking/v2.0/routers 1.495s
2025-11-14 02:26:29.085 67181 INFO tempest.lib.common.rest_client [req-6519a15d-7238-42fa-82cd-ba148b058104 req-6519a15d-7238-42fa-82cd-ba148b058104 ] Request (VolumesAdminNegativeTest:tearDownClass): 204 DELETE http://10.180.1.21/networking/v2.0/networks/c81c1507-0f17-43d9-932a-193d68fedee8 1.056s
2025-11-14 02:26:29.109 67179 INFO tempest.lib.common.rest_client [req-b8a1c31e-75e4-4213-8d50-fc6707eca2a9 req-b8a1c31e-75e4-4213-8d50-fc6707eca2a9 ] Request (ServerGroup264TestJSON:tearDownClass): 204 DELETE http://10.180.1.21/networking/v2.0/routers/9c5671b5-2fa5-4b20-ac65-60bcc1cf6377 1.204s
