2025-11-14 02:25:16.495 67169 INFO tempest.lib.common.rest_client [req-5bf0802c-5192-4b5f-9ba9-42aad803d51a req-5bf0802c-5192-4b5f-9ba9-42aad803d51a ] Request (TenantUsagesNegativeTestJSON:setUpClass): 201 POST http://10.180.1.21/identity/v3/auth/tokens 0.032s
2025-11-14 02:25:16.509 67159 INFO tempest.lib.common.rest_client [req-c310227f-f813-4819-9b28-70a4fb4ba1d5 req-c310227f-f813-4819-9b28-70a4fb4ba1d5 ] Request (FloatingIPsAssociationNegativeTestJSON:setUpClass): 201 POST http://10.180.1.21/identity/v3/projects 0.045s
2025-11-14 02:25:16.536 67155 INFO tempest.lib.common.rest_client [req-962c2330-616f-4dd3-8108-ce627c49a695 req-962c2330-616f-4dd3-8108-ce627c49a695 ] Request (ImagesNegativeTestJSON:setUpClass): 201 POST http://10.180.1.21/identity/v3/projects 0.054s
2025-11-14 02:25:16.572 67137 INFO tempest.lib.common.rest_client [req-236aa807-c1b0-400e-8432-f778b876716e req-236aa807-c1b0-400e-8432-f778b876716e ] Request (ServerActionsTestJSON:setUpClass): 200 GET http://10.180.1.21/compute/v2.1/servers/4eeabe25-a61c-4956-a416-b7ae818d9317 1.626s
2025-11-14 02:25:16.599 67159 INFO tempest.lib.common.rest_client [req-be3ead0a-c0f2-452d-b354-fea82b5d3ea1 req-be3ead0a-c0f2-452d-b354-fea82b5d3ea1 ] Request (FloatingIPsAssociationNegativeTestJSON:setUpClass): 201 POST http://10.180.1.21/identity/v3/users 0.088s
2025-11-14 02:25:16.604 67169 INFO tempest.lib.common.rest_client [req-c9c3e2fb-8a1e-49be-ab40-fc1360081658 req-c9c3e2fb-8a1e-49be-ab40-fc1360081658 ] Request (TenantUsagesNegativeTestJSON:setUpClass): 200 GET http://10.180.1.21/identity/v3/domains?name=Default 0.109s
2025-11-14 02:25:16.625 67155 INFO tempest.lib.common.rest_client [req-6c14e5f1-5aaa-4983-9d1a-e3c3bd5bf2b0 req-6c14e5f1-5aaa-4983-9d1a-e3c3bd5bf2b0 ] Request (ImagesNegativeTestJSON:setUpClass): 201 POST http://10.180.1.21/identity/v3/users 0.089s
2025-11-14 02:25:16.642 67159 INFO tempest.lib.common.rest_client [req-06ad4c7c-bebb-4404-a70c-0d083a515551 req-06ad4c7c-bebb-4404-a70c-0d083a515551 ] Request (FloatingIPsAssociationNegativeTestJSON:setUpClass): 200 GET http://10.180.1.21/identity/v3/roles 0.043s
2025-11-14 02:25:16.671 67169 INFO tempest.lib.common.rest_client [req-79de3251-7be3-4130-bcaa-0cdd998aeac1 req-79de3251-7be3-4130-bcaa-0cdd998aeac1 ] Request (TenantUsagesNegativeTestJSON:setUpClass): 201 POST http://10.180.1.21/identity/v3/projects 0.066s
2025-11-14 02:25:16.691 67129 INFO tempest.lib.common.rest_client [req-42778ccb-6c0f-4d21-b36c-d22ac4a37270 req-42778ccb-6c0f-4d21-b36c-d22ac4a37270 ] Request (AttachInterfacesUnderV243Test:test_add_remove_fixed_ip): 202 POST http://10.180.1.21/compute/v2.1/servers 1.841s
2025-11-14 02:25:16.718 67155 INFO tempest.lib.common.rest_client [req-5119cfc3-7909-4b12-901b-470774431f27 req-5119cfc3-7909-4b12-901b-470774431f27 ] Request (ImagesNegativeTestJSON:setUpClass): 200 GET http://10.180.1.21/identity/v3/roles 0.092s
2025-11-14 02:25:16.724 67149 INFO tempest.lib.common.rest_client [req-efdd759f-f60f-4582-afe3-225986e27dd0 req-efdd759f-f60f-4582-afe3-225986e27dd0 ] Request (DeleteServersAdminTestJSON:test_admin_delete_servers_of_others): 404 GET http://10.180.1.21/compute/v2.1/servers/98d6033a-7d8f-463c-b50e-807e3aac813a 1.727s
2025-11-14 02:25:16.733 67159 INFO tempest.lib.common.rest_client [req-347bfcad-5b2b-463c-8c71-02f3eeae67f4 req-347bfcad-5b2b-463c-8c71-02f3eeae67f4 ] Request (FloatingIPsAssociationNegativeTestJSON:setUpClass): 204 PUT http://10.180.1.21/identity/v3/projects/0ac730f9cdfd498ebfd6bb4a3fd0275d/users/b5acac8a887d4ab5a70b0ae8e832575d/roles/c3002e7031604a79bce0c9869a023cc3 0.090s
2025-11-14 02:25:16.733 67159 INFO tempest.lib.common.dynamic_creds [-] Dynamic test user b5acac8a887d4ab5a70b0ae8e832575d is created with scope project and roles: ['member']
2025-11-14 02:25:16.733 67159 INFO tempest.lib.common.dynamic_creds [-] Acquired dynamic creds: credentials: Credentials: {'domain_id': 'default', 'domain_name': 'Default', 'username': 'tempest-FloatingIPsAssociationNegativeTestJSON-2099338431-project-member', 'project_domain_id': 'default', 'project_domain_name': 'Default', 'project_id': '0ac730f9cdfd498ebfd6bb4a3fd0275d', 'project_name': 'tempest-FloatingIPsAssociationNegativeTestJSON-2099338431', 'tenant_id': '0ac730f9cdfd498ebfd6bb4a3fd0275d', 'tenant_name': 'tempest-FloatingIPsAssociationNegativeTestJSON-2099338431', 'user_domain_id': 'default', 'user_domain_name': 'Default', 'user_id': 'b5acac8a887d4ab5a70b0ae8e832575d', 'system': None}, Network: None, Subnet: None, Router: None
2025-11-14 02:25:16.740 67169 INFO tempest.lib.common.rest_client [req-ecf574cb-ff14-44fd-93b6-09575dc25ea8 req-ecf574cb-ff14-44fd-93b6-09575dc25ea8 ] Request (TenantUsagesNegativeTestJSON:setUpClass): 201 POST http://10.180.1.21/identity/v3/users 0.069s
2025-11-14 02:25:16.806 67155 INFO tempest.lib.common.rest_client [req-2b3c5606-3c85-45c0-b847-341682920c43 req-2b3c5606-3c85-45c0-b847-341682920c43 ] Request (ImagesNegativeTestJSON:setUpClass): 204 PUT http://10.180.1.21/identity/v3/projects/2ec81cdaf6284e319d5fdd2cbd09ccfe/users/8c7f49b78c554e4c821104e93ab3134b/roles/c3002e7031604a79bce0c9869a023cc3 0.088s
2025-11-14 02:25:16.807 67155 INFO tempest.lib.common.dynamic_creds [-] Dynamic test user 8c7f49b78c554e4c821104e93ab3134b is created with scope project and roles: ['member']
2025-11-14 02:25:16.807 67155 INFO tempest.lib.common.dynamic_creds [-] Acquired dynamic creds: credentials: Credentials: {'domain_id': 'default', 'domain_name': 'Default', 'username': 'tempest-ImagesNegativeTestJSON-643189806-project-member', 'project_domain_id': 'default', 'project_domain_name': 'Default', 'project_id': '2ec81cdaf6284e319d5fdd2cbd09ccfe', 'project_name': 'tempest-ImagesNegativeTestJSON-643189806', 'tenant_id': '2ec81cdaf6284e319d5fdd2cbd09ccfe', 'tenant_name': 'tempest-ImagesNegativeTestJSON-643189806', 'user_domain_id': 'default', 'user_domain_name': 'Default', 'user_id': '8c7f49b78c554e4c821104e93ab3134b', 'system': None}, Network: None, Subnet: None, Router: None
2025-11-14 02:25:16.873 67159 INFO tempest.lib.common.rest_client [req-dbd37df7-bb61-4d42-81fa-11b12c2ade43 req-dbd37df7-bb61-4d42-81fa-11b12c2ade43 ] Request (FloatingIPsAssociationNegativeTestJSON:setUpClass): 201 POST http://10.180.1.21/identity/v3/auth/tokens 0.140s
2025-11-14 02:25:16.882 67167 INFO tempest.lib.common.rest_client [req-68057900-033d-4c9f-b4a8-0fd8425a2cc0 req-68057900-033d-4c9f-b4a8-0fd8425a2cc0 ] Request (QuotasAdminTestJSON:test_delete_quota): 200 GET http://10.180.1.21/compute/v2.1/os-quota-sets/fb0da820d9594f9690f339c5424e07b3 1.910s
2025-11-14 02:25:16.895 67169 INFO tempest.lib.common.rest_client [req-b241104e-05b8-4a4c-b1bb-535e7033ec9a req-b241104e-05b8-4a4c-b1bb-535e7033ec9a ] Request (TenantUsagesNegativeTestJSON:setUpClass): 200 GET http://10.180.1.21/identity/v3/roles 0.153s
2025-11-14 02:25:16.927 67149 INFO tempest.lib.common.rest_client [req-e13154e7-5f34-4b9d-b6e0-c250d45ba1bc req-e13154e7-5f34-4b9d-b6e0-c250d45ba1bc ] Request (DeleteServersAdminTestJSON:test_delete_server_while_in_error_state): 201 POST http://10.180.1.21/identity/v3/auth/tokens 0.190s
2025-11-14 02:25:16.927 67149 INFO tempest.lib.common.fixed_network [-] (DeleteServersAdminTestJSON:test_delete_server_while_in_error_state) Found network None available for tenant
2025-11-14 02:25:16.960 67155 INFO tempest.lib.common.rest_client [req-fc192ae0-1567-4d50-94b3-aab6a900f198 req-fc192ae0-1567-4d50-94b3-aab6a900f198 ] Request (ImagesNegativeTestJSON:setUpClass): 201 POST http://10.180.1.21/identity/v3/auth/tokens 0.152s
2025-11-14 02:25:17.005 67169 INFO tempest.lib.common.rest_client [req-bc0f82dd-a241-42af-a96d-83fd68d8cc82 req-bc0f82dd-a241-42af-a96d-83fd68d8cc82 ] Request (TenantUsagesNegativeTestJSON:setUpClass): 204 PUT http://10.180.1.21/identity/v3/projects/cd1f103cc2684bb3958443f2ad5d764a/users/9e5bf7db42564e99828da24ccf3d9b79/roles/c3002e7031604a79bce0c9869a023cc3 0.110s
2025-11-14 02:25:17.005 67169 INFO tempest.lib.common.dynamic_creds [-] Dynamic test user 9e5bf7db42564e99828da24ccf3d9b79 is created with scope project and roles: ['member']
2025-11-14 02:25:17.006 67169 INFO tempest.lib.common.dynamic_creds [-] Acquired dynamic creds: credentials: Credentials: {'domain_id': 'default', 'domain_name': 'Default', 'username': 'tempest-TenantUsagesNegativeTestJSON-1309144706-project-member', 'project_domain_id': 'default', 'project_domain_name': 'Default', 'project_id': 'cd1f103cc2684bb3958443f2ad5d764a', 'project_name': 'tempest-TenantUsagesNegativeTestJSON-1309144706', 'tenant_id': 'cd1f103cc2684bb3958443f2ad5d764a', 'tenant_name': 'tempest-TenantUsagesNegativeTestJSON-1309144706', 'user_domain_id': 'default', 'user_domain_name': 'Default', 'user_id': '9e5bf7db42564e99828da24ccf3d9b79', 'system': None}, Network: None, Subnet: None, Router: None
2025-11-14 02:25:17.006 67169 INFO tempest.lib.common.dynamic_creds [-] Created isolated network resources for: credentials: Credentials: {'domain_id': 'default', 'domain_name': 'Default', 'username': 'tempest-TenantUsagesNegativeTestJSON-1309144706-project-member', 'project_domain_id': 'default', 'project_domain_name': 'Default', 'project_id': 'cd1f103cc2684bb3958443f2ad5d764a', 'project_name': 'tempest-TenantUsagesNegativeTestJSON-1309144706', 'tenant_id': 'cd1f103cc2684bb3958443f2ad5d764a', 'tenant_name': 'tempest-TenantUsagesNegativeTestJSON-1309144706', 'user_domain_id': 'default', 'user_domain_name': 'Default', 'user_id': '9e5bf7db42564e99828da24ccf3d9b79', 'system': None}, Network: None, Subnet: None, Router: None
2025-11-14 02:25:17.192 67147 INFO tempest.lib.common.rest_client [req-2561593e-e024-48e9-90d2-cd6dccd9bbb8 req-2561593e-e024-48e9-90d2-cd6dccd9bbb8 ] Request (QuotasAdminNegativeTest:test_create_server_when_instances_quota_is_full): 200 PUT http://10.180.1.21/compute/v2.1/os-quota-sets/f9c75fc61e294b64b1f268affecd4053 1.966s
2025-11-14 02:25:17.195 67169 INFO tempest.lib.common.rest_client [req-8754abaf-48c2-4e4f-a8d8-77e1d702a1d4 req-8754abaf-48c2-4e4f-a8d8-77e1d702a1d4 ] Request (TenantUsagesNegativeTestJSON:setUpClass): 201 POST http://10.180.1.21/identity/v3/auth/tokens 0.186s
2025-11-14 02:25:17.206 67177 INFO tempest.lib.common.rest_client [req-1d15af20-0a23-4438-9f19-33fa716c9834 req-1d15af20-0a23-4438-9f19-33fa716c9834 ] Request (HypervisorAdminNegativeTestJSON:test_show_hypervisor_with_non_admin_user): 200 GET http://10.180.1.21/compute/v2.1/os-hypervisors 1.967s
2025-11-14 02:25:17.228 67169 INFO tempest.lib.common.rest_client [req-bff0d7f5-9ea6-4d52-beb4-e79128c36b2c req-bff0d7f5-9ea6-4d52-beb4-e79128c36b2c ] Request (TenantUsagesNegativeTestJSON:setUpClass): 201 POST http://10.180.1.21/identity/v3/projects 0.032s
2025-11-14 02:25:17.243 67135 INFO tempest.lib.common.rest_client [req-2757d476-46ee-481c-ab8d-4f1130117735 req-2757d476-46ee-481c-ab8d-4f1130117735 ] Request (FlavorsAdminTestJSON:_run_cleanups): 202 DELETE http://10.180.1.21/compute/v2.1/flavors/363445495 1.971s
2025-11-14 02:25:17.252 67159 INFO tempest.lib.common.rest_client [req-0111db15-1feb-45b0-8499-2617fe3b8903 req-0111db15-1feb-45b0-8499-2617fe3b8903 ] Request (FloatingIPsAssociationNegativeTestJSON:setUpClass): 201 POST http://10.180.1.21/networking/v2.0/networks 0.378s
2025-11-14 02:25:17.265 67179 INFO tempest.lib.common.rest_client [req-8ccb465d-5272-4917-b132-37fb8dd0a0f5 req-8ccb465d-5272-4917-b132-37fb8dd0a0f5 ] Request (HostsAdminTestJSON:test_show_host_detail): 200 GET http://10.180.1.21/compute/v2.1/os-hosts 1.972s
2025-11-14 02:25:17.288 67184 INFO tempest.lib.common.rest_client [req-1feb51a2-e389-43d5-9b48-69075b576954 req-1feb51a2-e389-43d5-9b48-69075b576954 ] Request (FlavorsExtraSpecsTestJSON:test_flavor_set_get_update_show_unset_keys): 200 POST http://10.180.1.21/compute/v2.1/flavors/22510018/os-extra_specs 1.983s
2025-11-14 02:25:17.294 67147 INFO tempest.lib.common.rest_client [req-c814526b-867b-42a9-8aee-efc75c6395f2 req-c814526b-867b-42a9-8aee-efc75c6395f2 ] Request (QuotasAdminNegativeTest:test_create_server_when_instances_quota_is_full): 201 POST http://10.180.1.21/identity/v3/auth/tokens 0.097s
2025-11-14 02:25:17.294 67147 INFO tempest.lib.common.fixed_network [-] (QuotasAdminNegativeTest:test_create_server_when_instances_quota_is_full) Found network None available for tenant
2025-11-14 02:25:17.306 67155 INFO tempest.lib.common.rest_client [req-eff7839c-69b0-424e-961d-823384bbc485 req-eff7839c-69b0-424e-961d-823384bbc485 ] Request (ImagesNegativeTestJSON:setUpClass): 201 POST http://10.180.1.21/networking/v2.0/networks 0.346s
2025-11-14 02:25:17.311 67133 INFO tempest.lib.common.rest_client [req-cfc2a60a-1099-4b49-a800-1e5d194254a5 req-cfc2a60a-1099-4b49-a800-1e5d194254a5 ] Request (HostsAdminNegativeTestJSON:test_shutdown_nonexistent_host): 404 GET http://10.180.1.21/compute/v2.1/os-hosts/nonexistent_hostname/shutdown 1.963s
2025-11-14 02:25:17.326 67145 INFO tempest.lib.common.rest_client [req-b9b1a9b3-ef69-4265-a2e0-35d6021d755e req-b9b1a9b3-ef69-4265-a2e0-35d6021d755e ] Request (FlavorsV2TestJSON:test_list_flavors_detailed_limit_results): 200 GET http://10.180.1.21/compute/v2.1/flavors/detail?limit=1 1.978s
2025-11-14 02:25:17.339 67173 INFO tempest.lib.common.rest_client [req-de2bc3fd-d10c-4dd5-9ad9-223c98f5503f req-de2bc3fd-d10c-4dd5-9ad9-223c98f5503f ] Request (FlavorsV255TestJSON:_run_cleanups): 202 DELETE http://10.180.1.21/compute/v2.1/flavors/1048360681 1.961s
2025-11-14 02:25:17.346 67125 INFO tempest.lib.common.rest_client [req-76e2b38b-df6c-4e81-9a41-1b5bc8e5cebb req-76e2b38b-df6c-4e81-9a41-1b5bc8e5cebb ] Request (FlavorsExtraSpecsNegativeTestJSON:test_flavor_non_admin_update_specific_key): 403 PUT http://10.180.1.21/compute/v2.1/flavors/1856207989/os-extra_specs/hw:numa_nodes 1.646s
2025-11-14 02:25:17.364 67169 INFO tempest.lib.common.rest_client [req-27354dc8-01ac-4ded-9dd1-576ed90ef9be req-27354dc8-01ac-4ded-9dd1-576ed90ef9be ] Request (TenantUsagesNegativeTestJSON:setUpClass): 201 POST http://10.180.1.21/identity/v3/users 0.135s
2025-11-14 02:25:17.368 67131 INFO tempest.lib.common.rest_client [req-f17b8c87-adf0-446e-81a7-2ae23a760583 req-f17b8c87-adf0-446e-81a7-2ae23a760583 ] Request (ImagesMetadataNegativeTestJSON:test_set_nonexistent_image_metadata_item): 404 PUT http://10.180.1.21/compute/v2.1/images/58c6f7d7-ddef-4dce-8580-2648196701ac/metadata/os_distro 1.639s
2025-11-14 02:25:17.452 67159 INFO tempest.lib.common.rest_client [req-be136080-74f8-4441-bde5-ecf532fe10bd req-be136080-74f8-4441-bde5-ecf532fe10bd ] Request (FloatingIPsAssociationNegativeTestJSON:setUpClass): 201 POST http://10.180.1.21/networking/v2.0/subnets 0.199s
2025-11-14 02:25:17.457 67179 INFO tempest.lib.common.rest_client [req-645fd72a-280e-4d2e-b896-9c0b09e2fcb7 req-645fd72a-280e-4d2e-b896-9c0b09e2fcb7 ] Request (HostsAdminTestJSON:tearDownClass): 204 DELETE http://10.180.1.21/identity/v3/users/b7bc6908bec74ba4934603da7a1088b2 0.189s
2025-11-14 02:25:17.515 67155 INFO tempest.lib.common.rest_client [req-74f25625-3613-4573-993b-564a4757c74e req-74f25625-3613-4573-993b-564a4757c74e ] Request (ImagesNegativeTestJSON:setUpClass): 201 POST http://10.180.1.21/networking/v2.0/subnets 0.208s
2025-11-14 02:25:17.540 67169 INFO tempest.lib.common.rest_client [req-b6fb8c81-80d0-4ea9-afe4-01a8ccadeccc req-b6fb8c81-80d0-4ea9-afe4-01a8ccadeccc ] Request (TenantUsagesNegativeTestJSON:setUpClass): 200 GET http://10.180.1.21/identity/v3/roles 0.176s
2025-11-14 02:25:17.556 67161 INFO tempest.lib.common.rest_client [req-62d940be-96b5-4b6a-ba10-8214004c2b33 req-62d940be-96b5-4b6a-ba10-8214004c2b33 ] Request (AttachInterfacesV270Test:test_create_get_list_interfaces): 204 DELETE http://10.180.1.21/compute/v2.1/servers/b3c021df-1b81-468a-810a-19e587d45c6f 2.356s
2025-11-14 02:25:17.602 67179 INFO tempest.lib.common.rest_client [req-9f6ea951-22dd-4821-b1df-7dead9aca354 req-9f6ea951-22dd-4821-b1df-7dead9aca354 ] Request (HostsAdminTestJSON:tearDownClass): 204 DELETE http://10.180.1.21/identity/v3/users/7348984eb01b435cae2f5af045168e0e 0.144s
2025-11-14 02:25:17.602 67179 INFO tempest.lib.common.dynamic_creds [-] Deleting project and security group for project: 9f4e39b2705c4ed7bfeff184f58a29bd
2025-11-14 02:25:17.641 67179 INFO tempest.lib.common.rest_client [req-c7a00bfd-cc5c-4f9c-936f-c5ca1e176b08 req-c7a00bfd-cc5c-4f9c-936f-c5ca1e176b08 ] Request (HostsAdminTestJSON:tearDownClass): 201 POST http://10.180.1.21/identity/v3/auth/tokens 0.038s
2025-11-14 02:25:17.662 67169 INFO tempest.lib.common.rest_client [req-d4a4aaaf-4f02-4f80-8006-6debe1f66850 req-d4a4aaaf-4f02-4f80-8006-6debe1f66850 ] Request (TenantUsagesNegativeTestJSON:setUpClass): 204 PUT http://10.180.1.21/identity/v3/projects/599c76d9838d44c4b2c2c1489a5f6f63/users/1fb849b6885e4114aa692ff66fb259c5/roles/1183fa75e67642c8b855745c59f5c4d2 0.121s
2025-11-14 02:25:17.712 67169 INFO tempest.lib.common.rest_client [req-ee7e8f2d-c677-4793-b797-04290973fe5d req-ee7e8f2d-c677-4793-b797-04290973fe5d ] Request (TenantUsagesNegativeTestJSON:setUpClass): 200 GET http://10.180.1.21/identity/v3/roles 0.049s
2025-11-14 02:25:17.729 67169 INFO tempest.lib.common.rest_client [req-b4a31ae6-bbc9-4e91-a881-baac0b648a58 req-b4a31ae6-bbc9-4e91-a881-baac0b648a58 ] Request (TenantUsagesNegativeTestJSON:setUpClass): 204 PUT http://10.180.1.21/identity/v3/projects/599c76d9838d44c4b2c2c1489a5f6f63/users/1fb849b6885e4114aa692ff66fb259c5/roles/1183fa75e67642c8b855745c59f5c4d2 0.016s
2025-11-14 02:25:17.729 67169 INFO tempest.lib.common.dynamic_creds [-] Dynamic test user 1fb849b6885e4114aa692ff66fb259c5 is created with scope project and roles: ['admin']
2025-11-14 02:25:17.729 67169 INFO tempest.lib.common.dynamic_creds [-] Acquired dynamic creds: credentials: Credentials: {'domain_id': 'default', 'domain_name': 'Default', 'username': 'tempest-TenantUsagesNegativeTestJSON-2130574776-project-admin', 'project_domain_id': 'default', 'project_domain_name': 'Default', 'project_id': '599c76d9838d44c4b2c2c1489a5f6f63', 'project_name': 'tempest-TenantUsagesNegativeTestJSON-2130574776', 'tenant_id': '599c76d9838d44c4b2c2c1489a5f6f63', 'tenant_name': 'tempest-TenantUsagesNegativeTestJSON-2130574776', 'user_domain_id': 'default', 'user_domain_name': 'Default', 'user_id': '1fb849b6885e4114aa692ff66fb259c5', 'system': None}, Network: None, Subnet: None, Router: None
2025-11-14 02:25:17.730 67169 INFO tempest.lib.common.dynamic_creds [-] Created isolated network resources for: credentials: Credentials: {'domain_id': 'default', 'domain_name': 'Default', 'username': 'tempest-TenantUsagesNegativeTestJSON-2130574776-project-admin', 'project_domain_id': 'default', 'project_domain_name': 'Default', 'project_id': '599c76d9838d44c4b2c2c1489a5f6f63', 'project_name': 'tempest-TenantUsagesNegativeTestJSON-2130574776', 'tenant_id': '599c76d9838d44c4b2c2c1489a5f6f63', 'tenant_name': 'tempest-TenantUsagesNegativeTestJSON-2130574776', 'user_domain_id': 'default', 'user_domain_name': 'Default', 'user_id': '1fb849b6885e4114aa692ff66fb259c5', 'system': None}, Network: None, Subnet: None, Router: None
2025-11-14 02:25:17.827 67169 INFO tempest.lib.common.rest_client [req-b1df42a8-99eb-4597-83ef-e2adc25e07ce req-b1df42a8-99eb-4597-83ef-e2adc25e07ce ] Request (TenantUsagesNegativeTestJSON:setUpClass): 201 POST http://10.180.1.21/identity/v3/auth/tokens 0.092s
2025-11-14 02:25:17.914 67163 INFO tempest.lib.common.rest_client [req-a91ccf91-7633-47ca-affd-942d61e82fdc req-a91ccf91-7633-47ca-affd-942d61e82fdc ] Request (ListImageFiltersTestJSON:setUpClass): 204 PUT http://10.180.1.21/image/v2/images/a7198ee3-48c4-4066-9cdd-05f6ac37a5d2/file 1.147s
2025-11-14 02:25:18.169 67159 INFO tempest.lib.common.rest_client [req-13485452-7b83-4faf-8e63-abfa656d2e46 req-13485452-7b83-4faf-8e63-abfa656d2e46 ] Request (FloatingIPsAssociationNegativeTestJSON:setUpClass): 201 POST http://10.180.1.21/networking/v2.0/routers 0.717s
2025-11-14 02:25:18.194 67155 INFO tempest.lib.common.rest_client [req-1673db8d-1dc2-4740-be0d-b1952856001d req-1673db8d-1dc2-4740-be0d-b1952856001d ] Request (ImagesNegativeTestJSON:setUpClass): 201 POST http://10.180.1.21/networking/v2.0/routers 0.678s
2025-11-14 02:25:18.321 67143 INFO tempest.lib.common.rest_client [req-22242d13-c0e2-4316-95fc-3ac945daa254 req-22242d13-c0e2-4316-95fc-3ac945daa254 ] Request (ServerDiagnosticsNegativeTest:test_get_server_diagnostics_by_non_admin): 204 DELETE http://10.180.1.21/compute/v2.1/servers/fbe4a7a3-0096-4aa8-9b57-235040869ffa 2.379s
2025-11-14 02:25:18.344 67151 INFO tempest.lib.common.rest_client [req-8c9bf730-cfd2-4694-a0a4-4b0537e47451 req-8c9bf730-cfd2-4694-a0a4-4b0537e47451 ] Request (AggregatesAdminNegativeTestJSON:test_aggregate_add_non_exist_host): 404 POST http://10.180.1.21/compute/v2.1/os-aggregates/3/action 2.363s
2025-11-14 02:25:18.405 67179 INFO tempest.lib.common.rest_client [req-a0aa242f-45f2-493e-99ac-03d62b67fd40 req-a0aa242f-45f2-493e-99ac-03d62b67fd40 ] Request (HostsAdminTestJSON:tearDownClass): 200 GET http://10.180.1.21/networking/v2.0/security-groups?tenant_id=9f4e39b2705c4ed7bfeff184f58a29bd&name=default 0.764s
2025-11-14 02:25:18.951 67159 INFO tempest.lib.common.rest_client [req-5a7f1b34-1cd5-4ab2-91fd-fd198f45d2ff req-5a7f1b34-1cd5-4ab2-91fd-fd198f45d2ff ] Request (FloatingIPsAssociationNegativeTestJSON:setUpClass): 200 PUT http://10.180.1.21/networking/v2.0/routers/4c5d4c6f-3631-4fbd-84ab-7ba2563c25e8/add_router_interface 0.782s
2025-11-14 02:25:18.951 67159 INFO tempest.lib.common.dynamic_creds [-] Created isolated network resources for: credentials: Credentials: {'domain_id': 'default', 'domain_name': 'Default', 'username': 'tempest-FloatingIPsAssociationNegativeTestJSON-2099338431-project-member', 'project_domain_id': 'default', 'project_domain_name': 'Default', 'project_id': '0ac730f9cdfd498ebfd6bb4a3fd0275d', 'project_name': 'tempest-FloatingIPsAssociationNegativeTestJSON-2099338431', 'tenant_id': '0ac730f9cdfd498ebfd6bb4a3fd0275d', 'tenant_name': 'tempest-FloatingIPsAssociationNegativeTestJSON-2099338431', 'user_domain_id': 'default', 'user_domain_name': 'Default', 'user_id': 'b5acac8a887d4ab5a70b0ae8e832575d', 'system': None}, Network: {'id': '48b1a94c-5df0-4916-9a30-730abefb2e46', 'name': 'tempest-FloatingIPsAssociationNegativeTestJSON-784719012-network', 'tenant_id': '0ac730f9cdfd498ebfd6bb4a3fd0275d', 'project_id': '0ac730f9cdfd498ebfd6bb4a3fd0275d', 'admin_state_up': True, 'mtu': 8950, 'status': 'ACTIVE', 'subnets': [], 'shared': False, 'port_security_enabled': True, 'router:external': False, 'provider:network_type': 'vlan', 'provider:physical_network': 'default', 'provider:segmentation_id': 20, 'availability_zone_hints': [], 'availability_zones': [], 'ipv4_address_scope': None, 'ipv6_address_scope': None, 'description': '', 'tags': [], 'created_at': '2025-11-14T02:25:17Z', 'updated_at': '2025-11-14T02:25:17Z', 'revision_number': 1}, Subnet: {'id': 'f4773651-3982-4588-bc13-47dc980bd4b3', 'name': 'tempest-FloatingIPsAssociationNegativeTestJSON-784719012-subnet', 'tenant_id': '0ac730f9cdfd498ebfd6bb4a3fd0275d', 'network_id': '48b1a94c-5df0-4916-9a30-730abefb2e46', 'ip_version': 4, 'subnetpool_id': None, 'enable_dhcp': True, 'ipv6_ra_mode': None, 'ipv6_address_mode': None, 'gateway_ip': '192.168.128.1', 'cidr': '192.168.128.0/28', 'allocation_pools': [{'start': '192.168.128.2', 'end': '192.168.128.14'}], 'host_routes': [], 'dns_nameservers': [], 'description': '', 'router:external': False, 'service_types': [], 'tags': [], 'created_at': '2025-11-14T02:25:17Z', 'updated_at': '2025-11-14T02:25:17Z', 'revision_number': 0, 'project_id': '0ac730f9cdfd498ebfd6bb4a3fd0275d'}, Router: {'id': '4c5d4c6f-3631-4fbd-84ab-7ba2563c25e8', 'name': 'tempest-FloatingIPsAssociationNegativeTestJSON-784719012-router', 'tenant_id': '0ac730f9cdfd498ebfd6bb4a3fd0275d', 'admin_state_up': True, 'status': 'ACTIVE', 'external_gateway_info': {'network_id': '40bbd476-f9fa-4f0c-82c2-3efd99015310', 'external_fixed_ips': [{'subnet_id': '4488bb63-f303-43d7-bd82-55e5225e9967', 'ip_address': '10.180.180.203'}], 'enable_snat': True}, 'description': '', 'availability_zones': [], 'distributed': False, 'ha': False, 'availability_zone_hints': [], 'routes': [], 'flavor_id': None, 'tags': [], 'created_at': '2025-11-14T02:25:17Z', 'updated_at': '2025-11-14T02:25:17Z', 'revision_number': 2, 'project_id': '0ac730f9cdfd498ebfd6bb4a3fd0275d'}
2025-11-14 02:25:19.022 67159 INFO tempest.lib.common.rest_client [req-b31e9ed8-c3ed-4dac-aefb-72bdfba13998 req-b31e9ed8-c3ed-4dac-aefb-72bdfba13998 ] Request (FloatingIPsAssociationNegativeTestJSON:setUpClass): 201 POST http://10.180.1.21/identity/v3/auth/tokens 0.067s
2025-11-14 02:25:19.034 67179 INFO tempest.lib.common.rest_client [req-10f6ce58-39d0-4cd6-886e-bb674832ccc5 req-10f6ce58-39d0-4cd6-886e-bb674832ccc5 ] Request (HostsAdminTestJSON:tearDownClass): 204 DELETE http://10.180.1.21/networking/v2.0/security-groups/f4f03169-ff68-4f8c-8fa1-67aa42362739 0.629s
2025-11-14 02:25:19.055 67159 INFO tempest.lib.common.rest_client [req-2257e45e-04be-4012-bd54-49ff137aaa82 req-2257e45e-04be-4012-bd54-49ff137aaa82 ] Request (FloatingIPsAssociationNegativeTestJSON:setUpClass): 201 POST http://10.180.1.21/identity/v3/auth/tokens 0.029s
2025-11-14 02:25:19.056 67159 INFO tempest.lib.common.fixed_network [-] (FloatingIPsAssociationNegativeTestJSON:setUpClass) Found network {'id': '48b1a94c-5df0-4916-9a30-730abefb2e46', 'name': 'tempest-FloatingIPsAssociationNegativeTestJSON-784719012-network', 'tenant_id': '0ac730f9cdfd498ebfd6bb4a3fd0275d', 'project_id': '0ac730f9cdfd498ebfd6bb4a3fd0275d', 'admin_state_up': True, 'mtu': 8950, 'status': 'ACTIVE', 'subnets': [], 'shared': False, 'port_security_enabled': True, 'router:external': False, 'provider:network_type': 'vlan', 'provider:physical_network': 'default', 'provider:segmentation_id': 20, 'availability_zone_hints': [], 'availability_zones': [], 'ipv4_address_scope': None, 'ipv6_address_scope': None, 'description': '', 'tags': [], 'created_at': '2025-11-14T02:25:17Z', 'updated_at': '2025-11-14T02:25:17Z', 'revision_number': 1} available for tenant
2025-11-14 02:25:19.098 67179 INFO tempest.lib.common.rest_client [req-e0cf507b-8896-4a02-b3c7-784ccc0a93c3 req-e0cf507b-8896-4a02-b3c7-784ccc0a93c3 ] Request (HostsAdminTestJSON:tearDownClass): 204 DELETE http://10.180.1.21/identity/v3/projects/9f4e39b2705c4ed7bfeff184f58a29bd 0.063s
2025-11-14 02:25:19.098 67179 INFO tempest.lib.common.dynamic_creds [-] Deleting project and security group for project: 66789700f2794908bc0b84f9391a9be7
2025-11-14 02:25:19.179 67157 INFO tempest.lib.common.rest_client [req-11c0ab73-84df-42d5-a60f-942054ebc0dc req-11c0ab73-84df-42d5-a60f-942054ebc0dc ] Request (InstanceActionsNegativeTestJSON:setUpClass): 204 DELETE http://10.180.1.21/compute/v2.1/servers/ded372fb-b419-41cf-873b-d3cb812e7ba8 3.036s
2025-11-14 02:25:19.205 67127 INFO tempest.lib.common.rest_client [req-a7019d0f-1a33-4050-9974-de9013253a77 req-a7019d0f-1a33-4050-9974-de9013253a77 ] Request (ServersWithSpecificFlavorTestJSON:test_verify_created_server_ephemeral_disk): 200 POST http://10.180.1.21/compute/v2.1/flavors 3.036s
2025-11-14 02:25:19.216 67165 INFO tempest.lib.common.rest_client [req-eca11ed9-3860-4400-9d81-ac26ce66acd5 req-eca11ed9-3860-4400-9d81-ac26ce66acd5 ] Request (AttachInterfacesTestJSON:test_create_list_show_delete_interfaces_by_fixed_ip): 202 POST http://10.180.1.21/compute/v2.1/servers 3.478s
2025-11-14 02:25:19.233 67141 INFO tempest.lib.common.rest_client [req-6163f2ed-913b-42e5-8856-ac0f7319af2c req-6163f2ed-913b-42e5-8856-ac0f7319af2c ] Request (FlavorsAccessNegativeTestJSON:_run_cleanups): 200 GET http://10.180.1.21/compute/v2.1/flavors/detail 3.047s
2025-11-14 02:25:19.243 67179 INFO tempest.lib.common.rest_client [req-8e0f4dfd-c0af-486c-ae87-93c03ed50489 req-8e0f4dfd-c0af-486c-ae87-93c03ed50489 ] Request (HostsAdminTestJSON:tearDownClass): 200 GET http://10.180.1.21/networking/v2.0/security-groups?tenant_id=66789700f2794908bc0b84f9391a9be7&name=default 0.145s
2025-11-14 02:25:19.326 67155 INFO tempest.lib.common.rest_client [req-bdaa0ac9-b1d4-4eed-9989-ee0fe09e7d6c req-bdaa0ac9-b1d4-4eed-9989-ee0fe09e7d6c ] Request (ImagesNegativeTestJSON:setUpClass): 200 PUT http://10.180.1.21/networking/v2.0/routers/32e720bf-2775-43b9-9915-f7cc505e21f4/add_router_interface 1.131s
2025-11-14 02:25:19.326 67155 INFO tempest.lib.common.dynamic_creds [-] Created isolated network resources for: credentials: Credentials: {'domain_id': 'default', 'domain_name': 'Default', 'username': 'tempest-ImagesNegativeTestJSON-643189806-project-member', 'project_domain_id': 'default', 'project_domain_name': 'Default', 'project_id': '2ec81cdaf6284e319d5fdd2cbd09ccfe', 'project_name': 'tempest-ImagesNegativeTestJSON-643189806', 'tenant_id': '2ec81cdaf6284e319d5fdd2cbd09ccfe', 'tenant_name': 'tempest-ImagesNegativeTestJSON-643189806', 'user_domain_id': 'default', 'user_domain_name': 'Default', 'user_id': '8c7f49b78c554e4c821104e93ab3134b', 'system': None}, Network: {'id': 'e71225e0-be1d-42a0-8ba6-62bc143cf7d0', 'name': 'tempest-ImagesNegativeTestJSON-291693243-network', 'tenant_id': '2ec81cdaf6284e319d5fdd2cbd09ccfe', 'project_id': '2ec81cdaf6284e319d5fdd2cbd09ccfe', 'admin_state_up': True, 'mtu': 8950, 'status': 'ACTIVE', 'subnets': [], 'shared': False, 'port_security_enabled': True, 'router:external': False, 'provider:network_type': 'vlan', 'provider:physical_network': 'default', 'provider:segmentation_id': 386, 'availability_zone_hints': [], 'availability_zones': [], 'ipv4_address_scope': None, 'ipv6_address_scope': None, 'description': '', 'tags': [], 'created_at': '2025-11-14T02:25:17Z', 'updated_at': '2025-11-14T02:25:17Z', 'revision_number': 1}, Subnet: {'id': '6bd9697a-dcd2-4c03-a3a3-b49bd2fd482c', 'name': 'tempest-ImagesNegativeTestJSON-291693243-subnet', 'tenant_id': '2ec81cdaf6284e319d5fdd2cbd09ccfe', 'network_id': 'e71225e0-be1d-42a0-8ba6-62bc143cf7d0', 'ip_version': 4, 'subnetpool_id': None, 'enable_dhcp': True, 'ipv6_ra_mode': None, 'ipv6_address_mode': None, 'gateway_ip': '192.168.128.1', 'cidr': '192.168.128.0/28', 'allocation_pools': [{'start': '192.168.128.2', 'end': '192.168.128.14'}], 'host_routes': [], 'dns_nameservers': [], 'description': '', 'router:external': False, 'service_types': [], 'tags': [], 'created_at': '2025-11-14T02:25:17Z', 'updated_at': '2025-11-14T02:25:17Z', 'revision_number': 0, 'project_id': '2ec81cdaf6284e319d5fdd2cbd09ccfe'}, Router: {'id': '32e720bf-2775-43b9-9915-f7cc505e21f4', 'name': 'tempest-ImagesNegativeTestJSON-291693243-router', 'tenant_id': '2ec81cdaf6284e319d5fdd2cbd09ccfe', 'admin_state_up': True, 'status': 'ACTIVE', 'external_gateway_info': {'network_id': '40bbd476-f9fa-4f0c-82c2-3efd99015310', 'external_fixed_ips': [{'subnet_id': '4488bb63-f303-43d7-bd82-55e5225e9967', 'ip_address': '10.180.180.140'}], 'enable_snat': True}, 'description': '', 'availability_zones': [], 'distributed': False, 'ha': False, 'availability_zone_hints': [], 'routes': [], 'flavor_id': None, 'tags': [], 'created_at': '2025-11-14T02:25:17Z', 'updated_at': '2025-11-14T02:25:17Z', 'revision_number': 2, 'project_id': '2ec81cdaf6284e319d5fdd2cbd09ccfe'}
2025-11-14 02:25:19.358 67121 INFO tempest.lib.common.rest_client [req-f4003a7a-a596-4846-bf2d-140ff162c50c req-f4003a7a-a596-4846-bf2d-140ff162c50c ] Request (VolumesAssistedSnapshotsTest:test_volume_assisted_snapshot_create_delete): 200 GET http://10.180.1.21/compute/v2.1/servers/08567cd1-cc72-4032-8fa1-151fd46af24d 3.036s
2025-11-14 02:25:19.364 67179 INFO tempest.lib.common.rest_client [req-a4727207-65a7-44b9-b61f-47dbf9643c13 req-a4727207-65a7-44b9-b61f-47dbf9643c13 ] Request (HostsAdminTestJSON:tearDownClass): 204 DELETE http://10.180.1.21/networking/v2.0/security-groups/a746c1d8-146a-4819-b02d-6932de8a6788 0.120s
2025-11-14 02:25:19.433 67155 INFO tempest.lib.common.rest_client [req-ed7120fe-14f7-4c48-8a03-d5c06b4424cc req-ed7120fe-14f7-4c48-8a03-d5c06b4424cc ] Request (ImagesNegativeTestJSON:setUpClass): 201 POST http://10.180.1.21/identity/v3/auth/tokens 0.103s
2025-11-14 02:25:19.478 67171 INFO tempest.lib.common.rest_client [req-1168ed0b-1d00-4278-83c4-2114236775fc req-1168ed0b-1d00-4278-83c4-2114236775fc ] Request (ServersTestManualDisk:setUpClass): 204 DELETE http://10.180.1.21/compute/v2.1/servers/0f8e735f-f60f-45dd-a95c-ab299a007819 3.210s
2025-11-14 02:25:19.494 67155 INFO tempest.lib.common.rest_client [req-5ec82864-2c21-4ea8-b2df-8cd5e257fe7f req-5ec82864-2c21-4ea8-b2df-8cd5e257fe7f ] Request (ImagesNegativeTestJSON:test_create_image_from_deleted_server): 201 POST http://10.180.1.21/identity/v3/auth/tokens 0.055s
2025-11-14 02:25:19.495 67155 INFO tempest.lib.common.fixed_network [-] (ImagesNegativeTestJSON:test_create_image_from_deleted_server) Found network {'id': 'e71225e0-be1d-42a0-8ba6-62bc143cf7d0', 'name': 'tempest-ImagesNegativeTestJSON-291693243-network', 'tenant_id': '2ec81cdaf6284e319d5fdd2cbd09ccfe', 'project_id': '2ec81cdaf6284e319d5fdd2cbd09ccfe', 'admin_state_up': True, 'mtu': 8950, 'status': 'ACTIVE', 'subnets': [], 'shared': False, 'port_security_enabled': True, 'router:external': False, 'provider:network_type': 'vlan', 'provider:physical_network': 'default', 'provider:segmentation_id': 386, 'availability_zone_hints': [], 'availability_zones': [], 'ipv4_address_scope': None, 'ipv6_address_scope': None, 'description': '', 'tags': [], 'created_at': '2025-11-14T02:25:17Z', 'updated_at': '2025-11-14T02:25:17Z', 'revision_number': 1} available for tenant
2025-11-14 02:25:19.499 67139 INFO tempest.lib.common.rest_client [req-e09d2843-184b-4431-9c84-f846d2c42aa1 req-e09d2843-184b-4431-9c84-f846d2c42aa1 ] Request (ServerExternalEventsTest:test_create_server_external_events): 404 GET http://10.180.1.21/compute/v2.1/servers/b2334572-f86c-4581-8ad3-7aefde37d4fa 3.010s
2025-11-14 02:25:19.556 67179 INFO tempest.lib.common.rest_client [req-6ebfd7fe-0622-45ca-94d4-da0e5ec25823 req-6ebfd7fe-0622-45ca-94d4-da0e5ec25823 ] Request (HostsAdminTestJSON:tearDownClass): 204 DELETE http://10.180.1.21/identity/v3/projects/66789700f2794908bc0b84f9391a9be7 0.192s
2025-11-14 02:25:19.584 67179 INFO tempest.lib.common.rest_client [req-8bae7670-b235-454f-9fe0-1f5a1f9663a6 req-8bae7670-b235-454f-9fe0-1f5a1f9663a6 ] Request (HypervisorAdminTestJSON:setUpClass): 201 POST http://10.180.1.21/identity/v3/auth/tokens 0.026s
2025-11-14 02:25:19.627 67175 INFO tempest.lib.common.rest_client [req-74051531-c5c5-4821-a8c4-98a21e0d7f52 req-74051531-c5c5-4821-a8c4-98a21e0d7f52 ] Request (NetworksTest:test_get_network): 200 GET http://10.180.1.21/compute/v2.1/os-networks 3.210s
2025-11-14 02:25:19.634 67139 INFO tempest.lib.common.rest_client [req-7dd06cab-6409-4112-8d98-1d626ef67976 req-7dd06cab-6409-4112-8d98-1d626ef67976 ] Request (ServerExternalEventsTest:tearDownClass): 204 DELETE http://10.180.1.21/identity/v3/users/57b73e458d334eb2bb21703c897b3c7e 0.131s
2025-11-14 02:25:19.653 67179 INFO tempest.lib.common.rest_client [req-c604d2da-ab52-4899-8ecc-a41d384c683e req-c604d2da-ab52-4899-8ecc-a41d384c683e ] Request (HypervisorAdminTestJSON:setUpClass): 201 POST http://10.180.1.21/identity/v3/auth/tokens 0.067s
2025-11-14 02:25:19.708 67179 INFO tempest.lib.common.rest_client [req-bd6dd4d7-0475-4324-aa00-49b38a6b7b45 req-bd6dd4d7-0475-4324-aa00-49b38a6b7b45 ] Request (HypervisorAdminTestJSON:setUpClass): 200 GET http://10.180.1.21/identity/v3/domains?name=Default 0.054s
2025-11-14 02:25:19.716 67137 INFO tempest.lib.common.rest_client [req-6c9c8136-930d-44b9-9f78-8f494be270f6 req-6c9c8136-930d-44b9-9f78-8f494be270f6 ] Request (ServerActionsTestJSON:setUpClass): 204 DELETE http://10.180.1.21/compute/v2.1/servers/4eeabe25-a61c-4956-a416-b7ae818d9317 3.137s
2025-11-14 02:25:19.725 67123 INFO tempest.lib.common.rest_client [req-b14d09d1-4ab4-4270-98e8-466d7379ff3f req-b14d09d1-4ab4-4270-98e8-466d7379ff3f ] Request (ServerTagsTestJSON:setUpClass): 200 GET http://10.180.1.21/compute/v2.1/servers/688aa720-4a60-49f6-b879-ada4f3a4524e 3.045s
2025-11-14 02:25:19.749 67179 INFO tempest.lib.common.rest_client [req-2964b533-f671-4a45-a418-e0702288df53 req-2964b533-f671-4a45-a418-e0702288df53 ] Request (HypervisorAdminTestJSON:setUpClass): 201 POST http://10.180.1.21/identity/v3/projects 0.040s
2025-11-14 02:25:19.751 67139 INFO tempest.lib.common.rest_client [req-6c1d95c7-2bd3-4503-bcef-ed2a7e4fadf0 req-6c1d95c7-2bd3-4503-bcef-ed2a7e4fadf0 ] Request (ServerExternalEventsTest:tearDownClass): 204 DELETE http://10.180.1.21/identity/v3/users/5307715a4b0c4879800d3ad860afe97c 0.117s
2025-11-14 02:25:19.807 67129 INFO tempest.lib.common.rest_client [req-f47c80c4-282c-4202-afc1-bb7147bea6f0 req-f47c80c4-282c-4202-afc1-bb7147bea6f0 ] Request (AttachInterfacesUnderV243Test:test_add_remove_fixed_ip): 200 GET http://10.180.1.21/compute/v2.1/servers/7db4136b-bbfd-4359-9206-cd784489e893 3.115s
2025-11-14 02:25:19.871 67179 INFO tempest.lib.common.rest_client [req-5c618e94-1865-4d9c-8db2-bf6cfa6b576f req-5c618e94-1865-4d9c-8db2-bf6cfa6b576f ] Request (HypervisorAdminTestJSON:setUpClass): 201 POST http://10.180.1.21/identity/v3/users 0.122s
2025-11-14 02:25:19.930 67179 INFO tempest.lib.common.rest_client [req-deb11fbd-f84b-4233-9c19-7da241063c79 req-deb11fbd-f84b-4233-9c19-7da241063c79 ] Request (HypervisorAdminTestJSON:setUpClass): 200 GET http://10.180.1.21/identity/v3/roles 0.059s
2025-11-14 02:25:19.956 67139 INFO tempest.lib.common.rest_client [req-5d4ae378-396d-4a1d-8e97-31f0d74c27e3 req-5d4ae378-396d-4a1d-8e97-31f0d74c27e3 ] Request (ServerExternalEventsTest:tearDownClass): 204 DELETE http://10.180.1.21/identity/v3/users/0d672d749f924702b221532df1296dd9 0.205s
2025-11-14 02:25:19.956 67139 INFO tempest.lib.common.dynamic_creds [-] Deleting project and security group for project: 2a00f6e1a6394b6fa89dfc8477cba768
2025-11-14 02:25:19.959 67167 INFO tempest.lib.common.rest_client [req-f3003b04-faca-494b-bae8-022aa54ce3e8 req-f3003b04-faca-494b-bae8-022aa54ce3e8 ] Request (QuotasAdminTestJSON:test_delete_quota): 200 PUT http://10.180.1.21/compute/v2.1/os-quota-sets/fb0da820d9594f9690f339c5424e07b3 3.075s
2025-11-14 02:25:19.965 67177 INFO tempest.lib.common.rest_client [req-50a0c4a2-4fef-40f7-aafe-583ce23db75f req-50a0c4a2-4fef-40f7-aafe-583ce23db75f ] Request (HypervisorAdminNegativeTestJSON:test_show_nonexistent_hypervisor): 404 GET http://10.180.1.21/compute/v2.1/os-hypervisors/99200058-cac4-4dfd-8ddc-1b5a50113001 2.756s
2025-11-14 02:25:19.992 67135 INFO tempest.lib.common.rest_client [req-2d132f80-8f90-4f8c-8263-bff64508db3f req-2d132f80-8f90-4f8c-8263-bff64508db3f ] Request (FlavorsAdminTestJSON:_run_cleanups): 200 GET http://10.180.1.21/compute/v2.1/flavors/detail 2.748s
2025-11-14 02:25:20.003 67179 INFO tempest.lib.common.rest_client [req-bfa332af-c9f0-44ce-8bd5-24e02d64b8ce req-bfa332af-c9f0-44ce-8bd5-24e02d64b8ce ] Request (HypervisorAdminTestJSON:setUpClass): 204 PUT http://10.180.1.21/identity/v3/projects/f16f56d372db464dafaaa585a593452c/users/b0f6c766f72b4f039e8de6d84dcc145e/roles/c3002e7031604a79bce0c9869a023cc3 0.072s
2025-11-14 02:25:20.003 67179 INFO tempest.lib.common.dynamic_creds [-] Dynamic test user b0f6c766f72b4f039e8de6d84dcc145e is created with scope project and roles: ['member']
2025-11-14 02:25:20.004 67179 INFO tempest.lib.common.dynamic_creds [-] Acquired dynamic creds: credentials: Credentials: {'domain_id': 'default', 'domain_name': 'Default', 'username': 'tempest-HypervisorAdminTestJSON-515034509-project-member', 'project_domain_id': 'default', 'project_domain_name': 'Default', 'project_id': 'f16f56d372db464dafaaa585a593452c', 'project_name': 'tempest-HypervisorAdminTestJSON-515034509', 'tenant_id': 'f16f56d372db464dafaaa585a593452c', 'tenant_name': 'tempest-HypervisorAdminTestJSON-515034509', 'user_domain_id': 'default', 'user_domain_name': 'Default', 'user_id': 'b0f6c766f72b4f039e8de6d84dcc145e', 'system': None}, Network: None, Subnet: None, Router: None
2025-11-14 02:25:20.004 67179 INFO tempest.lib.common.dynamic_creds [-] Created isolated network resources for: credentials: Credentials: {'domain_id': 'default', 'domain_name': 'Default', 'username': 'tempest-HypervisorAdminTestJSON-515034509-project-member', 'project_domain_id': 'default', 'project_domain_name': 'Default', 'project_id': 'f16f56d372db464dafaaa585a593452c', 'project_name': 'tempest-HypervisorAdminTestJSON-515034509', 'tenant_id': 'f16f56d372db464dafaaa585a593452c', 'tenant_name': 'tempest-HypervisorAdminTestJSON-515034509', 'user_domain_id': 'default', 'user_domain_name': 'Default', 'user_id': 'b0f6c766f72b4f039e8de6d84dcc145e', 'system': None}, Network: None, Subnet: None, Router: None
2025-11-14 02:25:20.006 67184 INFO tempest.lib.common.rest_client [req-98f03c19-22e8-4bfc-9c75-4cb2919aca45 req-98f03c19-22e8-4bfc-9c75-4cb2919aca45 ] Request (FlavorsExtraSpecsTestJSON:test_flavor_set_get_update_show_unset_keys): 200 GET http://10.180.1.21/compute/v2.1/flavors/22510018/os-extra_specs 2.717s
2025-11-14 02:25:20.016 67139 INFO tempest.lib.common.rest_client [req-6a5f3f04-e9d5-4dce-b90b-50b2ddafda9c req-6a5f3f04-e9d5-4dce-b90b-50b2ddafda9c ] Request (ServerExternalEventsTest:tearDownClass): 201 POST http://10.180.1.21/identity/v3/auth/tokens 0.059s
2025-11-14 02:25:20.085 67149 INFO tempest.lib.common.rest_client [req-498d33c0-5600-4c1b-971f-763f7ce2d191 req-498d33c0-5600-4c1b-971f-763f7ce2d191 ] Request (DeleteServersAdminTestJSON:test_delete_server_while_in_error_state): 202 POST http://10.180.1.21/compute/v2.1/servers 3.158s
2025-11-14 02:25:20.096 67133 INFO tempest.lib.common.rest_client [req-4c9ddb16-3a58-4022-928c-09b6882b5bf2 req-4c9ddb16-3a58-4022-928c-09b6882b5bf2 ] Request (HostsAdminNegativeTestJSON:test_startup_host_with_non_admin_user): 403 GET http://10.180.1.21/compute/v2.1/os-hosts/devstack/startup 2.783s
2025-11-14 02:25:20.099 67179 INFO tempest.lib.common.rest_client [req-a1d4369e-e5d0-4c86-8841-e47794ff830f req-a1d4369e-e5d0-4c86-8841-e47794ff830f ] Request (HypervisorAdminTestJSON:setUpClass): 201 POST http://10.180.1.21/identity/v3/auth/tokens 0.092s
2025-11-14 02:25:20.110 67177 INFO tempest.lib.common.rest_client [req-282afa3e-0bd7-4cac-b49a-047db9bdb4d6 req-282afa3e-0bd7-4cac-b49a-047db9bdb4d6 ] Request (HypervisorAdminNegativeTestJSON:tearDownClass): 204 DELETE http://10.180.1.21/identity/v3/users/17928e9eb79a405e90256605eba25e07 0.144s
2025-11-14 02:25:20.112 67145 INFO tempest.lib.common.rest_client [req-9f89040d-aa67-4483-8532-04a1e29a56ef req-9f89040d-aa67-4483-8532-04a1e29a56ef ] Request (FlavorsV2TestJSON:test_list_flavors_detailed_using_marker): 200 GET http://10.180.1.21/compute/v2.1/flavors/42 2.781s
2025-11-14 02:25:20.134 67173 INFO tempest.lib.common.rest_client [req-fb65c811-b10b-4128-a0a1-793df8c2c3eb req-fb65c811-b10b-4128-a0a1-793df8c2c3eb ] Request (FlavorsV255TestJSON:_run_cleanups): 200 GET http://10.180.1.21/compute/v2.1/flavors/detail 2.794s
2025-11-14 02:25:20.145 67125 INFO tempest.lib.common.rest_client [req-00c8b5b3-3f78-49ee-8b91-5ba9850677f8 req-00c8b5b3-3f78-49ee-8b91-5ba9850677f8 ] Request (FlavorsExtraSpecsNegativeTestJSON:test_flavor_unset_nonexistent_key): 404 DELETE http://10.180.1.21/compute/v2.1/flavors/1856207989/os-extra_specs/hw:cpu_thread_policy 2.796s
2025-11-14 02:25:20.166 67131 INFO tempest.lib.common.rest_client [req-51e9eafa-26c3-4438-a678-b974716c1833 req-51e9eafa-26c3-4438-a678-b974716c1833 ] Request (ImagesMetadataNegativeTestJSON:test_update_nonexistent_image_metadata): 404 POST http://10.180.1.21/compute/v2.1/images/d950afd4-7e80-4231-af46-d465efbced7d/metadata 2.796s
2025-11-14 02:25:20.185 67179 INFO tempest.lib.common.rest_client [req-272394a8-6d67-4660-a194-4f57c4b99452 req-272394a8-6d67-4660-a194-4f57c4b99452 ] Request (HypervisorAdminTestJSON:setUpClass): 201 POST http://10.180.1.21/identity/v3/projects 0.085s
2025-11-14 02:25:20.194 67161 INFO tempest.lib.common.rest_client [req-19a9d88e-a00e-4bc8-af01-6fdda4462b2c req-19a9d88e-a00e-4bc8-af01-6fdda4462b2c ] Request (AttachInterfacesV270Test:test_create_get_list_interfaces): 404 GET http://10.180.1.21/compute/v2.1/servers/b3c021df-1b81-468a-810a-19e587d45c6f 2.637s
2025-11-14 02:25:20.197 67147 INFO tempest.lib.common.rest_client [req-2ae16ba7-15e2-4542-9b0d-6650eee87f0a req-2ae16ba7-15e2-4542-9b0d-6650eee87f0a ] Request (QuotasAdminNegativeTest:test_create_server_when_instances_quota_is_full): 403 POST http://10.180.1.21/compute/v2.1/servers 2.902s
2025-11-14 02:25:20.248 67163 INFO tempest.lib.common.rest_client [req-fae6ac75-460b-49af-8d35-2ae99f5b93d6 req-fae6ac75-460b-49af-8d35-2ae99f5b93d6 ] Request (ListImageFiltersTestJSON:setUpClass): 200 GET http://10.180.1.21/compute/v2.1/images/a7198ee3-48c4-4066-9cdd-05f6ac37a5d2 2.333s
2025-11-14 02:25:20.279 67143 INFO tempest.lib.common.rest_client [req-9f364447-9591-4347-8cf7-075358c975b5 req-9f364447-9591-4347-8cf7-075358c975b5 ] Request (ServerDiagnosticsNegativeTest:test_get_server_diagnostics_by_non_admin): 404 GET http://10.180.1.21/compute/v2.1/servers/fbe4a7a3-0096-4aa8-9b57-235040869ffa 1.957s
2025-11-14 02:25:20.304 67151 INFO tempest.lib.common.rest_client [req-faead990-801b-40c9-9bf5-ab85374f79fc req-faead990-801b-40c9-9bf5-ab85374f79fc ] Request (AggregatesAdminNegativeTestJSON:_run_cleanups): 200 DELETE http://10.180.1.21/compute/v2.1/os-aggregates/3 1.960s
2025-11-14 02:25:20.326 67173 INFO tempest.lib.common.rest_client [req-b1b4080c-5966-4c32-a6d6-b73f152c7f1e req-b1b4080c-5966-4c32-a6d6-b73f152c7f1e ] Request (FlavorsV255TestJSON:tearDownClass): 204 DELETE http://10.180.1.21/identity/v3/users/e11529a681224745be135d7e114c7422 0.173s
2025-11-14 02:25:20.336 67177 INFO tempest.lib.common.rest_client [req-4f8d9919-4a31-47ca-80f8-43fbfedd98c9 req-4f8d9919-4a31-47ca-80f8-43fbfedd98c9 ] Request (HypervisorAdminNegativeTestJSON:tearDownClass): 204 DELETE http://10.180.1.21/identity/v3/users/beae0debe91d4b688dcbe8d2efc4d0a5 0.225s
2025-11-14 02:25:20.336 67177 INFO tempest.lib.common.dynamic_creds [-] Deleting project and security group for project: 205749854b0b444aa07b9913ac527a23
2025-11-14 02:25:20.351 67139 INFO tempest.lib.common.rest_client [req-d7121d61-5ee1-4c0d-8cf3-e89903244a44 req-d7121d61-5ee1-4c0d-8cf3-e89903244a44 ] Request (ServerExternalEventsTest:tearDownClass): 200 GET http://10.180.1.21/networking/v2.0/security-groups?tenant_id=2a00f6e1a6394b6fa89dfc8477cba768&name=default 0.335s
2025-11-14 02:25:20.398 67179 INFO tempest.lib.common.rest_client [req-dfb57a25-3b9a-4a9b-a972-1b20a9d42268 req-dfb57a25-3b9a-4a9b-a972-1b20a9d42268 ] Request (HypervisorAdminTestJSON:setUpClass): 201 POST http://10.180.1.21/identity/v3/users 0.212s
2025-11-14 02:25:20.442 67139 INFO tempest.lib.common.rest_client [req-3a8386a6-0e69-47c1-a8ef-3524b10c74ca req-3a8386a6-0e69-47c1-a8ef-3524b10c74ca ] Request (ServerExternalEventsTest:tearDownClass): 204 DELETE http://10.180.1.21/networking/v2.0/security-groups/08b767e6-fed0-41e9-934f-a9482d05f3f0 0.089s
2025-11-14 02:25:20.459 67131 INFO tempest.lib.common.rest_client [req-e470f5ac-050d-4c30-a987-e34e030be1a8 req-e470f5ac-050d-4c30-a987-e34e030be1a8 ] Request (ImagesMetadataNegativeTestJSON:tearDownClass): 204 DELETE http://10.180.1.21/identity/v3/users/4de0986c44934c7d968892dca870ef30 0.291s
2025-11-14 02:25:20.460 67131 INFO tempest.lib.common.dynamic_creds [-] Deleting project and security group for project: 60b896cecb834e90a77f1a9db9511136
2025-11-14 02:25:20.523 67169 INFO tempest.lib.common.rest_client [req-e1b82e3a-8e34-4f8e-a600-d4d92d4321a3 req-e1b82e3a-8e34-4f8e-a600-d4d92d4321a3 ] Request (TenantUsagesNegativeTestJSON:test_get_usage_tenant_with_empty_tenant_id): 404 GET http://10.180.1.21/compute/v2.1/os-simple-tenant-usage/?start=2025-11-13T02%3A25%3A17.828142&end=2025-11-15T02%3A25%3A17.828142 2.694s
2025-11-14 02:25:20.546 67157 INFO tempest.lib.common.rest_client [req-93ca04d2-7bfe-40ef-84f9-070c64e49547 req-93ca04d2-7bfe-40ef-84f9-070c64e49547 ] Request (InstanceActionsNegativeTestJSON:setUpClass): 404 GET http://10.180.1.21/compute/v2.1/servers/ded372fb-b419-41cf-873b-d3cb812e7ba8 1.367s
2025-11-14 02:25:20.546 67157 INFO tempest.test [-] raised in InstanceActionsNegativeTestJSON.setUpClass. Invoking tearDownClass.
2025-11-14 02:25:20.563 67127 INFO tempest.lib.common.rest_client [req-4b9cfcf2-8762-4947-ad4e-e0c3bd7bbb6d req-4b9cfcf2-8762-4947-ad4e-e0c3bd7bbb6d ] Request (ServersWithSpecificFlavorTestJSON:test_verify_created_server_ephemeral_disk): 200 GET http://10.180.1.21/compute/v2.1/flavors/42/os-extra_specs 1.353s
2025-11-14 02:25:20.584 67143 INFO tempest.lib.common.rest_client [req-d1191f19-c4a7-470f-b1ca-5611f730a6d4 req-d1191f19-c4a7-470f-b1ca-5611f730a6d4 ] Request (ServerDiagnosticsNegativeTest:tearDownClass): 204 DELETE http://10.180.1.21/identity/v3/users/724e0f0c18224760ad66f7ef9ddfb155 0.301s
2025-11-14 02:25:20.665 67177 INFO tempest.lib.common.rest_client [req-f9ea68a6-7f04-4b6e-89a9-132e6d2ba360 req-f9ea68a6-7f04-4b6e-89a9-132e6d2ba360 ] Request (HypervisorAdminNegativeTestJSON:tearDownClass): 201 POST http://10.180.1.21/identity/v3/auth/tokens 0.329s
2025-11-14 02:25:20.690 67179 INFO tempest.lib.common.rest_client [req-72031b94-f785-4f60-8050-c12813d00ee3 req-72031b94-f785-4f60-8050-c12813d00ee3 ] Request (HypervisorAdminTestJSON:setUpClass): 200 GET http://10.180.1.21/identity/v3/roles 0.291s
2025-11-14 02:25:20.717 67173 INFO tempest.lib.common.rest_client [req-1d5f1b0d-e1b7-4b95-8e9f-8d1979a48755 req-1d5f1b0d-e1b7-4b95-8e9f-8d1979a48755 ] Request (FlavorsV255TestJSON:tearDownClass): 204 DELETE http://10.180.1.21/identity/v3/users/91882b2207fc4a41ad65571baf2c243a 0.391s
2025-11-14 02:25:20.717 67173 INFO tempest.lib.common.dynamic_creds [-] Deleting project and security group for project: 1f7b7bf9712c426d970d83d40b7081a6
2025-11-14 02:25:20.794 67131 INFO tempest.lib.common.rest_client [req-b4d9363e-01e6-4a96-b092-611bf26517c6 req-b4d9363e-01e6-4a96-b092-611bf26517c6 ] Request (ImagesMetadataNegativeTestJSON:tearDownClass): 201 POST http://10.180.1.21/identity/v3/auth/tokens 0.334s
