2025-11-14 02:27:45.046 67135 INFO tempest.lib.common.rest_client [req-15391d81-e1b7-451a-863d-1e8e20eefd3c req-15391d81-e1b7-451a-863d-1e8e20eefd3c ] Request (SecurityGroupRulesNegativeTestJSON:setUpClass): 200 PUT http://10.180.1.21/networking/v2.0/routers/951d166b-a792-435a-9526-966dd68281b3/add_router_interface 0.966s
2025-11-14 02:27:45.046 67135 INFO tempest.lib.common.dynamic_creds [-] Created isolated network resources for: credentials: Credentials: {'domain_id': 'default', 'domain_name': 'Default', 'username': 'tempest-SecurityGroupRulesNegativeTestJSON-981159859-project-member', 'project_domain_id': 'default', 'project_domain_name': 'Default', 'project_id': '98ae37f30f204890be5a2a68dd638116', 'project_name': 'tempest-SecurityGroupRulesNegativeTestJSON-981159859', 'tenant_id': '98ae37f30f204890be5a2a68dd638116', 'tenant_name': 'tempest-SecurityGroupRulesNegativeTestJSON-981159859', 'user_domain_id': 'default', 'user_domain_name': 'Default', 'user_id': '12d05e35377f475688bc84636a66f820', 'system': None}, Network: {'id': 'b514cb6a-f674-48c5-bea2-9ee9389be987', 'name': 'tempest-SecurityGroupRulesNegativeTestJSON-114379056-network', 'tenant_id': '98ae37f30f204890be5a2a68dd638116', 'project_id': '98ae37f30f204890be5a2a68dd638116', 'admin_state_up': True, 'mtu': 8950, 'status': 'ACTIVE', 'subnets': [], 'shared': False, 'port_security_enabled': True, 'router:external': False, 'provider:network_type': 'vlan', 'provider:physical_network': 'default', 'provider:segmentation_id': 397, 'availability_zone_hints': [], 'availability_zones': [], 'ipv4_address_scope': None, 'ipv6_address_scope': None, 'description': '', 'tags': [], 'created_at': '2025-11-14T02:27:42Z', 'updated_at': '2025-11-14T02:27:42Z', 'revision_number': 1}, Subnet: {'id': '92e5f199-4d39-424e-a544-546d9214f20e', 'name': 'tempest-SecurityGroupRulesNegativeTestJSON-114379056-subnet', 'tenant_id': '98ae37f30f204890be5a2a68dd638116', 'network_id': 'b514cb6a-f674-48c5-bea2-9ee9389be987', 'ip_version': 4, 'subnetpool_id': None, 'enable_dhcp': True, 'ipv6_ra_mode': None, 'ipv6_address_mode': None, 'gateway_ip': '192.168.128.1', 'cidr': '192.168.128.0/28', 'allocation_pools': [{'start': '192.168.128.2', 'end': '192.168.128.14'}], 'host_routes': [], 'dns_nameservers': [], 'description': '', 'router:external': False, 'service_types': [], 'tags': [], 'created_at': '2025-11-14T02:27:42Z', 'updated_at': '2025-11-14T02:27:42Z', 'revision_number': 0, 'project_id': '98ae37f30f204890be5a2a68dd638116'}, Router: {'id': '951d166b-a792-435a-9526-966dd68281b3', 'name': 'tempest-SecurityGroupRulesNegativeTestJSON-114379056-router', 'tenant_id': '98ae37f30f204890be5a2a68dd638116', 'admin_state_up': True, 'status': 'ACTIVE', 'external_gateway_info': {'network_id': '40bbd476-f9fa-4f0c-82c2-3efd99015310', 'external_fixed_ips': [{'subnet_id': '4488bb63-f303-43d7-bd82-55e5225e9967', 'ip_address': '10.180.180.130'}], 'enable_snat': True}, 'description': '', 'availability_zones': [], 'distributed': False, 'ha': False, 'availability_zone_hints': [], 'routes': [], 'flavor_id': None, 'tags': [], 'created_at': '2025-11-14T02:27:43Z', 'updated_at': '2025-11-14T02:27:43Z', 'revision_number': 2, 'project_id': '98ae37f30f204890be5a2a68dd638116'}
2025-11-14 02:27:45.188 67135 INFO tempest.lib.common.rest_client [req-8e9c5cab-2d69-481a-874f-89262558595b req-8e9c5cab-2d69-481a-874f-89262558595b ] Request (SecurityGroupRulesNegativeTestJSON:setUpClass): 201 POST http://10.180.1.21/identity/v3/auth/tokens 0.137s
2025-11-14 02:27:45.321 67151 INFO tempest.lib.common.rest_client [req-b4725493-b23a-43a3-8f33-7ed5ebd72c7b req-b4725493-b23a-43a3-8f33-7ed5ebd72c7b ] Request (ServerShowV247Test:tearDownClass): 204 DELETE http://10.180.1.21/compute/v2.1/servers/e217b8dd-113c-4be8-820f-5545bff6313f 0.320s
2025-11-14 02:27:45.350 67151 INFO tempest.lib.common.rest_client [req-491cfbe6-937e-4351-bc6e-ffeb3953aa9b req-491cfbe6-937e-4351-bc6e-ffeb3953aa9b ] Request (ServerShowV247Test:tearDownClass): 404 GET http://10.180.1.21/compute/v2.1/servers/e217b8dd-113c-4be8-820f-5545bff6313f 0.028s
2025-11-14 02:27:45.373 67135 INFO tempest.lib.common.rest_client [req-566dd272-75a2-417a-9a67-17aa0eeb26cb req-566dd272-75a2-417a-9a67-17aa0eeb26cb ] Request (SecurityGroupRulesNegativeTestJSON:test_create_security_group_rule_duplicate): 200 POST http://10.180.1.21/compute/v2.1/os-security-groups 0.184s
2025-11-14 02:27:45.458 67151 INFO tempest.lib.common.rest_client [req-3e62fa86-1111-4f32-be7d-a668272664b0 req-3e62fa86-1111-4f32-be7d-a668272664b0 ] Request (ServerShowV247Test:tearDownClass): 204 DELETE http://10.180.1.21/identity/v3/users/8420f914b6324934abeb8cb8f5b3ff21 0.107s
2025-11-14 02:27:45.524 67135 INFO tempest.lib.common.rest_client [req-7b68779a-7487-4762-879e-1cf286864993 req-7b68779a-7487-4762-879e-1cf286864993 ] Request (SecurityGroupRulesNegativeTestJSON:test_create_security_group_rule_duplicate): 200 POST http://10.180.1.21/compute/v2.1/os-security-group-rules 0.147s
2025-11-14 02:27:45.538 67155 INFO tempest.lib.common.rest_client [req-b99553ca-682c-4c5c-a704-f247d138c3cf req-b99553ca-682c-4c5c-a704-f247d138c3cf ] Request (ValidationResourcesFixture:setUp): 201 POST http://10.180.1.21/networking/v2.0/floatingips 0.589s
2025-11-14 02:27:45.562 67135 INFO tempest.lib.common.rest_client [req-41dea1af-1c94-4275-926b-62e0ab03bf91 req-41dea1af-1c94-4275-926b-62e0ab03bf91 ] Request (SecurityGroupRulesNegativeTestJSON:test_create_security_group_rule_duplicate): 400 POST http://10.180.1.21/compute/v2.1/os-security-group-rules 0.036s
2025-11-14 02:27:45.573 67151 INFO tempest.lib.common.rest_client [req-1bc96894-aa8e-44ab-b9df-a37496cb3c16 req-1bc96894-aa8e-44ab-b9df-a37496cb3c16 ] Request (ServerShowV247Test:tearDownClass): 204 DELETE http://10.180.1.21/identity/v3/users/3fdb7f5b1cd64e68aa21a262236ba4e2 0.114s
2025-11-14 02:27:45.573 67151 INFO tempest.lib.common.dynamic_creds [-] Deleting project and security group for project: 4808e1aad41e4646855c56f65f9977e0
2025-11-14 02:27:45.607 67155 INFO tempest.lib.common.rest_client [req-8857cccb-713b-49c9-9c98-de6f8b50d14f req-8857cccb-713b-49c9-9c98-de6f8b50d14f ] Request (AttachVolumeShelveTestJSON:test_attach_volume_shelved_or_offload_server): 201 POST http://10.180.1.21/identity/v3/auth/tokens 0.065s
2025-11-14 02:27:45.608 67155 INFO tempest.lib.common.fixed_network [-] (AttachVolumeShelveTestJSON:test_attach_volume_shelved_or_offload_server) Found network {'id': '378f6220-cc05-406f-8025-ff42ee9c5025', 'name': 'tempest-AttachVolumeShelveTestJSON-1127257812-network', 'tenant_id': '2617f780d3a74dd5b5825abcfba6e9ba', 'project_id': '2617f780d3a74dd5b5825abcfba6e9ba', 'admin_state_up': True, 'mtu': 8950, 'status': 'ACTIVE', 'subnets': [], 'shared': False, 'port_security_enabled': True, 'router:external': False, 'provider:network_type': 'vlan', 'provider:physical_network': 'default', 'provider:segmentation_id': 177, 'availability_zone_hints': [], 'availability_zones': [], 'ipv4_address_scope': None, 'ipv6_address_scope': None, 'description': '', 'tags': [], 'created_at': '2025-11-14T02:27:42Z', 'updated_at': '2025-11-14T02:27:42Z', 'revision_number': 1} available for tenant
2025-11-14 02:27:45.634 67151 INFO tempest.lib.common.rest_client [req-c6efbe5e-d61f-449c-b629-12e4c78e51dc req-c6efbe5e-d61f-449c-b629-12e4c78e51dc ] Request (ServerShowV247Test:tearDownClass): 201 POST http://10.180.1.21/identity/v3/auth/tokens 0.060s
2025-11-14 02:27:45.701 67135 INFO tempest.lib.common.rest_client [req-5204cd79-3ec6-4c07-ae04-9b9dfbeb1197 req-5204cd79-3ec6-4c07-ae04-9b9dfbeb1197 ] Request (SecurityGroupRulesNegativeTestJSON:_run_cleanups): 202 DELETE http://10.180.1.21/compute/v2.1/os-security-group-rules/2fffd738-0e62-4161-9df7-7318c3bb72e0 0.138s
2025-11-14 02:27:45.820 67151 INFO tempest.lib.common.rest_client [req-97ee3a66-d90c-4245-a99d-2d3d38d577f3 req-97ee3a66-d90c-4245-a99d-2d3d38d577f3 ] Request (ServerShowV247Test:tearDownClass): 200 GET http://10.180.1.21/networking/v2.0/security-groups?tenant_id=4808e1aad41e4646855c56f65f9977e0&name=default 0.185s
2025-11-14 02:27:45.826 67159 INFO tempest.lib.common.rest_client [req-402657f4-dbd0-4e3f-a815-27f38c73baef req-402657f4-dbd0-4e3f-a815-27f38c73baef ] Request (ServersNegativeTestMultiTenantJSON:setUpClass): 200 GET http://10.180.1.21/compute/v2.1/servers/50c31543-4514-4276-8d00-14a6d2e65ff1 0.133s
2025-11-14 02:27:45.833 67159 INFO tempest.common.waiters [-] State transition "BUILD/scheduling" ==> "ERROR/None" after 1 second wait
2025-11-14 02:27:45.839 67133 INFO tempest.lib.common.rest_client [req-7fb12db8-e201-4e12-86af-0658ecacedd9 req-7fb12db8-e201-4e12-86af-0658ecacedd9 ] Request (VolumesTestJSON:tearDownClass): 404 GET http://10.180.1.21/volume/v3/volumes/f1d21bc2-5b64-47e0-9d76-ed9aad66cd64 0.019s
2025-11-14 02:27:45.916 67133 INFO tempest.lib.common.rest_client [req-f9dcbbdd-ecda-4552-a79a-a13f1e39dba9 req-f9dcbbdd-ecda-4552-a79a-a13f1e39dba9 ] Request (VolumesTestJSON:tearDownClass): 204 DELETE http://10.180.1.21/identity/v3/users/50546d7856184d8c99bb5c74ed86629b 0.077s
2025-11-14 02:27:45.917 67133 INFO tempest.lib.common.dynamic_creds [-] Deleting project and security group for project: f3fe62041ffd441884c6271f34e0c286
2025-11-14 02:27:45.922 67151 INFO tempest.lib.common.rest_client [req-4f936a5e-7111-4f60-804f-c3751a4aaaa4 req-4f936a5e-7111-4f60-804f-c3751a4aaaa4 ] Request (ServerShowV247Test:tearDownClass): 204 DELETE http://10.180.1.21/networking/v2.0/security-groups/aeb27b03-f2d3-4518-9bfb-c69f3c509b9d 0.101s
2025-11-14 02:27:45.996 67133 INFO tempest.lib.common.rest_client [req-1e564394-ed45-433c-9564-04da2c9b09dd req-1e564394-ed45-433c-9564-04da2c9b09dd ] Request (VolumesTestJSON:tearDownClass): 201 POST http://10.180.1.21/identity/v3/auth/tokens 0.079s
2025-11-14 02:27:46.008 67135 INFO tempest.lib.common.rest_client [req-af5c0e92-6f5b-404b-9aab-0a3686bf6a7a req-af5c0e92-6f5b-404b-9aab-0a3686bf6a7a ] Request (SecurityGroupRulesNegativeTestJSON:test_create_security_group_rule_with_invalid_from_port): 200 POST http://10.180.1.21/compute/v2.1/os-security-groups 0.306s
2025-11-14 02:27:46.091 67151 INFO tempest.lib.common.rest_client [req-0d0bd8c0-8441-4699-993b-211517e338a0 req-0d0bd8c0-8441-4699-993b-211517e338a0 ] Request (ServerShowV247Test:tearDownClass): 204 DELETE http://10.180.1.21/identity/v3/projects/4808e1aad41e4646855c56f65f9977e0 0.169s
2025-11-14 02:27:46.138 67155 INFO tempest.lib.common.rest_client [req-302dbfc3-ddac-4aa6-a79c-ea1ea1a7ca9d req-302dbfc3-ddac-4aa6-a79c-ea1ea1a7ca9d ] Request (AttachVolumeShelveTestJSON:test_attach_volume_shelved_or_offload_server): 202 POST http://10.180.1.21/compute/v2.1/servers 0.529s
2025-11-14 02:27:46.179 67135 INFO tempest.lib.common.rest_client [req-546e2f6d-0632-4d99-aef7-7d7579621d54 req-546e2f6d-0632-4d99-aef7-7d7579621d54 ] Request (SecurityGroupRulesNegativeTestJSON:test_create_security_group_rule_with_invalid_from_port): 400 POST http://10.180.1.21/compute/v2.1/os-security-group-rules 0.168s
2025-11-14 02:27:46.223 67155 INFO tempest.lib.common.rest_client [req-b6c51317-10a2-41f6-9ac3-383b83e6a486 req-b6c51317-10a2-41f6-9ac3-383b83e6a486 ] Request (AttachVolumeShelveTestJSON:test_attach_volume_shelved_or_offload_server): 200 GET http://10.180.1.21/compute/v2.1/servers/3c4bd0cd-5ba3-47d5-88dc-03f1216c3d4e 0.082s
2025-11-14 02:27:46.227 67135 INFO tempest.lib.common.rest_client [req-6db9110b-2545-4958-a6e2-d903a6aeba78 req-6db9110b-2545-4958-a6e2-d903a6aeba78 ] Request (SecurityGroupRulesNegativeTestJSON:test_create_security_group_rule_with_invalid_id): 400 POST http://10.180.1.21/compute/v2.1/os-security-group-rules 0.046s
2025-11-14 02:27:46.274 67159 INFO tempest.lib.common.rest_client [req-ea1ecac4-14fa-4999-901b-24133a789e34 req-ea1ecac4-14fa-4999-901b-24133a789e34 ] Request (ServersNegativeTestMultiTenantJSON:setUpClass): 204 DELETE http://10.180.1.21/compute/v2.1/servers/50c31543-4514-4276-8d00-14a6d2e65ff1 0.441s
2025-11-14 02:27:46.286 67133 INFO tempest.lib.common.rest_client [req-df060295-b07b-4038-b84e-37bad5be8de4 req-df060295-b07b-4038-b84e-37bad5be8de4 ] Request (VolumesTestJSON:tearDownClass): 200 GET http://10.180.1.21/networking/v2.0/security-groups?tenant_id=f3fe62041ffd441884c6271f34e0c286&name=default 0.290s
2025-11-14 02:27:46.296 67159 INFO tempest.lib.common.rest_client [req-a5c20c8a-d051-41c3-9959-8beb3eb019d9 req-a5c20c8a-d051-41c3-9959-8beb3eb019d9 ] Request (ServersNegativeTestMultiTenantJSON:setUpClass): 404 GET http://10.180.1.21/compute/v2.1/servers/50c31543-4514-4276-8d00-14a6d2e65ff1 0.021s
2025-11-14 02:27:46.297 67159 INFO tempest.test [-] raised in ServersNegativeTestMultiTenantJSON.setUpClass. Invoking tearDownClass.
2025-11-14 02:27:46.330 67135 INFO tempest.lib.common.rest_client [req-f24cc728-d7aa-4523-8141-a9442cacd3d3 req-f24cc728-d7aa-4523-8141-a9442cacd3d3 ] Request (SecurityGroupRulesNegativeTestJSON:test_create_security_group_rule_with_invalid_ip_protocol): 200 POST http://10.180.1.21/compute/v2.1/os-security-groups 0.102s
2025-11-14 02:27:46.371 67133 INFO tempest.lib.common.rest_client [req-777d995a-ea61-4f38-876f-b9ae6b1be3ff req-777d995a-ea61-4f38-876f-b9ae6b1be3ff ] Request (VolumesTestJSON:tearDownClass): 204 DELETE http://10.180.1.21/networking/v2.0/security-groups/3c616c5d-1992-414a-acb5-57b0e48f9652 0.085s
2025-11-14 02:27:46.395 67135 INFO tempest.lib.common.rest_client [req-aad3b7bb-3999-49e4-8807-b5e8a30d2031 req-aad3b7bb-3999-49e4-8807-b5e8a30d2031 ] Request (SecurityGroupRulesNegativeTestJSON:test_create_security_group_rule_with_invalid_ip_protocol): 400 POST http://10.180.1.21/compute/v2.1/os-security-group-rules 0.061s
2025-11-14 02:27:46.477 67133 INFO tempest.lib.common.rest_client [req-0d3719db-7bfb-4597-83ac-f0babd49e8ae req-0d3719db-7bfb-4597-83ac-f0babd49e8ae ] Request (VolumesTestJSON:tearDownClass): 204 DELETE http://10.180.1.21/identity/v3/projects/f3fe62041ffd441884c6271f34e0c286 0.105s
2025-11-14 02:27:46.523 67135 INFO tempest.lib.common.rest_client [req-0dcac947-3352-4030-b798-d57583a28070 req-0dcac947-3352-4030-b798-d57583a28070 ] Request (SecurityGroupRulesNegativeTestJSON:test_create_security_group_rule_with_invalid_port_range): 200 POST http://10.180.1.21/compute/v2.1/os-security-groups 0.126s
2025-11-14 02:27:46.563 67135 INFO tempest.lib.common.rest_client [req-6aa3bd98-746d-475e-ade8-44e460764b13 req-6aa3bd98-746d-475e-ade8-44e460764b13 ] Request (SecurityGroupRulesNegativeTestJSON:test_create_security_group_rule_with_invalid_port_range): 400 POST http://10.180.1.21/compute/v2.1/os-security-group-rules 0.036s
2025-11-14 02:27:46.678 67135 INFO tempest.lib.common.rest_client [req-e3964798-fe8a-426f-b424-3260bfc5cf5d req-e3964798-fe8a-426f-b424-3260bfc5cf5d ] Request (SecurityGroupRulesNegativeTestJSON:test_create_security_group_rule_with_invalid_to_port): 200 POST http://10.180.1.21/compute/v2.1/os-security-groups 0.114s
2025-11-14 02:27:46.719 67135 INFO tempest.lib.common.rest_client [req-16dd6908-5ab7-4894-8d48-b1ee5ae93345 req-16dd6908-5ab7-4894-8d48-b1ee5ae93345 ] Request (SecurityGroupRulesNegativeTestJSON:test_create_security_group_rule_with_invalid_to_port): 400 POST http://10.180.1.21/compute/v2.1/os-security-group-rules 0.037s
2025-11-14 02:27:46.747 67135 INFO tempest.lib.common.rest_client [req-09637e88-d347-4fc1-8480-5909d5877c0c req-09637e88-d347-4fc1-8480-5909d5877c0c ] Request (SecurityGroupRulesNegativeTestJSON:test_create_security_group_rule_with_non_existent_id): 404 POST http://10.180.1.21/compute/v2.1/os-security-group-rules 0.026s
2025-11-14 02:27:46.768 67135 INFO tempest.lib.common.rest_client [req-4c60e7ad-2524-4f0b-a8de-2a567084615a req-4c60e7ad-2524-4f0b-a8de-2a567084615a ] Request (SecurityGroupRulesNegativeTestJSON:test_delete_security_group_rule_with_non_existent_id): 404 DELETE http://10.180.1.21/compute/v2.1/os-security-group-rules/9e7dbcb6-c20b-46f0-8ae1-0a32c7b820ad 0.020s
2025-11-14 02:27:46.876 67135 INFO tempest.lib.common.rest_client [req-6dae7e70-c62c-4c00-8a54-9978203f94f7 req-6dae7e70-c62c-4c00-8a54-9978203f94f7 ] Request (SecurityGroupRulesNegativeTestJSON:tearDownClass): 202 DELETE http://10.180.1.21/compute/v2.1/os-security-groups/9de6a1c1-2b6f-4946-a975-3db7d1394c73 0.106s
2025-11-14 02:27:46.982 67135 INFO tempest.lib.common.rest_client [req-0c9e3d5c-87b4-441f-8a48-c78ff725366a req-0c9e3d5c-87b4-441f-8a48-c78ff725366a ] Request (SecurityGroupRulesNegativeTestJSON:tearDownClass): 202 DELETE http://10.180.1.21/compute/v2.1/os-security-groups/7dc6c8f4-3b59-415f-9680-24d0ad2e5e5f 0.106s
2025-11-14 02:27:47.068 67135 INFO tempest.lib.common.rest_client [req-334b61ac-e955-4161-b8a5-5b655d595613 req-334b61ac-e955-4161-b8a5-5b655d595613 ] Request (SecurityGroupRulesNegativeTestJSON:tearDownClass): 202 DELETE http://10.180.1.21/compute/v2.1/os-security-groups/6725a3eb-a2c0-4c24-84e3-3471ac37308a 0.085s
2025-11-14 02:27:47.068 67159 INFO tempest.lib.common.rest_client [req-50ad4c1a-09d9-44c4-98ed-a1a2a7888c57 req-50ad4c1a-09d9-44c4-98ed-a1a2a7888c57 ] Request (ServersNegativeTestMultiTenantJSON:tearDownClass): 200 PUT http://10.180.1.21/networking/v2.0/routers/df4c4e8b-ff41-46d1-842f-eec3bc2ca2ac/remove_router_interface 0.771s
2025-11-14 02:27:47.157 67135 INFO tempest.lib.common.rest_client [req-2275b1ff-da1e-4513-b3a0-cb4558cb874f req-2275b1ff-da1e-4513-b3a0-cb4558cb874f ] Request (SecurityGroupRulesNegativeTestJSON:tearDownClass): 202 DELETE http://10.180.1.21/compute/v2.1/os-security-groups/06b54012-041d-4d56-a821-cb55ab35c173 0.089s
2025-11-14 02:27:47.251 67135 INFO tempest.lib.common.rest_client [req-49a0056e-9202-45c4-9152-79c06fbd001a req-49a0056e-9202-45c4-9152-79c06fbd001a ] Request (SecurityGroupRulesNegativeTestJSON:tearDownClass): 202 DELETE http://10.180.1.21/compute/v2.1/os-security-groups/d36effa6-89cc-4971-80e0-d9d192ac134f 0.093s
2025-11-14 02:27:47.399 67159 INFO tempest.lib.common.rest_client [req-b7f7d2db-c16d-4dcf-ae01-8eccdbb41a68 req-b7f7d2db-c16d-4dcf-ae01-8eccdbb41a68 ] Request (ServersNegativeTestMultiTenantJSON:tearDownClass): 204 DELETE http://10.180.1.21/networking/v2.0/routers/df4c4e8b-ff41-46d1-842f-eec3bc2ca2ac 0.330s
2025-11-14 02:27:47.426 67155 INFO tempest.lib.common.rest_client [req-0faf57d7-3550-4698-b4b0-f99a018fa438 req-0faf57d7-3550-4698-b4b0-f99a018fa438 ] Request (AttachVolumeShelveTestJSON:test_attach_volume_shelved_or_offload_server): 200 GET http://10.180.1.21/compute/v2.1/servers/3c4bd0cd-5ba3-47d5-88dc-03f1216c3d4e 0.189s
2025-11-14 02:27:47.434 67155 INFO tempest.common.waiters [-] State transition "BUILD/scheduling" ==> "ERROR/None" after 1 second wait
2025-11-14 02:27:47.500 67159 INFO tempest.lib.common.rest_client [req-d018b624-ba68-4b96-9a70-a1a29fe45fb9 req-d018b624-ba68-4b96-9a70-a1a29fe45fb9 ] Request (ServersNegativeTestMultiTenantJSON:tearDownClass): 204 DELETE http://10.180.1.21/networking/v2.0/subnets/3b2b48d4-af61-4846-8e83-8cd0e2773cba 0.101s
2025-11-14 02:27:47.623 67159 INFO tempest.lib.common.rest_client [req-fd45f68e-64ad-432d-84d9-83e515540d89 req-fd45f68e-64ad-432d-84d9-83e515540d89 ] Request (ServersNegativeTestMultiTenantJSON:tearDownClass): 204 DELETE http://10.180.1.21/networking/v2.0/networks/7331695a-606c-40c7-81c4-e98285b8ada8 0.122s
2025-11-14 02:27:47.747 67155 INFO tempest.lib.common.rest_client [req-a557e2bd-c58a-4567-8e0e-ac1065a2f4a6 req-a557e2bd-c58a-4567-8e0e-ac1065a2f4a6 ] Request (AttachVolumeShelveTestJSON:test_attach_volume_shelved_or_offload_server): 204 DELETE http://10.180.1.21/compute/v2.1/servers/3c4bd0cd-5ba3-47d5-88dc-03f1216c3d4e 0.312s
2025-11-14 02:27:47.781 67155 INFO tempest.lib.common.rest_client [req-90d09495-9b5a-492c-95de-450fa8cb0759 req-90d09495-9b5a-492c-95de-450fa8cb0759 ] Request (AttachVolumeShelveTestJSON:test_attach_volume_shelved_or_offload_server): 404 GET http://10.180.1.21/compute/v2.1/servers/3c4bd0cd-5ba3-47d5-88dc-03f1216c3d4e 0.033s
2025-11-14 02:27:47.803 67155 INFO tempest.lib.common.rest_client [req-980fd7ca-01ae-48e9-89b1-7b58da091e7d req-980fd7ca-01ae-48e9-89b1-7b58da091e7d ] Request (AttachVolumeShelveTestJSON:_run_cleanups): 204 DELETE http://10.180.1.21/compute/v2.1/os-keypairs/tempest-keypair-585523877 0.021s
2025-11-14 02:27:47.884 67135 INFO tempest.lib.common.rest_client [req-c4a2e22b-40f5-48ba-bbaf-e9cd9570ec1e req-c4a2e22b-40f5-48ba-bbaf-e9cd9570ec1e ] Request (SecurityGroupRulesNegativeTestJSON:tearDownClass): 200 PUT http://10.180.1.21/networking/v2.0/routers/951d166b-a792-435a-9526-966dd68281b3/remove_router_interface 0.633s
2025-11-14 02:27:47.978 67155 INFO tempest.lib.common.rest_client [req-1a12e08f-66b4-422e-a656-34b7f4726d54 req-1a12e08f-66b4-422e-a656-34b7f4726d54 ] Request (AttachVolumeShelveTestJSON:_run_cleanups): 204 DELETE http://10.180.1.21/networking/v2.0/security-groups/8946d88e-bad7-4c74-943f-c6bd934cc2a0 0.174s
2025-11-14 02:27:48.294 67135 INFO tempest.lib.common.rest_client [req-dfd4fb7f-4f53-406d-aaf9-ca8fa9f0e428 req-dfd4fb7f-4f53-406d-aaf9-ca8fa9f0e428 ] Request (SecurityGroupRulesNegativeTestJSON:tearDownClass): 204 DELETE http://10.180.1.21/networking/v2.0/routers/951d166b-a792-435a-9526-966dd68281b3 0.409s
2025-11-14 02:27:48.301 67159 INFO tempest.lib.common.rest_client [req-e610610a-8b9c-4984-a9ea-0ae8d73d69cc req-e610610a-8b9c-4984-a9ea-0ae8d73d69cc ] Request (ServersNegativeTestMultiTenantJSON:tearDownClass): 200 PUT http://10.180.1.21/networking/v2.0/routers/75c948bd-7423-4554-9dbf-a40fe208dc7d/remove_router_interface 0.678s
2025-11-14 02:27:48.302 67155 INFO tempest.lib.common.rest_client [req-7e4e9cb9-f6b7-4ca0-aab8-82eef62f42f0 req-7e4e9cb9-f6b7-4ca0-aab8-82eef62f42f0 ] Request (AttachVolumeShelveTestJSON:_run_cleanups): 404 GET http://10.180.1.21/networking/v2.0/security-groups/8946d88e-bad7-4c74-943f-c6bd934cc2a0 0.323s
2025-11-14 02:27:48.382 67135 INFO tempest.lib.common.rest_client [req-a7f5c1be-d02b-47bf-865b-94a4ff5e4253 req-a7f5c1be-d02b-47bf-865b-94a4ff5e4253 ] Request (SecurityGroupRulesNegativeTestJSON:tearDownClass): 204 DELETE http://10.180.1.21/networking/v2.0/subnets/92e5f199-4d39-424e-a544-546d9214f20e 0.087s
2025-11-14 02:27:48.572 67155 INFO tempest.lib.common.rest_client [req-d521b353-31c6-44b0-805d-383a88edacb0 req-d521b353-31c6-44b0-805d-383a88edacb0 ] Request (AttachVolumeShelveTestJSON:_run_cleanups): 204 DELETE http://10.180.1.21/networking/v2.0/floatingips/1a269a36-9be4-411a-950d-f4ac84d09417 0.269s
2025-11-14 02:27:48.608 67155 INFO tempest.lib.common.rest_client [req-5232474e-1c7a-4679-9995-f310bec17001 req-5232474e-1c7a-4679-9995-f310bec17001 ] Request (ValidationResourcesFixture:setUp): 201 POST http://10.180.1.21/compute/v2.1/os-keypairs 0.034s
2025-11-14 02:27:48.639 67159 INFO tempest.lib.common.rest_client [req-c6fd402a-51c6-4566-8f1d-6a081927192f req-c6fd402a-51c6-4566-8f1d-6a081927192f ] Request (ServersNegativeTestMultiTenantJSON:tearDownClass): 204 DELETE http://10.180.1.21/networking/v2.0/routers/75c948bd-7423-4554-9dbf-a40fe208dc7d 0.337s
2025-11-14 02:27:48.702 67135 INFO tempest.lib.common.rest_client [req-014ea5be-8396-4951-9c9f-2800fa0c615b req-014ea5be-8396-4951-9c9f-2800fa0c615b ] Request (SecurityGroupRulesNegativeTestJSON:tearDownClass): 204 DELETE http://10.180.1.21/networking/v2.0/networks/b514cb6a-f674-48c5-bea2-9ee9389be987 0.319s
2025-11-14 02:27:48.743 67155 INFO tempest.lib.common.rest_client [req-41a27b05-c857-4abb-8dad-821bed741180 req-41a27b05-c857-4abb-8dad-821bed741180 ] Request (ValidationResourcesFixture:setUp): 201 POST http://10.180.1.21/networking/v2.0/security-groups 0.133s
2025-11-14 02:27:48.791 67159 INFO tempest.lib.common.rest_client [req-06c052b8-81f6-494d-a76b-02cda33dfada req-06c052b8-81f6-494d-a76b-02cda33dfada ] Request (ServersNegativeTestMultiTenantJSON:tearDownClass): 204 DELETE http://10.180.1.21/networking/v2.0/subnets/c2762d70-7b9a-4bf6-91ab-d796f87875a4 0.151s
2025-11-14 02:27:48.831 67155 INFO tempest.lib.common.rest_client [req-480da608-b9ac-4e52-8d13-b60a4f4c47eb req-480da608-b9ac-4e52-8d13-b60a4f4c47eb ] Request (ValidationResourcesFixture:setUp): 201 POST http://10.180.1.21/networking/v2.0/security-group-rules 0.087s
2025-11-14 02:27:48.863 67135 INFO tempest.lib.common.rest_client [req-6fa5aecf-01d4-4c54-9f17-cf498ed3d9bd req-6fa5aecf-01d4-4c54-9f17-cf498ed3d9bd ] Request (SecurityGroupRulesNegativeTestJSON:tearDownClass): 204 DELETE http://10.180.1.21/identity/v3/users/12d05e35377f475688bc84636a66f820 0.160s
2025-11-14 02:27:48.863 67135 INFO tempest.lib.common.dynamic_creds [-] Deleting project and security group for project: 98ae37f30f204890be5a2a68dd638116
2025-11-14 02:27:48.906 67159 INFO tempest.lib.common.rest_client [req-c07174bc-1b97-4289-a991-e915a3e07380 req-c07174bc-1b97-4289-a991-e915a3e07380 ] Request (ServersNegativeTestMultiTenantJSON:tearDownClass): 204 DELETE http://10.180.1.21/networking/v2.0/networks/d5c759d1-fe69-4c22-98d1-a7a886fd7c33 0.115s
2025-11-14 02:27:48.935 67155 INFO tempest.lib.common.rest_client [req-1bb91ea8-8b73-4945-a4f2-56a8829ac2c8 req-1bb91ea8-8b73-4945-a4f2-56a8829ac2c8 ] Request (ValidationResourcesFixture:setUp): 201 POST http://10.180.1.21/networking/v2.0/security-group-rules 0.103s
2025-11-14 02:27:48.940 67135 INFO tempest.lib.common.rest_client [req-e87ea804-be8f-41d9-81eb-a4592c54d12c req-e87ea804-be8f-41d9-81eb-a4592c54d12c ] Request (SecurityGroupRulesNegativeTestJSON:tearDownClass): 200 GET http://10.180.1.21/networking/v2.0/security-groups?tenant_id=98ae37f30f204890be5a2a68dd638116&name=default 0.077s
2025-11-14 02:27:49.039 67135 INFO tempest.lib.common.rest_client [req-2796a24e-2996-4532-8052-22a770fd1b0e req-2796a24e-2996-4532-8052-22a770fd1b0e ] Request (SecurityGroupRulesNegativeTestJSON:tearDownClass): 204 DELETE http://10.180.1.21/networking/v2.0/security-groups/bb766be6-396b-4d4f-a7ed-f1eb0793ba42 0.098s
2025-11-14 02:27:49.067 67159 INFO tempest.lib.common.rest_client [req-c85a0fda-b80c-416b-b384-4bf9a44369cd req-c85a0fda-b80c-416b-b384-4bf9a44369cd ] Request (ServersNegativeTestMultiTenantJSON:tearDownClass): 204 DELETE http://10.180.1.21/identity/v3/users/b55cd6e1beb74ffbadd49f0883885a0f 0.160s
2025-11-14 02:27:49.158 67135 INFO tempest.lib.common.rest_client [req-ba453915-7391-42cf-a695-b94ec683fd40 req-ba453915-7391-42cf-a695-b94ec683fd40 ] Request (SecurityGroupRulesNegativeTestJSON:tearDownClass): 204 DELETE http://10.180.1.21/identity/v3/projects/98ae37f30f204890be5a2a68dd638116 0.119s
2025-11-14 02:27:49.183 67159 INFO tempest.lib.common.rest_client [req-03eefc3f-97a7-47a6-8fc2-1b8792f42d7d req-03eefc3f-97a7-47a6-8fc2-1b8792f42d7d ] Request (ServersNegativeTestMultiTenantJSON:tearDownClass): 204 DELETE http://10.180.1.21/identity/v3/users/4668352b05c943298372b5469187fb14 0.116s
2025-11-14 02:27:49.183 67159 INFO tempest.lib.common.dynamic_creds [-] Deleting project and security group for project: b5aceac8e55e412996a28879fa40f52a
2025-11-14 02:27:49.208 67159 INFO tempest.lib.common.rest_client [req-1c745741-08d7-4308-b356-f9603b897dfe req-1c745741-08d7-4308-b356-f9603b897dfe ] Request (ServersNegativeTestMultiTenantJSON:tearDownClass): 200 GET http://10.180.1.21/networking/v2.0/security-groups?tenant_id=b5aceac8e55e412996a28879fa40f52a&name=default 0.024s
2025-11-14 02:27:49.240 67135 INFO tempest.lib.common.rest_client [req-3cf88489-f413-455d-b405-fd935998e430 req-3cf88489-f413-455d-b405-fd935998e430 ] Request (ListServersNegativeTestJSON:setUpClass): 201 POST http://10.180.1.21/identity/v3/auth/tokens 0.080s
2025-11-14 02:27:49.269 67135 INFO tempest.lib.common.rest_client [req-04d41a7d-0f59-4ef9-96ca-4a2a3d5199b1 req-04d41a7d-0f59-4ef9-96ca-4a2a3d5199b1 ] Request (ListServersNegativeTestJSON:setUpClass): 201 POST http://10.180.1.21/identity/v3/auth/tokens 0.026s
2025-11-14 02:27:49.287 67159 INFO tempest.lib.common.rest_client [req-2796d052-ce04-4d89-bacd-be5b44e7a81e req-2796d052-ce04-4d89-bacd-be5b44e7a81e ] Request (ServersNegativeTestMultiTenantJSON:tearDownClass): 204 DELETE http://10.180.1.21/networking/v2.0/security-groups/a0702a26-6c65-4b08-a25d-00dd5c15723d 0.079s
2025-11-14 02:27:49.295 67135 INFO tempest.lib.common.rest_client [req-e710a3d6-a1c0-4027-915a-b04186a79037 req-e710a3d6-a1c0-4027-915a-b04186a79037 ] Request (ListServersNegativeTestJSON:setUpClass): 200 GET http://10.180.1.21/identity/v3/domains?name=Default 0.026s
2025-11-14 02:27:49.328 67135 INFO tempest.lib.common.rest_client [req-f9b4ce5d-ccc1-4900-b1fb-761653277571 req-f9b4ce5d-ccc1-4900-b1fb-761653277571 ] Request (ListServersNegativeTestJSON:setUpClass): 201 POST http://10.180.1.21/identity/v3/projects 0.032s
2025-11-14 02:27:49.345 67159 INFO tempest.lib.common.rest_client [req-093214ba-1e40-4518-920b-73068c3219ff req-093214ba-1e40-4518-920b-73068c3219ff ] Request (ServersNegativeTestMultiTenantJSON:tearDownClass): 204 DELETE http://10.180.1.21/identity/v3/projects/b5aceac8e55e412996a28879fa40f52a 0.057s
2025-11-14 02:27:49.345 67155 INFO tempest.lib.common.rest_client [req-33e216a6-d90b-41b3-9880-96d83f4e32be req-33e216a6-d90b-41b3-9880-96d83f4e32be ] Request (ValidationResourcesFixture:setUp): 201 POST http://10.180.1.21/networking/v2.0/floatingips 0.410s
2025-11-14 02:27:49.345 67159 INFO tempest.lib.common.dynamic_creds [-] Deleting project and security group for project: 14ee138c58704bd58bc23965510ff602
2025-11-14 02:27:49.370 67159 INFO tempest.lib.common.rest_client [req-d0c8a566-872a-43f9-a1af-17eb9e766c27 req-d0c8a566-872a-43f9-a1af-17eb9e766c27 ] Request (ServersNegativeTestMultiTenantJSON:tearDownClass): 200 GET http://10.180.1.21/networking/v2.0/security-groups?tenant_id=14ee138c58704bd58bc23965510ff602&name=default 0.025s
2025-11-14 02:27:49.385 67135 INFO tempest.lib.common.rest_client [req-adfcc77f-a32a-474d-8a22-c9541662bee4 req-adfcc77f-a32a-474d-8a22-c9541662bee4 ] Request (ListServersNegativeTestJSON:setUpClass): 201 POST http://10.180.1.21/identity/v3/users 0.057s
2025-11-14 02:27:49.402 67155 INFO tempest.lib.common.rest_client [req-9eba2646-499b-4fc9-9511-ece008053409 req-9eba2646-499b-4fc9-9511-ece008053409 ] Request (AttachVolumeShelveTestJSON:test_detach_volume_shelved_or_offload_server): 201 POST http://10.180.1.21/identity/v3/auth/tokens 0.054s
2025-11-14 02:27:49.402 67155 INFO tempest.lib.common.fixed_network [-] (AttachVolumeShelveTestJSON:test_detach_volume_shelved_or_offload_server) Found network {'id': '378f6220-cc05-406f-8025-ff42ee9c5025', 'name': 'tempest-AttachVolumeShelveTestJSON-1127257812-network', 'tenant_id': '2617f780d3a74dd5b5825abcfba6e9ba', 'project_id': '2617f780d3a74dd5b5825abcfba6e9ba', 'admin_state_up': True, 'mtu': 8950, 'status': 'ACTIVE', 'subnets': [], 'shared': False, 'port_security_enabled': True, 'router:external': False, 'provider:network_type': 'vlan', 'provider:physical_network': 'default', 'provider:segmentation_id': 177, 'availability_zone_hints': [], 'availability_zones': [], 'ipv4_address_scope': None, 'ipv6_address_scope': None, 'description': '', 'tags': [], 'created_at': '2025-11-14T02:27:42Z', 'updated_at': '2025-11-14T02:27:42Z', 'revision_number': 1} available for tenant
2025-11-14 02:27:49.413 67135 INFO tempest.lib.common.rest_client [req-d83357e4-5333-49d5-b0b2-78fe667c1f30 req-d83357e4-5333-49d5-b0b2-78fe667c1f30 ] Request (ListServersNegativeTestJSON:setUpClass): 200 GET http://10.180.1.21/identity/v3/roles 0.027s
2025-11-14 02:27:49.440 67135 INFO tempest.lib.common.rest_client [req-2592c6cf-4903-4651-a8cc-1c45249e41c7 req-2592c6cf-4903-4651-a8cc-1c45249e41c7 ] Request (ListServersNegativeTestJSON:setUpClass): 204 PUT http://10.180.1.21/identity/v3/projects/8430c1f4ba604abfa4cde28011a5af51/users/d826f4789a4c4c1b8103b022db181c4f/roles/c3002e7031604a79bce0c9869a023cc3 0.026s
2025-11-14 02:27:49.440 67135 INFO tempest.lib.common.dynamic_creds [-] Dynamic test user d826f4789a4c4c1b8103b022db181c4f is created with scope project and roles: ['member']
2025-11-14 02:27:49.440 67135 INFO tempest.lib.common.dynamic_creds [-] Acquired dynamic creds: credentials: Credentials: {'domain_id': 'default', 'domain_name': 'Default', 'username': 'tempest-ListServersNegativeTestJSON-1060245300-project-member', 'project_domain_id': 'default', 'project_domain_name': 'Default', 'project_id': '8430c1f4ba604abfa4cde28011a5af51', 'project_name': 'tempest-ListServersNegativeTestJSON-1060245300', 'tenant_id': '8430c1f4ba604abfa4cde28011a5af51', 'tenant_name': 'tempest-ListServersNegativeTestJSON-1060245300', 'user_domain_id': 'default', 'user_domain_name': 'Default', 'user_id': 'd826f4789a4c4c1b8103b022db181c4f', 'system': None}, Network: None, Subnet: None, Router: None
2025-11-14 02:27:49.448 67159 INFO tempest.lib.common.rest_client [req-06b8a0aa-0445-42c8-8761-492e12ed7e1a req-06b8a0aa-0445-42c8-8761-492e12ed7e1a ] Request (ServersNegativeTestMultiTenantJSON:tearDownClass): 204 DELETE http://10.180.1.21/networking/v2.0/security-groups/b2498e84-aa79-46e7-8e4b-e2bddd4c50f8 0.078s
2025-11-14 02:27:49.509 67135 INFO tempest.lib.common.rest_client [req-8517e850-f687-48dd-9416-4086c2369c2a req-8517e850-f687-48dd-9416-4086c2369c2a ] Request (ListServersNegativeTestJSON:setUpClass): 201 POST http://10.180.1.21/identity/v3/auth/tokens 0.069s
2025-11-14 02:27:49.545 67159 INFO tempest.lib.common.rest_client [req-85347885-68b1-4ad7-b936-5d864bf12e1d req-85347885-68b1-4ad7-b936-5d864bf12e1d ] Request (ServersNegativeTestMultiTenantJSON:tearDownClass): 204 DELETE http://10.180.1.21/identity/v3/projects/14ee138c58704bd58bc23965510ff602 0.096s
2025-11-14 02:27:49.714 67155 INFO tempest.lib.common.rest_client [req-ad0cc0db-8424-4844-b036-b0866a5ff514 req-ad0cc0db-8424-4844-b036-b0866a5ff514 ] Request (AttachVolumeShelveTestJSON:test_detach_volume_shelved_or_offload_server): 202 POST http://10.180.1.21/compute/v2.1/servers 0.311s
2025-11-14 02:27:49.759 67155 INFO tempest.lib.common.rest_client [req-c484a3f8-f6b5-4d95-85b4-9bb3299e970d req-c484a3f8-f6b5-4d95-85b4-9bb3299e970d ] Request (AttachVolumeShelveTestJSON:test_detach_volume_shelved_or_offload_server): 200 GET http://10.180.1.21/compute/v2.1/servers/d4422009-5be7-4e48-9531-7b35d42b1e19 0.043s
2025-11-14 02:27:49.823 67135 INFO tempest.lib.common.rest_client [req-51e5e111-28ab-428d-83cb-61a6574e4d51 req-51e5e111-28ab-428d-83cb-61a6574e4d51 ] Request (ListServersNegativeTestJSON:setUpClass): 201 POST http://10.180.1.21/networking/v2.0/networks 0.313s
2025-11-14 02:27:49.982 67135 INFO tempest.lib.common.rest_client [req-fee474ac-5e71-4389-b7ea-c1987ee6d069 req-fee474ac-5e71-4389-b7ea-c1987ee6d069 ] Request (ListServersNegativeTestJSON:setUpClass): 201 POST http://10.180.1.21/networking/v2.0/subnets 0.159s
2025-11-14 02:27:50.607 67135 INFO tempest.lib.common.rest_client [req-2b6c66be-0262-4c8a-9e09-5d8632c494a6 req-2b6c66be-0262-4c8a-9e09-5d8632c494a6 ] Request (ListServersNegativeTestJSON:setUpClass): 201 POST http://10.180.1.21/networking/v2.0/routers 0.624s
2025-11-14 02:27:50.830 67155 INFO tempest.lib.common.rest_client [req-b896ba6a-0283-40db-981b-f2da54c00d77 req-b896ba6a-0283-40db-981b-f2da54c00d77 ] Request (AttachVolumeShelveTestJSON:test_detach_volume_shelved_or_offload_server): 200 GET http://10.180.1.21/compute/v2.1/servers/d4422009-5be7-4e48-9531-7b35d42b1e19 0.062s
2025-11-14 02:27:50.838 67155 INFO tempest.common.waiters [-] State transition "BUILD/scheduling" ==> "ERROR/None" after 1 second wait
2025-11-14 02:27:51.066 67155 INFO tempest.lib.common.rest_client [req-11c4299b-a06b-4295-80e5-a83f411daec1 req-11c4299b-a06b-4295-80e5-a83f411daec1 ] Request (AttachVolumeShelveTestJSON:test_detach_volume_shelved_or_offload_server): 204 DELETE http://10.180.1.21/compute/v2.1/servers/d4422009-5be7-4e48-9531-7b35d42b1e19 0.227s
2025-11-14 02:27:51.090 67155 INFO tempest.lib.common.rest_client [req-57025497-831f-4559-8ba6-7fec84d56939 req-57025497-831f-4559-8ba6-7fec84d56939 ] Request (AttachVolumeShelveTestJSON:test_detach_volume_shelved_or_offload_server): 404 GET http://10.180.1.21/compute/v2.1/servers/d4422009-5be7-4e48-9531-7b35d42b1e19 0.023s
2025-11-14 02:27:51.110 67155 INFO tempest.lib.common.rest_client [req-50ce03ad-adc5-4e76-8c24-c567f88ed69f req-50ce03ad-adc5-4e76-8c24-c567f88ed69f ] Request (AttachVolumeShelveTestJSON:_run_cleanups): 204 DELETE http://10.180.1.21/compute/v2.1/os-keypairs/tempest-keypair-41548744 0.019s
2025-11-14 02:27:51.196 67155 INFO tempest.lib.common.rest_client [req-07c6cc57-de80-43f4-a8a3-56946dbf8367 req-07c6cc57-de80-43f4-a8a3-56946dbf8367 ] Request (AttachVolumeShelveTestJSON:_run_cleanups): 204 DELETE http://10.180.1.21/networking/v2.0/security-groups/1974f23c-5153-4893-bc19-971fdcf309a3 0.086s
2025-11-14 02:27:51.205 67155 INFO tempest.lib.common.rest_client [req-50b45217-d9f0-4100-8118-b510554ad0bd req-50b45217-d9f0-4100-8118-b510554ad0bd ] Request (AttachVolumeShelveTestJSON:_run_cleanups): 404 GET http://10.180.1.21/networking/v2.0/security-groups/1974f23c-5153-4893-bc19-971fdcf309a3 0.009s
2025-11-14 02:27:51.400 67155 INFO tempest.lib.common.rest_client [req-71f4aaa7-94fa-4cb2-b881-dc72da2a7bc6 req-71f4aaa7-94fa-4cb2-b881-dc72da2a7bc6 ] Request (AttachVolumeShelveTestJSON:_run_cleanups): 204 DELETE http://10.180.1.21/networking/v2.0/floatingips/7d6d4d2a-293c-40bd-abac-3c738d72b7a6 0.194s
2025-11-14 02:27:51.404 67135 INFO tempest.lib.common.rest_client [req-92cfcc49-1ef0-463f-a3f2-a5534e461513 req-92cfcc49-1ef0-463f-a3f2-a5534e461513 ] Request (ListServersNegativeTestJSON:setUpClass): 200 PUT http://10.180.1.21/networking/v2.0/routers/86d79ee6-692a-45b3-9ab4-7fcf89b4c939/add_router_interface 0.797s
2025-11-14 02:27:51.406 67135 INFO tempest.lib.common.dynamic_creds [-] Created isolated network resources for: credentials: Credentials: {'domain_id': 'default', 'domain_name': 'Default', 'username': 'tempest-ListServersNegativeTestJSON-1060245300-project-member', 'project_domain_id': 'default', 'project_domain_name': 'Default', 'project_id': '8430c1f4ba604abfa4cde28011a5af51', 'project_name': 'tempest-ListServersNegativeTestJSON-1060245300', 'tenant_id': '8430c1f4ba604abfa4cde28011a5af51', 'tenant_name': 'tempest-ListServersNegativeTestJSON-1060245300', 'user_domain_id': 'default', 'user_domain_name': 'Default', 'user_id': 'd826f4789a4c4c1b8103b022db181c4f', 'system': None}, Network: {'id': '26ca3e70-b964-4ca9-a474-a2a05b539e6a', 'name': 'tempest-ListServersNegativeTestJSON-121793425-network', 'tenant_id': '8430c1f4ba604abfa4cde28011a5af51', 'project_id': '8430c1f4ba604abfa4cde28011a5af51', 'admin_state_up': True, 'mtu': 8950, 'status': 'ACTIVE', 'subnets': [], 'shared': False, 'port_security_enabled': True, 'router:external': False, 'provider:network_type': 'vlan', 'provider:physical_network': 'default', 'provider:segmentation_id': 385, 'availability_zone_hints': [], 'availability_zones': [], 'ipv4_address_scope': None, 'ipv6_address_scope': None, 'description': '', 'tags': [], 'created_at': '2025-11-14T02:27:49Z', 'updated_at': '2025-11-14T02:27:49Z', 'revision_number': 1}, Subnet: {'id': 'd413fb5a-d390-4ed9-bdd5-6462df56ce46', 'name': 'tempest-ListServersNegativeTestJSON-121793425-subnet', 'tenant_id': '8430c1f4ba604abfa4cde28011a5af51', 'network_id': '26ca3e70-b964-4ca9-a474-a2a05b539e6a', 'ip_version': 4, 'subnetpool_id': None, 'enable_dhcp': True, 'ipv6_ra_mode': None, 'ipv6_address_mode': None, 'gateway_ip': '192.168.128.1', 'cidr': '192.168.128.0/28', 'allocation_pools': [{'start': '192.168.128.2', 'end': '192.168.128.14'}], 'host_routes': [], 'dns_nameservers': [], 'description': '', 'router:external': False, 'service_types': [], 'tags': [], 'created_at': '2025-11-14T02:27:49Z', 'updated_at': '2025-11-14T02:27:49Z', 'revision_number': 0, 'project_id': '8430c1f4ba604abfa4cde28011a5af51'}, Router: {'id': '86d79ee6-692a-45b3-9ab4-7fcf89b4c939', 'name': 'tempest-ListServersNegativeTestJSON-121793425-router', 'tenant_id': '8430c1f4ba604abfa4cde28011a5af51', 'admin_state_up': True, 'status': 'ACTIVE', 'external_gateway_info': {'network_id': '40bbd476-f9fa-4f0c-82c2-3efd99015310', 'external_fixed_ips': [{'subnet_id': '4488bb63-f303-43d7-bd82-55e5225e9967', 'ip_address': '10.180.180.252'}], 'enable_snat': True}, 'description': '', 'availability_zones': [], 'distributed': False, 'ha': False, 'availability_zone_hints': [], 'routes': [], 'flavor_id': None, 'tags': [], 'created_at': '2025-11-14T02:27:50Z', 'updated_at': '2025-11-14T02:27:50Z', 'revision_number': 2, 'project_id': '8430c1f4ba604abfa4cde28011a5af51'}
2025-11-14 02:27:51.497 67135 INFO tempest.lib.common.rest_client [req-a86517ba-6b83-425a-8627-db0bf85f7429 req-a86517ba-6b83-425a-8627-db0bf85f7429 ] Request (ListServersNegativeTestJSON:setUpClass): 201 POST http://10.180.1.21/identity/v3/auth/tokens 0.085s
2025-11-14 02:27:51.525 67135 INFO tempest.lib.common.rest_client [req-cf8202d1-b231-4e6c-a84e-50f5ca8b0829 req-cf8202d1-b231-4e6c-a84e-50f5ca8b0829 ] Request (ListServersNegativeTestJSON:setUpClass): 201 POST http://10.180.1.21/identity/v3/auth/tokens 0.024s
2025-11-14 02:27:51.526 67135 INFO tempest.lib.common.fixed_network [-] (ListServersNegativeTestJSON:setUpClass) Found network {'id': '26ca3e70-b964-4ca9-a474-a2a05b539e6a', 'name': 'tempest-ListServersNegativeTestJSON-121793425-network', 'tenant_id': '8430c1f4ba604abfa4cde28011a5af51', 'project_id': '8430c1f4ba604abfa4cde28011a5af51', 'admin_state_up': True, 'mtu': 8950, 'status': 'ACTIVE', 'subnets': [], 'shared': False, 'port_security_enabled': True, 'router:external': False, 'provider:network_type': 'vlan', 'provider:physical_network': 'default', 'provider:segmentation_id': 385, 'availability_zone_hints': [], 'availability_zones': [], 'ipv4_address_scope': None, 'ipv6_address_scope': None, 'description': '', 'tags': [], 'created_at': '2025-11-14T02:27:49Z', 'updated_at': '2025-11-14T02:27:49Z', 'revision_number': 1} available for tenant
2025-11-14 02:27:51.992 67135 INFO tempest.lib.common.rest_client [req-b8f78727-71fc-4cd1-b543-e7a9f69d5911 req-b8f78727-71fc-4cd1-b543-e7a9f69d5911 ] Request (ListServersNegativeTestJSON:setUpClass): 202 POST http://10.180.1.21/compute/v2.1/servers 0.466s
2025-11-14 02:27:52.038 67135 INFO tempest.lib.common.rest_client [req-805e01cf-6345-4491-87c3-7b0a33ac5ad8 req-805e01cf-6345-4491-87c3-7b0a33ac5ad8 ] Request (ListServersNegativeTestJSON:setUpClass): 200 GET http://10.180.1.21/compute/v2.1/servers 0.043s
2025-11-14 02:27:52.091 67135 INFO tempest.lib.common.rest_client [req-ba812885-a2c6-46db-8d26-a89c609c621f req-ba812885-a2c6-46db-8d26-a89c609c621f ] Request (ListServersNegativeTestJSON:setUpClass): 200 GET http://10.180.1.21/compute/v2.1/servers/764360c9-bc38-4a92-a289-4cb228df9578 0.051s
2025-11-14 02:27:52.180 67155 INFO tempest.lib.common.rest_client [req-521ffd31-a007-4d05-9c25-ba16ef9ce45f req-521ffd31-a007-4d05-9c25-ba16ef9ce45f ] Request (AttachVolumeShelveTestJSON:tearDownClass): 200 PUT http://10.180.1.21/networking/v2.0/routers/7a6d9c2a-d409-452a-b122-6d00a3ae929c/remove_router_interface 0.773s
2025-11-14 02:27:52.913 67155 INFO tempest.lib.common.rest_client [req-2b03dce3-d19b-43b6-a480-1834fb14f061 req-2b03dce3-d19b-43b6-a480-1834fb14f061 ] Request (AttachVolumeShelveTestJSON:tearDownClass): 204 DELETE http://10.180.1.21/networking/v2.0/routers/7a6d9c2a-d409-452a-b122-6d00a3ae929c 0.733s
2025-11-14 02:27:53.174 67135 INFO tempest.lib.common.rest_client [req-2b7143b2-05b7-4655-b943-a8516bb6bb37 req-2b7143b2-05b7-4655-b943-a8516bb6bb37 ] Request (ListServersNegativeTestJSON:setUpClass): 200 GET http://10.180.1.21/compute/v2.1/servers/764360c9-bc38-4a92-a289-4cb228df9578 0.074s
2025-11-14 02:27:53.180 67135 INFO tempest.common.waiters [-] State transition "BUILD/scheduling" ==> "ERROR/None" after 1 second wait
2025-11-14 02:27:53.356 67135 INFO tempest.lib.common.rest_client [req-774744ff-41d8-4150-aca4-55cee71c7c6a req-774744ff-41d8-4150-aca4-55cee71c7c6a ] Request (ListServersNegativeTestJSON:setUpClass): 204 DELETE http://10.180.1.21/compute/v2.1/servers/764360c9-bc38-4a92-a289-4cb228df9578 0.175s
2025-11-14 02:27:53.376 67155 INFO tempest.lib.common.rest_client [req-0bdb2f37-8a12-4e06-9734-92004c92fc8a req-0bdb2f37-8a12-4e06-9734-92004c92fc8a ] Request (AttachVolumeShelveTestJSON:tearDownClass): 204 DELETE http://10.180.1.21/networking/v2.0/subnets/02e41d22-85ce-48b1-8fc7-be119542b4d4 0.463s
2025-11-14 02:27:53.528 67135 INFO tempest.lib.common.rest_client [req-0784a4a7-a5dc-4a56-a436-09682783348a req-0784a4a7-a5dc-4a56-a436-09682783348a ] Request (ListServersNegativeTestJSON:setUpClass): 204 DELETE http://10.180.1.21/compute/v2.1/servers/c9a6a729-8748-4c22-9abe-a4001cb810e7 0.172s
2025-11-14 02:27:53.624 67155 INFO tempest.lib.common.rest_client [req-3f5492ed-6739-454f-a499-151357977b6f req-3f5492ed-6739-454f-a499-151357977b6f ] Request (AttachVolumeShelveTestJSON:tearDownClass): 204 DELETE http://10.180.1.21/networking/v2.0/networks/378f6220-cc05-406f-8025-ff42ee9c5025 0.247s
2025-11-14 02:27:53.715 67155 INFO tempest.lib.common.rest_client [req-61c5e7b9-c001-4fc6-a9e2-3af4c9e33a03 req-61c5e7b9-c001-4fc6-a9e2-3af4c9e33a03 ] Request (AttachVolumeShelveTestJSON:tearDownClass): 204 DELETE http://10.180.1.21/identity/v3/users/539327cdc40644d5ba2378e2109ab96e 0.090s
2025-11-14 02:27:53.715 67155 INFO tempest.lib.common.dynamic_creds [-] Deleting project and security group for project: 2617f780d3a74dd5b5825abcfba6e9ba
2025-11-14 02:27:53.723 67135 INFO tempest.lib.common.rest_client [req-982653d3-76d7-4781-a55e-ab42e1d5ce8d req-982653d3-76d7-4781-a55e-ab42e1d5ce8d ] Request (ListServersNegativeTestJSON:setUpClass): 204 DELETE http://10.180.1.21/compute/v2.1/servers/d6469859-ec33-4901-926d-3e096121a3b8 0.194s
2025-11-14 02:27:53.752 67135 INFO tempest.lib.common.rest_client [req-07dd00c5-e0ce-4b06-bba3-e2e822fa6a5b req-07dd00c5-e0ce-4b06-bba3-e2e822fa6a5b ] Request (ListServersNegativeTestJSON:setUpClass): 404 GET http://10.180.1.21/compute/v2.1/servers/764360c9-bc38-4a92-a289-4cb228df9578 0.028s
2025-11-14 02:27:53.763 67155 INFO tempest.lib.common.rest_client [req-5937a433-072f-4139-a51e-652e8e9d6979 req-5937a433-072f-4139-a51e-652e8e9d6979 ] Request (AttachVolumeShelveTestJSON:tearDownClass): 200 GET http://10.180.1.21/networking/v2.0/security-groups?tenant_id=2617f780d3a74dd5b5825abcfba6e9ba&name=default 0.047s
2025-11-14 02:27:53.775 67135 INFO tempest.lib.common.rest_client [req-d584d138-dd72-4eed-81b9-cdc7d5536af4 req-d584d138-dd72-4eed-81b9-cdc7d5536af4 ] Request (ListServersNegativeTestJSON:setUpClass): 404 GET http://10.180.1.21/compute/v2.1/servers/c9a6a729-8748-4c22-9abe-a4001cb810e7 0.023s
2025-11-14 02:27:53.800 67135 INFO tempest.lib.common.rest_client [req-5dc813b7-5fcc-46b1-914f-583a158b26f6 req-5dc813b7-5fcc-46b1-914f-583a158b26f6 ] Request (ListServersNegativeTestJSON:setUpClass): 404 GET http://10.180.1.21/compute/v2.1/servers/d6469859-ec33-4901-926d-3e096121a3b8 0.024s
2025-11-14 02:27:53.801 67135 INFO tempest.test [-] raised in ListServersNegativeTestJSON.setUpClass. Invoking tearDownClass.
2025-11-14 02:27:53.855 67155 INFO tempest.lib.common.rest_client [req-ce7df8a1-469f-4fd6-aa8f-66e82df53611 req-ce7df8a1-469f-4fd6-aa8f-66e82df53611 ] Request (AttachVolumeShelveTestJSON:tearDownClass): 204 DELETE http://10.180.1.21/networking/v2.0/security-groups/eba7899f-4ebc-4841-b5e4-41e5e190888a 0.091s
2025-11-14 02:27:54.089 67155 INFO tempest.lib.common.rest_client [req-57b6022b-aebc-483d-b412-0bba0cfe034e req-57b6022b-aebc-483d-b412-0bba0cfe034e ] Request (AttachVolumeShelveTestJSON:tearDownClass): 204 DELETE http://10.180.1.21/identity/v3/projects/2617f780d3a74dd5b5825abcfba6e9ba 0.234s
2025-11-14 02:27:54.507 67135 INFO tempest.lib.common.rest_client [req-ad4badc7-7b0b-4a06-acca-322975cff16b req-ad4badc7-7b0b-4a06-acca-322975cff16b ] Request (ListServersNegativeTestJSON:tearDownClass): 200 PUT http://10.180.1.21/networking/v2.0/routers/86d79ee6-692a-45b3-9ab4-7fcf89b4c939/remove_router_interface 0.706s
2025-11-14 02:27:54.831 67135 INFO tempest.lib.common.rest_client [req-10524ad2-c78f-413a-a0e1-ddcce6ebec3f req-10524ad2-c78f-413a-a0e1-ddcce6ebec3f ] Request (ListServersNegativeTestJSON:tearDownClass): 204 DELETE http://10.180.1.21/networking/v2.0/routers/86d79ee6-692a-45b3-9ab4-7fcf89b4c939 0.323s
2025-11-14 02:27:54.914 67135 INFO tempest.lib.common.rest_client [req-9fa45365-0919-48dc-bfcb-78e139884db8 req-9fa45365-0919-48dc-bfcb-78e139884db8 ] Request (ListServersNegativeTestJSON:tearDownClass): 204 DELETE http://10.180.1.21/networking/v2.0/subnets/d413fb5a-d390-4ed9-bdd5-6462df56ce46 0.083s
2025-11-14 02:27:55.036 67135 INFO tempest.lib.common.rest_client [req-fd673045-44ba-472c-b8b0-8fc07a293eff req-fd673045-44ba-472c-b8b0-8fc07a293eff ] Request (ListServersNegativeTestJSON:tearDownClass): 204 DELETE http://10.180.1.21/networking/v2.0/networks/26ca3e70-b964-4ca9-a474-a2a05b539e6a 0.122s
2025-11-14 02:27:55.137 67135 INFO tempest.lib.common.rest_client [req-fe5c0981-e15c-45c4-a26f-1c7f9f167429 req-fe5c0981-e15c-45c4-a26f-1c7f9f167429 ] Request (ListServersNegativeTestJSON:tearDownClass): 204 DELETE http://10.180.1.21/identity/v3/users/d826f4789a4c4c1b8103b022db181c4f 0.100s
2025-11-14 02:27:55.137 67135 INFO tempest.lib.common.dynamic_creds [-] Deleting project and security group for project: 8430c1f4ba604abfa4cde28011a5af51
2025-11-14 02:27:55.164 67135 INFO tempest.lib.common.rest_client [req-14bd78cc-59bd-4036-a07b-04e5f7f9e258 req-14bd78cc-59bd-4036-a07b-04e5f7f9e258 ] Request (ListServersNegativeTestJSON:tearDownClass): 200 GET http://10.180.1.21/networking/v2.0/security-groups?tenant_id=8430c1f4ba604abfa4cde28011a5af51&name=default 0.027s
2025-11-14 02:27:55.249 67135 INFO tempest.lib.common.rest_client [req-b43aa8f0-1642-4529-863a-9dfb5fb322fb req-b43aa8f0-1642-4529-863a-9dfb5fb322fb ] Request (ListServersNegativeTestJSON:tearDownClass): 204 DELETE http://10.180.1.21/networking/v2.0/security-groups/27e2f1f2-d21e-4dff-b6cc-6b8454fa058d 0.084s
2025-11-14 02:27:55.331 67135 INFO tempest.lib.common.rest_client [req-4038a8fe-703f-460d-ae90-ecf9df4812e0 req-4038a8fe-703f-460d-ae90-ecf9df4812e0 ] Request (ListServersNegativeTestJSON:tearDownClass): 204 DELETE http://10.180.1.21/identity/v3/projects/8430c1f4ba604abfa4cde28011a5af51 0.081s