2025-11-14 02:27:25.890 67141 INFO tempest.lib.common.rest_client [req-42638f08-5126-4394-b3e9-ddaf51dc2060 req-42638f08-5126-4394-b3e9-ddaf51dc2060 ] Request (QuotasTestJSON:test_get_quotas): 200 GET http://10.180.1.21/compute/v2.1/os-quota-sets/c158b54fa2604980a75c84d8ccd45198 2.177s
2025-11-14 02:27:26.078 67167 INFO tempest.lib.common.rest_client [req-6eb04a7b-e304-4890-92ac-da77935e5f1f req-6eb04a7b-e304-4890-92ac-da77935e5f1f ] Request (InstanceActionsTestJSON:setUpClass): 204 DELETE http://10.180.1.21/compute/v2.1/servers/88583da2-3159-43cc-bd41-c495f78b5895 2.110s
2025-11-14 02:27:26.132 67171 INFO tempest.lib.common.rest_client [req-43705a34-6dcb-4e6d-8ca5-88e0d7ac08fc req-43705a34-6dcb-4e6d-8ca5-88e0d7ac08fc ] Request (ServerMetadataTestJSON:setUpClass): 204 DELETE http://10.180.1.21/compute/v2.1/servers/98deba02-bef4-4ff3-af38-f9ac1334e2bb 1.841s
2025-11-14 02:27:26.141 67159 INFO tempest.lib.common.rest_client [req-262288f5-2a29-4eed-b559-9105ae902a97 req-262288f5-2a29-4eed-b559-9105ae902a97 ] Request (DeleteServersTestJSON:test_delete_server_while_in_verify_resize_state): 200 GET http://10.180.1.21/compute/v2.1/servers/7ebda025-fc9d-48bb-bc47-63ed1cc53ff9 1.738s
2025-11-14 02:27:26.145 67161 INFO tempest.lib.common.rest_client [req-50440017-608b-4b37-9951-a88a8dcac9b6 req-50440017-608b-4b37-9951-a88a8dcac9b6 ] Request (ServerGroupTestJSON:tearDownClass): 404 DELETE http://10.180.1.21/compute/v2.1/os-server-groups/c3571c8d-6064-4de5-9db0-0d35de9c143d 1.735s
2025-11-14 02:27:26.172 67127 INFO tempest.lib.common.rest_client [req-2aac9aa3-ec94-4d0a-ab33-c309046ff170 req-2aac9aa3-ec94-4d0a-ab33-c309046ff170 ] Request (ServicesAdminNegativeV253TestJSON:test_get_service_with_valid_service_and_invalid_host): 200 GET http://10.180.1.21/compute/v2.1/os-services 1.732s
2025-11-14 02:27:26.187 67139 INFO tempest.lib.common.rest_client [req-0b1eab44-b235-419d-846c-746bd58be9d6 req-0b1eab44-b235-419d-846c-746bd58be9d6 ] Request (ServerDiskConfigTestJSON:test_update_server_from_auto_to_manual): 404 GET http://10.180.1.21/compute/v2.1/servers/9a1455f0-d8c5-485d-b12b-cc027349d83f 1.478s
2025-11-14 02:27:26.230 67135 INFO tempest.lib.common.rest_client [req-17d7536b-617e-4a62-8058-e065b27f08ec req-17d7536b-617e-4a62-8058-e065b27f08ec ] Request (FlavorsV261TestJSON:test_crud_flavor): 200 POST http://10.180.1.21/compute/v2.1/flavors 1.032s
2025-11-14 02:27:26.713 67121 INFO tempest.lib.common.rest_client [req-05e70fb1-4f48-4d27-9328-ca8fe59d9775 req-05e70fb1-4f48-4d27-9328-ca8fe59d9775 ] Request (SecurityGroupsNegativeTestJSON:setUpClass): 200 PUT http://10.180.1.21/networking/v2.0/routers/b669be23-307b-4e88-bacf-4b0940bfdc4a/add_router_interface 0.884s
2025-11-14 02:27:26.713 67121 INFO tempest.lib.common.dynamic_creds [-] Created isolated network resources for: credentials: Credentials: {'domain_id': 'default', 'domain_name': 'Default', 'username': 'tempest-SecurityGroupsNegativeTestJSON-1309860188-project-member', 'project_domain_id': 'default', 'project_domain_name': 'Default', 'project_id': '05b1d3d5f0a3450a873c4442afdb8971', 'project_name': 'tempest-SecurityGroupsNegativeTestJSON-1309860188', 'tenant_id': '05b1d3d5f0a3450a873c4442afdb8971', 'tenant_name': 'tempest-SecurityGroupsNegativeTestJSON-1309860188', 'user_domain_id': 'default', 'user_domain_name': 'Default', 'user_id': '3a304caac7294f9d853e002c77c2c274', 'system': None}, Network: {'id': 'd6b8d763-100c-41ea-a987-5935919cfb8a', 'name': 'tempest-SecurityGroupsNegativeTestJSON-174231514-network', 'tenant_id': '05b1d3d5f0a3450a873c4442afdb8971', 'project_id': '05b1d3d5f0a3450a873c4442afdb8971', 'admin_state_up': True, 'mtu': 8950, 'status': 'ACTIVE', 'subnets': [], 'shared': False, 'port_security_enabled': True, 'router:external': False, 'provider:network_type': 'vlan', 'provider:physical_network': 'default', 'provider:segmentation_id': 629, 'availability_zone_hints': [], 'availability_zones': [], 'ipv4_address_scope': None, 'ipv6_address_scope': None, 'description': '', 'tags': [], 'created_at': '2025-11-14T02:27:24Z', 'updated_at': '2025-11-14T02:27:24Z', 'revision_number': 1}, Subnet: {'id': '4ae7c0b4-691c-436f-880c-9d8f921650cc', 'name': 'tempest-SecurityGroupsNegativeTestJSON-174231514-subnet', 'tenant_id': '05b1d3d5f0a3450a873c4442afdb8971', 'network_id': 'd6b8d763-100c-41ea-a987-5935919cfb8a', 'ip_version': 4, 'subnetpool_id': None, 'enable_dhcp': True, 'ipv6_ra_mode': None, 'ipv6_address_mode': None, 'gateway_ip': '192.168.128.1', 'cidr': '192.168.128.0/28', 'allocation_pools': [{'start': '192.168.128.2', 'end': '192.168.128.14'}], 'host_routes': [], 'dns_nameservers': [], 'description': '', 'router:external': False, 'service_types': [], 'tags': [], 'created_at': '2025-11-14T02:27:24Z', 'updated_at': '2025-11-14T02:27:24Z', 'revision_number': 0, 'project_id': '05b1d3d5f0a3450a873c4442afdb8971'}, Router: {'id': 'b669be23-307b-4e88-bacf-4b0940bfdc4a', 'name': 'tempest-SecurityGroupsNegativeTestJSON-174231514-router', 'tenant_id': '05b1d3d5f0a3450a873c4442afdb8971', 'admin_state_up': True, 'status': 'ACTIVE', 'external_gateway_info': {'network_id': '40bbd476-f9fa-4f0c-82c2-3efd99015310', 'external_fixed_ips': [{'subnet_id': '4488bb63-f303-43d7-bd82-55e5225e9967', 'ip_address': '10.180.180.214'}], 'enable_snat': True}, 'description': '', 'availability_zones': [], 'distributed': False, 'ha': False, 'availability_zone_hints': [], 'routes': [], 'flavor_id': None, 'tags': [], 'created_at': '2025-11-14T02:27:25Z', 'updated_at': '2025-11-14T02:27:25Z', 'revision_number': 2, 'project_id': '05b1d3d5f0a3450a873c4442afdb8971'}
2025-11-14 02:27:26.820 67121 INFO tempest.lib.common.rest_client [req-35c45cd9-9f37-4228-b450-cfb5cce7d76a req-35c45cd9-9f37-4228-b450-cfb5cce7d76a ] Request (SecurityGroupsNegativeTestJSON:setUpClass): 201 POST http://10.180.1.21/identity/v3/auth/tokens 0.103s
2025-11-14 02:27:26.837 67151 INFO tempest.lib.common.rest_client [req-014f129e-62d7-4af5-8cff-7da0e6315d89 req-014f129e-62d7-4af5-8cff-7da0e6315d89 ] Request (SecurityGroupRulesTestJSON:test_security_group_rules_create): 200 POST http://10.180.1.21/compute/v2.1/os-security-groups 1.211s
2025-11-14 02:27:26.857 67155 INFO tempest.lib.common.rest_client [req-a2166376-fd03-43ac-bfa1-7c2e0f92923e req-a2166376-fd03-43ac-bfa1-7c2e0f92923e ] Request (ServersTestJSON:test_create_with_existing_server_name): 200 GET http://10.180.1.21/compute/v2.1/servers/213c6430-ab10-456d-947f-1ae450cc3928 1.117s
2025-11-14 02:27:26.917 67133 INFO tempest.lib.common.rest_client [req-978cb259-7e68-4807-8078-38b82023aa25 req-978cb259-7e68-4807-8078-38b82023aa25 ] Request (SecurityGroupsTestJSON:test_server_security_groups): 200 GET http://10.180.1.21/compute/v2.1/servers/6b9a96ed-ee6c-4506-8e41-a6719533c3d4 1.101s
2025-11-14 02:27:26.922 67139 INFO tempest.lib.common.rest_client [req-0dcb7543-4347-4ee4-b4d0-6f95070a0ead req-0dcb7543-4347-4ee4-b4d0-6f95070a0ead ] Request (ServerDiskConfigTestJSON:tearDownClass): 200 PUT http://10.180.1.21/networking/v2.0/routers/f3aba58d-2725-4e53-b91c-0e1937a6d761/remove_router_interface 0.727s
2025-11-14 02:27:26.928 67141 INFO tempest.lib.common.rest_client [req-028dd19b-3871-4a5f-8d7c-755fac683e23 req-028dd19b-3871-4a5f-8d7c-755fac683e23 ] Request (QuotasTestJSON:test_get_quotas): 200 GET http://10.180.1.21/compute/v2.1/os-quota-sets/c158b54fa2604980a75c84d8ccd45198?user_id=b9d3db66cab248f2b3bef22102cc5b55 1.035s
2025-11-14 02:27:26.941 67167 INFO tempest.lib.common.rest_client [req-290db50e-8203-4170-8bbc-f824b6f0cf67 req-290db50e-8203-4170-8bbc-f824b6f0cf67 ] Request (InstanceActionsTestJSON:setUpClass): 404 GET http://10.180.1.21/compute/v2.1/servers/88583da2-3159-43cc-bd41-c495f78b5895 0.863s
2025-11-14 02:27:26.941 67167 INFO tempest.test [-] raised in InstanceActionsTestJSON.setUpClass. Invoking tearDownClass.
2025-11-14 02:27:26.954 67161 INFO tempest.lib.common.rest_client [req-7a4e7842-32d0-432e-8135-d213157fe5cb req-7a4e7842-32d0-432e-8135-d213157fe5cb ] Request (ServerGroupTestJSON:tearDownClass): 404 DELETE http://10.180.1.21/compute/v2.1/os-server-groups/573284fd-21b4-473b-b456-014e66e5f58e 0.808s
2025-11-14 02:27:26.963 67171 INFO tempest.lib.common.rest_client [req-27ebf545-b6cc-4826-97e4-c88fcb159a61 req-27ebf545-b6cc-4826-97e4-c88fcb159a61 ] Request (ServerMetadataTestJSON:setUpClass): 404 GET http://10.180.1.21/compute/v2.1/servers/98deba02-bef4-4ff3-af38-f9ac1334e2bb 0.830s
2025-11-14 02:27:26.964 67171 INFO tempest.test [-] raised in ServerMetadataTestJSON.setUpClass. Invoking tearDownClass.
2025-11-14 02:27:26.983 67127 INFO tempest.lib.common.rest_client [req-bcf26da2-a08a-41e4-8638-5c33c183e6f7 req-bcf26da2-a08a-41e4-8638-5c33c183e6f7 ] Request (ServicesAdminNegativeV253TestJSON:test_get_service_with_valid_service_and_invalid_host): 200 GET http://10.180.1.21/compute/v2.1/os-services?host=xxx&binary=nova-scheduler 0.808s
2025-11-14 02:27:27.064 67135 INFO tempest.lib.common.rest_client [req-d832ea6d-dd96-4267-ba4c-ddbbc7d52078 req-d832ea6d-dd96-4267-ba4c-ddbbc7d52078 ] Request (FlavorsV261TestJSON:test_crud_flavor): 200 GET http://10.180.1.21/compute/v2.1/flavors/1681009277 0.828s
2025-11-14 02:27:27.130 67141 INFO tempest.lib.common.rest_client [req-88311732-af53-4266-9c52-fce74672f88d req-88311732-af53-4266-9c52-fce74672f88d ] Request (QuotasTestJSON:tearDownClass): 204 DELETE http://10.180.1.21/identity/v3/users/b9d3db66cab248f2b3bef22102cc5b55 0.192s
2025-11-14 02:27:27.130 67141 INFO tempest.lib.common.dynamic_creds [-] Deleting project and security group for project: c158b54fa2604980a75c84d8ccd45198
2025-11-14 02:27:27.213 67141 INFO tempest.lib.common.rest_client [req-09dfbe0d-652a-4a1c-a6a7-087ad3441a10 req-09dfbe0d-652a-4a1c-a6a7-087ad3441a10 ] Request (QuotasTestJSON:tearDownClass): 201 POST http://10.180.1.21/identity/v3/auth/tokens 0.082s
2025-11-14 02:27:27.356 67139 INFO tempest.lib.common.rest_client [req-b6a671ec-419d-4c90-b0be-cc45b6b64756 req-b6a671ec-419d-4c90-b0be-cc45b6b64756 ] Request (ServerDiskConfigTestJSON:tearDownClass): 204 DELETE http://10.180.1.21/networking/v2.0/routers/f3aba58d-2725-4e53-b91c-0e1937a6d761 0.433s
2025-11-14 02:27:27.646 67167 INFO tempest.lib.common.rest_client [req-e97f0499-0c67-4534-a115-462a200294a7 req-e97f0499-0c67-4534-a115-462a200294a7 ] Request (InstanceActionsTestJSON:tearDownClass): 200 PUT http://10.180.1.21/networking/v2.0/routers/7c284d99-98b2-46e7-8fff-edeadd3cc183/remove_router_interface 0.704s
2025-11-14 02:27:27.677 67121 INFO tempest.lib.common.rest_client [req-60d1cf9d-39bc-41cb-af81-cbabc78d67cd req-60d1cf9d-39bc-41cb-af81-cbabc78d67cd ] Request (SecurityGroupsNegativeTestJSON:test_delete_nonexistent_security_group): 404 DELETE http://10.180.1.21/compute/v2.1/os-security-groups/a03f4dcc-d6b7-47df-8187-ad0caacb6562 0.855s
2025-11-14 02:27:27.690 67161 INFO tempest.lib.common.rest_client [req-4ea0644b-ef38-4441-a181-ab65c8f409ee req-4ea0644b-ef38-4441-a181-ab65c8f409ee ] Request (ServerGroupTestJSON:tearDownClass): 404 DELETE http://10.180.1.21/compute/v2.1/os-server-groups/5d54c5a9-4eda-4ea5-830f-4aa2a731b8f3 0.735s
2025-11-14 02:27:27.815 67127 INFO tempest.lib.common.rest_client [req-f23a6ca9-fd09-4275-91f3-f4fba07a1336 req-f23a6ca9-fd09-4275-91f3-f4fba07a1336 ] Request (ServicesAdminNegativeV253TestJSON:test_list_services_with_non_admin_user): 403 GET http://10.180.1.21/compute/v2.1/os-services 0.829s
2025-11-14 02:27:27.841 67141 INFO tempest.lib.common.rest_client [req-a8e821c1-d016-4523-ae7c-159b7f72bf1f req-a8e821c1-d016-4523-ae7c-159b7f72bf1f ] Request (QuotasTestJSON:tearDownClass): 200 GET http://10.180.1.21/networking/v2.0/security-groups?tenant_id=c158b54fa2604980a75c84d8ccd45198&name=default 0.627s
2025-11-14 02:27:27.846 67135 INFO tempest.lib.common.rest_client [req-d1c93585-729e-47b7-beaa-65c03752a703 req-d1c93585-729e-47b7-beaa-65c03752a703 ] Request (FlavorsV261TestJSON:test_crud_flavor): 200 PUT http://10.180.1.21/compute/v2.1/flavors/1681009277 0.778s
2025-11-14 02:27:27.915 67127 INFO tempest.lib.common.rest_client [req-78ed62c4-87d4-4c98-b43a-6941546a8a1e req-78ed62c4-87d4-4c98-b43a-6941546a8a1e ] Request (ServicesAdminNegativeV253TestJSON:tearDownClass): 204 DELETE http://10.180.1.21/identity/v3/users/dfdfdb334d4a435b97d5423c8cca2666 0.098s
2025-11-14 02:27:27.998 67139 INFO tempest.lib.common.rest_client [req-434a75ba-d847-412f-8e49-f81e2bd609ae req-434a75ba-d847-412f-8e49-f81e2bd609ae ] Request (ServerDiskConfigTestJSON:tearDownClass): 204 DELETE http://10.180.1.21/networking/v2.0/subnets/e47836ca-9d19-4b35-b8ce-3248a8763be5 0.642s
2025-11-14 02:27:28.032 67127 INFO tempest.lib.common.rest_client [req-954e5b39-9455-429a-aff1-52ef968ab765 req-954e5b39-9455-429a-aff1-52ef968ab765 ] Request (ServicesAdminNegativeV253TestJSON:tearDownClass): 204 DELETE http://10.180.1.21/identity/v3/users/90177f5c677d478bbf0309f6d6539f18 0.117s
2025-11-14 02:27:28.033 67127 INFO tempest.lib.common.dynamic_creds [-] Deleting project and security group for project: 5e33e8e64d01463d85e5fc9c669b1437
2025-11-14 02:27:28.091 67171 INFO tempest.lib.common.rest_client [req-fd206fd3-8c59-4cf4-be37-f4c45d313efb req-fd206fd3-8c59-4cf4-be37-f4c45d313efb ] Request (ServerMetadataTestJSON:tearDownClass): 200 PUT http://10.180.1.21/networking/v2.0/routers/704d3665-6e3e-4059-8da2-26c0f2fd9952/remove_router_interface 1.127s
2025-11-14 02:27:28.099 67127 INFO tempest.lib.common.rest_client [req-e8d44b64-7ef9-44de-9009-1676cd2ef662 req-e8d44b64-7ef9-44de-9009-1676cd2ef662 ] Request (ServicesAdminNegativeV253TestJSON:tearDownClass): 201 POST http://10.180.1.21/identity/v3/auth/tokens 0.066s
2025-11-14 02:27:28.189 67151 INFO tempest.lib.common.rest_client [req-f62bc857-d442-4f2a-8089-9d51e93115c5 req-f62bc857-d442-4f2a-8089-9d51e93115c5 ] Request (SecurityGroupRulesTestJSON:test_security_group_rules_create): 200 POST http://10.180.1.21/compute/v2.1/os-security-group-rules 1.349s
2025-11-14 02:27:28.192 67121 INFO tempest.lib.common.rest_client [req-ca0a06dc-e7aa-41c4-8916-11631f751732 req-ca0a06dc-e7aa-41c4-8916-11631f751732 ] Request (SecurityGroupsNegativeTestJSON:test_delete_security_group_without_passing_id): 404 DELETE http://10.180.1.21/compute/v2.1/os-security-groups/ 0.514s
2025-11-14 02:27:28.222 67161 INFO tempest.lib.common.rest_client [req-803269ab-8149-4952-94b6-4b5817d71f39 req-803269ab-8149-4952-94b6-4b5817d71f39 ] Request (ServerGroupTestJSON:tearDownClass): 204 DELETE http://10.180.1.21/compute/v2.1/os-server-groups/ab16cee4-5f33-4899-a2e6-dcd507032ba4 0.532s
2025-11-14 02:27:28.250 67135 INFO tempest.lib.common.rest_client [req-457a69dc-5e0c-4e68-aecb-8629cc68fcd7 req-457a69dc-5e0c-4e68-aecb-8629cc68fcd7 ] Request (FlavorsV261TestJSON:test_crud_flavor): 200 GET http://10.180.1.21/compute/v2.1/flavors/detail 0.401s
2025-11-14 02:27:28.265 67141 INFO tempest.lib.common.rest_client [req-24ded820-af17-4487-a19d-0a0ceddc707a req-24ded820-af17-4487-a19d-0a0ceddc707a ] Request (QuotasTestJSON:tearDownClass): 204 DELETE http://10.180.1.21/networking/v2.0/security-groups/16f2019e-5e62-4805-86c5-8732fda07eeb 0.424s
2025-11-14 02:27:28.292 67159 INFO tempest.lib.common.rest_client [req-e5f45cf5-3482-4bf7-952a-919abcdb8251 req-e5f45cf5-3482-4bf7-952a-919abcdb8251 ] Request (DeleteServersTestJSON:test_delete_server_while_in_verify_resize_state): 200 GET http://10.180.1.21/compute/v2.1/servers/7ebda025-fc9d-48bb-bc47-63ed1cc53ff9 1.141s
2025-11-14 02:27:28.340 67141 INFO tempest.lib.common.rest_client [req-58a6128f-d148-4c25-9469-3634f52ef567 req-58a6128f-d148-4c25-9469-3634f52ef567 ] Request (QuotasTestJSON:tearDownClass): 204 DELETE http://10.180.1.21/identity/v3/projects/c158b54fa2604980a75c84d8ccd45198 0.074s
2025-11-14 02:27:28.387 67167 INFO tempest.lib.common.rest_client [req-fc6f3cfe-9616-429b-8121-a70771dd27f0 req-fc6f3cfe-9616-429b-8121-a70771dd27f0 ] Request (InstanceActionsTestJSON:tearDownClass): 204 DELETE http://10.180.1.21/networking/v2.0/routers/7c284d99-98b2-46e7-8fff-edeadd3cc183 0.740s
2025-11-14 02:27:28.520 67139 INFO tempest.lib.common.rest_client [req-59abf48f-afb9-4b6b-999b-acd7ce3290d2 req-59abf48f-afb9-4b6b-999b-acd7ce3290d2 ] Request (ServerDiskConfigTestJSON:tearDownClass): 204 DELETE http://10.180.1.21/networking/v2.0/networks/8edf12b3-35e5-485a-9dde-99acc8570741 0.521s
2025-11-14 02:27:28.616 67139 INFO tempest.lib.common.rest_client [req-34afd9fe-bc9b-4eed-960d-b7b5602fc85c req-34afd9fe-bc9b-4eed-960d-b7b5602fc85c ] Request (ServerDiskConfigTestJSON:tearDownClass): 204 DELETE http://10.180.1.21/identity/v3/users/71a0e6bef928434ab7973a3914fe3ca3 0.095s
2025-11-14 02:27:28.616 67139 INFO tempest.lib.common.dynamic_creds [-] Deleting project and security group for project: f60d6bf816004603bbdd5fb72f0ca8a6
2025-11-14 02:27:28.673 67127 INFO tempest.lib.common.rest_client [req-dfc185d6-dae7-4591-ae32-18d4e905de9a req-dfc185d6-dae7-4591-ae32-18d4e905de9a ] Request (ServicesAdminNegativeV253TestJSON:tearDownClass): 200 GET http://10.180.1.21/networking/v2.0/security-groups?tenant_id=5e33e8e64d01463d85e5fc9c669b1437&name=default 0.574s
2025-11-14 02:27:28.756 67171 INFO tempest.lib.common.rest_client [req-cb2954c5-6c22-4406-a84c-b116f4f94274 req-cb2954c5-6c22-4406-a84c-b116f4f94274 ] Request (ServerMetadataTestJSON:tearDownClass): 204 DELETE http://10.180.1.21/networking/v2.0/routers/704d3665-6e3e-4059-8da2-26c0f2fd9952 0.664s
2025-11-14 02:27:28.780 67155 INFO tempest.lib.common.rest_client [req-80c82d21-776b-4506-b719-1f0c611095ea req-80c82d21-776b-4506-b719-1f0c611095ea ] Request (ServersTestJSON:test_create_with_existing_server_name): 200 GET http://10.180.1.21/compute/v2.1/servers/213c6430-ab10-456d-947f-1ae450cc3928 0.912s
2025-11-14 02:27:28.787 67155 INFO tempest.common.waiters [-] State transition "BUILD/scheduling" ==> "ERROR/None" after 2 second wait
2025-11-14 02:27:28.800 67133 INFO tempest.lib.common.rest_client [req-7a0c6846-a720-4bb2-8032-d7652cd8c723 req-7a0c6846-a720-4bb2-8032-d7652cd8c723 ] Request (SecurityGroupsTestJSON:test_server_security_groups): 200 GET http://10.180.1.21/compute/v2.1/servers/6b9a96ed-ee6c-4506-8e41-a6719533c3d4 0.870s
2025-11-14 02:27:28.895 67167 INFO tempest.lib.common.rest_client [req-2ff2f051-e51e-4620-bad9-bdc01ccf4829 req-2ff2f051-e51e-4620-bad9-bdc01ccf4829 ] Request (InstanceActionsTestJSON:tearDownClass): 204 DELETE http://10.180.1.21/networking/v2.0/subnets/3b7cef91-13c7-4d86-b73c-5d53f5f224c3 0.508s
2025-11-14 02:27:28.921 67139 INFO tempest.lib.common.rest_client [req-f18a5584-f301-4e30-b3b4-aff7a8243d03 req-f18a5584-f301-4e30-b3b4-aff7a8243d03 ] Request (ServerDiskConfigTestJSON:tearDownClass): 200 GET http://10.180.1.21/networking/v2.0/security-groups?tenant_id=f60d6bf816004603bbdd5fb72f0ca8a6&name=default 0.304s
2025-11-14 02:27:29.024 67127 INFO tempest.lib.common.rest_client [req-8113245c-74e7-4307-94d9-c58bcdb1f214 req-8113245c-74e7-4307-94d9-c58bcdb1f214 ] Request (ServicesAdminNegativeV253TestJSON:tearDownClass): 204 DELETE http://10.180.1.21/networking/v2.0/security-groups/89e877c7-9b50-455e-9ad8-0fe03673a39b 0.350s
2025-11-14 02:27:29.113 67171 INFO tempest.lib.common.rest_client [req-6e5e596c-4963-4ff7-9744-d3f3d6da3a32 req-6e5e596c-4963-4ff7-9744-d3f3d6da3a32 ] Request (ServerMetadataTestJSON:tearDownClass): 204 DELETE http://10.180.1.21/networking/v2.0/subnets/7cd47e6f-820b-4db9-84b0-9447313b6fa9 0.357s
2025-11-14 02:27:29.126 67127 INFO tempest.lib.common.rest_client [req-f7b54e4e-0155-4bd1-b4b5-01fa6e501ccf req-f7b54e4e-0155-4bd1-b4b5-01fa6e501ccf ] Request (ServicesAdminNegativeV253TestJSON:tearDownClass): 204 DELETE http://10.180.1.21/identity/v3/projects/5e33e8e64d01463d85e5fc9c669b1437 0.102s
2025-11-14 02:27:29.127 67127 INFO tempest.lib.common.dynamic_creds [-] Deleting project and security group for project: d6b751de2947463084d88dcf42fdaa5b
2025-11-14 02:27:29.208 67151 INFO tempest.lib.common.rest_client [req-ec17493f-5c2c-479c-b1e3-a5f17ba33532 req-ec17493f-5c2c-479c-b1e3-a5f17ba33532 ] Request (SecurityGroupRulesTestJSON:test_security_group_rules_create_with_optional_cidr): 200 POST http://10.180.1.21/compute/v2.1/os-security-groups 1.014s
2025-11-14 02:27:29.233 67135 INFO tempest.lib.common.rest_client [req-7fbd2435-7ba6-4bac-8ef9-80c593269229 req-7fbd2435-7ba6-4bac-8ef9-80c593269229 ] Request (FlavorsV261TestJSON:test_crud_flavor): 200 GET http://10.180.1.21/compute/v2.1/flavors 0.974s
2025-11-14 02:27:29.347 67167 INFO tempest.lib.common.rest_client [req-e5ef72ab-572c-480a-a711-87e295ee9b77 req-e5ef72ab-572c-480a-a711-87e295ee9b77 ] Request (InstanceActionsTestJSON:tearDownClass): 204 DELETE http://10.180.1.21/networking/v2.0/networks/645a8c6d-ac6a-4043-ad6a-cfa5b51d94d4 0.452s
2025-11-14 02:27:29.385 67161 INFO tempest.lib.common.rest_client [req-ba454ddf-7ec9-4e53-b355-2f6eca451a26 req-ba454ddf-7ec9-4e53-b355-2f6eca451a26 ] Request (ServerGroupTestJSON:tearDownClass): 200 PUT http://10.180.1.21/networking/v2.0/routers/215e3413-4ba4-4a8d-92c4-e64607e640d1/remove_router_interface 1.162s
2025-11-14 02:27:29.439 67139 INFO tempest.lib.common.rest_client [req-0df31345-db66-4c00-aa46-f4f3a976ab8f req-0df31345-db66-4c00-aa46-f4f3a976ab8f ] Request (ServerDiskConfigTestJSON:tearDownClass): 204 DELETE http://10.180.1.21/networking/v2.0/security-groups/98f1e372-31e8-4a54-a0f5-fb93a6a12d91 0.518s
2025-11-14 02:27:29.513 67167 INFO tempest.lib.common.rest_client [req-92fc9b18-af39-46b9-a5fb-58ef5a6b75e1 req-92fc9b18-af39-46b9-a5fb-58ef5a6b75e1 ] Request (InstanceActionsTestJSON:tearDownClass): 204 DELETE http://10.180.1.21/identity/v3/users/50922003503345e4bd35786375979660 0.165s
2025-11-14 02:27:29.513 67167 INFO tempest.lib.common.dynamic_creds [-] Deleting project and security group for project: 2bdda0b42de246b9a7bce5979109cff4
2025-11-14 02:27:29.545 67171 INFO tempest.lib.common.rest_client [req-8ccd68e9-76f9-4afa-82fa-b755b093b968 req-8ccd68e9-76f9-4afa-82fa-b755b093b968 ] Request (ServerMetadataTestJSON:tearDownClass): 204 DELETE http://10.180.1.21/networking/v2.0/networks/e6cac66b-7372-4164-aeaa-f5b0142cca12 0.431s
2025-11-14 02:27:29.570 67139 INFO tempest.lib.common.rest_client [req-22ecc235-fb1c-43a1-b0dd-3d1869d21e39 req-22ecc235-fb1c-43a1-b0dd-3d1869d21e39 ] Request (ServerDiskConfigTestJSON:tearDownClass): 204 DELETE http://10.180.1.21/identity/v3/projects/f60d6bf816004603bbdd5fb72f0ca8a6 0.131s
2025-11-14 02:27:29.574 67127 INFO tempest.lib.common.rest_client [req-12189085-483a-493d-a539-09910c81099c req-12189085-483a-493d-a539-09910c81099c ] Request (ServicesAdminNegativeV253TestJSON:tearDownClass): 200 GET http://10.180.1.21/networking/v2.0/security-groups?tenant_id=d6b751de2947463084d88dcf42fdaa5b&name=default 0.447s
2025-11-14 02:27:29.617 67167 INFO tempest.lib.common.rest_client [req-04bf4e2d-3ce8-405c-82b0-23fd496b33b0 req-04bf4e2d-3ce8-405c-82b0-23fd496b33b0 ] Request (InstanceActionsTestJSON:tearDownClass): 200 GET http://10.180.1.21/networking/v2.0/security-groups?tenant_id=2bdda0b42de246b9a7bce5979109cff4&name=default 0.104s
2025-11-14 02:27:29.652 67121 INFO tempest.lib.common.rest_client [req-855b2a26-f674-4919-b61e-93fd27d5e6ca req-855b2a26-f674-4919-b61e-93fd27d5e6ca ] Request (SecurityGroupsNegativeTestJSON:test_delete_the_default_security_group): 200 GET http://10.180.1.21/compute/v2.1/os-security-groups 1.458s
2025-11-14 02:27:29.744 67171 INFO tempest.lib.common.rest_client [req-e7e54a41-4755-46e4-8e5c-6e91d9510737 req-e7e54a41-4755-46e4-8e5c-6e91d9510737 ] Request (ServerMetadataTestJSON:tearDownClass): 204 DELETE http://10.180.1.21/identity/v3/users/a0e6972f2863456c9abf20e371c1a212 0.199s
2025-11-14 02:27:29.745 67171 INFO tempest.lib.common.dynamic_creds [-] Deleting project and security group for project: fc5ad168d98a45a4b8e2f325c9197e7b
2025-11-14 02:27:29.754 67127 INFO tempest.lib.common.rest_client [req-0eba3d4c-cccf-4023-aee6-c52fadd2984e req-0eba3d4c-cccf-4023-aee6-c52fadd2984e ] Request (ServicesAdminNegativeV253TestJSON:tearDownClass): 204 DELETE http://10.180.1.21/networking/v2.0/security-groups/61e031b5-cf81-455e-bfd7-a8109ce6e883 0.179s
2025-11-14 02:27:29.792 67159 INFO tempest.lib.common.rest_client [req-bc2f732e-45b9-4aaa-9ddd-e4e04e13bf44 req-bc2f732e-45b9-4aaa-9ddd-e4e04e13bf44 ] Request (DeleteServersTestJSON:test_delete_server_while_in_verify_resize_state): 204 DELETE http://10.180.1.21/compute/v2.1/servers/7ebda025-fc9d-48bb-bc47-63ed1cc53ff9 1.492s
2025-11-14 02:27:29.838 67167 INFO tempest.lib.common.rest_client [req-22ae4358-aefd-4b2b-a094-faeed5f41793 req-22ae4358-aefd-4b2b-a094-faeed5f41793 ] Request (InstanceActionsTestJSON:tearDownClass): 204 DELETE http://10.180.1.21/networking/v2.0/security-groups/594ac8d6-8dd3-4560-ba17-0e345c300ea7 0.221s
2025-11-14 02:27:29.868 67171 INFO tempest.lib.common.rest_client [req-094ba218-e033-49e6-a869-2d874b356bf1 req-094ba218-e033-49e6-a869-2d874b356bf1 ] Request (ServerMetadataTestJSON:tearDownClass): 200 GET http://10.180.1.21/networking/v2.0/security-groups?tenant_id=fc5ad168d98a45a4b8e2f325c9197e7b&name=default 0.123s
2025-11-14 02:27:29.869 67127 INFO tempest.lib.common.rest_client [req-4208bd39-c3c8-434b-8039-ef9edfd117ca req-4208bd39-c3c8-434b-8039-ef9edfd117ca ] Request (ServicesAdminNegativeV253TestJSON:tearDownClass): 204 DELETE http://10.180.1.21/identity/v3/projects/d6b751de2947463084d88dcf42fdaa5b 0.114s
2025-11-14 02:27:29.965 67127 INFO tempest.lib.common.rest_client [req-9fcd526b-94ee-4ebb-98af-d99413c2bf82 req-9fcd526b-94ee-4ebb-98af-d99413c2bf82 ] Request (ServerAddressesNegativeTestJSON:setUpClass): 201 POST http://10.180.1.21/identity/v3/auth/tokens 0.094s
2025-11-14 02:27:30.029 67167 INFO tempest.lib.common.rest_client [req-29b70ac3-129f-4eb4-8a67-4497d45f3f15 req-29b70ac3-129f-4eb4-8a67-4497d45f3f15 ] Request (InstanceActionsTestJSON:tearDownClass): 204 DELETE http://10.180.1.21/identity/v3/projects/2bdda0b42de246b9a7bce5979109cff4 0.187s
2025-11-14 02:27:30.045 67127 INFO tempest.lib.common.rest_client [req-0f73c638-8d39-4dda-9e7b-13cb83b87243 req-0f73c638-8d39-4dda-9e7b-13cb83b87243 ] Request (ServerAddressesNegativeTestJSON:setUpClass): 201 POST http://10.180.1.21/identity/v3/auth/tokens 0.078s
2025-11-14 02:27:30.062 67171 INFO tempest.lib.common.rest_client [req-19e5b342-2c63-4268-976b-2fb9b548ec7d req-19e5b342-2c63-4268-976b-2fb9b548ec7d ] Request (ServerMetadataTestJSON:tearDownClass): 204 DELETE http://10.180.1.21/networking/v2.0/security-groups/4dcc3cad-f23d-4445-a5f6-cb9ba6b1afdb 0.194s
2025-11-14 02:27:30.066 67155 INFO tempest.lib.common.rest_client [req-c42ab1e1-4a8d-41dc-aef1-a929fa8715a5 req-c42ab1e1-4a8d-41dc-aef1-a929fa8715a5 ] Request (ServersTestJSON:test_create_with_existing_server_name): 204 DELETE http://10.180.1.21/compute/v2.1/servers/213c6430-ab10-456d-947f-1ae450cc3928 1.278s
2025-11-14 02:27:30.069 67133 INFO tempest.lib.common.rest_client [req-6c643e0e-ea40-4c76-978e-ea058dea8a94 req-6c643e0e-ea40-4c76-978e-ea058dea8a94 ] Request (SecurityGroupsTestJSON:test_server_security_groups): 204 DELETE http://10.180.1.21/compute/v2.1/servers/6b9a96ed-ee6c-4506-8e41-a6719533c3d4 1.258s
2025-11-14 02:27:30.081 67127 INFO tempest.lib.common.rest_client [req-fe9c51ff-94bf-4475-aaf4-9314ab3b3e7a req-fe9c51ff-94bf-4475-aaf4-9314ab3b3e7a ] Request (ServerAddressesNegativeTestJSON:setUpClass): 200 GET http://10.180.1.21/identity/v3/domains?name=Default 0.035s
2025-11-14 02:27:30.088 67135 INFO tempest.lib.common.rest_client [req-d31a2030-d564-43ba-a9c4-d99ed2c2ea62 req-d31a2030-d564-43ba-a9c4-d99ed2c2ea62 ] Request (FlavorsV261TestJSON:_run_cleanups): 202 DELETE http://10.180.1.21/compute/v2.1/flavors/1681009277 0.851s
2025-11-14 02:27:30.113 67161 INFO tempest.lib.common.rest_client [req-1b446898-8d8e-4107-a6d2-e4cdc141be11 req-1b446898-8d8e-4107-a6d2-e4cdc141be11 ] Request (ServerGroupTestJSON:tearDownClass): 204 DELETE http://10.180.1.21/networking/v2.0/routers/215e3413-4ba4-4a8d-92c4-e64607e640d1 0.726s
2025-11-14 02:27:30.115 67127 INFO tempest.lib.common.rest_client [req-02463b0b-9cf7-4349-9b6c-d27b4abeb1b0 req-02463b0b-9cf7-4349-9b6c-d27b4abeb1b0 ] Request (ServerAddressesNegativeTestJSON:setUpClass): 201 POST http://10.180.1.21/identity/v3/projects 0.034s
2025-11-14 02:27:30.134 67171 INFO tempest.lib.common.rest_client [req-3b6ac78d-4081-4506-840e-9bfe9d4656fa req-3b6ac78d-4081-4506-840e-9bfe9d4656fa ] Request (ServerMetadataTestJSON:tearDownClass): 204 DELETE http://10.180.1.21/identity/v3/projects/fc5ad168d98a45a4b8e2f325c9197e7b 0.072s
2025-11-14 02:27:30.187 67127 INFO tempest.lib.common.rest_client [req-36445708-2d3f-4606-80b9-cde5abc24b86 req-36445708-2d3f-4606-80b9-cde5abc24b86 ] Request (ServerAddressesNegativeTestJSON:setUpClass): 201 POST http://10.180.1.21/identity/v3/users 0.070s
2025-11-14 02:27:30.212 67151 INFO tempest.lib.common.rest_client [req-31b40189-c9a4-4226-a7db-a9a0ac695a27 req-31b40189-c9a4-4226-a7db-a9a0ac695a27 ] Request (SecurityGroupRulesTestJSON:test_security_group_rules_create_with_optional_cidr): 200 POST http://10.180.1.21/compute/v2.1/os-security-group-rules 0.997s
2025-11-14 02:27:30.241 67159 INFO tempest.lib.common.rest_client [req-8dfeff68-8e56-43a2-9e06-21a5bd7851e1 req-8dfeff68-8e56-43a2-9e06-21a5bd7851e1 ] Request (DeleteServersTestJSON:test_delete_server_while_in_verify_resize_state): 404 GET http://10.180.1.21/compute/v2.1/servers/7ebda025-fc9d-48bb-bc47-63ed1cc53ff9 0.447s
2025-11-14 02:27:30.264 67127 INFO tempest.lib.common.rest_client [req-125d0665-fbcc-4307-b64e-49f9a263dc88 req-125d0665-fbcc-4307-b64e-49f9a263dc88 ] Request (ServerAddressesNegativeTestJSON:setUpClass): 200 GET http://10.180.1.21/identity/v3/roles 0.077s
2025-11-14 02:27:30.265 67121 INFO tempest.lib.common.rest_client [req-445d0d44-b855-4d82-b15e-063a96c4649b req-445d0d44-b855-4d82-b15e-063a96c4649b ] Request (SecurityGroupsNegativeTestJSON:test_delete_the_default_security_group): 400 DELETE http://10.180.1.21/compute/v2.1/os-security-groups/cdc9d5b4-7538-4f35-b969-d27f051496ee 0.609s
2025-11-14 02:27:30.267 67155 INFO tempest.lib.common.rest_client [req-eb178779-7c50-4d40-90be-6a31b1998f12 req-eb178779-7c50-4d40-90be-6a31b1998f12 ] Request (ServersTestJSON:test_create_with_existing_server_name): 404 GET http://10.180.1.21/compute/v2.1/servers/213c6430-ab10-456d-947f-1ae450cc3928 0.200s
2025-11-14 02:27:30.294 67133 INFO tempest.lib.common.rest_client [req-d8cb8439-9b2a-42f7-820d-6bb422a6b66e req-d8cb8439-9b2a-42f7-820d-6bb422a6b66e ] Request (SecurityGroupsTestJSON:test_server_security_groups): 404 GET http://10.180.1.21/compute/v2.1/servers/6b9a96ed-ee6c-4506-8e41-a6719533c3d4 0.225s
2025-11-14 02:27:30.295 67161 INFO tempest.lib.common.rest_client [req-6c1e0bff-ccb4-477d-9c87-0dce78fb5dd1 req-6c1e0bff-ccb4-477d-9c87-0dce78fb5dd1 ] Request (ServerGroupTestJSON:tearDownClass): 204 DELETE http://10.180.1.21/networking/v2.0/subnets/88dfad46-c93e-49aa-9a41-7e74b7ec53ec 0.181s
2025-11-14 02:27:30.305 67135 INFO tempest.lib.common.rest_client [req-8aa959d3-a4fc-4b1e-99db-05a548f77c9f req-8aa959d3-a4fc-4b1e-99db-05a548f77c9f ] Request (FlavorsV261TestJSON:_run_cleanups): 200 GET http://10.180.1.21/compute/v2.1/flavors/detail 0.216s
2025-11-14 02:27:30.312 67127 INFO tempest.lib.common.rest_client [req-b3a4c96a-0c9b-434f-97ac-d2f6397aa909 req-b3a4c96a-0c9b-434f-97ac-d2f6397aa909 ] Request (ServerAddressesNegativeTestJSON:setUpClass): 204 PUT http://10.180.1.21/identity/v3/projects/31762f1e9cd4460287ec1449aeb3d65c/users/eb0afb10d94642d8b548bf63038a9d8f/roles/c3002e7031604a79bce0c9869a023cc3 0.047s
2025-11-14 02:27:30.312 67127 INFO tempest.lib.common.dynamic_creds [-] Dynamic test user eb0afb10d94642d8b548bf63038a9d8f is created with scope project and roles: ['member']
2025-11-14 02:27:30.312 67127 INFO tempest.lib.common.dynamic_creds [-] Acquired dynamic creds: credentials: Credentials: {'domain_id': 'default', 'domain_name': 'Default', 'username': 'tempest-ServerAddressesNegativeTestJSON-1055668714-project-member', 'project_domain_id': 'default', 'project_domain_name': 'Default', 'project_id': '31762f1e9cd4460287ec1449aeb3d65c', 'project_name': 'tempest-ServerAddressesNegativeTestJSON-1055668714', 'tenant_id': '31762f1e9cd4460287ec1449aeb3d65c', 'tenant_name': 'tempest-ServerAddressesNegativeTestJSON-1055668714', 'user_domain_id': 'default', 'user_domain_name': 'Default', 'user_id': 'eb0afb10d94642d8b548bf63038a9d8f', 'system': None}, Network: None, Subnet: None, Router: None
2025-11-14 02:27:30.327 67159 INFO tempest.lib.common.rest_client [req-d66d20c2-a14b-43ad-a464-40169ed3790c req-d66d20c2-a14b-43ad-a464-40169ed3790c ] Request (DeleteServersTestJSON:tearDownClass): 404 DELETE http://10.180.1.21/compute/v2.1/servers/07425f88-ce22-4ca5-acc8-34b053129a95 0.084s
2025-11-14 02:27:30.340 67155 INFO tempest.lib.common.rest_client [req-7c073215-166b-4904-b3d2-21bad0e8a931 req-7c073215-166b-4904-b3d2-21bad0e8a931 ] Request (ServersTestJSON:test_update_access_server_address): 201 POST http://10.180.1.21/identity/v3/auth/tokens 0.066s
2025-11-14 02:27:30.340 67155 INFO tempest.lib.common.fixed_network [-] (ServersTestJSON:test_update_access_server_address) Found network {'id': '3245aae9-9ec5-4b7c-a348-f2648322884d', 'name': 'tempest-ServersTestJSON-1975228061-network', 'tenant_id': '2e1b8b03c1b042bd95670876a540057f', 'project_id': '2e1b8b03c1b042bd95670876a540057f', 'admin_state_up': True, 'mtu': 8950, 'status': 'ACTIVE', 'subnets': [], 'shared': False, 'port_security_enabled': True, 'router:external': False, 'provider:network_type': 'vlan', 'provider:physical_network': 'default', 'provider:segmentation_id': 363, 'availability_zone_hints': [], 'availability_zones': [], 'ipv4_address_scope': None, 'ipv6_address_scope': None, 'description': '', 'tags': [], 'created_at': '2025-11-14T02:26:26Z', 'updated_at': '2025-11-14T02:26:26Z', 'revision_number': 1} available for tenant
2025-11-14 02:27:30.367 67127 INFO tempest.lib.common.rest_client [req-e9f35cd1-f147-4ac8-8f33-e054ca0754be req-e9f35cd1-f147-4ac8-8f33-e054ca0754be ] Request (ServerAddressesNegativeTestJSON:setUpClass): 201 POST http://10.180.1.21/identity/v3/auth/tokens 0.054s
2025-11-14 02:27:30.406 67151 INFO tempest.lib.common.rest_client [req-62e8e712-a65a-4540-88d3-5c3600990b25 req-62e8e712-a65a-4540-88d3-5c3600990b25 ] Request (SecurityGroupRulesTestJSON:test_security_group_rules_create_with_optional_group_id): 200 POST http://10.180.1.21/compute/v2.1/os-security-groups 0.187s
2025-11-14 02:27:30.415 67135 INFO tempest.lib.common.rest_client [req-bfc40a70-e62e-4182-9e9f-e7f548f4c534 req-bfc40a70-e62e-4182-9e9f-e7f548f4c534 ] Request (FlavorsV261TestJSON:tearDownClass): 204 DELETE http://10.180.1.21/identity/v3/users/f14b31108ce14ac984ce896d94b8d516 0.101s
2025-11-14 02:27:30.416 67121 INFO tempest.lib.common.rest_client [req-06242e9c-b89c-44dd-ba0d-3673f10e3e2c req-06242e9c-b89c-44dd-ba0d-3673f10e3e2c ] Request (SecurityGroupsNegativeTestJSON:test_security_group_get_nonexistent_group): 404 GET http://10.180.1.21/compute/v2.1/os-security-groups/595fb413-8e14-4e79-ab02-291272bb4ec9 0.149s
2025-11-14 02:27:30.437 67159 INFO tempest.lib.common.rest_client [req-50d4092c-ceb5-4b65-8a20-e3b9308a7fa4 req-50d4092c-ceb5-4b65-8a20-e3b9308a7fa4 ] Request (DeleteServersTestJSON:tearDownClass): 404 GET http://10.180.1.21/compute/v2.1/servers/07425f88-ce22-4ca5-acc8-34b053129a95 0.109s
2025-11-14 02:27:30.516 67135 INFO tempest.lib.common.rest_client [req-8500d8d5-9c17-425f-a27e-00512a28a1d5 req-8500d8d5-9c17-425f-a27e-00512a28a1d5 ] Request (FlavorsV261TestJSON:tearDownClass): 204 DELETE http://10.180.1.21/identity/v3/users/0e7f88ebd3074dd797ab356765d5b0c1 0.100s
2025-11-14 02:27:30.516 67135 INFO tempest.lib.common.dynamic_creds [-] Deleting project and security group for project: bf9e3b4575a84fec86b8d9d6bdb749ba
2025-11-14 02:27:30.558 67161 INFO tempest.lib.common.rest_client [req-df529b2d-cd18-425e-a99f-9cab1bbd26d2 req-df529b2d-cd18-425e-a99f-9cab1bbd26d2 ] Request (ServerGroupTestJSON:tearDownClass): 204 DELETE http://10.180.1.21/networking/v2.0/networks/dbc65ee1-a6ef-4cf0-8e5a-7e4905529c9e 0.262s
2025-11-14 02:27:30.567 67135 INFO tempest.lib.common.rest_client [req-da6b923c-6f1c-48d7-a9ca-da8b4ccd78de req-da6b923c-6f1c-48d7-a9ca-da8b4ccd78de ] Request (FlavorsV261TestJSON:tearDownClass): 201 POST http://10.180.1.21/identity/v3/auth/tokens 0.050s
2025-11-14 02:27:30.657 67161 INFO tempest.lib.common.rest_client [req-7a5baa01-1aea-4190-ada4-87ef6ca8c521 req-7a5baa01-1aea-4190-ada4-87ef6ca8c521 ] Request (ServerGroupTestJSON:tearDownClass): 204 DELETE http://10.180.1.21/identity/v3/users/bfbd463e5add42be87571ee76b8bbf84 0.098s
2025-11-14 02:27:30.657 67161 INFO tempest.lib.common.dynamic_creds [-] Deleting project and security group for project: d8d786d5b0a94aff81174bfb713e0a26
2025-11-14 02:27:30.659 67133 INFO tempest.lib.common.rest_client [req-e6dd6628-1df7-4e8b-aa60-5e1ed1acc246 req-e6dd6628-1df7-4e8b-aa60-5e1ed1acc246 ] Request (SecurityGroupsTestJSON:test_update_security_groups): 200 POST http://10.180.1.21/compute/v2.1/os-security-groups 0.363s
2025-11-14 02:27:30.673 67127 INFO tempest.lib.common.rest_client [req-cd2d367f-8be3-442d-8ffc-2cdbd843b0d4 req-cd2d367f-8be3-442d-8ffc-2cdbd843b0d4 ] Request (ServerAddressesNegativeTestJSON:setUpClass): 201 POST http://10.180.1.21/networking/v2.0/networks 0.306s
2025-11-14 02:27:30.900 67135 INFO tempest.lib.common.rest_client [req-acbb3bfd-a563-4986-b946-710765c6324a req-acbb3bfd-a563-4986-b946-710765c6324a ] Request (FlavorsV261TestJSON:tearDownClass): 200 GET http://10.180.1.21/networking/v2.0/security-groups?tenant_id=bf9e3b4575a84fec86b8d9d6bdb749ba&name=default 0.333s
2025-11-14 02:27:30.924 67161 INFO tempest.lib.common.rest_client [req-ce0e0a67-8e93-4425-b355-68d807f32551 req-ce0e0a67-8e93-4425-b355-68d807f32551 ] Request (ServerGroupTestJSON:tearDownClass): 200 GET http://10.180.1.21/networking/v2.0/security-groups?tenant_id=d8d786d5b0a94aff81174bfb713e0a26&name=default 0.266s
2025-11-14 02:27:31.022 67151 INFO tempest.lib.common.rest_client [req-9dd0b00d-eaa6-49f2-a693-7f9fa02c08da req-9dd0b00d-eaa6-49f2-a693-7f9fa02c08da ] Request (SecurityGroupRulesTestJSON:test_security_group_rules_create_with_optional_group_id): 200 POST http://10.180.1.21/compute/v2.1/os-security-groups 0.613s
2025-11-14 02:27:31.167 67127 INFO tempest.lib.common.rest_client [req-77a5de9c-9b76-42a4-a139-260cc90a2111 req-77a5de9c-9b76-42a4-a139-260cc90a2111 ] Request (ServerAddressesNegativeTestJSON:setUpClass): 201 POST http://10.180.1.21/networking/v2.0/subnets 0.493s
2025-11-14 02:27:31.241 67135 INFO tempest.lib.common.rest_client [req-1b2c0f7e-7eeb-494a-8305-9f6f914c5906 req-1b2c0f7e-7eeb-494a-8305-9f6f914c5906 ] Request (FlavorsV261TestJSON:tearDownClass): 204 DELETE http://10.180.1.21/networking/v2.0/security-groups/7f3dee83-4b71-4802-9e8e-26fe838b0c69 0.340s
2025-11-14 02:27:31.301 67135 INFO tempest.lib.common.rest_client [req-7f485f2e-8a0a-4dd0-9e24-8dcc2c905c4f req-7f485f2e-8a0a-4dd0-9e24-8dcc2c905c4f ] Request (FlavorsV261TestJSON:tearDownClass): 204 DELETE http://10.180.1.21/identity/v3/projects/bf9e3b4575a84fec86b8d9d6bdb749ba 0.060s
2025-11-14 02:27:31.301 67135 INFO tempest.lib.common.dynamic_creds [-] Deleting project and security group for project: b0d80e08b37a4906a21460a0c0a78508
2025-11-14 02:27:31.307 67161 INFO tempest.lib.common.rest_client [req-2befb95d-9cfa-451f-9326-6d0227cc6c0d req-2befb95d-9cfa-451f-9326-6d0227cc6c0d ] Request (ServerGroupTestJSON:tearDownClass): 204 DELETE http://10.180.1.21/networking/v2.0/security-groups/9591b198-f731-4c80-aa9a-bd3adbbe405e 0.383s
2025-11-14 02:27:31.317 67121 INFO tempest.lib.common.rest_client [req-ec91c6d4-531b-405d-9b54-33abc2dd8120 req-ec91c6d4-531b-405d-9b54-33abc2dd8120 ] Request (SecurityGroupsNegativeTestJSON:test_update_non_existent_security_group): 404 PUT http://10.180.1.21/compute/v2.1/os-security-groups/d5a85361-65bd-449a-8eca-eda8112ff376 0.899s
2025-11-14 02:27:31.325 67159 INFO tempest.lib.common.rest_client [req-4b392875-83b8-4140-b720-d153ffbe97bb req-4b392875-83b8-4140-b720-d153ffbe97bb ] Request (DeleteServersTestJSON:tearDownClass): 200 PUT http://10.180.1.21/networking/v2.0/routers/9c5df4bb-e914-4435-8838-d28095cc3131/remove_router_interface 0.888s
2025-11-14 02:27:31.402 67161 INFO tempest.lib.common.rest_client [req-3e2ae92e-ec30-45a1-884a-c659d51671d0 req-3e2ae92e-ec30-45a1-884a-c659d51671d0 ] Request (ServerGroupTestJSON:tearDownClass): 204 DELETE http://10.180.1.21/identity/v3/projects/d8d786d5b0a94aff81174bfb713e0a26 0.094s
2025-11-14 02:27:31.403 67161 INFO tempest.test [-] raised in ServerBootFromVolumeStableRescueTest.setUpClass. Invoking tearDownClass.
2025-11-14 02:27:31.486 67135 INFO tempest.lib.common.rest_client [req-dbf1af6f-d92b-4a9b-a264-1ce8f257a0c2 req-dbf1af6f-d92b-4a9b-a264-1ce8f257a0c2 ] Request (FlavorsV261TestJSON:tearDownClass): 200 GET http://10.180.1.21/networking/v2.0/security-groups?tenant_id=b0d80e08b37a4906a21460a0c0a78508&name=default 0.184s
2025-11-14 02:27:31.839 67159 INFO tempest.lib.common.rest_client [req-f686c18f-7771-4345-8e4c-88a342df5fa7 req-f686c18f-7771-4345-8e4c-88a342df5fa7 ] Request (DeleteServersTestJSON:tearDownClass): 204 DELETE http://10.180.1.21/networking/v2.0/routers/9c5df4bb-e914-4435-8838-d28095cc3131 0.513s
2025-11-14 02:27:31.945 67127 INFO tempest.lib.common.rest_client [req-6eb23dfe-acea-4538-97d2-ee312c128d87 req-6eb23dfe-acea-4538-97d2-ee312c128d87 ] Request (ServerAddressesNegativeTestJSON:setUpClass): 201 POST http://10.180.1.21/networking/v2.0/routers 0.777s
2025-11-14 02:27:32.058 67135 INFO tempest.lib.common.rest_client [req-91fda211-75ec-4f6b-90ff-6c737fe4ce0f req-91fda211-75ec-4f6b-90ff-6c737fe4ce0f ] Request (FlavorsV261TestJSON:tearDownClass): 204 DELETE http://10.180.1.21/networking/v2.0/security-groups/d78fb943-015d-4bb7-be18-f724b7b5e021 0.572s
2025-11-14 02:27:32.123 67133 INFO tempest.lib.common.rest_client [req-0af94f23-14d0-46c8-ad2b-662ced3b1fef req-0af94f23-14d0-46c8-ad2b-662ced3b1fef ] Request (SecurityGroupsTestJSON:test_update_security_groups): 200 PUT http://10.180.1.21/compute/v2.1/os-security-groups/62f13315-6f2b-4033-9b45-6cff78f302d4 1.461s
2025-11-14 02:27:32.159 67135 INFO tempest.lib.common.rest_client [req-edcfd6e9-83fa-4af0-a5d0-aed9bda40e15 req-edcfd6e9-83fa-4af0-a5d0-aed9bda40e15 ] Request (FlavorsV261TestJSON:tearDownClass): 204 DELETE http://10.180.1.21/identity/v3/projects/b0d80e08b37a4906a21460a0c0a78508 0.101s
2025-11-14 02:27:32.215 67135 INFO tempest.lib.common.rest_client [req-a7525092-b5e4-4246-9fcf-0f23c8d0b592 req-a7525092-b5e4-4246-9fcf-0f23c8d0b592 ] Request (ImagesOneServerTestJSON:setUpClass): 201 POST http://10.180.1.21/identity/v3/auth/tokens 0.053s
2025-11-14 02:27:32.234 67159 INFO tempest.lib.common.rest_client [req-1400ee67-4ab7-48a6-89a3-1edfcb972d30 req-1400ee67-4ab7-48a6-89a3-1edfcb972d30 ] Request (DeleteServersTestJSON:tearDownClass): 204 DELETE http://10.180.1.21/networking/v2.0/subnets/06a5ef4f-ddee-4cb2-ae3c-9c7e93e30f1c 0.394s
2025-11-14 02:27:32.248 67135 INFO tempest.lib.common.rest_client [req-2d00c6b6-6d0e-4137-8037-6ebbc1bd950f req-2d00c6b6-6d0e-4137-8037-6ebbc1bd950f ] Request (ImagesOneServerTestJSON:setUpClass): 201 POST http://10.180.1.21/identity/v3/auth/tokens 0.030s
2025-11-14 02:27:32.272 67135 INFO tempest.lib.common.rest_client [req-cc73620e-218a-4b79-bf11-32121fdaee22 req-cc73620e-218a-4b79-bf11-32121fdaee22 ] Request (ImagesOneServerTestJSON:setUpClass): 200 GET http://10.180.1.21/identity/v3/domains?name=Default 0.024s
2025-11-14 02:27:32.304 67135 INFO tempest.lib.common.rest_client [req-41815661-ae60-44a8-b46c-2c60bbe18952 req-41815661-ae60-44a8-b46c-2c60bbe18952 ] Request (ImagesOneServerTestJSON:setUpClass): 201 POST http://10.180.1.21/identity/v3/projects 0.031s
2025-11-14 02:27:32.372 67135 INFO tempest.lib.common.rest_client [req-7dfa5c62-c098-4bfd-9f40-ec8ea38a4216 req-7dfa5c62-c098-4bfd-9f40-ec8ea38a4216 ] Request (ImagesOneServerTestJSON:setUpClass): 201 POST http://10.180.1.21/identity/v3/users 0.068s
2025-11-14 02:27:32.402 67135 INFO tempest.lib.common.rest_client [req-5dbb81f4-982c-4740-b19c-32518b355b09 req-5dbb81f4-982c-4740-b19c-32518b355b09 ] Request (ImagesOneServerTestJSON:setUpClass): 200 GET http://10.180.1.21/identity/v3/roles 0.029s
2025-11-14 02:27:32.429 67135 INFO tempest.lib.common.rest_client [req-d8dfc0e6-3280-4e91-83c9-f78d4245f6f3 req-d8dfc0e6-3280-4e91-83c9-f78d4245f6f3 ] Request (ImagesOneServerTestJSON:setUpClass): 204 PUT http://10.180.1.21/identity/v3/projects/967254fed9ce466ba12712d4274afb89/users/794d5a7c87d14d10be85485c951f1546/roles/c3002e7031604a79bce0c9869a023cc3 0.027s
2025-11-14 02:27:32.430 67135 INFO tempest.lib.common.dynamic_creds [-] Dynamic test user 794d5a7c87d14d10be85485c951f1546 is created with scope project and roles: ['member']
2025-11-14 02:27:32.430 67135 INFO tempest.lib.common.dynamic_creds [-] Acquired dynamic creds: credentials: Credentials: {'domain_id': 'default', 'domain_name': 'Default', 'username': 'tempest-ImagesOneServerTestJSON-1689652480-project-member', 'project_domain_id': 'default', 'project_domain_name': 'Default', 'project_id': '967254fed9ce466ba12712d4274afb89', 'project_name': 'tempest-ImagesOneServerTestJSON-1689652480', 'tenant_id': '967254fed9ce466ba12712d4274afb89', 'tenant_name': 'tempest-ImagesOneServerTestJSON-1689652480', 'user_domain_id': 'default', 'user_domain_name': 'Default', 'user_id': '794d5a7c87d14d10be85485c951f1546', 'system': None}, Network: None, Subnet: None, Router: None
2025-11-14 02:27:32.484 67121 INFO tempest.lib.common.rest_client [req-e2815c25-4c4a-4901-8a9e-8c20198acbb5 req-e2815c25-4c4a-4901-8a9e-8c20198acbb5 ] Request (SecurityGroupsNegativeTestJSON:tearDownClass): 200 PUT http://10.180.1.21/networking/v2.0/routers/b669be23-307b-4e88-bacf-4b0940bfdc4a/remove_router_interface 1.156s
2025-11-14 02:27:32.500 67135 INFO tempest.lib.common.rest_client [req-2b2af1a6-04b9-4895-8254-102e12ba3eca req-2b2af1a6-04b9-4895-8254-102e12ba3eca ] Request (ImagesOneServerTestJSON:setUpClass): 201 POST http://10.180.1.21/identity/v3/auth/tokens 0.068s
2025-11-14 02:27:32.605 67155 INFO tempest.lib.common.rest_client [req-e68baa3c-09d1-47f6-b93b-0b5c052febe7 req-e68baa3c-09d1-47f6-b93b-0b5c052febe7 ] Request (ServersTestJSON:test_update_access_server_address): 202 POST http://10.180.1.21/compute/v2.1/servers 2.264s
2025-11-14 02:27:32.782 67159 INFO tempest.lib.common.rest_client [req-48a6b4f9-c1a7-4f8b-9919-5d061aab9af0 req-48a6b4f9-c1a7-4f8b-9919-5d061aab9af0 ] Request (DeleteServersTestJSON:tearDownClass): 204 DELETE http://10.180.1.21/networking/v2.0/networks/618dec8d-9cec-4de4-98de-a1aed2055cac 0.548s
2025-11-14 02:27:32.851 67159 INFO tempest.lib.common.rest_client [req-08241a66-adfe-4df4-a0c9-7827a30e1f86 req-08241a66-adfe-4df4-a0c9-7827a30e1f86 ] Request (DeleteServersTestJSON:tearDownClass): 204 DELETE http://10.180.1.21/identity/v3/users/a2afa49ebaf94909a0736d5ca6b84680 0.069s
2025-11-14 02:27:32.852 67159 INFO tempest.lib.common.dynamic_creds [-] Deleting project and security group for project: 7869a0ff7cfe4f269cc571cfba1c0ce8
2025-11-14 02:27:33.057 67127 INFO tempest.lib.common.rest_client [req-d81e9b7b-dcff-4a5e-b14d-9d055547161c req-d81e9b7b-dcff-4a5e-b14d-9d055547161c ] Request (ServerAddressesNegativeTestJSON:setUpClass): 200 PUT http://10.180.1.21/networking/v2.0/routers/c98f5228-33fd-45c2-83d1-e5b4af8279ec/add_router_interface 1.111s
