2025-11-14 07:10:03.636 65672 INFO tempest.lib.common.rest_client [req-0ff6f2c9-d51a-422a-bdb8-0bf5d150ec89 req-0ff6f2c9-d51a-422a-bdb8-0bf5d150ec89 ] Request (FlavorsAdminTestJSON:setUpClass): 204 PUT http://10.180.1.21/identity/v3/projects/29b99bf9b60b4728805d6ee79ad449f1/users/1e87f473397f457eb755f6844f600243/roles/916f72b8039342d78f5ef4a94cee72fe 0.765s
2025-11-14 07:10:03.636 65672 INFO tempest.lib.common.dynamic_creds [-] Dynamic test user 1e87f473397f457eb755f6844f600243 is created with scope project and roles: ['admin']
2025-11-14 07:10:03.636 65672 INFO tempest.lib.common.dynamic_creds [-] Acquired dynamic creds: credentials: Credentials: {'domain_id': 'default', 'domain_name': 'Default', 'username': 'tempest-FlavorsAdminTestJSON-1311965982-project-admin', 'project_domain_id': 'default', 'project_domain_name': 'Default', 'project_id': '29b99bf9b60b4728805d6ee79ad449f1', 'project_name': 'tempest-FlavorsAdminTestJSON-1311965982', 'tenant_id': '29b99bf9b60b4728805d6ee79ad449f1', 'tenant_name': 'tempest-FlavorsAdminTestJSON-1311965982', 'user_domain_id': 'default', 'user_domain_name': 'Default', 'user_id': '1e87f473397f457eb755f6844f600243', 'system': None}, Network: None, Subnet: None, Router: None
2025-11-14 07:10:03.637 65672 INFO tempest.lib.common.dynamic_creds [-] Created isolated network resources for: credentials: Credentials: {'domain_id': 'default', 'domain_name': 'Default', 'username': 'tempest-FlavorsAdminTestJSON-1311965982-project-admin', 'project_domain_id': 'default', 'project_domain_name': 'Default', 'project_id': '29b99bf9b60b4728805d6ee79ad449f1', 'project_name': 'tempest-FlavorsAdminTestJSON-1311965982', 'tenant_id': '29b99bf9b60b4728805d6ee79ad449f1', 'tenant_name': 'tempest-FlavorsAdminTestJSON-1311965982', 'user_domain_id': 'default', 'user_domain_name': 'Default', 'user_id': '1e87f473397f457eb755f6844f600243', 'system': None}, Network: None, Subnet: None, Router: None
2025-11-14 07:10:03.697 65722 INFO tempest.lib.common.rest_client [req-2c988272-2267-4d08-94f8-d87cef3d8214 req-2c988272-2267-4d08-94f8-d87cef3d8214 ] Request (FlavorsV261TestJSON:setUpClass): 200 GET http://10.180.1.21/identity/v3/roles 0.800s
2025-11-14 07:10:03.712 65684 INFO tempest.lib.common.rest_client [req-7e1d2009-0ab5-4c53-b465-e52adeb30075 req-7e1d2009-0ab5-4c53-b465-e52adeb30075 ] Request (HypervisorAdminUnderV252Test:setUpClass): 200 GET http://10.180.1.21/identity/v3/roles 0.753s
2025-11-14 07:10:03.728 65698 INFO tempest.lib.common.rest_client [req-45e2e193-ff54-40de-ae49-4a6f7590e4aa req-45e2e193-ff54-40de-ae49-4a6f7590e4aa ] Request (AggregatesAdminNegativeTestJSON:setUpClass): 200 GET http://10.180.1.21/identity/v3/roles 0.740s
2025-11-14 07:10:03.746 65702 INFO tempest.lib.common.rest_client [req-b4565655-9c2a-4538-9ca0-c7750ae8d47e req-b4565655-9c2a-4538-9ca0-c7750ae8d47e ] Request (DeleteServersAdminTestJSON:setUpClass): 200 GET http://10.180.1.21/identity/v3/roles 0.687s
2025-11-14 07:10:03.780 65682 INFO tempest.lib.common.rest_client [req-b32e28f7-058a-442b-9032-8daf114f7a8f req-b32e28f7-058a-442b-9032-8daf114f7a8f ] Request (FlavorsAccessNegativeTestJSON:setUpClass): 201 POST http://10.180.1.21/identity/v3/projects 0.714s
2025-11-14 07:10:03.795 65728 INFO tempest.lib.common.rest_client [req-20532d5b-8675-42e3-94a4-f5b1b01f9bb5 req-20532d5b-8675-42e3-94a4-f5b1b01f9bb5 ] Request (FloatingIPsTestJSON:setUpClass): 201 POST http://10.180.1.21/identity/v3/auth/tokens 0.829s
2025-11-14 07:10:03.797 65670 INFO tempest.lib.common.rest_client [req-2d3b34e7-de4b-4864-ac04-363aab90b93f req-2d3b34e7-de4b-4864-ac04-363aab90b93f ] Request (ServerDiagnosticsV248Test:test_get_server_diagnostics): 202 POST http://10.180.1.21/compute/v2.1/servers 1.064s
2025-11-14 07:10:03.840 65720 INFO tempest.lib.common.rest_client [req-5b5019d1-8908-4ef7-a1d5-f0d80a07e804 req-5b5019d1-8908-4ef7-a1d5-f0d80a07e804 ] Request (QuotasAdminTestJSON:setUpClass): 200 GET http://10.180.1.21/identity/v3/roles 0.723s
2025-11-14 07:10:03.850 65692 INFO tempest.lib.common.rest_client [req-2424a00f-6df2-4abc-804b-1935ce32847e req-2424a00f-6df2-4abc-804b-1935ce32847e ] Request (FlavorsV255TestJSON:setUpClass): 200 GET http://10.180.1.21/identity/v3/roles 0.730s
2025-11-14 07:10:03.860 65696 INFO tempest.lib.common.rest_client [req-c7be2251-c8ca-4d4e-bf67-c384a3d9012d req-c7be2251-c8ca-4d4e-bf67-c384a3d9012d ] Request (VolumesAssistedSnapshotsTest:setUpClass): 200 GET http://10.180.1.21/identity/v3/roles 0.685s
2025-11-14 07:10:03.875 65688 INFO tempest.lib.common.rest_client [req-736264a5-8ef9-4c35-928f-27e7c71afc2b req-736264a5-8ef9-4c35-928f-27e7c71afc2b ] Request (FloatingIPDetailsTestJSON:setUpClass): 201 POST http://10.180.1.21/identity/v3/auth/tokens 0.695s
2025-11-14 07:10:03.950 65690 INFO tempest.lib.common.rest_client [req-6d39afdf-e733-46ed-94e6-27729ad1010a req-6d39afdf-e733-46ed-94e6-27729ad1010a ] Request (FlavorsAccessTestJSON:setUpClass): 201 POST http://10.180.1.21/identity/v3/auth/tokens 0.694s
2025-11-14 07:10:03.951 65690 WARNING tempest.lib.common.rest_client [-] Deprecated: "tenant_id" property is deprecated for removal, use "project_id" instead
2025-11-14 07:10:04.010 65712 INFO tempest.lib.common.rest_client [req-097e8381-11d5-4af3-acda-0aa39f9a8967 req-097e8381-11d5-4af3-acda-0aa39f9a8967 ] Request (HypervisorAdminNegativeTestJSON:setUpClass): 201 POST http://10.180.1.21/identity/v3/auth/tokens 0.714s
2025-11-14 07:10:04.020 65716 INFO tempest.lib.common.rest_client [req-095dad95-06d4-4032-bba4-523212fbbdd6 req-095dad95-06d4-4032-bba4-523212fbbdd6 ] Request (FloatingIPsAssociationTestJSON:setUpClass): 201 POST http://10.180.1.21/identity/v3/auth/tokens 0.695s
2025-11-14 07:10:04.025 65680 INFO tempest.lib.common.rest_client [req-8acee511-68cc-454f-bd89-47f227179a97 req-8acee511-68cc-454f-bd89-47f227179a97 ] Request (FlavorsExtraSpecsTestJSON:setUpClass): 204 PUT http://10.180.1.21/identity/v3/projects/bef572403c73408d8922be34e9be0b2c/users/374b0ba4fbea4bbf901de1ec5630ca11/roles/916f72b8039342d78f5ef4a94cee72fe 0.686s
2025-11-14 07:10:04.025 65680 INFO tempest.lib.common.dynamic_creds [-] Dynamic test user 374b0ba4fbea4bbf901de1ec5630ca11 is created with scope project and roles: ['admin']
2025-11-14 07:10:04.025 65680 INFO tempest.lib.common.dynamic_creds [-] Acquired dynamic creds: credentials: Credentials: {'domain_id': 'default', 'domain_name': 'Default', 'username': 'tempest-FlavorsExtraSpecsTestJSON-803136327-project-admin', 'project_domain_id': 'default', 'project_domain_name': 'Default', 'project_id': 'bef572403c73408d8922be34e9be0b2c', 'project_name': 'tempest-FlavorsExtraSpecsTestJSON-803136327', 'tenant_id': 'bef572403c73408d8922be34e9be0b2c', 'tenant_name': 'tempest-FlavorsExtraSpecsTestJSON-803136327', 'user_domain_id': 'default', 'user_domain_name': 'Default', 'user_id': '374b0ba4fbea4bbf901de1ec5630ca11', 'system': None}, Network: None, Subnet: None, Router: None
2025-11-14 07:10:04.025 65680 INFO tempest.lib.common.dynamic_creds [-] Created isolated network resources for: credentials: Credentials: {'domain_id': 'default', 'domain_name': 'Default', 'username': 'tempest-FlavorsExtraSpecsTestJSON-803136327-project-admin', 'project_domain_id': 'default', 'project_domain_name': 'Default', 'project_id': 'bef572403c73408d8922be34e9be0b2c', 'project_name': 'tempest-FlavorsExtraSpecsTestJSON-803136327', 'tenant_id': 'bef572403c73408d8922be34e9be0b2c', 'tenant_name': 'tempest-FlavorsExtraSpecsTestJSON-803136327', 'user_domain_id': 'default', 'user_domain_name': 'Default', 'user_id': '374b0ba4fbea4bbf901de1ec5630ca11', 'system': None}, Network: None, Subnet: None, Router: None
2025-11-14 07:10:04.080 65668 INFO tempest.lib.common.rest_client [req-86af8e17-2740-43a1-837c-148ab0f7c948 req-86af8e17-2740-43a1-837c-148ab0f7c948 ] Request (SecurityGroupRulesNegativeTestJSON:test_create_security_group_rule_duplicate): 200 POST http://10.180.1.21/compute/v2.1/os-security-group-rules 2.182s
2025-11-14 07:10:04.096 65706 INFO tempest.lib.common.rest_client [req-a48902fb-a986-4418-a8ad-eaf8230111e1 req-a48902fb-a986-4418-a8ad-eaf8230111e1 ] Request (SecurityGroupsTestAdminJSON:setUpClass): 201 POST http://10.180.1.21/identity/v3/auth/tokens 0.735s
2025-11-14 07:10:04.096 65710 INFO tempest.lib.common.rest_client [req-1c787763-5cba-429c-ae2d-6e2895e7a0f9 req-1c787763-5cba-429c-ae2d-6e2895e7a0f9 ] Request (HypervisorAdminNegativeUnderV252Test:setUpClass): 201 POST http://10.180.1.21/identity/v3/auth/tokens 0.728s
2025-11-14 07:10:04.147 65714 INFO tempest.lib.common.rest_client [req-bcd359f2-a136-4200-a1bf-032f33fc5a17 req-bcd359f2-a136-4200-a1bf-032f33fc5a17 ] Request (ServersWithSpecificFlavorTestJSON:setUpClass): 200 GET http://10.180.1.21/identity/v3/roles 0.728s
2025-11-14 07:10:04.147 65731 INFO tempest.lib.common.rest_client [req-fba478a0-ed53-4aba-b61e-312fc6c803ef req-fba478a0-ed53-4aba-b61e-312fc6c803ef ] Request (AZAdminV2TestJSON:setUpClass): 204 PUT http://10.180.1.21/identity/v3/projects/037e7d5270a8430b9008a31b792856df/users/b709fb617ae1409dbb4fae7ec76f46c7/roles/916f72b8039342d78f5ef4a94cee72fe 0.715s
2025-11-14 07:10:04.147 65731 INFO tempest.lib.common.dynamic_creds [-] Dynamic test user b709fb617ae1409dbb4fae7ec76f46c7 is created with scope project and roles: ['admin']
2025-11-14 07:10:04.148 65731 INFO tempest.lib.common.dynamic_creds [-] Acquired dynamic creds: credentials: Credentials: {'domain_id': 'default', 'domain_name': 'Default', 'username': 'tempest-AZAdminV2TestJSON-1466258353-project-admin', 'project_domain_id': 'default', 'project_domain_name': 'Default', 'project_id': '037e7d5270a8430b9008a31b792856df', 'project_name': 'tempest-AZAdminV2TestJSON-1466258353', 'tenant_id': '037e7d5270a8430b9008a31b792856df', 'tenant_name': 'tempest-AZAdminV2TestJSON-1466258353', 'user_domain_id': 'default', 'user_domain_name': 'Default', 'user_id': 'b709fb617ae1409dbb4fae7ec76f46c7', 'system': None}, Network: None, Subnet: None, Router: None
2025-11-14 07:10:04.148 65731 INFO tempest.lib.common.dynamic_creds [-] Created isolated network resources for: credentials: Credentials: {'domain_id': 'default', 'domain_name': 'Default', 'username': 'tempest-AZAdminV2TestJSON-1466258353-project-admin', 'project_domain_id': 'default', 'project_domain_name': 'Default', 'project_id': '037e7d5270a8430b9008a31b792856df', 'project_name': 'tempest-AZAdminV2TestJSON-1466258353', 'tenant_id': '037e7d5270a8430b9008a31b792856df', 'tenant_name': 'tempest-AZAdminV2TestJSON-1466258353', 'user_domain_id': 'default', 'user_domain_name': 'Default', 'user_id': 'b709fb617ae1409dbb4fae7ec76f46c7', 'system': None}, Network: None, Subnet: None, Router: None
2025-11-14 07:10:04.203 65666 INFO tempest.lib.common.rest_client [req-d192b654-6cdd-47d0-98d3-fb58f33de0d6 req-d192b654-6cdd-47d0-98d3-fb58f33de0d6 ] Request (HypervisorAdminV228Test:setUpClass): 204 PUT http://10.180.1.21/identity/v3/projects/119abe5e6fa346df9970e8a060273406/users/dc319b112d5b426fa20548a3c23fec32/roles/916f72b8039342d78f5ef4a94cee72fe 0.738s
2025-11-14 07:10:04.203 65666 INFO tempest.lib.common.dynamic_creds [-] Dynamic test user dc319b112d5b426fa20548a3c23fec32 is created with scope project and roles: ['admin']
2025-11-14 07:10:04.203 65686 INFO tempest.lib.common.rest_client [req-03c133ee-b258-4a1d-8b19-e9891cedb0ad req-03c133ee-b258-4a1d-8b19-e9891cedb0ad ] Request (AZAdminNegativeTestJSON:setUpClass): 204 PUT http://10.180.1.21/identity/v3/projects/8eb6a15ab5d349a4be951a0caf0c9741/users/1aed1e65fdfe4d6d876b81d0e97de2f4/roles/916f72b8039342d78f5ef4a94cee72fe 0.730s
2025-11-14 07:10:04.203 65666 INFO tempest.lib.common.dynamic_creds [-] Acquired dynamic creds: credentials: Credentials: {'domain_id': 'default', 'domain_name': 'Default', 'username': 'tempest-HypervisorAdminV228Test-2143906014-project-admin', 'project_domain_id': 'default', 'project_domain_name': 'Default', 'project_id': '119abe5e6fa346df9970e8a060273406', 'project_name': 'tempest-HypervisorAdminV228Test-2143906014', 'tenant_id': '119abe5e6fa346df9970e8a060273406', 'tenant_name': 'tempest-HypervisorAdminV228Test-2143906014', 'user_domain_id': 'default', 'user_domain_name': 'Default', 'user_id': 'dc319b112d5b426fa20548a3c23fec32', 'system': None}, Network: None, Subnet: None, Router: None
2025-11-14 07:10:04.204 65666 INFO tempest.lib.common.dynamic_creds [-] Created isolated network resources for: credentials: Credentials: {'domain_id': 'default', 'domain_name': 'Default', 'username': 'tempest-HypervisorAdminV228Test-2143906014-project-admin', 'project_domain_id': 'default', 'project_domain_name': 'Default', 'project_id': '119abe5e6fa346df9970e8a060273406', 'project_name': 'tempest-HypervisorAdminV228Test-2143906014', 'tenant_id': '119abe5e6fa346df9970e8a060273406', 'tenant_name': 'tempest-HypervisorAdminV228Test-2143906014', 'user_domain_id': 'default', 'user_domain_name': 'Default', 'user_id': 'dc319b112d5b426fa20548a3c23fec32', 'system': None}, Network: None, Subnet: None, Router: None
2025-11-14 07:10:04.204 65686 INFO tempest.lib.common.dynamic_creds [-] Dynamic test user 1aed1e65fdfe4d6d876b81d0e97de2f4 is created with scope project and roles: ['admin']
2025-11-14 07:10:04.204 65686 INFO tempest.lib.common.dynamic_creds [-] Acquired dynamic creds: credentials: Credentials: {'domain_id': 'default', 'domain_name': 'Default', 'username': 'tempest-AZAdminNegativeTestJSON-2088907304-project-admin', 'project_domain_id': 'default', 'project_domain_name': 'Default', 'project_id': '8eb6a15ab5d349a4be951a0caf0c9741', 'project_name': 'tempest-AZAdminNegativeTestJSON-2088907304', 'tenant_id': '8eb6a15ab5d349a4be951a0caf0c9741', 'tenant_name': 'tempest-AZAdminNegativeTestJSON-2088907304', 'user_domain_id': 'default', 'user_domain_name': 'Default', 'user_id': '1aed1e65fdfe4d6d876b81d0e97de2f4', 'system': None}, Network: None, Subnet: None, Router: None
2025-11-14 07:10:04.204 65686 INFO tempest.lib.common.dynamic_creds [-] Created isolated network resources for: credentials: Credentials: {'domain_id': 'default', 'domain_name': 'Default', 'username': 'tempest-AZAdminNegativeTestJSON-2088907304-project-admin', 'project_domain_id': 'default', 'project_domain_name': 'Default', 'project_id': '8eb6a15ab5d349a4be951a0caf0c9741', 'project_name': 'tempest-AZAdminNegativeTestJSON-2088907304', 'tenant_id': '8eb6a15ab5d349a4be951a0caf0c9741', 'tenant_name': 'tempest-AZAdminNegativeTestJSON-2088907304', 'user_domain_id': 'default', 'user_domain_name': 'Default', 'user_id': '1aed1e65fdfe4d6d876b81d0e97de2f4', 'system': None}, Network: None, Subnet: None, Router: None
2025-11-14 07:10:04.256 65700 INFO tempest.lib.common.rest_client [req-c85a9da9-70f0-436a-986d-b2ae9f8e17a3 req-c85a9da9-70f0-436a-986d-b2ae9f8e17a3 ] Request (HostsAdminNegativeTestJSON:setUpClass): 204 PUT http://10.180.1.21/identity/v3/projects/56b01e620ff24cd28a33e696c8c60e28/users/f92bbbc6687944429f27febcc449742f/roles/916f72b8039342d78f5ef4a94cee72fe 0.769s
2025-11-14 07:10:04.257 65700 INFO tempest.lib.common.dynamic_creds [-] Dynamic test user f92bbbc6687944429f27febcc449742f is created with scope project and roles: ['admin']
2025-11-14 07:10:04.257 65700 INFO tempest.lib.common.dynamic_creds [-] Acquired dynamic creds: credentials: Credentials: {'domain_id': 'default', 'domain_name': 'Default', 'username': 'tempest-HostsAdminNegativeTestJSON-1587575258-project-admin', 'project_domain_id': 'default', 'project_domain_name': 'Default', 'project_id': '56b01e620ff24cd28a33e696c8c60e28', 'project_name': 'tempest-HostsAdminNegativeTestJSON-1587575258', 'tenant_id': '56b01e620ff24cd28a33e696c8c60e28', 'tenant_name': 'tempest-HostsAdminNegativeTestJSON-1587575258', 'user_domain_id': 'default', 'user_domain_name': 'Default', 'user_id': 'f92bbbc6687944429f27febcc449742f', 'system': None}, Network: None, Subnet: None, Router: None
2025-11-14 07:10:04.257 65700 INFO tempest.lib.common.dynamic_creds [-] Created isolated network resources for: credentials: Credentials: {'domain_id': 'default', 'domain_name': 'Default', 'username': 'tempest-HostsAdminNegativeTestJSON-1587575258-project-admin', 'project_domain_id': 'default', 'project_domain_name': 'Default', 'project_id': '56b01e620ff24cd28a33e696c8c60e28', 'project_name': 'tempest-HostsAdminNegativeTestJSON-1587575258', 'tenant_id': '56b01e620ff24cd28a33e696c8c60e28', 'tenant_name': 'tempest-HostsAdminNegativeTestJSON-1587575258', 'user_domain_id': 'default', 'user_domain_name': 'Default', 'user_id': 'f92bbbc6687944429f27febcc449742f', 'system': None}, Network: None, Subnet: None, Router: None
2025-11-14 07:10:04.260 65694 INFO tempest.lib.common.rest_client [req-a680898d-6bf9-409b-b2ea-fd1c420a23b7 req-a680898d-6bf9-409b-b2ea-fd1c420a23b7 ] Request (KeyPairsV210TestJSON:setUpClass): 204 PUT http://10.180.1.21/identity/v3/projects/3a976f3217614f9793ca85f2f15a5898/users/95c49e07ec2144adb888d237422a683e/roles/916f72b8039342d78f5ef4a94cee72fe 0.778s
2025-11-14 07:10:04.260 65694 INFO tempest.lib.common.dynamic_creds [-] Dynamic test user 95c49e07ec2144adb888d237422a683e is created with scope project and roles: ['admin']
2025-11-14 07:10:04.260 65694 INFO tempest.lib.common.dynamic_creds [-] Acquired dynamic creds: credentials: Credentials: {'domain_id': 'default', 'domain_name': 'Default', 'username': 'tempest-KeyPairsV210TestJSON-1475385386-project-admin', 'project_domain_id': 'default', 'project_domain_name': 'Default', 'project_id': '3a976f3217614f9793ca85f2f15a5898', 'project_name': 'tempest-KeyPairsV210TestJSON-1475385386', 'tenant_id': '3a976f3217614f9793ca85f2f15a5898', 'tenant_name': 'tempest-KeyPairsV210TestJSON-1475385386', 'user_domain_id': 'default', 'user_domain_name': 'Default', 'user_id': '95c49e07ec2144adb888d237422a683e', 'system': None}, Network: None, Subnet: None, Router: None
2025-11-14 07:10:04.261 65694 INFO tempest.lib.common.dynamic_creds [-] Created isolated network resources for: credentials: Credentials: {'domain_id': 'default', 'domain_name': 'Default', 'username': 'tempest-KeyPairsV210TestJSON-1475385386-project-admin', 'project_domain_id': 'default', 'project_domain_name': 'Default', 'project_id': '3a976f3217614f9793ca85f2f15a5898', 'project_name': 'tempest-KeyPairsV210TestJSON-1475385386', 'tenant_id': '3a976f3217614f9793ca85f2f15a5898', 'tenant_name': 'tempest-KeyPairsV210TestJSON-1475385386', 'user_domain_id': 'default', 'user_domain_name': 'Default', 'user_id': '95c49e07ec2144adb888d237422a683e', 'system': None}, Network: None, Subnet: None, Router: None
2025-11-14 07:10:04.341 65674 INFO tempest.lib.common.rest_client [req-b9b90696-ef6f-4bb6-86c0-d4783658333a req-b9b90696-ef6f-4bb6-86c0-d4783658333a ] Request (TenantUsagesNegativeTestJSON:setUpClass): 201 POST http://10.180.1.21/identity/v3/auth/tokens 0.798s
2025-11-14 07:10:04.346 65678 INFO tempest.lib.common.rest_client [req-8f67ac40-09f8-4a8e-9a17-5425a788294c req-8f67ac40-09f8-4a8e-9a17-5425a788294c ] Request (ServerExternalEventsTest:setUpClass): 201 POST http://10.180.1.21/identity/v3/auth/tokens 0.848s
2025-11-14 07:10:04.392 65704 INFO tempest.lib.common.rest_client [req-4a705624-24fb-4c97-a132-e78e0c270f4c req-4a705624-24fb-4c97-a132-e78e0c270f4c ] Request (HypervisorAdminTestJSON:setUpClass): 204 PUT http://10.180.1.21/identity/v3/projects/3126724172bf4c3cb950cb97a7a5b06d/users/6db13c71d537437482dab0700e06420d/roles/916f72b8039342d78f5ef4a94cee72fe 0.803s
2025-11-14 07:10:04.392 65704 INFO tempest.lib.common.dynamic_creds [-] Dynamic test user 6db13c71d537437482dab0700e06420d is created with scope project and roles: ['admin']
2025-11-14 07:10:04.392 65704 INFO tempest.lib.common.dynamic_creds [-] Acquired dynamic creds: credentials: Credentials: {'domain_id': 'default', 'domain_name': 'Default', 'username': 'tempest-HypervisorAdminTestJSON-950510668-project-admin', 'project_domain_id': 'default', 'project_domain_name': 'Default', 'project_id': '3126724172bf4c3cb950cb97a7a5b06d', 'project_name': 'tempest-HypervisorAdminTestJSON-950510668', 'tenant_id': '3126724172bf4c3cb950cb97a7a5b06d', 'tenant_name': 'tempest-HypervisorAdminTestJSON-950510668', 'user_domain_id': 'default', 'user_domain_name': 'Default', 'user_id': '6db13c71d537437482dab0700e06420d', 'system': None}, Network: None, Subnet: None, Router: None
2025-11-14 07:10:04.393 65704 INFO tempest.lib.common.dynamic_creds [-] Created isolated network resources for: credentials: Credentials: {'domain_id': 'default', 'domain_name': 'Default', 'username': 'tempest-HypervisorAdminTestJSON-950510668-project-admin', 'project_domain_id': 'default', 'project_domain_name': 'Default', 'project_id': '3126724172bf4c3cb950cb97a7a5b06d', 'project_name': 'tempest-HypervisorAdminTestJSON-950510668', 'tenant_id': '3126724172bf4c3cb950cb97a7a5b06d', 'tenant_name': 'tempest-HypervisorAdminTestJSON-950510668', 'user_domain_id': 'default', 'user_domain_name': 'Default', 'user_id': '6db13c71d537437482dab0700e06420d', 'system': None}, Network: None, Subnet: None, Router: None
2025-11-14 07:10:04.394 65726 INFO tempest.lib.common.rest_client [req-5b491e7c-9cea-418c-bd56-c9d9a9bb9761 req-5b491e7c-9cea-418c-bd56-c9d9a9bb9761 ] Request (QuotaClassesAdmin257Test:setUpClass): 204 PUT http://10.180.1.21/identity/v3/projects/2210366a349d4228865cd772e364e1d0/users/82817b747b08443a910862d7565c9992/roles/916f72b8039342d78f5ef4a94cee72fe 0.784s
2025-11-14 07:10:04.395 65726 INFO tempest.lib.common.dynamic_creds [-] Dynamic test user 82817b747b08443a910862d7565c9992 is created with scope project and roles: ['admin']
2025-11-14 07:10:04.395 65726 INFO tempest.lib.common.dynamic_creds [-] Acquired dynamic creds: credentials: Credentials: {'domain_id': 'default', 'domain_name': 'Default', 'username': 'tempest-QuotaClassesAdmin257Test-1555523816-project-admin', 'project_domain_id': 'default', 'project_domain_name': 'Default', 'project_id': '2210366a349d4228865cd772e364e1d0', 'project_name': 'tempest-QuotaClassesAdmin257Test-1555523816', 'tenant_id': '2210366a349d4228865cd772e364e1d0', 'tenant_name': 'tempest-QuotaClassesAdmin257Test-1555523816', 'user_domain_id': 'default', 'user_domain_name': 'Default', 'user_id': '82817b747b08443a910862d7565c9992', 'system': None}, Network: None, Subnet: None, Router: None
2025-11-14 07:10:04.395 65726 INFO tempest.lib.common.dynamic_creds [-] Created isolated network resources for: credentials: Credentials: {'domain_id': 'default', 'domain_name': 'Default', 'username': 'tempest-QuotaClassesAdmin257Test-1555523816-project-admin', 'project_domain_id': 'default', 'project_domain_name': 'Default', 'project_id': '2210366a349d4228865cd772e364e1d0', 'project_name': 'tempest-QuotaClassesAdmin257Test-1555523816', 'tenant_id': '2210366a349d4228865cd772e364e1d0', 'tenant_name': 'tempest-QuotaClassesAdmin257Test-1555523816', 'user_domain_id': 'default', 'user_domain_name': 'Default', 'user_id': '82817b747b08443a910862d7565c9992', 'system': None}, Network: None, Subnet: None, Router: None
2025-11-14 07:10:04.441 65718 INFO tempest.lib.common.rest_client [req-f8b2ba24-e8d5-49c4-b473-a0cc02a935f4 req-f8b2ba24-e8d5-49c4-b473-a0cc02a935f4 ] Request (HostsAdminTestJSON:setUpClass): 204 PUT http://10.180.1.21/identity/v3/projects/e26c8d744b884fe28e1d34f917ca9b65/users/2b62f3754ca04be3be69a891d9edf876/roles/916f72b8039342d78f5ef4a94cee72fe 0.807s
2025-11-14 07:10:04.442 65718 INFO tempest.lib.common.dynamic_creds [-] Dynamic test user 2b62f3754ca04be3be69a891d9edf876 is created with scope project and roles: ['admin']
2025-11-14 07:10:04.442 65724 INFO tempest.lib.common.rest_client [req-944fcf97-52b1-4f12-8a92-9b538a71edee req-944fcf97-52b1-4f12-8a92-9b538a71edee ] Request (QuotasSecurityGroupAdminNegativeTest:setUpClass): 204 PUT http://10.180.1.21/identity/v3/projects/b1e2e4c08a514644bd5008acfc4c8f8b/users/c9dd40b8d3be4169bc602a71eb60904e/roles/916f72b8039342d78f5ef4a94cee72fe 0.830s
2025-11-14 07:10:04.442 65724 INFO tempest.lib.common.dynamic_creds [-] Dynamic test user c9dd40b8d3be4169bc602a71eb60904e is created with scope project and roles: ['admin']
2025-11-14 07:10:04.442 65718 INFO tempest.lib.common.dynamic_creds [-] Acquired dynamic creds: credentials: Credentials: {'domain_id': 'default', 'domain_name': 'Default', 'username': 'tempest-HostsAdminTestJSON-1842758299-project-admin', 'project_domain_id': 'default', 'project_domain_name': 'Default', 'project_id': 'e26c8d744b884fe28e1d34f917ca9b65', 'project_name': 'tempest-HostsAdminTestJSON-1842758299', 'tenant_id': 'e26c8d744b884fe28e1d34f917ca9b65', 'tenant_name': 'tempest-HostsAdminTestJSON-1842758299', 'user_domain_id': 'default', 'user_domain_name': 'Default', 'user_id': '2b62f3754ca04be3be69a891d9edf876', 'system': None}, Network: None, Subnet: None, Router: None
2025-11-14 07:10:04.442 65718 INFO tempest.lib.common.dynamic_creds [-] Created isolated network resources for: credentials: Credentials: {'domain_id': 'default', 'domain_name': 'Default', 'username': 'tempest-HostsAdminTestJSON-1842758299-project-admin', 'project_domain_id': 'default', 'project_domain_name': 'Default', 'project_id': 'e26c8d744b884fe28e1d34f917ca9b65', 'project_name': 'tempest-HostsAdminTestJSON-1842758299', 'tenant_id': 'e26c8d744b884fe28e1d34f917ca9b65', 'tenant_name': 'tempest-HostsAdminTestJSON-1842758299', 'user_domain_id': 'default', 'user_domain_name': 'Default', 'user_id': '2b62f3754ca04be3be69a891d9edf876', 'system': None}, Network: None, Subnet: None, Router: None
2025-11-14 07:10:04.442 65724 INFO tempest.lib.common.dynamic_creds [-] Acquired dynamic creds: credentials: Credentials: {'domain_id': 'default', 'domain_name': 'Default', 'username': 'tempest-QuotasSecurityGroupAdminNegativeTest-1454330919-project-admin', 'project_domain_id': 'default', 'project_domain_name': 'Default', 'project_id': 'b1e2e4c08a514644bd5008acfc4c8f8b', 'project_name': 'tempest-QuotasSecurityGroupAdminNegativeTest-1454330919', 'tenant_id': 'b1e2e4c08a514644bd5008acfc4c8f8b', 'tenant_name': 'tempest-QuotasSecurityGroupAdminNegativeTest-1454330919', 'user_domain_id': 'default', 'user_domain_name': 'Default', 'user_id': 'c9dd40b8d3be4169bc602a71eb60904e', 'system': None}, Network: None, Subnet: None, Router: None
2025-11-14 07:10:04.442 65724 INFO tempest.lib.common.dynamic_creds [-] Created isolated network resources for: credentials: Credentials: {'domain_id': 'default', 'domain_name': 'Default', 'username': 'tempest-QuotasSecurityGroupAdminNegativeTest-1454330919-project-admin', 'project_domain_id': 'default', 'project_domain_name': 'Default', 'project_id': 'b1e2e4c08a514644bd5008acfc4c8f8b', 'project_name': 'tempest-QuotasSecurityGroupAdminNegativeTest-1454330919', 'tenant_id': 'b1e2e4c08a514644bd5008acfc4c8f8b', 'tenant_name': 'tempest-QuotasSecurityGroupAdminNegativeTest-1454330919', 'user_domain_id': 'default', 'user_domain_name': 'Default', 'user_id': 'c9dd40b8d3be4169bc602a71eb60904e', 'system': None}, Network: None, Subnet: None, Router: None
2025-11-14 07:10:04.486 65722 INFO tempest.lib.common.rest_client [req-ffeadaf7-0596-46bf-95fd-b445d045b9ca req-ffeadaf7-0596-46bf-95fd-b445d045b9ca ] Request (FlavorsV261TestJSON:setUpClass): 204 PUT http://10.180.1.21/identity/v3/projects/b3eb0160436c40dcac0d9a479f7a0858/users/957c1f857ef64ff1ba60258caa37ab54/roles/916f72b8039342d78f5ef4a94cee72fe 0.788s
2025-11-14 07:10:04.486 65722 INFO tempest.lib.common.dynamic_creds [-] Dynamic test user 957c1f857ef64ff1ba60258caa37ab54 is created with scope project and roles: ['admin']
2025-11-14 07:10:04.486 65722 INFO tempest.lib.common.dynamic_creds [-] Acquired dynamic creds: credentials: Credentials: {'domain_id': 'default', 'domain_name': 'Default', 'username': 'tempest-FlavorsV261TestJSON-1441460561-project-admin', 'project_domain_id': 'default', 'project_domain_name': 'Default', 'project_id': 'b3eb0160436c40dcac0d9a479f7a0858', 'project_name': 'tempest-FlavorsV261TestJSON-1441460561', 'tenant_id': 'b3eb0160436c40dcac0d9a479f7a0858', 'tenant_name': 'tempest-FlavorsV261TestJSON-1441460561', 'user_domain_id': 'default', 'user_domain_name': 'Default', 'user_id': '957c1f857ef64ff1ba60258caa37ab54', 'system': None}, Network: None, Subnet: None, Router: None
2025-11-14 07:10:04.486 65722 INFO tempest.lib.common.dynamic_creds [-] Created isolated network resources for: credentials: Credentials: {'domain_id': 'default', 'domain_name': 'Default', 'username': 'tempest-FlavorsV261TestJSON-1441460561-project-admin', 'project_domain_id': 'default', 'project_domain_name': 'Default', 'project_id': 'b3eb0160436c40dcac0d9a479f7a0858', 'project_name': 'tempest-FlavorsV261TestJSON-1441460561', 'tenant_id': 'b3eb0160436c40dcac0d9a479f7a0858', 'tenant_name': 'tempest-FlavorsV261TestJSON-1441460561', 'user_domain_id': 'default', 'user_domain_name': 'Default', 'user_id': '957c1f857ef64ff1ba60258caa37ab54', 'system': None}, Network: None, Subnet: None, Router: None
2025-11-14 07:10:04.512 65672 INFO tempest.lib.common.rest_client [req-daeba2ab-1fd1-4ca8-bd73-2f67a52c796b req-daeba2ab-1fd1-4ca8-bd73-2f67a52c796b ] Request (FlavorsAdminTestJSON:setUpClass): 201 POST http://10.180.1.21/identity/v3/auth/tokens 0.870s
2025-11-14 07:10:04.532 65684 INFO tempest.lib.common.rest_client [req-42529ae2-39bc-43f6-a09f-0d35825f328f req-42529ae2-39bc-43f6-a09f-0d35825f328f ] Request (HypervisorAdminUnderV252Test:setUpClass): 204 PUT http://10.180.1.21/identity/v3/projects/fd2b55f818044a39ae4757fa9276e69f/users/7a5f933ee37f4d41bac2b650d83e200b/roles/916f72b8039342d78f5ef4a94cee72fe 0.820s
2025-11-14 07:10:04.533 65684 INFO tempest.lib.common.dynamic_creds [-] Dynamic test user 7a5f933ee37f4d41bac2b650d83e200b is created with scope project and roles: ['admin']
2025-11-14 07:10:04.533 65684 INFO tempest.lib.common.dynamic_creds [-] Acquired dynamic creds: credentials: Credentials: {'domain_id': 'default', 'domain_name': 'Default', 'username': 'tempest-HypervisorAdminUnderV252Test-740151528-project-admin', 'project_domain_id': 'default', 'project_domain_name': 'Default', 'project_id': 'fd2b55f818044a39ae4757fa9276e69f', 'project_name': 'tempest-HypervisorAdminUnderV252Test-740151528', 'tenant_id': 'fd2b55f818044a39ae4757fa9276e69f', 'tenant_name': 'tempest-HypervisorAdminUnderV252Test-740151528', 'user_domain_id': 'default', 'user_domain_name': 'Default', 'user_id': '7a5f933ee37f4d41bac2b650d83e200b', 'system': None}, Network: None, Subnet: None, Router: None
2025-11-14 07:10:04.533 65684 INFO tempest.lib.common.dynamic_creds [-] Created isolated network resources for: credentials: Credentials: {'domain_id': 'default', 'domain_name': 'Default', 'username': 'tempest-HypervisorAdminUnderV252Test-740151528-project-admin', 'project_domain_id': 'default', 'project_domain_name': 'Default', 'project_id': 'fd2b55f818044a39ae4757fa9276e69f', 'project_name': 'tempest-HypervisorAdminUnderV252Test-740151528', 'tenant_id': 'fd2b55f818044a39ae4757fa9276e69f', 'tenant_name': 'tempest-HypervisorAdminUnderV252Test-740151528', 'user_domain_id': 'default', 'user_domain_name': 'Default', 'user_id': '7a5f933ee37f4d41bac2b650d83e200b', 'system': None}, Network: None, Subnet: None, Router: None
2025-11-14 07:10:04.557 65698 INFO tempest.lib.common.rest_client [req-c3579fcc-afa1-4e62-b5b7-a908e473a7c6 req-c3579fcc-afa1-4e62-b5b7-a908e473a7c6 ] Request (AggregatesAdminNegativeTestJSON:setUpClass): 204 PUT http://10.180.1.21/identity/v3/projects/d74d14b3562041adaa69f7d22ff17387/users/bea06274c3d048418e9b82c39e4b68d8/roles/916f72b8039342d78f5ef4a94cee72fe 0.828s
2025-11-14 07:10:04.557 65698 INFO tempest.lib.common.dynamic_creds [-] Dynamic test user bea06274c3d048418e9b82c39e4b68d8 is created with scope project and roles: ['admin']
2025-11-14 07:10:04.558 65698 INFO tempest.lib.common.dynamic_creds [-] Acquired dynamic creds: credentials: Credentials: {'domain_id': 'default', 'domain_name': 'Default', 'username': 'tempest-AggregatesAdminNegativeTestJSON-677553862-project-admin', 'project_domain_id': 'default', 'project_domain_name': 'Default', 'project_id': 'd74d14b3562041adaa69f7d22ff17387', 'project_name': 'tempest-AggregatesAdminNegativeTestJSON-677553862', 'tenant_id': 'd74d14b3562041adaa69f7d22ff17387', 'tenant_name': 'tempest-AggregatesAdminNegativeTestJSON-677553862', 'user_domain_id': 'default', 'user_domain_name': 'Default', 'user_id': 'bea06274c3d048418e9b82c39e4b68d8', 'system': None}, Network: None, Subnet: None, Router: None
2025-11-14 07:10:04.558 65698 INFO tempest.lib.common.dynamic_creds [-] Created isolated network resources for: credentials: Credentials: {'domain_id': 'default', 'domain_name': 'Default', 'username': 'tempest-AggregatesAdminNegativeTestJSON-677553862-project-admin', 'project_domain_id': 'default', 'project_domain_name': 'Default', 'project_id': 'd74d14b3562041adaa69f7d22ff17387', 'project_name': 'tempest-AggregatesAdminNegativeTestJSON-677553862', 'tenant_id': 'd74d14b3562041adaa69f7d22ff17387', 'tenant_name': 'tempest-AggregatesAdminNegativeTestJSON-677553862', 'user_domain_id': 'default', 'user_domain_name': 'Default', 'user_id': 'bea06274c3d048418e9b82c39e4b68d8', 'system': None}, Network: None, Subnet: None, Router: None
2025-11-14 07:10:04.620 65702 INFO tempest.lib.common.rest_client [req-bb70ca90-ba6c-4c0a-80d2-c56ebefae5bf req-bb70ca90-ba6c-4c0a-80d2-c56ebefae5bf ] Request (DeleteServersAdminTestJSON:setUpClass): 204 PUT http://10.180.1.21/identity/v3/projects/3051bf0a5e5a414ebd90430341ecf255/users/44cf3dba448549d8946a0424a789a5fd/roles/916f72b8039342d78f5ef4a94cee72fe 0.873s
2025-11-14 07:10:04.620 65702 INFO tempest.lib.common.dynamic_creds [-] Dynamic test user 44cf3dba448549d8946a0424a789a5fd is created with scope project and roles: ['admin']
2025-11-14 07:10:04.620 65702 INFO tempest.lib.common.dynamic_creds [-] Acquired dynamic creds: credentials: Credentials: {'domain_id': 'default', 'domain_name': 'Default', 'username': 'tempest-DeleteServersAdminTestJSON-427493507-project-admin', 'project_domain_id': 'default', 'project_domain_name': 'Default', 'project_id': '3051bf0a5e5a414ebd90430341ecf255', 'project_name': 'tempest-DeleteServersAdminTestJSON-427493507', 'tenant_id': '3051bf0a5e5a414ebd90430341ecf255', 'tenant_name': 'tempest-DeleteServersAdminTestJSON-427493507', 'user_domain_id': 'default', 'user_domain_name': 'Default', 'user_id': '44cf3dba448549d8946a0424a789a5fd', 'system': None}, Network: None, Subnet: None, Router: None
2025-11-14 07:10:04.621 65702 INFO tempest.lib.common.dynamic_creds [-] Created isolated network resources for: credentials: Credentials: {'domain_id': 'default', 'domain_name': 'Default', 'username': 'tempest-DeleteServersAdminTestJSON-427493507-project-admin', 'project_domain_id': 'default', 'project_domain_name': 'Default', 'project_id': '3051bf0a5e5a414ebd90430341ecf255', 'project_name': 'tempest-DeleteServersAdminTestJSON-427493507', 'tenant_id': '3051bf0a5e5a414ebd90430341ecf255', 'tenant_name': 'tempest-DeleteServersAdminTestJSON-427493507', 'user_domain_id': 'default', 'user_domain_name': 'Default', 'user_id': '44cf3dba448549d8946a0424a789a5fd', 'system': None}, Network: None, Subnet: None, Router: None
2025-11-14 07:10:04.631 65682 INFO tempest.lib.common.rest_client [req-9f08df74-c6b7-4f58-a5a5-ec3816cc2a92 req-9f08df74-c6b7-4f58-a5a5-ec3816cc2a92 ] Request (FlavorsAccessNegativeTestJSON:setUpClass): 201 POST http://10.180.1.21/identity/v3/users 0.850s
2025-11-14 07:10:04.688 65720 INFO tempest.lib.common.rest_client [req-1afe8d73-64cd-4ec1-b031-3ae097f76f3b req-1afe8d73-64cd-4ec1-b031-3ae097f76f3b ] Request (QuotasAdminTestJSON:setUpClass): 204 PUT http://10.180.1.21/identity/v3/projects/3c4bd8f29deb43a790f3c92099a6e279/users/12d61d78beba4119b11ec53c81a6e182/roles/916f72b8039342d78f5ef4a94cee72fe 0.848s
2025-11-14 07:10:04.689 65720 INFO tempest.lib.common.dynamic_creds [-] Dynamic test user 12d61d78beba4119b11ec53c81a6e182 is created with scope project and roles: ['admin']
2025-11-14 07:10:04.689 65720 INFO tempest.lib.common.dynamic_creds [-] Acquired dynamic creds: credentials: Credentials: {'domain_id': 'default', 'domain_name': 'Default', 'username': 'tempest-QuotasAdminTestJSON-1213526391-project-admin', 'project_domain_id': 'default', 'project_domain_name': 'Default', 'project_id': '3c4bd8f29deb43a790f3c92099a6e279', 'project_name': 'tempest-QuotasAdminTestJSON-1213526391', 'tenant_id': '3c4bd8f29deb43a790f3c92099a6e279', 'tenant_name': 'tempest-QuotasAdminTestJSON-1213526391', 'user_domain_id': 'default', 'user_domain_name': 'Default', 'user_id': '12d61d78beba4119b11ec53c81a6e182', 'system': None}, Network: None, Subnet: None, Router: None
2025-11-14 07:10:04.689 65720 INFO tempest.lib.common.dynamic_creds [-] Created isolated network resources for: credentials: Credentials: {'domain_id': 'default', 'domain_name': 'Default', 'username': 'tempest-QuotasAdminTestJSON-1213526391-project-admin', 'project_domain_id': 'default', 'project_domain_name': 'Default', 'project_id': '3c4bd8f29deb43a790f3c92099a6e279', 'project_name': 'tempest-QuotasAdminTestJSON-1213526391', 'tenant_id': '3c4bd8f29deb43a790f3c92099a6e279', 'tenant_name': 'tempest-QuotasAdminTestJSON-1213526391', 'user_domain_id': 'default', 'user_domain_name': 'Default', 'user_id': '12d61d78beba4119b11ec53c81a6e182', 'system': None}, Network: None, Subnet: None, Router: None
2025-11-14 07:10:04.736 65676 INFO tempest.lib.common.rest_client [req-d10b7dee-7d47-4612-9b24-2f52c4950808 req-d10b7dee-7d47-4612-9b24-2f52c4950808 ] Request (FlavorsExtraSpecsNegativeTestJSON:setUpClass): 200 POST http://10.180.1.21/compute/v2.1/flavors 1.419s
2025-11-14 07:10:04.768 65692 INFO tempest.lib.common.rest_client [req-c1005ee2-55e0-4ac9-8df6-be48d7a80807 req-c1005ee2-55e0-4ac9-8df6-be48d7a80807 ] Request (FlavorsV255TestJSON:setUpClass): 204 PUT http://10.180.1.21/identity/v3/projects/ecfdd3e46e70413a8d6063be661f1df7/users/17af7c47fd57473498d9001c0933f351/roles/916f72b8039342d78f5ef4a94cee72fe 0.918s
2025-11-14 07:10:04.768 65692 INFO tempest.lib.common.dynamic_creds [-] Dynamic test user 17af7c47fd57473498d9001c0933f351 is created with scope project and roles: ['admin']
2025-11-14 07:10:04.768 65692 INFO tempest.lib.common.dynamic_creds [-] Acquired dynamic creds: credentials: Credentials: {'domain_id': 'default', 'domain_name': 'Default', 'username': 'tempest-FlavorsV255TestJSON-287457170-project-admin', 'project_domain_id': 'default', 'project_domain_name': 'Default', 'project_id': 'ecfdd3e46e70413a8d6063be661f1df7', 'project_name': 'tempest-FlavorsV255TestJSON-287457170', 'tenant_id': 'ecfdd3e46e70413a8d6063be661f1df7', 'tenant_name': 'tempest-FlavorsV255TestJSON-287457170', 'user_domain_id': 'default', 'user_domain_name': 'Default', 'user_id': '17af7c47fd57473498d9001c0933f351', 'system': None}, Network: None, Subnet: None, Router: None
2025-11-14 07:10:04.768 65692 INFO tempest.lib.common.dynamic_creds [-] Created isolated network resources for: credentials: Credentials: {'domain_id': 'default', 'domain_name': 'Default', 'username': 'tempest-FlavorsV255TestJSON-287457170-project-admin', 'project_domain_id': 'default', 'project_domain_name': 'Default', 'project_id': 'ecfdd3e46e70413a8d6063be661f1df7', 'project_name': 'tempest-FlavorsV255TestJSON-287457170', 'tenant_id': 'ecfdd3e46e70413a8d6063be661f1df7', 'tenant_name': 'tempest-FlavorsV255TestJSON-287457170', 'user_domain_id': 'default', 'user_domain_name': 'Default', 'user_id': '17af7c47fd57473498d9001c0933f351', 'system': None}, Network: None, Subnet: None, Router: None
2025-11-14 07:10:04.830 65670 INFO tempest.lib.common.rest_client [req-d4b4304d-67b8-44db-b225-70d8e1317f7e req-d4b4304d-67b8-44db-b225-70d8e1317f7e ] Request (ServerDiagnosticsV248Test:test_get_server_diagnostics): 200 GET http://10.180.1.21/compute/v2.1/servers/dc3554ac-c0a7-413a-bc07-c4d89da8dffa 1.031s
2025-11-14 07:10:04.835 65696 INFO tempest.lib.common.rest_client [req-2561cc11-8b9a-4ad7-8fe4-6bfefc543781 req-2561cc11-8b9a-4ad7-8fe4-6bfefc543781 ] Request (VolumesAssistedSnapshotsTest:setUpClass): 204 PUT http://10.180.1.21/identity/v3/projects/202a2bbe887d4ac7a6e4f28c4eb743b7/users/8f3f63241d0b419886ff5ab1096b14f3/roles/916f72b8039342d78f5ef4a94cee72fe 0.974s
2025-11-14 07:10:04.835 65696 INFO tempest.lib.common.dynamic_creds [-] Dynamic test user 8f3f63241d0b419886ff5ab1096b14f3 is created with scope project and roles: ['admin']
2025-11-14 07:10:04.835 65696 INFO tempest.lib.common.dynamic_creds [-] Acquired dynamic creds: credentials: Credentials: {'domain_id': 'default', 'domain_name': 'Default', 'username': 'tempest-VolumesAssistedSnapshotsTest-202895269-project-admin', 'project_domain_id': 'default', 'project_domain_name': 'Default', 'project_id': '202a2bbe887d4ac7a6e4f28c4eb743b7', 'project_name': 'tempest-VolumesAssistedSnapshotsTest-202895269', 'tenant_id': '202a2bbe887d4ac7a6e4f28c4eb743b7', 'tenant_name': 'tempest-VolumesAssistedSnapshotsTest-202895269', 'user_domain_id': 'default', 'user_domain_name': 'Default', 'user_id': '8f3f63241d0b419886ff5ab1096b14f3', 'system': None}, Network: None, Subnet: None, Router: None
2025-11-14 07:10:04.904 65716 INFO tempest.lib.common.rest_client [req-c36692ce-31ff-46f5-93fc-89a015080783 req-c36692ce-31ff-46f5-93fc-89a015080783 ] Request (FloatingIPsAssociationTestJSON:setUpClass): 201 POST http://10.180.1.21/identity/v3/auth/tokens 0.877s
2025-11-14 07:10:04.905 65716 INFO tempest.lib.common.fixed_network [-] (FloatingIPsAssociationTestJSON:setUpClass) Found network {'id': 'f5399f92-14f2-4cf1-83f9-24dc106f49e6', 'name': 'tempest-FloatingIPsAssociationTestJSON-1268339858-network', 'tenant_id': 'a2c4e3fd882244af960386da1b542888', 'project_id': 'a2c4e3fd882244af960386da1b542888', 'admin_state_up': True, 'mtu': 8950, 'status': 'ACTIVE', 'subnets': [], 'shared': False, 'port_security_enabled': True, 'router:external': False, 'provider:network_type': 'vlan', 'provider:physical_network': 'default', 'provider:segmentation_id': 995, 'availability_zone_hints': [], 'availability_zones': [], 'ipv4_address_scope': None, 'ipv6_address_scope': None, 'description': '', 'tags': [], 'created_at': '2025-11-14T07:10:01Z', 'updated_at': '2025-11-14T07:10:01Z', 'revision_number': 1} available for tenant
2025-11-14 07:10:04.980 65680 INFO tempest.lib.common.rest_client [req-204a1513-18c1-4689-a701-02133a5e95e2 req-204a1513-18c1-4689-a701-02133a5e95e2 ] Request (FlavorsExtraSpecsTestJSON:setUpClass): 201 POST http://10.180.1.21/identity/v3/auth/tokens 0.949s
2025-11-14 07:10:05.070 65714 INFO tempest.lib.common.rest_client [req-e07e5dab-df45-484d-9a5d-906e3142ccba req-e07e5dab-df45-484d-9a5d-906e3142ccba ] Request (ServersWithSpecificFlavorTestJSON:setUpClass): 204 PUT http://10.180.1.21/identity/v3/projects/b0bfe07483ee4a4286aa67b72cbc4db7/users/c2f2641e0b82463ab3502a0da43d43a8/roles/916f72b8039342d78f5ef4a94cee72fe 0.923s
2025-11-14 07:10:05.071 65714 INFO tempest.lib.common.dynamic_creds [-] Dynamic test user c2f2641e0b82463ab3502a0da43d43a8 is created with scope project and roles: ['admin']
2025-11-14 07:10:05.071 65714 INFO tempest.lib.common.dynamic_creds [-] Acquired dynamic creds: credentials: Credentials: {'domain_id': 'default', 'domain_name': 'Default', 'username': 'tempest-ServersWithSpecificFlavorTestJSON-903199586-project-admin', 'project_domain_id': 'default', 'project_domain_name': 'Default', 'project_id': 'b0bfe07483ee4a4286aa67b72cbc4db7', 'project_name': 'tempest-ServersWithSpecificFlavorTestJSON-903199586', 'tenant_id': 'b0bfe07483ee4a4286aa67b72cbc4db7', 'tenant_name': 'tempest-ServersWithSpecificFlavorTestJSON-903199586', 'user_domain_id': 'default', 'user_domain_name': 'Default', 'user_id': 'c2f2641e0b82463ab3502a0da43d43a8', 'system': None}, Network: None, Subnet: None, Router: None
2025-11-14 07:10:05.075 65696 INFO tempest.lib.common.rest_client [req-c4f5c042-9c83-49cd-b30f-99b2c324fcbf req-c4f5c042-9c83-49cd-b30f-99b2c324fcbf ] Request (VolumesAssistedSnapshotsTest:setUpClass): 201 POST http://10.180.1.21/networking/v2.0/networks 0.240s
2025-11-14 07:10:05.091 65731 INFO tempest.lib.common.rest_client [req-e1adfa55-cf51-456e-91b9-01ae8a432fd7 req-e1adfa55-cf51-456e-91b9-01ae8a432fd7 ] Request (AZAdminV2TestJSON:setUpClass): 201 POST http://10.180.1.21/identity/v3/auth/tokens 0.938s
2025-11-14 07:10:05.104 65688 INFO tempest.lib.common.rest_client [req-5cbb948d-1f91-4a5f-82d2-0547ace5a8ed req-5cbb948d-1f91-4a5f-82d2-0547ace5a8ed ] Request (FloatingIPDetailsTestJSON:setUpClass): 201 POST http://10.180.1.21/networking/v2.0/networks 1.229s
2025-11-14 07:10:05.155 65666 INFO tempest.lib.common.rest_client [req-dcce5c5a-ba85-47ba-a998-76e656012804 req-dcce5c5a-ba85-47ba-a998-76e656012804 ] Request (HypervisorAdminV228Test:setUpClass): 201 POST http://10.180.1.21/identity/v3/auth/tokens 0.948s
2025-11-14 07:10:05.170 65686 INFO tempest.lib.common.rest_client [req-d8217985-89f4-447b-838c-0ee590642b9d req-d8217985-89f4-447b-838c-0ee590642b9d ] Request (AZAdminNegativeTestJSON:setUpClass): 201 POST http://10.180.1.21/identity/v3/auth/tokens 0.964s
2025-11-14 07:10:05.221 65700 INFO tempest.lib.common.rest_client [req-12810025-a340-45e8-943e-4ea02170a40f req-12810025-a340-45e8-943e-4ea02170a40f ] Request (HostsAdminNegativeTestJSON:setUpClass): 201 POST http://10.180.1.21/identity/v3/auth/tokens 0.961s
2025-11-14 07:10:05.244 65694 INFO tempest.lib.common.rest_client [req-9d67307b-dbcb-45d0-99e3-911003a9db3d req-9d67307b-dbcb-45d0-99e3-911003a9db3d ] Request (KeyPairsV210TestJSON:setUpClass): 201 POST http://10.180.1.21/identity/v3/auth/tokens 0.980s
2025-11-14 07:10:05.277 65678 INFO tempest.lib.common.rest_client [req-db845739-cdca-40e7-ac0b-0e7556aa93a5 req-db845739-cdca-40e7-ac0b-0e7556aa93a5 ] Request (ServerExternalEventsTest:test_create_server_external_events): 201 POST http://10.180.1.21/identity/v3/auth/tokens 0.926s
2025-11-14 07:10:05.278 65678 INFO tempest.lib.common.fixed_network [-] (ServerExternalEventsTest:test_create_server_external_events) Found network None available for tenant
2025-11-14 07:10:05.304 65696 INFO tempest.lib.common.rest_client [req-c4a3b4a8-ac94-4c81-bb17-1614136eb7ec req-c4a3b4a8-ac94-4c81-bb17-1614136eb7ec ] Request (VolumesAssistedSnapshotsTest:setUpClass): 201 POST http://10.180.1.21/networking/v2.0/subnets 0.228s
2025-11-14 07:10:05.309 65714 INFO tempest.lib.common.rest_client [req-d2f8575e-153a-4c20-8b76-a1b6879f21cd req-d2f8575e-153a-4c20-8b76-a1b6879f21cd ] Request (ServersWithSpecificFlavorTestJSON:setUpClass): 201 POST http://10.180.1.21/networking/v2.0/networks 0.238s
2025-11-14 07:10:05.338 65704 INFO tempest.lib.common.rest_client [req-c3049697-f717-4fd7-86a8-82f34310113d req-c3049697-f717-4fd7-86a8-82f34310113d ] Request (HypervisorAdminTestJSON:setUpClass): 201 POST http://10.180.1.21/identity/v3/auth/tokens 0.942s
2025-11-14 07:10:05.370 65726 INFO tempest.lib.common.rest_client [req-cf7c9765-9ac3-49bb-962c-c6d25ce90dd2 req-cf7c9765-9ac3-49bb-962c-c6d25ce90dd2 ] Request (QuotaClassesAdmin257Test:setUpClass): 201 POST http://10.180.1.21/identity/v3/auth/tokens 0.973s
2025-11-14 07:10:05.442 65724 INFO tempest.lib.common.rest_client [req-72d338df-b824-4540-86d9-5d8e1ec8ccde req-72d338df-b824-4540-86d9-5d8e1ec8ccde ] Request (QuotasSecurityGroupAdminNegativeTest:setUpClass): 201 POST http://10.180.1.21/identity/v3/auth/tokens 0.997s
2025-11-14 07:10:05.443 65724 WARNING tempest.lib.common.rest_client [-] Deprecated: "tenant_id" property is deprecated for removal, use "project_id" instead
2025-11-14 07:10:05.471 65718 INFO tempest.lib.common.rest_client [req-8be83d82-7217-4aa2-9579-cba4a2555cf8 req-8be83d82-7217-4aa2-9579-cba4a2555cf8 ] Request (HostsAdminTestJSON:setUpClass): 201 POST http://10.180.1.21/identity/v3/auth/tokens 1.026s
2025-11-14 07:10:05.523 65722 INFO tempest.lib.common.rest_client [req-62698158-2f8c-4496-9f3a-b825666a8282 req-62698158-2f8c-4496-9f3a-b825666a8282 ] Request (FlavorsV261TestJSON:setUpClass): 201 POST http://10.180.1.21/identity/v3/auth/tokens 1.034s
2025-11-14 07:10:05.534 65688 INFO tempest.lib.common.rest_client [req-fbafd2cd-88c2-420d-8c38-efb6c74c47f3 req-fbafd2cd-88c2-420d-8c38-efb6c74c47f3 ] Request (FloatingIPDetailsTestJSON:setUpClass): 201 POST http://10.180.1.21/networking/v2.0/subnets 0.428s
2025-11-14 07:10:05.553 65684 INFO tempest.lib.common.rest_client [req-5f3b0178-b1a4-46d7-997c-e400fa6b6c5c req-5f3b0178-b1a4-46d7-997c-e400fa6b6c5c ] Request (HypervisorAdminUnderV252Test:setUpClass): 201 POST http://10.180.1.21/identity/v3/auth/tokens 1.017s
2025-11-14 07:10:05.587 65698 INFO tempest.lib.common.rest_client [req-5a931c17-1790-4d5e-b46d-cbefd2bf1b8e req-5a931c17-1790-4d5e-b46d-cbefd2bf1b8e ] Request (AggregatesAdminNegativeTestJSON:setUpClass): 201 POST http://10.180.1.21/identity/v3/auth/tokens 1.027s
2025-11-14 07:10:05.647 65702 INFO tempest.lib.common.rest_client [req-9c795192-ac1a-4490-bf27-f7deb6431b1e req-9c795192-ac1a-4490-bf27-f7deb6431b1e ] Request (DeleteServersAdminTestJSON:setUpClass): 201 POST http://10.180.1.21/identity/v3/auth/tokens 1.021s
2025-11-14 07:10:05.652 65682 INFO tempest.lib.common.rest_client [req-6aa2aea5-a0ed-4f0d-9cb7-d67ce0acfcc4 req-6aa2aea5-a0ed-4f0d-9cb7-d67ce0acfcc4 ] Request (FlavorsAccessNegativeTestJSON:setUpClass): 200 GET http://10.180.1.21/identity/v3/roles 1.021s
2025-11-14 07:10:05.732 65692 INFO tempest.lib.common.rest_client [req-9f58be4f-258e-4c71-9abb-61ef5046ccdf req-9f58be4f-258e-4c71-9abb-61ef5046ccdf ] Request (FlavorsV255TestJSON:setUpClass): 201 POST http://10.180.1.21/identity/v3/auth/tokens 0.961s
2025-11-14 07:10:05.732 65720 INFO tempest.lib.common.rest_client [req-1bcae9bc-71c1-492c-a239-f6049772d175 req-1bcae9bc-71c1-492c-a239-f6049772d175 ] Request (QuotasAdminTestJSON:setUpClass): 201 POST http://10.180.1.21/identity/v3/auth/tokens 1.038s
2025-11-14 07:10:05.733 65720 WARNING tempest.lib.common.rest_client [-] Deprecated: "tenant_id" property is deprecated for removal, use "project_id" instead
2025-11-14 07:10:05.792 65724 INFO tempest.lib.common.rest_client [req-5a561299-99b7-4f60-bc41-f4805a85fa07 req-5a561299-99b7-4f60-bc41-f4805a85fa07 ] Request (QuotasSecurityGroupAdminNegativeTest:tearDownClass): 204 DELETE http://10.180.1.21/identity/v3/users/baac73aab2094ae9a33bf27b2af684c1 0.339s
