2025-11-14 07:10:37.892 65710 INFO tempest.lib.common.rest_client [req-e9f118f8-3c07-452f-ae4f-d5e48756e492 req-e9f118f8-3c07-452f-ae4f-d5e48756e492 ] Request (InstanceUsageAuditLogNegativeTestJSON:tearDownClass): 204 DELETE http://10.180.1.21/identity/v3/users/e731cb1a3ac84335a159837bdad38aaf 0.111s
2025-11-14 07:10:37.892 65710 INFO tempest.lib.common.dynamic_creds [-] Deleting project and security group for project: c73e1302a585412da608aeb3486f4af1
2025-11-14 07:10:37.899 65700 INFO tempest.lib.common.rest_client [req-c186f56c-ad3d-4fc4-9ad5-aa61dd369183 req-c186f56c-ad3d-4fc4-9ad5-aa61dd369183 ] Request (HostsAdminNegativeTestJSON:test_startup_nonexistent_host): 404 GET http://10.180.1.21/compute/v2.1/os-hosts/nonexistent_hostname/startup 2.902s
2025-11-14 07:10:37.903 65724 INFO tempest.common.waiters [-] State transition "BUILD/spawning" ==> "ACTIVE/None" after 17 second wait
2025-11-14 07:10:37.957 65710 INFO tempest.lib.common.rest_client [req-15e02210-5769-48b5-bd4c-a3c14aa66fda req-15e02210-5769-48b5-bd4c-a3c14aa66fda ] Request (InstanceUsageAuditLogNegativeTestJSON:tearDownClass): 201 POST http://10.180.1.21/identity/v3/auth/tokens 0.064s
2025-11-14 07:10:38.529 65728 INFO tempest.lib.common.rest_client [req-e6286dc0-fbfd-42d8-b14d-6b65430491ec req-e6286dc0-fbfd-42d8-b14d-6b65430491ec ] Request (ImagesNegativeTestJSON:setUpClass): 201 POST http://10.180.1.21/networking/v2.0/routers 0.709s
2025-11-14 07:10:38.807 65710 INFO tempest.lib.common.rest_client [req-05c7cbbd-acef-4b0c-a755-1f30cf764579 req-05c7cbbd-acef-4b0c-a755-1f30cf764579 ] Request (InstanceUsageAuditLogNegativeTestJSON:tearDownClass): 200 GET http://10.180.1.21/networking/v2.0/security-groups?tenant_id=c73e1302a585412da608aeb3486f4af1&name=default 0.849s
2025-11-14 07:10:38.949 65694 INFO tempest.lib.common.rest_client [req-e35f5325-75e5-414a-acd0-16dbb9c5f7a0 req-e35f5325-75e5-414a-acd0-16dbb9c5f7a0 ] Request (NetworksTest:test_get_network): 200 GET http://10.180.1.21/compute/v2.1/os-networks 3.094s
2025-11-14 07:10:39.400 65706 INFO tempest.lib.common.rest_client [req-ff2154ec-6e88-47b0-9702-a91c52424de4 req-ff2154ec-6e88-47b0-9702-a91c52424de4 ] Request (SecurityGroupsTestAdminJSON:_run_cleanups): 202 DELETE http://10.180.1.21/compute/v2.1/os-security-groups/0a2aa8b5-9b5c-402f-8552-6cd56465c16b 3.718s
2025-11-14 07:10:39.472 65710 INFO tempest.lib.common.rest_client [req-b111cace-55ee-4a93-82d1-85955ee17855 req-b111cace-55ee-4a93-82d1-85955ee17855 ] Request (InstanceUsageAuditLogNegativeTestJSON:tearDownClass): 204 DELETE http://10.180.1.21/networking/v2.0/security-groups/8c4707e0-52d3-4f65-9913-cde1aba4d6f6 0.664s
2025-11-14 07:10:39.499 65706 INFO tempest.lib.common.rest_client [req-5dd3e50b-94d4-49c8-a9a0-8b22b0277ec0 req-5dd3e50b-94d4-49c8-a9a0-8b22b0277ec0 ] Request (SecurityGroupsTestAdminJSON:tearDownClass): 204 DELETE http://10.180.1.21/identity/v3/users/f6677bed0afc4e5ca0a91835118f3409 0.090s
2025-11-14 07:10:39.584 65710 INFO tempest.lib.common.rest_client [req-26545c8b-c04c-4aac-a956-fb05bfa15f1b req-26545c8b-c04c-4aac-a956-fb05bfa15f1b ] Request (InstanceUsageAuditLogNegativeTestJSON:tearDownClass): 204 DELETE http://10.180.1.21/identity/v3/projects/c73e1302a585412da608aeb3486f4af1 0.112s
2025-11-14 07:10:39.584 65710 INFO tempest.lib.common.dynamic_creds [-] Deleting project and security group for project: 643c3d6458af4c868c881c213722e9e9
2025-11-14 07:10:39.662 65716 INFO tempest.lib.common.rest_client [req-41eab0ae-867e-4798-a732-bf2c9a293ab8 req-41eab0ae-867e-4798-a732-bf2c9a293ab8 ] Request (FloatingIPsAssociationTestJSON:test_associate_already_associated_floating_ip): 200 GET http://10.180.1.21/compute/v2.1/servers/47810876-a700-465c-b647-2ec7d154b016 3.627s
2025-11-14 07:10:39.680 65706 INFO tempest.lib.common.rest_client [req-43f3b0fb-c259-48b6-bb22-f442d6626b33 req-43f3b0fb-c259-48b6-bb22-f442d6626b33 ] Request (SecurityGroupsTestAdminJSON:tearDownClass): 204 DELETE http://10.180.1.21/identity/v3/users/959cc13bb8b54bdd98c1d42926a6514b 0.180s
2025-11-14 07:10:39.680 65706 INFO tempest.lib.common.dynamic_creds [-] Deleting project and security group for project: 0e268069b5924201a80fd505c14b2ee8
2025-11-14 07:10:39.733 65702 INFO tempest.lib.common.rest_client [req-f00894bf-0a85-4c1a-af7f-ccff2b667b06 req-f00894bf-0a85-4c1a-af7f-ccff2b667b06 ] Request (DeleteServersAdminTestJSON:test_admin_delete_servers_of_others): 200 GET http://10.180.1.21/compute/v2.1/servers/18256d4b-3516-4889-af10-7d62a52e0b9c 3.790s
2025-11-14 07:10:39.737 65686 INFO tempest.lib.common.rest_client [req-11aaae23-0d76-4ee5-9b45-03a10664d058 req-11aaae23-0d76-4ee5-9b45-03a10664d058 ] Request (ServerGroupTestJSON:test_create_delete_server_group_with_affinity_policy): 200 POST http://10.180.1.21/compute/v2.1/os-server-groups 3.680s
2025-11-14 07:10:39.743 65702 INFO tempest.common.waiters [-] State transition "BUILD/spawning" ==> "ACTIVE/None" after 25 second wait
2025-11-14 07:10:39.759 65706 INFO tempest.lib.common.rest_client [req-197a5f7d-a942-43f8-b4af-6c2aa5cc4616 req-197a5f7d-a942-43f8-b4af-6c2aa5cc4616 ] Request (SecurityGroupsTestAdminJSON:tearDownClass): 201 POST http://10.180.1.21/identity/v3/auth/tokens 0.078s
2025-11-14 07:10:39.755 65690 INFO tempest.lib.common.rest_client [req-ce68fff0-2ce5-49ac-864b-6d40766edb21 req-ce68fff0-2ce5-49ac-864b-6d40766edb21 ] Request (FlavorsAccessTestJSON:_run_cleanups): 200 GET http://10.180.1.21/compute/v2.1/flavors/detail 3.681s
2025-11-14 07:10:39.761 65722 INFO tempest.lib.common.rest_client [req-c8fa3577-8010-4e06-9e5d-bd20ad0625fc req-c8fa3577-8010-4e06-9e5d-bd20ad0625fc ] Request (ImagesMetadataNegativeTestJSON:test_get_nonexistent_image_metadata_item): 404 GET http://10.180.1.21/compute/v2.1/images/161f02fc-d8d0-4fa5-95ee-0ca8f6107dfb/metadata/os_version 3.553s
2025-11-14 07:10:39.784 65682 INFO tempest.lib.common.rest_client [req-1ca5e55f-f386-4101-8a2f-dc26205f79c6 req-1ca5e55f-f386-4101-8a2f-dc26205f79c6 ] Request (FlavorsAccessNegativeTestJSON:_run_cleanups): 200 GET http://10.180.1.21/compute/v2.1/flavors/detail 3.561s
2025-11-14 07:10:39.809 65718 INFO tempest.lib.common.rest_client [req-61bf6f5c-04f7-49d8-be38-e5bf171509a9 req-61bf6f5c-04f7-49d8-be38-e5bf171509a9 ] Request (HostsAdminTestJSON:test_show_host_detail): 200 GET http://10.180.1.21/compute/v2.1/os-hosts/cpu-1 3.477s
2025-11-14 07:10:39.836 65710 INFO tempest.lib.common.rest_client [req-ca2a917c-dc7f-405d-b35e-5473626d7680 req-ca2a917c-dc7f-405d-b35e-5473626d7680 ] Request (InstanceUsageAuditLogNegativeTestJSON:tearDownClass): 200 GET http://10.180.1.21/networking/v2.0/security-groups?tenant_id=643c3d6458af4c868c881c213722e9e9&name=default 0.252s
2025-11-14 07:10:39.856 65728 INFO tempest.lib.common.rest_client [req-a9f61677-c9de-4055-91b4-0eee58d7089d req-a9f61677-c9de-4055-91b4-0eee58d7089d ] Request (ImagesNegativeTestJSON:setUpClass): 200 PUT http://10.180.1.21/networking/v2.0/routers/962e5eff-aab9-4ac1-9de4-bf20d0e3d432/add_router_interface 1.326s
2025-11-14 07:10:39.856 65728 INFO tempest.lib.common.dynamic_creds [-] Created isolated network resources for: credentials: Credentials: {'domain_id': 'default', 'domain_name': 'Default', 'username': 'tempest-ImagesNegativeTestJSON-379262891-project-member', 'project_domain_id': 'default', 'project_domain_name': 'Default', 'project_id': '30cb14d3cac74e22bffdac563892ae21', 'project_name': 'tempest-ImagesNegativeTestJSON-379262891', 'tenant_id': '30cb14d3cac74e22bffdac563892ae21', 'tenant_name': 'tempest-ImagesNegativeTestJSON-379262891', 'user_domain_id': 'default', 'user_domain_name': 'Default', 'user_id': '9de386961c184620814f643996963d46', 'system': None}, Network: {'id': 'd7363311-facf-465d-9717-1d311dad5543', 'name': 'tempest-ImagesNegativeTestJSON-138508323-network', 'tenant_id': '30cb14d3cac74e22bffdac563892ae21', 'project_id': '30cb14d3cac74e22bffdac563892ae21', 'admin_state_up': True, 'mtu': 8950, 'status': 'ACTIVE', 'subnets': [], 'shared': False, 'port_security_enabled': True, 'router:external': False, 'provider:network_type': 'vlan', 'provider:physical_network': 'default', 'provider:segmentation_id': 686, 'availability_zone_hints': [], 'availability_zones': [], 'ipv4_address_scope': None, 'ipv6_address_scope': None, 'description': '', 'tags': [], 'created_at': '2025-11-14T07:10:37Z', 'updated_at': '2025-11-14T07:10:37Z', 'revision_number': 1}, Subnet: {'id': 'e100f68d-160c-4d2a-9cff-abfd631f6078', 'name': 'tempest-ImagesNegativeTestJSON-138508323-subnet', 'tenant_id': '30cb14d3cac74e22bffdac563892ae21', 'network_id': 'd7363311-facf-465d-9717-1d311dad5543', 'ip_version': 4, 'subnetpool_id': None, 'enable_dhcp': True, 'ipv6_ra_mode': None, 'ipv6_address_mode': None, 'gateway_ip': '192.168.128.1', 'cidr': '192.168.128.0/28', 'allocation_pools': [{'start': '192.168.128.2', 'end': '192.168.128.14'}], 'host_routes': [], 'dns_nameservers': [], 'description': '', 'router:external': False, 'service_types': [], 'tags': [], 'created_at': '2025-11-14T07:10:37Z', 'updated_at': '2025-11-14T07:10:37Z', 'revision_number': 0, 'project_id': '30cb14d3cac74e22bffdac563892ae21'}, Router: {'id': '962e5eff-aab9-4ac1-9de4-bf20d0e3d432', 'name': 'tempest-ImagesNegativeTestJSON-138508323-router', 'tenant_id': '30cb14d3cac74e22bffdac563892ae21', 'admin_state_up': True, 'status': 'ACTIVE', 'external_gateway_info': {'network_id': '7f3d0b3b-8912-4216-b5ab-4e7c527cf0e3', 'external_fixed_ips': [{'subnet_id': '0f6ba3c1-c6d4-4cc5-a400-c4b4f255cbe5', 'ip_address': '10.180.180.144'}], 'enable_snat': True}, 'description': '', 'availability_zones': [], 'distributed': False, 'ha': False, 'availability_zone_hints': [], 'routes': [], 'flavor_id': None, 'tags': [], 'created_at': '2025-11-14T07:10:37Z', 'updated_at': '2025-11-14T07:10:38Z', 'revision_number': 2, 'project_id': '30cb14d3cac74e22bffdac563892ae21'}
2025-11-14 07:10:39.877 65690 INFO tempest.lib.common.rest_client [req-1976ec04-7db8-4d4d-9df9-fe34d1f21ba4 req-1976ec04-7db8-4d4d-9df9-fe34d1f21ba4 ] Request (FlavorsAccessTestJSON:tearDownClass): 204 DELETE http://10.180.1.21/identity/v3/users/f103e38e1e614a71b941b419ad90e2f5 0.111s
2025-11-14 07:10:39.973 65718 INFO tempest.lib.common.rest_client [req-671d6a93-65c4-46f7-bc1e-2e38f357588d req-671d6a93-65c4-46f7-bc1e-2e38f357588d ] Request (HostsAdminTestJSON:tearDownClass): 204 DELETE http://10.180.1.21/identity/v3/users/e26d904b3e4f44c1a4694490af29a9cd 0.161s
2025-11-14 07:10:39.983 65720 INFO tempest.lib.common.rest_client [req-94eec28e-180e-4ac7-a0de-e3bb35f0e4fe req-94eec28e-180e-4ac7-a0de-e3bb35f0e4fe ] Request (QuotasAdminTestJSON:test_get_updated_quotas): 200 PUT http://10.180.1.21/compute/v2.1/os-quota-sets/62959d24eaa445a8b50f333088058c92 3.564s
2025-11-14 07:10:40.027 65728 INFO tempest.lib.common.rest_client [req-db5701dd-da7f-4d6c-b541-6df52c8d4cce req-db5701dd-da7f-4d6c-b541-6df52c8d4cce ] Request (ImagesNegativeTestJSON:setUpClass): 201 POST http://10.180.1.21/identity/v3/auth/tokens 0.164s
2025-11-14 07:10:40.042 65698 INFO tempest.lib.common.rest_client [req-90f8c5c9-538d-4981-8834-0b3a279c3dd0 req-90f8c5c9-538d-4981-8834-0b3a279c3dd0 ] Request (AggregatesAdminNegativeTestJSON:test_aggregate_add_non_exist_host): 200 POST http://10.180.1.21/compute/v2.1/os-aggregates 3.498s
2025-11-14 07:10:40.115 65706 INFO tempest.lib.common.rest_client [req-833f0ff0-c703-43c2-81ef-faa16c963cc7 req-833f0ff0-c703-43c2-81ef-faa16c963cc7 ] Request (SecurityGroupsTestAdminJSON:tearDownClass): 200 GET http://10.180.1.21/networking/v2.0/security-groups?tenant_id=0e268069b5924201a80fd505c14b2ee8&name=default 0.355s
2025-11-14 07:10:40.151 65690 INFO tempest.lib.common.rest_client [req-65f1fcfa-dec8-4849-a034-d04d44344979 req-65f1fcfa-dec8-4849-a034-d04d44344979 ] Request (FlavorsAccessTestJSON:tearDownClass): 204 DELETE http://10.180.1.21/identity/v3/users/db98bd9e07044a1da8615bbca730ea08 0.274s
2025-11-14 07:10:40.152 65690 INFO tempest.lib.common.dynamic_creds [-] Deleting project and security group for project: a98132279b3942e686c04faa56abdc15
2025-11-14 07:10:40.158 65718 INFO tempest.lib.common.rest_client [req-088dab07-585a-4582-858b-f6b8ac7c0a51 req-088dab07-585a-4582-858b-f6b8ac7c0a51 ] Request (HostsAdminTestJSON:tearDownClass): 204 DELETE http://10.180.1.21/identity/v3/users/2b62f3754ca04be3be69a891d9edf876 0.184s
2025-11-14 07:10:40.158 65718 INFO tempest.lib.common.dynamic_creds [-] Deleting project and security group for project: f892e2546c4d4ebaa02a1caefc4a5a91
2025-11-14 07:10:40.218 65728 INFO tempest.lib.common.rest_client [req-0b50b528-fdb6-4bff-a1f0-4517a1322917 req-0b50b528-fdb6-4bff-a1f0-4517a1322917 ] Request (ImagesNegativeTestJSON:test_create_image_from_deleted_server): 201 POST http://10.180.1.21/identity/v3/auth/tokens 0.185s
2025-11-14 07:10:40.218 65728 INFO tempest.lib.common.fixed_network [-] (ImagesNegativeTestJSON:test_create_image_from_deleted_server) Found network {'id': 'd7363311-facf-465d-9717-1d311dad5543', 'name': 'tempest-ImagesNegativeTestJSON-138508323-network', 'tenant_id': '30cb14d3cac74e22bffdac563892ae21', 'project_id': '30cb14d3cac74e22bffdac563892ae21', 'admin_state_up': True, 'mtu': 8950, 'status': 'ACTIVE', 'subnets': [], 'shared': False, 'port_security_enabled': True, 'router:external': False, 'provider:network_type': 'vlan', 'provider:physical_network': 'default', 'provider:segmentation_id': 686, 'availability_zone_hints': [], 'availability_zones': [], 'ipv4_address_scope': None, 'ipv6_address_scope': None, 'description': '', 'tags': [], 'created_at': '2025-11-14T07:10:37Z', 'updated_at': '2025-11-14T07:10:37Z', 'revision_number': 1} available for tenant
2025-11-14 07:10:40.225 65690 INFO tempest.lib.common.rest_client [req-ef847200-fb00-497d-90ec-b3c12961442e req-ef847200-fb00-497d-90ec-b3c12961442e ] Request (FlavorsAccessTestJSON:tearDownClass): 201 POST http://10.180.1.21/identity/v3/auth/tokens 0.072s
2025-11-14 07:10:40.251 65710 INFO tempest.lib.common.rest_client [req-fd9bf9bc-1471-4ab6-8b27-6fb7bf674d73 req-fd9bf9bc-1471-4ab6-8b27-6fb7bf674d73 ] Request (InstanceUsageAuditLogNegativeTestJSON:tearDownClass): 204 DELETE http://10.180.1.21/networking/v2.0/security-groups/3705bed9-5eef-4cb5-93ce-1c27b96323ab 0.414s
2025-11-14 07:10:40.252 65718 INFO tempest.lib.common.rest_client [req-76354be6-7723-4afa-a5fc-99e0d86c452d req-76354be6-7723-4afa-a5fc-99e0d86c452d ] Request (HostsAdminTestJSON:tearDownClass): 201 POST http://10.180.1.21/identity/v3/auth/tokens 0.093s
2025-11-14 07:10:40.323 65710 INFO tempest.lib.common.rest_client [req-56da9611-60fc-441c-9bed-d6f4dd85fae3 req-56da9611-60fc-441c-9bed-d6f4dd85fae3 ] Request (InstanceUsageAuditLogNegativeTestJSON:tearDownClass): 204 DELETE http://10.180.1.21/identity/v3/projects/643c3d6458af4c868c881c213722e9e9 0.072s
2025-11-14 07:10:40.352 65706 INFO tempest.lib.common.rest_client [req-c01d14eb-79ff-4b47-a5d3-27a2e483188b req-c01d14eb-79ff-4b47-a5d3-27a2e483188b ] Request (SecurityGroupsTestAdminJSON:tearDownClass): 204 DELETE http://10.180.1.21/networking/v2.0/security-groups/14d6c694-c8ec-4e2a-a554-e499a8cbab9f 0.236s
2025-11-14 07:10:40.414 65710 INFO tempest.lib.common.rest_client [req-310ea8d2-57c2-4117-b62a-1c014691f03c req-310ea8d2-57c2-4117-b62a-1c014691f03c ] Request (ServersAaction247Test:setUpClass): 201 POST http://10.180.1.21/identity/v3/auth/tokens 0.087s
2025-11-14 07:10:40.472 65706 INFO tempest.lib.common.rest_client [req-fe740657-7db6-4d4f-88c3-8bb8e9334dc3 req-fe740657-7db6-4d4f-88c3-8bb8e9334dc3 ] Request (SecurityGroupsTestAdminJSON:tearDownClass): 204 DELETE http://10.180.1.21/identity/v3/projects/0e268069b5924201a80fd505c14b2ee8 0.120s
2025-11-14 07:10:40.473 65706 INFO tempest.lib.common.dynamic_creds [-] Deleting project and security group for project: 2940488b56f1429394bd66ffdaf99930
2025-11-14 07:10:40.531 65710 INFO tempest.lib.common.rest_client [req-e8802192-00e9-45ac-a010-8bb13fb81760 req-e8802192-00e9-45ac-a010-8bb13fb81760 ] Request (ServersAaction247Test:setUpClass): 201 POST http://10.180.1.21/identity/v3/auth/tokens 0.113s
2025-11-14 07:10:40.556 65710 INFO tempest.lib.common.rest_client [req-a4306cc5-9a93-4d1b-ba84-5e97f23f6c01 req-a4306cc5-9a93-4d1b-ba84-5e97f23f6c01 ] Request (ServersAaction247Test:setUpClass): 200 GET http://10.180.1.21/identity/v3/domains?name=Default 0.024s
2025-11-14 07:10:40.591 65710 INFO tempest.lib.common.rest_client [req-df0a17fb-add1-4e97-923a-780e0efe51e3 req-df0a17fb-add1-4e97-923a-780e0efe51e3 ] Request (ServersAaction247Test:setUpClass): 201 POST http://10.180.1.21/identity/v3/projects 0.034s
2025-11-14 07:10:40.643 65690 INFO tempest.lib.common.rest_client [req-9e1b77da-5986-4941-a0a8-5ad7513089cf req-9e1b77da-5986-4941-a0a8-5ad7513089cf ] Request (FlavorsAccessTestJSON:tearDownClass): 200 GET http://10.180.1.21/networking/v2.0/security-groups?tenant_id=a98132279b3942e686c04faa56abdc15&name=default 0.418s
2025-11-14 07:10:40.668 65710 INFO tempest.lib.common.rest_client [req-235761f7-8cd1-4235-b3c8-a583904ef12b req-235761f7-8cd1-4235-b3c8-a583904ef12b ] Request (ServersAaction247Test:setUpClass): 201 POST http://10.180.1.21/identity/v3/users 0.076s
2025-11-14 07:10:40.692 65710 INFO tempest.lib.common.rest_client [req-d22a8aff-34df-475a-9c7e-f481d2ee53ce req-d22a8aff-34df-475a-9c7e-f481d2ee53ce ] Request (ServersAaction247Test:setUpClass): 200 GET http://10.180.1.21/identity/v3/roles 0.023s
2025-11-14 07:10:40.723 65710 INFO tempest.lib.common.rest_client [req-751a85fe-e8a8-44e2-b53f-ba509c0c7951 req-751a85fe-e8a8-44e2-b53f-ba509c0c7951 ] Request (ServersAaction247Test:setUpClass): 204 PUT http://10.180.1.21/identity/v3/projects/dce724c59648440d8aad89210c975813/users/477cd5b34f2f49478f1ce1c1322f3eb6/roles/5b5024e440474a5cabca60ee2c9de23d 0.030s
2025-11-14 07:10:40.723 65710 INFO tempest.lib.common.dynamic_creds [-] Dynamic test user 477cd5b34f2f49478f1ce1c1322f3eb6 is created with scope project and roles: ['member']
2025-11-14 07:10:40.723 65710 INFO tempest.lib.common.dynamic_creds [-] Acquired dynamic creds: credentials: Credentials: {'domain_id': 'default', 'domain_name': 'Default', 'username': 'tempest-ServersAaction247Test-1306455267-project-member', 'project_domain_id': 'default', 'project_domain_name': 'Default', 'project_id': 'dce724c59648440d8aad89210c975813', 'project_name': 'tempest-ServersAaction247Test-1306455267', 'tenant_id': 'dce724c59648440d8aad89210c975813', 'tenant_name': 'tempest-ServersAaction247Test-1306455267', 'user_domain_id': 'default', 'user_domain_name': 'Default', 'user_id': '477cd5b34f2f49478f1ce1c1322f3eb6', 'system': None}, Network: None, Subnet: None, Router: None
2025-11-14 07:10:40.723 65710 INFO tempest.lib.common.dynamic_creds [-] Created isolated network resources for: credentials: Credentials: {'domain_id': 'default', 'domain_name': 'Default', 'username': 'tempest-ServersAaction247Test-1306455267-project-member', 'project_domain_id': 'default', 'project_domain_name': 'Default', 'project_id': 'dce724c59648440d8aad89210c975813', 'project_name': 'tempest-ServersAaction247Test-1306455267', 'tenant_id': 'dce724c59648440d8aad89210c975813', 'tenant_name': 'tempest-ServersAaction247Test-1306455267', 'user_domain_id': 'default', 'user_domain_name': 'Default', 'user_id': '477cd5b34f2f49478f1ce1c1322f3eb6', 'system': None}, Network: None, Subnet: None, Router: None
2025-11-14 07:10:40.791 65710 INFO tempest.lib.common.rest_client [req-ecb7778e-84b8-4af9-ac50-d0db1be8f29f req-ecb7778e-84b8-4af9-ac50-d0db1be8f29f ] Request (ServersAaction247Test:setUpClass): 201 POST http://10.180.1.21/identity/v3/auth/tokens 0.065s
2025-11-14 07:10:40.824 65710 INFO tempest.lib.common.rest_client [req-02ef3363-6718-45ba-a33f-a97386edcb63 req-02ef3363-6718-45ba-a33f-a97386edcb63 ] Request (ServersAaction247Test:test_create_backup): 201 POST http://10.180.1.21/identity/v3/auth/tokens 0.029s
2025-11-14 07:10:40.824 65710 INFO tempest.lib.common.fixed_network [-] (ServersAaction247Test:test_create_backup) Found network None available for tenant
2025-11-14 07:10:40.838 65718 INFO tempest.lib.common.rest_client [req-5ee3fe5d-da07-4782-bfd6-7c0f18de7eb3 req-5ee3fe5d-da07-4782-bfd6-7c0f18de7eb3 ] Request (HostsAdminTestJSON:tearDownClass): 200 GET http://10.180.1.21/networking/v2.0/security-groups?tenant_id=f892e2546c4d4ebaa02a1caefc4a5a91&name=default 0.585s
2025-11-14 07:10:40.979 65706 INFO tempest.lib.common.rest_client [req-8b19da1d-a21f-48df-b85f-60234eeb6542 req-8b19da1d-a21f-48df-b85f-60234eeb6542 ] Request (SecurityGroupsTestAdminJSON:tearDownClass): 200 GET http://10.180.1.21/networking/v2.0/security-groups?tenant_id=2940488b56f1429394bd66ffdaf99930&name=default 0.506s
2025-11-14 07:10:41.057 65690 INFO tempest.lib.common.rest_client [req-16ffbbba-65e6-46e0-939a-7b88c3778a29 req-16ffbbba-65e6-46e0-939a-7b88c3778a29 ] Request (FlavorsAccessTestJSON:tearDownClass): 204 DELETE http://10.180.1.21/networking/v2.0/security-groups/19d782fe-1850-4a4f-9394-a54c25620493 0.413s
2025-11-14 07:10:41.137 65690 INFO tempest.lib.common.rest_client [req-ecd9cf9c-c9ca-4234-8fd1-a0d90bf78f68 req-ecd9cf9c-c9ca-4234-8fd1-a0d90bf78f68 ] Request (FlavorsAccessTestJSON:tearDownClass): 204 DELETE http://10.180.1.21/identity/v3/projects/a98132279b3942e686c04faa56abdc15 0.080s
2025-11-14 07:10:41.137 65690 INFO tempest.lib.common.dynamic_creds [-] Deleting project and security group for project: 35adf4f9883244e59e2da72fddea7c1b
2025-11-14 07:10:41.157 65718 INFO tempest.lib.common.rest_client [req-2063f100-4c09-45c0-a564-bea7c3895b11 req-2063f100-4c09-45c0-a564-bea7c3895b11 ] Request (HostsAdminTestJSON:tearDownClass): 204 DELETE http://10.180.1.21/networking/v2.0/security-groups/66a7f3ce-ce7c-4211-bc9c-3e491ce68d1e 0.319s
2025-11-14 07:10:41.252 65718 INFO tempest.lib.common.rest_client [req-79dc2cb6-cc76-4a50-8d47-78977da5618a req-79dc2cb6-cc76-4a50-8d47-78977da5618a ] Request (HostsAdminTestJSON:tearDownClass): 204 DELETE http://10.180.1.21/identity/v3/projects/f892e2546c4d4ebaa02a1caefc4a5a91 0.094s
2025-11-14 07:10:41.252 65718 INFO tempest.lib.common.dynamic_creds [-] Deleting project and security group for project: e26c8d744b884fe28e1d34f917ca9b65
2025-11-14 07:10:41.290 65706 INFO tempest.lib.common.rest_client [req-d1eebd30-f7a6-4a6c-95a2-12f488bd2fea req-d1eebd30-f7a6-4a6c-95a2-12f488bd2fea ] Request (SecurityGroupsTestAdminJSON:tearDownClass): 204 DELETE http://10.180.1.21/networking/v2.0/security-groups/5d71bf6c-0c0f-4116-8c50-b7aba753cd38 0.311s
2025-11-14 07:10:41.407 65706 INFO tempest.lib.common.rest_client [req-f747179c-b301-48c8-803d-2c2f28f1f456 req-f747179c-b301-48c8-803d-2c2f28f1f456 ] Request (SecurityGroupsTestAdminJSON:tearDownClass): 204 DELETE http://10.180.1.21/identity/v3/projects/2940488b56f1429394bd66ffdaf99930 0.116s
2025-11-14 07:10:41.430 65690 INFO tempest.lib.common.rest_client [req-5ee577de-a800-4992-a194-44bf2442acef req-5ee577de-a800-4992-a194-44bf2442acef ] Request (FlavorsAccessTestJSON:tearDownClass): 200 GET http://10.180.1.21/networking/v2.0/security-groups?tenant_id=35adf4f9883244e59e2da72fddea7c1b&name=default 0.293s
2025-11-14 07:10:41.477 65706 INFO tempest.lib.common.rest_client [req-17d4377e-44f7-4e5f-8a77-4fc804475931 req-17d4377e-44f7-4e5f-8a77-4fc804475931 ] Request (FloatingIPDetailsNegativeTestJSON:setUpClass): 201 POST http://10.180.1.21/identity/v3/auth/tokens 0.068s
2025-11-14 07:10:41.521 65706 INFO tempest.lib.common.rest_client [req-860859de-b2a5-4393-a052-0fa0ea7aaca9 req-860859de-b2a5-4393-a052-0fa0ea7aaca9 ] Request (FloatingIPDetailsNegativeTestJSON:setUpClass): 201 POST http://10.180.1.21/identity/v3/auth/tokens 0.041s
2025-11-14 07:10:41.555 65706 INFO tempest.lib.common.rest_client [req-27be1523-ff14-48dc-8ceb-d848f2b13c62 req-27be1523-ff14-48dc-8ceb-d848f2b13c62 ] Request (FloatingIPDetailsNegativeTestJSON:setUpClass): 200 GET http://10.180.1.21/identity/v3/domains?name=Default 0.033s
2025-11-14 07:10:41.584 65706 INFO tempest.lib.common.rest_client [req-8b52cacb-e44a-4cca-b24c-b11e8e0ee41a req-8b52cacb-e44a-4cca-b24c-b11e8e0ee41a ] Request (FloatingIPDetailsNegativeTestJSON:setUpClass): 201 POST http://10.180.1.21/identity/v3/projects 0.029s
2025-11-14 07:10:41.666 65706 INFO tempest.lib.common.rest_client [req-c40b1295-5354-4e77-a99b-934937544557 req-c40b1295-5354-4e77-a99b-934937544557 ] Request (FloatingIPDetailsNegativeTestJSON:setUpClass): 201 POST http://10.180.1.21/identity/v3/users 0.081s
2025-11-14 07:10:41.690 65706 INFO tempest.lib.common.rest_client [req-8e8f50c8-aa40-4e26-9a38-03d9cc06c77f req-8e8f50c8-aa40-4e26-9a38-03d9cc06c77f ] Request (FloatingIPDetailsNegativeTestJSON:setUpClass): 200 GET http://10.180.1.21/identity/v3/roles 0.023s
2025-11-14 07:10:41.719 65706 INFO tempest.lib.common.rest_client [req-66240951-a2e1-4aef-b672-ab581c8c75e0 req-66240951-a2e1-4aef-b672-ab581c8c75e0 ] Request (FloatingIPDetailsNegativeTestJSON:setUpClass): 204 PUT http://10.180.1.21/identity/v3/projects/5d3a602cc8004ccb8957cae596948816/users/8f9f569d8eb34523946f63c2db3695bb/roles/5b5024e440474a5cabca60ee2c9de23d 0.029s
2025-11-14 07:10:41.719 65706 INFO tempest.lib.common.dynamic_creds [-] Dynamic test user 8f9f569d8eb34523946f63c2db3695bb is created with scope project and roles: ['member']
2025-11-14 07:10:41.719 65706 INFO tempest.lib.common.dynamic_creds [-] Acquired dynamic creds: credentials: Credentials: {'domain_id': 'default', 'domain_name': 'Default', 'username': 'tempest-FloatingIPDetailsNegativeTestJSON-1859344477-project-member', 'project_domain_id': 'default', 'project_domain_name': 'Default', 'project_id': '5d3a602cc8004ccb8957cae596948816', 'project_name': 'tempest-FloatingIPDetailsNegativeTestJSON-1859344477', 'tenant_id': '5d3a602cc8004ccb8957cae596948816', 'tenant_name': 'tempest-FloatingIPDetailsNegativeTestJSON-1859344477', 'user_domain_id': 'default', 'user_domain_name': 'Default', 'user_id': '8f9f569d8eb34523946f63c2db3695bb', 'system': None}, Network: None, Subnet: None, Router: None
2025-11-14 07:10:41.753 65688 INFO tempest.lib.common.rest_client [req-837844ed-c6f6-4e44-89fe-2a3deb5081be req-837844ed-c6f6-4e44-89fe-2a3deb5081be ] Request (FloatingIPDetailsTestJSON:tearDownClass): 202 DELETE http://10.180.1.21/compute/v2.1/os-floating-ips/ea3ef254-8194-482e-80e8-dd9d213363ad 5.230s
2025-11-14 07:10:41.799 65706 INFO tempest.lib.common.rest_client [req-638740ce-cbc4-4231-bdd1-c25ee7032be3 req-638740ce-cbc4-4231-bdd1-c25ee7032be3 ] Request (FloatingIPDetailsNegativeTestJSON:setUpClass): 201 POST http://10.180.1.21/identity/v3/auth/tokens 0.079s
2025-11-14 07:10:41.854 65718 INFO tempest.lib.common.rest_client [req-3909bdf5-faf8-4b97-87c1-95d643954589 req-3909bdf5-faf8-4b97-87c1-95d643954589 ] Request (HostsAdminTestJSON:tearDownClass): 200 GET http://10.180.1.21/networking/v2.0/security-groups?tenant_id=e26c8d744b884fe28e1d34f917ca9b65&name=default 0.602s
2025-11-14 07:10:41.952 65690 INFO tempest.lib.common.rest_client [req-9baefb41-6d46-4bb3-9331-b55e01c525e9 req-9baefb41-6d46-4bb3-9331-b55e01c525e9 ] Request (FlavorsAccessTestJSON:tearDownClass): 204 DELETE http://10.180.1.21/networking/v2.0/security-groups/9e6cfbb1-f213-4ea6-b721-0dfa18c2f383 0.521s
2025-11-14 07:10:42.038 65690 INFO tempest.lib.common.rest_client [req-d703f63b-5152-4f36-95d9-236d6210817b req-d703f63b-5152-4f36-95d9-236d6210817b ] Request (FlavorsAccessTestJSON:tearDownClass): 204 DELETE http://10.180.1.21/identity/v3/projects/35adf4f9883244e59e2da72fddea7c1b 0.082s
2025-11-14 07:10:42.109 65690 INFO tempest.lib.common.rest_client [req-67da80fe-451e-4165-b9be-a51fd8f95e3f req-67da80fe-451e-4165-b9be-a51fd8f95e3f ] Request (ServersTestJSON:setUpClass): 201 POST http://10.180.1.21/identity/v3/auth/tokens 0.069s
2025-11-14 07:10:42.120 65718 INFO tempest.lib.common.rest_client [req-e14bc662-08fc-4cdd-934b-0e4671433036 req-e14bc662-08fc-4cdd-934b-0e4671433036 ] Request (HostsAdminTestJSON:tearDownClass): 204 DELETE http://10.180.1.21/networking/v2.0/security-groups/f1fe0e76-1264-4bdb-8da5-743fa72af568 0.266s
2025-11-14 07:10:42.141 65690 INFO tempest.lib.common.rest_client [req-8ad3fe76-e86b-4a88-99d4-08a0d13171a1 req-8ad3fe76-e86b-4a88-99d4-08a0d13171a1 ] Request (ServersTestJSON:setUpClass): 201 POST http://10.180.1.21/identity/v3/auth/tokens 0.029s
2025-11-14 07:10:42.169 65690 INFO tempest.lib.common.rest_client [req-c80cbddd-c751-46c9-8408-f1cfdda64747 req-c80cbddd-c751-46c9-8408-f1cfdda64747 ] Request (ServersTestJSON:setUpClass): 200 GET http://10.180.1.21/identity/v3/domains?name=Default 0.027s
2025-11-14 07:10:42.192 65718 INFO tempest.lib.common.rest_client [req-d237a7a5-4f3d-40a8-a10c-6357d219b7a7 req-d237a7a5-4f3d-40a8-a10c-6357d219b7a7 ] Request (HostsAdminTestJSON:tearDownClass): 204 DELETE http://10.180.1.21/identity/v3/projects/e26c8d744b884fe28e1d34f917ca9b65 0.071s
2025-11-14 07:10:42.223 65718 INFO tempest.lib.common.rest_client [req-af6f7c31-a5dc-437f-9533-760eab9cadfd req-af6f7c31-a5dc-437f-9533-760eab9cadfd ] Request (ServersTestBootFromVolume:setUpClass): 201 POST http://10.180.1.21/identity/v3/auth/tokens 0.028s
2025-11-14 07:10:42.244 65690 INFO tempest.lib.common.rest_client [req-55e727a6-fff1-456a-aec6-1a4f943594ce req-55e727a6-fff1-456a-aec6-1a4f943594ce ] Request (ServersTestJSON:setUpClass): 201 POST http://10.180.1.21/identity/v3/projects 0.075s
2025-11-14 07:10:42.300 65718 INFO tempest.lib.common.rest_client [req-e6d224da-82e5-44e7-b668-9de95424ba90 req-e6d224da-82e5-44e7-b668-9de95424ba90 ] Request (ServersTestBootFromVolume:setUpClass): 201 POST http://10.180.1.21/identity/v3/auth/tokens 0.075s
2025-11-14 07:10:42.312 65714 INFO tempest.lib.common.rest_client [req-7d8412c5-df61-4339-9f21-cb27522f8045 req-7d8412c5-df61-4339-9f21-cb27522f8045 ] Request (ServersWithSpecificFlavorTestJSON:test_verify_created_server_ephemeral_disk): 202 POST http://10.180.1.21/compute/v2.1/servers 5.766s
2025-11-14 07:10:42.328 65718 INFO tempest.lib.common.rest_client [req-65e05a2e-5392-489b-a8d5-341827202619 req-65e05a2e-5392-489b-a8d5-341827202619 ] Request (ServersTestBootFromVolume:setUpClass): 200 GET http://10.180.1.21/identity/v3/domains?name=Default 0.027s
2025-11-14 07:10:42.370 65690 INFO tempest.lib.common.rest_client [req-583ca81b-5041-4bbd-8a32-761a326fbf73 req-583ca81b-5041-4bbd-8a32-761a326fbf73 ] Request (ServersTestJSON:setUpClass): 201 POST http://10.180.1.21/identity/v3/users 0.124s
2025-11-14 07:10:42.373 65718 INFO tempest.lib.common.rest_client [req-d2e2ff74-4b5d-4768-b069-c103ff4b3090 req-d2e2ff74-4b5d-4768-b069-c103ff4b3090 ] Request (ServersTestBootFromVolume:setUpClass): 201 POST http://10.180.1.21/identity/v3/projects 0.045s
2025-11-14 07:10:42.393 65706 INFO tempest.lib.common.rest_client [req-e4c05d94-2dbf-4ba4-99d1-4bc9e554283f req-e4c05d94-2dbf-4ba4-99d1-4bc9e554283f ] Request (FloatingIPDetailsNegativeTestJSON:setUpClass): 201 POST http://10.180.1.21/networking/v2.0/networks 0.593s
2025-11-14 07:10:42.436 65690 INFO tempest.lib.common.rest_client [req-7866dc82-74b1-4cc0-ba93-1ce984de56d1 req-7866dc82-74b1-4cc0-ba93-1ce984de56d1 ] Request (ServersTestJSON:setUpClass): 200 GET http://10.180.1.21/identity/v3/roles 0.066s
2025-11-14 07:10:42.451 65718 INFO tempest.lib.common.rest_client [req-256c3ef6-83dc-484b-ac97-be8787d86a26 req-256c3ef6-83dc-484b-ac97-be8787d86a26 ] Request (ServersTestBootFromVolume:setUpClass): 201 POST http://10.180.1.21/identity/v3/users 0.077s
2025-11-14 07:10:42.465 65690 INFO tempest.lib.common.rest_client [req-f01cd9b5-ee6a-4bc8-9c52-5df688c5fa3a req-f01cd9b5-ee6a-4bc8-9c52-5df688c5fa3a ] Request (ServersTestJSON:setUpClass): 204 PUT http://10.180.1.21/identity/v3/projects/7029cea5e920420ba8c20db79cf5e40b/users/935ac56869614b3da180688290917668/roles/5b5024e440474a5cabca60ee2c9de23d 0.028s
2025-11-14 07:10:42.465 65690 INFO tempest.lib.common.dynamic_creds [-] Dynamic test user 935ac56869614b3da180688290917668 is created with scope project and roles: ['member']
2025-11-14 07:10:42.466 65690 INFO tempest.lib.common.dynamic_creds [-] Acquired dynamic creds: credentials: Credentials: {'domain_id': 'default', 'domain_name': 'Default', 'username': 'tempest-ServersTestJSON-1910617405-project-member', 'project_domain_id': 'default', 'project_domain_name': 'Default', 'project_id': '7029cea5e920420ba8c20db79cf5e40b', 'project_name': 'tempest-ServersTestJSON-1910617405', 'tenant_id': '7029cea5e920420ba8c20db79cf5e40b', 'tenant_name': 'tempest-ServersTestJSON-1910617405', 'user_domain_id': 'default', 'user_domain_name': 'Default', 'user_id': '935ac56869614b3da180688290917668', 'system': None}, Network: None, Subnet: None, Router: None
2025-11-14 07:10:42.473 65718 INFO tempest.lib.common.rest_client [req-53b32a9b-3258-4860-9d89-4295e547786b req-53b32a9b-3258-4860-9d89-4295e547786b ] Request (ServersTestBootFromVolume:setUpClass): 200 GET http://10.180.1.21/identity/v3/roles 0.021s
2025-11-14 07:10:42.525 65690 INFO tempest.lib.common.rest_client [req-da08da1e-6f1a-43d9-bcf3-1547b2bd3e27 req-da08da1e-6f1a-43d9-bcf3-1547b2bd3e27 ] Request (ServersTestJSON:setUpClass): 201 POST http://10.180.1.21/identity/v3/auth/tokens 0.060s
2025-11-14 07:10:42.545 65718 INFO tempest.lib.common.rest_client [req-b996835c-550c-4fee-82e4-d2c0b36ebc69 req-b996835c-550c-4fee-82e4-d2c0b36ebc69 ] Request (ServersTestBootFromVolume:setUpClass): 204 PUT http://10.180.1.21/identity/v3/projects/4fee67f81db34f019b948cd1456d2fbb/users/c1d0f5a812064e64bb03cc501e1d8aa3/roles/5b5024e440474a5cabca60ee2c9de23d 0.072s
2025-11-14 07:10:42.546 65718 INFO tempest.lib.common.dynamic_creds [-] Dynamic test user c1d0f5a812064e64bb03cc501e1d8aa3 is created with scope project and roles: ['member']
2025-11-14 07:10:42.546 65718 INFO tempest.lib.common.dynamic_creds [-] Acquired dynamic creds: credentials: Credentials: {'domain_id': 'default', 'domain_name': 'Default', 'username': 'tempest-ServersTestBootFromVolume-1814206897-project-member', 'project_domain_id': 'default', 'project_domain_name': 'Default', 'project_id': '4fee67f81db34f019b948cd1456d2fbb', 'project_name': 'tempest-ServersTestBootFromVolume-1814206897', 'tenant_id': '4fee67f81db34f019b948cd1456d2fbb', 'tenant_name': 'tempest-ServersTestBootFromVolume-1814206897', 'user_domain_id': 'default', 'user_domain_name': 'Default', 'user_id': 'c1d0f5a812064e64bb03cc501e1d8aa3', 'system': None}, Network: None, Subnet: None, Router: None
2025-11-14 07:10:42.547 65668 INFO tempest.lib.common.rest_client [req-d1a91927-5b9a-401f-8892-bf13699c2808 req-d1a91927-5b9a-401f-8892-bf13699c2808 ] Request (SecurityGroupRulesNegativeTestJSON:test_create_security_group_rule_with_invalid_to_port): 400 POST http://10.180.1.21/compute/v2.1/os-security-group-rules 4.863s
2025-11-14 07:10:42.626 65718 INFO tempest.lib.common.rest_client [req-c6a0ae78-ebe5-439a-b61a-f24f294ee6c0 req-c6a0ae78-ebe5-439a-b61a-f24f294ee6c0 ] Request (ServersTestBootFromVolume:setUpClass): 201 POST http://10.180.1.21/identity/v3/auth/tokens 0.080s
2025-11-14 07:10:42.768 65706 INFO tempest.lib.common.rest_client [req-59b24c45-22fb-437e-8368-025d94fe4e75 req-59b24c45-22fb-437e-8368-025d94fe4e75 ] Request (FloatingIPDetailsNegativeTestJSON:setUpClass): 201 POST http://10.180.1.21/networking/v2.0/subnets 0.374s
2025-11-14 07:10:42.996 65690 INFO tempest.lib.common.rest_client [req-e9f9baed-7788-485e-844b-13a62965404f req-e9f9baed-7788-485e-844b-13a62965404f ] Request (ServersTestJSON:setUpClass): 201 POST http://10.180.1.21/networking/v2.0/networks 0.470s
2025-11-14 07:10:42.996 65718 INFO tempest.lib.common.rest_client [req-4e29d4de-dbee-432e-9837-626099665d40 req-4e29d4de-dbee-432e-9837-626099665d40 ] Request (ServersTestBootFromVolume:setUpClass): 201 POST http://10.180.1.21/networking/v2.0/networks 0.369s
2025-11-14 07:10:43.071 65692 INFO tempest.lib.common.rest_client [req-e1d750a1-c3df-49aa-8a7a-b4200f85241b req-e1d750a1-c3df-49aa-8a7a-b4200f85241b ] Request (MigrationsAdminTest:test_list_migrations_in_flavor_resize_situation): 202 POST http://10.180.1.21/compute/v2.1/servers 5.767s
2025-11-14 07:10:43.099 65676 INFO tempest.lib.common.rest_client [req-001a14be-6769-4492-9f8d-164f1e85532e req-001a14be-6769-4492-9f8d-164f1e85532e ] Request (FlavorsExtraSpecsNegativeTestJSON:tearDownClass): 200 GET http://10.180.1.21/compute/v2.1/flavors/detail 5.383s
2025-11-14 07:10:43.124 65670 INFO tempest.lib.common.rest_client [req-1039578d-2df3-4fc6-8fa5-38dd270c9eef req-1039578d-2df3-4fc6-8fa5-38dd270c9eef ] Request (ServerDiagnosticsV248Test:test_get_server_diagnostics): 200 GET http://10.180.1.21/compute/v2.1/servers/dc3554ac-c0a7-413a-bc07-c4d89da8dffa/diagnostics 5.409s
2025-11-14 07:10:43.145 65672 INFO tempest.lib.common.rest_client [req-c08e74b3-a020-4285-a0f0-fafa3a3f8d7d req-c08e74b3-a020-4285-a0f0-fafa3a3f8d7d ] Request (FlavorsAdminTestJSON:test_create_flavor_with_none_id): 200 POST http://10.180.1.21/compute/v2.1/flavors 5.294s
2025-11-14 07:10:43.168 65680 INFO tempest.lib.common.rest_client [req-f262f948-6dda-4b00-b41d-ac1634ec4ec6 req-f262f948-6dda-4b00-b41d-ac1634ec4ec6 ] Request (FlavorsExtraSpecsTestJSON:test_flavor_set_get_update_show_unset_keys): 200 DELETE http://10.180.1.21/compute/v2.1/flavors/1286384184/os-extra_specs/hw:cpu_policy 5.301s
2025-11-14 07:10:43.241 65676 INFO tempest.lib.common.rest_client [req-1bcc9675-debf-4514-b91f-79a19da425d6 req-1bcc9675-debf-4514-b91f-79a19da425d6 ] Request (FlavorsExtraSpecsNegativeTestJSON:tearDownClass): 204 DELETE http://10.180.1.21/identity/v3/users/a23b4f9070a84cda9f16ad2bd4935f2e 0.136s
2025-11-14 07:10:43.248 65678 INFO tempest.lib.common.rest_client [req-cc064526-ec5c-4a8d-ad3a-1b3d85652b6e req-cc064526-ec5c-4a8d-ad3a-1b3d85652b6e ] Request (ServerExternalEventsTest:tearDownClass): 204 DELETE http://10.180.1.21/compute/v2.1/servers/8253c9dd-1dba-410a-aefc-369041aa2bd0 5.429s
2025-11-14 07:10:43.274 65684 INFO tempest.lib.common.rest_client [req-a9b293f0-927a-4a06-bdc2-7db25872f5a9 req-a9b293f0-927a-4a06-bdc2-7db25872f5a9 ] Request (ServicesAdminNegativeV253TestJSON:test_get_service_by_invalid_service_and_valid_host): 200 GET http://10.180.1.21/compute/v2.1/os-services 5.383s
2025-11-14 07:10:43.277 65700 INFO tempest.lib.common.rest_client [req-c606a34b-8e49-409f-9b4a-cb6c87133771 req-c606a34b-8e49-409f-9b4a-cb6c87133771 ] Request (HostsAdminNegativeTestJSON:test_update_host_with_invalid_maintenance_mode): 400 PUT http://10.180.1.21/compute/v2.1/os-hosts/devstack 5.376s
2025-11-14 07:10:43.313 65724 INFO tempest.lib.common.rest_client [req-78ab45a4-0fe6-4487-b8a1-a4f5d2042052 req-78ab45a4-0fe6-4487-b8a1-a4f5d2042052 ] Request (ServerAddressesNegativeTestJSON:test_list_server_addresses_by_network_neg): 404 GET http://10.180.1.21/compute/v2.1/servers/3a19d3d1-0127-44b6-a1db-6806ebb7bf60/ips/invalid 5.409s
2025-11-14 07:10:43.355 65676 INFO tempest.lib.common.rest_client [req-353d0187-4fae-4bd6-a2e0-8315e888a164 req-353d0187-4fae-4bd6-a2e0-8315e888a164 ] Request (FlavorsExtraSpecsNegativeTestJSON:tearDownClass): 204 DELETE http://10.180.1.21/identity/v3/users/c2d110921c9444a8bd9f554a403ebb77 0.113s
2025-11-14 07:10:43.355 65676 INFO tempest.lib.common.dynamic_creds [-] Deleting project and security group for project: f795d6d854384c60abff75f4716383aa
2025-11-14 07:10:43.423 65676 INFO tempest.lib.common.rest_client [req-2d251ad4-70c5-4a23-9d69-c2c4fe33cf4c req-2d251ad4-70c5-4a23-9d69-c2c4fe33cf4c ] Request (FlavorsExtraSpecsNegativeTestJSON:tearDownClass): 201 POST http://10.180.1.21/identity/v3/auth/tokens 0.068s
2025-11-14 07:10:43.815 65706 INFO tempest.lib.common.rest_client [req-c285ab53-dcdb-40f6-aed9-580a8a469525 req-c285ab53-dcdb-40f6-aed9-580a8a469525 ] Request (FloatingIPDetailsNegativeTestJSON:setUpClass): 201 POST http://10.180.1.21/networking/v2.0/routers 1.046s
2025-11-14 07:10:44.021 65690 INFO tempest.lib.common.rest_client [req-1ba76f58-6562-48a7-bea2-bd1f7bbc4bbc req-1ba76f58-6562-48a7-bea2-bd1f7bbc4bbc ] Request (ServersTestJSON:setUpClass): 201 POST http://10.180.1.21/networking/v2.0/subnets 1.025s
2025-11-14 07:10:44.183 65718 INFO tempest.lib.common.rest_client [req-77180c71-03d4-410f-bd6d-8bc8e56226c4 req-77180c71-03d4-410f-bd6d-8bc8e56226c4 ] Request (ServersTestBootFromVolume:setUpClass): 201 POST http://10.180.1.21/networking/v2.0/subnets 1.187s
2025-11-14 07:10:44.546 65676 INFO tempest.lib.common.rest_client [req-019afe62-c384-4648-9874-faf92404ad5c req-019afe62-c384-4648-9874-faf92404ad5c ] Request (FlavorsExtraSpecsNegativeTestJSON:tearDownClass): 200 GET http://10.180.1.21/networking/v2.0/security-groups?tenant_id=f795d6d854384c60abff75f4716383aa&name=default 1.122s
2025-11-14 07:10:45.437 65706 INFO tempest.lib.common.rest_client [req-ccc5102d-a1e5-4ce7-9f9f-3b01cf7aba8a req-ccc5102d-a1e5-4ce7-9f9f-3b01cf7aba8a ] Request (FloatingIPDetailsNegativeTestJSON:setUpClass): 200 PUT http://10.180.1.21/networking/v2.0/routers/05425e76-f012-402c-986d-1a8164748ded/add_router_interface 1.622s
2025-11-14 07:10:45.437 65706 INFO tempest.lib.common.dynamic_creds [-] Created isolated network resources for: credentials: Credentials: {'domain_id': 'default', 'domain_name': 'Default', 'username': 'tempest-FloatingIPDetailsNegativeTestJSON-1859344477-project-member', 'project_domain_id': 'default', 'project_domain_name': 'Default', 'project_id': '5d3a602cc8004ccb8957cae596948816', 'project_name': 'tempest-FloatingIPDetailsNegativeTestJSON-1859344477', 'tenant_id': '5d3a602cc8004ccb8957cae596948816', 'tenant_name': 'tempest-FloatingIPDetailsNegativeTestJSON-1859344477', 'user_domain_id': 'default', 'user_domain_name': 'Default', 'user_id': '8f9f569d8eb34523946f63c2db3695bb', 'system': None}, Network: {'id': '60cd9367-2e91-45de-80ed-ea19cf7220e8', 'name': 'tempest-FloatingIPDetailsNegativeTestJSON-413123006-network', 'tenant_id': '5d3a602cc8004ccb8957cae596948816', 'project_id': '5d3a602cc8004ccb8957cae596948816', 'admin_state_up': True, 'mtu': 8950, 'status': 'ACTIVE', 'subnets': [], 'shared': False, 'port_security_enabled': True, 'router:external': False, 'provider:network_type': 'vlan', 'provider:physical_network': 'default', 'provider:segmentation_id': 5, 'availability_zone_hints': [], 'availability_zones': [], 'ipv4_address_scope': None, 'ipv6_address_scope': None, 'description': '', 'tags': [], 'created_at': '2025-11-14T07:10:42Z', 'updated_at': '2025-11-14T07:10:42Z', 'revision_number': 1}, Subnet: {'id': 'd0e62977-bfb6-42c1-99b1-5848a642220c', 'name': 'tempest-FloatingIPDetailsNegativeTestJSON-413123006-subnet', 'tenant_id': '5d3a602cc8004ccb8957cae596948816', 'network_id': '60cd9367-2e91-45de-80ed-ea19cf7220e8', 'ip_version': 4, 'subnetpool_id': None, 'enable_dhcp': True, 'ipv6_ra_mode': None, 'ipv6_address_mode': None, 'gateway_ip': '192.168.128.1', 'cidr': '192.168.128.0/28', 'allocation_pools': [{'start': '192.168.128.2', 'end': '192.168.128.14'}], 'host_routes': [], 'dns_nameservers': [], 'description': '', 'router:external': False, 'service_types': [], 'tags': [], 'created_at': '2025-11-14T07:10:42Z', 'updated_at': '2025-11-14T07:10:42Z', 'revision_number': 0, 'project_id': '5d3a602cc8004ccb8957cae596948816'}, Router: {'id': '05425e76-f012-402c-986d-1a8164748ded', 'name': 'tempest-FloatingIPDetailsNegativeTestJSON-413123006-router', 'tenant_id': '5d3a602cc8004ccb8957cae596948816', 'admin_state_up': True, 'status': 'ACTIVE', 'external_gateway_info': {'network_id': '7f3d0b3b-8912-4216-b5ab-4e7c527cf0e3', 'external_fixed_ips': [{'subnet_id': '0f6ba3c1-c6d4-4cc5-a400-c4b4f255cbe5', 'ip_address': '10.180.180.156'}], 'enable_snat': True}, 'description': '', 'availability_zones': [], 'distributed': False, 'ha': False, 'availability_zone_hints': [], 'routes': [], 'flavor_id': None, 'tags': [], 'created_at': '2025-11-14T07:10:43Z', 'updated_at': '2025-11-14T07:10:43Z', 'revision_number': 2, 'project_id': '5d3a602cc8004ccb8957cae596948816'}
2025-11-14 07:10:45.504 65690 INFO tempest.lib.common.rest_client [req-74b901f8-34a2-4fbf-a7bf-4cc0a0b051d9 req-74b901f8-34a2-4fbf-a7bf-4cc0a0b051d9 ] Request (ServersTestJSON:setUpClass): 201 POST http://10.180.1.21/networking/v2.0/routers 1.482s
2025-11-14 07:10:45.522 65706 INFO tempest.lib.common.rest_client [req-53342208-68cf-490f-b9b5-c5d81e7a5d37 req-53342208-68cf-490f-b9b5-c5d81e7a5d37 ] Request (FloatingIPDetailsNegativeTestJSON:setUpClass): 201 POST http://10.180.1.21/identity/v3/auth/tokens 0.080s
2025-11-14 07:10:45.575 65696 INFO tempest.lib.common.rest_client [req-56e0fb67-16c3-4456-8c2d-6395288b3dd8 req-56e0fb67-16c3-4456-8c2d-6395288b3dd8 ] Request (VolumesAssistedSnapshotsTest:test_volume_assisted_snapshot_create_delete): 200 GET http://10.180.1.21/compute/v2.1/servers/d4d1249b-92b3-464b-a26c-28acc177095b 7.701s
2025-11-14 07:10:45.585 65696 INFO tempest.common.waiters [-] State transition "BUILD/spawning" ==> "ACTIVE/None" after 17 second wait
2025-11-14 07:10:45.603 65731 INFO tempest.lib.common.rest_client [req-cc9dff4c-aacb-4e93-9220-4897df26b2da req-cc9dff4c-aacb-4e93-9220-4897df26b2da ] Request (InstanceActionsV221TestJSON:test_get_list_deleted_instance_actions): 200 GET http://10.180.1.21/compute/v2.1/servers/8fb20b85-b646-4299-98c4-6cae40fc657f 7.643s
2025-11-14 07:10:45.696 65676 INFO tempest.lib.common.rest_client [req-5786328d-fb82-419a-9965-6a4e01c4a197 req-5786328d-fb82-419a-9965-6a4e01c4a197 ] Request (FlavorsExtraSpecsNegativeTestJSON:tearDownClass): 204 DELETE http://10.180.1.21/networking/v2.0/security-groups/87e3abdb-6399-4e3c-af8d-ca8fd64adf21 1.150s
2025-11-14 07:10:45.834 65676 INFO tempest.lib.common.rest_client [req-e8217af2-88ac-4236-a135-4daa08f3180b req-e8217af2-88ac-4236-a135-4daa08f3180b ] Request (FlavorsExtraSpecsNegativeTestJSON:tearDownClass): 204 DELETE http://10.180.1.21/identity/v3/projects/f795d6d854384c60abff75f4716383aa 0.133s
2025-11-14 07:10:45.835 65676 INFO tempest.lib.common.dynamic_creds [-] Deleting project and security group for project: 7486d59b4cbc44299abc2c2e180cd838
2025-11-14 07:10:46.244 65718 INFO tempest.lib.common.rest_client [req-9e979e46-c697-4d1f-8976-f77b3981760f req-9e979e46-c697-4d1f-8976-f77b3981760f ] Request (ServersTestBootFromVolume:setUpClass): 201 POST http://10.180.1.21/networking/v2.0/routers 2.060s
2025-11-14 07:10:46.554 65676 INFO tempest.lib.common.rest_client [req-acf3f7fd-474f-4ad7-880c-d56a55a530ee req-acf3f7fd-474f-4ad7-880c-d56a55a530ee ] Request (FlavorsExtraSpecsNegativeTestJSON:tearDownClass): 200 GET http://10.180.1.21/networking/v2.0/security-groups?tenant_id=7486d59b4cbc44299abc2c2e180cd838&name=default 0.719s
2025-11-14 07:10:46.633 65690 INFO tempest.lib.common.rest_client [req-216113c7-fba9-49a1-a322-355347503b03 req-216113c7-fba9-49a1-a322-355347503b03 ] Request (ServersTestJSON:setUpClass): 200 PUT http://10.180.1.21/networking/v2.0/routers/74fd65cc-fc59-4e6e-b6f8-834dcb9262e2/add_router_interface 1.128s
2025-11-14 07:10:46.633 65690 INFO tempest.lib.common.dynamic_creds [-] Created isolated network resources for: credentials: Credentials: {'domain_id': 'default', 'domain_name': 'Default', 'username': 'tempest-ServersTestJSON-1910617405-project-member', 'project_domain_id': 'default', 'project_domain_name': 'Default', 'project_id': '7029cea5e920420ba8c20db79cf5e40b', 'project_name': 'tempest-ServersTestJSON-1910617405', 'tenant_id': '7029cea5e920420ba8c20db79cf5e40b', 'tenant_name': 'tempest-ServersTestJSON-1910617405', 'user_domain_id': 'default', 'user_domain_name': 'Default', 'user_id': '935ac56869614b3da180688290917668', 'system': None}, Network: {'id': '73449348-66b5-4a31-958f-045112dd2898', 'name': 'tempest-ServersTestJSON-1883664409-network', 'tenant_id': '7029cea5e920420ba8c20db79cf5e40b', 'project_id': '7029cea5e920420ba8c20db79cf5e40b', 'admin_state_up': True, 'mtu': 8950, 'status': 'ACTIVE', 'subnets': [], 'shared': False, 'port_security_enabled': True, 'router:external': False, 'provider:network_type': 'vlan', 'provider:physical_network': 'default', 'provider:segmentation_id': 566, 'availability_zone_hints': [], 'availability_zones': [], 'ipv4_address_scope': None, 'ipv6_address_scope': None, 'description': '', 'tags': [], 'created_at': '2025-11-14T07:10:42Z', 'updated_at': '2025-11-14T07:10:42Z', 'revision_number': 1}, Subnet: {'id': '2bd62f3b-9bf2-465a-95ec-3734380a7eee', 'name': 'tempest-ServersTestJSON-1883664409-subnet', 'tenant_id': '7029cea5e920420ba8c20db79cf5e40b', 'network_id': '73449348-66b5-4a31-958f-045112dd2898', 'ip_version': 4, 'subnetpool_id': None, 'enable_dhcp': True, 'ipv6_ra_mode': None, 'ipv6_address_mode': None, 'gateway_ip': '192.168.128.1', 'cidr': '192.168.128.0/28', 'allocation_pools': [{'start': '192.168.128.2', 'end': '192.168.128.14'}], 'host_routes': [], 'dns_nameservers': [], 'description': '', 'router:external': False, 'service_types': [], 'tags': [], 'created_at': '2025-11-14T07:10:43Z', 'updated_at': '2025-11-14T07:10:43Z', 'revision_number': 0, 'project_id': '7029cea5e920420ba8c20db79cf5e40b'}, Router: {'id': '74fd65cc-fc59-4e6e-b6f8-834dcb9262e2', 'name': 'tempest-ServersTestJSON-1883664409-router', 'tenant_id': '7029cea5e920420ba8c20db79cf5e40b', 'admin_state_up': True, 'status': 'ACTIVE', 'external_gateway_info': {'network_id': '7f3d0b3b-8912-4216-b5ab-4e7c527cf0e3', 'external_fixed_ips': [{'subnet_id': '0f6ba3c1-c6d4-4cc5-a400-c4b4f255cbe5', 'ip_address': '10.180.180.192'}], 'enable_snat': True}, 'description': '', 'availability_zones': [], 'distributed': False, 'ha': False, 'availability_zone_hints': [], 'routes': [], 'flavor_id': None, 'tags': [], 'created_at': '2025-11-14T07:10:44Z', 'updated_at': '2025-11-14T07:10:45Z', 'revision_number': 2, 'project_id': '7029cea5e920420ba8c20db79cf5e40b'}
2025-11-14 07:10:46.728 65666 INFO tempest.lib.common.rest_client [req-27b6805c-626f-45a4-ab91-2eff826de977 req-27b6805c-626f-45a4-ab91-2eff826de977 ] Request (ServersAdminTestJSON:setUpClass): 200 GET http://10.180.1.21/compute/v2.1/servers/a5d54de5-41e4-4e0a-a00d-1fc55cfd72cd 8.605s
2025-11-14 07:10:46.735 65666 INFO tempest.common.waiters [-] State transition "BUILD/None" ==> "BUILD/spawning" after 14 second wait
