2025-11-14 07:11:02.119 65680 INFO tempest.lib.common.rest_client [req-1f5800a4-a012-48cf-9a8e-5119f2fe7bc2 req-1f5800a4-a012-48cf-9a8e-5119f2fe7bc2 ] Request (FloatingIPsNegativeTestJSON:setUpClass): 201 POST http://10.180.1.21/networking/v2.0/routers 0.932s
2025-11-14 07:11:02.131 65684 INFO tempest.lib.common.rest_client [req-524d23bd-5e5a-41f3-a8da-d721758e9c8f req-524d23bd-5e5a-41f3-a8da-d721758e9c8f ] Request (ServicesAdminNegativeV253TestJSON:tearDownClass): 204 DELETE http://10.180.1.21/identity/v3/users/6797e7e709c148f1a097c5216d2a6bca 0.162s
2025-11-14 07:11:02.131 65684 INFO tempest.lib.common.dynamic_creds [-] Deleting project and security group for project: d0efa72cd4d94b8985952c23cb8205ba
2025-11-14 07:11:02.190 65710 INFO tempest.lib.common.rest_client [req-3918eaf4-68b4-4c1e-bc88-834686ae8e94 req-3918eaf4-68b4-4c1e-bc88-834686ae8e94 ] Request (ServersAaction247Test:test_create_backup): 200 GET http://10.180.1.21/compute/v2.1/servers/8e13fe02-5c12-4c7a-af8b-803410cc78f4 4.347s
2025-11-14 07:11:02.200 65684 INFO tempest.lib.common.rest_client [req-07e57908-160c-410d-a5c0-7c74edd4f24a req-07e57908-160c-410d-a5c0-7c74edd4f24a ] Request (ServicesAdminNegativeV253TestJSON:tearDownClass): 201 POST http://10.180.1.21/identity/v3/auth/tokens 0.068s
2025-11-14 07:11:02.203 65724 INFO tempest.lib.common.rest_client [req-4c6730d5-7267-4f07-a2f6-18b37678f658 req-4c6730d5-7267-4f07-a2f6-18b37678f658 ] Request (ServerAddressesNegativeTestJSON:tearDownClass): 200 GET http://10.180.1.21/compute/v2.1/servers/3a19d3d1-0127-44b6-a1db-6806ebb7bf60 3.771s
2025-11-14 07:11:02.213 65724 INFO tempest.common.waiters [-] State transition "ACTIVE/deleting" ==> "DELETED/None" after 5 second wait
2025-11-14 07:11:02.345 65700 INFO tempest.lib.common.rest_client [req-a285baf8-333e-4915-b0ce-e38e04e12be3 req-a285baf8-333e-4915-b0ce-e38e04e12be3 ] Request (HostsAdminNegativeTestJSON:tearDownClass): 200 GET http://10.180.1.21/networking/v2.0/security-groups?tenant_id=56b01e620ff24cd28a33e696c8c60e28&name=default 0.323s
2025-11-14 07:11:02.531 65684 INFO tempest.lib.common.rest_client [req-6e64d08a-2030-46b1-8727-b0915d840f2b req-6e64d08a-2030-46b1-8727-b0915d840f2b ] Request (ServicesAdminNegativeV253TestJSON:tearDownClass): 200 GET http://10.180.1.21/networking/v2.0/security-groups?tenant_id=d0efa72cd4d94b8985952c23cb8205ba&name=default 0.331s
2025-11-14 07:11:02.635 65718 INFO tempest.lib.common.rest_client [req-a9bce040-3655-49f0-a607-97a96fcd5d23 req-a9bce040-3655-49f0-a607-97a96fcd5d23 ] Request (ServersTestBootFromVolume:setUpClass): 200 GET http://10.180.1.21/volume/v3/volumes/c652ffa4-e822-48a2-bb5c-eead391a6498 0.052s
2025-11-14 07:11:02.888 65700 INFO tempest.lib.common.rest_client [req-1c68fbca-02e3-405b-bcd1-9922f0aad74d req-1c68fbca-02e3-405b-bcd1-9922f0aad74d ] Request (HostsAdminNegativeTestJSON:tearDownClass): 204 DELETE http://10.180.1.21/networking/v2.0/security-groups/fe756626-0922-4e7a-a35f-b38bf9b6bb85 0.542s
2025-11-14 07:11:02.970 65700 INFO tempest.lib.common.rest_client [req-71cd9a8e-7c00-4989-8bc6-48f37a82b1b7 req-71cd9a8e-7c00-4989-8bc6-48f37a82b1b7 ] Request (HostsAdminNegativeTestJSON:tearDownClass): 204 DELETE http://10.180.1.21/identity/v3/projects/56b01e620ff24cd28a33e696c8c60e28 0.080s
2025-11-14 07:11:02.970 65700 INFO tempest.lib.common.dynamic_creds [-] Deleting project and security group for project: d83c3c19c9314192b6ef8271c859baad
2025-11-14 07:11:03.035 65684 INFO tempest.lib.common.rest_client [req-88379a89-9dd0-41bf-8077-3ec332222ad4 req-88379a89-9dd0-41bf-8077-3ec332222ad4 ] Request (ServicesAdminNegativeV253TestJSON:tearDownClass): 204 DELETE http://10.180.1.21/networking/v2.0/security-groups/f87c9988-2741-4afa-a04a-59b22bb8fa92 0.504s
2025-11-14 07:11:03.093 65680 INFO tempest.lib.common.rest_client [req-762e72db-263e-4b11-b53c-137d13171ce9 req-762e72db-263e-4b11-b53c-137d13171ce9 ] Request (FloatingIPsNegativeTestJSON:setUpClass): 200 PUT http://10.180.1.21/networking/v2.0/routers/1f1dc0b7-d09c-4b91-9706-fb581f36f2b6/add_router_interface 0.974s
2025-11-14 07:11:03.093 65680 INFO tempest.lib.common.dynamic_creds [-] Created isolated network resources for: credentials: Credentials: {'domain_id': 'default', 'domain_name': 'Default', 'username': 'tempest-FloatingIPsNegativeTestJSON-1874846911-project-member', 'project_domain_id': 'default', 'project_domain_name': 'Default', 'project_id': 'a9de8f45485f41cba4238f9670b90e06', 'project_name': 'tempest-FloatingIPsNegativeTestJSON-1874846911', 'tenant_id': 'a9de8f45485f41cba4238f9670b90e06', 'tenant_name': 'tempest-FloatingIPsNegativeTestJSON-1874846911', 'user_domain_id': 'default', 'user_domain_name': 'Default', 'user_id': 'c1cc65aea51046a9917ecfd7c95af796', 'system': None}, Network: {'id': '55a642df-e547-4628-aecb-a6a6e1ced355', 'name': 'tempest-FloatingIPsNegativeTestJSON-1590462916-network', 'tenant_id': 'a9de8f45485f41cba4238f9670b90e06', 'project_id': 'a9de8f45485f41cba4238f9670b90e06', 'admin_state_up': True, 'mtu': 8950, 'status': 'ACTIVE', 'subnets': [], 'shared': False, 'port_security_enabled': True, 'router:external': False, 'provider:network_type': 'vlan', 'provider:physical_network': 'default', 'provider:segmentation_id': 988, 'availability_zone_hints': [], 'availability_zones': [], 'ipv4_address_scope': None, 'ipv6_address_scope': None, 'description': '', 'tags': [], 'created_at': '2025-11-14T07:10:59Z', 'updated_at': '2025-11-14T07:11:00Z', 'revision_number': 1}, Subnet: {'id': '13649b25-16d0-4539-a893-05c60cfe6e66', 'name': 'tempest-FloatingIPsNegativeTestJSON-1590462916-subnet', 'tenant_id': 'a9de8f45485f41cba4238f9670b90e06', 'network_id': '55a642df-e547-4628-aecb-a6a6e1ced355', 'ip_version': 4, 'subnetpool_id': None, 'enable_dhcp': True, 'ipv6_ra_mode': None, 'ipv6_address_mode': None, 'gateway_ip': '192.168.128.1', 'cidr': '192.168.128.0/28', 'allocation_pools': [{'start': '192.168.128.2', 'end': '192.168.128.14'}], 'host_routes': [], 'dns_nameservers': [], 'description': '', 'router:external': False, 'service_types': [], 'tags': [], 'created_at': '2025-11-14T07:11:01Z', 'updated_at': '2025-11-14T07:11:01Z', 'revision_number': 0, 'project_id': 'a9de8f45485f41cba4238f9670b90e06'}, Router: {'id': '1f1dc0b7-d09c-4b91-9706-fb581f36f2b6', 'name': 'tempest-FloatingIPsNegativeTestJSON-1590462916-router', 'tenant_id': 'a9de8f45485f41cba4238f9670b90e06', 'admin_state_up': True, 'status': 'ACTIVE', 'external_gateway_info': {'network_id': '7f3d0b3b-8912-4216-b5ab-4e7c527cf0e3', 'external_fixed_ips': [{'subnet_id': '0f6ba3c1-c6d4-4cc5-a400-c4b4f255cbe5', 'ip_address': '10.180.180.150'}], 'enable_snat': True}, 'description': '', 'availability_zones': [], 'distributed': False, 'ha': False, 'availability_zone_hints': [], 'routes': [], 'flavor_id': None, 'tags': [], 'created_at': '2025-11-14T07:11:01Z', 'updated_at': '2025-11-14T07:11:01Z', 'revision_number': 2, 'project_id': 'a9de8f45485f41cba4238f9670b90e06'}
2025-11-14 07:11:03.101 65728 INFO tempest.lib.common.rest_client [req-d838f641-cdaa-49e6-9e4b-26825ad85f89 req-d838f641-cdaa-49e6-9e4b-26825ad85f89 ] Request (ImagesNegativeTestJSON:test_create_image_from_deleted_server): 200 GET http://10.180.1.21/compute/v2.1/servers/ff34f1cb-2cd4-4701-a713-5aa5a0f6929a 4.298s
2025-11-14 07:11:03.109 65728 INFO tempest.common.waiters [-] State transition "BUILD/block_device_mapping" ==> "BUILD/spawning" after 10 second wait
2025-11-14 07:11:03.148 65684 INFO tempest.lib.common.rest_client [req-e77c6679-2771-4fb6-8aa1-a94b0c7534ab req-e77c6679-2771-4fb6-8aa1-a94b0c7534ab ] Request (ServicesAdminNegativeV253TestJSON:tearDownClass): 204 DELETE http://10.180.1.21/identity/v3/projects/d0efa72cd4d94b8985952c23cb8205ba 0.113s
2025-11-14 07:11:03.149 65684 INFO tempest.lib.common.dynamic_creds [-] Deleting project and security group for project: 2d3c86e35a4a4dcba085e667aeb7c726
2025-11-14 07:11:03.185 65680 INFO tempest.lib.common.rest_client [req-fbc23f82-aff1-4c02-ae68-534e2806bc86 req-fbc23f82-aff1-4c02-ae68-534e2806bc86 ] Request (FloatingIPsNegativeTestJSON:setUpClass): 201 POST http://10.180.1.21/identity/v3/auth/tokens 0.084s
2025-11-14 07:11:03.232 65700 INFO tempest.lib.common.rest_client [req-9cb893bb-14d2-4a07-a81d-4b9c89c5f7ba req-9cb893bb-14d2-4a07-a81d-4b9c89c5f7ba ] Request (HostsAdminNegativeTestJSON:tearDownClass): 200 GET http://10.180.1.21/networking/v2.0/security-groups?tenant_id=d83c3c19c9314192b6ef8271c859baad&name=default 0.261s
2025-11-14 07:11:03.504 65720 INFO tempest.lib.common.rest_client [req-722ceb31-8392-48d9-848b-acfb3a3fbf1b req-722ceb31-8392-48d9-848b-acfb3a3fbf1b ] Request (QuotasAdminTestJSON:test_update_all_quota_resources_for_tenant): 200 PUT http://10.180.1.21/compute/v2.1/os-quota-sets/f73f1b5b4b3541ddba7d76a2204a7ae6 4.679s
2025-11-14 07:11:03.684 65718 INFO tempest.lib.common.rest_client [req-7794e593-1a90-4cd9-acb7-388aac427b65 req-7794e593-1a90-4cd9-acb7-388aac427b65 ] Request (ServersTestBootFromVolume:setUpClass): 200 GET http://10.180.1.21/volume/v3/volumes/c652ffa4-e822-48a2-bb5c-eead391a6498 0.040s
2025-11-14 07:11:03.806 65684 INFO tempest.lib.common.rest_client [req-e4220da1-5632-480a-8986-6484626eb1f4 req-e4220da1-5632-480a-8986-6484626eb1f4 ] Request (ServicesAdminNegativeV253TestJSON:tearDownClass): 200 GET http://10.180.1.21/networking/v2.0/security-groups?tenant_id=2d3c86e35a4a4dcba085e667aeb7c726&name=default 0.657s
2025-11-14 07:11:03.809 65696 WARNING tempest.lib.common.ssh [-] Failed to establish authenticated ssh connection to cirros@10.180.180.200 ([Errno None] Unable to connect to port 22 on 10.180.180.200). Number attempts: 3. Retry after 4 seconds.: paramiko.ssh_exception.NoValidConnectionsError: [Errno None] Unable to connect to port 22 on 10.180.180.200
2025-11-14 07:11:03.918 65700 INFO tempest.lib.common.rest_client [req-d57156ea-83cf-4867-a784-6ec4a2e73c48 req-d57156ea-83cf-4867-a784-6ec4a2e73c48 ] Request (HostsAdminNegativeTestJSON:tearDownClass): 204 DELETE http://10.180.1.21/networking/v2.0/security-groups/fb0a13e8-0fc5-4331-abae-ba609844df7b 0.685s
2025-11-14 07:11:04.038 65684 INFO tempest.lib.common.rest_client [req-c83e4cff-e47d-484e-b6a8-c1d4ea83284c req-c83e4cff-e47d-484e-b6a8-c1d4ea83284c ] Request (ServicesAdminNegativeV253TestJSON:tearDownClass): 204 DELETE http://10.180.1.21/networking/v2.0/security-groups/f1dd22c0-5783-48cb-94a6-73dd5983ec4d 0.231s
2025-11-14 07:11:04.083 65700 INFO tempest.lib.common.rest_client [req-04f4a23a-b326-473d-917d-1809ad2c0083 req-04f4a23a-b326-473d-917d-1809ad2c0083 ] Request (HostsAdminNegativeTestJSON:tearDownClass): 204 DELETE http://10.180.1.21/identity/v3/projects/d83c3c19c9314192b6ef8271c859baad 0.164s
2025-11-14 07:11:04.084 65700 INFO tempest.test [-] raised in LiveMigrationRemoteConsolesV26Test.setUpClass. Invoking tearDownClass.
2025-11-14 07:11:04.085 65700 INFO tempest.test [-] raised in LiveMigrationWithoutHostTest.setUpClass. Invoking tearDownClass.
2025-11-14 07:11:04.089 65700 INFO tempest.test [-] raised in UnshelveToHostMultiNodesTest.setUpClass. Invoking tearDownClass.
2025-11-14 07:11:04.145 65700 INFO tempest.lib.common.rest_client [req-89358bf9-0386-4d15-a86b-2ec4ee9e2381 req-89358bf9-0386-4d15-a86b-2ec4ee9e2381 ] Request (ServerShowV247Test:setUpClass): 201 POST http://10.180.1.21/identity/v3/auth/tokens 0.053s
2025-11-14 07:11:04.193 65684 INFO tempest.lib.common.rest_client [req-cc87fd34-f997-4e97-9cf7-9678607078d0 req-cc87fd34-f997-4e97-9cf7-9678607078d0 ] Request (ServicesAdminNegativeV253TestJSON:tearDownClass): 204 DELETE http://10.180.1.21/identity/v3/projects/2d3c86e35a4a4dcba085e667aeb7c726 0.154s
2025-11-14 07:11:04.257 65700 INFO tempest.lib.common.rest_client [req-0c5ef3fc-91c7-4c4d-9acf-4f36f849ecb1 req-0c5ef3fc-91c7-4c4d-9acf-4f36f849ecb1 ] Request (ServerShowV247Test:setUpClass): 201 POST http://10.180.1.21/identity/v3/auth/tokens 0.109s
2025-11-14 07:11:04.283 65684 INFO tempest.lib.common.rest_client [req-89ea1bb3-0545-4fad-aa75-c45b9b5d4442 req-89ea1bb3-0545-4fad-aa75-c45b9b5d4442 ] Request (AttachInterfacesV270Test:setUpClass): 201 POST http://10.180.1.21/identity/v3/auth/tokens 0.089s
2025-11-14 07:11:04.297 65700 INFO tempest.lib.common.rest_client [req-061a6cf0-4947-4de1-8472-7883e4d347c1 req-061a6cf0-4947-4de1-8472-7883e4d347c1 ] Request (ServerShowV247Test:setUpClass): 200 GET http://10.180.1.21/identity/v3/domains?name=Default 0.036s
2025-11-14 07:11:04.335 65700 INFO tempest.lib.common.rest_client [req-317be554-bf9c-4075-a6fd-384bee3c3112 req-317be554-bf9c-4075-a6fd-384bee3c3112 ] Request (ServerShowV247Test:setUpClass): 201 POST http://10.180.1.21/identity/v3/projects 0.037s
2025-11-14 07:11:04.394 65684 INFO tempest.lib.common.rest_client [req-cac03f4d-af04-486a-87cc-0162a4005d63 req-cac03f4d-af04-486a-87cc-0162a4005d63 ] Request (AttachInterfacesV270Test:setUpClass): 201 POST http://10.180.1.21/identity/v3/auth/tokens 0.107s
2025-11-14 07:11:04.433 65700 INFO tempest.lib.common.rest_client [req-4efcdc74-1e01-47d9-9311-04fccfd259c0 req-4efcdc74-1e01-47d9-9311-04fccfd259c0 ] Request (ServerShowV247Test:setUpClass): 201 POST http://10.180.1.21/identity/v3/users 0.095s
2025-11-14 07:11:04.467 65684 INFO tempest.lib.common.rest_client [req-c540bb5c-c3df-4359-b88b-e3a1cb63ca7c req-c540bb5c-c3df-4359-b88b-e3a1cb63ca7c ] Request (AttachInterfacesV270Test:setUpClass): 200 GET http://10.180.1.21/identity/v3/domains?name=Default 0.072s
2025-11-14 07:11:04.497 65700 INFO tempest.lib.common.rest_client [req-e97435d5-0ab5-456b-9dbc-c9b36e8d70bc req-e97435d5-0ab5-456b-9dbc-c9b36e8d70bc ] Request (ServerShowV247Test:setUpClass): 200 GET http://10.180.1.21/identity/v3/roles 0.063s
2025-11-14 07:11:04.497 65702 INFO tempest.lib.common.rest_client [req-48fad766-74ce-453d-acda-e85eb64b6866 req-48fad766-74ce-453d-acda-e85eb64b6866 ] Request (DeleteServersAdminTestJSON:test_delete_server_while_in_error_state): 202 POST http://10.180.1.21/compute/v2.1/servers 4.922s
2025-11-14 07:11:04.520 65684 INFO tempest.lib.common.rest_client [req-517de9d1-ccf0-454c-b997-1a070876655d req-517de9d1-ccf0-454c-b997-1a070876655d ] Request (AttachInterfacesV270Test:setUpClass): 201 POST http://10.180.1.21/identity/v3/projects 0.052s
2025-11-14 07:11:04.611 65684 INFO tempest.lib.common.rest_client [req-9615e418-3443-4d80-8974-84c44180004e req-9615e418-3443-4d80-8974-84c44180004e ] Request (AttachInterfacesV270Test:setUpClass): 201 POST http://10.180.1.21/identity/v3/users 0.090s
2025-11-14 07:11:04.618 65700 INFO tempest.lib.common.rest_client [req-1ebecb38-1a7a-4e58-8c3c-8c6e27fabbf6 req-1ebecb38-1a7a-4e58-8c3c-8c6e27fabbf6 ] Request (ServerShowV247Test:setUpClass): 204 PUT http://10.180.1.21/identity/v3/projects/694efa012a654c39ab2992be45a1587f/users/c0d007183e7a4c8181c610579b9ad514/roles/5b5024e440474a5cabca60ee2c9de23d 0.121s
2025-11-14 07:11:04.619 65700 INFO tempest.lib.common.dynamic_creds [-] Dynamic test user c0d007183e7a4c8181c610579b9ad514 is created with scope project and roles: ['member']
2025-11-14 07:11:04.619 65700 INFO tempest.lib.common.dynamic_creds [-] Acquired dynamic creds: credentials: Credentials: {'domain_id': 'default', 'domain_name': 'Default', 'username': 'tempest-ServerShowV247Test-72519024-project-member', 'project_domain_id': 'default', 'project_domain_name': 'Default', 'project_id': '694efa012a654c39ab2992be45a1587f', 'project_name': 'tempest-ServerShowV247Test-72519024', 'tenant_id': '694efa012a654c39ab2992be45a1587f', 'tenant_name': 'tempest-ServerShowV247Test-72519024', 'user_domain_id': 'default', 'user_domain_name': 'Default', 'user_id': 'c0d007183e7a4c8181c610579b9ad514', 'system': None}, Network: None, Subnet: None, Router: None
2025-11-14 07:11:04.620 65700 INFO tempest.lib.common.dynamic_creds [-] Created isolated network resources for: credentials: Credentials: {'domain_id': 'default', 'domain_name': 'Default', 'username': 'tempest-ServerShowV247Test-72519024-project-member', 'project_domain_id': 'default', 'project_domain_name': 'Default', 'project_id': '694efa012a654c39ab2992be45a1587f', 'project_name': 'tempest-ServerShowV247Test-72519024', 'tenant_id': '694efa012a654c39ab2992be45a1587f', 'tenant_name': 'tempest-ServerShowV247Test-72519024', 'user_domain_id': 'default', 'user_domain_name': 'Default', 'user_id': 'c0d007183e7a4c8181c610579b9ad514', 'system': None}, Network: None, Subnet: None, Router: None
2025-11-14 07:11:04.638 65716 INFO tempest.lib.common.rest_client [req-00f8b3c5-bbae-47c0-8ff6-b7fd1dfd306e req-00f8b3c5-bbae-47c0-8ff6-b7fd1dfd306e ] Request (FloatingIPsAssociationTestJSON:test_associate_already_associated_floating_ip): 202 POST http://10.180.1.21/compute/v2.1/servers/480e66aa-f856-43e1-bbae-58f874d18b0a/action 5.933s
2025-11-14 07:11:04.651 65731 INFO tempest.lib.common.rest_client [req-b9ac14b4-df3f-4668-8e90-a0b4f2c54089 req-b9ac14b4-df3f-4668-8e90-a0b4f2c54089 ] Request (InstanceActionsV221TestJSON:test_get_list_deleted_instance_actions): 200 GET http://10.180.1.21/compute/v2.1/servers/8fb20b85-b646-4299-98c4-6cae40fc657f 5.024s
2025-11-14 07:11:04.670 65731 INFO tempest.common.waiters [-] State transition "ACTIVE/deleting" ==> "DELETED/None" after 6 second wait
2025-11-14 07:11:04.684 65670 INFO tempest.lib.common.rest_client [req-32ab7155-921e-4a54-b26a-9daa8d4e422e req-32ab7155-921e-4a54-b26a-9daa8d4e422e ] Request (ServerDiagnosticsV248Test:tearDownClass): 404 GET http://10.180.1.21/compute/v2.1/servers/dc3554ac-c0a7-413a-bc07-c4d89da8dffa 4.771s
2025-11-14 07:11:04.728 65684 INFO tempest.lib.common.rest_client [req-ca1ce7c9-51d4-4ed5-8a23-40f8b1fdc178 req-ca1ce7c9-51d4-4ed5-8a23-40f8b1fdc178 ] Request (AttachInterfacesV270Test:setUpClass): 200 GET http://10.180.1.21/identity/v3/roles 0.117s
2025-11-14 07:11:04.737 65700 INFO tempest.lib.common.rest_client [req-01539c52-011e-4914-8348-2e812ef120fb req-01539c52-011e-4914-8348-2e812ef120fb ] Request (ServerShowV247Test:setUpClass): 201 POST http://10.180.1.21/identity/v3/auth/tokens 0.114s
2025-11-14 07:11:04.739 65718 INFO tempest.lib.common.rest_client [req-d23c5e69-9558-4be5-8848-22c848ef5e61 req-d23c5e69-9558-4be5-8848-22c848ef5e61 ] Request (ServersTestBootFromVolume:setUpClass): 200 GET http://10.180.1.21/volume/v3/volumes/c652ffa4-e822-48a2-bb5c-eead391a6498 0.044s
2025-11-14 07:11:04.849 65670 INFO tempest.lib.common.rest_client [req-f3989f60-6be0-41ae-8d9d-770e011edb31 req-f3989f60-6be0-41ae-8d9d-770e011edb31 ] Request (ServerDiagnosticsV248Test:tearDownClass): 204 DELETE http://10.180.1.21/identity/v3/users/50a81164bbb94f04b99a8252538d6cb4 0.164s
2025-11-14 07:11:04.918 65700 INFO tempest.lib.common.rest_client [req-fe332e18-8f5a-4ebf-a7f1-85826d88fdcb req-fe332e18-8f5a-4ebf-a7f1-85826d88fdcb ] Request (ServerShowV247Test:setUpClass): 200 GET http://10.180.1.21/identity/v3/projects/694efa012a654c39ab2992be45a1587f 0.180s
2025-11-14 07:11:04.918 65700 INFO tempest.lib.common.dynamic_creds [-] Using the existing project 694efa012a654c39ab2992be45a1587f for scope project and roles: ['reader']
2025-11-14 07:11:04.939 65684 INFO tempest.lib.common.rest_client [req-fa1b2e77-4879-4df0-bb4a-c74bf0f5dac0 req-fa1b2e77-4879-4df0-bb4a-c74bf0f5dac0 ] Request (AttachInterfacesV270Test:setUpClass): 204 PUT http://10.180.1.21/identity/v3/projects/88672350eb70422bb49cf393e8a24d26/users/e7dab59bf2484a08b6de9394f4d2a50a/roles/5b5024e440474a5cabca60ee2c9de23d 0.210s
2025-11-14 07:11:04.939 65684 INFO tempest.lib.common.dynamic_creds [-] Dynamic test user e7dab59bf2484a08b6de9394f4d2a50a is created with scope project and roles: ['member']
2025-11-14 07:11:04.940 65684 INFO tempest.lib.common.dynamic_creds [-] Acquired dynamic creds: credentials: Credentials: {'domain_id': 'default', 'domain_name': 'Default', 'username': 'tempest-AttachInterfacesV270Test-1074579575-project-member', 'project_domain_id': 'default', 'project_domain_name': 'Default', 'project_id': '88672350eb70422bb49cf393e8a24d26', 'project_name': 'tempest-AttachInterfacesV270Test-1074579575', 'tenant_id': '88672350eb70422bb49cf393e8a24d26', 'tenant_name': 'tempest-AttachInterfacesV270Test-1074579575', 'user_domain_id': 'default', 'user_domain_name': 'Default', 'user_id': 'e7dab59bf2484a08b6de9394f4d2a50a', 'system': None}, Network: None, Subnet: None, Router: None
2025-11-14 07:11:05.001 65670 INFO tempest.lib.common.rest_client [req-690ae4c2-3483-406b-b75d-444dae68360e req-690ae4c2-3483-406b-b75d-444dae68360e ] Request (ServerDiagnosticsV248Test:tearDownClass): 204 DELETE http://10.180.1.21/identity/v3/users/222099ebf0be4d79a7bc30e355944006 0.152s
2025-11-14 07:11:05.002 65670 INFO tempest.lib.common.dynamic_creds [-] Deleting project and security group for project: 15ccd6d2f80e409094a0286f75a641a8
2025-11-14 07:11:05.070 65700 INFO tempest.lib.common.rest_client [req-184f8bb8-acb2-4df9-9885-4684b4b83c8a req-184f8bb8-acb2-4df9-9885-4684b4b83c8a ] Request (ServerShowV247Test:setUpClass): 201 POST http://10.180.1.21/identity/v3/users 0.151s
2025-11-14 07:11:05.098 65684 INFO tempest.lib.common.rest_client [req-eae8d831-c958-4f26-8420-48eba0c0cf8e req-eae8d831-c958-4f26-8420-48eba0c0cf8e ] Request (AttachInterfacesV270Test:setUpClass): 201 POST http://10.180.1.21/identity/v3/auth/tokens 0.157s
2025-11-14 07:11:05.107 65670 INFO tempest.lib.common.rest_client [req-bdbf8b04-7142-4ac5-a5cd-d1782ca25898 req-bdbf8b04-7142-4ac5-a5cd-d1782ca25898 ] Request (ServerDiagnosticsV248Test:tearDownClass): 201 POST http://10.180.1.21/identity/v3/auth/tokens 0.104s
2025-11-14 07:11:05.117 65700 INFO tempest.lib.common.rest_client [req-490264bb-7ea5-45f1-bd27-a8be42049526 req-490264bb-7ea5-45f1-bd27-a8be42049526 ] Request (ServerShowV247Test:setUpClass): 200 GET http://10.180.1.21/identity/v3/roles 0.046s
2025-11-14 07:11:05.149 65700 INFO tempest.lib.common.rest_client [req-ed872859-5ac1-4d47-9fd5-adbe029c741d req-ed872859-5ac1-4d47-9fd5-adbe029c741d ] Request (ServerShowV247Test:setUpClass): 204 PUT http://10.180.1.21/identity/v3/projects/694efa012a654c39ab2992be45a1587f/users/acc4170d0b9e4bf297ebcd0609444d8a/roles/210d946c14ad4a699f6e437914cf6244 0.032s
2025-11-14 07:11:05.150 65700 INFO tempest.lib.common.dynamic_creds [-] Dynamic test user acc4170d0b9e4bf297ebcd0609444d8a is created with scope project and roles: ['reader']
2025-11-14 07:11:05.150 65700 INFO tempest.lib.common.dynamic_creds [-] Acquired dynamic creds: credentials: Credentials: {'domain_id': 'default', 'domain_name': 'Default', 'username': 'tempest-ServerShowV247Test-72519024-project-reader', 'project_domain_id': 'default', 'project_domain_name': 'Default', 'project_id': '694efa012a654c39ab2992be45a1587f', 'project_name': 'tempest-ServerShowV247Test-72519024', 'tenant_id': '694efa012a654c39ab2992be45a1587f', 'tenant_name': 'tempest-ServerShowV247Test-72519024', 'user_domain_id': 'default', 'user_domain_name': 'Default', 'user_id': 'acc4170d0b9e4bf297ebcd0609444d8a', 'system': None}, Network: None, Subnet: None, Router: None
2025-11-14 07:11:05.150 65700 INFO tempest.lib.common.dynamic_creds [-] Network resources are not created for requested scope: project and credentials: Credentials: {'domain_id': 'default', 'domain_name': 'Default', 'username': 'tempest-ServerShowV247Test-72519024-project-reader', 'project_domain_id': 'default', 'project_domain_name': 'Default', 'project_id': '694efa012a654c39ab2992be45a1587f', 'project_name': 'tempest-ServerShowV247Test-72519024', 'tenant_id': '694efa012a654c39ab2992be45a1587f', 'tenant_name': 'tempest-ServerShowV247Test-72519024', 'user_domain_id': 'default', 'user_domain_name': 'Default', 'user_id': 'acc4170d0b9e4bf297ebcd0609444d8a', 'system': None}, Network: None, Subnet: None, Router: None
2025-11-14 07:11:05.224 65700 INFO tempest.lib.common.rest_client [req-3cc36187-8983-4119-8333-b77b36df9e56 req-3cc36187-8983-4119-8333-b77b36df9e56 ] Request (ServerShowV247Test:setUpClass): 201 POST http://10.180.1.21/identity/v3/auth/tokens 0.070s
2025-11-14 07:11:05.286 65700 INFO tempest.lib.common.rest_client [req-4f39a4a5-32d9-4386-bb2e-144a47f52c03 req-4f39a4a5-32d9-4386-bb2e-144a47f52c03 ] Request (ServerShowV247Test:test_show_server): 201 POST http://10.180.1.21/identity/v3/auth/tokens 0.057s
2025-11-14 07:11:05.287 65700 INFO tempest.lib.common.fixed_network [-] (ServerShowV247Test:test_show_server) Found network None available for tenant
2025-11-14 07:11:05.616 65684 INFO tempest.lib.common.rest_client [req-ef6aa31b-82cd-4806-b5dc-ff92e86ae278 req-ef6aa31b-82cd-4806-b5dc-ff92e86ae278 ] Request (AttachInterfacesV270Test:setUpClass): 201 POST http://10.180.1.21/networking/v2.0/networks 0.518s
2025-11-14 07:11:05.781 65718 INFO tempest.lib.common.rest_client [req-92df6980-f4a0-4947-80f4-e21009e108d7 req-92df6980-f4a0-4947-80f4-e21009e108d7 ] Request (ServersTestBootFromVolume:setUpClass): 200 GET http://10.180.1.21/volume/v3/volumes/c652ffa4-e822-48a2-bb5c-eead391a6498 0.030s
2025-11-14 07:11:05.789 65670 INFO tempest.lib.common.rest_client [req-c66e24eb-5d4f-4b72-b90d-78ad8c5d1a2b req-c66e24eb-5d4f-4b72-b90d-78ad8c5d1a2b ] Request (ServerDiagnosticsV248Test:tearDownClass): 200 GET http://10.180.1.21/networking/v2.0/security-groups?tenant_id=15ccd6d2f80e409094a0286f75a641a8&name=default 0.681s
2025-11-14 07:11:05.838 65714 INFO tempest.lib.common.rest_client [req-c386eb09-fe36-4e73-af9b-b8b505da4c45 req-c386eb09-fe36-4e73-af9b-b8b505da4c45 ] Request (ServersWithSpecificFlavorTestJSON:test_verify_created_server_ephemeral_disk): 200 GET http://10.180.1.21/compute/v2.1/servers/33bbd041-a9e5-427c-b735-b34d07cbf27c 5.412s
2025-11-14 07:11:05.846 65714 INFO tempest.common.waiters [-] State transition "BUILD/spawning" ==> "ACTIVE/None" after 17 second wait
2025-11-14 07:11:06.040 65684 INFO tempest.lib.common.rest_client [req-f069b99e-5ccf-44d0-912e-2f4bc84b7689 req-f069b99e-5ccf-44d0-912e-2f4bc84b7689 ] Request (AttachInterfacesV270Test:setUpClass): 201 POST http://10.180.1.21/networking/v2.0/subnets 0.423s
2025-11-14 07:11:06.123 65670 INFO tempest.lib.common.rest_client [req-683bea6d-d4dd-472a-bc4c-fc4b822bcfaf req-683bea6d-d4dd-472a-bc4c-fc4b822bcfaf ] Request (ServerDiagnosticsV248Test:tearDownClass): 204 DELETE http://10.180.1.21/networking/v2.0/security-groups/322968d9-4011-4aba-a38c-b5a9e7fa54da 0.334s
2025-11-14 07:11:06.209 65670 INFO tempest.lib.common.rest_client [req-afd52b01-54ec-4254-8edc-1d802bd74957 req-afd52b01-54ec-4254-8edc-1d802bd74957 ] Request (ServerDiagnosticsV248Test:tearDownClass): 204 DELETE http://10.180.1.21/identity/v3/projects/15ccd6d2f80e409094a0286f75a641a8 0.085s
2025-11-14 07:11:06.210 65670 INFO tempest.lib.common.dynamic_creds [-] Deleting project and security group for project: d503ea0f904741ca93653d73d1567154
2025-11-14 07:11:06.822 65718 INFO tempest.lib.common.rest_client [req-0fac5eed-bd96-4e0e-b628-47503deefed1 req-0fac5eed-bd96-4e0e-b628-47503deefed1 ] Request (ServersTestBootFromVolume:setUpClass): 200 GET http://10.180.1.21/volume/v3/volumes/c652ffa4-e822-48a2-bb5c-eead391a6498 0.031s
2025-11-14 07:11:06.914 65684 INFO tempest.lib.common.rest_client [req-cc951471-0c44-4f0e-8002-bc6234eaf887 req-cc951471-0c44-4f0e-8002-bc6234eaf887 ] Request (AttachInterfacesV270Test:setUpClass): 201 POST http://10.180.1.21/networking/v2.0/routers 0.872s
2025-11-14 07:11:06.991 65692 INFO tempest.lib.common.rest_client [req-e71f9060-f0c5-4fe3-8d92-14c6121c368b req-e71f9060-f0c5-4fe3-8d92-14c6121c368b ] Request (MigrationsAdminTest:test_list_migrations_in_flavor_resize_situation): 200 GET http://10.180.1.21/compute/v2.1/servers/8040990c-3e0a-4687-9349-a7718214dc55 6.523s
2025-11-14 07:11:06.998 65692 INFO tempest.common.waiters [-] State transition "BUILD/spawning" ==> "ACTIVE/None" after 18 second wait
2025-11-14 07:11:07.093 65670 INFO tempest.lib.common.rest_client [req-88ed086a-5161-4eb0-986b-948faffd75b5 req-88ed086a-5161-4eb0-986b-948faffd75b5 ] Request (ServerDiagnosticsV248Test:tearDownClass): 200 GET http://10.180.1.21/networking/v2.0/security-groups?tenant_id=d503ea0f904741ca93653d73d1567154&name=default 0.883s
2025-11-14 07:11:07.772 65666 INFO tempest.lib.common.rest_client [req-6aa8c2d5-bc33-4d72-b62b-5b421e977833 req-6aa8c2d5-bc33-4d72-b62b-5b421e977833 ] Request (ServersAdminTestJSON:test_create_server_with_scheduling_hint): 202 POST http://10.180.1.21/compute/v2.1/servers 7.578s
2025-11-14 07:11:07.782 65670 INFO tempest.lib.common.rest_client [req-b9e98bdd-e5c7-4317-89b2-85b3297c4b55 req-b9e98bdd-e5c7-4317-89b2-85b3297c4b55 ] Request (ServerDiagnosticsV248Test:tearDownClass): 204 DELETE http://10.180.1.21/networking/v2.0/security-groups/6e9924f1-adca-461f-889d-fbc11738efe6 0.688s
2025-11-14 07:11:07.867 65718 INFO tempest.lib.common.rest_client [req-b124e665-0959-4835-b7cd-98eb5796cc97 req-b124e665-0959-4835-b7cd-98eb5796cc97 ] Request (ServersTestBootFromVolume:setUpClass): 200 GET http://10.180.1.21/volume/v3/volumes/c652ffa4-e822-48a2-bb5c-eead391a6498 0.038s
2025-11-14 07:11:07.912 65670 INFO tempest.lib.common.rest_client [req-3e2de11d-d0af-4ab3-9e1d-a192e2221639 req-3e2de11d-d0af-4ab3-9e1d-a192e2221639 ] Request (ServerDiagnosticsV248Test:tearDownClass): 204 DELETE http://10.180.1.21/identity/v3/projects/d503ea0f904741ca93653d73d1567154 0.129s
2025-11-14 07:11:07.976 65684 INFO tempest.lib.common.rest_client [req-b83d0b00-677d-413d-b4e7-effb58886fba req-b83d0b00-677d-413d-b4e7-effb58886fba ] Request (AttachInterfacesV270Test:setUpClass): 200 PUT http://10.180.1.21/networking/v2.0/routers/981757cc-3fa4-4b88-bf48-d9bc2506fa12/add_router_interface 1.062s
2025-11-14 07:11:07.976 65684 INFO tempest.lib.common.dynamic_creds [-] Created isolated network resources for: credentials: Credentials: {'domain_id': 'default', 'domain_name': 'Default', 'username': 'tempest-AttachInterfacesV270Test-1074579575-project-member', 'project_domain_id': 'default', 'project_domain_name': 'Default', 'project_id': '88672350eb70422bb49cf393e8a24d26', 'project_name': 'tempest-AttachInterfacesV270Test-1074579575', 'tenant_id': '88672350eb70422bb49cf393e8a24d26', 'tenant_name': 'tempest-AttachInterfacesV270Test-1074579575', 'user_domain_id': 'default', 'user_domain_name': 'Default', 'user_id': 'e7dab59bf2484a08b6de9394f4d2a50a', 'system': None}, Network: {'id': 'af0599be-d865-43df-b733-aeb7d6ce1cd4', 'name': 'tempest-AttachInterfacesV270Test-1845420314-network', 'tenant_id': '88672350eb70422bb49cf393e8a24d26', 'project_id': '88672350eb70422bb49cf393e8a24d26', 'admin_state_up': True, 'mtu': 8950, 'status': 'ACTIVE', 'subnets': [], 'shared': False, 'port_security_enabled': True, 'router:external': False, 'provider:network_type': 'vlan', 'provider:physical_network': 'default', 'provider:segmentation_id': 82, 'availability_zone_hints': [], 'availability_zones': [], 'ipv4_address_scope': None, 'ipv6_address_scope': None, 'description': '', 'tags': [], 'created_at': '2025-11-14T07:11:05Z', 'updated_at': '2025-11-14T07:11:05Z', 'revision_number': 1}, Subnet: {'id': 'd3888ea8-8cde-4d71-8487-4474b46f0381', 'name': 'tempest-AttachInterfacesV270Test-1845420314-subnet', 'tenant_id': '88672350eb70422bb49cf393e8a24d26', 'network_id': 'af0599be-d865-43df-b733-aeb7d6ce1cd4', 'ip_version': 4, 'subnetpool_id': None, 'enable_dhcp': True, 'ipv6_ra_mode': None, 'ipv6_address_mode': None, 'gateway_ip': '192.168.128.1', 'cidr': '192.168.128.0/28', 'allocation_pools': [{'start': '192.168.128.2', 'end': '192.168.128.14'}], 'host_routes': [], 'dns_nameservers': [], 'description': '', 'router:external': False, 'service_types': [], 'tags': [], 'created_at': '2025-11-14T07:11:05Z', 'updated_at': '2025-11-14T07:11:05Z', 'revision_number': 0, 'project_id': '88672350eb70422bb49cf393e8a24d26'}, Router: {'id': '981757cc-3fa4-4b88-bf48-d9bc2506fa12', 'name': 'tempest-AttachInterfacesV270Test-1845420314-router', 'tenant_id': '88672350eb70422bb49cf393e8a24d26', 'admin_state_up': True, 'status': 'ACTIVE', 'external_gateway_info': {'network_id': '7f3d0b3b-8912-4216-b5ab-4e7c527cf0e3', 'external_fixed_ips': [{'subnet_id': '0f6ba3c1-c6d4-4cc5-a400-c4b4f255cbe5', 'ip_address': '10.180.180.183'}], 'enable_snat': True}, 'description': '', 'availability_zones': [], 'distributed': False, 'ha': False, 'availability_zone_hints': [], 'routes': [], 'flavor_id': None, 'tags': [], 'created_at': '2025-11-14T07:11:06Z', 'updated_at': '2025-11-14T07:11:06Z', 'revision_number': 2, 'project_id': '88672350eb70422bb49cf393e8a24d26'}
2025-11-14 07:11:07.982 65670 INFO tempest.lib.common.rest_client [req-1c5e5bde-c842-4b9c-b9a6-9281cc7c2c92 req-1c5e5bde-c842-4b9c-b9a6-9281cc7c2c92 ] Request (InstanceActionsTestJSON:setUpClass): 201 POST http://10.180.1.21/identity/v3/auth/tokens 0.068s
2025-11-14 07:11:08.028 65670 INFO tempest.lib.common.rest_client [req-79fcdce1-44a2-4b70-a6f3-a16fde37a464 req-79fcdce1-44a2-4b70-a6f3-a16fde37a464 ] Request (InstanceActionsTestJSON:setUpClass): 201 POST http://10.180.1.21/identity/v3/auth/tokens 0.042s
2025-11-14 07:11:08.034 65668 INFO tempest.lib.common.rest_client [req-d77d67fc-82da-4ea5-a4b8-3725b03825fd req-d77d67fc-82da-4ea5-a4b8-3725b03825fd ] Request (SecurityGroupRulesNegativeTestJSON:tearDownClass): 202 DELETE http://10.180.1.21/compute/v2.1/os-security-groups/0bb2e148-199e-4403-bd9e-83fdce7b53d2 6.552s
2025-11-14 07:11:08.056 65670 INFO tempest.lib.common.rest_client [req-15898227-9db2-4230-a64e-99f6ab2f6864 req-15898227-9db2-4230-a64e-99f6ab2f6864 ] Request (InstanceActionsTestJSON:setUpClass): 200 GET http://10.180.1.21/identity/v3/domains?name=Default 0.028s
2025-11-14 07:11:08.064 65672 INFO tempest.lib.common.rest_client [req-7e2daf35-3f82-4cec-af54-b6031bf30ff2 req-7e2daf35-3f82-4cec-af54-b6031bf30ff2 ] Request (FlavorsAdminTestJSON:_run_cleanups): 200 GET http://10.180.1.21/compute/v2.1/flavors/detail 6.559s
2025-11-14 07:11:08.089 65670 INFO tempest.lib.common.rest_client [req-397a9dac-17b7-495d-bd7d-1074ecd338cc req-397a9dac-17b7-495d-bd7d-1074ecd338cc ] Request (InstanceActionsTestJSON:setUpClass): 201 POST http://10.180.1.21/identity/v3/projects 0.032s
2025-11-14 07:11:08.091 65706 INFO tempest.lib.common.rest_client [req-8ab78538-7f7b-4cf4-9d66-0859f24ec838 req-8ab78538-7f7b-4cf4-9d66-0859f24ec838 ] Request (KeyPairsV2TestJSON:_run_cleanups): 202 DELETE http://10.180.1.21/compute/v2.1/os-keypairs/tempest-keypair-1195647601 6.272s
2025-11-14 07:11:08.092 65684 INFO tempest.lib.common.rest_client [req-ab2e07a6-b4ca-4487-8006-06f75cb8f3b3 req-ab2e07a6-b4ca-4487-8006-06f75cb8f3b3 ] Request (AttachInterfacesV270Test:setUpClass): 201 POST http://10.180.1.21/identity/v3/auth/tokens 0.113s
2025-11-14 07:11:08.153 65670 INFO tempest.lib.common.rest_client [req-7bf1ac53-b6b4-4bc9-bffd-3e55cd3153f1 req-7bf1ac53-b6b4-4bc9-bffd-3e55cd3153f1 ] Request (InstanceActionsTestJSON:setUpClass): 201 POST http://10.180.1.21/identity/v3/users 0.064s
2025-11-14 07:11:08.169 65684 INFO tempest.lib.common.rest_client [req-eb0001e2-ff53-44e2-8587-f6a8d61b6011 req-eb0001e2-ff53-44e2-8587-f6a8d61b6011 ] Request (AttachInterfacesV270Test:test_create_get_list_interfaces): 201 POST http://10.180.1.21/identity/v3/auth/tokens 0.073s
2025-11-14 07:11:08.170 65684 INFO tempest.lib.common.fixed_network [-] (AttachInterfacesV270Test:test_create_get_list_interfaces) Found network {'id': 'af0599be-d865-43df-b733-aeb7d6ce1cd4', 'name': 'tempest-AttachInterfacesV270Test-1845420314-network', 'tenant_id': '88672350eb70422bb49cf393e8a24d26', 'project_id': '88672350eb70422bb49cf393e8a24d26', 'admin_state_up': True, 'mtu': 8950, 'status': 'ACTIVE', 'subnets': [], 'shared': False, 'port_security_enabled': True, 'router:external': False, 'provider:network_type': 'vlan', 'provider:physical_network': 'default', 'provider:segmentation_id': 82, 'availability_zone_hints': [], 'availability_zones': [], 'ipv4_address_scope': None, 'ipv6_address_scope': None, 'description': '', 'tags': [], 'created_at': '2025-11-14T07:11:05Z', 'updated_at': '2025-11-14T07:11:05Z', 'revision_number': 1} available for tenant
2025-11-14 07:11:08.179 65670 INFO tempest.lib.common.rest_client [req-6628c141-a1c9-4a5f-9477-0c76e596c6c1 req-6628c141-a1c9-4a5f-9477-0c76e596c6c1 ] Request (InstanceActionsTestJSON:setUpClass): 200 GET http://10.180.1.21/identity/v3/roles 0.025s
2025-11-14 07:11:08.208 65670 INFO tempest.lib.common.rest_client [req-27a8f87a-a7e1-4e57-be59-2975a9c6fef3 req-27a8f87a-a7e1-4e57-be59-2975a9c6fef3 ] Request (InstanceActionsTestJSON:setUpClass): 204 PUT http://10.180.1.21/identity/v3/projects/7acd3eaff83c4b11bb40ec686bd75fa4/users/9a788ab8a3114a01aaa6335ea275afe3/roles/5b5024e440474a5cabca60ee2c9de23d 0.028s
2025-11-14 07:11:08.208 65670 INFO tempest.lib.common.dynamic_creds [-] Dynamic test user 9a788ab8a3114a01aaa6335ea275afe3 is created with scope project and roles: ['member']
2025-11-14 07:11:08.208 65670 INFO tempest.lib.common.dynamic_creds [-] Acquired dynamic creds: credentials: Credentials: {'domain_id': 'default', 'domain_name': 'Default', 'username': 'tempest-InstanceActionsTestJSON-1306228328-project-member', 'project_domain_id': 'default', 'project_domain_name': 'Default', 'project_id': '7acd3eaff83c4b11bb40ec686bd75fa4', 'project_name': 'tempest-InstanceActionsTestJSON-1306228328', 'tenant_id': '7acd3eaff83c4b11bb40ec686bd75fa4', 'tenant_name': 'tempest-InstanceActionsTestJSON-1306228328', 'user_domain_id': 'default', 'user_domain_name': 'Default', 'user_id': '9a788ab8a3114a01aaa6335ea275afe3', 'system': None}, Network: None, Subnet: None, Router: None
2025-11-14 07:11:08.238 65678 INFO tempest.lib.common.rest_client [req-afacb234-edf3-4ba0-8843-aa3163dc5ac1 req-afacb234-edf3-4ba0-8843-aa3163dc5ac1 ] Request (ServerRescueTestJSON:setUpClass): 202 POST http://10.180.1.21/compute/v2.1/servers 7.102s
2025-11-14 07:11:08.251 65688 INFO tempest.lib.common.rest_client [req-baf0db25-39cb-4f55-978a-037be8820674 req-baf0db25-39cb-4f55-978a-037be8820674 ] Request (KeyPairsV22TestJSON:test_get_keypair_detail): 200 GET http://10.180.1.21/compute/v2.1/os-keypairs/tempest-keypair-2096142275 6.253s
2025-11-14 07:11:08.271 65670 INFO tempest.lib.common.rest_client [req-92da9c78-3223-470c-a59a-630a91e6e0c8 req-92da9c78-3223-470c-a59a-630a91e6e0c8 ] Request (InstanceActionsTestJSON:setUpClass): 201 POST http://10.180.1.21/identity/v3/auth/tokens 0.062s
2025-11-14 07:11:08.272 65694 INFO tempest.lib.common.rest_client [req-fec2131a-50bb-4130-b9af-40929ad4a153 req-fec2131a-50bb-4130-b9af-40929ad4a153 ] Request (ServicesAdminTestJSON:test_get_service_by_service_binary_name): 200 GET http://10.180.1.21/compute/v2.1/os-services?binary=nova-compute 6.247s
2025-11-14 07:11:08.310 65698 INFO tempest.lib.common.rest_client [req-2faa6023-6bce-4722-840b-457219a4e7d6 req-2faa6023-6bce-4722-840b-457219a4e7d6 ] Request (AggregatesAdminNegativeTestJSON:test_aggregate_create_with_existent_aggregate_name): 200 POST http://10.180.1.21/compute/v2.1/os-aggregates 6.278s
2025-11-14 07:11:08.458 65682 INFO tempest.lib.common.rest_client [req-6838b5ec-9d61-40c5-89a4-a8ce9e339940 req-6838b5ec-9d61-40c5-89a4-a8ce9e339940 ] Request (FlavorsAccessNegativeTestJSON:test_flavor_non_admin_remove): 200 POST http://10.180.1.21/compute/v2.1/flavors/2103572173/action 6.400s
2025-11-14 07:11:08.595 65670 INFO tempest.lib.common.rest_client [req-17b8de79-bf14-488f-8687-b484503e4fcd req-17b8de79-bf14-488f-8687-b484503e4fcd ] Request (InstanceActionsTestJSON:setUpClass): 201 POST http://10.180.1.21/networking/v2.0/networks 0.323s
2025-11-14 07:11:08.876 65670 INFO tempest.lib.common.rest_client [req-e1bdde42-925b-46e7-8118-c7456a28ff2f req-e1bdde42-925b-46e7-8118-c7456a28ff2f ] Request (InstanceActionsTestJSON:setUpClass): 201 POST http://10.180.1.21/networking/v2.0/subnets 0.280s
2025-11-14 07:11:08.909 65674 INFO tempest.lib.common.rest_client [req-b4c28b5c-3a64-4dbb-b975-a341eda5d60d req-b4c28b5c-3a64-4dbb-b975-a341eda5d60d ] Request (FloatingIPsAssociationNegativeTestJSON:test_associate_ip_to_server_with_floating_ip): 200 POST http://10.180.1.21/compute/v2.1/os-floating-ips 6.958s
2025-11-14 07:11:08.924 65718 INFO tempest.lib.common.rest_client [req-a763e422-62bf-4fdb-a9f0-807da7ec2611 req-a763e422-62bf-4fdb-a9f0-807da7ec2611 ] Request (ServersTestBootFromVolume:setUpClass): 200 GET http://10.180.1.21/volume/v3/volumes/c652ffa4-e822-48a2-bb5c-eead391a6498 0.045s
2025-11-14 07:11:09.110 65686 INFO tempest.lib.common.rest_client [req-4a59a38f-c8b7-4000-85be-5e0f174c60f6 req-4a59a38f-c8b7-4000-85be-5e0f174c60f6 ] Request (ServerGroupTestJSON:test_create_server_with_scheduler_hint_group): 202 POST http://10.180.1.21/compute/v2.1/servers 6.996s
2025-11-14 07:11:09.145 65690 INFO tempest.lib.common.rest_client [req-14f38135-09f7-403e-87cf-e336e718cedf req-14f38135-09f7-403e-87cf-e336e718cedf ] Request (ServersTestJSON:setUpClass): 200 GET http://10.180.1.21/compute/v2.1/servers/093770a5-63eb-4ee1-95b1-b63b85367505 6.923s
2025-11-14 07:11:09.157 65690 INFO tempest.common.waiters [-] State transition "BUILD/None" ==> "BUILD/spawning" after 8 second wait
2025-11-14 07:11:09.258 65676 INFO tempest.lib.common.rest_client [req-43dbedde-9f10-432a-967c-19b0a0eb24e0 req-43dbedde-9f10-432a-967c-19b0a0eb24e0 ] Request (ServerDiagnosticsTest:test_get_server_diagnostics): 200 GET http://10.180.1.21/compute/v2.1/servers/5cd07341-45a7-4044-8aeb-c9317faf62c4 6.205s
2025-11-14 07:11:09.266 65676 INFO tempest.common.waiters [-] State transition "BUILD/networking" ==> "BUILD/spawning" after 13 second wait
2025-11-14 07:11:09.282 65680 INFO tempest.lib.common.rest_client [req-d357abca-40ac-463e-942d-2dc88a9cfdf1 req-d357abca-40ac-463e-942d-2dc88a9cfdf1 ] Request (FloatingIPsNegativeTestJSON:setUpClass): 200 GET http://10.180.1.21/compute/v2.1/os-floating-ips 6.096s
2025-11-14 07:11:09.317 65724 INFO tempest.lib.common.rest_client [req-e177003b-c73b-40fb-8205-59740ac7819c req-e177003b-c73b-40fb-8205-59740ac7819c ] Request (ServerAddressesNegativeTestJSON:tearDownClass): 404 GET http://10.180.1.21/compute/v2.1/servers/3a19d3d1-0127-44b6-a1db-6806ebb7bf60 6.100s
2025-11-14 07:11:09.336 65710 INFO tempest.lib.common.rest_client [req-c7de9f0d-0672-4f23-891f-5ce95bb2c8be req-c7de9f0d-0672-4f23-891f-5ce95bb2c8be ] Request (ServersAaction247Test:test_create_backup): 200 GET http://10.180.1.21/compute/v2.1/servers/8e13fe02-5c12-4c7a-af8b-803410cc78f4 6.136s
2025-11-14 07:11:09.346 65710 INFO tempest.common.waiters [-] State transition "BUILD/spawning" ==> "ACTIVE/None" after 17 second wait
2025-11-14 07:11:09.544 65720 INFO tempest.lib.common.rest_client [req-492d9208-28b6-4843-8774-f1b26752ed35 req-492d9208-28b6-4843-8774-f1b26752ed35 ] Request (QuotasAdminTestJSON:_run_cleanups): 200 PUT http://10.180.1.21/compute/v2.1/os-quota-sets/f73f1b5b4b3541ddba7d76a2204a7ae6 6.038s
2025-11-14 07:11:09.649 65720 INFO tempest.lib.common.rest_client [req-7e26f6e1-21db-42d3-9595-018419aecc83 req-7e26f6e1-21db-42d3-9595-018419aecc83 ] Request (QuotasAdminTestJSON:tearDownClass): 204 DELETE http://10.180.1.21/identity/v3/users/20b2895f537545eda3c1ea6d52975084 0.100s
2025-11-14 07:11:09.679 65670 INFO tempest.lib.common.rest_client [req-aa1e56be-8dd2-4658-a0a9-de44ca677604 req-aa1e56be-8dd2-4658-a0a9-de44ca677604 ] Request (InstanceActionsTestJSON:setUpClass): 201 POST http://10.180.1.21/networking/v2.0/routers 0.802s
2025-11-14 07:11:09.817 65702 INFO tempest.lib.common.rest_client [req-801658a0-ee98-4d88-976a-7f41f14216be req-801658a0-ee98-4d88-976a-7f41f14216be ] Request (DeleteServersAdminTestJSON:test_delete_server_while_in_error_state): 200 GET http://10.180.1.21/compute/v2.1/servers/d51e06e7-1197-43b8-818d-60e4bf58ced6 5.316s
2025-11-14 07:11:09.856 65720 INFO tempest.lib.common.rest_client [req-2387af23-b63b-45dd-b49f-fcbad9590ebf req-2387af23-b63b-45dd-b49f-fcbad9590ebf ] Request (QuotasAdminTestJSON:tearDownClass): 204 DELETE http://10.180.1.21/identity/v3/users/12d61d78beba4119b11ec53c81a6e182 0.206s
2025-11-14 07:11:09.856 65720 INFO tempest.lib.common.dynamic_creds [-] Deleting project and security group for project: 3c4bd8f29deb43a790f3c92099a6e279
2025-11-14 07:11:09.957 65720 INFO tempest.lib.common.rest_client [req-1568dd8e-9c81-4a28-ad5b-93ba02cf8ec5 req-1568dd8e-9c81-4a28-ad5b-93ba02cf8ec5 ] Request (QuotasAdminTestJSON:tearDownClass): 201 POST http://10.180.1.21/identity/v3/auth/tokens 0.101s
2025-11-14 07:11:09.965 65718 INFO tempest.lib.common.rest_client [req-d673d3bd-add6-4f79-aed7-3c5d9cecef3d req-d673d3bd-add6-4f79-aed7-3c5d9cecef3d ] Request (ServersTestBootFromVolume:setUpClass): 200 GET http://10.180.1.21/volume/v3/volumes/c652ffa4-e822-48a2-bb5c-eead391a6498 0.032s
2025-11-14 07:11:10.186 65724 INFO tempest.lib.common.rest_client [req-3c47486f-96e0-4ba9-a7ba-26884d8b468e req-3c47486f-96e0-4ba9-a7ba-26884d8b468e ] Request (ServerAddressesNegativeTestJSON:tearDownClass): 200 PUT http://10.180.1.21/networking/v2.0/routers/3e5a3e6d-307b-48bf-ba29-eb573e02c147/remove_router_interface 0.867s
2025-11-14 07:11:10.227 65728 INFO tempest.lib.common.rest_client [req-609707e3-6199-447a-9bae-b06428b56fdb req-609707e3-6199-447a-9bae-b06428b56fdb ] Request (ImagesNegativeTestJSON:test_create_image_from_deleted_server): 200 GET http://10.180.1.21/compute/v2.1/servers/ff34f1cb-2cd4-4701-a713-5aa5a0f6929a 6.116s
2025-11-14 07:11:10.236 65728 INFO tempest.common.waiters [-] State transition "BUILD/spawning" ==> "ACTIVE/None" after 17 second wait
2025-11-14 07:11:10.505 65720 INFO tempest.lib.common.rest_client [req-5539fbdb-7d7c-4b1d-a82e-5fab2bc38b4a req-5539fbdb-7d7c-4b1d-a82e-5fab2bc38b4a ] Request (QuotasAdminTestJSON:tearDownClass): 200 GET http://10.180.1.21/networking/v2.0/security-groups?tenant_id=3c4bd8f29deb43a790f3c92099a6e279&name=default 0.547s
2025-11-14 07:11:10.514 65700 INFO tempest.lib.common.rest_client [req-f02a9ceb-a5a1-4281-af94-44fd327ae089 req-f02a9ceb-a5a1-4281-af94-44fd327ae089 ] Request (ServerShowV247Test:test_show_server): 202 POST http://10.180.1.21/compute/v2.1/servers 5.226s
2025-11-14 07:11:10.540 65731 INFO tempest.lib.common.rest_client [req-4ad91da0-f3e5-4f0a-bf93-490fc771cd62 req-4ad91da0-f3e5-4f0a-bf93-490fc771cd62 ] Request (InstanceActionsV221TestJSON:test_get_list_deleted_instance_actions): 404 GET http://10.180.1.21/compute/v2.1/servers/8fb20b85-b646-4299-98c4-6cae40fc657f 4.868s
2025-11-14 07:11:10.699 65670 INFO tempest.lib.common.rest_client [req-9bc2da04-d933-46f1-8823-6b5adf771c4e req-9bc2da04-d933-46f1-8823-6b5adf771c4e ] Request (InstanceActionsTestJSON:setUpClass): 200 PUT http://10.180.1.21/networking/v2.0/routers/adb8ba7f-10ca-4428-8eff-ac6a8b77ccea/add_router_interface 1.020s
2025-11-14 07:11:10.700 65670 INFO tempest.lib.common.dynamic_creds [-] Created isolated network resources for: credentials: Credentials: {'domain_id': 'default', 'domain_name': 'Default', 'username': 'tempest-InstanceActionsTestJSON-1306228328-project-member', 'project_domain_id': 'default', 'project_domain_name': 'Default', 'project_id': '7acd3eaff83c4b11bb40ec686bd75fa4', 'project_name': 'tempest-InstanceActionsTestJSON-1306228328', 'tenant_id': '7acd3eaff83c4b11bb40ec686bd75fa4', 'tenant_name': 'tempest-InstanceActionsTestJSON-1306228328', 'user_domain_id': 'default', 'user_domain_name': 'Default', 'user_id': '9a788ab8a3114a01aaa6335ea275afe3', 'system': None}, Network: {'id': '2ed7ab43-224f-4e80-ac45-89616a492cc1', 'name': 'tempest-InstanceActionsTestJSON-1166652884-network', 'tenant_id': '7acd3eaff83c4b11bb40ec686bd75fa4', 'project_id': '7acd3eaff83c4b11bb40ec686bd75fa4', 'admin_state_up': True, 'mtu': 8950, 'status': 'ACTIVE', 'subnets': [], 'shared': False, 'port_security_enabled': True, 'router:external': False, 'provider:network_type': 'vlan', 'provider:physical_network': 'default', 'provider:segmentation_id': 184, 'availability_zone_hints': [], 'availability_zones': [], 'ipv4_address_scope': None, 'ipv6_address_scope': None, 'description': '', 'tags': [], 'created_at': '2025-11-14T07:11:08Z', 'updated_at': '2025-11-14T07:11:08Z', 'revision_number': 1}, Subnet: {'id': '07431690-6769-4bc0-920c-fa3e2ab59072', 'name': 'tempest-InstanceActionsTestJSON-1166652884-subnet', 'tenant_id': '7acd3eaff83c4b11bb40ec686bd75fa4', 'network_id': '2ed7ab43-224f-4e80-ac45-89616a492cc1', 'ip_version': 4, 'subnetpool_id': None, 'enable_dhcp': True, 'ipv6_ra_mode': None, 'ipv6_address_mode': None, 'gateway_ip': '192.168.128.1', 'cidr': '192.168.128.0/28', 'allocation_pools': [{'start': '192.168.128.2', 'end': '192.168.128.14'}], 'host_routes': [], 'dns_nameservers': [], 'description': '', 'router:external': False, 'service_types': [], 'tags': [], 'created_at': '2025-11-14T07:11:08Z', 'updated_at': '2025-11-14T07:11:08Z', 'revision_number': 0, 'project_id': '7acd3eaff83c4b11bb40ec686bd75fa4'}, Router: {'id': 'adb8ba7f-10ca-4428-8eff-ac6a8b77ccea', 'name': 'tempest-InstanceActionsTestJSON-1166652884-router', 'tenant_id': '7acd3eaff83c4b11bb40ec686bd75fa4', 'admin_state_up': True, 'status': 'ACTIVE', 'external_gateway_info': {'network_id': '7f3d0b3b-8912-4216-b5ab-4e7c527cf0e3', 'external_fixed_ips': [{'subnet_id': '0f6ba3c1-c6d4-4cc5-a400-c4b4f255cbe5', 'ip_address': '10.180.180.245'}], 'enable_snat': True}, 'description': '', 'availability_zones': [], 'distributed': False, 'ha': False, 'availability_zone_hints': [], 'routes': [], 'flavor_id': None, 'tags': [], 'created_at': '2025-11-14T07:11:08Z', 'updated_at': '2025-11-14T07:11:09Z', 'revision_number': 2, 'project_id': '7acd3eaff83c4b11bb40ec686bd75fa4'}
2025-11-14 07:11:10.843 65670 INFO tempest.lib.common.rest_client [req-3df2f176-692c-4dd8-8162-e725888db24e req-3df2f176-692c-4dd8-8162-e725888db24e ] Request (InstanceActionsTestJSON:setUpClass): 201 POST http://10.180.1.21/identity/v3/auth/tokens 0.139s
2025-11-14 07:11:10.879 65670 INFO tempest.lib.common.rest_client [req-ecb5e9be-fcd9-4a5b-92d4-dad050f9ecad req-ecb5e9be-fcd9-4a5b-92d4-dad050f9ecad ] Request (InstanceActionsTestJSON:setUpClass): 201 POST http://10.180.1.21/identity/v3/auth/tokens 0.031s
