2025-11-14 07:12:50.679 65700 INFO tempest.lib.common.rest_client [req-5ef297f5-d47b-4111-9140-2c4931738183 req-5ef297f5-d47b-4111-9140-2c4931738183 ] Request (ServerShowV247Test:tearDownClass): 200 GET http://10.180.1.21/compute/v2.1/servers/711fee5b-64bc-46d3-9b6c-4ae29439ca2c 1.012s
2025-11-14 07:12:50.754 65680 INFO tempest.lib.common.rest_client [req-04fb50b6-67fc-4dba-9efa-3df7080808f8 req-04fb50b6-67fc-4dba-9efa-3df7080808f8 ] Request (ImagesOneServerTestJSON:test_create_image_specify_multibyte_character_image_name): 200 GET http://10.180.1.21/compute/v2.1/servers/7480c810-7312-494b-8d56-4e0b96e196e7 1.060s
2025-11-14 07:12:50.764 65672 INFO tempest.lib.common.rest_client [req-6f1059db-2738-4fb0-9a23-3e5c438dabe5 req-6f1059db-2738-4fb0-9a23-3e5c438dabe5 ] Request (ServerActionsTestOtherA:setUpClass): 200 GET http://10.180.1.21/compute/v2.1/servers/ab4af4ed-ab3d-474d-bd2e-71515acc7c3d 1.020s
2025-11-14 07:12:50.817 65682 INFO tempest.lib.common.rest_client [req-bd61b501-c18c-4510-946b-0212e29e6d48 req-bd61b501-c18c-4510-946b-0212e29e6d48 ] Request (TenantUsagesTestJSON:setUpClass): 200 GET http://10.180.1.21/compute/v2.1/servers/5be07f37-5380-4798-8d24-332b0b4c286f 1.020s
2025-11-14 07:12:50.893 65714 INFO tempest.lib.common.rest_client [req-ed8d9c4f-126b-499b-b42b-3ba9ba7db741 req-ed8d9c4f-126b-499b-b42b-3ba9ba7db741 ] Request (ServersWithSpecificFlavorTestJSON:test_verify_created_server_ephemeral_disk): 200 GET http://10.180.1.21/compute/v2.1/servers/09063edf-2538-45de-9fab-fbecc058424c 1.071s
2025-11-14 07:12:50.978 65696 INFO tempest.lib.common.rest_client [req-f3ee2873-3eb1-487d-a679-b3b84c7c40ff req-f3ee2873-3eb1-487d-a679-b3b84c7c40ff ] Request (VolumesAssistedSnapshotsTest:tearDownClass): 200 GET http://10.180.1.21/compute/v2.1/servers/d4d1249b-92b3-464b-a26c-28acc177095b 0.909s
2025-11-14 07:12:51.053 65676 INFO tempest.lib.common.rest_client [req-63da5b1e-dbfa-4eab-8367-ca2df0bff3f9 req-63da5b1e-dbfa-4eab-8367-ca2df0bff3f9 ] Request (ServersAdminNegativeTestJSON:test_migrate_server_invalid_state): 200 GET http://10.180.1.21/compute/v2.1/servers/81c8625b-816f-41e1-a451-f8fd2553ed7b 0.923s
2025-11-14 07:12:51.141 65694 INFO tempest.lib.common.rest_client [req-ab796f33-ad83-4fd8-ac59-4ba1a0f1e08b req-ab796f33-ad83-4fd8-ac59-4ba1a0f1e08b ] Request (ServerMetadataTestJSON:setUp): 200 PUT http://10.180.1.21/compute/v2.1/servers/21b30d1e-60a4-4873-b60b-84e329604535/metadata 0.985s
2025-11-14 07:12:51.245 65670 INFO tempest.lib.common.rest_client [req-fbb5ddb5-4b1e-48e4-b14a-bc596a74ff4f req-fbb5ddb5-4b1e-48e4-b14a-bc596a74ff4f ] Request (InstanceActionsTestJSON:tearDownClass): 200 PUT http://10.180.1.21/networking/v2.0/routers/adb8ba7f-10ca-4428-8eff-ac6a8b77ccea/remove_router_interface 0.886s
2025-11-14 07:12:51.265 65724 INFO tempest.lib.common.rest_client [req-3946daca-b6a6-48d0-a000-7d4957f71a5c req-3946daca-b6a6-48d0-a000-7d4957f71a5c ] Request (ServerShowV254Test:tearDownClass): 200 GET http://10.180.1.21/compute/v2.1/servers/8bf0229b-63b1-49fb-9c50-4a7fe40f2093 1.076s
2025-11-14 07:12:51.273 65674 INFO tempest.lib.common.rest_client [req-dc5e4057-bb36-4927-849e-e03fcb728562 req-dc5e4057-bb36-4927-849e-e03fcb728562 ] Request (AttachInterfacesUnderV243Test:test_add_remove_fixed_ip): 202 POST http://10.180.1.21/compute/v2.1/servers 1.329s
2025-11-14 07:12:51.508 65686 INFO tempest.lib.common.rest_client [req-87738978-9520-4bc9-ad60-d5cf25200214 req-87738978-9520-4bc9-ad60-d5cf25200214 ] Request (ServersListShow296Test:test_list_show_update_rebuild_server_296): 200 GET http://10.180.1.21/compute/v2.1/servers/380bdc79-08ff-4561-b622-d93104b4f042 1.191s
2025-11-14 07:12:51.564 65678 INFO tempest.lib.common.rest_client [req-8861fafd-c4ef-414b-921e-9aa7aeaffb2d req-8861fafd-c4ef-414b-921e-9aa7aeaffb2d ] Request (ServerRescueTestJSON:tearDownClass): 200 GET http://10.180.1.21/compute/v2.1/servers/2efca0e4-05a0-4a9b-8405-6e25c8e298e6 1.033s
2025-11-14 07:12:51.642 65680 INFO tempest.lib.common.rest_client [req-5a686f26-df3f-4c70-9265-c8c4288e387a req-5a686f26-df3f-4c70-9265-c8c4288e387a ] Request (ImagesOneServerTestJSON:tearDownClass): 204 DELETE http://10.180.1.21/compute/v2.1/images/f99c74cc-61cb-434b-8d72-f6cd4e8a5a90 0.880s
2025-11-14 07:12:51.648 65692 INFO tempest.lib.common.rest_client [req-86a827b4-d61a-4543-b6f3-b1542aafdb6c req-86a827b4-d61a-4543-b6f3-b1542aafdb6c ] Request (MigrationsAdminTest:test_resize_server_revert_deleted_flavor): 200 GET http://10.180.1.21/compute/v2.1/servers/b90d47b9-afb3-46aa-abba-45ce878f97af 0.860s
2025-11-14 07:12:51.683 65670 INFO tempest.lib.common.rest_client [req-40adbfbb-0850-440e-b55d-1f7416e5bbd9 req-40adbfbb-0850-440e-b55d-1f7416e5bbd9 ] Request (InstanceActionsTestJSON:tearDownClass): 204 DELETE http://10.180.1.21/networking/v2.0/routers/adb8ba7f-10ca-4428-8eff-ac6a8b77ccea 0.437s
2025-11-14 07:12:51.716 65688 INFO tempest.lib.common.rest_client [req-0207835b-4643-4da0-aa64-a6d3c7eb02b0 req-0207835b-4643-4da0-aa64-a6d3c7eb02b0 ] Request (AttachVolumeNegativeTest:test_attach_attached_volume_to_different_server): 200 GET http://10.180.1.21/compute/v2.1/servers/556fe7ee-8443-4b6a-83d3-1fa62e650dc8 0.581s
2025-11-14 07:12:51.729 65666 INFO tempest.lib.common.rest_client [req-17a88b21-866e-4d22-b9dc-dea181501433 req-17a88b21-866e-4d22-b9dc-dea181501433 ] Request (ServersAdminTestJSON:tearDownClass): 200 GET http://10.180.1.21/compute/v2.1/servers/fcc262ba-c214-4a28-a18b-02331fa629e9 0.672s
2025-11-14 07:12:51.815 65694 INFO tempest.lib.common.rest_client [req-b413767d-2c00-482d-9a81-ea9871dc064b req-b413767d-2c00-482d-9a81-ea9871dc064b ] Request (ServerMetadataTestJSON:test_set_server_metadata): 200 PUT http://10.180.1.21/compute/v2.1/servers/21b30d1e-60a4-4873-b60b-84e329604535/metadata 0.672s
2025-11-14 07:12:51.821 65720 INFO tempest.lib.common.rest_client [req-3b1caf30-8da7-45f8-9c09-a4a44fdb4135 req-3b1caf30-8da7-45f8-9c09-a4a44fdb4135 ] Request (ServersTestMultiNic:_run_cleanups): 200 GET http://10.180.1.21/compute/v2.1/servers/12fe0992-d0ef-40b4-9a97-dbacd509f3c0 0.615s
2025-11-14 07:12:51.883 65706 INFO tempest.lib.common.rest_client [req-9938ed18-9187-45d5-aa60-eb5527dbed34 req-9938ed18-9187-45d5-aa60-eb5527dbed34 ] Request (ServersNegativeTestMultiTenantJSON:setUpClass): 200 GET http://10.180.1.21/compute/v2.1/servers/5ec71071-bdb6-4273-bb9b-3d05d540d45a 0.662s
2025-11-14 07:12:51.894 65668 INFO tempest.lib.common.rest_client [req-1ac787d7-2e33-499f-ba1d-4cd406d1e61b req-1ac787d7-2e33-499f-ba1d-4cd406d1e61b ] Request (SecurityGroupsTestJSON:test_server_security_groups): 200 GET http://10.180.1.21/compute/v2.1/servers/2f30ade1-3096-4309-aec5-cb38f8442ba8 0.630s
2025-11-14 07:12:51.899 65670 INFO tempest.lib.common.rest_client [req-6b4b5841-c58e-40fb-82c9-89f46dc5209b req-6b4b5841-c58e-40fb-82c9-89f46dc5209b ] Request (InstanceActionsTestJSON:tearDownClass): 204 DELETE http://10.180.1.21/networking/v2.0/subnets/07431690-6769-4bc0-920c-fa3e2ab59072 0.216s
2025-11-14 07:12:51.933 65674 INFO tempest.lib.common.rest_client [req-89984258-fa16-422e-9e7a-428ca8837976 req-89984258-fa16-422e-9e7a-428ca8837976 ] Request (AttachInterfacesUnderV243Test:test_add_remove_fixed_ip): 200 GET http://10.180.1.21/compute/v2.1/servers/ed0c5181-dced-4d51-a185-a9ecc0b81a8e 0.658s
2025-11-14 07:12:51.974 65731 INFO tempest.lib.common.rest_client [req-0201e826-976d-46b6-84a6-819ab8b68579 req-0201e826-976d-46b6-84a6-819ab8b68579 ] Request (ServerAddressesTestJSON:tearDownClass): 200 GET http://10.180.1.21/compute/v2.1/servers/b229ceab-a19b-41b0-80e5-c44fe342cb0e 0.684s
2025-11-14 07:12:52.013 65698 INFO tempest.lib.common.rest_client [req-90fd15fa-dc41-4577-9d2b-a9c0a43dd8ae req-90fd15fa-dc41-4577-9d2b-a9c0a43dd8ae ] Request (ServerDiagnosticsNegativeTest:test_get_server_diagnostics_by_non_admin): 200 GET http://10.180.1.21/compute/v2.1/servers/ad90b6a0-9cc5-4354-a59d-8c2ae1dd8bf6 0.671s
2025-11-14 07:12:52.048 65702 INFO tempest.lib.common.rest_client [req-c3bff403-d445-4f93-89d0-ebf35e56f6e5 req-c3bff403-d445-4f93-89d0-ebf35e56f6e5 ] Request (DeleteServersAdminTestJSON:test_delete_server_while_in_error_state): 200 GET http://10.180.1.21/compute/v2.1/servers/d51e06e7-1197-43b8-818d-60e4bf58ced6 0.693s
2025-11-14 07:12:52.066 65710 INFO tempest.lib.common.rest_client [req-6646d51b-e380-4a9e-98b5-23709cc9fcb8 req-6646d51b-e380-4a9e-98b5-23709cc9fcb8 ] Request (ServerRescueNegativeTestJSON:setUpClass): 200 GET http://10.180.1.21/compute/v2.1/servers/a32620bd-7f37-4d92-bbe2-2720e5fcf31f 0.609s
2025-11-14 07:12:52.075 65690 INFO tempest.lib.common.rest_client [req-809b0882-2c76-40d9-a7ba-0b95e44c614e req-809b0882-2c76-40d9-a7ba-0b95e44c614e ] Request (ServersTestJSON:tearDownClass): 404 GET http://10.180.1.21/compute/v2.1/servers/093770a5-63eb-4ee1-95b1-b63b85367505 0.611s
2025-11-14 07:12:52.095 65680 INFO tempest.lib.common.rest_client [req-778c9f7a-2b9e-4be0-a6f5-b19c58a59ac9 req-778c9f7a-2b9e-4be0-a6f5-b19c58a59ac9 ] Request (ImagesOneServerTestJSON:tearDownClass): 404 DELETE http://10.180.1.21/compute/v2.1/images/6bd6f8f4-f3cf-4de3-9c85-bd51b7ff7d15 0.452s
2025-11-14 07:12:52.131 65684 INFO tempest.lib.common.rest_client [req-971b3bcd-54ab-42c3-8ac5-e8571f75408e req-971b3bcd-54ab-42c3-8ac5-e8571f75408e ] Request (ServerDiskConfigTestJSON:test_rebuild_server_with_auto_disk_config): 200 GET http://10.180.1.21/compute/v2.1/servers/1e9c9cea-1e9c-417c-8f5b-4cf061b39cbe 0.590s
2025-11-14 07:12:52.167 65700 INFO tempest.lib.common.rest_client [req-d2447f89-6c94-4147-bb27-012f2ae94d50 req-d2447f89-6c94-4147-bb27-012f2ae94d50 ] Request (ServerShowV247Test:tearDownClass): 200 GET http://10.180.1.21/compute/v2.1/servers/711fee5b-64bc-46d3-9b6c-4ae29439ca2c 0.475s
2025-11-14 07:12:52.203 65694 INFO tempest.lib.common.rest_client [req-c7181384-7318-4e58-a1cc-c97befa613d2 req-c7181384-7318-4e58-a1cc-c97befa613d2 ] Request (ServerMetadataTestJSON:test_set_server_metadata): 200 GET http://10.180.1.21/compute/v2.1/servers/21b30d1e-60a4-4873-b60b-84e329604535/metadata 0.388s
2025-11-14 07:12:52.214 65670 INFO tempest.lib.common.rest_client [req-3ea8e3e2-b2ac-4dc7-9d5b-0aaadc8c6f21 req-3ea8e3e2-b2ac-4dc7-9d5b-0aaadc8c6f21 ] Request (InstanceActionsTestJSON:tearDownClass): 204 DELETE http://10.180.1.21/networking/v2.0/networks/2ed7ab43-224f-4e80-ac45-89616a492cc1 0.314s
2025-11-14 07:12:52.216 65672 INFO tempest.lib.common.rest_client [req-5069e998-1a7b-4fed-997c-0cdd5d4e1baa req-5069e998-1a7b-4fed-997c-0cdd5d4e1baa ] Request (ServerActionsTestOtherA:setUpClass): 200 GET http://10.180.1.21/compute/v2.1/servers/ab4af4ed-ab3d-474d-bd2e-71515acc7c3d 0.441s
2025-11-14 07:12:52.267 65682 INFO tempest.lib.common.rest_client [req-9ce6b84d-9097-4448-b78b-ffa6ae873f6c req-9ce6b84d-9097-4448-b78b-ffa6ae873f6c ] Request (TenantUsagesTestJSON:setUpClass): 200 GET http://10.180.1.21/compute/v2.1/servers/5be07f37-5380-4798-8d24-332b0b4c286f 0.440s
2025-11-14 07:12:52.326 65696 INFO tempest.lib.common.rest_client [req-f1413fd0-67ef-4871-b1b1-827b3aada779 req-f1413fd0-67ef-4871-b1b1-827b3aada779 ] Request (VolumesAssistedSnapshotsTest:tearDownClass): 200 GET http://10.180.1.21/compute/v2.1/servers/d4d1249b-92b3-464b-a26c-28acc177095b 0.339s
2025-11-14 07:12:52.339 65714 INFO tempest.lib.common.rest_client [req-acca2f74-38d0-40d5-9022-5db3aab6432a req-acca2f74-38d0-40d5-9022-5db3aab6432a ] Request (ServersWithSpecificFlavorTestJSON:test_verify_created_server_ephemeral_disk): 200 GET http://10.180.1.21/compute/v2.1/servers/09063edf-2538-45de-9fab-fbecc058424c 0.433s
2025-11-14 07:12:52.355 65670 INFO tempest.lib.common.rest_client [req-173605c1-fe5e-48bc-833c-1e9504bd8f2d req-173605c1-fe5e-48bc-833c-1e9504bd8f2d ] Request (InstanceActionsTestJSON:tearDownClass): 204 DELETE http://10.180.1.21/identity/v3/users/9a788ab8a3114a01aaa6335ea275afe3 0.141s
2025-11-14 07:12:52.356 65670 INFO tempest.lib.common.dynamic_creds [-] Deleting project and security group for project: 7acd3eaff83c4b11bb40ec686bd75fa4
2025-11-14 07:12:52.359 65690 INFO tempest.lib.common.rest_client [req-e1206c76-eca3-482a-9370-7fd40dac4e4c req-e1206c76-eca3-482a-9370-7fd40dac4e4c ] Request (ServersTestJSON:tearDownClass): 202 DELETE http://10.180.1.21/compute/v2.1/os-keypairs/tempest-keypair-1011551913 0.283s
2025-11-14 07:12:52.360 65716 INFO tempest.lib.common.rest_client [req-6df60f22-4147-49d4-b300-cf452ab62787 req-6df60f22-4147-49d4-b300-cf452ab62787 ] Request (ListImageFiltersTestJSON:setUpClass): 204 PUT http://10.180.1.21/image/v2/images/9f74c732-b3a0-4e1b-a575-b27dbb49918c/file 0.761s
2025-11-14 07:12:52.387 65670 INFO tempest.lib.common.rest_client [req-9bb581b3-604f-4d10-9616-6ed491bd14e9 req-9bb581b3-604f-4d10-9616-6ed491bd14e9 ] Request (InstanceActionsTestJSON:tearDownClass): 200 GET http://10.180.1.21/networking/v2.0/security-groups?tenant_id=7acd3eaff83c4b11bb40ec686bd75fa4&name=default 0.031s
2025-11-14 07:12:52.410 65676 INFO tempest.lib.common.rest_client [req-75ed6bd5-8fc8-4fbc-a5dc-6e07e9f795fd req-75ed6bd5-8fc8-4fbc-a5dc-6e07e9f795fd ] Request (ServersAdminNegativeTestJSON:test_migrate_server_invalid_state): 200 GET http://10.180.1.21/compute/v2.1/servers/81c8625b-816f-41e1-a451-f8fd2553ed7b 0.344s
2025-11-14 07:12:52.446 65680 INFO tempest.lib.common.rest_client [req-df112011-7d0a-4da3-ac28-273132c5c7f7 req-df112011-7d0a-4da3-ac28-273132c5c7f7 ] Request (ImagesOneServerTestJSON:tearDownClass): 204 DELETE http://10.180.1.21/compute/v2.1/servers/7480c810-7312-494b-8d56-4e0b96e196e7 0.350s
2025-11-14 07:12:52.462 65690 INFO tempest.lib.common.rest_client [req-7c9b86db-7e23-4820-b3a2-870eaebf9c1a req-7c9b86db-7e23-4820-b3a2-870eaebf9c1a ] Request (ServersTestJSON:tearDownClass): 204 DELETE http://10.180.1.21/networking/v2.0/security-groups/9d6d7c83-fb23-4289-bf76-12eab6c09368 0.102s
2025-11-14 07:12:52.476 65690 INFO tempest.lib.common.rest_client [req-332fbe13-700c-445e-be71-46103c27c275 req-332fbe13-700c-445e-be71-46103c27c275 ] Request (ServersTestJSON:tearDownClass): 404 GET http://10.180.1.21/networking/v2.0/security-groups/9d6d7c83-fb23-4289-bf76-12eab6c09368 0.014s
2025-11-14 07:12:52.489 65670 INFO tempest.lib.common.rest_client [req-d0ab4fe4-b266-4935-bfb3-63530450eda0 req-d0ab4fe4-b266-4935-bfb3-63530450eda0 ] Request (InstanceActionsTestJSON:tearDownClass): 204 DELETE http://10.180.1.21/networking/v2.0/security-groups/8f144e96-65c1-4dc4-861d-791a4e5e049b 0.101s
2025-11-14 07:12:52.494 65694 INFO tempest.lib.common.rest_client [req-29f35453-dc33-4902-bada-c2b4375058bc req-29f35453-dc33-4902-bada-c2b4375058bc ] Request (ServerMetadataTestJSON:setUp): 200 PUT http://10.180.1.21/compute/v2.1/servers/21b30d1e-60a4-4873-b60b-84e329604535/metadata 0.289s
2025-11-14 07:12:52.537 65724 INFO tempest.lib.common.rest_client [req-787c2998-2288-4848-9066-3ecad46ece05 req-787c2998-2288-4848-9066-3ecad46ece05 ] Request (ServerShowV254Test:tearDownClass): 200 GET http://10.180.1.21/compute/v2.1/servers/8bf0229b-63b1-49fb-9c50-4a7fe40f2093 0.256s
2025-11-14 07:12:52.537 65716 INFO tempest.lib.common.rest_client [req-79b6c2f1-42c5-494c-baea-2757961c6c05 req-79b6c2f1-42c5-494c-baea-2757961c6c05 ] Request (ListImageFiltersTestJSON:setUpClass): 200 GET http://10.180.1.21/compute/v2.1/images/9f74c732-b3a0-4e1b-a575-b27dbb49918c 0.176s
2025-11-14 07:12:52.629 65694 INFO tempest.lib.common.rest_client [req-8a3be702-7b22-4cee-9dea-d72914d5f9e9 req-8a3be702-7b22-4cee-9dea-d72914d5f9e9 ] Request (ServerMetadataTestJSON:test_set_server_metadata_item): 200 PUT http://10.180.1.21/compute/v2.1/servers/21b30d1e-60a4-4873-b60b-84e329604535/metadata/nova 0.134s
2025-11-14 07:12:52.644 65670 INFO tempest.lib.common.rest_client [req-8d64d2c7-af9c-4843-91c2-d0ca38e8bded req-8d64d2c7-af9c-4843-91c2-d0ca38e8bded ] Request (InstanceActionsTestJSON:tearDownClass): 204 DELETE http://10.180.1.21/identity/v3/projects/7acd3eaff83c4b11bb40ec686bd75fa4 0.154s
2025-11-14 07:12:52.678 65680 INFO tempest.lib.common.rest_client [req-c664af7e-cb47-4608-8938-7ca80ea4230b req-c664af7e-cb47-4608-8938-7ca80ea4230b ] Request (ImagesOneServerTestJSON:tearDownClass): 200 GET http://10.180.1.21/compute/v2.1/servers/7480c810-7312-494b-8d56-4e0b96e196e7 0.231s
2025-11-14 07:12:52.720 65716 INFO tempest.lib.common.rest_client [req-db239763-3e1e-4998-bffb-398a5e34f888 req-db239763-3e1e-4998-bffb-398a5e34f888 ] Request (ListImageFiltersTestJSON:setUpClass): 200 GET http://10.180.1.21/compute/v2.1/images/9f74c732-b3a0-4e1b-a575-b27dbb49918c 0.179s
2025-11-14 07:12:52.754 65670 INFO tempest.lib.common.rest_client [req-d973b7d8-3e18-408b-a04c-0f2be0d24ae4 req-d973b7d8-3e18-408b-a04c-0f2be0d24ae4 ] Request (ServerActionsTestJSON:setUpClass): 201 POST http://10.180.1.21/identity/v3/auth/tokens 0.103s
2025-11-14 07:12:52.790 65690 INFO tempest.lib.common.rest_client [req-1869a201-6771-4a63-94bf-2bcff7c2f430 req-1869a201-6771-4a63-94bf-2bcff7c2f430 ] Request (ServersTestJSON:tearDownClass): 204 DELETE http://10.180.1.21/networking/v2.0/floatingips/c1b6a44b-ba63-42db-8e2d-c25274ef555f 0.313s
2025-11-14 07:12:52.794 65670 INFO tempest.lib.common.rest_client [req-6bcced0e-b2d0-458c-b565-b8900e37a1cf req-6bcced0e-b2d0-458c-b565-b8900e37a1cf ] Request (ServerActionsTestJSON:setUpClass): 201 POST http://10.180.1.21/identity/v3/auth/tokens 0.037s
2025-11-14 07:12:52.796 65686 INFO tempest.lib.common.rest_client [req-0a8edc1b-f5dc-493d-9e27-2071638cdeed req-0a8edc1b-f5dc-493d-9e27-2071638cdeed ] Request (ServersListShow296Test:test_list_show_update_rebuild_server_296): 200 GET http://10.180.1.21/compute/v2.1/servers/380bdc79-08ff-4561-b622-d93104b4f042 0.276s
2025-11-14 07:12:52.835 65670 INFO tempest.lib.common.rest_client [req-2091b870-d8ec-43aa-a866-e56eef67b0af req-2091b870-d8ec-43aa-a866-e56eef67b0af ] Request (ServerActionsTestJSON:setUpClass): 200 GET http://10.180.1.21/identity/v3/domains?name=Default 0.040s
2025-11-14 07:12:52.851 65694 INFO tempest.lib.common.rest_client [req-e68f6d4e-0f64-4469-ac43-bf814d98529b req-e68f6d4e-0f64-4469-ac43-bf814d98529b ] Request (ServerMetadataTestJSON:test_set_server_metadata_item): 200 GET http://10.180.1.21/compute/v2.1/servers/21b30d1e-60a4-4873-b60b-84e329604535/metadata 0.219s
2025-11-14 07:12:52.889 65670 INFO tempest.lib.common.rest_client [req-756d0069-662c-4645-b351-4c9f59c7ef59 req-756d0069-662c-4645-b351-4c9f59c7ef59 ] Request (ServerActionsTestJSON:setUpClass): 201 POST http://10.180.1.21/identity/v3/projects 0.053s
2025-11-14 07:12:52.974 65670 INFO tempest.lib.common.rest_client [req-ad92a6c7-5c5c-495f-ada0-5edc77dd970a req-ad92a6c7-5c5c-495f-ada0-5edc77dd970a ] Request (ServerActionsTestJSON:setUpClass): 201 POST http://10.180.1.21/identity/v3/users 0.084s
2025-11-14 07:12:53.004 65670 INFO tempest.lib.common.rest_client [req-6c9e4588-852d-4d38-8e96-9c19bff521e6 req-6c9e4588-852d-4d38-8e96-9c19bff521e6 ] Request (ServerActionsTestJSON:setUpClass): 200 GET http://10.180.1.21/identity/v3/roles 0.030s
2025-11-14 07:12:53.049 65670 INFO tempest.lib.common.rest_client [req-e6c090f9-5e68-4657-870d-1d5dc69ff8d4 req-e6c090f9-5e68-4657-870d-1d5dc69ff8d4 ] Request (ServerActionsTestJSON:setUpClass): 204 PUT http://10.180.1.21/identity/v3/projects/c6eb4cea5f9744dda16457009e31427e/users/3c4cf77206c745a289b9af0d9bdf5352/roles/5b5024e440474a5cabca60ee2c9de23d 0.045s
2025-11-14 07:12:53.050 65670 INFO tempest.lib.common.dynamic_creds [-] Dynamic test user 3c4cf77206c745a289b9af0d9bdf5352 is created with scope project and roles: ['member']
2025-11-14 07:12:53.050 65670 INFO tempest.lib.common.dynamic_creds [-] Acquired dynamic creds: credentials: Credentials: {'domain_id': 'default', 'domain_name': 'Default', 'username': 'tempest-ServerActionsTestJSON-289642684-project-member', 'project_domain_id': 'default', 'project_domain_name': 'Default', 'project_id': 'c6eb4cea5f9744dda16457009e31427e', 'project_name': 'tempest-ServerActionsTestJSON-289642684', 'tenant_id': 'c6eb4cea5f9744dda16457009e31427e', 'tenant_name': 'tempest-ServerActionsTestJSON-289642684', 'user_domain_id': 'default', 'user_domain_name': 'Default', 'user_id': '3c4cf77206c745a289b9af0d9bdf5352', 'system': None}, Network: None, Subnet: None, Router: None
2025-11-14 07:12:53.121 65678 INFO tempest.lib.common.rest_client [req-613c0ac2-a29b-49b7-88be-615a0ea02edb req-613c0ac2-a29b-49b7-88be-615a0ea02edb ] Request (ServerRescueTestJSON:tearDownClass): 200 GET http://10.180.1.21/compute/v2.1/servers/2efca0e4-05a0-4a9b-8405-6e25c8e298e6 0.543s
2025-11-14 07:12:53.127 65670 INFO tempest.lib.common.rest_client [req-531726ae-781f-42b6-b1be-4b7a3e2c9c8e req-531726ae-781f-42b6-b1be-4b7a3e2c9c8e ] Request (ServerActionsTestJSON:setUpClass): 201 POST http://10.180.1.21/identity/v3/auth/tokens 0.077s
2025-11-14 07:12:53.140 65692 INFO tempest.lib.common.rest_client [req-741b7c8a-f792-44b4-a8a8-e5f27683a399 req-741b7c8a-f792-44b4-a8a8-e5f27683a399 ] Request (MigrationsAdminTest:test_resize_server_revert_deleted_flavor): 200 GET http://10.180.1.21/compute/v2.1/servers/b90d47b9-afb3-46aa-abba-45ce878f97af 0.479s
2025-11-14 07:12:53.201 65716 INFO tempest.lib.common.rest_client [req-bf8ddef8-0a1c-4bb9-8172-b5d4b1d090e2 req-bf8ddef8-0a1c-4bb9-8172-b5d4b1d090e2 ] Request (ListImageFiltersTestJSON:setUpClass): 201 POST http://10.180.1.21/image/v2/images 0.478s
2025-11-14 07:12:53.313 65726 WARNING tempest.lib.common.ssh [-] Failed to establish authenticated ssh connection to cirros@10.180.180.147 ([Errno None] Unable to connect to port 22 on 10.180.180.147). Number attempts: 6. Retry after 7 seconds.: paramiko.ssh_exception.NoValidConnectionsError: [Errno None] Unable to connect to port 22 on 10.180.180.147
2025-11-14 07:12:53.387 65670 INFO tempest.lib.common.rest_client [req-a76486de-86f7-464e-8d1d-bd67741cbf70 req-a76486de-86f7-464e-8d1d-bd67741cbf70 ] Request (ServerActionsTestJSON:setUpClass): 201 POST http://10.180.1.21/networking/v2.0/networks 0.260s
2025-11-14 07:12:53.411 65688 INFO tempest.lib.common.rest_client [req-5b540415-e27f-4562-b845-41ca0fbe887e req-5b540415-e27f-4562-b845-41ca0fbe887e ] Request (AttachVolumeNegativeTest:test_attach_attached_volume_to_different_server): 200 GET http://10.180.1.21/compute/v2.1/servers/556fe7ee-8443-4b6a-83d3-1fa62e650dc8 0.686s
2025-11-14 07:12:53.424 65666 INFO tempest.lib.common.rest_client [req-de500865-14e1-4266-94e3-90ae67d6f7a7 req-de500865-14e1-4266-94e3-90ae67d6f7a7 ] Request (ServersAdminTestJSON:tearDownClass): 200 GET http://10.180.1.21/compute/v2.1/servers/fcc262ba-c214-4a28-a18b-02331fa629e9 0.686s
2025-11-14 07:12:53.431 65666 INFO tempest.common.waiters [-] State transition "ACTIVE/deleting" ==> "DELETED/None" after 3 second wait
2025-11-14 07:12:53.490 65694 INFO tempest.lib.common.rest_client [req-2c4f3b85-4cd1-45df-935d-a7351bd0e149 req-2c4f3b85-4cd1-45df-935d-a7351bd0e149 ] Request (ServerMetadataTestJSON:setUp): 200 PUT http://10.180.1.21/compute/v2.1/servers/21b30d1e-60a4-4873-b60b-84e329604535/metadata 0.638s
2025-11-14 07:12:53.562 65670 INFO tempest.lib.common.rest_client [req-4db2afb2-ec87-4608-9ca7-f754613f475e req-4db2afb2-ec87-4608-9ca7-f754613f475e ] Request (ServerActionsTestJSON:setUpClass): 201 POST http://10.180.1.21/networking/v2.0/subnets 0.174s
2025-11-14 07:12:53.584 65720 INFO tempest.lib.common.rest_client [req-d07acda3-e544-41fd-990a-cbb5c2337397 req-d07acda3-e544-41fd-990a-cbb5c2337397 ] Request (ServersTestMultiNic:_run_cleanups): 200 GET http://10.180.1.21/compute/v2.1/servers/12fe0992-d0ef-40b4-9a97-dbacd509f3c0 0.749s
2025-11-14 07:12:53.598 65706 INFO tempest.lib.common.rest_client [req-cf2dc4de-fb77-422b-a2b1-4ac10bc4fec6 req-cf2dc4de-fb77-422b-a2b1-4ac10bc4fec6 ] Request (ServersNegativeTestMultiTenantJSON:setUpClass): 200 GET http://10.180.1.21/compute/v2.1/servers/5ec71071-bdb6-4273-bb9b-3d05d540d45a 0.704s
2025-11-14 07:12:53.644 65690 INFO tempest.lib.common.rest_client [req-f984a617-bb3c-4107-8fc2-4ee06d19859e req-f984a617-bb3c-4107-8fc2-4ee06d19859e ] Request (ServersTestJSON:tearDownClass): 200 PUT http://10.180.1.21/networking/v2.0/routers/74fd65cc-fc59-4e6e-b6f8-834dcb9262e2/remove_router_interface 0.853s
2025-11-14 07:12:53.675 65668 INFO tempest.lib.common.rest_client [req-5f3f8717-44db-4143-b996-10558ff71d89 req-5f3f8717-44db-4143-b996-10558ff71d89 ] Request (SecurityGroupsTestJSON:test_server_security_groups): 200 GET http://10.180.1.21/compute/v2.1/servers/2f30ade1-3096-4309-aec5-cb38f8442ba8 0.768s
2025-11-14 07:12:53.682 65668 INFO tempest.common.waiters [-] State transition "BUILD/scheduling" ==> "BUILD/None" after 14 second wait
2025-11-14 07:12:54.067 65690 INFO tempest.lib.common.rest_client [req-c52e1ebf-aec7-4dec-885d-fcc5ce99878e req-c52e1ebf-aec7-4dec-885d-fcc5ce99878e ] Request (ServersTestJSON:tearDownClass): 204 DELETE http://10.180.1.21/networking/v2.0/routers/74fd65cc-fc59-4e6e-b6f8-834dcb9262e2 0.422s
2025-11-14 07:12:54.090 65674 INFO tempest.lib.common.rest_client [req-09f920c5-1f82-4624-9cf4-6c5160206c58 req-09f920c5-1f82-4624-9cf4-6c5160206c58 ] Request (AttachInterfacesUnderV243Test:test_add_remove_fixed_ip): 200 GET http://10.180.1.21/compute/v2.1/servers/ed0c5181-dced-4d51-a185-a9ecc0b81a8e 1.145s
2025-11-14 07:12:54.101 65731 INFO tempest.lib.common.rest_client [req-01072717-aee5-44be-85e6-950df2850f86 req-01072717-aee5-44be-85e6-950df2850f86 ] Request (ServerAddressesTestJSON:tearDownClass): 200 GET http://10.180.1.21/compute/v2.1/servers/b229ceab-a19b-41b0-80e5-c44fe342cb0e 1.118s
2025-11-14 07:12:54.228 65690 INFO tempest.lib.common.rest_client [req-89d29d8c-c78e-4418-8bc4-bb9260008052 req-89d29d8c-c78e-4418-8bc4-bb9260008052 ] Request (ServersTestJSON:tearDownClass): 204 DELETE http://10.180.1.21/networking/v2.0/subnets/2bd62f3b-9bf2-465a-95ec-3734380a7eee 0.161s
2025-11-14 07:12:54.259 65698 INFO tempest.lib.common.rest_client [req-bf0f4797-1ed0-465a-b520-86a310df4f9a req-bf0f4797-1ed0-465a-b520-86a310df4f9a ] Request (ServerDiagnosticsNegativeTest:test_get_server_diagnostics_by_non_admin): 200 GET http://10.180.1.21/compute/v2.1/servers/ad90b6a0-9cc5-4354-a59d-8c2ae1dd8bf6 1.236s
2025-11-14 07:12:54.273 65702 INFO tempest.lib.common.rest_client [req-adde8b93-0436-47d6-b964-2d722edefacd req-adde8b93-0436-47d6-b964-2d722edefacd ] Request (DeleteServersAdminTestJSON:test_delete_server_while_in_error_state): 200 GET http://10.180.1.21/compute/v2.1/servers/d51e06e7-1197-43b8-818d-60e4bf58ced6 1.218s
2025-11-14 07:12:54.379 65670 INFO tempest.lib.common.rest_client [req-2589bebc-0971-4339-8c15-51d87581e97d req-2589bebc-0971-4339-8c15-51d87581e97d ] Request (ServerActionsTestJSON:setUpClass): 201 POST http://10.180.1.21/networking/v2.0/routers 0.816s
2025-11-14 07:12:54.406 65710 INFO tempest.lib.common.rest_client [req-a5f164fb-5577-4e6f-83b1-9e1a4d5667c4 req-a5f164fb-5577-4e6f-83b1-9e1a4d5667c4 ] Request (ServerRescueNegativeTestJSON:setUpClass): 200 GET http://10.180.1.21/compute/v2.1/servers/a32620bd-7f37-4d92-bbe2-2720e5fcf31f 1.328s
2025-11-14 07:12:54.422 65684 INFO tempest.lib.common.rest_client [req-65856131-d742-444f-9837-3d91acbcd7d6 req-65856131-d742-444f-9837-3d91acbcd7d6 ] Request (ServerDiskConfigTestJSON:test_rebuild_server_with_auto_disk_config): 200 GET http://10.180.1.21/compute/v2.1/servers/1e9c9cea-1e9c-417c-8f5b-4cf061b39cbe 1.282s
2025-11-14 07:12:54.576 65690 INFO tempest.lib.common.rest_client [req-4edac9e8-5b12-44c9-b8ee-94ee8c979cf2 req-4edac9e8-5b12-44c9-b8ee-94ee8c979cf2 ] Request (ServersTestJSON:tearDownClass): 204 DELETE http://10.180.1.21/networking/v2.0/networks/73449348-66b5-4a31-958f-045112dd2898 0.348s
2025-11-14 07:12:54.602 65672 INFO tempest.lib.common.rest_client [req-8b407cb9-219d-4924-af2e-38040617bd0a req-8b407cb9-219d-4924-af2e-38040617bd0a ] Request (ServerActionsTestOtherA:setUpClass): 200 GET http://10.180.1.21/compute/v2.1/servers/ab4af4ed-ab3d-474d-bd2e-71515acc7c3d 1.377s
2025-11-14 07:12:54.620 65700 INFO tempest.lib.common.rest_client [req-10299cde-5c2b-441f-b0c9-6784426245e3 req-10299cde-5c2b-441f-b0c9-6784426245e3 ] Request (ServerShowV247Test:tearDownClass): 200 GET http://10.180.1.21/compute/v2.1/servers/711fee5b-64bc-46d3-9b6c-4ae29439ca2c 1.442s
2025-11-14 07:12:54.673 65690 INFO tempest.lib.common.rest_client [req-a15361ae-cac4-4af1-9860-b3bb215f12d6 req-a15361ae-cac4-4af1-9860-b3bb215f12d6 ] Request (ServersTestJSON:tearDownClass): 204 DELETE http://10.180.1.21/identity/v3/users/935ac56869614b3da180688290917668 0.096s
2025-11-14 07:12:54.673 65690 INFO tempest.lib.common.dynamic_creds [-] Deleting project and security group for project: 7029cea5e920420ba8c20db79cf5e40b
2025-11-14 07:12:54.685 65682 INFO tempest.lib.common.rest_client [req-4946ddc7-589c-4549-accb-23080d25ba49 req-4946ddc7-589c-4549-accb-23080d25ba49 ] Request (TenantUsagesTestJSON:setUpClass): 200 GET http://10.180.1.21/compute/v2.1/servers/5be07f37-5380-4798-8d24-332b0b4c286f 1.410s
2025-11-14 07:12:54.696 65696 INFO tempest.lib.common.rest_client [req-66127d3f-290e-45a1-afce-6ca956cf0c43 req-66127d3f-290e-45a1-afce-6ca956cf0c43 ] Request (VolumesAssistedSnapshotsTest:tearDownClass): 200 GET http://10.180.1.21/compute/v2.1/servers/d4d1249b-92b3-464b-a26c-28acc177095b 1.360s
2025-11-14 07:12:54.718 65690 INFO tempest.lib.common.rest_client [req-5c2b8a54-c1d7-42c8-9df6-cb95c11d9406 req-5c2b8a54-c1d7-42c8-9df6-cb95c11d9406 ] Request (ServersTestJSON:tearDownClass): 200 GET http://10.180.1.21/networking/v2.0/security-groups?tenant_id=7029cea5e920420ba8c20db79cf5e40b&name=default 0.044s
2025-11-14 07:12:54.880 65690 INFO tempest.lib.common.rest_client [req-74efd6c7-bb45-4e1e-a390-fb34f15bf848 req-74efd6c7-bb45-4e1e-a390-fb34f15bf848 ] Request (ServersTestJSON:tearDownClass): 204 DELETE http://10.180.1.21/networking/v2.0/security-groups/b365d4ec-e8c3-4589-92e5-2530b2069007 0.161s
2025-11-14 07:12:54.990 65676 INFO tempest.lib.common.rest_client [req-e1cea644-c5e0-4105-852c-38ed481bf9c8 req-e1cea644-c5e0-4105-852c-38ed481bf9c8 ] Request (ServersAdminNegativeTestJSON:test_migrate_server_invalid_state): 200 GET http://10.180.1.21/compute/v2.1/servers/81c8625b-816f-41e1-a451-f8fd2553ed7b 1.569s
2025-11-14 07:12:54.993 65690 INFO tempest.lib.common.rest_client [req-df4d8a98-f834-49ea-aa15-9b862bc44dd5 req-df4d8a98-f834-49ea-aa15-9b862bc44dd5 ] Request (ServersTestJSON:tearDownClass): 204 DELETE http://10.180.1.21/identity/v3/projects/7029cea5e920420ba8c20db79cf5e40b 0.112s
2025-11-14 07:12:55.028 65714 INFO tempest.lib.common.rest_client [req-5675d7e7-5b48-4fb0-b09d-5b35766a6ad8 req-5675d7e7-5b48-4fb0-b09d-5b35766a6ad8 ] Request (ServersWithSpecificFlavorTestJSON:test_verify_created_server_ephemeral_disk): 200 GET http://10.180.1.21/compute/v2.1/servers/09063edf-2538-45de-9fab-fbecc058424c 1.678s
2025-11-14 07:12:55.057 65724 INFO tempest.lib.common.rest_client [req-b08bc6b0-ea58-43cb-8e3f-050ac6866f00 req-b08bc6b0-ea58-43cb-8e3f-050ac6866f00 ] Request (ServerShowV254Test:tearDownClass): 404 GET http://10.180.1.21/compute/v2.1/servers/8bf0229b-63b1-49fb-9c50-4a7fe40f2093 1.508s
2025-11-14 07:12:55.067 65690 INFO tempest.lib.common.rest_client [req-a9317555-abe9-44cb-ad60-ef08c7cd2b05 req-a9317555-abe9-44cb-ad60-ef08c7cd2b05 ] Request (ServerActionsTestOtherB:setUpClass): 201 POST http://10.180.1.21/identity/v3/auth/tokens 0.072s
2025-11-14 07:12:55.072 65716 INFO tempest.lib.common.rest_client [req-4a9d0051-f53b-43d3-b7d5-a789db547c5a req-4a9d0051-f53b-43d3-b7d5-a789db547c5a ] Request (ListImageFiltersTestJSON:setUpClass): 204 PUT http://10.180.1.21/image/v2/images/666c0891-eea2-41c4-beb7-469749dd0ee2/file 0.870s
2025-11-14 07:12:55.106 65690 INFO tempest.lib.common.rest_client [req-32198420-365d-48dd-ba30-15f3185d15a7 req-32198420-365d-48dd-ba30-15f3185d15a7 ] Request (ServerActionsTestOtherB:setUpClass): 201 POST http://10.180.1.21/identity/v3/auth/tokens 0.035s
2025-11-14 07:12:55.115 65694 INFO tempest.lib.common.rest_client [req-54f461af-f018-4338-b195-c6bcfc71d6ff req-54f461af-f018-4338-b195-c6bcfc71d6ff ] Request (ServerMetadataTestJSON:test_update_metadata_empty_body): 200 POST http://10.180.1.21/compute/v2.1/servers/21b30d1e-60a4-4873-b60b-84e329604535/metadata 1.623s
2025-11-14 07:12:55.137 65690 INFO tempest.lib.common.rest_client [req-4c0d0271-0393-4c4a-9256-1106abfa5ae9 req-4c0d0271-0393-4c4a-9256-1106abfa5ae9 ] Request (ServerActionsTestOtherB:setUpClass): 200 GET http://10.180.1.21/identity/v3/domains?name=Default 0.030s
2025-11-14 07:12:55.156 65724 INFO tempest.lib.common.rest_client [req-ddb664f6-a2f2-4cb0-b735-95c648e91fdd req-ddb664f6-a2f2-4cb0-b735-95c648e91fdd ] Request (ServerShowV254Test:tearDownClass): 204 DELETE http://10.180.1.21/identity/v3/users/c8a64bf9a6264c64b076fbc18af684f2 0.098s
2025-11-14 07:12:55.156 65724 INFO tempest.lib.common.dynamic_creds [-] Deleting project and security group for project: 2e8176deec8747c69d64b75a7a95e85c
2025-11-14 07:12:55.215 65690 INFO tempest.lib.common.rest_client [req-7c18c77d-f8b3-4854-bfe5-0cd934e58ef3 req-7c18c77d-f8b3-4854-bfe5-0cd934e58ef3 ] Request (ServerActionsTestOtherB:setUpClass): 201 POST http://10.180.1.21/identity/v3/projects 0.077s
2025-11-14 07:12:55.226 65724 INFO tempest.lib.common.rest_client [req-869b9743-f14d-48f9-9b32-4a2bc38d7802 req-869b9743-f14d-48f9-9b32-4a2bc38d7802 ] Request (ServerShowV254Test:tearDownClass): 201 POST http://10.180.1.21/identity/v3/auth/tokens 0.069s
2025-11-14 07:12:55.229 65686 INFO tempest.lib.common.rest_client [req-f52a4e2b-420e-4434-aeb7-351a144b569e req-f52a4e2b-420e-4434-aeb7-351a144b569e ] Request (ServersListShow296Test:test_list_show_update_rebuild_server_296): 200 GET http://10.180.1.21/compute/v2.1/servers/380bdc79-08ff-4561-b622-d93104b4f042 1.418s
2025-11-14 07:12:55.289 65690 INFO tempest.lib.common.rest_client [req-76986145-e007-46c5-86ca-8fd7ed10ef7d req-76986145-e007-46c5-86ca-8fd7ed10ef7d ] Request (ServerActionsTestOtherB:setUpClass): 201 POST http://10.180.1.21/identity/v3/users 0.074s
2025-11-14 07:12:55.299 65712 WARNING tempest.lib.common.ssh [-] Failed to establish authenticated ssh connection to cirros@10.180.180.172 ([Errno None] Unable to connect to port 22 on 10.180.180.172). Number attempts: 3. Retry after 4 seconds.: paramiko.ssh_exception.NoValidConnectionsError: [Errno None] Unable to connect to port 22 on 10.180.180.172
2025-11-14 07:12:55.317 65690 INFO tempest.lib.common.rest_client [req-016a75f5-4915-465e-835d-9dad7e249b4d req-016a75f5-4915-465e-835d-9dad7e249b4d ] Request (ServerActionsTestOtherB:setUpClass): 200 GET http://10.180.1.21/identity/v3/roles 0.027s
2025-11-14 07:12:55.328 65670 INFO tempest.lib.common.rest_client [req-ac62a5d1-91c4-40cc-a7d5-a2e18e977de3 req-ac62a5d1-91c4-40cc-a7d5-a2e18e977de3 ] Request (ServerActionsTestJSON:setUpClass): 200 PUT http://10.180.1.21/networking/v2.0/routers/7e6e8260-31d7-4043-b788-ef293098ccb0/add_router_interface 0.949s
2025-11-14 07:12:55.328 65670 INFO tempest.lib.common.dynamic_creds [-] Created isolated network resources for: credentials: Credentials: {'domain_id': 'default', 'domain_name': 'Default', 'username': 'tempest-ServerActionsTestJSON-289642684-project-member', 'project_domain_id': 'default', 'project_domain_name': 'Default', 'project_id': 'c6eb4cea5f9744dda16457009e31427e', 'project_name': 'tempest-ServerActionsTestJSON-289642684', 'tenant_id': 'c6eb4cea5f9744dda16457009e31427e', 'tenant_name': 'tempest-ServerActionsTestJSON-289642684', 'user_domain_id': 'default', 'user_domain_name': 'Default', 'user_id': '3c4cf77206c745a289b9af0d9bdf5352', 'system': None}, Network: {'id': '982c546c-da35-4c50-8f25-a689d3da66a0', 'name': 'tempest-ServerActionsTestJSON-815100774-network', 'tenant_id': 'c6eb4cea5f9744dda16457009e31427e', 'project_id': 'c6eb4cea5f9744dda16457009e31427e', 'admin_state_up': True, 'mtu': 8950, 'status': 'ACTIVE', 'subnets': [], 'shared': False, 'port_security_enabled': True, 'router:external': False, 'provider:network_type': 'vlan', 'provider:physical_network': 'default', 'provider:segmentation_id': 179, 'availability_zone_hints': [], 'availability_zones': [], 'ipv4_address_scope': None, 'ipv6_address_scope': None, 'description': '', 'tags': [], 'created_at': '2025-11-14T07:12:53Z', 'updated_at': '2025-11-14T07:12:53Z', 'revision_number': 1}, Subnet: {'id': '1e3f06fe-0549-4a82-b489-ce2c3c0484d1', 'name': 'tempest-ServerActionsTestJSON-815100774-subnet', 'tenant_id': 'c6eb4cea5f9744dda16457009e31427e', 'network_id': '982c546c-da35-4c50-8f25-a689d3da66a0', 'ip_version': 4, 'subnetpool_id': None, 'enable_dhcp': True, 'ipv6_ra_mode': None, 'ipv6_address_mode': None, 'gateway_ip': '192.168.128.1', 'cidr': '192.168.128.0/28', 'allocation_pools': [{'start': '192.168.128.2', 'end': '192.168.128.14'}], 'host_routes': [], 'dns_nameservers': [], 'description': '', 'router:external': False, 'service_types': [], 'tags': [], 'created_at': '2025-11-14T07:12:53Z', 'updated_at': '2025-11-14T07:12:53Z', 'revision_number': 0, 'project_id': 'c6eb4cea5f9744dda16457009e31427e'}, Router: {'id': '7e6e8260-31d7-4043-b788-ef293098ccb0', 'name': 'tempest-ServerActionsTestJSON-815100774-router', 'tenant_id': 'c6eb4cea5f9744dda16457009e31427e', 'admin_state_up': True, 'status': 'ACTIVE', 'external_gateway_info': {'network_id': '7f3d0b3b-8912-4216-b5ab-4e7c527cf0e3', 'external_fixed_ips': [{'subnet_id': '0f6ba3c1-c6d4-4cc5-a400-c4b4f255cbe5', 'ip_address': '10.180.180.206'}], 'enable_snat': True}, 'description': '', 'availability_zones': [], 'distributed': False, 'ha': False, 'availability_zone_hints': [], 'routes': [], 'flavor_id': None, 'tags': [], 'created_at': '2025-11-14T07:12:53Z', 'updated_at': '2025-11-14T07:12:54Z', 'revision_number': 2, 'project_id': 'c6eb4cea5f9744dda16457009e31427e'}
2025-11-14 07:12:55.368 65690 INFO tempest.lib.common.rest_client [req-3524edc0-5afc-45d3-a549-8bdd8763fb27 req-3524edc0-5afc-45d3-a549-8bdd8763fb27 ] Request (ServerActionsTestOtherB:setUpClass): 204 PUT http://10.180.1.21/identity/v3/projects/310f88e7f6b24d1f8866983feb8bb082/users/c77f60b408fb4ed281ccd9e001782d1e/roles/5b5024e440474a5cabca60ee2c9de23d 0.050s
2025-11-14 07:12:55.368 65690 INFO tempest.lib.common.dynamic_creds [-] Dynamic test user c77f60b408fb4ed281ccd9e001782d1e is created with scope project and roles: ['member']
2025-11-14 07:12:55.368 65690 INFO tempest.lib.common.dynamic_creds [-] Acquired dynamic creds: credentials: Credentials: {'domain_id': 'default', 'domain_name': 'Default', 'username': 'tempest-ServerActionsTestOtherB-505455166-project-member', 'project_domain_id': 'default', 'project_domain_name': 'Default', 'project_id': '310f88e7f6b24d1f8866983feb8bb082', 'project_name': 'tempest-ServerActionsTestOtherB-505455166', 'tenant_id': '310f88e7f6b24d1f8866983feb8bb082', 'tenant_name': 'tempest-ServerActionsTestOtherB-505455166', 'user_domain_id': 'default', 'user_domain_name': 'Default', 'user_id': 'c77f60b408fb4ed281ccd9e001782d1e', 'system': None}, Network: None, Subnet: None, Router: None
2025-11-14 07:12:55.392 65680 INFO tempest.lib.common.rest_client [req-b761ffdf-265b-42fe-bd99-17c5ff7f1a05 req-b761ffdf-265b-42fe-bd99-17c5ff7f1a05 ] Request (ImagesOneServerTestJSON:tearDownClass): 200 GET http://10.180.1.21/compute/v2.1/servers/7480c810-7312-494b-8d56-4e0b96e196e7 1.700s
2025-11-14 07:12:55.434 65670 INFO tempest.lib.common.rest_client [req-233e4ea4-b6bb-49b4-ae34-296083ea822d req-233e4ea4-b6bb-49b4-ae34-296083ea822d ] Request (ServerActionsTestJSON:setUpClass): 201 POST http://10.180.1.21/identity/v3/auth/tokens 0.100s
2025-11-14 07:12:55.468 65690 INFO tempest.lib.common.rest_client [req-a84a606c-66df-47f4-a443-13455f13662f req-a84a606c-66df-47f4-a443-13455f13662f ] Request (ServerActionsTestOtherB:setUpClass): 201 POST http://10.180.1.21/identity/v3/auth/tokens 0.099s
2025-11-14 07:12:55.490 65678 INFO tempest.lib.common.rest_client [req-777ecf9d-6c08-470a-97ed-6b3f907a117b req-777ecf9d-6c08-470a-97ed-6b3f907a117b ] Request (ServerRescueTestJSON:tearDownClass): 200 GET http://10.180.1.21/compute/v2.1/servers/2efca0e4-05a0-4a9b-8405-6e25c8e298e6 1.360s
2025-11-14 07:12:55.500 65678 INFO tempest.common.waiters [-] State transition "ACTIVE/deleting" ==> "DELETED/None" after 4 second wait
2025-11-14 07:12:55.515 65692 INFO tempest.lib.common.rest_client [req-4965c903-d4f9-4614-9a95-2eed06544aca req-4965c903-d4f9-4614-9a95-2eed06544aca ] Request (MigrationsAdminTest:test_resize_server_revert_deleted_flavor): 200 GET http://10.180.1.21/compute/v2.1/servers/b90d47b9-afb3-46aa-abba-45ce878f97af 1.356s
2025-11-14 07:12:55.598 65724 INFO tempest.lib.common.rest_client [req-53614ba0-5439-48e5-9ef0-a147521553c1 req-53614ba0-5439-48e5-9ef0-a147521553c1 ] Request (ServerShowV254Test:tearDownClass): 200 GET http://10.180.1.21/networking/v2.0/security-groups?tenant_id=2e8176deec8747c69d64b75a7a95e85c&name=default 0.371s
2025-11-14 07:12:55.621 65688 INFO tempest.lib.common.rest_client [req-f9c00247-a99f-4143-bf35-d48b6e85255f req-f9c00247-a99f-4143-bf35-d48b6e85255f ] Request (AttachVolumeNegativeTest:test_attach_attached_volume_to_different_server): 200 GET http://10.180.1.21/compute/v2.1/servers/556fe7ee-8443-4b6a-83d3-1fa62e650dc8 1.201s
2025-11-14 07:12:55.635 65666 INFO tempest.lib.common.rest_client [req-a7855586-1e68-442d-9728-a5eeb146d0dd req-a7855586-1e68-442d-9728-a5eeb146d0dd ] Request (ServersAdminTestJSON:tearDownClass): 200 GET http://10.180.1.21/compute/v2.1/servers/fcc262ba-c214-4a28-a18b-02331fa629e9 1.203s
2025-11-14 07:12:55.709 65724 INFO tempest.lib.common.rest_client [req-780fcd15-bb6c-4ba7-9129-12bf189280dc req-780fcd15-bb6c-4ba7-9129-12bf189280dc ] Request (ServerShowV254Test:tearDownClass): 204 DELETE http://10.180.1.21/networking/v2.0/security-groups/257c139f-51b8-40c7-93e3-5a1f9d6cdf7a 0.110s
2025-11-14 07:12:55.731 65720 INFO tempest.lib.common.rest_client [req-0e9a2aae-8e31-46c8-9cad-c9bb6d4ba54b req-0e9a2aae-8e31-46c8-9cad-c9bb6d4ba54b ] Request (ServersTestMultiNic:_run_cleanups): 200 GET http://10.180.1.21/compute/v2.1/servers/12fe0992-d0ef-40b4-9a97-dbacd509f3c0 1.138s
2025-11-14 07:12:55.753 65706 INFO tempest.lib.common.rest_client [req-51f2a715-4d1c-4bac-a31a-f59cdd1d6168 req-51f2a715-4d1c-4bac-a31a-f59cdd1d6168 ] Request (ServersNegativeTestMultiTenantJSON:setUpClass): 200 GET http://10.180.1.21/compute/v2.1/servers/5ec71071-bdb6-4273-bb9b-3d05d540d45a 1.145s
2025-11-14 07:12:55.786 65690 INFO tempest.lib.common.rest_client [req-f832e275-c45f-4735-a9d9-46d436f87478 req-f832e275-c45f-4735-a9d9-46d436f87478 ] Request (ServerActionsTestOtherB:setUpClass): 201 POST http://10.180.1.21/networking/v2.0/networks 0.318s
2025-11-14 07:12:55.806 65716 INFO tempest.lib.common.rest_client [req-32003e93-274e-4f35-93f5-785ffa6e478e req-32003e93-274e-4f35-93f5-785ffa6e478e ] Request (ListImageFiltersTestJSON:setUpClass): 200 GET http://10.180.1.21/compute/v2.1/images/666c0891-eea2-41c4-beb7-469749dd0ee2 0.733s
2025-11-14 07:12:55.817 65724 INFO tempest.lib.common.rest_client [req-75601256-cb2f-4154-a8bc-83328c45d7a9 req-75601256-cb2f-4154-a8bc-83328c45d7a9 ] Request (ServerShowV254Test:tearDownClass): 204 DELETE http://10.180.1.21/identity/v3/projects/2e8176deec8747c69d64b75a7a95e85c 0.107s
2025-11-14 07:12:55.828 65668 INFO tempest.lib.common.rest_client [req-d30bb5df-ac23-4c28-8bc5-1e65f719cac5 req-d30bb5df-ac23-4c28-8bc5-1e65f719cac5 ] Request (SecurityGroupsTestJSON:test_server_security_groups): 200 GET http://10.180.1.21/compute/v2.1/servers/2f30ade1-3096-4309-aec5-cb38f8442ba8 1.145s
2025-11-14 07:12:55.887 65674 INFO tempest.lib.common.rest_client [req-18df2153-82da-4351-8ce9-0495bc6ab8db req-18df2153-82da-4351-8ce9-0495bc6ab8db ] Request (AttachInterfacesUnderV243Test:test_add_remove_fixed_ip): 200 GET http://10.180.1.21/compute/v2.1/servers/ed0c5181-dced-4d51-a185-a9ecc0b81a8e 0.786s
2025-11-14 07:12:55.925 65694 INFO tempest.lib.common.rest_client [req-2dcab95f-6152-4366-9e17-087ee5bca3d2 req-2dcab95f-6152-4366-9e17-087ee5bca3d2 ] Request (ServerMetadataTestJSON:test_update_metadata_empty_body): 200 GET http://10.180.1.21/compute/v2.1/servers/21b30d1e-60a4-4873-b60b-84e329604535/metadata 0.809s
2025-11-14 07:12:55.930 65731 INFO tempest.lib.common.rest_client [req-0bbcd2f0-8d89-4fd2-bfca-54838cb27378 req-0bbcd2f0-8d89-4fd2-bfca-54838cb27378 ] Request (ServerAddressesTestJSON:tearDownClass): 200 GET http://10.180.1.21/compute/v2.1/servers/b229ceab-a19b-41b0-80e5-c44fe342cb0e 0.820s
2025-11-14 07:12:55.994 65698 INFO tempest.lib.common.rest_client [req-efa0bc3f-d92f-4999-98d2-01a83f54713a req-efa0bc3f-d92f-4999-98d2-01a83f54713a ] Request (ServerDiagnosticsNegativeTest:test_get_server_diagnostics_by_non_admin): 200 GET http://10.180.1.21/compute/v2.1/servers/ad90b6a0-9cc5-4354-a59d-8c2ae1dd8bf6 0.721s
2025-11-14 07:12:56.010 65702 INFO tempest.lib.common.rest_client [req-4e86c2c2-4365-4957-8c9f-80379b64dace req-4e86c2c2-4365-4957-8c9f-80379b64dace ] Request (DeleteServersAdminTestJSON:test_delete_server_while_in_error_state): 200 GET http://10.180.1.21/compute/v2.1/servers/d51e06e7-1197-43b8-818d-60e4bf58ced6 0.723s
2025-11-14 07:12:56.029 65690 INFO tempest.lib.common.rest_client [req-cc2768f3-300d-415c-b5ee-ab8da86e2c09 req-cc2768f3-300d-415c-b5ee-ab8da86e2c09 ] Request (ServerActionsTestOtherB:setUpClass): 201 POST http://10.180.1.21/networking/v2.0/subnets 0.241s
2025-11-14 07:12:56.049 65710 INFO tempest.lib.common.rest_client [req-7bc69614-eaa1-42b6-98b4-7a9cda36b16b req-7bc69614-eaa1-42b6-98b4-7a9cda36b16b ] Request (ServerRescueNegativeTestJSON:setUpClass): 200 GET http://10.180.1.21/compute/v2.1/servers/a32620bd-7f37-4d92-bbe2-2720e5fcf31f 0.633s
2025-11-14 07:12:56.073 65684 INFO tempest.lib.common.rest_client [req-ed3bb8a2-86bc-4465-b79a-fd8d9b202860 req-ed3bb8a2-86bc-4465-b79a-fd8d9b202860 ] Request (ServerDiskConfigTestJSON:test_rebuild_server_with_auto_disk_config): 200 GET http://10.180.1.21/compute/v2.1/servers/1e9c9cea-1e9c-417c-8f5b-4cf061b39cbe 0.644s
2025-11-14 07:12:56.162 65672 INFO tempest.lib.common.rest_client [req-3f23197c-8427-4cce-b95a-3ed314f5eb31 req-3f23197c-8427-4cce-b95a-3ed314f5eb31 ] Request (ServerActionsTestOtherA:setUpClass): 200 GET http://10.180.1.21/compute/v2.1/servers/ab4af4ed-ab3d-474d-bd2e-71515acc7c3d 0.548s
2025-11-14 07:12:56.223 65670 INFO tempest.lib.common.rest_client [req-c7764332-4e60-445c-ad3b-83b74e8aea94 req-c7764332-4e60-445c-ad3b-83b74e8aea94 ] Request (ServerActionsTestJSON:setUpClass): 200 POST http://10.180.1.21/compute/v2.1/os-keypairs 0.787s
2025-11-14 07:12:56.230 65700 INFO tempest.lib.common.rest_client [req-2cc8fc4a-6cb4-4c57-b4cc-9584adb2deb5 req-2cc8fc4a-6cb4-4c57-b4cc-9584adb2deb5 ] Request (ServerShowV247Test:tearDownClass): 200 GET http://10.180.1.21/compute/v2.1/servers/711fee5b-64bc-46d3-9b6c-4ae29439ca2c 0.597s
2025-11-14 07:12:56.326 65670 INFO tempest.lib.common.rest_client [req-eeb5c058-17f7-498f-980e-71af51e9deae req-eeb5c058-17f7-498f-980e-71af51e9deae ] Request (ServerActionsTestJSON:setUpClass): 201 POST http://10.180.1.21/networking/v2.0/security-groups 0.102s
2025-11-14 07:12:56.347 65682 INFO tempest.lib.common.rest_client [req-e338ea81-d5e5-43a2-8d36-0f2bb3079f97 req-e338ea81-d5e5-43a2-8d36-0f2bb3079f97 ] Request (TenantUsagesTestJSON:setUpClass): 200 GET http://10.180.1.21/compute/v2.1/servers/5be07f37-5380-4798-8d24-332b0b4c286f 0.654s
2025-11-14 07:12:56.361 65696 INFO tempest.lib.common.rest_client [req-cf1326c9-98cc-41c7-80cd-0e4c47c83bd1 req-cf1326c9-98cc-41c7-80cd-0e4c47c83bd1 ] Request (VolumesAssistedSnapshotsTest:tearDownClass): 200 GET http://10.180.1.21/compute/v2.1/servers/d4d1249b-92b3-464b-a26c-28acc177095b 0.656s
2025-11-14 07:12:56.387 65716 INFO tempest.lib.common.rest_client [req-3c963167-0fc8-4b24-83e3-22cf86f28601 req-3c963167-0fc8-4b24-83e3-22cf86f28601 ] Request (ListImageFiltersTestJSON:setUpClass): 200 GET http://10.180.1.21/compute/v2.1/images/666c0891-eea2-41c4-beb7-469749dd0ee2 0.579s
2025-11-14 07:12:56.442 65694 INFO tempest.lib.common.rest_client [req-c3b47b62-addc-48f8-8e36-daa6fa743f9a req-c3b47b62-addc-48f8-8e36-daa6fa743f9a ] Request (ServerMetadataTestJSON:setUp): 200 PUT http://10.180.1.21/compute/v2.1/servers/21b30d1e-60a4-4873-b60b-84e329604535/metadata 0.514s
2025-11-14 07:12:56.449 65670 INFO tempest.lib.common.rest_client [req-d50666b6-659e-4cb0-9cce-e3b86825c503 req-d50666b6-659e-4cb0-9cce-e3b86825c503 ] Request (ServerActionsTestJSON:setUpClass): 201 POST http://10.180.1.21/networking/v2.0/security-group-rules 0.123s
2025-11-14 07:12:56.473 65676 INFO tempest.lib.common.rest_client [req-30f1b619-4788-4dd6-8d6a-284b56e068ac req-30f1b619-4788-4dd6-8d6a-284b56e068ac ] Request (ServersAdminNegativeTestJSON:test_migrate_server_invalid_state): 200 GET http://10.180.1.21/compute/v2.1/servers/81c8625b-816f-41e1-a451-f8fd2553ed7b 0.464s
2025-11-14 07:12:56.540 65670 INFO tempest.lib.common.rest_client [req-b76358e4-b41b-48c0-8fef-49d02aeabf8a req-b76358e4-b41b-48c0-8fef-49d02aeabf8a ] Request (ServerActionsTestJSON:setUpClass): 201 POST http://10.180.1.21/networking/v2.0/security-group-rules 0.090s
2025-11-14 07:12:56.597 65686 INFO tempest.lib.common.rest_client [req-748ce16f-a7d6-444a-b07d-86ceecb130eb req-748ce16f-a7d6-444a-b07d-86ceecb130eb ] Request (ServersListShow296Test:test_list_show_update_rebuild_server_296): 200 GET http://10.180.1.21/compute/v2.1/servers/380bdc79-08ff-4561-b622-d93104b4f042 0.356s
2025-11-14 07:12:56.752 65716 INFO tempest.lib.common.rest_client [req-3b0bc16a-4c01-49a9-99b9-830d45c2f25b req-3b0bc16a-4c01-49a9-99b9-830d45c2f25b ] Request (ListImageFiltersTestJSON:setUpClass): 201 POST http://10.180.1.21/image/v2/images 0.362s
2025-11-14 07:12:56.755 65690 INFO tempest.lib.common.rest_client [req-2b8ac5ed-2cc1-4ff4-a617-77953bd12950 req-2b8ac5ed-2cc1-4ff4-a617-77953bd12950 ] Request (ServerActionsTestOtherB:setUpClass): 201 POST http://10.180.1.21/networking/v2.0/routers 0.725s
2025-11-14 07:12:56.797 65714 INFO tempest.lib.common.rest_client [req-2aeaa8f1-a13e-4dc5-a1d7-41d2a5ea3bb3 req-2aeaa8f1-a13e-4dc5-a1d7-41d2a5ea3bb3 ] Request (ServersWithSpecificFlavorTestJSON:test_verify_created_server_ephemeral_disk): 200 GET http://10.180.1.21/compute/v2.1/servers/09063edf-2538-45de-9fab-fbecc058424c 0.760s
