2025-11-14 07:12:07.520 65666 INFO tempest.lib.common.rest_client [req-c4e76e8b-fecf-441b-9cc6-7f6f5c87f90d req-c4e76e8b-fecf-441b-9cc6-7f6f5c87f90d ] Request (ServersAdminTestJSON:test_list_servers_by_admin_with_all_tenants): 200 GET http://10.180.1.21/compute/v2.1/servers/detail?all_tenants= 1.089s
2025-11-14 07:12:07.547 65720 INFO tempest.lib.common.rest_client [req-989bec29-901d-4953-9d21-8657337995c0 req-989bec29-901d-4953-9d21-8657337995c0 ] Request (ServersTestMultiNic:test_verify_duplicate_network_nics): 200 GET http://10.180.1.21/compute/v2.1/servers/12fe0992-d0ef-40b4-9a97-dbacd509f3c0 0.983s
2025-11-14 07:12:07.558 65666 WARNING tempest.lib.common.rest_client [-] Deprecated: "tenant_id" property is deprecated for removal, use "project_id" instead
2025-11-14 07:12:07.593 65676 INFO tempest.lib.common.rest_client [req-5ed479ee-8d94-485c-84c6-997addbbde00 req-5ed479ee-8d94-485c-84c6-997addbbde00 ] Request (ServersAdminNegativeTestJSON:setUpClass): 200 GET http://10.180.1.21/compute/v2.1/servers/0dc04bce-2eb9-442d-a3b4-16163fc35ebe 0.975s
2025-11-14 07:12:07.601 65698 INFO tempest.lib.common.rest_client [req-a5a69d9a-0a99-4054-bb89-f4c4bea72a6d req-a5a69d9a-0a99-4054-bb89-f4c4bea72a6d ] Request (AggregatesAdminNegativeTestJSON:tearDownClass): 204 DELETE http://10.180.1.21/identity/v3/users/bea06274c3d048418e9b82c39e4b68d8 0.156s
2025-11-14 07:12:07.601 65698 INFO tempest.lib.common.dynamic_creds [-] Deleting project and security group for project: 8a4175a13a7d4455b69472b63c87e9b2
2025-11-14 07:12:07.607 65688 INFO tempest.lib.common.rest_client [req-3accf155-ac3c-4ba9-a94d-990906317d0c req-3accf155-ac3c-4ba9-a94d-990906317d0c ] Request (KeyPairsV22TestJSON:test_keypairsv22_create_list_show_with_type): 200 GET http://10.180.1.21/compute/v2.1/os-keypairs/tempest-keypair-511461692 0.942s
2025-11-14 07:12:07.608 65714 INFO tempest.lib.common.rest_client [req-2d3cc8fe-256f-4680-bac9-a947fce1e12a req-2d3cc8fe-256f-4680-bac9-a947fce1e12a ] Request (ServersWithSpecificFlavorTestJSON:test_verify_created_server_ephemeral_disk): 200 GET http://10.180.1.21/compute/v2.1/servers/09063edf-2538-45de-9fab-fbecc058424c 0.988s
2025-11-14 07:12:07.667 65682 INFO tempest.lib.common.rest_client [req-9a94680d-bdb9-4b95-819e-4585e6d34254 req-9a94680d-bdb9-4b95-819e-4585e6d34254 ] Request (TenantUsagesTestJSON:setUpClass): 200 GET http://10.180.1.21/compute/v2.1/servers/5be07f37-5380-4798-8d24-332b0b4c286f 0.991s
2025-11-14 07:12:07.673 65674 INFO tempest.lib.common.rest_client [req-bc07c1c0-171e-4b29-bf4a-c230147a695f req-bc07c1c0-171e-4b29-bf4a-c230147a695f ] Request (FloatingIPsAssociationNegativeTestJSON:tearDownClass): 200 GET http://10.180.1.21/compute/v2.1/servers/65782eab-9d46-4dca-bf9e-66b86ae58cc0 0.986s
2025-11-14 07:12:07.684 65698 INFO tempest.lib.common.rest_client [req-51149107-f6b8-43b6-ad0a-528bc30bd300 req-51149107-f6b8-43b6-ad0a-528bc30bd300 ] Request (AggregatesAdminNegativeTestJSON:tearDownClass): 201 POST http://10.180.1.21/identity/v3/auth/tokens 0.083s
2025-11-14 07:12:07.738 65724 INFO tempest.lib.common.rest_client [req-6b63dc0b-133c-4c6b-bdb0-3a70dc7d1f82 req-6b63dc0b-133c-4c6b-bdb0-3a70dc7d1f82 ] Request (ServerShowV254Test:tearDownClass): 200 GET http://10.180.1.21/compute/v2.1/servers/8bf0229b-63b1-49fb-9c50-4a7fe40f2093 0.930s
2025-11-14 07:12:07.754 65684 INFO tempest.lib.common.rest_client [req-13dc95a2-575c-49f5-a180-d3bcfbd95060 req-13dc95a2-575c-49f5-a180-d3bcfbd95060 ] Request (AttachInterfacesV270Test:tearDownClass): 200 GET http://10.180.1.21/compute/v2.1/servers/ca9b1840-97dd-4327-bca0-5ebece3b4c1c 0.851s
2025-11-14 07:12:07.794 65712 INFO tempest.lib.common.rest_client [req-27eed46b-dc63-4dcd-9552-0283e073882b req-27eed46b-dc63-4dcd-9552-0283e073882b ] Request (ServersTestFqdnHostnames:test_create_server_with_fqdn_name): 200 GET http://10.180.1.21/compute/v2.1/servers/27d54be4-04de-4109-ad21-3ba51d043bed 0.836s
2025-11-14 07:12:07.825 65716 INFO tempest.lib.common.rest_client [req-caf81e67-73e3-4a47-a42d-13fa55903046 req-caf81e67-73e3-4a47-a42d-13fa55903046 ] Request (FloatingIPsAssociationTestJSON:tearDownClass): 200 GET http://10.180.1.21/compute/v2.1/servers/480e66aa-f856-43e1-bbae-58f874d18b0a 0.785s
2025-11-14 07:12:07.834 65716 INFO tempest.common.waiters [-] State transition "ACTIVE/deleting" ==> "DELETED/None" after 3 second wait
2025-11-14 07:12:07.846 65672 INFO tempest.lib.common.rest_client [req-d13a1445-8838-4230-a1d1-97d91a815d6b req-d13a1445-8838-4230-a1d1-97d91a815d6b ] Request (FlavorsAdminTestJSON:_run_cleanups): 202 DELETE http://10.180.1.21/compute/v2.1/flavors/1680930872 0.633s
2025-11-14 07:12:07.899 65698 INFO tempest.lib.common.rest_client [req-189ad88a-a986-43a6-9cea-5680ea7a97e4 req-189ad88a-a986-43a6-9cea-5680ea7a97e4 ] Request (AggregatesAdminNegativeTestJSON:tearDownClass): 200 GET http://10.180.1.21/networking/v2.0/security-groups?tenant_id=8a4175a13a7d4455b69472b63c87e9b2&name=default 0.214s
2025-11-14 07:12:07.926 65678 INFO tempest.lib.common.rest_client [req-03aa4553-a629-4a3e-8bf1-7c79d262f457 req-03aa4553-a629-4a3e-8bf1-7c79d262f457 ] Request (ServerRescueTestJSON:test_rescue_unrescue_instance): 200 GET http://10.180.1.21/compute/v2.1/servers/2efca0e4-05a0-4a9b-8405-6e25c8e298e6 0.532s
2025-11-14 07:12:07.963 65666 INFO tempest.lib.common.rest_client [req-86fa8461-b97f-48bb-a87a-059cac5a8408 req-86fa8461-b97f-48bb-a87a-059cac5a8408 ] Request (ServersAdminTestJSON:test_list_servers_by_admin_with_specified_tenant): 200 GET http://10.180.1.21/compute/v2.1/servers/detail?tenant_id=0fc4915fc37941b3b9ebeb159e91353c 0.404s
2025-11-14 07:12:07.975 65688 INFO tempest.lib.common.rest_client [req-85fc2098-f1f5-40ab-9f0d-2e5c82144818 req-85fc2098-f1f5-40ab-9f0d-2e5c82144818 ] Request (KeyPairsV22TestJSON:test_keypairsv22_create_list_show_with_type): 200 GET http://10.180.1.21/compute/v2.1/os-keypairs 0.366s
2025-11-14 07:12:08.013 65692 INFO tempest.lib.common.rest_client [req-d9764c0e-c133-4947-acaa-2c667afcb6bf req-d9764c0e-c133-4947-acaa-2c667afcb6bf ] Request (MigrationsAdminTest:test_list_migrations_in_flavor_resize_situation): 200 GET http://10.180.1.21/compute/v2.1/servers/8040990c-3e0a-4687-9349-a7718214dc55 0.825s
2025-11-14 07:12:08.038 65698 INFO tempest.lib.common.rest_client [req-6495e78b-2fd3-43ea-aea5-a9226614f4fc req-6495e78b-2fd3-43ea-aea5-a9226614f4fc ] Request (AggregatesAdminNegativeTestJSON:tearDownClass): 204 DELETE http://10.180.1.21/networking/v2.0/security-groups/ba81f37b-7f3f-4141-91b6-ac13bc09d4ec 0.139s
2025-11-14 07:12:08.063 65731 INFO tempest.lib.common.rest_client [req-b500591b-7d53-49a5-b29d-10523de2b85f req-b500591b-7d53-49a5-b29d-10523de2b85f ] Request (ServerAddressesTestJSON:setUpClass): 200 GET http://10.180.1.21/compute/v2.1/servers/b229ceab-a19b-41b0-80e5-c44fe342cb0e 0.444s
2025-11-14 07:12:08.088 65672 INFO tempest.lib.common.rest_client [req-5a049e4e-7d05-428e-90f5-ed7b2eab08e2 req-5a049e4e-7d05-428e-90f5-ed7b2eab08e2 ] Request (FlavorsAdminTestJSON:_run_cleanups): 200 GET http://10.180.1.21/compute/v2.1/flavors/detail 0.242s
2025-11-14 07:12:08.115 65706 INFO tempest.lib.common.rest_client [req-4cb52360-c881-403a-889e-755e9b87aa2e req-4cb52360-c881-403a-889e-755e9b87aa2e ] Request (ServersNegativeTestMultiTenantJSON:setUpClass): 200 GET http://10.180.1.21/compute/v2.1/servers/5ec71071-bdb6-4273-bb9b-3d05d540d45a 0.370s
2025-11-14 07:12:08.138 65698 INFO tempest.lib.common.rest_client [req-ffa65756-5679-4426-96ea-6841796b21d2 req-ffa65756-5679-4426-96ea-6841796b21d2 ] Request (AggregatesAdminNegativeTestJSON:tearDownClass): 204 DELETE http://10.180.1.21/identity/v3/projects/8a4175a13a7d4455b69472b63c87e9b2 0.099s
2025-11-14 07:12:08.138 65698 INFO tempest.lib.common.dynamic_creds [-] Deleting project and security group for project: d74d14b3562041adaa69f7d22ff17387
2025-11-14 07:12:08.156 65670 INFO tempest.lib.common.rest_client [req-5c210129-d54d-498c-a668-0e4dd2df7116 req-5c210129-d54d-498c-a668-0e4dd2df7116 ] Request (InstanceActionsTestJSON:tearDownClass): 200 GET http://10.180.1.21/compute/v2.1/servers/2003577b-57d3-46c8-ac88-f116bb4ee056 0.262s
2025-11-14 07:12:08.165 65670 INFO tempest.common.waiters [-] State transition "ACTIVE/deleting" ==> "DELETED/None" after 3 second wait
2025-11-14 07:12:08.183 65686 INFO tempest.lib.common.rest_client [req-3eb9835e-15e4-47d9-94c7-9128e6451d35 req-3eb9835e-15e4-47d9-94c7-9128e6451d35 ] Request (ServerGroupTestJSON:_run_cleanups): 200 GET http://10.180.1.21/compute/v2.1/servers/ee55b316-8954-4112-8acd-f472ab459e75 0.238s
2025-11-14 07:12:08.203 65688 INFO tempest.lib.common.rest_client [req-5d779f09-437e-4cc4-9ff8-ca484f5d3aa0 req-5d779f09-437e-4cc4-9ff8-ca484f5d3aa0 ] Request (KeyPairsV22TestJSON:_run_cleanups): 204 DELETE http://10.180.1.21/compute/v2.1/os-keypairs/tempest-keypair-511461692 0.226s
2025-11-14 07:12:08.289 65698 INFO tempest.lib.common.rest_client [req-dcc13b7b-ed7e-4695-831d-351a29ab1620 req-dcc13b7b-ed7e-4695-831d-351a29ab1620 ] Request (AggregatesAdminNegativeTestJSON:tearDownClass): 200 GET http://10.180.1.21/networking/v2.0/security-groups?tenant_id=d74d14b3562041adaa69f7d22ff17387&name=default 0.150s
2025-11-14 07:12:08.316 65700 INFO tempest.lib.common.rest_client [req-b749f136-b720-44cc-8595-38c79a01f6ed req-b749f136-b720-44cc-8595-38c79a01f6ed ] Request (ServerShowV247Test:test_update_rebuild_list_server): 200 GET http://10.180.1.21/compute/v2.1/servers/711fee5b-64bc-46d3-9b6c-4ae29439ca2c 0.306s
2025-11-14 07:12:08.357 65688 INFO tempest.lib.common.rest_client [req-7385ce89-42ab-4ad8-b537-a42e0bcc8457 req-7385ce89-42ab-4ad8-b537-a42e0bcc8457 ] Request (KeyPairsV22TestJSON:tearDownClass): 204 DELETE http://10.180.1.21/identity/v3/users/7b1a74d3e20d44d586ef24966e140481 0.150s
2025-11-14 07:12:08.357 65688 INFO tempest.lib.common.dynamic_creds [-] Deleting project and security group for project: 805e5b3878e748f1a6c72aae26b3af99
2025-11-14 07:12:08.379 65666 INFO tempest.lib.common.rest_client [req-c8a4c03b-b467-49da-a570-2e0f66e8972e req-c8a4c03b-b467-49da-a570-2e0f66e8972e ] Request (ServersAdminTestJSON:test_list_servers_by_admin_with_specified_tenant): 200 GET http://10.180.1.21/compute/v2.1/servers/detail?all_tenants=&tenant_id=0fc4915fc37941b3b9ebeb159e91353c 0.408s
2025-11-14 07:12:08.399 65698 INFO tempest.lib.common.rest_client [req-bcca1b4e-f5b4-4922-a696-12263145310b req-bcca1b4e-f5b4-4922-a696-12263145310b ] Request (AggregatesAdminNegativeTestJSON:tearDownClass): 204 DELETE http://10.180.1.21/networking/v2.0/security-groups/d903e7ca-9438-4318-8008-2d4a7c128f33 0.109s
2025-11-14 07:12:08.406 65702 INFO tempest.lib.common.rest_client [req-d66c14d9-f6a7-4f6c-b865-a9e5a6de9f79 req-d66c14d9-f6a7-4f6c-b865-a9e5a6de9f79 ] Request (DeleteServersAdminTestJSON:test_delete_server_while_in_error_state): 200 GET http://10.180.1.21/compute/v2.1/servers/d51e06e7-1197-43b8-818d-60e4bf58ced6 0.380s
2025-11-14 07:12:08.421 65680 INFO tempest.lib.common.rest_client [req-fa6b8a5c-b361-4b71-8685-1bc589a6625f req-fa6b8a5c-b361-4b71-8685-1bc589a6625f ] Request (ImagesOneServerTestJSON:test_create_delete_image): 200 GET http://10.180.1.21/compute/v2.1/images/6bd6f8f4-f3cf-4de3-9c85-bd51b7ff7d15 0.370s
2025-11-14 07:12:08.422 65672 INFO tempest.lib.common.rest_client [req-ac706821-1879-4175-a703-b95bc1113ee2 req-ac706821-1879-4175-a703-b95bc1113ee2 ] Request (FlavorsAdminTestJSON:_run_cleanups): 202 DELETE http://10.180.1.21/compute/v2.1/flavors/774114336 0.327s
2025-11-14 07:12:08.444 65688 INFO tempest.lib.common.rest_client [req-149401a9-d7bb-4d66-aedf-55f9955db5a6 req-149401a9-d7bb-4d66-aedf-55f9955db5a6 ] Request (KeyPairsV22TestJSON:tearDownClass): 201 POST http://10.180.1.21/identity/v3/auth/tokens 0.086s
2025-11-14 07:12:08.486 65694 INFO tempest.lib.common.rest_client [req-d76204f9-75b1-424e-aa35-de5643a13075 req-d76204f9-75b1-424e-aa35-de5643a13075 ] Request (ServerMetadataTestJSON:setUpClass): 200 GET http://10.180.1.21/compute/v2.1/servers/21b30d1e-60a4-4873-b60b-84e329604535 0.311s
2025-11-14 07:12:08.502 65690 INFO tempest.lib.common.rest_client [req-b7990ef7-ceb2-4236-a045-bc2346400196 req-b7990ef7-ceb2-4236-a045-bc2346400196 ] Request (ServersTestJSON:tearDownClass): 200 GET http://10.180.1.21/compute/v2.1/servers/093770a5-63eb-4ee1-95b1-b63b85367505 0.376s
2025-11-14 07:12:08.509 65690 INFO tempest.common.waiters [-] State transition "ACTIVE/deleting" ==> "DELETED/None" after 3 second wait
2025-11-14 07:12:08.531 65698 INFO tempest.lib.common.rest_client [req-51301b79-19b1-4a9d-b9ca-0ab4e553ab50 req-51301b79-19b1-4a9d-b9ca-0ab4e553ab50 ] Request (AggregatesAdminNegativeTestJSON:tearDownClass): 204 DELETE http://10.180.1.21/identity/v3/projects/d74d14b3562041adaa69f7d22ff17387 0.131s
2025-11-14 07:12:08.573 65710 INFO tempest.lib.common.rest_client [req-4c5937b3-21c3-4a1d-b61c-640d10e68249 req-4c5937b3-21c3-4a1d-b61c-640d10e68249 ] Request (ServerRescueNegativeTestJSON:setUpClass): 200 GET http://10.180.1.21/compute/v2.1/servers/a32620bd-7f37-4d92-bbe2-2720e5fcf31f 0.301s
2025-11-14 07:12:08.596 65698 INFO tempest.lib.common.rest_client [req-4c361dd1-76ed-451e-8b90-3ab9da90d025 req-4c361dd1-76ed-451e-8b90-3ab9da90d025 ] Request (ServerDiagnosticsNegativeTest:setUpClass): 201 POST http://10.180.1.21/identity/v3/auth/tokens 0.064s
2025-11-14 07:12:08.606 65726 INFO tempest.lib.common.rest_client [req-071574ab-230c-4eb8-929a-0ceabff8716b req-071574ab-230c-4eb8-929a-0ceabff8716b ] Request (AttachInterfacesTestJSON:test_create_list_show_delete_interfaces_by_fixed_ip): 200 GET http://10.180.1.21/compute/v2.1/servers/fe718475-ea01-4844-a5d0-1062ced9b202 0.413s
2025-11-14 07:12:08.609 65666 INFO tempest.lib.common.rest_client [req-1f6511b7-fe50-4eba-b7e9-980aca3c343e req-1f6511b7-fe50-4eba-b7e9-980aca3c343e ] Request (ServersAdminTestJSON:test_list_servers_by_admin_with_specified_tenant): 200 GET http://10.180.1.21/compute/v2.1/servers/detail?all_tenants=&tenant_id=b60fe92ffc25436a8ff2ace09e58c14d 0.217s
2025-11-14 07:12:08.623 65688 INFO tempest.lib.common.rest_client [req-e7be1e51-0cfc-4ceb-908a-cf9503888632 req-e7be1e51-0cfc-4ceb-908a-cf9503888632 ] Request (KeyPairsV22TestJSON:tearDownClass): 200 GET http://10.180.1.21/networking/v2.0/security-groups?tenant_id=805e5b3878e748f1a6c72aae26b3af99&name=default 0.178s
2025-11-14 07:12:08.636 65672 INFO tempest.lib.common.rest_client [req-7fb75db5-ba54-4177-9dcc-38edb796dcd0 req-7fb75db5-ba54-4177-9dcc-38edb796dcd0 ] Request (FlavorsAdminTestJSON:_run_cleanups): 200 GET http://10.180.1.21/compute/v2.1/flavors/detail 0.214s
2025-11-14 07:12:08.640 65698 INFO tempest.lib.common.rest_client [req-5eda5c4f-c034-41a9-acc1-d0486a1e0399 req-5eda5c4f-c034-41a9-acc1-d0486a1e0399 ] Request (ServerDiagnosticsNegativeTest:setUpClass): 201 POST http://10.180.1.21/identity/v3/auth/tokens 0.039s
2025-11-14 07:12:08.668 65698 INFO tempest.lib.common.rest_client [req-d7521318-035d-41ea-a3ec-51170f40e0cf req-d7521318-035d-41ea-a3ec-51170f40e0cf ] Request (ServerDiagnosticsNegativeTest:setUpClass): 200 GET http://10.180.1.21/identity/v3/domains?name=Default 0.028s
2025-11-14 07:12:08.706 65698 INFO tempest.lib.common.rest_client [req-605804ec-734f-46ab-91f1-51a10fc819c6 req-605804ec-734f-46ab-91f1-51a10fc819c6 ] Request (ServerDiagnosticsNegativeTest:setUpClass): 201 POST http://10.180.1.21/identity/v3/projects 0.037s
2025-11-14 07:12:08.716 65688 INFO tempest.lib.common.rest_client [req-f6bb6ebb-9998-40ee-9ed4-462bed3eb444 req-f6bb6ebb-9998-40ee-9ed4-462bed3eb444 ] Request (KeyPairsV22TestJSON:tearDownClass): 204 DELETE http://10.180.1.21/networking/v2.0/security-groups/43a25315-4c93-4ff3-8b58-2e51621963ac 0.093s
2025-11-14 07:12:08.751 65720 INFO tempest.lib.common.rest_client [req-dd7610a8-e5d4-4951-ab8f-d55af402fd72 req-dd7610a8-e5d4-4951-ab8f-d55af402fd72 ] Request (ServersTestMultiNic:test_verify_duplicate_network_nics): 200 GET http://10.180.1.21/compute/v2.1/servers/12fe0992-d0ef-40b4-9a97-dbacd509f3c0 0.191s
2025-11-14 07:12:08.778 65698 INFO tempest.lib.common.rest_client [req-3ebedce8-0d2a-4b77-a132-0ba057fb4124 req-3ebedce8-0d2a-4b77-a132-0ba057fb4124 ] Request (ServerDiagnosticsNegativeTest:setUpClass): 201 POST http://10.180.1.21/identity/v3/users 0.072s
2025-11-14 07:12:08.808 65698 INFO tempest.lib.common.rest_client [req-629aa986-39b2-4f49-b682-2d4827d6caba req-629aa986-39b2-4f49-b682-2d4827d6caba ] Request (ServerDiagnosticsNegativeTest:setUpClass): 200 GET http://10.180.1.21/identity/v3/roles 0.029s
2025-11-14 07:12:08.809 65668 INFO tempest.lib.common.rest_client [req-543c69ec-f784-4a6e-a0af-e5ef35faaf2e req-543c69ec-f784-4a6e-a0af-e5ef35faaf2e ] Request (SecurityGroupsTestJSON:test_list_security_groups_by_server): 200 GET http://10.180.1.21/compute/v2.1/servers/809ecbf4-fba1-4aa4-a848-498b62febe6c 0.330s
2025-11-14 07:12:08.828 65676 INFO tempest.lib.common.rest_client [req-e97e4518-6d89-47b0-8a32-b7674a013120 req-e97e4518-6d89-47b0-8a32-b7674a013120 ] Request (ServersAdminNegativeTestJSON:setUpClass): 200 GET http://10.180.1.21/compute/v2.1/servers/0dc04bce-2eb9-442d-a3b4-16163fc35ebe 0.225s
2025-11-14 07:12:08.834 65666 INFO tempest.lib.common.rest_client [req-3dae87f0-e0d3-4c4a-a887-7280d1a3d94e req-3dae87f0-e0d3-4c4a-a887-7280d1a3d94e ] Request (ServersAdminTestJSON:test_list_servers_detailed_filter_by_invalid_status): 200 GET http://10.180.1.21/compute/v2.1/servers/detail?status=invalid_status 0.215s
2025-11-14 07:12:08.855 65688 INFO tempest.lib.common.rest_client [req-23825406-f938-436e-90a5-405eef287413 req-23825406-f938-436e-90a5-405eef287413 ] Request (KeyPairsV22TestJSON:tearDownClass): 204 DELETE http://10.180.1.21/identity/v3/projects/805e5b3878e748f1a6c72aae26b3af99 0.137s
2025-11-14 07:12:08.855 65672 INFO tempest.lib.common.rest_client [req-0a2a5746-f6cc-41e5-bbb2-f49e25808614 req-0a2a5746-f6cc-41e5-bbb2-f49e25808614 ] Request (FlavorsAdminTestJSON:test_list_non_public_flavor): 200 POST http://10.180.1.21/compute/v2.1/flavors 0.213s
2025-11-14 07:12:08.873 65714 INFO tempest.lib.common.rest_client [req-cfdbe235-b8c3-4d55-b49d-01123272667b req-cfdbe235-b8c3-4d55-b49d-01123272667b ] Request (ServersWithSpecificFlavorTestJSON:test_verify_created_server_ephemeral_disk): 200 GET http://10.180.1.21/compute/v2.1/servers/09063edf-2538-45de-9fab-fbecc058424c 0.257s
2025-11-14 07:12:08.884 65688 INFO tempest.lib.common.rest_client [req-d68546bd-9b76-4bbe-9e6a-7dc277b054d8 req-d68546bd-9b76-4bbe-9e6a-7dc277b054d8 ] Request (AttachVolumeNegativeTest:setUpClass): 201 POST http://10.180.1.21/identity/v3/auth/tokens 0.027s
2025-11-14 07:12:08.889 65698 INFO tempest.lib.common.rest_client [req-84e8e0bd-df1b-41dd-861b-b62ff678ae79 req-84e8e0bd-df1b-41dd-861b-b62ff678ae79 ] Request (ServerDiagnosticsNegativeTest:setUpClass): 204 PUT http://10.180.1.21/identity/v3/projects/ac8b091b77e7447f8d871c013f6f27e9/users/9e85fb4ef84f46a2a20c52231c5a1ef8/roles/5b5024e440474a5cabca60ee2c9de23d 0.080s
2025-11-14 07:12:08.889 65698 INFO tempest.lib.common.dynamic_creds [-] Dynamic test user 9e85fb4ef84f46a2a20c52231c5a1ef8 is created with scope project and roles: ['member']
2025-11-14 07:12:08.890 65698 INFO tempest.lib.common.dynamic_creds [-] Acquired dynamic creds: credentials: Credentials: {'domain_id': 'default', 'domain_name': 'Default', 'username': 'tempest-ServerDiagnosticsNegativeTest-26416351-project-member', 'project_domain_id': 'default', 'project_domain_name': 'Default', 'project_id': 'ac8b091b77e7447f8d871c013f6f27e9', 'project_name': 'tempest-ServerDiagnosticsNegativeTest-26416351', 'tenant_id': 'ac8b091b77e7447f8d871c013f6f27e9', 'tenant_name': 'tempest-ServerDiagnosticsNegativeTest-26416351', 'user_domain_id': 'default', 'user_domain_name': 'Default', 'user_id': '9e85fb4ef84f46a2a20c52231c5a1ef8', 'system': None}, Network: None, Subnet: None, Router: None
2025-11-14 07:12:08.890 65698 INFO tempest.lib.common.dynamic_creds [-] Created isolated network resources for: credentials: Credentials: {'domain_id': 'default', 'domain_name': 'Default', 'username': 'tempest-ServerDiagnosticsNegativeTest-26416351-project-member', 'project_domain_id': 'default', 'project_domain_name': 'Default', 'project_id': 'ac8b091b77e7447f8d871c013f6f27e9', 'project_name': 'tempest-ServerDiagnosticsNegativeTest-26416351', 'tenant_id': 'ac8b091b77e7447f8d871c013f6f27e9', 'tenant_name': 'tempest-ServerDiagnosticsNegativeTest-26416351', 'user_domain_id': 'default', 'user_domain_name': 'Default', 'user_id': '9e85fb4ef84f46a2a20c52231c5a1ef8', 'system': None}, Network: None, Subnet: None, Router: None
2025-11-14 07:12:08.916 65682 INFO tempest.lib.common.rest_client [req-b75b89da-1e84-4b7e-88f9-51070dca0664 req-b75b89da-1e84-4b7e-88f9-51070dca0664 ] Request (TenantUsagesTestJSON:setUpClass): 200 GET http://10.180.1.21/compute/v2.1/servers/5be07f37-5380-4798-8d24-332b0b4c286f 0.234s
2025-11-14 07:12:08.943 65674 INFO tempest.lib.common.rest_client [req-2bdbfa11-6e79-4dc4-bbe5-14ec76738a1e req-2bdbfa11-6e79-4dc4-bbe5-14ec76738a1e ] Request (FloatingIPsAssociationNegativeTestJSON:tearDownClass): 200 GET http://10.180.1.21/compute/v2.1/servers/65782eab-9d46-4dca-bf9e-66b86ae58cc0 0.258s
2025-11-14 07:12:08.956 65688 INFO tempest.lib.common.rest_client [req-1a504844-0a0c-4d22-81e3-fa847219166a req-1a504844-0a0c-4d22-81e3-fa847219166a ] Request (AttachVolumeNegativeTest:setUpClass): 201 POST http://10.180.1.21/identity/v3/auth/tokens 0.068s
2025-11-14 07:12:08.970 65698 INFO tempest.lib.common.rest_client [req-f52110a5-f835-4a48-94dc-f7e821a6f8f5 req-f52110a5-f835-4a48-94dc-f7e821a6f8f5 ] Request (ServerDiagnosticsNegativeTest:setUpClass): 201 POST http://10.180.1.21/identity/v3/auth/tokens 0.077s
2025-11-14 07:12:08.982 65724 INFO tempest.lib.common.rest_client [req-f28139eb-3f13-41dd-8ae9-5f37b733d19e req-f28139eb-3f13-41dd-8ae9-5f37b733d19e ] Request (ServerShowV254Test:tearDownClass): 200 GET http://10.180.1.21/compute/v2.1/servers/8bf0229b-63b1-49fb-9c50-4a7fe40f2093 0.231s
2025-11-14 07:12:08.991 65688 INFO tempest.lib.common.rest_client [req-9d816120-a30e-4e06-a644-9bb22707399e req-9d816120-a30e-4e06-a644-9bb22707399e ] Request (AttachVolumeNegativeTest:setUpClass): 200 GET http://10.180.1.21/identity/v3/domains?name=Default 0.035s
2025-11-14 07:12:09.009 65698 INFO tempest.lib.common.rest_client [req-6e6d9e02-8f88-4d7a-bcbe-e1ec9bd0c608 req-6e6d9e02-8f88-4d7a-bcbe-e1ec9bd0c608 ] Request (ServerDiagnosticsNegativeTest:setUpClass): 201 POST http://10.180.1.21/identity/v3/projects 0.038s
2025-11-14 07:12:09.019 65684 INFO tempest.lib.common.rest_client [req-fe232cb5-c347-4e80-a8ac-b7cb8e715f73 req-fe232cb5-c347-4e80-a8ac-b7cb8e715f73 ] Request (AttachInterfacesV270Test:tearDownClass): 200 GET http://10.180.1.21/compute/v2.1/servers/ca9b1840-97dd-4327-bca0-5ebece3b4c1c 0.255s
2025-11-14 07:12:09.021 65688 INFO tempest.lib.common.rest_client [req-ec18ded2-9184-43e6-8224-796a27abc7c4 req-ec18ded2-9184-43e6-8224-796a27abc7c4 ] Request (AttachVolumeNegativeTest:setUpClass): 201 POST http://10.180.1.21/identity/v3/projects 0.029s
2025-11-14 07:12:09.041 65712 INFO tempest.lib.common.rest_client [req-9d81875e-3219-40ca-8f83-a00ae4a956d9 req-9d81875e-3219-40ca-8f83-a00ae4a956d9 ] Request (ServersTestFqdnHostnames:test_create_server_with_fqdn_name): 200 GET http://10.180.1.21/compute/v2.1/servers/27d54be4-04de-4109-ad21-3ba51d043bed 0.237s
2025-11-14 07:12:09.101 65716 INFO tempest.lib.common.rest_client [req-4df37639-21d7-436e-841c-c0eeb7837be2 req-4df37639-21d7-436e-841c-c0eeb7837be2 ] Request (FloatingIPsAssociationTestJSON:tearDownClass): 200 GET http://10.180.1.21/compute/v2.1/servers/480e66aa-f856-43e1-bbae-58f874d18b0a 0.265s
2025-11-14 07:12:09.103 65688 INFO tempest.lib.common.rest_client [req-8e4669e2-95b5-423a-b2c5-72088e10da40 req-8e4669e2-95b5-423a-b2c5-72088e10da40 ] Request (AttachVolumeNegativeTest:setUpClass): 201 POST http://10.180.1.21/identity/v3/users 0.081s
2025-11-14 07:12:09.107 65666 INFO tempest.lib.common.rest_client [req-0c973f5a-5f83-4fc3-a163-61e0ada6196e req-0c973f5a-5f83-4fc3-a163-61e0ada6196e ] Request (ServersAdminTestJSON:test_list_servers_filter_by_error_status): 202 POST http://10.180.1.21/compute/v2.1/servers/b2d6c956-9cd0-4e6b-8682-d94a4a2be331/action 0.258s
2025-11-14 07:12:09.112 65698 INFO tempest.lib.common.rest_client [req-b6a5f05e-c795-4db0-bff9-41b80bf85dab req-b6a5f05e-c795-4db0-bff9-41b80bf85dab ] Request (ServerDiagnosticsNegativeTest:setUpClass): 201 POST http://10.180.1.21/identity/v3/users 0.103s
2025-11-14 07:12:09.124 65672 INFO tempest.lib.common.rest_client [req-e0cd28a2-7f13-4d6a-9407-44ec8f73884a req-e0cd28a2-7f13-4d6a-9407-44ec8f73884a ] Request (FlavorsAdminTestJSON:test_list_non_public_flavor): 200 GET http://10.180.1.21/compute/v2.1/flavors/detail 0.266s
2025-11-14 07:12:09.131 65688 INFO tempest.lib.common.rest_client [req-3ba7ce1a-3eb0-411b-9f3e-0e3780cd3dd4 req-3ba7ce1a-3eb0-411b-9f3e-0e3780cd3dd4 ] Request (AttachVolumeNegativeTest:setUpClass): 200 GET http://10.180.1.21/identity/v3/roles 0.027s
2025-11-14 07:12:09.134 65698 INFO tempest.lib.common.rest_client [req-7a542b3b-e237-4d22-89a8-bded95d629a0 req-7a542b3b-e237-4d22-89a8-bded95d629a0 ] Request (ServerDiagnosticsNegativeTest:setUpClass): 200 GET http://10.180.1.21/identity/v3/roles 0.021s
2025-11-14 07:12:09.158 65688 INFO tempest.lib.common.rest_client [req-d1f35bf6-6ba3-4bf9-8bcd-4964ee0ada17 req-d1f35bf6-6ba3-4bf9-8bcd-4964ee0ada17 ] Request (AttachVolumeNegativeTest:setUpClass): 204 PUT http://10.180.1.21/identity/v3/projects/71862549ff324613bc57bc2a35ac4d23/users/f37d90141e6a4b39be8c25db10b614d5/roles/5b5024e440474a5cabca60ee2c9de23d 0.026s
2025-11-14 07:12:09.158 65688 INFO tempest.lib.common.dynamic_creds [-] Dynamic test user f37d90141e6a4b39be8c25db10b614d5 is created with scope project and roles: ['member']
2025-11-14 07:12:09.159 65688 INFO tempest.lib.common.dynamic_creds [-] Acquired dynamic creds: credentials: Credentials: {'domain_id': 'default', 'domain_name': 'Default', 'username': 'tempest-AttachVolumeNegativeTest-671309822-project-member', 'project_domain_id': 'default', 'project_domain_name': 'Default', 'project_id': '71862549ff324613bc57bc2a35ac4d23', 'project_name': 'tempest-AttachVolumeNegativeTest-671309822', 'tenant_id': '71862549ff324613bc57bc2a35ac4d23', 'tenant_name': 'tempest-AttachVolumeNegativeTest-671309822', 'user_domain_id': 'default', 'user_domain_name': 'Default', 'user_id': 'f37d90141e6a4b39be8c25db10b614d5', 'system': None}, Network: None, Subnet: None, Router: None
2025-11-14 07:12:09.159 65698 INFO tempest.lib.common.rest_client [req-6136c5b7-18dc-41cc-8dfb-c03fa5f3629c req-6136c5b7-18dc-41cc-8dfb-c03fa5f3629c ] Request (ServerDiagnosticsNegativeTest:setUpClass): 204 PUT http://10.180.1.21/identity/v3/projects/7951529132584a8f8f66af9f0c1a45ea/users/aa8028055d2a45a7ad3e15681846d19b/roles/916f72b8039342d78f5ef4a94cee72fe 0.024s
2025-11-14 07:12:09.161 65678 INFO tempest.lib.common.rest_client [req-b06a7aa9-8507-4c69-a18a-b457961cf070 req-b06a7aa9-8507-4c69-a18a-b457961cf070 ] Request (ServerRescueTestJSON:test_rescue_unrescue_instance): 200 GET http://10.180.1.21/compute/v2.1/servers/2efca0e4-05a0-4a9b-8405-6e25c8e298e6 0.226s
2025-11-14 07:12:09.214 65731 INFO tempest.lib.common.rest_client [req-461b2006-8d7c-4e28-b7b9-715e56bd3a40 req-461b2006-8d7c-4e28-b7b9-715e56bd3a40 ] Request (ServerAddressesTestJSON:setUpClass): 200 GET http://10.180.1.21/compute/v2.1/servers/b229ceab-a19b-41b0-80e5-c44fe342cb0e 0.141s
2025-11-14 07:12:09.221 65731 INFO tempest.common.waiters [-] State transition "BUILD/None" ==> "BUILD/networking" after 26 second wait
2025-11-14 07:12:09.224 65688 INFO tempest.lib.common.rest_client [req-27d6f085-2fb7-44ea-881a-9628f9d0f9d8 req-27d6f085-2fb7-44ea-881a-9628f9d0f9d8 ] Request (AttachVolumeNegativeTest:setUpClass): 201 POST http://10.180.1.21/identity/v3/auth/tokens 0.065s
2025-11-14 07:12:09.238 65692 INFO tempest.lib.common.rest_client [req-d18e0674-5ef6-4313-ac5f-04547e45fafb req-d18e0674-5ef6-4313-ac5f-04547e45fafb ] Request (MigrationsAdminTest:test_list_migrations_in_flavor_resize_situation): 200 GET http://10.180.1.21/compute/v2.1/servers/8040990c-3e0a-4687-9349-a7718214dc55 0.212s
2025-11-14 07:12:09.251 65698 INFO tempest.lib.common.rest_client [req-13310093-8a26-4a58-9c43-7208c0428541 req-13310093-8a26-4a58-9c43-7208c0428541 ] Request (ServerDiagnosticsNegativeTest:setUpClass): 200 GET http://10.180.1.21/identity/v3/roles 0.091s
2025-11-14 07:12:09.270 65698 INFO tempest.lib.common.rest_client [req-3fc5dde3-c7ba-4ea8-b140-54bb675a15f3 req-3fc5dde3-c7ba-4ea8-b140-54bb675a15f3 ] Request (ServerDiagnosticsNegativeTest:setUpClass): 204 PUT http://10.180.1.21/identity/v3/projects/7951529132584a8f8f66af9f0c1a45ea/users/aa8028055d2a45a7ad3e15681846d19b/roles/916f72b8039342d78f5ef4a94cee72fe 0.019s
2025-11-14 07:12:09.271 65698 INFO tempest.lib.common.dynamic_creds [-] Dynamic test user aa8028055d2a45a7ad3e15681846d19b is created with scope project and roles: ['admin']
2025-11-14 07:12:09.271 65698 INFO tempest.lib.common.dynamic_creds [-] Acquired dynamic creds: credentials: Credentials: {'domain_id': 'default', 'domain_name': 'Default', 'username': 'tempest-ServerDiagnosticsNegativeTest-1024091679-project-admin', 'project_domain_id': 'default', 'project_domain_name': 'Default', 'project_id': '7951529132584a8f8f66af9f0c1a45ea', 'project_name': 'tempest-ServerDiagnosticsNegativeTest-1024091679', 'tenant_id': '7951529132584a8f8f66af9f0c1a45ea', 'tenant_name': 'tempest-ServerDiagnosticsNegativeTest-1024091679', 'user_domain_id': 'default', 'user_domain_name': 'Default', 'user_id': 'aa8028055d2a45a7ad3e15681846d19b', 'system': None}, Network: None, Subnet: None, Router: None
2025-11-14 07:12:09.271 65698 INFO tempest.lib.common.dynamic_creds [-] Created isolated network resources for: credentials: Credentials: {'domain_id': 'default', 'domain_name': 'Default', 'username': 'tempest-ServerDiagnosticsNegativeTest-1024091679-project-admin', 'project_domain_id': 'default', 'project_domain_name': 'Default', 'project_id': '7951529132584a8f8f66af9f0c1a45ea', 'project_name': 'tempest-ServerDiagnosticsNegativeTest-1024091679', 'tenant_id': '7951529132584a8f8f66af9f0c1a45ea', 'tenant_name': 'tempest-ServerDiagnosticsNegativeTest-1024091679', 'user_domain_id': 'default', 'user_domain_name': 'Default', 'user_id': 'aa8028055d2a45a7ad3e15681846d19b', 'system': None}, Network: None, Subnet: None, Router: None
2025-11-14 07:12:09.301 65666 INFO tempest.lib.common.rest_client [req-68536b9c-bcd3-41cb-b3fc-84c7ff492eb2 req-68536b9c-bcd3-41cb-b3fc-84c7ff492eb2 ] Request (ServersAdminTestJSON:test_list_servers_filter_by_error_status): 200 GET http://10.180.1.21/compute/v2.1/servers?status=error 0.194s
2025-11-14 07:12:09.324 65672 INFO tempest.lib.common.rest_client [req-e2ae31c4-9152-46c1-8a31-abffde6c54bb req-e2ae31c4-9152-46c1-8a31-abffde6c54bb ] Request (FlavorsAdminTestJSON:test_list_non_public_flavor): 200 GET http://10.180.1.21/compute/v2.1/flavors/detail 0.191s
2025-11-14 07:12:09.350 65698 INFO tempest.lib.common.rest_client [req-fbaafd1d-7af2-4efc-bd8f-d805f85cbb2d req-fbaafd1d-7af2-4efc-bd8f-d805f85cbb2d ] Request (ServerDiagnosticsNegativeTest:setUpClass): 201 POST http://10.180.1.21/identity/v3/auth/tokens 0.077s
2025-11-14 07:12:09.423 65698 INFO tempest.lib.common.rest_client [req-46cba787-5644-423b-937f-b199438cc6d3 req-46cba787-5644-423b-937f-b199438cc6d3 ] Request (ServerDiagnosticsNegativeTest:test_get_server_diagnostics_by_non_admin): 201 POST http://10.180.1.21/identity/v3/auth/tokens 0.068s
2025-11-14 07:12:09.424 65698 INFO tempest.lib.common.fixed_network [-] (ServerDiagnosticsNegativeTest:test_get_server_diagnostics_by_non_admin) Found network None available for tenant
2025-11-14 07:12:09.571 65688 INFO tempest.lib.common.rest_client [req-9e876560-2a2c-40ef-8804-8b3d05ce7b7d req-9e876560-2a2c-40ef-8804-8b3d05ce7b7d ] Request (AttachVolumeNegativeTest:setUpClass): 201 POST http://10.180.1.21/networking/v2.0/networks 0.346s
2025-11-14 07:12:09.594 65706 INFO tempest.lib.common.rest_client [req-db50161e-059c-4a2a-87b6-9e02e70844de req-db50161e-059c-4a2a-87b6-9e02e70844de ] Request (ServersNegativeTestMultiTenantJSON:setUpClass): 200 GET http://10.180.1.21/compute/v2.1/servers/5ec71071-bdb6-4273-bb9b-3d05d540d45a 0.464s
2025-11-14 07:12:09.606 65670 INFO tempest.lib.common.rest_client [req-c3dd6d9a-852c-46a0-ab17-6effd0ecebd9 req-c3dd6d9a-852c-46a0-ab17-6effd0ecebd9 ] Request (InstanceActionsTestJSON:tearDownClass): 200 GET http://10.180.1.21/compute/v2.1/servers/2003577b-57d3-46c8-ac88-f116bb4ee056 0.441s
2025-11-14 07:12:09.692 65666 INFO tempest.lib.common.rest_client [req-236d7151-00e0-45af-a992-d1f9eb8fa13d req-236d7151-00e0-45af-a992-d1f9eb8fa13d ] Request (ServersAdminTestJSON:test_list_servers_filter_by_error_status): 202 POST http://10.180.1.21/compute/v2.1/servers/b2d6c956-9cd0-4e6b-8682-d94a4a2be331/action 0.385s
2025-11-14 07:12:09.781 65688 INFO tempest.lib.common.rest_client [req-83b052f7-87f1-4e53-b637-24b939b2dbd1 req-83b052f7-87f1-4e53-b637-24b939b2dbd1 ] Request (AttachVolumeNegativeTest:setUpClass): 201 POST http://10.180.1.21/networking/v2.0/subnets 0.209s
2025-11-14 07:12:09.810 65686 INFO tempest.lib.common.rest_client [req-8fe03b85-5cd1-42a7-9ac7-180f614bd919 req-8fe03b85-5cd1-42a7-9ac7-180f614bd919 ] Request (ServerGroupTestJSON:_run_cleanups): 200 GET http://10.180.1.21/compute/v2.1/servers/ee55b316-8954-4112-8acd-f472ab459e75 0.617s
2025-11-14 07:12:09.828 65672 INFO tempest.lib.common.rest_client [req-21bb597c-081d-4fb4-a00d-cbfdf99c3700 req-21bb597c-081d-4fb4-a00d-cbfdf99c3700 ] Request (FlavorsAdminTestJSON:_run_cleanups): 202 DELETE http://10.180.1.21/compute/v2.1/flavors/1977436736 0.496s
2025-11-14 07:12:09.832 65700 INFO tempest.lib.common.rest_client [req-823ffd18-f72d-4f59-b616-46e5213384f6 req-823ffd18-f72d-4f59-b616-46e5213384f6 ] Request (ServerShowV247Test:test_update_rebuild_list_server): 200 GET http://10.180.1.21/compute/v2.1/servers/711fee5b-64bc-46d3-9b6c-4ae29439ca2c 0.502s
2025-11-14 07:12:09.841 65700 INFO tempest.common.waiters [-] State transition "REBUILD/rebuild_spawning" ==> "ACTIVE/None" after 7 second wait
2025-11-14 07:12:09.921 65718 WARNING tempest.lib.common.ssh [-] Failed to establish authenticated ssh connection to cirros@10.180.180.131 ([Errno None] Unable to connect to port 22 on 10.180.180.131). Number attempts: 3. Retry after 4 seconds.: paramiko.ssh_exception.NoValidConnectionsError: [Errno None] Unable to connect to port 22 on 10.180.180.131
2025-11-14 07:12:10.895 65688 INFO tempest.lib.common.rest_client [req-90baa9fb-0ffa-43f5-840c-5f988391ddf4 req-90baa9fb-0ffa-43f5-840c-5f988391ddf4 ] Request (AttachVolumeNegativeTest:setUpClass): 201 POST http://10.180.1.21/networking/v2.0/routers 1.113s
2025-11-14 07:12:10.927 65702 INFO tempest.lib.common.rest_client [req-3baf74f5-8c41-437a-a59b-cf5199fad85d req-3baf74f5-8c41-437a-a59b-cf5199fad85d ] Request (DeleteServersAdminTestJSON:test_delete_server_while_in_error_state): 200 GET http://10.180.1.21/compute/v2.1/servers/d51e06e7-1197-43b8-818d-60e4bf58ced6 1.513s
2025-11-14 07:12:10.960 65680 INFO tempest.lib.common.rest_client [req-347550f3-bb5a-46a3-95ed-efe1765ac25a req-347550f3-bb5a-46a3-95ed-efe1765ac25a ] Request (ImagesOneServerTestJSON:test_create_delete_image): 200 GET http://10.180.1.21/compute/v2.1/images/6bd6f8f4-f3cf-4de3-9c85-bd51b7ff7d15 1.535s
2025-11-14 07:12:11.366 65694 INFO tempest.lib.common.rest_client [req-bb1f5cb7-9dd2-4a3d-ade9-6b048421ba62 req-bb1f5cb7-9dd2-4a3d-ade9-6b048421ba62 ] Request (ServerMetadataTestJSON:setUpClass): 200 GET http://10.180.1.21/compute/v2.1/servers/21b30d1e-60a4-4873-b60b-84e329604535 1.871s
2025-11-14 07:12:11.443 65690 INFO tempest.lib.common.rest_client [req-5e237332-a9cd-440c-a18f-95c681f4e49b req-5e237332-a9cd-440c-a18f-95c681f4e49b ] Request (ServersTestJSON:tearDownClass): 200 GET http://10.180.1.21/compute/v2.1/servers/093770a5-63eb-4ee1-95b1-b63b85367505 1.933s
2025-11-14 07:12:11.496 65698 INFO tempest.lib.common.rest_client [req-684dba03-3e27-4096-a73e-c844cb92b74a req-684dba03-3e27-4096-a73e-c844cb92b74a ] Request (ServerDiagnosticsNegativeTest:test_get_server_diagnostics_by_non_admin): 202 POST http://10.180.1.21/compute/v2.1/servers 2.071s
2025-11-14 07:12:11.514 65710 INFO tempest.lib.common.rest_client [req-0ea7b5ed-260b-49bd-9acb-1a16545bd28a req-0ea7b5ed-260b-49bd-9acb-1a16545bd28a ] Request (ServerRescueNegativeTestJSON:setUpClass): 200 GET http://10.180.1.21/compute/v2.1/servers/a32620bd-7f37-4d92-bbe2-2720e5fcf31f 1.933s
2025-11-14 07:12:11.705 65726 INFO tempest.lib.common.rest_client [req-0c9ce572-4600-4532-9284-d4050adc7008 req-0c9ce572-4600-4532-9284-d4050adc7008 ] Request (AttachInterfacesTestJSON:test_create_list_show_delete_interfaces_by_fixed_ip): 200 GET http://10.180.1.21/compute/v2.1/servers/fe718475-ea01-4844-a5d0-1062ced9b202 2.090s
2025-11-14 07:12:11.717 65726 INFO tempest.common.waiters [-] State transition "BUILD/spawning" ==> "ACTIVE/None" after 31 second wait
2025-11-14 07:12:11.735 65666 INFO tempest.lib.common.rest_client [req-f0ff7dc7-65fe-4b7b-831a-ee05ccd3e8fe req-f0ff7dc7-65fe-4b7b-831a-ee05ccd3e8fe ] Request (ServersAdminTestJSON:test_list_servers_filter_by_error_status): 200 GET http://10.180.1.21/compute/v2.1/servers/b2d6c956-9cd0-4e6b-8682-d94a4a2be331 2.042s
2025-11-14 07:12:11.772 65696 WARNING tempest.lib.common.ssh [-] Failed to establish authenticated ssh connection to cirros@10.180.180.200 ([Errno None] Unable to connect to port 22 on 10.180.180.200). Number attempts: 10. Retry after 11 seconds.: paramiko.ssh_exception.NoValidConnectionsError: [Errno None] Unable to connect to port 22 on 10.180.180.200
2025-11-14 07:12:11.787 65720 INFO tempest.lib.common.rest_client [req-52bbf975-16da-4fc7-a1d2-e147dcd5958f req-52bbf975-16da-4fc7-a1d2-e147dcd5958f ] Request (ServersTestMultiNic:test_verify_duplicate_network_nics): 200 GET http://10.180.1.21/compute/v2.1/servers/12fe0992-d0ef-40b4-9a97-dbacd509f3c0 2.025s
2025-11-14 07:12:11.818 65672 INFO tempest.lib.common.rest_client [req-1e7b71fc-2305-48bc-a858-4c6ba297a434 req-1e7b71fc-2305-48bc-a858-4c6ba297a434 ] Request (FlavorsAdminTestJSON:_run_cleanups): 200 GET http://10.180.1.21/compute/v2.1/flavors/detail 1.989s
2025-11-14 07:12:11.888 65668 INFO tempest.lib.common.rest_client [req-1a4bd7da-f8a8-48cd-84f7-6a1004ce679c req-1a4bd7da-f8a8-48cd-84f7-6a1004ce679c ] Request (SecurityGroupsTestJSON:test_list_security_groups_by_server): 200 GET http://10.180.1.21/compute/v2.1/servers/809ecbf4-fba1-4aa4-a848-498b62febe6c 2.070s
2025-11-14 07:12:11.897 65676 INFO tempest.lib.common.rest_client [req-49a7a979-7adf-4b91-af58-2091656d5a05 req-49a7a979-7adf-4b91-af58-2091656d5a05 ] Request (ServersAdminNegativeTestJSON:setUpClass): 200 GET http://10.180.1.21/compute/v2.1/servers/0dc04bce-2eb9-442d-a3b4-16163fc35ebe 2.061s
2025-11-14 07:12:11.912 65688 INFO tempest.lib.common.rest_client [req-95b8fb91-c348-49eb-b3c0-c5047f2bb53a req-95b8fb91-c348-49eb-b3c0-c5047f2bb53a ] Request (AttachVolumeNegativeTest:setUpClass): 200 PUT http://10.180.1.21/networking/v2.0/routers/020a9ae3-71c7-46b9-92df-8c45ed1c69c9/add_router_interface 1.016s
2025-11-14 07:12:11.912 65688 INFO tempest.lib.common.dynamic_creds [-] Created isolated network resources for: credentials: Credentials: {'domain_id': 'default', 'domain_name': 'Default', 'username': 'tempest-AttachVolumeNegativeTest-671309822-project-member', 'project_domain_id': 'default', 'project_domain_name': 'Default', 'project_id': '71862549ff324613bc57bc2a35ac4d23', 'project_name': 'tempest-AttachVolumeNegativeTest-671309822', 'tenant_id': '71862549ff324613bc57bc2a35ac4d23', 'tenant_name': 'tempest-AttachVolumeNegativeTest-671309822', 'user_domain_id': 'default', 'user_domain_name': 'Default', 'user_id': 'f37d90141e6a4b39be8c25db10b614d5', 'system': None}, Network: {'id': '6bc1553b-b100-4256-84b5-6ac3e9afe8b2', 'name': 'tempest-AttachVolumeNegativeTest-482617504-network', 'tenant_id': '71862549ff324613bc57bc2a35ac4d23', 'project_id': '71862549ff324613bc57bc2a35ac4d23', 'admin_state_up': True, 'mtu': 8950, 'status': 'ACTIVE', 'subnets': [], 'shared': False, 'port_security_enabled': True, 'router:external': False, 'provider:network_type': 'vlan', 'provider:physical_network': 'default', 'provider:segmentation_id': 847, 'availability_zone_hints': [], 'availability_zones': [], 'ipv4_address_scope': None, 'ipv6_address_scope': None, 'description': '', 'tags': [], 'created_at': '2025-11-14T07:12:09Z', 'updated_at': '2025-11-14T07:12:09Z', 'revision_number': 1}, Subnet: {'id': 'ad51fe79-2a6e-422a-bff1-be51a19f70f1', 'name': 'tempest-AttachVolumeNegativeTest-482617504-subnet', 'tenant_id': '71862549ff324613bc57bc2a35ac4d23', 'network_id': '6bc1553b-b100-4256-84b5-6ac3e9afe8b2', 'ip_version': 4, 'subnetpool_id': None, 'enable_dhcp': True, 'ipv6_ra_mode': None, 'ipv6_address_mode': None, 'gateway_ip': '192.168.128.1', 'cidr': '192.168.128.0/28', 'allocation_pools': [{'start': '192.168.128.2', 'end': '192.168.128.14'}], 'host_routes': [], 'dns_nameservers': [], 'description': '', 'router:external': False, 'service_types': [], 'tags': [], 'created_at': '2025-11-14T07:12:09Z', 'updated_at': '2025-11-14T07:12:09Z', 'revision_number': 0, 'project_id': '71862549ff324613bc57bc2a35ac4d23'}, Router: {'id': '020a9ae3-71c7-46b9-92df-8c45ed1c69c9', 'name': 'tempest-AttachVolumeNegativeTest-482617504-router', 'tenant_id': '71862549ff324613bc57bc2a35ac4d23', 'admin_state_up': True, 'status': 'ACTIVE', 'external_gateway_info': {'network_id': '7f3d0b3b-8912-4216-b5ab-4e7c527cf0e3', 'external_fixed_ips': [{'subnet_id': '0f6ba3c1-c6d4-4cc5-a400-c4b4f255cbe5', 'ip_address': '10.180.180.174'}], 'enable_snat': True}, 'description': '', 'availability_zones': [], 'distributed': False, 'ha': False, 'availability_zone_hints': [], 'routes': [], 'flavor_id': None, 'tags': [], 'created_at': '2025-11-14T07:12:09Z', 'updated_at': '2025-11-14T07:12:10Z', 'revision_number': 2, 'project_id': '71862549ff324613bc57bc2a35ac4d23'}
2025-11-14 07:12:11.950 65714 INFO tempest.lib.common.rest_client [req-81ce06b9-3f88-4ed5-8d91-d28e6bfcba66 req-81ce06b9-3f88-4ed5-8d91-d28e6bfcba66 ] Request (ServersWithSpecificFlavorTestJSON:test_verify_created_server_ephemeral_disk): 200 GET http://10.180.1.21/compute/v2.1/servers/09063edf-2538-45de-9fab-fbecc058424c 2.067s
2025-11-14 07:12:12.010 65682 INFO tempest.lib.common.rest_client [req-2e0d0381-43c7-4b3b-9855-10b3206bc402 req-2e0d0381-43c7-4b3b-9855-10b3206bc402 ] Request (TenantUsagesTestJSON:setUpClass): 200 GET http://10.180.1.21/compute/v2.1/servers/5be07f37-5380-4798-8d24-332b0b4c286f 2.085s
2025-11-14 07:12:12.023 65682 INFO tempest.common.waiters [-] State transition "BUILD/scheduling" ==> "BUILD/None" after 9 second wait
2025-11-14 07:12:12.025 65688 INFO tempest.lib.common.rest_client [req-f7eb6a51-1aae-491c-9185-c4383e767f8c req-f7eb6a51-1aae-491c-9185-c4383e767f8c ] Request (AttachVolumeNegativeTest:setUpClass): 201 POST http://10.180.1.21/identity/v3/auth/tokens 0.109s
2025-11-14 07:12:12.077 65700 INFO tempest.lib.common.rest_client [req-3ee1478b-735e-446c-9952-3d43f692f7dc req-3ee1478b-735e-446c-9952-3d43f692f7dc ] Request (ServerShowV247Test:test_update_rebuild_list_server): 200 GET http://10.180.1.21/compute/v2.1/servers/detail 2.236s
2025-11-14 07:12:12.092 65674 INFO tempest.lib.common.rest_client [req-fbb5f9c7-f65a-4d4a-9d61-e17c242cf913 req-fbb5f9c7-f65a-4d4a-9d61-e17c242cf913 ] Request (FloatingIPsAssociationNegativeTestJSON:tearDownClass): 200 GET http://10.180.1.21/compute/v2.1/servers/65782eab-9d46-4dca-bf9e-66b86ae58cc0 2.136s
2025-11-14 07:12:12.165 65724 INFO tempest.lib.common.rest_client [req-f31bfca6-d218-4694-8629-a1d4c52ac569 req-f31bfca6-d218-4694-8629-a1d4c52ac569 ] Request (ServerShowV254Test:tearDownClass): 200 GET http://10.180.1.21/compute/v2.1/servers/8bf0229b-63b1-49fb-9c50-4a7fe40f2093 2.170s
2025-11-14 07:12:12.181 65724 INFO tempest.common.waiters [-] State transition "ACTIVE/deleting" ==> "DELETED/None" after 7 second wait
2025-11-14 07:12:12.189 65684 INFO tempest.lib.common.rest_client [req-80e371e2-762c-44c6-86a2-a8224d514b58 req-80e371e2-762c-44c6-86a2-a8224d514b58 ] Request (AttachInterfacesV270Test:tearDownClass): 200 GET http://10.180.1.21/compute/v2.1/servers/ca9b1840-97dd-4327-bca0-5ebece3b4c1c 2.153s
2025-11-14 07:12:12.244 65712 INFO tempest.lib.common.rest_client [req-9e59a1fd-fde3-433b-9554-1310c05d42e4 req-9e59a1fd-fde3-433b-9554-1310c05d42e4 ] Request (ServersTestFqdnHostnames:test_create_server_with_fqdn_name): 200 GET http://10.180.1.21/compute/v2.1/servers/27d54be4-04de-4109-ad21-3ba51d043bed 2.191s
2025-11-14 07:12:12.273 65716 INFO tempest.lib.common.rest_client [req-9e6651eb-e54f-4430-87b5-10a583e27664 req-9e6651eb-e54f-4430-87b5-10a583e27664 ] Request (FloatingIPsAssociationTestJSON:tearDownClass): 200 GET http://10.180.1.21/compute/v2.1/servers/480e66aa-f856-43e1-bbae-58f874d18b0a 2.162s
2025-11-14 07:12:12.310 65678 INFO tempest.lib.common.rest_client [req-83ac0805-72c4-479c-9db4-d099219235a5 req-83ac0805-72c4-479c-9db4-d099219235a5 ] Request (ServerRescueTestJSON:test_rescue_unrescue_instance): 200 GET http://10.180.1.21/compute/v2.1/servers/2efca0e4-05a0-4a9b-8405-6e25c8e298e6 2.139s
2025-11-14 07:12:12.406 65731 INFO tempest.lib.common.rest_client [req-81454e3f-cb05-443f-b3f3-e8ecd7f5f6b6 req-81454e3f-cb05-443f-b3f3-e8ecd7f5f6b6 ] Request (ServerAddressesTestJSON:setUpClass): 200 GET http://10.180.1.21/compute/v2.1/servers/b229ceab-a19b-41b0-80e5-c44fe342cb0e 2.184s
2025-11-14 07:12:12.418 65731 INFO tempest.common.waiters [-] State transition "BUILD/networking" ==> "BUILD/spawning" after 29 second wait
2025-11-14 07:12:12.451 65692 INFO tempest.lib.common.rest_client [req-46b5c85d-1738-4cf5-ade0-bae81af9c24a req-46b5c85d-1738-4cf5-ade0-bae81af9c24a ] Request (MigrationsAdminTest:test_list_migrations_in_flavor_resize_situation): 200 GET http://10.180.1.21/compute/v2.1/servers/8040990c-3e0a-4687-9349-a7718214dc55 2.203s
2025-11-14 07:12:12.478 65706 INFO tempest.lib.common.rest_client [req-bee74fdc-2523-4b04-962b-844cd5270d09 req-bee74fdc-2523-4b04-962b-844cd5270d09 ] Request (ServersNegativeTestMultiTenantJSON:setUpClass): 200 GET http://10.180.1.21/compute/v2.1/servers/5ec71071-bdb6-4273-bb9b-3d05d540d45a 1.874s
2025-11-14 07:12:12.501 65686 INFO tempest.lib.common.rest_client [req-f3aa2b61-63ec-48e8-9969-d9ccc45d5c17 req-f3aa2b61-63ec-48e8-9969-d9ccc45d5c17 ] Request (ServerGroupTestJSON:_run_cleanups): 404 GET http://10.180.1.21/compute/v2.1/servers/ee55b316-8954-4112-8acd-f472ab459e75 1.684s
2025-11-14 07:12:12.523 65670 INFO tempest.lib.common.rest_client [req-f79fdcb2-d794-45d2-8841-6620adb37428 req-f79fdcb2-d794-45d2-8841-6620adb37428 ] Request (InstanceActionsTestJSON:tearDownClass): 200 GET http://10.180.1.21/compute/v2.1/servers/2003577b-57d3-46c8-ac88-f116bb4ee056 1.905s
2025-11-14 07:12:12.589 65698 INFO tempest.lib.common.rest_client [req-0db383b3-20ca-4454-8a7a-173adf9e3734 req-0db383b3-20ca-4454-8a7a-173adf9e3734 ] Request (ServerDiagnosticsNegativeTest:test_get_server_diagnostics_by_non_admin): 200 GET http://10.180.1.21/compute/v2.1/servers/ad90b6a0-9cc5-4354-a59d-8c2ae1dd8bf6 1.091s
2025-11-14 07:12:12.605 65726 INFO tempest.lib.common.rest_client [req-4402d801-577b-4a23-860a-5eea43000f65 req-4402d801-577b-4a23-860a-5eea43000f65 ] Request (AttachInterfacesTestJSON:test_create_list_show_delete_interfaces_by_fixed_ip): 200 GET http://10.180.1.21/compute/v2.1/servers/fe718475-ea01-4844-a5d0-1062ced9b202/os-interface 0.887s
2025-11-14 07:12:12.628 65672 INFO tempest.lib.common.rest_client [req-842b8c10-90c9-484d-bef0-f23117abc4c6 req-842b8c10-90c9-484d-bef0-f23117abc4c6 ] Request (FlavorsAdminTestJSON:test_list_public_flavor_with_other_user): 200 POST http://10.180.1.21/compute/v2.1/flavors 0.802s
2025-11-14 07:12:12.685 65702 INFO tempest.lib.common.rest_client [req-2a04e52a-0ba4-4423-8c40-9ebfa1798b1a req-2a04e52a-0ba4-4423-8c40-9ebfa1798b1a ] Request (DeleteServersAdminTestJSON:test_delete_server_while_in_error_state): 200 GET http://10.180.1.21/compute/v2.1/servers/d51e06e7-1197-43b8-818d-60e4bf58ced6 0.750s
2025-11-14 07:12:12.708 65666 INFO tempest.lib.common.rest_client [req-c280bb63-7222-4b77-b5c4-d9a5f41ee1a7 req-c280bb63-7222-4b77-b5c4-d9a5f41ee1a7 ] Request (ServersAdminTestJSON:test_list_servers_filter_by_exist_host): 200 GET http://10.180.1.21/compute/v2.1/servers/b2d6c956-9cd0-4e6b-8682-d94a4a2be331 0.960s
2025-11-14 07:12:12.725 65680 INFO tempest.lib.common.rest_client [req-76610283-8da2-4862-ac48-b4f8bb2aad7d req-76610283-8da2-4862-ac48-b4f8bb2aad7d ] Request (ImagesOneServerTestJSON:test_create_delete_image): 200 GET http://10.180.1.21/compute/v2.1/images/6bd6f8f4-f3cf-4de3-9c85-bd51b7ff7d15 0.760s
2025-11-14 07:12:12.783 65688 INFO tempest.lib.common.rest_client [req-e353c57b-5fc1-4e3e-9d01-8b36837685d2 req-e353c57b-5fc1-4e3e-9d01-8b36837685d2 ] Request (ValidationResourcesFixture:setUp): 200 POST http://10.180.1.21/compute/v2.1/os-keypairs 0.756s
2025-11-14 07:12:12.833 65700 INFO tempest.lib.common.rest_client [req-962926f6-c8e8-4592-b26e-5e5878241f25 req-962926f6-c8e8-4592-b26e-5e5878241f25 ] Request (ServerShowV247Test:tearDownClass): 204 DELETE http://10.180.1.21/compute/v2.1/servers/711fee5b-64bc-46d3-9b6c-4ae29439ca2c 0.731s
2025-11-14 07:12:12.905 65688 INFO tempest.lib.common.rest_client [req-b471da36-e915-4787-9323-e1a3d31ee11e req-b471da36-e915-4787-9323-e1a3d31ee11e ] Request (ValidationResourcesFixture:setUp): 201 POST http://10.180.1.21/networking/v2.0/security-groups 0.120s
2025-11-14 07:12:12.937 65694 INFO tempest.lib.common.rest_client [req-c2e94987-5ed5-423d-82ac-199f6187d523 req-c2e94987-5ed5-423d-82ac-199f6187d523 ] Request (ServerMetadataTestJSON:setUpClass): 200 GET http://10.180.1.21/compute/v2.1/servers/21b30d1e-60a4-4873-b60b-84e329604535 0.560s
