2025-11-14 07:11:57.626 65676 INFO tempest.lib.common.rest_client [req-68425021-23e6-43dd-bc49-91ed48ff4291 req-68425021-23e6-43dd-bc49-91ed48ff4291 ] Request (ServersAdminNegativeTestJSON:setUpClass): 202 POST http://10.180.1.21/compute/v2.1/servers 5.164s
2025-11-14 07:11:57.644 65682 INFO tempest.lib.common.rest_client [req-33cb5fa0-e459-4de0-b0da-ad049ba0f967 req-33cb5fa0-e459-4de0-b0da-ad049ba0f967 ] Request (TenantUsagesTestJSON:setUpClass): 201 POST http://10.180.1.21/identity/v3/auth/tokens 0.085s
2025-11-14 07:11:57.690 65724 INFO tempest.lib.common.rest_client [req-f85f55fe-a479-4410-aee8-e8780112f542 req-f85f55fe-a479-4410-aee8-e8780112f542 ] Request (ServerShowV254Test:test_rebuild_server): 200 GET http://10.180.1.21/compute/v2.1/servers/8bf0229b-63b1-49fb-9c50-4a7fe40f2093 4.103s
2025-11-14 07:11:57.692 65714 INFO tempest.lib.common.rest_client [req-7e348d2e-8242-42d6-bf3d-b78026d9a817 req-7e348d2e-8242-42d6-bf3d-b78026d9a817 ] Request (ServersWithSpecificFlavorTestJSON:test_verify_created_server_ephemeral_disk): 201 POST http://10.180.1.21/identity/v3/auth/tokens 0.062s
2025-11-14 07:11:57.692 65714 INFO tempest.lib.common.fixed_network [-] (ServersWithSpecificFlavorTestJSON:test_verify_created_server_ephemeral_disk) Found network {'id': 'a83ed8fc-b49f-424d-a5e5-47cf413f4e38', 'name': 'tempest-ServersWithSpecificFlavorTestJSON-1829613098-network', 'tenant_id': '47bf5eb504f14c4b8823b23ab462cbc1', 'project_id': '47bf5eb504f14c4b8823b23ab462cbc1', 'admin_state_up': True, 'mtu': 8950, 'status': 'ACTIVE', 'subnets': [], 'shared': False, 'port_security_enabled': True, 'router:external': False, 'provider:network_type': 'vlan', 'provider:physical_network': 'default', 'provider:segmentation_id': 359, 'availability_zone_hints': [], 'availability_zones': [], 'ipv4_address_scope': None, 'ipv6_address_scope': None, 'description': '', 'tags': [], 'created_at': '2025-11-14T07:09:58Z', 'updated_at': '2025-11-14T07:09:58Z', 'revision_number': 1} available for tenant
2025-11-14 07:11:57.758 65682 INFO tempest.lib.common.rest_client [req-a66c4046-3abd-4b44-b73c-b4614559a72c req-a66c4046-3abd-4b44-b73c-b4614559a72c ] Request (TenantUsagesTestJSON:setUpClass): 201 POST http://10.180.1.21/identity/v3/auth/tokens 0.108s
2025-11-14 07:11:57.759 65682 INFO tempest.lib.common.fixed_network [-] (TenantUsagesTestJSON:setUpClass) Found network None available for tenant
2025-11-14 07:11:57.797 65686 INFO tempest.lib.common.rest_client [req-71039a0c-8c35-4021-9da8-5b2ba12308b0 req-71039a0c-8c35-4021-9da8-5b2ba12308b0 ] Request (ServerGroupTestJSON:_run_cleanups): 200 GET http://10.180.1.21/compute/v2.1/servers/ee55b316-8954-4112-8acd-f472ab459e75 4.077s
2025-11-14 07:11:57.930 65726 INFO tempest.lib.common.rest_client [req-536fa689-9dae-48e5-b8e2-e03748f19983 req-536fa689-9dae-48e5-b8e2-e03748f19983 ] Request (AttachInterfacesTestJSON:test_create_list_show_delete_interfaces_by_fixed_ip): 200 GET http://10.180.1.21/compute/v2.1/servers/fe718475-ea01-4844-a5d0-1062ced9b202 3.073s
2025-11-14 07:11:57.938 65726 INFO tempest.common.waiters [-] State transition "BUILD/None" ==> "BUILD/networking" after 17 second wait
2025-11-14 07:11:58.430 65670 INFO tempest.lib.common.rest_client [req-b529398e-bb68-4cb8-9e98-1c051ebba9fd req-b529398e-bb68-4cb8-9e98-1c051ebba9fd ] Request (InstanceActionsTestJSON:test_list_instance_actions): 200 GET http://10.180.1.21/compute/v2.1/servers/2003577b-57d3-46c8-ac88-f116bb4ee056 3.373s
2025-11-14 07:11:58.438 65670 INFO tempest.common.waiters [-] State transition "HARD_REBOOT/rebooting_hard" ==> "ACTIVE/None" after 4 second wait
2025-11-14 07:11:58.456 65688 INFO tempest.lib.common.rest_client [req-c004940a-84b2-4bfd-bdf7-f59321a68b3b req-c004940a-84b2-4bfd-bdf7-f59321a68b3b ] Request (KeyPairsV22TestJSON:_run_cleanups): 204 DELETE http://10.180.1.21/compute/v2.1/os-keypairs/tempest-KeyPairsV22TestJSON-keypair-254671340 2.986s
2025-11-14 07:11:58.462 65706 INFO tempest.lib.common.rest_client [req-0ed6d5ec-fe54-44dc-8ace-085d8b4cce7d req-0ed6d5ec-fe54-44dc-8ace-085d8b4cce7d ] Request (ServersNegativeTestMultiTenantJSON:setUpClass): 200 PUT http://10.180.1.21/networking/v2.0/routers/cd65dece-c23a-4bc4-8371-388317b6a7e4/add_router_interface 0.949s
2025-11-14 07:11:58.463 65706 INFO tempest.lib.common.dynamic_creds [-] Created isolated network resources for: credentials: Credentials: {'domain_id': 'default', 'domain_name': 'Default', 'username': 'tempest-ServersNegativeTestMultiTenantJSON-724638356-project-member', 'project_domain_id': 'default', 'project_domain_name': 'Default', 'project_id': '259409fcbb724d55bc1fcce3da24ccd4', 'project_name': 'tempest-ServersNegativeTestMultiTenantJSON-724638356', 'tenant_id': '259409fcbb724d55bc1fcce3da24ccd4', 'tenant_name': 'tempest-ServersNegativeTestMultiTenantJSON-724638356', 'user_domain_id': 'default', 'user_domain_name': 'Default', 'user_id': 'f53f0f131c1d4eaca99a5b418f1daba0', 'system': None}, Network: {'id': '46f30615-39d2-4a05-a505-04b98a1508d5', 'name': 'tempest-ServersNegativeTestMultiTenantJSON-1948614712-network', 'tenant_id': '259409fcbb724d55bc1fcce3da24ccd4', 'project_id': '259409fcbb724d55bc1fcce3da24ccd4', 'admin_state_up': True, 'mtu': 8950, 'status': 'ACTIVE', 'subnets': [], 'shared': False, 'port_security_enabled': True, 'router:external': False, 'provider:network_type': 'vlan', 'provider:physical_network': 'default', 'provider:segmentation_id': 338, 'availability_zone_hints': [], 'availability_zones': [], 'ipv4_address_scope': None, 'ipv6_address_scope': None, 'description': '', 'tags': [], 'created_at': '2025-11-14T07:11:56Z', 'updated_at': '2025-11-14T07:11:56Z', 'revision_number': 1}, Subnet: {'id': '5120b65b-61e4-453f-836f-1754f37751f5', 'name': 'tempest-ServersNegativeTestMultiTenantJSON-1948614712-subnet', 'tenant_id': '259409fcbb724d55bc1fcce3da24ccd4', 'network_id': '46f30615-39d2-4a05-a505-04b98a1508d5', 'ip_version': 4, 'subnetpool_id': None, 'enable_dhcp': True, 'ipv6_ra_mode': None, 'ipv6_address_mode': None, 'gateway_ip': '192.168.128.1', 'cidr': '192.168.128.0/28', 'allocation_pools': [{'start': '192.168.128.2', 'end': '192.168.128.14'}], 'host_routes': [], 'dns_nameservers': [], 'description': '', 'router:external': False, 'service_types': [], 'tags': [], 'created_at': '2025-11-14T07:11:56Z', 'updated_at': '2025-11-14T07:11:56Z', 'revision_number': 0, 'project_id': '259409fcbb724d55bc1fcce3da24ccd4'}, Router: {'id': 'cd65dece-c23a-4bc4-8371-388317b6a7e4', 'name': 'tempest-ServersNegativeTestMultiTenantJSON-1948614712-router', 'tenant_id': '259409fcbb724d55bc1fcce3da24ccd4', 'admin_state_up': True, 'status': 'ACTIVE', 'external_gateway_info': {'network_id': '7f3d0b3b-8912-4216-b5ab-4e7c527cf0e3', 'external_fixed_ips': [{'subnet_id': '0f6ba3c1-c6d4-4cc5-a400-c4b4f255cbe5', 'ip_address': '10.180.180.205'}], 'enable_snat': True}, 'description': '', 'availability_zones': [], 'distributed': False, 'ha': False, 'availability_zone_hints': [], 'routes': [], 'flavor_id': None, 'tags': [], 'created_at': '2025-11-14T07:11:56Z', 'updated_at': '2025-11-14T07:11:57Z', 'revision_number': 2, 'project_id': '259409fcbb724d55bc1fcce3da24ccd4'}
2025-11-14 07:11:58.566 65702 INFO tempest.lib.common.rest_client [req-abef3652-a262-4e32-b23f-da0f3d53b109 req-abef3652-a262-4e32-b23f-da0f3d53b109 ] Request (DeleteServersAdminTestJSON:test_delete_server_while_in_error_state): 200 GET http://10.180.1.21/compute/v2.1/servers/d51e06e7-1197-43b8-818d-60e4bf58ced6 2.952s
2025-11-14 07:11:58.576 65706 INFO tempest.lib.common.rest_client [req-ce75327d-0d60-43df-9f6b-2b9d8938ef80 req-ce75327d-0d60-43df-9f6b-2b9d8938ef80 ] Request (ServersNegativeTestMultiTenantJSON:setUpClass): 201 POST http://10.180.1.21/identity/v3/auth/tokens 0.109s
2025-11-14 07:11:58.634 65710 INFO tempest.lib.common.rest_client [req-8de7ea44-c026-475f-b777-ebacf0bfca4e req-8de7ea44-c026-475f-b777-ebacf0bfca4e ] Request (ServerRescueNegativeTestJSON:setUpClass): 202 POST http://10.180.1.21/compute/v2.1/servers 5.112s
2025-11-14 07:11:58.674 65706 INFO tempest.lib.common.rest_client [req-46dda24c-7047-4853-9c86-bf8b171540ca req-46dda24c-7047-4853-9c86-bf8b171540ca ] Request (ServersNegativeTestMultiTenantJSON:setUpClass): 201 POST http://10.180.1.21/identity/v3/projects 0.097s
2025-11-14 07:11:58.700 65668 INFO tempest.lib.common.rest_client [req-806639e6-5af9-4c2f-b868-45bc095f46f8 req-806639e6-5af9-4c2f-b868-45bc095f46f8 ] Request (SecurityGroupsTestJSON:test_list_security_groups_by_server): 200 GET http://10.180.1.21/compute/v2.1/servers/809ecbf4-fba1-4aa4-a848-498b62febe6c 2.237s
2025-11-14 07:11:58.767 65706 INFO tempest.lib.common.rest_client [req-78bc1fa7-66fc-43f6-9aaf-ae5ad962caa2 req-78bc1fa7-66fc-43f6-9aaf-ae5ad962caa2 ] Request (ServersNegativeTestMultiTenantJSON:setUpClass): 201 POST http://10.180.1.21/identity/v3/users 0.092s
2025-11-14 07:11:58.793 65706 INFO tempest.lib.common.rest_client [req-0570c4d6-eaef-40b2-b737-6102d7be87b4 req-0570c4d6-eaef-40b2-b737-6102d7be87b4 ] Request (ServersNegativeTestMultiTenantJSON:setUpClass): 200 GET http://10.180.1.21/identity/v3/roles 0.026s
2025-11-14 07:11:58.804 65700 INFO tempest.lib.common.rest_client [req-563a8f80-234c-46e4-b427-ac74d2ab54ae req-563a8f80-234c-46e4-b427-ac74d2ab54ae ] Request (ServerShowV247Test:test_update_rebuild_list_server): 202 POST http://10.180.1.21/compute/v2.1/servers/711fee5b-64bc-46d3-9b6c-4ae29439ca2c/action 2.443s
2025-11-14 07:11:58.857 65706 INFO tempest.lib.common.rest_client [req-c9090612-3094-4857-8eda-ebd39e882f9c req-c9090612-3094-4857-8eda-ebd39e882f9c ] Request (ServersNegativeTestMultiTenantJSON:setUpClass): 204 PUT http://10.180.1.21/identity/v3/projects/0c394fa816494157b0714fc87a657584/users/6ba9b79e764c4016b42c1503f6a31062/roles/5b5024e440474a5cabca60ee2c9de23d 0.063s
2025-11-14 07:11:58.858 65706 INFO tempest.lib.common.dynamic_creds [-] Dynamic test user 6ba9b79e764c4016b42c1503f6a31062 is created with scope project and roles: ['member']
2025-11-14 07:11:58.858 65706 INFO tempest.lib.common.dynamic_creds [-] Acquired dynamic creds: credentials: Credentials: {'domain_id': 'default', 'domain_name': 'Default', 'username': 'tempest-ServersNegativeTestMultiTenantJSON-458789400-project-member', 'project_domain_id': 'default', 'project_domain_name': 'Default', 'project_id': '0c394fa816494157b0714fc87a657584', 'project_name': 'tempest-ServersNegativeTestMultiTenantJSON-458789400', 'tenant_id': '0c394fa816494157b0714fc87a657584', 'tenant_name': 'tempest-ServersNegativeTestMultiTenantJSON-458789400', 'user_domain_id': 'default', 'user_domain_name': 'Default', 'user_id': '6ba9b79e764c4016b42c1503f6a31062', 'system': None}, Network: None, Subnet: None, Router: None
2025-11-14 07:11:58.879 65694 INFO tempest.lib.common.rest_client [req-cb30aa74-7d65-43e1-a390-62366e2afa94 req-cb30aa74-7d65-43e1-a390-62366e2afa94 ] Request (ServerMetadataTestJSON:setUpClass): 200 GET http://10.180.1.21/compute/v2.1/servers/21b30d1e-60a4-4873-b60b-84e329604535 2.291s
2025-11-14 07:11:59.118 65706 INFO tempest.lib.common.rest_client [req-52f90be3-b702-470f-ab76-9e30a0682379 req-52f90be3-b702-470f-ab76-9e30a0682379 ] Request (ServersNegativeTestMultiTenantJSON:setUpClass): 201 POST http://10.180.1.21/networking/v2.0/networks 0.260s
2025-11-14 07:11:59.364 65706 INFO tempest.lib.common.rest_client [req-2c4c11d4-2a19-457c-8a6c-e214d4cb6e29 req-2c4c11d4-2a19-457c-8a6c-e214d4cb6e29 ] Request (ServersNegativeTestMultiTenantJSON:setUpClass): 201 POST http://10.180.1.21/networking/v2.0/subnets 0.245s
2025-11-14 07:11:59.401 65690 INFO tempest.lib.common.rest_client [req-aa93e10f-9d62-4715-916c-281d83e0eb83 req-aa93e10f-9d62-4715-916c-281d83e0eb83 ] Request (ServersTestJSON:test_list_servers_with_detail): 200 GET http://10.180.1.21/compute/v2.1/servers/detail 2.913s
2025-11-14 07:12:00.060 65720 INFO tempest.lib.common.rest_client [req-6b6f962a-33a1-4acf-aa73-e0cff8db535a req-6b6f962a-33a1-4acf-aa73-e0cff8db535a ] Request (ServersTestMultiNic:test_verify_duplicate_network_nics): 200 GET http://10.180.1.21/compute/v2.1/servers/12fe0992-d0ef-40b4-9a97-dbacd509f3c0 2.890s
2025-11-14 07:12:00.077 65672 INFO tempest.lib.common.rest_client [req-acd100ae-67e4-46a6-91c0-274d08c4cbdd req-acd100ae-67e4-46a6-91c0-274d08c4cbdd ] Request (FlavorsAdminTestJSON:test_is_public_string_variations): 200 GET http://10.180.1.21/compute/v2.1/flavors/detail?is_public=false 2.754s
2025-11-14 07:12:00.237 65698 INFO tempest.lib.common.rest_client [req-388d87a3-6fca-49ae-8b40-f64abe015d50 req-388d87a3-6fca-49ae-8b40-f64abe015d50 ] Request (AggregatesAdminNegativeTestJSON:test_aggregate_remove_host_as_user): 200 POST http://10.180.1.21/compute/v2.1/os-aggregates/7/action 2.892s
2025-11-14 07:12:00.260 65718 WARNING tempest.lib.common.ssh [-] Failed to establish authenticated ssh connection to cirros@10.180.180.131 ([Errno None] Unable to connect to port 22 on 10.180.180.131). Number attempts: 1. Retry after 2 seconds.: paramiko.ssh_exception.NoValidConnectionsError: [Errno None] Unable to connect to port 22 on 10.180.180.131
2025-11-14 07:12:00.387 65716 INFO tempest.lib.common.rest_client [req-43169eac-88da-42b1-b1ff-f482443179dc req-43169eac-88da-42b1-b1ff-f482443179dc ] Request (FloatingIPsAssociationTestJSON:tearDownClass): 202 DELETE http://10.180.1.21/compute/v2.1/os-floating-ips/038df0c4-938d-43a4-82a1-77a29edd4ea2 3.566s
2025-11-14 07:12:00.638 65706 INFO tempest.lib.common.rest_client [req-8357f0ab-b8f7-46bf-ac64-dc654f0e7d85 req-8357f0ab-b8f7-46bf-ac64-dc654f0e7d85 ] Request (ServersNegativeTestMultiTenantJSON:setUpClass): 201 POST http://10.180.1.21/networking/v2.0/routers 1.274s
2025-11-14 07:12:00.661 65676 INFO tempest.lib.common.rest_client [req-fe76ba68-d489-46aa-8038-ac616cb02e23 req-fe76ba68-d489-46aa-8038-ac616cb02e23 ] Request (ServersAdminNegativeTestJSON:setUpClass): 200 GET http://10.180.1.21/compute/v2.1/servers/0dc04bce-2eb9-442d-a3b4-16163fc35ebe 3.033s
2025-11-14 07:12:01.260 65696 WARNING tempest.lib.common.ssh [-] Failed to establish authenticated ssh connection to cirros@10.180.180.200 ([Errno None] Unable to connect to port 22 on 10.180.180.200). Number attempts: 9. Retry after 10 seconds.: paramiko.ssh_exception.NoValidConnectionsError: [Errno None] Unable to connect to port 22 on 10.180.180.200
2025-11-14 07:12:01.362 65674 INFO tempest.lib.common.rest_client [req-633a0e13-40d0-424f-b8b3-e02822a938ca req-633a0e13-40d0-424f-b8b3-e02822a938ca ] Request (FloatingIPsAssociationNegativeTestJSON:tearDownClass): 200 GET http://10.180.1.21/compute/v2.1/servers/65782eab-9d46-4dca-bf9e-66b86ae58cc0 3.609s
2025-11-14 07:12:01.742 65706 INFO tempest.lib.common.rest_client [req-a8c2d539-61c7-48dc-a495-9d256e33e29e req-a8c2d539-61c7-48dc-a495-9d256e33e29e ] Request (ServersNegativeTestMultiTenantJSON:setUpClass): 200 PUT http://10.180.1.21/networking/v2.0/routers/1215c07c-e019-49b5-9ffb-57ca22161dbb/add_router_interface 1.103s
2025-11-14 07:12:01.742 65706 INFO tempest.lib.common.dynamic_creds [-] Created isolated network resources for: credentials: Credentials: {'domain_id': 'default', 'domain_name': 'Default', 'username': 'tempest-ServersNegativeTestMultiTenantJSON-458789400-project-member', 'project_domain_id': 'default', 'project_domain_name': 'Default', 'project_id': '0c394fa816494157b0714fc87a657584', 'project_name': 'tempest-ServersNegativeTestMultiTenantJSON-458789400', 'tenant_id': '0c394fa816494157b0714fc87a657584', 'tenant_name': 'tempest-ServersNegativeTestMultiTenantJSON-458789400', 'user_domain_id': 'default', 'user_domain_name': 'Default', 'user_id': '6ba9b79e764c4016b42c1503f6a31062', 'system': None}, Network: {'id': '477fa51b-962a-4253-b171-4658ae295adf', 'name': 'tempest-ServersNegativeTestMultiTenantJSON-506215713-network', 'tenant_id': '0c394fa816494157b0714fc87a657584', 'project_id': '0c394fa816494157b0714fc87a657584', 'admin_state_up': True, 'mtu': 8950, 'status': 'ACTIVE', 'subnets': [], 'shared': False, 'port_security_enabled': True, 'router:external': False, 'provider:network_type': 'vlan', 'provider:physical_network': 'default', 'provider:segmentation_id': 704, 'availability_zone_hints': [], 'availability_zones': [], 'ipv4_address_scope': None, 'ipv6_address_scope': None, 'description': '', 'tags': [], 'created_at': '2025-11-14T07:11:59Z', 'updated_at': '2025-11-14T07:11:59Z', 'revision_number': 1}, Subnet: {'id': '30f730a2-a38f-48e4-b4ae-3f8099e85ed5', 'name': 'tempest-ServersNegativeTestMultiTenantJSON-506215713-subnet', 'tenant_id': '0c394fa816494157b0714fc87a657584', 'network_id': '477fa51b-962a-4253-b171-4658ae295adf', 'ip_version': 4, 'subnetpool_id': None, 'enable_dhcp': True, 'ipv6_ra_mode': None, 'ipv6_address_mode': None, 'gateway_ip': '192.168.128.1', 'cidr': '192.168.128.0/28', 'allocation_pools': [{'start': '192.168.128.2', 'end': '192.168.128.14'}], 'host_routes': [], 'dns_nameservers': [], 'description': '', 'router:external': False, 'service_types': [], 'tags': [], 'created_at': '2025-11-14T07:11:59Z', 'updated_at': '2025-11-14T07:11:59Z', 'revision_number': 0, 'project_id': '0c394fa816494157b0714fc87a657584'}, Router: {'id': '1215c07c-e019-49b5-9ffb-57ca22161dbb', 'name': 'tempest-ServersNegativeTestMultiTenantJSON-506215713-router', 'tenant_id': '0c394fa816494157b0714fc87a657584', 'admin_state_up': True, 'status': 'ACTIVE', 'external_gateway_info': {'network_id': '7f3d0b3b-8912-4216-b5ab-4e7c527cf0e3', 'external_fixed_ips': [{'subnet_id': '0f6ba3c1-c6d4-4cc5-a400-c4b4f255cbe5', 'ip_address': '10.180.180.252'}], 'enable_snat': True}, 'description': '', 'availability_zones': [], 'distributed': False, 'ha': False, 'availability_zone_hints': [], 'routes': [], 'flavor_id': None, 'tags': [], 'created_at': '2025-11-14T07:11:59Z', 'updated_at': '2025-11-14T07:11:59Z', 'revision_number': 2, 'project_id': '0c394fa816494157b0714fc87a657584'}
2025-11-14 07:12:01.861 65706 INFO tempest.lib.common.rest_client [req-c6fc16b4-ce5f-4a73-9be4-61663c349d94 req-c6fc16b4-ce5f-4a73-9be4-61663c349d94 ] Request (ServersNegativeTestMultiTenantJSON:setUpClass): 201 POST http://10.180.1.21/identity/v3/auth/tokens 0.115s
2025-11-14 07:12:01.926 65706 INFO tempest.lib.common.rest_client [req-37d67b3e-fe12-4918-9f1f-f5d7c842fdfa req-37d67b3e-fe12-4918-9f1f-f5d7c842fdfa ] Request (ServersNegativeTestMultiTenantJSON:setUpClass): 201 POST http://10.180.1.21/identity/v3/auth/tokens 0.061s
2025-11-14 07:12:01.927 65706 INFO tempest.lib.common.fixed_network [-] (ServersNegativeTestMultiTenantJSON:setUpClass) Found network {'id': '46f30615-39d2-4a05-a505-04b98a1508d5', 'name': 'tempest-ServersNegativeTestMultiTenantJSON-1948614712-network', 'tenant_id': '259409fcbb724d55bc1fcce3da24ccd4', 'project_id': '259409fcbb724d55bc1fcce3da24ccd4', 'admin_state_up': True, 'mtu': 8950, 'status': 'ACTIVE', 'subnets': [], 'shared': False, 'port_security_enabled': True, 'router:external': False, 'provider:network_type': 'vlan', 'provider:physical_network': 'default', 'provider:segmentation_id': 338, 'availability_zone_hints': [], 'availability_zones': [], 'ipv4_address_scope': None, 'ipv6_address_scope': None, 'description': '', 'tags': [], 'created_at': '2025-11-14T07:11:56Z', 'updated_at': '2025-11-14T07:11:56Z', 'revision_number': 1} available for tenant
2025-11-14 07:12:02.140 65714 INFO tempest.lib.common.rest_client [req-c5990c94-75d1-4a39-84b4-b45d5aca82dd req-c5990c94-75d1-4a39-84b4-b45d5aca82dd ] Request (ServersWithSpecificFlavorTestJSON:test_verify_created_server_ephemeral_disk): 202 POST http://10.180.1.21/compute/v2.1/servers 4.446s
2025-11-14 07:12:02.171 65682 INFO tempest.lib.common.rest_client [req-318dc031-5241-4aaa-991b-abf083497ca1 req-318dc031-5241-4aaa-991b-abf083497ca1 ] Request (TenantUsagesTestJSON:setUpClass): 202 POST http://10.180.1.21/compute/v2.1/servers 4.411s
2025-11-14 07:12:02.300 65684 INFO tempest.lib.common.rest_client [req-44c790ff-0ec9-4267-aba3-78bc541f57f9 req-44c790ff-0ec9-4267-aba3-78bc541f57f9 ] Request (AttachInterfacesV270Test:tearDownClass): 200 GET http://10.180.1.21/compute/v2.1/servers/ca9b1840-97dd-4327-bca0-5ebece3b4c1c 4.327s
2025-11-14 07:12:02.341 65666 INFO tempest.lib.common.rest_client [req-392b2763-185a-4070-9536-be2451007126 req-392b2763-185a-4070-9536-be2451007126 ] Request (ServersAdminTestJSON:test_inject_network_info): 200 GET http://10.180.1.21/compute/v2.1/servers/fcc262ba-c214-4a28-a18b-02331fa629e9 4.544s
2025-11-14 07:12:02.546 65680 INFO tempest.lib.common.rest_client [req-5636c633-1e5d-4847-8ea5-816fa7b7ce59 req-5636c633-1e5d-4847-8ea5-816fa7b7ce59 ] Request (ImagesOneServerTestJSON:setUpClass): 200 GET http://10.180.1.21/compute/v2.1/servers/7480c810-7312-494b-8d56-4e0b96e196e7 4.557s
2025-11-14 07:12:02.553 65680 INFO tempest.common.waiters [-] State transition "BUILD/spawning" ==> "ACTIVE/None" after 27 second wait
2025-11-14 07:12:02.571 65692 INFO tempest.lib.common.rest_client [req-df30bc47-6d28-4d5a-866d-917129b095b7 req-df30bc47-6d28-4d5a-866d-917129b095b7 ] Request (MigrationsAdminTest:test_list_migrations_in_flavor_resize_situation): 200 GET http://10.180.1.21/compute/v2.1/servers/8040990c-3e0a-4687-9349-a7718214dc55 4.345s
2025-11-14 07:12:02.605 65712 INFO tempest.lib.common.rest_client [req-81382e4b-3838-4be2-a1d9-e290a98fde65 req-81382e4b-3838-4be2-a1d9-e290a98fde65 ] Request (ServersTestFqdnHostnames:test_create_server_with_fqdn_name): 200 GET http://10.180.1.21/compute/v2.1/servers/27d54be4-04de-4109-ad21-3ba51d043bed 4.303s
2025-11-14 07:12:02.625 65678 INFO tempest.lib.common.rest_client [req-bb3bea53-bf0c-4467-8822-44fe69c1f0c0 req-bb3bea53-bf0c-4467-8822-44fe69c1f0c0 ] Request (ServerRescueTestJSON:test_rescue_unrescue_instance): 200 GET http://10.180.1.21/compute/v2.1/servers/2efca0e4-05a0-4a9b-8405-6e25c8e298e6 4.191s
2025-11-14 07:12:02.642 65670 INFO tempest.lib.common.rest_client [req-a17c4cee-7117-47b2-8ec4-0e3891563c42 req-a17c4cee-7117-47b2-8ec4-0e3891563c42 ] Request (InstanceActionsTestJSON:test_list_instance_actions): 200 GET http://10.180.1.21/compute/v2.1/servers/2003577b-57d3-46c8-ac88-f116bb4ee056/os-instance-actions 4.203s
2025-11-14 07:12:02.673 65688 INFO tempest.lib.common.rest_client [req-6f059b81-89c8-4087-93aa-35f6517692db req-6f059b81-89c8-4087-93aa-35f6517692db ] Request (KeyPairsV22TestJSON:test_keypairsv22_create_list_show): 201 POST http://10.180.1.21/compute/v2.1/os-keypairs 4.215s
2025-11-14 07:12:02.717 65731 INFO tempest.lib.common.rest_client [req-fe146415-5584-4731-8435-fd4d9c7a1905 req-fe146415-5584-4731-8435-fd4d9c7a1905 ] Request (ServerAddressesTestJSON:setUpClass): 200 GET http://10.180.1.21/compute/v2.1/servers/b229ceab-a19b-41b0-80e5-c44fe342cb0e 4.217s
2025-11-14 07:12:02.743 65710 INFO tempest.lib.common.rest_client [req-4ad32341-aa9a-44d1-a469-b543d364b815 req-4ad32341-aa9a-44d1-a469-b543d364b815 ] Request (ServerRescueNegativeTestJSON:setUpClass): 200 GET http://10.180.1.21/compute/v2.1/servers/90cfa003-f8a9-48cb-ab3c-af36e17de5b5 4.106s
2025-11-14 07:12:02.804 65724 INFO tempest.lib.common.rest_client [req-e66d63bf-6018-4a20-ab95-39642a928eba req-e66d63bf-6018-4a20-ab95-39642a928eba ] Request (ServerShowV254Test:test_rebuild_server): 200 GET http://10.180.1.21/compute/v2.1/servers/8bf0229b-63b1-49fb-9c50-4a7fe40f2093 4.100s
2025-11-14 07:12:02.814 65724 INFO tempest.common.waiters [-] State transition "REBUILD/rebuild_spawning" ==> "ACTIVE/None" after 10 second wait
2025-11-14 07:12:02.872 65710 INFO tempest.lib.common.rest_client [req-258e242a-127a-4dd9-be8e-180995379942 req-258e242a-127a-4dd9-be8e-180995379942 ] Request (ServerRescueNegativeTestJSON:setUpClass): 201 POST http://10.180.1.21/identity/v3/auth/tokens 0.117s
2025-11-14 07:12:02.873 65710 INFO tempest.lib.common.fixed_network [-] (ServerRescueNegativeTestJSON:setUpClass) Found network {'id': 'e601987f-84f0-44f3-8d13-e5e520c0da55', 'name': 'tempest-ServerRescueNegativeTestJSON-256380921-network', 'tenant_id': '3049c685841c4ac6a0607e997525d64e', 'project_id': '3049c685841c4ac6a0607e997525d64e', 'admin_state_up': True, 'mtu': 8950, 'status': 'ACTIVE', 'subnets': [], 'shared': False, 'port_security_enabled': True, 'router:external': False, 'provider:network_type': 'vlan', 'provider:physical_network': 'default', 'provider:segmentation_id': 481, 'availability_zone_hints': [], 'availability_zones': [], 'ipv4_address_scope': None, 'ipv6_address_scope': None, 'description': '', 'tags': [], 'created_at': '2025-11-14T07:11:50Z', 'updated_at': '2025-11-14T07:11:50Z', 'revision_number': 1} available for tenant
2025-11-14 07:12:02.887 65686 INFO tempest.lib.common.rest_client [req-f961a24f-bb74-4aba-bab3-43c5a251d46c req-f961a24f-bb74-4aba-bab3-43c5a251d46c ] Request (ServerGroupTestJSON:_run_cleanups): 200 GET http://10.180.1.21/compute/v2.1/servers/ee55b316-8954-4112-8acd-f472ab459e75 4.079s
2025-11-14 07:12:02.914 65700 INFO tempest.lib.common.rest_client [req-755a0192-b37d-48de-9c79-a3bea3a8a46a req-755a0192-b37d-48de-9c79-a3bea3a8a46a ] Request (ServerShowV247Test:test_update_rebuild_list_server): 200 GET http://10.180.1.21/compute/v2.1/servers/711fee5b-64bc-46d3-9b6c-4ae29439ca2c 4.102s
2025-11-14 07:12:02.935 65690 INFO tempest.lib.common.rest_client [req-07895851-4134-4b36-9a5b-9f595593eaee req-07895851-4134-4b36-9a5b-9f595593eaee ] Request (ServersTestJSON:test_verify_created_server_vcpus): 200 GET http://10.180.1.21/compute/v2.1/flavors/42 3.524s
2025-11-14 07:12:02.939 65690 INFO tempest.lib.common.ssh [-] Creating ssh connection to '10.180.180.220:22' as 'cirros' with public key authentication
2025-11-14 07:12:02.945 65690 INFO paramiko.transport [-] Connected (version 2.0, client dropbear_2020.81)
2025-11-14 07:12:03.048 65690 INFO paramiko.transport [-] Authentication (publickey) successful!
2025-11-14 07:12:03.049 65690 INFO tempest.lib.common.ssh [-] ssh connection to cirros@10.180.180.220 successfully created
2025-11-14 07:12:03.072 65702 INFO tempest.lib.common.rest_client [req-4ca2236c-4108-47e8-aad0-57cae707ec47 req-4ca2236c-4108-47e8-aad0-57cae707ec47 ] Request (DeleteServersAdminTestJSON:test_delete_server_while_in_error_state): 200 GET http://10.180.1.21/compute/v2.1/servers/d51e06e7-1197-43b8-818d-60e4bf58ced6 3.497s
2025-11-14 07:12:03.109 65726 INFO tempest.lib.common.rest_client [req-73d62fc9-a0f2-4000-bae4-e4e5b1f086ca req-73d62fc9-a0f2-4000-bae4-e4e5b1f086ca ] Request (AttachInterfacesTestJSON:test_create_list_show_delete_interfaces_by_fixed_ip): 200 GET http://10.180.1.21/compute/v2.1/servers/fe718475-ea01-4844-a5d0-1062ced9b202 4.169s
2025-11-14 07:12:03.119 65726 INFO tempest.common.waiters [-] State transition "BUILD/networking" ==> "BUILD/spawning" after 23 second wait
2025-11-14 07:12:03.206 65694 INFO tempest.lib.common.rest_client [req-ef3ed97f-2145-496e-b80b-106a12885985 req-ef3ed97f-2145-496e-b80b-106a12885985 ] Request (ServerMetadataTestJSON:setUpClass): 200 GET http://10.180.1.21/compute/v2.1/servers/21b30d1e-60a4-4873-b60b-84e329604535 3.318s
2025-11-14 07:12:03.225 65672 INFO tempest.lib.common.rest_client [req-9fab306b-2c84-4319-a7d9-e2d78ebbbf81 req-9fab306b-2c84-4319-a7d9-e2d78ebbbf81 ] Request (FlavorsAdminTestJSON:test_is_public_string_variations): 200 GET http://10.180.1.21/compute/v2.1/flavors/detail?is_public=no 3.145s
2025-11-14 07:12:03.234 65698 INFO tempest.lib.common.rest_client [req-b1fee0ec-8023-420e-92d2-22a55b97331c req-b1fee0ec-8023-420e-92d2-22a55b97331c ] Request (AggregatesAdminNegativeTestJSON:test_aggregate_remove_host_as_user): 403 POST http://10.180.1.21/compute/v2.1/os-aggregates/7/action 2.995s
2025-11-14 07:12:03.235 65668 INFO tempest.lib.common.rest_client [req-80db53e4-0406-4b24-82a7-e4a867199bf2 req-80db53e4-0406-4b24-82a7-e4a867199bf2 ] Request (SecurityGroupsTestJSON:test_list_security_groups_by_server): 200 GET http://10.180.1.21/compute/v2.1/servers/809ecbf4-fba1-4aa4-a848-498b62febe6c 3.526s
2025-11-14 07:12:03.243 65668 INFO tempest.common.waiters [-] State transition "BUILD/None" ==> "BUILD/spawning" after 23 second wait
2025-11-14 07:12:03.291 65720 INFO tempest.lib.common.rest_client [req-386bcdbb-29a1-4a28-8902-e13396431fc7 req-386bcdbb-29a1-4a28-8902-e13396431fc7 ] Request (ServersTestMultiNic:test_verify_duplicate_network_nics): 200 GET http://10.180.1.21/compute/v2.1/servers/12fe0992-d0ef-40b4-9a97-dbacd509f3c0 2.220s
2025-11-14 07:12:03.319 65716 INFO tempest.lib.common.rest_client [req-ad8d40f3-c023-4b5d-ab45-d7b68c83b7b2 req-ad8d40f3-c023-4b5d-ab45-d7b68c83b7b2 ] Request (FloatingIPsAssociationTestJSON:tearDownClass): 204 DELETE http://10.180.1.21/compute/v2.1/servers/480e66aa-f856-43e1-bbae-58f874d18b0a 2.931s
2025-11-14 07:12:03.328 65718 WARNING tempest.lib.common.ssh [-] Failed to establish authenticated ssh connection to cirros@10.180.180.131 ([Errno None] Unable to connect to port 22 on 10.180.180.131). Number attempts: 2. Retry after 3 seconds.: paramiko.ssh_exception.NoValidConnectionsError: [Errno None] Unable to connect to port 22 on 10.180.180.131
2025-11-14 07:12:03.363 65676 INFO tempest.lib.common.rest_client [req-4e21a377-5721-4425-b6b4-2dcf81de9e58 req-4e21a377-5721-4425-b6b4-2dcf81de9e58 ] Request (ServersAdminNegativeTestJSON:setUpClass): 200 GET http://10.180.1.21/compute/v2.1/servers/0dc04bce-2eb9-442d-a3b4-16163fc35ebe 1.686s
2025-11-14 07:12:03.426 65714 INFO tempest.lib.common.rest_client [req-dd6dff86-85b7-4671-941b-88910c770f62 req-dd6dff86-85b7-4671-941b-88910c770f62 ] Request (ServersWithSpecificFlavorTestJSON:test_verify_created_server_ephemeral_disk): 200 GET http://10.180.1.21/compute/v2.1/servers/09063edf-2538-45de-9fab-fbecc058424c 1.284s
2025-11-14 07:12:03.486 65682 INFO tempest.lib.common.rest_client [req-57d14bf9-2f98-41e0-bde3-6c7c4e23c1df req-57d14bf9-2f98-41e0-bde3-6c7c4e23c1df ] Request (TenantUsagesTestJSON:setUpClass): 200 GET http://10.180.1.21/compute/v2.1/servers/5be07f37-5380-4798-8d24-332b0b4c286f 1.313s
2025-11-14 07:12:03.571 65674 INFO tempest.lib.common.rest_client [req-c8e0a622-83da-4109-943d-4023a8beabc2 req-c8e0a622-83da-4109-943d-4023a8beabc2 ] Request (FloatingIPsAssociationNegativeTestJSON:tearDownClass): 200 GET http://10.180.1.21/compute/v2.1/servers/65782eab-9d46-4dca-bf9e-66b86ae58cc0 1.197s
2025-11-14 07:12:03.768 65706 INFO tempest.lib.common.rest_client [req-34792825-9519-402c-8756-dd811e2c0b52 req-34792825-9519-402c-8756-dd811e2c0b52 ] Request (ServersNegativeTestMultiTenantJSON:setUpClass): 202 POST http://10.180.1.21/compute/v2.1/servers 1.841s
2025-11-14 07:12:03.863 65670 INFO tempest.lib.common.rest_client [req-269c5a0b-69f2-4577-a389-bbf4bac10b65 req-269c5a0b-69f2-4577-a389-bbf4bac10b65 ] Request (InstanceActionsTestJSON:tearDownClass): 204 DELETE http://10.180.1.21/compute/v2.1/servers/2003577b-57d3-46c8-ac88-f116bb4ee056 1.219s
2025-11-14 07:12:03.873 65688 INFO tempest.lib.common.rest_client [req-a7650418-cb69-4f62-9ff5-756b28082236 req-a7650418-cb69-4f62-9ff5-756b28082236 ] Request (KeyPairsV22TestJSON:test_keypairsv22_create_list_show): 200 GET http://10.180.1.21/compute/v2.1/os-keypairs/tempest-keypair-1813875982 1.197s
2025-11-14 07:12:03.888 65724 INFO tempest.lib.common.rest_client [req-0e2cb700-1efd-47b8-8008-38fc25ea9cc8 req-0e2cb700-1efd-47b8-8008-38fc25ea9cc8 ] Request (ServerShowV254Test:_run_cleanups): 204 DELETE http://10.180.1.21/compute/v2.1/os-keypairs/tempest-ServerShowV254Test-keypair-852202193 1.074s
2025-11-14 07:12:04.083 65680 INFO tempest.lib.common.rest_client [req-dc7380a0-4393-45cd-9643-ef3f7861f6ec req-dc7380a0-4393-45cd-9643-ef3f7861f6ec ] Request (ImagesOneServerTestJSON:test_create_delete_image): 202 POST http://10.180.1.21/compute/v2.1/servers/7480c810-7312-494b-8d56-4e0b96e196e7/action 1.529s
2025-11-14 07:12:04.185 65690 INFO tempest.lib.common.rest_client [req-f729efdb-e4e0-4df9-962f-463c5b5ac7c9 req-f729efdb-e4e0-4df9-962f-463c5b5ac7c9 ] Request (ServersTestJSON:tearDownClass): 204 DELETE http://10.180.1.21/compute/v2.1/servers/093770a5-63eb-4ee1-95b1-b63b85367505 1.127s
2025-11-14 07:12:04.203 65672 INFO tempest.lib.common.rest_client [req-0c50fe43-397c-4c5a-a49e-bc289a8f43da req-0c50fe43-397c-4c5a-a49e-bc289a8f43da ] Request (FlavorsAdminTestJSON:test_is_public_string_variations): 200 GET http://10.180.1.21/compute/v2.1/flavors/detail?is_public=0 0.973s
2025-11-14 07:12:04.285 65710 INFO tempest.lib.common.rest_client [req-5483d0c5-586a-4e9e-b51c-d846dbeb2a79 req-5483d0c5-586a-4e9e-b51c-d846dbeb2a79 ] Request (ServerRescueNegativeTestJSON:setUpClass): 202 POST http://10.180.1.21/compute/v2.1/servers 1.411s
2025-11-14 07:12:04.366 65698 INFO tempest.lib.common.rest_client [req-596fd991-1a05-4b6b-a6eb-01b09fa33723 req-596fd991-1a05-4b6b-a6eb-01b09fa33723 ] Request (AggregatesAdminNegativeTestJSON:_run_cleanups): 200 POST http://10.180.1.21/compute/v2.1/os-aggregates/7/action 1.132s
2025-11-14 07:12:04.382 65684 INFO tempest.lib.common.rest_client [req-171e08b8-a10f-4128-8079-c7a5b01e0a81 req-171e08b8-a10f-4128-8079-c7a5b01e0a81 ] Request (AttachInterfacesV270Test:tearDownClass): 200 GET http://10.180.1.21/compute/v2.1/servers/ca9b1840-97dd-4327-bca0-5ebece3b4c1c 1.068s
2025-11-14 07:12:04.592 65716 INFO tempest.lib.common.rest_client [req-dfe3cedb-8ed6-4814-a58b-4bad1b80bbf1 req-dfe3cedb-8ed6-4814-a58b-4bad1b80bbf1 ] Request (FloatingIPsAssociationTestJSON:tearDownClass): 200 GET http://10.180.1.21/compute/v2.1/servers/480e66aa-f856-43e1-bbae-58f874d18b0a 1.273s
2025-11-14 07:12:04.631 65666 INFO tempest.lib.common.rest_client [req-2f471e59-63c5-4cd2-8863-bd2cb48cf8fe req-2f471e59-63c5-4cd2-8863-bd2cb48cf8fe ] Request (ServersAdminTestJSON:test_inject_network_info): 200 GET http://10.180.1.21/compute/v2.1/servers/fcc262ba-c214-4a28-a18b-02331fa629e9 1.281s
2025-11-14 07:12:04.647 65666 INFO tempest.common.waiters [-] State transition "BUILD/spawning" ==> "ACTIVE/None" after 26 second wait
2025-11-14 07:12:04.713 65712 INFO tempest.lib.common.rest_client [req-4e987c77-91ca-497f-873f-46c6d23e7eab req-4e987c77-91ca-497f-873f-46c6d23e7eab ] Request (ServersTestFqdnHostnames:test_create_server_with_fqdn_name): 200 GET http://10.180.1.21/compute/v2.1/servers/27d54be4-04de-4109-ad21-3ba51d043bed 1.100s
2025-11-14 07:12:04.756 65692 INFO tempest.lib.common.rest_client [req-01364bbf-80ed-4deb-9ad2-f806985ea528 req-01364bbf-80ed-4deb-9ad2-f806985ea528 ] Request (MigrationsAdminTest:test_list_migrations_in_flavor_resize_situation): 200 GET http://10.180.1.21/compute/v2.1/servers/8040990c-3e0a-4687-9349-a7718214dc55 1.175s
2025-11-14 07:12:04.796 65678 INFO tempest.lib.common.rest_client [req-f5036518-c17a-4796-9cf4-cef410fbfec1 req-f5036518-c17a-4796-9cf4-cef410fbfec1 ] Request (ServerRescueTestJSON:test_rescue_unrescue_instance): 200 GET http://10.180.1.21/compute/v2.1/servers/2efca0e4-05a0-4a9b-8405-6e25c8e298e6 1.161s
2025-11-14 07:12:04.844 65731 INFO tempest.lib.common.rest_client [req-45a8a346-3774-4e46-862c-f1566cdee3b1 req-45a8a346-3774-4e46-862c-f1566cdee3b1 ] Request (ServerAddressesTestJSON:setUpClass): 200 GET http://10.180.1.21/compute/v2.1/servers/b229ceab-a19b-41b0-80e5-c44fe342cb0e 1.116s
2025-11-14 07:12:04.880 65706 INFO tempest.lib.common.rest_client [req-6b66c375-665a-4198-9c4a-437cf8076192 req-6b66c375-665a-4198-9c4a-437cf8076192 ] Request (ServersNegativeTestMultiTenantJSON:setUpClass): 200 GET http://10.180.1.21/compute/v2.1/servers/5ec71071-bdb6-4273-bb9b-3d05d540d45a 1.109s
2025-11-14 07:12:04.896 65688 INFO tempest.lib.common.rest_client [req-2d50813f-bd3b-4f9b-9f20-ec18cee09c3d req-2d50813f-bd3b-4f9b-9f20-ec18cee09c3d ] Request (KeyPairsV22TestJSON:test_keypairsv22_create_list_show): 200 GET http://10.180.1.21/compute/v2.1/os-keypairs 1.021s
2025-11-14 07:12:05.005 65724 INFO tempest.lib.common.rest_client [req-9bd6a349-ccf4-4af0-a288-e2fd7097754b req-9bd6a349-ccf4-4af0-a288-e2fd7097754b ] Request (ServerShowV254Test:tearDownClass): 204 DELETE http://10.180.1.21/compute/v2.1/servers/8bf0229b-63b1-49fb-9c50-4a7fe40f2093 1.112s
2025-11-14 07:12:05.048 65670 INFO tempest.lib.common.rest_client [req-e9193477-9efc-4166-9f5e-b66c90089415 req-e9193477-9efc-4166-9f5e-b66c90089415 ] Request (InstanceActionsTestJSON:tearDownClass): 200 GET http://10.180.1.21/compute/v2.1/servers/2003577b-57d3-46c8-ac88-f116bb4ee056 1.185s
2025-11-14 07:12:05.082 65686 INFO tempest.lib.common.rest_client [req-1ea5bda9-ceae-442d-9934-7c34a5b4be07 req-1ea5bda9-ceae-442d-9934-7c34a5b4be07 ] Request (ServerGroupTestJSON:_run_cleanups): 200 GET http://10.180.1.21/compute/v2.1/servers/ee55b316-8954-4112-8acd-f472ab459e75 1.182s
2025-11-14 07:12:05.121 65700 INFO tempest.lib.common.rest_client [req-52aa4907-cb68-4072-9b62-cf617ff689f9 req-52aa4907-cb68-4072-9b62-cf617ff689f9 ] Request (ServerShowV247Test:test_update_rebuild_list_server): 200 GET http://10.180.1.21/compute/v2.1/servers/711fee5b-64bc-46d3-9b6c-4ae29439ca2c 1.197s
2025-11-14 07:12:05.160 65702 INFO tempest.lib.common.rest_client [req-d14f9335-aa21-4195-a6bd-02e0ba722dc7 req-d14f9335-aa21-4195-a6bd-02e0ba722dc7 ] Request (DeleteServersAdminTestJSON:test_delete_server_while_in_error_state): 200 GET http://10.180.1.21/compute/v2.1/servers/d51e06e7-1197-43b8-818d-60e4bf58ced6 1.075s
2025-11-14 07:12:05.170 65680 INFO tempest.lib.common.rest_client [req-ac2cad60-ed1f-470b-81cd-8dcd42e442a3 req-ac2cad60-ed1f-470b-81cd-8dcd42e442a3 ] Request (ImagesOneServerTestJSON:test_create_delete_image): 200 GET http://10.180.1.21/compute/v2.1/images/6bd6f8f4-f3cf-4de3-9c85-bd51b7ff7d15 1.084s
2025-11-14 07:12:05.310 65726 INFO tempest.lib.common.rest_client [req-43a74229-07da-4023-bd77-86a7c88f00cf req-43a74229-07da-4023-bd77-86a7c88f00cf ] Request (AttachInterfacesTestJSON:test_create_list_show_delete_interfaces_by_fixed_ip): 200 GET http://10.180.1.21/compute/v2.1/servers/fe718475-ea01-4844-a5d0-1062ced9b202 1.190s
2025-11-14 07:12:05.341 65672 INFO tempest.lib.common.rest_client [req-ed9b92fd-3f46-4366-a53c-40c7ac95fc7d req-ed9b92fd-3f46-4366-a53c-40c7ac95fc7d ] Request (FlavorsAdminTestJSON:test_is_public_string_variations): 200 GET http://10.180.1.21/compute/v2.1/flavors/detail?is_public=t 1.134s
2025-11-14 07:12:05.350 65690 INFO tempest.lib.common.rest_client [req-6a07dbff-99f4-4080-ab90-20cbfc9a2066 req-6a07dbff-99f4-4080-ab90-20cbfc9a2066 ] Request (ServersTestJSON:tearDownClass): 200 GET http://10.180.1.21/compute/v2.1/servers/093770a5-63eb-4ee1-95b1-b63b85367505 1.165s
2025-11-14 07:12:05.415 65694 INFO tempest.lib.common.rest_client [req-eced4915-5da0-44b2-b8f5-436915b21d15 req-eced4915-5da0-44b2-b8f5-436915b21d15 ] Request (ServerMetadataTestJSON:setUpClass): 200 GET http://10.180.1.21/compute/v2.1/servers/21b30d1e-60a4-4873-b60b-84e329604535 1.199s
2025-11-14 07:12:05.483 65710 INFO tempest.lib.common.rest_client [req-b5675fb4-2002-41ab-9152-2a7e78f6c62c req-b5675fb4-2002-41ab-9152-2a7e78f6c62c ] Request (ServerRescueNegativeTestJSON:setUpClass): 200 GET http://10.180.1.21/compute/v2.1/servers/a32620bd-7f37-4d92-bbe2-2720e5fcf31f 1.195s
2025-11-14 07:12:05.502 65668 INFO tempest.lib.common.rest_client [req-c0f4e6c4-7090-407f-84d9-7d936f393e6f req-c0f4e6c4-7090-407f-84d9-7d936f393e6f ] Request (SecurityGroupsTestJSON:test_list_security_groups_by_server): 200 GET http://10.180.1.21/compute/v2.1/servers/809ecbf4-fba1-4aa4-a848-498b62febe6c 1.257s
2025-11-14 07:12:05.535 65698 INFO tempest.lib.common.rest_client [req-e3da934f-b8a9-428b-be8f-f5fa04eb2788 req-e3da934f-b8a9-428b-be8f-f5fa04eb2788 ] Request (AggregatesAdminNegativeTestJSON:_run_cleanups): 200 DELETE http://10.180.1.21/compute/v2.1/os-aggregates/7 1.162s
2025-11-14 07:12:05.550 65720 INFO tempest.lib.common.rest_client [req-a3ab5cd9-b19a-48fc-b201-128636019561 req-a3ab5cd9-b19a-48fc-b201-128636019561 ] Request (ServersTestMultiNic:test_verify_duplicate_network_nics): 200 GET http://10.180.1.21/compute/v2.1/servers/12fe0992-d0ef-40b4-9a97-dbacd509f3c0 1.249s
2025-11-14 07:12:05.609 65676 INFO tempest.lib.common.rest_client [req-afb3c877-d618-42f7-9b02-850d313d4213 req-afb3c877-d618-42f7-9b02-850d313d4213 ] Request (ServersAdminNegativeTestJSON:setUpClass): 200 GET http://10.180.1.21/compute/v2.1/servers/0dc04bce-2eb9-442d-a3b4-16163fc35ebe 1.235s
2025-11-14 07:12:05.610 65714 INFO tempest.lib.common.rest_client [req-4d9326cd-de96-4e03-a43a-ecc24cd8eb98 req-4d9326cd-de96-4e03-a43a-ecc24cd8eb98 ] Request (ServersWithSpecificFlavorTestJSON:test_verify_created_server_ephemeral_disk): 200 GET http://10.180.1.21/compute/v2.1/servers/09063edf-2538-45de-9fab-fbecc058424c 1.172s
2025-11-14 07:12:05.618 65714 INFO tempest.common.waiters [-] State transition "BUILD/scheduling" ==> "BUILD/None" after 2 second wait
2025-11-14 07:12:05.666 65682 INFO tempest.lib.common.rest_client [req-d615bc3f-9c19-4462-8a23-4726608676d3 req-d615bc3f-9c19-4462-8a23-4726608676d3 ] Request (TenantUsagesTestJSON:setUpClass): 200 GET http://10.180.1.21/compute/v2.1/servers/5be07f37-5380-4798-8d24-332b0b4c286f 1.169s
2025-11-14 07:12:05.679 65674 INFO tempest.lib.common.rest_client [req-6b4b4dc3-04fa-4369-802b-a38fdf1346d0 req-6b4b4dc3-04fa-4369-802b-a38fdf1346d0 ] Request (FloatingIPsAssociationNegativeTestJSON:tearDownClass): 200 GET http://10.180.1.21/compute/v2.1/servers/65782eab-9d46-4dca-bf9e-66b86ae58cc0 1.096s
2025-11-14 07:12:05.727 65688 INFO tempest.lib.common.rest_client [req-340e500d-8190-406d-b9a7-b0ff70fef6a2 req-340e500d-8190-406d-b9a7-b0ff70fef6a2 ] Request (KeyPairsV22TestJSON:_run_cleanups): 204 DELETE http://10.180.1.21/compute/v2.1/os-keypairs/tempest-keypair-1813875982 0.829s
2025-11-14 07:12:05.794 65724 INFO tempest.lib.common.rest_client [req-469516e7-2bf7-4f59-b9e9-e5ce77e9f6e4 req-469516e7-2bf7-4f59-b9e9-e5ce77e9f6e4 ] Request (ServerShowV254Test:tearDownClass): 200 GET http://10.180.1.21/compute/v2.1/servers/8bf0229b-63b1-49fb-9c50-4a7fe40f2093 0.789s
2025-11-14 07:12:05.805 65666 INFO tempest.lib.common.rest_client [req-b57ded7e-2836-43ca-ac7b-2c0b13cf113a req-b57ded7e-2836-43ca-ac7b-2c0b13cf113a ] Request (ServersAdminTestJSON:test_inject_network_info): 202 POST http://10.180.1.21/compute/v2.1/servers/fcc262ba-c214-4a28-a18b-02331fa629e9/action 1.158s
2025-11-14 07:12:05.822 65672 INFO tempest.lib.common.rest_client [req-1e6e7899-68c5-47d7-8f04-c0429252a83f req-1e6e7899-68c5-47d7-8f04-c0429252a83f ] Request (FlavorsAdminTestJSON:test_is_public_string_variations): 200 GET http://10.180.1.21/compute/v2.1/flavors/detail?is_public=true 0.472s
2025-11-14 07:12:05.845 65698 INFO tempest.lib.common.rest_client [req-89442cee-a4ad-48ea-ae62-9d1a29c91db8 req-89442cee-a4ad-48ea-ae62-9d1a29c91db8 ] Request (AggregatesAdminNegativeTestJSON:test_aggregate_remove_nonexistent_host): 200 POST http://10.180.1.21/compute/v2.1/os-aggregates 0.308s
2025-11-14 07:12:05.890 65684 INFO tempest.lib.common.rest_client [req-5a64d118-e492-4240-89e4-3b4bb233d79c req-5a64d118-e492-4240-89e4-3b4bb233d79c ] Request (AttachInterfacesV270Test:tearDownClass): 200 GET http://10.180.1.21/compute/v2.1/servers/ca9b1840-97dd-4327-bca0-5ebece3b4c1c 0.494s
2025-11-14 07:12:05.949 65712 INFO tempest.lib.common.rest_client [req-3d09f314-52a8-4a93-845d-f3f6d76062fc req-3d09f314-52a8-4a93-845d-f3f6d76062fc ] Request (ServersTestFqdnHostnames:test_create_server_with_fqdn_name): 200 GET http://10.180.1.21/compute/v2.1/servers/27d54be4-04de-4109-ad21-3ba51d043bed 0.228s
2025-11-14 07:12:06.020 65716 INFO tempest.lib.common.rest_client [req-312bd7e5-331c-45ef-aae1-2852a4b0e6a1 req-312bd7e5-331c-45ef-aae1-2852a4b0e6a1 ] Request (FloatingIPsAssociationTestJSON:tearDownClass): 200 GET http://10.180.1.21/compute/v2.1/servers/480e66aa-f856-43e1-bbae-58f874d18b0a 0.418s
2025-11-14 07:12:06.179 65692 INFO tempest.lib.common.rest_client [req-20fae4ae-a814-4ae2-810b-92372fe4db05 req-20fae4ae-a814-4ae2-810b-92372fe4db05 ] Request (MigrationsAdminTest:test_list_migrations_in_flavor_resize_situation): 200 GET http://10.180.1.21/compute/v2.1/servers/8040990c-3e0a-4687-9349-a7718214dc55 0.411s
2025-11-14 07:12:06.380 65678 INFO tempest.lib.common.rest_client [req-8a6f80c4-92ed-4b5e-8c25-81999ea2e0ac req-8a6f80c4-92ed-4b5e-8c25-81999ea2e0ac ] Request (ServerRescueTestJSON:test_rescue_unrescue_instance): 200 GET http://10.180.1.21/compute/v2.1/servers/2efca0e4-05a0-4a9b-8405-6e25c8e298e6 0.575s
2025-11-14 07:12:06.420 65666 INFO tempest.lib.common.rest_client [req-10ac0420-d6a6-4e5b-97e5-73a9c297f099 req-10ac0420-d6a6-4e5b-97e5-73a9c297f099 ] Request (ServersAdminTestJSON:test_list_servers_by_admin): 200 GET http://10.180.1.21/compute/v2.1/servers/detail 0.613s
2025-11-14 07:12:06.464 65672 INFO tempest.lib.common.rest_client [req-930a8939-ccd2-4fb2-9a19-e661c2bdcbde req-930a8939-ccd2-4fb2-9a19-e661c2bdcbde ] Request (FlavorsAdminTestJSON:test_is_public_string_variations): 200 GET http://10.180.1.21/compute/v2.1/flavors/detail?is_public=yes 0.637s
2025-11-14 07:12:06.505 65698 INFO tempest.lib.common.rest_client [req-aebf62ff-1ca6-464c-80d9-1e02c22bc1a1 req-aebf62ff-1ca6-464c-80d9-1e02c22bc1a1 ] Request (AggregatesAdminNegativeTestJSON:test_aggregate_remove_nonexistent_host): 404 POST http://10.180.1.21/compute/v2.1/os-aggregates/8/action 0.655s
2025-11-14 07:12:06.610 65731 INFO tempest.lib.common.rest_client [req-2c271fda-c1fb-4def-978e-486836eb9974 req-2c271fda-c1fb-4def-978e-486836eb9974 ] Request (ServerAddressesTestJSON:setUpClass): 200 GET http://10.180.1.21/compute/v2.1/servers/b229ceab-a19b-41b0-80e5-c44fe342cb0e 0.756s
2025-11-14 07:12:06.663 65688 INFO tempest.lib.common.rest_client [req-1cb11ead-d141-49a7-b8d5-084c09fb0f8e req-1cb11ead-d141-49a7-b8d5-084c09fb0f8e ] Request (KeyPairsV22TestJSON:test_keypairsv22_create_list_show_with_type): 201 POST http://10.180.1.21/compute/v2.1/os-keypairs 0.935s
2025-11-14 07:12:06.736 65706 INFO tempest.lib.common.rest_client [req-e8b5f58c-db03-426e-be22-d0d44ca0280a req-e8b5f58c-db03-426e-be22-d0d44ca0280a ] Request (ServersNegativeTestMultiTenantJSON:setUpClass): 200 GET http://10.180.1.21/compute/v2.1/servers/5ec71071-bdb6-4273-bb9b-3d05d540d45a 0.846s
2025-11-14 07:12:06.882 65670 INFO tempest.lib.common.rest_client [req-7cdcb2f5-eaf0-4b10-9693-ae2c1206bd03 req-7cdcb2f5-eaf0-4b10-9693-ae2c1206bd03 ] Request (InstanceActionsTestJSON:tearDownClass): 200 GET http://10.180.1.21/compute/v2.1/servers/2003577b-57d3-46c8-ac88-f116bb4ee056 0.819s
2025-11-14 07:12:06.934 65686 INFO tempest.lib.common.rest_client [req-da95ad6b-1358-436d-8b6d-277ad5f9f7eb req-da95ad6b-1358-436d-8b6d-277ad5f9f7eb ] Request (ServerGroupTestJSON:_run_cleanups): 200 GET http://10.180.1.21/compute/v2.1/servers/ee55b316-8954-4112-8acd-f472ab459e75 0.840s
2025-11-14 07:12:06.998 65700 INFO tempest.lib.common.rest_client [req-e3eae543-78db-4918-b091-ac113aeb60f3 req-e3eae543-78db-4918-b091-ac113aeb60f3 ] Request (ServerShowV247Test:test_update_rebuild_list_server): 200 GET http://10.180.1.21/compute/v2.1/servers/711fee5b-64bc-46d3-9b6c-4ae29439ca2c 0.864s
2025-11-14 07:12:07.014 65702 INFO tempest.lib.common.rest_client [req-af2b8228-4e07-4e68-8036-5d1d7256e11e req-af2b8228-4e07-4e68-8036-5d1d7256e11e ] Request (DeleteServersAdminTestJSON:test_delete_server_while_in_error_state): 200 GET http://10.180.1.21/compute/v2.1/servers/d51e06e7-1197-43b8-818d-60e4bf58ced6 0.844s
2025-11-14 07:12:07.024 65702 INFO tempest.common.waiters [-] State transition "DELETED/None" ==> "ERROR/None" after 27 second wait
2025-11-14 07:12:07.045 65680 INFO tempest.lib.common.rest_client [req-8d5df89d-6b0f-41d4-87fd-f2d63df0ff0e req-8d5df89d-6b0f-41d4-87fd-f2d63df0ff0e ] Request (ImagesOneServerTestJSON:test_create_delete_image): 200 GET http://10.180.1.21/compute/v2.1/images/6bd6f8f4-f3cf-4de3-9c85-bd51b7ff7d15 0.871s
2025-11-14 07:12:07.112 65690 INFO tempest.lib.common.rest_client [req-3f3223ee-ae0a-46fb-ba51-98ea8f474b89 req-3f3223ee-ae0a-46fb-ba51-98ea8f474b89 ] Request (ServersTestJSON:tearDownClass): 200 GET http://10.180.1.21/compute/v2.1/servers/093770a5-63eb-4ee1-95b1-b63b85367505 0.752s
2025-11-14 07:12:07.165 65694 INFO tempest.lib.common.rest_client [req-dac4200c-4a5b-4834-9aad-09f3b0b809ac req-dac4200c-4a5b-4834-9aad-09f3b0b809ac ] Request (ServerMetadataTestJSON:setUpClass): 200 GET http://10.180.1.21/compute/v2.1/servers/21b30d1e-60a4-4873-b60b-84e329604535 0.739s
2025-11-14 07:12:07.185 65726 INFO tempest.lib.common.rest_client [req-236b9e7c-7f4a-44e9-b885-588c5071bafc req-236b9e7c-7f4a-44e9-b885-588c5071bafc ] Request (AttachInterfacesTestJSON:test_create_list_show_delete_interfaces_by_fixed_ip): 200 GET http://10.180.1.21/compute/v2.1/servers/fe718475-ea01-4844-a5d0-1062ced9b202 0.865s
2025-11-14 07:12:07.208 65672 INFO tempest.lib.common.rest_client [req-996b52e3-3cb2-400a-a996-020cbdbd1939 req-996b52e3-3cb2-400a-a996-020cbdbd1939 ] Request (FlavorsAdminTestJSON:test_is_public_string_variations): 200 GET http://10.180.1.21/compute/v2.1/flavors/detail?is_public=1 0.738s
2025-11-14 07:12:07.259 65710 INFO tempest.lib.common.rest_client [req-23c854bc-bdef-4b45-a479-a578d1ccdafe req-23c854bc-bdef-4b45-a479-a578d1ccdafe ] Request (ServerRescueNegativeTestJSON:setUpClass): 200 GET http://10.180.1.21/compute/v2.1/servers/a32620bd-7f37-4d92-bbe2-2720e5fcf31f 0.762s
2025-11-14 07:12:07.279 65698 INFO tempest.lib.common.rest_client [req-d12d665c-adda-413a-92a4-64c4f724d406 req-d12d665c-adda-413a-92a4-64c4f724d406 ] Request (AggregatesAdminNegativeTestJSON:_run_cleanups): 200 DELETE http://10.180.1.21/compute/v2.1/os-aggregates/8 0.773s
2025-11-14 07:12:07.444 65698 INFO tempest.lib.common.rest_client [req-1d337cfd-fde3-452e-ac9c-f16f6de64295 req-1d337cfd-fde3-452e-ac9c-f16f6de64295 ] Request (AggregatesAdminNegativeTestJSON:tearDownClass): 204 DELETE http://10.180.1.21/identity/v3/users/50fa63810c8a4a6ca23a99538ffb4367 0.164s
2025-11-14 07:12:07.464 65668 INFO tempest.lib.common.rest_client [req-5299913a-de46-4905-beba-303ac27a087d req-5299913a-de46-4905-beba-303ac27a087d ] Request (SecurityGroupsTestJSON:test_list_security_groups_by_server): 200 GET http://10.180.1.21/compute/v2.1/servers/809ecbf4-fba1-4aa4-a848-498b62febe6c 0.949s
