2025-11-14 06:44:48.835 65680 INFO tempest.lib.common.rest_client [req-b91087ac-8218-4149-8056-81e3b354a46c req-b91087ac-8218-4149-8056-81e3b354a46c ] Request (ServerActionsTestOtherA:test_rebuild_server_in_stop_state): 200 GET http://10.180.1.21/compute/v2.1/servers/8bdea480-f488-41e7-836d-e2b01c7cf752 0.130s
2025-11-14 06:44:48.843 65680 INFO tempest.common.waiters [-] State transition "ACTIVE/powering-off" ==> "SHUTOFF/None" after 14 second wait
2025-11-14 06:44:48.886 65732 INFO tempest.lib.common.rest_client [req-1a1c568f-6e31-47ec-8f49-243e9169c839 req-1a1c568f-6e31-47ec-8f49-243e9169c839 ] Request (AttachVolumeTestJSON:test_attach_detach_volume): 200 GET http://10.180.1.21/compute/v2.1/servers/0adb8495-ecd0-4d70-99aa-bba0da313ab6 0.130s
2025-11-14 06:44:48.891 65694 INFO tempest.lib.common.rest_client [req-15501e0e-ea65-4a6d-b289-af79f25384d9 req-15501e0e-ea65-4a6d-b289-af79f25384d9 ] Request (ServerDiskConfigTestJSON:test_resize_server_from_auto_to_manual): 200 GET http://10.180.1.21/compute/v2.1/servers/2938f7b5-c311-4c6d-9629-d5b9fa0f4aa7 0.085s
2025-11-14 06:44:48.953 65718 INFO tempest.lib.common.rest_client [req-d34c365a-bdbb-4bc5-ad1e-1a9bda465a98 req-d34c365a-bdbb-4bc5-ad1e-1a9bda465a98 ] Request (ServersTestManualDisk:tearDownClass): 200 GET http://10.180.1.21/compute/v2.1/servers/960c1cca-b92a-4f9b-ae23-61d9767f71b3 0.135s
2025-11-14 06:44:49.001 65680 INFO tempest.lib.common.rest_client [req-cf1d0904-dd99-42fe-8f80-7f9ce3caa7f3 req-cf1d0904-dd99-42fe-8f80-7f9ce3caa7f3 ] Request (ServerActionsTestOtherA:test_rebuild_server_in_stop_state): 200 GET http://10.180.1.21/compute/v2.1/servers/8bdea480-f488-41e7-836d-e2b01c7cf752 0.158s
2025-11-14 06:44:49.003 65741 INFO tempest.lib.common.rest_client [req-a695789a-db07-4477-a0b4-4a9c623c8ab9 req-a695789a-db07-4477-a0b4-4a9c623c8ab9 ] Request (ImagesTestJSON:test_create_server_from_snapshot): 200 GET http://10.180.1.21/compute/v2.1/servers/88f8b978-8373-4bae-b431-635e03ef75f1 0.121s
2025-11-14 06:44:49.056 65743 INFO tempest.lib.common.rest_client [req-9d325011-b5d5-4dea-ba0f-9f6a42046d69 req-9d325011-b5d5-4dea-ba0f-9f6a42046d69 ] Request (ServerShowV247Test:tearDownClass): 200 GET http://10.180.1.21/compute/v2.1/servers/6654bf51-be7f-4e1f-978a-8550d152abf2 0.073s
2025-11-14 06:44:49.100 65680 INFO tempest.lib.common.rest_client [req-0ff54863-a1f3-4ef6-8e1b-bb14fbffef4d req-0ff54863-a1f3-4ef6-8e1b-bb14fbffef4d ] Request (ServerActionsTestOtherA:tearDown): 200 GET http://10.180.1.21/compute/v2.1/servers/67f43f45-fa21-4408-96af-dcac621e0839 0.091s
2025-11-14 06:44:49.145 65730 INFO tempest.lib.common.rest_client [req-a3ac93ee-5092-470f-85fb-8916ec5946cd req-a3ac93ee-5092-470f-85fb-8916ec5946cd ] Request (FloatingIPsAssociationTestJSON:test_associate_already_associated_floating_ip): 200 GET http://10.180.1.21/compute/v2.1/servers/ef7031d5-3193-49f8-85c5-62af7e8ad38c 0.128s
2025-11-14 06:44:49.147 65688 INFO tempest.lib.common.rest_client [req-16fa9bee-c089-4991-bb12-5f34f79bd60a req-16fa9bee-c089-4991-bb12-5f34f79bd60a ] Request (ServerActionsTestJSON:setUpClass): 200 GET http://10.180.1.21/compute/v2.1/servers/3af49ea5-1cd3-4c95-8af9-6f8ab948d25e 0.100s
2025-11-14 06:44:49.152 65730 INFO tempest.common.waiters [-] State transition "BUILD/block_device_mapping" ==> "BUILD/spawning" after 75 second wait
2025-11-14 06:44:49.194 65704 INFO tempest.lib.common.rest_client [req-3683cf1f-bb04-4d6f-b3de-3a447d9bf426 req-3683cf1f-bb04-4d6f-b3de-3a447d9bf426 ] Request (ServersAdminTestJSON:test_create_server_with_scheduling_hint): 200 GET http://10.180.1.21/compute/v2.1/servers/32194131-fd97-47f0-ae2e-b318d2ce6500 0.113s
2025-11-14 06:44:49.214 65680 INFO tempest.lib.common.rest_client [req-5010c818-bf48-4fd5-aa5c-1dc82a2c4d7a req-5010c818-bf48-4fd5-aa5c-1dc82a2c4d7a ] Request (ServerActionsTestOtherA:_run_cleanups): 204 DELETE http://10.180.1.21/compute/v2.1/servers/8bdea480-f488-41e7-836d-e2b01c7cf752 0.107s
2025-11-14 06:44:49.251 65724 INFO tempest.lib.common.rest_client [req-16295096-d6ec-4742-8c4b-b160c4ac916f req-16295096-d6ec-4742-8c4b-b160c4ac916f ] Request (ServerShowV254Test:test_rebuild_server): 200 GET http://10.180.1.21/compute/v2.1/servers/1bd5b06c-8504-47ca-8ac1-f8128c128a99 0.077s
2025-11-14 06:44:49.342 65680 INFO tempest.lib.common.rest_client [req-a372f575-71ea-4705-b985-146326b2adcd req-a372f575-71ea-4705-b985-146326b2adcd ] Request (ServerActionsTestOtherA:_run_cleanups): 200 GET http://10.180.1.21/compute/v2.1/servers/8bdea480-f488-41e7-836d-e2b01c7cf752 0.128s
2025-11-14 06:44:49.358 65720 INFO tempest.lib.common.rest_client [req-95f8b418-c454-44fa-b5a1-c3b5bd970419 req-95f8b418-c454-44fa-b5a1-c3b5bd970419 ] Request (ServerRescueNegativeTestJSON:setUpClass): 200 GET http://10.180.1.21/compute/v2.1/servers/61ca4102-85fb-448a-a48f-14f3ae834971 0.154s
2025-11-14 06:44:49.365 65720 INFO tempest.common.waiters [-] State transition "ACTIVE/rescuing" ==> "RESCUE/None" after 9 second wait
2025-11-14 06:44:49.393 65686 INFO tempest.lib.common.rest_client [req-6fe991ca-2a90-4bf6-b0ee-86032493360c req-6fe991ca-2a90-4bf6-b0ee-86032493360c ] Request (DeleteServersTestJSON:test_delete_server_while_in_attached_volume): 200 GET http://10.180.1.21/compute/v2.1/servers/4c2b9776-c467-4999-96b0-76c5b759107f 0.151s
2025-11-14 06:44:49.412 65734 INFO tempest.lib.common.rest_client [req-f0adaddc-b8bd-4b33-968e-7bce82524ec6 req-f0adaddc-b8bd-4b33-968e-7bce82524ec6 ] Request (ImagesOneServerNegativeTestJSON:_run_cleanups): 200 GET http://10.180.1.21/compute/v2.1/servers/40c90388-3f6a-4833-9b5a-9a33046b4b83 0.074s
2025-11-14 06:44:49.481 65720 INFO tempest.lib.common.rest_client [req-78fed210-4b22-4e25-afd8-e85c01de7346 req-78fed210-4b22-4e25-afd8-e85c01de7346 ] Request (ServerRescueNegativeTestJSON:setUpClass): 200 GET http://10.180.1.21/compute/v2.1/servers/c20da1f1-7e5f-4f98-b85f-1f69fcf4861a 0.115s
2025-11-14 06:44:49.532 65738 INFO tempest.lib.common.rest_client [req-dd1970ae-ce5d-4b1a-bce3-2eb771082f5d req-dd1970ae-ce5d-4b1a-bce3-2eb771082f5d ] Request (ServersTestJSON:setUpClass): 200 GET http://10.180.1.21/compute/v2.1/servers/38322b01-f89a-4683-9f06-f57b64626e55 0.139s
2025-11-14 06:44:49.541 65710 INFO tempest.lib.common.rest_client [req-91aadcf5-100d-46a5-a4a1-9d8bb6e5dd65 req-91aadcf5-100d-46a5-a4a1-9d8bb6e5dd65 ] Request (AttachVolumeShelveTestJSON:test_attach_volume_shelved_or_offload_server): 200 GET http://10.180.1.21/compute/v2.1/servers/855768b6-fee3-40b7-a474-e8b4f53ceb58 0.174s
2025-11-14 06:44:49.541 65738 INFO tempest.common.waiters [-] State transition "BUILD/None" ==> "BUILD/networking" after 70 second wait
2025-11-14 06:44:49.586 65684 INFO tempest.lib.common.rest_client [req-73816de1-5f0a-4467-9e9f-cda4755130f1 req-73816de1-5f0a-4467-9e9f-cda4755130f1 ] Request (MultipleCreateTestJSON:test_multiple_create): 200 GET http://10.180.1.21/compute/v2.1/servers/72439670-e663-4d36-8365-2e1d5f43b207 0.173s
2025-11-14 06:44:49.595 65720 INFO tempest.lib.common.rest_client [req-a8012e5e-e885-4fe4-81c4-059622bad8be req-a8012e5e-e885-4fe4-81c4-059622bad8be ] Request (ServerRescueNegativeTestJSON:test_rescue_non_existent_server): 404 POST http://10.180.1.21/compute/v2.1/servers/d4ec9001-991f-446e-9895-ce1521b220a6/action 0.106s
2025-11-14 06:44:49.599 65722 INFO tempest.lib.common.rest_client [req-b93dbae2-0d06-499d-b4c3-2c1675d7be6c req-b93dbae2-0d06-499d-b4c3-2c1675d7be6c ] Request (ListServerFiltersTestJSON:tearDownClass): 200 GET http://10.180.1.21/compute/v2.1/servers/74cae5f7-5ca5-4abb-91bf-a6f880d8be29 0.125s
2025-11-14 06:44:49.690 65706 INFO tempest.lib.common.rest_client [req-d36855e7-24c1-4702-9b59-21912196710c req-d36855e7-24c1-4702-9b59-21912196710c ] Request (ListImageFiltersTestJSON:tearDownClass): 200 GET http://10.180.1.21/compute/v2.1/servers/ba3ae724-7a21-41d4-b73e-c5a18e041e49 0.152s
2025-11-14 06:44:49.717 65690 INFO tempest.lib.common.rest_client [req-090b2142-26d7-4d43-aede-ececf7bd61f6 req-090b2142-26d7-4d43-aede-ececf7bd61f6 ] Request (MigrationsAdminTest:test_resize_server_revert_deleted_flavor): 200 GET http://10.180.1.21/compute/v2.1/servers/afb34eb2-0cfd-444b-9310-c9d97f90824d 0.219s
2025-11-14 06:44:49.749 65736 INFO tempest.lib.common.rest_client [req-f3cac3da-e5a9-41cd-8477-41449f901fed req-f3cac3da-e5a9-41cd-8477-41449f901fed ] Request (SecurityGroupsTestJSON:test_server_security_groups): 200 GET http://10.180.1.21/compute/v2.1/servers/4ced2f8b-4766-4d02-99af-afa21b26f72d 0.164s
2025-11-14 06:44:49.764 65720 INFO tempest.lib.common.rest_client [req-848f0665-699a-4438-ab80-e3422c355cad req-848f0665-699a-4438-ab80-e3422c355cad ] Request (ServerRescueNegativeTestJSON:test_rescued_vm_attach_volume): 202 POST http://10.180.1.21/volume/v3/volumes 0.168s
2025-11-14 06:44:49.771 65700 INFO tempest.lib.common.rest_client [req-ca17a8f3-4c5b-4dfe-9897-b113b8c33644 req-ca17a8f3-4c5b-4dfe-9897-b113b8c33644 ] Request (ServersTestMultiNic:test_verify_multiple_nics_order): 200 GET http://10.180.1.21/compute/v2.1/servers/00bcaa19-1456-4597-8d1e-25d3cfa8fab6 0.133s
2025-11-14 06:44:49.799 65720 INFO tempest.lib.common.rest_client [req-8bd3f4ea-66b9-4b5d-8379-8b38b434cf7f req-8bd3f4ea-66b9-4b5d-8379-8b38b434cf7f ] Request (ServerRescueNegativeTestJSON:test_rescued_vm_attach_volume): 200 GET http://10.180.1.21/volume/v3/volumes/fd783af9-7cb2-4267-ab05-1f2658978684 0.028s
2025-11-14 06:44:49.921 65712 INFO tempest.lib.common.rest_client [req-c0636dac-ef76-49cb-ac20-3e219b33e96e req-c0636dac-ef76-49cb-ac20-3e219b33e96e ] Request (ServerActionsTestOtherB:test_resize_server_confirm_from_stopped): 200 GET http://10.180.1.21/compute/v2.1/servers/0cced98e-68c1-4b63-b28b-094c93f99ac4 0.201s
2025-11-14 06:44:50.025 65708 INFO tempest.lib.common.rest_client [req-b87008a7-6ace-4341-b9f4-dc354ca8570d req-b87008a7-6ace-4341-b9f4-dc354ca8570d ] Request (ServersNegativeTestJSON:setUpClass): 200 GET http://10.180.1.21/compute/v2.1/servers/c6a0e01d-e1a7-47a2-b905-008d9e043a5b 0.194s
2025-11-14 06:44:50.106 65732 INFO tempest.lib.common.rest_client [req-b3a9d547-ed64-4b5b-9af7-45042d249dda req-b3a9d547-ed64-4b5b-9af7-45042d249dda ] Request (AttachVolumeTestJSON:test_attach_detach_volume): 200 GET http://10.180.1.21/compute/v2.1/servers/0adb8495-ecd0-4d70-99aa-bba0da313ab6 0.209s
2025-11-14 06:44:50.156 65714 INFO tempest.lib.common.rest_client [req-0dcbd6ed-c318-4155-a3b2-f70d392009b2 req-0dcbd6ed-c318-4155-a3b2-f70d392009b2 ] Request (ServersAdminNegativeTestJSON:setUpClass): 200 GET http://10.180.1.21/compute/v2.1/servers/233ce0fc-7349-45ff-aaff-0a75a989230c 0.415s
2025-11-14 06:44:50.166 65728 WARNING tempest.lib.common.ssh [-] Failed to establish authenticated ssh connection to cirros@10.180.180.230 ([Errno None] Unable to connect to port 22 on 10.180.180.230). Number attempts: 11. Retry after 12 seconds.: paramiko.ssh_exception.NoValidConnectionsError: [Errno None] Unable to connect to port 22 on 10.180.180.230
2025-11-14 06:44:50.190 65694 INFO tempest.lib.common.rest_client [req-6ab59e91-ab23-476f-9944-faa38b7634a1 req-6ab59e91-ab23-476f-9944-faa38b7634a1 ] Request (ServerDiskConfigTestJSON:test_resize_server_from_auto_to_manual): 200 GET http://10.180.1.21/compute/v2.1/servers/2938f7b5-c311-4c6d-9629-d5b9fa0f4aa7 0.290s
2025-11-14 06:44:50.234 65718 INFO tempest.lib.common.rest_client [req-c9061eab-0643-454b-8c83-b287a8aee716 req-c9061eab-0643-454b-8c83-b287a8aee716 ] Request (ServersTestManualDisk:tearDownClass): 200 GET http://10.180.1.21/compute/v2.1/servers/960c1cca-b92a-4f9b-ae23-61d9767f71b3 0.273s
2025-11-14 06:44:50.248 65741 INFO tempest.lib.common.rest_client [req-42b0ab1a-f0c1-4cdc-bdd0-51709c15e31b req-42b0ab1a-f0c1-4cdc-bdd0-51709c15e31b ] Request (ImagesTestJSON:test_create_server_from_snapshot): 200 GET http://10.180.1.21/compute/v2.1/servers/88f8b978-8373-4bae-b431-635e03ef75f1 0.238s
2025-11-14 06:44:50.295 65743 INFO tempest.lib.common.rest_client [req-b3417356-fbba-4e65-b2b9-73117a21a6d6 req-b3417356-fbba-4e65-b2b9-73117a21a6d6 ] Request (ServerShowV247Test:tearDownClass): 200 GET http://10.180.1.21/compute/v2.1/servers/6654bf51-be7f-4e1f-978a-8550d152abf2 0.230s
2025-11-14 06:44:50.350 65688 INFO tempest.lib.common.rest_client [req-dfc8726a-8ccc-4a7c-92e0-b39a446e9d98 req-dfc8726a-8ccc-4a7c-92e0-b39a446e9d98 ] Request (ServerActionsTestJSON:setUpClass): 200 GET http://10.180.1.21/compute/v2.1/servers/3af49ea5-1cd3-4c95-8af9-6f8ab948d25e 0.194s
2025-11-14 06:44:50.372 65730 INFO tempest.lib.common.rest_client [req-83c251b1-d17b-460f-8d6e-9abf7a0cee99 req-83c251b1-d17b-460f-8d6e-9abf7a0cee99 ] Request (FloatingIPsAssociationTestJSON:test_associate_already_associated_floating_ip): 200 GET http://10.180.1.21/compute/v2.1/servers/ef7031d5-3193-49f8-85c5-62af7e8ad38c 0.219s
2025-11-14 06:44:50.404 65704 INFO tempest.lib.common.rest_client [req-5d15bd98-a198-4c3a-b3f4-232fc6d47cb5 req-5d15bd98-a198-4c3a-b3f4-232fc6d47cb5 ] Request (ServersAdminTestJSON:test_create_server_with_scheduling_hint): 200 GET http://10.180.1.21/compute/v2.1/servers/32194131-fd97-47f0-ae2e-b318d2ce6500 0.203s
2025-11-14 06:44:50.431 65724 INFO tempest.lib.common.rest_client [req-e46d321e-693f-4785-b3a2-ea2429c9f96d req-e46d321e-693f-4785-b3a2-ea2429c9f96d ] Request (ServerShowV254Test:test_rebuild_server): 200 GET http://10.180.1.21/compute/v2.1/servers/1bd5b06c-8504-47ca-8ac1-f8128c128a99 0.170s
2025-11-14 06:44:50.493 65686 INFO tempest.lib.common.rest_client [req-acfdf6e4-9115-4373-ae9b-0ca478f522ca req-acfdf6e4-9115-4373-ae9b-0ca478f522ca ] Request (DeleteServersTestJSON:test_delete_server_while_in_attached_volume): 200 GET http://10.180.1.21/compute/v2.1/servers/4c2b9776-c467-4999-96b0-76c5b759107f 0.093s
2025-11-14 06:44:50.522 65680 INFO tempest.lib.common.rest_client [req-f11568d6-e0bd-4b43-b544-d59378ba3aa2 req-f11568d6-e0bd-4b43-b544-d59378ba3aa2 ] Request (ServerActionsTestOtherA:_run_cleanups): 200 GET http://10.180.1.21/compute/v2.1/servers/8bdea480-f488-41e7-836d-e2b01c7cf752 0.171s
2025-11-14 06:44:50.547 65734 INFO tempest.lib.common.rest_client [req-f62808e5-ec4a-406d-aaee-5ff4e72b8f7b req-f62808e5-ec4a-406d-aaee-5ff4e72b8f7b ] Request (ImagesOneServerNegativeTestJSON:_run_cleanups): 200 GET http://10.180.1.21/compute/v2.1/servers/40c90388-3f6a-4833-9b5a-9a33046b4b83 0.126s
2025-11-14 06:44:50.708 65738 INFO tempest.lib.common.rest_client [req-193b4c0e-128c-4243-8f67-3714209b6ff6 req-193b4c0e-128c-4243-8f67-3714209b6ff6 ] Request (ServersTestJSON:setUpClass): 200 GET http://10.180.1.21/compute/v2.1/servers/38322b01-f89a-4683-9f06-f57b64626e55 0.166s
2025-11-14 06:44:50.716 65738 INFO tempest.common.waiters [-] State transition "BUILD/networking" ==> "BUILD/block_device_mapping" after 71 second wait
2025-11-14 06:44:50.737 65710 INFO tempest.lib.common.rest_client [req-118c4d50-ba91-4d50-8bf5-7f9e5c28178e req-118c4d50-ba91-4d50-8bf5-7f9e5c28178e ] Request (AttachVolumeShelveTestJSON:test_attach_volume_shelved_or_offload_server): 200 GET http://10.180.1.21/compute/v2.1/servers/855768b6-fee3-40b7-a474-e8b4f53ceb58 0.187s
2025-11-14 06:44:50.759 65684 INFO tempest.lib.common.rest_client [req-d0514127-e512-4606-8cd0-6adf0a14789e req-d0514127-e512-4606-8cd0-6adf0a14789e ] Request (MultipleCreateTestJSON:test_multiple_create): 200 GET http://10.180.1.21/compute/v2.1/servers/72439670-e663-4d36-8365-2e1d5f43b207 0.165s
2025-11-14 06:44:50.802 65722 INFO tempest.lib.common.rest_client [req-1a96a96f-8c98-46e8-8987-0e5891d60a47 req-1a96a96f-8c98-46e8-8987-0e5891d60a47 ] Request (ListServerFiltersTestJSON:tearDownClass): 200 GET http://10.180.1.21/compute/v2.1/servers/74cae5f7-5ca5-4abb-91bf-a6f880d8be29 0.195s
2025-11-14 06:44:50.818 65706 INFO tempest.lib.common.rest_client [req-b66f6278-910d-4d0c-86f8-6fd924a2fec1 req-b66f6278-910d-4d0c-86f8-6fd924a2fec1 ] Request (ListImageFiltersTestJSON:tearDownClass): 200 GET http://10.180.1.21/compute/v2.1/servers/ba3ae724-7a21-41d4-b73e-c5a18e041e49 0.119s
2025-11-14 06:44:50.841 65720 INFO tempest.lib.common.rest_client [req-c5700fab-f5ad-480d-b9cd-734cd4facedb req-c5700fab-f5ad-480d-b9cd-734cd4facedb ] Request (ServerRescueNegativeTestJSON:test_rescued_vm_attach_volume): 200 GET http://10.180.1.21/volume/v3/volumes/fd783af9-7cb2-4267-ab05-1f2658978684 0.032s
2025-11-14 06:44:50.849 65720 INFO tempest.common.waiters [-] volume fd783af9-7cb2-4267-ab05-1f2658978684 reached available after waiting for 1.848996 seconds
2025-11-14 06:44:50.967 65690 INFO tempest.lib.common.rest_client [req-ac59ee67-6ae1-4d77-90c8-84cb3dc7e2fb req-ac59ee67-6ae1-4d77-90c8-84cb3dc7e2fb ] Request (MigrationsAdminTest:test_resize_server_revert_deleted_flavor): 200 GET http://10.180.1.21/compute/v2.1/servers/afb34eb2-0cfd-444b-9310-c9d97f90824d 0.241s
2025-11-14 06:44:50.982 65736 INFO tempest.lib.common.rest_client [req-491632d8-6c49-4f73-b9a2-ff9e2ddc0f9c req-491632d8-6c49-4f73-b9a2-ff9e2ddc0f9c ] Request (SecurityGroupsTestJSON:test_server_security_groups): 200 GET http://10.180.1.21/compute/v2.1/servers/4ced2f8b-4766-4d02-99af-afa21b26f72d 0.224s
2025-11-14 06:44:51.077 65720 INFO tempest.lib.common.rest_client [req-ac5b0324-26a3-4110-91a1-dadb6857ef16 req-ac5b0324-26a3-4110-91a1-dadb6857ef16 ] Request (ServerRescueNegativeTestJSON:test_rescued_vm_attach_volume): 200 POST http://10.180.1.21/compute/v2.1/servers/c20da1f1-7e5f-4f98-b85f-1f69fcf4861a/action 0.228s
2025-11-14 06:44:51.270 65700 INFO tempest.lib.common.rest_client [req-deff7bec-f0b8-4d4d-a778-de0b8ac2dba7 req-deff7bec-f0b8-4d4d-a778-de0b8ac2dba7 ] Request (ServersTestMultiNic:test_verify_multiple_nics_order): 200 GET http://10.180.1.21/compute/v2.1/servers/00bcaa19-1456-4597-8d1e-25d3cfa8fab6 0.489s
2025-11-14 06:44:51.337 65708 INFO tempest.lib.common.rest_client [req-6bd5b018-4012-4094-8c6d-f6fcf4cbbea8 req-6bd5b018-4012-4094-8c6d-f6fcf4cbbea8 ] Request (ServersNegativeTestJSON:setUpClass): 200 GET http://10.180.1.21/compute/v2.1/servers/c6a0e01d-e1a7-47a2-b905-008d9e043a5b 0.294s
2025-11-14 06:44:51.358 65712 INFO tempest.lib.common.rest_client [req-f4afa067-7a0f-4d6b-9c72-65bb4d575e1b req-f4afa067-7a0f-4d6b-9c72-65bb4d575e1b ] Request (ServerActionsTestOtherB:test_resize_server_confirm_from_stopped): 200 GET http://10.180.1.21/compute/v2.1/servers/0cced98e-68c1-4b63-b28b-094c93f99ac4 0.423s
2025-11-14 06:44:51.464 65732 INFO tempest.lib.common.rest_client [req-2414911f-3a73-4854-b052-c3e21b2848ac req-2414911f-3a73-4854-b052-c3e21b2848ac ] Request (AttachVolumeTestJSON:test_attach_detach_volume): 200 GET http://10.180.1.21/compute/v2.1/servers/0adb8495-ecd0-4d70-99aa-bba0da313ab6 0.348s
2025-11-14 06:44:51.487 65720 INFO tempest.lib.common.rest_client [req-dcda0766-5862-4f5f-bbc9-f8a942562685 req-dcda0766-5862-4f5f-bbc9-f8a942562685 ] Request (ServerRescueNegativeTestJSON:test_rescued_vm_attach_volume): 200 GET http://10.180.1.21/compute/v2.1/servers/c20da1f1-7e5f-4f98-b85f-1f69fcf4861a 0.409s
2025-11-14 06:44:51.519 65714 INFO tempest.lib.common.rest_client [req-5be6b6c6-0a34-4e50-8bc1-4800d5af6add req-5be6b6c6-0a34-4e50-8bc1-4800d5af6add ] Request (ServersAdminNegativeTestJSON:setUpClass): 200 GET http://10.180.1.21/compute/v2.1/servers/233ce0fc-7349-45ff-aaff-0a75a989230c 0.346s
2025-11-14 06:44:51.554 65694 INFO tempest.lib.common.rest_client [req-0d5f6db7-2fcb-4405-9f9b-0d4aa82065d9 req-0d5f6db7-2fcb-4405-9f9b-0d4aa82065d9 ] Request (ServerDiskConfigTestJSON:test_resize_server_from_auto_to_manual): 200 GET http://10.180.1.21/compute/v2.1/servers/2938f7b5-c311-4c6d-9629-d5b9fa0f4aa7 0.355s
2025-11-14 06:44:51.597 65718 INFO tempest.lib.common.rest_client [req-cdaa9b34-db55-477f-a67b-e2dded04b381 req-cdaa9b34-db55-477f-a67b-e2dded04b381 ] Request (ServersTestManualDisk:tearDownClass): 200 GET http://10.180.1.21/compute/v2.1/servers/960c1cca-b92a-4f9b-ae23-61d9767f71b3 0.355s
2025-11-14 06:44:51.641 65741 INFO tempest.lib.common.rest_client [req-86033769-cc36-42a6-b5e8-0700186ef2ff req-86033769-cc36-42a6-b5e8-0700186ef2ff ] Request (ImagesTestJSON:test_create_server_from_snapshot): 200 GET http://10.180.1.21/compute/v2.1/servers/88f8b978-8373-4bae-b431-635e03ef75f1 0.383s
2025-11-14 06:44:51.695 65743 INFO tempest.lib.common.rest_client [req-aaaa2cff-9379-45c8-8d79-9e6d8f7d5f66 req-aaaa2cff-9379-45c8-8d79-9e6d8f7d5f66 ] Request (ServerShowV247Test:tearDownClass): 200 GET http://10.180.1.21/compute/v2.1/servers/6654bf51-be7f-4e1f-978a-8550d152abf2 0.391s
2025-11-14 06:44:51.737 65688 INFO tempest.lib.common.rest_client [req-509d0967-08f6-496d-a9c3-924905633b53 req-509d0967-08f6-496d-a9c3-924905633b53 ] Request (ServerActionsTestJSON:setUpClass): 200 GET http://10.180.1.21/compute/v2.1/servers/3af49ea5-1cd3-4c95-8af9-6f8ab948d25e 0.374s
2025-11-14 06:44:51.804 65704 INFO tempest.lib.common.rest_client [req-48c76b74-40ac-407b-982b-0ae774c6e237 req-48c76b74-40ac-407b-982b-0ae774c6e237 ] Request (ServersAdminTestJSON:test_create_server_with_scheduling_hint): 200 GET http://10.180.1.21/compute/v2.1/servers/32194131-fd97-47f0-ae2e-b318d2ce6500 0.390s
2025-11-14 06:44:51.831 65730 INFO tempest.lib.common.rest_client [req-18219c4d-ddab-4a7c-baa3-f68ca38e754b req-18219c4d-ddab-4a7c-baa3-f68ca38e754b ] Request (FloatingIPsAssociationTestJSON:test_associate_already_associated_floating_ip): 200 GET http://10.180.1.21/compute/v2.1/servers/ef7031d5-3193-49f8-85c5-62af7e8ad38c 0.450s
2025-11-14 06:44:51.863 65724 INFO tempest.lib.common.rest_client [req-bf5e3a94-332e-48d9-aad6-07a4e7b78f8e req-bf5e3a94-332e-48d9-aad6-07a4e7b78f8e ] Request (ServerShowV254Test:test_rebuild_server): 200 GET http://10.180.1.21/compute/v2.1/servers/1bd5b06c-8504-47ca-8ac1-f8128c128a99 0.420s
2025-11-14 06:44:51.887 65686 INFO tempest.lib.common.rest_client [req-d341f64f-4d7a-4a34-9d5c-d60d83687ea6 req-d341f64f-4d7a-4a34-9d5c-d60d83687ea6 ] Request (DeleteServersTestJSON:test_delete_server_while_in_attached_volume): 200 GET http://10.180.1.21/compute/v2.1/servers/4c2b9776-c467-4999-96b0-76c5b759107f 0.384s
2025-11-14 06:44:51.929 65680 INFO tempest.lib.common.rest_client [req-94af1847-1c2a-48a2-b833-eb31af0fc693 req-94af1847-1c2a-48a2-b833-eb31af0fc693 ] Request (ServerActionsTestOtherA:_run_cleanups): 200 GET http://10.180.1.21/compute/v2.1/servers/8bdea480-f488-41e7-836d-e2b01c7cf752 0.398s
2025-11-14 06:44:51.936 65734 INFO tempest.lib.common.rest_client [req-ec3d4944-3679-4196-8d30-516082f88850 req-ec3d4944-3679-4196-8d30-516082f88850 ] Request (ImagesOneServerNegativeTestJSON:_run_cleanups): 200 GET http://10.180.1.21/compute/v2.1/servers/40c90388-3f6a-4833-9b5a-9a33046b4b83 0.380s
2025-11-14 06:44:52.051 65738 INFO tempest.lib.common.rest_client [req-a0a95a05-88e5-4cb0-a025-52aa51bdbc80 req-a0a95a05-88e5-4cb0-a025-52aa51bdbc80 ] Request (ServersTestJSON:setUpClass): 200 GET http://10.180.1.21/compute/v2.1/servers/38322b01-f89a-4683-9f06-f57b64626e55 0.334s
2025-11-14 06:44:52.053 65710 INFO tempest.lib.common.rest_client [req-6763efbc-dac3-442e-809e-d6cf893b87c2 req-6763efbc-dac3-442e-809e-d6cf893b87c2 ] Request (AttachVolumeShelveTestJSON:test_attach_volume_shelved_or_offload_server): 200 GET http://10.180.1.21/compute/v2.1/servers/855768b6-fee3-40b7-a474-e8b4f53ceb58 0.300s
2025-11-14 06:44:52.059 65738 INFO tempest.common.waiters [-] State transition "BUILD/block_device_mapping" ==> "BUILD/spawning" after 73 second wait
2025-11-14 06:44:52.105 65684 INFO tempest.lib.common.rest_client [req-cd87b7ae-d43c-44bd-9cb0-602312bec5cd req-cd87b7ae-d43c-44bd-9cb0-602312bec5cd ] Request (MultipleCreateTestJSON:test_multiple_create): 200 GET http://10.180.1.21/compute/v2.1/servers/72439670-e663-4d36-8365-2e1d5f43b207 0.338s
2025-11-14 06:44:52.113 65722 INFO tempest.lib.common.rest_client [req-0805a527-dedd-4e81-892d-4d39d3f8d5d5 req-0805a527-dedd-4e81-892d-4d39d3f8d5d5 ] Request (ListServerFiltersTestJSON:tearDownClass): 200 GET http://10.180.1.21/compute/v2.1/servers/74cae5f7-5ca5-4abb-91bf-a6f880d8be29 0.300s
2025-11-14 06:44:52.164 65706 INFO tempest.lib.common.rest_client [req-cf2edf61-2eeb-4834-8949-c51050737589 req-cf2edf61-2eeb-4834-8949-c51050737589 ] Request (ListImageFiltersTestJSON:tearDownClass): 200 GET http://10.180.1.21/compute/v2.1/servers/ba3ae724-7a21-41d4-b73e-c5a18e041e49 0.337s
2025-11-14 06:44:52.182 65736 INFO tempest.lib.common.rest_client [req-4e0f675e-7944-4e2d-a34a-061187b6db08 req-4e0f675e-7944-4e2d-a34a-061187b6db08 ] Request (SecurityGroupsTestJSON:test_server_security_groups): 404 GET http://10.180.1.21/compute/v2.1/servers/4ced2f8b-4766-4d02-99af-afa21b26f72d 0.192s
2025-11-14 06:44:52.226 65690 INFO tempest.lib.common.rest_client [req-dc5e3f14-e2b4-4b5e-b2ca-396b32a3240f req-dc5e3f14-e2b4-4b5e-b2ca-396b32a3240f ] Request (MigrationsAdminTest:test_resize_server_revert_deleted_flavor): 200 GET http://10.180.1.21/compute/v2.1/servers/afb34eb2-0cfd-444b-9310-c9d97f90824d 0.248s
2025-11-14 06:44:52.316 65736 INFO tempest.lib.common.rest_client [req-6b9173a3-39f6-4c1a-ac0f-36cb93763575 req-6b9173a3-39f6-4c1a-ac0f-36cb93763575 ] Request (SecurityGroupsTestJSON:test_server_security_groups): 202 DELETE http://10.180.1.21/compute/v2.1/os-security-groups/df60b3b7-a928-4d44-8a9e-0fb83f522e16 0.132s
2025-11-14 06:44:52.337 65700 INFO tempest.lib.common.rest_client [req-3ceda8a9-dac1-4f33-a9ef-4f91e4a1d797 req-3ceda8a9-dac1-4f33-a9ef-4f91e4a1d797 ] Request (ServersTestMultiNic:test_verify_multiple_nics_order): 200 GET http://10.180.1.21/compute/v2.1/servers/00bcaa19-1456-4597-8d1e-25d3cfa8fab6 0.057s
2025-11-14 06:44:52.401 65708 INFO tempest.lib.common.rest_client [req-1125edff-a366-4c55-be00-cc922917195b req-1125edff-a366-4c55-be00-cc922917195b ] Request (ServersNegativeTestJSON:setUpClass): 200 GET http://10.180.1.21/compute/v2.1/servers/c6a0e01d-e1a7-47a2-b905-008d9e043a5b 0.056s
2025-11-14 06:44:52.419 65736 INFO tempest.lib.common.rest_client [req-0beead18-b9f7-415d-8a7a-d7c87051621e req-0beead18-b9f7-415d-8a7a-d7c87051621e ] Request (SecurityGroupsTestJSON:test_server_security_groups): 202 DELETE http://10.180.1.21/compute/v2.1/os-security-groups/bd87a172-9e18-4eb7-aeaf-9dfe8525167b 0.103s
2025-11-14 06:44:52.509 65712 INFO tempest.lib.common.rest_client [req-00050ca0-1f2e-4258-ad6c-0a380a6412ea req-00050ca0-1f2e-4258-ad6c-0a380a6412ea ] Request (ServerActionsTestOtherB:test_resize_server_confirm_from_stopped): 200 GET http://10.180.1.21/compute/v2.1/servers/0cced98e-68c1-4b63-b28b-094c93f99ac4 0.142s
2025-11-14 06:44:52.565 65736 INFO tempest.lib.common.rest_client [req-a183eade-c349-4600-a5b2-9bfe6f19340b req-a183eade-c349-4600-a5b2-9bfe6f19340b ] Request (SecurityGroupsTestJSON:test_update_security_groups): 200 POST http://10.180.1.21/compute/v2.1/os-security-groups 0.144s
2025-11-14 06:44:52.604 65732 INFO tempest.lib.common.rest_client [req-7b132eeb-7927-48a2-92b5-732b2841d101 req-7b132eeb-7927-48a2-92b5-732b2841d101 ] Request (AttachVolumeTestJSON:test_attach_detach_volume): 200 GET http://10.180.1.21/compute/v2.1/servers/0adb8495-ecd0-4d70-99aa-bba0da313ab6 0.133s
2025-11-14 06:44:52.723 65714 INFO tempest.lib.common.rest_client [req-69726935-ab35-4916-a0bd-8cac474280b4 req-69726935-ab35-4916-a0bd-8cac474280b4 ] Request (ServersAdminNegativeTestJSON:setUpClass): 200 GET http://10.180.1.21/compute/v2.1/servers/233ce0fc-7349-45ff-aaff-0a75a989230c 0.194s
2025-11-14 06:44:52.857 65694 INFO tempest.lib.common.rest_client [req-4fc48d37-a216-4ec2-83cf-4e109597d569 req-4fc48d37-a216-4ec2-83cf-4e109597d569 ] Request (ServerDiskConfigTestJSON:test_resize_server_from_auto_to_manual): 200 GET http://10.180.1.21/compute/v2.1/servers/2938f7b5-c311-4c6d-9629-d5b9fa0f4aa7 0.293s
2025-11-14 06:44:52.896 65720 INFO tempest.lib.common.rest_client [req-e5edc367-f5c7-4a26-bedd-0c64cf784f14 req-e5edc367-f5c7-4a26-bedd-0c64cf784f14 ] Request (ServerRescueNegativeTestJSON:test_rescued_vm_attach_volume): 200 GET http://10.180.1.21/compute/v2.1/servers/c20da1f1-7e5f-4f98-b85f-1f69fcf4861a 0.397s
2025-11-14 06:44:53.026 65736 INFO tempest.lib.common.rest_client [req-07e666ea-3192-4f3f-a947-ca10daf88514 req-07e666ea-3192-4f3f-a947-ca10daf88514 ] Request (SecurityGroupsTestJSON:test_update_security_groups): 200 PUT http://10.180.1.21/compute/v2.1/os-security-groups/4202e78a-8d8a-4b99-a24c-9408a32044a0 0.458s
2025-11-14 06:44:53.055 65718 INFO tempest.lib.common.rest_client [req-4c3fe583-9021-4161-b156-b754e8187d84 req-4c3fe583-9021-4161-b156-b754e8187d84 ] Request (ServersTestManualDisk:tearDownClass): 200 GET http://10.180.1.21/compute/v2.1/servers/960c1cca-b92a-4f9b-ae23-61d9767f71b3 0.445s
2025-11-14 06:44:53.103 65741 INFO tempest.lib.common.rest_client [req-a9be95b5-8096-4405-8438-0a83ccee0c45 req-a9be95b5-8096-4405-8438-0a83ccee0c45 ] Request (ImagesTestJSON:test_create_server_from_snapshot): 200 GET http://10.180.1.21/compute/v2.1/servers/88f8b978-8373-4bae-b431-635e03ef75f1 0.450s
2025-11-14 06:44:53.148 65743 INFO tempest.lib.common.rest_client [req-bf31cb4c-7388-4bf1-a72a-2887f8eb0619 req-bf31cb4c-7388-4bf1-a72a-2887f8eb0619 ] Request (ServerShowV247Test:tearDownClass): 200 GET http://10.180.1.21/compute/v2.1/servers/6654bf51-be7f-4e1f-978a-8550d152abf2 0.443s
2025-11-14 06:44:53.250 65704 INFO tempest.lib.common.rest_client [req-5fcce4fe-6496-4767-a478-96e0a09c8e03 req-5fcce4fe-6496-4767-a478-96e0a09c8e03 ] Request (ServersAdminTestJSON:test_create_server_with_scheduling_hint): 200 GET http://10.180.1.21/compute/v2.1/servers/32194131-fd97-47f0-ae2e-b318d2ce6500 0.438s
2025-11-14 06:44:53.282 65688 INFO tempest.lib.common.rest_client [req-74dc869e-5dac-448b-b760-0e0653e08461 req-74dc869e-5dac-448b-b760-0e0653e08461 ] Request (ServerActionsTestJSON:setUpClass): 200 GET http://10.180.1.21/compute/v2.1/servers/3af49ea5-1cd3-4c95-8af9-6f8ab948d25e 0.531s
2025-11-14 06:44:53.291 65688 INFO tempest.common.waiters [-] State transition "BUILD/None" ==> "BUILD/block_device_mapping" after 71 second wait
2025-11-14 06:44:53.385 65724 INFO tempest.lib.common.rest_client [req-1990e45f-3423-4230-93d0-61c3c0c651dc req-1990e45f-3423-4230-93d0-61c3c0c651dc ] Request (ServerShowV254Test:test_rebuild_server): 200 GET http://10.180.1.21/compute/v2.1/servers/1bd5b06c-8504-47ca-8ac1-f8128c128a99 0.511s
2025-11-14 06:44:53.410 65730 INFO tempest.lib.common.rest_client [req-912a4ee2-9906-4483-aa42-e73a180db327 req-912a4ee2-9906-4483-aa42-e73a180db327 ] Request (FloatingIPsAssociationTestJSON:test_associate_already_associated_floating_ip): 200 GET http://10.180.1.21/compute/v2.1/servers/ef7031d5-3193-49f8-85c5-62af7e8ad38c 0.571s
2025-11-14 06:44:53.448 65686 INFO tempest.lib.common.rest_client [req-7a54ceb8-df10-4ba6-b0ac-14349c137b5b req-7a54ceb8-df10-4ba6-b0ac-14349c137b5b ] Request (DeleteServersTestJSON:test_delete_server_while_in_attached_volume): 200 GET http://10.180.1.21/compute/v2.1/servers/4c2b9776-c467-4999-96b0-76c5b759107f 0.551s
2025-11-14 06:44:53.470 65680 INFO tempest.lib.common.rest_client [req-13e4672f-48d3-4694-9446-f040a5e31591 req-13e4672f-48d3-4694-9446-f040a5e31591 ] Request (ServerActionsTestOtherA:_run_cleanups): 200 GET http://10.180.1.21/compute/v2.1/servers/8bdea480-f488-41e7-836d-e2b01c7cf752 0.534s
2025-11-14 06:44:53.478 65680 INFO tempest.common.waiters [-] State transition "SHUTOFF/deleting" ==> "DELETED/None" after 4 second wait
2025-11-14 06:44:53.499 65734 INFO tempest.lib.common.rest_client [req-d317d226-0496-4af3-9d91-386209a3014d req-d317d226-0496-4af3-9d91-386209a3014d ] Request (ImagesOneServerNegativeTestJSON:_run_cleanups): 200 GET http://10.180.1.21/compute/v2.1/servers/40c90388-3f6a-4833-9b5a-9a33046b4b83 0.552s
2025-11-14 06:44:53.513 65736 INFO tempest.lib.common.rest_client [req-36a461f6-1190-4a0a-9ff8-e6b340fc114a req-36a461f6-1190-4a0a-9ff8-e6b340fc114a ] Request (SecurityGroupsTestJSON:test_update_security_groups): 200 GET http://10.180.1.21/compute/v2.1/os-security-groups/4202e78a-8d8a-4b99-a24c-9408a32044a0 0.483s
2025-11-14 06:44:53.616 65738 INFO tempest.lib.common.rest_client [req-a713d2af-7ba5-4160-943c-3e500b7ffe7c req-a713d2af-7ba5-4160-943c-3e500b7ffe7c ] Request (ServersTestJSON:setUpClass): 200 GET http://10.180.1.21/compute/v2.1/servers/38322b01-f89a-4683-9f06-f57b64626e55 0.554s
2025-11-14 06:44:53.638 65710 INFO tempest.lib.common.rest_client [req-18181cc0-8217-483c-b1a2-8da94d5b713c req-18181cc0-8217-483c-b1a2-8da94d5b713c ] Request (AttachVolumeShelveTestJSON:test_attach_volume_shelved_or_offload_server): 200 GET http://10.180.1.21/compute/v2.1/servers/855768b6-fee3-40b7-a474-e8b4f53ceb58 0.574s
2025-11-14 06:44:53.647 65710 INFO tempest.common.waiters [-] State transition "BUILD/spawning" ==> "ACTIVE/None" after 86 second wait
2025-11-14 06:44:53.659 65722 INFO tempest.lib.common.rest_client [req-a353f023-e248-4e8f-9f90-555efe92d117 req-a353f023-e248-4e8f-9f90-555efe92d117 ] Request (ListServerFiltersTestJSON:tearDownClass): 404 GET http://10.180.1.21/compute/v2.1/servers/74cae5f7-5ca5-4abb-91bf-a6f880d8be29 0.537s
2025-11-14 06:44:53.668 65684 INFO tempest.lib.common.rest_client [req-1cb47d37-7104-4fd2-8fb7-abe6d0515501 req-1cb47d37-7104-4fd2-8fb7-abe6d0515501 ] Request (MultipleCreateTestJSON:test_multiple_create): 200 GET http://10.180.1.21/compute/v2.1/servers/72439670-e663-4d36-8365-2e1d5f43b207 0.553s
2025-11-14 06:44:53.712 65706 INFO tempest.lib.common.rest_client [req-f295af58-9eec-45ec-a729-f7015a043242 req-f295af58-9eec-45ec-a729-f7015a043242 ] Request (ListImageFiltersTestJSON:tearDownClass): 200 GET http://10.180.1.21/compute/v2.1/servers/ba3ae724-7a21-41d4-b73e-c5a18e041e49 0.541s
2025-11-14 06:44:53.803 65690 INFO tempest.lib.common.rest_client [req-0b52c2a8-6abe-434f-9bb7-428d8ae97821 req-0b52c2a8-6abe-434f-9bb7-428d8ae97821 ] Request (MigrationsAdminTest:test_resize_server_revert_deleted_flavor): 200 GET http://10.180.1.21/compute/v2.1/servers/afb34eb2-0cfd-444b-9310-c9d97f90824d 0.568s
2025-11-14 06:44:53.810 65690 INFO tempest.common.waiters [-] State transition "RESIZE/resize_migrating" ==> "RESIZE/resize_migrated" after 67 second wait
2025-11-14 06:44:53.818 65700 INFO tempest.lib.common.rest_client [req-99cd3001-3235-410e-a2e5-c362a738515a req-99cd3001-3235-410e-a2e5-c362a738515a ] Request (ServersTestMultiNic:test_verify_multiple_nics_order): 200 GET http://10.180.1.21/compute/v2.1/servers/00bcaa19-1456-4597-8d1e-25d3cfa8fab6 0.473s
2025-11-14 06:44:53.827 65700 INFO tempest.common.waiters [-] State transition "BUILD/scheduling" ==> "BUILD/None" after 33 second wait
2025-11-14 06:44:54.389 65708 INFO tempest.lib.common.rest_client [req-1dac6af4-e462-4234-83a8-0296445a5270 req-1dac6af4-e462-4234-83a8-0296445a5270 ] Request (ServersNegativeTestJSON:setUpClass): 200 GET http://10.180.1.21/compute/v2.1/servers/c6a0e01d-e1a7-47a2-b905-008d9e043a5b 0.981s
2025-11-14 06:44:54.483 65736 INFO tempest.lib.common.rest_client [req-bc045afd-7598-4146-a555-ee785102b494 req-bc045afd-7598-4146-a555-ee785102b494 ] Request (SecurityGroupsTestJSON:tearDownClass): 202 DELETE http://10.180.1.21/compute/v2.1/os-security-groups/4202e78a-8d8a-4b99-a24c-9408a32044a0 0.967s
2025-11-14 06:44:54.628 65732 INFO tempest.lib.common.rest_client [req-de9d6c19-d108-41e4-a9ec-afe1881525b8 req-de9d6c19-d108-41e4-a9ec-afe1881525b8 ] Request (AttachVolumeTestJSON:test_attach_detach_volume): 200 GET http://10.180.1.21/compute/v2.1/servers/0adb8495-ecd0-4d70-99aa-bba0da313ab6 1.009s
2025-11-14 06:44:54.657 65712 INFO tempest.lib.common.rest_client [req-200620e4-47a8-470c-865e-905d359018e5 req-200620e4-47a8-470c-865e-905d359018e5 ] Request (ServerActionsTestOtherB:test_resize_server_confirm_from_stopped): 200 GET http://10.180.1.21/compute/v2.1/servers/0cced98e-68c1-4b63-b28b-094c93f99ac4 1.137s
2025-11-14 06:44:54.769 65710 INFO tempest.lib.common.rest_client [req-45e2032b-2497-4270-aa04-2f74a6431488 req-45e2032b-2497-4270-aa04-2f74a6431488 ] Request (AttachVolumeShelveTestJSON:test_attach_volume_shelved_or_offload_server): 200 GET http://10.180.1.21/compute/v2.1/servers/855768b6-fee3-40b7-a474-e8b4f53ceb58/os-interface 1.122s
2025-11-14 06:44:54.777 65722 INFO tempest.lib.common.rest_client [req-fbb63aab-5b56-47c8-a668-e1bd391c7c2f req-fbb63aab-5b56-47c8-a668-e1bd391c7c2f ] Request (ListServerFiltersTestJSON:tearDownClass): 204 DELETE http://10.180.1.21/compute/v2.1/servers/b5622ba1-1e4d-4b8d-a1d1-1ce6b3ad63bd 1.117s
2025-11-14 06:44:54.851 65694 INFO tempest.lib.common.rest_client [req-2dec56c0-92f2-4501-b310-7e0cc0a007da req-2dec56c0-92f2-4501-b310-7e0cc0a007da ] Request (ServerDiskConfigTestJSON:test_resize_server_from_auto_to_manual): 200 GET http://10.180.1.21/compute/v2.1/servers/2938f7b5-c311-4c6d-9629-d5b9fa0f4aa7 0.986s
2025-11-14 06:44:54.859 65694 INFO tempest.common.waiters [-] State transition "BUILD/None" ==> "BUILD/networking" after 72 second wait
2025-11-14 06:44:55.249 65714 INFO tempest.lib.common.rest_client [req-42aef733-b200-4efd-80c5-e6981d8b7ff0 req-42aef733-b200-4efd-80c5-e6981d8b7ff0 ] Request (ServersAdminNegativeTestJSON:setUpClass): 200 GET http://10.180.1.21/compute/v2.1/servers/233ce0fc-7349-45ff-aaff-0a75a989230c 1.516s
2025-11-14 06:44:55.368 65710 INFO tempest.lib.common.rest_client [req-a9a229c2-a484-4f93-8bd3-14ec99e19297 req-a9a229c2-a484-4f93-8bd3-14ec99e19297 ] Request (AttachVolumeShelveTestJSON:test_attach_volume_shelved_or_offload_server): 200 PUT http://10.180.1.21/networking/v2.0/floatingips/cdc512bc-4cbb-4952-b880-cba5b6e64b3f 0.596s
2025-11-14 06:44:55.369 65710 INFO tempest.lib.common.ssh [-] Creating ssh connection to '10.180.180.232:22' as 'cirros' with public key authentication
2025-11-14 06:44:55.435 65718 INFO tempest.lib.common.rest_client [req-7cd6dc7b-913a-4a0b-95e8-8195c63e59d9 req-7cd6dc7b-913a-4a0b-95e8-8195c63e59d9 ] Request (ServersTestManualDisk:tearDownClass): 200 GET http://10.180.1.21/compute/v2.1/servers/960c1cca-b92a-4f9b-ae23-61d9767f71b3 1.371s
2025-11-14 06:44:55.457 65720 INFO tempest.lib.common.rest_client [req-34c6936c-9354-4483-a3af-24b4e7f43f0c req-34c6936c-9354-4483-a3af-24b4e7f43f0c ] Request (ServerRescueNegativeTestJSON:test_rescued_vm_attach_volume): 200 GET http://10.180.1.21/compute/v2.1/servers/c20da1f1-7e5f-4f98-b85f-1f69fcf4861a 1.551s
2025-11-14 06:44:55.507 65741 INFO tempest.lib.common.rest_client [req-fa922573-7ab0-4eaa-8330-d03964a4b16d req-fa922573-7ab0-4eaa-8330-d03964a4b16d ] Request (ImagesTestJSON:test_create_server_from_snapshot): 200 GET http://10.180.1.21/compute/v2.1/servers/88f8b978-8373-4bae-b431-635e03ef75f1 1.394s
2025-11-14 06:44:55.545 65743 INFO tempest.lib.common.rest_client [req-05a8c996-500e-4f37-9d81-3b8a6ef8395e req-05a8c996-500e-4f37-9d81-3b8a6ef8395e ] Request (ServerShowV247Test:tearDownClass): 200 GET http://10.180.1.21/compute/v2.1/servers/6654bf51-be7f-4e1f-978a-8550d152abf2 1.386s
2025-11-14 06:44:55.599 65704 INFO tempest.lib.common.rest_client [req-b555b0e1-ba07-488e-bed9-1b2fdb26ad15 req-b555b0e1-ba07-488e-bed9-1b2fdb26ad15 ] Request (ServersAdminTestJSON:test_create_server_with_scheduling_hint): 200 GET http://10.180.1.21/compute/v2.1/servers/32194131-fd97-47f0-ae2e-b318d2ce6500 1.338s
2025-11-14 06:44:55.723 65724 INFO tempest.lib.common.rest_client [req-a317c4a1-2cdc-45e9-9e58-c4b64acf2194 req-a317c4a1-2cdc-45e9-9e58-c4b64acf2194 ] Request (ServerShowV254Test:test_rebuild_server): 200 GET http://10.180.1.21/compute/v2.1/servers/1bd5b06c-8504-47ca-8ac1-f8128c128a99 1.328s
2025-11-14 06:44:55.742 65688 INFO tempest.lib.common.rest_client [req-8337b94d-24d6-442b-a510-57d0a7482228 req-8337b94d-24d6-442b-a510-57d0a7482228 ] Request (ServerActionsTestJSON:setUpClass): 200 GET http://10.180.1.21/compute/v2.1/servers/3af49ea5-1cd3-4c95-8af9-6f8ab948d25e 1.450s
2025-11-14 06:44:55.749 65688 INFO tempest.common.waiters [-] State transition "BUILD/block_device_mapping" ==> "BUILD/spawning" after 73 second wait
2025-11-14 06:44:55.819 65686 INFO tempest.lib.common.rest_client [req-5eec8fe5-ade3-4105-8220-9cfcf22dda94 req-5eec8fe5-ade3-4105-8220-9cfcf22dda94 ] Request (DeleteServersTestJSON:test_delete_server_while_in_attached_volume): 200 GET http://10.180.1.21/compute/v2.1/servers/4c2b9776-c467-4999-96b0-76c5b759107f 1.362s
2025-11-14 06:44:55.843 65730 INFO tempest.lib.common.rest_client [req-ba9c975c-cf6d-4df5-bbdd-7afdc22d5114 req-ba9c975c-cf6d-4df5-bbdd-7afdc22d5114 ] Request (FloatingIPsAssociationTestJSON:test_associate_already_associated_floating_ip): 200 GET http://10.180.1.21/compute/v2.1/servers/ef7031d5-3193-49f8-85c5-62af7e8ad38c 1.425s
2025-11-14 06:44:55.868 65736 INFO tempest.lib.common.rest_client [req-5c456b81-8de5-405f-8d22-b430d7e9605d req-5c456b81-8de5-405f-8d22-b430d7e9605d ] Request (SecurityGroupsTestJSON:tearDownClass): 404 DELETE http://10.180.1.21/compute/v2.1/servers/4ced2f8b-4766-4d02-99af-afa21b26f72d 1.384s
2025-11-14 06:44:55.926 65680 INFO tempest.lib.common.rest_client [req-65ce5353-c221-4748-a1bc-a2c6a069dceb req-65ce5353-c221-4748-a1bc-a2c6a069dceb ] Request (ServerActionsTestOtherA:_run_cleanups): 200 GET http://10.180.1.21/compute/v2.1/servers/8bdea480-f488-41e7-836d-e2b01c7cf752 1.445s
2025-11-14 06:44:55.979 65734 INFO tempest.lib.common.rest_client [req-76ee2513-3dd2-4117-abe7-dd371bca891e req-76ee2513-3dd2-4117-abe7-dd371bca891e ] Request (ImagesOneServerNegativeTestJSON:_run_cleanups): 200 GET http://10.180.1.21/compute/v2.1/servers/40c90388-3f6a-4833-9b5a-9a33046b4b83 1.469s
2025-11-14 06:44:56.141 65684 INFO tempest.lib.common.rest_client [req-0eea5147-3864-4b3b-9907-0c5e21fa0b4b req-0eea5147-3864-4b3b-9907-0c5e21fa0b4b ] Request (MultipleCreateTestJSON:test_multiple_create): 200 GET http://10.180.1.21/compute/v2.1/servers/72439670-e663-4d36-8365-2e1d5f43b207 1.465s
2025-11-14 06:44:56.169 65738 INFO tempest.lib.common.rest_client [req-1927b31a-aec0-4f0a-a68f-c89a41c8546c req-1927b31a-aec0-4f0a-a68f-c89a41c8546c ] Request (ServersTestJSON:setUpClass): 200 GET http://10.180.1.21/compute/v2.1/servers/38322b01-f89a-4683-9f06-f57b64626e55 1.545s
2025-11-14 06:44:56.218 65706 INFO tempest.lib.common.rest_client [req-12cc844e-9970-43f5-93fc-b6ec7a8359f9 req-12cc844e-9970-43f5-93fc-b6ec7a8359f9 ] Request (ListImageFiltersTestJSON:tearDownClass): 200 GET http://10.180.1.21/compute/v2.1/servers/ba3ae724-7a21-41d4-b73e-c5a18e041e49 1.498s
2025-11-14 06:44:56.393 65722 INFO tempest.lib.common.rest_client [req-df6d037d-0201-47cf-8812-050df6b4a5b0 req-df6d037d-0201-47cf-8812-050df6b4a5b0 ] Request (ListServerFiltersTestJSON:tearDownClass): 200 GET http://10.180.1.21/compute/v2.1/servers/b5622ba1-1e4d-4b8d-a1d1-1ce6b3ad63bd 1.615s
2025-11-14 06:44:56.433 65690 INFO tempest.lib.common.rest_client [req-73fb9b7c-9ad0-4d86-909f-32d920e0d2ae req-73fb9b7c-9ad0-4d86-909f-32d920e0d2ae ] Request (MigrationsAdminTest:test_resize_server_revert_deleted_flavor): 200 GET http://10.180.1.21/compute/v2.1/servers/afb34eb2-0cfd-444b-9310-c9d97f90824d 1.621s
2025-11-14 06:44:56.463 65700 INFO tempest.lib.common.rest_client [req-03444a58-a955-462f-877c-7223cbc2f0ef req-03444a58-a955-462f-877c-7223cbc2f0ef ] Request (ServersTestMultiNic:test_verify_multiple_nics_order): 200 GET http://10.180.1.21/compute/v2.1/servers/00bcaa19-1456-4597-8d1e-25d3cfa8fab6 1.635s
2025-11-14 06:44:56.518 65708 INFO tempest.lib.common.rest_client [req-e94e91fc-a191-4afa-b881-f1b0b6f2ff83 req-e94e91fc-a191-4afa-b881-f1b0b6f2ff83 ] Request (ServersNegativeTestJSON:setUpClass): 200 GET http://10.180.1.21/compute/v2.1/servers/c6a0e01d-e1a7-47a2-b905-008d9e043a5b 1.121s
2025-11-14 06:44:56.541 65732 INFO tempest.lib.common.rest_client [req-20b4eee3-d439-4263-a3a2-10546199b2d9 req-20b4eee3-d439-4263-a3a2-10546199b2d9 ] Request (AttachVolumeTestJSON:test_attach_detach_volume): 200 GET http://10.180.1.21/compute/v2.1/servers/0adb8495-ecd0-4d70-99aa-bba0da313ab6 0.902s
2025-11-14 06:44:56.694 65712 INFO tempest.lib.common.rest_client [req-d99e157a-9540-493d-8038-8339e88618fb req-d99e157a-9540-493d-8038-8339e88618fb ] Request (ServerActionsTestOtherB:test_resize_server_confirm_from_stopped): 200 GET http://10.180.1.21/compute/v2.1/servers/0cced98e-68c1-4b63-b28b-094c93f99ac4 1.029s
2025-11-14 06:44:56.723 65694 INFO tempest.lib.common.rest_client [req-9c90fc23-7f32-4d5b-8325-649688634750 req-9c90fc23-7f32-4d5b-8325-649688634750 ] Request (ServerDiskConfigTestJSON:test_resize_server_from_auto_to_manual): 200 GET http://10.180.1.21/compute/v2.1/servers/2938f7b5-c311-4c6d-9629-d5b9fa0f4aa7 0.863s
2025-11-14 06:44:56.727 65736 INFO tempest.lib.common.rest_client [req-59c020a6-f778-40c1-8ab6-8de28f981482 req-59c020a6-f778-40c1-8ab6-8de28f981482 ] Request (SecurityGroupsTestJSON:tearDownClass): 404 GET http://10.180.1.21/compute/v2.1/servers/4ced2f8b-4766-4d02-99af-afa21b26f72d 0.859s
2025-11-14 06:44:56.731 65694 INFO tempest.common.waiters [-] State transition "BUILD/networking" ==> "BUILD/spawning" after 74 second wait
2025-11-14 06:44:56.783 65714 INFO tempest.lib.common.rest_client [req-1aba1667-e379-4d33-a3d3-8a63cd08f447 req-1aba1667-e379-4d33-a3d3-8a63cd08f447 ] Request (ServersAdminNegativeTestJSON:setUpClass): 200 GET http://10.180.1.21/compute/v2.1/servers/233ce0fc-7349-45ff-aaff-0a75a989230c 0.513s
2025-11-14 06:44:56.807 65718 INFO tempest.lib.common.rest_client [req-c9df74ab-fd08-4d34-bd1e-8dec05e734c8 req-c9df74ab-fd08-4d34-bd1e-8dec05e734c8 ] Request (ServersTestManualDisk:tearDownClass): 200 GET http://10.180.1.21/compute/v2.1/servers/960c1cca-b92a-4f9b-ae23-61d9767f71b3 0.362s
2025-11-14 06:44:56.957 65741 INFO tempest.lib.common.rest_client [req-eb79b2cb-6e0a-4abe-a519-8cd8e8901e59 req-eb79b2cb-6e0a-4abe-a519-8cd8e8901e59 ] Request (ImagesTestJSON:test_create_server_from_snapshot): 200 GET http://10.180.1.21/compute/v2.1/servers/88f8b978-8373-4bae-b431-635e03ef75f1 0.440s
2025-11-14 06:44:56.984 65720 INFO tempest.lib.common.rest_client [req-490740f0-6f97-401b-ad03-c2e429dbb1d2 req-490740f0-6f97-401b-ad03-c2e429dbb1d2 ] Request (ServerRescueNegativeTestJSON:test_rescued_vm_attach_volume): 200 GET http://10.180.1.21/compute/v2.1/servers/c20da1f1-7e5f-4f98-b85f-1f69fcf4861a 0.519s
2025-11-14 06:44:57.037 65743 INFO tempest.lib.common.rest_client [req-2baac724-27bc-4d4a-af25-d890a9ae4fd8 req-2baac724-27bc-4d4a-af25-d890a9ae4fd8 ] Request (ServerShowV247Test:tearDownClass): 200 GET http://10.180.1.21/compute/v2.1/servers/6654bf51-be7f-4e1f-978a-8550d152abf2 0.483s
2025-11-14 06:44:57.066 65704 INFO tempest.lib.common.rest_client [req-917af827-6f43-44a6-9725-8e7cc478729c req-917af827-6f43-44a6-9725-8e7cc478729c ] Request (ServersAdminTestJSON:test_create_server_with_scheduling_hint): 200 GET http://10.180.1.21/compute/v2.1/servers/32194131-fd97-47f0-ae2e-b318d2ce6500 0.457s
2025-11-14 06:44:57.068 65736 INFO tempest.lib.common.rest_client [req-e6092ef1-dc3c-4375-bc80-2a676dabbe99 req-e6092ef1-dc3c-4375-bc80-2a676dabbe99 ] Request (SecurityGroupsTestJSON:tearDownClass): 404 DELETE http://10.180.1.21/compute/v2.1/os-security-groups/bd87a172-9e18-4eb7-aeaf-9dfe8525167b 0.340s
2025-11-14 06:44:57.122 65724 INFO tempest.lib.common.rest_client [req-539db63a-b2b0-4142-9a49-d961b90d3aa6 req-539db63a-b2b0-4142-9a49-d961b90d3aa6 ] Request (ServerShowV254Test:test_rebuild_server): 200 GET http://10.180.1.21/compute/v2.1/servers/1bd5b06c-8504-47ca-8ac1-f8128c128a99 0.390s
2025-11-14 06:44:57.179 65686 INFO tempest.lib.common.rest_client [req-f69e6fb8-8c30-4206-aa89-80e16faad0e9 req-f69e6fb8-8c30-4206-aa89-80e16faad0e9 ] Request (DeleteServersTestJSON:test_delete_server_while_in_attached_volume): 200 GET http://10.180.1.21/compute/v2.1/servers/4c2b9776-c467-4999-96b0-76c5b759107f 0.348s
2025-11-14 06:44:57.190 65688 INFO tempest.lib.common.rest_client [req-957502c7-432c-4859-a182-40219ed68eb7 req-957502c7-432c-4859-a182-40219ed68eb7 ] Request (ServerActionsTestJSON:setUpClass): 200 GET http://10.180.1.21/compute/v2.1/servers/3af49ea5-1cd3-4c95-8af9-6f8ab948d25e 0.439s
2025-11-14 06:44:57.254 65680 INFO tempest.lib.common.rest_client [req-52d118fc-e9d3-482a-b164-01b466bf5035 req-52d118fc-e9d3-482a-b164-01b466bf5035 ] Request (ServerActionsTestOtherA:_run_cleanups): 200 GET http://10.180.1.21/compute/v2.1/servers/8bdea480-f488-41e7-836d-e2b01c7cf752 0.319s
2025-11-14 06:44:57.305 65734 INFO tempest.lib.common.rest_client [req-a1940c31-c108-41e7-978a-5bc29681224f req-a1940c31-c108-41e7-978a-5bc29681224f ] Request (ImagesOneServerNegativeTestJSON:_run_cleanups): 200 GET http://10.180.1.21/compute/v2.1/servers/40c90388-3f6a-4833-9b5a-9a33046b4b83 0.312s
2025-11-14 06:44:57.312 65734 INFO tempest.common.waiters [-] State transition "BUILD/None" ==> "BUILD/networking" after 66 second wait
2025-11-14 06:44:57.326 65730 INFO tempest.lib.common.rest_client [req-b824dfa4-8d6b-4d2f-a5a3-b45fc65e98be req-b824dfa4-8d6b-4d2f-a5a3-b45fc65e98be ] Request (FloatingIPsAssociationTestJSON:test_associate_already_associated_floating_ip): 200 GET http://10.180.1.21/compute/v2.1/servers/ef7031d5-3193-49f8-85c5-62af7e8ad38c 0.474s
2025-11-14 06:44:57.330 65736 INFO tempest.lib.common.rest_client [req-a96f297f-b79f-4248-9298-c606c2d0f964 req-a96f297f-b79f-4248-9298-c606c2d0f964 ] Request (SecurityGroupsTestJSON:tearDownClass): 404 DELETE http://10.180.1.21/compute/v2.1/os-security-groups/df60b3b7-a928-4d44-8a9e-0fb83f522e16 0.262s
2025-11-14 06:44:57.333 65730 INFO tempest.common.waiters [-] State transition "BUILD/spawning" ==> "ACTIVE/None" after 83 second wait
2025-11-14 06:44:57.380 65684 INFO tempest.lib.common.rest_client [req-78c3af97-796c-41b4-b3a7-9f9491f8aa55 req-78c3af97-796c-41b4-b3a7-9f9491f8aa55 ] Request (MultipleCreateTestJSON:test_multiple_create): 200 GET http://10.180.1.21/compute/v2.1/servers/72439670-e663-4d36-8365-2e1d5f43b207 0.229s
2025-11-14 06:44:57.437 65706 INFO tempest.lib.common.rest_client [req-de47da81-ca55-4be4-aae2-2db245017b1c req-de47da81-ca55-4be4-aae2-2db245017b1c ] Request (ListImageFiltersTestJSON:tearDownClass): 200 GET http://10.180.1.21/compute/v2.1/servers/ba3ae724-7a21-41d4-b73e-c5a18e041e49 0.210s
2025-11-14 06:44:57.456 65736 INFO tempest.lib.common.rest_client [req-6274ac4e-cc3c-4951-af52-8f211229b919 req-6274ac4e-cc3c-4951-af52-8f211229b919 ] Request (SecurityGroupsTestJSON:tearDownClass): 404 DELETE http://10.180.1.21/compute/v2.1/os-security-groups/e4b57a36-3aac-4c8b-bdfa-fa46f39c30b0 0.125s
