2025-11-14 06:42:22.782 65686 INFO tempest.lib.common.rest_client [req-c5a5a0fd-1294-4972-b8f6-528c84c0423e req-c5a5a0fd-1294-4972-b8f6-528c84c0423e ] Request (FloatingIPDetailsNegativeTestJSON:setUpClass): 201 POST http://10.180.1.21/networking/v2.0/subnets 1.526s
2025-11-14 06:42:22.807 65741 INFO tempest.lib.common.rest_client [req-2e99fc5d-75fe-4e2b-8e12-1c0cc6e17804 req-2e99fc5d-75fe-4e2b-8e12-1c0cc6e17804 ] Request (ImagesTestJSON:test_create_image_from_suspended_server): 200 GET http://10.180.1.21/compute/v2.1/servers/d4b71014-b48f-4d12-9575-f95ce8d1212e 6.543s
2025-11-14 06:42:22.815 65741 INFO tempest.common.waiters [-] State transition "BUILD/None" ==> "BUILD/networking" after 11 second wait
2025-11-14 06:42:23.116 65700 INFO tempest.lib.common.rest_client [req-c345be2b-174d-4303-8802-e3e9318264eb req-c345be2b-174d-4303-8802-e3e9318264eb ] Request (ServersTestMultiNic:test_verify_duplicate_network_nics): 201 POST http://10.180.1.21/networking/v2.0/networks 0.437s
2025-11-14 06:42:23.455 65732 INFO tempest.lib.common.rest_client [req-260978a3-4341-4cdf-ae56-8d5b792de810 req-260978a3-4341-4cdf-ae56-8d5b792de810 ] Request (ServersTestFqdnHostnames:test_create_server_with_fqdn_name): 200 GET http://10.180.1.21/compute/v2.1/servers/2d42670e-38c3-46cf-99fb-692816bf24a8 6.907s
2025-11-14 06:42:23.500 65694 INFO tempest.lib.common.rest_client [req-9879a6b1-76d2-41f9-8e92-e7d231aeb5ed req-9879a6b1-76d2-41f9-8e92-e7d231aeb5ed ] Request (ServerDiskConfigTestJSON:test_rebuild_server_with_auto_disk_config): 200 GET http://10.180.1.21/compute/v2.1/servers/0876cf8c-9144-4df6-bc97-d89466f35832 7.106s
2025-11-14 06:42:23.520 65690 INFO tempest.lib.common.rest_client [req-c38cddd6-f1e6-4675-9807-980f0728e749 req-c38cddd6-f1e6-4675-9807-980f0728e749 ] Request (MigrationsAdminTest:test_resize_server_revert_deleted_flavor): 200 GET http://10.180.1.21/compute/v2.1/flavors/42 6.916s
2025-11-14 06:42:23.541 65722 INFO tempest.lib.common.rest_client [req-1ee48a5b-c403-4c47-8de6-ad4fdc14a215 req-1ee48a5b-c403-4c47-8de6-ad4fdc14a215 ] Request (ServerExternalEventsTest:tearDownClass): 404 GET http://10.180.1.21/compute/v2.1/servers/2ff188e4-905e-49fa-868c-511773745b29 6.634s
2025-11-14 06:42:23.583 65706 INFO tempest.lib.common.rest_client [req-86c07a63-2f33-468e-9b64-9d8d952eef7f req-86c07a63-2f33-468e-9b64-9d8d952eef7f ] Request (ListImageFiltersTestJSON:setUpClass): 200 GET http://10.180.1.21/compute/v2.1/images/dc49c3a7-745e-4d6b-be40-d5b9f7d753d1 6.638s
2025-11-14 06:42:23.628 65708 INFO tempest.lib.common.rest_client [req-81d736d8-295f-4880-b1a7-584e1ed16246 req-81d736d8-295f-4880-b1a7-584e1ed16246 ] Request (ServerActionsV293TestJSON:setUpClass): 200 GET http://10.180.1.21/volume/v3/volumes/9d69f9bb-2346-48ee-8fbc-a1d19e9ebbc8 0.041s
2025-11-14 06:42:23.681 65722 INFO tempest.lib.common.rest_client [req-79d1547f-57e2-4753-b675-f46d8079bcb2 req-79d1547f-57e2-4753-b675-f46d8079bcb2 ] Request (ServerExternalEventsTest:tearDownClass): 204 DELETE http://10.180.1.21/identity/v3/users/b005b962996044388a43fc30a944754b 0.139s
2025-11-14 06:42:23.820 65722 INFO tempest.lib.common.rest_client [req-ed3c344d-9039-4c7a-b2f3-abd07fa2469b req-ed3c344d-9039-4c7a-b2f3-abd07fa2469b ] Request (ServerExternalEventsTest:tearDownClass): 204 DELETE http://10.180.1.21/identity/v3/users/64a85e7bdbdd46a18bf9409ca113e828 0.139s
2025-11-14 06:42:23.954 65722 INFO tempest.lib.common.rest_client [req-c3a45a4a-f78a-40a8-ba46-56d4e0ddfd67 req-c3a45a4a-f78a-40a8-ba46-56d4e0ddfd67 ] Request (ServerExternalEventsTest:tearDownClass): 204 DELETE http://10.180.1.21/identity/v3/users/d044ff2d11f04507b950164e6a6df0b8 0.133s
2025-11-14 06:42:23.955 65722 INFO tempest.lib.common.dynamic_creds [-] Deleting project and security group for project: 7eaff5908cac4604b004c01889209bd9
2025-11-14 06:42:23.976 65686 INFO tempest.lib.common.rest_client [req-f1949f56-f929-4685-9cee-59dd16f7ca82 req-f1949f56-f929-4685-9cee-59dd16f7ca82 ] Request (FloatingIPDetailsNegativeTestJSON:setUpClass): 201 POST http://10.180.1.21/networking/v2.0/routers 1.193s
2025-11-14 06:42:24.052 65722 INFO tempest.lib.common.rest_client [req-560e012b-98ef-4ed3-bd29-3aded87966e8 req-560e012b-98ef-4ed3-bd29-3aded87966e8 ] Request (ServerExternalEventsTest:tearDownClass): 201 POST http://10.180.1.21/identity/v3/auth/tokens 0.097s
2025-11-14 06:42:24.067 65692 INFO tempest.lib.common.rest_client [req-306843d9-3401-455f-babc-cb0ac4b280dc req-306843d9-3401-455f-babc-cb0ac4b280dc ] Request (TenantUsagesTestJSON:setUpClass): 200 GET http://10.180.1.21/compute/v2.1/servers/8b42ccc8-43f5-4dd5-a629-2c56dae07dbf 7.067s
2025-11-14 06:42:24.119 65700 INFO tempest.lib.common.rest_client [req-1a57a6f4-a026-41d6-a83d-cac39481cbad req-1a57a6f4-a026-41d6-a83d-cac39481cbad ] Request (ServersTestMultiNic:test_verify_duplicate_network_nics): 201 POST http://10.180.1.21/networking/v2.0/subnets 1.002s
2025-11-14 06:42:24.124 65716 INFO tempest.lib.common.rest_client [req-f69879f9-156f-4195-b818-2bbf00fc811f req-f69879f9-156f-4195-b818-2bbf00fc811f ] Request (KeyPairsNegativeTestJSON:test_create_keypair_with_empty_public_key): 400 POST http://10.180.1.21/compute/v2.1/os-keypairs 6.578s
2025-11-14 06:42:24.176 65710 INFO tempest.lib.common.rest_client [req-06a18fb5-6d8f-44d7-aea3-c3dcb8929a93 req-06a18fb5-6d8f-44d7-aea3-c3dcb8929a93 ] Request (ServerMetadataNegativeTestJSON:test_set_metadata_invalid_key): 400 PUT http://10.180.1.21/compute/v2.1/servers/eb0c6c74-1c10-486a-8f90-8cf5387ba9ec/metadata/key 6.619s
2025-11-14 06:42:24.190 65698 INFO tempest.lib.common.rest_client [req-cdcefa04-3caf-4bf1-b18c-61cff65ff4cb req-cdcefa04-3caf-4bf1-b18c-61cff65ff4cb ] Request (FlavorsAdminTestJSON:test_is_public_string_variations): 200 GET http://10.180.1.21/compute/v2.1/flavors/detail?is_public=false 6.606s
2025-11-14 06:42:24.222 65730 INFO tempest.lib.common.rest_client [req-5a67ea0a-e2fd-499f-89ac-012e6736107b req-5a67ea0a-e2fd-499f-89ac-012e6736107b ] Request (ServicesAdminTestJSON:test_list_services): 200 GET http://10.180.1.21/compute/v2.1/os-services 6.614s
2025-11-14 06:42:24.333 65730 INFO tempest.lib.common.rest_client [req-6805dbfc-bfe6-420d-8d50-e7eb23c8f704 req-6805dbfc-bfe6-420d-8d50-e7eb23c8f704 ] Request (ServicesAdminTestJSON:tearDownClass): 204 DELETE http://10.180.1.21/identity/v3/users/e0a1001cbda34ba39d6510c13cf4aa3f 0.107s
2025-11-14 06:42:24.451 65730 INFO tempest.lib.common.rest_client [req-04e395b6-f642-401c-8a77-750a4ffc5233 req-04e395b6-f642-401c-8a77-750a4ffc5233 ] Request (ServicesAdminTestJSON:tearDownClass): 204 DELETE http://10.180.1.21/identity/v3/users/a2219f6fc6bd4d289b32a1e1ec76eb99 0.117s
2025-11-14 06:42:24.451 65730 INFO tempest.lib.common.dynamic_creds [-] Deleting project and security group for project: 85e04e625564458f8007fbc70aef2bbf
2025-11-14 06:42:24.511 65730 INFO tempest.lib.common.rest_client [req-6ac0ad08-cef1-4d0e-9229-32d2dd203249 req-6ac0ad08-cef1-4d0e-9229-32d2dd203249 ] Request (ServicesAdminTestJSON:tearDownClass): 201 POST http://10.180.1.21/identity/v3/auth/tokens 0.060s
2025-11-14 06:42:24.673 65708 INFO tempest.lib.common.rest_client [req-c83a6d70-922a-483e-b975-470a62a49dab req-c83a6d70-922a-483e-b975-470a62a49dab ] Request (ServerActionsV293TestJSON:setUpClass): 200 GET http://10.180.1.21/volume/v3/volumes/9d69f9bb-2346-48ee-8fbc-a1d19e9ebbc8 0.035s
2025-11-14 06:42:25.031 65686 INFO tempest.lib.common.rest_client [req-4b341ec2-90dd-491f-b834-b48fe78e97e2 req-4b341ec2-90dd-491f-b834-b48fe78e97e2 ] Request (FloatingIPDetailsNegativeTestJSON:setUpClass): 200 PUT http://10.180.1.21/networking/v2.0/routers/5dcf5d1c-c542-4fbd-8294-01b68a7083e8/add_router_interface 1.055s
2025-11-14 06:42:25.031 65686 INFO tempest.lib.common.dynamic_creds [-] Created isolated network resources for: credentials: Credentials: {'domain_id': 'default', 'domain_name': 'Default', 'username': 'tempest-FloatingIPDetailsNegativeTestJSON-233360884-project-member', 'project_domain_id': 'default', 'project_domain_name': 'Default', 'project_id': '7df6d4dc58d94658a838c48bd7355e66', 'project_name': 'tempest-FloatingIPDetailsNegativeTestJSON-233360884', 'tenant_id': '7df6d4dc58d94658a838c48bd7355e66', 'tenant_name': 'tempest-FloatingIPDetailsNegativeTestJSON-233360884', 'user_domain_id': 'default', 'user_domain_name': 'Default', 'user_id': 'd1d045c54e1f455798d47c94ff22fd41', 'system': None}, Network: {'id': 'accea7ea-02fe-42c7-860a-4e6889d8c98b', 'name': 'tempest-FloatingIPDetailsNegativeTestJSON-820053569-network', 'tenant_id': '7df6d4dc58d94658a838c48bd7355e66', 'project_id': '7df6d4dc58d94658a838c48bd7355e66', 'admin_state_up': True, 'mtu': 8950, 'status': 'ACTIVE', 'subnets': [], 'shared': False, 'port_security_enabled': True, 'router:external': False, 'provider:network_type': 'vlan', 'provider:physical_network': 'default', 'provider:segmentation_id': 488, 'availability_zone_hints': [], 'availability_zones': [], 'ipv4_address_scope': None, 'ipv6_address_scope': None, 'description': '', 'tags': [], 'created_at': '2025-11-14T06:42:21Z', 'updated_at': '2025-11-14T06:42:21Z', 'revision_number': 1}, Subnet: {'id': '94c22120-6034-4c35-ac25-06e90614c3d0', 'name': 'tempest-FloatingIPDetailsNegativeTestJSON-820053569-subnet', 'tenant_id': '7df6d4dc58d94658a838c48bd7355e66', 'network_id': 'accea7ea-02fe-42c7-860a-4e6889d8c98b', 'ip_version': 4, 'subnetpool_id': None, 'enable_dhcp': True, 'ipv6_ra_mode': None, 'ipv6_address_mode': None, 'gateway_ip': '192.168.128.1', 'cidr': '192.168.128.0/28', 'allocation_pools': [{'start': '192.168.128.2', 'end': '192.168.128.14'}], 'host_routes': [], 'dns_nameservers': [], 'description': '', 'router:external': False, 'service_types': [], 'tags': [], 'created_at': '2025-11-14T06:42:22Z', 'updated_at': '2025-11-14T06:42:22Z', 'revision_number': 0, 'project_id': '7df6d4dc58d94658a838c48bd7355e66'}, Router: {'id': '5dcf5d1c-c542-4fbd-8294-01b68a7083e8', 'name': 'tempest-FloatingIPDetailsNegativeTestJSON-820053569-router', 'tenant_id': '7df6d4dc58d94658a838c48bd7355e66', 'admin_state_up': True, 'status': 'ACTIVE', 'external_gateway_info': {'network_id': '1b4ab82f-5ada-4cf2-945a-b5558f2cf44f', 'external_fixed_ips': [{'subnet_id': 'a745ba3f-d7c5-43d1-ae4a-3fa38d3d1e72', 'ip_address': '10.180.180.161'}], 'enable_snat': True}, 'description': '', 'availability_zones': [], 'distributed': False, 'ha': False, 'availability_zone_hints': [], 'routes': [], 'flavor_id': None, 'tags': [], 'created_at': '2025-11-14T06:42:23Z', 'updated_at': '2025-11-14T06:42:23Z', 'revision_number': 2, 'project_id': '7df6d4dc58d94658a838c48bd7355e66'}
2025-11-14 06:42:25.143 65736 INFO tempest.lib.common.rest_client [req-f3451d2e-e69b-4bd8-bb41-3caaae53c545 req-f3451d2e-e69b-4bd8-bb41-3caaae53c545 ] Request (SecurityGroupsTestJSON:test_security_groups_create_list_delete): 202 DELETE http://10.180.1.21/compute/v2.1/os-security-groups/9f8afe88-7da2-43ec-97ea-fb79f1f225f0 8.566s
2025-11-14 06:42:25.152 65686 INFO tempest.lib.common.rest_client [req-2a54256d-a342-408e-85a6-a7a531127f71 req-2a54256d-a342-408e-85a6-a7a531127f71 ] Request (FloatingIPDetailsNegativeTestJSON:setUpClass): 201 POST http://10.180.1.21/identity/v3/auth/tokens 0.118s
2025-11-14 06:42:25.184 65702 INFO tempest.lib.common.rest_client [req-336dda43-7882-4d48-90b8-39119824a5e6 req-336dda43-7882-4d48-90b8-39119824a5e6 ] Request (ImagesMetadataTestJSON:test_list_image_metadata): 200 GET http://10.180.1.21/compute/v2.1/images/66869687-24b6-435b-a0aa-a21b6c2cb0ac/metadata 7.342s
2025-11-14 06:42:25.220 65738 INFO tempest.lib.common.rest_client [req-34ad1839-345d-480c-970a-7a983cd2ea84 req-34ad1839-345d-480c-970a-7a983cd2ea84 ] Request (AttachInterfacesUnderV243Test:test_add_remove_fixed_ip): 200 GET http://10.180.1.21/compute/v2.1/servers/e80a9065-bb5d-4e26-8378-c8a01ed44fdc/ips 7.336s
2025-11-14 06:42:25.411 65722 INFO tempest.lib.common.rest_client [req-eb9e2d59-6657-4c54-88df-43597adc4fc3 req-eb9e2d59-6657-4c54-88df-43597adc4fc3 ] Request (ServerExternalEventsTest:tearDownClass): 200 GET http://10.180.1.21/networking/v2.0/security-groups?tenant_id=7eaff5908cac4604b004c01889209bd9&name=default 1.359s
2025-11-14 06:42:25.583 65700 INFO tempest.lib.common.rest_client [req-e33fe0ce-a57c-4f8f-b7b5-4049c22aaf48 req-e33fe0ce-a57c-4f8f-b7b5-4049c22aaf48 ] Request (ServersTestMultiNic:test_verify_duplicate_network_nics): 201 POST http://10.180.1.21/networking/v2.0/networks 1.463s
2025-11-14 06:42:25.725 65708 INFO tempest.lib.common.rest_client [req-a951478b-d93e-4a51-be5b-cf3d7c7720ee req-a951478b-d93e-4a51-be5b-cf3d7c7720ee ] Request (ServerActionsV293TestJSON:setUpClass): 200 GET http://10.180.1.21/volume/v3/volumes/9d69f9bb-2346-48ee-8fbc-a1d19e9ebbc8 0.040s
2025-11-14 06:42:25.853 65726 INFO tempest.lib.common.rest_client [req-3d097438-2e65-4313-a37b-dccf73b3b0d3 req-3d097438-2e65-4313-a37b-dccf73b3b0d3 ] Request (ServersListShow298Test:test_list_show_update_rebuild_server_298): 200 GET http://10.180.1.21/compute/v2.1/servers/4ca78db9-31c3-4408-925a-931730c2c7a2 8.134s
2025-11-14 06:42:25.869 65726 INFO tempest.common.waiters [-] State transition "BUILD/spawning" ==> "ACTIVE/None" after 24 second wait
2025-11-14 06:42:26.008 65730 INFO tempest.lib.common.rest_client [req-fd500583-44f1-428b-b7cf-12c7bd2b6e0a req-fd500583-44f1-428b-b7cf-12c7bd2b6e0a ] Request (ServicesAdminTestJSON:tearDownClass): 200 GET http://10.180.1.21/networking/v2.0/security-groups?tenant_id=85e04e625564458f8007fbc70aef2bbf&name=default 1.496s
2025-11-14 06:42:26.036 65714 WARNING tempest.lib.common.ssh [-] Failed to establish authenticated ssh connection to cirros@10.180.180.228 ([Errno None] Unable to connect to port 22 on 10.180.180.228). Number attempts: 8. Retry after 9 seconds.: paramiko.ssh_exception.NoValidConnectionsError: [Errno None] Unable to connect to port 22 on 10.180.180.228
2025-11-14 06:42:26.195 65722 INFO tempest.lib.common.rest_client [req-aa229230-89ad-4194-89d2-7f4cef7d6e0b req-aa229230-89ad-4194-89d2-7f4cef7d6e0b ] Request (ServerExternalEventsTest:tearDownClass): 204 DELETE http://10.180.1.21/networking/v2.0/security-groups/f4119d24-1bd0-44fb-9183-ca412c399c5d 0.783s
2025-11-14 06:42:26.292 65712 INFO tempest.lib.common.rest_client [req-6eb504bb-edba-43e4-bcad-c2242774f77f req-6eb504bb-edba-43e4-bcad-c2242774f77f ] Request (ServerActionsTestOtherB:setUpClass): 200 GET http://10.180.1.21/compute/v2.1/servers/0cced98e-68c1-4b63-b28b-094c93f99ac4 8.204s
2025-11-14 06:42:26.325 65722 INFO tempest.lib.common.rest_client [req-c04694fb-17a8-4390-b8c3-29dce128d3bf req-c04694fb-17a8-4390-b8c3-29dce128d3bf ] Request (ServerExternalEventsTest:tearDownClass): 204 DELETE http://10.180.1.21/identity/v3/projects/7eaff5908cac4604b004c01889209bd9 0.129s
2025-11-14 06:42:26.325 65722 INFO tempest.lib.common.dynamic_creds [-] Deleting project and security group for project: 60e2cb38f08c4403a359985e2c7e6696
2025-11-14 06:42:26.376 65730 INFO tempest.lib.common.rest_client [req-f800b164-1944-4bea-9d6f-405c1f6ff238 req-f800b164-1944-4bea-9d6f-405c1f6ff238 ] Request (ServicesAdminTestJSON:tearDownClass): 204 DELETE http://10.180.1.21/networking/v2.0/security-groups/13b777b8-5696-4a8e-b938-70204163fe3e 0.368s
2025-11-14 06:42:26.398 65700 INFO tempest.lib.common.rest_client [req-ff766c3f-e7f4-4e20-967c-6c5f0209fe63 req-ff766c3f-e7f4-4e20-967c-6c5f0209fe63 ] Request (ServersTestMultiNic:test_verify_duplicate_network_nics): 201 POST http://10.180.1.21/networking/v2.0/subnets 0.814s
2025-11-14 06:42:26.441 65734 INFO tempest.lib.common.rest_client [req-4f5b2c90-f93f-481b-b80c-58275bf45a90 req-4f5b2c90-f93f-481b-b80c-58275bf45a90 ] Request (ImagesOneServerNegativeTestJSON:tearDown): 200 GET http://10.180.1.21/compute/v2.1/servers/db804e40-6f89-4143-b333-80516a35fc60 8.354s
2025-11-14 06:42:26.505 65680 INFO tempest.lib.common.rest_client [req-5344ed32-4031-4410-9fa1-a65b648d94b4 req-5344ed32-4031-4410-9fa1-a65b648d94b4 ] Request (ServerActionsTestOtherA:setUpClass): 200 GET http://10.180.1.21/compute/v2.1/servers/67f43f45-fa21-4408-96af-dcac621e0839 8.391s
2025-11-14 06:42:26.516 65680 INFO tempest.common.waiters [-] State transition "BUILD/None" ==> "BUILD/block_device_mapping" after 9 second wait
2025-11-14 06:42:26.526 65700 INFO tempest.lib.common.rest_client [req-88435f72-aac2-463b-81eb-f4564cf72c5e req-88435f72-aac2-463b-81eb-f4564cf72c5e ] Request (ServersTestMultiNic:test_verify_duplicate_network_nics): 201 POST http://10.180.1.21/identity/v3/auth/tokens 0.124s
2025-11-14 06:42:26.526 65700 INFO tempest.lib.common.fixed_network [-] (ServersTestMultiNic:test_verify_duplicate_network_nics) Found network {'id': '8a848aaf-8e77-4e31-8b51-cab29d28694a', 'name': 'tempest-ServersTestMultiNic-2118147437-network', 'tenant_id': '3140a7f2998e4bd7811bcfe674a0af5e', 'project_id': '3140a7f2998e4bd7811bcfe674a0af5e', 'admin_state_up': True, 'mtu': 8950, 'status': 'ACTIVE', 'subnets': [], 'shared': False, 'port_security_enabled': True, 'router:external': False, 'provider:network_type': 'vlan', 'provider:physical_network': 'default', 'provider:segmentation_id': 441, 'availability_zone_hints': [], 'availability_zones': [], 'ipv4_address_scope': None, 'ipv6_address_scope': None, 'description': '', 'tags': [], 'created_at': '2025-11-14T06:42:19Z', 'updated_at': '2025-11-14T06:42:19Z', 'revision_number': 1} available for tenant
2025-11-14 06:42:26.588 65722 INFO tempest.lib.common.rest_client [req-66592569-d178-419b-9fd6-cb1c7126a801 req-66592569-d178-419b-9fd6-cb1c7126a801 ] Request (ServerExternalEventsTest:tearDownClass): 200 GET http://10.180.1.21/networking/v2.0/security-groups?tenant_id=60e2cb38f08c4403a359985e2c7e6696&name=default 0.262s
2025-11-14 06:42:26.595 65730 INFO tempest.lib.common.rest_client [req-7e91e513-86d1-4bde-93ed-58d583795d80 req-7e91e513-86d1-4bde-93ed-58d583795d80 ] Request (ServicesAdminTestJSON:tearDownClass): 204 DELETE http://10.180.1.21/identity/v3/projects/85e04e625564458f8007fbc70aef2bbf 0.219s
2025-11-14 06:42:26.596 65730 INFO tempest.lib.common.dynamic_creds [-] Deleting project and security group for project: 97d6b51ac75946e29fb6f7cdaf940d45
2025-11-14 06:42:26.645 65696 INFO tempest.lib.common.rest_client [req-6b82e0b8-9ce1-45fa-93f4-31d77fece442 req-6b82e0b8-9ce1-45fa-93f4-31d77fece442 ] Request (ServerRescueTestJSONUnderV235:setUpClass): 200 GET http://10.180.1.21/compute/v2.1/servers/a383985a-6496-4a86-81c6-0c392c1a6ef6 8.098s
2025-11-14 06:42:26.691 65704 INFO tempest.lib.common.rest_client [req-b515f883-9895-4ec6-9219-54f114a28a3e req-b515f883-9895-4ec6-9219-54f114a28a3e ] Request (AggregatesAdminNegativeTestJSON:test_aggregate_remove_host_as_user): 200 POST http://10.180.1.21/compute/v2.1/os-aggregates/7/action 8.196s
2025-11-14 06:42:26.769 65708 INFO tempest.lib.common.rest_client [req-32075956-c587-4e7d-84db-69bdc6a83468 req-32075956-c587-4e7d-84db-69bdc6a83468 ] Request (ServerActionsV293TestJSON:setUpClass): 200 GET http://10.180.1.21/volume/v3/volumes/9d69f9bb-2346-48ee-8fbc-a1d19e9ebbc8 0.033s
2025-11-14 06:42:26.777 65708 INFO tempest.common.waiters [-] volume 9d69f9bb-2346-48ee-8fbc-a1d19e9ebbc8 reached available after waiting for 19.777812 seconds
2025-11-14 06:42:26.781 65722 INFO tempest.lib.common.rest_client [req-17efe701-ebd0-4963-8d1f-03c07fe9169f req-17efe701-ebd0-4963-8d1f-03c07fe9169f ] Request (ServerExternalEventsTest:tearDownClass): 204 DELETE http://10.180.1.21/networking/v2.0/security-groups/7b2b251f-ebde-44b7-8a62-bcae327c6959 0.193s
2025-11-14 06:42:26.892 65730 INFO tempest.lib.common.rest_client [req-3382c81b-220a-4e6c-8731-afc208157c7c req-3382c81b-220a-4e6c-8731-afc208157c7c ] Request (ServicesAdminTestJSON:tearDownClass): 200 GET http://10.180.1.21/networking/v2.0/security-groups?tenant_id=97d6b51ac75946e29fb6f7cdaf940d45&name=default 0.296s
2025-11-14 06:42:26.903 65722 INFO tempest.lib.common.rest_client [req-f88e6879-60e0-4405-ace1-679a14d6ed88 req-f88e6879-60e0-4405-ace1-679a14d6ed88 ] Request (ServerExternalEventsTest:tearDownClass): 204 DELETE http://10.180.1.21/identity/v3/projects/60e2cb38f08c4403a359985e2c7e6696 0.121s
2025-11-14 06:42:26.903 65722 INFO tempest.lib.common.dynamic_creds [-] Deleting project and security group for project: d30a8ec0e0314be1a19b5283ceced908
2025-11-14 06:42:26.952 65743 INFO tempest.lib.common.rest_client [req-b6a7f831-ba75-4401-9728-42777ef27f18 req-b6a7f831-ba75-4401-9728-42777ef27f18 ] Request (InstanceActionsV221TestJSON:test_get_list_deleted_instance_actions): 200 GET http://10.180.1.21/compute/v2.1/servers/0399c7a6-b1fc-4229-aedb-aacaa92a3ba7 7.470s
2025-11-14 06:42:26.961 65743 INFO tempest.common.waiters [-] State transition "ACTIVE/deleting" ==> "DELETED/None" after 8 second wait
2025-11-14 06:42:27.044 65722 INFO tempest.lib.common.rest_client [req-37c3bf6e-7f5c-4158-938a-a3c1bf88d18d req-37c3bf6e-7f5c-4158-938a-a3c1bf88d18d ] Request (ServerExternalEventsTest:tearDownClass): 200 GET http://10.180.1.21/networking/v2.0/security-groups?tenant_id=d30a8ec0e0314be1a19b5283ceced908&name=default 0.140s
2025-11-14 06:42:27.071 65730 INFO tempest.lib.common.rest_client [req-e23d36f8-3b15-4c2e-94b3-e0e99af4cc67 req-e23d36f8-3b15-4c2e-94b3-e0e99af4cc67 ] Request (ServicesAdminTestJSON:tearDownClass): 204 DELETE http://10.180.1.21/networking/v2.0/security-groups/075debbd-b1f2-42c4-9df6-2726521dc314 0.179s
2025-11-14 06:42:27.161 65720 INFO tempest.lib.common.rest_client [req-82679807-f262-4e71-85aa-a9f58fc2d260 req-82679807-f262-4e71-85aa-a9f58fc2d260 ] Request (ServerAddressesNegativeTestJSON:setUpClass): 200 GET http://10.180.1.21/compute/v2.1/servers/b1ac1c57-9c6a-4e6d-86bb-6ae48f79312c 6.821s
2025-11-14 06:42:27.170 65720 INFO tempest.common.waiters [-] State transition "BUILD/None" ==> "BUILD/spawning" after 16 second wait
2025-11-14 06:42:27.212 65730 INFO tempest.lib.common.rest_client [req-a22204d2-01a9-45ce-91b7-919a6ee795aa req-a22204d2-01a9-45ce-91b7-919a6ee795aa ] Request (ServicesAdminTestJSON:tearDownClass): 204 DELETE http://10.180.1.21/identity/v3/projects/97d6b51ac75946e29fb6f7cdaf940d45 0.140s
2025-11-14 06:42:27.237 65722 INFO tempest.lib.common.rest_client [req-152526db-0c6e-4354-831e-6ead88b50e60 req-152526db-0c6e-4354-831e-6ead88b50e60 ] Request (ServerExternalEventsTest:tearDownClass): 204 DELETE http://10.180.1.21/networking/v2.0/security-groups/8b1004ed-a355-46ec-ae3c-a4e6ed7a5bfd 0.193s
2025-11-14 06:42:27.288 65730 INFO tempest.lib.common.rest_client [req-d169f39d-48f0-4aa0-adbb-75eec2ea264c req-d169f39d-48f0-4aa0-adbb-75eec2ea264c ] Request (FloatingIPsAssociationTestJSON:setUpClass): 201 POST http://10.180.1.21/identity/v3/auth/tokens 0.073s
2025-11-14 06:42:27.318 65730 INFO tempest.lib.common.rest_client [req-7022b865-6a56-4ac4-8678-6ad71ed522e8 req-7022b865-6a56-4ac4-8678-6ad71ed522e8 ] Request (FloatingIPsAssociationTestJSON:setUpClass): 201 POST http://10.180.1.21/identity/v3/auth/tokens 0.028s
2025-11-14 06:42:27.344 65688 INFO tempest.lib.common.rest_client [req-d758d01d-6bdd-4a9d-8714-4ffdeb66aca0 req-d758d01d-6bdd-4a9d-8714-4ffdeb66aca0 ] Request (SecurityGroupRulesTestJSON:test_security_group_rules_create): 200 POST http://10.180.1.21/compute/v2.1/os-security-groups 6.499s
2025-11-14 06:42:27.346 65722 INFO tempest.lib.common.rest_client [req-75a1ebbe-3928-4014-98ac-0a522d78d975 req-75a1ebbe-3928-4014-98ac-0a522d78d975 ] Request (ServerExternalEventsTest:tearDownClass): 204 DELETE http://10.180.1.21/identity/v3/projects/d30a8ec0e0314be1a19b5283ceced908 0.108s
2025-11-14 06:42:27.385 65722 INFO tempest.lib.common.rest_client [req-5b3d8828-be78-4e0c-915e-9cc3487c978c req-5b3d8828-be78-4e0c-915e-9cc3487c978c ] Request (ListServerFiltersTestJSON:setUpClass): 201 POST http://10.180.1.21/identity/v3/auth/tokens 0.037s
2025-11-14 06:42:27.400 65682 INFO tempest.lib.common.rest_client [req-d37e9b69-0a96-4157-a297-2ada23a3caf4 req-d37e9b69-0a96-4157-a297-2ada23a3caf4 ] Request (ServersListShow296Test:tearDownClass): 200 GET http://10.180.1.21/compute/v2.1/servers/8a31980c-d0a8-46d9-a341-54cf9384d233 6.390s
2025-11-14 06:42:27.406 65730 INFO tempest.lib.common.rest_client [req-711831a7-b0d8-4ec9-9a2e-82ea7959b047 req-711831a7-b0d8-4ec9-9a2e-82ea7959b047 ] Request (FloatingIPsAssociationTestJSON:setUpClass): 200 GET http://10.180.1.21/identity/v3/domains?name=Default 0.087s
2025-11-14 06:42:27.431 65722 INFO tempest.lib.common.rest_client [req-e8db1475-8635-489f-a654-1e7770d566b0 req-e8db1475-8635-489f-a654-1e7770d566b0 ] Request (ListServerFiltersTestJSON:setUpClass): 201 POST http://10.180.1.21/identity/v3/auth/tokens 0.043s
2025-11-14 06:42:27.438 65684 INFO tempest.lib.common.rest_client [req-592af5b6-993f-46d5-a768-81ae6efc5f67 req-592af5b6-993f-46d5-a768-81ae6efc5f67 ] Request (ServersTestBootFromVolume:setUpClass): 200 GET http://10.180.1.21/compute/v2.1/servers/b6a76204-846f-4d09-b830-48e5fcacd780 5.875s
2025-11-14 06:42:27.461 65722 INFO tempest.lib.common.rest_client [req-23830058-09e0-4ebe-9597-40b3bc85908b req-23830058-09e0-4ebe-9597-40b3bc85908b ] Request (ListServerFiltersTestJSON:setUpClass): 200 GET http://10.180.1.21/identity/v3/domains?name=Default 0.030s
2025-11-14 06:42:27.468 65730 INFO tempest.lib.common.rest_client [req-932c4038-2820-42b4-8161-4ae41bcc5aef req-932c4038-2820-42b4-8161-4ae41bcc5aef ] Request (FloatingIPsAssociationTestJSON:setUpClass): 201 POST http://10.180.1.21/identity/v3/projects 0.061s
2025-11-14 06:42:27.512 65724 INFO tempest.lib.common.rest_client [req-ed14c52d-5e93-4759-ac44-e9bf65e59cc0 req-ed14c52d-5e93-4759-ac44-e9bf65e59cc0 ] Request (ServerRescueTestJSON:test_rescue_unrescue_instance): 202 POST http://10.180.1.21/compute/v2.1/servers/b6f5abef-4aa1-4837-92c4-622332997dcc/action 5.670s
2025-11-14 06:42:27.547 65722 INFO tempest.lib.common.rest_client [req-568aef8a-2207-4af0-952d-6eb77271b35f req-568aef8a-2207-4af0-952d-6eb77271b35f ] Request (ListServerFiltersTestJSON:setUpClass): 201 POST http://10.180.1.21/identity/v3/projects 0.085s
2025-11-14 06:42:27.558 65730 INFO tempest.lib.common.rest_client [req-1fdfbb43-de6f-4cfb-a744-4f4f601cae73 req-1fdfbb43-de6f-4cfb-a744-4f4f601cae73 ] Request (FloatingIPsAssociationTestJSON:setUpClass): 201 POST http://10.180.1.21/identity/v3/users 0.090s
2025-11-14 06:42:27.606 65722 INFO tempest.lib.common.rest_client [req-0329f596-3b35-4f89-a9c9-80b4de187ee2 req-0329f596-3b35-4f89-a9c9-80b4de187ee2 ] Request (ListServerFiltersTestJSON:setUpClass): 201 POST http://10.180.1.21/identity/v3/users 0.058s
2025-11-14 06:42:27.620 65730 INFO tempest.lib.common.rest_client [req-3360588d-f2db-4aaa-8525-4b7c3a7df7b4 req-3360588d-f2db-4aaa-8525-4b7c3a7df7b4 ] Request (FloatingIPsAssociationTestJSON:setUpClass): 200 GET http://10.180.1.21/identity/v3/roles 0.060s
2025-11-14 06:42:27.626 65722 INFO tempest.lib.common.rest_client [req-29034092-73b9-49ab-8c5a-f7f30f45babd req-29034092-73b9-49ab-8c5a-f7f30f45babd ] Request (ListServerFiltersTestJSON:setUpClass): 200 GET http://10.180.1.21/identity/v3/roles 0.020s
2025-11-14 06:42:27.658 65722 INFO tempest.lib.common.rest_client [req-f8e7c5d6-de54-4f0e-9236-f91b3dde477a req-f8e7c5d6-de54-4f0e-9236-f91b3dde477a ] Request (ListServerFiltersTestJSON:setUpClass): 204 PUT http://10.180.1.21/identity/v3/projects/085c872abdcb42569bc1623bf9a4a96a/users/494ed168711c4a5c94378c7fdb9fae75/roles/76c199a3155d44ed9d27ed58630067c6 0.031s
2025-11-14 06:42:27.658 65722 INFO tempest.lib.common.dynamic_creds [-] Dynamic test user 494ed168711c4a5c94378c7fdb9fae75 is created with scope project and roles: ['member']
2025-11-14 06:42:27.658 65722 INFO tempest.lib.common.dynamic_creds [-] Acquired dynamic creds: credentials: Credentials: {'domain_id': 'default', 'domain_name': 'Default', 'username': 'tempest-ListServerFiltersTestJSON-548115459-project-member', 'project_domain_id': 'default', 'project_domain_name': 'Default', 'project_id': '085c872abdcb42569bc1623bf9a4a96a', 'project_name': 'tempest-ListServerFiltersTestJSON-548115459', 'tenant_id': '085c872abdcb42569bc1623bf9a4a96a', 'tenant_name': 'tempest-ListServerFiltersTestJSON-548115459', 'user_domain_id': 'default', 'user_domain_name': 'Default', 'user_id': '494ed168711c4a5c94378c7fdb9fae75', 'system': None}, Network: None, Subnet: None, Router: None
2025-11-14 06:42:27.658 65730 INFO tempest.lib.common.rest_client [req-37508ac1-bad5-4c19-af46-f948ea25872e req-37508ac1-bad5-4c19-af46-f948ea25872e ] Request (FloatingIPsAssociationTestJSON:setUpClass): 204 PUT http://10.180.1.21/identity/v3/projects/aa21d446792f496dacebac5b97ec08bf/users/8f221c8f5edb4799a9de513bda85b564/roles/76c199a3155d44ed9d27ed58630067c6 0.038s
2025-11-14 06:42:27.659 65730 INFO tempest.lib.common.dynamic_creds [-] Dynamic test user 8f221c8f5edb4799a9de513bda85b564 is created with scope project and roles: ['member']
2025-11-14 06:42:27.659 65730 INFO tempest.lib.common.dynamic_creds [-] Acquired dynamic creds: credentials: Credentials: {'domain_id': 'default', 'domain_name': 'Default', 'username': 'tempest-FloatingIPsAssociationTestJSON-408950981-project-member', 'project_domain_id': 'default', 'project_domain_name': 'Default', 'project_id': 'aa21d446792f496dacebac5b97ec08bf', 'project_name': 'tempest-FloatingIPsAssociationTestJSON-408950981', 'tenant_id': 'aa21d446792f496dacebac5b97ec08bf', 'tenant_name': 'tempest-FloatingIPsAssociationTestJSON-408950981', 'user_domain_id': 'default', 'user_domain_name': 'Default', 'user_id': '8f221c8f5edb4799a9de513bda85b564', 'system': None}, Network: None, Subnet: None, Router: None
2025-11-14 06:42:27.738 65730 INFO tempest.lib.common.rest_client [req-ec3b81fd-af36-49f2-a36c-94aafa69b004 req-ec3b81fd-af36-49f2-a36c-94aafa69b004 ] Request (FloatingIPsAssociationTestJSON:setUpClass): 201 POST http://10.180.1.21/identity/v3/auth/tokens 0.077s
2025-11-14 06:42:27.743 65722 INFO tempest.lib.common.rest_client [req-8ec98776-d00f-4725-90fc-28178d98aad3 req-8ec98776-d00f-4725-90fc-28178d98aad3 ] Request (ListServerFiltersTestJSON:setUpClass): 201 POST http://10.180.1.21/identity/v3/auth/tokens 0.084s
2025-11-14 06:42:28.031 65730 INFO tempest.lib.common.rest_client [req-dc3e7e16-d797-4d0d-8705-29928f13b7d5 req-dc3e7e16-d797-4d0d-8705-29928f13b7d5 ] Request (FloatingIPsAssociationTestJSON:setUpClass): 201 POST http://10.180.1.21/networking/v2.0/networks 0.293s
2025-11-14 06:42:28.316 65722 INFO tempest.lib.common.rest_client [req-658f754d-4006-44fe-bebd-8b076fb9614e req-658f754d-4006-44fe-bebd-8b076fb9614e ] Request (ListServerFiltersTestJSON:setUpClass): 201 POST http://10.180.1.21/networking/v2.0/networks 0.573s
2025-11-14 06:42:28.549 65730 INFO tempest.lib.common.rest_client [req-65b0c04b-cce6-4a9b-bb72-eb8b8b671c31 req-65b0c04b-cce6-4a9b-bb72-eb8b8b671c31 ] Request (FloatingIPsAssociationTestJSON:setUpClass): 201 POST http://10.180.1.21/networking/v2.0/subnets 0.516s
2025-11-14 06:42:28.709 65728 INFO tempest.lib.common.rest_client [req-5455ef63-3200-411d-bca8-4f4ffba7cbae req-5455ef63-3200-411d-bca8-4f4ffba7cbae ] Request (ServersWithSpecificFlavorTestJSON:test_verify_created_server_ephemeral_disk): 202 POST http://10.180.1.21/compute/v2.1/servers 6.951s
2025-11-14 06:42:28.869 65722 INFO tempest.lib.common.rest_client [req-98ff9e08-8140-4733-909b-9088a730b211 req-98ff9e08-8140-4733-909b-9088a730b211 ] Request (ListServerFiltersTestJSON:setUpClass): 201 POST http://10.180.1.21/networking/v2.0/subnets 0.552s
2025-11-14 06:42:28.869 65722 INFO tempest.lib.common.dynamic_creds [-] Created isolated network resources for: credentials: Credentials: {'domain_id': 'default', 'domain_name': 'Default', 'username': 'tempest-ListServerFiltersTestJSON-548115459-project-member', 'project_domain_id': 'default', 'project_domain_name': 'Default', 'project_id': '085c872abdcb42569bc1623bf9a4a96a', 'project_name': 'tempest-ListServerFiltersTestJSON-548115459', 'tenant_id': '085c872abdcb42569bc1623bf9a4a96a', 'tenant_name': 'tempest-ListServerFiltersTestJSON-548115459', 'user_domain_id': 'default', 'user_domain_name': 'Default', 'user_id': '494ed168711c4a5c94378c7fdb9fae75', 'system': None}, Network: {'id': '357c81c8-fe24-4d49-a35d-9d8dc6063777', 'name': 'tempest-ListServerFiltersTestJSON-496472209-network', 'tenant_id': '085c872abdcb42569bc1623bf9a4a96a', 'project_id': '085c872abdcb42569bc1623bf9a4a96a', 'admin_state_up': True, 'mtu': 8950, 'status': 'ACTIVE', 'subnets': [], 'shared': False, 'port_security_enabled': True, 'router:external': False, 'provider:network_type': 'vlan', 'provider:physical_network': 'default', 'provider:segmentation_id': 867, 'availability_zone_hints': [], 'availability_zones': [], 'ipv4_address_scope': None, 'ipv6_address_scope': None, 'description': '', 'tags': [], 'created_at': '2025-11-14T06:42:28Z', 'updated_at': '2025-11-14T06:42:28Z', 'revision_number': 1}, Subnet: {'id': '1053b277-88f5-4e65-86aa-5711c503ffd2', 'name': 'tempest-ListServerFiltersTestJSON-496472209-subnet', 'tenant_id': '085c872abdcb42569bc1623bf9a4a96a', 'network_id': '357c81c8-fe24-4d49-a35d-9d8dc6063777', 'ip_version': 4, 'subnetpool_id': None, 'enable_dhcp': True, 'ipv6_ra_mode': None, 'ipv6_address_mode': None, 'gateway_ip': '192.168.128.1', 'cidr': '192.168.128.0/28', 'allocation_pools': [{'start': '192.168.128.2', 'end': '192.168.128.14'}], 'host_routes': [], 'dns_nameservers': [], 'description': '', 'router:external': False, 'service_types': [], 'tags': [], 'created_at': '2025-11-14T06:42:28Z', 'updated_at': '2025-11-14T06:42:28Z', 'revision_number': 0, 'project_id': '085c872abdcb42569bc1623bf9a4a96a'}, Router: None
2025-11-14 06:42:28.870 65694 INFO tempest.lib.common.rest_client [req-5b728e71-00b6-4c5f-8f12-c6107c9faf12 req-5b728e71-00b6-4c5f-8f12-c6107c9faf12 ] Request (ServerDiskConfigTestJSON:_run_cleanups): 204 DELETE http://10.180.1.21/compute/v2.1/servers/0876cf8c-9144-4df6-bc97-d89466f35832 5.361s
2025-11-14 06:42:28.894 65690 INFO tempest.lib.common.rest_client [req-348168b6-ece1-49e7-a2dc-cad002832084 req-348168b6-ece1-49e7-a2dc-cad002832084 ] Request (MigrationsAdminTest:test_resize_server_revert_deleted_flavor): 200 POST http://10.180.1.21/compute/v2.1/flavors 5.371s
2025-11-14 06:42:28.958 65694 INFO tempest.lib.common.rest_client [req-158f3a2d-3e29-4c81-aba3-1c780bb9290f req-158f3a2d-3e29-4c81-aba3-1c780bb9290f ] Request (ServerDiskConfigTestJSON:test_rebuild_server_with_manual_disk_config): 201 POST http://10.180.1.21/identity/v3/auth/tokens 0.081s
2025-11-14 06:42:28.959 65694 INFO tempest.lib.common.fixed_network [-] (ServerDiskConfigTestJSON:test_rebuild_server_with_manual_disk_config) Found network {'id': '87e1061f-100f-4506-9b3b-b4dd946780a3', 'name': 'tempest-ServerDiskConfigTestJSON-425975819-network', 'tenant_id': 'e711986031cc4054b8627cd960edb2b3', 'project_id': 'e711986031cc4054b8627cd960edb2b3', 'admin_state_up': True, 'mtu': 8950, 'status': 'ACTIVE', 'subnets': [], 'shared': False, 'port_security_enabled': True, 'router:external': False, 'provider:network_type': 'vlan', 'provider:physical_network': 'default', 'provider:segmentation_id': 173, 'availability_zone_hints': [], 'availability_zones': [], 'ipv4_address_scope': None, 'ipv6_address_scope': None, 'description': '', 'tags': [], 'created_at': '2025-11-14T06:41:21Z', 'updated_at': '2025-11-14T06:41:21Z', 'revision_number': 1} available for tenant
2025-11-14 06:42:28.966 65722 INFO tempest.lib.common.rest_client [req-61db7b21-ebc4-4536-8959-83c5194a7f49 req-61db7b21-ebc4-4536-8959-83c5194a7f49 ] Request (ListServerFiltersTestJSON:setUpClass): 201 POST http://10.180.1.21/identity/v3/auth/tokens 0.092s
2025-11-14 06:42:28.996 65722 INFO tempest.lib.common.rest_client [req-67151acc-99db-46ff-9894-87ba8f1e1286 req-67151acc-99db-46ff-9894-87ba8f1e1286 ] Request (ListServerFiltersTestJSON:setUpClass): 201 POST http://10.180.1.21/identity/v3/auth/tokens 0.025s
2025-11-14 06:42:28.996 65722 INFO tempest.lib.common.fixed_network [-] (ListServerFiltersTestJSON:setUpClass) Found network {'id': '357c81c8-fe24-4d49-a35d-9d8dc6063777', 'name': 'tempest-ListServerFiltersTestJSON-496472209-network', 'tenant_id': '085c872abdcb42569bc1623bf9a4a96a', 'project_id': '085c872abdcb42569bc1623bf9a4a96a', 'admin_state_up': True, 'mtu': 8950, 'status': 'ACTIVE', 'subnets': [], 'shared': False, 'port_security_enabled': True, 'router:external': False, 'provider:network_type': 'vlan', 'provider:physical_network': 'default', 'provider:segmentation_id': 867, 'availability_zone_hints': [], 'availability_zones': [], 'ipv4_address_scope': None, 'ipv6_address_scope': None, 'description': '', 'tags': [], 'created_at': '2025-11-14T06:42:28Z', 'updated_at': '2025-11-14T06:42:28Z', 'revision_number': 1} available for tenant
2025-11-14 06:42:29.024 65722 INFO tempest.lib.common.rest_client [req-0e3afdc9-0bcc-4f36-9629-ce88cb522b1c req-0e3afdc9-0bcc-4f36-9629-ce88cb522b1c ] Request (ListServerFiltersTestJSON:setUpClass): 201 POST http://10.180.1.21/identity/v3/auth/tokens 0.024s
2025-11-14 06:42:29.024 65722 INFO tempest.lib.common.fixed_network [-] (ListServerFiltersTestJSON:setUpClass) Found network {'id': '357c81c8-fe24-4d49-a35d-9d8dc6063777', 'name': 'tempest-ListServerFiltersTestJSON-496472209-network', 'tenant_id': '085c872abdcb42569bc1623bf9a4a96a', 'project_id': '085c872abdcb42569bc1623bf9a4a96a', 'admin_state_up': True, 'mtu': 8950, 'status': 'ACTIVE', 'subnets': [], 'shared': False, 'port_security_enabled': True, 'router:external': False, 'provider:network_type': 'vlan', 'provider:physical_network': 'default', 'provider:segmentation_id': 867, 'availability_zone_hints': [], 'availability_zones': [], 'ipv4_address_scope': None, 'ipv6_address_scope': None, 'description': '', 'tags': [], 'created_at': '2025-11-14T06:42:28Z', 'updated_at': '2025-11-14T06:42:28Z', 'revision_number': 1} available for tenant
2025-11-14 06:42:29.331 65718 INFO tempest.lib.common.rest_client [req-c5f2a147-87fd-453b-bbc2-1096a14baef0 req-c5f2a147-87fd-453b-bbc2-1096a14baef0 ] Request (ServersTestManualDisk:setUpClass): 202 POST http://10.180.1.21/compute/v2.1/servers 7.434s
2025-11-14 06:42:29.334 65716 INFO tempest.lib.common.rest_client [req-ede94987-d6e1-4998-bcc8-6300a7b7ebe6 req-ede94987-d6e1-4998-bcc8-6300a7b7ebe6 ] Request (KeyPairsNegativeTestJSON:test_create_keypair_with_long_keynames): 400 POST http://10.180.1.21/compute/v2.1/os-keypairs 5.205s
2025-11-14 06:42:29.344 65710 INFO tempest.lib.common.rest_client [req-c360a321-d0f4-41d2-9d28-b2b979b7d537 req-c360a321-d0f4-41d2-9d28-b2b979b7d537 ] Request (ServerMetadataNegativeTestJSON:test_set_metadata_non_existent_server): 404 PUT http://10.180.1.21/compute/v2.1/servers/3952a3f1-aec1-4180-b643-fddd477964f9/metadata 5.166s
2025-11-14 06:42:29.357 65698 INFO tempest.lib.common.rest_client [req-0d5da095-5d08-4daf-a84d-730264854e7c req-0d5da095-5d08-4daf-a84d-730264854e7c ] Request (FlavorsAdminTestJSON:test_is_public_string_variations): 200 GET http://10.180.1.21/compute/v2.1/flavors/detail?is_public=no 5.164s
2025-11-14 06:42:29.510 65730 INFO tempest.lib.common.rest_client [req-2d82c457-4c01-4a9f-8323-0065bd10184d req-2d82c457-4c01-4a9f-8323-0065bd10184d ] Request (FloatingIPsAssociationTestJSON:setUpClass): 201 POST http://10.180.1.21/networking/v2.0/routers 0.960s
2025-11-14 06:42:29.581 65741 INFO tempest.lib.common.rest_client [req-c872af9b-7876-4bdc-932d-d4c617b51ccb req-c872af9b-7876-4bdc-932d-d4c617b51ccb ] Request (ImagesTestJSON:test_create_image_from_suspended_server): 200 GET http://10.180.1.21/compute/v2.1/servers/d4b71014-b48f-4d12-9575-f95ce8d1212e 5.765s
2025-11-14 06:42:29.592 65741 INFO tempest.common.waiters [-] State transition "BUILD/networking" ==> "BUILD/spawning" after 18 second wait
2025-11-14 06:42:29.595 65732 INFO tempest.lib.common.rest_client [req-9d4d2052-935c-40d3-a4ef-292a122feead req-9d4d2052-935c-40d3-a4ef-292a122feead ] Request (ServersTestFqdnHostnames:test_create_server_with_fqdn_name): 200 GET http://10.180.1.21/compute/v2.1/servers/2d42670e-38c3-46cf-99fb-692816bf24a8 5.128s
2025-11-14 06:42:29.655 65706 INFO tempest.lib.common.rest_client [req-edeeb2d9-a9c3-408e-8cf5-e27c9f5d52b9 req-edeeb2d9-a9c3-408e-8cf5-e27c9f5d52b9 ] Request (ListImageFiltersTestJSON:setUpClass): 200 GET http://10.180.1.21/compute/v2.1/images/dc49c3a7-745e-4d6b-be40-d5b9f7d753d1 5.068s
2025-11-14 06:42:30.578 65730 INFO tempest.lib.common.rest_client [req-3dd59ff2-b0fe-4995-9369-7dd0c7a3cf09 req-3dd59ff2-b0fe-4995-9369-7dd0c7a3cf09 ] Request (FloatingIPsAssociationTestJSON:setUpClass): 200 PUT http://10.180.1.21/networking/v2.0/routers/5a922468-17dd-4c68-9335-981c8af21fe5/add_router_interface 1.068s
2025-11-14 06:42:30.579 65730 INFO tempest.lib.common.dynamic_creds [-] Created isolated network resources for: credentials: Credentials: {'domain_id': 'default', 'domain_name': 'Default', 'username': 'tempest-FloatingIPsAssociationTestJSON-408950981-project-member', 'project_domain_id': 'default', 'project_domain_name': 'Default', 'project_id': 'aa21d446792f496dacebac5b97ec08bf', 'project_name': 'tempest-FloatingIPsAssociationTestJSON-408950981', 'tenant_id': 'aa21d446792f496dacebac5b97ec08bf', 'tenant_name': 'tempest-FloatingIPsAssociationTestJSON-408950981', 'user_domain_id': 'default', 'user_domain_name': 'Default', 'user_id': '8f221c8f5edb4799a9de513bda85b564', 'system': None}, Network: {'id': '1f627079-634c-40cd-8366-23905272da41', 'name': 'tempest-FloatingIPsAssociationTestJSON-1138286819-network', 'tenant_id': 'aa21d446792f496dacebac5b97ec08bf', 'project_id': 'aa21d446792f496dacebac5b97ec08bf', 'admin_state_up': True, 'mtu': 8950, 'status': 'ACTIVE', 'subnets': [], 'shared': False, 'port_security_enabled': True, 'router:external': False, 'provider:network_type': 'vlan', 'provider:physical_network': 'default', 'provider:segmentation_id': 798, 'availability_zone_hints': [], 'availability_zones': [], 'ipv4_address_scope': None, 'ipv6_address_scope': None, 'description': '', 'tags': [], 'created_at': '2025-11-14T06:42:27Z', 'updated_at': '2025-11-14T06:42:27Z', 'revision_number': 1}, Subnet: {'id': '6b7b533e-b856-4656-aab9-89b4140e490a', 'name': 'tempest-FloatingIPsAssociationTestJSON-1138286819-subnet', 'tenant_id': 'aa21d446792f496dacebac5b97ec08bf', 'network_id': '1f627079-634c-40cd-8366-23905272da41', 'ip_version': 4, 'subnetpool_id': None, 'enable_dhcp': True, 'ipv6_ra_mode': None, 'ipv6_address_mode': None, 'gateway_ip': '192.168.128.1', 'cidr': '192.168.128.0/28', 'allocation_pools': [{'start': '192.168.128.2', 'end': '192.168.128.14'}], 'host_routes': [], 'dns_nameservers': [], 'description': '', 'router:external': False, 'service_types': [], 'tags': [], 'created_at': '2025-11-14T06:42:28Z', 'updated_at': '2025-11-14T06:42:28Z', 'revision_number': 0, 'project_id': 'aa21d446792f496dacebac5b97ec08bf'}, Router: {'id': '5a922468-17dd-4c68-9335-981c8af21fe5', 'name': 'tempest-FloatingIPsAssociationTestJSON-1138286819-router', 'tenant_id': 'aa21d446792f496dacebac5b97ec08bf', 'admin_state_up': True, 'status': 'ACTIVE', 'external_gateway_info': {'network_id': '1b4ab82f-5ada-4cf2-945a-b5558f2cf44f', 'external_fixed_ips': [{'subnet_id': 'a745ba3f-d7c5-43d1-ae4a-3fa38d3d1e72', 'ip_address': '10.180.180.154'}], 'enable_snat': True}, 'description': '', 'availability_zones': [], 'distributed': False, 'ha': False, 'availability_zone_hints': [], 'routes': [], 'flavor_id': None, 'tags': [], 'created_at': '2025-11-14T06:42:28Z', 'updated_at': '2025-11-14T06:42:29Z', 'revision_number': 2, 'project_id': 'aa21d446792f496dacebac5b97ec08bf'}
2025-11-14 06:42:30.651 65692 INFO tempest.lib.common.rest_client [req-3575b10b-6950-4ac8-92a5-c512c418a98a req-3575b10b-6950-4ac8-92a5-c512c418a98a ] Request (TenantUsagesTestJSON:setUpClass): 200 GET http://10.180.1.21/compute/v2.1/servers/8b42ccc8-43f5-4dd5-a629-2c56dae07dbf 5.571s
2025-11-14 06:42:30.655 65736 INFO tempest.lib.common.rest_client [req-bf146f33-1011-41e1-9301-62386d8adffc req-bf146f33-1011-41e1-9301-62386d8adffc ] Request (SecurityGroupsTestJSON:test_security_groups_create_list_delete): 404 GET http://10.180.1.21/compute/v2.1/os-security-groups/9f8afe88-7da2-43ec-97ea-fb79f1f225f0 5.511s
2025-11-14 06:42:30.685 65730 INFO tempest.lib.common.rest_client [req-6fad538b-3e9d-4db3-bd62-98529d47086a req-6fad538b-3e9d-4db3-bd62-98529d47086a ] Request (FloatingIPsAssociationTestJSON:setUpClass): 201 POST http://10.180.1.21/identity/v3/auth/tokens 0.101s
2025-11-14 06:42:30.732 65730 INFO tempest.lib.common.rest_client [req-6d3d9dd9-1906-47be-9750-eea69f4cf1b9 req-6d3d9dd9-1906-47be-9750-eea69f4cf1b9 ] Request (FloatingIPsAssociationTestJSON:setUpClass): 201 POST http://10.180.1.21/identity/v3/auth/tokens 0.040s
2025-11-14 06:42:30.733 65730 INFO tempest.lib.common.fixed_network [-] (FloatingIPsAssociationTestJSON:setUpClass) Found network {'id': '1f627079-634c-40cd-8366-23905272da41', 'name': 'tempest-FloatingIPsAssociationTestJSON-1138286819-network', 'tenant_id': 'aa21d446792f496dacebac5b97ec08bf', 'project_id': 'aa21d446792f496dacebac5b97ec08bf', 'admin_state_up': True, 'mtu': 8950, 'status': 'ACTIVE', 'subnets': [], 'shared': False, 'port_security_enabled': True, 'router:external': False, 'provider:network_type': 'vlan', 'provider:physical_network': 'default', 'provider:segmentation_id': 798, 'availability_zone_hints': [], 'availability_zones': [], 'ipv4_address_scope': None, 'ipv6_address_scope': None, 'description': '', 'tags': [], 'created_at': '2025-11-14T06:42:27Z', 'updated_at': '2025-11-14T06:42:27Z', 'revision_number': 1} available for tenant
2025-11-14 06:42:30.837 65702 INFO tempest.lib.common.rest_client [req-e31536ee-1850-4eeb-b400-940cbc4d0150 req-e31536ee-1850-4eeb-b400-940cbc4d0150 ] Request (ImagesMetadataTestJSON:setUp): 200 PUT http://10.180.1.21/compute/v2.1/images/66869687-24b6-435b-a0aa-a21b6c2cb0ac/metadata 5.651s
2025-11-14 06:42:30.860 65686 INFO tempest.lib.common.rest_client [req-7c2617ce-c3ee-4e88-b119-fef40a9150b1 req-7c2617ce-c3ee-4e88-b119-fef40a9150b1 ] Request (FloatingIPDetailsNegativeTestJSON:test_get_nonexistent_floating_ip_details): 404 GET http://10.180.1.21/compute/v2.1/os-floating-ips/4acfbef4-5180-44a7-af94-52f10dc19fa3 5.706s
2025-11-14 06:42:30.904 65738 INFO tempest.lib.common.rest_client [req-05e05809-db5f-47b2-a3e3-c4143c732c70 req-05e05809-db5f-47b2-a3e3-c4143c732c70 ] Request (AttachInterfacesUnderV243Test:test_add_remove_fixed_ip): 200 GET http://10.180.1.21/compute/v2.1/servers/e80a9065-bb5d-4e26-8378-c8a01ed44fdc/ips 4.681s
2025-11-14 06:42:31.207 65726 INFO tempest.lib.common.rest_client [req-dd82c3b3-5052-4997-b0da-5d85847faeb9 req-dd82c3b3-5052-4997-b0da-5d85847faeb9 ] Request (ServersListShow298Test:test_list_show_update_rebuild_server_298): 200 GET http://10.180.1.21/compute/v2.1/servers/detail 5.338s
2025-11-14 06:42:31.304 65734 INFO tempest.lib.common.rest_client [req-73463681-9e58-47e9-933f-9388765f6ded req-73463681-9e58-47e9-933f-9388765f6ded ] Request (ImagesOneServerNegativeTestJSON:setUp): 200 GET http://10.180.1.21/compute/v2.1/servers/db804e40-6f89-4143-b333-80516a35fc60 4.849s
2025-11-14 06:42:31.310 65704 INFO tempest.lib.common.rest_client [req-d18ec9bd-058b-41f2-a252-30ff378164a8 req-d18ec9bd-058b-41f2-a252-30ff378164a8 ] Request (AggregatesAdminNegativeTestJSON:test_aggregate_remove_host_as_user): 403 POST http://10.180.1.21/compute/v2.1/os-aggregates/7/action 4.617s
2025-11-14 06:42:31.657 65686 INFO tempest.lib.common.rest_client [req-28baa775-f814-4367-b580-e1da66f1a12b req-28baa775-f814-4367-b580-e1da66f1a12b ] Request (FloatingIPDetailsNegativeTestJSON:tearDownClass): 200 PUT http://10.180.1.21/networking/v2.0/routers/5dcf5d1c-c542-4fbd-8294-01b68a7083e8/remove_router_interface 0.795s
2025-11-14 06:42:32.150 65686 INFO tempest.lib.common.rest_client [req-a03a58bb-84bd-4d4b-9625-89e4905594e3 req-a03a58bb-84bd-4d4b-9625-89e4905594e3 ] Request (FloatingIPDetailsNegativeTestJSON:tearDownClass): 204 DELETE http://10.180.1.21/networking/v2.0/routers/5dcf5d1c-c542-4fbd-8294-01b68a7083e8 0.493s
2025-11-14 06:42:32.176 65700 INFO tempest.lib.common.rest_client [req-2fcb79f8-3db7-4bc6-b7d8-8254515c2c36 req-2fcb79f8-3db7-4bc6-b7d8-8254515c2c36 ] Request (ServersTestMultiNic:test_verify_duplicate_network_nics): 202 POST http://10.180.1.21/compute/v2.1/servers 5.648s
2025-11-14 06:42:32.178 65708 INFO tempest.lib.common.rest_client [req-b7f0c8e0-344b-4c26-b925-092e71011b05 req-b7f0c8e0-344b-4c26-b925-092e71011b05 ] Request (ServerActionsV293TestJSON:setUpClass): 202 POST http://10.180.1.21/compute/v2.1/servers 5.400s
2025-11-14 06:42:32.278 65686 INFO tempest.lib.common.rest_client [req-f84affa1-4c14-4c1b-9d85-c885d7387311 req-f84affa1-4c14-4c1b-9d85-c885d7387311 ] Request (FloatingIPDetailsNegativeTestJSON:tearDownClass): 204 DELETE http://10.180.1.21/networking/v2.0/subnets/94c22120-6034-4c35-ac25-06e90614c3d0 0.127s
2025-11-14 06:42:32.310 65712 INFO tempest.lib.common.rest_client [req-d8f6464b-8436-49fc-bc43-ec0c1440d874 req-d8f6464b-8436-49fc-bc43-ec0c1440d874 ] Request (ServerActionsTestOtherB:setUpClass): 200 GET http://10.180.1.21/compute/v2.1/servers/0cced98e-68c1-4b63-b28b-094c93f99ac4 5.004s
2025-11-14 06:42:32.375 65688 INFO tempest.lib.common.rest_client [req-4fbc61db-0e0e-42db-939f-25181a1ff907 req-4fbc61db-0e0e-42db-939f-25181a1ff907 ] Request (SecurityGroupRulesTestJSON:test_security_group_rules_create): 200 POST http://10.180.1.21/compute/v2.1/os-security-group-rules 5.026s
2025-11-14 06:42:32.511 65686 INFO tempest.lib.common.rest_client [req-e09cef6e-fcd1-4cd0-9d4e-3025b3d8ede5 req-e09cef6e-fcd1-4cd0-9d4e-3025b3d8ede5 ] Request (FloatingIPDetailsNegativeTestJSON:tearDownClass): 204 DELETE http://10.180.1.21/networking/v2.0/networks/accea7ea-02fe-42c7-860a-4e6889d8c98b 0.232s
2025-11-14 06:42:32.601 65724 INFO tempest.lib.common.rest_client [req-0742c833-2c38-4466-8b0e-cf8ef511c2c9 req-0742c833-2c38-4466-8b0e-cf8ef511c2c9 ] Request (ServerRescueTestJSON:test_rescue_unrescue_instance): 200 GET http://10.180.1.21/compute/v2.1/servers/b6f5abef-4aa1-4837-92c4-622332997dcc 5.088s
