2025-11-14 06:40:27.110 65720 INFO tempest.lib.common.rest_client [req-868a2ece-9a4e-4964-8cf0-1dbabcabbfc1 req-868a2ece-9a4e-4964-8cf0-1dbabcabbfc1 ] Request (VolumesAdminNegativeTest:setUpClass): 204 PUT http://10.180.1.21/identity/v3/projects/842e8dab6ec540958939451a3d748965/users/ddfa9a17d7394818832ed0e55254ffc7/roles/51c6bf421fae45c692668c2e8be5e972 0.079s
2025-11-14 06:40:27.110 65720 INFO tempest.lib.common.dynamic_creds [-] Dynamic test user ddfa9a17d7394818832ed0e55254ffc7 is created with scope project and roles: ['admin']
2025-11-14 06:40:27.110 65720 INFO tempest.lib.common.dynamic_creds [-] Acquired dynamic creds: credentials: Credentials: {'domain_id': 'default', 'domain_name': 'Default', 'username': 'tempest-VolumesAdminNegativeTest-430159579-project-admin', 'project_domain_id': 'default', 'project_domain_name': 'Default', 'project_id': '842e8dab6ec540958939451a3d748965', 'project_name': 'tempest-VolumesAdminNegativeTest-430159579', 'tenant_id': '842e8dab6ec540958939451a3d748965', 'tenant_name': 'tempest-VolumesAdminNegativeTest-430159579', 'user_domain_id': 'default', 'user_domain_name': 'Default', 'user_id': 'ddfa9a17d7394818832ed0e55254ffc7', 'system': None}, Network: None, Subnet: None, Router: None
2025-11-14 06:40:27.122 65714 INFO tempest.lib.common.rest_client [req-836ae8dd-1b06-4d7d-95a4-2eb0a3a05eb2 req-836ae8dd-1b06-4d7d-95a4-2eb0a3a05eb2 ] Request (VolumesAssistedSnapshotsTest:setUpClass): 200 PUT http://10.180.1.21/networking/v2.0/routers/fdd4227d-7f23-4509-95b6-64c31be81d81/add_router_interface 2.817s
2025-11-14 06:40:27.122 65714 INFO tempest.lib.common.dynamic_creds [-] Created isolated network resources for: credentials: Credentials: {'domain_id': 'default', 'domain_name': 'Default', 'username': 'tempest-VolumesAssistedSnapshotsTest-1934724153-project-member', 'project_domain_id': 'default', 'project_domain_name': 'Default', 'project_id': '2a6f57ea203c4bdfaddcb20df2022fb0', 'project_name': 'tempest-VolumesAssistedSnapshotsTest-1934724153', 'tenant_id': '2a6f57ea203c4bdfaddcb20df2022fb0', 'tenant_name': 'tempest-VolumesAssistedSnapshotsTest-1934724153', 'user_domain_id': 'default', 'user_domain_name': 'Default', 'user_id': 'beddaf927cf040d4beacfb7a1e6c8496', 'system': None}, Network: {'id': 'e49d1278-5881-4acd-911c-d29dbb151c65', 'name': 'tempest-VolumesAssistedSnapshotsTest-2112149415-network', 'tenant_id': '2a6f57ea203c4bdfaddcb20df2022fb0', 'project_id': '2a6f57ea203c4bdfaddcb20df2022fb0', 'admin_state_up': True, 'mtu': 8950, 'status': 'ACTIVE', 'subnets': [], 'shared': False, 'port_security_enabled': True, 'router:external': False, 'provider:network_type': 'vlan', 'provider:physical_network': 'default', 'provider:segmentation_id': 60, 'availability_zone_hints': [], 'availability_zones': [], 'ipv4_address_scope': None, 'ipv6_address_scope': None, 'description': '', 'tags': [], 'created_at': '2025-11-14T06:40:21Z', 'updated_at': '2025-11-14T06:40:21Z', 'revision_number': 1}, Subnet: {'id': '997711f0-e243-40e8-9957-f92e1aefe4fa', 'name': 'tempest-VolumesAssistedSnapshotsTest-2112149415-subnet', 'tenant_id': '2a6f57ea203c4bdfaddcb20df2022fb0', 'network_id': 'e49d1278-5881-4acd-911c-d29dbb151c65', 'ip_version': 4, 'subnetpool_id': None, 'enable_dhcp': True, 'ipv6_ra_mode': None, 'ipv6_address_mode': None, 'gateway_ip': '192.168.128.1', 'cidr': '192.168.128.0/28', 'allocation_pools': [{'start': '192.168.128.2', 'end': '192.168.128.14'}], 'host_routes': [], 'dns_nameservers': [], 'description': '', 'router:external': False, 'service_types': [], 'tags': [], 'created_at': '2025-11-14T06:40:22Z', 'updated_at': '2025-11-14T06:40:22Z', 'revision_number': 0, 'project_id': '2a6f57ea203c4bdfaddcb20df2022fb0'}, Router: {'id': 'fdd4227d-7f23-4509-95b6-64c31be81d81', 'name': 'tempest-VolumesAssistedSnapshotsTest-2112149415-router', 'tenant_id': '2a6f57ea203c4bdfaddcb20df2022fb0', 'admin_state_up': True, 'status': 'ACTIVE', 'external_gateway_info': {'network_id': '1b4ab82f-5ada-4cf2-945a-b5558f2cf44f', 'external_fixed_ips': [{'subnet_id': 'a745ba3f-d7c5-43d1-ae4a-3fa38d3d1e72', 'ip_address': '10.180.180.197'}], 'enable_snat': True}, 'description': '', 'availability_zones': [], 'distributed': False, 'ha': False, 'availability_zone_hints': [], 'routes': [], 'flavor_id': None, 'tags': [], 'created_at': '2025-11-14T06:40:23Z', 'updated_at': '2025-11-14T06:40:24Z', 'revision_number': 2, 'project_id': '2a6f57ea203c4bdfaddcb20df2022fb0'}
2025-11-14 06:40:27.203 65714 INFO tempest.lib.common.rest_client [req-fb746b0d-df6a-4246-834b-30c907f54830 req-fb746b0d-df6a-4246-834b-30c907f54830 ] Request (VolumesAssistedSnapshotsTest:setUpClass): 201 POST http://10.180.1.21/identity/v3/auth/tokens 0.074s
2025-11-14 06:40:27.257 65688 INFO tempest.lib.common.rest_client [req-64721565-a0e8-4522-9e55-e827ba1e87da req-64721565-a0e8-4522-9e55-e827ba1e87da ] Request (FlavorsExtraSpecsNegativeTestJSON:setUpClass): 200 POST http://10.180.1.21/compute/v2.1/flavors 1.973s
2025-11-14 06:40:27.279 65714 INFO tempest.lib.common.rest_client [req-d55426f4-d946-42f9-a62d-413a0aeb0454 req-d55426f4-d946-42f9-a62d-413a0aeb0454 ] Request (VolumesAssistedSnapshotsTest:setUpClass): 201 POST http://10.180.1.21/identity/v3/projects 0.076s
2025-11-14 06:40:27.348 65714 INFO tempest.lib.common.rest_client [req-94baf27d-b651-435f-a90e-d1c9d9c55640 req-94baf27d-b651-435f-a90e-d1c9d9c55640 ] Request (VolumesAssistedSnapshotsTest:setUpClass): 201 POST http://10.180.1.21/identity/v3/users 0.069s
2025-11-14 06:40:27.360 65702 INFO tempest.lib.common.rest_client [req-8d0bbde5-ced1-4111-9b75-060d2231192f req-8d0bbde5-ced1-4111-9b75-060d2231192f ] Request (HypervisorAdminUnderV252Test:test_get_hypervisor_show_servers): 200 GET http://10.180.1.21/compute/v2.1/os-hypervisors 2.030s
2025-11-14 06:40:27.370 65714 INFO tempest.lib.common.rest_client [req-9847506b-8351-4535-8b1f-f1ebc59832b5 req-9847506b-8351-4535-8b1f-f1ebc59832b5 ] Request (VolumesAssistedSnapshotsTest:setUpClass): 200 GET http://10.180.1.21/identity/v3/roles 0.021s
2025-11-14 06:40:27.409 65714 INFO tempest.lib.common.rest_client [req-57c03871-15c4-40dd-82fd-89d717de1074 req-57c03871-15c4-40dd-82fd-89d717de1074 ] Request (VolumesAssistedSnapshotsTest:setUpClass): 204 PUT http://10.180.1.21/identity/v3/projects/261e595d41874cae9bbb9e0c33a116d7/users/32ee33983a354f15a4555bc814d4765b/roles/51c6bf421fae45c692668c2e8be5e972 0.039s
2025-11-14 06:40:27.460 65728 INFO tempest.lib.common.rest_client [req-9caafb5e-3c42-4cdf-aa11-fbb569d2924d req-9caafb5e-3c42-4cdf-aa11-fbb569d2924d ] Request (ServersWithSpecificFlavorTestJSON:setUpClass): 201 POST http://10.180.1.21/networking/v2.0/routers 3.085s
2025-11-14 06:40:27.492 65714 INFO tempest.lib.common.rest_client [req-3d65bbb7-0d13-45f0-97be-4692a9e2c2cb req-3d65bbb7-0d13-45f0-97be-4692a9e2c2cb ] Request (VolumesAssistedSnapshotsTest:setUpClass): 200 GET http://10.180.1.21/identity/v3/roles 0.082s
2025-11-14 06:40:27.515 65714 INFO tempest.lib.common.rest_client [req-bad3aa7e-3890-470f-bcf9-7d1cb0e0c8b4 req-bad3aa7e-3890-470f-bcf9-7d1cb0e0c8b4 ] Request (VolumesAssistedSnapshotsTest:setUpClass): 204 PUT http://10.180.1.21/identity/v3/projects/261e595d41874cae9bbb9e0c33a116d7/users/32ee33983a354f15a4555bc814d4765b/roles/51c6bf421fae45c692668c2e8be5e972 0.023s
2025-11-14 06:40:27.515 65714 INFO tempest.lib.common.dynamic_creds [-] Dynamic test user 32ee33983a354f15a4555bc814d4765b is created with scope project and roles: ['admin']
2025-11-14 06:40:27.516 65714 INFO tempest.lib.common.dynamic_creds [-] Acquired dynamic creds: credentials: Credentials: {'domain_id': 'default', 'domain_name': 'Default', 'username': 'tempest-VolumesAssistedSnapshotsTest-1754009689-project-admin', 'project_domain_id': 'default', 'project_domain_name': 'Default', 'project_id': '261e595d41874cae9bbb9e0c33a116d7', 'project_name': 'tempest-VolumesAssistedSnapshotsTest-1754009689', 'tenant_id': '261e595d41874cae9bbb9e0c33a116d7', 'tenant_name': 'tempest-VolumesAssistedSnapshotsTest-1754009689', 'user_domain_id': 'default', 'user_domain_name': 'Default', 'user_id': '32ee33983a354f15a4555bc814d4765b', 'system': None}, Network: None, Subnet: None, Router: None
2025-11-14 06:40:27.544 65682 INFO tempest.lib.common.rest_client [req-39cd33f8-4937-4812-818c-23cf29e7be5b req-39cd33f8-4937-4812-818c-23cf29e7be5b ] Request (HostsAdminTestJSON:test_list_hosts): 200 GET http://10.180.1.21/compute/v2.1/os-hosts 2.112s
2025-11-14 06:40:27.713 65696 INFO tempest.lib.common.rest_client [req-3e9a97b0-26ed-4103-b59f-415a23a144c4 req-3e9a97b0-26ed-4103-b59f-415a23a144c4 ] Request (FlavorsAccessNegativeTestJSON:test_add_flavor_access_duplicate): 200 POST http://10.180.1.21/compute/v2.1/flavors 2.262s
2025-11-14 06:40:27.791 65686 INFO tempest.lib.common.rest_client [req-2a9a9274-b6ec-49c2-b442-7b99030fd623 req-2a9a9274-b6ec-49c2-b442-7b99030fd623 ] Request (AZAdminNegativeTestJSON:tearDownClass): 200 GET http://10.180.1.21/networking/v2.0/security-groups?tenant_id=151112129eb749a880c49f7e18e0dd5b&name=default 2.277s
2025-11-14 06:40:27.891 65732 INFO tempest.lib.common.rest_client [req-27e2b9bb-c8f7-49ab-8642-3e6c283aa387 req-27e2b9bb-c8f7-49ab-8642-3e6c283aa387 ] Request (FlavorsV261TestJSON:tearDownClass): 204 DELETE http://10.180.1.21/networking/v2.0/security-groups/2081976e-4902-45e4-9575-d6db8e9fb901 1.996s
2025-11-14 06:40:27.974 65732 INFO tempest.lib.common.rest_client [req-c9bf5e6d-f5d0-4173-8fa4-bf5ef4a6fd1e req-c9bf5e6d-f5d0-4173-8fa4-bf5ef4a6fd1e ] Request (FlavorsV261TestJSON:tearDownClass): 204 DELETE http://10.180.1.21/identity/v3/projects/3e8f6003e2984ccb996de43072e67be6 0.082s
2025-11-14 06:40:27.974 65732 INFO tempest.lib.common.dynamic_creds [-] Deleting project and security group for project: aaa9a6fbb1e74e61a3ae9c76ffb84a54
2025-11-14 06:40:28.043 65684 INFO tempest.lib.common.rest_client [req-d2c7949c-d0c7-4a41-95ce-f292ee3b8bfc req-d2c7949c-d0c7-4a41-95ce-f292ee3b8bfc ] Request (QuotasSecurityGroupAdminNegativeTest:tearDownClass): 200 GET http://10.180.1.21/networking/v2.0/security-groups?tenant_id=2abebc5b7a8148bea4913426b68b10ac&name=default 1.188s
2025-11-14 06:40:28.085 65706 INFO tempest.lib.common.rest_client [req-b4e3a8e2-e4e1-4cec-addb-053297cd481e req-b4e3a8e2-e4e1-4cec-addb-053297cd481e ] Request (FloatingIPsNegativeTestJSON:setUpClass): 200 PUT http://10.180.1.21/networking/v2.0/routers/54a0573a-4f9c-410e-8537-bca17278ab63/add_router_interface 3.089s
2025-11-14 06:40:28.085 65706 INFO tempest.lib.common.dynamic_creds [-] Created isolated network resources for: credentials: Credentials: {'domain_id': 'default', 'domain_name': 'Default', 'username': 'tempest-FloatingIPsNegativeTestJSON-1771620523-project-member', 'project_domain_id': 'default', 'project_domain_name': 'Default', 'project_id': '45ced6fa48b142609a23dda815647411', 'project_name': 'tempest-FloatingIPsNegativeTestJSON-1771620523', 'tenant_id': '45ced6fa48b142609a23dda815647411', 'tenant_name': 'tempest-FloatingIPsNegativeTestJSON-1771620523', 'user_domain_id': 'default', 'user_domain_name': 'Default', 'user_id': '9d05070412dd4cc180ae71a00759ccff', 'system': None}, Network: {'id': 'a3657fd7-8ec0-4cf0-86ce-dde5c4ffdcf5', 'name': 'tempest-FloatingIPsNegativeTestJSON-301013900-network', 'tenant_id': '45ced6fa48b142609a23dda815647411', 'project_id': '45ced6fa48b142609a23dda815647411', 'admin_state_up': True, 'mtu': 8950, 'status': 'ACTIVE', 'subnets': [], 'shared': False, 'port_security_enabled': True, 'router:external': False, 'provider:network_type': 'vlan', 'provider:physical_network': 'default', 'provider:segmentation_id': 917, 'availability_zone_hints': [], 'availability_zones': [], 'ipv4_address_scope': None, 'ipv6_address_scope': None, 'description': '', 'tags': [], 'created_at': '2025-11-14T06:40:22Z', 'updated_at': '2025-11-14T06:40:22Z', 'revision_number': 1}, Subnet: {'id': '92d85113-2c31-45e6-b800-af06e8ac3f1d', 'name': 'tempest-FloatingIPsNegativeTestJSON-301013900-subnet', 'tenant_id': '45ced6fa48b142609a23dda815647411', 'network_id': 'a3657fd7-8ec0-4cf0-86ce-dde5c4ffdcf5', 'ip_version': 4, 'subnetpool_id': None, 'enable_dhcp': True, 'ipv6_ra_mode': None, 'ipv6_address_mode': None, 'gateway_ip': '192.168.128.1', 'cidr': '192.168.128.0/28', 'allocation_pools': [{'start': '192.168.128.2', 'end': '192.168.128.14'}], 'host_routes': [], 'dns_nameservers': [], 'description': '', 'router:external': False, 'service_types': [], 'tags': [], 'created_at': '2025-11-14T06:40:22Z', 'updated_at': '2025-11-14T06:40:22Z', 'revision_number': 0, 'project_id': '45ced6fa48b142609a23dda815647411'}, Router: {'id': '54a0573a-4f9c-410e-8537-bca17278ab63', 'name': 'tempest-FloatingIPsNegativeTestJSON-301013900-router', 'tenant_id': '45ced6fa48b142609a23dda815647411', 'admin_state_up': True, 'status': 'ACTIVE', 'external_gateway_info': {'network_id': '1b4ab82f-5ada-4cf2-945a-b5558f2cf44f', 'external_fixed_ips': [{'subnet_id': 'a745ba3f-d7c5-43d1-ae4a-3fa38d3d1e72', 'ip_address': '10.180.180.249'}], 'enable_snat': True}, 'description': '', 'availability_zones': [], 'distributed': False, 'ha': False, 'availability_zone_hints': [], 'routes': [], 'flavor_id': None, 'tags': [], 'created_at': '2025-11-14T06:40:24Z', 'updated_at': '2025-11-14T06:40:24Z', 'revision_number': 2, 'project_id': '45ced6fa48b142609a23dda815647411'}
2025-11-14 06:40:28.186 65706 INFO tempest.lib.common.rest_client [req-66cb3373-3c8b-4417-8035-f5fa5f9df946 req-66cb3373-3c8b-4417-8035-f5fa5f9df946 ] Request (FloatingIPsNegativeTestJSON:setUpClass): 201 POST http://10.180.1.21/identity/v3/auth/tokens 0.096s
2025-11-14 06:40:28.246 65741 INFO tempest.lib.common.rest_client [req-f29ebf61-6e1c-4f0e-bc63-2ba1fc69ac0c req-f29ebf61-6e1c-4f0e-bc63-2ba1fc69ac0c ] Request (InstanceUsageAuditLogTestJSON:tearDownClass): 200 GET http://10.180.1.21/networking/v2.0/security-groups?tenant_id=0844dd514623451cb08fe15da8b93008&name=default 1.154s
2025-11-14 06:40:28.282 65720 INFO tempest.lib.common.rest_client [req-c823bbcd-3cc8-4109-bdb1-4972cf315587 req-c823bbcd-3cc8-4109-bdb1-4972cf315587 ] Request (VolumesAdminNegativeTest:setUpClass): 201 POST http://10.180.1.21/networking/v2.0/networks 1.171s
2025-11-14 06:40:28.459 65714 INFO tempest.lib.common.rest_client [req-d31023a5-ee6d-4813-aeab-46052fd63e1e req-d31023a5-ee6d-4813-aeab-46052fd63e1e ] Request (VolumesAssistedSnapshotsTest:setUpClass): 201 POST http://10.180.1.21/networking/v2.0/networks 0.943s
2025-11-14 06:40:28.550 65686 INFO tempest.lib.common.rest_client [req-310c57d9-3fd8-4350-a75d-295cfb92f8ce req-310c57d9-3fd8-4350-a75d-295cfb92f8ce ] Request (AZAdminNegativeTestJSON:tearDownClass): 204 DELETE http://10.180.1.21/networking/v2.0/security-groups/579be210-853b-4e87-83c6-9180dc310270 0.758s
2025-11-14 06:40:28.668 65686 INFO tempest.lib.common.rest_client [req-049e984f-02af-4166-95f1-3d2f0632ee20 req-049e984f-02af-4166-95f1-3d2f0632ee20 ] Request (AZAdminNegativeTestJSON:tearDownClass): 204 DELETE http://10.180.1.21/identity/v3/projects/151112129eb749a880c49f7e18e0dd5b 0.118s
2025-11-14 06:40:28.669 65686 INFO tempest.lib.common.dynamic_creds [-] Deleting project and security group for project: b3cf3c2510634f60ab8f0b54e80694fe
2025-11-14 06:40:28.843 65722 INFO tempest.lib.common.rest_client [req-0ccb9eb5-2640-4c5c-ae36-532b7ee38c54 req-0ccb9eb5-2640-4c5c-ae36-532b7ee38c54 ] Request (SecurityGroupsTestAdminJSON:test_list_security_groups_list_all_tenants_filter): 200 POST http://10.180.1.21/compute/v2.1/os-security-groups 3.267s
2025-11-14 06:40:28.860 65700 INFO tempest.lib.common.rest_client [req-31b7e1f0-d72a-4950-81b1-1ada357ede98 req-31b7e1f0-d72a-4950-81b1-1ada357ede98 ] Request (HypervisorAdminNegativeUnderV252Test:test_search_nonexistent_hypervisor): 404 GET http://10.180.1.21/compute/v2.1/os-hypervisors/nonexistent_hypervisor_name/search 3.221s
2025-11-14 06:40:28.956 65732 INFO tempest.lib.common.rest_client [req-f6740715-560a-4c38-aa0c-f3aad54e2fbc req-f6740715-560a-4c38-aa0c-f3aad54e2fbc ] Request (FlavorsV261TestJSON:tearDownClass): 200 GET http://10.180.1.21/networking/v2.0/security-groups?tenant_id=aaa9a6fbb1e74e61a3ae9c76ffb84a54&name=default 0.982s
2025-11-14 06:40:29.004 65718 INFO tempest.lib.common.rest_client [req-e533cf82-b41a-464b-9ddf-3c61e1b24f84 req-e533cf82-b41a-464b-9ddf-3c61e1b24f84 ] Request (AZAdminV2TestJSON:test_get_availability_zone_list): 200 GET http://10.180.1.21/compute/v2.1/os-availability-zone 3.303s
2025-11-14 06:40:29.050 65684 INFO tempest.lib.common.rest_client [req-21fee948-9a2f-4e24-b8b5-635893a2e53a req-21fee948-9a2f-4e24-b8b5-635893a2e53a ] Request (QuotasSecurityGroupAdminNegativeTest:tearDownClass): 204 DELETE http://10.180.1.21/networking/v2.0/security-groups/51ee59fa-ce37-4dec-8468-241b7ff9bc21 1.006s
2025-11-14 06:40:29.095 65726 INFO tempest.lib.common.rest_client [req-f43d5985-b188-4b3c-91f3-74c22abfeec5 req-f43d5985-b188-4b3c-91f3-74c22abfeec5 ] Request (InstanceUsageAuditLogNegativeTestJSON:test_get_instance_usage_audit_logs_with_invalid_time): 400 GET http://10.180.1.21/compute/v2.1/os-instance_usage_audit_log/invalid_time 3.359s
2025-11-14 06:40:29.098 65728 INFO tempest.lib.common.rest_client [req-b9ef8b3c-b8d7-4107-8c0b-4d4d8df04c5d req-b9ef8b3c-b8d7-4107-8c0b-4d4d8df04c5d ] Request (ServersWithSpecificFlavorTestJSON:setUpClass): 200 PUT http://10.180.1.21/networking/v2.0/routers/04698f18-7003-479e-abf9-e8092be76e82/add_router_interface 1.637s
2025-11-14 06:40:29.098 65728 INFO tempest.lib.common.dynamic_creds [-] Created isolated network resources for: credentials: Credentials: {'domain_id': 'default', 'domain_name': 'Default', 'username': 'tempest-ServersWithSpecificFlavorTestJSON-940507922-project-member', 'project_domain_id': 'default', 'project_domain_name': 'Default', 'project_id': 'f526930ef9e141bfb6a9f91f0ef84ea9', 'project_name': 'tempest-ServersWithSpecificFlavorTestJSON-940507922', 'tenant_id': 'f526930ef9e141bfb6a9f91f0ef84ea9', 'tenant_name': 'tempest-ServersWithSpecificFlavorTestJSON-940507922', 'user_domain_id': 'default', 'user_domain_name': 'Default', 'user_id': 'bd31ec2d0e5e438bb952032e4e2c1d5e', 'system': None}, Network: {'id': 'f1381145-1c4a-4181-b69f-9bfddcebea10', 'name': 'tempest-ServersWithSpecificFlavorTestJSON-1022048707-network', 'tenant_id': 'f526930ef9e141bfb6a9f91f0ef84ea9', 'project_id': 'f526930ef9e141bfb6a9f91f0ef84ea9', 'admin_state_up': True, 'mtu': 8950, 'status': 'ACTIVE', 'subnets': [], 'shared': False, 'port_security_enabled': True, 'router:external': False, 'provider:network_type': 'vlan', 'provider:physical_network': 'default', 'provider:segmentation_id': 483, 'availability_zone_hints': [], 'availability_zones': [], 'ipv4_address_scope': None, 'ipv6_address_scope': None, 'description': '', 'tags': [], 'created_at': '2025-11-14T06:40:22Z', 'updated_at': '2025-11-14T06:40:22Z', 'revision_number': 1}, Subnet: {'id': '894152bb-e586-4e60-be3c-749a1c045df5', 'name': 'tempest-ServersWithSpecificFlavorTestJSON-1022048707-subnet', 'tenant_id': 'f526930ef9e141bfb6a9f91f0ef84ea9', 'network_id': 'f1381145-1c4a-4181-b69f-9bfddcebea10', 'ip_version': 4, 'subnetpool_id': None, 'enable_dhcp': True, 'ipv6_ra_mode': None, 'ipv6_address_mode': None, 'gateway_ip': '192.168.128.1', 'cidr': '192.168.128.0/28', 'allocation_pools': [{'start': '192.168.128.2', 'end': '192.168.128.14'}], 'host_routes': [], 'dns_nameservers': [], 'description': '', 'router:external': False, 'service_types': [], 'tags': [], 'created_at': '2025-11-14T06:40:24Z', 'updated_at': '2025-11-14T06:40:24Z', 'revision_number': 0, 'project_id': 'f526930ef9e141bfb6a9f91f0ef84ea9'}, Router: {'id': '04698f18-7003-479e-abf9-e8092be76e82', 'name': 'tempest-ServersWithSpecificFlavorTestJSON-1022048707-router', 'tenant_id': 'f526930ef9e141bfb6a9f91f0ef84ea9', 'admin_state_up': True, 'status': 'ACTIVE', 'external_gateway_info': {'network_id': '1b4ab82f-5ada-4cf2-945a-b5558f2cf44f', 'external_fixed_ips': [{'subnet_id': 'a745ba3f-d7c5-43d1-ae4a-3fa38d3d1e72', 'ip_address': '10.180.180.137'}], 'enable_snat': True}, 'description': '', 'availability_zones': [], 'distributed': False, 'ha': False, 'availability_zone_hints': [], 'routes': [], 'flavor_id': None, 'tags': [], 'created_at': '2025-11-14T06:40:26Z', 'updated_at': '2025-11-14T06:40:27Z', 'revision_number': 2, 'project_id': 'f526930ef9e141bfb6a9f91f0ef84ea9'}
2025-11-14 06:40:29.134 65741 INFO tempest.lib.common.rest_client [req-ee269ab0-9b8c-4ed1-bb29-66ab7ef89718 req-ee269ab0-9b8c-4ed1-bb29-66ab7ef89718 ] Request (InstanceUsageAuditLogTestJSON:tearDownClass): 204 DELETE http://10.180.1.21/networking/v2.0/security-groups/82b9a085-b894-4718-a4df-18c7883042ea 0.888s
2025-11-14 06:40:29.162 65684 INFO tempest.lib.common.rest_client [req-5a91489d-7245-4e45-a55b-b1d5a365d57a req-5a91489d-7245-4e45-a55b-b1d5a365d57a ] Request (QuotasSecurityGroupAdminNegativeTest:tearDownClass): 204 DELETE http://10.180.1.21/identity/v3/projects/2abebc5b7a8148bea4913426b68b10ac 0.111s
2025-11-14 06:40:29.162 65684 INFO tempest.lib.common.dynamic_creds [-] Deleting project and security group for project: cddba3b677934c2fbe84d995cd9a7b17
2025-11-14 06:40:29.179 65698 INFO tempest.lib.common.rest_client [req-49890395-6299-49f1-b49b-bacda17c7df7 req-49890395-6299-49f1-b49b-bacda17c7df7 ] Request (FlavorsAdminTestJSON:test_create_flavor_using_string_ram): 200 POST http://10.180.1.21/compute/v2.1/flavors 3.276s
2025-11-14 06:40:29.234 65728 INFO tempest.lib.common.rest_client [req-390eeb9a-4fbd-49bb-bed4-22dbc554940a req-390eeb9a-4fbd-49bb-bed4-22dbc554940a ] Request (ServersWithSpecificFlavorTestJSON:setUpClass): 201 POST http://10.180.1.21/identity/v3/auth/tokens 0.129s
2025-11-14 06:40:29.252 65741 INFO tempest.lib.common.rest_client [req-e959d937-f1f9-4e90-8ad4-f0ca34337cba req-e959d937-f1f9-4e90-8ad4-f0ca34337cba ] Request (InstanceUsageAuditLogTestJSON:tearDownClass): 204 DELETE http://10.180.1.21/identity/v3/projects/0844dd514623451cb08fe15da8b93008 0.117s
2025-11-14 06:40:29.252 65741 INFO tempest.lib.common.dynamic_creds [-] Deleting project and security group for project: f67943c8f2274bb2b4e804a3dd54e31d
2025-11-14 06:40:29.301 65720 INFO tempest.lib.common.rest_client [req-eceac62e-8825-4693-a430-c7f63d851a8b req-eceac62e-8825-4693-a430-c7f63d851a8b ] Request (VolumesAdminNegativeTest:setUpClass): 201 POST http://10.180.1.21/networking/v2.0/subnets 1.018s
2025-11-14 06:40:29.319 65728 INFO tempest.lib.common.rest_client [req-5be97c65-3fc2-466c-a956-185eaf26fef5 req-5be97c65-3fc2-466c-a956-185eaf26fef5 ] Request (ServersWithSpecificFlavorTestJSON:setUpClass): 201 POST http://10.180.1.21/identity/v3/projects 0.084s
2025-11-14 06:40:29.396 65686 INFO tempest.lib.common.rest_client [req-7cbf9715-ffc8-468f-b01a-24a9262c8464 req-7cbf9715-ffc8-468f-b01a-24a9262c8464 ] Request (AZAdminNegativeTestJSON:tearDownClass): 200 GET http://10.180.1.21/networking/v2.0/security-groups?tenant_id=b3cf3c2510634f60ab8f0b54e80694fe&name=default 0.727s
2025-11-14 06:40:29.403 65728 INFO tempest.lib.common.rest_client [req-935baf0c-f184-4833-8956-f5f1f593df4e req-935baf0c-f184-4833-8956-f5f1f593df4e ] Request (ServersWithSpecificFlavorTestJSON:setUpClass): 201 POST http://10.180.1.21/identity/v3/users 0.084s
2025-11-14 06:40:29.427 65728 INFO tempest.lib.common.rest_client [req-ea6b99d3-1ab1-482c-b1ff-c880f2a0eeb8 req-ea6b99d3-1ab1-482c-b1ff-c880f2a0eeb8 ] Request (ServersWithSpecificFlavorTestJSON:setUpClass): 200 GET http://10.180.1.21/identity/v3/roles 0.023s
2025-11-14 06:40:29.466 65728 INFO tempest.lib.common.rest_client [req-f7d339c0-7f53-4da1-ac2c-28f78b47b455 req-f7d339c0-7f53-4da1-ac2c-28f78b47b455 ] Request (ServersWithSpecificFlavorTestJSON:setUpClass): 204 PUT http://10.180.1.21/identity/v3/projects/f0448d8236ef4cb9b38fc9084a852c49/users/b11f7df33d4143138a56cfe173c44dd5/roles/51c6bf421fae45c692668c2e8be5e972 0.038s
2025-11-14 06:40:29.485 65732 INFO tempest.lib.common.rest_client [req-af385dfc-febc-46cc-8719-e15d2c9aeeff req-af385dfc-febc-46cc-8719-e15d2c9aeeff ] Request (FlavorsV261TestJSON:tearDownClass): 204 DELETE http://10.180.1.21/networking/v2.0/security-groups/5d13b654-2bff-47e6-9f4d-516525e4b5e1 0.528s
2025-11-14 06:40:29.525 65728 INFO tempest.lib.common.rest_client [req-4b6e1722-e849-45f1-8209-87ad85dbfedb req-4b6e1722-e849-45f1-8209-87ad85dbfedb ] Request (ServersWithSpecificFlavorTestJSON:setUpClass): 200 GET http://10.180.1.21/identity/v3/roles 0.059s
2025-11-14 06:40:29.537 65680 INFO tempest.lib.common.rest_client [req-5de50985-ee74-4fa5-8eca-1189c5ff7278 req-5de50985-ee74-4fa5-8eca-1189c5ff7278 ] Request (ServerDiagnosticsV248Test:test_get_server_diagnostics): 202 POST http://10.180.1.21/compute/v2.1/servers 3.581s
2025-11-14 06:40:29.544 65728 INFO tempest.lib.common.rest_client [req-3acc0c54-b279-4b61-aa6c-1da4faf3e480 req-3acc0c54-b279-4b61-aa6c-1da4faf3e480 ] Request (ServersWithSpecificFlavorTestJSON:setUpClass): 204 PUT http://10.180.1.21/identity/v3/projects/f0448d8236ef4cb9b38fc9084a852c49/users/b11f7df33d4143138a56cfe173c44dd5/roles/51c6bf421fae45c692668c2e8be5e972 0.018s
2025-11-14 06:40:29.544 65728 INFO tempest.lib.common.dynamic_creds [-] Dynamic test user b11f7df33d4143138a56cfe173c44dd5 is created with scope project and roles: ['admin']
2025-11-14 06:40:29.544 65728 INFO tempest.lib.common.dynamic_creds [-] Acquired dynamic creds: credentials: Credentials: {'domain_id': 'default', 'domain_name': 'Default', 'username': 'tempest-ServersWithSpecificFlavorTestJSON-1128320473-project-admin', 'project_domain_id': 'default', 'project_domain_name': 'Default', 'project_id': 'f0448d8236ef4cb9b38fc9084a852c49', 'project_name': 'tempest-ServersWithSpecificFlavorTestJSON-1128320473', 'tenant_id': 'f0448d8236ef4cb9b38fc9084a852c49', 'tenant_name': 'tempest-ServersWithSpecificFlavorTestJSON-1128320473', 'user_domain_id': 'default', 'user_domain_name': 'Default', 'user_id': 'b11f7df33d4143138a56cfe173c44dd5', 'system': None}, Network: None, Subnet: None, Router: None
2025-11-14 06:40:29.590 65684 INFO tempest.lib.common.rest_client [req-1a6d00a8-e71f-46b2-90ac-b4689e2ea4b1 req-1a6d00a8-e71f-46b2-90ac-b4689e2ea4b1 ] Request (QuotasSecurityGroupAdminNegativeTest:tearDownClass): 200 GET http://10.180.1.21/networking/v2.0/security-groups?tenant_id=cddba3b677934c2fbe84d995cd9a7b17&name=default 0.428s
2025-11-14 06:40:29.622 65732 INFO tempest.lib.common.rest_client [req-c1ee8eb5-79d6-4a7d-873b-6040fefa02ae req-c1ee8eb5-79d6-4a7d-873b-6040fefa02ae ] Request (FlavorsV261TestJSON:tearDownClass): 204 DELETE http://10.180.1.21/identity/v3/projects/aaa9a6fbb1e74e61a3ae9c76ffb84a54 0.137s
2025-11-14 06:40:29.643 65714 INFO tempest.lib.common.rest_client [req-33b9a41b-798e-4a93-88ec-6829550392bb req-33b9a41b-798e-4a93-88ec-6829550392bb ] Request (VolumesAssistedSnapshotsTest:setUpClass): 201 POST http://10.180.1.21/networking/v2.0/subnets 1.183s
2025-11-14 06:40:29.705 65741 INFO tempest.lib.common.rest_client [req-7c64cc57-9a1a-4497-96d7-58d204c58f91 req-7c64cc57-9a1a-4497-96d7-58d204c58f91 ] Request (InstanceUsageAuditLogTestJSON:tearDownClass): 200 GET http://10.180.1.21/networking/v2.0/security-groups?tenant_id=f67943c8f2274bb2b4e804a3dd54e31d&name=default 0.453s
2025-11-14 06:40:29.761 65732 INFO tempest.lib.common.rest_client [req-28c29e92-f2a3-4746-a8a9-5256f5c710c6 req-28c29e92-f2a3-4746-a8a9-5256f5c710c6 ] Request (SecurityGroupRulesNegativeTestJSON:setUpClass): 201 POST http://10.180.1.21/identity/v3/auth/tokens 0.136s
2025-11-14 06:40:29.812 65732 INFO tempest.lib.common.rest_client [req-cc23a314-a1a7-4f7d-8884-144c74e4156f req-cc23a314-a1a7-4f7d-8884-144c74e4156f ] Request (SecurityGroupRulesNegativeTestJSON:setUpClass): 201 POST http://10.180.1.21/identity/v3/auth/tokens 0.044s
2025-11-14 06:40:29.841 65732 INFO tempest.lib.common.rest_client [req-26d055ed-812b-44b2-93f2-54130058a03c req-26d055ed-812b-44b2-93f2-54130058a03c ] Request (SecurityGroupRulesNegativeTestJSON:setUpClass): 200 GET http://10.180.1.21/identity/v3/domains?name=Default 0.029s
2025-11-14 06:40:29.869 65686 INFO tempest.lib.common.rest_client [req-eea81a57-6f4a-4334-ae0d-098a603766ed req-eea81a57-6f4a-4334-ae0d-098a603766ed ] Request (AZAdminNegativeTestJSON:tearDownClass): 204 DELETE http://10.180.1.21/networking/v2.0/security-groups/49a6cffe-fed5-4883-9251-e9c906f4ff6b 0.472s
2025-11-14 06:40:29.878 65732 INFO tempest.lib.common.rest_client [req-f7ebfd89-5a5a-4070-9277-1d2a7c7c8b6e req-f7ebfd89-5a5a-4070-9277-1d2a7c7c8b6e ] Request (SecurityGroupRulesNegativeTestJSON:setUpClass): 201 POST http://10.180.1.21/identity/v3/projects 0.036s
2025-11-14 06:40:29.942 65732 INFO tempest.lib.common.rest_client [req-ee15d2df-7959-4009-b511-5b4f687ffd09 req-ee15d2df-7959-4009-b511-5b4f687ffd09 ] Request (SecurityGroupRulesNegativeTestJSON:setUpClass): 201 POST http://10.180.1.21/identity/v3/users 0.063s
2025-11-14 06:40:29.967 65686 INFO tempest.lib.common.rest_client [req-e7b90904-6e35-4c89-b436-408ca1347c17 req-e7b90904-6e35-4c89-b436-408ca1347c17 ] Request (AZAdminNegativeTestJSON:tearDownClass): 204 DELETE http://10.180.1.21/identity/v3/projects/b3cf3c2510634f60ab8f0b54e80694fe 0.097s
2025-11-14 06:40:29.993 65686 INFO tempest.lib.common.rest_client [req-8c14ec4f-f429-47b7-93f0-d96a4da405bf req-8c14ec4f-f429-47b7-93f0-d96a4da405bf ] Request (FloatingIPsAssociationNegativeTestJSON:setUpClass): 201 POST http://10.180.1.21/identity/v3/auth/tokens 0.024s
2025-11-14 06:40:29.995 65732 INFO tempest.lib.common.rest_client [req-3f413fd0-67b5-424b-9046-45295f478f76 req-3f413fd0-67b5-424b-9046-45295f478f76 ] Request (SecurityGroupRulesNegativeTestJSON:setUpClass): 200 GET http://10.180.1.21/identity/v3/roles 0.052s
2025-11-14 06:40:30.023 65686 INFO tempest.lib.common.rest_client [req-2e18cfe4-4a1c-4af7-87c9-7be724136fed req-2e18cfe4-4a1c-4af7-87c9-7be724136fed ] Request (FloatingIPsAssociationNegativeTestJSON:setUpClass): 201 POST http://10.180.1.21/identity/v3/auth/tokens 0.028s
2025-11-14 06:40:30.025 65732 INFO tempest.lib.common.rest_client [req-af956f3a-f2fe-48dd-b729-3bbda60756dc req-af956f3a-f2fe-48dd-b729-3bbda60756dc ] Request (SecurityGroupRulesNegativeTestJSON:setUpClass): 204 PUT http://10.180.1.21/identity/v3/projects/5f1becb6164c4b92b811b659616161ee/users/7de903d5a42b4800b6efbc44146bf55a/roles/76c199a3155d44ed9d27ed58630067c6 0.029s
2025-11-14 06:40:30.025 65732 INFO tempest.lib.common.dynamic_creds [-] Dynamic test user 7de903d5a42b4800b6efbc44146bf55a is created with scope project and roles: ['member']
2025-11-14 06:40:30.025 65732 INFO tempest.lib.common.dynamic_creds [-] Acquired dynamic creds: credentials: Credentials: {'domain_id': 'default', 'domain_name': 'Default', 'username': 'tempest-SecurityGroupRulesNegativeTestJSON-1567833909-project-member', 'project_domain_id': 'default', 'project_domain_name': 'Default', 'project_id': '5f1becb6164c4b92b811b659616161ee', 'project_name': 'tempest-SecurityGroupRulesNegativeTestJSON-1567833909', 'tenant_id': '5f1becb6164c4b92b811b659616161ee', 'tenant_name': 'tempest-SecurityGroupRulesNegativeTestJSON-1567833909', 'user_domain_id': 'default', 'user_domain_name': 'Default', 'user_id': '7de903d5a42b4800b6efbc44146bf55a', 'system': None}, Network: None, Subnet: None, Router: None
2025-11-14 06:40:30.061 65728 INFO tempest.lib.common.rest_client [req-215882b2-eb05-4556-9135-175f0bad6795 req-215882b2-eb05-4556-9135-175f0bad6795 ] Request (ServersWithSpecificFlavorTestJSON:setUpClass): 201 POST http://10.180.1.21/networking/v2.0/networks 0.516s
2025-11-14 06:40:30.077 65732 INFO tempest.lib.common.rest_client [req-062e7033-fc32-4ab3-923b-ecaee2a83283 req-062e7033-fc32-4ab3-923b-ecaee2a83283 ] Request (SecurityGroupRulesNegativeTestJSON:setUpClass): 201 POST http://10.180.1.21/identity/v3/auth/tokens 0.051s
2025-11-14 06:40:30.077 65686 INFO tempest.lib.common.rest_client [req-9d5f6213-2742-4683-9786-641136ca08b9 req-9d5f6213-2742-4683-9786-641136ca08b9 ] Request (FloatingIPsAssociationNegativeTestJSON:setUpClass): 200 GET http://10.180.1.21/identity/v3/domains?name=Default 0.053s
2025-11-14 06:40:30.120 65686 INFO tempest.lib.common.rest_client [req-1b4de5c2-1797-473a-ab73-b12453092d2b req-1b4de5c2-1797-473a-ab73-b12453092d2b ] Request (FloatingIPsAssociationNegativeTestJSON:setUpClass): 201 POST http://10.180.1.21/identity/v3/projects 0.042s
2025-11-14 06:40:30.156 65684 INFO tempest.lib.common.rest_client [req-63fd3031-5820-4498-a5de-b0c0bc53ec8f req-63fd3031-5820-4498-a5de-b0c0bc53ec8f ] Request (QuotasSecurityGroupAdminNegativeTest:tearDownClass): 204 DELETE http://10.180.1.21/networking/v2.0/security-groups/bb33dce8-9a40-4d58-94c8-eeb6229b1e52 0.565s
2025-11-14 06:40:30.179 65686 INFO tempest.lib.common.rest_client [req-37a3b268-b513-45da-a3af-e24e64d706f5 req-37a3b268-b513-45da-a3af-e24e64d706f5 ] Request (FloatingIPsAssociationNegativeTestJSON:setUpClass): 201 POST http://10.180.1.21/identity/v3/users 0.059s
2025-11-14 06:40:30.201 65686 INFO tempest.lib.common.rest_client [req-e964c6e9-d8f8-4a94-b6d6-39f66e849603 req-e964c6e9-d8f8-4a94-b6d6-39f66e849603 ] Request (FloatingIPsAssociationNegativeTestJSON:setUpClass): 200 GET http://10.180.1.21/identity/v3/roles 0.021s
2025-11-14 06:40:30.229 65684 INFO tempest.lib.common.rest_client [req-edf32327-18cd-4ae7-a8cb-88bca0fd0970 req-edf32327-18cd-4ae7-a8cb-88bca0fd0970 ] Request (QuotasSecurityGroupAdminNegativeTest:tearDownClass): 204 DELETE http://10.180.1.21/identity/v3/projects/cddba3b677934c2fbe84d995cd9a7b17 0.073s
2025-11-14 06:40:30.265 65684 INFO tempest.lib.common.rest_client [req-afaacc8f-3ace-4555-83a9-c3ece7fcb72d req-afaacc8f-3ace-4555-83a9-c3ece7fcb72d ] Request (FlavorsV2TestJSON:setUpClass): 201 POST http://10.180.1.21/identity/v3/auth/tokens 0.034s
2025-11-14 06:40:30.276 65686 INFO tempest.lib.common.rest_client [req-bedf783c-8463-4521-82b2-800a2bd14488 req-bedf783c-8463-4521-82b2-800a2bd14488 ] Request (FloatingIPsAssociationNegativeTestJSON:setUpClass): 204 PUT http://10.180.1.21/identity/v3/projects/9375dfa61a464ada9a9ca9e99fc17caa/users/ab98a20b978b407f8ae2f9149793dad9/roles/76c199a3155d44ed9d27ed58630067c6 0.075s
2025-11-14 06:40:30.277 65686 INFO tempest.lib.common.dynamic_creds [-] Dynamic test user ab98a20b978b407f8ae2f9149793dad9 is created with scope project and roles: ['member']
2025-11-14 06:40:30.277 65686 INFO tempest.lib.common.dynamic_creds [-] Acquired dynamic creds: credentials: Credentials: {'domain_id': 'default', 'domain_name': 'Default', 'username': 'tempest-FloatingIPsAssociationNegativeTestJSON-1237424454-project-member', 'project_domain_id': 'default', 'project_domain_name': 'Default', 'project_id': '9375dfa61a464ada9a9ca9e99fc17caa', 'project_name': 'tempest-FloatingIPsAssociationNegativeTestJSON-1237424454', 'tenant_id': '9375dfa61a464ada9a9ca9e99fc17caa', 'tenant_name': 'tempest-FloatingIPsAssociationNegativeTestJSON-1237424454', 'user_domain_id': 'default', 'user_domain_name': 'Default', 'user_id': 'ab98a20b978b407f8ae2f9149793dad9', 'system': None}, Network: None, Subnet: None, Router: None
2025-11-14 06:40:30.340 65684 INFO tempest.lib.common.rest_client [req-ea860d9b-8da3-4e67-ac05-44914e73afb0 req-ea860d9b-8da3-4e67-ac05-44914e73afb0 ] Request (FlavorsV2TestJSON:setUpClass): 201 POST http://10.180.1.21/identity/v3/auth/tokens 0.072s
2025-11-14 06:40:30.349 65686 INFO tempest.lib.common.rest_client [req-f09547f3-ee76-49cf-a4d1-0268bc81398c req-f09547f3-ee76-49cf-a4d1-0268bc81398c ] Request (FloatingIPsAssociationNegativeTestJSON:setUpClass): 201 POST http://10.180.1.21/identity/v3/auth/tokens 0.072s
2025-11-14 06:40:30.363 65684 INFO tempest.lib.common.rest_client [req-cf7e9b2d-094d-48ca-8c67-c0a1550a0372 req-cf7e9b2d-094d-48ca-8c67-c0a1550a0372 ] Request (FlavorsV2TestJSON:setUpClass): 200 GET http://10.180.1.21/identity/v3/domains?name=Default 0.022s
2025-11-14 06:40:30.391 65684 INFO tempest.lib.common.rest_client [req-883ea12d-955e-4d77-8022-6b945dd4255b req-883ea12d-955e-4d77-8022-6b945dd4255b ] Request (FlavorsV2TestJSON:setUpClass): 201 POST http://10.180.1.21/identity/v3/projects 0.027s
2025-11-14 06:40:30.407 65720 INFO tempest.lib.common.rest_client [req-5255a8b0-93ad-4bce-943e-8fc3f0859d0f req-5255a8b0-93ad-4bce-943e-8fc3f0859d0f ] Request (VolumesAdminNegativeTest:setUpClass): 201 POST http://10.180.1.21/networking/v2.0/routers 1.105s
2025-11-14 06:40:30.477 65684 INFO tempest.lib.common.rest_client [req-b3085de4-b67e-45aa-a7de-dff0e7d4a091 req-b3085de4-b67e-45aa-a7de-dff0e7d4a091 ] Request (FlavorsV2TestJSON:setUpClass): 201 POST http://10.180.1.21/identity/v3/users 0.086s
2025-11-14 06:40:30.504 65684 INFO tempest.lib.common.rest_client [req-98eb82a5-66b3-44f0-a741-abdeadbf0bc9 req-98eb82a5-66b3-44f0-a741-abdeadbf0bc9 ] Request (FlavorsV2TestJSON:setUpClass): 200 GET http://10.180.1.21/identity/v3/roles 0.026s
2025-11-14 06:40:30.506 65741 INFO tempest.lib.common.rest_client [req-66042ea0-9c47-4c22-aa03-e28879b437e8 req-66042ea0-9c47-4c22-aa03-e28879b437e8 ] Request (InstanceUsageAuditLogTestJSON:tearDownClass): 204 DELETE http://10.180.1.21/networking/v2.0/security-groups/8d4cd906-9a22-4a58-bc56-b578e0e13cbe 0.800s
2025-11-14 06:40:30.538 65684 INFO tempest.lib.common.rest_client [req-46e2ecc2-bb83-4ef2-8eea-0fddff38d83e req-46e2ecc2-bb83-4ef2-8eea-0fddff38d83e ] Request (FlavorsV2TestJSON:setUpClass): 204 PUT http://10.180.1.21/identity/v3/projects/07301f6af45f41c59f201027775dc2f8/users/0c9f40d37ff1486ca63c55eff70daec3/roles/76c199a3155d44ed9d27ed58630067c6 0.034s
2025-11-14 06:40:30.539 65684 INFO tempest.lib.common.dynamic_creds [-] Dynamic test user 0c9f40d37ff1486ca63c55eff70daec3 is created with scope project and roles: ['member']
2025-11-14 06:40:30.539 65684 INFO tempest.lib.common.dynamic_creds [-] Acquired dynamic creds: credentials: Credentials: {'domain_id': 'default', 'domain_name': 'Default', 'username': 'tempest-FlavorsV2TestJSON-1136639716-project-member', 'project_domain_id': 'default', 'project_domain_name': 'Default', 'project_id': '07301f6af45f41c59f201027775dc2f8', 'project_name': 'tempest-FlavorsV2TestJSON-1136639716', 'tenant_id': '07301f6af45f41c59f201027775dc2f8', 'tenant_name': 'tempest-FlavorsV2TestJSON-1136639716', 'user_domain_id': 'default', 'user_domain_name': 'Default', 'user_id': '0c9f40d37ff1486ca63c55eff70daec3', 'system': None}, Network: None, Subnet: None, Router: None
2025-11-14 06:40:30.539 65684 INFO tempest.lib.common.dynamic_creds [-] Created isolated network resources for: credentials: Credentials: {'domain_id': 'default', 'domain_name': 'Default', 'username': 'tempest-FlavorsV2TestJSON-1136639716-project-member', 'project_domain_id': 'default', 'project_domain_name': 'Default', 'project_id': '07301f6af45f41c59f201027775dc2f8', 'project_name': 'tempest-FlavorsV2TestJSON-1136639716', 'tenant_id': '07301f6af45f41c59f201027775dc2f8', 'tenant_name': 'tempest-FlavorsV2TestJSON-1136639716', 'user_domain_id': 'default', 'user_domain_name': 'Default', 'user_id': '0c9f40d37ff1486ca63c55eff70daec3', 'system': None}, Network: None, Subnet: None, Router: None
2025-11-14 06:40:30.595 65741 INFO tempest.lib.common.rest_client [req-c179eb24-92b6-4358-8dd8-f738d40c30af req-c179eb24-92b6-4358-8dd8-f738d40c30af ] Request (InstanceUsageAuditLogTestJSON:tearDownClass): 204 DELETE http://10.180.1.21/identity/v3/projects/f67943c8f2274bb2b4e804a3dd54e31d 0.088s
2025-11-14 06:40:30.619 65736 INFO tempest.lib.common.rest_client [req-513a5326-e71b-4164-a195-71158cf06163 req-513a5326-e71b-4164-a195-71158cf06163 ] Request (NetworksTest:test_get_network): 200 GET http://10.180.1.21/compute/v2.1/os-networks 4.651s
2025-11-14 06:40:30.640 65684 INFO tempest.lib.common.rest_client [req-db6f0283-71a3-4eb3-b2b7-b9b331c72a44 req-db6f0283-71a3-4eb3-b2b7-b9b331c72a44 ] Request (FlavorsV2TestJSON:setUpClass): 201 POST http://10.180.1.21/identity/v3/auth/tokens 0.097s
2025-11-14 06:40:30.682 65741 INFO tempest.lib.common.rest_client [req-8a5f2414-f18d-4f0f-806b-e25df0e01c2d req-8a5f2414-f18d-4f0f-806b-e25df0e01c2d ] Request (ImagesTestJSON:setUpClass): 201 POST http://10.180.1.21/identity/v3/auth/tokens 0.086s
2025-11-14 06:40:30.718 65741 INFO tempest.lib.common.rest_client [req-300af264-7cf1-4304-b5f0-78bff212a887 req-300af264-7cf1-4304-b5f0-78bff212a887 ] Request (ImagesTestJSON:setUpClass): 201 POST http://10.180.1.21/identity/v3/auth/tokens 0.033s
2025-11-14 06:40:30.746 65741 INFO tempest.lib.common.rest_client [req-07b2868e-4ca3-46fe-974b-c3553bec2dc4 req-07b2868e-4ca3-46fe-974b-c3553bec2dc4 ] Request (ImagesTestJSON:setUpClass): 200 GET http://10.180.1.21/identity/v3/domains?name=Default 0.027s
2025-11-14 06:40:30.778 65704 INFO tempest.lib.common.rest_client [req-0b5a7299-07cc-4008-85da-05fb2006b29a req-0b5a7299-07cc-4008-85da-05fb2006b29a ] Request (AggregatesAdminNegativeTestJSON:setUpClass): 200 GET http://10.180.1.21/compute/v2.1/os-services?binary=nova-compute 4.751s
2025-11-14 06:40:30.780 65741 INFO tempest.lib.common.rest_client [req-ffa162b0-21c4-4481-b9ce-3dc96e029e51 req-ffa162b0-21c4-4481-b9ce-3dc96e029e51 ] Request (ImagesTestJSON:setUpClass): 201 POST http://10.180.1.21/identity/v3/projects 0.033s
2025-11-14 06:40:30.849 65728 INFO tempest.lib.common.rest_client [req-ad03a059-8ab8-4846-82ab-9c5cb1332bde req-ad03a059-8ab8-4846-82ab-9c5cb1332bde ] Request (ServersWithSpecificFlavorTestJSON:setUpClass): 201 POST http://10.180.1.21/networking/v2.0/subnets 0.787s
2025-11-14 06:40:30.849 65741 INFO tempest.lib.common.rest_client [req-e0f25bdd-e084-4dfd-bcdb-cbcd0d7f55a7 req-e0f25bdd-e084-4dfd-bcdb-cbcd0d7f55a7 ] Request (ImagesTestJSON:setUpClass): 201 POST http://10.180.1.21/identity/v3/users 0.069s
2025-11-14 06:40:30.910 65741 INFO tempest.lib.common.rest_client [req-e57c7d44-7745-405a-b876-709572ccfae8 req-e57c7d44-7745-405a-b876-709572ccfae8 ] Request (ImagesTestJSON:setUpClass): 200 GET http://10.180.1.21/identity/v3/roles 0.061s
2025-11-14 06:40:30.913 65738 INFO tempest.lib.common.rest_client [req-ce2b68fc-f8ed-4123-b37f-86f50b486927 req-ce2b68fc-f8ed-4123-b37f-86f50b486927 ] Request (FlavorMetadataValidation:test_flavor_update_with_custom_namespace): 200 POST http://10.180.1.21/compute/v2.1/flavors 4.814s
2025-11-14 06:40:30.944 65741 INFO tempest.lib.common.rest_client [req-83d556d2-4c3d-4b96-bfc5-a0262c7a22a4 req-83d556d2-4c3d-4b96-bfc5-a0262c7a22a4 ] Request (ImagesTestJSON:setUpClass): 204 PUT http://10.180.1.21/identity/v3/projects/dea030ef223e4b32b97bfad0bc0c5b8d/users/97e48a7069af491ab1d7b203ceae8728/roles/76c199a3155d44ed9d27ed58630067c6 0.033s
2025-11-14 06:40:30.945 65741 INFO tempest.lib.common.dynamic_creds [-] Dynamic test user 97e48a7069af491ab1d7b203ceae8728 is created with scope project and roles: ['member']
2025-11-14 06:40:30.945 65741 INFO tempest.lib.common.dynamic_creds [-] Acquired dynamic creds: credentials: Credentials: {'domain_id': 'default', 'domain_name': 'Default', 'username': 'tempest-ImagesTestJSON-2080608290-project-member', 'project_domain_id': 'default', 'project_domain_name': 'Default', 'project_id': 'dea030ef223e4b32b97bfad0bc0c5b8d', 'project_name': 'tempest-ImagesTestJSON-2080608290', 'tenant_id': 'dea030ef223e4b32b97bfad0bc0c5b8d', 'tenant_name': 'tempest-ImagesTestJSON-2080608290', 'user_domain_id': 'default', 'user_domain_name': 'Default', 'user_id': '97e48a7069af491ab1d7b203ceae8728', 'system': None}, Network: None, Subnet: None, Router: None
2025-11-14 06:40:30.962 65743 INFO tempest.lib.common.rest_client [req-1cce71c7-c42b-40cf-aec0-aac62864198d req-1cce71c7-c42b-40cf-aec0-aac62864198d ] Request (KeyPairsV210TestJSON:test_admin_manage_keypairs_for_other_users): 201 POST http://10.180.1.21/compute/v2.1/os-keypairs 4.731s
2025-11-14 06:40:31.016 65741 INFO tempest.lib.common.rest_client [req-cef88857-5b99-44cf-b7a8-d643b5737b5e req-cef88857-5b99-44cf-b7a8-d643b5737b5e ] Request (ImagesTestJSON:setUpClass): 201 POST http://10.180.1.21/identity/v3/auth/tokens 0.071s
2025-11-14 06:40:31.199 65714 INFO tempest.lib.common.rest_client [req-4b88e2ec-790d-485d-8293-ef02b9bb1a9e req-4b88e2ec-790d-485d-8293-ef02b9bb1a9e ] Request (VolumesAssistedSnapshotsTest:setUpClass): 201 POST http://10.180.1.21/networking/v2.0/routers 1.555s
2025-11-14 06:40:31.202 65732 INFO tempest.lib.common.rest_client [req-2409fca7-ba6a-44ca-843d-d7e37a22e098 req-2409fca7-ba6a-44ca-843d-d7e37a22e098 ] Request (SecurityGroupRulesNegativeTestJSON:setUpClass): 201 POST http://10.180.1.21/networking/v2.0/networks 1.125s
2025-11-14 06:40:31.220 65730 INFO tempest.lib.common.rest_client [req-8a27623f-c45d-45bd-9ddd-3b9d8bd8818b req-8a27623f-c45d-45bd-9ddd-3b9d8bd8818b ] Request (ServersAdmin275Test:test_rebuild_update_server_275): 202 POST http://10.180.1.21/compute/v2.1/servers 4.888s
2025-11-14 06:40:31.249 65694 INFO tempest.lib.common.rest_client [req-89ea9c25-62a7-46dd-b4da-9aadab242299 req-89ea9c25-62a7-46dd-b4da-9aadab242299 ] Request (HypervisorAdminV228Test:test_get_list_hypervisor_details): 200 GET http://10.180.1.21/compute/v2.1/os-hypervisors/1 4.741s
2025-11-14 06:40:31.343 65694 INFO tempest.lib.common.rest_client [req-cc50d4f5-0d7e-47a5-84a3-065df79bb3d4 req-cc50d4f5-0d7e-47a5-84a3-065df79bb3d4 ] Request (HypervisorAdminV228Test:tearDownClass): 204 DELETE http://10.180.1.21/identity/v3/users/467a53bd81654667a885dec79112b157 0.085s
2025-11-14 06:40:31.496 65694 INFO tempest.lib.common.rest_client [req-055092bb-0a36-43a8-b262-9a8479372637 req-055092bb-0a36-43a8-b262-9a8479372637 ] Request (HypervisorAdminV228Test:tearDownClass): 204 DELETE http://10.180.1.21/identity/v3/users/3bcc23b0b191433e9c5ed8e8a3fbeed3 0.153s
2025-11-14 06:40:31.497 65694 INFO tempest.lib.common.dynamic_creds [-] Deleting project and security group for project: 188edf41c7644982b1ee4eddd22befe3
2025-11-14 06:40:31.520 65716 INFO tempest.lib.common.rest_client [req-9f68b4c3-03d9-4dd8-b086-590865135934 req-9f68b4c3-03d9-4dd8-b086-590865135934 ] Request (QuotasAdminTestJSON:test_delete_quota): 200 GET http://10.180.1.21/compute/v2.1/os-quota-sets/e8304e59ac6b42f781dde0073ccd6247 4.972s
2025-11-14 06:40:31.525 65686 INFO tempest.lib.common.rest_client [req-16a01875-bf79-43bf-9248-0edbc2326db0 req-16a01875-bf79-43bf-9248-0edbc2326db0 ] Request (FloatingIPsAssociationNegativeTestJSON:setUpClass): 201 POST http://10.180.1.21/networking/v2.0/networks 1.175s
2025-11-14 06:40:31.584 65694 INFO tempest.lib.common.rest_client [req-deff8f60-69e2-4b00-beda-dd0066d79bdb req-deff8f60-69e2-4b00-beda-dd0066d79bdb ] Request (HypervisorAdminV228Test:tearDownClass): 201 POST http://10.180.1.21/identity/v3/auth/tokens 0.087s
2025-11-14 06:40:31.748 65734 INFO tempest.lib.common.rest_client [req-fb4a0f19-e8ac-44d3-ac05-13d31923db35 req-fb4a0f19-e8ac-44d3-ac05-13d31923db35 ] Request (ImagesNegativeTestJSON:test_create_image_from_deleted_server): 202 POST http://10.180.1.21/compute/v2.1/servers 11.137s
2025-11-14 06:40:31.789 65690 INFO tempest.lib.common.rest_client [req-7e1085ff-d389-4f39-9a29-23b4a7574b88 req-7e1085ff-d389-4f39-9a29-23b4a7574b88 ] Request (MigrationsAdminTest:test_list_migrations): 200 GET http://10.180.1.21/compute/v2.1/os-migrations 5.152s
2025-11-14 06:40:31.885 65708 INFO tempest.lib.common.rest_client [req-f6f9f94a-635b-4c95-8028-9f424245250e req-f6f9f94a-635b-4c95-8028-9f424245250e ] Request (FlavorsV255TestJSON:test_crud_flavor): 200 GET http://10.180.1.21/compute/v2.1/flavors/140615679 5.080s
2025-11-14 06:40:31.965 65690 INFO tempest.lib.common.rest_client [req-7027864b-5df6-4df0-9bbd-e4927b9223b8 req-7027864b-5df6-4df0-9bbd-e4927b9223b8 ] Request (MigrationsAdminTest:test_list_migrations_in_flavor_resize_situation): 201 POST http://10.180.1.21/identity/v3/auth/tokens 0.156s
2025-11-14 06:40:31.966 65690 INFO tempest.lib.common.fixed_network [-] (MigrationsAdminTest:test_list_migrations_in_flavor_resize_situation) Found network None available for tenant
2025-11-14 06:40:32.040 65692 INFO tempest.lib.common.rest_client [req-d556071c-4bc0-4e44-b152-60f331b2a19c req-d556071c-4bc0-4e44-b152-60f331b2a19c ] Request (FlavorsAccessTestJSON:test_flavor_access_add_remove): 200 POST http://10.180.1.21/compute/v2.1/flavors/1974101226/action 4.965s
2025-11-14 06:40:32.234 65720 INFO tempest.lib.common.rest_client [req-e12b6c6c-030e-449f-beb0-60359c5d0fa9 req-e12b6c6c-030e-449f-beb0-60359c5d0fa9 ] Request (VolumesAdminNegativeTest:setUpClass): 200 PUT http://10.180.1.21/networking/v2.0/routers/6b58cca2-e8d3-4557-8319-9fd7b9e6b58f/add_router_interface 1.827s
