2025-11-14 06:41:29.352 65743 INFO tempest.lib.common.rest_client [req-a3dc7016-2812-4d66-94e3-13f26665de70 req-a3dc7016-2812-4d66-94e3-13f26665de70 ] Request (InstanceActionsV221TestJSON:setUpClass): 201 POST http://10.180.1.21/networking/v2.0/subnets 0.380s
2025-11-14 06:41:29.431 65720 INFO tempest.lib.common.rest_client [req-131fe6da-7ac6-40c3-84b9-ac4603b66883 req-131fe6da-7ac6-40c3-84b9-ac4603b66883 ] Request (VolumesAdminNegativeTest:tearDownClass): 200 GET http://10.180.1.21/compute/v2.1/servers/cba59b51-a625-4101-9245-3f350524b7ce 2.889s
2025-11-14 06:41:29.498 65724 INFO tempest.lib.common.rest_client [req-13012b37-208a-463b-8c8b-8ca0440c289b req-13012b37-208a-463b-8c8b-8ca0440c289b ] Request (ServerRescueTestJSON:test_rescue_unrescue_instance): 202 POST http://10.180.1.21/compute/v2.1/servers 3.430s
2025-11-14 06:41:29.640 65734 INFO tempest.lib.common.rest_client [req-a6509464-144d-4c25-bcbc-22b1ff6c7e85 req-a6509464-144d-4c25-bcbc-22b1ff6c7e85 ] Request (ImagesNegativeTestJSON:tearDownClass): 204 DELETE http://10.180.1.21/networking/v2.0/subnets/531cc1fe-857f-4676-b865-d55d4bc1613b 0.336s
2025-11-14 06:41:29.861 65682 INFO tempest.lib.common.rest_client [req-100ba564-c5a2-43bb-b871-040e124f2172 req-100ba564-c5a2-43bb-b871-040e124f2172 ] Request (ServersListShow296Test:test_list_show_update_rebuild_server_296): 200 GET http://10.180.1.21/compute/v2.1/servers/8a31980c-d0a8-46d9-a341-54cf9384d233 3.223s
2025-11-14 06:41:29.889 65682 INFO tempest.common.waiters [-] State transition "BUILD/None" ==> "BUILD/networking" after 4 second wait
2025-11-14 06:41:30.195 65734 INFO tempest.lib.common.rest_client [req-d838cabc-0f2e-40bf-9f49-1a9a8d92905d req-d838cabc-0f2e-40bf-9f49-1a9a8d92905d ] Request (ImagesNegativeTestJSON:tearDownClass): 204 DELETE http://10.180.1.21/networking/v2.0/networks/095e327b-31d6-437c-8ba5-b6d8a09cc7d2 0.554s
2025-11-14 06:41:30.247 65728 INFO tempest.lib.common.rest_client [req-b861c52f-865f-4db9-bd32-7f808bb50057 req-b861c52f-865f-4db9-bd32-7f808bb50057 ] Request (ServersWithSpecificFlavorTestJSON:test_verify_created_server_ephemeral_disk): 200 GET http://10.180.1.21/compute/v2.1/servers/6659cb2b-9b4c-4e1f-b8f0-11d6e87fd4d6 3.701s
2025-11-14 06:41:30.273 65680 INFO tempest.lib.common.rest_client [req-e9ae666f-dc9d-446f-8b56-62f35b507c63 req-e9ae666f-dc9d-446f-8b56-62f35b507c63 ] Request (ServerDiagnosticsV248Test:tearDownClass): 404 GET http://10.180.1.21/compute/v2.1/servers/066fceba-d1da-433f-ba27-7026d32dddb2 3.196s
2025-11-14 06:41:30.336 65734 INFO tempest.lib.common.rest_client [req-62d683c9-194c-4217-95db-ae294dafdcf5 req-62d683c9-194c-4217-95db-ae294dafdcf5 ] Request (ImagesNegativeTestJSON:tearDownClass): 204 DELETE http://10.180.1.21/identity/v3/users/a6eff2389d264ac5861122e0b21d5f45 0.140s
2025-11-14 06:41:30.336 65734 INFO tempest.lib.common.dynamic_creds [-] Deleting project and security group for project: c2ca6fa76c01442fba94c846ad76f9ab
2025-11-14 06:41:30.357 65741 INFO tempest.lib.common.rest_client [req-31302c26-2e9a-4cba-9711-95a6e79dc3a1 req-31302c26-2e9a-4cba-9711-95a6e79dc3a1 ] Request (ImagesTestJSON:test_create_image_from_stopped_server): 200 GET http://10.180.1.21/compute/v2.1/images/2ebd7ff1-271c-4836-819c-47795082d0bd 3.261s
2025-11-14 06:41:30.424 65680 INFO tempest.lib.common.rest_client [req-6feba204-f30d-4ffc-8119-6e00ffde0788 req-6feba204-f30d-4ffc-8119-6e00ffde0788 ] Request (ServerDiagnosticsV248Test:tearDownClass): 204 DELETE http://10.180.1.21/identity/v3/users/7fcc122547964d70bbac559bf3ad379a 0.150s
2025-11-14 06:41:30.455 65734 INFO tempest.lib.common.rest_client [req-0aefa856-6bfd-4d90-93bd-78b91c662544 req-0aefa856-6bfd-4d90-93bd-78b91c662544 ] Request (ImagesNegativeTestJSON:tearDownClass): 200 GET http://10.180.1.21/networking/v2.0/security-groups?tenant_id=c2ca6fa76c01442fba94c846ad76f9ab&name=default 0.118s
2025-11-14 06:41:30.553 65743 INFO tempest.lib.common.rest_client [req-aed54769-9b67-42a3-b74a-56b27bf174cf req-aed54769-9b67-42a3-b74a-56b27bf174cf ] Request (InstanceActionsV221TestJSON:setUpClass): 201 POST http://10.180.1.21/networking/v2.0/routers 1.200s
2025-11-14 06:41:30.579 65694 INFO tempest.lib.common.rest_client [req-4811af69-3b02-4fef-8d96-6639d76b238c req-4811af69-3b02-4fef-8d96-6639d76b238c ] Request (ServerDiskConfigTestJSON:test_rebuild_server_with_auto_disk_config): 200 GET http://10.180.1.21/compute/v2.1/servers/0876cf8c-9144-4df6-bc97-d89466f35832 3.454s
2025-11-14 06:41:30.592 65680 INFO tempest.lib.common.rest_client [req-d29c6be8-660e-46a5-819c-f0b6b47dd3a2 req-d29c6be8-660e-46a5-819c-f0b6b47dd3a2 ] Request (ServerDiagnosticsV248Test:tearDownClass): 204 DELETE http://10.180.1.21/identity/v3/users/5f3e720bdab84ab5aef559fd620d91ce 0.167s
2025-11-14 06:41:30.592 65680 INFO tempest.lib.common.dynamic_creds [-] Deleting project and security group for project: ff59205ff4c74c8f9c7592e5f5e63672
2025-11-14 06:41:30.694 65680 INFO tempest.lib.common.rest_client [req-f753d406-85d1-4182-a43a-62aa21a95177 req-f753d406-85d1-4182-a43a-62aa21a95177 ] Request (ServerDiagnosticsV248Test:tearDownClass): 201 POST http://10.180.1.21/identity/v3/auth/tokens 0.102s
2025-11-14 06:41:30.733 65734 INFO tempest.lib.common.rest_client [req-44a54d60-c365-4a23-b8ac-99278877a860 req-44a54d60-c365-4a23-b8ac-99278877a860 ] Request (ImagesNegativeTestJSON:tearDownClass): 204 DELETE http://10.180.1.21/networking/v2.0/security-groups/0300d669-cfda-4a93-9701-2092bc2115c1 0.277s
2025-11-14 06:41:30.785 65726 INFO tempest.lib.common.rest_client [req-56078b5d-c2a2-4c53-93e2-104293babb3a req-56078b5d-c2a2-4c53-93e2-104293babb3a ] Request (AttachInterfacesV270Test:tearDownClass): 200 GET http://10.180.1.21/compute/v2.1/servers/49220497-578e-4fdf-ab34-d0c97034a60b 3.577s
2025-11-14 06:41:30.846 65734 INFO tempest.lib.common.rest_client [req-6fe7b676-16b0-496c-b68e-2cd4e2314bb4 req-6fe7b676-16b0-496c-b68e-2cd4e2314bb4 ] Request (ImagesNegativeTestJSON:tearDownClass): 204 DELETE http://10.180.1.21/identity/v3/projects/c2ca6fa76c01442fba94c846ad76f9ab 0.113s
2025-11-14 06:41:30.891 65706 INFO tempest.lib.common.rest_client [req-72d30893-c6a2-49a6-ad59-461ebb1e2801 req-72d30893-c6a2-49a6-ad59-461ebb1e2801 ] Request (ListImageFiltersTestJSON:setUpClass): 202 POST http://10.180.1.21/compute/v2.1/servers 4.112s
2025-11-14 06:41:30.923 65734 INFO tempest.lib.common.rest_client [req-1c308d81-6b23-4aaa-aa40-1a519bc8d4a2 req-1c308d81-6b23-4aaa-aa40-1a519bc8d4a2 ] Request (ImagesOneServerNegativeTestJSON:setUpClass): 201 POST http://10.180.1.21/identity/v3/auth/tokens 0.076s
2025-11-14 06:41:30.968 65734 INFO tempest.lib.common.rest_client [req-c8775978-0241-4351-9b41-79d84a5d19a2 req-c8775978-0241-4351-9b41-79d84a5d19a2 ] Request (ImagesOneServerNegativeTestJSON:setUpClass): 201 POST http://10.180.1.21/identity/v3/auth/tokens 0.039s
2025-11-14 06:41:30.999 65734 INFO tempest.lib.common.rest_client [req-cc1e2c0a-0e0d-4e1b-9f8b-50108743c32b req-cc1e2c0a-0e0d-4e1b-9f8b-50108743c32b ] Request (ImagesOneServerNegativeTestJSON:setUpClass): 200 GET http://10.180.1.21/identity/v3/domains?name=Default 0.031s
2025-11-14 06:41:31.043 65734 INFO tempest.lib.common.rest_client [req-f5dec029-333f-4b57-b2cd-63a99dbb2aa0 req-f5dec029-333f-4b57-b2cd-63a99dbb2aa0 ] Request (ImagesOneServerNegativeTestJSON:setUpClass): 201 POST http://10.180.1.21/identity/v3/projects 0.043s
2025-11-14 06:41:31.126 65734 INFO tempest.lib.common.rest_client [req-408486b8-99c5-40b0-95fd-c9bb9522a67b req-408486b8-99c5-40b0-95fd-c9bb9522a67b ] Request (ImagesOneServerNegativeTestJSON:setUpClass): 201 POST http://10.180.1.21/identity/v3/users 0.081s
2025-11-14 06:41:31.131 65680 INFO tempest.lib.common.rest_client [req-8d34d11d-bde4-4249-9f64-fa83ab43d586 req-8d34d11d-bde4-4249-9f64-fa83ab43d586 ] Request (ServerDiagnosticsV248Test:tearDownClass): 200 GET http://10.180.1.21/networking/v2.0/security-groups?tenant_id=ff59205ff4c74c8f9c7592e5f5e63672&name=default 0.436s
2025-11-14 06:41:31.157 65734 INFO tempest.lib.common.rest_client [req-15a0c507-f3de-42eb-ba19-5324e30de629 req-15a0c507-f3de-42eb-ba19-5324e30de629 ] Request (ImagesOneServerNegativeTestJSON:setUpClass): 200 GET http://10.180.1.21/identity/v3/roles 0.031s
2025-11-14 06:41:31.197 65734 INFO tempest.lib.common.rest_client [req-0cdae801-d6f4-4963-b751-939c3d9a8660 req-0cdae801-d6f4-4963-b751-939c3d9a8660 ] Request (ImagesOneServerNegativeTestJSON:setUpClass): 204 PUT http://10.180.1.21/identity/v3/projects/4f05ed97b3b94a368071160ee0b4022d/users/899ee89c55d94a8e84ba9d0b1b5a016a/roles/76c199a3155d44ed9d27ed58630067c6 0.039s
2025-11-14 06:41:31.197 65734 INFO tempest.lib.common.dynamic_creds [-] Dynamic test user 899ee89c55d94a8e84ba9d0b1b5a016a is created with scope project and roles: ['member']
2025-11-14 06:41:31.197 65734 INFO tempest.lib.common.dynamic_creds [-] Acquired dynamic creds: credentials: Credentials: {'domain_id': 'default', 'domain_name': 'Default', 'username': 'tempest-ImagesOneServerNegativeTestJSON-1972759635-project-member', 'project_domain_id': 'default', 'project_domain_name': 'Default', 'project_id': '4f05ed97b3b94a368071160ee0b4022d', 'project_name': 'tempest-ImagesOneServerNegativeTestJSON-1972759635', 'tenant_id': '4f05ed97b3b94a368071160ee0b4022d', 'tenant_name': 'tempest-ImagesOneServerNegativeTestJSON-1972759635', 'user_domain_id': 'default', 'user_domain_name': 'Default', 'user_id': '899ee89c55d94a8e84ba9d0b1b5a016a', 'system': None}, Network: None, Subnet: None, Router: None
2025-11-14 06:41:31.292 65734 INFO tempest.lib.common.rest_client [req-1cb90a4b-342b-47cd-84a7-913bc3b0443b req-1cb90a4b-342b-47cd-84a7-913bc3b0443b ] Request (ImagesOneServerNegativeTestJSON:setUpClass): 201 POST http://10.180.1.21/identity/v3/auth/tokens 0.095s
2025-11-14 06:41:31.461 65680 INFO tempest.lib.common.rest_client [req-830222ca-270d-44fb-aad3-e78c963020fc req-830222ca-270d-44fb-aad3-e78c963020fc ] Request (ServerDiagnosticsV248Test:tearDownClass): 204 DELETE http://10.180.1.21/networking/v2.0/security-groups/dbbcb4a1-21e7-4de4-83aa-a473a0774567 0.329s
2025-11-14 06:41:31.509 65714 WARNING tempest.lib.common.ssh [-] Failed to establish authenticated ssh connection to cirros@10.180.180.228 ([Errno None] Unable to connect to port 22 on 10.180.180.228). Number attempts: 2. Retry after 3 seconds.: paramiko.ssh_exception.NoValidConnectionsError: [Errno None] Unable to connect to port 22 on 10.180.180.228
2025-11-14 06:41:31.514 65738 INFO tempest.lib.common.rest_client [req-e4e0bded-4e00-4c98-b293-343f448e1687 req-e4e0bded-4e00-4c98-b293-343f448e1687 ] Request (AttachInterfacesUnderV243Test:test_add_remove_fixed_ip): 200 GET http://10.180.1.21/compute/v2.1/servers/e80a9065-bb5d-4e26-8378-c8a01ed44fdc 4.288s
2025-11-14 06:41:31.524 65738 INFO tempest.common.waiters [-] State transition "BUILD/spawning" ==> "ACTIVE/None" after 23 second wait
2025-11-14 06:41:31.569 65696 INFO tempest.lib.common.rest_client [req-51270bbd-f4cc-4b40-9a03-30d2efa1b5cb req-51270bbd-f4cc-4b40-9a03-30d2efa1b5cb ] Request (FlavorsAccessNegativeTestJSON:test_flavor_non_admin_remove): 200 POST http://10.180.1.21/compute/v2.1/flavors 4.181s
2025-11-14 06:41:31.605 65680 INFO tempest.lib.common.rest_client [req-d86fd3f7-e189-404e-a2d3-914571c5fca3 req-d86fd3f7-e189-404e-a2d3-914571c5fca3 ] Request (ServerDiagnosticsV248Test:tearDownClass): 204 DELETE http://10.180.1.21/identity/v3/projects/ff59205ff4c74c8f9c7592e5f5e63672 0.143s
2025-11-14 06:41:31.606 65680 INFO tempest.lib.common.dynamic_creds [-] Deleting project and security group for project: a6ec77634cfd4093b69a4f0cd4af7e40
2025-11-14 06:41:31.781 65702 INFO tempest.lib.common.rest_client [req-dffd90d9-8732-449b-9a4e-9202cebf0ac3 req-dffd90d9-8732-449b-9a4e-9202cebf0ac3 ] Request (QuotasAdminNegativeTest:test_create_server_when_memory_quota_is_full): 200 GET http://10.180.1.21/compute/v2.1/os-quota-sets/b4bd2e4adf784e1b99cfdb51904170a0 4.368s
2025-11-14 06:41:31.804 65698 INFO tempest.lib.common.rest_client [req-5f16e94e-fa99-4b7e-a999-ade10f77d941 req-5f16e94e-fa99-4b7e-a999-ade10f77d941 ] Request (FlavorsAdminTestJSON:_run_cleanups): 202 DELETE http://10.180.1.21/compute/v2.1/flavors/5706df13-04ab-4e59-9583-5622953b2f6d 4.357s
2025-11-14 06:41:31.924 65734 INFO tempest.lib.common.rest_client [req-7c2395c3-c302-4e15-89ec-f2fafd0f4175 req-7c2395c3-c302-4e15-89ec-f2fafd0f4175 ] Request (ImagesOneServerNegativeTestJSON:setUpClass): 201 POST http://10.180.1.21/networking/v2.0/networks 0.631s
2025-11-14 06:41:31.954 65690 INFO tempest.lib.common.rest_client [req-6f59576d-b180-4738-b655-dc6e842e02f6 req-6f59576d-b180-4738-b655-dc6e842e02f6 ] Request (MigrationsAdminTest:test_list_migrations_in_flavor_resize_situation): 200 GET http://10.180.1.21/compute/v2.1/servers/a1c1a0ac-e816-4809-b172-ce3ee07adc48 4.612s
2025-11-14 06:41:31.961 65690 INFO tempest.common.waiters [-] State transition "RESIZE/resize_prep" ==> "RESIZE/resize_migrating" after 11 second wait
2025-11-14 06:41:31.978 65684 INFO tempest.lib.common.rest_client [req-6f7b1920-67ea-45b5-9a4d-b83825bd9889 req-6f7b1920-67ea-45b5-9a4d-b83825bd9889 ] Request (FlavorsV2TestJSON:test_list_flavors_filter_by_min_ram): 200 GET http://10.180.1.21/compute/v2.1/flavors?minRam=193 4.514s
2025-11-14 06:41:31.985 65688 INFO tempest.lib.common.rest_client [req-9825cc59-a946-4441-8575-6ea86d28b124 req-9825cc59-a946-4441-8575-6ea86d28b124 ] Request (HostsAdminNegativeTestJSON:test_reboot_host_with_non_admin_user): 403 GET http://10.180.1.21/compute/v2.1/os-hosts/devstack/reboot 4.455s
2025-11-14 06:41:32.032 65692 INFO tempest.lib.common.rest_client [req-c7e88952-1ba7-4f6a-8cfa-630b3fc3e890 req-c7e88952-1ba7-4f6a-8cfa-630b3fc3e890 ] Request (FlavorsExtraSpecsTestJSON:test_flavor_non_admin_get_specific_key): 200 POST http://10.180.1.21/compute/v2.1/flavors/478546703/os-extra_specs 4.208s
2025-11-14 06:41:32.037 65704 INFO tempest.lib.common.rest_client [req-19c11915-aaa6-4ff0-9389-35abfef5ea92 req-19c11915-aaa6-4ff0-9389-35abfef5ea92 ] Request (AggregatesAdminNegativeTestJSON:test_aggregate_create_as_user): 403 POST http://10.180.1.21/compute/v2.1/os-aggregates 4.208s
2025-11-14 06:41:32.091 65680 INFO tempest.lib.common.rest_client [req-c5ab2e3b-7625-48cf-975b-1789f0896ccd req-c5ab2e3b-7625-48cf-975b-1789f0896ccd ] Request (ServerDiagnosticsV248Test:tearDownClass): 200 GET http://10.180.1.21/networking/v2.0/security-groups?tenant_id=a6ec77634cfd4093b69a4f0cd4af7e40&name=default 0.485s
2025-11-14 06:41:32.241 65743 INFO tempest.lib.common.rest_client [req-25b9ceb2-ce3d-4258-a0f1-448b41dab075 req-25b9ceb2-ce3d-4258-a0f1-448b41dab075 ] Request (InstanceActionsV221TestJSON:setUpClass): 200 PUT http://10.180.1.21/networking/v2.0/routers/8ade6c25-0188-4d3c-9d1b-ede1063dfb74/add_router_interface 1.687s
2025-11-14 06:41:32.241 65743 INFO tempest.lib.common.dynamic_creds [-] Created isolated network resources for: credentials: Credentials: {'domain_id': 'default', 'domain_name': 'Default', 'username': 'tempest-InstanceActionsV221TestJSON-1847134158-project-member', 'project_domain_id': 'default', 'project_domain_name': 'Default', 'project_id': 'ab7d50bf94164707a9ea14df6bf3107e', 'project_name': 'tempest-InstanceActionsV221TestJSON-1847134158', 'tenant_id': 'ab7d50bf94164707a9ea14df6bf3107e', 'tenant_name': 'tempest-InstanceActionsV221TestJSON-1847134158', 'user_domain_id': 'default', 'user_domain_name': 'Default', 'user_id': 'ee847fbd1661405a8d25151a4125033a', 'system': None}, Network: {'id': '59fd53f0-908b-4af1-a4be-eecb311faa62', 'name': 'tempest-InstanceActionsV221TestJSON-1084513511-network', 'tenant_id': 'ab7d50bf94164707a9ea14df6bf3107e', 'project_id': 'ab7d50bf94164707a9ea14df6bf3107e', 'admin_state_up': True, 'mtu': 8950, 'status': 'ACTIVE', 'subnets': [], 'shared': False, 'port_security_enabled': True, 'router:external': False, 'provider:network_type': 'vlan', 'provider:physical_network': 'default', 'provider:segmentation_id': 161, 'availability_zone_hints': [], 'availability_zones': [], 'ipv4_address_scope': None, 'ipv6_address_scope': None, 'description': '', 'tags': [], 'created_at': '2025-11-14T06:41:28Z', 'updated_at': '2025-11-14T06:41:28Z', 'revision_number': 1}, Subnet: {'id': 'b687af7f-6198-458e-911e-105e117ded76', 'name': 'tempest-InstanceActionsV221TestJSON-1084513511-subnet', 'tenant_id': 'ab7d50bf94164707a9ea14df6bf3107e', 'network_id': '59fd53f0-908b-4af1-a4be-eecb311faa62', 'ip_version': 4, 'subnetpool_id': None, 'enable_dhcp': True, 'ipv6_ra_mode': None, 'ipv6_address_mode': None, 'gateway_ip': '192.168.128.1', 'cidr': '192.168.128.0/28', 'allocation_pools': [{'start': '192.168.128.2', 'end': '192.168.128.14'}], 'host_routes': [], 'dns_nameservers': [], 'description': '', 'router:external': False, 'service_types': [], 'tags': [], 'created_at': '2025-11-14T06:41:29Z', 'updated_at': '2025-11-14T06:41:29Z', 'revision_number': 0, 'project_id': 'ab7d50bf94164707a9ea14df6bf3107e'}, Router: {'id': '8ade6c25-0188-4d3c-9d1b-ede1063dfb74', 'name': 'tempest-InstanceActionsV221TestJSON-1084513511-router', 'tenant_id': 'ab7d50bf94164707a9ea14df6bf3107e', 'admin_state_up': True, 'status': 'ACTIVE', 'external_gateway_info': {'network_id': '1b4ab82f-5ada-4cf2-945a-b5558f2cf44f', 'external_fixed_ips': [{'subnet_id': 'a745ba3f-d7c5-43d1-ae4a-3fa38d3d1e72', 'ip_address': '10.180.180.201'}], 'enable_snat': True}, 'description': '', 'availability_zones': [], 'distributed': False, 'ha': False, 'availability_zone_hints': [], 'routes': [], 'flavor_id': None, 'tags': [], 'created_at': '2025-11-14T06:41:29Z', 'updated_at': '2025-11-14T06:41:30Z', 'revision_number': 2, 'project_id': 'ab7d50bf94164707a9ea14df6bf3107e'}
2025-11-14 06:41:32.330 65743 INFO tempest.lib.common.rest_client [req-b49e3527-becb-4c62-ad22-981114e480db req-b49e3527-becb-4c62-ad22-981114e480db ] Request (InstanceActionsV221TestJSON:setUpClass): 201 POST http://10.180.1.21/identity/v3/auth/tokens 0.086s
2025-11-14 06:41:32.343 65734 INFO tempest.lib.common.rest_client [req-2b45308d-4086-4567-9af9-6a6139b5f0fb req-2b45308d-4086-4567-9af9-6a6139b5f0fb ] Request (ImagesOneServerNegativeTestJSON:setUpClass): 201 POST http://10.180.1.21/networking/v2.0/subnets 0.419s
2025-11-14 06:41:32.356 65680 INFO tempest.lib.common.rest_client [req-5170be29-6930-4c6e-8125-5deea76391a3 req-5170be29-6930-4c6e-8125-5deea76391a3 ] Request (ServerDiagnosticsV248Test:tearDownClass): 204 DELETE http://10.180.1.21/networking/v2.0/security-groups/38f4dc73-4a6b-4bfe-b0f5-7e25d4d5fe39 0.264s
2025-11-14 06:41:32.362 65743 INFO tempest.lib.common.rest_client [req-16d90292-5500-4b8c-9408-f21d15442727 req-16d90292-5500-4b8c-9408-f21d15442727 ] Request (InstanceActionsV221TestJSON:test_get_list_deleted_instance_actions): 201 POST http://10.180.1.21/identity/v3/auth/tokens 0.027s
2025-11-14 06:41:32.363 65743 INFO tempest.lib.common.fixed_network [-] (InstanceActionsV221TestJSON:test_get_list_deleted_instance_actions) Found network {'id': '59fd53f0-908b-4af1-a4be-eecb311faa62', 'name': 'tempest-InstanceActionsV221TestJSON-1084513511-network', 'tenant_id': 'ab7d50bf94164707a9ea14df6bf3107e', 'project_id': 'ab7d50bf94164707a9ea14df6bf3107e', 'admin_state_up': True, 'mtu': 8950, 'status': 'ACTIVE', 'subnets': [], 'shared': False, 'port_security_enabled': True, 'router:external': False, 'provider:network_type': 'vlan', 'provider:physical_network': 'default', 'provider:segmentation_id': 161, 'availability_zone_hints': [], 'availability_zones': [], 'ipv4_address_scope': None, 'ipv6_address_scope': None, 'description': '', 'tags': [], 'created_at': '2025-11-14T06:41:28Z', 'updated_at': '2025-11-14T06:41:28Z', 'revision_number': 1} available for tenant
2025-11-14 06:41:32.375 65710 INFO tempest.lib.common.rest_client [req-9ed91951-53a5-4915-9047-30e7c7ebce08 req-9ed91951-53a5-4915-9047-30e7c7ebce08 ] Request (ServerMetadataNegativeTestJSON:setUpClass): 200 GET http://10.180.1.21/compute/v2.1/servers/eb0c6c74-1c10-486a-8f90-8cf5387ba9ec 4.920s
2025-11-14 06:41:32.449 65680 INFO tempest.lib.common.rest_client [req-909cbfe6-4392-4efb-9211-032268dd4739 req-909cbfe6-4392-4efb-9211-032268dd4739 ] Request (ServerDiagnosticsV248Test:tearDownClass): 204 DELETE http://10.180.1.21/identity/v3/projects/a6ec77634cfd4093b69a4f0cd4af7e40 0.092s
2025-11-14 06:41:32.491 65708 INFO tempest.lib.common.rest_client [req-57a1c3ec-e28d-4bf5-9869-bce8faa4f563 req-57a1c3ec-e28d-4bf5-9869-bce8faa4f563 ] Request (ServerDiagnosticsNegativeTest:tearDownClass): 204 DELETE http://10.180.1.21/compute/v2.1/servers/1303c745-ec8a-4052-b225-177b21790a04 4.191s
2025-11-14 06:41:32.541 65680 INFO tempest.lib.common.rest_client [req-d244c96f-9d85-42c8-9da1-2de7f6f501b3 req-d244c96f-9d85-42c8-9da1-2de7f6f501b3 ] Request (ServicesAdminNegativeTestJSON:setUpClass): 201 POST http://10.180.1.21/identity/v3/auth/tokens 0.090s
2025-11-14 06:41:32.582 65680 INFO tempest.lib.common.rest_client [req-62cd82ce-45f4-4363-b187-bff4ab8edacf req-62cd82ce-45f4-4363-b187-bff4ab8edacf ] Request (ServicesAdminNegativeTestJSON:setUpClass): 201 POST http://10.180.1.21/identity/v3/auth/tokens 0.036s
2025-11-14 06:41:32.624 65680 INFO tempest.lib.common.rest_client [req-62dfd410-176a-4705-873c-b01d48536b60 req-62dfd410-176a-4705-873c-b01d48536b60 ] Request (ServicesAdminNegativeTestJSON:setUpClass): 200 GET http://10.180.1.21/identity/v3/domains?name=Default 0.041s
2025-11-14 06:41:32.691 65680 INFO tempest.lib.common.rest_client [req-4599f6e2-6c75-467a-b9ec-7910e76f0881 req-4599f6e2-6c75-467a-b9ec-7910e76f0881 ] Request (ServicesAdminNegativeTestJSON:setUpClass): 201 POST http://10.180.1.21/identity/v3/projects 0.066s
2025-11-14 06:41:32.809 65680 INFO tempest.lib.common.rest_client [req-4ff3d9bc-a264-4dc2-b8b0-19ac78c13524 req-4ff3d9bc-a264-4dc2-b8b0-19ac78c13524 ] Request (ServicesAdminNegativeTestJSON:setUpClass): 201 POST http://10.180.1.21/identity/v3/users 0.118s
2025-11-14 06:41:32.853 65680 INFO tempest.lib.common.rest_client [req-fbc5f8c6-ccf9-42e0-b990-8d9af7a7803a req-fbc5f8c6-ccf9-42e0-b990-8d9af7a7803a ] Request (ServicesAdminNegativeTestJSON:setUpClass): 200 GET http://10.180.1.21/identity/v3/roles 0.042s
2025-11-14 06:41:32.908 65680 INFO tempest.lib.common.rest_client [req-5cb62215-ec1d-4bcf-81e8-1a2f2eef2242 req-5cb62215-ec1d-4bcf-81e8-1a2f2eef2242 ] Request (ServicesAdminNegativeTestJSON:setUpClass): 204 PUT http://10.180.1.21/identity/v3/projects/6a4d0289ae5348adb08f52f32fad24ad/users/6cb39ef93f984afb94a751f9e83db8d1/roles/76c199a3155d44ed9d27ed58630067c6 0.054s
2025-11-14 06:41:32.908 65680 INFO tempest.lib.common.dynamic_creds [-] Dynamic test user 6cb39ef93f984afb94a751f9e83db8d1 is created with scope project and roles: ['member']
2025-11-14 06:41:32.908 65680 INFO tempest.lib.common.dynamic_creds [-] Acquired dynamic creds: credentials: Credentials: {'domain_id': 'default', 'domain_name': 'Default', 'username': 'tempest-ServicesAdminNegativeTestJSON-1368546041-project-member', 'project_domain_id': 'default', 'project_domain_name': 'Default', 'project_id': '6a4d0289ae5348adb08f52f32fad24ad', 'project_name': 'tempest-ServicesAdminNegativeTestJSON-1368546041', 'tenant_id': '6a4d0289ae5348adb08f52f32fad24ad', 'tenant_name': 'tempest-ServicesAdminNegativeTestJSON-1368546041', 'user_domain_id': 'default', 'user_domain_name': 'Default', 'user_id': '6cb39ef93f984afb94a751f9e83db8d1', 'system': None}, Network: None, Subnet: None, Router: None
2025-11-14 06:41:32.908 65680 INFO tempest.lib.common.dynamic_creds [-] Created isolated network resources for: credentials: Credentials: {'domain_id': 'default', 'domain_name': 'Default', 'username': 'tempest-ServicesAdminNegativeTestJSON-1368546041-project-member', 'project_domain_id': 'default', 'project_domain_name': 'Default', 'project_id': '6a4d0289ae5348adb08f52f32fad24ad', 'project_name': 'tempest-ServicesAdminNegativeTestJSON-1368546041', 'tenant_id': '6a4d0289ae5348adb08f52f32fad24ad', 'tenant_name': 'tempest-ServicesAdminNegativeTestJSON-1368546041', 'user_domain_id': 'default', 'user_domain_name': 'Default', 'user_id': '6cb39ef93f984afb94a751f9e83db8d1', 'system': None}, Network: None, Subnet: None, Router: None
2025-11-14 06:41:33.030 65680 INFO tempest.lib.common.rest_client [req-1dc21f68-78e6-4a68-bbc1-363043840233 req-1dc21f68-78e6-4a68-bbc1-363043840233 ] Request (ServicesAdminNegativeTestJSON:setUpClass): 201 POST http://10.180.1.21/identity/v3/auth/tokens 0.118s
2025-11-14 06:41:33.119 65680 INFO tempest.lib.common.rest_client [req-93fee1a4-3c32-40c4-a683-087fb646b7ad req-93fee1a4-3c32-40c4-a683-087fb646b7ad ] Request (ServicesAdminNegativeTestJSON:setUpClass): 201 POST http://10.180.1.21/identity/v3/projects 0.088s
2025-11-14 06:41:33.198 65680 INFO tempest.lib.common.rest_client [req-3d3328d4-4ba5-45f3-bc4b-e200f4d878a6 req-3d3328d4-4ba5-45f3-bc4b-e200f4d878a6 ] Request (ServicesAdminNegativeTestJSON:setUpClass): 201 POST http://10.180.1.21/identity/v3/users 0.078s
2025-11-14 06:41:33.234 65680 INFO tempest.lib.common.rest_client [req-52be0057-aec2-4215-9187-9087065aaf6b req-52be0057-aec2-4215-9187-9087065aaf6b ] Request (ServicesAdminNegativeTestJSON:setUpClass): 200 GET http://10.180.1.21/identity/v3/roles 0.036s
2025-11-14 06:41:33.265 65680 INFO tempest.lib.common.rest_client [req-1c408699-12e2-41cd-b1f7-da0bfe8e33e6 req-1c408699-12e2-41cd-b1f7-da0bfe8e33e6 ] Request (ServicesAdminNegativeTestJSON:setUpClass): 204 PUT http://10.180.1.21/identity/v3/projects/b44bf89a3821469fa5251a2f3c2d0de1/users/3bf99acf34804386a305f193275eac62/roles/51c6bf421fae45c692668c2e8be5e972 0.030s
2025-11-14 06:41:33.327 65680 INFO tempest.lib.common.rest_client [req-f24cb3c2-eb34-4564-9bb5-349fd0563208 req-f24cb3c2-eb34-4564-9bb5-349fd0563208 ] Request (ServicesAdminNegativeTestJSON:setUpClass): 200 GET http://10.180.1.21/identity/v3/roles 0.061s
2025-11-14 06:41:33.356 65680 INFO tempest.lib.common.rest_client [req-a9750791-8b76-4a03-8ecd-c0e7ec6fbbd7 req-a9750791-8b76-4a03-8ecd-c0e7ec6fbbd7 ] Request (ServicesAdminNegativeTestJSON:setUpClass): 204 PUT http://10.180.1.21/identity/v3/projects/b44bf89a3821469fa5251a2f3c2d0de1/users/3bf99acf34804386a305f193275eac62/roles/51c6bf421fae45c692668c2e8be5e972 0.028s
2025-11-14 06:41:33.356 65680 INFO tempest.lib.common.dynamic_creds [-] Dynamic test user 3bf99acf34804386a305f193275eac62 is created with scope project and roles: ['admin']
2025-11-14 06:41:33.356 65680 INFO tempest.lib.common.dynamic_creds [-] Acquired dynamic creds: credentials: Credentials: {'domain_id': 'default', 'domain_name': 'Default', 'username': 'tempest-ServicesAdminNegativeTestJSON-1701507269-project-admin', 'project_domain_id': 'default', 'project_domain_name': 'Default', 'project_id': 'b44bf89a3821469fa5251a2f3c2d0de1', 'project_name': 'tempest-ServicesAdminNegativeTestJSON-1701507269', 'tenant_id': 'b44bf89a3821469fa5251a2f3c2d0de1', 'tenant_name': 'tempest-ServicesAdminNegativeTestJSON-1701507269', 'user_domain_id': 'default', 'user_domain_name': 'Default', 'user_id': '3bf99acf34804386a305f193275eac62', 'system': None}, Network: None, Subnet: None, Router: None
2025-11-14 06:41:33.356 65680 INFO tempest.lib.common.dynamic_creds [-] Created isolated network resources for: credentials: Credentials: {'domain_id': 'default', 'domain_name': 'Default', 'username': 'tempest-ServicesAdminNegativeTestJSON-1701507269-project-admin', 'project_domain_id': 'default', 'project_domain_name': 'Default', 'project_id': 'b44bf89a3821469fa5251a2f3c2d0de1', 'project_name': 'tempest-ServicesAdminNegativeTestJSON-1701507269', 'tenant_id': 'b44bf89a3821469fa5251a2f3c2d0de1', 'tenant_name': 'tempest-ServicesAdminNegativeTestJSON-1701507269', 'user_domain_id': 'default', 'user_domain_name': 'Default', 'user_id': '3bf99acf34804386a305f193275eac62', 'system': None}, Network: None, Subnet: None, Router: None
2025-11-14 06:41:33.388 65686 INFO tempest.lib.common.rest_client [req-471f6846-d1e6-444c-8bf3-75b9d34dabd5 req-471f6846-d1e6-444c-8bf3-75b9d34dabd5 ] Request (FloatingIPsAssociationNegativeTestJSON:test_associate_ip_to_server_with_floating_ip): 400 POST http://10.180.1.21/compute/v2.1/servers/7cbc8d18-5e81-47dc-a3d3-deab1b710cff/action 5.140s
2025-11-14 06:41:33.438 65680 INFO tempest.lib.common.rest_client [req-205f7dd7-d63f-4160-9f43-4a1dfb57c2c9 req-205f7dd7-d63f-4160-9f43-4a1dfb57c2c9 ] Request (ServicesAdminNegativeTestJSON:setUpClass): 201 POST http://10.180.1.21/identity/v3/auth/tokens 0.078s
2025-11-14 06:41:33.471 65734 INFO tempest.lib.common.rest_client [req-c7f224e8-e897-43c7-a4f3-d09cf9de04d7 req-c7f224e8-e897-43c7-a4f3-d09cf9de04d7 ] Request (ImagesOneServerNegativeTestJSON:setUpClass): 201 POST http://10.180.1.21/networking/v2.0/routers 1.127s
2025-11-14 06:41:33.544 65712 INFO tempest.lib.common.rest_client [req-b9e211a0-4372-4ffc-b185-e82eaea3ffff req-b9e211a0-4372-4ffc-b185-e82eaea3ffff ] Request (InstanceActionsNegativeTestJSON:setUpClass): 200 GET http://10.180.1.21/compute/v2.1/servers/209f4dc3-f49d-4317-ba3e-4675a57646f2 5.177s
2025-11-14 06:41:33.558 65712 INFO tempest.common.waiters [-] State transition "BUILD/spawning" ==> "ACTIVE/None" after 17 second wait
2025-11-14 06:41:34.593 65734 INFO tempest.lib.common.rest_client [req-0e637449-5a40-4687-9fa1-6a8e7c6e7028 req-0e637449-5a40-4687-9fa1-6a8e7c6e7028 ] Request (ImagesOneServerNegativeTestJSON:setUpClass): 200 PUT http://10.180.1.21/networking/v2.0/routers/0f018b61-f3ab-4c92-8ab3-9393714acd6d/add_router_interface 1.122s
2025-11-14 06:41:34.594 65734 INFO tempest.lib.common.dynamic_creds [-] Created isolated network resources for: credentials: Credentials: {'domain_id': 'default', 'domain_name': 'Default', 'username': 'tempest-ImagesOneServerNegativeTestJSON-1972759635-project-member', 'project_domain_id': 'default', 'project_domain_name': 'Default', 'project_id': '4f05ed97b3b94a368071160ee0b4022d', 'project_name': 'tempest-ImagesOneServerNegativeTestJSON-1972759635', 'tenant_id': '4f05ed97b3b94a368071160ee0b4022d', 'tenant_name': 'tempest-ImagesOneServerNegativeTestJSON-1972759635', 'user_domain_id': 'default', 'user_domain_name': 'Default', 'user_id': '899ee89c55d94a8e84ba9d0b1b5a016a', 'system': None}, Network: {'id': '0fa0881c-2afc-489b-ac45-d00034f8758e', 'name': 'tempest-ImagesOneServerNegativeTestJSON-1821561092-network', 'tenant_id': '4f05ed97b3b94a368071160ee0b4022d', 'project_id': '4f05ed97b3b94a368071160ee0b4022d', 'admin_state_up': True, 'mtu': 8950, 'status': 'ACTIVE', 'subnets': [], 'shared': False, 'port_security_enabled': True, 'router:external': False, 'provider:network_type': 'vlan', 'provider:physical_network': 'default', 'provider:segmentation_id': 139, 'availability_zone_hints': [], 'availability_zones': [], 'ipv4_address_scope': None, 'ipv6_address_scope': None, 'description': '', 'tags': [], 'created_at': '2025-11-14T06:41:31Z', 'updated_at': '2025-11-14T06:41:31Z', 'revision_number': 1}, Subnet: {'id': 'ff6dfc99-966d-4380-9f7f-9128e22f0a54', 'name': 'tempest-ImagesOneServerNegativeTestJSON-1821561092-subnet', 'tenant_id': '4f05ed97b3b94a368071160ee0b4022d', 'network_id': '0fa0881c-2afc-489b-ac45-d00034f8758e', 'ip_version': 4, 'subnetpool_id': None, 'enable_dhcp': True, 'ipv6_ra_mode': None, 'ipv6_address_mode': None, 'gateway_ip': '192.168.128.1', 'cidr': '192.168.128.0/28', 'allocation_pools': [{'start': '192.168.128.2', 'end': '192.168.128.14'}], 'host_routes': [], 'dns_nameservers': [], 'description': '', 'router:external': False, 'service_types': [], 'tags': [], 'created_at': '2025-11-14T06:41:32Z', 'updated_at': '2025-11-14T06:41:32Z', 'revision_number': 0, 'project_id': '4f05ed97b3b94a368071160ee0b4022d'}, Router: {'id': '0f018b61-f3ab-4c92-8ab3-9393714acd6d', 'name': 'tempest-ImagesOneServerNegativeTestJSON-1821561092-router', 'tenant_id': '4f05ed97b3b94a368071160ee0b4022d', 'admin_state_up': True, 'status': 'ACTIVE', 'external_gateway_info': {'network_id': '1b4ab82f-5ada-4cf2-945a-b5558f2cf44f', 'external_fixed_ips': [{'subnet_id': 'a745ba3f-d7c5-43d1-ae4a-3fa38d3d1e72', 'ip_address': '10.180.180.183'}], 'enable_snat': True}, 'description': '', 'availability_zones': [], 'distributed': False, 'ha': False, 'availability_zone_hints': [], 'routes': [], 'flavor_id': None, 'tags': [], 'created_at': '2025-11-14T06:41:32Z', 'updated_at': '2025-11-14T06:41:33Z', 'revision_number': 2, 'project_id': '4f05ed97b3b94a368071160ee0b4022d'}
2025-11-14 06:41:34.630 65732 INFO tempest.lib.common.rest_client [req-3edaed2b-bf4b-43af-8444-bce9a6707809 req-3edaed2b-bf4b-43af-8444-bce9a6707809 ] Request (SecurityGroupRulesNegativeTestJSON:test_create_security_group_rule_with_non_existent_id): 404 POST http://10.180.1.21/compute/v2.1/os-security-group-rules 6.014s
2025-11-14 06:41:34.751 65734 INFO tempest.lib.common.rest_client [req-b2a70bdc-0b22-4d5f-9ac0-6f69a17259ed req-b2a70bdc-0b22-4d5f-9ac0-6f69a17259ed ] Request (ImagesOneServerNegativeTestJSON:setUpClass): 201 POST http://10.180.1.21/identity/v3/auth/tokens 0.153s
2025-11-14 06:41:34.801 65734 INFO tempest.lib.common.rest_client [req-de7c8cbd-cc7b-4a40-b907-1bca3b7ae2c6 req-de7c8cbd-cc7b-4a40-b907-1bca3b7ae2c6 ] Request (ImagesOneServerNegativeTestJSON:setUpClass): 201 POST http://10.180.1.21/identity/v3/auth/tokens 0.046s
2025-11-14 06:41:34.802 65734 INFO tempest.lib.common.fixed_network [-] (ImagesOneServerNegativeTestJSON:setUpClass) Found network {'id': '0fa0881c-2afc-489b-ac45-d00034f8758e', 'name': 'tempest-ImagesOneServerNegativeTestJSON-1821561092-network', 'tenant_id': '4f05ed97b3b94a368071160ee0b4022d', 'project_id': '4f05ed97b3b94a368071160ee0b4022d', 'admin_state_up': True, 'mtu': 8950, 'status': 'ACTIVE', 'subnets': [], 'shared': False, 'port_security_enabled': True, 'router:external': False, 'provider:network_type': 'vlan', 'provider:physical_network': 'default', 'provider:segmentation_id': 139, 'availability_zone_hints': [], 'availability_zones': [], 'ipv4_address_scope': None, 'ipv6_address_scope': None, 'description': '', 'tags': [], 'created_at': '2025-11-14T06:41:31Z', 'updated_at': '2025-11-14T06:41:31Z', 'revision_number': 1} available for tenant
2025-11-14 06:41:35.301 65736 INFO tempest.lib.common.rest_client [req-189134d7-b6fe-4f9a-bdf7-3e963e5ca260 req-189134d7-b6fe-4f9a-bdf7-3e963e5ca260 ] Request (SecurityGroupsTestJSON:test_list_security_groups_by_server): 202 POST http://10.180.1.21/compute/v2.1/servers/74546572-ab24-4e23-8931-64ef434adcd6/action 6.746s
2025-11-14 06:41:35.432 65722 INFO tempest.lib.common.rest_client [req-9ef6151c-8043-43e5-b2f7-17ca74e25a9d req-9ef6151c-8043-43e5-b2f7-17ca74e25a9d ] Request (ServerExternalEventsTest:test_create_server_external_events): 200 GET http://10.180.1.21/compute/v2.1/servers/2ff188e4-905e-49fa-868c-511773745b29 6.788s
2025-11-14 06:41:35.450 65722 INFO tempest.common.waiters [-] State transition "BUILD/None" ==> "BUILD/spawning" after 8 second wait
2025-11-14 06:41:35.732 65716 INFO tempest.lib.common.rest_client [req-adc82bb1-5fd7-4be1-847f-8b306b6fce25 req-adc82bb1-5fd7-4be1-847f-8b306b6fce25 ] Request (QuotasAdminTestJSON:test_update_all_quota_resources_for_tenant): 200 PUT http://10.180.1.21/compute/v2.1/os-quota-sets/9fa553aadc1d45b29bdc3d23e38fe6d3 6.957s
2025-11-14 06:41:35.847 65730 INFO tempest.lib.common.rest_client [req-8a89216c-e7db-49fd-b30c-e3c9bbecc6fb req-8a89216c-e7db-49fd-b30c-e3c9bbecc6fb ] Request (ServersAdmin275Test:_run_cleanups): 200 GET http://10.180.1.21/compute/v2.1/servers/ddc37b4d-99be-4b27-a0cd-0d8de1e7128c 6.772s
2025-11-14 06:41:35.858 65730 INFO tempest.common.waiters [-] State transition "REBUILD/rebuild_spawning" ==> "ACTIVE/None" after 11 second wait
2025-11-14 06:41:35.891 65724 INFO tempest.lib.common.rest_client [req-9735ce39-fdc2-4c94-9909-bd25ce0824ec req-9735ce39-fdc2-4c94-9909-bd25ce0824ec ] Request (ServerRescueTestJSON:test_rescue_unrescue_instance): 200 GET http://10.180.1.21/compute/v2.1/servers/b6f5abef-4aa1-4837-92c4-622332997dcc 6.391s
2025-11-14 06:41:35.946 65720 INFO tempest.lib.common.rest_client [req-df22fa04-3470-453c-8a9d-240d10add7b8 req-df22fa04-3470-453c-8a9d-240d10add7b8 ] Request (VolumesAdminNegativeTest:tearDownClass): 200 GET http://10.180.1.21/compute/v2.1/servers/cba59b51-a625-4101-9245-3f350524b7ce 5.500s
2025-11-14 06:41:35.958 65720 INFO tempest.common.waiters [-] State transition "ACTIVE/deleting" ==> "DELETED/None" after 6 second wait
2025-11-14 06:41:35.989 65682 INFO tempest.lib.common.rest_client [req-a1e98a7d-2115-4378-8cf1-51b3e991849e req-a1e98a7d-2115-4378-8cf1-51b3e991849e ] Request (ServersListShow296Test:test_list_show_update_rebuild_server_296): 200 GET http://10.180.1.21/compute/v2.1/servers/8a31980c-d0a8-46d9-a341-54cf9384d233 5.098s
2025-11-14 06:41:36.002 65682 INFO tempest.common.waiters [-] State transition "BUILD/networking" ==> "BUILD/spawning" after 11 second wait
2025-11-14 06:41:36.044 65706 INFO tempest.lib.common.rest_client [req-97b2cba4-f3a3-443b-8cef-38141e72ff28 req-97b2cba4-f3a3-443b-8cef-38141e72ff28 ] Request (ListImageFiltersTestJSON:setUpClass): 200 GET http://10.180.1.21/compute/v2.1/servers/10e76bb0-a959-4dd1-bf0d-1744809dacb6 5.148s
2025-11-14 06:41:36.098 65741 INFO tempest.lib.common.rest_client [req-c308366f-6c0a-4929-a86d-79ec68a8805c req-c308366f-6c0a-4929-a86d-79ec68a8805c ] Request (ImagesTestJSON:test_create_image_from_stopped_server): 200 GET http://10.180.1.21/compute/v2.1/images/2ebd7ff1-271c-4836-819c-47795082d0bd 4.737s
2025-11-14 06:41:36.199 65728 INFO tempest.lib.common.rest_client [req-e4a8584c-77d8-492d-92ad-e74c579380b7 req-e4a8584c-77d8-492d-92ad-e74c579380b7 ] Request (ServersWithSpecificFlavorTestJSON:test_verify_created_server_ephemeral_disk): 200 GET http://10.180.1.21/compute/v2.1/servers/6659cb2b-9b4c-4e1f-b8f0-11d6e87fd4d6 4.941s
2025-11-14 06:41:36.207 65728 INFO tempest.common.waiters [-] State transition "BUILD/spawning" ==> "ACTIVE/None" after 18 second wait
2025-11-14 06:41:36.256 65738 INFO tempest.lib.common.rest_client [req-5b4b9441-7536-4bf2-b747-129a81b2127d req-5b4b9441-7536-4bf2-b747-129a81b2127d ] Request (AttachInterfacesUnderV243Test:test_add_remove_fixed_ip): 200 GET http://10.180.1.21/compute/v2.1/servers/e80a9065-bb5d-4e26-8378-c8a01ed44fdc/os-interface 4.732s
2025-11-14 06:41:36.327 65696 INFO tempest.lib.common.rest_client [req-81b466f5-e7db-4e33-a927-56d0a20ccda0 req-81b466f5-e7db-4e33-a927-56d0a20ccda0 ] Request (FlavorsAccessNegativeTestJSON:test_flavor_non_admin_remove): 200 POST http://10.180.1.21/compute/v2.1/flavors/1863235415/action 4.754s
2025-11-14 06:41:36.447 65702 INFO tempest.lib.common.rest_client [req-14ce5085-9d38-497c-9ce3-c3cb68290180 req-14ce5085-9d38-497c-9ce3-c3cb68290180 ] Request (QuotasAdminNegativeTest:test_create_server_when_memory_quota_is_full): 200 PUT http://10.180.1.21/compute/v2.1/os-quota-sets/b4bd2e4adf784e1b99cfdb51904170a0 4.663s
2025-11-14 06:41:36.473 65698 INFO tempest.lib.common.rest_client [req-db7e1583-db4c-4bf6-a3bc-6063a621d7f5 req-db7e1583-db4c-4bf6-a3bc-6063a621d7f5 ] Request (FlavorsAdminTestJSON:_run_cleanups): 200 GET http://10.180.1.21/compute/v2.1/flavors/detail 4.668s
2025-11-14 06:41:36.526 65702 INFO tempest.lib.common.rest_client [req-588c5b2a-0bb7-47d0-99de-d772c7ceb60b req-588c5b2a-0bb7-47d0-99de-d772c7ceb60b ] Request (QuotasAdminNegativeTest:test_create_server_when_memory_quota_is_full): 201 POST http://10.180.1.21/identity/v3/auth/tokens 0.074s
2025-11-14 06:41:36.526 65702 INFO tempest.lib.common.fixed_network [-] (QuotasAdminNegativeTest:test_create_server_when_memory_quota_is_full) Found network None available for tenant
2025-11-14 06:41:36.856 65738 INFO tempest.lib.common.rest_client [req-69083c3e-4e9c-4e0a-a021-03fd5b19884c req-69083c3e-4e9c-4e0a-a021-03fd5b19884c ] Request (AttachInterfacesUnderV243Test:test_add_remove_fixed_ip): 200 PUT http://10.180.1.21/networking/v2.0/floatingips/68e8c13f-1e60-4573-98ed-1d9e93acf25a 0.598s
2025-11-14 06:41:36.930 65694 INFO tempest.lib.common.rest_client [req-cc80855d-7584-4e0b-811a-537e87747648 req-cc80855d-7584-4e0b-811a-537e87747648 ] Request (ServerDiskConfigTestJSON:test_rebuild_server_with_auto_disk_config): 200 GET http://10.180.1.21/compute/v2.1/servers/0876cf8c-9144-4df6-bc97-d89466f35832 5.341s
2025-11-14 06:41:36.953 65684 INFO tempest.lib.common.rest_client [req-287dd823-ed25-4ced-8ec6-9616cca0b740 req-287dd823-ed25-4ced-8ec6-9616cca0b740 ] Request (FlavorsV2TestJSON:test_list_flavors_limit_results): 200 GET http://10.180.1.21/compute/v2.1/flavors?limit=1 4.970s
2025-11-14 06:41:36.972 65688 INFO tempest.lib.common.rest_client [req-8ce6fa8f-185d-4e92-a605-724a19a7a31a req-8ce6fa8f-185d-4e92-a605-724a19a7a31a ] Request (HostsAdminNegativeTestJSON:test_reboot_nonexistent_host): 404 GET http://10.180.1.21/compute/v2.1/os-hosts/nonexistent_hostname/reboot 4.985s
2025-11-14 06:41:36.990 65692 INFO tempest.lib.common.rest_client [req-6afceb33-d9d0-4593-a706-aed961954c11 req-6afceb33-d9d0-4593-a706-aed961954c11 ] Request (FlavorsExtraSpecsTestJSON:test_flavor_non_admin_get_specific_key): 200 GET http://10.180.1.21/compute/v2.1/flavors/478546703/os-extra_specs/hw:numa_nodes 4.957s
2025-11-14 06:41:36.998 65726 INFO tempest.lib.common.rest_client [req-4bdc6482-b1b6-4444-a654-abe579e492f8 req-4bdc6482-b1b6-4444-a654-abe579e492f8 ] Request (AttachInterfacesV270Test:tearDownClass): 200 GET http://10.180.1.21/compute/v2.1/servers/49220497-578e-4fdf-ab34-d0c97034a60b 5.189s
2025-11-14 06:41:37.012 65726 INFO tempest.common.waiters [-] State transition "ACTIVE/deleting" ==> "DELETED/None" after 7 second wait
2025-11-14 06:41:37.032 65704 INFO tempest.lib.common.rest_client [req-1511d861-68a0-49ea-9604-e28151296d98 req-1511d861-68a0-49ea-9604-e28151296d98 ] Request (AggregatesAdminNegativeTestJSON:test_aggregate_create_with_existent_aggregate_name): 200 POST http://10.180.1.21/compute/v2.1/os-aggregates 4.993s
2025-11-14 06:41:37.306 65708 INFO tempest.lib.common.rest_client [req-61ba79e7-26d4-4a07-ba98-5936dfce2201 req-61ba79e7-26d4-4a07-ba98-5936dfce2201 ] Request (ServerDiagnosticsNegativeTest:tearDownClass): 200 GET http://10.180.1.21/compute/v2.1/servers/1303c745-ec8a-4052-b225-177b21790a04 4.814s
2025-11-14 06:41:37.648 65690 INFO tempest.lib.common.rest_client [req-6053e904-4827-4962-bde4-9a361976572c req-6053e904-4827-4962-bde4-9a361976572c ] Request (MigrationsAdminTest:test_list_migrations_in_flavor_resize_situation): 200 GET http://10.180.1.21/compute/v2.1/servers/a1c1a0ac-e816-4809-b172-ce3ee07adc48 4.685s
2025-11-14 06:41:37.658 65690 INFO tempest.common.waiters [-] State transition "RESIZE/resize_migrating" ==> "RESIZE/resize_migrated" after 17 second wait
2025-11-14 06:41:37.988 65710 INFO tempest.lib.common.rest_client [req-218b11e7-6efb-4e3f-b2fd-4d4fc0e21a03 req-218b11e7-6efb-4e3f-b2fd-4d4fc0e21a03 ] Request (ServerMetadataNegativeTestJSON:setUpClass): 200 GET http://10.180.1.21/compute/v2.1/servers/eb0c6c74-1c10-486a-8f90-8cf5387ba9ec 4.602s
2025-11-14 06:41:37.997 65710 INFO tempest.common.waiters [-] State transition "BUILD/spawning" ==> "ACTIVE/None" after 17 second wait
2025-11-14 06:41:38.027 65743 INFO tempest.lib.common.rest_client [req-ac9753f8-7edb-4baa-85e8-16d4d170bae4 req-ac9753f8-7edb-4baa-85e8-16d4d170bae4 ] Request (InstanceActionsV221TestJSON:test_get_list_deleted_instance_actions): 202 POST http://10.180.1.21/compute/v2.1/servers 5.664s
2025-11-14 06:41:38.089 65680 INFO tempest.lib.common.rest_client [req-48495c7b-c715-4f9f-97db-c2aa70cc1e3f req-48495c7b-c715-4f9f-97db-c2aa70cc1e3f ] Request (ServicesAdminNegativeTestJSON:test_get_service_by_invalid_params): 200 GET http://10.180.1.21/compute/v2.1/os-services 4.650s
2025-11-14 06:41:38.097 65710 INFO tempest.lib.common.rest_client [req-d836cfcc-3824-4511-ab25-59b94607b9d9 req-d836cfcc-3824-4511-ab25-59b94607b9d9 ] Request (ServerMetadataNegativeTestJSON:test_create_server_metadata_blank_key): 201 POST http://10.180.1.21/identity/v3/auth/tokens 0.095s
2025-11-14 06:41:38.098 65710 INFO tempest.lib.common.fixed_network [-] (ServerMetadataNegativeTestJSON:test_create_server_metadata_blank_key) Found network {'id': '130b868c-baf0-41ac-946f-b1458ea5acd0', 'name': 'tempest-ServerMetadataNegativeTestJSON-1011052331-network', 'tenant_id': '09a9ebe604f54b969d2773059b34e674', 'project_id': '09a9ebe604f54b969d2773059b34e674', 'admin_state_up': True, 'mtu': 8950, 'status': 'ACTIVE', 'subnets': [], 'shared': False, 'port_security_enabled': True, 'router:external': False, 'provider:network_type': 'vlan', 'provider:physical_network': 'default', 'provider:segmentation_id': 298, 'availability_zone_hints': [], 'availability_zones': [], 'ipv4_address_scope': None, 'ipv6_address_scope': None, 'description': '', 'tags': [], 'created_at': '2025-11-14T06:41:09Z', 'updated_at': '2025-11-14T06:41:09Z', 'revision_number': 1} available for tenant
2025-11-14 06:41:38.100 65714 WARNING tempest.lib.common.ssh [-] Failed to establish authenticated ssh connection to cirros@10.180.180.228 ([Errno None] Unable to connect to port 22 on 10.180.180.228). Number attempts: 3. Retry after 4 seconds.: paramiko.ssh_exception.NoValidConnectionsError: [Errno None] Unable to connect to port 22 on 10.180.180.228
2025-11-14 06:41:38.136 65712 INFO tempest.lib.common.rest_client [req-22a0c76d-92c8-4a8b-8bdd-2d259400acd0 req-22a0c76d-92c8-4a8b-8bdd-2d259400acd0 ] Request (InstanceActionsNegativeTestJSON:test_get_instance_action_invalid_request): 404 GET http://10.180.1.21/compute/v2.1/servers/209f4dc3-f49d-4317-ba3e-4675a57646f2/os-instance-actions/999 4.577s
2025-11-14 06:41:38.271 65732 INFO tempest.lib.common.rest_client [req-03c09a5a-0f90-40ed-8b8f-6c0db47a5861 req-03c09a5a-0f90-40ed-8b8f-6c0db47a5861 ] Request (SecurityGroupRulesNegativeTestJSON:test_delete_security_group_rule_with_non_existent_id): 404 DELETE http://10.180.1.21/compute/v2.1/os-security-group-rules/3762e8d2-0dff-4a6a-933c-2e0523e6e5e3 3.639s
2025-11-14 06:41:38.902 65686 INFO tempest.lib.common.rest_client [req-213f127b-4f9e-45d2-9090-50d8631ca4fe req-213f127b-4f9e-45d2-9090-50d8631ca4fe ] Request (FloatingIPsAssociationNegativeTestJSON:_run_cleanups): 202 DELETE http://10.180.1.21/compute/v2.1/os-floating-ips/96507e1c-d088-4794-a83e-bed38f0107be 5.513s
2025-11-14 06:41:39.241 65736 INFO tempest.lib.common.rest_client [req-eb5af1c9-195c-453e-9edc-b6a1f0cbc0a6 req-eb5af1c9-195c-453e-9edc-b6a1f0cbc0a6 ] Request (SecurityGroupsTestJSON:test_list_security_groups_by_server): 200 GET http://10.180.1.21/compute/v2.1/servers/74546572-ab24-4e23-8931-64ef434adcd6/os-security-groups 3.938s
2025-11-14 06:41:39.351 65734 INFO tempest.lib.common.rest_client [req-68fc50b9-27ab-4de2-bac3-681da8cd7d92 req-68fc50b9-27ab-4de2-bac3-681da8cd7d92 ] Request (ImagesOneServerNegativeTestJSON:setUpClass): 202 POST http://10.180.1.21/compute/v2.1/servers 4.548s
2025-11-14 06:41:39.437 65716 INFO tempest.lib.common.rest_client [req-198eb265-f28a-4e8f-a8d1-cd4ceae563e7 req-198eb265-f28a-4e8f-a8d1-cd4ceae563e7 ] Request (QuotasAdminTestJSON:_run_cleanups): 200 PUT http://10.180.1.21/compute/v2.1/os-quota-sets/9fa553aadc1d45b29bdc3d23e38fe6d3 3.700s
2025-11-14 06:41:39.444 65730 INFO tempest.lib.common.rest_client [req-f41f4ceb-2236-4e39-88e7-3fcf55685ac4 req-f41f4ceb-2236-4e39-88e7-3fcf55685ac4 ] Request (ServersAdmin275Test:tearDownClass): 204 DELETE http://10.180.1.21/compute/v2.1/servers/ddc37b4d-99be-4b27-a0cd-0d8de1e7128c 3.584s
2025-11-14 06:41:39.451 65696 INFO tempest.lib.common.rest_client [req-afc0ba01-f1d6-4abf-9983-2fc71f31e917 req-afc0ba01-f1d6-4abf-9983-2fc71f31e917 ] Request (FlavorsAccessNegativeTestJSON:test_flavor_non_admin_remove): 403 POST http://10.180.1.21/compute/v2.1/flavors/1863235415/action 3.122s
2025-11-14 06:41:39.586 65718 INFO tempest.lib.common.rest_client [req-e58c37c7-59b5-4195-b8f8-1c451ed9ad62 req-e58c37c7-59b5-4195-b8f8-1c451ed9ad62 ] Request (QuotasAdminTestV257:test_get_updated_quotas): 200 GET http://10.180.1.21/identity/v3/domains?name=Default 0.078s
2025-11-14 06:41:39.631 65716 INFO tempest.lib.common.rest_client [req-eca7b160-2573-4788-af60-8d8adbb3b484 req-eca7b160-2573-4788-af60-8d8adbb3b484 ] Request (QuotasAdminTestJSON:tearDownClass): 204 DELETE http://10.180.1.21/identity/v3/users/70801d7e53744a7b98f140c4bb4f3e20 0.186s
2025-11-14 06:41:39.632 65728 INFO tempest.lib.common.rest_client [req-8dfbe4e3-ba22-45be-a5dd-6d631445ffde req-8dfbe4e3-ba22-45be-a5dd-6d631445ffde ] Request (ServersWithSpecificFlavorTestJSON:test_verify_created_server_ephemeral_disk): 200 GET http://10.180.1.21/compute/v2.1/servers/6659cb2b-9b4c-4e1f-b8f0-11d6e87fd4d6/os-interface 3.424s
2025-11-14 06:41:39.656 65698 INFO tempest.lib.common.rest_client [req-3d3563f8-ab6e-45d6-a10c-3e12358f5858 req-3d3563f8-ab6e-45d6-a10c-3e12358f5858 ] Request (FlavorsAdminTestJSON:test_create_list_flavor_without_extra_data): 200 POST http://10.180.1.21/compute/v2.1/flavors 3.177s
2025-11-14 06:41:39.676 65718 INFO tempest.lib.common.rest_client [req-5680fe60-9cf0-46d1-8cc1-f3c49581e464 req-5680fe60-9cf0-46d1-8cc1-f3c49581e464 ] Request (QuotasAdminTestV257:test_get_updated_quotas): 201 POST http://10.180.1.21/identity/v3/projects 0.089s
2025-11-14 06:41:39.688 65722 INFO tempest.lib.common.rest_client [req-4595b928-eafe-430b-9b4b-5ab2fa195bb9 req-4595b928-eafe-430b-9b4b-5ab2fa195bb9 ] Request (ServerExternalEventsTest:test_create_server_external_events): 200 GET http://10.180.1.21/compute/v2.1/servers/2ff188e4-905e-49fa-868c-511773745b29 3.236s
2025-11-14 06:41:39.761 65718 INFO tempest.lib.common.rest_client [req-6b52e1c1-5360-4515-98f5-b998471e5bb9 req-6b52e1c1-5360-4515-98f5-b998471e5bb9 ] Request (QuotasAdminTestV257:test_get_updated_quotas): 200 GET http://10.180.1.21/identity/v3/domains?name=Default 0.084s
2025-11-14 06:41:39.839 65716 INFO tempest.lib.common.rest_client [req-6d8c1efc-5816-4ef0-a9d2-c04ae6c7755e req-6d8c1efc-5816-4ef0-a9d2-c04ae6c7755e ] Request (QuotasAdminTestJSON:tearDownClass): 204 DELETE http://10.180.1.21/identity/v3/users/9d2d289dd5464800999862ea92918469 0.207s
2025-11-14 06:41:39.839 65716 INFO tempest.lib.common.dynamic_creds [-] Deleting project and security group for project: ac7dc2628476438b99d26e238cfd3c4c
