2025-11-14 06:43:05.032 65702 INFO tempest.lib.common.rest_client [req-73552058-5acb-47c3-bcd7-c5affe92ee7c req-73552058-5acb-47c3-bcd7-c5affe92ee7c ] Request (ComputeTenantNetworksTest:tearDownClass): 200 GET http://10.180.1.21/networking/v2.0/security-groups?tenant_id=7992a4d08bd440278117eaa8da5eca89&name=default 0.069s
2025-11-14 06:43:05.060 65704 INFO tempest.lib.common.rest_client [req-407ffba1-0b2f-4fe3-bb99-c88c66dd2432 req-407ffba1-0b2f-4fe3-bb99-c88c66dd2432 ] Request (ServersAdminTestJSON:setUpClass): 202 POST http://10.180.1.21/compute/v2.1/servers 5.917s
2025-11-14 06:43:05.202 65702 INFO tempest.lib.common.rest_client [req-0794747a-a6f3-4d2b-a001-da9644b3fe69 req-0794747a-a6f3-4d2b-a001-da9644b3fe69 ] Request (ComputeTenantNetworksTest:tearDownClass): 204 DELETE http://10.180.1.21/networking/v2.0/security-groups/f862b274-3110-467e-acf0-0f537d160117 0.169s
2025-11-14 06:43:05.236 65688 INFO tempest.lib.common.rest_client [req-f068fd07-d2b5-4956-a895-e1526a3d8d72 req-f068fd07-d2b5-4956-a895-e1526a3d8d72 ] Request (SecurityGroupRulesTestJSON:test_security_group_rules_delete_when_peer_group_deleted): 200 GET http://10.180.1.21/compute/v2.1/os-security-groups/af511c45-2f07-49fa-8198-b582aa5b0282 5.157s
2025-11-14 06:43:05.365 65702 INFO tempest.lib.common.rest_client [req-ed82fed3-55c5-4d1a-8fce-7a28678e7f86 req-ed82fed3-55c5-4d1a-8fce-7a28678e7f86 ] Request (ComputeTenantNetworksTest:tearDownClass): 204 DELETE http://10.180.1.21/identity/v3/projects/7992a4d08bd440278117eaa8da5eca89 0.163s
2025-11-14 06:43:05.383 65720 INFO tempest.lib.common.rest_client [req-aa319aae-77f5-4fc0-b9ea-d1caaf4aa718 req-aa319aae-77f5-4fc0-b9ea-d1caaf4aa718 ] Request (ServerAddressesNegativeTestJSON:tearDownClass): 200 GET http://10.180.1.21/compute/v2.1/servers/b1ac1c57-9c6a-4e6d-86bb-6ae48f79312c 5.132s
2025-11-14 06:43:05.402 65708 INFO tempest.lib.common.rest_client [req-09107409-b8f2-4c59-b8d4-218e7507ff3e req-09107409-b8f2-4c59-b8d4-218e7507ff3e ] Request (ServerActionsV293TestJSON:setUpClass): 200 GET http://10.180.1.21/compute/v2.1/servers/d717f74b-2b0b-491c-b7ac-a41470ff4584 5.250s
2025-11-14 06:43:05.412 65708 INFO tempest.common.waiters [-] State transition "BUILD/networking" ==> "BUILD/spawning" after 28 second wait
2025-11-14 06:43:05.431 65698 INFO tempest.lib.common.rest_client [req-50a43869-bdfa-489d-af94-1baf846d39f3 req-50a43869-bdfa-489d-af94-1baf846d39f3 ] Request (FlavorsAdminTestJSON:test_list_non_public_flavor): 200 GET http://10.180.1.21/compute/v2.1/flavors/detail 5.127s
2025-11-14 06:43:05.705 65706 INFO tempest.lib.common.rest_client [req-4bd6c848-c837-4220-a971-4cf4b01d760e req-4bd6c848-c837-4220-a971-4cf4b01d760e ] Request (ListImageFiltersTestJSON:setUpClass): 200 GET http://10.180.1.21/compute/v2.1/servers/10e76bb0-a959-4dd1-bf0d-1744809dacb6 5.430s
2025-11-14 06:43:05.882 65734 INFO tempest.lib.common.rest_client [req-8c849fa3-ea5a-4360-a3a9-2f947f377f51 req-8c849fa3-ea5a-4360-a3a9-2f947f377f51 ] Request (ImagesOneServerNegativeTestJSON:tearDown): 200 GET http://10.180.1.21/compute/v2.1/servers/db804e40-6f89-4143-b333-80516a35fc60 4.646s
2025-11-14 06:43:05.889 65734 INFO tempest.common.waiters [-] State transition "ACTIVE/image_uploading" ==> "ACTIVE/None" after 5 second wait
2025-11-14 06:43:05.939 65692 INFO tempest.lib.common.rest_client [req-de1514f2-81e1-476f-8a6a-9615f485fd27 req-de1514f2-81e1-476f-8a6a-9615f485fd27 ] Request (TenantUsagesTestJSON:tearDownClass): 200 GET http://10.180.1.21/compute/v2.1/servers/8b42ccc8-43f5-4dd5-a629-2c56dae07dbf 4.293s
2025-11-14 06:43:05.947 65692 INFO tempest.common.waiters [-] State transition "ACTIVE/deleting" ==> "DELETED/None" after 5 second wait
2025-11-14 06:43:06.000 65714 INFO tempest.lib.common.rest_client [req-be3d2832-7558-423b-8a3d-e31a56b2aec4 req-be3d2832-7558-423b-8a3d-e31a56b2aec4 ] Request (VolumesAssistedSnapshotsTest:test_volume_assisted_snapshot_create_delete): 200 GET http://10.180.1.21/volume/v3/volumes/f26ee030-0a0a-43db-9f1a-a16d8c1ee5d3 0.034s
2025-11-14 06:43:06.003 65716 INFO tempest.lib.common.rest_client [req-bea64ac2-0cb3-4567-a2cc-15e183388de1 req-bea64ac2-0cb3-4567-a2cc-15e183388de1 ] Request (KeyPairsV22TestJSON:test_keypairs_create_list_delete): 201 POST http://10.180.1.21/compute/v2.1/os-keypairs 3.972s
2025-11-14 06:43:06.029 65728 INFO tempest.lib.common.rest_client [req-179bb56e-4278-48ab-a9d3-0f85ce90955e req-179bb56e-4278-48ab-a9d3-0f85ce90955e ] Request (ServersWithSpecificFlavorTestJSON:test_verify_created_server_ephemeral_disk): 200 GET http://10.180.1.21/compute/v2.1/servers/6ca0be77-dfea-4455-add3-d4b065be0114/os-interface 4.195s
2025-11-14 06:43:06.369 65732 WARNING tempest.lib.common.ssh [-] Failed to establish authenticated ssh connection to cirros@10.180.180.150 ([Errno None] Unable to connect to port 22 on 10.180.180.150). Number attempts: 4. Retry after 5 seconds.: paramiko.ssh_exception.NoValidConnectionsError: [Errno None] Unable to connect to port 22 on 10.180.180.150
2025-11-14 06:43:06.641 65728 INFO tempest.lib.common.rest_client [req-4a380e49-cd69-4a50-af31-c03fca49c43b req-4a380e49-cd69-4a50-af31-c03fca49c43b ] Request (ServersWithSpecificFlavorTestJSON:test_verify_created_server_ephemeral_disk): 200 PUT http://10.180.1.21/networking/v2.0/floatingips/af047957-c825-4668-8768-ddcdbdcf729e 0.610s
2025-11-14 06:43:06.731 65726 INFO tempest.lib.common.rest_client [req-b647e074-b6ec-42b3-8d23-32bf7a0c6c51 req-b647e074-b6ec-42b3-8d23-32bf7a0c6c51 ] Request (ServersListShow298Test:tearDownClass): 200 GET http://10.180.1.21/compute/v2.1/servers/4ca78db9-31c3-4408-925a-931730c2c7a2 4.146s
2025-11-14 06:43:06.948 65684 WARNING tempest.lib.common.ssh [-] Failed to establish authenticated ssh connection to cirros@10.180.180.136 ([Errno None] Unable to connect to port 22 on 10.180.180.136). Number attempts: 2. Retry after 3 seconds.: paramiko.ssh_exception.NoValidConnectionsError: [Errno None] Unable to connect to port 22 on 10.180.180.136
2025-11-14 06:43:07.065 65714 INFO tempest.lib.common.rest_client [req-5d4450b9-b241-4255-aa23-8042f73a12e8 req-5d4450b9-b241-4255-aa23-8042f73a12e8 ] Request (VolumesAssistedSnapshotsTest:test_volume_assisted_snapshot_create_delete): 200 GET http://10.180.1.21/volume/v3/volumes/f26ee030-0a0a-43db-9f1a-a16d8c1ee5d3 0.057s
2025-11-14 06:43:07.136 65718 INFO tempest.lib.common.rest_client [req-f062dc61-7290-4127-b017-21954ea9cb21 req-f062dc61-7290-4127-b017-21954ea9cb21 ] Request (ServersTestManualDisk:setUpClass): 200 GET http://10.180.1.21/compute/v2.1/servers/960c1cca-b92a-4f9b-ae23-61d9767f71b3/os-interface 4.393s
2025-11-14 06:43:07.185 65741 INFO tempest.lib.common.rest_client [req-53277aa1-e008-4472-95db-4626c0cdf4b5 req-53277aa1-e008-4472-95db-4626c0cdf4b5 ] Request (ImagesTestJSON:test_create_image_from_suspended_server): 200 GET http://10.180.1.21/compute/v2.1/images/7e3fded6-c313-4736-a22c-4a6f2116d091 4.314s
2025-11-14 06:43:07.518 65694 INFO tempest.lib.common.rest_client [req-555cec5a-9043-4fb3-8944-6b9be63e0474 req-555cec5a-9043-4fb3-8944-6b9be63e0474 ] Request (ServerDiskConfigTestJSON:test_rebuild_server_with_manual_disk_config): 200 GET http://10.180.1.21/compute/v2.1/servers/aea4f8e0-01d7-4400-9741-aedcc7a99aff 4.613s
2025-11-14 06:43:07.525 65694 INFO tempest.common.waiters [-] State transition "BUILD/networking" ==> "BUILD/spawning" after 30 second wait
2025-11-14 06:43:07.548 65696 INFO tempest.lib.common.rest_client [req-24c74f45-dc88-4c9b-99d8-bf832eb7be17 req-24c74f45-dc88-4c9b-99d8-bf832eb7be17 ] Request (ServerRescueTestJSONUnderV235:test_rescued_vm_associate_dissociate_floating_ip): 200 POST http://10.180.1.21/compute/v2.1/os-floating-ips 4.852s
2025-11-14 06:43:07.605 65686 INFO tempest.lib.common.rest_client [req-60d6cf96-1c78-4f2f-a2a3-be3b46baac14 req-60d6cf96-1c78-4f2f-a2a3-be3b46baac14 ] Request (DeleteServersTestJSON:test_delete_active_server): 200 GET http://10.180.1.21/compute/v2.1/servers/56cb3f77-e119-4c10-bf80-80579e1ad1ea 4.606s
2025-11-14 06:43:07.631 65724 INFO tempest.lib.common.rest_client [req-5778a924-d3a1-48c9-bbd8-1849187b2b8f req-5778a924-d3a1-48c9-bbd8-1849187b2b8f ] Request (ServerRescueTestJSON:tearDownClass): 404 GET http://10.180.1.21/compute/v2.1/servers/b6f5abef-4aa1-4837-92c4-622332997dcc 3.834s
2025-11-14 06:43:07.668 65738 INFO tempest.lib.common.rest_client [req-a0add810-f4a8-4959-8e33-60b4e1f7f9e4 req-a0add810-f4a8-4959-8e33-60b4e1f7f9e4 ] Request (AttachInterfacesUnderV243Test:_run_cleanups): 200 GET http://10.180.1.21/compute/v2.1/servers/e80a9065-bb5d-4e26-8378-c8a01ed44fdc 4.370s
2025-11-14 06:43:07.729 65704 INFO tempest.lib.common.rest_client [req-517c6790-374b-470d-8493-aff2c52e631f req-517c6790-374b-470d-8493-aff2c52e631f ] Request (ServersAdminTestJSON:setUpClass): 200 GET http://10.180.1.21/compute/v2.1/servers/0eb5814e-51dd-4d30-b1b6-e87278b37d91 2.663s
2025-11-14 06:43:07.794 65690 INFO tempest.lib.common.rest_client [req-944d281b-c5bd-4490-8f9a-0183e3ebb8b5 req-944d281b-c5bd-4490-8f9a-0183e3ebb8b5 ] Request (MigrationsAdminTest:test_resize_server_revert_deleted_flavor): 200 GET http://10.180.1.21/compute/v2.1/servers/afb34eb2-0cfd-444b-9310-c9d97f90824d 2.694s
2025-11-14 06:43:07.821 65718 INFO tempest.lib.common.rest_client [req-52c72171-2d43-4e09-9d50-611dcdf4c925 req-52c72171-2d43-4e09-9d50-611dcdf4c925 ] Request (ServersTestManualDisk:setUpClass): 200 PUT http://10.180.1.21/networking/v2.0/floatingips/42be7d02-c9fe-41c3-a0ee-1a99da7869ef 0.683s
2025-11-14 06:43:07.827 65730 INFO tempest.lib.common.rest_client [req-dbd38e8c-9de1-45e6-9302-5a86bf71c2e6 req-dbd38e8c-9de1-45e6-9302-5a86bf71c2e6 ] Request (FloatingIPsAssociationTestJSON:setUpClass): 200 GET http://10.180.1.21/compute/v2.1/servers/18b3ae84-0373-490e-858a-d68fb8869920 2.680s
2025-11-14 06:43:07.923 65710 INFO tempest.lib.common.rest_client [req-41762c16-1a69-4a26-8149-b26291047fdc req-41762c16-1a69-4a26-8149-b26291047fdc ] Request (ServerMetadataNegativeTestJSON:tearDownClass): 200 GET http://10.180.1.21/compute/v2.1/servers/eb0c6c74-1c10-486a-8f90-8cf5387ba9ec 2.625s
2025-11-14 06:43:07.982 65688 INFO tempest.lib.common.rest_client [req-b9afe15c-42b5-4e8c-a83e-f93edcfdfa9f req-b9afe15c-42b5-4e8c-a83e-f93edcfdfa9f ] Request (SecurityGroupRulesTestJSON:test_security_group_rules_list): 200 POST http://10.180.1.21/compute/v2.1/os-security-groups 2.740s
2025-11-14 06:43:07.988 65736 INFO tempest.lib.common.rest_client [req-62d48912-b70d-4704-b005-f1d6927ce939 req-62d48912-b70d-4704-b005-f1d6927ce939 ] Request (SecurityGroupsTestJSON:test_server_security_groups): 200 GET http://10.180.1.21/compute/v2.1/servers/4ced2f8b-4766-4d02-99af-afa21b26f72d 2.681s
2025-11-14 06:43:08.006 65712 WARNING tempest.lib.common.ssh [-] Failed to establish authenticated ssh connection to cirros@10.180.180.244 ([Errno None] Unable to connect to port 22 on 10.180.180.244). Number attempts: 3. Retry after 4 seconds.: paramiko.ssh_exception.NoValidConnectionsError: [Errno None] Unable to connect to port 22 on 10.180.180.244
2025-11-14 06:43:08.007 65698 INFO tempest.lib.common.rest_client [req-31625073-f19a-4a7c-a0d1-88b30251a474 req-31625073-f19a-4a7c-a0d1-88b30251a474 ] Request (FlavorsAdminTestJSON:_run_cleanups): 202 DELETE http://10.180.1.21/compute/v2.1/flavors/373058463 2.567s
2025-11-14 06:43:08.046 65722 INFO tempest.lib.common.rest_client [req-11d906c6-3e51-4f84-a1b2-b59eeb6a4e7c req-11d906c6-3e51-4f84-a1b2-b59eeb6a4e7c ] Request (ListServerFiltersTestJSON:setUpClass): 200 GET http://10.180.1.21/compute/v2.1/servers/74cae5f7-5ca5-4abb-91bf-a6f880d8be29 2.570s
2025-11-14 06:43:08.076 65743 INFO tempest.lib.common.rest_client [req-13985963-a232-4f50-b901-504f0949d18d req-13985963-a232-4f50-b901-504f0949d18d ] Request (ServerShowV247Test:test_update_rebuild_list_server): 200 GET http://10.180.1.21/compute/v2.1/servers/6654bf51-be7f-4e1f-978a-8550d152abf2 2.501s
2025-11-14 06:43:08.117 65714 INFO tempest.lib.common.rest_client [req-a1a458de-c925-46fc-b94d-ce0faa9c2229 req-a1a458de-c925-46fc-b94d-ce0faa9c2229 ] Request (VolumesAssistedSnapshotsTest:test_volume_assisted_snapshot_create_delete): 200 GET http://10.180.1.21/volume/v3/volumes/f26ee030-0a0a-43db-9f1a-a16d8c1ee5d3 0.044s
2025-11-14 06:43:08.186 65734 INFO tempest.lib.common.rest_client [req-e93bd5fc-75ad-4c89-b27f-589ea096e87a req-e93bd5fc-75ad-4c89-b27f-589ea096e87a ] Request (ImagesOneServerNegativeTestJSON:_run_cleanups): 204 DELETE http://10.180.1.21/compute/v2.1/servers/db804e40-6f89-4143-b333-80516a35fc60 2.296s
2025-11-14 06:43:08.200 65716 INFO tempest.lib.common.rest_client [req-97deeac4-542a-4695-8ba1-050ebe54ee13 req-97deeac4-542a-4695-8ba1-050ebe54ee13 ] Request (KeyPairsV22TestJSON:test_keypairs_create_list_delete): 200 GET http://10.180.1.21/compute/v2.1/os-keypairs 2.195s
2025-11-14 06:43:08.370 65700 INFO tempest.lib.common.rest_client [req-f05ab250-c354-4750-a954-2c3490d33d5b req-f05ab250-c354-4750-a954-2c3490d33d5b ] Request (ServersTestMultiNic:test_verify_duplicate_network_nics): 200 GET http://10.180.1.21/compute/v2.1/servers/dd316861-4d61-42f1-841b-c118d61e8efb 2.352s
2025-11-14 06:43:08.428 65720 INFO tempest.lib.common.rest_client [req-3894d795-61c7-4c25-bb46-76eb93393244 req-3894d795-61c7-4c25-bb46-76eb93393244 ] Request (ServerAddressesNegativeTestJSON:tearDownClass): 200 GET http://10.180.1.21/compute/v2.1/servers/b1ac1c57-9c6a-4e6d-86bb-6ae48f79312c 2.037s
2025-11-14 06:43:08.559 65708 INFO tempest.lib.common.rest_client [req-bbaadd45-b25a-467c-9c66-de62ab6c3c82 req-bbaadd45-b25a-467c-9c66-de62ab6c3c82 ] Request (ServerActionsV293TestJSON:setUpClass): 200 GET http://10.180.1.21/compute/v2.1/servers/d717f74b-2b0b-491c-b7ac-a41470ff4584 2.146s
2025-11-14 06:43:08.609 65706 INFO tempest.lib.common.rest_client [req-297f9473-ee30-4e20-aeaf-5d44b720c9e0 req-297f9473-ee30-4e20-aeaf-5d44b720c9e0 ] Request (ListImageFiltersTestJSON:setUpClass): 202 POST http://10.180.1.21/compute/v2.1/servers/ba3ae724-7a21-41d4-b73e-c5a18e041e49/action 2.896s
2025-11-14 06:43:08.679 65692 INFO tempest.lib.common.rest_client [req-fa7419e1-0cb6-43fa-94ef-fd6ef56a5bc2 req-fa7419e1-0cb6-43fa-94ef-fd6ef56a5bc2 ] Request (TenantUsagesTestJSON:tearDownClass): 200 GET http://10.180.1.21/compute/v2.1/servers/8b42ccc8-43f5-4dd5-a629-2c56dae07dbf 1.731s
2025-11-14 06:43:08.684 65728 INFO tempest.lib.common.rest_client [req-527a5e4b-c315-4311-9066-c03aa6de8ff1 req-527a5e4b-c315-4311-9066-c03aa6de8ff1 ] Request (ServersWithSpecificFlavorTestJSON:test_verify_created_server_ephemeral_disk): 200 GET http://10.180.1.21/compute/v2.1/servers/6ca0be77-dfea-4455-add3-d4b065be0114 2.042s
2025-11-14 06:43:08.694 65728 INFO tempest.lib.common.ssh [-] Creating ssh connection to '10.180.180.230:22' as 'cirros' with public key authentication
2025-11-14 06:43:08.730 65741 INFO tempest.lib.common.rest_client [req-579061c4-8ba6-4a27-9449-bc8849a27ab6 req-579061c4-8ba6-4a27-9449-bc8849a27ab6 ] Request (ImagesTestJSON:test_create_image_from_suspended_server): 200 GET http://10.180.1.21/compute/v2.1/images/7e3fded6-c313-4736-a22c-4a6f2116d091 1.540s
2025-11-14 06:43:08.759 65741 INFO tempest.lib.common.rest_client [req-89d173f9-edb4-482b-af39-53b4c204b20c req-89d173f9-edb4-482b-af39-53b4c204b20c ] Request (ImagesTestJSON:test_create_image_from_suspended_server): 200 GET http://10.180.1.21/image/v2/images/7e3fded6-c313-4736-a22c-4a6f2116d091/tasks 0.024s
2025-11-14 06:43:08.840 65724 INFO tempest.lib.common.rest_client [req-f8d8c636-a381-44e4-a9d3-75d837f5ca63 req-f8d8c636-a381-44e4-a9d3-75d837f5ca63 ] Request (ServerRescueTestJSON:tearDownClass): 204 DELETE http://10.180.1.21/compute/v2.1/servers/f7e0591c-19dd-4d05-b5df-219f971d88f9 1.208s
2025-11-14 06:43:08.930 65726 INFO tempest.lib.common.rest_client [req-d8ed573d-3c18-44d6-b479-be7480cf6753 req-d8ed573d-3c18-44d6-b479-be7480cf6753 ] Request (ServersListShow298Test:tearDownClass): 200 GET http://10.180.1.21/compute/v2.1/servers/4ca78db9-31c3-4408-925a-931730c2c7a2 1.183s
2025-11-14 06:43:09.135 65718 INFO tempest.lib.common.rest_client [req-7753ab82-b66d-41b3-89e7-0bb47b92aeae req-7753ab82-b66d-41b3-89e7-0bb47b92aeae ] Request (ServersTestManualDisk:setUpClass): 200 GET http://10.180.1.21/compute/v2.1/servers/960c1cca-b92a-4f9b-ae23-61d9767f71b3 1.313s
2025-11-14 06:43:09.152 65718 INFO tempest.lib.common.ssh [-] Creating ssh connection to '10.180.180.251:22' as 'cirros' with public key authentication
2025-11-14 06:43:09.161 65714 INFO tempest.lib.common.rest_client [req-8f005c58-2404-44d7-92f1-d8e3dae8679d req-8f005c58-2404-44d7-92f1-d8e3dae8679d ] Request (VolumesAssistedSnapshotsTest:test_volume_assisted_snapshot_create_delete): 200 GET http://10.180.1.21/volume/v3/volumes/f26ee030-0a0a-43db-9f1a-a16d8c1ee5d3 0.034s
2025-11-14 06:43:09.168 65714 INFO tempest.common.waiters [-] Attachment 64abd0d3-e2a3-4269-85a7-59e40b681a7c created for volume f26ee030-0a0a-43db-9f1a-a16d8c1ee5d3 to server 0c5820f8-065b-4b01-960d-27f24b04adf4 after waiting for 8.168211 seconds
2025-11-14 06:43:09.200 65714 INFO tempest.lib.common.rest_client [req-dcb78efb-6d15-4c09-8949-948e5d59e969 req-dcb78efb-6d15-4c09-8949-948e5d59e969 ] Request (VolumesAssistedSnapshotsTest:test_volume_assisted_snapshot_create_delete): 200 GET http://10.180.1.21/volume/v3/volumes/f26ee030-0a0a-43db-9f1a-a16d8c1ee5d3 0.032s
2025-11-14 06:43:09.214 65714 INFO tempest.common.waiters [-] volume f26ee030-0a0a-43db-9f1a-a16d8c1ee5d3 reached in-use after waiting for 0.214353 seconds
2025-11-14 06:43:09.452 65688 INFO tempest.lib.common.rest_client [req-064ca829-42eb-4e2c-8a7f-b303baf2b271 req-064ca829-42eb-4e2c-8a7f-b303baf2b271 ] Request (SecurityGroupRulesTestJSON:test_security_group_rules_list): 200 POST http://10.180.1.21/compute/v2.1/os-security-group-rules 1.466s
2025-11-14 06:43:09.488 65698 INFO tempest.lib.common.rest_client [req-99109b34-071b-425f-97b0-76f803ae37bf req-99109b34-071b-425f-97b0-76f803ae37bf ] Request (FlavorsAdminTestJSON:_run_cleanups): 200 GET http://10.180.1.21/compute/v2.1/flavors/detail 1.481s
2025-11-14 06:43:09.689 65734 INFO tempest.lib.common.rest_client [req-d2bf9702-f0dd-4607-849f-cd181616274e req-d2bf9702-f0dd-4607-849f-cd181616274e ] Request (ImagesOneServerNegativeTestJSON:_run_cleanups): 200 GET http://10.180.1.21/compute/v2.1/servers/db804e40-6f89-4143-b333-80516a35fc60 1.503s
2025-11-14 06:43:09.711 65716 INFO tempest.lib.common.rest_client [req-fb894c9b-d688-48fe-8848-5af8c3390a5c req-fb894c9b-d688-48fe-8848-5af8c3390a5c ] Request (KeyPairsV22TestJSON:_run_cleanups): 204 DELETE http://10.180.1.21/compute/v2.1/os-keypairs/tempest-KeyPairsV22TestJSON-keypair-1911670566 1.508s
2025-11-14 06:43:09.866 65694 INFO tempest.lib.common.rest_client [req-05132d2c-9310-4953-bad1-194f1479d4c3 req-05132d2c-9310-4953-bad1-194f1479d4c3 ] Request (ServerDiskConfigTestJSON:test_rebuild_server_with_manual_disk_config): 200 GET http://10.180.1.21/compute/v2.1/servers/aea4f8e0-01d7-4400-9741-aedcc7a99aff 1.339s
2025-11-14 06:43:09.909 65696 INFO tempest.lib.common.rest_client [req-9fdba09e-278e-41e9-9263-8b3ddc91416d req-9fdba09e-278e-41e9-9263-8b3ddc91416d ] Request (ServerRescueTestJSONUnderV235:test_rescued_vm_associate_dissociate_floating_ip): 202 POST http://10.180.1.21/compute/v2.1/servers/a383985a-6496-4a86-81c6-0c392c1a6ef6/action 2.358s
2025-11-14 06:43:09.970 65686 INFO tempest.lib.common.rest_client [req-1bcdb112-cfa2-4c34-940f-61f0761529ca req-1bcdb112-cfa2-4c34-940f-61f0761529ca ] Request (DeleteServersTestJSON:test_delete_active_server): 200 GET http://10.180.1.21/compute/v2.1/servers/56cb3f77-e119-4c10-bf80-80579e1ad1ea 1.356s
2025-11-14 06:43:10.070 65738 INFO tempest.lib.common.rest_client [req-86e6a1f4-21c6-49af-bb17-8a8cd6de7a8f req-86e6a1f4-21c6-49af-bb17-8a8cd6de7a8f ] Request (AttachInterfacesUnderV243Test:_run_cleanups): 200 GET http://10.180.1.21/compute/v2.1/servers/e80a9065-bb5d-4e26-8378-c8a01ed44fdc 1.395s
2025-11-14 06:43:10.148 65704 INFO tempest.lib.common.rest_client [req-b6b140aa-40e5-4332-a260-d04437faf65a req-b6b140aa-40e5-4332-a260-d04437faf65a ] Request (ServersAdminTestJSON:setUpClass): 200 GET http://10.180.1.21/compute/v2.1/servers/0eb5814e-51dd-4d30-b1b6-e87278b37d91 1.406s
2025-11-14 06:43:10.162 65706 INFO tempest.lib.common.rest_client [req-92012b04-73b5-485c-98c5-62e695a45179 req-92012b04-73b5-485c-98c5-62e695a45179 ] Request (ListImageFiltersTestJSON:setUpClass): 200 GET http://10.180.1.21/compute/v2.1/images/ad72787f-b2f0-4ca8-a2a2-9f332ee690c3 1.551s
2025-11-14 06:43:10.221 65690 INFO tempest.lib.common.rest_client [req-3fe80ceb-e9b2-40b5-87e8-df48e97b0e06 req-3fe80ceb-e9b2-40b5-87e8-df48e97b0e06 ] Request (MigrationsAdminTest:test_resize_server_revert_deleted_flavor): 200 GET http://10.180.1.21/compute/v2.1/servers/afb34eb2-0cfd-444b-9310-c9d97f90824d 1.416s
2025-11-14 06:43:10.271 65730 INFO tempest.lib.common.rest_client [req-7011b046-d33a-4a18-8226-18f10bb82ca9 req-7011b046-d33a-4a18-8226-18f10bb82ca9 ] Request (FloatingIPsAssociationTestJSON:setUpClass): 200 GET http://10.180.1.21/compute/v2.1/servers/18b3ae84-0373-490e-858a-d68fb8869920 1.436s
2025-11-14 06:43:10.272 65741 INFO tempest.lib.common.rest_client [req-034d2b16-a4ac-43c3-b236-d1de17db2971 req-034d2b16-a4ac-43c3-b236-d1de17db2971 ] Request (ImagesTestJSON:_run_cleanups): 204 DELETE http://10.180.1.21/compute/v2.1/images/7e3fded6-c313-4736-a22c-4a6f2116d091 1.513s
2025-11-14 06:43:10.335 65710 INFO tempest.lib.common.rest_client [req-d20f3d2a-2049-436a-82d2-3ffc89c4fb81 req-d20f3d2a-2049-436a-82d2-3ffc89c4fb81 ] Request (ServerMetadataNegativeTestJSON:tearDownClass): 200 GET http://10.180.1.21/compute/v2.1/servers/eb0c6c74-1c10-486a-8f90-8cf5387ba9ec 1.403s
2025-11-14 06:43:10.388 65736 INFO tempest.lib.common.rest_client [req-986d8201-2185-435c-8c3f-fa9c78130353 req-986d8201-2185-435c-8c3f-fa9c78130353 ] Request (SecurityGroupsTestJSON:test_server_security_groups): 200 GET http://10.180.1.21/compute/v2.1/servers/4ced2f8b-4766-4d02-99af-afa21b26f72d 1.392s
2025-11-14 06:43:10.401 65724 INFO tempest.lib.common.rest_client [req-c71ed236-5406-42a2-b6a4-7d6e40ca63d3 req-c71ed236-5406-42a2-b6a4-7d6e40ca63d3 ] Request (ServerRescueTestJSON:tearDownClass): 200 GET http://10.180.1.21/compute/v2.1/servers/f7e0591c-19dd-4d05-b5df-219f971d88f9 1.561s
2025-11-14 06:43:10.443 65722 INFO tempest.lib.common.rest_client [req-41f361aa-6054-41dc-b0c8-6f11ecb0a853 req-41f361aa-6054-41dc-b0c8-6f11ecb0a853 ] Request (ListServerFiltersTestJSON:setUpClass): 200 GET http://10.180.1.21/compute/v2.1/servers/74cae5f7-5ca5-4abb-91bf-a6f880d8be29 1.388s
2025-11-14 06:43:10.453 65684 WARNING tempest.lib.common.ssh [-] Failed to establish authenticated ssh connection to cirros@10.180.180.136 ([Errno None] Unable to connect to port 22 on 10.180.180.136). Number attempts: 3. Retry after 4 seconds.: paramiko.ssh_exception.NoValidConnectionsError: [Errno None] Unable to connect to port 22 on 10.180.180.136
2025-11-14 06:43:10.457 65743 INFO tempest.lib.common.rest_client [req-5aaee622-f07b-4a94-827e-318677ebe4a4 req-5aaee622-f07b-4a94-827e-318677ebe4a4 ] Request (ServerShowV247Test:test_update_rebuild_list_server): 200 GET http://10.180.1.21/compute/v2.1/servers/6654bf51-be7f-4e1f-978a-8550d152abf2 1.367s
2025-11-14 06:43:10.570 65700 INFO tempest.lib.common.rest_client [req-18a8bcb2-3dea-4322-87d5-72ee29cae0da req-18a8bcb2-3dea-4322-87d5-72ee29cae0da ] Request (ServersTestMultiNic:test_verify_duplicate_network_nics): 200 GET http://10.180.1.21/compute/v2.1/servers/dd316861-4d61-42f1-841b-c118d61e8efb 1.191s
2025-11-14 06:43:10.591 65720 INFO tempest.lib.common.rest_client [req-c7de65f4-37b1-475b-9255-127650f3f5fd req-c7de65f4-37b1-475b-9255-127650f3f5fd ] Request (ServerAddressesNegativeTestJSON:tearDownClass): 404 GET http://10.180.1.21/compute/v2.1/servers/b1ac1c57-9c6a-4e6d-86bb-6ae48f79312c 1.155s
2025-11-14 06:43:10.616 65714 INFO tempest.lib.common.rest_client [req-c444d2b8-c69f-4fc7-a215-7412527f253a req-c444d2b8-c69f-4fc7-a215-7412527f253a ] Request (VolumesAssistedSnapshotsTest:test_volume_assisted_snapshot_create_delete): 200 POST http://10.180.1.21/compute/v2.1/os-assisted-volume-snapshots 1.400s
2025-11-14 06:43:10.635 65698 INFO tempest.lib.common.rest_client [req-334885be-a7db-4dc3-aad5-3a442d969c28 req-334885be-a7db-4dc3-aad5-3a442d969c28 ] Request (FlavorsAdminTestJSON:test_list_public_flavor_with_other_user): 200 POST http://10.180.1.21/compute/v2.1/flavors 1.139s
2025-11-14 06:43:10.753 65688 INFO tempest.lib.common.rest_client [req-c2230a69-4ce3-40a2-89a3-aa6af12e3b56 req-c2230a69-4ce3-40a2-89a3-aa6af12e3b56 ] Request (SecurityGroupRulesTestJSON:test_security_group_rules_list): 200 POST http://10.180.1.21/compute/v2.1/os-security-group-rules 1.298s
2025-11-14 06:43:10.951 65692 INFO tempest.lib.common.rest_client [req-458aaa0c-3481-4791-ac63-b6faf6e7c003 req-458aaa0c-3481-4791-ac63-b6faf6e7c003 ] Request (TenantUsagesTestJSON:tearDownClass): 200 GET http://10.180.1.21/compute/v2.1/servers/8b42ccc8-43f5-4dd5-a629-2c56dae07dbf 1.261s
2025-11-14 06:43:10.977 65716 INFO tempest.lib.common.rest_client [req-c1b880a5-2e97-4000-886f-ba686cb45f21 req-c1b880a5-2e97-4000-886f-ba686cb45f21 ] Request (KeyPairsV22TestJSON:_run_cleanups): 204 DELETE http://10.180.1.21/compute/v2.1/os-keypairs/tempest-KeyPairsV22TestJSON-keypair-245367947 1.266s
2025-11-14 06:43:11.034 65708 INFO tempest.lib.common.rest_client [req-f957ffc9-4913-46c8-98ab-9d6a9e8ae8dc req-f957ffc9-4913-46c8-98ab-9d6a9e8ae8dc ] Request (ServerActionsV293TestJSON:setUpClass): 200 GET http://10.180.1.21/compute/v2.1/servers/d717f74b-2b0b-491c-b7ac-a41470ff4584 1.460s
2025-11-14 06:43:11.316 65726 INFO tempest.lib.common.rest_client [req-3432ad6e-584b-4db6-9dac-88467e46c91f req-3432ad6e-584b-4db6-9dac-88467e46c91f ] Request (ServersListShow298Test:tearDownClass): 200 GET http://10.180.1.21/compute/v2.1/servers/4ca78db9-31c3-4408-925a-931730c2c7a2 1.374s
2025-11-14 06:43:11.399 65741 INFO tempest.lib.common.rest_client [req-57e61aa4-dedb-45a5-aa59-bee1efb35bba req-57e61aa4-dedb-45a5-aa59-bee1efb35bba ] Request (ImagesTestJSON:_run_cleanups): 204 DELETE http://10.180.1.21/compute/v2.1/servers/d4b71014-b48f-4d12-9575-f95ce8d1212e 1.126s
2025-11-14 06:43:11.423 65680 INFO paramiko.transport [-] Connected (version 2.0, client dropbear_2020.81)
2025-11-14 06:43:11.426 65714 INFO tempest.lib.common.rest_client [req-95356a87-b0a5-4100-8aae-98dec83547ab req-95356a87-b0a5-4100-8aae-98dec83547ab ] Request (VolumesAssistedSnapshotsTest:test_volume_assisted_snapshot_create_delete): 204 DELETE http://10.180.1.21/compute/v2.1/os-assisted-volume-snapshots/None?delete_info=%7B%22volume_id%22%3A+%22f26ee030-0a0a-43db-9f1a-a16d8c1ee5d3%22%7D 0.810s
2025-11-14 06:43:11.460 65698 INFO tempest.lib.common.rest_client [req-baf1b2e2-6c0d-4a95-a71b-f24d2010e819 req-baf1b2e2-6c0d-4a95-a71b-f24d2010e819 ] Request (FlavorsAdminTestJSON:test_list_public_flavor_with_other_user): 200 GET http://10.180.1.21/compute/v2.1/flavors/detail 0.823s
2025-11-14 06:43:11.483 65714 INFO tempest.lib.common.rest_client [req-24211179-2d2a-4073-85d1-3777fa707208 req-24211179-2d2a-4073-85d1-3777fa707208 ] Request (VolumesAssistedSnapshotsTest:_run_cleanups): 200 GET http://10.180.1.21/volume/v3/volumes/f26ee030-0a0a-43db-9f1a-a16d8c1ee5d3 0.056s
2025-11-14 06:43:11.494 65680 INFO paramiko.transport [-] Authentication (publickey) successful!
2025-11-14 06:43:11.494 65680 INFO tempest.lib.common.ssh [-] ssh connection to cirros@10.180.180.166 successfully created
2025-11-14 06:43:11.527 65741 INFO tempest.lib.common.rest_client [req-2b71aa3e-a159-4dc5-9964-7bd877284083 req-2b71aa3e-a159-4dc5-9964-7bd877284083 ] Request (ImagesTestJSON:test_create_server_from_snapshot): 201 POST http://10.180.1.21/identity/v3/auth/tokens 0.123s
2025-11-14 06:43:11.528 65741 INFO tempest.lib.common.fixed_network [-] (ImagesTestJSON:test_create_server_from_snapshot) Found network {'id': 'b2779ffa-be30-4727-8d90-c6ad688f44f8', 'name': 'tempest-ImagesTestJSON-1064957357-network', 'tenant_id': 'dea030ef223e4b32b97bfad0bc0c5b8d', 'project_id': 'dea030ef223e4b32b97bfad0bc0c5b8d', 'admin_state_up': True, 'mtu': 8950, 'status': 'ACTIVE', 'subnets': [], 'shared': False, 'port_security_enabled': True, 'router:external': False, 'provider:network_type': 'vlan', 'provider:physical_network': 'default', 'provider:segmentation_id': 564, 'availability_zone_hints': [], 'availability_zones': [], 'ipv4_address_scope': None, 'ipv6_address_scope': None, 'description': '', 'tags': [], 'created_at': '2025-11-14T06:40:32Z', 'updated_at': '2025-11-14T06:40:32Z', 'revision_number': 1} available for tenant
2025-11-14 06:43:11.796 65728 WARNING tempest.lib.common.ssh [-] Failed to establish authenticated ssh connection to cirros@10.180.180.230 ([Errno None] Unable to connect to port 22 on 10.180.180.230). Number attempts: 1. Retry after 2 seconds.: paramiko.ssh_exception.NoValidConnectionsError: [Errno None] Unable to connect to port 22 on 10.180.180.230
2025-11-14 06:43:11.877 65732 WARNING tempest.lib.common.ssh [-] Failed to establish authenticated ssh connection to cirros@10.180.180.150 ([Errno None] Unable to connect to port 22 on 10.180.180.150). Number attempts: 5. Retry after 6 seconds.: paramiko.ssh_exception.NoValidConnectionsError: [Errno None] Unable to connect to port 22 on 10.180.180.150
2025-11-14 06:43:12.038 65720 INFO tempest.lib.common.rest_client [req-83ab4311-7e69-48c8-b949-8d5b1991c49f req-83ab4311-7e69-48c8-b949-8d5b1991c49f ] Request (ServerAddressesNegativeTestJSON:tearDownClass): 200 PUT http://10.180.1.21/networking/v2.0/routers/003aa49d-a52d-4e6a-9d49-bb6a950ad87c/remove_router_interface 1.446s
2025-11-14 06:43:12.051 65734 INFO tempest.lib.common.rest_client [req-28b29b74-887c-4495-9041-0de57c55eaf3 req-28b29b74-887c-4495-9041-0de57c55eaf3 ] Request (ImagesOneServerNegativeTestJSON:_run_cleanups): 200 GET http://10.180.1.21/compute/v2.1/servers/db804e40-6f89-4143-b333-80516a35fc60 1.352s
2025-11-14 06:43:12.194 65688 INFO tempest.lib.common.rest_client [req-f5d1a7ff-aa78-497f-bd73-65503cad59ec req-f5d1a7ff-aa78-497f-bd73-65503cad59ec ] Request (SecurityGroupRulesTestJSON:test_security_group_rules_list): 200 GET http://10.180.1.21/compute/v2.1/os-security-groups/bebe9490-4ce3-4a50-bbb9-2911c1db36a7 1.438s
2025-11-14 06:43:12.464 65720 INFO tempest.lib.common.rest_client [req-9bc43076-8d3c-4e35-9c04-f51aae1ff76c req-9bc43076-8d3c-4e35-9c04-f51aae1ff76c ] Request (ServerAddressesNegativeTestJSON:tearDownClass): 204 DELETE http://10.180.1.21/networking/v2.0/routers/003aa49d-a52d-4e6a-9d49-bb6a950ad87c 0.424s
2025-11-14 06:43:12.477 65694 INFO tempest.lib.common.rest_client [req-f63169e6-51a8-4787-90e5-5a3a9dd8bc7c req-f63169e6-51a8-4787-90e5-5a3a9dd8bc7c ] Request (ServerDiskConfigTestJSON:test_rebuild_server_with_manual_disk_config): 200 GET http://10.180.1.21/compute/v2.1/servers/aea4f8e0-01d7-4400-9741-aedcc7a99aff 1.603s
2025-11-14 06:43:12.495 65716 INFO tempest.lib.common.rest_client [req-a6825a64-207e-4375-9f77-ba3f260fb367 req-a6825a64-207e-4375-9f77-ba3f260fb367 ] Request (KeyPairsV22TestJSON:_run_cleanups): 204 DELETE http://10.180.1.21/compute/v2.1/os-keypairs/tempest-KeyPairsV22TestJSON-keypair-4895888 1.518s
2025-11-14 06:43:12.518 65712 WARNING tempest.lib.common.ssh [-] Failed to establish authenticated ssh connection to cirros@10.180.180.244 ([Errno None] Unable to connect to port 22 on 10.180.180.244). Number attempts: 4. Retry after 5 seconds.: paramiko.ssh_exception.NoValidConnectionsError: [Errno None] Unable to connect to port 22 on 10.180.180.244
2025-11-14 06:43:12.608 65720 INFO tempest.lib.common.rest_client [req-7dee1e74-7c92-461c-9091-e81ce5189657 req-7dee1e74-7c92-461c-9091-e81ce5189657 ] Request (ServerAddressesNegativeTestJSON:tearDownClass): 204 DELETE http://10.180.1.21/networking/v2.0/subnets/4207b061-ef08-438c-8f56-6c9acffdbf99 0.144s
2025-11-14 06:43:12.643 65686 INFO tempest.lib.common.rest_client [req-4398d2a2-2939-4174-8c30-ebce45a5cefe req-4398d2a2-2939-4174-8c30-ebce45a5cefe ] Request (DeleteServersTestJSON:test_delete_active_server): 200 GET http://10.180.1.21/compute/v2.1/servers/56cb3f77-e119-4c10-bf80-80579e1ad1ea 1.665s
2025-11-14 06:43:12.972 65738 INFO tempest.lib.common.rest_client [req-09529cbc-e8dd-4e9e-a416-8e1e16f2a3f6 req-09529cbc-e8dd-4e9e-a416-8e1e16f2a3f6 ] Request (AttachInterfacesUnderV243Test:_run_cleanups): 200 GET http://10.180.1.21/compute/v2.1/servers/e80a9065-bb5d-4e26-8378-c8a01ed44fdc 1.886s
2025-11-14 06:43:13.021 65720 INFO tempest.lib.common.rest_client [req-c8430530-7cf0-4499-8b9e-96719a1e1e80 req-c8430530-7cf0-4499-8b9e-96719a1e1e80 ] Request (ServerAddressesNegativeTestJSON:tearDownClass): 204 DELETE http://10.180.1.21/networking/v2.0/networks/0b150305-933c-4bbf-a258-bf3a05d76971 0.413s
2025-11-14 06:43:13.057 65704 INFO tempest.lib.common.rest_client [req-eb44ebda-84f5-48f6-9ab2-81c3974e69f4 req-eb44ebda-84f5-48f6-9ab2-81c3974e69f4 ] Request (ServersAdminTestJSON:setUpClass): 200 GET http://10.180.1.21/compute/v2.1/servers/0eb5814e-51dd-4d30-b1b6-e87278b37d91 1.899s
2025-11-14 06:43:13.106 65706 INFO tempest.lib.common.rest_client [req-b30761bb-51c5-44b7-97ed-6e86f497fad7 req-b30761bb-51c5-44b7-97ed-6e86f497fad7 ] Request (ListImageFiltersTestJSON:setUpClass): 200 GET http://10.180.1.21/compute/v2.1/images/ad72787f-b2f0-4ca8-a2a2-9f332ee690c3 1.940s
2025-11-14 06:43:13.196 65720 INFO tempest.lib.common.rest_client [req-93c4a7be-f01e-42c5-9b5a-b4719fec218e req-93c4a7be-f01e-42c5-9b5a-b4719fec218e ] Request (ServerAddressesNegativeTestJSON:tearDownClass): 204 DELETE http://10.180.1.21/identity/v3/users/6f976981c59b4966a0e7e7e885eba572 0.174s
2025-11-14 06:43:13.196 65690 INFO tempest.lib.common.rest_client [req-5b272f22-a5e0-420c-8634-8a13bcff2ea1 req-5b272f22-a5e0-420c-8634-8a13bcff2ea1 ] Request (MigrationsAdminTest:test_resize_server_revert_deleted_flavor): 200 GET http://10.180.1.21/compute/v2.1/servers/afb34eb2-0cfd-444b-9310-c9d97f90824d 1.966s
2025-11-14 06:43:13.196 65720 INFO tempest.lib.common.dynamic_creds [-] Deleting project and security group for project: 92094f03ce7849e5a6035586dabccc62
2025-11-14 06:43:13.268 65718 WARNING tempest.lib.common.ssh [-] Failed to establish authenticated ssh connection to cirros@10.180.180.251 ([Errno None] Unable to connect to port 22 on 10.180.180.251). Number attempts: 1. Retry after 2 seconds.: paramiko.ssh_exception.NoValidConnectionsError: [Errno None] Unable to connect to port 22 on 10.180.180.251
2025-11-14 06:43:13.293 65720 INFO tempest.lib.common.rest_client [req-98cb257a-c97b-4c31-b9d5-e19862297282 req-98cb257a-c97b-4c31-b9d5-e19862297282 ] Request (ServerAddressesNegativeTestJSON:tearDownClass): 200 GET http://10.180.1.21/networking/v2.0/security-groups?tenant_id=92094f03ce7849e5a6035586dabccc62&name=default 0.096s
2025-11-14 06:43:13.357 65696 INFO tempest.lib.common.rest_client [req-c5a90fd7-eb9f-4619-8363-93ef696753b8 req-c5a90fd7-eb9f-4619-8363-93ef696753b8 ] Request (ServerRescueTestJSONUnderV235:test_rescued_vm_associate_dissociate_floating_ip): 202 POST http://10.180.1.21/compute/v2.1/servers/a383985a-6496-4a86-81c6-0c392c1a6ef6/action 3.447s
2025-11-14 06:43:13.371 65730 INFO tempest.lib.common.rest_client [req-45660108-217a-43c1-8d66-da142afb6a3f req-45660108-217a-43c1-8d66-da142afb6a3f ] Request (FloatingIPsAssociationTestJSON:setUpClass): 200 GET http://10.180.1.21/compute/v2.1/servers/18b3ae84-0373-490e-858a-d68fb8869920 2.089s
2025-11-14 06:43:13.383 65710 INFO tempest.lib.common.rest_client [req-c568d0df-47b2-4b5c-b2a9-169fa3c95468 req-c568d0df-47b2-4b5c-b2a9-169fa3c95468 ] Request (ServerMetadataNegativeTestJSON:tearDownClass): 404 GET http://10.180.1.21/compute/v2.1/servers/eb0c6c74-1c10-486a-8f90-8cf5387ba9ec 2.040s
2025-11-14 06:43:13.475 65720 INFO tempest.lib.common.rest_client [req-0627fa05-7752-4bdc-aa45-a837a01581ad req-0627fa05-7752-4bdc-aa45-a837a01581ad ] Request (ServerAddressesNegativeTestJSON:tearDownClass): 204 DELETE http://10.180.1.21/networking/v2.0/security-groups/d7c8bab2-b339-4d16-b55e-addae517cd81 0.182s
2025-11-14 06:43:13.501 65736 INFO tempest.lib.common.rest_client [req-777ffe35-8a87-4f1e-9501-c866f20e1a4c req-777ffe35-8a87-4f1e-9501-c866f20e1a4c ] Request (SecurityGroupsTestJSON:test_server_security_groups): 200 GET http://10.180.1.21/compute/v2.1/servers/4ced2f8b-4766-4d02-99af-afa21b26f72d 2.106s
2025-11-14 06:43:13.552 65724 INFO tempest.lib.common.rest_client [req-22880bfd-a505-417f-a749-68bec9ae4760 req-22880bfd-a505-417f-a749-68bec9ae4760 ] Request (ServerRescueTestJSON:tearDownClass): 200 GET http://10.180.1.21/compute/v2.1/servers/f7e0591c-19dd-4d05-b5df-219f971d88f9 2.139s
2025-11-14 06:43:13.567 65724 INFO tempest.common.waiters [-] State transition "RESCUE/deleting" ==> "DELETED/None" after 3 second wait
2025-11-14 06:43:13.622 65720 INFO tempest.lib.common.rest_client [req-9a581923-98cc-40ce-b672-6b6b5d81e743 req-9a581923-98cc-40ce-b672-6b6b5d81e743 ] Request (ServerAddressesNegativeTestJSON:tearDownClass): 204 DELETE http://10.180.1.21/identity/v3/projects/92094f03ce7849e5a6035586dabccc62 0.146s
2025-11-14 06:43:13.673 65722 INFO tempest.lib.common.rest_client [req-c9bf7590-95f7-4674-afb2-a80f4a1c8051 req-c9bf7590-95f7-4674-afb2-a80f4a1c8051 ] Request (ListServerFiltersTestJSON:setUpClass): 200 GET http://10.180.1.21/compute/v2.1/servers/74cae5f7-5ca5-4abb-91bf-a6f880d8be29 2.221s
2025-11-14 06:43:13.691 65743 INFO tempest.lib.common.rest_client [req-51283e4c-471c-4fb1-b546-0c15fd70f84b req-51283e4c-471c-4fb1-b546-0c15fd70f84b ] Request (ServerShowV247Test:test_update_rebuild_list_server): 200 GET http://10.180.1.21/compute/v2.1/servers/6654bf51-be7f-4e1f-978a-8550d152abf2 2.224s
2025-11-14 06:43:13.707 65698 INFO tempest.lib.common.rest_client [req-0212a2e8-95c6-4654-997d-f3545af51810 req-0212a2e8-95c6-4654-997d-f3545af51810 ] Request (FlavorsAdminTestJSON:_run_cleanups): 202 DELETE http://10.180.1.21/compute/v2.1/flavors/911050043 2.238s
2025-11-14 06:43:13.722 65720 INFO tempest.lib.common.rest_client [req-44b4dda5-3043-49a9-9fa1-f6785e6f2c08 req-44b4dda5-3043-49a9-9fa1-f6785e6f2c08 ] Request (ServerRescueNegativeTestJSON:setUpClass): 201 POST http://10.180.1.21/identity/v3/auth/tokens 0.096s
2025-11-14 06:43:13.769 65720 INFO tempest.lib.common.rest_client [req-f18c695c-784b-4e7f-b536-3feb3f237494 req-f18c695c-784b-4e7f-b536-3feb3f237494 ] Request (ServerRescueNegativeTestJSON:setUpClass): 201 POST http://10.180.1.21/identity/v3/auth/tokens 0.044s
2025-11-14 06:43:13.804 65720 INFO tempest.lib.common.rest_client [req-40c63061-cc57-4cc5-9f3c-097d682c8b20 req-40c63061-cc57-4cc5-9f3c-097d682c8b20 ] Request (ServerRescueNegativeTestJSON:setUpClass): 200 GET http://10.180.1.21/identity/v3/domains?name=Default 0.034s
2025-11-14 06:43:13.859 65720 INFO tempest.lib.common.rest_client [req-42b9d53e-e3b2-4654-9997-60f5745016e7 req-42b9d53e-e3b2-4654-9997-60f5745016e7 ] Request (ServerRescueNegativeTestJSON:setUpClass): 201 POST http://10.180.1.21/identity/v3/projects 0.054s
2025-11-14 06:43:13.911 65714 INFO tempest.lib.common.rest_client [req-06015b59-c81a-44a7-a092-bc414a809698 req-06015b59-c81a-44a7-a092-bc414a809698 ] Request (VolumesAssistedSnapshotsTest:_run_cleanups): 202 DELETE http://10.180.1.21/compute/v2.1/servers/0c5820f8-065b-4b01-960d-27f24b04adf4/os-volume_attachments/f26ee030-0a0a-43db-9f1a-a16d8c1ee5d3 2.420s
2025-11-14 06:43:13.964 65720 INFO tempest.lib.common.rest_client [req-e3a226f0-e0a0-4e04-aeed-d14fb582ecdd req-e3a226f0-e0a0-4e04-aeed-d14fb582ecdd ] Request (ServerRescueNegativeTestJSON:setUpClass): 201 POST http://10.180.1.21/identity/v3/users 0.104s
2025-11-14 06:43:13.970 65680 INFO tempest.lib.common.rest_client [req-c6a30979-ba15-4ce1-a347-d56bc21e2704 req-c6a30979-ba15-4ce1-a347-d56bc21e2704 ] Request (ServerActionsTestOtherA:setUp): 200 GET http://10.180.1.21/compute/v2.1/servers/67f43f45-fa21-4408-96af-dcac621e0839 2.474s
2025-11-14 06:43:14.007 65720 INFO tempest.lib.common.rest_client [req-aa55b17a-5af6-4cbc-9d52-2c3e414ee71b req-aa55b17a-5af6-4cbc-9d52-2c3e414ee71b ] Request (ServerRescueNegativeTestJSON:setUpClass): 200 GET http://10.180.1.21/identity/v3/roles 0.042s
2025-11-14 06:43:14.048 65720 INFO tempest.lib.common.rest_client [req-f0ade10a-3249-4ae8-8735-de6ce6217ff1 req-f0ade10a-3249-4ae8-8735-de6ce6217ff1 ] Request (ServerRescueNegativeTestJSON:setUpClass): 204 PUT http://10.180.1.21/identity/v3/projects/8adc0546cf4f41c0bae046632fee51d7/users/a91424b7dd984200ba93ac70be0b9067/roles/76c199a3155d44ed9d27ed58630067c6 0.040s
2025-11-14 06:43:14.049 65720 INFO tempest.lib.common.dynamic_creds [-] Dynamic test user a91424b7dd984200ba93ac70be0b9067 is created with scope project and roles: ['member']
2025-11-14 06:43:14.049 65720 INFO tempest.lib.common.dynamic_creds [-] Acquired dynamic creds: credentials: Credentials: {'domain_id': 'default', 'domain_name': 'Default', 'username': 'tempest-ServerRescueNegativeTestJSON-325476461-project-member', 'project_domain_id': 'default', 'project_domain_name': 'Default', 'project_id': '8adc0546cf4f41c0bae046632fee51d7', 'project_name': 'tempest-ServerRescueNegativeTestJSON-325476461', 'tenant_id': '8adc0546cf4f41c0bae046632fee51d7', 'tenant_name': 'tempest-ServerRescueNegativeTestJSON-325476461', 'user_domain_id': 'default', 'user_domain_name': 'Default', 'user_id': 'a91424b7dd984200ba93ac70be0b9067', 'system': None}, Network: None, Subnet: None, Router: None
2025-11-14 06:43:14.077 65680 INFO tempest.lib.common.rest_client [req-0834aaa9-fbef-4873-a20f-bcea5108d0b1 req-0834aaa9-fbef-4873-a20f-bcea5108d0b1 ] Request (ServerActionsTestOtherA:test_rebuild_server_in_stop_state): 201 POST http://10.180.1.21/identity/v3/auth/tokens 0.095s
2025-11-14 06:43:14.078 65680 INFO tempest.lib.common.fixed_network [-] (ServerActionsTestOtherA:test_rebuild_server_in_stop_state) Found network {'id': '62d70e95-1ea3-4f06-a666-6c556da1b069', 'name': 'tempest-ServerActionsTestOtherA-733998603-network', 'tenant_id': '6952228722144ca0976b027da0fb8d7c', 'project_id': '6952228722144ca0976b027da0fb8d7c', 'admin_state_up': True, 'mtu': 8950, 'status': 'ACTIVE', 'subnets': [], 'shared': False, 'port_security_enabled': True, 'router:external': False, 'provider:network_type': 'vlan', 'provider:physical_network': 'default', 'provider:segmentation_id': 315, 'availability_zone_hints': [], 'availability_zones': [], 'ipv4_address_scope': None, 'ipv6_address_scope': None, 'description': '', 'tags': [], 'created_at': '2025-11-14T06:41:59Z', 'updated_at': '2025-11-14T06:41:59Z', 'revision_number': 1} available for tenant
2025-11-14 06:43:14.119 65720 INFO tempest.lib.common.rest_client [req-29bff3d3-f34d-434a-a9f8-0ddd77ec3b9b req-29bff3d3-f34d-434a-a9f8-0ddd77ec3b9b ] Request (ServerRescueNegativeTestJSON:setUpClass): 201 POST http://10.180.1.21/identity/v3/auth/tokens 0.069s
2025-11-14 06:43:14.345 65710 INFO tempest.lib.common.rest_client [req-7176afeb-af8f-4e28-85b0-84d8223d5444 req-7176afeb-af8f-4e28-85b0-84d8223d5444 ] Request (ServerMetadataNegativeTestJSON:tearDownClass): 200 PUT http://10.180.1.21/networking/v2.0/routers/cff2bf93-bf00-4399-a608-79ed6c547d25/remove_router_interface 0.961s
2025-11-14 06:43:14.381 65700 INFO tempest.lib.common.rest_client [req-d02f5c3a-7adf-4034-87da-3a342bfb7076 req-d02f5c3a-7adf-4034-87da-3a342bfb7076 ] Request (ServersTestMultiNic:test_verify_duplicate_network_nics): 200 GET http://10.180.1.21/compute/v2.1/servers/dd316861-4d61-42f1-841b-c118d61e8efb 2.802s
2025-11-14 06:43:14.650 65720 INFO tempest.lib.common.rest_client [req-2f80e6f6-8e45-4541-8011-2884a3bf876f req-2f80e6f6-8e45-4541-8011-2884a3bf876f ] Request (ServerRescueNegativeTestJSON:setUpClass): 201 POST http://10.180.1.21/networking/v2.0/networks 0.530s
2025-11-14 06:43:14.680 65692 INFO tempest.lib.common.rest_client [req-496d84be-9067-4671-a5da-569315e2a2a9 req-496d84be-9067-4671-a5da-569315e2a2a9 ] Request (TenantUsagesTestJSON:tearDownClass): 200 GET http://10.180.1.21/compute/v2.1/servers/8b42ccc8-43f5-4dd5-a629-2c56dae07dbf 2.713s
2025-11-14 06:43:14.868 65728 WARNING tempest.lib.common.ssh [-] Failed to establish authenticated ssh connection to cirros@10.180.180.230 ([Errno None] Unable to connect to port 22 on 10.180.180.230). Number attempts: 2. Retry after 3 seconds.: paramiko.ssh_exception.NoValidConnectionsError: [Errno None] Unable to connect to port 22 on 10.180.180.230
2025-11-14 06:43:14.962 65684 WARNING tempest.lib.common.ssh [-] Failed to establish authenticated ssh connection to cirros@10.180.180.136 ([Errno None] Unable to connect to port 22 on 10.180.180.136). Number attempts: 4. Retry after 5 seconds.: paramiko.ssh_exception.NoValidConnectionsError: [Errno None] Unable to connect to port 22 on 10.180.180.136
2025-11-14 06:43:15.198 65710 INFO tempest.lib.common.rest_client [req-d4dde029-926b-42c8-b322-4dc926ed6087 req-d4dde029-926b-42c8-b322-4dc926ed6087 ] Request (ServerMetadataNegativeTestJSON:tearDownClass): 204 DELETE http://10.180.1.21/networking/v2.0/routers/cff2bf93-bf00-4399-a608-79ed6c547d25 0.852s
2025-11-14 06:43:15.412 65720 INFO tempest.lib.common.rest_client [req-ad69f233-55f9-457c-9096-7ae657b0ffe6 req-ad69f233-55f9-457c-9096-7ae657b0ffe6 ] Request (ServerRescueNegativeTestJSON:setUpClass): 201 POST http://10.180.1.21/networking/v2.0/subnets 0.761s
2025-11-14 06:43:15.436 65741 INFO tempest.lib.common.rest_client [req-1c153be6-8780-4de9-91b7-0c6bdfc3d622 req-1c153be6-8780-4de9-91b7-0c6bdfc3d622 ] Request (ImagesTestJSON:test_create_server_from_snapshot): 202 POST http://10.180.1.21/compute/v2.1/servers 3.907s
2025-11-14 06:43:15.642 65710 INFO tempest.lib.common.rest_client [req-19a4936b-16eb-49cf-bdff-afafb67a6a74 req-19a4936b-16eb-49cf-bdff-afafb67a6a74 ] Request (ServerMetadataNegativeTestJSON:tearDownClass): 204 DELETE http://10.180.1.21/networking/v2.0/subnets/7797ee33-fc1b-4a85-bb63-fdfdd14815fe 0.444s
2025-11-14 06:43:15.693 65708 INFO tempest.lib.common.rest_client [req-b2f686a8-cd10-4da9-a8d2-8dd8d8581f0e req-b2f686a8-cd10-4da9-a8d2-8dd8d8581f0e ] Request (ServerActionsV293TestJSON:setUpClass): 200 GET http://10.180.1.21/compute/v2.1/servers/d717f74b-2b0b-491c-b7ac-a41470ff4584 3.639s
2025-11-14 06:43:15.708 65708 INFO tempest.common.waiters [-] State transition "BUILD/spawning" ==> "ACTIVE/None" after 38 second wait
2025-11-14 06:43:16.341 65718 WARNING tempest.lib.common.ssh [-] Failed to establish authenticated ssh connection to cirros@10.180.180.251 ([Errno None] Unable to connect to port 22 on 10.180.180.251). Number attempts: 2. Retry after 3 seconds.: paramiko.ssh_exception.NoValidConnectionsError: [Errno None] Unable to connect to port 22 on 10.180.180.251
2025-11-14 06:43:16.592 65720 INFO tempest.lib.common.rest_client [req-f2995319-c4eb-463b-a902-c81c7c029421 req-f2995319-c4eb-463b-a902-c81c7c029421 ] Request (ServerRescueNegativeTestJSON:setUpClass): 201 POST http://10.180.1.21/networking/v2.0/routers 1.180s
2025-11-14 06:43:17.024 65710 INFO tempest.lib.common.rest_client [req-ea7f6dab-3bfe-450a-a0f6-4ed4997331f0 req-ea7f6dab-3bfe-450a-a0f6-4ed4997331f0 ] Request (ServerMetadataNegativeTestJSON:tearDownClass): 204 DELETE http://10.180.1.21/networking/v2.0/networks/130b868c-baf0-41ac-946f-b1458ea5acd0 1.381s
2025-11-14 06:43:17.061 65726 INFO tempest.lib.common.rest_client [req-58b54fcd-962c-4603-a658-d8ac8fb4d2a8 req-58b54fcd-962c-4603-a658-d8ac8fb4d2a8 ] Request (ServersListShow298Test:tearDownClass): 200 GET http://10.180.1.21/compute/v2.1/servers/4ca78db9-31c3-4408-925a-931730c2c7a2 4.730s
2025-11-14 06:43:17.107 65716 INFO tempest.lib.common.rest_client [req-7933f4c6-2966-4688-bfe7-d55db2eb910f req-7933f4c6-2966-4688-bfe7-d55db2eb910f ] Request (KeyPairsV22TestJSON:test_keypairsv22_create_list_show): 201 POST http://10.180.1.21/compute/v2.1/os-keypairs 4.610s
2025-11-14 06:43:17.120 65710 INFO tempest.lib.common.rest_client [req-ede9a89a-bea7-4798-b2ef-ae6d54c50cd8 req-ede9a89a-bea7-4798-b2ef-ae6d54c50cd8 ] Request (ServerMetadataNegativeTestJSON:tearDownClass): 204 DELETE http://10.180.1.21/identity/v3/users/7d44f5dd12584892b54db793990c81f7 0.095s
2025-11-14 06:43:17.120 65710 INFO tempest.lib.common.dynamic_creds [-] Deleting project and security group for project: 09a9ebe604f54b969d2773059b34e674
2025-11-14 06:43:17.362 65710 INFO tempest.lib.common.rest_client [req-c57103f5-0dd7-41dc-a8fb-f9129d331ef4 req-c57103f5-0dd7-41dc-a8fb-f9129d331ef4 ] Request (ServerMetadataNegativeTestJSON:tearDownClass): 200 GET http://10.180.1.21/networking/v2.0/security-groups?tenant_id=09a9ebe604f54b969d2773059b34e674&name=default 0.242s
2025-11-14 06:43:17.387 65734 INFO tempest.lib.common.rest_client [req-7408f713-075e-4a90-b444-0a6380dc8ddc req-7408f713-075e-4a90-b444-0a6380dc8ddc ] Request (ImagesOneServerNegativeTestJSON:_run_cleanups): 200 GET http://10.180.1.21/compute/v2.1/servers/db804e40-6f89-4143-b333-80516a35fc60 4.325s
2025-11-14 06:43:17.395 65734 INFO tempest.common.waiters [-] State transition "ACTIVE/deleting" ==> "DELETED/None" after 8 second wait
2025-11-14 06:43:17.541 65688 INFO tempest.lib.common.rest_client [req-a1b6ef6d-6aec-4345-84dd-4507f53387e2 req-a1b6ef6d-6aec-4345-84dd-4507f53387e2 ] Request (SecurityGroupRulesTestJSON:_run_cleanups): 202 DELETE http://10.180.1.21/compute/v2.1/os-security-group-rules/257fce8b-c5ad-4da6-8a29-8fff92d3a19d 5.343s
2025-11-14 06:43:17.646 65710 INFO tempest.lib.common.rest_client [req-70d8c809-29b2-488b-8e4c-1c2a216f3c87 req-70d8c809-29b2-488b-8e4c-1c2a216f3c87 ] Request (ServerMetadataNegativeTestJSON:tearDownClass): 204 DELETE http://10.180.1.21/networking/v2.0/security-groups/694536fa-8e1e-4cf0-9017-118a0337a180 0.282s
2025-11-14 06:43:17.820 65710 INFO tempest.lib.common.rest_client [req-1eb3aba1-f906-4e13-ab71-8bee1a1ef02f req-1eb3aba1-f906-4e13-ab71-8bee1a1ef02f ] Request (ServerMetadataNegativeTestJSON:tearDownClass): 204 DELETE http://10.180.1.21/identity/v3/projects/09a9ebe604f54b969d2773059b34e674 0.173s
