2025-11-14 06:44:03.388 65708 INFO tempest.lib.common.rest_client [req-d136b78e-e875-463d-ae8a-b3c6236b961b req-d136b78e-e875-463d-ae8a-b3c6236b961b ] Request (ServerActionsV293TestJSON:tearDownClass): 204 DELETE http://10.180.1.21/identity/v3/projects/958d29972eae4782a7ca8073359c0e77 0.115s
2025-11-14 06:44:03.425 65724 INFO tempest.lib.common.rest_client [req-3a8af1d6-cc25-4fcd-8382-d06e32baa60e req-3a8af1d6-cc25-4fcd-8382-d06e32baa60e ] Request (ServerShowV254Test:test_rebuild_server): 200 GET http://10.180.1.21/compute/v2.1/servers/1bd5b06c-8504-47ca-8ac1-f8128c128a99 0.729s
2025-11-14 06:44:03.448 65722 INFO tempest.lib.common.rest_client [req-8b946430-06c1-4ef8-a260-3d2aefc43f47 req-8b946430-06c1-4ef8-a260-3d2aefc43f47 ] Request (ListServerFiltersTestJSON:test_list_servers_filtered_by_ip_regex): 200 GET http://10.180.1.21/compute/v2.1/servers/b5622ba1-1e4d-4b8d-a1d1-1ce6b3ad63bd 0.801s
2025-11-14 06:44:03.451 65708 INFO tempest.lib.common.rest_client [req-d95bcda5-2528-4261-b9dc-3fb09e08b11e req-d95bcda5-2528-4261-b9dc-3fb09e08b11e ] Request (ServersNegativeTestJSON:setUpClass): 201 POST http://10.180.1.21/identity/v3/auth/tokens 0.060s
2025-11-14 06:44:03.480 65708 INFO tempest.lib.common.rest_client [req-b8e10ece-5e5a-4988-b1bd-cda4b6fd783c req-b8e10ece-5e5a-4988-b1bd-cda4b6fd783c ] Request (ServersNegativeTestJSON:setUpClass): 201 POST http://10.180.1.21/identity/v3/auth/tokens 0.026s
2025-11-14 06:44:03.481 65732 INFO tempest.lib.common.rest_client [req-53d13e1b-3bb6-4576-a963-25a6a50a569c req-53d13e1b-3bb6-4576-a963-25a6a50a569c ] Request (ServersTestFqdnHostnames:tearDownClass): 200 GET http://10.180.1.21/compute/v2.1/servers/2d42670e-38c3-46cf-99fb-692816bf24a8 0.753s
2025-11-14 06:44:03.495 65720 INFO tempest.lib.common.rest_client [req-eaa01fd1-3a43-4f7b-bc10-f8d26ee32cc2 req-eaa01fd1-3a43-4f7b-bc10-f8d26ee32cc2 ] Request (ServerRescueNegativeTestJSON:setUpClass): 200 GET http://10.180.1.21/compute/v2.1/servers/61ca4102-85fb-448a-a48f-14f3ae834971 0.738s
2025-11-14 06:44:03.505 65708 INFO tempest.lib.common.rest_client [req-c691a28f-9fec-4c99-bd03-50c0cbc17104 req-c691a28f-9fec-4c99-bd03-50c0cbc17104 ] Request (ServersNegativeTestJSON:setUpClass): 200 GET http://10.180.1.21/identity/v3/domains?name=Default 0.024s
2025-11-14 06:44:03.531 65708 INFO tempest.lib.common.rest_client [req-1a1b4d8e-fced-4e43-a14e-648268514613 req-1a1b4d8e-fced-4e43-a14e-648268514613 ] Request (ServersNegativeTestJSON:setUpClass): 201 POST http://10.180.1.21/identity/v3/projects 0.026s
2025-11-14 06:44:03.536 65714 INFO tempest.lib.common.rest_client [req-2ee68470-b6fd-4f44-9eeb-00d62fa58ad7 req-2ee68470-b6fd-4f44-9eeb-00d62fa58ad7 ] Request (VolumesAssistedSnapshotsTest:tearDownClass): 200 GET http://10.180.1.21/compute/v2.1/servers/0c5820f8-065b-4b01-960d-27f24b04adf4 0.713s
2025-11-14 06:44:03.586 65708 INFO tempest.lib.common.rest_client [req-3ad74950-3444-4a10-b685-3af5b2add928 req-3ad74950-3444-4a10-b685-3af5b2add928 ] Request (ServersNegativeTestJSON:setUpClass): 201 POST http://10.180.1.21/identity/v3/users 0.054s
2025-11-14 06:44:03.593 65690 INFO tempest.lib.common.rest_client [req-0f725ab2-4764-4586-8b13-637e18f8c5da req-0f725ab2-4764-4586-8b13-637e18f8c5da ] Request (MigrationsAdminTest:test_resize_server_revert_deleted_flavor): 200 GET http://10.180.1.21/compute/v2.1/servers/afb34eb2-0cfd-444b-9310-c9d97f90824d 0.598s
2025-11-14 06:44:03.609 65734 INFO tempest.lib.common.rest_client [req-29407691-d5a1-47d7-802c-bd0546bcce44 req-29407691-d5a1-47d7-802c-bd0546bcce44 ] Request (ImagesOneServerNegativeTestJSON:_run_cleanups): 200 GET http://10.180.1.21/compute/v2.1/servers/40c90388-3f6a-4833-9b5a-9a33046b4b83 0.564s
2025-11-14 06:44:03.613 65708 INFO tempest.lib.common.rest_client [req-158d97b5-b93a-4d65-bdc9-9bea0f54fdfa req-158d97b5-b93a-4d65-bdc9-9bea0f54fdfa ] Request (ServersNegativeTestJSON:setUpClass): 200 GET http://10.180.1.21/identity/v3/roles 0.027s
2025-11-14 06:44:03.647 65708 INFO tempest.lib.common.rest_client [req-113388a6-44e4-49c6-bc1a-ce0861b367ba req-113388a6-44e4-49c6-bc1a-ce0861b367ba ] Request (ServersNegativeTestJSON:setUpClass): 204 PUT http://10.180.1.21/identity/v3/projects/f237e64370fb4a5b9ce271959e81a349/users/44451110d9824af6a437eb8584dcb83c/roles/76c199a3155d44ed9d27ed58630067c6 0.033s
2025-11-14 06:44:03.647 65708 INFO tempest.lib.common.dynamic_creds [-] Dynamic test user 44451110d9824af6a437eb8584dcb83c is created with scope project and roles: ['member']
2025-11-14 06:44:03.648 65708 INFO tempest.lib.common.dynamic_creds [-] Acquired dynamic creds: credentials: Credentials: {'domain_id': 'default', 'domain_name': 'Default', 'username': 'tempest-ServersNegativeTestJSON-1020115219-project-member', 'project_domain_id': 'default', 'project_domain_name': 'Default', 'project_id': 'f237e64370fb4a5b9ce271959e81a349', 'project_name': 'tempest-ServersNegativeTestJSON-1020115219', 'tenant_id': 'f237e64370fb4a5b9ce271959e81a349', 'tenant_name': 'tempest-ServersNegativeTestJSON-1020115219', 'user_domain_id': 'default', 'user_domain_name': 'Default', 'user_id': '44451110d9824af6a437eb8584dcb83c', 'system': None}, Network: None, Subnet: None, Router: None
2025-11-14 06:44:03.659 65704 INFO tempest.lib.common.rest_client [req-3603ac3f-2e7c-4cb8-93b7-3d932a78966f req-3603ac3f-2e7c-4cb8-93b7-3d932a78966f ] Request (ServersAdminTestJSON:setUpClass): 200 GET http://10.180.1.21/compute/v2.1/servers/0eb5814e-51dd-4d30-b1b6-e87278b37d91 0.598s
2025-11-14 06:44:03.690 65738 INFO tempest.lib.common.rest_client [req-1a1de99c-d021-45f8-af7d-cfe1799f31fe req-1a1de99c-d021-45f8-af7d-cfe1799f31fe ] Request (ServersTestJSON:setUpClass): 200 GET http://10.180.1.21/compute/v2.1/servers/38322b01-f89a-4683-9f06-f57b64626e55 0.559s
2025-11-14 06:44:03.735 65708 INFO tempest.lib.common.rest_client [req-fdc1d9c9-2618-49d2-a151-20895e34912d req-fdc1d9c9-2618-49d2-a151-20895e34912d ] Request (ServersNegativeTestJSON:setUpClass): 201 POST http://10.180.1.21/identity/v3/auth/tokens 0.087s
2025-11-14 06:44:03.735 65696 INFO tempest.lib.common.rest_client [req-395fbaf9-cf10-4bc3-9071-f5470af6c2d5 req-395fbaf9-cf10-4bc3-9071-f5470af6c2d5 ] Request (ServerRescueTestJSONUnderV235:tearDownClass): 200 GET http://10.180.1.21/compute/v2.1/servers/a383985a-6496-4a86-81c6-0c392c1a6ef6 0.590s
2025-11-14 06:44:03.752 65694 INFO tempest.lib.common.rest_client [req-df8da5d2-8956-45b3-a501-672f25fc2ad7 req-df8da5d2-8956-45b3-a501-672f25fc2ad7 ] Request (ServerDiskConfigTestJSON:test_resize_server_from_auto_to_manual): 200 GET http://10.180.1.21/compute/v2.1/servers/2938f7b5-c311-4c6d-9629-d5b9fa0f4aa7 0.539s
2025-11-14 06:44:03.929 65712 INFO tempest.lib.common.rest_client [req-4ab1640a-ca85-4d1d-a797-942f9a7e813b req-4ab1640a-ca85-4d1d-a797-942f9a7e813b ] Request (ServerActionsTestOtherB:test_create_backup): 200 GET http://10.180.1.21/image/v2/images/b5347011-c74a-4a67-a46a-0bd1f8ce053e 0.016s
2025-11-14 06:44:04.017 65708 INFO tempest.lib.common.rest_client [req-d69b69d1-4987-4c0b-941b-d07cc027c7dc req-d69b69d1-4987-4c0b-941b-d07cc027c7dc ] Request (ServersNegativeTestJSON:setUpClass): 201 POST http://10.180.1.21/networking/v2.0/networks 0.281s
2025-11-14 06:44:04.040 65680 INFO tempest.lib.common.rest_client [req-144d8c0e-cfca-425b-8d49-0364c4c5508f req-144d8c0e-cfca-425b-8d49-0364c4c5508f ] Request (ServerActionsTestOtherA:test_rebuild_server_in_stop_state): 200 GET http://10.180.1.21/compute/v2.1/servers/8bdea480-f488-41e7-836d-e2b01c7cf752 0.801s
2025-11-14 06:44:04.237 65708 INFO tempest.lib.common.rest_client [req-c60256c5-fc01-4d51-9788-5e1b9b3a0bf3 req-c60256c5-fc01-4d51-9788-5e1b9b3a0bf3 ] Request (ServersNegativeTestJSON:setUpClass): 201 POST http://10.180.1.21/networking/v2.0/subnets 0.220s
2025-11-14 06:44:04.673 65736 INFO tempest.lib.common.rest_client [req-f1e66bfa-79aa-4385-bc37-488bd5b07438 req-f1e66bfa-79aa-4385-bc37-488bd5b07438 ] Request (SecurityGroupsTestJSON:test_server_security_groups): 202 POST http://10.180.1.21/compute/v2.1/servers/4ced2f8b-4766-4d02-99af-afa21b26f72d/action 1.299s
2025-11-14 06:44:04.717 65722 INFO tempest.lib.common.rest_client [req-9220d4c7-b4b5-42cd-ab21-3af710e5808d req-9220d4c7-b4b5-42cd-ab21-3af710e5808d ] Request (ListServerFiltersTestJSON:test_list_servers_filtered_by_ip_regex): 200 GET http://10.180.1.21/compute/v2.1/servers/74cae5f7-5ca5-4abb-91bf-a6f880d8be29 1.260s
2025-11-14 06:44:04.753 65700 INFO tempest.lib.common.rest_client [req-9d873603-ecc9-4e16-999f-deeda961a5fa req-9d873603-ecc9-4e16-999f-deeda961a5fa ] Request (ServersTestMultiNic:_run_cleanups): 200 GET http://10.180.1.21/compute/v2.1/servers/dd316861-4d61-42f1-841b-c118d61e8efb 1.257s
2025-11-14 06:44:04.802 65684 INFO tempest.lib.common.rest_client [req-320d6ccc-6abd-4523-9490-7eeb5bbfd360 req-320d6ccc-6abd-4523-9490-7eeb5bbfd360 ] Request (ServersTestBootFromVolume:tearDownClass): 200 GET http://10.180.1.21/compute/v2.1/servers/b6a76204-846f-4d09-b830-48e5fcacd780 1.139s
2025-11-14 06:44:04.826 65730 INFO tempest.lib.common.rest_client [req-7e55dd16-a3b9-42d7-8a1a-2dba3e9800c5 req-7e55dd16-a3b9-42d7-8a1a-2dba3e9800c5 ] Request (FloatingIPsAssociationTestJSON:test_associate_already_associated_floating_ip): 200 GET http://10.180.1.21/compute/v2.1/servers/ef7031d5-3193-49f8-85c5-62af7e8ad38c 0.863s
2025-11-14 06:44:04.900 65686 INFO tempest.lib.common.rest_client [req-900e2968-bcd1-4aec-ba41-8ed679970fb2 req-900e2968-bcd1-4aec-ba41-8ed679970fb2 ] Request (DeleteServersTestJSON:test_delete_active_server): 200 GET http://10.180.1.21/compute/v2.1/servers/56cb3f77-e119-4c10-bf80-80579e1ad1ea 0.929s
2025-11-14 06:44:04.919 65688 INFO tempest.lib.common.rest_client [req-a58272f7-3151-491e-8125-b212b32eea77 req-a58272f7-3151-491e-8125-b212b32eea77 ] Request (ServerActionsTestJSON:setUpClass): 200 GET http://10.180.1.21/compute/v2.1/servers/3af49ea5-1cd3-4c95-8af9-6f8ab948d25e 0.881s
2025-11-14 06:44:04.952 65712 INFO tempest.lib.common.rest_client [req-54cbe2dd-375b-4e99-87af-1aa6e1592d9e req-54cbe2dd-375b-4e99-87af-1aa6e1592d9e ] Request (ServerActionsTestOtherB:test_create_backup): 200 GET http://10.180.1.21/image/v2/images/b5347011-c74a-4a67-a46a-0bd1f8ce053e 0.022s
2025-11-14 06:44:05.001 65710 INFO tempest.lib.common.rest_client [req-33653c98-e22d-4296-8d4f-c95645f047a6 req-33653c98-e22d-4296-8d4f-c95645f047a6 ] Request (AttachVolumeShelveTestJSON:test_attach_volume_shelved_or_offload_server): 200 GET http://10.180.1.21/compute/v2.1/servers/855768b6-fee3-40b7-a474-e8b4f53ceb58 0.934s
2025-11-14 06:44:05.015 65743 INFO tempest.lib.common.rest_client [req-8f74d58c-e29b-4ca5-9917-e041f548d391 req-8f74d58c-e29b-4ca5-9917-e041f548d391 ] Request (ServerShowV247Test:test_update_rebuild_list_server): 200 GET http://10.180.1.21/compute/v2.1/servers/6654bf51-be7f-4e1f-978a-8550d152abf2 0.891s
2025-11-14 06:44:05.232 65708 INFO tempest.lib.common.rest_client [req-2d5c71d2-8e42-4657-b7ba-a4e189c57f72 req-2d5c71d2-8e42-4657-b7ba-a4e189c57f72 ] Request (ServersNegativeTestJSON:setUpClass): 201 POST http://10.180.1.21/networking/v2.0/routers 0.994s
2025-11-14 06:44:05.259 65741 INFO tempest.lib.common.rest_client [req-ffe693a5-1c1e-44a2-82b9-b944b6f58593 req-ffe693a5-1c1e-44a2-82b9-b944b6f58593 ] Request (ImagesTestJSON:test_create_server_from_snapshot): 200 GET http://10.180.1.21/compute/v2.1/servers/320718d8-d763-4ec2-afbc-d9ecc10cfdaa 1.120s
2025-11-14 06:44:05.274 65706 INFO tempest.lib.common.rest_client [req-3e46b030-3409-4768-86f4-ea5a328c485f req-3e46b030-3409-4768-86f4-ea5a328c485f ] Request (ListImageFiltersTestJSON:tearDownClass): 200 GET http://10.180.1.21/compute/v2.1/servers/10e76bb0-a959-4dd1-bf0d-1744809dacb6 0.931s
2025-11-14 06:44:05.339 65724 INFO tempest.lib.common.rest_client [req-6deb46e1-02a9-4e5e-bc14-ad1e34ac6e55 req-6deb46e1-02a9-4e5e-bc14-ad1e34ac6e55 ] Request (ServerShowV254Test:test_rebuild_server): 200 GET http://10.180.1.21/compute/v2.1/servers/1bd5b06c-8504-47ca-8ac1-f8128c128a99 0.905s
2025-11-14 06:44:05.972 65712 INFO tempest.lib.common.rest_client [req-7c425ade-bbde-43b3-b1a8-e46410413945 req-7c425ade-bbde-43b3-b1a8-e46410413945 ] Request (ServerActionsTestOtherB:test_create_backup): 200 GET http://10.180.1.21/image/v2/images/b5347011-c74a-4a67-a46a-0bd1f8ce053e 0.019s
2025-11-14 06:44:06.218 65708 INFO tempest.lib.common.rest_client [req-e985198e-c4f7-4bdb-a8e2-2345730a8504 req-e985198e-c4f7-4bdb-a8e2-2345730a8504 ] Request (ServersNegativeTestJSON:setUpClass): 200 PUT http://10.180.1.21/networking/v2.0/routers/3d8e18d7-0ba6-43b4-9467-39aa31840c2f/add_router_interface 0.986s
2025-11-14 06:44:06.219 65708 INFO tempest.lib.common.dynamic_creds [-] Created isolated network resources for: credentials: Credentials: {'domain_id': 'default', 'domain_name': 'Default', 'username': 'tempest-ServersNegativeTestJSON-1020115219-project-member', 'project_domain_id': 'default', 'project_domain_name': 'Default', 'project_id': 'f237e64370fb4a5b9ce271959e81a349', 'project_name': 'tempest-ServersNegativeTestJSON-1020115219', 'tenant_id': 'f237e64370fb4a5b9ce271959e81a349', 'tenant_name': 'tempest-ServersNegativeTestJSON-1020115219', 'user_domain_id': 'default', 'user_domain_name': 'Default', 'user_id': '44451110d9824af6a437eb8584dcb83c', 'system': None}, Network: {'id': '008042b8-fe00-4bff-864d-053db16efa31', 'name': 'tempest-ServersNegativeTestJSON-1961834766-network', 'tenant_id': 'f237e64370fb4a5b9ce271959e81a349', 'project_id': 'f237e64370fb4a5b9ce271959e81a349', 'admin_state_up': True, 'mtu': 8950, 'status': 'ACTIVE', 'subnets': [], 'shared': False, 'port_security_enabled': True, 'router:external': False, 'provider:network_type': 'vlan', 'provider:physical_network': 'default', 'provider:segmentation_id': 517, 'availability_zone_hints': [], 'availability_zones': [], 'ipv4_address_scope': None, 'ipv6_address_scope': None, 'description': '', 'tags': [], 'created_at': '2025-11-14T06:44:03Z', 'updated_at': '2025-11-14T06:44:03Z', 'revision_number': 1}, Subnet: {'id': '0261ee93-770f-4f6d-9190-5f7d98fa9bbd', 'name': 'tempest-ServersNegativeTestJSON-1961834766-subnet', 'tenant_id': 'f237e64370fb4a5b9ce271959e81a349', 'network_id': '008042b8-fe00-4bff-864d-053db16efa31', 'ip_version': 4, 'subnetpool_id': None, 'enable_dhcp': True, 'ipv6_ra_mode': None, 'ipv6_address_mode': None, 'gateway_ip': '192.168.128.1', 'cidr': '192.168.128.0/28', 'allocation_pools': [{'start': '192.168.128.2', 'end': '192.168.128.14'}], 'host_routes': [], 'dns_nameservers': [], 'description': '', 'router:external': False, 'service_types': [], 'tags': [], 'created_at': '2025-11-14T06:44:04Z', 'updated_at': '2025-11-14T06:44:04Z', 'revision_number': 0, 'project_id': 'f237e64370fb4a5b9ce271959e81a349'}, Router: {'id': '3d8e18d7-0ba6-43b4-9467-39aa31840c2f', 'name': 'tempest-ServersNegativeTestJSON-1961834766-router', 'tenant_id': 'f237e64370fb4a5b9ce271959e81a349', 'admin_state_up': True, 'status': 'ACTIVE', 'external_gateway_info': {'network_id': '1b4ab82f-5ada-4cf2-945a-b5558f2cf44f', 'external_fixed_ips': [{'subnet_id': 'a745ba3f-d7c5-43d1-ae4a-3fa38d3d1e72', 'ip_address': '10.180.180.165'}], 'enable_snat': True}, 'description': '', 'availability_zones': [], 'distributed': False, 'ha': False, 'availability_zone_hints': [], 'routes': [], 'flavor_id': None, 'tags': [], 'created_at': '2025-11-14T06:44:04Z', 'updated_at': '2025-11-14T06:44:04Z', 'revision_number': 2, 'project_id': 'f237e64370fb4a5b9ce271959e81a349'}
2025-11-14 06:44:06.291 65732 INFO tempest.lib.common.rest_client [req-fb60d9bc-c213-46cc-9aba-3ab9bb7b820d req-fb60d9bc-c213-46cc-9aba-3ab9bb7b820d ] Request (ServersTestFqdnHostnames:tearDownClass): 200 GET http://10.180.1.21/compute/v2.1/servers/2d42670e-38c3-46cf-99fb-692816bf24a8 1.800s
2025-11-14 06:44:06.306 65720 INFO tempest.lib.common.rest_client [req-84f7712c-e046-454d-bca3-45bd9d4cc34d req-84f7712c-e046-454d-bca3-45bd9d4cc34d ] Request (ServerRescueNegativeTestJSON:setUpClass): 200 GET http://10.180.1.21/compute/v2.1/servers/61ca4102-85fb-448a-a48f-14f3ae834971 1.803s
2025-11-14 06:44:06.324 65708 INFO tempest.lib.common.rest_client [req-6f36bff0-3bf1-428f-9ab9-060aa4029fa3 req-6f36bff0-3bf1-428f-9ab9-060aa4029fa3 ] Request (ServersNegativeTestJSON:setUpClass): 201 POST http://10.180.1.21/identity/v3/auth/tokens 0.102s
2025-11-14 06:44:06.361 65708 INFO tempest.lib.common.rest_client [req-7ac119be-4798-4277-9b71-d085c29335ef req-7ac119be-4798-4277-9b71-d085c29335ef ] Request (ServersNegativeTestJSON:setUpClass): 201 POST http://10.180.1.21/identity/v3/auth/tokens 0.032s
2025-11-14 06:44:06.361 65708 INFO tempest.lib.common.fixed_network [-] (ServersNegativeTestJSON:setUpClass) Found network {'id': '008042b8-fe00-4bff-864d-053db16efa31', 'name': 'tempest-ServersNegativeTestJSON-1961834766-network', 'tenant_id': 'f237e64370fb4a5b9ce271959e81a349', 'project_id': 'f237e64370fb4a5b9ce271959e81a349', 'admin_state_up': True, 'mtu': 8950, 'status': 'ACTIVE', 'subnets': [], 'shared': False, 'port_security_enabled': True, 'router:external': False, 'provider:network_type': 'vlan', 'provider:physical_network': 'default', 'provider:segmentation_id': 517, 'availability_zone_hints': [], 'availability_zones': [], 'ipv4_address_scope': None, 'ipv6_address_scope': None, 'description': '', 'tags': [], 'created_at': '2025-11-14T06:44:03Z', 'updated_at': '2025-11-14T06:44:03Z', 'revision_number': 1} available for tenant
2025-11-14 06:44:06.390 65714 INFO tempest.lib.common.rest_client [req-2f492974-94c1-484a-aed4-60d5ce9fa928 req-2f492974-94c1-484a-aed4-60d5ce9fa928 ] Request (VolumesAssistedSnapshotsTest:tearDownClass): 200 GET http://10.180.1.21/compute/v2.1/servers/0c5820f8-065b-4b01-960d-27f24b04adf4 1.844s
2025-11-14 06:44:06.499 65734 INFO tempest.lib.common.rest_client [req-6e18d307-a00a-472a-ae46-e8db19e15a2a req-6e18d307-a00a-472a-ae46-e8db19e15a2a ] Request (ImagesOneServerNegativeTestJSON:_run_cleanups): 200 GET http://10.180.1.21/compute/v2.1/servers/40c90388-3f6a-4833-9b5a-9a33046b4b83 1.879s
2025-11-14 06:44:06.533 65690 INFO tempest.lib.common.rest_client [req-804d8fea-1827-4a2a-ac7c-52e0e37e51fb req-804d8fea-1827-4a2a-ac7c-52e0e37e51fb ] Request (MigrationsAdminTest:test_resize_server_revert_deleted_flavor): 200 GET http://10.180.1.21/compute/v2.1/servers/afb34eb2-0cfd-444b-9310-c9d97f90824d 1.930s
2025-11-14 06:44:06.700 65704 INFO tempest.lib.common.rest_client [req-93d1b837-5706-4009-8faf-24e7f3b703bc req-93d1b837-5706-4009-8faf-24e7f3b703bc ] Request (ServersAdminTestJSON:setUpClass): 200 GET http://10.180.1.21/compute/v2.1/servers/0eb5814e-51dd-4d30-b1b6-e87278b37d91 2.034s
2025-11-14 06:44:06.715 65704 INFO tempest.common.waiters [-] State transition "BUILD/None" ==> "BUILD/spawning" after 59 second wait
2025-11-14 06:44:06.718 65736 INFO tempest.lib.common.rest_client [req-f3dc6d73-546b-4b6d-b731-2941211c1e79 req-f3dc6d73-546b-4b6d-b731-2941211c1e79 ] Request (SecurityGroupsTestJSON:test_server_security_groups): 400 DELETE http://10.180.1.21/compute/v2.1/os-security-groups/bd87a172-9e18-4eb7-aeaf-9dfe8525167b 2.044s
2025-11-14 06:44:06.772 65738 INFO tempest.lib.common.rest_client [req-8b8f30c7-d64d-4475-9c2c-e4dad41d3249 req-8b8f30c7-d64d-4475-9c2c-e4dad41d3249 ] Request (ServersTestJSON:setUpClass): 200 GET http://10.180.1.21/compute/v2.1/servers/38322b01-f89a-4683-9f06-f57b64626e55 2.071s
2025-11-14 06:44:06.781 65738 INFO tempest.common.waiters [-] State transition "BUILD/scheduling" ==> "BUILD/None" after 27 second wait
2025-11-14 06:44:06.864 65696 INFO tempest.lib.common.rest_client [req-19e09295-d72f-4012-8611-3579efa70e16 req-19e09295-d72f-4012-8611-3579efa70e16 ] Request (ServerRescueTestJSONUnderV235:tearDownClass): 200 GET http://10.180.1.21/compute/v2.1/servers/a383985a-6496-4a86-81c6-0c392c1a6ef6 2.121s
2025-11-14 06:44:06.965 65694 INFO tempest.lib.common.rest_client [req-dd742c0b-2d02-4524-b242-a32ef3d83234 req-dd742c0b-2d02-4524-b242-a32ef3d83234 ] Request (ServerDiskConfigTestJSON:test_resize_server_from_auto_to_manual): 200 GET http://10.180.1.21/compute/v2.1/servers/2938f7b5-c311-4c6d-9629-d5b9fa0f4aa7 2.205s
2025-11-14 06:44:06.987 65722 INFO tempest.lib.common.rest_client [req-f8394fbc-050c-4500-9b1a-67fd4778cc53 req-f8394fbc-050c-4500-9b1a-67fd4778cc53 ] Request (ListServerFiltersTestJSON:test_list_servers_filtered_by_ip_regex): 200 GET http://10.180.1.21/compute/v2.1/servers/detail 2.257s
2025-11-14 06:44:06.999 65712 INFO tempest.lib.common.rest_client [req-7a6a1c0c-c164-4d2d-9781-4c7eaf44a7b7 req-7a6a1c0c-c164-4d2d-9781-4c7eaf44a7b7 ] Request (ServerActionsTestOtherB:test_create_backup): 200 GET http://10.180.1.21/image/v2/images/b5347011-c74a-4a67-a46a-0bd1f8ce053e 0.024s
2025-11-14 06:44:07.045 65680 INFO tempest.lib.common.rest_client [req-74bd64aa-5b82-408a-a521-c01309499205 req-74bd64aa-5b82-408a-a521-c01309499205 ] Request (ServerActionsTestOtherA:test_rebuild_server_in_stop_state): 200 GET http://10.180.1.21/compute/v2.1/servers/8bdea480-f488-41e7-836d-e2b01c7cf752 1.997s
2025-11-14 06:44:07.073 65700 INFO tempest.lib.common.rest_client [req-5006a8e4-bd65-4ccf-a06f-c8b37975c7fe req-5006a8e4-bd65-4ccf-a06f-c8b37975c7fe ] Request (ServersTestMultiNic:_run_cleanups): 200 GET http://10.180.1.21/compute/v2.1/servers/dd316861-4d61-42f1-841b-c118d61e8efb 1.310s
2025-11-14 06:44:07.110 65684 INFO tempest.lib.common.rest_client [req-66acbdaf-1069-49a3-9860-4cf3a5746e44 req-66acbdaf-1069-49a3-9860-4cf3a5746e44 ] Request (ServersTestBootFromVolume:tearDownClass): 200 GET http://10.180.1.21/compute/v2.1/servers/b6a76204-846f-4d09-b830-48e5fcacd780 1.299s
2025-11-14 06:44:07.125 65730 INFO tempest.lib.common.rest_client [req-f484d0c7-a3a1-4502-8880-4209fb475881 req-f484d0c7-a3a1-4502-8880-4209fb475881 ] Request (FloatingIPsAssociationTestJSON:test_associate_already_associated_floating_ip): 200 GET http://10.180.1.21/compute/v2.1/servers/ef7031d5-3193-49f8-85c5-62af7e8ad38c 1.290s
2025-11-14 06:44:07.170 65686 INFO tempest.lib.common.rest_client [req-21eefe09-bae4-4628-9f01-7dea0c12f8af req-21eefe09-bae4-4628-9f01-7dea0c12f8af ] Request (DeleteServersTestJSON:test_delete_active_server): 200 GET http://10.180.1.21/compute/v2.1/servers/56cb3f77-e119-4c10-bf80-80579e1ad1ea 1.254s
2025-11-14 06:44:07.179 65688 INFO tempest.lib.common.rest_client [req-9906e0a1-47dd-420a-989e-dc134fcb8034 req-9906e0a1-47dd-420a-989e-dc134fcb8034 ] Request (ServerActionsTestJSON:setUpClass): 200 GET http://10.180.1.21/compute/v2.1/servers/3af49ea5-1cd3-4c95-8af9-6f8ab948d25e 1.247s
2025-11-14 06:44:07.228 65710 INFO tempest.lib.common.rest_client [req-934c8ea3-228f-4259-89ae-f1e95f762663 req-934c8ea3-228f-4259-89ae-f1e95f762663 ] Request (AttachVolumeShelveTestJSON:test_attach_volume_shelved_or_offload_server): 200 GET http://10.180.1.21/compute/v2.1/servers/855768b6-fee3-40b7-a474-e8b4f53ceb58 1.209s
2025-11-14 06:44:07.249 65743 INFO tempest.lib.common.rest_client [req-05e715b3-c54a-4bb7-bd5a-ce0c5c562677 req-05e715b3-c54a-4bb7-bd5a-ce0c5c562677 ] Request (ServerShowV247Test:test_update_rebuild_list_server): 200 GET http://10.180.1.21/compute/v2.1/servers/6654bf51-be7f-4e1f-978a-8550d152abf2 1.219s
2025-11-14 06:44:07.258 65743 INFO tempest.common.waiters [-] State transition "BUILD/spawning" ==> "ACTIVE/None" after 63 second wait
2025-11-14 06:44:07.308 65741 INFO tempest.lib.common.rest_client [req-34e8a586-65c7-4801-aa0f-9b8ece9fbe58 req-34e8a586-65c7-4801-aa0f-9b8ece9fbe58 ] Request (ImagesTestJSON:test_create_server_from_snapshot): 200 GET http://10.180.1.21/compute/v2.1/servers/320718d8-d763-4ec2-afbc-d9ecc10cfdaa 1.040s
2025-11-14 06:44:07.347 65706 INFO tempest.lib.common.rest_client [req-12697a23-62c4-4b8e-a31a-76dd9d0aa259 req-12697a23-62c4-4b8e-a31a-76dd9d0aa259 ] Request (ListImageFiltersTestJSON:tearDownClass): 200 GET http://10.180.1.21/compute/v2.1/servers/10e76bb0-a959-4dd1-bf0d-1744809dacb6 1.061s
2025-11-14 06:44:07.386 65724 INFO tempest.lib.common.rest_client [req-146f18a6-abd0-4520-abdd-f12176d09307 req-146f18a6-abd0-4520-abdd-f12176d09307 ] Request (ServerShowV254Test:test_rebuild_server): 200 GET http://10.180.1.21/compute/v2.1/servers/1bd5b06c-8504-47ca-8ac1-f8128c128a99 1.034s
2025-11-14 06:44:07.496 65736 INFO tempest.lib.common.rest_client [req-98f5ee41-f476-4fa7-9131-931fd960ae87 req-98f5ee41-f476-4fa7-9131-931fd960ae87 ] Request (SecurityGroupsTestJSON:test_server_security_groups): 204 DELETE http://10.180.1.21/compute/v2.1/servers/4ced2f8b-4766-4d02-99af-afa21b26f72d 0.778s
2025-11-14 06:44:07.663 65722 INFO tempest.lib.common.rest_client [req-3cfdcaa4-18fe-47d5-9657-663f2e71ecbd req-3cfdcaa4-18fe-47d5-9657-663f2e71ecbd ] Request (ListServerFiltersTestJSON:test_list_servers_filtered_by_ip_regex): 200 GET http://10.180.1.21/compute/v2.1/servers?ip=192.168.128. 0.661s
2025-11-14 06:44:07.911 65708 INFO tempest.lib.common.rest_client [req-f68120cc-eb9b-412a-8fd9-56a4b436f571 req-f68120cc-eb9b-412a-8fd9-56a4b436f571 ] Request (ServersNegativeTestJSON:setUpClass): 202 POST http://10.180.1.21/compute/v2.1/servers 1.549s
2025-11-14 06:44:07.915 65743 INFO tempest.lib.common.rest_client [req-1c4acec2-4f26-4149-acc3-368056a9d185 req-1c4acec2-4f26-4149-acc3-368056a9d185 ] Request (ServerShowV247Test:test_update_rebuild_list_server): 202 POST http://10.180.1.21/compute/v2.1/servers/6654bf51-be7f-4e1f-978a-8550d152abf2/action 0.656s
2025-11-14 06:44:07.974 65720 INFO tempest.lib.common.rest_client [req-83697272-6455-495b-a5d6-85da58376625 req-83697272-6455-495b-a5d6-85da58376625 ] Request (ServerRescueNegativeTestJSON:setUpClass): 200 GET http://10.180.1.21/compute/v2.1/servers/61ca4102-85fb-448a-a48f-14f3ae834971 0.659s
2025-11-14 06:44:07.991 65732 INFO tempest.lib.common.rest_client [req-f91ac794-d24a-4eda-9695-ed0d39257c87 req-f91ac794-d24a-4eda-9695-ed0d39257c87 ] Request (ServersTestFqdnHostnames:tearDownClass): 200 GET http://10.180.1.21/compute/v2.1/servers/2d42670e-38c3-46cf-99fb-692816bf24a8 0.689s
2025-11-14 06:44:08.023 65712 INFO tempest.lib.common.rest_client [req-3d1bf5b8-72c4-4b39-b82a-af7e7384c251 req-3d1bf5b8-72c4-4b39-b82a-af7e7384c251 ] Request (ServerActionsTestOtherB:test_create_backup): 200 GET http://10.180.1.21/image/v2/images/b5347011-c74a-4a67-a46a-0bd1f8ce053e 0.022s
2025-11-14 06:44:08.058 65714 INFO tempest.lib.common.rest_client [req-f155c455-6037-4c05-8261-b7b1c1479511 req-f155c455-6037-4c05-8261-b7b1c1479511 ] Request (VolumesAssistedSnapshotsTest:tearDownClass): 200 GET http://10.180.1.21/compute/v2.1/servers/0c5820f8-065b-4b01-960d-27f24b04adf4 0.660s
2025-11-14 06:44:08.131 65734 INFO tempest.lib.common.rest_client [req-1b10a275-cc50-4acc-8037-1b0e01852dbc req-1b10a275-cc50-4acc-8037-1b0e01852dbc ] Request (ImagesOneServerNegativeTestJSON:_run_cleanups): 200 GET http://10.180.1.21/compute/v2.1/servers/40c90388-3f6a-4833-9b5a-9a33046b4b83 0.623s
2025-11-14 06:44:08.222 65736 INFO tempest.lib.common.rest_client [req-b14b0f62-659f-44e5-bc04-4fb9c6d1ee78 req-b14b0f62-659f-44e5-bc04-4fb9c6d1ee78 ] Request (SecurityGroupsTestJSON:test_server_security_groups): 200 GET http://10.180.1.21/compute/v2.1/servers/4ced2f8b-4766-4d02-99af-afa21b26f72d 0.725s
2025-11-14 06:44:08.316 65690 INFO tempest.lib.common.rest_client [req-bed89891-cd1f-4514-aa47-dcc97efa0374 req-bed89891-cd1f-4514-aa47-dcc97efa0374 ] Request (MigrationsAdminTest:test_resize_server_revert_deleted_flavor): 200 GET http://10.180.1.21/compute/v2.1/servers/afb34eb2-0cfd-444b-9310-c9d97f90824d 0.774s
2025-11-14 06:44:08.453 65704 INFO tempest.lib.common.rest_client [req-1ff9e61e-d153-45d1-82c8-f17fed715257 req-1ff9e61e-d153-45d1-82c8-f17fed715257 ] Request (ServersAdminTestJSON:setUpClass): 200 GET http://10.180.1.21/compute/v2.1/servers/0eb5814e-51dd-4d30-b1b6-e87278b37d91 0.737s
2025-11-14 06:44:08.528 65738 INFO tempest.lib.common.rest_client [req-0ee8a6a7-499f-4e00-81b6-97c34f2ea22f req-0ee8a6a7-499f-4e00-81b6-97c34f2ea22f ] Request (ServersTestJSON:setUpClass): 200 GET http://10.180.1.21/compute/v2.1/servers/38322b01-f89a-4683-9f06-f57b64626e55 0.747s
2025-11-14 06:44:08.624 65722 INFO tempest.lib.common.rest_client [req-a23abcae-4180-49c3-88a5-5a720b87ef7e req-a23abcae-4180-49c3-88a5-5a720b87ef7e ] Request (ListServerFiltersTestJSON:test_list_servers_filtered_by_name_regex): 200 GET http://10.180.1.21/compute/v2.1/servers?name=%5E.%2A%5C-instance%5C-%5B0-9%5D%2B%24 0.956s
2025-11-14 06:44:08.631 65696 INFO tempest.lib.common.rest_client [req-a527eab5-ddba-4be4-9932-1c71145d829a req-a527eab5-ddba-4be4-9932-1c71145d829a ] Request (ServerRescueTestJSONUnderV235:tearDownClass): 200 GET http://10.180.1.21/compute/v2.1/servers/a383985a-6496-4a86-81c6-0c392c1a6ef6 0.759s
2025-11-14 06:44:08.678 65708 INFO tempest.lib.common.rest_client [req-491b108b-2079-42bf-87fd-50455ddaf717 req-491b108b-2079-42bf-87fd-50455ddaf717 ] Request (ServersNegativeTestJSON:setUpClass): 200 GET http://10.180.1.21/compute/v2.1/servers/c6a0e01d-e1a7-47a2-b905-008d9e043a5b 0.765s
2025-11-14 06:44:08.695 65743 INFO tempest.lib.common.rest_client [req-6b8eda8c-3155-43ea-b5d2-959895277a3c req-6b8eda8c-3155-43ea-b5d2-959895277a3c ] Request (ServerShowV247Test:test_update_rebuild_list_server): 200 GET http://10.180.1.21/compute/v2.1/servers/6654bf51-be7f-4e1f-978a-8550d152abf2 0.772s
2025-11-14 06:44:08.729 65694 INFO tempest.lib.common.rest_client [req-e8b3d047-de06-4e60-9020-4321cdcbaefe req-e8b3d047-de06-4e60-9020-4321cdcbaefe ] Request (ServerDiskConfigTestJSON:test_resize_server_from_auto_to_manual): 200 GET http://10.180.1.21/compute/v2.1/servers/2938f7b5-c311-4c6d-9629-d5b9fa0f4aa7 0.753s
2025-11-14 06:44:08.763 65680 INFO tempest.lib.common.rest_client [req-973857ca-d27b-4f27-93f3-f716deb8d614 req-973857ca-d27b-4f27-93f3-f716deb8d614 ] Request (ServerActionsTestOtherA:test_rebuild_server_in_stop_state): 200 GET http://10.180.1.21/compute/v2.1/servers/8bdea480-f488-41e7-836d-e2b01c7cf752 0.709s
2025-11-14 06:44:08.807 65700 INFO tempest.lib.common.rest_client [req-d51c71b1-3c57-4886-84ca-787526bf1225 req-d51c71b1-3c57-4886-84ca-787526bf1225 ] Request (ServersTestMultiNic:_run_cleanups): 200 GET http://10.180.1.21/compute/v2.1/servers/dd316861-4d61-42f1-841b-c118d61e8efb 0.725s
2025-11-14 06:44:08.837 65684 INFO tempest.lib.common.rest_client [req-9bd1e18b-7e79-45e5-bce3-91714d226862 req-9bd1e18b-7e79-45e5-bce3-91714d226862 ] Request (ServersTestBootFromVolume:tearDownClass): 200 GET http://10.180.1.21/compute/v2.1/servers/b6a76204-846f-4d09-b830-48e5fcacd780 0.719s
2025-11-14 06:44:08.904 65730 INFO tempest.lib.common.rest_client [req-fe9d0246-dd11-4928-90e7-0e490c4bd730 req-fe9d0246-dd11-4928-90e7-0e490c4bd730 ] Request (FloatingIPsAssociationTestJSON:test_associate_already_associated_floating_ip): 200 GET http://10.180.1.21/compute/v2.1/servers/ef7031d5-3193-49f8-85c5-62af7e8ad38c 0.772s
2025-11-14 06:44:08.936 65686 INFO tempest.lib.common.rest_client [req-bfa374ba-8613-486e-8a80-817291cbdab0 req-bfa374ba-8613-486e-8a80-817291cbdab0 ] Request (DeleteServersTestJSON:test_delete_active_server): 200 GET http://10.180.1.21/compute/v2.1/servers/56cb3f77-e119-4c10-bf80-80579e1ad1ea 0.758s
2025-11-14 06:44:08.984 65688 INFO tempest.lib.common.rest_client [req-d613f4e5-8faa-4015-ae69-b31f421b7a02 req-d613f4e5-8faa-4015-ae69-b31f421b7a02 ] Request (ServerActionsTestJSON:setUpClass): 200 GET http://10.180.1.21/compute/v2.1/servers/3af49ea5-1cd3-4c95-8af9-6f8ab948d25e 0.796s
2025-11-14 06:44:08.993 65688 INFO tempest.common.waiters [-] State transition "BUILD/scheduling" ==> "BUILD/None" after 26 second wait
2025-11-14 06:44:09.009 65710 INFO tempest.lib.common.rest_client [req-f71cea77-a171-44dd-9e2e-f1b45bd2b79f req-f71cea77-a171-44dd-9e2e-f1b45bd2b79f ] Request (AttachVolumeShelveTestJSON:test_attach_volume_shelved_or_offload_server): 200 GET http://10.180.1.21/compute/v2.1/servers/855768b6-fee3-40b7-a474-e8b4f53ceb58 0.771s
2025-11-14 06:44:09.052 65741 INFO tempest.lib.common.rest_client [req-5c8e7239-0a4e-42a1-82d8-b22f001daf62 req-5c8e7239-0a4e-42a1-82d8-b22f001daf62 ] Request (ImagesTestJSON:test_create_server_from_snapshot): 200 GET http://10.180.1.21/compute/v2.1/servers/320718d8-d763-4ec2-afbc-d9ecc10cfdaa 0.732s
2025-11-14 06:44:09.054 65712 INFO tempest.lib.common.rest_client [req-a83e9dba-352d-4dbf-8209-7eefdf5db162 req-a83e9dba-352d-4dbf-8209-7eefdf5db162 ] Request (ServerActionsTestOtherB:test_create_backup): 200 GET http://10.180.1.21/image/v2/images/b5347011-c74a-4a67-a46a-0bd1f8ce053e 0.029s
2025-11-14 06:44:09.091 65706 INFO tempest.lib.common.rest_client [req-77347506-2964-47a4-8af2-e4df90224ecd req-77347506-2964-47a4-8af2-e4df90224ecd ] Request (ListImageFiltersTestJSON:tearDownClass): 200 GET http://10.180.1.21/compute/v2.1/servers/10e76bb0-a959-4dd1-bf0d-1744809dacb6 0.729s
2025-11-14 06:44:09.120 65724 INFO tempest.lib.common.rest_client [req-fbdba4e6-34cf-4ed5-b435-1842bf60afee req-fbdba4e6-34cf-4ed5-b435-1842bf60afee ] Request (ServerShowV254Test:test_rebuild_server): 200 GET http://10.180.1.21/compute/v2.1/servers/1bd5b06c-8504-47ca-8ac1-f8128c128a99 0.722s
2025-11-14 06:44:09.155 65722 INFO tempest.lib.common.rest_client [req-cfe8d89f-ff6a-4410-b4fd-94c7aa6507d6 req-cfe8d89f-ff6a-4410-b4fd-94c7aa6507d6 ] Request (ListServerFiltersTestJSON:test_list_servers_filtered_by_name_regex): 200 GET http://10.180.1.21/compute/v2.1/servers?name=%5E.%2A%5C-instance%5C-.%2A%24 0.526s
2025-11-14 06:44:09.191 65720 INFO tempest.lib.common.rest_client [req-89552ec1-14af-433c-a304-7ab523365ac8 req-89552ec1-14af-433c-a304-7ab523365ac8 ] Request (ServerRescueNegativeTestJSON:setUpClass): 200 GET http://10.180.1.21/compute/v2.1/servers/61ca4102-85fb-448a-a48f-14f3ae834971 0.209s
2025-11-14 06:44:09.214 65714 INFO tempest.lib.common.rest_client [req-5d9f5df5-7d5f-4e1e-8a03-577a8b72d97d req-5d9f5df5-7d5f-4e1e-8a03-577a8b72d97d ] Request (VolumesAssistedSnapshotsTest:tearDownClass): 404 GET http://10.180.1.21/compute/v2.1/servers/0c5820f8-065b-4b01-960d-27f24b04adf4 0.148s
2025-11-14 06:44:09.226 65732 INFO tempest.lib.common.rest_client [req-c188b73a-d2b1-40f8-8877-61ed4d1c034b req-c188b73a-d2b1-40f8-8877-61ed4d1c034b ] Request (ServersTestFqdnHostnames:tearDownClass): 200 GET http://10.180.1.21/compute/v2.1/servers/2d42670e-38c3-46cf-99fb-692816bf24a8 0.222s
2025-11-14 06:44:09.273 65722 INFO tempest.lib.common.rest_client [req-51b812bb-ff6c-450e-8a48-8ed9b54fded5 req-51b812bb-ff6c-450e-8a48-8ed9b54fded5 ] Request (ListServerFiltersTestJSON:test_list_servers_filtered_by_name_regex): 200 GET http://10.180.1.21/compute/v2.1/servers?name=-639551567 0.116s
2025-11-14 06:44:09.278 65734 INFO tempest.lib.common.rest_client [req-d10a8582-8942-4ab3-b2e8-4bca00c95e5e req-d10a8582-8942-4ab3-b2e8-4bca00c95e5e ] Request (ImagesOneServerNegativeTestJSON:_run_cleanups): 200 GET http://10.180.1.21/compute/v2.1/servers/40c90388-3f6a-4833-9b5a-9a33046b4b83 0.136s
2025-11-14 06:44:09.292 65714 INFO tempest.lib.common.rest_client [req-3c29bc56-e671-4731-93ae-5aa8de06659a req-3c29bc56-e671-4731-93ae-5aa8de06659a ] Request (VolumesAssistedSnapshotsTest:tearDownClass): 202 DELETE http://10.180.1.21/compute/v2.1/os-keypairs/tempest-keypair-570008083 0.077s
2025-11-14 06:44:09.352 65722 INFO tempest.lib.common.rest_client [req-9afa1782-7061-48e0-930a-50cd4112a721 req-9afa1782-7061-48e0-930a-50cd4112a721 ] Request (ListServerFiltersTestJSON:test_list_servers_filtered_by_name_wildcard): 200 GET http://10.180.1.21/compute/v2.1/servers?name=-instance 0.075s
2025-11-14 06:44:09.395 65728 WARNING tempest.lib.common.ssh [-] Failed to establish authenticated ssh connection to cirros@10.180.180.230 ([Errno None] Unable to connect to port 22 on 10.180.180.230). Number attempts: 8. Retry after 9 seconds.: paramiko.ssh_exception.NoValidConnectionsError: [Errno None] Unable to connect to port 22 on 10.180.180.230
2025-11-14 06:44:09.396 65736 INFO tempest.lib.common.rest_client [req-4984e487-89c1-4da0-845c-3b29417b2a67 req-4984e487-89c1-4da0-845c-3b29417b2a67 ] Request (SecurityGroupsTestJSON:test_server_security_groups): 200 GET http://10.180.1.21/compute/v2.1/servers/4ced2f8b-4766-4d02-99af-afa21b26f72d 0.165s
2025-11-14 06:44:09.430 65714 INFO tempest.lib.common.rest_client [req-2868deb1-efaa-44ba-b66a-917cf6058143 req-2868deb1-efaa-44ba-b66a-917cf6058143 ] Request (VolumesAssistedSnapshotsTest:tearDownClass): 204 DELETE http://10.180.1.21/networking/v2.0/security-groups/3b868ada-e2d6-41f0-b807-c024a41e03d9 0.138s
2025-11-14 06:44:09.439 65714 INFO tempest.lib.common.rest_client [req-7b849e48-6da3-46d5-8968-5a39d729d839 req-7b849e48-6da3-46d5-8968-5a39d729d839 ] Request (VolumesAssistedSnapshotsTest:tearDownClass): 404 GET http://10.180.1.21/networking/v2.0/security-groups/3b868ada-e2d6-41f0-b807-c024a41e03d9 0.009s
2025-11-14 06:44:09.447 65722 INFO tempest.lib.common.rest_client [req-323a3708-cfd3-4838-8c9b-c375ea57f480 req-323a3708-cfd3-4838-8c9b-c375ea57f480 ] Request (ListServerFiltersTestJSON:test_list_servers_filtered_by_name_wildcard): 200 GET http://10.180.1.21/compute/v2.1/servers?name=t-ListServerFiltersTestJSON-instance-63955156 0.092s
2025-11-14 06:44:09.471 65690 INFO tempest.lib.common.rest_client [req-227eeae8-82ca-4df6-aafe-a9345d54929a req-227eeae8-82ca-4df6-aafe-a9345d54929a ] Request (MigrationsAdminTest:test_resize_server_revert_deleted_flavor): 200 GET http://10.180.1.21/compute/v2.1/servers/afb34eb2-0cfd-444b-9310-c9d97f90824d 0.142s
2025-11-14 06:44:09.529 65722 INFO tempest.lib.common.rest_client [req-57519d0a-97dc-4bba-9a6e-fb5429910ac3 req-57519d0a-97dc-4bba-9a6e-fb5429910ac3 ] Request (ListServerFiltersTestJSON:tearDownClass): 204 DELETE http://10.180.1.21/compute/v2.1/servers/74cae5f7-5ca5-4abb-91bf-a6f880d8be29 0.079s
2025-11-14 06:44:09.581 65704 INFO tempest.lib.common.rest_client [req-1d7113c5-4ec7-4697-970a-5eba21dab902 req-1d7113c5-4ec7-4697-970a-5eba21dab902 ] Request (ServersAdminTestJSON:setUpClass): 200 GET http://10.180.1.21/compute/v2.1/servers/0eb5814e-51dd-4d30-b1b6-e87278b37d91 0.115s
2025-11-14 06:44:09.717 65738 INFO tempest.lib.common.rest_client [req-0ee57522-5da1-4bd0-93f8-31c933899dc8 req-0ee57522-5da1-4bd0-93f8-31c933899dc8 ] Request (ServersTestJSON:setUpClass): 200 GET http://10.180.1.21/compute/v2.1/servers/38322b01-f89a-4683-9f06-f57b64626e55 0.175s
2025-11-14 06:44:09.733 65714 INFO tempest.lib.common.rest_client [req-d69a3cfd-0058-4735-9623-b2874acadf4d req-d69a3cfd-0058-4735-9623-b2874acadf4d ] Request (VolumesAssistedSnapshotsTest:tearDownClass): 204 DELETE http://10.180.1.21/networking/v2.0/floatingips/b1149288-afa7-46aa-93b9-437c3481c9cc 0.293s
2025-11-14 06:44:09.749 65714 INFO tempest.lib.common.rest_client [req-d316fc37-7cf0-4591-8f83-dce1e7cd6274 req-d316fc37-7cf0-4591-8f83-dce1e7cd6274 ] Request (VolumesAssistedSnapshotsTest:tearDownClass): 404 DELETE http://10.180.1.21/volume/v3/volumes/f26ee030-0a0a-43db-9f1a-a16d8c1ee5d3 0.015s
2025-11-14 06:44:09.763 65714 INFO tempest.lib.common.rest_client [req-ffe62599-56b7-41c3-8a59-6e2de4b1b097 req-ffe62599-56b7-41c3-8a59-6e2de4b1b097 ] Request (VolumesAssistedSnapshotsTest:tearDownClass): 404 GET http://10.180.1.21/volume/v3/volumes/f26ee030-0a0a-43db-9f1a-a16d8c1ee5d3 0.014s
2025-11-14 06:44:09.783 65722 INFO tempest.lib.common.rest_client [req-9e2b6e00-be45-4084-b5b3-6d539e9a8e07 req-9e2b6e00-be45-4084-b5b3-6d539e9a8e07 ] Request (ListServerFiltersTestJSON:tearDownClass): 200 GET http://10.180.1.21/compute/v2.1/servers/74cae5f7-5ca5-4abb-91bf-a6f880d8be29 0.253s
2025-11-14 06:44:09.863 65696 INFO tempest.lib.common.rest_client [req-303b7076-f51f-40db-8b13-f6944f3483d8 req-303b7076-f51f-40db-8b13-f6944f3483d8 ] Request (ServerRescueTestJSONUnderV235:tearDownClass): 200 GET http://10.180.1.21/compute/v2.1/servers/a383985a-6496-4a86-81c6-0c392c1a6ef6 0.225s
2025-11-14 06:44:10.076 65712 INFO tempest.lib.common.rest_client [req-90f4b8c6-e392-408c-8569-aa4ef89ff31a req-90f4b8c6-e392-408c-8569-aa4ef89ff31a ] Request (ServerActionsTestOtherB:test_create_backup): 200 GET http://10.180.1.21/image/v2/images/b5347011-c74a-4a67-a46a-0bd1f8ce053e 0.020s
2025-11-14 06:44:10.151 65708 INFO tempest.lib.common.rest_client [req-c118648f-7759-47e9-9b18-3da36d7b4f1b req-c118648f-7759-47e9-9b18-3da36d7b4f1b ] Request (ServersNegativeTestJSON:setUpClass): 200 GET http://10.180.1.21/compute/v2.1/servers/c6a0e01d-e1a7-47a2-b905-008d9e043a5b 0.462s
2025-11-14 06:44:10.184 65743 INFO tempest.lib.common.rest_client [req-88c1a5ad-92fd-4556-8a2a-2f080211e997 req-88c1a5ad-92fd-4556-8a2a-2f080211e997 ] Request (ServerShowV247Test:test_update_rebuild_list_server): 200 GET http://10.180.1.21/compute/v2.1/servers/6654bf51-be7f-4e1f-978a-8550d152abf2 0.474s
2025-11-14 06:44:10.224 65694 INFO tempest.lib.common.rest_client [req-9ae0b229-21e2-4477-884b-1ec7ddca9501 req-9ae0b229-21e2-4477-884b-1ec7ddca9501 ] Request (ServerDiskConfigTestJSON:test_resize_server_from_auto_to_manual): 200 GET http://10.180.1.21/compute/v2.1/servers/2938f7b5-c311-4c6d-9629-d5b9fa0f4aa7 0.485s
2025-11-14 06:44:10.275 65680 INFO tempest.lib.common.rest_client [req-7a8f3010-9475-4b28-a8af-6edc5c46a3d7 req-7a8f3010-9475-4b28-a8af-6edc5c46a3d7 ] Request (ServerActionsTestOtherA:test_rebuild_server_in_stop_state): 200 GET http://10.180.1.21/compute/v2.1/servers/8bdea480-f488-41e7-836d-e2b01c7cf752 0.503s
2025-11-14 06:44:10.319 65700 INFO tempest.lib.common.rest_client [req-29771361-e2f5-4f82-81f7-6183358bebd7 req-29771361-e2f5-4f82-81f7-6183358bebd7 ] Request (ServersTestMultiNic:_run_cleanups): 200 GET http://10.180.1.21/compute/v2.1/servers/dd316861-4d61-42f1-841b-c118d61e8efb 0.503s
2025-11-14 06:44:10.370 65684 INFO tempest.lib.common.rest_client [req-f4522421-0247-4c53-aaf1-eae857f79c7d req-f4522421-0247-4c53-aaf1-eae857f79c7d ] Request (ServersTestBootFromVolume:tearDownClass): 200 GET http://10.180.1.21/compute/v2.1/servers/b6a76204-846f-4d09-b830-48e5fcacd780 0.522s
2025-11-14 06:44:10.383 65730 INFO tempest.lib.common.rest_client [req-e2c4daf3-0b0c-481d-9199-138de335025d req-e2c4daf3-0b0c-481d-9199-138de335025d ] Request (FloatingIPsAssociationTestJSON:test_associate_already_associated_floating_ip): 200 GET http://10.180.1.21/compute/v2.1/servers/ef7031d5-3193-49f8-85c5-62af7e8ad38c 0.468s
2025-11-14 06:44:10.434 65686 INFO tempest.lib.common.rest_client [req-291d81e1-4ce7-4ce7-8e0a-5260181aae52 req-291d81e1-4ce7-4ce7-8e0a-5260181aae52 ] Request (DeleteServersTestJSON:test_delete_active_server): 200 GET http://10.180.1.21/compute/v2.1/servers/56cb3f77-e119-4c10-bf80-80579e1ad1ea 0.488s
2025-11-14 06:44:10.458 65688 INFO tempest.lib.common.rest_client [req-f101a15d-8104-44cc-855c-3d94ea3c7bc4 req-f101a15d-8104-44cc-855c-3d94ea3c7bc4 ] Request (ServerActionsTestJSON:setUpClass): 200 GET http://10.180.1.21/compute/v2.1/servers/3af49ea5-1cd3-4c95-8af9-6f8ab948d25e 0.463s
2025-11-14 06:44:10.520 65710 INFO tempest.lib.common.rest_client [req-0a233457-4fdc-4adc-8748-40259c64947d req-0a233457-4fdc-4adc-8748-40259c64947d ] Request (AttachVolumeShelveTestJSON:test_attach_volume_shelved_or_offload_server): 200 GET http://10.180.1.21/compute/v2.1/servers/855768b6-fee3-40b7-a474-e8b4f53ceb58 0.501s
2025-11-14 06:44:10.536 65741 INFO tempest.lib.common.rest_client [req-ce2dfe6c-e4fe-44dd-ae44-96673e1b6a85 req-ce2dfe6c-e4fe-44dd-ae44-96673e1b6a85 ] Request (ImagesTestJSON:test_create_server_from_snapshot): 200 GET http://10.180.1.21/compute/v2.1/servers/320718d8-d763-4ec2-afbc-d9ecc10cfdaa 0.474s
2025-11-14 06:44:10.588 65706 INFO tempest.lib.common.rest_client [req-99dd3f52-bbd7-492b-a724-719205c73024 req-99dd3f52-bbd7-492b-a724-719205c73024 ] Request (ListImageFiltersTestJSON:tearDownClass): 200 GET http://10.180.1.21/compute/v2.1/servers/10e76bb0-a959-4dd1-bf0d-1744809dacb6 0.489s
2025-11-14 06:44:10.631 65724 INFO tempest.lib.common.rest_client [req-cf29f204-b854-4d48-970d-567a4a82b97f req-cf29f204-b854-4d48-970d-567a4a82b97f ] Request (ServerShowV254Test:test_rebuild_server): 200 GET http://10.180.1.21/compute/v2.1/servers/1bd5b06c-8504-47ca-8ac1-f8128c128a99 0.497s
2025-11-14 06:44:10.653 65720 INFO tempest.lib.common.rest_client [req-07e381ab-0d34-4f40-a3aa-dc931b093a10 req-07e381ab-0d34-4f40-a3aa-dc931b093a10 ] Request (ServerRescueNegativeTestJSON:setUpClass): 200 GET http://10.180.1.21/compute/v2.1/servers/61ca4102-85fb-448a-a48f-14f3ae834971 0.451s
2025-11-14 06:44:10.653 65714 INFO tempest.lib.common.rest_client [req-1825a2c5-b8a5-41c0-bab1-d512efd361d3 req-1825a2c5-b8a5-41c0-bab1-d512efd361d3 ] Request (VolumesAssistedSnapshotsTest:tearDownClass): 200 PUT http://10.180.1.21/networking/v2.0/routers/fdd4227d-7f23-4509-95b6-64c31be81d81/remove_router_interface 0.890s
2025-11-14 06:44:10.699 65732 INFO tempest.lib.common.rest_client [req-8e578fa5-e429-4c17-9ee5-1cd2259331d8 req-8e578fa5-e429-4c17-9ee5-1cd2259331d8 ] Request (ServersTestFqdnHostnames:tearDownClass): 200 GET http://10.180.1.21/compute/v2.1/servers/2d42670e-38c3-46cf-99fb-692816bf24a8 0.464s
2025-11-14 06:44:10.717 65734 INFO tempest.lib.common.rest_client [req-442a88da-3f95-43bc-932a-ebfdc7d1befe req-442a88da-3f95-43bc-932a-ebfdc7d1befe ] Request (ImagesOneServerNegativeTestJSON:_run_cleanups): 200 GET http://10.180.1.21/compute/v2.1/servers/40c90388-3f6a-4833-9b5a-9a33046b4b83 0.430s
2025-11-14 06:44:10.751 65736 INFO tempest.lib.common.rest_client [req-a96955f5-cbdf-48ab-bf2f-f39a812f79b6 req-a96955f5-cbdf-48ab-bf2f-f39a812f79b6 ] Request (SecurityGroupsTestJSON:test_server_security_groups): 200 GET http://10.180.1.21/compute/v2.1/servers/4ced2f8b-4766-4d02-99af-afa21b26f72d 0.347s
2025-11-14 06:44:10.839 65690 INFO tempest.lib.common.rest_client [req-55835038-9ff8-4016-8a04-1ca00dfba0d4 req-55835038-9ff8-4016-8a04-1ca00dfba0d4 ] Request (MigrationsAdminTest:test_resize_server_revert_deleted_flavor): 200 GET http://10.180.1.21/compute/v2.1/servers/afb34eb2-0cfd-444b-9310-c9d97f90824d 0.360s
2025-11-14 06:44:10.947 65738 INFO tempest.lib.common.rest_client [req-eb5552f2-eefe-418f-91b9-5af2357fadd6 req-eb5552f2-eefe-418f-91b9-5af2357fadd6 ] Request (ServersTestJSON:setUpClass): 200 GET http://10.180.1.21/compute/v2.1/servers/38322b01-f89a-4683-9f06-f57b64626e55 0.221s
2025-11-14 06:44:10.975 65704 INFO tempest.lib.common.rest_client [req-6ba994a7-a560-4d7e-96e2-cbf5d37d79bd req-6ba994a7-a560-4d7e-96e2-cbf5d37d79bd ] Request (ServersAdminTestJSON:setUpClass): 200 GET http://10.180.1.21/compute/v2.1/servers/0eb5814e-51dd-4d30-b1b6-e87278b37d91 0.383s
2025-11-14 06:44:11.001 65696 INFO tempest.lib.common.rest_client [req-7da14cc0-09dd-4a09-b89c-eef914468925 req-7da14cc0-09dd-4a09-b89c-eef914468925 ] Request (ServerRescueTestJSONUnderV235:tearDownClass): 404 GET http://10.180.1.21/compute/v2.1/servers/a383985a-6496-4a86-81c6-0c392c1a6ef6 0.126s
2025-11-14 06:44:11.098 65712 INFO tempest.lib.common.rest_client [req-9299f4b7-e3e8-4b78-9987-7bf4320be710 req-9299f4b7-e3e8-4b78-9987-7bf4320be710 ] Request (ServerActionsTestOtherB:test_create_backup): 200 GET http://10.180.1.21/image/v2/images/b5347011-c74a-4a67-a46a-0bd1f8ce053e 0.020s
2025-11-14 06:44:11.134 65712 INFO tempest.lib.common.rest_client [req-13f0949e-c7d4-41a7-ab93-731428c6ab5d req-13f0949e-c7d4-41a7-ab93-731428c6ab5d ] Request (ServerActionsTestOtherB:test_create_backup): 200 GET http://10.180.1.21/image/v2/images/b5347011-c74a-4a67-a46a-0bd1f8ce053e/tasks 0.035s
2025-11-14 06:44:11.196 65714 INFO tempest.lib.common.rest_client [req-f53f0d16-eb7f-4a12-b2c1-f37f3433fc2d req-f53f0d16-eb7f-4a12-b2c1-f37f3433fc2d ] Request (VolumesAssistedSnapshotsTest:tearDownClass): 204 DELETE http://10.180.1.21/networking/v2.0/routers/fdd4227d-7f23-4509-95b6-64c31be81d81 0.541s
2025-11-14 06:44:11.205 65712 INFO tempest.lib.common.rest_client [req-4c5f8cff-a8f7-4900-99bc-630822409658 req-4c5f8cff-a8f7-4900-99bc-630822409658 ] Request (ServerActionsTestOtherB:test_create_backup): 200 GET http://10.180.1.21/image/v2/images?status=active&sort_key=created_at&sort_dir=asc&image_type=backup&backup_type=daily&instance_uuid=0cced98e-68c1-4b63-b28b-094c93f99ac4 0.070s
2025-11-14 06:44:11.239 65722 INFO tempest.lib.common.rest_client [req-7eb71e57-a35c-4329-885e-e5cf9184d0f7 req-7eb71e57-a35c-4329-885e-e5cf9184d0f7 ] Request (ListServerFiltersTestJSON:tearDownClass): 200 GET http://10.180.1.21/compute/v2.1/servers/74cae5f7-5ca5-4abb-91bf-a6f880d8be29 0.444s
2025-11-14 06:44:11.348 65714 INFO tempest.lib.common.rest_client [req-31ff0f3f-b883-4c81-b5fe-05329d7d07ee req-31ff0f3f-b883-4c81-b5fe-05329d7d07ee ] Request (VolumesAssistedSnapshotsTest:tearDownClass): 204 DELETE http://10.180.1.21/networking/v2.0/subnets/997711f0-e243-40e8-9957-f92e1aefe4fa 0.152s
2025-11-14 06:44:11.369 65708 INFO tempest.lib.common.rest_client [req-e2614f2b-767d-4082-9326-d94f22047015 req-e2614f2b-767d-4082-9326-d94f22047015 ] Request (ServersNegativeTestJSON:setUpClass): 200 GET http://10.180.1.21/compute/v2.1/servers/c6a0e01d-e1a7-47a2-b905-008d9e043a5b 0.208s
2025-11-14 06:44:11.397 65743 INFO tempest.lib.common.rest_client [req-c42c31f7-72d9-47af-8050-615ccff201ed req-c42c31f7-72d9-47af-8050-615ccff201ed ] Request (ServerShowV247Test:test_update_rebuild_list_server): 200 GET http://10.180.1.21/compute/v2.1/servers/6654bf51-be7f-4e1f-978a-8550d152abf2 0.199s
2025-11-14 06:44:11.408 65743 INFO tempest.common.waiters [-] State transition "REBUILD/rebuilding" ==> "REBUILD/rebuild_spawning" after 3 second wait
2025-11-14 06:44:11.706 65714 INFO tempest.lib.common.rest_client [req-be780a4b-8af2-4246-9638-d717675ea374 req-be780a4b-8af2-4246-9638-d717675ea374 ] Request (VolumesAssistedSnapshotsTest:tearDownClass): 204 DELETE http://10.180.1.21/networking/v2.0/networks/e49d1278-5881-4acd-911c-d29dbb151c65 0.358s
2025-11-14 06:44:11.828 65694 INFO tempest.lib.common.rest_client [req-d3a1c513-4869-4bd4-a170-5b35b3173262 req-d3a1c513-4869-4bd4-a170-5b35b3173262 ] Request (ServerDiskConfigTestJSON:test_resize_server_from_auto_to_manual): 200 GET http://10.180.1.21/compute/v2.1/servers/2938f7b5-c311-4c6d-9629-d5b9fa0f4aa7 0.593s
