2025-11-14 09:39:45.343 66144 INFO tempest.lib.common.rest_client [req-ee8ad94b-62ad-4bdf-8e55-df619d2d04a6 req-ee8ad94b-62ad-4bdf-8e55-df619d2d04a6 ] Request (QuotasAdminTestV236:test_get_updated_quotas): 200 GET http://10.180.1.21/identity/v3/domains?name=Default 0.023s
2025-11-14 09:39:45.351 66146 INFO tempest.lib.common.rest_client [req-9c976ad7-1cc8-4f45-83cc-716444fbe83d req-9c976ad7-1cc8-4f45-83cc-716444fbe83d ] Request (ServersTestBootFromVolume:setUpClass): 200 GET http://10.180.1.21/volume/v3/volumes/de001192-e91e-4c30-a543-a4b986ffb547 0.032s
2025-11-14 09:39:45.401 66164 INFO tempest.lib.common.rest_client [req-995ad00b-191e-44d8-9dff-ab8016aa5579 req-995ad00b-191e-44d8-9dff-ab8016aa5579 ] Request (ServerActionsTestOtherB:setUpClass): 200 GET http://10.180.1.21/compute/v2.1/servers/cac75da9-2cdd-4853-ac53-9cf97e27e6f0/os-interface 2.278s
2025-11-14 09:39:45.968 66164 INFO tempest.lib.common.rest_client [req-e0e0216a-d92b-4787-951e-eb0133bae87e req-e0e0216a-d92b-4787-951e-eb0133bae87e ] Request (ServerActionsTestOtherB:setUpClass): 200 PUT http://10.180.1.21/networking/v2.0/floatingips/558ce059-e6d9-4338-9a5b-e79c32e4a710 0.565s
2025-11-14 09:39:45.969 66164 INFO tempest.lib.common.ssh [-] Creating ssh connection to '10.180.180.231:22' as 'cirros' with public key authentication
2025-11-14 09:39:46.015 66140 INFO tempest.lib.common.rest_client [req-13446c80-a0ad-4e7e-aeb7-4efa80971020 req-13446c80-a0ad-4e7e-aeb7-4efa80971020 ] Request (ServersAdminTestJSON:setUpClass): 200 GET http://10.180.1.21/compute/v2.1/servers/3ff5d4ad-a4d1-448b-ac91-df3846880860 2.153s
2025-11-14 09:39:46.107 66140 INFO tempest.lib.common.rest_client [req-33ac14fb-f1cd-499e-8cef-879625ccb756 req-33ac14fb-f1cd-499e-8cef-879625ccb756 ] Request (ServersAdminTestJSON:test_create_server_with_scheduling_hint): 201 POST http://10.180.1.21/identity/v3/auth/tokens 0.081s
2025-11-14 09:39:46.107 66140 INFO tempest.lib.common.fixed_network [-] (ServersAdminTestJSON:test_create_server_with_scheduling_hint) Found network {'id': '0b86edca-7b93-4ada-afc1-880640599688', 'name': 'tempest-ServersAdminTestJSON-787934345-network', 'tenant_id': 'e63bc939b1b64d20837c647f243bc5a3', 'project_id': 'e63bc939b1b64d20837c647f243bc5a3', 'admin_state_up': True, 'mtu': 8950, 'status': 'ACTIVE', 'subnets': [], 'shared': False, 'port_security_enabled': True, 'router:external': False, 'provider:network_type': 'vlan', 'provider:physical_network': 'default', 'provider:segmentation_id': 539, 'availability_zone_hints': [], 'availability_zones': [], 'ipv4_address_scope': None, 'ipv6_address_scope': None, 'description': '', 'tags': [], 'created_at': '2025-11-14T09:38:54Z', 'updated_at': '2025-11-14T09:38:54Z', 'revision_number': 1} available for tenant
2025-11-14 09:39:46.122 66166 INFO tempest.lib.common.rest_client [req-2c1260ba-f9d8-4090-94da-aa46246bdfa0 req-2c1260ba-f9d8-4090-94da-aa46246bdfa0 ] Request (TenantUsagesTestJSON:tearDownClass): 204 DELETE http://10.180.1.21/compute/v2.1/servers/88862597-5426-42ab-9bc8-b1009ccdfbbf 2.212s
2025-11-14 09:39:46.151 66180 INFO tempest.lib.common.rest_client [req-a065dd2a-15f1-4666-bc99-30a28da22574 req-a065dd2a-15f1-4666-bc99-30a28da22574 ] Request (AggregatesAdminNegativeTestJSON:_run_cleanups): 200 DELETE http://10.180.1.21/compute/v2.1/os-aggregates/3 2.224s
2025-11-14 09:39:46.327 66152 INFO tempest.lib.common.rest_client [req-d01bd644-a5f2-4817-b79d-8923d4ff139b req-d01bd644-a5f2-4817-b79d-8923d4ff139b ] Request (ImagesOneServerNegativeTestJSON:setUpClass): 202 POST http://10.180.1.21/compute/v2.1/servers 2.589s
2025-11-14 09:39:46.389 66146 INFO tempest.lib.common.rest_client [req-ea830f53-36f6-498d-9514-c83919142731 req-ea830f53-36f6-498d-9514-c83919142731 ] Request (ServersTestBootFromVolume:setUpClass): 200 GET http://10.180.1.21/volume/v3/volumes/de001192-e91e-4c30-a543-a4b986ffb547 0.030s
2025-11-14 09:39:46.611 66142 INFO tempest.lib.common.rest_client [req-80781367-2fd6-4f1a-8858-7e06e3ce870b req-80781367-2fd6-4f1a-8858-7e06e3ce870b ] Request (SecurityGroupsTestAdminJSON:_run_cleanups): 202 DELETE http://10.180.1.21/compute/v2.1/os-security-groups/34254ca4-3427-40ab-8163-83126b6295e1 2.461s
2025-11-14 09:39:46.717 66156 INFO tempest.lib.common.rest_client [req-aa54c924-8c2f-4430-97e0-eaea4aff0464 req-aa54c924-8c2f-4430-97e0-eaea4aff0464 ] Request (DeleteServersAdminTestJSON:test_delete_server_while_in_error_state): 202 POST http://10.180.1.21/compute/v2.1/servers 2.677s
2025-11-14 09:39:46.802 66142 INFO tempest.lib.common.rest_client [req-de6f96ff-d69e-4941-97dc-5a07dced52a2 req-de6f96ff-d69e-4941-97dc-5a07dced52a2 ] Request (SecurityGroupsTestAdminJSON:tearDownClass): 204 DELETE http://10.180.1.21/identity/v3/users/16c99f6d6a244585bb992b40795215dd 0.183s
2025-11-14 09:39:46.927 66178 INFO tempest.lib.common.rest_client [req-79d7eb58-3f0a-4f6b-a63f-e161980f7b53 req-79d7eb58-3f0a-4f6b-a63f-e161980f7b53 ] Request (VolumesAssistedSnapshotsTest:test_volume_assisted_snapshot_create_delete): 200 GET http://10.180.1.21/compute/v2.1/servers/2c68f65a-9132-440f-90c0-033cfc0bc468/os-interface 2.579s
2025-11-14 09:39:46.969 66142 INFO tempest.lib.common.rest_client [req-73a33c64-9371-4b83-95b0-843f4949dbba req-73a33c64-9371-4b83-95b0-843f4949dbba ] Request (SecurityGroupsTestAdminJSON:tearDownClass): 204 DELETE http://10.180.1.21/identity/v3/users/dc73d75878b741bd9f757ae402568510 0.167s
2025-11-14 09:39:46.970 66142 INFO tempest.lib.common.dynamic_creds [-] Deleting project and security group for project: cea32fa2fdcd4809b6bbc034e7b10b3e
2025-11-14 09:39:46.997 66154 INFO tempest.lib.common.rest_client [req-c23ed7a6-71c9-48cc-bd6b-c5193bf16565 req-c23ed7a6-71c9-48cc-bd6b-c5193bf16565 ] Request (ImagesOneServerTestJSON:setUpClass): 200 GET http://10.180.1.21/compute/v2.1/servers/a98c2512-9039-4a33-8cb5-906005a3ad84 2.842s
2025-11-14 09:39:47.004 66154 INFO tempest.common.waiters [-] State transition "BUILD/spawning" ==> "ACTIVE/None" after 18 second wait
2025-11-14 09:39:47.070 66142 INFO tempest.lib.common.rest_client [req-eee035e2-0276-456e-b620-e5760790ff7e req-eee035e2-0276-456e-b620-e5760790ff7e ] Request (SecurityGroupsTestAdminJSON:tearDownClass): 201 POST http://10.180.1.21/identity/v3/auth/tokens 0.100s
2025-11-14 09:39:47.439 66146 INFO tempest.lib.common.rest_client [req-7e8dbde7-a9c4-4986-88a1-e20ba12cf387 req-7e8dbde7-a9c4-4986-88a1-e20ba12cf387 ] Request (ServersTestBootFromVolume:setUpClass): 200 GET http://10.180.1.21/volume/v3/volumes/de001192-e91e-4c30-a543-a4b986ffb547 0.036s
2025-11-14 09:39:47.447 66146 INFO tempest.common.waiters [-] volume de001192-e91e-4c30-a543-a4b986ffb547 reached available after waiting for 19.447084 seconds
2025-11-14 09:39:47.595 66170 INFO tempest.lib.common.rest_client [req-ade0b7e1-8ed8-466d-aa48-e7475ccd6392 req-ade0b7e1-8ed8-466d-aa48-e7475ccd6392 ] Request (ImagesTestJSON:test_create_image_from_stopped_server): 202 POST http://10.180.1.21/compute/v2.1/servers/efb13fc1-e2f6-497c-90d4-28ec9d56d8f3/action 2.969s
2025-11-14 09:39:47.644 66178 INFO tempest.lib.common.rest_client [req-26147118-d257-41e9-8852-c952b2ed9507 req-26147118-d257-41e9-8852-c952b2ed9507 ] Request (VolumesAssistedSnapshotsTest:test_volume_assisted_snapshot_create_delete): 200 PUT http://10.180.1.21/networking/v2.0/floatingips/142bdf79-1307-4af1-be14-7e66979245d9 0.714s
2025-11-14 09:39:47.646 66178 INFO tempest.lib.common.ssh [-] Creating ssh connection to '10.180.180.174:22' as 'cirros' with public key authentication
2025-11-14 09:39:47.831 66134 INFO tempest.lib.common.rest_client [req-11846eca-7b20-4a5d-834a-d1c2fa2114e5 req-11846eca-7b20-4a5d-834a-d1c2fa2114e5 ] Request (NetworksTest:test_list_all_networks): 200 GET http://10.180.1.21/compute/v2.1/os-networks 3.432s
2025-11-14 09:39:47.933 66134 INFO tempest.lib.common.rest_client [req-778df887-1c9c-47a7-bab2-07ae2d0c7bdd req-778df887-1c9c-47a7-bab2-07ae2d0c7bdd ] Request (NetworksTest:tearDownClass): 204 DELETE http://10.180.1.21/identity/v3/users/a372848cc7ac46609b8f8cbfff827f57 0.097s
2025-11-14 09:39:48.027 66160 INFO tempest.lib.common.rest_client [req-9c16b88f-35f9-41b2-a9bc-c18b3290b7d4 req-9c16b88f-35f9-41b2-a9bc-c18b3290b7d4 ] Request (QuotasAdminNegativeTest:test_create_server_when_cpu_quota_is_full): 200 PUT http://10.180.1.21/compute/v2.1/os-quota-sets/fedeca2dbd764b45abd4437836c0df95 3.274s
2025-11-14 09:39:48.065 66142 INFO tempest.lib.common.rest_client [req-5c2d6016-25fc-4842-bec1-93328ef7c8a9 req-5c2d6016-25fc-4842-bec1-93328ef7c8a9 ] Request (SecurityGroupsTestAdminJSON:tearDownClass): 200 GET http://10.180.1.21/networking/v2.0/security-groups?tenant_id=cea32fa2fdcd4809b6bbc034e7b10b3e&name=default 0.995s
2025-11-14 09:39:48.110 66160 INFO tempest.lib.common.rest_client [req-bc8742a7-fc4a-4eec-b5ff-6988086c0772 req-bc8742a7-fc4a-4eec-b5ff-6988086c0772 ] Request (QuotasAdminNegativeTest:test_create_server_when_cpu_quota_is_full): 201 POST http://10.180.1.21/identity/v3/auth/tokens 0.075s
2025-11-14 09:39:48.111 66160 INFO tempest.lib.common.fixed_network [-] (QuotasAdminNegativeTest:test_create_server_when_cpu_quota_is_full) Found network None available for tenant
2025-11-14 09:39:48.134 66134 INFO tempest.lib.common.rest_client [req-44b6515e-9a4d-4f28-aea7-ed61ba6877b7 req-44b6515e-9a4d-4f28-aea7-ed61ba6877b7 ] Request (NetworksTest:tearDownClass): 204 DELETE http://10.180.1.21/identity/v3/users/681a04fe68324556b1d08f1d037dcaf4 0.201s
2025-11-14 09:39:48.134 66134 INFO tempest.lib.common.dynamic_creds [-] Deleting project and security group for project: f0ecc4943851412899a692ee3ba4ed59
2025-11-14 09:39:48.185 66132 INFO tempest.lib.common.rest_client [req-074e6323-73b5-4f14-8732-fa72f966e259 req-074e6323-73b5-4f14-8732-fa72f966e259 ] Request (InstanceActionsNegativeTestJSON:setUpClass): 200 GET http://10.180.1.21/compute/v2.1/servers/91a32ed8-3909-4509-acc1-efd01e5aefd6 3.475s
2025-11-14 09:39:48.195 66134 INFO tempest.lib.common.rest_client [req-5acbcdd5-29ca-44f0-a319-654ae1c49788 req-5acbcdd5-29ca-44f0-a319-654ae1c49788 ] Request (NetworksTest:tearDownClass): 201 POST http://10.180.1.21/identity/v3/auth/tokens 0.060s
2025-11-14 09:39:48.295 66150 INFO tempest.lib.common.rest_client [req-aee37a0c-9ee6-49e6-a779-1ad71d86679d req-aee37a0c-9ee6-49e6-a779-1ad71d86679d ] Request (ServerRescueTestJSONUnderV235:setUpClass): 200 POST http://10.180.1.21/compute/v2.1/servers/30dbda02-8d94-440d-b4d8-5b0c88419465/action 3.229s
2025-11-14 09:39:48.306 66142 INFO tempest.lib.common.rest_client [req-d19d7aa2-6192-4e85-ad38-36810cb9adfb req-d19d7aa2-6192-4e85-ad38-36810cb9adfb ] Request (SecurityGroupsTestAdminJSON:tearDownClass): 204 DELETE http://10.180.1.21/networking/v2.0/security-groups/63dec5a9-2da3-4899-8e51-ccf69356015c 0.240s
2025-11-14 09:39:48.413 66142 INFO tempest.lib.common.rest_client [req-85a29444-5b3b-491a-af84-d57e553c80c9 req-85a29444-5b3b-491a-af84-d57e553c80c9 ] Request (SecurityGroupsTestAdminJSON:tearDownClass): 204 DELETE http://10.180.1.21/identity/v3/projects/cea32fa2fdcd4809b6bbc034e7b10b3e 0.107s
2025-11-14 09:39:48.414 66142 INFO tempest.lib.common.dynamic_creds [-] Deleting project and security group for project: 3c9a0a11390841ed9c655375d4a83f16
2025-11-14 09:39:48.502 66162 INFO tempest.lib.common.rest_client [req-f3bc8c81-9f70-4a77-92ca-43b9197d1bb1 req-f3bc8c81-9f70-4a77-92ca-43b9197d1bb1 ] Request (InstanceUsageAuditLogNegativeTestJSON:test_instance_usage_audit_logs_with_nonadmin_user): 403 GET http://10.180.1.21/compute/v2.1/os-instance_usage_audit_log 3.376s
2025-11-14 09:39:48.621 66128 INFO tempest.lib.common.rest_client [req-4520b1fb-9ae7-4aeb-8a94-00e63590f7fc req-4520b1fb-9ae7-4aeb-8a94-00e63590f7fc ] Request (HypervisorAdminV228Test:test_get_list_hypervisor_details): 200 GET http://10.180.1.21/compute/v2.1/os-hypervisors 3.426s
2025-11-14 09:39:48.664 66176 INFO tempest.lib.common.rest_client [req-a1fc1b58-2bcd-4bfd-8aca-980ac91cf44f req-a1fc1b58-2bcd-4bfd-8aca-980ac91cf44f ] Request (ImagesMetadataTestJSON:test_delete_image_metadata_item): 200 GET http://10.180.1.21/compute/v2.1/images/6651f126-c66d-4659-a0a9-1964f4b88865/metadata 3.441s
2025-11-14 09:39:48.688 66174 INFO tempest.lib.common.rest_client [req-913f874a-86b5-4c40-a8f0-5181eada019b req-913f874a-86b5-4c40-a8f0-5181eada019b ] Request (FlavorsV2TestJSON:test_list_flavors_filter_by_min_ram): 200 GET http://10.180.1.21/compute/v2.1/flavors?minRam=193 3.447s
2025-11-14 09:39:48.713 66158 INFO tempest.lib.common.rest_client [req-31e611a5-1a6b-42bd-a535-7e8a770ccaea req-31e611a5-1a6b-42bd-a535-7e8a770ccaea ] Request (FlavorsAdminTestJSON:_run_cleanups): 200 GET http://10.180.1.21/compute/v2.1/flavors/detail 3.458s
2025-11-14 09:39:48.797 66134 INFO tempest.lib.common.rest_client [req-41339f6d-a7ce-44dd-9553-a6e91bc16504 req-41339f6d-a7ce-44dd-9553-a6e91bc16504 ] Request (NetworksTest:tearDownClass): 200 GET http://10.180.1.21/networking/v2.0/security-groups?tenant_id=f0ecc4943851412899a692ee3ba4ed59&name=default 0.601s
2025-11-14 09:39:48.808 66122 INFO tempest.lib.common.rest_client [req-ea1e071c-5167-4d4c-a784-1e0d172ff7d4 req-ea1e071c-5167-4d4c-a784-1e0d172ff7d4 ] Request (FlavorsAccessNegativeTestJSON:test_flavor_non_admin_add): 403 POST http://10.180.1.21/compute/v2.1/flavors/505974116/action 3.529s
2025-11-14 09:39:48.833 66126 INFO tempest.lib.common.rest_client [req-f97bc960-49cb-4b18-86ee-0a3668f3dad5 req-f97bc960-49cb-4b18-86ee-0a3668f3dad5 ] Request (FlavorsExtraSpecsTestJSON:test_flavor_set_get_update_show_unset_keys): 200 DELETE http://10.180.1.21/compute/v2.1/flavors/2001939700/os-extra_specs/hw:numa_nodes 3.531s
2025-11-14 09:39:48.847 66136 INFO tempest.lib.common.rest_client [req-820d2ec6-1b8e-4350-a2a8-c4c9dad4e2c7 req-820d2ec6-1b8e-4350-a2a8-c4c9dad4e2c7 ] Request (VolumesAdminNegativeTest:tearDownClass): 200 GET http://10.180.1.21/compute/v2.1/servers/18e721bd-38d3-4742-a40f-b19e28dad7d2 3.926s
2025-11-14 09:39:48.860 66142 INFO tempest.lib.common.rest_client [req-84c9d057-2230-4027-8eba-ab17264d57cc req-84c9d057-2230-4027-8eba-ab17264d57cc ] Request (SecurityGroupsTestAdminJSON:tearDownClass): 200 GET http://10.180.1.21/networking/v2.0/security-groups?tenant_id=3c9a0a11390841ed9c655375d4a83f16&name=default 0.446s
2025-11-14 09:39:48.969 66134 INFO tempest.lib.common.rest_client [req-08192c4d-c44c-48cb-9013-e2d5ba4ae158 req-08192c4d-c44c-48cb-9013-e2d5ba4ae158 ] Request (NetworksTest:tearDownClass): 204 DELETE http://10.180.1.21/networking/v2.0/security-groups/c886d8c2-93dc-4831-8665-8a98ebd6dcb1 0.172s
2025-11-14 09:39:49.016 66144 INFO tempest.lib.common.rest_client [req-f903df34-9f48-402b-a098-d804926b47df req-f903df34-9f48-402b-a098-d804926b47df ] Request (QuotasAdminTestV236:test_get_updated_quotas): 200 PUT http://10.180.1.21/compute/v2.1/os-quota-sets/cf1fc7dade1c4fe8a4ec3f418f205c72?user_id=581761365e9e495fa59c87026e5ff9fa 3.672s
2025-11-14 09:39:49.059 66142 INFO tempest.lib.common.rest_client [req-5db2f062-2d63-43de-90bd-b807c5eb911b req-5db2f062-2d63-43de-90bd-b807c5eb911b ] Request (SecurityGroupsTestAdminJSON:tearDownClass): 204 DELETE http://10.180.1.21/networking/v2.0/security-groups/d6f96b8d-c711-4292-a794-04316fcd4f43 0.198s
2025-11-14 09:39:49.088 66134 INFO tempest.lib.common.rest_client [req-ade5f1a3-e6b3-4941-a3e0-e9ac56337bfa req-ade5f1a3-e6b3-4941-a3e0-e9ac56337bfa ] Request (NetworksTest:tearDownClass): 204 DELETE http://10.180.1.21/identity/v3/projects/f0ecc4943851412899a692ee3ba4ed59 0.118s
2025-11-14 09:39:49.088 66134 INFO tempest.lib.common.dynamic_creds [-] Deleting project and security group for project: 1084f701de204cd28dd97078d1c0c925
2025-11-14 09:39:49.172 66142 INFO tempest.lib.common.rest_client [req-a60e49eb-fbe6-4afd-8bec-6c0e772cb150 req-a60e49eb-fbe6-4afd-8bec-6c0e772cb150 ] Request (SecurityGroupsTestAdminJSON:tearDownClass): 204 DELETE http://10.180.1.21/identity/v3/projects/3c9a0a11390841ed9c655375d4a83f16 0.112s
2025-11-14 09:39:49.248 66142 INFO tempest.lib.common.rest_client [req-60ce80ba-8698-413f-8aa5-279a5ff2e73a req-60ce80ba-8698-413f-8aa5-279a5ff2e73a ] Request (FlavorsV2NegativeTest:setUpClass): 201 POST http://10.180.1.21/identity/v3/auth/tokens 0.074s
2025-11-14 09:39:49.280 66142 INFO tempest.lib.common.rest_client [req-d5560ceb-dce9-4e35-b1fd-551bfe7301f6 req-d5560ceb-dce9-4e35-b1fd-551bfe7301f6 ] Request (FlavorsV2NegativeTest:setUpClass): 201 POST http://10.180.1.21/identity/v3/auth/tokens 0.029s
2025-11-14 09:39:49.304 66142 INFO tempest.lib.common.rest_client [req-1f3fa8d7-41c6-4de7-8629-e9e6ee8b2ae2 req-1f3fa8d7-41c6-4de7-8629-e9e6ee8b2ae2 ] Request (FlavorsV2NegativeTest:setUpClass): 200 GET http://10.180.1.21/identity/v3/domains?name=Default 0.024s
2025-11-14 09:39:49.344 66142 INFO tempest.lib.common.rest_client [req-cdd86209-cdae-43b4-aaed-a1de99561a81 req-cdd86209-cdae-43b4-aaed-a1de99561a81 ] Request (FlavorsV2NegativeTest:setUpClass): 201 POST http://10.180.1.21/identity/v3/projects 0.040s
2025-11-14 09:39:49.412 66142 INFO tempest.lib.common.rest_client [req-87e63bdc-59e8-4c83-b2b2-30f9b778636d req-87e63bdc-59e8-4c83-b2b2-30f9b778636d ] Request (FlavorsV2NegativeTest:setUpClass): 201 POST http://10.180.1.21/identity/v3/users 0.067s
2025-11-14 09:39:49.436 66142 INFO tempest.lib.common.rest_client [req-e62ce192-9420-40f5-98ee-0c3042de1b94 req-e62ce192-9420-40f5-98ee-0c3042de1b94 ] Request (FlavorsV2NegativeTest:setUpClass): 200 GET http://10.180.1.21/identity/v3/roles 0.023s
2025-11-14 09:39:49.467 66142 INFO tempest.lib.common.rest_client [req-aff7495a-a6b0-4c32-a382-c90941ebea50 req-aff7495a-a6b0-4c32-a382-c90941ebea50 ] Request (FlavorsV2NegativeTest:setUpClass): 204 PUT http://10.180.1.21/identity/v3/projects/d758cecfe4f4415da48c079b621e3911/users/bb22f14a4af44bde9148b4ba75abf8ae/roles/bbc4aa3af74b4d6a8b6643219685cef2 0.030s
2025-11-14 09:39:49.467 66142 INFO tempest.lib.common.dynamic_creds [-] Dynamic test user bb22f14a4af44bde9148b4ba75abf8ae is created with scope project and roles: ['member']
2025-11-14 09:39:49.468 66142 INFO tempest.lib.common.dynamic_creds [-] Acquired dynamic creds: credentials: Credentials: {'domain_id': 'default', 'domain_name': 'Default', 'username': 'tempest-FlavorsV2NegativeTest-1630981276-project-member', 'project_domain_id': 'default', 'project_domain_name': 'Default', 'project_id': 'd758cecfe4f4415da48c079b621e3911', 'project_name': 'tempest-FlavorsV2NegativeTest-1630981276', 'tenant_id': 'd758cecfe4f4415da48c079b621e3911', 'tenant_name': 'tempest-FlavorsV2NegativeTest-1630981276', 'user_domain_id': 'default', 'user_domain_name': 'Default', 'user_id': 'bb22f14a4af44bde9148b4ba75abf8ae', 'system': None}, Network: None, Subnet: None, Router: None
2025-11-14 09:39:49.468 66142 INFO tempest.lib.common.dynamic_creds [-] Created isolated network resources for: credentials: Credentials: {'domain_id': 'default', 'domain_name': 'Default', 'username': 'tempest-FlavorsV2NegativeTest-1630981276-project-member', 'project_domain_id': 'default', 'project_domain_name': 'Default', 'project_id': 'd758cecfe4f4415da48c079b621e3911', 'project_name': 'tempest-FlavorsV2NegativeTest-1630981276', 'tenant_id': 'd758cecfe4f4415da48c079b621e3911', 'tenant_name': 'tempest-FlavorsV2NegativeTest-1630981276', 'user_domain_id': 'default', 'user_domain_name': 'Default', 'user_id': 'bb22f14a4af44bde9148b4ba75abf8ae', 'system': None}, Network: None, Subnet: None, Router: None
2025-11-14 09:39:49.554 66142 INFO tempest.lib.common.rest_client [req-235c66ac-db74-47cb-8346-3f7d58055a40 req-235c66ac-db74-47cb-8346-3f7d58055a40 ] Request (FlavorsV2NegativeTest:setUpClass): 201 POST http://10.180.1.21/identity/v3/auth/tokens 0.081s
2025-11-14 09:39:49.572 66134 INFO tempest.lib.common.rest_client [req-ad33707d-ab5e-423a-969a-e8d70913c50e req-ad33707d-ab5e-423a-969a-e8d70913c50e ] Request (NetworksTest:tearDownClass): 200 GET http://10.180.1.21/networking/v2.0/security-groups?tenant_id=1084f701de204cd28dd97078d1c0c925&name=default 0.483s
2025-11-14 09:39:49.605 66148 INFO tempest.lib.common.rest_client [req-732d95c3-1272-4ec3-91ce-ec97dccf4313 req-732d95c3-1272-4ec3-91ce-ec97dccf4313 ] Request (ListImageFiltersTestJSON:setUpClass): 200 GET http://10.180.1.21/compute/v2.1/servers/6055ef62-1628-47ef-9b17-dc1bcb5cb08a 4.282s
2025-11-14 09:39:49.613 66148 INFO tempest.common.waiters [-] State transition "BUILD/None" ==> "BUILD/spawning" after 5 second wait
2025-11-14 09:39:49.746 66168 INFO tempest.lib.common.rest_client [req-59fa0b5d-b602-4462-b7d2-dc501051a191 req-59fa0b5d-b602-4462-b7d2-dc501051a191 ] Request (ServersTestJSON:test_create_server_specify_multibyte_character_name): 200 GET http://10.180.1.21/compute/v2.1/servers/273ebd4d-14e4-4a34-9579-6e4eb0d14fa6 4.318s
2025-11-14 09:39:49.755 66168 INFO tempest.common.waiters [-] State transition "BUILD/None" ==> "BUILD/spawning" after 5 second wait
2025-11-14 09:39:49.842 66134 INFO tempest.lib.common.rest_client [req-4b4b8725-879a-4a36-ad72-6fa583d97bc7 req-4b4b8725-879a-4a36-ad72-6fa583d97bc7 ] Request (NetworksTest:tearDownClass): 204 DELETE http://10.180.1.21/networking/v2.0/security-groups/c09d8c4b-0207-455e-a517-019fa2813794 0.269s
2025-11-14 09:39:49.962 66134 INFO tempest.lib.common.rest_client [req-bc374c7f-641a-43b8-a306-b1a47c875dd3 req-bc374c7f-641a-43b8-a306-b1a47c875dd3 ] Request (NetworksTest:tearDownClass): 204 DELETE http://10.180.1.21/identity/v3/projects/1084f701de204cd28dd97078d1c0c925 0.120s
2025-11-14 09:39:50.030 66134 INFO tempest.lib.common.rest_client [req-2e79247e-ffe4-4456-9c56-b83668788305 req-2e79247e-ffe4-4456-9c56-b83668788305 ] Request (ServersV294TestFqdnHostnames:setUpClass): 201 POST http://10.180.1.21/identity/v3/auth/tokens 0.066s
2025-11-14 09:39:50.047 66130 INFO tempest.lib.common.rest_client [req-6aa6b591-1c87-4b06-85a3-b6aee48b5fa5 req-6aa6b591-1c87-4b06-85a3-b6aee48b5fa5 ] Request (ServersAdminNegativeTestJSON:test_migrate_server_invalid_state): 200 GET http://10.180.1.21/compute/v2.1/servers/07cfa899-1cc4-4796-9571-3dc2f51721c7 4.145s
2025-11-14 09:39:50.058 66164 WARNING tempest.lib.common.ssh [-] Failed to establish authenticated ssh connection to cirros@10.180.180.231 ([Errno None] Unable to connect to port 22 on 10.180.180.231). Number attempts: 1. Retry after 2 seconds.: paramiko.ssh_exception.NoValidConnectionsError: [Errno None] Unable to connect to port 22 on 10.180.180.231
2025-11-14 09:39:50.071 66134 INFO tempest.lib.common.rest_client [req-b08367d6-c45c-4d46-ab17-2d8d9da36bec req-b08367d6-c45c-4d46-ab17-2d8d9da36bec ] Request (ServersV294TestFqdnHostnames:setUpClass): 201 POST http://10.180.1.21/identity/v3/auth/tokens 0.037s
2025-11-14 09:39:50.099 66134 INFO tempest.lib.common.rest_client [req-d9643538-3702-401a-9e08-8339b1bc9a69 req-d9643538-3702-401a-9e08-8339b1bc9a69 ] Request (ServersV294TestFqdnHostnames:setUpClass): 200 GET http://10.180.1.21/identity/v3/domains?name=Default 0.028s
2025-11-14 09:39:50.106 66172 INFO tempest.lib.common.rest_client [req-e8f0ff56-13df-4495-97af-4ec6298112d7 req-e8f0ff56-13df-4495-97af-4ec6298112d7 ] Request (SecurityGroupsTestJSON:test_list_security_groups_by_server): 200 GET http://10.180.1.21/compute/v2.1/servers/955bba85-d4ff-4038-b58b-e5c09e22c974 4.290s
2025-11-14 09:39:50.141 66134 INFO tempest.lib.common.rest_client [req-e6e5fa20-ce58-4125-a897-31b9d9031a2e req-e6e5fa20-ce58-4125-a897-31b9d9031a2e ] Request (ServersV294TestFqdnHostnames:setUpClass): 201 POST http://10.180.1.21/identity/v3/projects 0.041s
2025-11-14 09:39:50.197 66120 INFO tempest.lib.common.rest_client [req-eebed29d-13a0-4ed5-98e3-4bb3d57b0c65 req-eebed29d-13a0-4ed5-98e3-4bb3d57b0c65 ] Request (ServersWithSpecificFlavorTestJSON:test_verify_created_server_ephemeral_disk): 200 GET http://10.180.1.21/compute/v2.1/servers/9b0a1aa5-321b-4d3f-ba33-e33f096fafd1 4.226s
2025-11-14 09:39:50.201 66124 WARNING tempest.lib.common.ssh [-] Failed to establish authenticated ssh connection to cirros@10.180.180.168 ([Errno None] Unable to connect to port 22 on 10.180.180.168). Number attempts: 5. Retry after 6 seconds.: paramiko.ssh_exception.NoValidConnectionsError: [Errno None] Unable to connect to port 22 on 10.180.180.168
2025-11-14 09:39:50.239 66134 INFO tempest.lib.common.rest_client [req-9f69da7f-37c6-4e9a-acb7-d76c90189c36 req-9f69da7f-37c6-4e9a-acb7-d76c90189c36 ] Request (ServersV294TestFqdnHostnames:setUpClass): 201 POST http://10.180.1.21/identity/v3/users 0.097s
2025-11-14 09:39:50.270 66134 INFO tempest.lib.common.rest_client [req-604efbe2-a374-4d39-82c1-01321e653c51 req-604efbe2-a374-4d39-82c1-01321e653c51 ] Request (ServersV294TestFqdnHostnames:setUpClass): 200 GET http://10.180.1.21/identity/v3/roles 0.030s
2025-11-14 09:39:50.322 66134 INFO tempest.lib.common.rest_client [req-cea68764-ea0d-44d6-b131-ffe72cadd631 req-cea68764-ea0d-44d6-b131-ffe72cadd631 ] Request (ServersV294TestFqdnHostnames:setUpClass): 204 PUT http://10.180.1.21/identity/v3/projects/85bc699f3439422884a0bf54c168e79f/users/22f48daa555649f4994b3c7406364d88/roles/bbc4aa3af74b4d6a8b6643219685cef2 0.052s
2025-11-14 09:39:50.323 66134 INFO tempest.lib.common.dynamic_creds [-] Dynamic test user 22f48daa555649f4994b3c7406364d88 is created with scope project and roles: ['member']
2025-11-14 09:39:50.323 66134 INFO tempest.lib.common.dynamic_creds [-] Acquired dynamic creds: credentials: Credentials: {'domain_id': 'default', 'domain_name': 'Default', 'username': 'tempest-ServersV294TestFqdnHostnames-1188737058-project-member', 'project_domain_id': 'default', 'project_domain_name': 'Default', 'project_id': '85bc699f3439422884a0bf54c168e79f', 'project_name': 'tempest-ServersV294TestFqdnHostnames-1188737058', 'tenant_id': '85bc699f3439422884a0bf54c168e79f', 'tenant_name': 'tempest-ServersV294TestFqdnHostnames-1188737058', 'user_domain_id': 'default', 'user_domain_name': 'Default', 'user_id': '22f48daa555649f4994b3c7406364d88', 'system': None}, Network: None, Subnet: None, Router: None
2025-11-14 09:39:50.384 66166 INFO tempest.lib.common.rest_client [req-6eee5ee0-c992-4f6c-be3f-8395320b426c req-6eee5ee0-c992-4f6c-be3f-8395320b426c ] Request (TenantUsagesTestJSON:tearDownClass): 200 GET http://10.180.1.21/compute/v2.1/servers/88862597-5426-42ab-9bc8-b1009ccdfbbf 4.262s
2025-11-14 09:39:50.391 66180 INFO tempest.lib.common.rest_client [req-3b673958-16a4-4008-a204-4053d508485b req-3b673958-16a4-4008-a204-4053d508485b ] Request (AggregatesAdminNegativeTestJSON:test_aggregate_create_aggregate_name_length_exceeds_255): 400 POST http://10.180.1.21/compute/v2.1/os-aggregates 4.237s
2025-11-14 09:39:50.416 66134 INFO tempest.lib.common.rest_client [req-5d589c64-fd49-48df-927e-51ec96e070c9 req-5d589c64-fd49-48df-927e-51ec96e070c9 ] Request (ServersV294TestFqdnHostnames:setUpClass): 201 POST http://10.180.1.21/identity/v3/auth/tokens 0.092s
2025-11-14 09:39:50.564 66152 INFO tempest.lib.common.rest_client [req-2cd6e135-6552-4fe9-8d52-75f9ba5db71f req-2cd6e135-6552-4fe9-8d52-75f9ba5db71f ] Request (ImagesOneServerNegativeTestJSON:setUpClass): 200 GET http://10.180.1.21/compute/v2.1/servers/7de93437-b006-4adb-9334-9ddc93702f48 4.235s
2025-11-14 09:39:50.686 66156 INFO tempest.lib.common.rest_client [req-c585bb01-e595-404b-8fd1-9af58fb8c6a4 req-c585bb01-e595-404b-8fd1-9af58fb8c6a4 ] Request (DeleteServersAdminTestJSON:test_delete_server_while_in_error_state): 200 GET http://10.180.1.21/compute/v2.1/servers/b10f8ee3-4661-4fbf-a01b-7334eb134b0d 3.967s
2025-11-14 09:39:50.796 66134 INFO tempest.lib.common.rest_client [req-dfd207bc-7a4e-49c1-a02f-f78ce26bd8d0 req-dfd207bc-7a4e-49c1-a02f-f78ce26bd8d0 ] Request (ServersV294TestFqdnHostnames:setUpClass): 201 POST http://10.180.1.21/networking/v2.0/networks 0.380s
2025-11-14 09:39:50.813 66140 INFO tempest.lib.common.rest_client [req-8f6e97b7-e88f-471a-b36c-9c11b86142b9 req-8f6e97b7-e88f-471a-b36c-9c11b86142b9 ] Request (ServersAdminTestJSON:test_create_server_with_scheduling_hint): 202 POST http://10.180.1.21/compute/v2.1/servers 4.704s
2025-11-14 09:39:51.021 66134 INFO tempest.lib.common.rest_client [req-7a399ee1-089c-4200-a66f-0b3d0c9a4071 req-7a399ee1-089c-4200-a66f-0b3d0c9a4071 ] Request (ServersV294TestFqdnHostnames:setUpClass): 201 POST http://10.180.1.21/networking/v2.0/subnets 0.225s
2025-11-14 09:39:51.259 66154 INFO tempest.lib.common.rest_client [req-2fe4284f-008b-4815-95ab-df820ba63610 req-2fe4284f-008b-4815-95ab-df820ba63610 ] Request (ImagesOneServerTestJSON:test_create_delete_image): 202 POST http://10.180.1.21/compute/v2.1/servers/a98c2512-9039-4a33-8cb5-906005a3ad84/action 4.254s
2025-11-14 09:39:51.304 66170 INFO tempest.lib.common.rest_client [req-ade45085-c281-4878-972e-72ff1d597305 req-ade45085-c281-4878-972e-72ff1d597305 ] Request (ImagesTestJSON:test_create_image_from_stopped_server): 200 GET http://10.180.1.21/compute/v2.1/images/bb28d003-ba16-43f3-807e-04ffa9b2b6b7 3.708s
2025-11-14 09:39:51.722 66178 WARNING tempest.lib.common.ssh [-] Failed to establish authenticated ssh connection to cirros@10.180.180.174 ([Errno None] Unable to connect to port 22 on 10.180.180.174). Number attempts: 1. Retry after 2 seconds.: paramiko.ssh_exception.NoValidConnectionsError: [Errno None] Unable to connect to port 22 on 10.180.180.174
2025-11-14 09:39:52.212 66134 INFO tempest.lib.common.rest_client [req-cd106b3a-b7cd-4948-b637-46c557a0c06b req-cd106b3a-b7cd-4948-b637-46c557a0c06b ] Request (ServersV294TestFqdnHostnames:setUpClass): 201 POST http://10.180.1.21/networking/v2.0/routers 1.190s
2025-11-14 09:39:53.130 66164 WARNING tempest.lib.common.ssh [-] Failed to establish authenticated ssh connection to cirros@10.180.180.231 ([Errno None] Unable to connect to port 22 on 10.180.180.231). Number attempts: 2. Retry after 3 seconds.: paramiko.ssh_exception.NoValidConnectionsError: [Errno None] Unable to connect to port 22 on 10.180.180.231
2025-11-14 09:39:53.202 66134 INFO tempest.lib.common.rest_client [req-a2bd59cc-76a6-4972-a047-21b25d2aee33 req-a2bd59cc-76a6-4972-a047-21b25d2aee33 ] Request (ServersV294TestFqdnHostnames:setUpClass): 200 PUT http://10.180.1.21/networking/v2.0/routers/67c6fa49-8897-4dfc-aedd-aec4642ba8dc/add_router_interface 0.990s
2025-11-14 09:39:53.202 66134 INFO tempest.lib.common.dynamic_creds [-] Created isolated network resources for: credentials: Credentials: {'domain_id': 'default', 'domain_name': 'Default', 'username': 'tempest-ServersV294TestFqdnHostnames-1188737058-project-member', 'project_domain_id': 'default', 'project_domain_name': 'Default', 'project_id': '85bc699f3439422884a0bf54c168e79f', 'project_name': 'tempest-ServersV294TestFqdnHostnames-1188737058', 'tenant_id': '85bc699f3439422884a0bf54c168e79f', 'tenant_name': 'tempest-ServersV294TestFqdnHostnames-1188737058', 'user_domain_id': 'default', 'user_domain_name': 'Default', 'user_id': '22f48daa555649f4994b3c7406364d88', 'system': None}, Network: {'id': 'ae5ac2b7-39d5-4e65-be95-ccd9e658e84d', 'name': 'tempest-ServersV294TestFqdnHostnames-1108748573-network', 'tenant_id': '85bc699f3439422884a0bf54c168e79f', 'project_id': '85bc699f3439422884a0bf54c168e79f', 'admin_state_up': True, 'mtu': 8950, 'status': 'ACTIVE', 'subnets': [], 'shared': False, 'port_security_enabled': True, 'router:external': False, 'provider:network_type': 'vlan', 'provider:physical_network': 'default', 'provider:segmentation_id': 333, 'availability_zone_hints': [], 'availability_zones': [], 'ipv4_address_scope': None, 'ipv6_address_scope': None, 'description': '', 'tags': [], 'created_at': '2025-11-14T09:39:50Z', 'updated_at': '2025-11-14T09:39:50Z', 'revision_number': 1}, Subnet: {'id': 'cd0ea9c4-f7b6-4f72-9bb8-ae5b8f7499a4', 'name': 'tempest-ServersV294TestFqdnHostnames-1108748573-subnet', 'tenant_id': '85bc699f3439422884a0bf54c168e79f', 'network_id': 'ae5ac2b7-39d5-4e65-be95-ccd9e658e84d', 'ip_version': 4, 'subnetpool_id': None, 'enable_dhcp': True, 'ipv6_ra_mode': None, 'ipv6_address_mode': None, 'gateway_ip': '192.168.128.1', 'cidr': '192.168.128.0/28', 'allocation_pools': [{'start': '192.168.128.2', 'end': '192.168.128.14'}], 'host_routes': [], 'dns_nameservers': [], 'description': '', 'router:external': False, 'service_types': [], 'tags': [], 'created_at': '2025-11-14T09:39:50Z', 'updated_at': '2025-11-14T09:39:50Z', 'revision_number': 0, 'project_id': '85bc699f3439422884a0bf54c168e79f'}, Router: {'id': '67c6fa49-8897-4dfc-aedd-aec4642ba8dc', 'name': 'tempest-ServersV294TestFqdnHostnames-1108748573-router', 'tenant_id': '85bc699f3439422884a0bf54c168e79f', 'admin_state_up': True, 'status': 'ACTIVE', 'external_gateway_info': {'network_id': '241e164b-421d-42e5-87d1-eb89bbec3fac', 'external_fixed_ips': [{'subnet_id': 'b0531ee1-7fd2-4927-9f31-529017a20319', 'ip_address': '10.180.180.135'}], 'enable_snat': True}, 'description': '', 'availability_zones': [], 'distributed': False, 'ha': False, 'availability_zone_hints': [], 'routes': [], 'flavor_id': None, 'tags': [], 'created_at': '2025-11-14T09:39:51Z', 'updated_at': '2025-11-14T09:39:51Z', 'revision_number': 2, 'project_id': '85bc699f3439422884a0bf54c168e79f'}
2025-11-14 09:39:53.346 66134 INFO tempest.lib.common.rest_client [req-521fb4ac-8480-48d7-b08c-2a9b98fcbeaa req-521fb4ac-8480-48d7-b08c-2a9b98fcbeaa ] Request (ServersV294TestFqdnHostnames:setUpClass): 201 POST http://10.180.1.21/identity/v3/auth/tokens 0.139s
2025-11-14 09:39:53.409 66160 INFO tempest.lib.common.rest_client [req-f66a4efe-f28f-4daa-937e-90206d8d62d4 req-f66a4efe-f28f-4daa-937e-90206d8d62d4 ] Request (QuotasAdminNegativeTest:test_create_server_when_cpu_quota_is_full): 403 POST http://10.180.1.21/compute/v2.1/servers 5.297s
2025-11-14 09:39:53.599 66146 INFO tempest.lib.common.rest_client [req-0dcfebe4-7239-4073-92fa-941eee9de690 req-0dcfebe4-7239-4073-92fa-941eee9de690 ] Request (ServersTestBootFromVolume:setUpClass): 202 POST http://10.180.1.21/compute/v2.1/servers 6.151s
2025-11-14 09:39:53.603 66162 INFO tempest.lib.common.rest_client [req-17bd77db-ca83-4577-8780-bd42441df4a4 req-17bd77db-ca83-4577-8780-bd42441df4a4 ] Request (InstanceUsageAuditLogNegativeTestJSON:test_instance_usage_audit_logs_with_nonadmin_user): 403 GET http://10.180.1.21/compute/v2.1/os-instance_usage_audit_log/2025-11-14%2009%3A39%3A48 5.100s
2025-11-14 09:39:53.631 66128 INFO tempest.lib.common.rest_client [req-185dadd0-4549-4ce4-9bc3-19657c38037f req-185dadd0-4549-4ce4-9bc3-19657c38037f ] Request (HypervisorAdminV228Test:test_get_list_hypervisor_details): 200 GET http://10.180.1.21/compute/v2.1/os-hypervisors/1 5.008s
2025-11-14 09:39:53.749 66150 INFO tempest.lib.common.rest_client [req-1dee7918-dbfa-4499-8511-b88711da9235 req-1dee7918-dbfa-4499-8511-b88711da9235 ] Request (ServerRescueTestJSONUnderV235:setUpClass): 200 GET http://10.180.1.21/compute/v2.1/servers/30dbda02-8d94-440d-b4d8-5b0c88419465 5.453s
2025-11-14 09:39:53.778 66174 INFO tempest.lib.common.rest_client [req-4ee22425-18af-44f5-bd5e-f5af1958e5ce req-4ee22425-18af-44f5-bd5e-f5af1958e5ce ] Request (FlavorsV2TestJSON:test_list_flavors_limit_results): 200 GET http://10.180.1.21/compute/v2.1/flavors?limit=1 5.082s
2025-11-14 09:39:53.801 66128 INFO tempest.lib.common.rest_client [req-a734f65c-17a5-4025-9974-a98386b76f46 req-a734f65c-17a5-4025-9974-a98386b76f46 ] Request (HypervisorAdminV228Test:tearDownClass): 204 DELETE http://10.180.1.21/identity/v3/users/35f6084f3c7a457583d07a066bb3751a 0.158s
2025-11-14 09:39:53.804 66158 INFO tempest.lib.common.rest_client [req-accd8c6e-864c-4e4f-9373-cbe364490393 req-accd8c6e-864c-4e4f-9373-cbe364490393 ] Request (FlavorsAdminTestJSON:test_create_flavor_with_uuid_id): 200 POST http://10.180.1.21/compute/v2.1/flavors 5.083s
2025-11-14 09:39:53.805 66162 INFO tempest.lib.common.rest_client [req-95f620c7-b1e7-421d-be5b-686b1d53ba54 req-95f620c7-b1e7-421d-be5b-686b1d53ba54 ] Request (InstanceUsageAuditLogNegativeTestJSON:tearDownClass): 204 DELETE http://10.180.1.21/identity/v3/users/787d3663b43e44e791971ab8e86467e9 0.197s
2025-11-14 09:39:53.833 66122 INFO tempest.lib.common.rest_client [req-bc0f1036-de6d-43cd-ae17-3a29bdfcd7c6 req-bc0f1036-de6d-43cd-ae17-3a29bdfcd7c6 ] Request (FlavorsAccessNegativeTestJSON:_run_cleanups): 202 DELETE http://10.180.1.21/compute/v2.1/flavors/505974116 5.024s
2025-11-14 09:39:53.864 66126 INFO tempest.lib.common.rest_client [req-8c01982e-d683-4aa3-92e9-831d8c343948 req-8c01982e-d683-4aa3-92e9-831d8c343948 ] Request (FlavorsExtraSpecsTestJSON:test_flavor_set_get_update_show_unset_keys): 200 DELETE http://10.180.1.21/compute/v2.1/flavors/2001939700/os-extra_specs/hw:cpu_policy 5.030s
2025-11-14 09:39:53.958 66128 INFO tempest.lib.common.rest_client [req-a3da9911-e7a3-4aa6-b5e4-0794fda24dba req-a3da9911-e7a3-4aa6-b5e4-0794fda24dba ] Request (HypervisorAdminV228Test:tearDownClass): 204 DELETE http://10.180.1.21/identity/v3/users/1a87fbf75a2b4123bb940c109fa470c4 0.157s
2025-11-14 09:39:53.958 66128 INFO tempest.lib.common.dynamic_creds [-] Deleting project and security group for project: b03ac707cc9c4d6c8507c61d6976d549
2025-11-14 09:39:53.965 66162 INFO tempest.lib.common.rest_client [req-4182b292-9cb1-4869-ab44-896f0df462c4 req-4182b292-9cb1-4869-ab44-896f0df462c4 ] Request (InstanceUsageAuditLogNegativeTestJSON:tearDownClass): 204 DELETE http://10.180.1.21/identity/v3/users/6967de656c154506b805400ab14210d3 0.159s
2025-11-14 09:39:53.965 66162 INFO tempest.lib.common.dynamic_creds [-] Deleting project and security group for project: 830eb412df624b0b98d71da89de10713
2025-11-14 09:39:53.994 66176 INFO tempest.lib.common.rest_client [req-b3da7dae-0316-4d93-a58c-ad513db8e40b req-b3da7dae-0316-4d93-a58c-ad513db8e40b ] Request (ImagesMetadataTestJSON:setUp): 200 PUT http://10.180.1.21/compute/v2.1/images/6651f126-c66d-4659-a0a9-1964f4b88865/metadata 5.325s
2025-11-14 09:39:54.062 66128 INFO tempest.lib.common.rest_client [req-260c2b05-f377-45b2-b600-cebba5218fb0 req-260c2b05-f377-45b2-b600-cebba5218fb0 ] Request (HypervisorAdminV228Test:tearDownClass): 201 POST http://10.180.1.21/identity/v3/auth/tokens 0.103s
2025-11-14 09:39:54.093 66162 INFO tempest.lib.common.rest_client [req-baf5975c-2ae4-4175-807a-82ac4924920f req-baf5975c-2ae4-4175-807a-82ac4924920f ] Request (InstanceUsageAuditLogNegativeTestJSON:tearDownClass): 201 POST http://10.180.1.21/identity/v3/auth/tokens 0.128s
2025-11-14 09:39:54.096 66144 INFO tempest.lib.common.rest_client [req-7c380605-a6d5-4e23-8f63-14378ae4d7aa req-7c380605-a6d5-4e23-8f63-14378ae4d7aa ] Request (QuotasAdminTestV236:test_get_updated_quotas): 200 GET http://10.180.1.21/compute/v2.1/os-quota-sets/cf1fc7dade1c4fe8a4ec3f418f205c72?user_id=581761365e9e495fa59c87026e5ff9fa 5.078s
2025-11-14 09:39:54.181 66142 INFO tempest.lib.common.rest_client [req-4905ee40-fde9-4f9a-9b98-63ba7c3beea5 req-4905ee40-fde9-4f9a-9b98-63ba7c3beea5 ] Request (FlavorsV2NegativeTest:test_boot_with_low_ram): 200 GET http://10.180.1.21/compute/v2.1/flavors/42 4.626s
2025-11-14 09:39:54.229 66144 INFO tempest.lib.common.rest_client [req-8e90a3bc-f660-49e2-930d-31f68142309e req-8e90a3bc-f660-49e2-930d-31f68142309e ] Request (QuotasAdminTestV236:_run_cleanups): 204 DELETE http://10.180.1.21/identity/v3/users/581761365e9e495fa59c87026e5ff9fa 0.131s
2025-11-14 09:39:54.387 66144 INFO tempest.lib.common.rest_client [req-db091778-9f64-4abd-b758-98b03c778189 req-db091778-9f64-4abd-b758-98b03c778189 ] Request (QuotasAdminTestV236:_run_cleanups): 204 DELETE http://10.180.1.21/identity/v3/projects/cf1fc7dade1c4fe8a4ec3f418f205c72 0.157s
2025-11-14 09:39:54.506 66128 INFO tempest.lib.common.rest_client [req-af73287d-a78c-450f-9bef-bdbf0caca6a3 req-af73287d-a78c-450f-9bef-bdbf0caca6a3 ] Request (HypervisorAdminV228Test:tearDownClass): 200 GET http://10.180.1.21/networking/v2.0/security-groups?tenant_id=b03ac707cc9c4d6c8507c61d6976d549&name=default 0.443s
2025-11-14 09:39:54.580 66118 INFO tempest.lib.common.rest_client [req-c0894c86-0ccf-4c5f-a265-a7bd81e061b7 req-c0894c86-0ccf-4c5f-a265-a7bd81e061b7 ] Request (QuotasAdminTestJSON:test_delete_quota): 200 GET http://10.180.1.21/identity/v3/domains?name=Default 0.148s
2025-11-14 09:39:54.615 66144 INFO tempest.lib.common.rest_client [req-6ab86a17-d844-4d1f-bb86-80a9db4d3ed5 req-6ab86a17-d844-4d1f-bb86-80a9db4d3ed5 ] Request (QuotasAdminTestV236:tearDownClass): 204 DELETE http://10.180.1.21/identity/v3/users/d0bce766894449828c43499e102bca25 0.219s
2025-11-14 09:39:54.794 66178 WARNING tempest.lib.common.ssh [-] Failed to establish authenticated ssh connection to cirros@10.180.180.174 ([Errno None] Unable to connect to port 22 on 10.180.180.174). Number attempts: 2. Retry after 3 seconds.: paramiko.ssh_exception.NoValidConnectionsError: [Errno None] Unable to connect to port 22 on 10.180.180.174
2025-11-14 09:39:54.954 66144 INFO tempest.lib.common.rest_client [req-5bcb783d-7483-438e-9865-3d7c3deba2ef req-5bcb783d-7483-438e-9865-3d7c3deba2ef ] Request (QuotasAdminTestV236:tearDownClass): 204 DELETE http://10.180.1.21/identity/v3/users/67748810ad0549338e54b4a0d08e5b67 0.338s
2025-11-14 09:39:54.954 66144 INFO tempest.lib.common.dynamic_creds [-] Deleting project and security group for project: 7e36a2f41d874127875983542c6f4475
2025-11-14 09:39:54.997 66118 INFO tempest.lib.common.rest_client [req-c2d447ce-92fe-4eaf-a95b-85f46de8e360 req-c2d447ce-92fe-4eaf-a95b-85f46de8e360 ] Request (QuotasAdminTestJSON:test_delete_quota): 201 POST http://10.180.1.21/identity/v3/projects 0.416s
2025-11-14 09:39:55.015 66162 INFO tempest.lib.common.rest_client [req-b5e38a54-6998-4a24-a00f-b202b1adf2db req-b5e38a54-6998-4a24-a00f-b202b1adf2db ] Request (InstanceUsageAuditLogNegativeTestJSON:tearDownClass): 200 GET http://10.180.1.21/networking/v2.0/security-groups?tenant_id=830eb412df624b0b98d71da89de10713&name=default 0.921s
2025-11-14 09:39:55.056 66132 INFO tempest.lib.common.rest_client [req-53af3776-faae-44f2-ba87-d489121f7e29 req-53af3776-faae-44f2-ba87-d489121f7e29 ] Request (InstanceActionsNegativeTestJSON:setUpClass): 200 GET http://10.180.1.21/compute/v2.1/servers/91a32ed8-3909-4509-acc1-efd01e5aefd6 5.860s
2025-11-14 09:39:55.061 66180 INFO tempest.lib.common.rest_client [req-39d5591c-b56f-4909-994e-128e8226d09b req-39d5591c-b56f-4909-994e-128e8226d09b ] Request (AggregatesAdminNegativeTestJSON:test_aggregate_create_aggregate_name_length_less_than_1): 400 POST http://10.180.1.21/compute/v2.1/os-aggregates 4.667s
2025-11-14 09:39:55.068 66132 INFO tempest.common.waiters [-] State transition "BUILD/spawning" ==> "ACTIVE/None" after 24 second wait
2025-11-14 09:39:55.069 66136 INFO tempest.lib.common.rest_client [req-0f63fd8e-61cf-43ae-b80b-4a6deb602651 req-0f63fd8e-61cf-43ae-b80b-4a6deb602651 ] Request (VolumesAdminNegativeTest:tearDownClass): 200 GET http://10.180.1.21/compute/v2.1/servers/18e721bd-38d3-4742-a40f-b19e28dad7d2 5.212s
2025-11-14 09:39:55.079 66136 INFO tempest.common.waiters [-] State transition "ACTIVE/deleting" ==> "DELETED/None" after 7 second wait
2025-11-14 09:39:55.124 66144 INFO tempest.lib.common.rest_client [req-59bf47d9-4951-444e-afed-1435e2c49a64 req-59bf47d9-4951-444e-afed-1435e2c49a64 ] Request (QuotasAdminTestV236:tearDownClass): 201 POST http://10.180.1.21/identity/v3/auth/tokens 0.169s
2025-11-14 09:39:55.158 66128 INFO tempest.lib.common.rest_client [req-d6e5b66d-6b29-42a8-aa0a-e2bbedfb8774 req-d6e5b66d-6b29-42a8-aa0a-e2bbedfb8774 ] Request (HypervisorAdminV228Test:tearDownClass): 204 DELETE http://10.180.1.21/networking/v2.0/security-groups/24ff0241-4de7-4ed5-a520-cbda6ec8af9b 0.649s
2025-11-14 09:39:55.163 66118 INFO tempest.lib.common.rest_client [req-41f372ba-aa11-4747-bc64-c8b6dc5254d3 req-41f372ba-aa11-4747-bc64-c8b6dc5254d3 ] Request (QuotasAdminTestJSON:test_delete_quota): 200 GET http://10.180.1.21/identity/v3/domains?name=Default 0.165s
2025-11-14 09:39:55.241 66142 INFO tempest.lib.common.rest_client [req-cabafcf8-fba1-4fc2-8d27-2da641434106 req-cabafcf8-fba1-4fc2-8d27-2da641434106 ] Request (FlavorsV2NegativeTest:test_boot_with_low_ram): 201 POST http://10.180.1.21/image/v2/images 1.053s
2025-11-14 09:39:55.265 66128 INFO tempest.lib.common.rest_client [req-c6de67d1-e3b0-481f-aa71-5b77bc6bb728 req-c6de67d1-e3b0-481f-aa71-5b77bc6bb728 ] Request (HypervisorAdminV228Test:tearDownClass): 204 DELETE http://10.180.1.21/identity/v3/projects/b03ac707cc9c4d6c8507c61d6976d549 0.107s
2025-11-14 09:39:55.266 66128 INFO tempest.lib.common.dynamic_creds [-] Deleting project and security group for project: 08b50b40ab1a465486af496d0257f5ca
2025-11-14 09:39:55.568 66162 INFO tempest.lib.common.rest_client [req-0f0cf854-6a51-4b4a-b85b-0583c1fe125b req-0f0cf854-6a51-4b4a-b85b-0583c1fe125b ] Request (InstanceUsageAuditLogNegativeTestJSON:tearDownClass): 204 DELETE http://10.180.1.21/networking/v2.0/security-groups/8599b7f1-5db2-4ea2-a315-c82a2193e99c 0.552s
2025-11-14 09:39:55.690 66162 INFO tempest.lib.common.rest_client [req-389d5147-d2f1-4aee-8126-7ce8530b0387 req-389d5147-d2f1-4aee-8126-7ce8530b0387 ] Request (InstanceUsageAuditLogNegativeTestJSON:tearDownClass): 204 DELETE http://10.180.1.21/identity/v3/projects/830eb412df624b0b98d71da89de10713 0.121s
2025-11-14 09:39:55.690 66162 INFO tempest.lib.common.dynamic_creds [-] Deleting project and security group for project: d1cce483edf440549dcafbdd3a1e5d2f
2025-11-14 09:39:55.954 66128 INFO tempest.lib.common.rest_client [req-ff55ebf9-5731-428e-946e-8a5a168e616c req-ff55ebf9-5731-428e-946e-8a5a168e616c ] Request (HypervisorAdminV228Test:tearDownClass): 200 GET http://10.180.1.21/networking/v2.0/security-groups?tenant_id=08b50b40ab1a465486af496d0257f5ca&name=default 0.687s
2025-11-14 09:39:55.972 66144 INFO tempest.lib.common.rest_client [req-2262693c-f5e6-4741-8dba-c28ca339360f req-2262693c-f5e6-4741-8dba-c28ca339360f ] Request (QuotasAdminTestV236:tearDownClass): 200 GET http://10.180.1.21/networking/v2.0/security-groups?tenant_id=7e36a2f41d874127875983542c6f4475&name=default 0.848s
2025-11-14 09:39:56.015 66148 INFO tempest.lib.common.rest_client [req-418743fe-0e5a-4f08-b2f3-b717291cd211 req-418743fe-0e5a-4f08-b2f3-b717291cd211 ] Request (ListImageFiltersTestJSON:setUpClass): 200 GET http://10.180.1.21/compute/v2.1/servers/6055ef62-1628-47ef-9b17-dc1bcb5cb08a 5.401s
2025-11-14 09:39:56.085 66168 INFO tempest.lib.common.rest_client [req-eee1be9e-161e-449e-a0e5-d0bc8178967d req-eee1be9e-161e-449e-a0e5-d0bc8178967d ] Request (ServersTestJSON:test_create_server_specify_multibyte_character_name): 200 GET http://10.180.1.21/compute/v2.1/servers/273ebd4d-14e4-4a34-9579-6e4eb0d14fa6 5.328s
2025-11-14 09:39:56.123 66142 INFO tempest.lib.common.rest_client [req-fce030b9-8c7e-40c9-bb6d-26e546489908 req-fce030b9-8c7e-40c9-bb6d-26e546489908 ] Request (FlavorsV2NegativeTest:test_boot_with_low_ram): 204 PUT http://10.180.1.21/image/v2/images/51a9b349-ad61-4612-bf4c-551f9bcdaaa3/file 0.881s
2025-11-14 09:39:56.146 66162 INFO tempest.lib.common.rest_client [req-78bbc208-7052-4f7c-b379-dee4c87436fe req-78bbc208-7052-4f7c-b379-dee4c87436fe ] Request (InstanceUsageAuditLogNegativeTestJSON:tearDownClass): 200 GET http://10.180.1.21/networking/v2.0/security-groups?tenant_id=d1cce483edf440549dcafbdd3a1e5d2f&name=default 0.455s
2025-11-14 09:39:56.229 66142 INFO tempest.lib.common.rest_client [req-ab1406e9-1fb6-436c-af31-f7d2cafc4579 req-ab1406e9-1fb6-436c-af31-f7d2cafc4579 ] Request (FlavorsV2NegativeTest:test_boot_with_low_ram): 201 POST http://10.180.1.21/identity/v3/auth/tokens 0.101s
2025-11-14 09:39:56.230 66142 INFO tempest.lib.common.fixed_network [-] (FlavorsV2NegativeTest:test_boot_with_low_ram) Found network None available for tenant
2025-11-14 09:39:56.248 66128 INFO tempest.lib.common.rest_client [req-8dd0ebc5-e191-42be-b772-b30a2c218f5b req-8dd0ebc5-e191-42be-b772-b30a2c218f5b ] Request (HypervisorAdminV228Test:tearDownClass): 204 DELETE http://10.180.1.21/networking/v2.0/security-groups/2b8af1e7-d2ef-4d43-b474-9ac66100b2c7 0.294s
2025-11-14 09:39:56.255 66144 INFO tempest.lib.common.rest_client [req-a24d1876-2486-4a62-9212-4e1beb6e05de req-a24d1876-2486-4a62-9212-4e1beb6e05de ] Request (QuotasAdminTestV236:tearDownClass): 204 DELETE http://10.180.1.21/networking/v2.0/security-groups/5b031ad8-637e-40ad-a33b-09130e12bf5d 0.282s
2025-11-14 09:39:56.285 66140 INFO tempest.lib.common.rest_client [req-31a01544-f927-4891-90b4-eca96690513f req-31a01544-f927-4891-90b4-eca96690513f ] Request (ServersAdminTestJSON:test_create_server_with_scheduling_hint): 200 GET http://10.180.1.21/compute/v2.1/servers/2c32490b-6245-401a-9ef5-a3bcede67495 5.471s
2025-11-14 09:39:56.373 66144 INFO tempest.lib.common.rest_client [req-fb22a66d-58ae-4b0e-87dc-ac779dd2c271 req-fb22a66d-58ae-4b0e-87dc-ac779dd2c271 ] Request (QuotasAdminTestV236:tearDownClass): 204 DELETE http://10.180.1.21/identity/v3/projects/7e36a2f41d874127875983542c6f4475 0.117s
2025-11-14 09:39:56.373 66144 INFO tempest.lib.common.dynamic_creds [-] Deleting project and security group for project: 34ac8c63eb4b44f29a2d40c3a42301bf
2025-11-14 09:39:56.399 66128 INFO tempest.lib.common.rest_client [req-ba8f2d00-3548-41c1-8d7b-a6c2190b698e req-ba8f2d00-3548-41c1-8d7b-a6c2190b698e ] Request (HypervisorAdminV228Test:tearDownClass): 204 DELETE http://10.180.1.21/identity/v3/projects/08b50b40ab1a465486af496d0257f5ca 0.150s
2025-11-14 09:39:56.498 66128 INFO tempest.lib.common.rest_client [req-87285202-be98-449f-89c0-5b88223ab19e req-87285202-be98-449f-89c0-5b88223ab19e ] Request (ServerAddressesNegativeTestJSON:setUpClass): 201 POST http://10.180.1.21/identity/v3/auth/tokens 0.097s
2025-11-14 09:39:56.543 66128 INFO tempest.lib.common.rest_client [req-331c74aa-f5a0-4419-994f-c9f846417c83 req-331c74aa-f5a0-4419-994f-c9f846417c83 ] Request (ServerAddressesNegativeTestJSON:setUpClass): 201 POST http://10.180.1.21/identity/v3/auth/tokens 0.040s
2025-11-14 09:39:56.566 66162 INFO tempest.lib.common.rest_client [req-55864b25-ce79-4821-b7dd-7084f35a53e8 req-55864b25-ce79-4821-b7dd-7084f35a53e8 ] Request (InstanceUsageAuditLogNegativeTestJSON:tearDownClass): 204 DELETE http://10.180.1.21/networking/v2.0/security-groups/46eb0bcf-3289-4149-b04e-bd14f14f987e 0.419s
