2025-11-14 09:43:34.440 66148 INFO tempest.lib.common.dynamic_creds [-] Acquired dynamic creds: credentials: Credentials: {'domain_id': 'default', 'domain_name': 'Default', 'username': 'tempest-ServerRescueNegativeTestJSON-617945212-project-member', 'project_domain_id': 'default', 'project_domain_name': 'Default', 'project_id': '4e1d9eb93a5e4a0fba31c10b31855ac2', 'project_name': 'tempest-ServerRescueNegativeTestJSON-617945212', 'tenant_id': '4e1d9eb93a5e4a0fba31c10b31855ac2', 'tenant_name': 'tempest-ServerRescueNegativeTestJSON-617945212', 'user_domain_id': 'default', 'user_domain_name': 'Default', 'user_id': '5aaee4f2e411494aac4b5bc27c5f1390', 'system': None}, Network: None, Subnet: None, Router: None
2025-11-14 09:43:34.447 66158 INFO tempest.lib.common.rest_client [req-a07cb627-8ec4-4b4e-a286-b46659c6b95c req-a07cb627-8ec4-4b4e-a286-b46659c6b95c ] Request (ServerExternalEventsTest:tearDownClass): 200 GET http://10.180.1.21/compute/v2.1/servers/9fe1dc9a-076b-46b3-bb91-879d2e02b2b0 0.067s
2025-11-14 09:43:34.480 66136 INFO tempest.lib.common.rest_client [req-ed2e929e-597e-4b4c-bd15-c5fbd7d207ec req-ed2e929e-597e-4b4c-bd15-c5fbd7d207ec ] Request (ServersTestMultiNic:test_verify_multiple_nics_order): 200 GET http://10.180.1.21/compute/v2.1/servers/44bdcc71-e55d-499e-b265-42f69204311d 0.104s
2025-11-14 09:43:34.500 66148 INFO tempest.lib.common.rest_client [req-dc23723e-45d4-4507-a31f-764ac7c0dcd0 req-dc23723e-45d4-4507-a31f-764ac7c0dcd0 ] Request (ServerRescueNegativeTestJSON:setUpClass): 201 POST http://10.180.1.21/identity/v3/auth/tokens 0.060s
2025-11-14 09:43:34.628 66180 INFO tempest.lib.common.rest_client [req-045a939b-f356-4ff8-b975-b9478922e737 req-045a939b-f356-4ff8-b975-b9478922e737 ] Request (AttachInterfacesUnderV243Test:_run_cleanups): 200 GET http://10.180.1.21/compute/v2.1/servers/06d669b2-1c26-4336-a7da-136bb35f4f37 0.107s
2025-11-14 09:43:34.657 66170 INFO tempest.lib.common.rest_client [req-cd137239-7628-4052-b1f2-f49832a5fe24 req-cd137239-7628-4052-b1f2-f49832a5fe24 ] Request (ImagesTestJSON:test_create_server_from_snapshot): 200 GET http://10.180.1.21/compute/v2.1/servers/c051dff4-45af-4962-90fd-1c37b6bf590c 0.142s
2025-11-14 09:43:34.664 66170 INFO tempest.common.waiters [-] State transition "BUILD/spawning" ==> "ACTIVE/None" after 42 second wait
2025-11-14 09:43:34.705 66134 INFO tempest.lib.common.rest_client [req-ac4ccf77-94f3-45f2-9a3d-b49deab66a34 req-ac4ccf77-94f3-45f2-9a3d-b49deab66a34 ] Request (InstanceActionsTestJSON:tearDownClass): 200 GET http://10.180.1.21/compute/v2.1/servers/bc7a91f6-3e2b-4520-b116-acdbf051a825 0.075s
2025-11-14 09:43:34.763 66148 INFO tempest.lib.common.rest_client [req-48a04f80-183a-4eac-b7bc-a1126c48954d req-48a04f80-183a-4eac-b7bc-a1126c48954d ] Request (ServerRescueNegativeTestJSON:setUpClass): 201 POST http://10.180.1.21/networking/v2.0/networks 0.262s
2025-11-14 09:43:34.777 66170 INFO tempest.lib.common.rest_client [req-dbf68d54-7ddc-458b-8ec6-2de0ac4d637a req-dbf68d54-7ddc-458b-8ec6-2de0ac4d637a ] Request (ImagesTestJSON:test_create_server_from_snapshot): 204 DELETE http://10.180.1.21/compute/v2.1/servers/c051dff4-45af-4962-90fd-1c37b6bf590c 0.112s
2025-11-14 09:43:34.780 66164 INFO tempest.lib.common.rest_client [req-27db639c-ef96-4d2e-aef5-7c2ba9efaad2 req-27db639c-ef96-4d2e-aef5-7c2ba9efaad2 ] Request (ServerActionsTestOtherB:test_resize_server_confirm_from_stopped): 200 GET http://10.180.1.21/compute/v2.1/servers/cac75da9-2cdd-4853-ac53-9cf97e27e6f0 0.128s
2025-11-14 09:43:34.841 66140 INFO tempest.lib.common.rest_client [req-f125a15e-ede8-4afc-a0b1-ff624c00c3f2 req-f125a15e-ede8-4afc-a0b1-ff624c00c3f2 ] Request (ServersAdminTestJSON:tearDownClass): 200 GET http://10.180.1.21/compute/v2.1/servers/01665438-707f-473f-b0e9-e34917839f7d 0.126s
2025-11-14 09:43:34.856 66154 INFO tempest.lib.common.rest_client [req-41d66660-2b4a-4155-b7aa-27552759806d req-41d66660-2b4a-4155-b7aa-27552759806d ] Request (ServerTagsTestJSON:tearDownClass): 200 GET http://10.180.1.21/compute/v2.1/servers/bac493d9-6454-481c-8703-177efd82b3c6 0.103s
2025-11-14 09:43:34.876 66160 INFO tempest.lib.common.rest_client [req-b87c538c-ceb9-4b25-bf31-48e93ab239a9 req-b87c538c-ceb9-4b25-bf31-48e93ab239a9 ] Request (ServerPasswordTestJSON:tearDownClass): 404 GET http://10.180.1.21/compute/v2.1/servers/27b128c2-413c-45a2-b12e-1d142a152472 0.087s
2025-11-14 09:43:34.917 66132 WARNING tempest.lib.common.ssh [-] Failed to establish authenticated ssh connection to cirros@10.180.180.191 ([Errno None] Unable to connect to port 22 on 10.180.180.191). Number attempts: 5. Retry after 6 seconds.: paramiko.ssh_exception.NoValidConnectionsError: [Errno None] Unable to connect to port 22 on 10.180.180.191
2025-11-14 09:43:34.961 66148 INFO tempest.lib.common.rest_client [req-4308b352-6be1-4c73-97d4-7c614a34ffd2 req-4308b352-6be1-4c73-97d4-7c614a34ffd2 ] Request (ServerRescueNegativeTestJSON:setUpClass): 201 POST http://10.180.1.21/networking/v2.0/subnets 0.197s
2025-11-14 09:43:34.987 66156 INFO tempest.lib.common.rest_client [req-16e58521-5250-42a4-b195-291d74b74f98 req-16e58521-5250-42a4-b195-291d74b74f98 ] Request (DeleteServersTestJSON:test_delete_active_server): 200 GET http://10.180.1.21/compute/v2.1/servers/9d31b3bc-fc1d-4361-9e4e-81f4a87bc938 0.168s
2025-11-14 09:43:35.020 66170 INFO tempest.lib.common.rest_client [req-dee891fb-99dd-4fdb-aa7f-b27494fde3f0 req-dee891fb-99dd-4fdb-aa7f-b27494fde3f0 ] Request (ImagesTestJSON:test_create_server_from_snapshot): 200 GET http://10.180.1.21/compute/v2.1/servers/c051dff4-45af-4962-90fd-1c37b6bf590c 0.242s
2025-11-14 09:43:35.709 66160 INFO tempest.lib.common.rest_client [req-272f8912-61b0-42e5-b2b5-b739f16f68d2 req-272f8912-61b0-42e5-b2b5-b739f16f68d2 ] Request (ServerPasswordTestJSON:tearDownClass): 200 PUT http://10.180.1.21/networking/v2.0/routers/9028a833-89ed-4a86-86a8-8305b667ca80/remove_router_interface 0.832s
2025-11-14 09:43:35.730 66118 INFO tempest.lib.common.rest_client [req-62587862-f9d4-426c-9347-e88db395c40f req-62587862-f9d4-426c-9347-e88db395c40f ] Request (ServersNegativeTestJSON:setUpClass): 200 GET http://10.180.1.21/compute/v2.1/servers/d960cdff-fd38-4950-a83d-1026f5a6ebf6 0.888s
2025-11-14 09:43:35.749 66172 INFO tempest.lib.common.rest_client [req-81b28a0b-d6fc-450b-a2cd-6752caf240cc req-81b28a0b-d6fc-450b-a2cd-6752caf240cc ] Request (SecurityGroupsTestJSON:tearDownClass): 200 GET http://10.180.1.21/compute/v2.1/servers/955bba85-d4ff-4038-b58b-e5c09e22c974 0.769s
2025-11-14 09:43:35.754 66148 INFO tempest.lib.common.rest_client [req-3ca4184e-243d-46f2-8fe7-e9dc96c27ac5 req-3ca4184e-243d-46f2-8fe7-e9dc96c27ac5 ] Request (ServerRescueNegativeTestJSON:setUpClass): 201 POST http://10.180.1.21/networking/v2.0/routers 0.792s
2025-11-14 09:43:36.213 66160 INFO tempest.lib.common.rest_client [req-61ab59f1-49dc-429e-b838-269605585370 req-61ab59f1-49dc-429e-b838-269605585370 ] Request (ServerPasswordTestJSON:tearDownClass): 204 DELETE http://10.180.1.21/networking/v2.0/routers/9028a833-89ed-4a86-86a8-8305b667ca80 0.503s
2025-11-14 09:43:36.270 66168 INFO tempest.lib.common.rest_client [req-4fb73129-9423-4037-988d-0f6bba01ff49 req-4fb73129-9423-4037-988d-0f6bba01ff49 ] Request (ServersTestJSON:test_create_with_existing_server_name): 200 GET http://10.180.1.21/compute/v2.1/servers/8a720d15-c29d-446b-bfb9-ac0bdca98a4d 1.280s
2025-11-14 09:43:36.281 66122 INFO tempest.lib.common.rest_client [req-d9e21b87-ac4a-468d-b87b-0e5274d4ec60 req-d9e21b87-ac4a-468d-b87b-0e5274d4ec60 ] Request (ImagesNegativeTestJSON:test_create_image_from_deleted_server): 200 GET http://10.180.1.21/compute/v2.1/servers/049792d6-0442-46c3-9d46-fe3a510cd4fe 1.163s
2025-11-14 09:43:36.446 66160 INFO tempest.lib.common.rest_client [req-45319783-f67b-4500-8731-094680b1df17 req-45319783-f67b-4500-8731-094680b1df17 ] Request (ServerPasswordTestJSON:tearDownClass): 204 DELETE http://10.180.1.21/networking/v2.0/subnets/656f973e-710e-4a6a-93c0-66250cc5f369 0.233s
2025-11-14 09:43:36.487 66152 INFO tempest.lib.common.rest_client [req-368f5b17-2dc1-4157-9e68-e65a454088a4 req-368f5b17-2dc1-4157-9e68-e65a454088a4 ] Request (ImagesOneServerNegativeTestJSON:_run_cleanups): 200 GET http://10.180.1.21/compute/v2.1/servers/65146e80-e811-4160-a80f-24f60aad703a 1.254s
2025-11-14 09:43:36.735 66148 INFO tempest.lib.common.rest_client [req-8276ff40-c1dd-4162-8fa1-0a7f5ff16047 req-8276ff40-c1dd-4162-8fa1-0a7f5ff16047 ] Request (ServerRescueNegativeTestJSON:setUpClass): 200 PUT http://10.180.1.21/networking/v2.0/routers/859282ea-5275-4159-b457-6d3b5a6e9608/add_router_interface 0.980s
2025-11-14 09:43:36.735 66148 INFO tempest.lib.common.dynamic_creds [-] Created isolated network resources for: credentials: Credentials: {'domain_id': 'default', 'domain_name': 'Default', 'username': 'tempest-ServerRescueNegativeTestJSON-617945212-project-member', 'project_domain_id': 'default', 'project_domain_name': 'Default', 'project_id': '4e1d9eb93a5e4a0fba31c10b31855ac2', 'project_name': 'tempest-ServerRescueNegativeTestJSON-617945212', 'tenant_id': '4e1d9eb93a5e4a0fba31c10b31855ac2', 'tenant_name': 'tempest-ServerRescueNegativeTestJSON-617945212', 'user_domain_id': 'default', 'user_domain_name': 'Default', 'user_id': '5aaee4f2e411494aac4b5bc27c5f1390', 'system': None}, Network: {'id': '82884116-1a87-43d2-9ba5-3546e52a63a8', 'name': 'tempest-ServerRescueNegativeTestJSON-1504951384-network', 'tenant_id': '4e1d9eb93a5e4a0fba31c10b31855ac2', 'project_id': '4e1d9eb93a5e4a0fba31c10b31855ac2', 'admin_state_up': True, 'mtu': 8950, 'status': 'ACTIVE', 'subnets': [], 'shared': False, 'port_security_enabled': True, 'router:external': False, 'provider:network_type': 'vlan', 'provider:physical_network': 'default', 'provider:segmentation_id': 803, 'availability_zone_hints': [], 'availability_zones': [], 'ipv4_address_scope': None, 'ipv6_address_scope': None, 'description': '', 'tags': [], 'created_at': '2025-11-14T09:43:34Z', 'updated_at': '2025-11-14T09:43:34Z', 'revision_number': 1}, Subnet: {'id': '557d1bc8-9b5c-4c59-b3e0-dedc7df6eadb', 'name': 'tempest-ServerRescueNegativeTestJSON-1504951384-subnet', 'tenant_id': '4e1d9eb93a5e4a0fba31c10b31855ac2', 'network_id': '82884116-1a87-43d2-9ba5-3546e52a63a8', 'ip_version': 4, 'subnetpool_id': None, 'enable_dhcp': True, 'ipv6_ra_mode': None, 'ipv6_address_mode': None, 'gateway_ip': '192.168.128.1', 'cidr': '192.168.128.0/28', 'allocation_pools': [{'start': '192.168.128.2', 'end': '192.168.128.14'}], 'host_routes': [], 'dns_nameservers': [], 'description': '', 'router:external': False, 'service_types': [], 'tags': [], 'created_at': '2025-11-14T09:43:34Z', 'updated_at': '2025-11-14T09:43:34Z', 'revision_number': 0, 'project_id': '4e1d9eb93a5e4a0fba31c10b31855ac2'}, Router: {'id': '859282ea-5275-4159-b457-6d3b5a6e9608', 'name': 'tempest-ServerRescueNegativeTestJSON-1504951384-router', 'tenant_id': '4e1d9eb93a5e4a0fba31c10b31855ac2', 'admin_state_up': True, 'status': 'ACTIVE', 'external_gateway_info': {'network_id': '241e164b-421d-42e5-87d1-eb89bbec3fac', 'external_fixed_ips': [{'subnet_id': 'b0531ee1-7fd2-4927-9f31-529017a20319', 'ip_address': '10.180.180.226'}], 'enable_snat': True}, 'description': '', 'availability_zones': [], 'distributed': False, 'ha': False, 'availability_zone_hints': [], 'routes': [], 'flavor_id': None, 'tags': [], 'created_at': '2025-11-14T09:43:35Z', 'updated_at': '2025-11-14T09:43:35Z', 'revision_number': 2, 'project_id': '4e1d9eb93a5e4a0fba31c10b31855ac2'}
2025-11-14 09:43:36.813 66124 INFO tempest.lib.common.rest_client [req-5ca3294e-643d-44a7-acd6-83ff09877045 req-5ca3294e-643d-44a7-acd6-83ff09877045 ] Request (ServerMetadataTestJSON:setUpClass): 200 GET http://10.180.1.21/compute/v2.1/servers/ed244471-6733-4e0d-8885-3c6c381dc043 1.554s
2025-11-14 09:43:36.813 66160 INFO tempest.lib.common.rest_client [req-87ed9ca9-4ee5-40f8-92bd-aa14f27b379a req-87ed9ca9-4ee5-40f8-92bd-aa14f27b379a ] Request (ServerPasswordTestJSON:tearDownClass): 204 DELETE http://10.180.1.21/networking/v2.0/networks/05145eb3-d1ad-4b03-aa3c-400195dfe8e5 0.366s
2025-11-14 09:43:36.825 66146 INFO tempest.lib.common.rest_client [req-42d80633-8f28-49e8-97c6-75e99a0ee2ce req-42d80633-8f28-49e8-97c6-75e99a0ee2ce ] Request (AttachVolumeNegativeTest:test_attach_attached_volume_to_different_server): 200 GET http://10.180.1.21/compute/v2.1/servers/6db88ab4-26f2-415f-96fb-4ab562aa6a9c 1.468s
2025-11-14 09:43:36.858 66148 INFO tempest.lib.common.rest_client [req-33e1d915-231c-4f58-bf51-d4c9ed46bc83 req-33e1d915-231c-4f58-bf51-d4c9ed46bc83 ] Request (ServerRescueNegativeTestJSON:setUpClass): 201 POST http://10.180.1.21/identity/v3/auth/tokens 0.117s
2025-11-14 09:43:36.929 66158 INFO tempest.lib.common.rest_client [req-0f1ffe7c-9263-4602-8746-9fe303284b05 req-0f1ffe7c-9263-4602-8746-9fe303284b05 ] Request (ServerExternalEventsTest:tearDownClass): 200 GET http://10.180.1.21/compute/v2.1/servers/9fe1dc9a-076b-46b3-bb91-879d2e02b2b0 1.474s
2025-11-14 09:43:36.968 66148 INFO tempest.lib.common.rest_client [req-c2b2d1f2-ebef-4f65-a3e2-d26e4d115718 req-c2b2d1f2-ebef-4f65-a3e2-d26e4d115718 ] Request (ServerRescueNegativeTestJSON:setUpClass): 201 POST http://10.180.1.21/identity/v3/auth/tokens 0.104s
2025-11-14 09:43:36.969 66148 INFO tempest.lib.common.fixed_network [-] (ServerRescueNegativeTestJSON:setUpClass) Found network {'id': '82884116-1a87-43d2-9ba5-3546e52a63a8', 'name': 'tempest-ServerRescueNegativeTestJSON-1504951384-network', 'tenant_id': '4e1d9eb93a5e4a0fba31c10b31855ac2', 'project_id': '4e1d9eb93a5e4a0fba31c10b31855ac2', 'admin_state_up': True, 'mtu': 8950, 'status': 'ACTIVE', 'subnets': [], 'shared': False, 'port_security_enabled': True, 'router:external': False, 'provider:network_type': 'vlan', 'provider:physical_network': 'default', 'provider:segmentation_id': 803, 'availability_zone_hints': [], 'availability_zones': [], 'ipv4_address_scope': None, 'ipv6_address_scope': None, 'description': '', 'tags': [], 'created_at': '2025-11-14T09:43:34Z', 'updated_at': '2025-11-14T09:43:34Z', 'revision_number': 1} available for tenant
2025-11-14 09:43:36.987 66160 INFO tempest.lib.common.rest_client [req-d639fce6-2551-44c9-a5f2-a39be10ad773 req-d639fce6-2551-44c9-a5f2-a39be10ad773 ] Request (ServerPasswordTestJSON:tearDownClass): 204 DELETE http://10.180.1.21/identity/v3/users/9d25370524214779a29e0fc74c21b5e5 0.173s
2025-11-14 09:43:36.987 66160 INFO tempest.lib.common.dynamic_creds [-] Deleting project and security group for project: 181b4c2210854f9c833eccc1deb1f776
2025-11-14 09:43:37.101 66160 INFO tempest.lib.common.rest_client [req-2edccc0a-21d2-406c-abba-095ff201d841 req-2edccc0a-21d2-406c-abba-095ff201d841 ] Request (ServerPasswordTestJSON:tearDownClass): 200 GET http://10.180.1.21/networking/v2.0/security-groups?tenant_id=181b4c2210854f9c833eccc1deb1f776&name=default 0.114s
2025-11-14 09:43:37.141 66142 INFO tempest.lib.common.rest_client [req-55ea31a5-0bf7-498a-a6cd-142822662115 req-55ea31a5-0bf7-498a-a6cd-142822662115 ] Request (AttachInterfacesTestJSON:test_create_list_show_delete_interfaces_by_network_port): 200 GET http://10.180.1.21/compute/v2.1/servers/265d4c81-a148-4bdd-aaa4-05c8ab68273f 1.772s
2025-11-14 09:43:37.212 66160 INFO tempest.lib.common.rest_client [req-bedc7dce-b636-4e10-b65d-ebcc5a334dd3 req-bedc7dce-b636-4e10-b65d-ebcc5a334dd3 ] Request (ServerPasswordTestJSON:tearDownClass): 204 DELETE http://10.180.1.21/networking/v2.0/security-groups/023d1fc8-88c6-4bb4-a53d-931fdf284014 0.110s
2025-11-14 09:43:37.243 66136 INFO tempest.lib.common.rest_client [req-9f05c5db-9926-410e-9d04-972d0840b002 req-9f05c5db-9926-410e-9d04-972d0840b002 ] Request (ServersTestMultiNic:test_verify_multiple_nics_order): 200 GET http://10.180.1.21/compute/v2.1/servers/44bdcc71-e55d-499e-b265-42f69204311d 1.754s
2025-11-14 09:43:37.251 66136 INFO tempest.common.waiters [-] State transition "BUILD/spawning" ==> "ACTIVE/None" after 45 second wait
2025-11-14 09:43:37.263 66180 INFO tempest.lib.common.rest_client [req-1ba6fb70-e8af-4320-a135-35cd4aa76ef1 req-1ba6fb70-e8af-4320-a135-35cd4aa76ef1 ] Request (AttachInterfacesUnderV243Test:_run_cleanups): 200 GET http://10.180.1.21/compute/v2.1/servers/06d669b2-1c26-4336-a7da-136bb35f4f37 1.626s
2025-11-14 09:43:37.264 66134 INFO tempest.lib.common.rest_client [req-4b9c41ac-5da3-46de-b1e5-ab58fb329b3b req-4b9c41ac-5da3-46de-b1e5-ab58fb329b3b ] Request (InstanceActionsTestJSON:tearDownClass): 404 GET http://10.180.1.21/compute/v2.1/servers/bc7a91f6-3e2b-4520-b116-acdbf051a825 1.551s
2025-11-14 09:43:37.440 66140 INFO tempest.lib.common.rest_client [req-7990ae98-a46c-48e5-a687-e4423a9e572a req-7990ae98-a46c-48e5-a687-e4423a9e572a ] Request (ServersAdminTestJSON:tearDownClass): 200 GET http://10.180.1.21/compute/v2.1/servers/01665438-707f-473f-b0e9-e34917839f7d 1.589s
2025-11-14 09:43:37.440 66160 INFO tempest.lib.common.rest_client [req-68beb74b-7937-4f55-9e3b-04601ae258b4 req-68beb74b-7937-4f55-9e3b-04601ae258b4 ] Request (ServerPasswordTestJSON:tearDownClass): 204 DELETE http://10.180.1.21/identity/v3/projects/181b4c2210854f9c833eccc1deb1f776 0.228s
2025-11-14 09:43:37.472 66164 INFO tempest.lib.common.rest_client [req-a0374d6d-6a44-4000-80f6-d80f1a108e49 req-a0374d6d-6a44-4000-80f6-d80f1a108e49 ] Request (ServerActionsTestOtherB:test_resize_server_confirm_from_stopped): 200 GET http://10.180.1.21/compute/v2.1/servers/cac75da9-2cdd-4853-ac53-9cf97e27e6f0 1.682s
2025-11-14 09:43:37.521 66154 INFO tempest.lib.common.rest_client [req-14c7be21-58b5-4211-ac43-a347c73aaa65 req-14c7be21-58b5-4211-ac43-a347c73aaa65 ] Request (ServerTagsTestJSON:tearDownClass): 200 GET http://10.180.1.21/compute/v2.1/servers/bac493d9-6454-481c-8703-177efd82b3c6 1.656s
2025-11-14 09:43:37.557 66156 INFO tempest.lib.common.rest_client [req-79897550-6a82-4573-9b37-f460ac982f00 req-79897550-6a82-4573-9b37-f460ac982f00 ] Request (DeleteServersTestJSON:test_delete_active_server): 200 GET http://10.180.1.21/compute/v2.1/servers/9d31b3bc-fc1d-4361-9e4e-81f4a87bc938 1.560s
2025-11-14 09:43:37.589 66170 INFO tempest.lib.common.rest_client [req-fe5df00e-8efd-43ad-8a84-5bef1c019e94 req-fe5df00e-8efd-43ad-8a84-5bef1c019e94 ] Request (ImagesTestJSON:test_create_server_from_snapshot): 200 GET http://10.180.1.21/compute/v2.1/servers/c051dff4-45af-4962-90fd-1c37b6bf590c 1.553s
2025-11-14 09:43:37.623 66118 INFO tempest.lib.common.rest_client [req-9fe1706a-c6d5-4225-b8ea-fb9fc4bd5863 req-9fe1706a-c6d5-4225-b8ea-fb9fc4bd5863 ] Request (ServersNegativeTestJSON:setUpClass): 200 GET http://10.180.1.21/compute/v2.1/servers/d960cdff-fd38-4950-a83d-1026f5a6ebf6 0.885s
2025-11-14 09:43:37.653 66172 INFO tempest.lib.common.rest_client [req-d6dc137b-5218-44d8-9a52-94f6fe236b8f req-d6dc137b-5218-44d8-9a52-94f6fe236b8f ] Request (SecurityGroupsTestJSON:tearDownClass): 200 GET http://10.180.1.21/compute/v2.1/servers/955bba85-d4ff-4038-b58b-e5c09e22c974 0.891s
2025-11-14 09:43:37.678 66136 INFO tempest.lib.common.rest_client [req-90699e5c-fce6-43bc-903b-2cc3b9a8afd1 req-90699e5c-fce6-43bc-903b-2cc3b9a8afd1 ] Request (ServersTestMultiNic:test_verify_multiple_nics_order): 200 GET http://10.180.1.21/compute/v2.1/servers/44bdcc71-e55d-499e-b265-42f69204311d/ips 0.426s
2025-11-14 09:43:37.739 66168 INFO tempest.lib.common.rest_client [req-89fe931c-a062-4161-9872-1b1aee79fbfe req-89fe931c-a062-4161-9872-1b1aee79fbfe ] Request (ServersTestJSON:test_create_with_existing_server_name): 200 GET http://10.180.1.21/compute/v2.1/servers/8a720d15-c29d-446b-bfb9-ac0bdca98a4d 0.459s
2025-11-14 09:43:37.787 66122 INFO tempest.lib.common.rest_client [req-922b8bf5-b5cc-404e-bd6f-4167fdeb0c13 req-922b8bf5-b5cc-404e-bd6f-4167fdeb0c13 ] Request (ImagesNegativeTestJSON:test_create_image_from_deleted_server): 200 GET http://10.180.1.21/compute/v2.1/servers/049792d6-0442-46c3-9d46-fe3a510cd4fe 0.496s
2025-11-14 09:43:37.883 66152 INFO tempest.lib.common.rest_client [req-60731e86-6028-47a0-a829-8d9678867f44 req-60731e86-6028-47a0-a829-8d9678867f44 ] Request (ImagesOneServerNegativeTestJSON:_run_cleanups): 200 GET http://10.180.1.21/compute/v2.1/servers/65146e80-e811-4160-a80f-24f60aad703a 0.386s
2025-11-14 09:43:37.968 66136 INFO tempest.lib.common.rest_client [req-cfb3057e-24fc-450a-beda-7ca1cc7ee4e5 req-cfb3057e-24fc-450a-beda-7ca1cc7ee4e5 ] Request (ServersTestMultiNic:_run_cleanups): 204 DELETE http://10.180.1.21/compute/v2.1/servers/44bdcc71-e55d-499e-b265-42f69204311d 0.289s
2025-11-14 09:43:38.079 66134 INFO tempest.lib.common.rest_client [req-b3474d76-2932-4357-b8d1-77d2b9c53b63 req-b3474d76-2932-4357-b8d1-77d2b9c53b63 ] Request (InstanceActionsTestJSON:tearDownClass): 200 PUT http://10.180.1.21/networking/v2.0/routers/4d5e1fb1-261a-4e83-be4c-6b51af7d1f24/remove_router_interface 0.815s
2025-11-14 09:43:38.126 66148 INFO tempest.lib.common.rest_client [req-4c9722ab-ec42-4e6c-9cfe-39b71e0b2c0b req-4c9722ab-ec42-4e6c-9cfe-39b71e0b2c0b ] Request (ServerRescueNegativeTestJSON:setUpClass): 202 POST http://10.180.1.21/compute/v2.1/servers 1.156s
2025-11-14 09:43:38.146 66124 INFO tempest.lib.common.rest_client [req-854b24f8-176a-4063-a6d5-226aee1b2e27 req-854b24f8-176a-4063-a6d5-226aee1b2e27 ] Request (ServerMetadataTestJSON:setUpClass): 200 GET http://10.180.1.21/compute/v2.1/servers/ed244471-6733-4e0d-8885-3c6c381dc043 0.324s
2025-11-14 09:43:38.154 66124 INFO tempest.common.waiters [-] State transition "BUILD/spawning" ==> "ACTIVE/None" after 45 second wait
2025-11-14 09:43:38.206 66146 INFO tempest.lib.common.rest_client [req-9963f83c-020f-4743-bb9f-aea05126667a req-9963f83c-020f-4743-bb9f-aea05126667a ] Request (AttachVolumeNegativeTest:test_attach_attached_volume_to_different_server): 200 GET http://10.180.1.21/compute/v2.1/servers/6db88ab4-26f2-415f-96fb-4ab562aa6a9c 0.372s
2025-11-14 09:43:38.232 66158 INFO tempest.lib.common.rest_client [req-b52badc4-80fd-4a47-ae27-4eb3e243e76c req-b52badc4-80fd-4a47-ae27-4eb3e243e76c ] Request (ServerExternalEventsTest:tearDownClass): 200 GET http://10.180.1.21/compute/v2.1/servers/9fe1dc9a-076b-46b3-bb91-879d2e02b2b0 0.292s
2025-11-14 09:43:38.320 66148 INFO tempest.lib.common.rest_client [req-d00ea315-49e9-454a-a54b-e86e35fd7295 req-d00ea315-49e9-454a-a54b-e86e35fd7295 ] Request (ServerRescueNegativeTestJSON:setUpClass): 200 GET http://10.180.1.21/compute/v2.1/servers/1478c4c0-d97d-44f0-9df6-10f178755003 0.191s
2025-11-14 09:43:38.354 66136 INFO tempest.lib.common.rest_client [req-67d44016-2ee8-4b3c-85e6-7ca13dab1667 req-67d44016-2ee8-4b3c-85e6-7ca13dab1667 ] Request (ServersTestMultiNic:_run_cleanups): 200 GET http://10.180.1.21/compute/v2.1/servers/44bdcc71-e55d-499e-b265-42f69204311d 0.385s
2025-11-14 09:43:38.368 66148 INFO tempest.lib.common.rest_client [req-3b8969a7-3d9b-4fd7-b753-5b6192f5e6f6 req-3b8969a7-3d9b-4fd7-b753-5b6192f5e6f6 ] Request (ServerRescueNegativeTestJSON:setUpClass): 201 POST http://10.180.1.21/identity/v3/auth/tokens 0.034s
2025-11-14 09:43:38.368 66148 INFO tempest.lib.common.fixed_network [-] (ServerRescueNegativeTestJSON:setUpClass) Found network {'id': '82884116-1a87-43d2-9ba5-3546e52a63a8', 'name': 'tempest-ServerRescueNegativeTestJSON-1504951384-network', 'tenant_id': '4e1d9eb93a5e4a0fba31c10b31855ac2', 'project_id': '4e1d9eb93a5e4a0fba31c10b31855ac2', 'admin_state_up': True, 'mtu': 8950, 'status': 'ACTIVE', 'subnets': [], 'shared': False, 'port_security_enabled': True, 'router:external': False, 'provider:network_type': 'vlan', 'provider:physical_network': 'default', 'provider:segmentation_id': 803, 'availability_zone_hints': [], 'availability_zones': [], 'ipv4_address_scope': None, 'ipv6_address_scope': None, 'description': '', 'tags': [], 'created_at': '2025-11-14T09:43:34Z', 'updated_at': '2025-11-14T09:43:34Z', 'revision_number': 1} available for tenant
2025-11-14 09:43:38.433 66124 INFO tempest.lib.common.rest_client [req-c9b754dc-9fbd-4e94-a155-4c8997770287 req-c9b754dc-9fbd-4e94-a155-4c8997770287 ] Request (ServerMetadataTestJSON:setUp): 200 PUT http://10.180.1.21/compute/v2.1/servers/ed244471-6733-4e0d-8885-3c6c381dc043/metadata 0.276s
2025-11-14 09:43:38.440 66142 INFO tempest.lib.common.rest_client [req-bd05b354-f33b-424c-b914-6a06f838cf81 req-bd05b354-f33b-424c-b914-6a06f838cf81 ] Request (AttachInterfacesTestJSON:test_create_list_show_delete_interfaces_by_network_port): 200 GET http://10.180.1.21/compute/v2.1/servers/265d4c81-a148-4bdd-aaa4-05c8ab68273f 0.288s
2025-11-14 09:43:38.510 66180 INFO tempest.lib.common.rest_client [req-18804695-2d99-411d-9106-5fc5c6cfa41e req-18804695-2d99-411d-9106-5fc5c6cfa41e ] Request (AttachInterfacesUnderV243Test:_run_cleanups): 200 GET http://10.180.1.21/compute/v2.1/servers/06d669b2-1c26-4336-a7da-136bb35f4f37 0.236s
2025-11-14 09:43:38.559 66124 INFO tempest.lib.common.rest_client [req-c243d257-fddb-4895-820e-474b019e4dff req-c243d257-fddb-4895-820e-474b019e4dff ] Request (ServerMetadataTestJSON:test_delete_server_metadata_item): 204 DELETE http://10.180.1.21/compute/v2.1/servers/ed244471-6733-4e0d-8885-3c6c381dc043/metadata/key1 0.124s
2025-11-14 09:43:38.566 66134 INFO tempest.lib.common.rest_client [req-390aa753-32e7-4e11-bba0-41e50cdc3428 req-390aa753-32e7-4e11-bba0-41e50cdc3428 ] Request (InstanceActionsTestJSON:tearDownClass): 204 DELETE http://10.180.1.21/networking/v2.0/routers/4d5e1fb1-261a-4e83-be4c-6b51af7d1f24 0.487s
2025-11-14 09:43:38.660 66140 INFO tempest.lib.common.rest_client [req-fbed5f3d-cd0b-4a4e-a48a-570338277e26 req-fbed5f3d-cd0b-4a4e-a48a-570338277e26 ] Request (ServersAdminTestJSON:tearDownClass): 200 GET http://10.180.1.21/compute/v2.1/servers/01665438-707f-473f-b0e9-e34917839f7d 0.211s
2025-11-14 09:43:38.710 66134 INFO tempest.lib.common.rest_client [req-8773d565-6587-404c-97dc-cc60e97731e4 req-8773d565-6587-404c-97dc-cc60e97731e4 ] Request (InstanceActionsTestJSON:tearDownClass): 204 DELETE http://10.180.1.21/networking/v2.0/subnets/eedb1683-9d12-4f47-a991-b89f970875af 0.143s
2025-11-14 09:43:38.780 66148 INFO tempest.lib.common.rest_client [req-aa559349-4d73-4de4-abad-c746602bec72 req-aa559349-4d73-4de4-abad-c746602bec72 ] Request (ServerRescueNegativeTestJSON:setUpClass): 202 POST http://10.180.1.21/compute/v2.1/servers 0.411s
2025-11-14 09:43:38.821 66164 INFO tempest.lib.common.rest_client [req-f48e647a-e20c-4d8b-85fb-1118753fda46 req-f48e647a-e20c-4d8b-85fb-1118753fda46 ] Request (ServerActionsTestOtherB:test_resize_server_confirm_from_stopped): 200 GET http://10.180.1.21/compute/v2.1/servers/cac75da9-2cdd-4853-ac53-9cf97e27e6f0 0.339s
2025-11-14 09:43:38.867 66154 INFO tempest.lib.common.rest_client [req-5f52a214-114e-48c6-b557-51d59cf5d64e req-5f52a214-114e-48c6-b557-51d59cf5d64e ] Request (ServerTagsTestJSON:tearDownClass): 200 GET http://10.180.1.21/compute/v2.1/servers/bac493d9-6454-481c-8703-177efd82b3c6 0.333s
2025-11-14 09:43:38.868 66124 INFO tempest.lib.common.rest_client [req-a0ef341a-36ab-4ee9-80f8-bbbc6f7af136 req-a0ef341a-36ab-4ee9-80f8-bbbc6f7af136 ] Request (ServerMetadataTestJSON:test_delete_server_metadata_item): 200 GET http://10.180.1.21/compute/v2.1/servers/ed244471-6733-4e0d-8885-3c6c381dc043/metadata 0.308s
2025-11-14 09:43:38.959 66170 INFO tempest.lib.common.rest_client [req-27538b08-d74f-41e1-9b42-faf35230baff req-27538b08-d74f-41e1-9b42-faf35230baff ] Request (ImagesTestJSON:test_create_server_from_snapshot): 200 GET http://10.180.1.21/compute/v2.1/servers/c051dff4-45af-4962-90fd-1c37b6bf590c 0.360s
2025-11-14 09:43:38.967 66170 INFO tempest.common.waiters [-] State transition "ACTIVE/deleting" ==> "DELETED/None" after 3 second wait
2025-11-14 09:43:38.976 66156 INFO tempest.lib.common.rest_client [req-9822fec2-f4a3-4d57-b4f0-7a9d4f19549f req-9822fec2-f4a3-4d57-b4f0-7a9d4f19549f ] Request (DeleteServersTestJSON:test_delete_active_server): 200 GET http://10.180.1.21/compute/v2.1/servers/9d31b3bc-fc1d-4361-9e4e-81f4a87bc938 0.409s
2025-11-14 09:43:39.001 66172 INFO tempest.lib.common.rest_client [req-8560541b-3f88-48ce-be83-1cb18d885fee req-8560541b-3f88-48ce-be83-1cb18d885fee ] Request (SecurityGroupsTestJSON:tearDownClass): 404 GET http://10.180.1.21/compute/v2.1/servers/955bba85-d4ff-4038-b58b-e5c09e22c974 0.337s
2025-11-14 09:43:39.056 66118 INFO tempest.lib.common.rest_client [req-692db509-c0db-4d59-be01-566c3062d577 req-692db509-c0db-4d59-be01-566c3062d577 ] Request (ServersNegativeTestJSON:setUpClass): 200 GET http://10.180.1.21/compute/v2.1/servers/d960cdff-fd38-4950-a83d-1026f5a6ebf6 0.423s
2025-11-14 09:43:39.115 66168 INFO tempest.lib.common.rest_client [req-e80dbbac-98cc-4f87-8aba-1ed8c04c3ee4 req-e80dbbac-98cc-4f87-8aba-1ed8c04c3ee4 ] Request (ServersTestJSON:test_create_with_existing_server_name): 200 GET http://10.180.1.21/compute/v2.1/servers/8a720d15-c29d-446b-bfb9-ac0bdca98a4d 0.366s
2025-11-14 09:43:39.128 66148 INFO tempest.lib.common.rest_client [req-4df583d5-a819-4912-8897-044460800b92 req-4df583d5-a819-4912-8897-044460800b92 ] Request (ServerRescueNegativeTestJSON:setUpClass): 200 GET http://10.180.1.21/compute/v2.1/servers/b09b88b6-c076-4368-94dd-268648ddca51 0.346s
2025-11-14 09:43:39.148 66134 INFO tempest.lib.common.rest_client [req-9a7d90ce-6f1d-4ae3-a471-eef2cd2cfb17 req-9a7d90ce-6f1d-4ae3-a471-eef2cd2cfb17 ] Request (InstanceActionsTestJSON:tearDownClass): 204 DELETE http://10.180.1.21/networking/v2.0/networks/559b3a14-4eae-4143-9e2f-e7f94a1ab489 0.437s
2025-11-14 09:43:39.222 66122 INFO tempest.lib.common.rest_client [req-a17e6911-f78b-4d12-bc0e-7800df7eb9e3 req-a17e6911-f78b-4d12-bc0e-7800df7eb9e3 ] Request (ImagesNegativeTestJSON:test_create_image_from_deleted_server): 200 GET http://10.180.1.21/compute/v2.1/servers/049792d6-0442-46c3-9d46-fe3a510cd4fe 0.426s
2025-11-14 09:43:39.243 66124 INFO tempest.lib.common.rest_client [req-31854b1e-95c3-45f9-a135-ea2d0222873e req-31854b1e-95c3-45f9-a135-ea2d0222873e ] Request (ServerMetadataTestJSON:setUp): 200 PUT http://10.180.1.21/compute/v2.1/servers/ed244471-6733-4e0d-8885-3c6c381dc043/metadata 0.370s
2025-11-14 09:43:39.296 66152 INFO tempest.lib.common.rest_client [req-780516d4-71e5-4804-8070-b1b5b6fd7312 req-780516d4-71e5-4804-8070-b1b5b6fd7312 ] Request (ImagesOneServerNegativeTestJSON:_run_cleanups): 200 GET http://10.180.1.21/compute/v2.1/servers/65146e80-e811-4160-a80f-24f60aad703a 0.403s
2025-11-14 09:43:39.372 66146 INFO tempest.lib.common.rest_client [req-958b00d3-354e-434e-a331-76a206298ba7 req-958b00d3-354e-434e-a331-76a206298ba7 ] Request (AttachVolumeNegativeTest:test_attach_attached_volume_to_different_server): 200 GET http://10.180.1.21/compute/v2.1/servers/6db88ab4-26f2-415f-96fb-4ab562aa6a9c 0.153s
2025-11-14 09:43:39.405 66134 INFO tempest.lib.common.rest_client [req-76637d73-4996-4ac9-9c35-962da1f9bb96 req-76637d73-4996-4ac9-9c35-962da1f9bb96 ] Request (InstanceActionsTestJSON:tearDownClass): 204 DELETE http://10.180.1.21/identity/v3/users/d3da221940de4cd194b7aec70e84e970 0.256s
2025-11-14 09:43:39.405 66134 INFO tempest.lib.common.dynamic_creds [-] Deleting project and security group for project: 9e2616f22f214bac98bac518b9291dfd
2025-11-14 09:43:39.407 66172 INFO tempest.lib.common.rest_client [req-3f8cad92-34c6-4315-aea0-a811c61cacd7 req-3f8cad92-34c6-4315-aea0-a811c61cacd7 ] Request (SecurityGroupsTestJSON:tearDownClass): 202 DELETE http://10.180.1.21/compute/v2.1/os-security-groups/9a394b29-3e1e-44d0-b501-e532ae6bca92 0.406s
2025-11-14 09:43:39.421 66124 INFO tempest.lib.common.rest_client [req-e76199d6-1c41-4255-9bf7-336b2bb501f3 req-e76199d6-1c41-4255-9bf7-336b2bb501f3 ] Request (ServerMetadataTestJSON:test_get_server_metadata_item): 200 GET http://10.180.1.21/compute/v2.1/servers/ed244471-6733-4e0d-8885-3c6c381dc043/metadata/key2 0.177s
2025-11-14 09:43:39.445 66134 INFO tempest.lib.common.rest_client [req-ceaf0b61-8199-43be-aa12-9cf7922418d2 req-ceaf0b61-8199-43be-aa12-9cf7922418d2 ] Request (InstanceActionsTestJSON:tearDownClass): 200 GET http://10.180.1.21/networking/v2.0/security-groups?tenant_id=9e2616f22f214bac98bac518b9291dfd&name=default 0.039s
2025-11-14 09:43:39.530 66134 INFO tempest.lib.common.rest_client [req-d620abe4-ad7f-43e8-a69e-4557968fa9d6 req-d620abe4-ad7f-43e8-a69e-4557968fa9d6 ] Request (InstanceActionsTestJSON:tearDownClass): 204 DELETE http://10.180.1.21/networking/v2.0/security-groups/588bc2f6-c071-4ab0-8b5d-89cb9084eeed 0.084s
2025-11-14 09:43:39.552 66120 WARNING tempest.lib.common.ssh [-] Failed to establish authenticated ssh connection to cirros@10.180.180.238 ([Errno None] Unable to connect to port 22 on 10.180.180.238). Number attempts: 10. Retry after 11 seconds.: paramiko.ssh_exception.NoValidConnectionsError: [Errno None] Unable to connect to port 22 on 10.180.180.238
2025-11-14 09:43:39.553 66158 INFO tempest.lib.common.rest_client [req-b321218b-2596-4003-93a8-94a6507a8bd7 req-b321218b-2596-4003-93a8-94a6507a8bd7 ] Request (ServerExternalEventsTest:tearDownClass): 200 GET http://10.180.1.21/compute/v2.1/servers/9fe1dc9a-076b-46b3-bb91-879d2e02b2b0 0.308s
2025-11-14 09:43:39.608 66136 INFO tempest.lib.common.rest_client [req-3b2814dc-de21-43bc-bf96-6ef9a4b1fa7d req-3b2814dc-de21-43bc-bf96-6ef9a4b1fa7d ] Request (ServersTestMultiNic:_run_cleanups): 200 GET http://10.180.1.21/compute/v2.1/servers/44bdcc71-e55d-499e-b265-42f69204311d 0.244s
2025-11-14 09:43:39.681 66172 INFO tempest.lib.common.rest_client [req-50cbf1f4-2fe2-46b3-9224-825a923c601d req-50cbf1f4-2fe2-46b3-9224-825a923c601d ] Request (SecurityGroupsTestJSON:tearDownClass): 202 DELETE http://10.180.1.21/compute/v2.1/os-security-groups/bec2b962-bd38-4eda-a666-6f079413f831 0.274s
2025-11-14 09:43:39.706 66134 INFO tempest.lib.common.rest_client [req-f9ba9b54-63df-4c03-8fa3-f7b442ab9ed1 req-f9ba9b54-63df-4c03-8fa3-f7b442ab9ed1 ] Request (InstanceActionsTestJSON:tearDownClass): 204 DELETE http://10.180.1.21/identity/v3/projects/9e2616f22f214bac98bac518b9291dfd 0.176s
2025-11-14 09:43:39.718 66124 INFO tempest.lib.common.rest_client [req-6b7c3171-5fce-4abc-8423-79139ec3fb4e req-6b7c3171-5fce-4abc-8423-79139ec3fb4e ] Request (ServerMetadataTestJSON:setUp): 200 PUT http://10.180.1.21/compute/v2.1/servers/ed244471-6733-4e0d-8885-3c6c381dc043/metadata 0.295s
2025-11-14 09:43:39.790 66180 INFO tempest.lib.common.rest_client [req-9266bc17-147e-42bf-9042-eba23fe6c34f req-9266bc17-147e-42bf-9042-eba23fe6c34f ] Request (AttachInterfacesUnderV243Test:_run_cleanups): 200 GET http://10.180.1.21/compute/v2.1/servers/06d669b2-1c26-4336-a7da-136bb35f4f37 0.272s
2025-11-14 09:43:39.806 66134 INFO tempest.lib.common.rest_client [req-a471a103-636a-4452-bf44-d50fcf15a11d req-a471a103-636a-4452-bf44-d50fcf15a11d ] Request (ServerActionsTestOtherA:setUpClass): 201 POST http://10.180.1.21/identity/v3/auth/tokens 0.098s
2025-11-14 09:43:39.829 66142 INFO tempest.lib.common.rest_client [req-d1e33308-60e6-4785-b287-64901adb16f0 req-d1e33308-60e6-4785-b287-64901adb16f0 ] Request (AttachInterfacesTestJSON:test_create_list_show_delete_interfaces_by_network_port): 200 GET http://10.180.1.21/compute/v2.1/servers/265d4c81-a148-4bdd-aaa4-05c8ab68273f 0.379s
2025-11-14 09:43:39.857 66134 INFO tempest.lib.common.rest_client [req-3ea826c6-7d1e-4461-8027-e0fb17b50ea6 req-3ea826c6-7d1e-4461-8027-e0fb17b50ea6 ] Request (ServerActionsTestOtherA:setUpClass): 201 POST http://10.180.1.21/identity/v3/auth/tokens 0.049s
2025-11-14 09:43:39.867 66124 INFO tempest.lib.common.rest_client [req-57bc2031-d312-44c2-a01c-2b77bcdc2084 req-57bc2031-d312-44c2-a01c-2b77bcdc2084 ] Request (ServerMetadataTestJSON:test_list_server_metadata): 200 GET http://10.180.1.21/compute/v2.1/servers/ed244471-6733-4e0d-8885-3c6c381dc043/metadata 0.147s
2025-11-14 09:43:39.871 66140 INFO tempest.lib.common.rest_client [req-86f26022-3e49-46e4-bd45-66ffb290d311 req-86f26022-3e49-46e4-bd45-66ffb290d311 ] Request (ServersAdminTestJSON:tearDownClass): 200 GET http://10.180.1.21/compute/v2.1/servers/01665438-707f-473f-b0e9-e34917839f7d 0.201s
2025-11-14 09:43:39.893 66134 INFO tempest.lib.common.rest_client [req-e3d1bfb6-46cd-4131-8ad3-7e434c293c00 req-e3d1bfb6-46cd-4131-8ad3-7e434c293c00 ] Request (ServerActionsTestOtherA:setUpClass): 200 GET http://10.180.1.21/identity/v3/domains?name=Default 0.035s
2025-11-14 09:43:39.944 66134 INFO tempest.lib.common.rest_client [req-af5fe92c-8ee3-4d74-aae0-8ab7b0a507ef req-af5fe92c-8ee3-4d74-aae0-8ab7b0a507ef ] Request (ServerActionsTestOtherA:setUpClass): 201 POST http://10.180.1.21/identity/v3/projects 0.050s
2025-11-14 09:43:39.983 66124 INFO tempest.lib.common.rest_client [req-523292e3-fe5c-47a1-bbb0-59371e73dbe3 req-523292e3-fe5c-47a1-bbb0-59371e73dbe3 ] Request (ServerMetadataTestJSON:setUp): 200 PUT http://10.180.1.21/compute/v2.1/servers/ed244471-6733-4e0d-8885-3c6c381dc043/metadata 0.114s
2025-11-14 09:43:40.027 66134 INFO tempest.lib.common.rest_client [req-48fe8808-c500-4056-a73c-0def170f0152 req-48fe8808-c500-4056-a73c-0def170f0152 ] Request (ServerActionsTestOtherA:setUpClass): 201 POST http://10.180.1.21/identity/v3/users 0.083s
2025-11-14 09:43:40.050 66134 INFO tempest.lib.common.rest_client [req-569e45d2-16e4-4409-b77c-f3b151452f83 req-569e45d2-16e4-4409-b77c-f3b151452f83 ] Request (ServerActionsTestOtherA:setUpClass): 200 GET http://10.180.1.21/identity/v3/roles 0.022s
2025-11-14 09:43:40.053 66164 INFO tempest.lib.common.rest_client [req-c8659377-21b0-42dc-87ad-9d9ac09b5a57 req-c8659377-21b0-42dc-87ad-9d9ac09b5a57 ] Request (ServerActionsTestOtherB:test_resize_server_confirm_from_stopped): 200 GET http://10.180.1.21/compute/v2.1/servers/cac75da9-2cdd-4853-ac53-9cf97e27e6f0 0.213s
2025-11-14 09:43:40.067 66154 INFO tempest.lib.common.rest_client [req-dfbba6d0-9d78-45f0-ade0-0f95975e7388 req-dfbba6d0-9d78-45f0-ade0-0f95975e7388 ] Request (ServerTagsTestJSON:tearDownClass): 200 GET http://10.180.1.21/compute/v2.1/servers/bac493d9-6454-481c-8703-177efd82b3c6 0.184s
2025-11-14 09:43:40.096 66134 INFO tempest.lib.common.rest_client [req-caf127e8-4ece-45b1-8059-430a7ef174d5 req-caf127e8-4ece-45b1-8059-430a7ef174d5 ] Request (ServerActionsTestOtherA:setUpClass): 204 PUT http://10.180.1.21/identity/v3/projects/ad7968736a17495cad4d63335b62ae11/users/1ff708a06df849eba1afb01be4299a1c/roles/bbc4aa3af74b4d6a8b6643219685cef2 0.046s
2025-11-14 09:43:40.096 66134 INFO tempest.lib.common.dynamic_creds [-] Dynamic test user 1ff708a06df849eba1afb01be4299a1c is created with scope project and roles: ['member']
2025-11-14 09:43:40.097 66134 INFO tempest.lib.common.dynamic_creds [-] Acquired dynamic creds: credentials: Credentials: {'domain_id': 'default', 'domain_name': 'Default', 'username': 'tempest-ServerActionsTestOtherA-260673146-project-member', 'project_domain_id': 'default', 'project_domain_name': 'Default', 'project_id': 'ad7968736a17495cad4d63335b62ae11', 'project_name': 'tempest-ServerActionsTestOtherA-260673146', 'tenant_id': 'ad7968736a17495cad4d63335b62ae11', 'tenant_name': 'tempest-ServerActionsTestOtherA-260673146', 'user_domain_id': 'default', 'user_domain_name': 'Default', 'user_id': '1ff708a06df849eba1afb01be4299a1c', 'system': None}, Network: None, Subnet: None, Router: None
2025-11-14 09:43:40.138 66170 INFO tempest.lib.common.rest_client [req-0cdbe49c-f246-41e2-9a0a-6b191f22edec req-0cdbe49c-f246-41e2-9a0a-6b191f22edec ] Request (ImagesTestJSON:test_create_server_from_snapshot): 200 GET http://10.180.1.21/compute/v2.1/servers/c051dff4-45af-4962-90fd-1c37b6bf590c 0.170s
2025-11-14 09:43:40.152 66124 INFO tempest.lib.common.rest_client [req-7fc46e17-b802-4a84-a61f-3f4b47cdcfcb req-7fc46e17-b802-4a84-a61f-3f4b47cdcfcb ] Request (ServerMetadataTestJSON:test_set_server_metadata): 200 PUT http://10.180.1.21/compute/v2.1/servers/ed244471-6733-4e0d-8885-3c6c381dc043/metadata 0.167s
2025-11-14 09:43:40.174 66134 INFO tempest.lib.common.rest_client [req-4ec850ae-0e34-49b8-b949-8487d6f19b60 req-4ec850ae-0e34-49b8-b949-8487d6f19b60 ] Request (ServerActionsTestOtherA:setUpClass): 201 POST http://10.180.1.21/identity/v3/auth/tokens 0.077s
2025-11-14 09:43:40.463 66134 INFO tempest.lib.common.rest_client [req-cca2235f-68bd-4ce7-8863-4b1dcecb1937 req-cca2235f-68bd-4ce7-8863-4b1dcecb1937 ] Request (ServerActionsTestOtherA:setUpClass): 201 POST http://10.180.1.21/networking/v2.0/networks 0.289s
2025-11-14 09:43:40.489 66156 INFO tempest.lib.common.rest_client [req-f596ec63-6e13-41b4-ba26-40d1eeaa2c10 req-f596ec63-6e13-41b4-ba26-40d1eeaa2c10 ] Request (DeleteServersTestJSON:test_delete_active_server): 200 GET http://10.180.1.21/compute/v2.1/servers/9d31b3bc-fc1d-4361-9e4e-81f4a87bc938 0.503s
2025-11-14 09:43:40.504 66118 INFO tempest.lib.common.rest_client [req-7596b68f-d245-498e-9e9d-4efd5f23b9dc req-7596b68f-d245-498e-9e9d-4efd5f23b9dc ] Request (ServersNegativeTestJSON:setUpClass): 200 GET http://10.180.1.21/compute/v2.1/servers/d960cdff-fd38-4950-a83d-1026f5a6ebf6 0.439s
2025-11-14 09:43:40.644 66134 INFO tempest.lib.common.rest_client [req-95daf1ec-1a4e-4945-967f-6880e707e3ab req-95daf1ec-1a4e-4945-967f-6880e707e3ab ] Request (ServerActionsTestOtherA:setUpClass): 201 POST http://10.180.1.21/networking/v2.0/subnets 0.181s
2025-11-14 09:43:40.668 66168 INFO tempest.lib.common.rest_client [req-2fe1727a-2e61-414e-98ab-4f789a793510 req-2fe1727a-2e61-414e-98ab-4f789a793510 ] Request (ServersTestJSON:test_create_with_existing_server_name): 200 GET http://10.180.1.21/compute/v2.1/servers/8a720d15-c29d-446b-bfb9-ac0bdca98a4d 0.542s
2025-11-14 09:43:40.686 66148 INFO tempest.lib.common.rest_client [req-dbf66d45-d594-479c-8e38-54a378d50e82 req-dbf66d45-d594-479c-8e38-54a378d50e82 ] Request (ServerRescueNegativeTestJSON:setUpClass): 200 GET http://10.180.1.21/compute/v2.1/servers/b09b88b6-c076-4368-94dd-268648ddca51 0.550s
2025-11-14 09:43:40.699 66148 INFO tempest.common.waiters [-] State transition "BUILD/scheduling" ==> "BUILD/None" after 1 second wait
2025-11-14 09:43:40.704 66124 INFO tempest.lib.common.rest_client [req-f31a9112-7bd2-4b7c-a39d-76400f4968e0 req-f31a9112-7bd2-4b7c-a39d-76400f4968e0 ] Request (ServerMetadataTestJSON:test_set_server_metadata): 200 GET http://10.180.1.21/compute/v2.1/servers/ed244471-6733-4e0d-8885-3c6c381dc043/metadata 0.551s
2025-11-14 09:43:40.905 66176 WARNING tempest.lib.common.ssh [-] Failed to establish authenticated ssh connection to cirros@10.180.180.129 ([Errno None] Unable to connect to port 22 on 10.180.180.129). Number attempts: 10. Retry after 11 seconds.: paramiko.ssh_exception.NoValidConnectionsError: [Errno None] Unable to connect to port 22 on 10.180.180.129
2025-11-14 09:43:40.970 66172 INFO tempest.lib.common.rest_client [req-e1b97d11-82cc-4c09-84e2-48ff30ccf032 req-e1b97d11-82cc-4c09-84e2-48ff30ccf032 ] Request (SecurityGroupsTestJSON:tearDownClass): 200 PUT http://10.180.1.21/networking/v2.0/routers/5fa46234-58ca-4058-86bb-3c34730a0db6/remove_router_interface 1.287s
2025-11-14 09:43:40.995 66122 INFO tempest.lib.common.rest_client [req-126ac04a-6a0a-47a8-9f1d-27f55480b19e req-126ac04a-6a0a-47a8-9f1d-27f55480b19e ] Request (ImagesNegativeTestJSON:test_create_image_from_deleted_server): 200 GET http://10.180.1.21/compute/v2.1/servers/049792d6-0442-46c3-9d46-fe3a510cd4fe 0.763s
2025-11-14 09:43:41.010 66152 INFO tempest.lib.common.rest_client [req-52114f0d-bc3e-42b2-b182-5e10f2fb1dc2 req-52114f0d-bc3e-42b2-b182-5e10f2fb1dc2 ] Request (ImagesOneServerNegativeTestJSON:_run_cleanups): 200 GET http://10.180.1.21/compute/v2.1/servers/65146e80-e811-4160-a80f-24f60aad703a 0.698s
2025-11-14 09:43:41.161 66138 WARNING tempest.lib.common.ssh [-] Failed to establish authenticated ssh connection to cirros@10.180.180.230 ([Errno None] Unable to connect to port 22 on 10.180.180.230). Number attempts: 4. Retry after 5 seconds.: paramiko.ssh_exception.NoValidConnectionsError: [Errno None] Unable to connect to port 22 on 10.180.180.230
2025-11-14 09:43:41.378 66134 INFO tempest.lib.common.rest_client [req-d6bc716a-5aed-457a-b405-446f2a6c414a req-d6bc716a-5aed-457a-b405-446f2a6c414a ] Request (ServerActionsTestOtherA:setUpClass): 201 POST http://10.180.1.21/networking/v2.0/routers 0.733s
2025-11-14 09:43:41.400 66146 INFO tempest.lib.common.rest_client [req-b5f8a197-b6fa-4da8-8525-0aac3a197be3 req-b5f8a197-b6fa-4da8-8525-0aac3a197be3 ] Request (AttachVolumeNegativeTest:test_attach_attached_volume_to_different_server): 200 GET http://10.180.1.21/compute/v2.1/servers/6db88ab4-26f2-415f-96fb-4ab562aa6a9c 1.015s
2025-11-14 09:43:41.427 66132 INFO paramiko.transport [-] Connected (version 2.0, client dropbear_2020.81)
2025-11-14 09:43:41.446 66172 INFO tempest.lib.common.rest_client [req-e2c6d1d8-8c2b-45fd-9749-faa68b8d51d2 req-e2c6d1d8-8c2b-45fd-9749-faa68b8d51d2 ] Request (SecurityGroupsTestJSON:tearDownClass): 204 DELETE http://10.180.1.21/networking/v2.0/routers/5fa46234-58ca-4058-86bb-3c34730a0db6 0.475s
2025-11-14 09:43:41.468 66158 INFO tempest.lib.common.rest_client [req-dc7d44f0-fe30-454e-bbf2-05d07e0e72e7 req-dc7d44f0-fe30-454e-bbf2-05d07e0e72e7 ] Request (ServerExternalEventsTest:tearDownClass): 200 GET http://10.180.1.21/compute/v2.1/servers/9fe1dc9a-076b-46b3-bb91-879d2e02b2b0 0.904s
2025-11-14 09:43:41.500 66132 INFO paramiko.transport [-] Authentication (publickey) successful!
2025-11-14 09:43:41.501 66132 INFO tempest.lib.common.ssh [-] ssh connection to cirros@10.180.180.191 successfully created
2025-11-14 09:43:41.509 66132 INFO tempest.lib.common.ssh [-] Creating ssh connection to '10.180.180.191:22' as 'cirros' with public key authentication
2025-11-14 09:43:41.516 66132 INFO paramiko.transport [-] Connected (version 2.0, client dropbear_2020.81)
2025-11-14 09:43:41.552 66124 INFO tempest.lib.common.rest_client [req-745eb04f-8d8c-4e8a-9130-6c9b81b684f3 req-745eb04f-8d8c-4e8a-9130-6c9b81b684f3 ] Request (ServerMetadataTestJSON:setUp): 200 PUT http://10.180.1.21/compute/v2.1/servers/ed244471-6733-4e0d-8885-3c6c381dc043/metadata 0.846s
2025-11-14 09:43:41.577 66132 INFO paramiko.transport [-] Authentication (publickey) successful!
2025-11-14 09:43:41.579 66132 INFO tempest.lib.common.ssh [-] ssh connection to cirros@10.180.180.191 successfully created
2025-11-14 09:43:41.722 66172 INFO tempest.lib.common.rest_client [req-b64b3ac2-c4c4-4a3a-a695-392f1417d284 req-b64b3ac2-c4c4-4a3a-a695-392f1417d284 ] Request (SecurityGroupsTestJSON:tearDownClass): 204 DELETE http://10.180.1.21/networking/v2.0/subnets/f453afd8-9ddb-4005-8069-6a41f7137afe 0.276s
2025-11-14 09:43:41.957 66180 INFO tempest.lib.common.rest_client [req-9e407fcc-80a9-4c22-9f46-0a6dcbf1d5c4 req-9e407fcc-80a9-4c22-9f46-0a6dcbf1d5c4 ] Request (AttachInterfacesUnderV243Test:_run_cleanups): 200 GET http://10.180.1.21/compute/v2.1/servers/06d669b2-1c26-4336-a7da-136bb35f4f37 1.154s
2025-11-14 09:43:42.329 66134 INFO tempest.lib.common.rest_client [req-bf014d64-ffe0-44a5-82e5-8d6996831ebe req-bf014d64-ffe0-44a5-82e5-8d6996831ebe ] Request (ServerActionsTestOtherA:setUpClass): 200 PUT http://10.180.1.21/networking/v2.0/routers/d4524f7c-5dd5-45b9-8827-4a3d9ce5abc0/add_router_interface 0.950s
2025-11-14 09:43:42.329 66134 INFO tempest.lib.common.dynamic_creds [-] Created isolated network resources for: credentials: Credentials: {'domain_id': 'default', 'domain_name': 'Default', 'username': 'tempest-ServerActionsTestOtherA-260673146-project-member', 'project_domain_id': 'default', 'project_domain_name': 'Default', 'project_id': 'ad7968736a17495cad4d63335b62ae11', 'project_name': 'tempest-ServerActionsTestOtherA-260673146', 'tenant_id': 'ad7968736a17495cad4d63335b62ae11', 'tenant_name': 'tempest-ServerActionsTestOtherA-260673146', 'user_domain_id': 'default', 'user_domain_name': 'Default', 'user_id': '1ff708a06df849eba1afb01be4299a1c', 'system': None}, Network: {'id': '1dd997f9-7850-4bb5-91eb-9840c880d7c4', 'name': 'tempest-ServerActionsTestOtherA-1246539566-network', 'tenant_id': 'ad7968736a17495cad4d63335b62ae11', 'project_id': 'ad7968736a17495cad4d63335b62ae11', 'admin_state_up': True, 'mtu': 8950, 'status': 'ACTIVE', 'subnets': [], 'shared': False, 'port_security_enabled': True, 'router:external': False, 'provider:network_type': 'vlan', 'provider:physical_network': 'default', 'provider:segmentation_id': 961, 'availability_zone_hints': [], 'availability_zones': [], 'ipv4_address_scope': None, 'ipv6_address_scope': None, 'description': '', 'tags': [], 'created_at': '2025-11-14T09:43:40Z', 'updated_at': '2025-11-14T09:43:40Z', 'revision_number': 1}, Subnet: {'id': '616c7435-4440-49ce-a7c9-b55af6e64c47', 'name': 'tempest-ServerActionsTestOtherA-1246539566-subnet', 'tenant_id': 'ad7968736a17495cad4d63335b62ae11', 'network_id': '1dd997f9-7850-4bb5-91eb-9840c880d7c4', 'ip_version': 4, 'subnetpool_id': None, 'enable_dhcp': True, 'ipv6_ra_mode': None, 'ipv6_address_mode': None, 'gateway_ip': '192.168.128.1', 'cidr': '192.168.128.0/28', 'allocation_pools': [{'start': '192.168.128.2', 'end': '192.168.128.14'}], 'host_routes': [], 'dns_nameservers': [], 'description': '', 'router:external': False, 'service_types': [], 'tags': [], 'created_at': '2025-11-14T09:43:40Z', 'updated_at': '2025-11-14T09:43:40Z', 'revision_number': 0, 'project_id': 'ad7968736a17495cad4d63335b62ae11'}, Router: {'id': 'd4524f7c-5dd5-45b9-8827-4a3d9ce5abc0', 'name': 'tempest-ServerActionsTestOtherA-1246539566-router', 'tenant_id': 'ad7968736a17495cad4d63335b62ae11', 'admin_state_up': True, 'status': 'ACTIVE', 'external_gateway_info': {'network_id': '241e164b-421d-42e5-87d1-eb89bbec3fac', 'external_fixed_ips': [{'subnet_id': 'b0531ee1-7fd2-4927-9f31-529017a20319', 'ip_address': '10.180.180.130'}], 'enable_snat': True}, 'description': '', 'availability_zones': [], 'distributed': False, 'ha': False, 'availability_zone_hints': [], 'routes': [], 'flavor_id': None, 'tags': [], 'created_at': '2025-11-14T09:43:40Z', 'updated_at': '2025-11-14T09:43:41Z', 'revision_number': 2, 'project_id': 'ad7968736a17495cad4d63335b62ae11'}
2025-11-14 09:43:42.384 66136 INFO tempest.lib.common.rest_client [req-f930d4ee-c8e2-4dc0-b963-0a7833cff9cc req-f930d4ee-c8e2-4dc0-b963-0a7833cff9cc ] Request (ServersTestMultiNic:_run_cleanups): 200 GET http://10.180.1.21/compute/v2.1/servers/44bdcc71-e55d-499e-b265-42f69204311d 1.765s
