2025-11-14 09:39:01.311 66118 INFO tempest.lib.common.rest_client [req-725e4322-e0e4-48e8-8971-ea8761a64bd4 req-725e4322-e0e4-48e8-8971-ea8761a64bd4 ] Request (FlavorsAccessTestJSON:test_flavor_access_add_remove): 200 POST http://10.180.1.21/compute/v2.1/flavors/265393397/action 8.515s
2025-11-14 09:39:01.400 66122 INFO tempest.lib.common.rest_client [req-0f8eebd9-ccae-435b-b8d6-903e8d363f6d req-0f8eebd9-ccae-435b-b8d6-903e8d363f6d ] Request (FlavorsAccessNegativeTestJSON:test_add_flavor_access_duplicate): 200 POST http://10.180.1.21/compute/v2.1/flavors 8.447s
2025-11-14 09:39:01.466 66150 INFO tempest.lib.common.rest_client [req-4ba638df-170c-4dbc-b016-bdb2e50e41d5 req-4ba638df-170c-4dbc-b016-bdb2e50e41d5 ] Request (HypervisorAdminUnderV252Test:test_get_hypervisor_show_servers): 200 GET http://10.180.1.21/compute/v2.1/os-hypervisors/domain-c8.fc996f14-c53b-4953-92e3-bdfa48f5cc28/servers 8.487s
2025-11-14 09:39:01.510 66138 INFO tempest.lib.common.rest_client [req-31fd6d46-1540-4da7-bcf7-d56b93a5bf7e req-31fd6d46-1540-4da7-bcf7-d56b93a5bf7e ] Request (KeyPairsV210TestJSON:test_admin_manage_keypairs_for_other_users): 201 POST http://10.180.1.21/compute/v2.1/os-keypairs 8.184s
2025-11-14 09:39:01.532 66140 INFO tempest.lib.common.rest_client [req-652b24fd-10d0-4a48-841e-fc58015834a8 req-652b24fd-10d0-4a48-841e-fc58015834a8 ] Request (ServersAdminTestJSON:setUpClass): 200 PUT http://10.180.1.21/networking/v2.0/routers/d6a6ea10-b8e7-44db-8eb6-559092f0e047/add_router_interface 1.100s
2025-11-14 09:39:01.532 66140 INFO tempest.lib.common.dynamic_creds [-] Created isolated network resources for: credentials: Credentials: {'domain_id': 'default', 'domain_name': 'Default', 'username': 'tempest-ServersAdminTestJSON-451766755-project-admin', 'project_domain_id': 'default', 'project_domain_name': 'Default', 'project_id': '878c80f8130e4f6e97eddfead34b5701', 'project_name': 'tempest-ServersAdminTestJSON-451766755', 'tenant_id': '878c80f8130e4f6e97eddfead34b5701', 'tenant_name': 'tempest-ServersAdminTestJSON-451766755', 'user_domain_id': 'default', 'user_domain_name': 'Default', 'user_id': '2092051bb41f43469e166b6d92efa92a', 'system': None}, Network: {'id': 'ab3aac1e-8bfa-442b-abc4-415e8434df98', 'name': 'tempest-ServersAdminTestJSON-7863235-network', 'tenant_id': '878c80f8130e4f6e97eddfead34b5701', 'project_id': '878c80f8130e4f6e97eddfead34b5701', 'admin_state_up': True, 'mtu': 8950, 'status': 'ACTIVE', 'subnets': [], 'shared': False, 'port_security_enabled': True, 'router:external': False, 'provider:network_type': 'vlan', 'provider:physical_network': 'default', 'provider:segmentation_id': 439, 'availability_zone_hints': [], 'availability_zones': [], 'ipv4_address_scope': None, 'ipv6_address_scope': None, 'description': '', 'tags': [], 'created_at': '2025-11-14T09:38:59Z', 'updated_at': '2025-11-14T09:38:59Z', 'revision_number': 1}, Subnet: {'id': '7e6c4be7-b7aa-4598-b5de-3b0de67d1517', 'name': 'tempest-ServersAdminTestJSON-7863235-subnet', 'tenant_id': '878c80f8130e4f6e97eddfead34b5701', 'network_id': 'ab3aac1e-8bfa-442b-abc4-415e8434df98', 'ip_version': 4, 'subnetpool_id': None, 'enable_dhcp': True, 'ipv6_ra_mode': None, 'ipv6_address_mode': None, 'gateway_ip': '192.168.128.1', 'cidr': '192.168.128.0/28', 'allocation_pools': [{'start': '192.168.128.2', 'end': '192.168.128.14'}], 'host_routes': [], 'dns_nameservers': [], 'description': '', 'router:external': False, 'service_types': [], 'tags': [], 'created_at': '2025-11-14T09:38:59Z', 'updated_at': '2025-11-14T09:38:59Z', 'revision_number': 0, 'project_id': '878c80f8130e4f6e97eddfead34b5701'}, Router: {'id': 'd6a6ea10-b8e7-44db-8eb6-559092f0e047', 'name': 'tempest-ServersAdminTestJSON-7863235-router', 'tenant_id': '878c80f8130e4f6e97eddfead34b5701', 'admin_state_up': True, 'status': 'ACTIVE', 'external_gateway_info': {'network_id': '241e164b-421d-42e5-87d1-eb89bbec3fac', 'external_fixed_ips': [{'subnet_id': 'b0531ee1-7fd2-4927-9f31-529017a20319', 'ip_address': '10.180.180.217'}], 'enable_snat': True}, 'description': '', 'availability_zones': [], 'distributed': False, 'ha': False, 'availability_zone_hints': [], 'routes': [], 'flavor_id': None, 'tags': [], 'created_at': '2025-11-14T09:38:59Z', 'updated_at': '2025-11-14T09:39:00Z', 'revision_number': 2, 'project_id': '878c80f8130e4f6e97eddfead34b5701'}
2025-11-14 09:39:01.544 66152 INFO tempest.lib.common.rest_client [req-62e89b88-0a06-467b-aac5-b9e8bccc9132 req-62e89b88-0a06-467b-aac5-b9e8bccc9132 ] Request (HypervisorAdminV253TestBase:test_list_show_detail_hypervisors): 200 GET http://10.180.1.21/compute/v2.1/os-hypervisors?with_servers=True 7.839s
2025-11-14 09:39:01.560 66158 INFO tempest.lib.common.rest_client [req-6897064f-dd3c-4806-8697-8ad9a3df9a9e req-6897064f-dd3c-4806-8697-8ad9a3df9a9e ] Request (FlavorsAdminTestJSON:_run_cleanups): 202 DELETE http://10.180.1.21/compute/v2.1/flavors/2104475899 7.596s
2025-11-14 09:39:01.610 66148 INFO tempest.lib.common.rest_client [req-c85558f7-60ff-44b5-87c3-6323db4841dc req-c85558f7-60ff-44b5-87c3-6323db4841dc ] Request (ListImageFiltersTestJSON:setUpClass): 200 GET http://10.180.1.21/compute/v2.1/images/d0b2a5b5-dab8-485a-9732-1c8a463823ff 7.529s
2025-11-14 09:39:01.619 66134 INFO tempest.lib.common.rest_client [req-1731937f-9d1e-4926-af5c-bc44ab838c87 req-1731937f-9d1e-4926-af5c-bc44ab838c87 ] Request (HypervisorAdminNegativeTestJSON:test_get_hypervisor_list_with_non_admin_user): 403 GET http://10.180.1.21/compute/v2.1/os-hypervisors 7.361s
2025-11-14 09:39:01.655 66130 INFO tempest.lib.common.rest_client [req-e2801372-7f52-487b-a6d4-787aa92742dc req-e2801372-7f52-487b-a6d4-787aa92742dc ] Request (ServersAdminNegativeTestJSON:setUpClass): 202 POST http://10.180.1.21/compute/v2.1/servers 9.248s
2025-11-14 09:39:01.665 66140 INFO tempest.lib.common.rest_client [req-99737ed8-4d79-43b6-963d-d24beb171913 req-99737ed8-4d79-43b6-963d-d24beb171913 ] Request (ServersAdminTestJSON:setUpClass): 201 POST http://10.180.1.21/identity/v3/auth/tokens 0.128s
2025-11-14 09:39:01.666 66162 INFO tempest.lib.common.rest_client [req-1de3f7ea-f02f-4f1c-9141-1604e4e0e9c0 req-1de3f7ea-f02f-4f1c-9141-1604e4e0e9c0 ] Request (HostsAdminTestJSON:test_list_hosts_with_a_blank_zone): 200 GET http://10.180.1.21/compute/v2.1/os-hosts?zone= 7.264s
2025-11-14 09:39:01.692 66154 INFO tempest.lib.common.rest_client [req-414d6d10-2d10-48bb-ba67-fc667e7abbd3 req-414d6d10-2d10-48bb-ba67-fc667e7abbd3 ] Request (ImagesMetadataNegativeTestJSON:test_list_nonexistent_image_metadata): 404 GET http://10.180.1.21/compute/v2.1/images/7916c263-a399-4fde-8182-136c16cbe508/metadata 7.134s
2025-11-14 09:39:01.695 66126 INFO tempest.lib.common.rest_client [req-229ab079-8c09-4023-8866-6b665fc303a6 req-229ab079-8c09-4023-8866-6b665fc303a6 ] Request (AZAdminV2TestJSON:test_get_availability_zone_list_detail): 200 GET http://10.180.1.21/compute/v2.1/os-availability-zone/detail 7.150s
2025-11-14 09:39:01.720 66172 INFO tempest.lib.common.rest_client [req-e42cd504-5851-4619-9e85-61dfd8fc4d0a req-e42cd504-5851-4619-9e85-61dfd8fc4d0a ] Request (HypervisorAdminTestJSON:test_get_hypervisor_list_details): 200 GET http://10.180.1.21/compute/v2.1/os-hypervisors/detail 6.970s
2025-11-14 09:39:01.740 66180 INFO tempest.lib.common.rest_client [req-c4aa3c85-3c47-4c74-ac82-40de10ff7677 req-c4aa3c85-3c47-4c74-ac82-40de10ff7677 ] Request (AggregatesAdminNegativeTestJSON:test_aggregate_add_existent_host): 200 POST http://10.180.1.21/compute/v2.1/os-aggregates 7.084s
2025-11-14 09:39:01.772 66140 INFO tempest.lib.common.rest_client [req-d26668a7-99f9-4c30-87a9-705346384e31 req-d26668a7-99f9-4c30-87a9-705346384e31 ] Request (ServersAdminTestJSON:setUpClass): 201 POST http://10.180.1.21/identity/v3/auth/tokens 0.103s
2025-11-14 09:39:01.773 66140 INFO tempest.lib.common.fixed_network [-] (ServersAdminTestJSON:setUpClass) Found network {'id': '0b86edca-7b93-4ada-afc1-880640599688', 'name': 'tempest-ServersAdminTestJSON-787934345-network', 'tenant_id': 'e63bc939b1b64d20837c647f243bc5a3', 'project_id': 'e63bc939b1b64d20837c647f243bc5a3', 'admin_state_up': True, 'mtu': 8950, 'status': 'ACTIVE', 'subnets': [], 'shared': False, 'port_security_enabled': True, 'router:external': False, 'provider:network_type': 'vlan', 'provider:physical_network': 'default', 'provider:segmentation_id': 539, 'availability_zone_hints': [], 'availability_zones': [], 'ipv4_address_scope': None, 'ipv6_address_scope': None, 'description': '', 'tags': [], 'created_at': '2025-11-14T09:38:54Z', 'updated_at': '2025-11-14T09:38:54Z', 'revision_number': 1} available for tenant
2025-11-14 09:39:01.843 66126 INFO tempest.lib.common.rest_client [req-5f026d89-2bf7-40e6-a926-ff0bb368369e req-5f026d89-2bf7-40e6-a926-ff0bb368369e ] Request (AZAdminV2TestJSON:tearDownClass): 204 DELETE http://10.180.1.21/identity/v3/users/cd283ea7bd5b4c2392ac7d4dfd53afed 0.142s
2025-11-14 09:39:01.886 66164 INFO tempest.lib.common.rest_client [req-9a1be9e0-2f2d-4bf4-9834-a45867517c07 req-9a1be9e0-2f2d-4bf4-9834-a45867517c07 ] Request (ServerActionsTestOtherB:setUpClass): 200 POST http://10.180.1.21/compute/v2.1/os-keypairs 6.966s
2025-11-14 09:39:01.964 66126 INFO tempest.lib.common.rest_client [req-03148eb4-886d-4690-b67d-0c53e30759ea req-03148eb4-886d-4690-b67d-0c53e30759ea ] Request (AZAdminV2TestJSON:tearDownClass): 204 DELETE http://10.180.1.21/identity/v3/users/672506f28e4342748e0fdec4dab68ee7 0.121s
2025-11-14 09:39:01.964 66126 INFO tempest.lib.common.dynamic_creds [-] Deleting project and security group for project: bcb43f0b2b504b878c089cbe02ea0597
2025-11-14 09:39:02.018 66136 INFO tempest.lib.common.rest_client [req-378162a4-6a6a-445d-9146-9093af8f4008 req-378162a4-6a6a-445d-9146-9093af8f4008 ] Request (VolumesAdminNegativeTest:setUpClass): 200 PUT http://10.180.1.21/networking/v2.0/routers/f19f6741-90e3-42d5-a267-a4c2d12bb1e8/add_router_interface 1.151s
2025-11-14 09:39:02.018 66136 INFO tempest.lib.common.dynamic_creds [-] Created isolated network resources for: credentials: Credentials: {'domain_id': 'default', 'domain_name': 'Default', 'username': 'tempest-VolumesAdminNegativeTest-38549055-project', 'project_domain_id': 'default', 'project_domain_name': 'Default', 'project_id': '05599508b4f3408b9a91fec52bfa18fa', 'project_name': 'tempest-VolumesAdminNegativeTest-38549055', 'tenant_id': '05599508b4f3408b9a91fec52bfa18fa', 'tenant_name': 'tempest-VolumesAdminNegativeTest-38549055', 'user_domain_id': 'default', 'user_domain_name': 'Default', 'user_id': '631b50a16a4e44e9963be2c3884f60e3', 'system': None}, Network: {'id': '017bee2a-4970-4eb1-b747-2f27a34173bc', 'name': 'tempest-VolumesAdminNegativeTest-234752877-network', 'tenant_id': '05599508b4f3408b9a91fec52bfa18fa', 'project_id': '05599508b4f3408b9a91fec52bfa18fa', 'admin_state_up': True, 'mtu': 8950, 'status': 'ACTIVE', 'subnets': [], 'shared': False, 'port_security_enabled': True, 'router:external': False, 'provider:network_type': 'vlan', 'provider:physical_network': 'default', 'provider:segmentation_id': 395, 'availability_zone_hints': [], 'availability_zones': [], 'ipv4_address_scope': None, 'ipv6_address_scope': None, 'description': '', 'tags': [], 'created_at': '2025-11-14T09:38:59Z', 'updated_at': '2025-11-14T09:38:59Z', 'revision_number': 1}, Subnet: {'id': 'c69a8d12-ed84-48b9-99cd-623e7b7a148d', 'name': 'tempest-VolumesAdminNegativeTest-234752877-subnet', 'tenant_id': '05599508b4f3408b9a91fec52bfa18fa', 'network_id': '017bee2a-4970-4eb1-b747-2f27a34173bc', 'ip_version': 4, 'subnetpool_id': None, 'enable_dhcp': True, 'ipv6_ra_mode': None, 'ipv6_address_mode': None, 'gateway_ip': '192.168.128.1', 'cidr': '192.168.128.0/28', 'allocation_pools': [{'start': '192.168.128.2', 'end': '192.168.128.14'}], 'host_routes': [], 'dns_nameservers': [], 'description': '', 'router:external': False, 'service_types': [], 'tags': [], 'created_at': '2025-11-14T09:38:59Z', 'updated_at': '2025-11-14T09:38:59Z', 'revision_number': 0, 'project_id': '05599508b4f3408b9a91fec52bfa18fa'}, Router: {'id': 'f19f6741-90e3-42d5-a267-a4c2d12bb1e8', 'name': 'tempest-VolumesAdminNegativeTest-234752877-router', 'tenant_id': '05599508b4f3408b9a91fec52bfa18fa', 'admin_state_up': True, 'status': 'ACTIVE', 'external_gateway_info': {'network_id': '241e164b-421d-42e5-87d1-eb89bbec3fac', 'external_fixed_ips': [{'subnet_id': 'b0531ee1-7fd2-4927-9f31-529017a20319', 'ip_address': '10.180.180.131'}], 'enable_snat': True}, 'description': '', 'availability_zones': [], 'distributed': False, 'ha': False, 'availability_zone_hints': [], 'routes': [], 'flavor_id': None, 'tags': [], 'created_at': '2025-11-14T09:39:00Z', 'updated_at': '2025-11-14T09:39:00Z', 'revision_number': 2, 'project_id': '05599508b4f3408b9a91fec52bfa18fa'}
2025-11-14 09:39:02.037 66126 INFO tempest.lib.common.rest_client [req-5ad48942-5595-482e-8a36-2807cc42dffe req-5ad48942-5595-482e-8a36-2807cc42dffe ] Request (AZAdminV2TestJSON:tearDownClass): 201 POST http://10.180.1.21/identity/v3/auth/tokens 0.073s
2025-11-14 09:39:02.103 66136 INFO tempest.lib.common.rest_client [req-bc86495c-049d-4019-8a05-9070fdec9da8 req-bc86495c-049d-4019-8a05-9070fdec9da8 ] Request (VolumesAdminNegativeTest:setUpClass): 201 POST http://10.180.1.21/identity/v3/auth/tokens 0.082s
2025-11-14 09:39:02.118 66164 INFO tempest.lib.common.rest_client [req-d15bf1ae-4efd-4c29-b12b-180eda3d82a5 req-d15bf1ae-4efd-4c29-b12b-180eda3d82a5 ] Request (ServerActionsTestOtherB:setUpClass): 201 POST http://10.180.1.21/networking/v2.0/security-groups 0.230s
2025-11-14 09:39:02.182 66136 INFO tempest.lib.common.rest_client [req-7322fddf-7227-42cb-af10-7a1399caeb15 req-7322fddf-7227-42cb-af10-7a1399caeb15 ] Request (VolumesAdminNegativeTest:test_update_attached_volume_with_nonexistent_volume_in_uri): 201 POST http://10.180.1.21/identity/v3/auth/tokens 0.071s
2025-11-14 09:39:02.183 66136 INFO tempest.lib.common.fixed_network [-] (VolumesAdminNegativeTest:test_update_attached_volume_with_nonexistent_volume_in_uri) Found network {'id': '7af1e484-c35a-43d9-990c-a280d45b6ec7', 'name': 'tempest-VolumesAdminNegativeTest-1949482791-network', 'tenant_id': 'c0f1b6555e534c2db7dd6f8081cc6d60', 'project_id': 'c0f1b6555e534c2db7dd6f8081cc6d60', 'admin_state_up': True, 'mtu': 8950, 'status': 'ACTIVE', 'subnets': [], 'shared': False, 'port_security_enabled': True, 'router:external': False, 'provider:network_type': 'vlan', 'provider:physical_network': 'default', 'provider:segmentation_id': 307, 'availability_zone_hints': [], 'availability_zones': [], 'ipv4_address_scope': None, 'ipv6_address_scope': None, 'description': '', 'tags': [], 'created_at': '2025-11-14T09:38:48Z', 'updated_at': '2025-11-14T09:38:48Z', 'revision_number': 1} available for tenant
2025-11-14 09:39:02.229 66142 INFO tempest.lib.common.rest_client [req-ae82ba2c-cfeb-482a-8198-83241a797fa8 req-ae82ba2c-cfeb-482a-8198-83241a797fa8 ] Request (SecurityGroupsTestAdminJSON:test_list_security_groups_list_all_tenants_filter): 200 POST http://10.180.1.21/compute/v2.1/os-security-groups 6.361s
2025-11-14 09:39:02.258 66176 INFO tempest.lib.common.rest_client [req-9fe39e51-6c72-4a6f-95e8-9050dd372c2e req-9fe39e51-6c72-4a6f-95e8-9050dd372c2e ] Request (ServicesAdminNegativeTestJSON:test_get_service_by_invalid_params): 200 GET http://10.180.1.21/compute/v2.1/os-services?xxx=nova-compute 6.217s
2025-11-14 09:39:02.310 66178 INFO tempest.lib.common.rest_client [req-92e92e0f-d4cc-4c24-914e-72e019b20fcc req-92e92e0f-d4cc-4c24-914e-72e019b20fcc ] Request (VolumesAssistedSnapshotsTest:setUpClass): 201 POST http://10.180.1.21/networking/v2.0/routers 1.244s
2025-11-14 09:39:02.379 66168 INFO tempest.lib.common.rest_client [req-4b55d035-1a98-4200-89f9-39c3a1894c94 req-4b55d035-1a98-4200-89f9-39c3a1894c94 ] Request (TenantUsagesNegativeTestJSON:test_get_usage_tenant_with_empty_tenant_id): 404 GET http://10.180.1.21/compute/v2.1/os-simple-tenant-usage/?start=2025-11-13T09%3A38%3A58.263735&end=2025-11-15T09%3A38%3A58.263735 4.115s
2025-11-14 09:39:02.396 66164 INFO tempest.lib.common.rest_client [req-3b076146-996a-4ea9-b1f2-0a281edda750 req-3b076146-996a-4ea9-b1f2-0a281edda750 ] Request (ServerActionsTestOtherB:setUpClass): 201 POST http://10.180.1.21/networking/v2.0/security-group-rules 0.278s
2025-11-14 09:39:02.477 66132 INFO tempest.lib.common.rest_client [req-e6e9d049-75a7-4b99-bd9e-4b745f7886d8 req-e6e9d049-75a7-4b99-bd9e-4b745f7886d8 ] Request (ServicesAdminTestJSON:test_get_service_by_host_name): 200 GET http://10.180.1.21/compute/v2.1/os-services 4.129s
2025-11-14 09:39:02.503 66126 INFO tempest.lib.common.rest_client [req-3cd9529b-bd5c-4acc-b8f5-2161a13dfdc2 req-3cd9529b-bd5c-4acc-b8f5-2161a13dfdc2 ] Request (AZAdminV2TestJSON:tearDownClass): 200 GET http://10.180.1.21/networking/v2.0/security-groups?tenant_id=bcb43f0b2b504b878c089cbe02ea0597&name=default 0.465s
2025-11-14 09:39:02.563 66120 INFO tempest.lib.common.rest_client [req-be7e0b5e-8622-49cb-8125-70160b9f5f3a req-be7e0b5e-8622-49cb-8125-70160b9f5f3a ] Request (ServersWithSpecificFlavorTestJSON:test_verify_created_server_ephemeral_disk): 200 GET http://10.180.1.21/compute/v2.1/flavors/42 3.475s
2025-11-14 09:39:02.598 66164 INFO tempest.lib.common.rest_client [req-90469a7e-9fe9-4a17-8d6c-dcaedca7cddf req-90469a7e-9fe9-4a17-8d6c-dcaedca7cddf ] Request (ServerActionsTestOtherB:setUpClass): 201 POST http://10.180.1.21/networking/v2.0/security-group-rules 0.201s
2025-11-14 09:39:02.785 66126 INFO tempest.lib.common.rest_client [req-d7426596-0037-4742-b00e-34624ef14764 req-d7426596-0037-4742-b00e-34624ef14764 ] Request (AZAdminV2TestJSON:tearDownClass): 204 DELETE http://10.180.1.21/networking/v2.0/security-groups/6d74044d-9be8-4a5f-8906-d1eb8eaea8bd 0.282s
2025-11-14 09:39:02.864 66126 INFO tempest.lib.common.rest_client [req-e932b852-5d67-4473-b935-f8765e81aacc req-e932b852-5d67-4473-b935-f8765e81aacc ] Request (AZAdminV2TestJSON:tearDownClass): 204 DELETE http://10.180.1.21/identity/v3/projects/bcb43f0b2b504b878c089cbe02ea0597 0.078s
2025-11-14 09:39:02.864 66126 INFO tempest.lib.common.dynamic_creds [-] Deleting project and security group for project: eebccd50183e475dab8fb5af7c23a8a7
2025-11-14 09:39:03.162 66164 INFO tempest.lib.common.rest_client [req-184416ad-f3dd-4667-86f9-39536fd5790d req-184416ad-f3dd-4667-86f9-39536fd5790d ] Request (ServerActionsTestOtherB:setUpClass): 201 POST http://10.180.1.21/networking/v2.0/floatingips 0.563s
2025-11-14 09:39:03.205 66124 INFO tempest.lib.common.rest_client [req-6ee3a130-c218-4bd7-8fa8-af459579bc15 req-6ee3a130-c218-4bd7-8fa8-af459579bc15 ] Request (ServersTestFqdnHostnames:test_create_server_with_fqdn_name): 200 GET http://10.180.1.21/compute/v2.1/servers/6cc71c56-5557-44d2-b5ce-e370bc257342 3.823s
2025-11-14 09:39:03.232 66178 INFO tempest.lib.common.rest_client [req-3751ad6d-33e5-4c8e-834d-0f0e430c7e6d req-3751ad6d-33e5-4c8e-834d-0f0e430c7e6d ] Request (VolumesAssistedSnapshotsTest:setUpClass): 200 PUT http://10.180.1.21/networking/v2.0/routers/95cad2cf-67ae-4a83-b175-fe46a7f6927b/add_router_interface 0.922s
2025-11-14 09:39:03.233 66178 INFO tempest.lib.common.dynamic_creds [-] Created isolated network resources for: credentials: Credentials: {'domain_id': 'default', 'domain_name': 'Default', 'username': 'tempest-VolumesAssistedSnapshotsTest-1542216751-project', 'project_domain_id': 'default', 'project_domain_name': 'Default', 'project_id': '97fa815c6ae0439c96967f83357f13ba', 'project_name': 'tempest-VolumesAssistedSnapshotsTest-1542216751', 'tenant_id': '97fa815c6ae0439c96967f83357f13ba', 'tenant_name': 'tempest-VolumesAssistedSnapshotsTest-1542216751', 'user_domain_id': 'default', 'user_domain_name': 'Default', 'user_id': 'f4603c30ef5842f19e4b03c37b914689', 'system': None}, Network: {'id': '491540ad-4086-4812-9ed0-c32c8b61a58c', 'name': 'tempest-VolumesAssistedSnapshotsTest-2002264276-network', 'tenant_id': '97fa815c6ae0439c96967f83357f13ba', 'project_id': '97fa815c6ae0439c96967f83357f13ba', 'admin_state_up': True, 'mtu': 8950, 'status': 'ACTIVE', 'subnets': [], 'shared': False, 'port_security_enabled': True, 'router:external': False, 'provider:network_type': 'vlan', 'provider:physical_network': 'default', 'provider:segmentation_id': 793, 'availability_zone_hints': [], 'availability_zones': [], 'ipv4_address_scope': None, 'ipv6_address_scope': None, 'description': '', 'tags': [], 'created_at': '2025-11-14T09:39:00Z', 'updated_at': '2025-11-14T09:39:00Z', 'revision_number': 1}, Subnet: {'id': '1f510d9e-dae5-4155-973a-2ad9123f23e0', 'name': 'tempest-VolumesAssistedSnapshotsTest-2002264276-subnet', 'tenant_id': '97fa815c6ae0439c96967f83357f13ba', 'network_id': '491540ad-4086-4812-9ed0-c32c8b61a58c', 'ip_version': 4, 'subnetpool_id': None, 'enable_dhcp': True, 'ipv6_ra_mode': None, 'ipv6_address_mode': None, 'gateway_ip': '192.168.128.1', 'cidr': '192.168.128.0/28', 'allocation_pools': [{'start': '192.168.128.2', 'end': '192.168.128.14'}], 'host_routes': [], 'dns_nameservers': [], 'description': '', 'router:external': False, 'service_types': [], 'tags': [], 'created_at': '2025-11-14T09:39:00Z', 'updated_at': '2025-11-14T09:39:00Z', 'revision_number': 0, 'project_id': '97fa815c6ae0439c96967f83357f13ba'}, Router: {'id': '95cad2cf-67ae-4a83-b175-fe46a7f6927b', 'name': 'tempest-VolumesAssistedSnapshotsTest-2002264276-router', 'tenant_id': '97fa815c6ae0439c96967f83357f13ba', 'admin_state_up': True, 'status': 'ACTIVE', 'external_gateway_info': {'network_id': '241e164b-421d-42e5-87d1-eb89bbec3fac', 'external_fixed_ips': [{'subnet_id': 'b0531ee1-7fd2-4927-9f31-529017a20319', 'ip_address': '10.180.180.144'}], 'enable_snat': True}, 'description': '', 'availability_zones': [], 'distributed': False, 'ha': False, 'availability_zone_hints': [], 'routes': [], 'flavor_id': None, 'tags': [], 'created_at': '2025-11-14T09:39:01Z', 'updated_at': '2025-11-14T09:39:02Z', 'revision_number': 2, 'project_id': '97fa815c6ae0439c96967f83357f13ba'}
2025-11-14 09:39:03.235 66164 INFO tempest.lib.common.rest_client [req-829decee-6845-4666-9224-55313971709a req-829decee-6845-4666-9224-55313971709a ] Request (ServerActionsTestOtherB:setUpClass): 201 POST http://10.180.1.21/identity/v3/auth/tokens 0.070s
2025-11-14 09:39:03.235 66164 INFO tempest.lib.common.fixed_network [-] (ServerActionsTestOtherB:setUpClass) Found network {'id': 'add03143-4651-410f-98fe-258e3184d340', 'name': 'tempest-ServerActionsTestOtherB-729531121-network', 'tenant_id': '04ed025923bd401cb3d9f8b14a68b74d', 'project_id': '04ed025923bd401cb3d9f8b14a68b74d', 'admin_state_up': True, 'mtu': 8950, 'status': 'ACTIVE', 'subnets': [], 'shared': False, 'port_security_enabled': True, 'router:external': False, 'provider:network_type': 'vlan', 'provider:physical_network': 'default', 'provider:segmentation_id': 715, 'availability_zone_hints': [], 'availability_zones': [], 'ipv4_address_scope': None, 'ipv6_address_scope': None, 'description': '', 'tags': [], 'created_at': '2025-11-14T09:38:49Z', 'updated_at': '2025-11-14T09:38:49Z', 'revision_number': 1} available for tenant
2025-11-14 09:39:03.312 66156 INFO tempest.lib.common.rest_client [req-3dda1a69-68d7-426b-9d91-3270c49a9b6b req-3dda1a69-68d7-426b-9d91-3270c49a9b6b ] Request (DeleteServersAdminTestJSON:test_admin_delete_servers_of_others): 200 GET http://10.180.1.21/compute/v2.1/servers/38cf0735-144b-4d8e-a62e-3cc02e76febe 3.715s
2025-11-14 09:39:03.323 66126 INFO tempest.lib.common.rest_client [req-d5fd2581-f0dc-4d47-bb82-8949ed118d94 req-d5fd2581-f0dc-4d47-bb82-8949ed118d94 ] Request (AZAdminV2TestJSON:tearDownClass): 200 GET http://10.180.1.21/networking/v2.0/security-groups?tenant_id=eebccd50183e475dab8fb5af7c23a8a7&name=default 0.458s
2025-11-14 09:39:03.326 66178 INFO tempest.lib.common.rest_client [req-a8238707-5262-4937-846e-238b28e465a6 req-a8238707-5262-4937-846e-238b28e465a6 ] Request (VolumesAssistedSnapshotsTest:setUpClass): 201 POST http://10.180.1.21/identity/v3/auth/tokens 0.089s
2025-11-14 09:39:03.346 66170 INFO tempest.lib.common.rest_client [req-54688f4d-ef9f-4c89-97c7-91c082277dc3 req-54688f4d-ef9f-4c89-97c7-91c082277dc3 ] Request (ImagesTestJSON:test_create_image_from_stopped_server): 202 POST http://10.180.1.21/compute/v2.1/servers 7.496s
2025-11-14 09:39:03.371 66128 INFO tempest.lib.common.rest_client [req-64ce818a-a97d-443a-9328-614ff017b4fc req-64ce818a-a97d-443a-9328-614ff017b4fc ] Request (FlavorsExtraSpecsNegativeTestJSON:test_flavor_non_admin_unset_keys): 200 POST http://10.180.1.21/compute/v2.1/flavors/1442561814/os-extra_specs 2.398s
2025-11-14 09:39:03.382 66166 INFO tempest.lib.common.rest_client [req-67338f4d-9d26-4a71-92f2-0c62c2fba1b8 req-67338f4d-9d26-4a71-92f2-0c62c2fba1b8 ] Request (TenantUsagesTestJSON:setUpClass): 200 GET http://10.180.1.21/compute/v2.1/servers/88862597-5426-42ab-9bc8-b1009ccdfbbf 2.415s
2025-11-14 09:39:03.387 66174 INFO tempest.lib.common.rest_client [req-1f36f06a-a96f-45b0-b68c-200e98f3428a req-1f36f06a-a96f-45b0-b68c-200e98f3428a ] Request (FlavorsV2TestJSON:test_list_flavors_detailed_filter_by_min_disk): 200 GET http://10.180.1.21/compute/v2.1/flavors/42 2.394s
2025-11-14 09:39:03.426 66126 INFO tempest.lib.common.rest_client [req-224659f5-8027-4e1e-8697-c4c88bac10a5 req-224659f5-8027-4e1e-8697-c4c88bac10a5 ] Request (AZAdminV2TestJSON:tearDownClass): 204 DELETE http://10.180.1.21/networking/v2.0/security-groups/4366d9b8-e986-4560-92fe-8e50ad2acf65 0.102s
2025-11-14 09:39:03.533 66118 INFO tempest.lib.common.rest_client [req-a3f2f8ce-6db6-4110-b8b1-e21003bf5fef req-a3f2f8ce-6db6-4110-b8b1-e21003bf5fef ] Request (FlavorsAccessTestJSON:test_flavor_access_add_remove): 200 GET http://10.180.1.21/compute/v2.1/flavors/detail 2.221s
2025-11-14 09:39:03.590 66126 INFO tempest.lib.common.rest_client [req-9c305869-c216-44aa-b66a-694abbce6342 req-9c305869-c216-44aa-b66a-694abbce6342 ] Request (AZAdminV2TestJSON:tearDownClass): 204 DELETE http://10.180.1.21/identity/v3/projects/eebccd50183e475dab8fb5af7c23a8a7 0.163s
2025-11-14 09:39:03.652 66126 INFO tempest.lib.common.rest_client [req-aaaeea46-cc85-44aa-b8d1-b1311a31839a req-aaaeea46-cc85-44aa-b8d1-b1311a31839a ] Request (FlavorsExtraSpecsTestJSON:setUpClass): 201 POST http://10.180.1.21/identity/v3/auth/tokens 0.060s
2025-11-14 09:39:03.688 66126 INFO tempest.lib.common.rest_client [req-7448318a-2f50-4095-8524-f7043c332520 req-7448318a-2f50-4095-8524-f7043c332520 ] Request (FlavorsExtraSpecsTestJSON:setUpClass): 201 POST http://10.180.1.21/identity/v3/auth/tokens 0.033s
2025-11-14 09:39:03.716 66126 INFO tempest.lib.common.rest_client [req-1dda0cb7-053e-496b-8af4-fb051239d37c req-1dda0cb7-053e-496b-8af4-fb051239d37c ] Request (FlavorsExtraSpecsTestJSON:setUpClass): 200 GET http://10.180.1.21/identity/v3/domains?name=Default 0.027s
2025-11-14 09:39:03.745 66126 INFO tempest.lib.common.rest_client [req-5713c18b-fa52-476b-95ca-c27018b4e738 req-5713c18b-fa52-476b-95ca-c27018b4e738 ] Request (FlavorsExtraSpecsTestJSON:setUpClass): 201 POST http://10.180.1.21/identity/v3/projects 0.028s
2025-11-14 09:39:03.792 66178 INFO tempest.lib.common.rest_client [req-6b726426-bc50-4819-875e-fe4f7dba97d4 req-6b726426-bc50-4819-875e-fe4f7dba97d4 ] Request (VolumesAssistedSnapshotsTest:test_volume_assisted_snapshot_create_delete): 202 POST http://10.180.1.21/volume/v3/volumes 0.464s
2025-11-14 09:39:03.816 66122 INFO tempest.lib.common.rest_client [req-7a67eeea-c9e4-4e72-99e1-df1629a3e824 req-7a67eeea-c9e4-4e72-99e1-df1629a3e824 ] Request (FlavorsAccessNegativeTestJSON:test_add_flavor_access_duplicate): 200 POST http://10.180.1.21/compute/v2.1/flavors/1125703354/action 2.414s
2025-11-14 09:39:03.823 66126 INFO tempest.lib.common.rest_client [req-f88b1eae-bc4c-480a-b0a1-9c3ca052a18c req-f88b1eae-bc4c-480a-b0a1-9c3ca052a18c ] Request (FlavorsExtraSpecsTestJSON:setUpClass): 201 POST http://10.180.1.21/identity/v3/users 0.077s
2025-11-14 09:39:03.840 66146 INFO tempest.lib.common.rest_client [req-b61dcdcc-effa-426b-90b8-4e1e091e2c42 req-b61dcdcc-effa-426b-90b8-4e1e091e2c42 ] Request (QuotasAdminTestV257:test_get_updated_quotas): 200 GET http://10.180.1.21/compute/v2.1/os-quota-sets/2fb80dd227d6429eabc4c13faa20b610/detail 2.617s
2025-11-14 09:39:03.851 66138 INFO tempest.lib.common.rest_client [req-c2a4640e-c78f-44a7-8a53-b3ef24098973 req-c2a4640e-c78f-44a7-8a53-b3ef24098973 ] Request (KeyPairsV210TestJSON:test_admin_manage_keypairs_for_other_users): 200 GET http://10.180.1.21/compute/v2.1/os-keypairs/tempest-keypair-516793714?user_id=31f1f17d296b4317a69be4a1bfe713ab 2.336s
2025-11-14 09:39:03.852 66126 INFO tempest.lib.common.rest_client [req-ca12661a-89c1-428c-975a-05df1ba04cd7 req-ca12661a-89c1-428c-975a-05df1ba04cd7 ] Request (FlavorsExtraSpecsTestJSON:setUpClass): 200 GET http://10.180.1.21/identity/v3/roles 0.029s
2025-11-14 09:39:03.856 66150 INFO tempest.lib.common.rest_client [req-f0894324-e381-4cca-92eb-81621452bea8 req-f0894324-e381-4cca-92eb-81621452bea8 ] Request (HypervisorAdminUnderV252Test:test_search_hypervisor): 200 GET http://10.180.1.21/compute/v2.1/os-hypervisors 2.381s
2025-11-14 09:39:03.881 66158 INFO tempest.lib.common.rest_client [req-966e95a8-bbae-42f9-a61f-4fb167173f74 req-966e95a8-bbae-42f9-a61f-4fb167173f74 ] Request (FlavorsAdminTestJSON:_run_cleanups): 200 GET http://10.180.1.21/compute/v2.1/flavors/detail 2.320s
2025-11-14 09:39:03.881 66152 INFO tempest.lib.common.rest_client [req-75045032-a69b-44eb-a501-23f8cfad236b req-75045032-a69b-44eb-a501-23f8cfad236b ] Request (HypervisorAdminV253TestBase:test_list_show_detail_hypervisors): 200 GET http://10.180.1.21/compute/v2.1/os-hypervisors/afd32373-cbb9-4cf3-888c-1a5f4c6425f7 2.334s
2025-11-14 09:39:03.885 66178 INFO tempest.lib.common.rest_client [req-d48f5426-c788-425d-b187-47188c7fb5b7 req-d48f5426-c788-425d-b187-47188c7fb5b7 ] Request (VolumesAssistedSnapshotsTest:test_volume_assisted_snapshot_create_delete): 200 GET http://10.180.1.21/volume/v3/volumes/7673f336-ea7d-47dc-9128-db2ea48d8971 0.082s
2025-11-14 09:39:03.888 66134 INFO tempest.lib.common.rest_client [req-6ffbb413-a856-4730-b183-dfb742b74d6e req-6ffbb413-a856-4730-b183-dfb742b74d6e ] Request (HypervisorAdminNegativeTestJSON:test_get_hypervisor_stats_with_non_admin_user): 403 GET http://10.180.1.21/compute/v2.1/os-hypervisors/statistics 2.267s
2025-11-14 09:39:03.903 66126 INFO tempest.lib.common.rest_client [req-2b93b07c-400c-4fa2-b3d0-0a020a8d926a req-2b93b07c-400c-4fa2-b3d0-0a020a8d926a ] Request (FlavorsExtraSpecsTestJSON:setUpClass): 204 PUT http://10.180.1.21/identity/v3/projects/07ec91254c5246bfaa6471a48680b0ee/users/743dba3b3b38432f84a1bb43bac7245a/roles/bbc4aa3af74b4d6a8b6643219685cef2 0.051s
2025-11-14 09:39:03.904 66126 INFO tempest.lib.common.dynamic_creds [-] Dynamic test user 743dba3b3b38432f84a1bb43bac7245a is created with scope project and roles: ['member']
2025-11-14 09:39:03.904 66126 INFO tempest.lib.common.dynamic_creds [-] Acquired dynamic creds: credentials: Credentials: {'domain_id': 'default', 'domain_name': 'Default', 'username': 'tempest-FlavorsExtraSpecsTestJSON-2107865292-project-member', 'project_domain_id': 'default', 'project_domain_name': 'Default', 'project_id': '07ec91254c5246bfaa6471a48680b0ee', 'project_name': 'tempest-FlavorsExtraSpecsTestJSON-2107865292', 'tenant_id': '07ec91254c5246bfaa6471a48680b0ee', 'tenant_name': 'tempest-FlavorsExtraSpecsTestJSON-2107865292', 'user_domain_id': 'default', 'user_domain_name': 'Default', 'user_id': '743dba3b3b38432f84a1bb43bac7245a', 'system': None}, Network: None, Subnet: None, Router: None
2025-11-14 09:39:03.904 66126 INFO tempest.lib.common.dynamic_creds [-] Created isolated network resources for: credentials: Credentials: {'domain_id': 'default', 'domain_name': 'Default', 'username': 'tempest-FlavorsExtraSpecsTestJSON-2107865292-project-member', 'project_domain_id': 'default', 'project_domain_name': 'Default', 'project_id': '07ec91254c5246bfaa6471a48680b0ee', 'project_name': 'tempest-FlavorsExtraSpecsTestJSON-2107865292', 'tenant_id': '07ec91254c5246bfaa6471a48680b0ee', 'tenant_name': 'tempest-FlavorsExtraSpecsTestJSON-2107865292', 'user_domain_id': 'default', 'user_domain_name': 'Default', 'user_id': '743dba3b3b38432f84a1bb43bac7245a', 'system': None}, Network: None, Subnet: None, Router: None
2025-11-14 09:39:03.932 66148 INFO tempest.lib.common.rest_client [req-bba0f97e-7310-4829-a31b-69a00a98e47b req-bba0f97e-7310-4829-a31b-69a00a98e47b ] Request (ListImageFiltersTestJSON:setUpClass): 200 GET http://10.180.1.21/compute/v2.1/images/d0b2a5b5-dab8-485a-9732-1c8a463823ff 2.317s
2025-11-14 09:39:03.956 66130 INFO tempest.lib.common.rest_client [req-ee0fcb65-d056-402a-9f4b-85ed12037dbb req-ee0fcb65-d056-402a-9f4b-85ed12037dbb ] Request (ServersAdminNegativeTestJSON:setUpClass): 200 GET http://10.180.1.21/compute/v2.1/servers/607ee5e2-3da0-4e6b-9d8d-d6e68ec70055 2.299s
2025-11-14 09:39:03.963 66146 INFO tempest.lib.common.rest_client [req-ac6b07c4-51dd-43f0-90a7-2eb12cd84ca3 req-ac6b07c4-51dd-43f0-90a7-2eb12cd84ca3 ] Request (QuotasAdminTestV257:test_get_updated_quotas): 200 GET http://10.180.1.21/identity/v3/domains?name=Default 0.119s
2025-11-14 09:39:03.967 66162 INFO tempest.lib.common.rest_client [req-4ad8798e-4b34-4048-8388-171094fd9596 req-4ad8798e-4b34-4048-8388-171094fd9596 ] Request (HostsAdminTestJSON:test_list_hosts_with_nonexistent_zone): 200 GET http://10.180.1.21/compute/v2.1/os-hosts?zone=xxx 2.297s
2025-11-14 09:39:03.973 66154 INFO tempest.lib.common.rest_client [req-8d4efda7-12a2-4dee-9413-661beeabf7e3 req-8d4efda7-12a2-4dee-9413-661beeabf7e3 ] Request (ImagesMetadataNegativeTestJSON:test_set_nonexistent_image_metadata): 404 PUT http://10.180.1.21/compute/v2.1/images/6a8a403a-e792-4915-b646-7fa1f674f44f/metadata 2.280s
2025-11-14 09:39:04.052 66126 INFO tempest.lib.common.rest_client [req-0fb0e29d-76a2-434a-a46f-e0fac38b23bd req-0fb0e29d-76a2-434a-a46f-e0fac38b23bd ] Request (FlavorsExtraSpecsTestJSON:setUpClass): 201 POST http://10.180.1.21/identity/v3/auth/tokens 0.142s
2025-11-14 09:39:04.067 66152 INFO tempest.lib.common.rest_client [req-99afdda2-674c-40d0-89d9-677dd6bdeee0 req-99afdda2-674c-40d0-89d9-677dd6bdeee0 ] Request (HypervisorAdminV253TestBase:tearDownClass): 204 DELETE http://10.180.1.21/identity/v3/users/b7db0390d14743b0a9cd400de17e6b7d 0.164s
2025-11-14 09:39:04.188 66146 INFO tempest.lib.common.rest_client [req-69b08914-e4a0-4998-bae8-a88130136d4c req-69b08914-e4a0-4998-bae8-a88130136d4c ] Request (QuotasAdminTestV257:test_get_updated_quotas): 201 POST http://10.180.1.21/identity/v3/users 0.225s
2025-11-14 09:39:04.202 66172 INFO tempest.lib.common.rest_client [req-260f5118-5ad8-4c34-922e-de996dc68286 req-260f5118-5ad8-4c34-922e-de996dc68286 ] Request (HypervisorAdminTestJSON:test_get_hypervisor_show_details): 200 GET http://10.180.1.21/compute/v2.1/os-hypervisors 2.473s
2025-11-14 09:39:04.214 66126 INFO tempest.lib.common.rest_client [req-6f699842-b709-4639-a7d5-17b0a495f105 req-6f699842-b709-4639-a7d5-17b0a495f105 ] Request (FlavorsExtraSpecsTestJSON:setUpClass): 201 POST http://10.180.1.21/identity/v3/projects 0.161s
2025-11-14 09:39:04.314 66152 INFO tempest.lib.common.rest_client [req-841c3b8a-9f23-47e2-b6b5-39c8e40a9379 req-841c3b8a-9f23-47e2-b6b5-39c8e40a9379 ] Request (HypervisorAdminV253TestBase:tearDownClass): 204 DELETE http://10.180.1.21/identity/v3/users/a78f543716ca40458d96eb9250e08af0 0.247s
2025-11-14 09:39:04.315 66152 INFO tempest.lib.common.dynamic_creds [-] Deleting project and security group for project: d3a0b3dff99544a3a88b2c0f896ea563
2025-11-14 09:39:04.404 66146 INFO tempest.lib.common.rest_client [req-8470cfa0-174e-41bd-921a-417124df9106 req-8470cfa0-174e-41bd-921a-417124df9106 ] Request (QuotasAdminTestV257:test_get_updated_quotas): 200 GET http://10.180.1.21/identity/v3/domains?name=Default 0.215s
2025-11-14 09:39:04.473 66126 INFO tempest.lib.common.rest_client [req-8bf5d696-53ec-4d1d-8a9c-c01f314afbba req-8bf5d696-53ec-4d1d-8a9c-c01f314afbba ] Request (FlavorsExtraSpecsTestJSON:setUpClass): 201 POST http://10.180.1.21/identity/v3/users 0.258s
2025-11-14 09:39:04.542 66152 INFO tempest.lib.common.rest_client [req-b3fb2d7a-5dae-401f-9b68-90551accbf2e req-b3fb2d7a-5dae-401f-9b68-90551accbf2e ] Request (HypervisorAdminV253TestBase:tearDownClass): 201 POST http://10.180.1.21/identity/v3/auth/tokens 0.227s
2025-11-14 09:39:04.589 66126 INFO tempest.lib.common.rest_client [req-60096fbd-4f20-497a-a4ae-73ad422c79eb req-60096fbd-4f20-497a-a4ae-73ad422c79eb ] Request (FlavorsExtraSpecsTestJSON:setUpClass): 200 GET http://10.180.1.21/identity/v3/roles 0.116s
2025-11-14 09:39:04.665 66126 INFO tempest.lib.common.rest_client [req-d3a091db-5b80-40ad-acb0-6c03f2a2855b req-d3a091db-5b80-40ad-acb0-6c03f2a2855b ] Request (FlavorsExtraSpecsTestJSON:setUpClass): 204 PUT http://10.180.1.21/identity/v3/projects/48d3fde193a24ca2915814b49668f282/users/1399f3e128ae48eb871fa752daaf8bb1/roles/feeb322ede4e4c31a1a3691317ea8d28 0.075s
2025-11-14 09:39:04.760 66126 INFO tempest.lib.common.rest_client [req-5eade4a5-96cf-46ad-9f5d-f1cce2032c80 req-5eade4a5-96cf-46ad-9f5d-f1cce2032c80 ] Request (FlavorsExtraSpecsTestJSON:setUpClass): 200 GET http://10.180.1.21/identity/v3/roles 0.094s
2025-11-14 09:39:04.766 66148 INFO tempest.lib.common.rest_client [req-da72be7a-f969-4752-8c97-36e640924413 req-da72be7a-f969-4752-8c97-36e640924413 ] Request (ListImageFiltersTestJSON:setUpClass): 201 POST http://10.180.1.21/image/v2/images 0.830s
2025-11-14 09:39:04.789 66126 INFO tempest.lib.common.rest_client [req-db9842aa-4bdd-49b9-a6c6-63c7d5098be4 req-db9842aa-4bdd-49b9-a6c6-63c7d5098be4 ] Request (FlavorsExtraSpecsTestJSON:setUpClass): 204 PUT http://10.180.1.21/identity/v3/projects/48d3fde193a24ca2915814b49668f282/users/1399f3e128ae48eb871fa752daaf8bb1/roles/feeb322ede4e4c31a1a3691317ea8d28 0.029s
2025-11-14 09:39:04.790 66126 INFO tempest.lib.common.dynamic_creds [-] Dynamic test user 1399f3e128ae48eb871fa752daaf8bb1 is created with scope project and roles: ['admin']
2025-11-14 09:39:04.790 66126 INFO tempest.lib.common.dynamic_creds [-] Acquired dynamic creds: credentials: Credentials: {'domain_id': 'default', 'domain_name': 'Default', 'username': 'tempest-FlavorsExtraSpecsTestJSON-1045357201-project-admin', 'project_domain_id': 'default', 'project_domain_name': 'Default', 'project_id': '48d3fde193a24ca2915814b49668f282', 'project_name': 'tempest-FlavorsExtraSpecsTestJSON-1045357201', 'tenant_id': '48d3fde193a24ca2915814b49668f282', 'tenant_name': 'tempest-FlavorsExtraSpecsTestJSON-1045357201', 'user_domain_id': 'default', 'user_domain_name': 'Default', 'user_id': '1399f3e128ae48eb871fa752daaf8bb1', 'system': None}, Network: None, Subnet: None, Router: None
2025-11-14 09:39:04.790 66126 INFO tempest.lib.common.dynamic_creds [-] Created isolated network resources for: credentials: Credentials: {'domain_id': 'default', 'domain_name': 'Default', 'username': 'tempest-FlavorsExtraSpecsTestJSON-1045357201-project-admin', 'project_domain_id': 'default', 'project_domain_name': 'Default', 'project_id': '48d3fde193a24ca2915814b49668f282', 'project_name': 'tempest-FlavorsExtraSpecsTestJSON-1045357201', 'tenant_id': '48d3fde193a24ca2915814b49668f282', 'tenant_name': 'tempest-FlavorsExtraSpecsTestJSON-1045357201', 'user_domain_id': 'default', 'user_domain_name': 'Default', 'user_id': '1399f3e128ae48eb871fa752daaf8bb1', 'system': None}, Network: None, Subnet: None, Router: None
2025-11-14 09:39:04.807 66180 INFO tempest.lib.common.rest_client [req-af290ad2-2093-45b2-b9f8-050201501d27 req-af290ad2-2093-45b2-b9f8-050201501d27 ] Request (AggregatesAdminNegativeTestJSON:test_aggregate_add_existent_host): 200 POST http://10.180.1.21/compute/v2.1/os-aggregates/1/action 3.064s
2025-11-14 09:39:04.818 66152 INFO tempest.lib.common.rest_client [req-7adbffff-2ef4-4d83-9916-6b237df0cadf req-7adbffff-2ef4-4d83-9916-6b237df0cadf ] Request (HypervisorAdminV253TestBase:tearDownClass): 200 GET http://10.180.1.21/networking/v2.0/security-groups?tenant_id=d3a0b3dff99544a3a88b2c0f896ea563&name=default 0.275s
2025-11-14 09:39:04.883 66140 INFO tempest.lib.common.rest_client [req-e72dd090-ca9c-4d82-b81b-d4447027c438 req-e72dd090-ca9c-4d82-b81b-d4447027c438 ] Request (ServersAdminTestJSON:setUpClass): 202 POST http://10.180.1.21/compute/v2.1/servers 3.109s
2025-11-14 09:39:04.913 66126 INFO tempest.lib.common.rest_client [req-004e8a25-0308-49d5-8600-311446b58abc req-004e8a25-0308-49d5-8600-311446b58abc ] Request (FlavorsExtraSpecsTestJSON:setUpClass): 201 POST http://10.180.1.21/identity/v3/auth/tokens 0.121s
2025-11-14 09:39:04.941 66152 INFO tempest.lib.common.rest_client [req-9f840996-c554-4538-8397-fab22dc20f27 req-9f840996-c554-4538-8397-fab22dc20f27 ] Request (HypervisorAdminV253TestBase:tearDownClass): 204 DELETE http://10.180.1.21/networking/v2.0/security-groups/652acc49-d010-46d1-9ae0-f01740824462 0.123s
2025-11-14 09:39:04.956 66178 INFO tempest.lib.common.rest_client [req-1302187c-c2c4-4918-8748-c71f49537966 req-1302187c-c2c4-4918-8748-c71f49537966 ] Request (VolumesAssistedSnapshotsTest:test_volume_assisted_snapshot_create_delete): 200 GET http://10.180.1.21/volume/v3/volumes/7673f336-ea7d-47dc-9128-db2ea48d8971 0.050s
2025-11-14 09:39:04.968 66178 INFO tempest.common.waiters [-] volume 7673f336-ea7d-47dc-9128-db2ea48d8971 reached available after waiting for 1.968816 seconds
2025-11-14 09:39:05.048 66140 INFO tempest.lib.common.rest_client [req-cc848363-4f30-41c6-8593-6d0a1a35c4aa req-cc848363-4f30-41c6-8593-6d0a1a35c4aa ] Request (ServersAdminTestJSON:setUpClass): 201 POST http://10.180.1.21/identity/v3/auth/tokens 0.162s
2025-11-14 09:39:05.049 66140 INFO tempest.lib.common.fixed_network [-] (ServersAdminTestJSON:setUpClass) Found network {'id': '0b86edca-7b93-4ada-afc1-880640599688', 'name': 'tempest-ServersAdminTestJSON-787934345-network', 'tenant_id': 'e63bc939b1b64d20837c647f243bc5a3', 'project_id': 'e63bc939b1b64d20837c647f243bc5a3', 'admin_state_up': True, 'mtu': 8950, 'status': 'ACTIVE', 'subnets': [], 'shared': False, 'port_security_enabled': True, 'router:external': False, 'provider:network_type': 'vlan', 'provider:physical_network': 'default', 'provider:segmentation_id': 539, 'availability_zone_hints': [], 'availability_zones': [], 'ipv4_address_scope': None, 'ipv6_address_scope': None, 'description': '', 'tags': [], 'created_at': '2025-11-14T09:38:54Z', 'updated_at': '2025-11-14T09:38:54Z', 'revision_number': 1} available for tenant
2025-11-14 09:39:05.195 66152 INFO tempest.lib.common.rest_client [req-876d441d-5b95-4d4d-aec0-308fe86f5e6a req-876d441d-5b95-4d4d-aec0-308fe86f5e6a ] Request (HypervisorAdminV253TestBase:tearDownClass): 204 DELETE http://10.180.1.21/identity/v3/projects/d3a0b3dff99544a3a88b2c0f896ea563 0.253s
2025-11-14 09:39:05.195 66152 INFO tempest.lib.common.dynamic_creds [-] Deleting project and security group for project: e10bc9d19a4c4d948ec20b9f750cf986
2025-11-14 09:39:05.277 66142 INFO tempest.lib.common.rest_client [req-9ee55da7-1228-4638-be0e-5de11992fac2 req-9ee55da7-1228-4638-be0e-5de11992fac2 ] Request (SecurityGroupsTestAdminJSON:test_list_security_groups_list_all_tenants_filter): 200 POST http://10.180.1.21/compute/v2.1/os-security-groups 3.041s
2025-11-14 09:39:05.316 66176 INFO tempest.lib.common.rest_client [req-7c0fdcdd-71c8-461f-bfd3-9ce8c479c44a req-7c0fdcdd-71c8-461f-bfd3-9ce8c479c44a ] Request (ServicesAdminNegativeTestJSON:test_get_service_by_invalid_service_and_valid_host): 200 GET http://10.180.1.21/compute/v2.1/os-services 3.053s
2025-11-14 09:39:05.324 66168 INFO tempest.lib.common.rest_client [req-1e1d7771-32f9-4e70-bcc1-61850d7f84bb req-1e1d7771-32f9-4e70-bcc1-61850d7f84bb ] Request (TenantUsagesNegativeTestJSON:test_get_usage_tenant_with_invalid_date): 400 GET http://10.180.1.21/compute/v2.1/os-simple-tenant-usage/d7fd821dc4b24d8da2a3354dc39d1f26?start=2025-11-15T09%3A38%3A58.263735&end=2025-11-13T09%3A38%3A58.263735 2.943s
2025-11-14 09:39:05.352 66132 INFO tempest.lib.common.rest_client [req-324f3577-4ef4-48ff-b0dd-4ba1524bea3b req-324f3577-4ef4-48ff-b0dd-4ba1524bea3b ] Request (ServicesAdminTestJSON:test_get_service_by_host_name): 200 GET http://10.180.1.21/compute/v2.1/os-services?host=devstack 2.871s
2025-11-14 09:39:05.438 66152 INFO tempest.lib.common.rest_client [req-2fb678dd-4dd6-497a-9aed-0aaf680cab82 req-2fb678dd-4dd6-497a-9aed-0aaf680cab82 ] Request (HypervisorAdminV253TestBase:tearDownClass): 200 GET http://10.180.1.21/networking/v2.0/security-groups?tenant_id=e10bc9d19a4c4d948ec20b9f750cf986&name=default 0.242s
2025-11-14 09:39:05.535 66120 INFO tempest.lib.common.rest_client [req-b7ec0862-b27d-43ab-987e-8cf8a449dafc req-b7ec0862-b27d-43ab-987e-8cf8a449dafc ] Request (ServersWithSpecificFlavorTestJSON:test_verify_created_server_ephemeral_disk): 200 POST http://10.180.1.21/compute/v2.1/flavors 2.969s
2025-11-14 09:39:05.576 66152 INFO tempest.lib.common.rest_client [req-92481136-4f5b-42c7-b040-7e1ddec4fe09 req-92481136-4f5b-42c7-b040-7e1ddec4fe09 ] Request (HypervisorAdminV253TestBase:tearDownClass): 204 DELETE http://10.180.1.21/networking/v2.0/security-groups/5598c713-3611-492a-a488-7edba38c6b3b 0.137s
2025-11-14 09:39:05.759 66152 INFO tempest.lib.common.rest_client [req-b06022fa-0f6e-4795-8150-47ed25ae9631 req-b06022fa-0f6e-4795-8150-47ed25ae9631 ] Request (HypervisorAdminV253TestBase:tearDownClass): 204 DELETE http://10.180.1.21/identity/v3/projects/e10bc9d19a4c4d948ec20b9f750cf986 0.182s
2025-11-14 09:39:05.848 66152 INFO tempest.lib.common.rest_client [req-2182b10b-d607-4fbf-bb2b-b236e9f27cec req-2182b10b-d607-4fbf-bb2b-b236e9f27cec ] Request (HypervisorAdminNegativeUnderV252Test:setUpClass): 201 POST http://10.180.1.21/identity/v3/auth/tokens 0.088s
2025-11-14 09:39:05.896 66152 INFO tempest.lib.common.rest_client [req-b737abbd-28ae-43b5-8970-507ad41a9c51 req-b737abbd-28ae-43b5-8970-507ad41a9c51 ] Request (HypervisorAdminNegativeUnderV252Test:setUpClass): 201 POST http://10.180.1.21/identity/v3/auth/tokens 0.044s
2025-11-14 09:39:05.924 66152 INFO tempest.lib.common.rest_client [req-c00da1f4-e73d-4bcf-a4c2-15e16efe1729 req-c00da1f4-e73d-4bcf-a4c2-15e16efe1729 ] Request (HypervisorAdminNegativeUnderV252Test:setUpClass): 200 GET http://10.180.1.21/identity/v3/domains?name=Default 0.027s
2025-11-14 09:39:05.975 66152 INFO tempest.lib.common.rest_client [req-19078c01-7906-4fd0-bfa8-e708126c5fdd req-19078c01-7906-4fd0-bfa8-e708126c5fdd ] Request (HypervisorAdminNegativeUnderV252Test:setUpClass): 201 POST http://10.180.1.21/identity/v3/projects 0.050s
2025-11-14 09:39:06.071 66152 INFO tempest.lib.common.rest_client [req-6d73caab-3728-4770-a5f2-c69dd0352288 req-6d73caab-3728-4770-a5f2-c69dd0352288 ] Request (HypervisorAdminNegativeUnderV252Test:setUpClass): 201 POST http://10.180.1.21/identity/v3/users 0.095s
2025-11-14 09:39:06.105 66152 INFO tempest.lib.common.rest_client [req-a23bb395-7259-4624-a368-8cc8ead6aabc req-a23bb395-7259-4624-a368-8cc8ead6aabc ] Request (HypervisorAdminNegativeUnderV252Test:setUpClass): 200 GET http://10.180.1.21/identity/v3/roles 0.034s
2025-11-14 09:39:06.109 66136 INFO tempest.lib.common.rest_client [req-e4da45fc-1ead-45db-95e3-ce1b4efcd276 req-e4da45fc-1ead-45db-95e3-ce1b4efcd276 ] Request (VolumesAdminNegativeTest:test_update_attached_volume_with_nonexistent_volume_in_uri): 202 POST http://10.180.1.21/compute/v2.1/servers 3.925s
2025-11-14 09:39:06.111 66164 INFO tempest.lib.common.rest_client [req-931e5ccc-d67c-4a3e-a91e-7e7cf0f01c82 req-931e5ccc-d67c-4a3e-a91e-7e7cf0f01c82 ] Request (ServerActionsTestOtherB:setUpClass): 202 POST http://10.180.1.21/compute/v2.1/servers 2.875s
2025-11-14 09:39:06.121 66128 INFO tempest.lib.common.rest_client [req-9462830a-99b5-4ea8-ae44-34bd6b037a89 req-9462830a-99b5-4ea8-ae44-34bd6b037a89 ] Request (FlavorsExtraSpecsNegativeTestJSON:test_flavor_non_admin_unset_keys): 403 DELETE http://10.180.1.21/compute/v2.1/flavors/1442561814/os-extra_specs/hw:numa_nodes 2.748s
2025-11-14 09:39:06.149 66152 INFO tempest.lib.common.rest_client [req-9e02a8eb-0f8b-4481-82c8-5311076f2781 req-9e02a8eb-0f8b-4481-82c8-5311076f2781 ] Request (HypervisorAdminNegativeUnderV252Test:setUpClass): 204 PUT http://10.180.1.21/identity/v3/projects/943513d6832a4636be476160c23cbbe5/users/27c81ea1af994d8280e03979d35b2b9a/roles/bbc4aa3af74b4d6a8b6643219685cef2 0.043s
2025-11-14 09:39:06.149 66152 INFO tempest.lib.common.dynamic_creds [-] Dynamic test user 27c81ea1af994d8280e03979d35b2b9a is created with scope project and roles: ['member']
2025-11-14 09:39:06.149 66152 INFO tempest.lib.common.dynamic_creds [-] Acquired dynamic creds: credentials: Credentials: {'domain_id': 'default', 'domain_name': 'Default', 'username': 'tempest-HypervisorAdminNegativeUnderV252Test-1993691653-project-member', 'project_domain_id': 'default', 'project_domain_name': 'Default', 'project_id': '943513d6832a4636be476160c23cbbe5', 'project_name': 'tempest-HypervisorAdminNegativeUnderV252Test-1993691653', 'tenant_id': '943513d6832a4636be476160c23cbbe5', 'tenant_name': 'tempest-HypervisorAdminNegativeUnderV252Test-1993691653', 'user_domain_id': 'default', 'user_domain_name': 'Default', 'user_id': '27c81ea1af994d8280e03979d35b2b9a', 'system': None}, Network: None, Subnet: None, Router: None
2025-11-14 09:39:06.149 66152 INFO tempest.lib.common.dynamic_creds [-] Created isolated network resources for: credentials: Credentials: {'domain_id': 'default', 'domain_name': 'Default', 'username': 'tempest-HypervisorAdminNegativeUnderV252Test-1993691653-project-member', 'project_domain_id': 'default', 'project_domain_name': 'Default', 'project_id': '943513d6832a4636be476160c23cbbe5', 'project_name': 'tempest-HypervisorAdminNegativeUnderV252Test-1993691653', 'tenant_id': '943513d6832a4636be476160c23cbbe5', 'tenant_name': 'tempest-HypervisorAdminNegativeUnderV252Test-1993691653', 'user_domain_id': 'default', 'user_domain_name': 'Default', 'user_id': '27c81ea1af994d8280e03979d35b2b9a', 'system': None}, Network: None, Subnet: None, Router: None
