2025-11-14 09:42:25.817 66148 INFO tempest.lib.common.rest_client [req-abbfb9b8-b9b0-40bc-809c-e3d03817d3f6 req-abbfb9b8-b9b0-40bc-809c-e3d03817d3f6 ] Request (ListImageFiltersTestJSON:tearDownClass): 200 GET http://10.180.1.21/compute/v2.1/servers/6055ef62-1628-47ef-9b17-dc1bcb5cb08a 0.436s
2025-11-14 09:42:25.828 66150 INFO tempest.lib.common.rest_client [req-a1c64029-7de9-4129-b208-b66d4ef0d0e0 req-a1c64029-7de9-4129-b208-b66d4ef0d0e0 ] Request (VolumesSnapshotsTestJSON:test_volume_snapshot_create_get_list_delete): 200 GET http://10.180.1.21/compute/v2.1/os-snapshots/b109b198-c32a-4890-9da1-2afaaebd648f 0.412s
2025-11-14 09:42:25.866 66138 INFO tempest.lib.common.rest_client [req-11ee318a-d1d2-4834-8d9b-21feff765c39 req-11ee318a-d1d2-4834-8d9b-21feff765c39 ] Request (ServersTestJSON:setUpClass): 201 POST http://10.180.1.21/identity/v3/projects 0.059s
2025-11-14 09:42:25.889 66168 INFO tempest.lib.common.rest_client [req-1ae38eaa-7906-4cdf-b3a1-f6403f081fa0 req-1ae38eaa-7906-4cdf-b3a1-f6403f081fa0 ] Request (ServersTestJSON:test_create_specify_keypair): 200 GET http://10.180.1.21/compute/v2.1/servers/0d134c02-76e4-4bf5-8313-94d6229c3db7 0.289s
2025-11-14 09:42:25.966 66138 INFO tempest.lib.common.rest_client [req-3f0a3b92-a07c-4b4f-9f09-f77bcfb6bb7e req-3f0a3b92-a07c-4b4f-9f09-f77bcfb6bb7e ] Request (ServersTestJSON:setUpClass): 201 POST http://10.180.1.21/identity/v3/users 0.099s
2025-11-14 09:42:25.974 66180 WARNING tempest.lib.common.ssh [-] Failed to establish authenticated ssh connection to cirros@10.180.180.162 ([Errno None] Unable to connect to port 22 on 10.180.180.162). Number attempts: 4. Retry after 5 seconds.: paramiko.ssh_exception.NoValidConnectionsError: [Errno None] Unable to connect to port 22 on 10.180.180.162
2025-11-14 09:42:25.989 66122 INFO tempest.lib.common.rest_client [req-5921b0b1-7b52-43a3-9810-5a1b1cd4848b req-5921b0b1-7b52-43a3-9810-5a1b1cd4848b ] Request (ServerDiagnosticsNegativeTest:test_get_server_diagnostics_by_non_admin): 200 GET http://10.180.1.21/compute/v2.1/servers/de6a1df2-e812-4853-9b01-9217829200c4 0.468s
2025-11-14 09:42:25.989 66138 INFO tempest.lib.common.rest_client [req-4cbf2274-4f0e-4999-a55b-123e349afc73 req-4cbf2274-4f0e-4999-a55b-123e349afc73 ] Request (ServersTestJSON:setUpClass): 200 GET http://10.180.1.21/identity/v3/roles 0.023s
2025-11-14 09:42:26.005 66146 INFO tempest.lib.common.rest_client [req-696c8c58-3791-4c3d-91c7-724fcf432cb2 req-696c8c58-3791-4c3d-91c7-724fcf432cb2 ] Request (ServersListShow298Test:test_list_show_update_rebuild_server_298): 200 GET http://10.180.1.21/compute/v2.1/servers/0b1c8a23-6fea-4c09-9ccd-f0399b8a6f77 0.261s
2025-11-14 09:42:26.029 66138 INFO tempest.lib.common.rest_client [req-9152c740-6513-451d-a062-33858b61d11f req-9152c740-6513-451d-a062-33858b61d11f ] Request (ServersTestJSON:setUpClass): 204 PUT http://10.180.1.21/identity/v3/projects/0483415213da4f099571e202c207e612/users/56bc9e726c614284bbf863a00739a64d/roles/bbc4aa3af74b4d6a8b6643219685cef2 0.039s
2025-11-14 09:42:26.029 66138 INFO tempest.lib.common.dynamic_creds [-] Dynamic test user 56bc9e726c614284bbf863a00739a64d is created with scope project and roles: ['member']
2025-11-14 09:42:26.029 66138 INFO tempest.lib.common.dynamic_creds [-] Acquired dynamic creds: credentials: Credentials: {'domain_id': 'default', 'domain_name': 'Default', 'username': 'tempest-ServersTestJSON-2038160976-project-member', 'project_domain_id': 'default', 'project_domain_name': 'Default', 'project_id': '0483415213da4f099571e202c207e612', 'project_name': 'tempest-ServersTestJSON-2038160976', 'tenant_id': '0483415213da4f099571e202c207e612', 'tenant_name': 'tempest-ServersTestJSON-2038160976', 'user_domain_id': 'default', 'user_domain_name': 'Default', 'user_id': '56bc9e726c614284bbf863a00739a64d', 'system': None}, Network: None, Subnet: None, Router: None
2025-11-14 09:42:26.066 66118 INFO tempest.lib.common.rest_client [req-c441611f-64a4-4e85-8800-110ca063ce71 req-c441611f-64a4-4e85-8800-110ca063ce71 ] Request (ServersAdmin275Test:tearDownClass): 200 GET http://10.180.1.21/compute/v2.1/servers/1d50880f-2457-4943-a18a-116efedc1d97 0.306s
2025-11-14 09:42:26.077 66158 INFO tempest.lib.common.rest_client [req-e88e23ed-a90f-4750-b508-03303af3c920 req-e88e23ed-a90f-4750-b508-03303af3c920 ] Request (ServerExternalEventsTest:test_create_server_external_events): 200 GET http://10.180.1.21/compute/v2.1/servers/9fe1dc9a-076b-46b3-bb91-879d2e02b2b0 0.259s
2025-11-14 09:42:26.096 66138 INFO tempest.lib.common.rest_client [req-0a4b274f-3045-439c-ad5b-53203dc4f44d req-0a4b274f-3045-439c-ad5b-53203dc4f44d ] Request (ServersTestJSON:setUpClass): 201 POST http://10.180.1.21/identity/v3/auth/tokens 0.066s
2025-11-14 09:42:26.100 66150 INFO tempest.lib.common.rest_client [req-f6955597-2694-459b-b0c0-3bfb241bbd47 req-f6955597-2694-459b-b0c0-3bfb241bbd47 ] Request (VolumesSnapshotsTestJSON:test_volume_snapshot_create_get_list_delete): 200 GET http://10.180.1.21/compute/v2.1/os-snapshots 0.270s
2025-11-14 09:42:26.360 66138 INFO tempest.lib.common.rest_client [req-9d35fba6-3769-4353-9113-cad3965a5d6f req-9d35fba6-3769-4353-9113-cad3965a5d6f ] Request (ServersTestJSON:setUpClass): 201 POST http://10.180.1.21/networking/v2.0/networks 0.263s
2025-11-14 09:42:26.452 66172 INFO tempest.lib.common.rest_client [req-1be7217b-4737-45da-8b2c-edbd706e2c00 req-1be7217b-4737-45da-8b2c-edbd706e2c00 ] Request (SecurityGroupsTestJSON:test_server_security_groups): 200 GET http://10.180.1.21/compute/v2.1/servers/8b2737a5-7599-46e5-bf2b-3a65371304e9 0.503s
2025-11-14 09:42:26.563 66164 INFO tempest.lib.common.rest_client [req-9aa1386b-b8c7-4df7-a779-32e904eade40 req-9aa1386b-b8c7-4df7-a779-32e904eade40 ] Request (ServerActionsTestOtherB:test_resize_server_confirm_from_stopped): 200 GET http://10.180.1.21/compute/v2.1/servers/cac75da9-2cdd-4853-ac53-9cf97e27e6f0 0.544s
2025-11-14 09:42:26.578 66140 INFO tempest.lib.common.rest_client [req-5932fa99-6c71-4d05-a982-1e2e6f7ba209 req-5932fa99-6c71-4d05-a982-1e2e6f7ba209 ] Request (ServersAdminTestJSON:tearDownClass): 200 GET http://10.180.1.21/compute/v2.1/servers/8e7dc539-736f-495e-9783-d47e93079c1d 0.546s
2025-11-14 09:42:26.589 66150 INFO tempest.lib.common.rest_client [req-bb66389d-778c-48b4-9b0b-1eb891460b73 req-bb66389d-778c-48b4-9b0b-1eb891460b73 ] Request (VolumesSnapshotsTestJSON:_run_cleanups): 200 GET http://10.180.1.21/compute/v2.1/os-snapshots/b109b198-c32a-4890-9da1-2afaaebd648f 0.487s
2025-11-14 09:42:26.591 66150 INFO tempest.common.waiters [-] snapshot b109b198-c32a-4890-9da1-2afaaebd648f reached available after waiting for 0.591358 seconds
2025-11-14 09:42:26.603 66138 INFO tempest.lib.common.rest_client [req-2eb94394-1766-4143-924c-ecc7c0d6cae9 req-2eb94394-1766-4143-924c-ecc7c0d6cae9 ] Request (ServersTestJSON:setUpClass): 201 POST http://10.180.1.21/networking/v2.0/subnets 0.243s
2025-11-14 09:42:26.707 66178 INFO tempest.lib.common.rest_client [req-f420ceee-05f4-409a-9c1c-0c31ada32d74 req-f420ceee-05f4-409a-9c1c-0c31ada32d74 ] Request (VolumesAssistedSnapshotsTest:tearDownClass): 200 GET http://10.180.1.21/compute/v2.1/servers/2c68f65a-9132-440f-90c0-033cfc0bc468 0.537s
2025-11-14 09:42:26.768 66152 INFO tempest.lib.common.rest_client [req-b243ae9d-d05b-4ca2-a05d-6e8a2723f1c8 req-b243ae9d-d05b-4ca2-a05d-6e8a2723f1c8 ] Request (ImagesOneServerNegativeTestJSON:_run_cleanups): 200 GET http://10.180.1.21/compute/v2.1/servers/84a96f01-0eca-4ed2-a222-1a58fb326217 0.572s
2025-11-14 09:42:26.777 66152 INFO tempest.common.waiters [-] State transition "BUILD/block_device_mapping" ==> "BUILD/spawning" after 42 second wait
2025-11-14 09:42:26.783 66134 INFO tempest.lib.common.rest_client [req-0c445bfb-9779-43f7-8777-1bd214b9e71d req-0c445bfb-9779-43f7-8777-1bd214b9e71d ] Request (InstanceActionsTestJSON:setUpClass): 200 GET http://10.180.1.21/compute/v2.1/servers/bc7a91f6-3e2b-4520-b116-acdbf051a825 0.565s
2025-11-14 09:42:26.793 66176 WARNING tempest.lib.common.ssh [-] Failed to establish authenticated ssh connection to cirros@10.180.180.129 ([Errno None] Unable to connect to port 22 on 10.180.180.129). Number attempts: 3. Retry after 4 seconds.: paramiko.ssh_exception.NoValidConnectionsError: [Errno None] Unable to connect to port 22 on 10.180.180.129
2025-11-14 09:42:26.839 66160 INFO tempest.lib.common.rest_client [req-7fbca037-b852-400e-abfd-64d1e6754392 req-7fbca037-b852-400e-abfd-64d1e6754392 ] Request (ServerPasswordTestJSON:setUpClass): 200 GET http://10.180.1.21/compute/v2.1/servers/27b128c2-413c-45a2-b12e-1d142a152472 0.584s
2025-11-14 09:42:26.901 66124 INFO tempest.lib.common.rest_client [req-965691b2-394e-4425-af8e-3b2151fd8756 req-965691b2-394e-4425-af8e-3b2151fd8756 ] Request (MultipleCreateTestJSON:tearDownClass): 200 GET http://10.180.1.21/compute/v2.1/servers/ea65ec6e-c98c-466e-9ccc-616268b504a3 0.615s
2025-11-14 09:42:26.966 66156 INFO tempest.lib.common.rest_client [req-d7b17375-d8ed-42df-b95a-205c7dfe3793 req-d7b17375-d8ed-42df-b95a-205c7dfe3793 ] Request (ServerDiagnosticsV248Test:tearDownClass): 200 GET http://10.180.1.21/compute/v2.1/servers/e0663ec4-b1fc-4f50-b7ac-775601cbf46c 0.474s
2025-11-14 09:42:27.007 66170 INFO tempest.lib.common.rest_client [req-30f73963-65b5-4003-b1d5-3c1e97698bcd req-30f73963-65b5-4003-b1d5-3c1e97698bcd ] Request (ImagesTestJSON:test_create_server_from_snapshot): 200 GET http://10.180.1.21/compute/v2.1/images/5bff5680-9d60-48f2-85c1-45181e1f9662 0.479s
2025-11-14 09:42:27.007 66166 INFO tempest.lib.common.rest_client [req-2a61e2b1-d7c0-4978-8f5d-e32cf6f7248f req-2a61e2b1-d7c0-4978-8f5d-e32cf6f7248f ] Request (FloatingIPsAssociationTestJSON:tearDownClass): 200 GET http://10.180.1.21/compute/v2.1/servers/d0593288-07e3-4cef-9462-628c61e2db8a 0.501s
2025-11-14 09:42:27.060 66150 INFO tempest.lib.common.rest_client [req-e8373472-9ba0-4f4c-9eae-ac919eec49d1 req-e8373472-9ba0-4f4c-9eae-ac919eec49d1 ] Request (VolumesSnapshotsTestJSON:_run_cleanups): 202 DELETE http://10.180.1.21/compute/v2.1/os-snapshots/b109b198-c32a-4890-9da1-2afaaebd648f 0.469s
2025-11-14 09:42:27.073 66136 INFO tempest.lib.common.rest_client [req-762111f4-380c-41de-bde0-26252f848cd1 req-762111f4-380c-41de-bde0-26252f848cd1 ] Request (ServersTestMultiNic:_run_cleanups): 200 GET http://10.180.1.21/compute/v2.1/servers/a951e0d8-62db-417b-a061-b3162e27286b 0.426s
2025-11-14 09:42:27.144 66130 INFO tempest.lib.common.rest_client [req-7dee96d3-cbce-4865-94a2-0e1b016de81a req-7dee96d3-cbce-4865-94a2-0e1b016de81a ] Request (ServersAdminNegativeTestJSON:tearDownClass): 200 GET http://10.180.1.21/compute/v2.1/servers/607ee5e2-3da0-4e6b-9d8d-d6e68ec70055 0.438s
2025-11-14 09:42:27.163 66142 INFO tempest.lib.common.rest_client [req-0e744373-403b-4737-8e42-60e6806067fd req-0e744373-403b-4737-8e42-60e6806067fd ] Request (AttachInterfacesTestJSON:_run_cleanups): 200 GET http://10.180.1.21/compute/v2.1/servers/9dab49d7-6096-443a-a073-92f990e4d873 0.402s
2025-11-14 09:42:27.213 66154 INFO tempest.lib.common.rest_client [req-d80b0101-9c02-438d-97bd-440762ab3745 req-d80b0101-9c02-438d-97bd-440762ab3745 ] Request (ServerTagsTestJSON:setUpClass): 200 GET http://10.180.1.21/compute/v2.1/servers/bac493d9-6454-481c-8703-177efd82b3c6 0.417s
2025-11-14 09:42:27.233 66148 INFO tempest.lib.common.rest_client [req-b1b55c59-8ccd-4020-ac70-ad45886e43e1 req-b1b55c59-8ccd-4020-ac70-ad45886e43e1 ] Request (ListImageFiltersTestJSON:tearDownClass): 200 GET http://10.180.1.21/compute/v2.1/servers/6055ef62-1628-47ef-9b17-dc1bcb5cb08a 0.407s
2025-11-14 09:42:27.275 66168 INFO tempest.lib.common.rest_client [req-35f1d5a5-d3dd-432c-b9bb-36798cfaa473 req-35f1d5a5-d3dd-432c-b9bb-36798cfaa473 ] Request (ServersTestJSON:test_create_specify_keypair): 200 GET http://10.180.1.21/compute/v2.1/servers/0d134c02-76e4-4bf5-8313-94d6229c3db7 0.372s
2025-11-14 09:42:27.355 66146 INFO tempest.lib.common.rest_client [req-c77e5b5e-a343-41e6-a4b3-d95cd28b99b5 req-c77e5b5e-a343-41e6-a4b3-d95cd28b99b5 ] Request (ServersListShow298Test:test_list_show_update_rebuild_server_298): 200 GET http://10.180.1.21/compute/v2.1/servers/0b1c8a23-6fea-4c09-9ccd-f0399b8a6f77 0.338s
2025-11-14 09:42:27.377 66150 INFO tempest.lib.common.rest_client [req-de681e17-ba50-4cb5-9d70-662886b2fdac req-de681e17-ba50-4cb5-9d70-662886b2fdac ] Request (VolumesSnapshotsTestJSON:_run_cleanups): 404 GET http://10.180.1.21/compute/v2.1/os-snapshots/b109b198-c32a-4890-9da1-2afaaebd648f 0.316s
2025-11-14 09:42:27.397 66122 INFO tempest.lib.common.rest_client [req-442e9eb6-2b57-4b2d-bf21-2ce41437ef3f req-442e9eb6-2b57-4b2d-bf21-2ce41437ef3f ] Request (ServerDiagnosticsNegativeTest:test_get_server_diagnostics_by_non_admin): 200 GET http://10.180.1.21/compute/v2.1/servers/de6a1df2-e812-4853-9b01-9217829200c4 0.398s
2025-11-14 09:42:27.401 66138 INFO tempest.lib.common.rest_client [req-2be51d43-0949-45c7-a7a3-ada2c6080f25 req-2be51d43-0949-45c7-a7a3-ada2c6080f25 ] Request (ServersTestJSON:setUpClass): 201 POST http://10.180.1.21/networking/v2.0/routers 0.798s
2025-11-14 09:42:27.468 66118 INFO tempest.lib.common.rest_client [req-800c2594-04ec-4df9-b4bd-cd1fd3f0b453 req-800c2594-04ec-4df9-b4bd-cd1fd3f0b453 ] Request (ServersAdmin275Test:tearDownClass): 200 GET http://10.180.1.21/compute/v2.1/servers/1d50880f-2457-4943-a18a-116efedc1d97 0.390s
2025-11-14 09:42:27.480 66158 INFO tempest.lib.common.rest_client [req-a9433f7d-f5c9-4069-a2ee-83f9113c805a req-a9433f7d-f5c9-4069-a2ee-83f9113c805a ] Request (ServerExternalEventsTest:test_create_server_external_events): 200 GET http://10.180.1.21/compute/v2.1/servers/9fe1dc9a-076b-46b3-bb91-879d2e02b2b0 0.393s
2025-11-14 09:42:27.525 66150 INFO tempest.lib.common.rest_client [req-3f121c5d-2d32-404a-a070-ea76f4d8e5c3 req-3f121c5d-2d32-404a-a070-ea76f4d8e5c3 ] Request (VolumesSnapshotsTestJSON:_run_cleanups): 202 DELETE http://10.180.1.21/compute/v2.1/os-volumes/25a9b13e-ce31-4a85-b4a0-cda9d9cfa1ce 0.148s
2025-11-14 09:42:27.547 66172 INFO tempest.lib.common.rest_client [req-c6fe728c-3355-4120-b7d1-9bd8bc7cb744 req-c6fe728c-3355-4120-b7d1-9bd8bc7cb744 ] Request (SecurityGroupsTestJSON:test_server_security_groups): 200 GET http://10.180.1.21/compute/v2.1/servers/8b2737a5-7599-46e5-bf2b-3a65371304e9 0.087s
2025-11-14 09:42:27.577 66150 INFO tempest.lib.common.rest_client [req-5cc2f026-a19e-4aed-970f-ffd4a18f732b req-5cc2f026-a19e-4aed-970f-ffd4a18f732b ] Request (VolumesSnapshotsTestJSON:_run_cleanups): 200 GET http://10.180.1.21/compute/v2.1/os-volumes/25a9b13e-ce31-4a85-b4a0-cda9d9cfa1ce 0.051s
2025-11-14 09:42:27.767 66140 INFO tempest.lib.common.rest_client [req-1a840279-03c8-4d89-94a4-54ff3414bac7 req-1a840279-03c8-4d89-94a4-54ff3414bac7 ] Request (ServersAdminTestJSON:tearDownClass): 200 GET http://10.180.1.21/compute/v2.1/servers/8e7dc539-736f-495e-9783-d47e93079c1d 0.178s
2025-11-14 09:42:27.827 66164 INFO tempest.lib.common.rest_client [req-76c152ea-92aa-403b-905d-e9ab694d6653 req-76c152ea-92aa-403b-905d-e9ab694d6653 ] Request (ServerActionsTestOtherB:test_resize_server_confirm_from_stopped): 200 GET http://10.180.1.21/compute/v2.1/servers/cac75da9-2cdd-4853-ac53-9cf97e27e6f0 0.254s
2025-11-14 09:42:27.914 66178 INFO tempest.lib.common.rest_client [req-f5587f8f-b920-4e5c-b859-6607d0a76da5 req-f5587f8f-b920-4e5c-b859-6607d0a76da5 ] Request (VolumesAssistedSnapshotsTest:tearDownClass): 200 GET http://10.180.1.21/compute/v2.1/servers/2c68f65a-9132-440f-90c0-033cfc0bc468 0.199s
2025-11-14 09:42:28.049 66132 WARNING tempest.lib.common.ssh [-] Failed to establish authenticated ssh connection to cirros@10.180.180.191 ([Errno None] Unable to connect to port 22 on 10.180.180.191). Number attempts: 9. Retry after 10 seconds.: paramiko.ssh_exception.NoValidConnectionsError: [Errno None] Unable to connect to port 22 on 10.180.180.191
2025-11-14 09:42:28.066 66134 INFO tempest.lib.common.rest_client [req-50b4e0ea-44cc-487d-878a-a2d84924f4d6 req-50b4e0ea-44cc-487d-878a-a2d84924f4d6 ] Request (InstanceActionsTestJSON:setUpClass): 200 GET http://10.180.1.21/compute/v2.1/servers/bc7a91f6-3e2b-4520-b116-acdbf051a825 0.274s
2025-11-14 09:42:28.098 66152 INFO tempest.lib.common.rest_client [req-bd0a7edd-4e08-4926-a1ca-4232755a451c req-bd0a7edd-4e08-4926-a1ca-4232755a451c ] Request (ImagesOneServerNegativeTestJSON:_run_cleanups): 200 GET http://10.180.1.21/compute/v2.1/servers/84a96f01-0eca-4ed2-a222-1a58fb326217 0.319s
2025-11-14 09:42:28.143 66160 INFO tempest.lib.common.rest_client [req-edc0f6a0-b9ba-434e-a0da-2ef29b6af060 req-edc0f6a0-b9ba-434e-a0da-2ef29b6af060 ] Request (ServerPasswordTestJSON:setUpClass): 200 GET http://10.180.1.21/compute/v2.1/servers/27b128c2-413c-45a2-b12e-1d142a152472 0.295s
2025-11-14 09:42:28.173 66124 INFO tempest.lib.common.rest_client [req-b66ea1bf-d6de-490e-bbed-7369d1dc0728 req-b66ea1bf-d6de-490e-bbed-7369d1dc0728 ] Request (MultipleCreateTestJSON:tearDownClass): 200 GET http://10.180.1.21/compute/v2.1/servers/ea65ec6e-c98c-466e-9ccc-616268b504a3 0.261s
2025-11-14 09:42:28.213 66170 INFO tempest.lib.common.rest_client [req-d8211869-de60-425b-a3ba-9f416971e167 req-d8211869-de60-425b-a3ba-9f416971e167 ] Request (ImagesTestJSON:test_create_server_from_snapshot): 200 GET http://10.180.1.21/compute/v2.1/images/5bff5680-9d60-48f2-85c1-45181e1f9662 0.201s
2025-11-14 09:42:28.225 66156 INFO tempest.lib.common.rest_client [req-87543e52-9573-4063-8679-a1213a67b4b2 req-87543e52-9573-4063-8679-a1213a67b4b2 ] Request (ServerDiagnosticsV248Test:tearDownClass): 200 GET http://10.180.1.21/compute/v2.1/servers/e0663ec4-b1fc-4f50-b7ac-775601cbf46c 0.250s
2025-11-14 09:42:28.285 66166 INFO tempest.lib.common.rest_client [req-2bc63b86-80af-4b22-ba8d-35d4e1e8e24b req-2bc63b86-80af-4b22-ba8d-35d4e1e8e24b ] Request (FloatingIPsAssociationTestJSON:tearDownClass): 200 GET http://10.180.1.21/compute/v2.1/servers/d0593288-07e3-4cef-9462-628c61e2db8a 0.268s
2025-11-14 09:42:28.300 66136 INFO tempest.lib.common.rest_client [req-05ba86c6-c12f-48b9-9f4d-6156ed1b5794 req-05ba86c6-c12f-48b9-9f4d-6156ed1b5794 ] Request (ServersTestMultiNic:_run_cleanups): 200 GET http://10.180.1.21/compute/v2.1/servers/a951e0d8-62db-417b-a061-b3162e27286b 0.218s
2025-11-14 09:42:28.343 66130 INFO tempest.lib.common.rest_client [req-f24c7ca6-d224-49b6-8d4a-1431ab49c4bf req-f24c7ca6-d224-49b6-8d4a-1431ab49c4bf ] Request (ServersAdminNegativeTestJSON:tearDownClass): 200 GET http://10.180.1.21/compute/v2.1/servers/607ee5e2-3da0-4e6b-9d8d-d6e68ec70055 0.188s
2025-11-14 09:42:28.362 66142 INFO tempest.lib.common.rest_client [req-9279ba14-9137-4a70-b9e2-1f4c00d4421a req-9279ba14-9137-4a70-b9e2-1f4c00d4421a ] Request (AttachInterfacesTestJSON:_run_cleanups): 200 GET http://10.180.1.21/compute/v2.1/servers/9dab49d7-6096-443a-a073-92f990e4d873 0.190s
2025-11-14 09:42:28.409 66154 INFO tempest.lib.common.rest_client [req-ce2bc1a3-53d1-4f2b-8328-287616869622 req-ce2bc1a3-53d1-4f2b-8328-287616869622 ] Request (ServerTagsTestJSON:setUpClass): 200 GET http://10.180.1.21/compute/v2.1/servers/bac493d9-6454-481c-8703-177efd82b3c6 0.184s
2025-11-14 09:42:28.438 66148 INFO tempest.lib.common.rest_client [req-5dd4bbc0-c453-4257-910d-16c960f67117 req-5dd4bbc0-c453-4257-910d-16c960f67117 ] Request (ListImageFiltersTestJSON:tearDownClass): 200 GET http://10.180.1.21/compute/v2.1/servers/6055ef62-1628-47ef-9b17-dc1bcb5cb08a 0.197s
2025-11-14 09:42:28.478 66168 INFO tempest.lib.common.rest_client [req-6f245e84-5fed-48b8-9c29-a4b379b65e8c req-6f245e84-5fed-48b8-9c29-a4b379b65e8c ] Request (ServersTestJSON:test_create_specify_keypair): 200 GET http://10.180.1.21/compute/v2.1/servers/0d134c02-76e4-4bf5-8313-94d6229c3db7 0.192s
2025-11-14 09:42:28.482 66138 INFO tempest.lib.common.rest_client [req-07f81abe-5a4c-4895-9fc8-262d7fe3d6e6 req-07f81abe-5a4c-4895-9fc8-262d7fe3d6e6 ] Request (ServersTestJSON:setUpClass): 200 PUT http://10.180.1.21/networking/v2.0/routers/8fedb529-d86c-4a81-b156-f6f3dce1bd18/add_router_interface 1.080s
2025-11-14 09:42:28.482 66138 INFO tempest.lib.common.dynamic_creds [-] Created isolated network resources for: credentials: Credentials: {'domain_id': 'default', 'domain_name': 'Default', 'username': 'tempest-ServersTestJSON-2038160976-project-member', 'project_domain_id': 'default', 'project_domain_name': 'Default', 'project_id': '0483415213da4f099571e202c207e612', 'project_name': 'tempest-ServersTestJSON-2038160976', 'tenant_id': '0483415213da4f099571e202c207e612', 'tenant_name': 'tempest-ServersTestJSON-2038160976', 'user_domain_id': 'default', 'user_domain_name': 'Default', 'user_id': '56bc9e726c614284bbf863a00739a64d', 'system': None}, Network: {'id': '23c31ee2-c2bb-4090-a1af-4cbbd676cf58', 'name': 'tempest-ServersTestJSON-538285762-network', 'tenant_id': '0483415213da4f099571e202c207e612', 'project_id': '0483415213da4f099571e202c207e612', 'admin_state_up': True, 'mtu': 8950, 'status': 'ACTIVE', 'subnets': [], 'shared': False, 'port_security_enabled': True, 'router:external': False, 'provider:network_type': 'vlan', 'provider:physical_network': 'default', 'provider:segmentation_id': 214, 'availability_zone_hints': [], 'availability_zones': [], 'ipv4_address_scope': None, 'ipv6_address_scope': None, 'description': '', 'tags': [], 'created_at': '2025-11-14T09:42:26Z', 'updated_at': '2025-11-14T09:42:26Z', 'revision_number': 1}, Subnet: {'id': '2eb22c11-1ca3-4e4d-9182-234ea0b56710', 'name': 'tempest-ServersTestJSON-538285762-subnet', 'tenant_id': '0483415213da4f099571e202c207e612', 'network_id': '23c31ee2-c2bb-4090-a1af-4cbbd676cf58', 'ip_version': 4, 'subnetpool_id': None, 'enable_dhcp': True, 'ipv6_ra_mode': None, 'ipv6_address_mode': None, 'gateway_ip': '192.168.128.1', 'cidr': '192.168.128.0/28', 'allocation_pools': [{'start': '192.168.128.2', 'end': '192.168.128.14'}], 'host_routes': [], 'dns_nameservers': [], 'description': '', 'router:external': False, 'service_types': [], 'tags': [], 'created_at': '2025-11-14T09:42:26Z', 'updated_at': '2025-11-14T09:42:26Z', 'revision_number': 0, 'project_id': '0483415213da4f099571e202c207e612'}, Router: {'id': '8fedb529-d86c-4a81-b156-f6f3dce1bd18', 'name': 'tempest-ServersTestJSON-538285762-router', 'tenant_id': '0483415213da4f099571e202c207e612', 'admin_state_up': True, 'status': 'ACTIVE', 'external_gateway_info': {'network_id': '241e164b-421d-42e5-87d1-eb89bbec3fac', 'external_fixed_ips': [{'subnet_id': 'b0531ee1-7fd2-4927-9f31-529017a20319', 'ip_address': '10.180.180.166'}], 'enable_snat': True}, 'description': '', 'availability_zones': [], 'distributed': False, 'ha': False, 'availability_zone_hints': [], 'routes': [], 'flavor_id': None, 'tags': [], 'created_at': '2025-11-14T09:42:26Z', 'updated_at': '2025-11-14T09:42:27Z', 'revision_number': 2, 'project_id': '0483415213da4f099571e202c207e612'}
2025-11-14 09:42:28.522 66146 INFO tempest.lib.common.rest_client [req-93c1868f-8141-40a9-b9d3-115e8a9e0098 req-93c1868f-8141-40a9-b9d3-115e8a9e0098 ] Request (ServersListShow298Test:test_list_show_update_rebuild_server_298): 200 GET http://10.180.1.21/compute/v2.1/servers/0b1c8a23-6fea-4c09-9ccd-f0399b8a6f77 0.152s
2025-11-14 09:42:28.532 66146 INFO tempest.common.waiters [-] State transition "REBUILD/rebuilding" ==> "REBUILD/rebuild_block_device_mapping" after 2 second wait
2025-11-14 09:42:28.591 66118 INFO tempest.lib.common.rest_client [req-7a7e69a3-4a7e-4f90-a64e-bde3fc4faa4c req-7a7e69a3-4a7e-4f90-a64e-bde3fc4faa4c ] Request (ServersAdmin275Test:tearDownClass): 200 GET http://10.180.1.21/compute/v2.1/servers/1d50880f-2457-4943-a18a-116efedc1d97 0.110s
2025-11-14 09:42:28.595 66138 INFO tempest.lib.common.rest_client [req-49a8db38-a7ac-4f22-8ac1-ca850d0b9443 req-49a8db38-a7ac-4f22-8ac1-ca850d0b9443 ] Request (ServersTestJSON:setUpClass): 201 POST http://10.180.1.21/identity/v3/auth/tokens 0.107s
2025-11-14 09:42:28.599 66122 INFO tempest.lib.common.rest_client [req-b00d2dbc-d9a9-4939-9e95-3878df6bf40b req-b00d2dbc-d9a9-4939-9e95-3878df6bf40b ] Request (ServerDiagnosticsNegativeTest:test_get_server_diagnostics_by_non_admin): 200 GET http://10.180.1.21/compute/v2.1/servers/de6a1df2-e812-4853-9b01-9217829200c4 0.189s
2025-11-14 09:42:28.657 66158 INFO tempest.lib.common.rest_client [req-49d2c2fb-f56a-4a98-96dd-5b395ee174c8 req-49d2c2fb-f56a-4a98-96dd-5b395ee174c8 ] Request (ServerExternalEventsTest:test_create_server_external_events): 200 GET http://10.180.1.21/compute/v2.1/servers/9fe1dc9a-076b-46b3-bb91-879d2e02b2b0 0.166s
2025-11-14 09:42:28.664 66172 INFO tempest.lib.common.rest_client [req-f3ebd226-ea4d-4876-bdb8-c59c66ad9017 req-f3ebd226-ea4d-4876-bdb8-c59c66ad9017 ] Request (SecurityGroupsTestJSON:test_server_security_groups): 200 GET http://10.180.1.21/compute/v2.1/servers/8b2737a5-7599-46e5-bf2b-3a65371304e9 0.105s
2025-11-14 09:42:28.683 66150 INFO tempest.lib.common.rest_client [req-2dbc896a-92de-4a96-a67b-e6fed5677cf1 req-2dbc896a-92de-4a96-a67b-e6fed5677cf1 ] Request (VolumesSnapshotsTestJSON:_run_cleanups): 404 GET http://10.180.1.21/compute/v2.1/os-volumes/25a9b13e-ce31-4a85-b4a0-cda9d9cfa1ce 0.102s
2025-11-14 09:42:28.714 66150 INFO tempest.lib.common.rest_client [req-55e45d84-b730-433f-9ae2-31b8a24950f8 req-55e45d84-b730-433f-9ae2-31b8a24950f8 ] Request (VolumesSnapshotsTestJSON:tearDownClass): 404 DELETE http://10.180.1.21/compute/v2.1/os-volumes/25a9b13e-ce31-4a85-b4a0-cda9d9cfa1ce 0.025s
2025-11-14 09:42:28.737 66150 INFO tempest.lib.common.rest_client [req-87d62a01-326c-4e9d-803b-94fbf65f64ba req-87d62a01-326c-4e9d-803b-94fbf65f64ba ] Request (VolumesSnapshotsTestJSON:tearDownClass): 404 GET http://10.180.1.21/compute/v2.1/os-volumes/25a9b13e-ce31-4a85-b4a0-cda9d9cfa1ce 0.023s
2025-11-14 09:42:28.777 66138 INFO tempest.lib.common.rest_client [req-42436c2f-fe5d-4db8-8d56-5c5ccc559ded req-42436c2f-fe5d-4db8-8d56-5c5ccc559ded ] Request (ServersTestJSON:setUpClass): 200 POST http://10.180.1.21/compute/v2.1/os-keypairs 0.179s
2025-11-14 09:42:28.813 66150 INFO tempest.lib.common.rest_client [req-62ab05c4-5d52-4149-9c81-7f50b7f451c4 req-62ab05c4-5d52-4149-9c81-7f50b7f451c4 ] Request (VolumesSnapshotsTestJSON:tearDownClass): 204 DELETE http://10.180.1.21/identity/v3/users/9f77922a4f334d0495ae4c02964f0b1b 0.075s
2025-11-14 09:42:28.813 66150 INFO tempest.lib.common.dynamic_creds [-] Deleting project and security group for project: 63029f93c605460e883e8f98a5f2152a
2025-11-14 09:42:28.868 66140 INFO tempest.lib.common.rest_client [req-a27b95a6-400c-4574-bf73-136ceedb923c req-a27b95a6-400c-4574-bf73-136ceedb923c ] Request (ServersAdminTestJSON:tearDownClass): 200 GET http://10.180.1.21/compute/v2.1/servers/8e7dc539-736f-495e-9783-d47e93079c1d 0.088s
2025-11-14 09:42:28.936 66150 INFO tempest.lib.common.rest_client [req-1596cf67-32a4-41a7-afda-226754512d05 req-1596cf67-32a4-41a7-afda-226754512d05 ] Request (VolumesSnapshotsTestJSON:tearDownClass): 201 POST http://10.180.1.21/identity/v3/auth/tokens 0.122s
2025-11-14 09:42:28.982 66138 INFO tempest.lib.common.rest_client [req-fc3c9137-8c29-4c4a-89ef-8d08e9b11fb2 req-fc3c9137-8c29-4c4a-89ef-8d08e9b11fb2 ] Request (ServersTestJSON:setUpClass): 201 POST http://10.180.1.21/networking/v2.0/security-groups 0.203s
2025-11-14 09:42:29.105 66138 INFO tempest.lib.common.rest_client [req-6a794ac7-7ce1-4a5f-a45a-929e6858dd3b req-6a794ac7-7ce1-4a5f-a45a-929e6858dd3b ] Request (ServersTestJSON:setUpClass): 201 POST http://10.180.1.21/networking/v2.0/security-group-rules 0.123s
2025-11-14 09:42:29.175 66150 INFO tempest.lib.common.rest_client [req-f2737650-8509-4be1-a8b1-578e4c2f6e49 req-f2737650-8509-4be1-a8b1-578e4c2f6e49 ] Request (VolumesSnapshotsTestJSON:tearDownClass): 200 GET http://10.180.1.21/networking/v2.0/security-groups?tenant_id=63029f93c605460e883e8f98a5f2152a&name=default 0.239s
2025-11-14 09:42:29.180 66164 INFO tempest.lib.common.rest_client [req-37ec4357-80a2-4468-a859-462535018f9c req-37ec4357-80a2-4468-a859-462535018f9c ] Request (ServerActionsTestOtherB:test_resize_server_confirm_from_stopped): 200 GET http://10.180.1.21/compute/v2.1/servers/cac75da9-2cdd-4853-ac53-9cf97e27e6f0 0.342s
2025-11-14 09:42:29.200 66178 INFO tempest.lib.common.rest_client [req-385ad3ca-bd8b-4fe3-a244-bf676999e159 req-385ad3ca-bd8b-4fe3-a244-bf676999e159 ] Request (VolumesAssistedSnapshotsTest:tearDownClass): 200 GET http://10.180.1.21/compute/v2.1/servers/2c68f65a-9132-440f-90c0-033cfc0bc468 0.273s
2025-11-14 09:42:29.282 66138 INFO tempest.lib.common.rest_client [req-d4312758-a99e-4ce2-8315-295753bdd5a4 req-d4312758-a99e-4ce2-8315-295753bdd5a4 ] Request (ServersTestJSON:setUpClass): 201 POST http://10.180.1.21/networking/v2.0/security-group-rules 0.176s
2025-11-14 09:42:29.314 66134 INFO tempest.lib.common.rest_client [req-cd2a105b-f581-4acc-b01a-78c78e0d903b req-cd2a105b-f581-4acc-b01a-78c78e0d903b ] Request (InstanceActionsTestJSON:setUpClass): 200 GET http://10.180.1.21/compute/v2.1/servers/bc7a91f6-3e2b-4520-b116-acdbf051a825 0.233s
2025-11-14 09:42:29.354 66150 INFO tempest.lib.common.rest_client [req-c6b4ec81-f7f9-4b25-b82d-a713ff05e766 req-c6b4ec81-f7f9-4b25-b82d-a713ff05e766 ] Request (VolumesSnapshotsTestJSON:tearDownClass): 204 DELETE http://10.180.1.21/networking/v2.0/security-groups/1154bc1a-805e-4386-9432-3f131343b762 0.178s
2025-11-14 09:42:29.409 66160 INFO tempest.lib.common.rest_client [req-1fb80de5-9041-424a-8de4-fadf99d6c147 req-1fb80de5-9041-424a-8de4-fadf99d6c147 ] Request (ServerPasswordTestJSON:setUpClass): 200 GET http://10.180.1.21/compute/v2.1/servers/27b128c2-413c-45a2-b12e-1d142a152472 0.256s
2025-11-14 09:42:29.459 66152 INFO tempest.lib.common.rest_client [req-26a2e890-9efe-42c0-b612-a55cec178fbd req-26a2e890-9efe-42c0-b612-a55cec178fbd ] Request (ImagesOneServerNegativeTestJSON:_run_cleanups): 200 GET http://10.180.1.21/compute/v2.1/servers/84a96f01-0eca-4ed2-a222-1a58fb326217 0.353s
2025-11-14 09:42:29.477 66150 INFO tempest.lib.common.rest_client [req-c85b6bfb-14e7-4a53-9f33-3b294afb00bb req-c85b6bfb-14e7-4a53-9f33-3b294afb00bb ] Request (VolumesSnapshotsTestJSON:tearDownClass): 204 DELETE http://10.180.1.21/identity/v3/projects/63029f93c605460e883e8f98a5f2152a 0.123s
2025-11-14 09:42:29.506 66170 INFO tempest.lib.common.rest_client [req-af5e7eff-4a1e-483f-b32a-b753ee2f66f6 req-af5e7eff-4a1e-483f-b32a-b753ee2f66f6 ] Request (ImagesTestJSON:test_create_server_from_snapshot): 200 GET http://10.180.1.21/compute/v2.1/images/5bff5680-9d60-48f2-85c1-45181e1f9662 0.286s
2025-11-14 09:42:29.574 66124 INFO tempest.lib.common.rest_client [req-0c835c79-b40f-4783-97b0-059d19da4da9 req-0c835c79-b40f-4783-97b0-059d19da4da9 ] Request (MultipleCreateTestJSON:tearDownClass): 200 GET http://10.180.1.21/compute/v2.1/servers/ea65ec6e-c98c-466e-9ccc-616268b504a3 0.390s
2025-11-14 09:42:29.631 66156 INFO tempest.lib.common.rest_client [req-1bdef9fe-6773-4ef5-8ba5-d1a0c2942565 req-1bdef9fe-6773-4ef5-8ba5-d1a0c2942565 ] Request (ServerDiagnosticsV248Test:tearDownClass): 200 GET http://10.180.1.21/compute/v2.1/servers/e0663ec4-b1fc-4f50-b7ac-775601cbf46c 0.396s
2025-11-14 09:42:29.852 66138 INFO tempest.lib.common.rest_client [req-b6b6f952-c306-41e7-a9fb-1b398c0f8018 req-b6b6f952-c306-41e7-a9fb-1b398c0f8018 ] Request (ServersTestJSON:setUpClass): 201 POST http://10.180.1.21/networking/v2.0/floatingips 0.570s
2025-11-14 09:42:29.922 66138 INFO tempest.lib.common.rest_client [req-7a2de8c0-3b1a-4ad1-a1ca-f860eb62b6aa req-7a2de8c0-3b1a-4ad1-a1ca-f860eb62b6aa ] Request (ServersTestJSON:setUpClass): 201 POST http://10.180.1.21/identity/v3/auth/tokens 0.066s
2025-11-14 09:42:29.922 66138 INFO tempest.lib.common.fixed_network [-] (ServersTestJSON:setUpClass) Found network {'id': '23c31ee2-c2bb-4090-a1af-4cbbd676cf58', 'name': 'tempest-ServersTestJSON-538285762-network', 'tenant_id': '0483415213da4f099571e202c207e612', 'project_id': '0483415213da4f099571e202c207e612', 'admin_state_up': True, 'mtu': 8950, 'status': 'ACTIVE', 'subnets': [], 'shared': False, 'port_security_enabled': True, 'router:external': False, 'provider:network_type': 'vlan', 'provider:physical_network': 'default', 'provider:segmentation_id': 214, 'availability_zone_hints': [], 'availability_zones': [], 'ipv4_address_scope': None, 'ipv6_address_scope': None, 'description': '', 'tags': [], 'created_at': '2025-11-14T09:42:26Z', 'updated_at': '2025-11-14T09:42:26Z', 'revision_number': 1} available for tenant
2025-11-14 09:42:29.924 66166 INFO tempest.lib.common.rest_client [req-f7c4628a-e8aa-48ba-9ca5-9563158fea76 req-f7c4628a-e8aa-48ba-9ca5-9563158fea76 ] Request (FloatingIPsAssociationTestJSON:tearDownClass): 200 GET http://10.180.1.21/compute/v2.1/servers/d0593288-07e3-4cef-9462-628c61e2db8a 0.629s
2025-11-14 09:42:29.936 66136 INFO tempest.lib.common.rest_client [req-a2791905-9226-46ef-ae5c-21c906110a31 req-a2791905-9226-46ef-ae5c-21c906110a31 ] Request (ServersTestMultiNic:_run_cleanups): 200 GET http://10.180.1.21/compute/v2.1/servers/a951e0d8-62db-417b-a061-b3162e27286b 0.628s
2025-11-14 09:42:30.007 66130 INFO tempest.lib.common.rest_client [req-fdb06837-de11-4abc-91d8-f4bea620fc6a req-fdb06837-de11-4abc-91d8-f4bea620fc6a ] Request (ServersAdminNegativeTestJSON:tearDownClass): 200 GET http://10.180.1.21/compute/v2.1/servers/607ee5e2-3da0-4e6b-9d8d-d6e68ec70055 0.655s
2025-11-14 09:42:30.027 66142 INFO tempest.lib.common.rest_client [req-92ab88de-6ea8-40a5-b47f-722326f2d2cb req-92ab88de-6ea8-40a5-b47f-722326f2d2cb ] Request (AttachInterfacesTestJSON:_run_cleanups): 200 GET http://10.180.1.21/compute/v2.1/servers/9dab49d7-6096-443a-a073-92f990e4d873 0.656s
2025-11-14 09:42:30.142 66148 INFO tempest.lib.common.rest_client [req-5ff98691-72c1-4200-a9b2-7c8e1e7bcdd4 req-5ff98691-72c1-4200-a9b2-7c8e1e7bcdd4 ] Request (ListImageFiltersTestJSON:tearDownClass): 200 GET http://10.180.1.21/compute/v2.1/servers/6055ef62-1628-47ef-9b17-dc1bcb5cb08a 0.695s
2025-11-14 09:42:30.179 66154 INFO tempest.lib.common.rest_client [req-d9cd510b-0eb6-44c4-8b47-aece3a1213ee req-d9cd510b-0eb6-44c4-8b47-aece3a1213ee ] Request (ServerTagsTestJSON:setUpClass): 200 GET http://10.180.1.21/compute/v2.1/servers/bac493d9-6454-481c-8703-177efd82b3c6 0.758s
2025-11-14 09:42:30.192 66154 INFO tempest.common.waiters [-] State transition "BUILD/None" ==> "BUILD/block_device_mapping" after 31 second wait
2025-11-14 09:42:30.211 66168 INFO tempest.lib.common.rest_client [req-0f00e349-5dea-4d01-a3de-6a4b0ac537fa req-0f00e349-5dea-4d01-a3de-6a4b0ac537fa ] Request (ServersTestJSON:test_create_specify_keypair): 200 GET http://10.180.1.21/compute/v2.1/servers/0d134c02-76e4-4bf5-8313-94d6229c3db7 0.723s
2025-11-14 09:42:30.260 66146 INFO tempest.lib.common.rest_client [req-bba9d2d0-23da-4d91-b208-59a23faeb7d5 req-bba9d2d0-23da-4d91-b208-59a23faeb7d5 ] Request (ServersListShow298Test:test_list_show_update_rebuild_server_298): 200 GET http://10.180.1.21/compute/v2.1/servers/0b1c8a23-6fea-4c09-9ccd-f0399b8a6f77 0.728s
2025-11-14 09:42:30.277 66146 INFO tempest.common.waiters [-] State transition "REBUILD/rebuild_block_device_mapping" ==> "REBUILD/rebuild_spawning" after 4 second wait
2025-11-14 09:42:30.294 66118 INFO tempest.lib.common.rest_client [req-5fb16614-28bb-4737-8b4d-db29a2391724 req-5fb16614-28bb-4737-8b4d-db29a2391724 ] Request (ServersAdmin275Test:tearDownClass): 200 GET http://10.180.1.21/compute/v2.1/servers/1d50880f-2457-4943-a18a-116efedc1d97 0.689s
2025-11-14 09:42:30.387 66158 INFO tempest.lib.common.rest_client [req-57137877-8b42-4f1e-9e28-c2d97d95c11d req-57137877-8b42-4f1e-9e28-c2d97d95c11d ] Request (ServerExternalEventsTest:test_create_server_external_events): 200 GET http://10.180.1.21/compute/v2.1/servers/9fe1dc9a-076b-46b3-bb91-879d2e02b2b0 0.721s
2025-11-14 09:42:30.413 66122 INFO tempest.lib.common.rest_client [req-6e89bf9b-d49e-4637-ab73-4061aec05664 req-6e89bf9b-d49e-4637-ab73-4061aec05664 ] Request (ServerDiagnosticsNegativeTest:test_get_server_diagnostics_by_non_admin): 200 GET http://10.180.1.21/compute/v2.1/servers/de6a1df2-e812-4853-9b01-9217829200c4 0.800s
2025-11-14 09:42:30.442 66120 WARNING tempest.lib.common.ssh [-] Failed to establish authenticated ssh connection to cirros@10.180.180.238 ([Errno None] Unable to connect to port 22 on 10.180.180.238). Number attempts: 3. Retry after 4 seconds.: paramiko.ssh_exception.NoValidConnectionsError: [Errno None] Unable to connect to port 22 on 10.180.180.238
2025-11-14 09:42:30.455 66172 INFO tempest.lib.common.rest_client [req-70ca53bb-379c-4fce-b83d-54128923bd29 req-70ca53bb-379c-4fce-b83d-54128923bd29 ] Request (SecurityGroupsTestJSON:test_server_security_groups): 200 GET http://10.180.1.21/compute/v2.1/servers/8b2737a5-7599-46e5-bf2b-3a65371304e9 0.781s
2025-11-14 09:42:30.490 66140 INFO tempest.lib.common.rest_client [req-d37a7a02-85cf-454c-9e57-7edfb9e76e8f req-d37a7a02-85cf-454c-9e57-7edfb9e76e8f ] Request (ServersAdminTestJSON:tearDownClass): 200 GET http://10.180.1.21/compute/v2.1/servers/8e7dc539-736f-495e-9783-d47e93079c1d 0.608s
2025-11-14 09:42:30.668 66164 INFO tempest.lib.common.rest_client [req-baa65ca7-5cc6-4702-a97d-4d0bea623a44 req-baa65ca7-5cc6-4702-a97d-4d0bea623a44 ] Request (ServerActionsTestOtherB:test_resize_server_confirm_from_stopped): 200 GET http://10.180.1.21/compute/v2.1/servers/cac75da9-2cdd-4853-ac53-9cf97e27e6f0 0.476s
2025-11-14 09:42:30.769 66178 INFO tempest.lib.common.rest_client [req-125c6f70-04ee-4074-add0-7c0c1be82dc1 req-125c6f70-04ee-4074-add0-7c0c1be82dc1 ] Request (VolumesAssistedSnapshotsTest:tearDownClass): 200 GET http://10.180.1.21/compute/v2.1/servers/2c68f65a-9132-440f-90c0-033cfc0bc468 0.561s
2025-11-14 09:42:30.843 66134 INFO tempest.lib.common.rest_client [req-454deb78-c1c7-4879-bc4f-49f1b5b28b1b req-454deb78-c1c7-4879-bc4f-49f1b5b28b1b ] Request (InstanceActionsTestJSON:setUpClass): 200 GET http://10.180.1.21/compute/v2.1/servers/bc7a91f6-3e2b-4520-b116-acdbf051a825 0.520s
2025-11-14 09:42:30.920 66160 INFO tempest.lib.common.rest_client [req-1907aa8f-6c54-44d8-a44c-639dba0e24da req-1907aa8f-6c54-44d8-a44c-639dba0e24da ] Request (ServerPasswordTestJSON:setUpClass): 200 GET http://10.180.1.21/compute/v2.1/servers/27b128c2-413c-45a2-b12e-1d142a152472 0.497s
2025-11-14 09:42:30.998 66138 INFO tempest.lib.common.rest_client [req-0e3b2f17-d36e-4558-b0a2-6a017c706601 req-0e3b2f17-d36e-4558-b0a2-6a017c706601 ] Request (ServersTestJSON:setUpClass): 202 POST http://10.180.1.21/compute/v2.1/servers 1.073s
2025-11-14 09:42:31.038 66170 INFO tempest.lib.common.rest_client [req-70e28e7b-f859-4287-b704-57307aba05c7 req-70e28e7b-f859-4287-b704-57307aba05c7 ] Request (ImagesTestJSON:test_create_server_from_snapshot): 200 GET http://10.180.1.21/compute/v2.1/images/5bff5680-9d60-48f2-85c1-45181e1f9662 0.527s
2025-11-14 09:42:31.074 66152 INFO tempest.lib.common.rest_client [req-38192751-699d-4676-9a5a-c9e1912036dc req-38192751-699d-4676-9a5a-c9e1912036dc ] Request (ImagesOneServerNegativeTestJSON:_run_cleanups): 200 GET http://10.180.1.21/compute/v2.1/servers/84a96f01-0eca-4ed2-a222-1a58fb326217 0.605s
2025-11-14 09:42:31.120 66124 INFO tempest.lib.common.rest_client [req-f648e3e9-a912-400b-a202-a5b8943ddb34 req-f648e3e9-a912-400b-a202-a5b8943ddb34 ] Request (MultipleCreateTestJSON:tearDownClass): 200 GET http://10.180.1.21/compute/v2.1/servers/ea65ec6e-c98c-466e-9ccc-616268b504a3 0.538s
2025-11-14 09:42:31.154 66156 INFO tempest.lib.common.rest_client [req-a6d596fb-9975-4688-92f2-9b549d7c2e0e req-a6d596fb-9975-4688-92f2-9b549d7c2e0e ] Request (ServerDiagnosticsV248Test:tearDownClass): 200 GET http://10.180.1.21/compute/v2.1/servers/e0663ec4-b1fc-4f50-b7ac-775601cbf46c 0.503s
2025-11-14 09:42:31.211 66166 INFO tempest.lib.common.rest_client [req-13e4eb73-4053-43b8-8d52-2cef06fd09f7 req-13e4eb73-4053-43b8-8d52-2cef06fd09f7 ] Request (FloatingIPsAssociationTestJSON:tearDownClass): 200 GET http://10.180.1.21/compute/v2.1/servers/d0593288-07e3-4cef-9462-628c61e2db8a 0.273s
2025-11-14 09:42:31.233 66136 INFO tempest.lib.common.rest_client [req-654f3ae6-e1a5-4811-b0f2-b9d65fe99065 req-654f3ae6-e1a5-4811-b0f2-b9d65fe99065 ] Request (ServersTestMultiNic:_run_cleanups): 200 GET http://10.180.1.21/compute/v2.1/servers/a951e0d8-62db-417b-a061-b3162e27286b 0.286s
2025-11-14 09:42:31.261 66138 INFO tempest.lib.common.rest_client [req-568d26ec-eeda-4369-bb05-ae09e7d31a4f req-568d26ec-eeda-4369-bb05-ae09e7d31a4f ] Request (ServersTestJSON:setUpClass): 200 GET http://10.180.1.21/compute/v2.1/servers/1ae7b369-d2a0-4107-9a4a-9dce21ab1912 0.261s
2025-11-14 09:42:31.314 66130 INFO tempest.lib.common.rest_client [req-d0f37465-5e03-4c96-b866-0d112432af92 req-d0f37465-5e03-4c96-b866-0d112432af92 ] Request (ServersAdminNegativeTestJSON:tearDownClass): 200 GET http://10.180.1.21/compute/v2.1/servers/607ee5e2-3da0-4e6b-9d8d-d6e68ec70055 0.298s
2025-11-14 09:42:31.333 66142 INFO tempest.lib.common.rest_client [req-fba5d2d9-e4b7-40a5-a7c4-9c41c607a602 req-fba5d2d9-e4b7-40a5-a7c4-9c41c607a602 ] Request (AttachInterfacesTestJSON:_run_cleanups): 200 GET http://10.180.1.21/compute/v2.1/servers/9dab49d7-6096-443a-a073-92f990e4d873 0.295s
2025-11-14 09:42:31.394 66148 INFO tempest.lib.common.rest_client [req-0b704e01-b0ea-4191-9749-f529eba4e29a req-0b704e01-b0ea-4191-9749-f529eba4e29a ] Request (ListImageFiltersTestJSON:tearDownClass): 200 GET http://10.180.1.21/compute/v2.1/servers/6055ef62-1628-47ef-9b17-dc1bcb5cb08a 0.240s
2025-11-14 09:42:31.454 66154 INFO tempest.lib.common.rest_client [req-7016463c-d1dc-40ea-addc-12ce1b2d4e1c req-7016463c-d1dc-40ea-addc-12ce1b2d4e1c ] Request (ServerTagsTestJSON:setUpClass): 200 GET http://10.180.1.21/compute/v2.1/servers/bac493d9-6454-481c-8703-177efd82b3c6 0.260s
2025-11-14 09:42:31.468 66154 INFO tempest.common.waiters [-] State transition "BUILD/block_device_mapping" ==> "BUILD/spawning" after 32 second wait
2025-11-14 09:42:31.478 66168 INFO tempest.lib.common.rest_client [req-fd6acc5f-f2c0-4f2e-ae1b-1b7a787260eb req-fd6acc5f-f2c0-4f2e-ae1b-1b7a787260eb ] Request (ServersTestJSON:test_create_specify_keypair): 200 GET http://10.180.1.21/compute/v2.1/servers/0d134c02-76e4-4bf5-8313-94d6229c3db7 0.252s
2025-11-14 09:42:31.482 66180 WARNING tempest.lib.common.ssh [-] Failed to establish authenticated ssh connection to cirros@10.180.180.162 ([Errno None] Unable to connect to port 22 on 10.180.180.162). Number attempts: 5. Retry after 6 seconds.: paramiko.ssh_exception.NoValidConnectionsError: [Errno None] Unable to connect to port 22 on 10.180.180.162
2025-11-14 09:42:31.547 66146 INFO tempest.lib.common.rest_client [req-1a9e1047-77b6-40fa-85e3-a8e1d1e1b403 req-1a9e1047-77b6-40fa-85e3-a8e1d1e1b403 ] Request (ServersListShow298Test:test_list_show_update_rebuild_server_298): 200 GET http://10.180.1.21/compute/v2.1/servers/0b1c8a23-6fea-4c09-9ccd-f0399b8a6f77 0.267s
2025-11-14 09:42:31.571 66118 INFO tempest.lib.common.rest_client [req-cbf83726-dfe4-49fa-ad86-74ff88050d77 req-cbf83726-dfe4-49fa-ad86-74ff88050d77 ] Request (ServersAdmin275Test:tearDownClass): 200 GET http://10.180.1.21/compute/v2.1/servers/1d50880f-2457-4943-a18a-116efedc1d97 0.263s
2025-11-14 09:42:31.606 66158 INFO tempest.lib.common.rest_client [req-2f867cd8-dcb5-4730-a9f8-82feedab461b req-2f867cd8-dcb5-4730-a9f8-82feedab461b ] Request (ServerExternalEventsTest:test_create_server_external_events): 200 GET http://10.180.1.21/compute/v2.1/servers/9fe1dc9a-076b-46b3-bb91-879d2e02b2b0 0.209s
2025-11-14 09:42:31.705 66172 INFO tempest.lib.common.rest_client [req-900c8b2a-316e-4a55-8bb4-bae551fe37fd req-900c8b2a-316e-4a55-8bb4-bae551fe37fd ] Request (SecurityGroupsTestJSON:test_server_security_groups): 200 GET http://10.180.1.21/compute/v2.1/servers/8b2737a5-7599-46e5-bf2b-3a65371304e9 0.238s
2025-11-14 09:42:31.724 66122 INFO tempest.lib.common.rest_client [req-7a06808d-a06b-478f-b6a2-7733e1870178 req-7a06808d-a06b-478f-b6a2-7733e1870178 ] Request (ServerDiagnosticsNegativeTest:test_get_server_diagnostics_by_non_admin): 200 GET http://10.180.1.21/compute/v2.1/servers/de6a1df2-e812-4853-9b01-9217829200c4 0.301s
2025-11-14 09:42:31.732 66122 INFO tempest.common.waiters [-] State transition "BUILD/spawning" ==> "ACTIVE/None" after 47 second wait
2025-11-14 09:42:31.792 66140 INFO tempest.lib.common.rest_client [req-961cf2cc-10b6-4cf2-852e-d829db30414b req-961cf2cc-10b6-4cf2-852e-d829db30414b ] Request (ServersAdminTestJSON:tearDownClass): 200 GET http://10.180.1.21/compute/v2.1/servers/8e7dc539-736f-495e-9783-d47e93079c1d 0.289s
2025-11-14 09:42:31.822 66122 INFO tempest.lib.common.rest_client [req-5fe3f5e4-26f5-4d77-bf9a-25ce0dd78cc7 req-5fe3f5e4-26f5-4d77-bf9a-25ce0dd78cc7 ] Request (ServerDiagnosticsNegativeTest:test_get_server_diagnostics_by_non_admin): 403 GET http://10.180.1.21/compute/v2.1/servers/de6a1df2-e812-4853-9b01-9217829200c4/diagnostics 0.087s
2025-11-14 09:42:31.860 66164 INFO tempest.lib.common.rest_client [req-1b14b4a6-dca7-4ea7-84b6-01111d4ad828 req-1b14b4a6-dca7-4ea7-84b6-01111d4ad828 ] Request (ServerActionsTestOtherB:test_resize_server_confirm_from_stopped): 200 GET http://10.180.1.21/compute/v2.1/servers/cac75da9-2cdd-4853-ac53-9cf97e27e6f0 0.180s
2025-11-14 09:42:31.921 66178 INFO tempest.lib.common.rest_client [req-dc660ba6-b1f8-4899-affc-60ac0d11b74f req-dc660ba6-b1f8-4899-affc-60ac0d11b74f ] Request (VolumesAssistedSnapshotsTest:tearDownClass): 200 GET http://10.180.1.21/compute/v2.1/servers/2c68f65a-9132-440f-90c0-033cfc0bc468 0.141s
2025-11-14 09:42:31.952 66122 INFO tempest.lib.common.rest_client [req-9f027aa4-4c63-4baa-af76-7ded758e149a req-9f027aa4-4c63-4baa-af76-7ded758e149a ] Request (ServerDiagnosticsNegativeTest:tearDownClass): 204 DELETE http://10.180.1.21/compute/v2.1/servers/de6a1df2-e812-4853-9b01-9217829200c4 0.129s
2025-11-14 09:42:31.983 66134 INFO tempest.lib.common.rest_client [req-36e91037-951b-4825-aca0-26b53f71fc0b req-36e91037-951b-4825-aca0-26b53f71fc0b ] Request (InstanceActionsTestJSON:setUpClass): 200 GET http://10.180.1.21/compute/v2.1/servers/bc7a91f6-3e2b-4520-b116-acdbf051a825 0.128s
2025-11-14 09:42:31.992 66134 INFO tempest.common.waiters [-] State transition "BUILD/None" ==> "BUILD/networking" after 30 second wait
2025-11-14 09:42:32.012 66160 INFO tempest.lib.common.rest_client [req-e7004a7e-a34a-4ccc-97ae-40777367d8df req-e7004a7e-a34a-4ccc-97ae-40777367d8df ] Request (ServerPasswordTestJSON:setUpClass): 200 GET http://10.180.1.21/compute/v2.1/servers/27b128c2-413c-45a2-b12e-1d142a152472 0.084s
2025-11-14 09:42:32.085 66170 INFO tempest.lib.common.rest_client [req-1efaf620-0fe9-4b4b-a5c3-c78916c9e00a req-1efaf620-0fe9-4b4b-a5c3-c78916c9e00a ] Request (ImagesTestJSON:test_create_server_from_snapshot): 200 GET http://10.180.1.21/compute/v2.1/images/5bff5680-9d60-48f2-85c1-45181e1f9662 0.042s
2025-11-14 09:42:32.102 66122 INFO tempest.lib.common.rest_client [req-72ee696b-7ec4-4c96-8997-ad813c117dc8 req-72ee696b-7ec4-4c96-8997-ad813c117dc8 ] Request (ServerDiagnosticsNegativeTest:tearDownClass): 200 GET http://10.180.1.21/compute/v2.1/servers/de6a1df2-e812-4853-9b01-9217829200c4 0.149s
2025-11-14 09:42:32.217 66124 INFO tempest.lib.common.rest_client [req-c4c1ee91-3a2e-49ab-961c-7131d26dedbd req-c4c1ee91-3a2e-49ab-961c-7131d26dedbd ] Request (MultipleCreateTestJSON:tearDownClass): 200 GET http://10.180.1.21/compute/v2.1/servers/ea65ec6e-c98c-466e-9ccc-616268b504a3 0.086s
2025-11-14 09:42:32.243 66152 INFO tempest.lib.common.rest_client [req-de31d410-d87a-4926-81af-918767e6b56c req-de31d410-d87a-4926-81af-918767e6b56c ] Request (ImagesOneServerNegativeTestJSON:_run_cleanups): 200 GET http://10.180.1.21/compute/v2.1/servers/84a96f01-0eca-4ed2-a222-1a58fb326217 0.160s
2025-11-14 09:42:32.288 66156 INFO tempest.lib.common.rest_client [req-173c4aac-9283-4d86-a354-9784ffc9d78b req-173c4aac-9283-4d86-a354-9784ffc9d78b ] Request (ServerDiagnosticsV248Test:tearDownClass): 200 GET http://10.180.1.21/compute/v2.1/servers/e0663ec4-b1fc-4f50-b7ac-775601cbf46c 0.123s
2025-11-14 09:42:32.316 66166 INFO tempest.lib.common.rest_client [req-0815e251-4642-46cc-8343-a3b5375d4ba1 req-0815e251-4642-46cc-8343-a3b5375d4ba1 ] Request (FloatingIPsAssociationTestJSON:tearDownClass): 200 GET http://10.180.1.21/compute/v2.1/servers/d0593288-07e3-4cef-9462-628c61e2db8a 0.095s
2025-11-14 09:42:32.352 66136 INFO tempest.lib.common.rest_client [req-1c460574-46b0-47ac-a80e-35a67f460296 req-1c460574-46b0-47ac-a80e-35a67f460296 ] Request (ServersTestMultiNic:_run_cleanups): 200 GET http://10.180.1.21/compute/v2.1/servers/a951e0d8-62db-417b-a061-b3162e27286b 0.111s
2025-11-14 09:42:32.382 66138 INFO tempest.lib.common.rest_client [req-d17226f5-ed4d-40d1-9624-2d1a2ca5d2e5 req-d17226f5-ed4d-40d1-9624-2d1a2ca5d2e5 ] Request (ServersTestJSON:setUpClass): 200 GET http://10.180.1.21/compute/v2.1/servers/1ae7b369-d2a0-4107-9a4a-9dce21ab1912 0.111s
2025-11-14 09:42:32.388 66138 INFO tempest.common.waiters [-] State transition "BUILD/scheduling" ==> "BUILD/None" after 1 second wait
2025-11-14 09:42:32.431 66130 INFO tempest.lib.common.rest_client [req-ce87b329-50ea-443a-81ff-d6699544430c req-ce87b329-50ea-443a-81ff-d6699544430c ] Request (ServersAdminNegativeTestJSON:tearDownClass): 200 GET http://10.180.1.21/compute/v2.1/servers/607ee5e2-3da0-4e6b-9d8d-d6e68ec70055 0.103s
2025-11-14 09:42:32.444 66142 INFO tempest.lib.common.rest_client [req-9d00a05e-4af6-4f25-b94b-52eddb0b0345 req-9d00a05e-4af6-4f25-b94b-52eddb0b0345 ] Request (AttachInterfacesTestJSON:_run_cleanups): 200 GET http://10.180.1.21/compute/v2.1/servers/9dab49d7-6096-443a-a073-92f990e4d873 0.096s
2025-11-14 09:42:32.501 66148 INFO tempest.lib.common.rest_client [req-3d91cbce-4ba9-40d8-9010-738db9b983b2 req-3d91cbce-4ba9-40d8-9010-738db9b983b2 ] Request (ListImageFiltersTestJSON:tearDownClass): 200 GET http://10.180.1.21/compute/v2.1/servers/6055ef62-1628-47ef-9b17-dc1bcb5cb08a 0.097s
2025-11-14 09:42:32.563 66168 INFO tempest.lib.common.rest_client [req-4fd8dfe5-28f2-488b-b7ed-c387d9d93800 req-4fd8dfe5-28f2-488b-b7ed-c387d9d93800 ] Request (ServersTestJSON:test_create_specify_keypair): 200 GET http://10.180.1.21/compute/v2.1/servers/0d134c02-76e4-4bf5-8313-94d6229c3db7 0.070s
