2025-11-14 09:40:48.828 66168 INFO tempest.lib.common.rest_client [req-77d2af56-7887-465b-99aa-3a226cb143d2 req-77d2af56-7887-465b-99aa-3a226cb143d2 ] Request (ServersTestJSON:_run_cleanups): 200 GET http://10.180.1.21/compute/v2.1/servers/37c81f1e-b9db-46b9-a4dd-62e6cdc62dc9 3.034s
2025-11-14 09:40:48.832 66144 INFO tempest.lib.common.rest_client [req-d0341205-0210-4772-a649-8b438e6a02cd req-d0341205-0210-4772-a649-8b438e6a02cd ] Request (KeyPairsV22TestJSON:_run_cleanups): 204 DELETE http://10.180.1.21/compute/v2.1/os-keypairs/tempest-keypair-1400009292 2.775s
2025-11-14 09:40:48.907 66166 INFO tempest.lib.common.rest_client [req-d549d05d-f8b3-456e-a174-937b7ac534a5 req-d549d05d-f8b3-456e-a174-937b7ac534a5 ] Request (FloatingIPsAssociationTestJSON:test_associate_already_associated_floating_ip): 201 POST http://10.180.1.21/identity/v3/auth/tokens 0.104s
2025-11-14 09:40:48.907 66166 INFO tempest.lib.common.fixed_network [-] (FloatingIPsAssociationTestJSON:test_associate_already_associated_floating_ip) Found network {'id': '33f61915-4749-41db-b4f1-fed3cc109f2c', 'name': 'tempest-FloatingIPsAssociationTestJSON-571705015-network', 'tenant_id': '9a491352cebd42d3b2f757fb9e694a53', 'project_id': '9a491352cebd42d3b2f757fb9e694a53', 'admin_state_up': True, 'mtu': 8950, 'status': 'ACTIVE', 'subnets': [], 'shared': False, 'port_security_enabled': True, 'router:external': False, 'provider:network_type': 'vlan', 'provider:physical_network': 'default', 'provider:segmentation_id': 679, 'availability_zone_hints': [], 'availability_zones': [], 'ipv4_address_scope': None, 'ipv6_address_scope': None, 'description': '', 'tags': [], 'created_at': '2025-11-14T09:40:10Z', 'updated_at': '2025-11-14T09:40:10Z', 'revision_number': 1} available for tenant
2025-11-14 09:40:48.942 66132 INFO tempest.lib.common.rest_client [req-0643da7a-ebe3-4961-9ece-8de4914c0aba req-0643da7a-ebe3-4961-9ece-8de4914c0aba ] Request (ServerActionsTestJSON:setUpClass): 200 GET http://10.180.1.21/compute/v2.1/servers/e1b06766-c023-44b3-b6f4-3e99c642ca26 2.228s
2025-11-14 09:40:49.089 66160 INFO tempest.lib.common.rest_client [req-59f4c78c-9b01-4995-bb7d-22bf326967ad req-59f4c78c-9b01-4995-bb7d-22bf326967ad ] Request (QuotasAdminNegativeTest:tearDownClass): 204 DELETE http://10.180.1.21/identity/v3/users/e294c99edff0406ab184035ed42fc76d 0.280s
2025-11-14 09:40:49.143 66140 INFO tempest.lib.common.rest_client [req-7334aea6-6699-4e56-a037-06829bb37a12 req-7334aea6-6699-4e56-a037-06829bb37a12 ] Request (ServersAdminTestJSON:test_inject_network_info): 200 GET http://10.180.1.21/compute/v2.1/servers/8e7dc539-736f-495e-9783-d47e93079c1d 2.207s
2025-11-14 09:40:49.153 66140 INFO tempest.common.waiters [-] State transition "BUILD/spawning" ==> "ACTIVE/None" after 14 second wait
2025-11-14 09:40:49.204 66160 INFO tempest.lib.common.rest_client [req-f0d8e248-2a37-4734-bfb5-608370481f4e req-f0d8e248-2a37-4734-bfb5-608370481f4e ] Request (QuotasAdminNegativeTest:tearDownClass): 204 DELETE http://10.180.1.21/identity/v3/users/2919a56a6aea4aaea1beab05aa740aac 0.114s
2025-11-14 09:40:49.204 66160 INFO tempest.lib.common.dynamic_creds [-] Deleting project and security group for project: fedeca2dbd764b45abd4437836c0df95
2025-11-14 09:40:49.210 66150 INFO tempest.lib.common.rest_client [req-6349dbfa-8f33-469f-889f-e0c5beea8737 req-6349dbfa-8f33-469f-889f-e0c5beea8737 ] Request (ServerRescueTestJSONUnderV235:tearDownClass): 202 DELETE http://10.180.1.21/compute/v2.1/os-security-groups/d3213abf-2ded-445f-ab1d-4dfcdc35515b 1.954s
2025-11-14 09:40:49.277 66160 INFO tempest.lib.common.rest_client [req-ecf9808d-3a98-48b6-ba79-f3954efc26b9 req-ecf9808d-3a98-48b6-ba79-f3954efc26b9 ] Request (QuotasAdminNegativeTest:tearDownClass): 201 POST http://10.180.1.21/identity/v3/auth/tokens 0.072s
2025-11-14 09:40:49.300 66146 WARNING tempest.lib.common.ssh [-] Failed to establish authenticated ssh connection to cirros@10.180.180.171 ([Errno None] Unable to connect to port 22 on 10.180.180.171). Number attempts: 3. Retry after 4 seconds.: paramiko.ssh_exception.NoValidConnectionsError: [Errno None] Unable to connect to port 22 on 10.180.180.171
2025-11-14 09:40:49.322 66178 WARNING tempest.lib.common.ssh [-] Failed to establish authenticated ssh connection to cirros@10.180.180.174 ([Errno None] Unable to connect to port 22 on 10.180.180.174). Number attempts: 8. Retry after 9 seconds.: paramiko.ssh_exception.NoValidConnectionsError: [Errno None] Unable to connect to port 22 on 10.180.180.174
2025-11-14 09:40:49.396 66176 INFO tempest.lib.common.rest_client [req-01e8b038-e6f7-4ac1-91d1-d1a9b1d0d702 req-01e8b038-e6f7-4ac1-91d1-d1a9b1d0d702 ] Request (ImagesMetadataTestJSON:setUp): 200 PUT http://10.180.1.21/compute/v2.1/images/6651f126-c66d-4659-a0a9-1964f4b88865/metadata 2.101s
2025-11-14 09:40:49.512 66160 INFO tempest.lib.common.rest_client [req-bc333fcd-5962-4f4a-b661-fdf1501a4000 req-bc333fcd-5962-4f4a-b661-fdf1501a4000 ] Request (QuotasAdminNegativeTest:tearDownClass): 200 GET http://10.180.1.21/networking/v2.0/security-groups?tenant_id=fedeca2dbd764b45abd4437836c0df95&name=default 0.235s
2025-11-14 09:40:49.519 66118 INFO tempest.lib.common.rest_client [req-0366d1c5-a28e-42f8-92bc-9f93a678a9bf req-0366d1c5-a28e-42f8-92bc-9f93a678a9bf ] Request (QuotasAdminTestJSON:test_update_all_quota_resources_for_tenant): 200 GET http://10.180.1.21/compute/v2.1/os-quota-sets/d66c54a4b86b43e6a1fec9bacc832a44/defaults 2.158s
2025-11-14 09:40:49.547 66152 INFO tempest.lib.common.rest_client [req-42445d70-34a9-453a-ba5d-ac5d67046792 req-42445d70-34a9-453a-ba5d-ac5d67046792 ] Request (ImagesOneServerNegativeTestJSON:setUp): 200 GET http://10.180.1.21/compute/v2.1/servers/7de93437-b006-4adb-9334-9ddc93702f48 2.222s
2025-11-14 09:40:49.579 66122 INFO tempest.lib.common.rest_client [req-6e10b45a-a937-4759-9ae9-adad24fc34f2 req-6e10b45a-a937-4759-9ae9-adad24fc34f2 ] Request (FlavorsAccessNegativeTestJSON:_run_cleanups): 200 GET http://10.180.1.21/compute/v2.1/flavors/detail 2.110s
2025-11-14 09:40:49.602 66180 INFO tempest.lib.common.rest_client [req-40ebc7ec-d0cc-4aba-a05a-4f443ebe8402 req-40ebc7ec-d0cc-4aba-a05a-4f443ebe8402 ] Request (AggregatesAdminNegativeTestJSON:_run_cleanups): 200 DELETE http://10.180.1.21/compute/v2.1/os-aggregates/6 2.127s
2025-11-14 09:40:49.628 66158 INFO tempest.lib.common.rest_client [req-9a7c7764-7371-4f75-843c-bdc35d059e7b req-9a7c7764-7371-4f75-843c-bdc35d059e7b ] Request (FlavorsAdminTestJSON:_run_cleanups): 200 GET http://10.180.1.21/compute/v2.1/flavors/detail 2.137s
2025-11-14 09:40:49.705 66134 WARNING tempest.lib.common.ssh [-] Failed to establish authenticated ssh connection to cirros@10.180.180.141 ([Errno None] Unable to connect to port 22 on 10.180.180.141). Number attempts: 2. Retry after 3 seconds.: paramiko.ssh_exception.NoValidConnectionsError: [Errno None] Unable to connect to port 22 on 10.180.180.141
2025-11-14 09:40:49.707 66160 INFO tempest.lib.common.rest_client [req-c83fccae-63c1-44b8-b3c1-e333931213f7 req-c83fccae-63c1-44b8-b3c1-e333931213f7 ] Request (QuotasAdminNegativeTest:tearDownClass): 204 DELETE http://10.180.1.21/networking/v2.0/security-groups/ecc34786-3b96-4389-aa1a-f8f2bd16f346 0.194s
2025-11-14 09:40:49.714 66122 INFO tempest.lib.common.rest_client [req-a78dab03-cc18-46ad-a5be-8789cf7512bd req-a78dab03-cc18-46ad-a5be-8789cf7512bd ] Request (FlavorsAccessNegativeTestJSON:tearDownClass): 204 DELETE http://10.180.1.21/identity/v3/users/236e53e6ee614abeb9605b4c0ca27490 0.125s
2025-11-14 09:40:49.845 66160 INFO tempest.lib.common.rest_client [req-eaa81cb2-653f-4fba-b592-29f095721693 req-eaa81cb2-653f-4fba-b592-29f095721693 ] Request (QuotasAdminNegativeTest:tearDownClass): 204 DELETE http://10.180.1.21/identity/v3/projects/fedeca2dbd764b45abd4437836c0df95 0.138s
2025-11-14 09:40:49.845 66160 INFO tempest.lib.common.dynamic_creds [-] Deleting project and security group for project: f50656a7a1c14f19857a7ae17bfb999f
2025-11-14 09:40:49.856 66122 INFO tempest.lib.common.rest_client [req-129aff73-ab1b-4740-9407-e504b823f874 req-129aff73-ab1b-4740-9407-e504b823f874 ] Request (FlavorsAccessNegativeTestJSON:tearDownClass): 204 DELETE http://10.180.1.21/identity/v3/users/890b2a7b69eb41d38bd65f3836181d18 0.142s
2025-11-14 09:40:49.973 66172 INFO tempest.lib.common.rest_client [req-4523b258-6ca0-4e55-8574-9b329084de4e req-4523b258-6ca0-4e55-8574-9b329084de4e ] Request (SecurityGroupsTestJSON:test_security_groups_create_list_delete): 200 POST http://10.180.1.21/compute/v2.1/os-security-groups 2.466s
2025-11-14 09:40:49.989 66122 INFO tempest.lib.common.rest_client [req-8818b5ad-661d-4fe5-9910-3cf8ff594e64 req-8818b5ad-661d-4fe5-9910-3cf8ff594e64 ] Request (FlavorsAccessNegativeTestJSON:tearDownClass): 204 DELETE http://10.180.1.21/identity/v3/users/be5b99c0bd904033b58fc7f6a0cf1b71 0.132s
2025-11-14 09:40:49.989 66122 INFO tempest.lib.common.dynamic_creds [-] Deleting project and security group for project: f71aa4a71802436aa4443b3a30bf8fc6
2025-11-14 09:40:50.059 66122 INFO tempest.lib.common.rest_client [req-f0bb080a-9e9c-4b9f-ab3d-b9ddf40d0d2f req-f0bb080a-9e9c-4b9f-ab3d-b9ddf40d0d2f ] Request (FlavorsAccessNegativeTestJSON:tearDownClass): 201 POST http://10.180.1.21/identity/v3/auth/tokens 0.070s
2025-11-14 09:40:50.106 66160 INFO tempest.lib.common.rest_client [req-fa565310-feb4-4b3e-bd4e-72e0bc956af8 req-fa565310-feb4-4b3e-bd4e-72e0bc956af8 ] Request (QuotasAdminNegativeTest:tearDownClass): 200 GET http://10.180.1.21/networking/v2.0/security-groups?tenant_id=f50656a7a1c14f19857a7ae17bfb999f&name=default 0.260s
2025-11-14 09:40:50.199 66148 INFO tempest.lib.common.rest_client [req-da38a59a-c95c-42c0-a0de-a17689f730c2 req-da38a59a-c95c-42c0-a0de-a17689f730c2 ] Request (ListImageFiltersTestJSON:setUpClass): 202 POST http://10.180.1.21/compute/v2.1/servers/6055ef62-1628-47ef-9b17-dc1bcb5cb08a/action 2.740s
2025-11-14 09:40:50.468 66122 INFO tempest.lib.common.rest_client [req-1ebbd38e-a14d-4801-9fd7-d2c0f44777d6 req-1ebbd38e-a14d-4801-9fd7-d2c0f44777d6 ] Request (FlavorsAccessNegativeTestJSON:tearDownClass): 200 GET http://10.180.1.21/networking/v2.0/security-groups?tenant_id=f71aa4a71802436aa4443b3a30bf8fc6&name=default 0.408s
2025-11-14 09:40:50.568 66160 INFO tempest.lib.common.rest_client [req-c1b75aa1-d713-43b8-8135-71352f75b4ce req-c1b75aa1-d713-43b8-8135-71352f75b4ce ] Request (QuotasAdminNegativeTest:tearDownClass): 204 DELETE http://10.180.1.21/networking/v2.0/security-groups/21f8ca59-f367-4c2a-bbc1-828a715f8ecd 0.461s
2025-11-14 09:40:50.647 66160 INFO tempest.lib.common.rest_client [req-e4fd7afb-85e7-409b-9ca1-7b3759381ab4 req-e4fd7afb-85e7-409b-9ca1-7b3759381ab4 ] Request (QuotasAdminNegativeTest:tearDownClass): 204 DELETE http://10.180.1.21/identity/v3/projects/f50656a7a1c14f19857a7ae17bfb999f 0.079s
2025-11-14 09:40:50.719 66160 INFO tempest.lib.common.rest_client [req-1981f1d3-9485-4b31-970a-230dc12842f2 req-1981f1d3-9485-4b31-970a-230dc12842f2 ] Request (FloatingIPsNegativeTestJSON:setUpClass): 201 POST http://10.180.1.21/identity/v3/auth/tokens 0.070s
2025-11-14 09:40:50.737 66124 INFO tempest.lib.common.rest_client [req-1837b3ca-a632-4caa-a6d8-da64b4ff8142 req-1837b3ca-a632-4caa-a6d8-da64b4ff8142 ] Request (MultipleCreateTestJSON:test_multiple_create): 200 GET http://10.180.1.21/compute/v2.1/servers/d258a3b4-99e2-46f4-9ddc-f76c64a768f5 2.801s
2025-11-14 09:40:50.746 66124 INFO tempest.common.waiters [-] State transition "BUILD/None" ==> "BUILD/spawning" after 4 second wait
2025-11-14 09:40:50.774 66160 INFO tempest.lib.common.rest_client [req-d824ebe4-710e-4da3-822f-bbc5c0b37c36 req-d824ebe4-710e-4da3-822f-bbc5c0b37c36 ] Request (FloatingIPsNegativeTestJSON:setUpClass): 201 POST http://10.180.1.21/identity/v3/auth/tokens 0.052s
2025-11-14 09:40:50.791 66154 INFO tempest.lib.common.rest_client [req-0702ad9a-422a-4cc4-97a5-a808e6a4c3bc req-0702ad9a-422a-4cc4-97a5-a808e6a4c3bc ] Request (ImagesOneServerTestJSON:test_create_image_specify_multibyte_character_image_name): 200 GET http://10.180.1.21/compute/v2.1/images/df24372b-f1c6-42e0-8b34-1533d358a3cd 2.678s
2025-11-14 09:40:50.812 66160 INFO tempest.lib.common.rest_client [req-d3cb87db-3def-4370-bcae-8d8e753f9327 req-d3cb87db-3def-4370-bcae-8d8e753f9327 ] Request (FloatingIPsNegativeTestJSON:setUpClass): 200 GET http://10.180.1.21/identity/v3/domains?name=Default 0.037s
2025-11-14 09:40:50.820 66156 INFO tempest.lib.common.rest_client [req-d1c53b90-5764-4567-b070-904b234cb402 req-d1c53b90-5764-4567-b070-904b234cb402 ] Request (DeleteServersAdminTestJSON:tearDownClass): 404 DELETE http://10.180.1.21/compute/v2.1/servers/b10f8ee3-4661-4fbf-a01b-7334eb134b0d 2.685s
2025-11-14 09:40:50.853 66160 INFO tempest.lib.common.rest_client [req-f87b3cc5-6c00-4524-be0d-4ed0f855bc93 req-f87b3cc5-6c00-4524-be0d-4ed0f855bc93 ] Request (FloatingIPsNegativeTestJSON:setUpClass): 201 POST http://10.180.1.21/identity/v3/projects 0.040s
2025-11-14 09:40:50.860 66122 INFO tempest.lib.common.rest_client [req-4a404455-d966-41cd-b1e0-72e7a11e190a req-4a404455-d966-41cd-b1e0-72e7a11e190a ] Request (FlavorsAccessNegativeTestJSON:tearDownClass): 204 DELETE http://10.180.1.21/networking/v2.0/security-groups/0fea226a-3720-4c5e-84e4-a18bb9aa8eef 0.392s
2025-11-14 09:40:50.941 66160 INFO tempest.lib.common.rest_client [req-5a15175d-ecfc-4e4e-bcd6-aaf122c97e57 req-5a15175d-ecfc-4e4e-bcd6-aaf122c97e57 ] Request (FloatingIPsNegativeTestJSON:setUpClass): 201 POST http://10.180.1.21/identity/v3/users 0.088s
2025-11-14 09:40:50.948 66120 WARNING tempest.lib.common.ssh [-] Failed to establish authenticated ssh connection to cirros@10.180.180.238 ([Errno None] Unable to connect to port 22 on 10.180.180.238). Number attempts: 4. Retry after 5 seconds.: paramiko.ssh_exception.NoValidConnectionsError: [Errno None] Unable to connect to port 22 on 10.180.180.238
2025-11-14 09:40:50.964 66160 INFO tempest.lib.common.rest_client [req-76e289d2-52ab-4142-8d7d-daf4b8f89e52 req-76e289d2-52ab-4142-8d7d-daf4b8f89e52 ] Request (FloatingIPsNegativeTestJSON:setUpClass): 200 GET http://10.180.1.21/identity/v3/roles 0.022s
2025-11-14 09:40:50.980 66164 INFO tempest.lib.common.rest_client [req-1b038adb-3e66-495c-8ad4-683cd5ef7f7c req-1b038adb-3e66-495c-8ad4-683cd5ef7f7c ] Request (ServerActionsTestOtherB:setUp): 200 GET http://10.180.1.21/compute/v2.1/servers/cac75da9-2cdd-4853-ac53-9cf97e27e6f0 2.912s
2025-11-14 09:40:50.993 66128 INFO tempest.lib.common.rest_client [req-8d0e101b-e316-4abb-9c45-f1d4e89be7d7 req-8d0e101b-e316-4abb-9c45-f1d4e89be7d7 ] Request (ServerAddressesNegativeTestJSON:tearDownClass): 200 GET http://10.180.1.21/compute/v2.1/servers/d9553940-6b65-4623-a6ff-5c53dd8ee7a0 2.433s
2025-11-14 09:40:51.000 66122 INFO tempest.lib.common.rest_client [req-4e75fb20-1207-4401-ab3b-51d987c6dfef req-4e75fb20-1207-4401-ab3b-51d987c6dfef ] Request (FlavorsAccessNegativeTestJSON:tearDownClass): 204 DELETE http://10.180.1.21/identity/v3/projects/f71aa4a71802436aa4443b3a30bf8fc6 0.139s
2025-11-14 09:40:51.000 66122 INFO tempest.lib.common.dynamic_creds [-] Deleting project and security group for project: 07655ddcf2c640a1ab445a3b2c30a00a
2025-11-14 09:40:51.003 66128 INFO tempest.common.waiters [-] State transition "ACTIVE/deleting" ==> "DELETED/None" after 4 second wait
2025-11-14 09:40:51.042 66160 INFO tempest.lib.common.rest_client [req-667b93d1-809b-46a1-ad03-20821803fc9d req-667b93d1-809b-46a1-ad03-20821803fc9d ] Request (FloatingIPsNegativeTestJSON:setUpClass): 204 PUT http://10.180.1.21/identity/v3/projects/e9d79399f0334a8994d61ac51e3943e1/users/6fe81271a5b14161a7ec2ea58a4a01d0/roles/bbc4aa3af74b4d6a8b6643219685cef2 0.076s
2025-11-14 09:40:51.042 66160 INFO tempest.lib.common.dynamic_creds [-] Dynamic test user 6fe81271a5b14161a7ec2ea58a4a01d0 is created with scope project and roles: ['member']
2025-11-14 09:40:51.042 66160 INFO tempest.lib.common.dynamic_creds [-] Acquired dynamic creds: credentials: Credentials: {'domain_id': 'default', 'domain_name': 'Default', 'username': 'tempest-FloatingIPsNegativeTestJSON-892768302-project-member', 'project_domain_id': 'default', 'project_domain_name': 'Default', 'project_id': 'e9d79399f0334a8994d61ac51e3943e1', 'project_name': 'tempest-FloatingIPsNegativeTestJSON-892768302', 'tenant_id': 'e9d79399f0334a8994d61ac51e3943e1', 'tenant_name': 'tempest-FloatingIPsNegativeTestJSON-892768302', 'user_domain_id': 'default', 'user_domain_name': 'Default', 'user_id': '6fe81271a5b14161a7ec2ea58a4a01d0', 'system': None}, Network: None, Subnet: None, Router: None
2025-11-14 09:40:51.109 66160 INFO tempest.lib.common.rest_client [req-5d1a200c-8246-4035-a656-ef8e708286b7 req-5d1a200c-8246-4035-a656-ef8e708286b7 ] Request (FloatingIPsNegativeTestJSON:setUpClass): 201 POST http://10.180.1.21/identity/v3/auth/tokens 0.067s
2025-11-14 09:40:51.182 66122 INFO tempest.lib.common.rest_client [req-e4661d37-533b-4b63-b36d-ef0885201418 req-e4661d37-533b-4b63-b36d-ef0885201418 ] Request (FlavorsAccessNegativeTestJSON:tearDownClass): 200 GET http://10.180.1.21/networking/v2.0/security-groups?tenant_id=07655ddcf2c640a1ab445a3b2c30a00a&name=default 0.181s
2025-11-14 09:40:51.255 66170 INFO tempest.lib.common.rest_client [req-cee840b5-0d23-4534-a270-ced4e8ad7104 req-cee840b5-0d23-4534-a270-ced4e8ad7104 ] Request (ImagesTestJSON:test_create_image_from_suspended_server): 200 GET http://10.180.1.21/compute/v2.1/servers/9edabac4-b4e2-4161-aaa5-f991df880dd6 2.630s
2025-11-14 09:40:51.338 66122 INFO tempest.lib.common.rest_client [req-2aacae0c-6a4f-40ce-bc49-1888b6a07355 req-2aacae0c-6a4f-40ce-bc49-1888b6a07355 ] Request (FlavorsAccessNegativeTestJSON:tearDownClass): 204 DELETE http://10.180.1.21/networking/v2.0/security-groups/8bb2829e-e7f3-4e60-8c5d-888d61c3fda8 0.156s
2025-11-14 09:40:51.425 66122 INFO tempest.lib.common.rest_client [req-439fdd83-17ec-4e01-a121-4384daf63424 req-439fdd83-17ec-4e01-a121-4384daf63424 ] Request (FlavorsAccessNegativeTestJSON:tearDownClass): 204 DELETE http://10.180.1.21/identity/v3/projects/07655ddcf2c640a1ab445a3b2c30a00a 0.086s
2025-11-14 09:40:51.426 66122 INFO tempest.lib.common.dynamic_creds [-] Deleting project and security group for project: cccca4f540374d6094542d723a6502f4
2025-11-14 09:40:51.461 66142 INFO tempest.lib.common.rest_client [req-b729ba3d-1269-47ed-a331-aff9649a37e2 req-b729ba3d-1269-47ed-a331-aff9649a37e2 ] Request (AttachInterfacesTestJSON:test_create_list_show_delete_interfaces_by_fixed_ip): 200 GET http://10.180.1.21/compute/v2.1/servers/9dab49d7-6096-443a-a073-92f990e4d873/os-interface 2.728s
2025-11-14 09:40:51.498 66160 INFO tempest.lib.common.rest_client [req-566a4c2e-fe5a-45cc-91d1-8ec777f219d5 req-566a4c2e-fe5a-45cc-91d1-8ec777f219d5 ] Request (FloatingIPsNegativeTestJSON:setUpClass): 201 POST http://10.180.1.21/networking/v2.0/networks 0.388s
2025-11-14 09:40:51.504 66144 INFO tempest.lib.common.rest_client [req-1043c76a-8e3e-4847-988b-8d415fdf4a5f req-1043c76a-8e3e-4847-988b-8d415fdf4a5f ] Request (KeyPairsV22TestJSON:test_keypair_create_delete): 201 POST http://10.180.1.21/compute/v2.1/os-keypairs 2.670s
2025-11-14 09:40:51.635 66122 INFO tempest.lib.common.rest_client [req-cf289643-0a56-42df-b824-664ef6160167 req-cf289643-0a56-42df-b824-664ef6160167 ] Request (FlavorsAccessNegativeTestJSON:tearDownClass): 200 GET http://10.180.1.21/networking/v2.0/security-groups?tenant_id=cccca4f540374d6094542d723a6502f4&name=default 0.209s
2025-11-14 09:40:51.910 66174 INFO tempest.lib.common.rest_client [req-c653e916-737f-45eb-86be-91af017c5489 req-c653e916-737f-45eb-86be-91af017c5489 ] Request (FloatingIPsTestJSON:test_delete_floating_ip): 202 DELETE http://10.180.1.21/compute/v2.1/os-floating-ips/b6c17c61-1317-4cb9-bda2-c65813bf99b4 3.299s
2025-11-14 09:40:52.074 66160 INFO tempest.lib.common.rest_client [req-66dfd109-3b14-4ddb-87a9-5f3fc65b9c6e req-66dfd109-3b14-4ddb-87a9-5f3fc65b9c6e ] Request (FloatingIPsNegativeTestJSON:setUpClass): 201 POST http://10.180.1.21/networking/v2.0/subnets 0.576s
2025-11-14 09:40:52.104 66142 INFO tempest.lib.common.rest_client [req-b74c5fa0-9ee9-4781-8027-59118ec7dad5 req-b74c5fa0-9ee9-4781-8027-59118ec7dad5 ] Request (AttachInterfacesTestJSON:test_create_list_show_delete_interfaces_by_fixed_ip): 200 PUT http://10.180.1.21/networking/v2.0/floatingips/e67d7fd5-32a6-4216-9905-3dae5d00df78 0.640s
2025-11-14 09:40:52.231 66122 INFO tempest.lib.common.rest_client [req-bdd365eb-e552-4174-95c4-7f8fcc6d4e37 req-bdd365eb-e552-4174-95c4-7f8fcc6d4e37 ] Request (FlavorsAccessNegativeTestJSON:tearDownClass): 204 DELETE http://10.180.1.21/networking/v2.0/security-groups/c2ecd6c5-60e4-463c-ba60-6438313b6710 0.596s
2025-11-14 09:40:52.346 66122 INFO tempest.lib.common.rest_client [req-40348d51-3a6f-4737-b466-ec9d9667d5e3 req-40348d51-3a6f-4737-b466-ec9d9667d5e3 ] Request (FlavorsAccessNegativeTestJSON:tearDownClass): 204 DELETE http://10.180.1.21/identity/v3/projects/cccca4f540374d6094542d723a6502f4 0.115s
2025-11-14 09:40:52.417 66122 INFO tempest.lib.common.rest_client [req-2009c210-c3f3-41db-b6b4-69aab702c6bf req-2009c210-c3f3-41db-b6b4-69aab702c6bf ] Request (HostsAdminNegativeTestJSON:setUpClass): 201 POST http://10.180.1.21/identity/v3/auth/tokens 0.069s
2025-11-14 09:40:52.439 66136 INFO tempest.lib.common.rest_client [req-bc7777f1-ba52-47d5-874a-a4db053213e6 req-bc7777f1-ba52-47d5-874a-a4db053213e6 ] Request (AttachInterfacesV270Test:test_create_get_list_interfaces): 200 GET http://10.180.1.21/compute/v2.1/servers/b8ba4b34-7b81-498b-be2b-2e6822ca4939 3.494s
2025-11-14 09:40:52.477 66122 INFO tempest.lib.common.rest_client [req-ec99c5b9-fb0d-40ef-9704-ea3bf92ea53b req-ec99c5b9-fb0d-40ef-9704-ea3bf92ea53b ] Request (HostsAdminNegativeTestJSON:setUpClass): 201 POST http://10.180.1.21/identity/v3/auth/tokens 0.058s
2025-11-14 09:40:52.506 66122 INFO tempest.lib.common.rest_client [req-1ba8108a-26e3-4628-b49d-640307589a55 req-1ba8108a-26e3-4628-b49d-640307589a55 ] Request (HostsAdminNegativeTestJSON:setUpClass): 200 GET http://10.180.1.21/identity/v3/domains?name=Default 0.028s
2025-11-14 09:40:52.538 66122 INFO tempest.lib.common.rest_client [req-d116e23b-28b2-4f6e-be17-5eaa771cb075 req-d116e23b-28b2-4f6e-be17-5eaa771cb075 ] Request (HostsAdminNegativeTestJSON:setUpClass): 201 POST http://10.180.1.21/identity/v3/projects 0.032s
2025-11-14 09:40:52.605 66140 INFO tempest.lib.common.rest_client [req-579556a4-5e54-48b4-84e6-d983b59b8e89 req-579556a4-5e54-48b4-84e6-d983b59b8e89 ] Request (ServersAdminTestJSON:test_inject_network_info): 202 POST http://10.180.1.21/compute/v2.1/servers/8e7dc539-736f-495e-9783-d47e93079c1d/action 3.451s
2025-11-14 09:40:52.606 66122 INFO tempest.lib.common.rest_client [req-eae5abff-bf09-4f90-b5b0-7dedc7dd3a95 req-eae5abff-bf09-4f90-b5b0-7dedc7dd3a95 ] Request (HostsAdminNegativeTestJSON:setUpClass): 201 POST http://10.180.1.21/identity/v3/users 0.067s
2025-11-14 09:40:52.636 66122 INFO tempest.lib.common.rest_client [req-ceb293e8-e18b-4209-ae70-cf401691feb1 req-ceb293e8-e18b-4209-ae70-cf401691feb1 ] Request (HostsAdminNegativeTestJSON:setUpClass): 200 GET http://10.180.1.21/identity/v3/roles 0.030s
2025-11-14 09:40:52.673 66122 INFO tempest.lib.common.rest_client [req-8e9f78fd-b4c0-4ca5-9365-f13cec16ce94 req-8e9f78fd-b4c0-4ca5-9365-f13cec16ce94 ] Request (HostsAdminNegativeTestJSON:setUpClass): 204 PUT http://10.180.1.21/identity/v3/projects/cc25b0fe960844d2aa7bb2faac7371b7/users/ecf92baf5c5b4c57ab353f22773e0360/roles/bbc4aa3af74b4d6a8b6643219685cef2 0.035s
2025-11-14 09:40:52.673 66122 INFO tempest.lib.common.dynamic_creds [-] Dynamic test user ecf92baf5c5b4c57ab353f22773e0360 is created with scope project and roles: ['member']
2025-11-14 09:40:52.673 66122 INFO tempest.lib.common.dynamic_creds [-] Acquired dynamic creds: credentials: Credentials: {'domain_id': 'default', 'domain_name': 'Default', 'username': 'tempest-HostsAdminNegativeTestJSON-1705169208-project-member', 'project_domain_id': 'default', 'project_domain_name': 'Default', 'project_id': 'cc25b0fe960844d2aa7bb2faac7371b7', 'project_name': 'tempest-HostsAdminNegativeTestJSON-1705169208', 'tenant_id': 'cc25b0fe960844d2aa7bb2faac7371b7', 'tenant_name': 'tempest-HostsAdminNegativeTestJSON-1705169208', 'user_domain_id': 'default', 'user_domain_name': 'Default', 'user_id': 'ecf92baf5c5b4c57ab353f22773e0360', 'system': None}, Network: None, Subnet: None, Router: None
2025-11-14 09:40:52.674 66122 INFO tempest.lib.common.dynamic_creds [-] Created isolated network resources for: credentials: Credentials: {'domain_id': 'default', 'domain_name': 'Default', 'username': 'tempest-HostsAdminNegativeTestJSON-1705169208-project-member', 'project_domain_id': 'default', 'project_domain_name': 'Default', 'project_id': 'cc25b0fe960844d2aa7bb2faac7371b7', 'project_name': 'tempest-HostsAdminNegativeTestJSON-1705169208', 'tenant_id': 'cc25b0fe960844d2aa7bb2faac7371b7', 'tenant_name': 'tempest-HostsAdminNegativeTestJSON-1705169208', 'user_domain_id': 'default', 'user_domain_name': 'Default', 'user_id': 'ecf92baf5c5b4c57ab353f22773e0360', 'system': None}, Network: None, Subnet: None, Router: None
2025-11-14 09:40:52.711 66150 INFO tempest.lib.common.rest_client [req-be1f70f6-685e-4768-ae36-f8d618c8983d req-be1f70f6-685e-4768-ae36-f8d618c8983d ] Request (ServerRescueTestJSONUnderV235:tearDownClass): 204 DELETE http://10.180.1.21/compute/v2.1/servers/30dbda02-8d94-440d-b4d8-5b0c88419465 3.501s
2025-11-14 09:40:52.774 66122 INFO tempest.lib.common.rest_client [req-8bc1add3-9783-4c6c-b44f-da50a8eaa6b7 req-8bc1add3-9783-4c6c-b44f-da50a8eaa6b7 ] Request (HostsAdminNegativeTestJSON:setUpClass): 201 POST http://10.180.1.21/identity/v3/auth/tokens 0.097s
2025-11-14 09:40:52.872 66122 INFO tempest.lib.common.rest_client [req-c9c940c8-8ae4-4ed2-b357-cb25ce14c220 req-c9c940c8-8ae4-4ed2-b357-cb25ce14c220 ] Request (HostsAdminNegativeTestJSON:setUpClass): 201 POST http://10.180.1.21/identity/v3/projects 0.096s
2025-11-14 09:40:52.942 66122 INFO tempest.lib.common.rest_client [req-e2f98ea9-93a8-4576-8de0-098ed6e96d8c req-e2f98ea9-93a8-4576-8de0-098ed6e96d8c ] Request (HostsAdminNegativeTestJSON:setUpClass): 201 POST http://10.180.1.21/identity/v3/users 0.070s
2025-11-14 09:40:52.965 66122 INFO tempest.lib.common.rest_client [req-7b61d916-34f3-4ea1-a486-c8b6fb4dc942 req-7b61d916-34f3-4ea1-a486-c8b6fb4dc942 ] Request (HostsAdminNegativeTestJSON:setUpClass): 200 GET http://10.180.1.21/identity/v3/roles 0.022s
2025-11-14 09:40:52.995 66122 INFO tempest.lib.common.rest_client [req-c51bec3c-317d-41f6-8d27-5ac2dbba3db2 req-c51bec3c-317d-41f6-8d27-5ac2dbba3db2 ] Request (HostsAdminNegativeTestJSON:setUpClass): 204 PUT http://10.180.1.21/identity/v3/projects/e5d391a2dd17424c9f18f786d837e199/users/9e03ab9e8aa34bd59de8fee21ec79f42/roles/feeb322ede4e4c31a1a3691317ea8d28 0.029s
2025-11-14 09:40:53.014 66176 INFO tempest.lib.common.rest_client [req-7a75ff66-24d9-48dd-ae3b-8497e17101df req-7a75ff66-24d9-48dd-ae3b-8497e17101df ] Request (ImagesMetadataTestJSON:test_update_image_metadata): 200 POST http://10.180.1.21/compute/v2.1/images/6651f126-c66d-4659-a0a9-1964f4b88865/metadata 3.617s
2025-11-14 09:40:53.070 66122 INFO tempest.lib.common.rest_client [req-a3ec09ab-ccd6-40c6-9409-7eac2513163d req-a3ec09ab-ccd6-40c6-9409-7eac2513163d ] Request (HostsAdminNegativeTestJSON:setUpClass): 200 GET http://10.180.1.21/identity/v3/roles 0.075s
2025-11-14 09:40:53.091 66122 INFO tempest.lib.common.rest_client [req-99544aa1-7af9-4eb1-8905-101f63d2d8ca req-99544aa1-7af9-4eb1-8905-101f63d2d8ca ] Request (HostsAdminNegativeTestJSON:setUpClass): 204 PUT http://10.180.1.21/identity/v3/projects/e5d391a2dd17424c9f18f786d837e199/users/9e03ab9e8aa34bd59de8fee21ec79f42/roles/feeb322ede4e4c31a1a3691317ea8d28 0.021s
2025-11-14 09:40:53.092 66122 INFO tempest.lib.common.dynamic_creds [-] Dynamic test user 9e03ab9e8aa34bd59de8fee21ec79f42 is created with scope project and roles: ['admin']
2025-11-14 09:40:53.092 66122 INFO tempest.lib.common.dynamic_creds [-] Acquired dynamic creds: credentials: Credentials: {'domain_id': 'default', 'domain_name': 'Default', 'username': 'tempest-HostsAdminNegativeTestJSON-1771499201-project-admin', 'project_domain_id': 'default', 'project_domain_name': 'Default', 'project_id': 'e5d391a2dd17424c9f18f786d837e199', 'project_name': 'tempest-HostsAdminNegativeTestJSON-1771499201', 'tenant_id': 'e5d391a2dd17424c9f18f786d837e199', 'tenant_name': 'tempest-HostsAdminNegativeTestJSON-1771499201', 'user_domain_id': 'default', 'user_domain_name': 'Default', 'user_id': '9e03ab9e8aa34bd59de8fee21ec79f42', 'system': None}, Network: None, Subnet: None, Router: None
2025-11-14 09:40:53.092 66122 INFO tempest.lib.common.dynamic_creds [-] Created isolated network resources for: credentials: Credentials: {'domain_id': 'default', 'domain_name': 'Default', 'username': 'tempest-HostsAdminNegativeTestJSON-1771499201-project-admin', 'project_domain_id': 'default', 'project_domain_name': 'Default', 'project_id': 'e5d391a2dd17424c9f18f786d837e199', 'project_name': 'tempest-HostsAdminNegativeTestJSON-1771499201', 'tenant_id': 'e5d391a2dd17424c9f18f786d837e199', 'tenant_name': 'tempest-HostsAdminNegativeTestJSON-1771499201', 'user_domain_id': 'default', 'user_domain_name': 'Default', 'user_id': '9e03ab9e8aa34bd59de8fee21ec79f42', 'system': None}, Network: None, Subnet: None, Router: None
2025-11-14 09:40:53.159 66160 INFO tempest.lib.common.rest_client [req-d2899ddf-a4ef-4a14-9077-55f31b2ec0f2 req-d2899ddf-a4ef-4a14-9077-55f31b2ec0f2 ] Request (FloatingIPsNegativeTestJSON:setUpClass): 201 POST http://10.180.1.21/networking/v2.0/routers 1.084s
2025-11-14 09:40:53.183 66122 INFO tempest.lib.common.rest_client [req-8040320a-a931-4d82-b9be-6c70154bc7ac req-8040320a-a931-4d82-b9be-6c70154bc7ac ] Request (HostsAdminNegativeTestJSON:setUpClass): 201 POST http://10.180.1.21/identity/v3/auth/tokens 0.087s
2025-11-14 09:40:53.342 66118 INFO tempest.lib.common.rest_client [req-fdf4f8ea-ccad-419e-b512-9e842d67e9e2 req-fdf4f8ea-ccad-419e-b512-9e842d67e9e2 ] Request (QuotasAdminTestJSON:test_update_all_quota_resources_for_tenant): 200 PUT http://10.180.1.21/compute/v2.1/os-quota-sets/d66c54a4b86b43e6a1fec9bacc832a44 3.820s
2025-11-14 09:40:53.346 66152 INFO tempest.lib.common.rest_client [req-4a62338c-435e-4e3b-9999-62fe3e7e64dd req-4a62338c-435e-4e3b-9999-62fe3e7e64dd ] Request (ImagesOneServerNegativeTestJSON:test_create_image_specify_name_over_character_limit): 400 POST http://10.180.1.21/compute/v2.1/servers/7de93437-b006-4adb-9334-9ddc93702f48/action 3.786s
2025-11-14 09:40:53.355 66180 INFO tempest.lib.common.rest_client [req-49e114ec-01f3-44bc-8aca-6495162e398c req-49e114ec-01f3-44bc-8aca-6495162e398c ] Request (AggregatesAdminNegativeTestJSON:test_aggregate_get_details_with_invalid_id): 404 GET http://10.180.1.21/compute/v2.1/os-aggregates/-1 3.750s
2025-11-14 09:40:53.374 66158 INFO tempest.lib.common.rest_client [req-6f4dfc1d-d56d-46ee-9df7-e5a4b1b48f86 req-6f4dfc1d-d56d-46ee-9df7-e5a4b1b48f86 ] Request (FlavorsAdminTestJSON:test_is_public_string_variations): 200 POST http://10.180.1.21/compute/v2.1/flavors 3.738s
2025-11-14 09:40:53.401 66168 INFO tempest.lib.common.rest_client [req-96243f53-b6fb-4d0e-ba42-b56ff26c15ea req-96243f53-b6fb-4d0e-ba42-b56ff26c15ea ] Request (ServersTestJSON:_run_cleanups): 404 GET http://10.180.1.21/compute/v2.1/servers/37c81f1e-b9db-46b9-a4dd-62e6cdc62dc9 3.560s
2025-11-14 09:40:53.472 66168 INFO tempest.lib.common.rest_client [req-2d99feec-dcf0-4042-959d-d089a819cd8b req-2d99feec-dcf0-4042-959d-d089a819cd8b ] Request (ServersTestJSON:test_create_server_with_ipv6_addr_only): 201 POST http://10.180.1.21/identity/v3/auth/tokens 0.066s
2025-11-14 09:40:53.473 66168 INFO tempest.lib.common.fixed_network [-] (ServersTestJSON:test_create_server_with_ipv6_addr_only) Found network {'id': 'ceb3b220-307c-40a0-969e-f09b3c5ce67f', 'name': 'tempest-ServersTestJSON-721413554-network', 'tenant_id': 'dee76b04ef484613a39be9be35d7d846', 'project_id': 'dee76b04ef484613a39be9be35d7d846', 'admin_state_up': True, 'mtu': 8950, 'status': 'ACTIVE', 'subnets': [], 'shared': False, 'port_security_enabled': True, 'router:external': False, 'provider:network_type': 'vlan', 'provider:physical_network': 'default', 'provider:segmentation_id': 561, 'availability_zone_hints': [], 'availability_zones': [], 'ipv4_address_scope': None, 'ipv6_address_scope': None, 'description': '', 'tags': [], 'created_at': '2025-11-14T09:39:30Z', 'updated_at': '2025-11-14T09:39:31Z', 'revision_number': 1} available for tenant
2025-11-14 09:40:53.805 66146 WARNING tempest.lib.common.ssh [-] Failed to establish authenticated ssh connection to cirros@10.180.180.171 ([Errno None] Unable to connect to port 22 on 10.180.180.171). Number attempts: 4. Retry after 5 seconds.: paramiko.ssh_exception.NoValidConnectionsError: [Errno None] Unable to connect to port 22 on 10.180.180.171
2025-11-14 09:40:54.218 66160 INFO tempest.lib.common.rest_client [req-dc578f9e-e23b-437e-9159-b665bb7a9509 req-dc578f9e-e23b-437e-9159-b665bb7a9509 ] Request (FloatingIPsNegativeTestJSON:setUpClass): 200 PUT http://10.180.1.21/networking/v2.0/routers/660428df-a34b-4b56-8dfd-5568986412af/add_router_interface 1.058s
2025-11-14 09:40:54.218 66160 INFO tempest.lib.common.dynamic_creds [-] Created isolated network resources for: credentials: Credentials: {'domain_id': 'default', 'domain_name': 'Default', 'username': 'tempest-FloatingIPsNegativeTestJSON-892768302-project-member', 'project_domain_id': 'default', 'project_domain_name': 'Default', 'project_id': 'e9d79399f0334a8994d61ac51e3943e1', 'project_name': 'tempest-FloatingIPsNegativeTestJSON-892768302', 'tenant_id': 'e9d79399f0334a8994d61ac51e3943e1', 'tenant_name': 'tempest-FloatingIPsNegativeTestJSON-892768302', 'user_domain_id': 'default', 'user_domain_name': 'Default', 'user_id': '6fe81271a5b14161a7ec2ea58a4a01d0', 'system': None}, Network: {'id': '606b43b7-4059-4353-89c5-99ebc4419765', 'name': 'tempest-FloatingIPsNegativeTestJSON-1638221641-network', 'tenant_id': 'e9d79399f0334a8994d61ac51e3943e1', 'project_id': 'e9d79399f0334a8994d61ac51e3943e1', 'admin_state_up': True, 'mtu': 8950, 'status': 'ACTIVE', 'subnets': [], 'shared': False, 'port_security_enabled': True, 'router:external': False, 'provider:network_type': 'vlan', 'provider:physical_network': 'default', 'provider:segmentation_id': 506, 'availability_zone_hints': [], 'availability_zones': [], 'ipv4_address_scope': None, 'ipv6_address_scope': None, 'description': '', 'tags': [], 'created_at': '2025-11-14T09:40:51Z', 'updated_at': '2025-11-14T09:40:51Z', 'revision_number': 1}, Subnet: {'id': '7c738974-fd59-4424-a23a-e6fcb381bc51', 'name': 'tempest-FloatingIPsNegativeTestJSON-1638221641-subnet', 'tenant_id': 'e9d79399f0334a8994d61ac51e3943e1', 'network_id': '606b43b7-4059-4353-89c5-99ebc4419765', 'ip_version': 4, 'subnetpool_id': None, 'enable_dhcp': True, 'ipv6_ra_mode': None, 'ipv6_address_mode': None, 'gateway_ip': '192.168.128.1', 'cidr': '192.168.128.0/28', 'allocation_pools': [{'start': '192.168.128.2', 'end': '192.168.128.14'}], 'host_routes': [], 'dns_nameservers': [], 'description': '', 'router:external': False, 'service_types': [], 'tags': [], 'created_at': '2025-11-14T09:40:51Z', 'updated_at': '2025-11-14T09:40:51Z', 'revision_number': 0, 'project_id': 'e9d79399f0334a8994d61ac51e3943e1'}, Router: {'id': '660428df-a34b-4b56-8dfd-5568986412af', 'name': 'tempest-FloatingIPsNegativeTestJSON-1638221641-router', 'tenant_id': 'e9d79399f0334a8994d61ac51e3943e1', 'admin_state_up': True, 'status': 'ACTIVE', 'external_gateway_info': {'network_id': '241e164b-421d-42e5-87d1-eb89bbec3fac', 'external_fixed_ips': [{'subnet_id': 'b0531ee1-7fd2-4927-9f31-529017a20319', 'ip_address': '10.180.180.165'}], 'enable_snat': True}, 'description': '', 'availability_zones': [], 'distributed': False, 'ha': False, 'availability_zone_hints': [], 'routes': [], 'flavor_id': None, 'tags': [], 'created_at': '2025-11-14T09:40:52Z', 'updated_at': '2025-11-14T09:40:52Z', 'revision_number': 2, 'project_id': 'e9d79399f0334a8994d61ac51e3943e1'}
2025-11-14 09:40:54.245 66132 INFO tempest.lib.common.rest_client [req-db980a71-17fd-43fe-a5c4-ad717b7544a1 req-db980a71-17fd-43fe-a5c4-ad717b7544a1 ] Request (ServerActionsTestJSON:setUpClass): 200 GET http://10.180.1.21/compute/v2.1/servers/e1b06766-c023-44b3-b6f4-3e99c642ca26 4.288s
2025-11-14 09:40:54.346 66160 INFO tempest.lib.common.rest_client [req-38dddbe1-f590-4206-8962-7dc12acfc1ac req-38dddbe1-f590-4206-8962-7dc12acfc1ac ] Request (FloatingIPsNegativeTestJSON:setUpClass): 201 POST http://10.180.1.21/identity/v3/auth/tokens 0.123s
2025-11-14 09:40:54.365 66166 INFO tempest.lib.common.rest_client [req-15ac77d5-51ee-495e-9e19-36e59412d137 req-15ac77d5-51ee-495e-9e19-36e59412d137 ] Request (FloatingIPsAssociationTestJSON:test_associate_already_associated_floating_ip): 202 POST http://10.180.1.21/compute/v2.1/servers 5.457s
2025-11-14 09:40:54.419 66148 INFO tempest.lib.common.rest_client [req-72172dfb-2021-456f-aca3-7f4c9c89db38 req-72172dfb-2021-456f-aca3-7f4c9c89db38 ] Request (ListImageFiltersTestJSON:setUpClass): 200 GET http://10.180.1.21/compute/v2.1/images/1a57a345-44c5-4d21-b3b5-9efcd496bed6 4.218s
2025-11-14 09:40:54.446 66156 INFO tempest.lib.common.rest_client [req-10dbd536-6a81-4b61-928c-8927e6c91d3d req-10dbd536-6a81-4b61-928c-8927e6c91d3d ] Request (DeleteServersAdminTestJSON:tearDownClass): 404 GET http://10.180.1.21/compute/v2.1/servers/b10f8ee3-4661-4fbf-a01b-7334eb134b0d 3.626s
2025-11-14 09:40:54.469 66172 INFO tempest.lib.common.rest_client [req-342d18bc-c8cd-424e-95c6-319fc3f8c114 req-342d18bc-c8cd-424e-95c6-319fc3f8c114 ] Request (SecurityGroupsTestJSON:test_security_groups_create_list_delete): 200 GET http://10.180.1.21/compute/v2.1/os-security-groups 4.493s
2025-11-14 09:40:54.508 66144 INFO tempest.lib.common.rest_client [req-a465515c-2b99-4fe3-8e07-7682f5eb1b4d req-a465515c-2b99-4fe3-8e07-7682f5eb1b4d ] Request (KeyPairsV22TestJSON:_run_cleanups): 204 DELETE http://10.180.1.21/compute/v2.1/os-keypairs/tempest-keypair-508511989 3.002s
2025-11-14 09:40:54.745 66124 INFO tempest.lib.common.rest_client [req-ac829fda-4c0d-45a8-8de7-0b5d737c7a1a req-ac829fda-4c0d-45a8-8de7-0b5d737c7a1a ] Request (MultipleCreateTestJSON:test_multiple_create): 200 GET http://10.180.1.21/compute/v2.1/servers/d258a3b4-99e2-46f4-9ddc-f76c64a768f5 2.998s
2025-11-14 09:40:54.821 66154 INFO tempest.lib.common.rest_client [req-54b1c816-0407-4f67-9b4d-70595ab730b0 req-54b1c816-0407-4f67-9b4d-70595ab730b0 ] Request (ImagesOneServerTestJSON:test_create_image_specify_multibyte_character_image_name): 200 GET http://10.180.1.21/compute/v2.1/images/df24372b-f1c6-42e0-8b34-1533d358a3cd 3.022s
2025-11-14 09:40:54.855 66174 INFO tempest.lib.common.rest_client [req-1d0697f2-e71f-4a94-a4db-4c69d0140d09 req-1d0697f2-e71f-4a94-a4db-4c69d0140d09 ] Request (FloatingIPsTestJSON:test_delete_floating_ip): 404 GET http://10.180.1.21/compute/v2.1/os-floating-ips/b6c17c61-1317-4cb9-bda2-c65813bf99b4 2.944s
2025-11-14 09:40:54.940 66128 INFO tempest.lib.common.rest_client [req-1bc4c4c9-1d6f-4c3e-8340-c131c50b1eab req-1bc4c4c9-1d6f-4c3e-8340-c131c50b1eab ] Request (ServerAddressesNegativeTestJSON:tearDownClass): 200 GET http://10.180.1.21/compute/v2.1/servers/d9553940-6b65-4623-a6ff-5c53dd8ee7a0 2.936s
2025-11-14 09:40:55.078 66164 INFO tempest.lib.common.rest_client [req-a0c11375-8979-4d25-8748-be0c124c1238 req-a0c11375-8979-4d25-8748-be0c124c1238 ] Request (ServerActionsTestOtherB:test_create_backup): 202 POST http://10.180.1.21/compute/v2.1/servers/cac75da9-2cdd-4853-ac53-9cf97e27e6f0/action 4.087s
2025-11-14 09:40:55.096 66164 INFO tempest.lib.common.rest_client [req-db7db265-27a8-4f33-b1a5-3464c599efa6 req-db7db265-27a8-4f33-b1a5-3464c599efa6 ] Request (ServerActionsTestOtherB:test_create_backup): 200 GET http://10.180.1.21/image/v2/images/4de5d233-cb93-4e8e-8628-4ab7903eaa42 0.018s
2025-11-14 09:40:55.171 66142 INFO tempest.lib.common.rest_client [req-cc011baf-fc54-46ec-9a46-20f221f38db0 req-cc011baf-fc54-46ec-9a46-20f221f38db0 ] Request (AttachInterfacesTestJSON:test_create_list_show_delete_interfaces_by_fixed_ip): 200 GET http://10.180.1.21/compute/v2.1/servers/9dab49d7-6096-443a-a073-92f990e4d873 3.066s
2025-11-14 09:40:55.179 66142 INFO tempest.lib.common.ssh [-] Creating ssh connection to '10.180.180.207:22' as 'cirros' with public key authentication
2025-11-14 09:40:55.251 66140 INFO tempest.lib.common.rest_client [req-11c85389-d660-48c9-a211-6bbec570b703 req-11c85389-d660-48c9-a211-6bbec570b703 ] Request (ServersAdminTestJSON:test_list_servers_by_admin): 200 GET http://10.180.1.21/compute/v2.1/servers/detail 2.645s
2025-11-14 09:40:55.363 66150 INFO tempest.lib.common.rest_client [req-3d32caee-31bd-42a1-aa09-5591af463236 req-3d32caee-31bd-42a1-aa09-5591af463236 ] Request (ServerRescueTestJSONUnderV235:tearDownClass): 200 GET http://10.180.1.21/compute/v2.1/servers/30dbda02-8d94-440d-b4d8-5b0c88419465 2.651s
2025-11-14 09:40:55.386 66170 INFO tempest.lib.common.rest_client [req-6b9d8d0f-3729-4dc0-aef6-3f0eed61363d req-6b9d8d0f-3729-4dc0-aef6-3f0eed61363d ] Request (ImagesTestJSON:test_create_image_from_suspended_server): 200 GET http://10.180.1.21/compute/v2.1/servers/9edabac4-b4e2-4161-aaa5-f991df880dd6 3.122s
2025-11-14 09:40:55.395 66170 INFO tempest.common.waiters [-] State transition "BUILD/spawning" ==> "ACTIVE/None" after 19 second wait
2025-11-14 09:40:55.395 66176 INFO tempest.lib.common.rest_client [req-f4270905-b46f-409d-b828-183d6f9f7ed6 req-f4270905-b46f-409d-b828-183d6f9f7ed6 ] Request (ImagesMetadataTestJSON:test_update_image_metadata): 200 GET http://10.180.1.21/compute/v2.1/images/6651f126-c66d-4659-a0a9-1964f4b88865/metadata 2.380s
2025-11-14 09:40:55.479 66176 INFO tempest.lib.common.rest_client [req-35dfb142-8784-4c47-98f1-78d59c39f677 req-35dfb142-8784-4c47-98f1-78d59c39f677 ] Request (ImagesMetadataTestJSON:tearDownClass): 204 DELETE http://10.180.1.21/image/v2/images/6651f126-c66d-4659-a0a9-1964f4b88865 0.080s
2025-11-14 09:40:55.529 66122 INFO tempest.lib.common.rest_client [req-5e70d001-f6e0-4e28-a3f8-8370b3bda890 req-5e70d001-f6e0-4e28-a3f8-8370b3bda890 ] Request (HostsAdminNegativeTestJSON:setUpClass): 200 GET http://10.180.1.21/compute/v2.1/os-hosts 2.344s
2025-11-14 09:40:55.642 66176 INFO tempest.lib.common.rest_client [req-7805b6c5-07f0-4ea4-be1b-6a0703a50d11 req-7805b6c5-07f0-4ea4-be1b-6a0703a50d11 ] Request (ImagesMetadataTestJSON:tearDownClass): 204 DELETE http://10.180.1.21/identity/v3/users/c721959d83d9414b904388c4f21e13f5 0.162s
2025-11-14 09:40:55.642 66176 INFO tempest.lib.common.dynamic_creds [-] Deleting project and security group for project: 9814b9e842da4c50a185bc00c66d3bde
2025-11-14 09:40:55.711 66134 WARNING tempest.lib.common.ssh [-] Failed to establish authenticated ssh connection to cirros@10.180.180.141 ([Errno None] Unable to connect to port 22 on 10.180.180.141). Number attempts: 3. Retry after 4 seconds.: paramiko.ssh_exception.NoValidConnectionsError: [Errno None] Unable to connect to port 22 on 10.180.180.141
2025-11-14 09:40:55.723 66176 INFO tempest.lib.common.rest_client [req-2df60855-a8ce-4014-a31b-2a48925711ac req-2df60855-a8ce-4014-a31b-2a48925711ac ] Request (ImagesMetadataTestJSON:tearDownClass): 201 POST http://10.180.1.21/identity/v3/auth/tokens 0.080s
2025-11-14 09:40:55.751 66118 INFO tempest.lib.common.rest_client [req-b4cd3077-3500-4012-b27f-3aea9165a663 req-b4cd3077-3500-4012-b27f-3aea9165a663 ] Request (QuotasAdminTestJSON:_run_cleanups): 200 PUT http://10.180.1.21/compute/v2.1/os-quota-sets/d66c54a4b86b43e6a1fec9bacc832a44 2.407s
2025-11-14 09:40:55.754 66152 INFO tempest.lib.common.rest_client [req-8e90dd5d-8c9b-4f2b-908d-9d393d830dfe req-8e90dd5d-8c9b-4f2b-908d-9d393d830dfe ] Request (ImagesOneServerNegativeTestJSON:tearDown): 200 GET http://10.180.1.21/compute/v2.1/servers/7de93437-b006-4adb-9334-9ddc93702f48 2.407s
2025-11-14 09:40:55.759 66180 INFO tempest.lib.common.rest_client [req-df6324b7-1d02-4911-a231-4c69f35e828e req-df6324b7-1d02-4911-a231-4c69f35e828e ] Request (AggregatesAdminNegativeTestJSON:test_aggregate_list_as_user): 403 GET http://10.180.1.21/compute/v2.1/os-aggregates 2.403s
2025-11-14 09:40:55.783 66158 INFO tempest.lib.common.rest_client [req-5cd4d76a-9e03-417c-8eed-22920ed030e3 req-5cd4d76a-9e03-417c-8eed-22920ed030e3 ] Request (FlavorsAdminTestJSON:test_is_public_string_variations): 200 POST http://10.180.1.21/compute/v2.1/flavors 2.406s
2025-11-14 09:40:55.888 66118 INFO tempest.lib.common.rest_client [req-55b391a9-63eb-425e-8ab9-db7b37f3f971 req-55b391a9-63eb-425e-8ab9-db7b37f3f971 ] Request (QuotasAdminTestJSON:tearDownClass): 204 DELETE http://10.180.1.21/identity/v3/users/ca21fb4576ef4b30affc5318cfbdca03 0.129s
2025-11-14 09:40:56.106 66118 INFO tempest.lib.common.rest_client [req-c9ca6edf-dacb-481f-91ca-1762a887ab88 req-c9ca6edf-dacb-481f-91ca-1762a887ab88 ] Request (QuotasAdminTestJSON:tearDownClass): 204 DELETE http://10.180.1.21/identity/v3/users/1b08aedb77ac44e3bb6069a5949d46ac 0.217s
2025-11-14 09:40:56.106 66118 INFO tempest.lib.common.dynamic_creds [-] Deleting project and security group for project: d66c54a4b86b43e6a1fec9bacc832a44
2025-11-14 09:40:56.129 66164 INFO tempest.lib.common.rest_client [req-69955dc0-05e3-4e45-8359-500fafb1bd06 req-69955dc0-05e3-4e45-8359-500fafb1bd06 ] Request (ServerActionsTestOtherB:test_create_backup): 200 GET http://10.180.1.21/image/v2/images/4de5d233-cb93-4e8e-8628-4ab7903eaa42 0.029s
2025-11-14 09:40:56.129 66176 INFO tempest.lib.common.rest_client [req-f5a87d0b-d7c8-4f21-92ef-329ee208cb9f req-f5a87d0b-d7c8-4f21-92ef-329ee208cb9f ] Request (ImagesMetadataTestJSON:tearDownClass): 200 GET http://10.180.1.21/networking/v2.0/security-groups?tenant_id=9814b9e842da4c50a185bc00c66d3bde&name=default 0.406s
2025-11-14 09:40:56.144 66136 INFO tempest.lib.common.rest_client [req-e286276d-dd08-42e9-b833-7320da2bcbcb req-e286276d-dd08-42e9-b833-7320da2bcbcb ] Request (AttachInterfacesV270Test:test_create_get_list_interfaces): 200 GET http://10.180.1.21/compute/v2.1/servers/b8ba4b34-7b81-498b-be2b-2e6822ca4939 2.691s
2025-11-14 09:40:56.155 66136 INFO tempest.common.waiters [-] State transition "BUILD/spawning" ==> "ACTIVE/None" after 20 second wait
2025-11-14 09:40:56.217 66118 INFO tempest.lib.common.rest_client [req-395221ed-5eae-4d34-ba39-96976ee15bc0 req-395221ed-5eae-4d34-ba39-96976ee15bc0 ] Request (QuotasAdminTestJSON:tearDownClass): 201 POST http://10.180.1.21/identity/v3/auth/tokens 0.110s
2025-11-14 09:40:56.228 66176 INFO tempest.lib.common.rest_client [req-cb244927-25d5-4c75-a231-f866a7d1e015 req-cb244927-25d5-4c75-a231-f866a7d1e015 ] Request (ImagesMetadataTestJSON:tearDownClass): 204 DELETE http://10.180.1.21/networking/v2.0/security-groups/526750f1-006a-4587-b691-32abb36ba47e 0.099s
2025-11-14 09:40:56.310 66176 INFO tempest.lib.common.rest_client [req-74ef2404-aee1-45b8-b2e4-95752dfb2b3f req-74ef2404-aee1-45b8-b2e4-95752dfb2b3f ] Request (ImagesMetadataTestJSON:tearDownClass): 204 DELETE http://10.180.1.21/identity/v3/projects/9814b9e842da4c50a185bc00c66d3bde 0.081s
2025-11-14 09:40:56.370 66160 INFO tempest.lib.common.rest_client [req-f10416a9-5391-486d-beb5-c4045532579d req-f10416a9-5391-486d-beb5-c4045532579d ] Request (FloatingIPsNegativeTestJSON:setUpClass): 200 GET http://10.180.1.21/compute/v2.1/os-floating-ips 2.022s
2025-11-14 09:40:56.390 66176 INFO tempest.lib.common.rest_client [req-d9f74591-a004-4378-a8e5-e9bdb9645b79 req-d9f74591-a004-4378-a8e5-e9bdb9645b79 ] Request (ServerActionsV293TestJSON:setUpClass): 201 POST http://10.180.1.21/identity/v3/auth/tokens 0.077s
2025-11-14 09:40:56.443 66176 INFO tempest.lib.common.rest_client [req-82438d34-d85a-4c55-9557-e7c8644275f8 req-82438d34-d85a-4c55-9557-e7c8644275f8 ] Request (ServerActionsV293TestJSON:setUpClass): 201 POST http://10.180.1.21/identity/v3/auth/tokens 0.049s
2025-11-14 09:40:56.448 66166 INFO tempest.lib.common.rest_client [req-d5d5e899-5e7a-488b-8802-ed0b0d9dca87 req-d5d5e899-5e7a-488b-8802-ed0b0d9dca87 ] Request (FloatingIPsAssociationTestJSON:test_associate_already_associated_floating_ip): 200 GET http://10.180.1.21/compute/v2.1/servers/8b2ec93c-7eaf-4df4-a4b2-b49735708218 2.080s
2025-11-14 09:40:56.455 66120 WARNING tempest.lib.common.ssh [-] Failed to establish authenticated ssh connection to cirros@10.180.180.238 ([Errno None] Unable to connect to port 22 on 10.180.180.238). Number attempts: 5. Retry after 6 seconds.: paramiko.ssh_exception.NoValidConnectionsError: [Errno None] Unable to connect to port 22 on 10.180.180.238
2025-11-14 09:40:56.478 66156 INFO tempest.lib.common.rest_client [req-cdf39ea6-ad1d-4de3-a983-d78d4371fd82 req-cdf39ea6-ad1d-4de3-a983-d78d4371fd82 ] Request (DeleteServersAdminTestJSON:tearDownClass): 404 DELETE http://10.180.1.21/compute/v2.1/servers/38cf0735-144b-4d8e-a62e-3cc02e76febe 2.031s
2025-11-14 09:40:56.483 66176 INFO tempest.lib.common.rest_client [req-774cbcd9-05ab-471d-97f1-b9febf9a92f3 req-774cbcd9-05ab-471d-97f1-b9febf9a92f3 ] Request (ServerActionsV293TestJSON:setUpClass): 200 GET http://10.180.1.21/identity/v3/domains?name=Default 0.040s
2025-11-14 09:40:56.530 66168 INFO tempest.lib.common.rest_client [req-03f498f3-2bcd-4047-aef2-f2efe83038e2 req-03f498f3-2bcd-4047-aef2-f2efe83038e2 ] Request (ServersTestJSON:test_create_server_with_ipv6_addr_only): 202 POST http://10.180.1.21/compute/v2.1/servers 3.057s
2025-11-14 09:40:56.534 66176 INFO tempest.lib.common.rest_client [req-90d703db-62b3-4d4f-88b3-70e5363ec17f req-90d703db-62b3-4d4f-88b3-70e5363ec17f ] Request (ServerActionsV293TestJSON:setUpClass): 201 POST http://10.180.1.21/identity/v3/projects 0.049s
2025-11-14 09:40:56.575 66118 INFO tempest.lib.common.rest_client [req-ececa6ae-9e48-471f-9066-558e025fc242 req-ececa6ae-9e48-471f-9066-558e025fc242 ] Request (QuotasAdminTestJSON:tearDownClass): 200 GET http://10.180.1.21/networking/v2.0/security-groups?tenant_id=d66c54a4b86b43e6a1fec9bacc832a44&name=default 0.357s
