2025-11-14 09:38:42.809 66140 INFO tempest.lib.common.dynamic_creds [-] Acquired dynamic creds: credentials: Credentials: {'domain_id': 'default', 'domain_name': 'Default', 'username': 'tempest-FlavorsV261TestJSON-122526378-project-admin', 'project_domain_id': 'default', 'project_domain_name': 'Default', 'project_id': 'cd8a6521f7f34f72a5975688f3dd7575', 'project_name': 'tempest-FlavorsV261TestJSON-122526378', 'tenant_id': 'cd8a6521f7f34f72a5975688f3dd7575', 'tenant_name': 'tempest-FlavorsV261TestJSON-122526378', 'user_domain_id': 'default', 'user_domain_name': 'Default', 'user_id': 'ac4319cacbc34d02a403ab1fd11294e5', 'system': None}, Network: None, Subnet: None, Router: None
2025-11-14 09:38:42.809 66140 INFO tempest.lib.common.dynamic_creds [-] Created isolated network resources for: credentials: Credentials: {'domain_id': 'default', 'domain_name': 'Default', 'username': 'tempest-FlavorsV261TestJSON-122526378-project-admin', 'project_domain_id': 'default', 'project_domain_name': 'Default', 'project_id': 'cd8a6521f7f34f72a5975688f3dd7575', 'project_name': 'tempest-FlavorsV261TestJSON-122526378', 'tenant_id': 'cd8a6521f7f34f72a5975688f3dd7575', 'tenant_name': 'tempest-FlavorsV261TestJSON-122526378', 'user_domain_id': 'default', 'user_domain_name': 'Default', 'user_id': 'ac4319cacbc34d02a403ab1fd11294e5', 'system': None}, Network: None, Subnet: None, Router: None
2025-11-14 09:38:42.848 66124 INFO tempest.lib.common.rest_client [req-cecb6bfc-897e-4705-8d73-899114e3f85c req-cecb6bfc-897e-4705-8d73-899114e3f85c ] Request (ServersTestFqdnHostnames:setUpClass): 201 POST http://10.180.1.21/identity/v3/users 0.138s
2025-11-14 09:38:42.853 66128 INFO tempest.lib.common.rest_client [req-e3846393-27e9-4684-90a6-3e1d219df7f5 req-e3846393-27e9-4684-90a6-3e1d219df7f5 ] Request (FlavorsExtraSpecsNegativeTestJSON:setUpClass): 201 POST http://10.180.1.21/identity/v3/users 0.091s
2025-11-14 09:38:42.875 66118 INFO tempest.lib.common.rest_client [req-90db6e25-4a78-48dc-915b-c262a19ea1e4 req-90db6e25-4a78-48dc-915b-c262a19ea1e4 ] Request (FlavorsAccessTestJSON:setUpClass): 200 GET http://10.180.1.21/identity/v3/domains?name=Default 0.072s
2025-11-14 09:38:42.876 66150 INFO tempest.lib.common.rest_client [req-5dd611aa-5987-42c0-a2b5-f4af3e627fb3 req-5dd611aa-5987-42c0-a2b5-f4af3e627fb3 ] Request (HypervisorAdminUnderV252Test:setUpClass): 201 POST http://10.180.1.21/identity/v3/auth/tokens 0.113s
2025-11-14 09:38:42.897 66124 INFO tempest.lib.common.rest_client [req-96286937-b0de-44e9-9779-3ea454717a51 req-96286937-b0de-44e9-9779-3ea454717a51 ] Request (ServersTestFqdnHostnames:setUpClass): 200 GET http://10.180.1.21/identity/v3/roles 0.048s
2025-11-14 09:38:42.913 66128 INFO tempest.lib.common.rest_client [req-ac571743-005d-493d-bf52-a70816493653 req-ac571743-005d-493d-bf52-a70816493653 ] Request (FlavorsExtraSpecsNegativeTestJSON:setUpClass): 200 GET http://10.180.1.21/identity/v3/roles 0.059s
2025-11-14 09:38:42.938 66140 INFO tempest.lib.common.rest_client [req-e6856db4-d1c5-4f52-bae0-34d1073cfa5f req-e6856db4-d1c5-4f52-bae0-34d1073cfa5f ] Request (FlavorsV261TestJSON:setUpClass): 201 POST http://10.180.1.21/identity/v3/auth/tokens 0.115s
2025-11-14 09:38:42.938 66132 INFO tempest.lib.common.rest_client [req-c6528cb5-c627-4dcf-8a70-00a6b564c478 req-c6528cb5-c627-4dcf-8a70-00a6b564c478 ] Request (AZAdminNegativeTestJSON:setUpClass): 201 POST http://10.180.1.21/identity/v3/auth/tokens 0.076s
2025-11-14 09:38:42.955 66150 INFO tempest.lib.common.rest_client [req-439bb71e-00de-4dda-8f97-55b13d1d6bd9 req-439bb71e-00de-4dda-8f97-55b13d1d6bd9 ] Request (HypervisorAdminUnderV252Test:setUpClass): 200 GET http://10.180.1.21/identity/v3/domains?name=Default 0.078s
2025-11-14 09:38:42.958 66118 INFO tempest.lib.common.rest_client [req-cd204e7e-5765-46c8-8079-28b114be8ea3 req-cd204e7e-5765-46c8-8079-28b114be8ea3 ] Request (FlavorsAccessTestJSON:setUpClass): 201 POST http://10.180.1.21/identity/v3/projects 0.072s
2025-11-14 09:38:43.012 66124 INFO tempest.lib.common.rest_client [req-674800d4-d90b-4a92-95ef-63b1fe3475de req-674800d4-d90b-4a92-95ef-63b1fe3475de ] Request (ServersTestFqdnHostnames:setUpClass): 204 PUT http://10.180.1.21/identity/v3/projects/a69d325cc55f4e0a900c75920db657ef/users/69ce95e264a841e7894cc3328db7d57b/roles/bbc4aa3af74b4d6a8b6643219685cef2 0.114s
2025-11-14 09:38:43.012 66124 INFO tempest.lib.common.dynamic_creds [-] Dynamic test user 69ce95e264a841e7894cc3328db7d57b is created with scope project and roles: ['member']
2025-11-14 09:38:43.012 66124 INFO tempest.lib.common.dynamic_creds [-] Acquired dynamic creds: credentials: Credentials: {'domain_id': 'default', 'domain_name': 'Default', 'username': 'tempest-ServersTestFqdnHostnames-871311430-project-member', 'project_domain_id': 'default', 'project_domain_name': 'Default', 'project_id': 'a69d325cc55f4e0a900c75920db657ef', 'project_name': 'tempest-ServersTestFqdnHostnames-871311430', 'tenant_id': 'a69d325cc55f4e0a900c75920db657ef', 'tenant_name': 'tempest-ServersTestFqdnHostnames-871311430', 'user_domain_id': 'default', 'user_domain_name': 'Default', 'user_id': '69ce95e264a841e7894cc3328db7d57b', 'system': None}, Network: None, Subnet: None, Router: None
2025-11-14 09:38:43.013 66128 INFO tempest.lib.common.rest_client [req-0e689e91-f97e-4d72-ac6e-5c06e46583f6 req-0e689e91-f97e-4d72-ac6e-5c06e46583f6 ] Request (FlavorsExtraSpecsNegativeTestJSON:setUpClass): 204 PUT http://10.180.1.21/identity/v3/projects/24ab5f68335140a6a4661c95267db5d7/users/df89a538cb114e5892b5e1436f57dc63/roles/bbc4aa3af74b4d6a8b6643219685cef2 0.100s
2025-11-14 09:38:43.013 66128 INFO tempest.lib.common.dynamic_creds [-] Dynamic test user df89a538cb114e5892b5e1436f57dc63 is created with scope project and roles: ['member']
2025-11-14 09:38:43.014 66128 INFO tempest.lib.common.dynamic_creds [-] Acquired dynamic creds: credentials: Credentials: {'domain_id': 'default', 'domain_name': 'Default', 'username': 'tempest-FlavorsExtraSpecsNegativeTestJSON-1701636431-project-member', 'project_domain_id': 'default', 'project_domain_name': 'Default', 'project_id': '24ab5f68335140a6a4661c95267db5d7', 'project_name': 'tempest-FlavorsExtraSpecsNegativeTestJSON-1701636431', 'tenant_id': '24ab5f68335140a6a4661c95267db5d7', 'tenant_name': 'tempest-FlavorsExtraSpecsNegativeTestJSON-1701636431', 'user_domain_id': 'default', 'user_domain_name': 'Default', 'user_id': 'df89a538cb114e5892b5e1436f57dc63', 'system': None}, Network: None, Subnet: None, Router: None
2025-11-14 09:38:43.014 66128 INFO tempest.lib.common.dynamic_creds [-] Created isolated network resources for: credentials: Credentials: {'domain_id': 'default', 'domain_name': 'Default', 'username': 'tempest-FlavorsExtraSpecsNegativeTestJSON-1701636431-project-member', 'project_domain_id': 'default', 'project_domain_name': 'Default', 'project_id': '24ab5f68335140a6a4661c95267db5d7', 'project_name': 'tempest-FlavorsExtraSpecsNegativeTestJSON-1701636431', 'tenant_id': '24ab5f68335140a6a4661c95267db5d7', 'tenant_name': 'tempest-FlavorsExtraSpecsNegativeTestJSON-1701636431', 'user_domain_id': 'default', 'user_domain_name': 'Default', 'user_id': 'df89a538cb114e5892b5e1436f57dc63', 'system': None}, Network: None, Subnet: None, Router: None
2025-11-14 09:38:43.038 66166 INFO tempest.test [-] raised in LiveMigrationNegativeTest.setUpClass. Invoking tearDownClass.
2025-11-14 09:38:43.046 66166 INFO tempest.test [-] raised in ServersOnMultiNodesTest.setUpClass. Invoking tearDownClass.
2025-11-14 09:38:43.063 66138 INFO tempest.lib.common.rest_client [req-fcb23817-c342-42ca-9325-50e0b3c48e89 req-fcb23817-c342-42ca-9325-50e0b3c48e89 ] Request (KeyPairsV210TestJSON:setUpClass): 201 POST http://10.180.1.21/identity/v3/auth/tokens 0.144s
2025-11-14 09:38:43.092 66132 INFO tempest.lib.common.rest_client [req-55cfed64-4926-4184-b80c-a7bf366eb22d req-55cfed64-4926-4184-b80c-a7bf366eb22d ] Request (AZAdminNegativeTestJSON:setUpClass): 201 POST http://10.180.1.21/identity/v3/auth/tokens 0.135s
2025-11-14 09:38:43.093 66136 INFO tempest.test [-] raised in LiveMigrationTest.setUpClass. Invoking tearDownClass.
2025-11-14 09:38:43.105 66118 INFO tempest.lib.common.rest_client [req-efb721eb-0665-4d8c-92b8-68bc2632ab22 req-efb721eb-0665-4d8c-92b8-68bc2632ab22 ] Request (FlavorsAccessTestJSON:setUpClass): 201 POST http://10.180.1.21/identity/v3/users 0.146s
2025-11-14 09:38:43.126 66174 INFO tempest.test [-] raised in TestMultiAttachVolumeSwap.setUpClass. Invoking tearDownClass.
2025-11-14 09:38:43.142 66150 INFO tempest.lib.common.rest_client [req-965c3ca9-8219-4e3c-9764-0fb2af5c54d2 req-965c3ca9-8219-4e3c-9764-0fb2af5c54d2 ] Request (HypervisorAdminUnderV252Test:setUpClass): 201 POST http://10.180.1.21/identity/v3/projects 0.174s
2025-11-14 09:38:43.146 66140 INFO tempest.lib.common.rest_client [req-b8a6580b-eebe-488a-b3b0-848aa090a4f0 req-b8a6580b-eebe-488a-b3b0-848aa090a4f0 ] Request (FlavorsV261TestJSON:test_crud_flavor): 200 POST http://10.180.1.21/compute/v2.1/flavors 0.206s
2025-11-14 09:38:43.170 66122 INFO tempest.lib.common.rest_client [req-432c48c0-04a8-4045-a4af-dd015d49fb39 req-432c48c0-04a8-4045-a4af-dd015d49fb39 ] Request (FlavorsAccessNegativeTestJSON:setUpClass): 201 POST http://10.180.1.21/identity/v3/auth/tokens 0.227s
2025-11-14 09:38:43.197 66152 INFO tempest.lib.common.rest_client [req-e3e4ac0c-7da8-4f22-ba8c-da9f375cc808 req-e3e4ac0c-7da8-4f22-ba8c-da9f375cc808 ] Request (HypervisorAdminV253TestBase:setUpClass): 201 POST http://10.180.1.21/identity/v3/auth/tokens 0.225s
2025-11-14 09:38:43.205 66146 INFO tempest.lib.common.rest_client [req-4ef211ab-2b38-47da-9280-16245eb7a422 req-4ef211ab-2b38-47da-9280-16245eb7a422 ] Request (QuotasAdminTestV257:setUpClass): 201 POST http://10.180.1.21/identity/v3/auth/tokens 0.231s
2025-11-14 09:38:43.222 66134 INFO tempest.lib.common.rest_client [req-d20cd484-047d-4804-a1ef-b1da99908d3e req-d20cd484-047d-4804-a1ef-b1da99908d3e ] Request (HypervisorAdminNegativeTestJSON:setUpClass): 201 POST http://10.180.1.21/identity/v3/auth/tokens 0.236s
2025-11-14 09:38:43.229 66162 INFO tempest.lib.common.rest_client [req-b4692a2f-1b4f-4717-82fa-546cc5f1e2a2 req-b4692a2f-1b4f-4717-82fa-546cc5f1e2a2 ] Request (HostsAdminTestJSON:setUpClass): 201 POST http://10.180.1.21/identity/v3/auth/tokens 0.240s
2025-11-14 09:38:43.234 66176 INFO tempest.test [-] raised in LiveAutoBlockMigrationV225Test.setUpClass. Invoking tearDownClass.
2025-11-14 09:38:43.244 66158 INFO tempest.lib.common.rest_client [req-c0ad9107-b874-462e-932a-9aa71c3fafda req-c0ad9107-b874-462e-932a-9aa71c3fafda ] Request (FlavorsAdminTestJSON:setUpClass): 201 POST http://10.180.1.21/identity/v3/auth/tokens 0.243s
2025-11-14 09:38:43.254 66124 INFO tempest.lib.common.rest_client [req-e6236305-53af-4eed-8051-c0a6dae6b8c0 req-e6236305-53af-4eed-8051-c0a6dae6b8c0 ] Request (ServersTestFqdnHostnames:setUpClass): 201 POST http://10.180.1.21/identity/v3/auth/tokens 0.241s
2025-11-14 09:38:43.263 66164 INFO tempest.test [-] raised in LiveMigrationRemoteConsolesV26Test.setUpClass. Invoking tearDownClass.
2025-11-14 09:38:43.268 66126 INFO tempest.lib.common.rest_client [req-2e2b9ddc-172b-4734-9dbb-fce5596dee78 req-2e2b9ddc-172b-4734-9dbb-fce5596dee78 ] Request (AZAdminV2TestJSON:setUpClass): 201 POST http://10.180.1.21/identity/v3/auth/tokens 0.251s
2025-11-14 09:38:43.270 66164 INFO tempest.test [-] raised in SpiceDirectConsoleTestJSON.setUpClass. Invoking tearDownClass.
2025-11-14 09:38:43.276 66144 INFO tempest.lib.common.rest_client [req-28b425c5-823e-422f-aa7a-0568d62dd9d2 req-28b425c5-823e-422f-aa7a-0568d62dd9d2 ] Request (QuotasAdminTestV236:setUpClass): 201 POST http://10.180.1.21/identity/v3/auth/tokens 0.243s
2025-11-14 09:38:43.297 66156 INFO tempest.lib.common.rest_client [req-dd7268f7-35e6-4026-8073-68dde79a384c req-dd7268f7-35e6-4026-8073-68dde79a384c ] Request (DeleteServersAdminTestJSON:setUpClass): 201 POST http://10.180.1.21/identity/v3/auth/tokens 0.257s
2025-11-14 09:38:43.318 66166 INFO tempest.lib.common.rest_client [req-6fb31f6f-4b69-4be7-b3d0-84ca17b1efea req-6fb31f6f-4b69-4be7-b3d0-84ca17b1efea ] Request (TenantUsagesTestJSON:setUpClass): 201 POST http://10.180.1.21/identity/v3/auth/tokens 0.266s
2025-11-14 09:38:43.326 66128 INFO tempest.lib.common.rest_client [req-badfc4a3-6c16-47d8-bdfb-658ff77361c3 req-badfc4a3-6c16-47d8-bdfb-658ff77361c3 ] Request (FlavorsExtraSpecsNegativeTestJSON:setUpClass): 201 POST http://10.180.1.21/identity/v3/auth/tokens 0.286s
2025-11-14 09:38:43.338 66138 INFO tempest.lib.common.rest_client [req-f7609018-8bf2-444b-a237-1a3a00246bf8 req-f7609018-8bf2-444b-a237-1a3a00246bf8 ] Request (KeyPairsV210TestJSON:setUpClass): 201 POST http://10.180.1.21/identity/v3/auth/tokens 0.268s
2025-11-14 09:38:43.347 66120 INFO tempest.lib.common.rest_client [req-5cfef5b7-5d1b-4c16-aa6c-019deee9b151 req-5cfef5b7-5d1b-4c16-aa6c-019deee9b151 ] Request (ServersWithSpecificFlavorTestJSON:setUpClass): 201 POST http://10.180.1.21/identity/v3/auth/tokens 0.272s
2025-11-14 09:38:43.357 66132 INFO tempest.lib.common.rest_client [req-9cc548f2-d7dc-4138-93ab-108772ca7620 req-9cc548f2-d7dc-4138-93ab-108772ca7620 ] Request (AZAdminNegativeTestJSON:setUpClass): 200 GET http://10.180.1.21/identity/v3/domains?name=Default 0.265s
2025-11-14 09:38:43.370 66136 INFO tempest.lib.common.rest_client [req-f7f766e8-3e88-4aca-9772-540bd4ad577a req-f7f766e8-3e88-4aca-9772-540bd4ad577a ] Request (VolumesAdminNegativeTest:setUpClass): 201 POST http://10.180.1.21/identity/v3/auth/tokens 0.270s
2025-11-14 09:38:43.373 66118 INFO tempest.lib.common.rest_client [req-9eedefaf-e268-4e02-97b9-16085ad30296 req-9eedefaf-e268-4e02-97b9-16085ad30296 ] Request (FlavorsAccessTestJSON:setUpClass): 200 GET http://10.180.1.21/identity/v3/roles 0.267s
2025-11-14 09:38:43.393 66130 INFO tempest.lib.common.rest_client [req-d844f956-16b4-4f0a-8161-92bb7b6ad3c3 req-d844f956-16b4-4f0a-8161-92bb7b6ad3c3 ] Request (ServersAdminNegativeTestJSON:setUpClass): 201 POST http://10.180.1.21/identity/v3/auth/tokens 0.293s
2025-11-14 09:38:43.398 66174 INFO tempest.lib.common.rest_client [req-e0a30339-506c-4e01-b18d-96ffa71c3024 req-e0a30339-506c-4e01-b18d-96ffa71c3024 ] Request (FlavorsV2TestJSON:setUpClass): 201 POST http://10.180.1.21/identity/v3/auth/tokens 0.266s
2025-11-14 09:38:43.413 66150 INFO tempest.lib.common.rest_client [req-cfaa8a7c-55be-4ecb-bcd1-3ce20c9e3165 req-cfaa8a7c-55be-4ecb-bcd1-3ce20c9e3165 ] Request (HypervisorAdminUnderV252Test:setUpClass): 201 POST http://10.180.1.21/identity/v3/users 0.265s
2025-11-14 09:38:43.434 66154 INFO tempest.lib.common.rest_client [req-69f9c04c-964e-4a1b-9307-9ff4caa82470 req-69f9c04c-964e-4a1b-9307-9ff4caa82470 ] Request (ImagesMetadataNegativeTestJSON:setUpClass): 201 POST http://10.180.1.21/identity/v3/auth/tokens 0.293s
2025-11-14 09:38:43.456 66180 INFO tempest.lib.common.rest_client [req-bc26649a-cdeb-4556-be05-c8c8f4865e75 req-bc26649a-cdeb-4556-be05-c8c8f4865e75 ] Request (AggregatesAdminNegativeTestJSON:setUpClass): 201 POST http://10.180.1.21/identity/v3/auth/tokens 0.276s
2025-11-14 09:38:43.479 66172 INFO tempest.lib.common.rest_client [req-fa8693a6-1312-4664-8cb3-9f37c6a8fa57 req-fa8693a6-1312-4664-8cb3-9f37c6a8fa57 ] Request (HypervisorAdminTestJSON:setUpClass): 201 POST http://10.180.1.21/identity/v3/auth/tokens 0.303s
2025-11-14 09:38:43.492 66140 INFO tempest.lib.common.rest_client [req-53dc349f-5fc3-41fe-a501-1abb52e96893 req-53dc349f-5fc3-41fe-a501-1abb52e96893 ] Request (FlavorsV261TestJSON:test_crud_flavor): 200 GET http://10.180.1.21/compute/v2.1/flavors/1719381680 0.343s
2025-11-14 09:38:43.496 66122 INFO tempest.lib.common.rest_client [req-12772fe9-d99d-41c4-862c-d43866c8620a req-12772fe9-d99d-41c4-862c-d43866c8620a ] Request (FlavorsAccessNegativeTestJSON:setUpClass): 201 POST http://10.180.1.21/identity/v3/auth/tokens 0.315s
2025-11-14 09:38:43.507 66168 INFO tempest.lib.common.rest_client [req-7ec2ccd4-0604-4af1-bd2b-b41d5ecdf68c req-7ec2ccd4-0604-4af1-bd2b-b41d5ecdf68c ] Request (QuotasSecurityGroupAdminNegativeTest:setUpClass): 201 POST http://10.180.1.21/identity/v3/auth/tokens 0.323s
2025-11-14 09:38:43.518 66152 INFO tempest.lib.common.rest_client [req-08fd2a5c-84ae-4039-b17b-f065b81e1fc4 req-08fd2a5c-84ae-4039-b17b-f065b81e1fc4 ] Request (HypervisorAdminV253TestBase:setUpClass): 201 POST http://10.180.1.21/identity/v3/auth/tokens 0.316s
2025-11-14 09:38:43.525 66140 INFO tempest.lib.common.rest_client [req-ccc8a66e-30ac-4cc8-a3e0-253e0be1dfe9 req-ccc8a66e-30ac-4cc8-a3e0-253e0be1dfe9 ] Request (FlavorsV261TestJSON:test_crud_flavor): 200 PUT http://10.180.1.21/compute/v2.1/flavors/1719381680 0.030s
2025-11-14 09:38:43.535 66146 INFO tempest.lib.common.rest_client [req-4e55f78b-f45b-4866-977f-0ae4935510b2 req-4e55f78b-f45b-4866-977f-0ae4935510b2 ] Request (QuotasAdminTestV257:setUpClass): 201 POST http://10.180.1.21/identity/v3/auth/tokens 0.327s
2025-11-14 09:38:43.539 66142 INFO tempest.lib.common.rest_client [req-6d033310-cf59-4f22-a7b3-757b06aa19af req-6d033310-cf59-4f22-a7b3-757b06aa19af ] Request (SecurityGroupsTestAdminJSON:setUpClass): 201 POST http://10.180.1.21/identity/v3/auth/tokens 0.325s
2025-11-14 09:38:43.558 66162 INFO tempest.lib.common.rest_client [req-604db0b1-f6e1-4685-96cc-35777478530b req-604db0b1-f6e1-4685-96cc-35777478530b ] Request (HostsAdminTestJSON:setUpClass): 201 POST http://10.180.1.21/identity/v3/auth/tokens 0.326s
2025-11-14 09:38:43.560 66176 INFO tempest.lib.common.rest_client [req-f2e4a180-dd4b-43fe-a984-38f36956ce96 req-f2e4a180-dd4b-43fe-a984-38f36956ce96 ] Request (ServicesAdminNegativeTestJSON:setUpClass): 201 POST http://10.180.1.21/identity/v3/auth/tokens 0.319s
2025-11-14 09:38:43.561 66140 INFO tempest.lib.common.rest_client [req-425abf0f-0680-40b0-b81c-782ad9df021b req-425abf0f-0680-40b0-b81c-782ad9df021b ] Request (FlavorsV261TestJSON:test_crud_flavor): 200 GET http://10.180.1.21/compute/v2.1/flavors/detail 0.033s
2025-11-14 09:38:43.579 66134 INFO tempest.lib.common.rest_client [req-8e0c4a22-dd6e-4221-8a8b-a4f8ef6acfe2 req-8e0c4a22-dd6e-4221-8a8b-a4f8ef6acfe2 ] Request (HypervisorAdminNegativeTestJSON:setUpClass): 201 POST http://10.180.1.21/identity/v3/auth/tokens 0.334s
2025-11-14 09:38:43.583 66158 INFO tempest.lib.common.rest_client [req-e70b3ae2-c336-438b-8766-589dac51d27b req-e70b3ae2-c336-438b-8766-589dac51d27b ] Request (FlavorsAdminTestJSON:setUpClass): 201 POST http://10.180.1.21/identity/v3/auth/tokens 0.336s
2025-11-14 09:38:43.594 66140 INFO tempest.lib.common.rest_client [req-72f57540-ab33-43ce-b257-97e83cc2314f req-72f57540-ab33-43ce-b257-97e83cc2314f ] Request (FlavorsV261TestJSON:test_crud_flavor): 200 GET http://10.180.1.21/compute/v2.1/flavors 0.028s
2025-11-14 09:38:43.601 66148 INFO tempest.lib.common.rest_client [req-cac56391-1765-4d00-93a6-7498b802d159 req-cac56391-1765-4d00-93a6-7498b802d159 ] Request (ListImageFiltersTestJSON:setUpClass): 201 POST http://10.180.1.21/identity/v3/auth/tokens 0.355s
2025-11-14 09:38:43.606 66178 INFO tempest.lib.common.rest_client [req-41d96ff8-34b3-41c7-8c1f-b334aa875e36 req-41d96ff8-34b3-41c7-8c1f-b334aa875e36 ] Request (VolumesAssistedSnapshotsTest:setUpClass): 201 POST http://10.180.1.21/identity/v3/auth/tokens 0.358s
2025-11-14 09:38:43.621 66140 INFO tempest.lib.common.rest_client [req-112626f7-bbb5-470e-a858-e643605cff6a req-112626f7-bbb5-470e-a858-e643605cff6a ] Request (FlavorsV261TestJSON:_run_cleanups): 202 DELETE http://10.180.1.21/compute/v2.1/flavors/1719381680 0.023s
2025-11-14 09:38:43.622 66160 INFO tempest.lib.common.rest_client [req-1128a231-5f34-46cf-928d-5e0032ec0242 req-1128a231-5f34-46cf-928d-5e0032ec0242 ] Request (QuotaClassesAdminTestJSON:setUpClass): 201 POST http://10.180.1.21/identity/v3/auth/tokens 0.371s
2025-11-14 09:38:43.645 66170 INFO tempest.lib.common.rest_client [req-abfb1f82-ef61-459b-8bf4-b441329028af req-abfb1f82-ef61-459b-8bf4-b441329028af ] Request (ImagesTestJSON:setUpClass): 201 POST http://10.180.1.21/identity/v3/auth/tokens 0.386s
2025-11-14 09:38:43.648 66140 INFO tempest.lib.common.rest_client [req-697e83a8-1ec9-481f-a15a-b7760fddfeba req-697e83a8-1ec9-481f-a15a-b7760fddfeba ] Request (FlavorsV261TestJSON:_run_cleanups): 200 GET http://10.180.1.21/compute/v2.1/flavors/detail 0.026s
2025-11-14 09:38:43.667 66126 INFO tempest.lib.common.rest_client [req-989b241c-f306-4348-9d0b-2b9ebd0333b4 req-989b241c-f306-4348-9d0b-2b9ebd0333b4 ] Request (AZAdminV2TestJSON:setUpClass): 201 POST http://10.180.1.21/identity/v3/auth/tokens 0.395s
2025-11-14 09:38:43.670 66164 INFO tempest.lib.common.rest_client [req-c6c779a0-85ee-4cda-addc-0cb7cd3d1bd9 req-c6c779a0-85ee-4cda-addc-0cb7cd3d1bd9 ] Request (ServerActionsTestOtherB:setUpClass): 201 POST http://10.180.1.21/identity/v3/auth/tokens 0.397s
2025-11-14 09:38:43.689 66144 INFO tempest.lib.common.rest_client [req-36a92f10-c303-47eb-89fb-28b17c0c8dba req-36a92f10-c303-47eb-89fb-28b17c0c8dba ] Request (QuotasAdminTestV236:setUpClass): 201 POST http://10.180.1.21/identity/v3/auth/tokens 0.410s
2025-11-14 09:38:43.694 66156 INFO tempest.lib.common.rest_client [req-402e7136-eda8-4543-93e2-4d5511ddedb3 req-402e7136-eda8-4543-93e2-4d5511ddedb3 ] Request (DeleteServersAdminTestJSON:setUpClass): 201 POST http://10.180.1.21/identity/v3/auth/tokens 0.393s
2025-11-14 09:38:43.711 66166 INFO tempest.lib.common.rest_client [req-85fe31c0-3760-4945-bdc1-277afe142517 req-85fe31c0-3760-4945-bdc1-277afe142517 ] Request (TenantUsagesTestJSON:setUpClass): 201 POST http://10.180.1.21/identity/v3/auth/tokens 0.390s
2025-11-14 09:38:43.719 66128 INFO tempest.lib.common.rest_client [req-614fea15-fb34-41c2-bc81-8fec140bd1be req-614fea15-fb34-41c2-bc81-8fec140bd1be ] Request (FlavorsExtraSpecsNegativeTestJSON:setUpClass): 201 POST http://10.180.1.21/identity/v3/projects 0.392s
2025-11-14 09:38:43.733 66138 INFO tempest.lib.common.rest_client [req-469b276e-8ccd-4b0f-a86e-6d90ddecbd08 req-469b276e-8ccd-4b0f-a86e-6d90ddecbd08 ] Request (KeyPairsV210TestJSON:setUpClass): 200 GET http://10.180.1.21/identity/v3/domains?name=Default 0.394s
2025-11-14 09:38:43.780 66120 INFO tempest.lib.common.rest_client [req-0b8c8516-4cfc-4f9a-a2f7-26c19b14bbed req-0b8c8516-4cfc-4f9a-a2f7-26c19b14bbed ] Request (ServersWithSpecificFlavorTestJSON:setUpClass): 201 POST http://10.180.1.21/identity/v3/auth/tokens 0.429s
2025-11-14 09:38:43.795 66132 INFO tempest.lib.common.rest_client [req-a019b9c2-dc72-4952-beb2-0b516871dc82 req-a019b9c2-dc72-4952-beb2-0b516871dc82 ] Request (AZAdminNegativeTestJSON:setUpClass): 201 POST http://10.180.1.21/identity/v3/projects 0.435s
2025-11-14 09:38:43.833 66136 INFO tempest.lib.common.rest_client [req-20f9d5f2-29bb-4215-b7da-f991dfebcb39 req-20f9d5f2-29bb-4215-b7da-f991dfebcb39 ] Request (VolumesAdminNegativeTest:setUpClass): 201 POST http://10.180.1.21/identity/v3/auth/tokens 0.461s
2025-11-14 09:38:43.840 66124 INFO tempest.lib.common.rest_client [req-1ebdcd51-f93b-46d7-bbfe-f17e9339ce65 req-1ebdcd51-f93b-46d7-bbfe-f17e9339ce65 ] Request (ServersTestFqdnHostnames:setUpClass): 201 POST http://10.180.1.21/networking/v2.0/networks 0.586s
2025-11-14 09:38:43.851 66118 INFO tempest.lib.common.rest_client [req-2e16ec05-3fdc-4df2-8e67-87453d537eb7 req-2e16ec05-3fdc-4df2-8e67-87453d537eb7 ] Request (FlavorsAccessTestJSON:setUpClass): 204 PUT http://10.180.1.21/identity/v3/projects/7c11cfd9afbc44a78672ba05b875f7bd/users/f47e186737dd4afebc40879a4d39b32a/roles/bbc4aa3af74b4d6a8b6643219685cef2 0.477s
2025-11-14 09:38:43.851 66118 INFO tempest.lib.common.dynamic_creds [-] Dynamic test user f47e186737dd4afebc40879a4d39b32a is created with scope project and roles: ['member']
2025-11-14 09:38:43.851 66118 INFO tempest.lib.common.dynamic_creds [-] Acquired dynamic creds: credentials: Credentials: {'domain_id': 'default', 'domain_name': 'Default', 'username': 'tempest-FlavorsAccessTestJSON-285284249-project-member', 'project_domain_id': 'default', 'project_domain_name': 'Default', 'project_id': '7c11cfd9afbc44a78672ba05b875f7bd', 'project_name': 'tempest-FlavorsAccessTestJSON-285284249', 'tenant_id': '7c11cfd9afbc44a78672ba05b875f7bd', 'tenant_name': 'tempest-FlavorsAccessTestJSON-285284249', 'user_domain_id': 'default', 'user_domain_name': 'Default', 'user_id': 'f47e186737dd4afebc40879a4d39b32a', 'system': None}, Network: None, Subnet: None, Router: None
2025-11-14 09:38:43.851 66118 INFO tempest.lib.common.dynamic_creds [-] Created isolated network resources for: credentials: Credentials: {'domain_id': 'default', 'domain_name': 'Default', 'username': 'tempest-FlavorsAccessTestJSON-285284249-project-member', 'project_domain_id': 'default', 'project_domain_name': 'Default', 'project_id': '7c11cfd9afbc44a78672ba05b875f7bd', 'project_name': 'tempest-FlavorsAccessTestJSON-285284249', 'tenant_id': '7c11cfd9afbc44a78672ba05b875f7bd', 'tenant_name': 'tempest-FlavorsAccessTestJSON-285284249', 'user_domain_id': 'default', 'user_domain_name': 'Default', 'user_id': 'f47e186737dd4afebc40879a4d39b32a', 'system': None}, Network: None, Subnet: None, Router: None
2025-11-14 09:38:43.886 66130 INFO tempest.lib.common.rest_client [req-25297fed-e55b-44b4-8e5d-76a1ea1e5506 req-25297fed-e55b-44b4-8e5d-76a1ea1e5506 ] Request (ServersAdminNegativeTestJSON:setUpClass): 201 POST http://10.180.1.21/identity/v3/auth/tokens 0.490s
2025-11-14 09:38:43.902 66150 INFO tempest.lib.common.rest_client [req-df3801df-a29b-4eea-8ebe-e7314087dbc6 req-df3801df-a29b-4eea-8ebe-e7314087dbc6 ] Request (HypervisorAdminUnderV252Test:setUpClass): 200 GET http://10.180.1.21/identity/v3/roles 0.488s
2025-11-14 09:38:43.902 66174 INFO tempest.lib.common.rest_client [req-4239fb83-7ab2-42e5-8807-5b99aa162327 req-4239fb83-7ab2-42e5-8807-5b99aa162327 ] Request (FlavorsV2TestJSON:setUpClass): 201 POST http://10.180.1.21/identity/v3/auth/tokens 0.501s
2025-11-14 09:38:43.924 66154 INFO tempest.lib.common.rest_client [req-106b0391-97f9-48ad-a051-4d9387ac2d1b req-106b0391-97f9-48ad-a051-4d9387ac2d1b ] Request (ImagesMetadataNegativeTestJSON:setUpClass): 201 POST http://10.180.1.21/identity/v3/auth/tokens 0.486s
2025-11-14 09:38:43.924 66180 INFO tempest.lib.common.rest_client [req-ea254bd6-d137-482b-9bb0-b087fbb4eb81 req-ea254bd6-d137-482b-9bb0-b087fbb4eb81 ] Request (AggregatesAdminNegativeTestJSON:setUpClass): 201 POST http://10.180.1.21/identity/v3/auth/tokens 0.464s
2025-11-14 09:38:43.944 66172 INFO tempest.lib.common.rest_client [req-f74c8456-eda7-4dab-8fdc-5badd1a3478f req-f74c8456-eda7-4dab-8fdc-5badd1a3478f ] Request (HypervisorAdminTestJSON:setUpClass): 201 POST http://10.180.1.21/identity/v3/auth/tokens 0.462s
2025-11-14 09:38:43.945 66122 INFO tempest.lib.common.rest_client [req-ecf2ec9a-7709-4c46-894e-b952ef024a0b req-ecf2ec9a-7709-4c46-894e-b952ef024a0b ] Request (FlavorsAccessNegativeTestJSON:setUpClass): 200 GET http://10.180.1.21/identity/v3/domains?name=Default 0.448s
2025-11-14 09:38:43.964 66152 INFO tempest.lib.common.rest_client [req-9272bf72-1bd9-43c0-af69-b631982dbc65 req-9272bf72-1bd9-43c0-af69-b631982dbc65 ] Request (HypervisorAdminV253TestBase:setUpClass): 200 GET http://10.180.1.21/identity/v3/domains?name=Default 0.445s
2025-11-14 09:38:43.965 66168 INFO tempest.lib.common.rest_client [req-6383ac66-8ab9-4235-90f4-35e7bd092a7a req-6383ac66-8ab9-4235-90f4-35e7bd092a7a ] Request (QuotasSecurityGroupAdminNegativeTest:setUpClass): 201 POST http://10.180.1.21/identity/v3/auth/tokens 0.455s
2025-11-14 09:38:43.986 66146 INFO tempest.lib.common.rest_client [req-6c37fddf-cd9b-412f-adf5-1c5e4c2f70a5 req-6c37fddf-cd9b-412f-adf5-1c5e4c2f70a5 ] Request (QuotasAdminTestV257:setUpClass): 200 GET http://10.180.1.21/identity/v3/domains?name=Default 0.450s
2025-11-14 09:38:43.986 66142 INFO tempest.lib.common.rest_client [req-2e1aa0b7-298d-4fcb-b2fb-ef2a644c3386 req-2e1aa0b7-298d-4fcb-b2fb-ef2a644c3386 ] Request (SecurityGroupsTestAdminJSON:setUpClass): 201 POST http://10.180.1.21/identity/v3/auth/tokens 0.444s
2025-11-14 09:38:44.006 66124 INFO tempest.lib.common.rest_client [req-87738b9c-cc47-445b-a000-0463f0661774 req-87738b9c-cc47-445b-a000-0463f0661774 ] Request (ServersTestFqdnHostnames:setUpClass): 201 POST http://10.180.1.21/networking/v2.0/subnets 0.166s
2025-11-14 09:38:44.012 66162 INFO tempest.lib.common.rest_client [req-b55793e3-5fa9-4592-a464-ee74bd10d5b5 req-b55793e3-5fa9-4592-a464-ee74bd10d5b5 ] Request (HostsAdminTestJSON:setUpClass): 200 GET http://10.180.1.21/identity/v3/domains?name=Default 0.453s
2025-11-14 09:38:44.013 66176 INFO tempest.lib.common.rest_client [req-3d0f97e9-954b-4b81-90b1-29ace1276dd0 req-3d0f97e9-954b-4b81-90b1-29ace1276dd0 ] Request (ServicesAdminNegativeTestJSON:setUpClass): 201 POST http://10.180.1.21/identity/v3/auth/tokens 0.450s
2025-11-14 09:38:44.035 66158 INFO tempest.lib.common.rest_client [req-2a7e6217-35b7-415f-8779-aa203429ba95 req-2a7e6217-35b7-415f-8779-aa203429ba95 ] Request (FlavorsAdminTestJSON:setUpClass): 200 GET http://10.180.1.21/identity/v3/domains?name=Default 0.451s
2025-11-14 09:38:44.035 66134 INFO tempest.lib.common.rest_client [req-329b6d22-7dc2-427b-9d33-8e3ab16b4900 req-329b6d22-7dc2-427b-9d33-8e3ab16b4900 ] Request (HypervisorAdminNegativeTestJSON:setUpClass): 200 GET http://10.180.1.21/identity/v3/domains?name=Default 0.455s
2025-11-14 09:38:44.059 66148 INFO tempest.lib.common.rest_client [req-b4e4bf4b-02b2-4a9e-ba8e-bf42616765a2 req-b4e4bf4b-02b2-4a9e-ba8e-bf42616765a2 ] Request (ListImageFiltersTestJSON:setUpClass): 201 POST http://10.180.1.21/identity/v3/auth/tokens 0.455s
2025-11-14 09:38:44.060 66178 INFO tempest.lib.common.rest_client [req-e719a621-2bda-467f-bc56-c5179104ab24 req-e719a621-2bda-467f-bc56-c5179104ab24 ] Request (VolumesAssistedSnapshotsTest:setUpClass): 201 POST http://10.180.1.21/identity/v3/auth/tokens 0.450s
2025-11-14 09:38:44.080 66160 INFO tempest.lib.common.rest_client [req-35e6eacc-440b-47a7-805e-7790af814164 req-35e6eacc-440b-47a7-805e-7790af814164 ] Request (QuotaClassesAdminTestJSON:setUpClass): 201 POST http://10.180.1.21/identity/v3/auth/tokens 0.455s
2025-11-14 09:38:44.082 66170 INFO tempest.lib.common.rest_client [req-f4e09610-2767-4b99-a579-2a6c50da5575 req-f4e09610-2767-4b99-a579-2a6c50da5575 ] Request (ImagesTestJSON:setUpClass): 201 POST http://10.180.1.21/identity/v3/auth/tokens 0.434s
2025-11-14 09:38:44.103 66126 INFO tempest.lib.common.rest_client [req-bdc228da-5521-41ef-b605-80425d729630 req-bdc228da-5521-41ef-b605-80425d729630 ] Request (AZAdminV2TestJSON:setUpClass): 200 GET http://10.180.1.21/identity/v3/domains?name=Default 0.435s
2025-11-14 09:38:44.149 66140 INFO tempest.lib.common.rest_client [req-5d4b4752-ecef-4726-821d-fff1bb5df560 req-5d4b4752-ecef-4726-821d-fff1bb5df560 ] Request (FlavorsV261TestJSON:tearDownClass): 204 DELETE http://10.180.1.21/identity/v3/users/b31d24fa3db647769278c5e9a2106107 0.490s
2025-11-14 09:38:44.150 66164 INFO tempest.lib.common.rest_client [req-5d32fd5e-dbc5-49c1-82c1-1e4f1cd5aad4 req-5d32fd5e-dbc5-49c1-82c1-1e4f1cd5aad4 ] Request (ServerActionsTestOtherB:setUpClass): 201 POST http://10.180.1.21/identity/v3/auth/tokens 0.477s
2025-11-14 09:38:44.196 66144 INFO tempest.lib.common.rest_client [req-c0ad196f-c5d3-47af-ba90-9e585497e7c8 req-c0ad196f-c5d3-47af-ba90-9e585497e7c8 ] Request (QuotasAdminTestV236:setUpClass): 200 GET http://10.180.1.21/identity/v3/domains?name=Default 0.506s
2025-11-14 09:38:44.197 66156 INFO tempest.lib.common.rest_client [req-752212ef-e4fc-469b-b57f-5b095fb95db4 req-752212ef-e4fc-469b-b57f-5b095fb95db4 ] Request (DeleteServersAdminTestJSON:setUpClass): 200 GET http://10.180.1.21/identity/v3/domains?name=Default 0.502s
2025-11-14 09:38:44.241 66166 INFO tempest.lib.common.rest_client [req-b6ac6487-4ce4-42f2-979b-9207c165fc16 req-b6ac6487-4ce4-42f2-979b-9207c165fc16 ] Request (TenantUsagesTestJSON:setUpClass): 200 GET http://10.180.1.21/identity/v3/domains?name=Default 0.528s
2025-11-14 09:38:44.248 66128 INFO tempest.lib.common.rest_client [req-6cd0717e-4055-405a-b5e6-b96153254ca3 req-6cd0717e-4055-405a-b5e6-b96153254ca3 ] Request (FlavorsExtraSpecsNegativeTestJSON:setUpClass): 201 POST http://10.180.1.21/identity/v3/users 0.528s
2025-11-14 09:38:44.270 66138 INFO tempest.lib.common.rest_client [req-5e12f6f9-e043-42ef-b6a2-e40fe3dda9dd req-5e12f6f9-e043-42ef-b6a2-e40fe3dda9dd ] Request (KeyPairsV210TestJSON:setUpClass): 201 POST http://10.180.1.21/identity/v3/projects 0.535s
2025-11-14 09:38:44.273 66120 INFO tempest.lib.common.rest_client [req-4714b337-0d45-42df-893e-3f170128f76b req-4714b337-0d45-42df-893e-3f170128f76b ] Request (ServersWithSpecificFlavorTestJSON:setUpClass): 200 GET http://10.180.1.21/identity/v3/domains?name=Default 0.492s
2025-11-14 09:38:44.321 66136 INFO tempest.lib.common.rest_client [req-3e0b7778-0fa2-49db-b6ee-780912b4428d req-3e0b7778-0fa2-49db-b6ee-780912b4428d ] Request (VolumesAdminNegativeTest:setUpClass): 200 GET http://10.180.1.21/identity/v3/domains?name=Default 0.487s
2025-11-14 09:38:44.328 66132 INFO tempest.lib.common.rest_client [req-31015b58-ca16-42fd-b716-a6c28b699c0d req-31015b58-ca16-42fd-b716-a6c28b699c0d ] Request (AZAdminNegativeTestJSON:setUpClass): 201 POST http://10.180.1.21/identity/v3/users 0.532s
2025-11-14 09:38:44.349 66130 INFO tempest.lib.common.rest_client [req-6167e5aa-8f72-4f7b-a9b2-9062774d0680 req-6167e5aa-8f72-4f7b-a9b2-9062774d0680 ] Request (ServersAdminNegativeTestJSON:setUpClass): 200 GET http://10.180.1.21/identity/v3/domains?name=Default 0.462s
2025-11-14 09:38:44.374 66150 INFO tempest.lib.common.rest_client [req-337a7736-1fcb-4718-ae64-d94c515cc05f req-337a7736-1fcb-4718-ae64-d94c515cc05f ] Request (HypervisorAdminUnderV252Test:setUpClass): 204 PUT http://10.180.1.21/identity/v3/projects/f4d0ee3ccc3c4a658eec10a04fe2962f/users/7f31f81dbd5b42bb93f31dfeeb4e83b3/roles/bbc4aa3af74b4d6a8b6643219685cef2 0.472s
2025-11-14 09:38:44.374 66150 INFO tempest.lib.common.dynamic_creds [-] Dynamic test user 7f31f81dbd5b42bb93f31dfeeb4e83b3 is created with scope project and roles: ['member']
2025-11-14 09:38:44.375 66150 INFO tempest.lib.common.dynamic_creds [-] Acquired dynamic creds: credentials: Credentials: {'domain_id': 'default', 'domain_name': 'Default', 'username': 'tempest-HypervisorAdminUnderV252Test-880020437-project-member', 'project_domain_id': 'default', 'project_domain_name': 'Default', 'project_id': 'f4d0ee3ccc3c4a658eec10a04fe2962f', 'project_name': 'tempest-HypervisorAdminUnderV252Test-880020437', 'tenant_id': 'f4d0ee3ccc3c4a658eec10a04fe2962f', 'tenant_name': 'tempest-HypervisorAdminUnderV252Test-880020437', 'user_domain_id': 'default', 'user_domain_name': 'Default', 'user_id': '7f31f81dbd5b42bb93f31dfeeb4e83b3', 'system': None}, Network: None, Subnet: None, Router: None
2025-11-14 09:38:44.375 66150 INFO tempest.lib.common.dynamic_creds [-] Created isolated network resources for: credentials: Credentials: {'domain_id': 'default', 'domain_name': 'Default', 'username': 'tempest-HypervisorAdminUnderV252Test-880020437-project-member', 'project_domain_id': 'default', 'project_domain_name': 'Default', 'project_id': 'f4d0ee3ccc3c4a658eec10a04fe2962f', 'project_name': 'tempest-HypervisorAdminUnderV252Test-880020437', 'tenant_id': 'f4d0ee3ccc3c4a658eec10a04fe2962f', 'tenant_name': 'tempest-HypervisorAdminUnderV252Test-880020437', 'user_domain_id': 'default', 'user_domain_name': 'Default', 'user_id': '7f31f81dbd5b42bb93f31dfeeb4e83b3', 'system': None}, Network: None, Subnet: None, Router: None
2025-11-14 09:38:44.380 66118 INFO tempest.lib.common.rest_client [req-30b9e911-4e01-47ba-bd02-76ded6be4bcb req-30b9e911-4e01-47ba-bd02-76ded6be4bcb ] Request (FlavorsAccessTestJSON:setUpClass): 201 POST http://10.180.1.21/identity/v3/auth/tokens 0.524s
2025-11-14 09:38:44.425 66174 INFO tempest.lib.common.rest_client [req-003c975a-0e58-4d46-bb05-22c2327cdddb req-003c975a-0e58-4d46-bb05-22c2327cdddb ] Request (FlavorsV2TestJSON:setUpClass): 200 GET http://10.180.1.21/identity/v3/domains?name=Default 0.522s
2025-11-14 09:38:44.433 66180 INFO tempest.lib.common.rest_client [req-d7c24c7a-a17b-4a9c-b43e-90dc81cbca2b req-d7c24c7a-a17b-4a9c-b43e-90dc81cbca2b ] Request (AggregatesAdminNegativeTestJSON:setUpClass): 200 GET http://10.180.1.21/identity/v3/domains?name=Default 0.508s
2025-11-14 09:38:44.447 66154 INFO tempest.lib.common.rest_client [req-02b7a5e2-cae5-406c-bca2-3fb980a5cc9c req-02b7a5e2-cae5-406c-bca2-3fb980a5cc9c ] Request (ImagesMetadataNegativeTestJSON:setUpClass): 200 GET http://10.180.1.21/identity/v3/domains?name=Default 0.523s
2025-11-14 09:38:44.453 66172 INFO tempest.lib.common.rest_client [req-e5decaab-edc9-4961-83bb-123257bb6226 req-e5decaab-edc9-4961-83bb-123257bb6226 ] Request (HypervisorAdminTestJSON:setUpClass): 200 GET http://10.180.1.21/identity/v3/domains?name=Default 0.508s
2025-11-14 09:38:44.476 66168 INFO tempest.lib.common.rest_client [req-6368b278-17ba-4439-bbd9-2d0439747d8d req-6368b278-17ba-4439-bbd9-2d0439747d8d ] Request (QuotasSecurityGroupAdminNegativeTest:setUpClass): 200 GET http://10.180.1.21/identity/v3/domains?name=Default 0.510s
2025-11-14 09:38:44.478 66122 INFO tempest.lib.common.rest_client [req-674ac508-ca7f-4770-86c3-d36f1e3b97c5 req-674ac508-ca7f-4770-86c3-d36f1e3b97c5 ] Request (FlavorsAccessNegativeTestJSON:setUpClass): 201 POST http://10.180.1.21/identity/v3/projects 0.530s
2025-11-14 09:38:44.526 66142 INFO tempest.lib.common.rest_client [req-70378fb8-885f-49ea-aae7-8651ae47f84f req-70378fb8-885f-49ea-aae7-8651ae47f84f ] Request (SecurityGroupsTestAdminJSON:setUpClass): 200 GET http://10.180.1.21/identity/v3/domains?name=Default 0.539s
2025-11-14 09:38:44.533 66152 INFO tempest.lib.common.rest_client [req-4940336b-147c-482f-bc77-91020f6ae642 req-4940336b-147c-482f-bc77-91020f6ae642 ] Request (HypervisorAdminV253TestBase:setUpClass): 201 POST http://10.180.1.21/identity/v3/projects 0.566s
2025-11-14 09:38:44.580 66146 INFO tempest.lib.common.rest_client [req-8dd98663-793a-40ee-b3e9-b0e95109b020 req-8dd98663-793a-40ee-b3e9-b0e95109b020 ] Request (QuotasAdminTestV257:setUpClass): 201 POST http://10.180.1.21/identity/v3/projects 0.591s
2025-11-14 09:38:44.580 66176 INFO tempest.lib.common.rest_client [req-98e253a2-1f1f-4fa8-a573-ae14183aab80 req-98e253a2-1f1f-4fa8-a573-ae14183aab80 ] Request (ServicesAdminNegativeTestJSON:setUpClass): 200 GET http://10.180.1.21/identity/v3/domains?name=Default 0.566s
2025-11-14 09:38:44.646 66162 INFO tempest.lib.common.rest_client [req-a2c35c61-b861-42f5-83de-3b2254942f86 req-a2c35c61-b861-42f5-83de-3b2254942f86 ] Request (HostsAdminTestJSON:setUpClass): 201 POST http://10.180.1.21/identity/v3/projects 0.631s
2025-11-14 09:38:44.649 66158 INFO tempest.lib.common.rest_client [req-44c0350a-e590-4779-b822-ac7e10c557b1 req-44c0350a-e590-4779-b822-ac7e10c557b1 ] Request (FlavorsAdminTestJSON:setUpClass): 201 POST http://10.180.1.21/identity/v3/projects 0.611s
2025-11-14 09:38:44.660 66124 INFO tempest.lib.common.rest_client [req-139b8451-2db0-4188-8656-0ea5508ff12a req-139b8451-2db0-4188-8656-0ea5508ff12a ] Request (ServersTestFqdnHostnames:setUpClass): 201 POST http://10.180.1.21/networking/v2.0/routers 0.653s
2025-11-14 09:38:44.715 66148 INFO tempest.lib.common.rest_client [req-37ab8cab-8bf2-401d-acdb-034c05c90b05 req-37ab8cab-8bf2-401d-acdb-034c05c90b05 ] Request (ListImageFiltersTestJSON:setUpClass): 200 GET http://10.180.1.21/identity/v3/domains?name=Default 0.655s
2025-11-14 09:38:44.724 66134 INFO tempest.lib.common.rest_client [req-de1f8863-d336-448e-b6d3-cec654485842 req-de1f8863-d336-448e-b6d3-cec654485842 ] Request (HypervisorAdminNegativeTestJSON:setUpClass): 201 POST http://10.180.1.21/identity/v3/projects 0.686s
2025-11-14 09:38:44.767 66178 INFO tempest.lib.common.rest_client [req-729d2a46-bdec-4363-bfc3-f45c8a49fc02 req-729d2a46-bdec-4363-bfc3-f45c8a49fc02 ] Request (VolumesAssistedSnapshotsTest:setUpClass): 200 GET http://10.180.1.21/identity/v3/domains?name=Default 0.707s
2025-11-14 09:38:44.775 66160 INFO tempest.lib.common.rest_client [req-325fcace-3da5-4264-a82c-0d1e761de569 req-325fcace-3da5-4264-a82c-0d1e761de569 ] Request (QuotaClassesAdminTestJSON:setUpClass): 200 GET http://10.180.1.21/identity/v3/domains?name=Default 0.694s
2025-11-14 09:38:44.793 66170 INFO tempest.lib.common.rest_client [req-bb64f7ad-f083-4acb-8218-ee29519e746f req-bb64f7ad-f083-4acb-8218-ee29519e746f ] Request (ImagesTestJSON:setUpClass): 200 GET http://10.180.1.21/identity/v3/domains?name=Default 0.710s
2025-11-14 09:38:44.805 66126 INFO tempest.lib.common.rest_client [req-ff30faa4-ccdd-4aae-bd7a-b9505edab71e req-ff30faa4-ccdd-4aae-bd7a-b9505edab71e ] Request (AZAdminV2TestJSON:setUpClass): 201 POST http://10.180.1.21/identity/v3/projects 0.699s
2025-11-14 09:38:44.868 66164 INFO tempest.lib.common.rest_client [req-224a8823-4f24-4f75-a43e-d7f932569ff1 req-224a8823-4f24-4f75-a43e-d7f932569ff1 ] Request (ServerActionsTestOtherB:setUpClass): 200 GET http://10.180.1.21/identity/v3/domains?name=Default 0.717s
2025-11-14 09:38:44.895 66140 INFO tempest.lib.common.rest_client [req-3af629e8-6667-4158-9617-5175efdf33fc req-3af629e8-6667-4158-9617-5175efdf33fc ] Request (FlavorsV261TestJSON:tearDownClass): 204 DELETE http://10.180.1.21/identity/v3/users/ac4319cacbc34d02a403ab1fd11294e5 0.745s
2025-11-14 09:38:44.895 66140 INFO tempest.lib.common.dynamic_creds [-] Deleting project and security group for project: 423fad9b45d04567bfb20997e0a56b53
2025-11-14 09:38:44.927 66144 INFO tempest.lib.common.rest_client [req-f1fab393-d7db-44f2-b45b-87acb6797dec req-f1fab393-d7db-44f2-b45b-87acb6797dec ] Request (QuotasAdminTestV236:setUpClass): 201 POST http://10.180.1.21/identity/v3/projects 0.728s
2025-11-14 09:38:44.975 66156 INFO tempest.lib.common.rest_client [req-8db35105-a282-4324-bf28-e2985b3b0334 req-8db35105-a282-4324-bf28-e2985b3b0334 ] Request (DeleteServersAdminTestJSON:setUpClass): 201 POST http://10.180.1.21/identity/v3/projects 0.775s
2025-11-14 09:38:44.980 66166 INFO tempest.lib.common.rest_client [req-e64a3da4-743a-49a7-a539-f4f182e0fd8c req-e64a3da4-743a-49a7-a539-f4f182e0fd8c ] Request (TenantUsagesTestJSON:setUpClass): 201 POST http://10.180.1.21/identity/v3/projects 0.736s
2025-11-14 09:38:45.037 66138 INFO tempest.lib.common.rest_client [req-98312ec5-3419-440b-a3d9-cc2c6c22a1e4 req-98312ec5-3419-440b-a3d9-cc2c6c22a1e4 ] Request (KeyPairsV210TestJSON:setUpClass): 201 POST http://10.180.1.21/identity/v3/users 0.766s
2025-11-14 09:38:45.051 66128 INFO tempest.lib.common.rest_client [req-904e8371-a603-448a-94b7-5aa522ef5194 req-904e8371-a603-448a-94b7-5aa522ef5194 ] Request (FlavorsExtraSpecsNegativeTestJSON:setUpClass): 200 GET http://10.180.1.21/identity/v3/roles 0.803s
2025-11-14 09:38:45.071 66120 INFO tempest.lib.common.rest_client [req-30363873-af92-4582-8d47-823776a486b9 req-30363873-af92-4582-8d47-823776a486b9 ] Request (ServersWithSpecificFlavorTestJSON:setUpClass): 201 POST http://10.180.1.21/identity/v3/projects 0.796s
2025-11-14 09:38:45.085 66136 INFO tempest.lib.common.rest_client [req-a9fae5a7-dfbe-4a1d-9403-2128110b8434 req-a9fae5a7-dfbe-4a1d-9403-2128110b8434 ] Request (VolumesAdminNegativeTest:setUpClass): 201 POST http://10.180.1.21/identity/v3/projects 0.761s
2025-11-14 09:38:45.130 66132 INFO tempest.lib.common.rest_client [req-77be6e13-66ce-4ed6-8aba-e630881ff32f req-77be6e13-66ce-4ed6-8aba-e630881ff32f ] Request (AZAdminNegativeTestJSON:setUpClass): 200 GET http://10.180.1.21/identity/v3/roles 0.802s
2025-11-14 09:38:45.144 66130 INFO tempest.lib.common.rest_client [req-3147da14-d14b-46fe-a1bb-32b2fb1466c0 req-3147da14-d14b-46fe-a1bb-32b2fb1466c0 ] Request (ServersAdminNegativeTestJSON:setUpClass): 201 POST http://10.180.1.21/identity/v3/projects 0.793s
2025-11-14 09:38:45.190 66150 INFO tempest.lib.common.rest_client [req-3fc097ab-5dfc-482c-8428-4de6dc91ae4b req-3fc097ab-5dfc-482c-8428-4de6dc91ae4b ] Request (HypervisorAdminUnderV252Test:setUpClass): 201 POST http://10.180.1.21/identity/v3/auth/tokens 0.810s
2025-11-14 09:38:45.202 66118 INFO tempest.lib.common.rest_client [req-2f6a9027-13b6-4a5f-abd7-e7f9cf41b517 req-2f6a9027-13b6-4a5f-abd7-e7f9cf41b517 ] Request (FlavorsAccessTestJSON:setUpClass): 201 POST http://10.180.1.21/identity/v3/projects 0.821s
2025-11-14 09:38:45.222 66174 INFO tempest.lib.common.rest_client [req-078ef839-7faf-4e3c-a3ad-a07ff9e375e3 req-078ef839-7faf-4e3c-a3ad-a07ff9e375e3 ] Request (FlavorsV2TestJSON:setUpClass): 201 POST http://10.180.1.21/identity/v3/projects 0.794s
2025-11-14 09:38:45.279 66154 INFO tempest.lib.common.rest_client [req-a10cb421-4008-4420-8bc0-707596980c4d req-a10cb421-4008-4420-8bc0-707596980c4d ] Request (ImagesMetadataNegativeTestJSON:setUpClass): 201 POST http://10.180.1.21/identity/v3/projects 0.830s
2025-11-14 09:38:45.287 66180 INFO tempest.lib.common.rest_client [req-09b5037e-3169-4a99-973a-ad2574280160 req-09b5037e-3169-4a99-973a-ad2574280160 ] Request (AggregatesAdminNegativeTestJSON:setUpClass): 201 POST http://10.180.1.21/identity/v3/projects 0.852s
2025-11-14 09:38:45.341 66122 INFO tempest.lib.common.rest_client [req-2477fd5c-f3e8-454b-9d51-9f213e2dc64f req-2477fd5c-f3e8-454b-9d51-9f213e2dc64f ] Request (FlavorsAccessNegativeTestJSON:setUpClass): 201 POST http://10.180.1.21/identity/v3/users 0.862s
2025-11-14 09:38:45.365 66172 INFO tempest.lib.common.rest_client [req-d4df0408-976e-4980-8652-98eb8d43befa req-d4df0408-976e-4980-8652-98eb8d43befa ] Request (HypervisorAdminTestJSON:setUpClass): 201 POST http://10.180.1.21/identity/v3/projects 0.909s
2025-11-14 09:38:45.369 66168 INFO tempest.lib.common.rest_client [req-8950d07c-2591-4498-9481-9d1008a78bd5 req-8950d07c-2591-4498-9481-9d1008a78bd5 ] Request (QuotasSecurityGroupAdminNegativeTest:setUpClass): 201 POST http://10.180.1.21/identity/v3/projects 0.890s
2025-11-14 09:38:45.421 66142 INFO tempest.lib.common.rest_client [req-03db0dcb-7197-4990-ad0a-000f988708f1 req-03db0dcb-7197-4990-ad0a-000f988708f1 ] Request (SecurityGroupsTestAdminJSON:setUpClass): 201 POST http://10.180.1.21/identity/v3/projects 0.889s
2025-11-14 09:38:45.422 66152 INFO tempest.lib.common.rest_client [req-478b2bc8-4415-4f17-97a5-2bffcfd84caa req-478b2bc8-4415-4f17-97a5-2bffcfd84caa ] Request (HypervisorAdminV253TestBase:setUpClass): 201 POST http://10.180.1.21/identity/v3/users 0.888s
2025-11-14 09:38:45.462 66124 INFO tempest.lib.common.rest_client [req-687a5b33-6b90-489d-ae9d-f1a62061f733 req-687a5b33-6b90-489d-ae9d-f1a62061f733 ] Request (ServersTestFqdnHostnames:setUpClass): 200 PUT http://10.180.1.21/networking/v2.0/routers/78ecb447-c300-4aba-b3e7-0b04157b339d/add_router_interface 0.801s
2025-11-14 09:38:45.462 66124 INFO tempest.lib.common.dynamic_creds [-] Created isolated network resources for: credentials: Credentials: {'domain_id': 'default', 'domain_name': 'Default', 'username': 'tempest-ServersTestFqdnHostnames-871311430-project-member', 'project_domain_id': 'default', 'project_domain_name': 'Default', 'project_id': 'a69d325cc55f4e0a900c75920db657ef', 'project_name': 'tempest-ServersTestFqdnHostnames-871311430', 'tenant_id': 'a69d325cc55f4e0a900c75920db657ef', 'tenant_name': 'tempest-ServersTestFqdnHostnames-871311430', 'user_domain_id': 'default', 'user_domain_name': 'Default', 'user_id': '69ce95e264a841e7894cc3328db7d57b', 'system': None}, Network: {'id': 'f9ef2a71-deea-41a6-9d7b-8783e9d03610', 'name': 'tempest-ServersTestFqdnHostnames-605245288-network', 'tenant_id': 'a69d325cc55f4e0a900c75920db657ef', 'project_id': 'a69d325cc55f4e0a900c75920db657ef', 'admin_state_up': True, 'mtu': 8950, 'status': 'ACTIVE', 'subnets': [], 'shared': False, 'port_security_enabled': True, 'router:external': False, 'provider:network_type': 'vlan', 'provider:physical_network': 'default', 'provider:segmentation_id': 650, 'availability_zone_hints': [], 'availability_zones': [], 'ipv4_address_scope': None, 'ipv6_address_scope': None, 'description': '', 'tags': [], 'created_at': '2025-11-14T09:38:43Z', 'updated_at': '2025-11-14T09:38:43Z', 'revision_number': 1}, Subnet: {'id': '9e16fcd5-e166-46b5-b65c-bcaf7d96431d', 'name': 'tempest-ServersTestFqdnHostnames-605245288-subnet', 'tenant_id': 'a69d325cc55f4e0a900c75920db657ef', 'network_id': 'f9ef2a71-deea-41a6-9d7b-8783e9d03610', 'ip_version': 4, 'subnetpool_id': None, 'enable_dhcp': True, 'ipv6_ra_mode': None, 'ipv6_address_mode': None, 'gateway_ip': '192.168.128.1', 'cidr': '192.168.128.0/28', 'allocation_pools': [{'start': '192.168.128.2', 'end': '192.168.128.14'}], 'host_routes': [], 'dns_nameservers': [], 'description': '', 'router:external': False, 'service_types': [], 'tags': [], 'created_at': '2025-11-14T09:38:43Z', 'updated_at': '2025-11-14T09:38:43Z', 'revision_number': 0, 'project_id': 'a69d325cc55f4e0a900c75920db657ef'}, Router: {'id': '78ecb447-c300-4aba-b3e7-0b04157b339d', 'name': 'tempest-ServersTestFqdnHostnames-605245288-router', 'tenant_id': 'a69d325cc55f4e0a900c75920db657ef', 'admin_state_up': True, 'status': 'ACTIVE', 'external_gateway_info': {'network_id': '241e164b-421d-42e5-87d1-eb89bbec3fac', 'external_fixed_ips': [{'subnet_id': 'b0531ee1-7fd2-4927-9f31-529017a20319', 'ip_address': '10.180.180.161'}], 'enable_snat': True}, 'description': '', 'availability_zones': [], 'distributed': False, 'ha': False, 'availability_zone_hints': [], 'routes': [], 'flavor_id': None, 'tags': [], 'created_at': '2025-11-14T09:38:44Z', 'updated_at': '2025-11-14T09:38:44Z', 'revision_number': 2, 'project_id': 'a69d325cc55f4e0a900c75920db657ef'}
2025-11-14 09:38:45.477 66146 INFO tempest.lib.common.rest_client [req-cb97b05e-ae5d-4747-9c46-8d52a0d0b8e8 req-cb97b05e-ae5d-4747-9c46-8d52a0d0b8e8 ] Request (QuotasAdminTestV257:setUpClass): 201 POST http://10.180.1.21/identity/v3/users 0.896s
2025-11-14 09:38:45.480 66176 INFO tempest.lib.common.rest_client [req-c455e058-af97-4f3e-a05b-6136bf03e60d req-c455e058-af97-4f3e-a05b-6136bf03e60d ] Request (ServicesAdminNegativeTestJSON:setUpClass): 201 POST http://10.180.1.21/identity/v3/projects 0.897s
2025-11-14 09:38:45.537 66158 INFO tempest.lib.common.rest_client [req-301b1ee6-54db-4d66-9394-1c9e94c97cf2 req-301b1ee6-54db-4d66-9394-1c9e94c97cf2 ] Request (FlavorsAdminTestJSON:setUpClass): 201 POST http://10.180.1.21/identity/v3/users 0.887s
