2025-11-14 09:42:13.751 66124 INFO tempest.lib.common.rest_client [req-790676a7-3dee-4b0c-a93b-c23a53a06593 req-790676a7-3dee-4b0c-a93b-c23a53a06593 ] Request (MultipleCreateTestJSON:tearDownClass): 200 GET http://10.180.1.21/compute/v2.1/servers/ea65ec6e-c98c-466e-9ccc-616268b504a3 2.925s
2025-11-14 09:42:13.758 66124 INFO tempest.common.waiters [-] State transition "ACTIVE/deleting" ==> "DELETED/None" after 4 second wait
2025-11-14 09:42:13.935 66156 INFO tempest.lib.common.rest_client [req-09d2e2b7-9fd9-413d-8c3b-f361db6ea354 req-09d2e2b7-9fd9-413d-8c3b-f361db6ea354 ] Request (ServerDiagnosticsV248Test:tearDownClass): 200 GET http://10.180.1.21/compute/v2.1/servers/e0663ec4-b1fc-4f50-b7ac-775601cbf46c 2.889s
2025-11-14 09:42:14.017 66176 INFO tempest.lib.common.rest_client [req-a041a21d-6ea5-4ce1-8fa7-d67aa3034d7b req-a041a21d-6ea5-4ce1-8fa7-d67aa3034d7b ] Request (ServerActionsV293TestJSON:test_rebuild_volume_backed_server): 200 GET http://10.180.1.21/compute/v2.1/servers/58db065c-7b27-4fd0-ab69-525ee4f0f7c0 3.040s
2025-11-14 09:42:14.069 66176 INFO tempest.lib.common.rest_client [req-a9278232-87ac-4d61-8acb-79771dfdaf83 req-a9278232-87ac-4d61-8acb-79771dfdaf83 ] Request (ServerActionsV293TestJSON:test_rebuild_volume_backed_server): 200 GET http://10.180.1.21/volume/v3/volumes/da80c242-907c-47d4-ad9b-9d64f8f528c5 0.037s
2025-11-14 09:42:14.078 66176 INFO tempest.lib.common.ssh [-] Creating ssh connection to '10.180.180.129:22' as 'cirros' with public key authentication
2025-11-14 09:42:14.087 66150 INFO tempest.lib.common.rest_client [req-469f196a-367b-453a-8385-a66cc72ba319 req-469f196a-367b-453a-8385-a66cc72ba319 ] Request (ServerShowV257Test:tearDownClass): 200 GET http://10.180.1.21/compute/v2.1/servers/7a24c01c-f821-4b6e-8bbd-0074cae162eb 2.705s
2025-11-14 09:42:14.220 66166 INFO tempest.lib.common.rest_client [req-e17bb950-2f6f-49cc-be28-fba417b2c5b2 req-e17bb950-2f6f-49cc-be28-fba417b2c5b2 ] Request (FloatingIPsAssociationTestJSON:tearDownClass): 200 GET http://10.180.1.21/compute/v2.1/servers/d0593288-07e3-4cef-9462-628c61e2db8a 2.029s
2025-11-14 09:42:14.233 66166 INFO tempest.common.waiters [-] State transition "ACTIVE/deleting" ==> "DELETED/None" after 6 second wait
2025-11-14 09:42:14.316 66140 INFO tempest.lib.common.rest_client [req-59f847c0-e65a-44f4-b9e3-2daa939eb61d req-59f847c0-e65a-44f4-b9e3-2daa939eb61d ] Request (ServersAdminTestJSON:test_reset_state_server): 202 POST http://10.180.1.21/compute/v2.1/servers/3ff5d4ad-a4d1-448b-ac91-df3846880860/action 1.820s
2025-11-14 09:42:14.339 66158 INFO tempest.lib.common.rest_client [req-573fd9c5-3d7d-4a2b-b0ee-8cdf192f0fdd req-573fd9c5-3d7d-4a2b-b0ee-8cdf192f0fdd ] Request (FlavorsV255TestJSON:_run_cleanups): 200 GET http://10.180.1.21/compute/v2.1/flavors/detail 1.837s
2025-11-14 09:42:14.439 66158 INFO tempest.lib.common.rest_client [req-97e88a90-c636-4f9d-82bc-6ad1d061c322 req-97e88a90-c636-4f9d-82bc-6ad1d061c322 ] Request (FlavorsV255TestJSON:tearDownClass): 204 DELETE http://10.180.1.21/identity/v3/users/a6c2fb9f1e78483d84da1aa6fb98cede 0.092s
2025-11-14 09:42:14.544 66172 INFO tempest.lib.common.rest_client [req-b32730e8-c4a3-433f-bb75-9396e24a1b56 req-b32730e8-c4a3-433f-bb75-9396e24a1b56 ] Request (SecurityGroupsTestJSON:test_server_security_groups): 202 POST http://10.180.1.21/compute/v2.1/servers/8b2737a5-7599-46e5-bf2b-3a65371304e9/action 2.469s
2025-11-14 09:42:14.554 66158 INFO tempest.lib.common.rest_client [req-ae5e5968-7808-4ed0-afe7-b14677a0d5a5 req-ae5e5968-7808-4ed0-afe7-b14677a0d5a5 ] Request (FlavorsV255TestJSON:tearDownClass): 204 DELETE http://10.180.1.21/identity/v3/users/52d10cf05647479b9b60b9115f7f050b 0.114s
2025-11-14 09:42:14.554 66158 INFO tempest.lib.common.dynamic_creds [-] Deleting project and security group for project: 8317b61700c140aa807de50f3b7fa313
2025-11-14 09:42:14.564 66160 INFO tempest.lib.common.rest_client [req-be69d17f-bea9-45ca-bc09-d5e569de4cdc req-be69d17f-bea9-45ca-bc09-d5e569de4cdc ] Request (ServerPasswordTestJSON:setUpClass): 201 POST http://10.180.1.21/networking/v2.0/routers 0.859s
2025-11-14 09:42:14.593 66136 INFO tempest.lib.common.rest_client [req-cefb9d65-9d92-4fbd-a75e-c9327d3b4efd req-cefb9d65-9d92-4fbd-a75e-c9327d3b4efd ] Request (ServersTestMultiNic:_run_cleanups): 200 GET http://10.180.1.21/compute/v2.1/servers/a951e0d8-62db-417b-a061-b3162e27286b 1.981s
2025-11-14 09:42:14.605 66136 INFO tempest.common.waiters [-] State transition "ACTIVE/deleting" ==> "DELETED/None" after 6 second wait
2025-11-14 09:42:14.644 66148 INFO tempest.lib.common.rest_client [req-c779308c-0a8a-4b19-b600-fed881d089b7 req-c779308c-0a8a-4b19-b600-fed881d089b7 ] Request (ListImageFiltersTestJSON:test_list_images_with_detail_filter_by_status): 200 GET http://10.180.1.21/compute/v2.1/images/detail?status=ACTIVE 2.001s
2025-11-14 09:42:14.656 66158 INFO tempest.lib.common.rest_client [req-09ffcac9-3459-4bcd-b2c8-671f84cf95f5 req-09ffcac9-3459-4bcd-b2c8-671f84cf95f5 ] Request (FlavorsV255TestJSON:tearDownClass): 201 POST http://10.180.1.21/identity/v3/auth/tokens 0.101s
2025-11-14 09:42:14.680 66146 INFO tempest.lib.common.rest_client [req-40c7ef4d-5ae7-4e92-ad2e-4287655fa1f7 req-40c7ef4d-5ae7-4e92-ad2e-4287655fa1f7 ] Request (ServersListShow298Test:test_list_show_update_rebuild_server_298): 200 GET http://10.180.1.21/compute/v2.1/servers/0b1c8a23-6fea-4c09-9ccd-f0399b8a6f77 1.641s
2025-11-14 09:42:14.696 66146 INFO tempest.common.waiters [-] State transition "BUILD/None" ==> "BUILD/spawning" after 31 second wait
2025-11-14 09:42:14.926 66158 INFO tempest.lib.common.rest_client [req-fe58cb9a-f7cd-486f-9d7c-4ed040d50450 req-fe58cb9a-f7cd-486f-9d7c-4ed040d50450 ] Request (FlavorsV255TestJSON:tearDownClass): 200 GET http://10.180.1.21/networking/v2.0/security-groups?tenant_id=8317b61700c140aa807de50f3b7fa313&name=default 0.270s
2025-11-14 09:42:14.953 66154 INFO tempest.lib.common.rest_client [req-405647be-1043-4562-8b37-78bdb91c298f req-405647be-1043-4562-8b37-78bdb91c298f ] Request (ServerTagsTestJSON:setUpClass): 200 GET http://10.180.1.21/compute/v2.1/servers/bac493d9-6454-481c-8703-177efd82b3c6 1.532s
2025-11-14 09:42:14.967 66138 INFO tempest.lib.common.rest_client [req-c89e6b09-56ac-4271-9471-dfa8b3c5afb3 req-c89e6b09-56ac-4271-9471-dfa8b3c5afb3 ] Request (ServerDiagnosticsTest:tearDownClass): 200 GET http://10.180.1.21/compute/v2.1/servers/80a2ff50-89a6-4a89-a19b-8626f61e4957 1.372s
2025-11-14 09:42:15.102 66158 INFO tempest.lib.common.rest_client [req-6804d533-e5ac-4e71-a333-21d3554a9bc8 req-6804d533-e5ac-4e71-a333-21d3554a9bc8 ] Request (FlavorsV255TestJSON:tearDownClass): 204 DELETE http://10.180.1.21/networking/v2.0/security-groups/c9e70ad4-9555-4ac1-bd11-3131df38f633 0.175s
2025-11-14 09:42:15.154 66122 INFO tempest.lib.common.rest_client [req-4127f1b1-7b52-4f4b-957c-d98d64c3327c req-4127f1b1-7b52-4f4b-957c-d98d64c3327c ] Request (ServerDiagnosticsNegativeTest:test_get_server_diagnostics_by_non_admin): 200 GET http://10.180.1.21/compute/v2.1/servers/de6a1df2-e812-4853-9b01-9217829200c4 1.375s
2025-11-14 09:42:15.177 66118 INFO tempest.lib.common.rest_client [req-46250d1b-ee61-4516-9ca7-7cf8e541574d req-46250d1b-ee61-4516-9ca7-7cf8e541574d ] Request (ServersAdmin275Test:tearDownClass): 200 GET http://10.180.1.21/compute/v2.1/servers/1d50880f-2457-4943-a18a-116efedc1d97 1.445s
2025-11-14 09:42:15.223 66158 INFO tempest.lib.common.rest_client [req-9f6fa46e-7628-48a7-8d8a-8ae54a9e82a3 req-9f6fa46e-7628-48a7-8d8a-8ae54a9e82a3 ] Request (FlavorsV255TestJSON:tearDownClass): 204 DELETE http://10.180.1.21/identity/v3/projects/8317b61700c140aa807de50f3b7fa313 0.120s
2025-11-14 09:42:15.223 66158 INFO tempest.lib.common.dynamic_creds [-] Deleting project and security group for project: ab227f7fe3cb4ab88f482994fc183364
2025-11-14 09:42:15.261 66168 INFO tempest.lib.common.rest_client [req-d31de752-c1d3-4e86-8017-21543cfbcef5 req-d31de752-c1d3-4e86-8017-21543cfbcef5 ] Request (ServersTestJSON:test_create_specify_keypair): 200 GET http://10.180.1.21/compute/v2.1/servers/0d134c02-76e4-4bf5-8313-94d6229c3db7 1.466s
2025-11-14 09:42:15.422 66158 INFO tempest.lib.common.rest_client [req-c0a59630-c1fd-4dcd-ab9d-fe92627f3869 req-c0a59630-c1fd-4dcd-ab9d-fe92627f3869 ] Request (FlavorsV255TestJSON:tearDownClass): 200 GET http://10.180.1.21/networking/v2.0/security-groups?tenant_id=ab227f7fe3cb4ab88f482994fc183364&name=default 0.198s
2025-11-14 09:42:15.536 66164 INFO tempest.lib.common.rest_client [req-386aaae2-88fb-4aa3-9477-b68f2c7b3009 req-386aaae2-88fb-4aa3-9477-b68f2c7b3009 ] Request (ServerActionsTestOtherB:test_create_backup): 200 GET http://10.180.1.21/compute/v2.1/servers/cac75da9-2cdd-4853-ac53-9cf97e27e6f0 1.515s
2025-11-14 09:42:15.595 66160 INFO tempest.lib.common.rest_client [req-edc089fe-69f2-4dbf-9ead-33bb91189285 req-edc089fe-69f2-4dbf-9ead-33bb91189285 ] Request (ServerPasswordTestJSON:setUpClass): 200 PUT http://10.180.1.21/networking/v2.0/routers/9028a833-89ed-4a86-86a8-8305b667ca80/add_router_interface 1.031s
2025-11-14 09:42:15.595 66160 INFO tempest.lib.common.dynamic_creds [-] Created isolated network resources for: credentials: Credentials: {'domain_id': 'default', 'domain_name': 'Default', 'username': 'tempest-ServerPasswordTestJSON-1555402751-project-member', 'project_domain_id': 'default', 'project_domain_name': 'Default', 'project_id': '181b4c2210854f9c833eccc1deb1f776', 'project_name': 'tempest-ServerPasswordTestJSON-1555402751', 'tenant_id': '181b4c2210854f9c833eccc1deb1f776', 'tenant_name': 'tempest-ServerPasswordTestJSON-1555402751', 'user_domain_id': 'default', 'user_domain_name': 'Default', 'user_id': '9d25370524214779a29e0fc74c21b5e5', 'system': None}, Network: {'id': '05145eb3-d1ad-4b03-aa3c-400195dfe8e5', 'name': 'tempest-ServerPasswordTestJSON-1161259251-network', 'tenant_id': '181b4c2210854f9c833eccc1deb1f776', 'project_id': '181b4c2210854f9c833eccc1deb1f776', 'admin_state_up': True, 'mtu': 8950, 'status': 'ACTIVE', 'subnets': [], 'shared': False, 'port_security_enabled': True, 'router:external': False, 'provider:network_type': 'vlan', 'provider:physical_network': 'default', 'provider:segmentation_id': 659, 'availability_zone_hints': [], 'availability_zones': [], 'ipv4_address_scope': None, 'ipv6_address_scope': None, 'description': '', 'tags': [], 'created_at': '2025-11-14T09:42:13Z', 'updated_at': '2025-11-14T09:42:13Z', 'revision_number': 1}, Subnet: {'id': '656f973e-710e-4a6a-93c0-66250cc5f369', 'name': 'tempest-ServerPasswordTestJSON-1161259251-subnet', 'tenant_id': '181b4c2210854f9c833eccc1deb1f776', 'network_id': '05145eb3-d1ad-4b03-aa3c-400195dfe8e5', 'ip_version': 4, 'subnetpool_id': None, 'enable_dhcp': True, 'ipv6_ra_mode': None, 'ipv6_address_mode': None, 'gateway_ip': '192.168.128.1', 'cidr': '192.168.128.0/28', 'allocation_pools': [{'start': '192.168.128.2', 'end': '192.168.128.14'}], 'host_routes': [], 'dns_nameservers': [], 'description': '', 'router:external': False, 'service_types': [], 'tags': [], 'created_at': '2025-11-14T09:42:13Z', 'updated_at': '2025-11-14T09:42:13Z', 'revision_number': 0, 'project_id': '181b4c2210854f9c833eccc1deb1f776'}, Router: {'id': '9028a833-89ed-4a86-86a8-8305b667ca80', 'name': 'tempest-ServerPasswordTestJSON-1161259251-router', 'tenant_id': '181b4c2210854f9c833eccc1deb1f776', 'admin_state_up': True, 'status': 'ACTIVE', 'external_gateway_info': {'network_id': '241e164b-421d-42e5-87d1-eb89bbec3fac', 'external_fixed_ips': [{'subnet_id': 'b0531ee1-7fd2-4927-9f31-529017a20319', 'ip_address': '10.180.180.136'}], 'enable_snat': True}, 'description': '', 'availability_zones': [], 'distributed': False, 'ha': False, 'availability_zone_hints': [], 'routes': [], 'flavor_id': None, 'tags': [], 'created_at': '2025-11-14T09:42:13Z', 'updated_at': '2025-11-14T09:42:14Z', 'revision_number': 2, 'project_id': '181b4c2210854f9c833eccc1deb1f776'}
2025-11-14 09:42:15.631 66158 INFO tempest.lib.common.rest_client [req-7f078bc4-c837-4b7a-8e04-87b2fc50a3aa req-7f078bc4-c837-4b7a-8e04-87b2fc50a3aa ] Request (FlavorsV255TestJSON:tearDownClass): 204 DELETE http://10.180.1.21/networking/v2.0/security-groups/3012e77c-e9c6-4b23-97f4-381d580baa2e 0.209s
2025-11-14 09:42:15.668 66120 INFO tempest.lib.common.rest_client [req-c8a6e99c-76d2-434b-8584-b0f309086ae9 req-c8a6e99c-76d2-434b-8584-b0f309086ae9 ] Request (ServersWithSpecificFlavorTestJSON:test_verify_created_server_ephemeral_disk): 200 GET http://10.180.1.21/compute/v2.1/servers/0bf9a8e8-ce10-4e65-bcbe-0fb1a340c1d0 1.621s
2025-11-14 09:42:15.671 66152 INFO tempest.lib.common.rest_client [req-0746f37c-c655-487d-951b-42f25b047b79 req-0746f37c-c655-487d-951b-42f25b047b79 ] Request (ImagesOneServerNegativeTestJSON:_run_cleanups): 200 GET http://10.180.1.21/compute/v2.1/servers/84a96f01-0eca-4ed2-a222-1a58fb326217 1.583s
2025-11-14 09:42:15.677 66120 INFO tempest.common.waiters [-] State transition "BUILD/spawning" ==> "ACTIVE/None" after 39 second wait
2025-11-14 09:42:15.716 66160 INFO tempest.lib.common.rest_client [req-37a455ab-9bdd-40ae-a641-25fc2c845db0 req-37a455ab-9bdd-40ae-a641-25fc2c845db0 ] Request (ServerPasswordTestJSON:setUpClass): 201 POST http://10.180.1.21/identity/v3/auth/tokens 0.116s
2025-11-14 09:42:15.756 66130 INFO tempest.lib.common.rest_client [req-1c29b8de-d4bd-41a5-acde-ea9d8718739c req-1c29b8de-d4bd-41a5-acde-ea9d8718739c ] Request (ServersAdminNegativeTestJSON:tearDownClass): 200 GET http://10.180.1.21/compute/v2.1/servers/07cfa899-1cc4-4796-9571-3dc2f51721c7 1.633s
2025-11-14 09:42:15.783 66158 INFO tempest.lib.common.rest_client [req-4348ce46-46f7-4a11-be0b-4d29dcaa72f7 req-4348ce46-46f7-4a11-be0b-4d29dcaa72f7 ] Request (FlavorsV255TestJSON:tearDownClass): 204 DELETE http://10.180.1.21/identity/v3/projects/ab227f7fe3cb4ab88f482994fc183364 0.151s
2025-11-14 09:42:15.799 66142 INFO tempest.lib.common.rest_client [req-ac18f186-ec5f-43fc-81ab-a6fc7ed16b82 req-ac18f186-ec5f-43fc-81ab-a6fc7ed16b82 ] Request (AttachInterfacesTestJSON:test_create_list_show_delete_interfaces_by_fixed_ip): 200 GET http://10.180.1.21/compute/v2.1/servers/9dab49d7-6096-443a-a073-92f990e4d873/os-interface 1.587s
2025-11-14 09:42:15.799 66160 INFO tempest.lib.common.rest_client [req-c063fd79-f889-4480-8220-f307a50e1e40 req-c063fd79-f889-4480-8220-f307a50e1e40 ] Request (ServerPasswordTestJSON:setUpClass): 201 POST http://10.180.1.21/identity/v3/auth/tokens 0.074s
2025-11-14 09:42:15.800 66160 INFO tempest.lib.common.fixed_network [-] (ServerPasswordTestJSON:setUpClass) Found network {'id': '05145eb3-d1ad-4b03-aa3c-400195dfe8e5', 'name': 'tempest-ServerPasswordTestJSON-1161259251-network', 'tenant_id': '181b4c2210854f9c833eccc1deb1f776', 'project_id': '181b4c2210854f9c833eccc1deb1f776', 'admin_state_up': True, 'mtu': 8950, 'status': 'ACTIVE', 'subnets': [], 'shared': False, 'port_security_enabled': True, 'router:external': False, 'provider:network_type': 'vlan', 'provider:physical_network': 'default', 'provider:segmentation_id': 659, 'availability_zone_hints': [], 'availability_zones': [], 'ipv4_address_scope': None, 'ipv6_address_scope': None, 'description': '', 'tags': [], 'created_at': '2025-11-14T09:42:13Z', 'updated_at': '2025-11-14T09:42:13Z', 'revision_number': 1} available for tenant
2025-11-14 09:42:15.830 66134 INFO tempest.lib.common.rest_client [req-7c98a3b3-584c-44d5-9c16-f6b34a81f9f4 req-7c98a3b3-584c-44d5-9c16-f6b34a81f9f4 ] Request (InstanceActionsTestJSON:setUpClass): 200 GET http://10.180.1.21/compute/v2.1/servers/bc7a91f6-3e2b-4520-b116-acdbf051a825 1.594s
2025-11-14 09:42:15.874 66158 INFO tempest.lib.common.rest_client [req-3e38e5c3-5be4-48b7-99c3-3036c3e441b8 req-3e38e5c3-5be4-48b7-99c3-3036c3e441b8 ] Request (ServerExternalEventsTest:setUpClass): 201 POST http://10.180.1.21/identity/v3/auth/tokens 0.089s
2025-11-14 09:42:15.901 66172 INFO tempest.lib.common.rest_client [req-00bd8a15-3be0-453d-a836-217f8796941f req-00bd8a15-3be0-453d-a836-217f8796941f ] Request (SecurityGroupsTestJSON:test_server_security_groups): 400 DELETE http://10.180.1.21/compute/v2.1/os-security-groups/500bdf5e-704c-4614-8d23-3b207b339b39 1.356s
2025-11-14 09:42:15.905 66158 INFO tempest.lib.common.rest_client [req-3c8f81b9-fc57-43a3-a6ad-4c8713808535 req-3c8f81b9-fc57-43a3-a6ad-4c8713808535 ] Request (ServerExternalEventsTest:setUpClass): 201 POST http://10.180.1.21/identity/v3/auth/tokens 0.028s
2025-11-14 09:42:15.935 66158 INFO tempest.lib.common.rest_client [req-eaef77ea-5ed9-4519-a64e-e7c1ee3e7296 req-eaef77ea-5ed9-4519-a64e-e7c1ee3e7296 ] Request (ServerExternalEventsTest:setUpClass): 200 GET http://10.180.1.21/identity/v3/domains?name=Default 0.029s
2025-11-14 09:42:15.938 66140 INFO tempest.lib.common.rest_client [req-ddc6298b-2474-40f9-ba36-6c6afeafcf1d req-ddc6298b-2474-40f9-ba36-6c6afeafcf1d ] Request (ServersAdminTestJSON:test_reset_state_server): 200 GET http://10.180.1.21/compute/v2.1/servers/3ff5d4ad-a4d1-448b-ac91-df3846880860 1.621s
2025-11-14 09:42:15.967 66158 INFO tempest.lib.common.rest_client [req-ed113cb7-69e2-45e2-ab35-1dbcda8103a5 req-ed113cb7-69e2-45e2-ab35-1dbcda8103a5 ] Request (ServerExternalEventsTest:setUpClass): 201 POST http://10.180.1.21/identity/v3/projects 0.031s
2025-11-14 09:42:15.975 66178 INFO tempest.lib.common.rest_client [req-97af44e7-0868-4f88-9404-e038709592d4 req-97af44e7-0868-4f88-9404-e038709592d4 ] Request (VolumesAssistedSnapshotsTest:tearDownClass): 200 GET http://10.180.1.21/compute/v2.1/servers/2c68f65a-9132-440f-90c0-033cfc0bc468 1.409s
2025-11-14 09:42:16.000 66148 INFO tempest.lib.common.rest_client [req-ac9c7b94-e381-40f5-8de7-b2c591adf1bb req-ac9c7b94-e381-40f5-8de7-b2c591adf1bb ] Request (ListImageFiltersTestJSON:test_list_images_with_detail_filter_by_type): 200 GET http://10.180.1.21/compute/v2.1/images/detail?type=snapshot 1.349s
2025-11-14 09:42:16.042 66158 INFO tempest.lib.common.rest_client [req-fc6b6a57-16f7-4c22-a995-2b38fc18d542 req-fc6b6a57-16f7-4c22-a995-2b38fc18d542 ] Request (ServerExternalEventsTest:setUpClass): 201 POST http://10.180.1.21/identity/v3/users 0.074s
2025-11-14 09:42:16.070 66124 INFO tempest.lib.common.rest_client [req-bcfbe5f4-d1bd-4f7a-9d04-155e91203f2a req-bcfbe5f4-d1bd-4f7a-9d04-155e91203f2a ] Request (MultipleCreateTestJSON:tearDownClass): 200 GET http://10.180.1.21/compute/v2.1/servers/ea65ec6e-c98c-466e-9ccc-616268b504a3 1.311s
2025-11-14 09:42:16.074 66158 INFO tempest.lib.common.rest_client [req-0b417d2c-3654-4cf9-a7df-8801640ee58e req-0b417d2c-3654-4cf9-a7df-8801640ee58e ] Request (ServerExternalEventsTest:setUpClass): 200 GET http://10.180.1.21/identity/v3/roles 0.032s
2025-11-14 09:42:16.102 66170 INFO tempest.lib.common.rest_client [req-f1c68fc7-6580-48f9-9d3f-abea0764a105 req-f1c68fc7-6580-48f9-9d3f-abea0764a105 ] Request (ImagesTestJSON:test_create_server_from_snapshot): 200 GET http://10.180.1.21/compute/v2.1/servers/3ef457af-6c07-44ca-8b45-a3b15c41bd00 1.357s
2025-11-14 09:42:16.106 66158 INFO tempest.lib.common.rest_client [req-35469cbc-2ecd-4719-b5cc-cd8dc24fad91 req-35469cbc-2ecd-4719-b5cc-cd8dc24fad91 ] Request (ServerExternalEventsTest:setUpClass): 204 PUT http://10.180.1.21/identity/v3/projects/4520a7400b114a609f04c655f8fd81b2/users/9d9bf5b7ade6416580c3e04aa17055b7/roles/bbc4aa3af74b4d6a8b6643219685cef2 0.031s
2025-11-14 09:42:16.106 66158 INFO tempest.lib.common.dynamic_creds [-] Dynamic test user 9d9bf5b7ade6416580c3e04aa17055b7 is created with scope project and roles: ['member']
2025-11-14 09:42:16.106 66158 INFO tempest.lib.common.dynamic_creds [-] Acquired dynamic creds: credentials: Credentials: {'domain_id': 'default', 'domain_name': 'Default', 'username': 'tempest-ServerExternalEventsTest-1725530501-project-member', 'project_domain_id': 'default', 'project_domain_name': 'Default', 'project_id': '4520a7400b114a609f04c655f8fd81b2', 'project_name': 'tempest-ServerExternalEventsTest-1725530501', 'tenant_id': '4520a7400b114a609f04c655f8fd81b2', 'tenant_name': 'tempest-ServerExternalEventsTest-1725530501', 'user_domain_id': 'default', 'user_domain_name': 'Default', 'user_id': '9d9bf5b7ade6416580c3e04aa17055b7', 'system': None}, Network: None, Subnet: None, Router: None
2025-11-14 09:42:16.106 66158 INFO tempest.lib.common.dynamic_creds [-] Created isolated network resources for: credentials: Credentials: {'domain_id': 'default', 'domain_name': 'Default', 'username': 'tempest-ServerExternalEventsTest-1725530501-project-member', 'project_domain_id': 'default', 'project_domain_name': 'Default', 'project_id': '4520a7400b114a609f04c655f8fd81b2', 'project_name': 'tempest-ServerExternalEventsTest-1725530501', 'tenant_id': '4520a7400b114a609f04c655f8fd81b2', 'tenant_name': 'tempest-ServerExternalEventsTest-1725530501', 'user_domain_id': 'default', 'user_domain_name': 'Default', 'user_id': '9d9bf5b7ade6416580c3e04aa17055b7', 'system': None}, Network: None, Subnet: None, Router: None
2025-11-14 09:42:16.138 66156 INFO tempest.lib.common.rest_client [req-db2c962b-238c-4570-a58a-cf2a382a71d5 req-db2c962b-238c-4570-a58a-cf2a382a71d5 ] Request (ServerDiagnosticsV248Test:tearDownClass): 200 GET http://10.180.1.21/compute/v2.1/servers/e0663ec4-b1fc-4f50-b7ac-775601cbf46c 1.190s
2025-11-14 09:42:16.179 66150 INFO tempest.lib.common.rest_client [req-697a17c8-88a7-431f-bf57-87d49a2b8963 req-697a17c8-88a7-431f-bf57-87d49a2b8963 ] Request (ServerShowV257Test:tearDownClass): 200 GET http://10.180.1.21/compute/v2.1/servers/7a24c01c-f821-4b6e-8bbd-0074cae162eb 1.079s
2025-11-14 09:42:16.193 66158 INFO tempest.lib.common.rest_client [req-04e5483f-8186-41f6-8831-3473f5fd981f req-04e5483f-8186-41f6-8831-3473f5fd981f ] Request (ServerExternalEventsTest:setUpClass): 201 POST http://10.180.1.21/identity/v3/auth/tokens 0.083s
2025-11-14 09:42:16.240 66166 INFO tempest.lib.common.rest_client [req-f1b3a595-df94-4e9e-bea8-062467703956 req-f1b3a595-df94-4e9e-bea8-062467703956 ] Request (FloatingIPsAssociationTestJSON:tearDownClass): 200 GET http://10.180.1.21/compute/v2.1/servers/d0593288-07e3-4cef-9462-628c61e2db8a 1.006s
2025-11-14 09:42:16.255 66136 INFO tempest.lib.common.rest_client [req-e1a4d80a-b216-4737-b827-285215c12b6d req-e1a4d80a-b216-4737-b827-285215c12b6d ] Request (ServersTestMultiNic:_run_cleanups): 200 GET http://10.180.1.21/compute/v2.1/servers/a951e0d8-62db-417b-a061-b3162e27286b 0.648s
2025-11-14 09:42:16.283 66158 INFO tempest.lib.common.rest_client [req-12e36d89-1fb5-40d5-9ef8-a66ea253be71 req-12e36d89-1fb5-40d5-9ef8-a66ea253be71 ] Request (ServerExternalEventsTest:setUpClass): 201 POST http://10.180.1.21/identity/v3/projects 0.089s
2025-11-14 09:42:16.312 66120 INFO tempest.lib.common.rest_client [req-f59536ca-5bb6-4a38-a4e7-a377a7aad94c req-f59536ca-5bb6-4a38-a4e7-a377a7aad94c ] Request (ServersWithSpecificFlavorTestJSON:test_verify_created_server_ephemeral_disk): 200 GET http://10.180.1.21/compute/v2.1/servers/0bf9a8e8-ce10-4e65-bcbe-0fb1a340c1d0/os-interface 0.634s
2025-11-14 09:42:16.330 66146 INFO tempest.lib.common.rest_client [req-51880c20-93db-443e-b89a-e8f4a82d61b8 req-51880c20-93db-443e-b89a-e8f4a82d61b8 ] Request (ServersListShow298Test:test_list_show_update_rebuild_server_298): 200 GET http://10.180.1.21/compute/v2.1/servers/0b1c8a23-6fea-4c09-9ccd-f0399b8a6f77 0.634s
2025-11-14 09:42:16.354 66158 INFO tempest.lib.common.rest_client [req-b1166ee5-e7f9-4189-b2dc-023f74564436 req-b1166ee5-e7f9-4189-b2dc-023f74564436 ] Request (ServerExternalEventsTest:setUpClass): 201 POST http://10.180.1.21/identity/v3/users 0.071s
2025-11-14 09:42:16.379 66158 INFO tempest.lib.common.rest_client [req-909e0b2c-2446-4978-9f69-506b5012636c req-909e0b2c-2446-4978-9f69-506b5012636c ] Request (ServerExternalEventsTest:setUpClass): 200 GET http://10.180.1.21/identity/v3/roles 0.024s
2025-11-14 09:42:16.410 66158 INFO tempest.lib.common.rest_client [req-cdb6429a-4bb2-4c67-9c2f-c01a85b5831b req-cdb6429a-4bb2-4c67-9c2f-c01a85b5831b ] Request (ServerExternalEventsTest:setUpClass): 204 PUT http://10.180.1.21/identity/v3/projects/09e87b225bcd45d2b32c0e9a596a1dba/users/fbf13312e4af4619878711680490fe5d/roles/feeb322ede4e4c31a1a3691317ea8d28 0.030s
2025-11-14 09:42:16.419 66172 INFO tempest.lib.common.rest_client [req-2ab7c262-cb52-4400-992a-93cc87a7c439 req-2ab7c262-cb52-4400-992a-93cc87a7c439 ] Request (SecurityGroupsTestJSON:test_server_security_groups): 204 DELETE http://10.180.1.21/compute/v2.1/servers/8b2737a5-7599-46e5-bf2b-3a65371304e9 0.518s
2025-11-14 09:42:16.467 66158 INFO tempest.lib.common.rest_client [req-be6c5fe0-067e-45fd-8d2a-c1f0198644cb req-be6c5fe0-067e-45fd-8d2a-c1f0198644cb ] Request (ServerExternalEventsTest:setUpClass): 200 GET http://10.180.1.21/identity/v3/roles 0.057s
2025-11-14 09:42:16.493 66140 INFO tempest.lib.common.rest_client [req-747729eb-15b7-480f-970a-e86feabd7101 req-747729eb-15b7-480f-970a-e86feabd7101 ] Request (ServersAdminTestJSON:test_reset_state_server): 202 POST http://10.180.1.21/compute/v2.1/servers/3ff5d4ad-a4d1-448b-ac91-df3846880860/action 0.548s
2025-11-14 09:42:16.506 66158 INFO tempest.lib.common.rest_client [req-08be3fca-36bf-4c8e-a4a1-0268dd34c3d7 req-08be3fca-36bf-4c8e-a4a1-0268dd34c3d7 ] Request (ServerExternalEventsTest:setUpClass): 204 PUT http://10.180.1.21/identity/v3/projects/09e87b225bcd45d2b32c0e9a596a1dba/users/fbf13312e4af4619878711680490fe5d/roles/feeb322ede4e4c31a1a3691317ea8d28 0.038s
2025-11-14 09:42:16.506 66158 INFO tempest.lib.common.dynamic_creds [-] Dynamic test user fbf13312e4af4619878711680490fe5d is created with scope project and roles: ['admin']
2025-11-14 09:42:16.507 66158 INFO tempest.lib.common.dynamic_creds [-] Acquired dynamic creds: credentials: Credentials: {'domain_id': 'default', 'domain_name': 'Default', 'username': 'tempest-ServerExternalEventsTest-455269300-project-admin', 'project_domain_id': 'default', 'project_domain_name': 'Default', 'project_id': '09e87b225bcd45d2b32c0e9a596a1dba', 'project_name': 'tempest-ServerExternalEventsTest-455269300', 'tenant_id': '09e87b225bcd45d2b32c0e9a596a1dba', 'tenant_name': 'tempest-ServerExternalEventsTest-455269300', 'user_domain_id': 'default', 'user_domain_name': 'Default', 'user_id': 'fbf13312e4af4619878711680490fe5d', 'system': None}, Network: None, Subnet: None, Router: None
2025-11-14 09:42:16.507 66158 INFO tempest.lib.common.dynamic_creds [-] Created isolated network resources for: credentials: Credentials: {'domain_id': 'default', 'domain_name': 'Default', 'username': 'tempest-ServerExternalEventsTest-455269300-project-admin', 'project_domain_id': 'default', 'project_domain_name': 'Default', 'project_id': '09e87b225bcd45d2b32c0e9a596a1dba', 'project_name': 'tempest-ServerExternalEventsTest-455269300', 'tenant_id': '09e87b225bcd45d2b32c0e9a596a1dba', 'tenant_name': 'tempest-ServerExternalEventsTest-455269300', 'user_domain_id': 'default', 'user_domain_name': 'Default', 'user_id': 'fbf13312e4af4619878711680490fe5d', 'system': None}, Network: None, Subnet: None, Router: None
2025-11-14 09:42:16.606 66158 INFO tempest.lib.common.rest_client [req-3f442e14-a699-4038-b47c-92a77a25f654 req-3f442e14-a699-4038-b47c-92a77a25f654 ] Request (ServerExternalEventsTest:setUpClass): 201 POST http://10.180.1.21/identity/v3/auth/tokens 0.096s
2025-11-14 09:42:16.608 66154 INFO tempest.lib.common.rest_client [req-480adef9-9a27-41f4-906d-2d2a7ca7677c req-480adef9-9a27-41f4-906d-2d2a7ca7677c ] Request (ServerTagsTestJSON:setUpClass): 200 GET http://10.180.1.21/compute/v2.1/servers/bac493d9-6454-481c-8703-177efd82b3c6 0.644s
2025-11-14 09:42:16.706 66138 INFO tempest.lib.common.rest_client [req-5b07d44f-5bfb-4605-9052-a80ef8c0dcf2 req-5b07d44f-5bfb-4605-9052-a80ef8c0dcf2 ] Request (ServerDiagnosticsTest:tearDownClass): 200 GET http://10.180.1.21/compute/v2.1/servers/80a2ff50-89a6-4a89-a19b-8626f61e4957 0.731s
2025-11-14 09:42:16.707 66158 INFO tempest.lib.common.rest_client [req-ee1699a4-8f46-43e5-b05f-19b946a87547 req-ee1699a4-8f46-43e5-b05f-19b946a87547 ] Request (ServerExternalEventsTest:setUpClass): 201 POST http://10.180.1.21/identity/v3/projects 0.101s
2025-11-14 09:42:16.753 66148 INFO tempest.lib.common.rest_client [req-d368a538-ca46-4d80-974e-893d29991472 req-d368a538-ca46-4d80-974e-893d29991472 ] Request (ListImageFiltersTestJSON:test_list_images_with_detail_filter_by_type): 200 GET http://10.180.1.21/compute/v2.1/images/adb34096-3af7-4ffc-8a1c-488627c9d403 0.748s
2025-11-14 09:42:16.791 66158 INFO tempest.lib.common.rest_client [req-a1ff9c90-43bf-4efc-b6ac-8cac5a806c55 req-a1ff9c90-43bf-4efc-b6ac-8cac5a806c55 ] Request (ServerExternalEventsTest:setUpClass): 201 POST http://10.180.1.21/identity/v3/users 0.083s
2025-11-14 09:42:16.818 66158 INFO tempest.lib.common.rest_client [req-8c909530-3c47-4983-b216-ae4ea7053931 req-8c909530-3c47-4983-b216-ae4ea7053931 ] Request (ServerExternalEventsTest:setUpClass): 200 GET http://10.180.1.21/identity/v3/roles 0.026s
2025-11-14 09:42:16.855 66158 INFO tempest.lib.common.rest_client [req-73c2f1a5-e5e0-428f-a988-25ec2421b221 req-73c2f1a5-e5e0-428f-a988-25ec2421b221 ] Request (ServerExternalEventsTest:setUpClass): 204 PUT http://10.180.1.21/identity/v3/projects/df06240c1fd344579b9af504120ca0f3/users/a2bbf47af0e8437cb37d8ecc232c45e9/roles/0f45d338aa634d25befbf54268a39734 0.037s
2025-11-14 09:42:16.938 66120 INFO tempest.lib.common.rest_client [req-f4ac5dfc-7c21-426f-b5a1-817a90ca2298 req-f4ac5dfc-7c21-426f-b5a1-817a90ca2298 ] Request (ServersWithSpecificFlavorTestJSON:test_verify_created_server_ephemeral_disk): 200 PUT http://10.180.1.21/networking/v2.0/floatingips/77a4b37d-8ddc-4733-a00f-343244799dee 0.623s
2025-11-14 09:42:16.949 66122 INFO tempest.lib.common.rest_client [req-a45e3f0a-d37a-4940-b18b-6634a419eef1 req-a45e3f0a-d37a-4940-b18b-6634a419eef1 ] Request (ServerDiagnosticsNegativeTest:test_get_server_diagnostics_by_non_admin): 200 GET http://10.180.1.21/compute/v2.1/servers/de6a1df2-e812-4853-9b01-9217829200c4 0.784s
2025-11-14 09:42:16.964 66158 INFO tempest.lib.common.rest_client [req-fbc94042-b6ef-47cc-a71f-f75c8ebfe647 req-fbc94042-b6ef-47cc-a71f-f75c8ebfe647 ] Request (ServerExternalEventsTest:setUpClass): 200 GET http://10.180.1.21/identity/v3/roles 0.108s
2025-11-14 09:42:17.010 66158 INFO tempest.lib.common.rest_client [req-bc728caa-a291-434d-8518-78d43475a724 req-bc728caa-a291-434d-8518-78d43475a724 ] Request (ServerExternalEventsTest:setUpClass): 204 PUT http://10.180.1.21/identity/v3/projects/df06240c1fd344579b9af504120ca0f3/users/a2bbf47af0e8437cb37d8ecc232c45e9/roles/feeb322ede4e4c31a1a3691317ea8d28 0.044s
2025-11-14 09:42:17.010 66158 INFO tempest.lib.common.dynamic_creds [-] Dynamic test user a2bbf47af0e8437cb37d8ecc232c45e9 is created with scope project and roles: ['service', 'admin']
2025-11-14 09:42:17.011 66158 INFO tempest.lib.common.dynamic_creds [-] Acquired dynamic creds: credentials: Credentials: {'domain_id': 'default', 'domain_name': 'Default', 'username': 'tempest-ServerExternalEventsTest-1506058895-project', 'project_domain_id': 'default', 'project_domain_name': 'Default', 'project_id': 'df06240c1fd344579b9af504120ca0f3', 'project_name': 'tempest-ServerExternalEventsTest-1506058895', 'tenant_id': 'df06240c1fd344579b9af504120ca0f3', 'tenant_name': 'tempest-ServerExternalEventsTest-1506058895', 'user_domain_id': 'default', 'user_domain_name': 'Default', 'user_id': 'a2bbf47af0e8437cb37d8ecc232c45e9', 'system': None}, Network: None, Subnet: None, Router: None
2025-11-14 09:42:17.011 66158 INFO tempest.lib.common.dynamic_creds [-] Created isolated network resources for: credentials: Credentials: {'domain_id': 'default', 'domain_name': 'Default', 'username': 'tempest-ServerExternalEventsTest-1506058895-project', 'project_domain_id': 'default', 'project_domain_name': 'Default', 'project_id': 'df06240c1fd344579b9af504120ca0f3', 'project_name': 'tempest-ServerExternalEventsTest-1506058895', 'tenant_id': 'df06240c1fd344579b9af504120ca0f3', 'tenant_name': 'tempest-ServerExternalEventsTest-1506058895', 'user_domain_id': 'default', 'user_domain_name': 'Default', 'user_id': 'a2bbf47af0e8437cb37d8ecc232c45e9', 'system': None}, Network: None, Subnet: None, Router: None
2025-11-14 09:42:17.052 66160 INFO tempest.lib.common.rest_client [req-c62e6338-1a0d-473f-a19e-315eec16cb68 req-c62e6338-1a0d-473f-a19e-315eec16cb68 ] Request (ServerPasswordTestJSON:setUpClass): 202 POST http://10.180.1.21/compute/v2.1/servers 1.251s
2025-11-14 09:42:17.071 66118 INFO tempest.lib.common.rest_client [req-0d3313fe-a388-4b49-bae7-b826e9faf264 req-0d3313fe-a388-4b49-bae7-b826e9faf264 ] Request (ServersAdmin275Test:tearDownClass): 200 GET http://10.180.1.21/compute/v2.1/servers/1d50880f-2457-4943-a18a-116efedc1d97 0.882s
2025-11-14 09:42:17.135 66176 WARNING tempest.lib.common.ssh [-] Failed to establish authenticated ssh connection to cirros@10.180.180.129 ([Errno None] Unable to connect to port 22 on 10.180.180.129). Number attempts: 1. Retry after 2 seconds.: paramiko.ssh_exception.NoValidConnectionsError: [Errno None] Unable to connect to port 22 on 10.180.180.129
2025-11-14 09:42:17.162 66158 INFO tempest.lib.common.rest_client [req-5149f91a-a9cf-42c5-9330-6254a75af977 req-5149f91a-a9cf-42c5-9330-6254a75af977 ] Request (ServerExternalEventsTest:setUpClass): 201 POST http://10.180.1.21/identity/v3/auth/tokens 0.147s
2025-11-14 09:42:17.175 66168 INFO tempest.lib.common.rest_client [req-cb6108db-e086-4014-8dd3-25e37b376287 req-cb6108db-e086-4014-8dd3-25e37b376287 ] Request (ServersTestJSON:test_create_specify_keypair): 200 GET http://10.180.1.21/compute/v2.1/servers/0d134c02-76e4-4bf5-8313-94d6229c3db7 0.905s
2025-11-14 09:42:17.263 66158 INFO tempest.lib.common.rest_client [req-327a43f2-1c31-4623-aed5-7c4bd431a097 req-327a43f2-1c31-4623-aed5-7c4bd431a097 ] Request (ServerExternalEventsTest:test_create_server_external_events): 201 POST http://10.180.1.21/identity/v3/auth/tokens 0.095s
2025-11-14 09:42:17.263 66158 INFO tempest.lib.common.fixed_network [-] (ServerExternalEventsTest:test_create_server_external_events) Found network None available for tenant
2025-11-14 09:42:17.318 66172 INFO tempest.lib.common.rest_client [req-1b9672e9-e7e4-46c1-9a4c-e4c44e0ed8c4 req-1b9672e9-e7e4-46c1-9a4c-e4c44e0ed8c4 ] Request (SecurityGroupsTestJSON:test_server_security_groups): 200 GET http://10.180.1.21/compute/v2.1/servers/8b2737a5-7599-46e5-bf2b-3a65371304e9 0.899s
2025-11-14 09:42:17.323 66140 INFO tempest.lib.common.rest_client [req-2eaf3322-b805-4360-9794-e399f7363704 req-2eaf3322-b805-4360-9794-e399f7363704 ] Request (ServersAdminTestJSON:test_reset_state_server): 200 GET http://10.180.1.21/compute/v2.1/servers/3ff5d4ad-a4d1-448b-ac91-df3846880860 0.829s
2025-11-14 09:42:17.381 66152 INFO tempest.lib.common.rest_client [req-2a9b6475-7145-41fa-934d-fb0b36920c56 req-2a9b6475-7145-41fa-934d-fb0b36920c56 ] Request (ImagesOneServerNegativeTestJSON:_run_cleanups): 200 GET http://10.180.1.21/compute/v2.1/servers/84a96f01-0eca-4ed2-a222-1a58fb326217 0.699s
2025-11-14 09:42:17.426 66164 INFO tempest.lib.common.rest_client [req-05d81d13-ea94-427a-848e-da702cda49b5 req-05d81d13-ea94-427a-848e-da702cda49b5 ] Request (ServerActionsTestOtherB:test_create_backup): 200 GET http://10.180.1.21/compute/v2.1/servers/cac75da9-2cdd-4853-ac53-9cf97e27e6f0 0.878s
2025-11-14 09:42:17.445 66148 INFO tempest.lib.common.rest_client [req-85f267ef-5fdb-4bb8-9a79-4ec547cdd16b req-85f267ef-5fdb-4bb8-9a79-4ec547cdd16b ] Request (ListImageFiltersTestJSON:test_list_images_with_detail_limit_results): 200 GET http://10.180.1.21/compute/v2.1/images/detail?limit=1 0.686s
2025-11-14 09:42:17.498 66130 INFO tempest.lib.common.rest_client [req-3ab3c22f-0920-484b-9968-6786c1c11a64 req-3ab3c22f-0920-484b-9968-6786c1c11a64 ] Request (ServersAdminNegativeTestJSON:tearDownClass): 200 GET http://10.180.1.21/compute/v2.1/servers/07cfa899-1cc4-4796-9571-3dc2f51721c7 0.731s
2025-11-14 09:42:17.521 66142 INFO tempest.lib.common.rest_client [req-5654d315-c6d1-4cb2-9fa6-123064c8eaac req-5654d315-c6d1-4cb2-9fa6-123064c8eaac ] Request (AttachInterfacesTestJSON:test_create_list_show_delete_interfaces_by_fixed_ip): 200 GET http://10.180.1.21/compute/v2.1/servers/9dab49d7-6096-443a-a073-92f990e4d873/os-interface 0.717s
2025-11-14 09:42:17.555 66134 INFO tempest.lib.common.rest_client [req-16413b45-9587-4c59-860b-9a2cba248527 req-16413b45-9587-4c59-860b-9a2cba248527 ] Request (InstanceActionsTestJSON:setUpClass): 200 GET http://10.180.1.21/compute/v2.1/servers/bc7a91f6-3e2b-4520-b116-acdbf051a825 0.710s
2025-11-14 09:42:17.623 66178 INFO tempest.lib.common.rest_client [req-fa36aaea-65b0-4184-ac6f-d4ca2d8ae478 req-fa36aaea-65b0-4184-ac6f-d4ca2d8ae478 ] Request (VolumesAssistedSnapshotsTest:tearDownClass): 200 GET http://10.180.1.21/compute/v2.1/servers/2c68f65a-9132-440f-90c0-033cfc0bc468 0.637s
2025-11-14 09:42:17.662 66120 INFO tempest.lib.common.rest_client [req-c31d27b7-d88f-41d0-ad83-7f822fb01b82 req-c31d27b7-d88f-41d0-ad83-7f822fb01b82 ] Request (ServersWithSpecificFlavorTestJSON:test_verify_created_server_ephemeral_disk): 200 GET http://10.180.1.21/compute/v2.1/servers/0bf9a8e8-ce10-4e65-bcbe-0fb1a340c1d0 0.721s
2025-11-14 09:42:17.671 66120 INFO tempest.lib.common.ssh [-] Creating ssh connection to '10.180.180.238:22' as 'cirros' with public key authentication
2025-11-14 09:42:17.705 66160 INFO tempest.lib.common.rest_client [req-da371b79-9c26-4649-a696-906333340068 req-da371b79-9c26-4649-a696-906333340068 ] Request (ServerPasswordTestJSON:setUpClass): 200 GET http://10.180.1.21/compute/v2.1/servers/27b128c2-413c-45a2-b12e-1d142a152472 0.651s
2025-11-14 09:42:17.786 66124 INFO tempest.lib.common.rest_client [req-4f9906f4-0093-4919-9204-c3ce95b1e5b8 req-4f9906f4-0093-4919-9204-c3ce95b1e5b8 ] Request (MultipleCreateTestJSON:tearDownClass): 200 GET http://10.180.1.21/compute/v2.1/servers/ea65ec6e-c98c-466e-9ccc-616268b504a3 0.706s
2025-11-14 09:42:17.895 66170 INFO tempest.lib.common.rest_client [req-e403badb-ae9b-41ac-8fbc-59caf7f21643 req-e403badb-ae9b-41ac-8fbc-59caf7f21643 ] Request (ImagesTestJSON:test_create_server_from_snapshot): 200 GET http://10.180.1.21/compute/v2.1/servers/3ef457af-6c07-44ca-8b45-a3b15c41bd00 0.785s
2025-11-14 09:42:17.909 66156 INFO tempest.lib.common.rest_client [req-fa2a76bf-b248-455b-a6f0-8e7d23265d48 req-fa2a76bf-b248-455b-a6f0-8e7d23265d48 ] Request (ServerDiagnosticsV248Test:tearDownClass): 200 GET http://10.180.1.21/compute/v2.1/servers/e0663ec4-b1fc-4f50-b7ac-775601cbf46c 0.758s
2025-11-14 09:42:17.962 66180 WARNING tempest.lib.common.ssh [-] Failed to establish authenticated ssh connection to cirros@10.180.180.162 ([Errno None] Unable to connect to port 22 on 10.180.180.162). Number attempts: 2. Retry after 3 seconds.: paramiko.ssh_exception.NoValidConnectionsError: [Errno None] Unable to connect to port 22 on 10.180.180.162
2025-11-14 09:42:17.970 66150 INFO tempest.lib.common.rest_client [req-750796e9-dad9-4085-9ec8-ef6ba746d7d0 req-750796e9-dad9-4085-9ec8-ef6ba746d7d0 ] Request (ServerShowV257Test:tearDownClass): 200 GET http://10.180.1.21/compute/v2.1/servers/7a24c01c-f821-4b6e-8bbd-0074cae162eb 0.779s
2025-11-14 09:42:18.021 66166 INFO tempest.lib.common.rest_client [req-aa81f3ad-39e6-4ff0-8c1f-7fc769d25493 req-aa81f3ad-39e6-4ff0-8c1f-7fc769d25493 ] Request (FloatingIPsAssociationTestJSON:tearDownClass): 200 GET http://10.180.1.21/compute/v2.1/servers/d0593288-07e3-4cef-9462-628c61e2db8a 0.771s
2025-11-14 09:42:18.092 66136 INFO tempest.lib.common.rest_client [req-72a199b1-d987-4cab-97a6-66efbad8495e req-72a199b1-d987-4cab-97a6-66efbad8495e ] Request (ServersTestMultiNic:_run_cleanups): 200 GET http://10.180.1.21/compute/v2.1/servers/a951e0d8-62db-417b-a061-b3162e27286b 0.826s
2025-11-14 09:42:18.182 66140 INFO tempest.lib.common.rest_client [req-19ffaa3a-852c-4a03-94ec-6b848c0ea69a req-19ffaa3a-852c-4a03-94ec-6b848c0ea69a ] Request (ServersAdminTestJSON:tearDownClass): 204 DELETE http://10.180.1.21/compute/v2.1/servers/8e7dc539-736f-495e-9783-d47e93079c1d 0.850s
2025-11-14 09:42:18.249 66146 INFO tempest.lib.common.rest_client [req-b486ddba-fe55-48e4-b7e0-d703857b7c43 req-b486ddba-fe55-48e4-b7e0-d703857b7c43 ] Request (ServersListShow298Test:test_list_show_update_rebuild_server_298): 200 GET http://10.180.1.21/compute/v2.1/servers/0b1c8a23-6fea-4c09-9ccd-f0399b8a6f77 0.903s
2025-11-14 09:42:18.268 66158 INFO tempest.lib.common.rest_client [req-413f74d2-8299-4964-9169-c899ff9bd6a6 req-413f74d2-8299-4964-9169-c899ff9bd6a6 ] Request (ServerExternalEventsTest:test_create_server_external_events): 202 POST http://10.180.1.21/compute/v2.1/servers 1.004s
2025-11-14 09:42:18.327 66154 INFO tempest.lib.common.rest_client [req-fb543378-ae28-4a35-a37a-5a6d502151fa req-fb543378-ae28-4a35-a37a-5a6d502151fa ] Request (ServerTagsTestJSON:setUpClass): 200 GET http://10.180.1.21/compute/v2.1/servers/bac493d9-6454-481c-8703-177efd82b3c6 0.702s
2025-11-14 09:42:18.378 66148 INFO tempest.lib.common.rest_client [req-7e811219-383b-4fd4-8172-ea27a766ddd5 req-7e811219-383b-4fd4-8172-ea27a766ddd5 ] Request (ListImageFiltersTestJSON:tearDownClass): 204 DELETE http://10.180.1.21/compute/v2.1/images/44f4feba-de98-464d-9b34-91ecbbc30d4b 0.926s
2025-11-14 09:42:18.412 66138 INFO tempest.lib.common.rest_client [req-ca53e68d-b0a1-41d9-97cf-cf6f100733df req-ca53e68d-b0a1-41d9-97cf-cf6f100733df ] Request (ServerDiagnosticsTest:tearDownClass): 200 GET http://10.180.1.21/compute/v2.1/servers/80a2ff50-89a6-4a89-a19b-8626f61e4957 0.694s
2025-11-14 09:42:18.450 66122 INFO tempest.lib.common.rest_client [req-f7cf77db-909f-482e-ae75-223cd34e8e99 req-f7cf77db-909f-482e-ae75-223cd34e8e99 ] Request (ServerDiagnosticsNegativeTest:test_get_server_diagnostics_by_non_admin): 200 GET http://10.180.1.21/compute/v2.1/servers/de6a1df2-e812-4853-9b01-9217829200c4 0.487s
2025-11-14 09:42:18.491 66118 INFO tempest.lib.common.rest_client [req-74f60204-4f7b-430b-908e-84f7c7c10dae req-74f60204-4f7b-430b-908e-84f7c7c10dae ] Request (ServersAdmin275Test:tearDownClass): 200 GET http://10.180.1.21/compute/v2.1/servers/1d50880f-2457-4943-a18a-116efedc1d97 0.400s
2025-11-14 09:42:18.537 66132 WARNING tempest.lib.common.ssh [-] Failed to establish authenticated ssh connection to cirros@10.180.180.191 ([Errno None] Unable to connect to port 22 on 10.180.180.191). Number attempts: 8. Retry after 9 seconds.: paramiko.ssh_exception.NoValidConnectionsError: [Errno None] Unable to connect to port 22 on 10.180.180.191
2025-11-14 09:42:18.540 66168 INFO tempest.lib.common.rest_client [req-ee397d34-15fe-4843-8010-cce979eb4962 req-ee397d34-15fe-4843-8010-cce979eb4962 ] Request (ServersTestJSON:test_create_specify_keypair): 200 GET http://10.180.1.21/compute/v2.1/servers/0d134c02-76e4-4bf5-8313-94d6229c3db7 0.355s
2025-11-14 09:42:18.581 66158 INFO tempest.lib.common.rest_client [req-dc3558eb-16e8-4807-ac01-aa75259fb2a2 req-dc3558eb-16e8-4807-ac01-aa75259fb2a2 ] Request (ServerExternalEventsTest:test_create_server_external_events): 200 GET http://10.180.1.21/compute/v2.1/servers/9fe1dc9a-076b-46b3-bb91-879d2e02b2b0 0.311s
2025-11-14 09:42:18.618 66140 INFO tempest.lib.common.rest_client [req-e16744d1-d692-4d1d-bc84-e83060d44099 req-e16744d1-d692-4d1d-bc84-e83060d44099 ] Request (ServersAdminTestJSON:tearDownClass): 200 GET http://10.180.1.21/compute/v2.1/servers/8e7dc539-736f-495e-9783-d47e93079c1d 0.435s
2025-11-14 09:42:18.640 66172 INFO tempest.lib.common.rest_client [req-d22441e7-458e-40a7-aeca-bd38ba0cf25b req-d22441e7-458e-40a7-aeca-bd38ba0cf25b ] Request (SecurityGroupsTestJSON:test_server_security_groups): 200 GET http://10.180.1.21/compute/v2.1/servers/8b2737a5-7599-46e5-bf2b-3a65371304e9 0.312s
2025-11-14 09:42:18.694 66152 INFO tempest.lib.common.rest_client [req-efc329cf-53ed-489d-8ffb-44a1b9b4d942 req-efc329cf-53ed-489d-8ffb-44a1b9b4d942 ] Request (ImagesOneServerNegativeTestJSON:_run_cleanups): 200 GET http://10.180.1.21/compute/v2.1/servers/84a96f01-0eca-4ed2-a222-1a58fb326217 0.302s
2025-11-14 09:42:18.712 66148 INFO tempest.lib.common.rest_client [req-2d97df9d-edae-4d77-94ad-2eb7607318a6 req-2d97df9d-edae-4d77-94ad-2eb7607318a6 ] Request (ListImageFiltersTestJSON:tearDownClass): 204 DELETE http://10.180.1.21/compute/v2.1/images/1a57a345-44c5-4d21-b3b5-9efcd496bed6 0.333s
2025-11-14 09:42:18.771 66130 INFO tempest.lib.common.rest_client [req-68fe728f-ca72-4854-a482-f5e10ca11550 req-68fe728f-ca72-4854-a482-f5e10ca11550 ] Request (ServersAdminNegativeTestJSON:tearDownClass): 200 GET http://10.180.1.21/compute/v2.1/servers/07cfa899-1cc4-4796-9571-3dc2f51721c7 0.265s
2025-11-14 09:42:18.793 66164 INFO tempest.lib.common.rest_client [req-5cc5b134-910c-42a3-bce1-65219d4eca5b req-5cc5b134-910c-42a3-bce1-65219d4eca5b ] Request (ServerActionsTestOtherB:test_create_backup): 200 GET http://10.180.1.21/compute/v2.1/servers/cac75da9-2cdd-4853-ac53-9cf97e27e6f0 0.358s
2025-11-14 09:42:18.875 66134 INFO tempest.lib.common.rest_client [req-d6ceec1e-e7d6-412d-827c-5b0c725ef43e req-d6ceec1e-e7d6-412d-827c-5b0c725ef43e ] Request (InstanceActionsTestJSON:setUpClass): 200 GET http://10.180.1.21/compute/v2.1/servers/bc7a91f6-3e2b-4520-b116-acdbf051a825 0.309s
2025-11-14 09:42:18.910 66142 INFO tempest.lib.common.rest_client [req-d10324c2-a346-408f-ae64-7100c9de78f6 req-d10324c2-a346-408f-ae64-7100c9de78f6 ] Request (AttachInterfacesTestJSON:test_create_list_show_delete_interfaces_by_fixed_ip): 200 GET http://10.180.1.21/compute/v2.1/servers/9dab49d7-6096-443a-a073-92f990e4d873/os-interface 0.385s
2025-11-14 09:42:18.936 66142 INFO tempest.lib.common.rest_client [req-5efa3587-bb8e-48b6-9a93-b6c3799d9e0b req-5efa3587-bb8e-48b6-9a93-b6c3799d9e0b ] Request (AttachInterfacesTestJSON:_run_cleanups): 404 DELETE http://10.180.1.21/networking/v2.0/ports/6f07b255-13b8-4db1-99d0-f917a581bc56 0.023s
2025-11-14 09:42:18.962 66178 INFO tempest.lib.common.rest_client [req-1f5f3d8f-7d87-465e-8e89-7cec9356142c req-1f5f3d8f-7d87-465e-8e89-7cec9356142c ] Request (VolumesAssistedSnapshotsTest:tearDownClass): 200 GET http://10.180.1.21/compute/v2.1/servers/2c68f65a-9132-440f-90c0-033cfc0bc468 0.327s
2025-11-14 09:42:19.035 66148 INFO tempest.lib.common.rest_client [req-6f81e529-80fc-4471-8c68-f221dcfcae69 req-6f81e529-80fc-4471-8c68-f221dcfcae69 ] Request (ListImageFiltersTestJSON:tearDownClass): 204 DELETE http://10.180.1.21/compute/v2.1/images/352a5f61-1e2d-4e9e-95d5-db34a8920557 0.322s
2025-11-14 09:42:19.043 66160 INFO tempest.lib.common.rest_client [req-678f4f15-8de0-4912-927a-919f6c8d6374 req-678f4f15-8de0-4912-927a-919f6c8d6374 ] Request (ServerPasswordTestJSON:setUpClass): 200 GET http://10.180.1.21/compute/v2.1/servers/27b128c2-413c-45a2-b12e-1d142a152472 0.324s
2025-11-14 09:42:19.051 66160 INFO tempest.common.waiters [-] State transition "BUILD/scheduling" ==> "BUILD/None" after 2 second wait
2025-11-14 09:42:19.129 66124 INFO tempest.lib.common.rest_client [req-2d957b47-032c-4052-9733-fa06cd47dbb6 req-2d957b47-032c-4052-9733-fa06cd47dbb6 ] Request (MultipleCreateTestJSON:tearDownClass): 200 GET http://10.180.1.21/compute/v2.1/servers/ea65ec6e-c98c-466e-9ccc-616268b504a3 0.330s
2025-11-14 09:42:19.219 66156 INFO tempest.lib.common.rest_client [req-faa48b2b-f0e5-4983-81e2-f0a4278d8268 req-faa48b2b-f0e5-4983-81e2-f0a4278d8268 ] Request (ServerDiagnosticsV248Test:tearDownClass): 200 GET http://10.180.1.21/compute/v2.1/servers/e0663ec4-b1fc-4f50-b7ac-775601cbf46c 0.296s
2025-11-14 09:42:19.235 66170 INFO tempest.lib.common.rest_client [req-62bf5e74-de52-473d-a8f8-f51067d23021 req-62bf5e74-de52-473d-a8f8-f51067d23021 ] Request (ImagesTestJSON:test_create_server_from_snapshot): 200 GET http://10.180.1.21/compute/v2.1/servers/3ef457af-6c07-44ca-8b45-a3b15c41bd00 0.333s
2025-11-14 09:42:19.300 66150 INFO tempest.lib.common.rest_client [req-aa5e3715-9022-4cd1-a1c2-b93c4f1f9c10 req-aa5e3715-9022-4cd1-a1c2-b93c4f1f9c10 ] Request (ServerShowV257Test:tearDownClass): 200 GET http://10.180.1.21/compute/v2.1/servers/7a24c01c-f821-4b6e-8bbd-0074cae162eb 0.320s
2025-11-14 09:42:19.321 66142 INFO tempest.lib.common.rest_client [req-ef0641b6-d651-4a14-a07c-4e80ced08d7a req-ef0641b6-d651-4a14-a07c-4e80ced08d7a ] Request (AttachInterfacesTestJSON:_run_cleanups): 204 DELETE http://10.180.1.21/compute/v2.1/servers/9dab49d7-6096-443a-a073-92f990e4d873 0.385s
2025-11-14 09:42:19.370 66166 INFO tempest.lib.common.rest_client [req-3c4b9a7a-eb4b-4d03-a6fa-af0abe4009f2 req-3c4b9a7a-eb4b-4d03-a6fa-af0abe4009f2 ] Request (FloatingIPsAssociationTestJSON:tearDownClass): 200 GET http://10.180.1.21/compute/v2.1/servers/d0593288-07e3-4cef-9462-628c61e2db8a 0.340s
2025-11-14 09:42:19.405 66148 INFO tempest.lib.common.rest_client [req-b58b83d1-28c8-469b-85c6-ad6fc98e75f0 req-b58b83d1-28c8-469b-85c6-ad6fc98e75f0 ] Request (ListImageFiltersTestJSON:tearDownClass): 204 DELETE http://10.180.1.21/compute/v2.1/servers/6055ef62-1628-47ef-9b17-dc1bcb5cb08a 0.369s
2025-11-14 09:42:19.436 66136 INFO tempest.lib.common.rest_client [req-8c8cdf3d-b756-4850-a439-df847ed6b782 req-8c8cdf3d-b756-4850-a439-df847ed6b782 ] Request (ServersTestMultiNic:_run_cleanups): 200 GET http://10.180.1.21/compute/v2.1/servers/a951e0d8-62db-417b-a061-b3162e27286b 0.334s
2025-11-14 09:42:19.496 66146 INFO tempest.lib.common.rest_client [req-a5c5a173-08cc-4938-b190-a6a84ecfb692 req-a5c5a173-08cc-4938-b190-a6a84ecfb692 ] Request (ServersListShow298Test:test_list_show_update_rebuild_server_298): 200 GET http://10.180.1.21/compute/v2.1/servers/0b1c8a23-6fea-4c09-9ccd-f0399b8a6f77 0.232s
2025-11-14 09:42:19.540 66142 INFO tempest.lib.common.rest_client [req-5dab0c8f-cb20-45fa-a2e0-4295974c90a4 req-5dab0c8f-cb20-45fa-a2e0-4295974c90a4 ] Request (AttachInterfacesTestJSON:_run_cleanups): 200 GET http://10.180.1.21/compute/v2.1/servers/9dab49d7-6096-443a-a073-92f990e4d873 0.218s
2025-11-14 09:42:19.556 66154 INFO tempest.lib.common.rest_client [req-cdf14482-ce3a-4846-9e28-48461903b529 req-cdf14482-ce3a-4846-9e28-48461903b529 ] Request (ServerTagsTestJSON:setUpClass): 200 GET http://10.180.1.21/compute/v2.1/servers/bac493d9-6454-481c-8703-177efd82b3c6 0.219s
