2025-11-14 09:40:56.580 66144 INFO tempest.lib.common.rest_client [req-eaf5b7c3-fcb8-462d-90af-98c0b4c8224c req-eaf5b7c3-fcb8-462d-90af-98c0b4c8224c ] Request (KeyPairsV22TestJSON:test_keypair_create_with_pub_key): 201 POST http://10.180.1.21/compute/v2.1/os-keypairs 2.071s
2025-11-14 09:40:56.630 66176 INFO tempest.lib.common.rest_client [req-b5ee78fd-412a-454b-a318-a8085cfa4c6f req-b5ee78fd-412a-454b-a318-a8085cfa4c6f ] Request (ServerActionsV293TestJSON:setUpClass): 201 POST http://10.180.1.21/identity/v3/users 0.096s
2025-11-14 09:40:56.649 66172 INFO tempest.lib.common.rest_client [req-c2be191f-5de4-4619-a3cd-f1771fae272f req-c2be191f-5de4-4619-a3cd-f1771fae272f ] Request (SecurityGroupsTestJSON:test_security_groups_create_list_delete): 202 DELETE http://10.180.1.21/compute/v2.1/os-security-groups/aabbe87d-0aae-4a51-aafc-531298d902ae 2.175s
2025-11-14 09:40:56.669 66176 INFO tempest.lib.common.rest_client [req-c952ade0-413f-4758-ab58-e363836ca678 req-c952ade0-413f-4758-ab58-e363836ca678 ] Request (ServerActionsV293TestJSON:setUpClass): 200 GET http://10.180.1.21/identity/v3/roles 0.038s
2025-11-14 09:40:56.672 66174 INFO tempest.lib.common.rest_client [req-c585659f-6cfe-48af-8095-bc6e796e10b3 req-c585659f-6cfe-48af-8095-bc6e796e10b3 ] Request (FloatingIPsTestJSON:_run_cleanups): 404 DELETE http://10.180.1.21/compute/v2.1/os-floating-ips/b6c17c61-1317-4cb9-bda2-c65813bf99b4 1.817s
2025-11-14 09:40:56.678 66118 INFO tempest.lib.common.rest_client [req-c25326c1-d3c7-410b-b230-c8dec6007fd5 req-c25326c1-d3c7-410b-b230-c8dec6007fd5 ] Request (QuotasAdminTestJSON:tearDownClass): 204 DELETE http://10.180.1.21/networking/v2.0/security-groups/e81ef047-b52f-40e8-8928-32e7cd8ac605 0.102s
2025-11-14 09:40:56.731 66176 INFO tempest.lib.common.rest_client [req-ea730fb9-3e6c-48ab-b2b9-d9ce58aba81e req-ea730fb9-3e6c-48ab-b2b9-d9ce58aba81e ] Request (ServerActionsV293TestJSON:setUpClass): 204 PUT http://10.180.1.21/identity/v3/projects/312c91ffacbb4d26a71a2aeeb16f6a9c/users/067df8b121ac4c68a7cccd49d8cfbc6c/roles/bbc4aa3af74b4d6a8b6643219685cef2 0.062s
2025-11-14 09:40:56.731 66176 INFO tempest.lib.common.dynamic_creds [-] Dynamic test user 067df8b121ac4c68a7cccd49d8cfbc6c is created with scope project and roles: ['member']
2025-11-14 09:40:56.732 66176 INFO tempest.lib.common.dynamic_creds [-] Acquired dynamic creds: credentials: Credentials: {'domain_id': 'default', 'domain_name': 'Default', 'username': 'tempest-ServerActionsV293TestJSON-1542425317-project-member', 'project_domain_id': 'default', 'project_domain_name': 'Default', 'project_id': '312c91ffacbb4d26a71a2aeeb16f6a9c', 'project_name': 'tempest-ServerActionsV293TestJSON-1542425317', 'tenant_id': '312c91ffacbb4d26a71a2aeeb16f6a9c', 'tenant_name': 'tempest-ServerActionsV293TestJSON-1542425317', 'user_domain_id': 'default', 'user_domain_name': 'Default', 'user_id': '067df8b121ac4c68a7cccd49d8cfbc6c', 'system': None}, Network: None, Subnet: None, Router: None
2025-11-14 09:40:56.778 66132 INFO tempest.lib.common.rest_client [req-0986841a-51a8-4f97-b91a-47c794680f04 req-0986841a-51a8-4f97-b91a-47c794680f04 ] Request (ServerActionsTestJSON:setUpClass): 200 GET http://10.180.1.21/compute/v2.1/servers/e1b06766-c023-44b3-b6f4-3e99c642ca26 1.521s
2025-11-14 09:40:56.847 66118 INFO tempest.lib.common.rest_client [req-8de2f925-629f-4110-a854-20a4bb579fbf req-8de2f925-629f-4110-a854-20a4bb579fbf ] Request (QuotasAdminTestJSON:tearDownClass): 204 DELETE http://10.180.1.21/identity/v3/projects/d66c54a4b86b43e6a1fec9bacc832a44 0.167s
2025-11-14 09:40:56.847 66118 INFO tempest.lib.common.dynamic_creds [-] Deleting project and security group for project: 870b402fe216470ebc18bd7ec53d7ff5
2025-11-14 09:40:56.860 66176 INFO tempest.lib.common.rest_client [req-e3fc4de8-0f4e-4d9c-b2ab-8820fe5b6a7f req-e3fc4de8-0f4e-4d9c-b2ab-8820fe5b6a7f ] Request (ServerActionsV293TestJSON:setUpClass): 201 POST http://10.180.1.21/identity/v3/auth/tokens 0.128s
2025-11-14 09:40:56.949 66170 INFO tempest.lib.common.rest_client [req-5c7719c3-6dd6-46a6-a027-7db8d576f03b req-5c7719c3-6dd6-46a6-a027-7db8d576f03b ] Request (ImagesTestJSON:test_create_image_from_suspended_server): 202 POST http://10.180.1.21/compute/v2.1/servers/9edabac4-b4e2-4161-aaa5-f991df880dd6/action 1.554s
2025-11-14 09:40:56.984 66118 INFO tempest.lib.common.rest_client [req-50c0c440-c1bb-4e07-93b2-ac47bb5fef61 req-50c0c440-c1bb-4e07-93b2-ac47bb5fef61 ] Request (QuotasAdminTestJSON:tearDownClass): 200 GET http://10.180.1.21/networking/v2.0/security-groups?tenant_id=870b402fe216470ebc18bd7ec53d7ff5&name=default 0.137s
2025-11-14 09:40:57.023 66148 INFO tempest.lib.common.rest_client [req-8e265949-009e-48ea-9d86-f941ffa60516 req-8e265949-009e-48ea-9d86-f941ffa60516 ] Request (ListImageFiltersTestJSON:setUpClass): 200 GET http://10.180.1.21/compute/v2.1/images/1a57a345-44c5-4d21-b3b5-9efcd496bed6 1.598s
2025-11-14 09:40:57.148 66164 INFO tempest.lib.common.rest_client [req-99663557-0e73-4f0a-8c71-ad8ab92e224d req-99663557-0e73-4f0a-8c71-ad8ab92e224d ] Request (ServerActionsTestOtherB:test_create_backup): 200 GET http://10.180.1.21/image/v2/images/4de5d233-cb93-4e8e-8628-4ab7903eaa42 0.017s
2025-11-14 09:40:57.156 66122 INFO tempest.lib.common.rest_client [req-617ed2b1-43df-4117-8e14-721cecbbea20 req-617ed2b1-43df-4117-8e14-721cecbbea20 ] Request (HostsAdminNegativeTestJSON:test_list_hosts_with_non_admin_user): 403 GET http://10.180.1.21/compute/v2.1/os-hosts 1.624s
2025-11-14 09:40:57.335 66176 INFO tempest.lib.common.rest_client [req-2eb78ba6-e270-46c5-8b5e-e06ef963cd26 req-2eb78ba6-e270-46c5-8b5e-e06ef963cd26 ] Request (ServerActionsV293TestJSON:setUpClass): 201 POST http://10.180.1.21/networking/v2.0/networks 0.474s
2025-11-14 09:40:57.613 66118 INFO tempest.lib.common.rest_client [req-01dcbd4d-73b1-406b-9869-4ecc9925c1ca req-01dcbd4d-73b1-406b-9869-4ecc9925c1ca ] Request (QuotasAdminTestJSON:tearDownClass): 204 DELETE http://10.180.1.21/networking/v2.0/security-groups/65d3659d-18d3-44da-8549-675fb7045755 0.628s
2025-11-14 09:40:57.721 66118 INFO tempest.lib.common.rest_client [req-34be21b4-e28c-498f-b352-34d59251cea2 req-34be21b4-e28c-498f-b352-34d59251cea2 ] Request (QuotasAdminTestJSON:tearDownClass): 204 DELETE http://10.180.1.21/identity/v3/projects/870b402fe216470ebc18bd7ec53d7ff5 0.107s
2025-11-14 09:40:57.734 66174 INFO tempest.lib.common.rest_client [req-3f1e7464-b5fd-4d24-9b8e-d28417ad0d31 req-3f1e7464-b5fd-4d24-9b8e-d28417ad0d31 ] Request (FloatingIPsTestJSON:tearDownClass): 200 PUT http://10.180.1.21/networking/v2.0/routers/4b263c17-3993-488f-a5b6-6c30e52ea6e0/remove_router_interface 1.060s
2025-11-14 09:40:57.860 66140 INFO tempest.lib.common.rest_client [req-496f1d59-203f-4917-8c81-c80f0f33c826 req-496f1d59-203f-4917-8c81-c80f0f33c826 ] Request (ServersAdminTestJSON:test_list_servers_by_admin_with_all_tenants): 200 GET http://10.180.1.21/compute/v2.1/servers/detail?all_tenants= 2.597s
2025-11-14 09:40:57.861 66118 INFO tempest.lib.common.rest_client [req-0e1d1adf-9a46-4ee1-926e-23fa3e800807 req-0e1d1adf-9a46-4ee1-926e-23fa3e800807 ] Request (ServersAdmin275Test:setUpClass): 201 POST http://10.180.1.21/identity/v3/auth/tokens 0.136s
2025-11-14 09:40:57.910 66140 WARNING tempest.lib.common.rest_client [-] Deprecated: "tenant_id" property is deprecated for removal, use "project_id" instead
2025-11-14 09:40:57.914 66180 INFO tempest.lib.common.rest_client [req-56bda9b1-a9d0-4efd-9edd-023dd98263e3 req-56bda9b1-a9d0-4efd-9edd-023dd98263e3 ] Request (AggregatesAdminNegativeTestJSON:test_aggregate_remove_host_as_user): 200 POST http://10.180.1.21/compute/v2.1/os-aggregates 2.152s
2025-11-14 09:40:57.942 66124 INFO tempest.lib.common.rest_client [req-65c493c0-dc81-489a-997f-7ec290042527 req-65c493c0-dc81-489a-997f-7ec290042527 ] Request (MultipleCreateTestJSON:test_multiple_create): 200 GET http://10.180.1.21/compute/v2.1/servers/d258a3b4-99e2-46f4-9ddc-f76c64a768f5 2.183s
2025-11-14 09:40:57.954 66118 INFO tempest.lib.common.rest_client [req-9099adad-d4e1-46fd-8d77-11ed127dc49e req-9099adad-d4e1-46fd-8d77-11ed127dc49e ] Request (ServersAdmin275Test:setUpClass): 201 POST http://10.180.1.21/identity/v3/auth/tokens 0.090s
2025-11-14 09:40:57.977 66158 INFO tempest.lib.common.rest_client [req-16c95566-e7f0-41fc-abf9-76e2ad3898cd req-16c95566-e7f0-41fc-abf9-76e2ad3898cd ] Request (FlavorsAdminTestJSON:test_is_public_string_variations): 200 GET http://10.180.1.21/compute/v2.1/flavors/detail?is_public=f 2.191s
2025-11-14 09:40:58.019 66118 INFO tempest.lib.common.rest_client [req-a7208734-12c0-4cda-ac50-2e4c25a176e0 req-a7208734-12c0-4cda-ac50-2e4c25a176e0 ] Request (ServersAdmin275Test:setUpClass): 200 GET http://10.180.1.21/identity/v3/domains?name=Default 0.062s
2025-11-14 09:40:58.055 66176 INFO tempest.lib.common.rest_client [req-b64aa048-4e54-44f4-892e-37e9b8646fa7 req-b64aa048-4e54-44f4-892e-37e9b8646fa7 ] Request (ServerActionsV293TestJSON:setUpClass): 201 POST http://10.180.1.21/networking/v2.0/subnets 0.719s
2025-11-14 09:40:58.124 66118 INFO tempest.lib.common.rest_client [req-37bac123-b592-42ab-ab5e-dec38c4c4053 req-37bac123-b592-42ab-ab5e-dec38c4c4053 ] Request (ServersAdmin275Test:setUpClass): 201 POST http://10.180.1.21/identity/v3/projects 0.104s
2025-11-14 09:40:58.146 66138 INFO tempest.lib.common.rest_client [req-da6e658f-289c-42fc-841f-9d7f80a69561 req-da6e658f-289c-42fc-841f-9d7f80a69561 ] Request (QuotaClassesAdmin257Test:test_update_default_quotas): 200 GET http://10.180.1.21/compute/v2.1/os-quota-class-sets/default 2.335s
2025-11-14 09:40:58.197 66118 INFO tempest.lib.common.rest_client [req-0fc19b26-fa17-456c-9ee6-fdf6b2f1d6c2 req-0fc19b26-fa17-456c-9ee6-fdf6b2f1d6c2 ] Request (ServersAdmin275Test:setUpClass): 201 POST http://10.180.1.21/identity/v3/users 0.072s
2025-11-14 09:40:58.234 66118 INFO tempest.lib.common.rest_client [req-695a8f55-732c-4484-adcd-c517233f53d5 req-695a8f55-732c-4484-adcd-c517233f53d5 ] Request (ServersAdmin275Test:setUpClass): 200 GET http://10.180.1.21/identity/v3/roles 0.036s
2025-11-14 09:40:58.280 66118 INFO tempest.lib.common.rest_client [req-94b5671b-5300-44fe-876d-c2ec29e30805 req-94b5671b-5300-44fe-876d-c2ec29e30805 ] Request (ServersAdmin275Test:setUpClass): 204 PUT http://10.180.1.21/identity/v3/projects/474215c8da9947a78d5b3a18132d701f/users/bde81bc7ca254cef99fcc2b6ec13e536/roles/bbc4aa3af74b4d6a8b6643219685cef2 0.046s
2025-11-14 09:40:58.280 66118 INFO tempest.lib.common.dynamic_creds [-] Dynamic test user bde81bc7ca254cef99fcc2b6ec13e536 is created with scope project and roles: ['member']
2025-11-14 09:40:58.280 66118 INFO tempest.lib.common.dynamic_creds [-] Acquired dynamic creds: credentials: Credentials: {'domain_id': 'default', 'domain_name': 'Default', 'username': 'tempest-ServersAdmin275Test-2128556584-project-member', 'project_domain_id': 'default', 'project_domain_name': 'Default', 'project_id': '474215c8da9947a78d5b3a18132d701f', 'project_name': 'tempest-ServersAdmin275Test-2128556584', 'tenant_id': '474215c8da9947a78d5b3a18132d701f', 'tenant_name': 'tempest-ServersAdmin275Test-2128556584', 'user_domain_id': 'default', 'user_domain_name': 'Default', 'user_id': 'bde81bc7ca254cef99fcc2b6ec13e536', 'system': None}, Network: None, Subnet: None, Router: None
2025-11-14 09:40:58.281 66118 INFO tempest.lib.common.dynamic_creds [-] Created isolated network resources for: credentials: Credentials: {'domain_id': 'default', 'domain_name': 'Default', 'username': 'tempest-ServersAdmin275Test-2128556584-project-member', 'project_domain_id': 'default', 'project_domain_name': 'Default', 'project_id': '474215c8da9947a78d5b3a18132d701f', 'project_name': 'tempest-ServersAdmin275Test-2128556584', 'tenant_id': '474215c8da9947a78d5b3a18132d701f', 'tenant_name': 'tempest-ServersAdmin275Test-2128556584', 'user_domain_id': 'default', 'user_domain_name': 'Default', 'user_id': 'bde81bc7ca254cef99fcc2b6ec13e536', 'system': None}, Network: None, Subnet: None, Router: None
2025-11-14 09:40:58.284 66142 WARNING tempest.lib.common.ssh [-] Failed to establish authenticated ssh connection to cirros@10.180.180.207 ([Errno None] Unable to connect to port 22 on 10.180.180.207). Number attempts: 1. Retry after 2 seconds.: paramiko.ssh_exception.NoValidConnectionsError: [Errno None] Unable to connect to port 22 on 10.180.180.207
2025-11-14 09:40:58.394 66118 INFO tempest.lib.common.rest_client [req-44f20318-b02d-47b0-b5dd-0583b0d6e7ce req-44f20318-b02d-47b0-b5dd-0583b0d6e7ce ] Request (ServersAdmin275Test:setUpClass): 201 POST http://10.180.1.21/identity/v3/auth/tokens 0.105s
2025-11-14 09:40:58.493 66118 INFO tempest.lib.common.rest_client [req-76be7136-10ba-4a3e-8102-d6bc9703e1e0 req-76be7136-10ba-4a3e-8102-d6bc9703e1e0 ] Request (ServersAdmin275Test:setUpClass): 201 POST http://10.180.1.21/identity/v3/projects 0.098s
2025-11-14 09:40:58.572 66174 INFO tempest.lib.common.rest_client [req-e83cafe3-cdf1-4adf-802c-4d35fee8d6a3 req-e83cafe3-cdf1-4adf-802c-4d35fee8d6a3 ] Request (FloatingIPsTestJSON:tearDownClass): 204 DELETE http://10.180.1.21/networking/v2.0/routers/4b263c17-3993-488f-a5b6-6c30e52ea6e0 0.837s
2025-11-14 09:40:58.582 66118 INFO tempest.lib.common.rest_client [req-f2192967-2938-4793-9e91-e7e85113bb20 req-f2192967-2938-4793-9e91-e7e85113bb20 ] Request (ServersAdmin275Test:setUpClass): 201 POST http://10.180.1.21/identity/v3/users 0.089s
2025-11-14 09:40:58.617 66118 INFO tempest.lib.common.rest_client [req-62d52e02-3863-45af-8908-990043dfb376 req-62d52e02-3863-45af-8908-990043dfb376 ] Request (ServersAdmin275Test:setUpClass): 200 GET http://10.180.1.21/identity/v3/roles 0.034s
2025-11-14 09:40:58.626 66152 INFO tempest.lib.common.rest_client [req-e5a750f8-e166-4da3-adb9-fad8c103b5a4 req-e5a750f8-e166-4da3-adb9-fad8c103b5a4 ] Request (ImagesOneServerNegativeTestJSON:setUp): 200 GET http://10.180.1.21/compute/v2.1/servers/7de93437-b006-4adb-9334-9ddc93702f48 2.858s
2025-11-14 09:40:58.658 66128 INFO tempest.lib.common.rest_client [req-16d8727f-d78b-40f9-a1d5-5fc8b50e3df9 req-16d8727f-d78b-40f9-a1d5-5fc8b50e3df9 ] Request (ServerAddressesNegativeTestJSON:tearDownClass): 404 GET http://10.180.1.21/compute/v2.1/servers/d9553940-6b65-4623-a6ff-5c53dd8ee7a0 2.708s
2025-11-14 09:40:58.666 66118 INFO tempest.lib.common.rest_client [req-937c1e13-e6f9-41a0-b758-10a4820a0c9b req-937c1e13-e6f9-41a0-b758-10a4820a0c9b ] Request (ServersAdmin275Test:setUpClass): 204 PUT http://10.180.1.21/identity/v3/projects/a42ae0ba56da49149184bdeab9b6f320/users/9288ce3110f24c98a7b8e90c7d4b4bcb/roles/feeb322ede4e4c31a1a3691317ea8d28 0.049s
2025-11-14 09:40:58.756 66118 INFO tempest.lib.common.rest_client [req-75fbe169-7073-4ad1-81e4-1f788953ad7b req-75fbe169-7073-4ad1-81e4-1f788953ad7b ] Request (ServersAdmin275Test:setUpClass): 200 GET http://10.180.1.21/identity/v3/roles 0.089s
2025-11-14 09:40:58.787 66118 INFO tempest.lib.common.rest_client [req-224cf4b4-4f24-4013-92c9-940dcabc422d req-224cf4b4-4f24-4013-92c9-940dcabc422d ] Request (ServersAdmin275Test:setUpClass): 204 PUT http://10.180.1.21/identity/v3/projects/a42ae0ba56da49149184bdeab9b6f320/users/9288ce3110f24c98a7b8e90c7d4b4bcb/roles/feeb322ede4e4c31a1a3691317ea8d28 0.031s
2025-11-14 09:40:58.788 66118 INFO tempest.lib.common.dynamic_creds [-] Dynamic test user 9288ce3110f24c98a7b8e90c7d4b4bcb is created with scope project and roles: ['admin']
2025-11-14 09:40:58.788 66118 INFO tempest.lib.common.dynamic_creds [-] Acquired dynamic creds: credentials: Credentials: {'domain_id': 'default', 'domain_name': 'Default', 'username': 'tempest-ServersAdmin275Test-454352480-project-admin', 'project_domain_id': 'default', 'project_domain_name': 'Default', 'project_id': 'a42ae0ba56da49149184bdeab9b6f320', 'project_name': 'tempest-ServersAdmin275Test-454352480', 'tenant_id': 'a42ae0ba56da49149184bdeab9b6f320', 'tenant_name': 'tempest-ServersAdmin275Test-454352480', 'user_domain_id': 'default', 'user_domain_name': 'Default', 'user_id': '9288ce3110f24c98a7b8e90c7d4b4bcb', 'system': None}, Network: None, Subnet: None, Router: None
2025-11-14 09:40:58.788 66118 INFO tempest.lib.common.dynamic_creds [-] Created isolated network resources for: credentials: Credentials: {'domain_id': 'default', 'domain_name': 'Default', 'username': 'tempest-ServersAdmin275Test-454352480-project-admin', 'project_domain_id': 'default', 'project_domain_name': 'Default', 'project_id': 'a42ae0ba56da49149184bdeab9b6f320', 'project_name': 'tempest-ServersAdmin275Test-454352480', 'tenant_id': 'a42ae0ba56da49149184bdeab9b6f320', 'tenant_name': 'tempest-ServersAdmin275Test-454352480', 'user_domain_id': 'default', 'user_domain_name': 'Default', 'user_id': '9288ce3110f24c98a7b8e90c7d4b4bcb', 'system': None}, Network: None, Subnet: None, Router: None
2025-11-14 09:40:58.844 66178 WARNING tempest.lib.common.ssh [-] Failed to establish authenticated ssh connection to cirros@10.180.180.174 ([Errno None] Unable to connect to port 22 on 10.180.180.174). Number attempts: 9. Retry after 10 seconds.: paramiko.ssh_exception.NoValidConnectionsError: [Errno None] Unable to connect to port 22 on 10.180.180.174
2025-11-14 09:40:58.867 66174 INFO tempest.lib.common.rest_client [req-6d9a08b6-58eb-4507-a4cb-e692e9689cdf req-6d9a08b6-58eb-4507-a4cb-e692e9689cdf ] Request (FloatingIPsTestJSON:tearDownClass): 204 DELETE http://10.180.1.21/networking/v2.0/subnets/0ac322a3-ed1e-4f8e-8e28-a540e79f433d 0.295s
2025-11-14 09:40:58.925 66118 INFO tempest.lib.common.rest_client [req-b7388a0f-5dfc-4fc6-8344-7704598ca2de req-b7388a0f-5dfc-4fc6-8344-7704598ca2de ] Request (ServersAdmin275Test:setUpClass): 201 POST http://10.180.1.21/identity/v3/auth/tokens 0.133s
2025-11-14 09:40:58.997 66118 INFO tempest.lib.common.rest_client [req-4a955a59-796e-462b-97d5-0eb6bb42d5c4 req-4a955a59-796e-462b-97d5-0eb6bb42d5c4 ] Request (ServersAdmin275Test:test_rebuild_update_server_275): 201 POST http://10.180.1.21/identity/v3/auth/tokens 0.065s
2025-11-14 09:40:58.997 66118 INFO tempest.lib.common.fixed_network [-] (ServersAdmin275Test:test_rebuild_update_server_275) Found network None available for tenant
2025-11-14 09:40:59.162 66176 INFO tempest.lib.common.rest_client [req-2938e8e0-3402-458d-b0f9-b898d1e4641c req-2938e8e0-3402-458d-b0f9-b898d1e4641c ] Request (ServerActionsV293TestJSON:setUpClass): 201 POST http://10.180.1.21/networking/v2.0/routers 1.107s
2025-11-14 09:40:59.315 66146 INFO paramiko.transport [-] Connected (version 2.0, client dropbear_2020.81)
2025-11-14 09:40:59.423 66146 INFO paramiko.transport [-] Authentication (publickey) successful!
2025-11-14 09:40:59.425 66146 INFO tempest.lib.common.ssh [-] ssh connection to cirros@10.180.180.171 successfully created
2025-11-14 09:40:59.508 66174 INFO tempest.lib.common.rest_client [req-3172b532-a54a-44e9-a670-8625753ab43f req-3172b532-a54a-44e9-a670-8625753ab43f ] Request (FloatingIPsTestJSON:tearDownClass): 204 DELETE http://10.180.1.21/networking/v2.0/networks/ed60c0e6-60b9-4596-8574-dba1f6966c28 0.641s
2025-11-14 09:40:59.679 66174 INFO tempest.lib.common.rest_client [req-eb73466f-09e0-4c9b-be9b-2b450b1b536d req-eb73466f-09e0-4c9b-be9b-2b450b1b536d ] Request (FloatingIPsTestJSON:tearDownClass): 204 DELETE http://10.180.1.21/identity/v3/users/69b1b51fb701419b8f3f5c60a2aa73f1 0.170s
2025-11-14 09:40:59.679 66174 INFO tempest.lib.common.dynamic_creds [-] Deleting project and security group for project: 836c933b69644df89bd7773436880818
2025-11-14 09:40:59.772 66128 INFO tempest.lib.common.rest_client [req-ec39d44c-1aef-4db9-acf1-271db3d209aa req-ec39d44c-1aef-4db9-acf1-271db3d209aa ] Request (ServerAddressesNegativeTestJSON:tearDownClass): 200 PUT http://10.180.1.21/networking/v2.0/routers/a457b5da-fcd4-48f9-b514-6c2f322df769/remove_router_interface 1.114s
2025-11-14 09:41:00.172 66174 INFO tempest.lib.common.rest_client [req-c913408f-a60a-4f7a-af5a-bcf632727e31 req-c913408f-a60a-4f7a-af5a-bcf632727e31 ] Request (FloatingIPsTestJSON:tearDownClass): 200 GET http://10.180.1.21/networking/v2.0/security-groups?tenant_id=836c933b69644df89bd7773436880818&name=default 0.493s
2025-11-14 09:41:00.216 66134 WARNING tempest.lib.common.ssh [-] Failed to establish authenticated ssh connection to cirros@10.180.180.141 ([Errno None] Unable to connect to port 22 on 10.180.180.141). Number attempts: 4. Retry after 5 seconds.: paramiko.ssh_exception.NoValidConnectionsError: [Errno None] Unable to connect to port 22 on 10.180.180.141
2025-11-14 09:41:00.475 66176 INFO tempest.lib.common.rest_client [req-6a5b048e-0eba-4411-b7e7-2080eef6620e req-6a5b048e-0eba-4411-b7e7-2080eef6620e ] Request (ServerActionsV293TestJSON:setUpClass): 200 PUT http://10.180.1.21/networking/v2.0/routers/2bd4ff8e-2b90-4728-9970-48243b51c795/add_router_interface 1.312s
2025-11-14 09:41:00.475 66176 INFO tempest.lib.common.dynamic_creds [-] Created isolated network resources for: credentials: Credentials: {'domain_id': 'default', 'domain_name': 'Default', 'username': 'tempest-ServerActionsV293TestJSON-1542425317-project-member', 'project_domain_id': 'default', 'project_domain_name': 'Default', 'project_id': '312c91ffacbb4d26a71a2aeeb16f6a9c', 'project_name': 'tempest-ServerActionsV293TestJSON-1542425317', 'tenant_id': '312c91ffacbb4d26a71a2aeeb16f6a9c', 'tenant_name': 'tempest-ServerActionsV293TestJSON-1542425317', 'user_domain_id': 'default', 'user_domain_name': 'Default', 'user_id': '067df8b121ac4c68a7cccd49d8cfbc6c', 'system': None}, Network: {'id': '1845ff38-1a41-4863-b255-5174f01fe09c', 'name': 'tempest-ServerActionsV293TestJSON-1916956029-network', 'tenant_id': '312c91ffacbb4d26a71a2aeeb16f6a9c', 'project_id': '312c91ffacbb4d26a71a2aeeb16f6a9c', 'admin_state_up': True, 'mtu': 8950, 'status': 'ACTIVE', 'subnets': [], 'shared': False, 'port_security_enabled': True, 'router:external': False, 'provider:network_type': 'vlan', 'provider:physical_network': 'default', 'provider:segmentation_id': 731, 'availability_zone_hints': [], 'availability_zones': [], 'ipv4_address_scope': None, 'ipv6_address_scope': None, 'description': '', 'tags': [], 'created_at': '2025-11-14T09:40:57Z', 'updated_at': '2025-11-14T09:40:57Z', 'revision_number': 1}, Subnet: {'id': 'f1c7bfad-a75f-4081-969c-fc40d875743b', 'name': 'tempest-ServerActionsV293TestJSON-1916956029-subnet', 'tenant_id': '312c91ffacbb4d26a71a2aeeb16f6a9c', 'network_id': '1845ff38-1a41-4863-b255-5174f01fe09c', 'ip_version': 4, 'subnetpool_id': None, 'enable_dhcp': True, 'ipv6_ra_mode': None, 'ipv6_address_mode': None, 'gateway_ip': '192.168.128.1', 'cidr': '192.168.128.0/28', 'allocation_pools': [{'start': '192.168.128.2', 'end': '192.168.128.14'}], 'host_routes': [], 'dns_nameservers': [], 'description': '', 'router:external': False, 'service_types': [], 'tags': [], 'created_at': '2025-11-14T09:40:57Z', 'updated_at': '2025-11-14T09:40:57Z', 'revision_number': 0, 'project_id': '312c91ffacbb4d26a71a2aeeb16f6a9c'}, Router: {'id': '2bd4ff8e-2b90-4728-9970-48243b51c795', 'name': 'tempest-ServerActionsV293TestJSON-1916956029-router', 'tenant_id': '312c91ffacbb4d26a71a2aeeb16f6a9c', 'admin_state_up': True, 'status': 'ACTIVE', 'external_gateway_info': {'network_id': '241e164b-421d-42e5-87d1-eb89bbec3fac', 'external_fixed_ips': [{'subnet_id': 'b0531ee1-7fd2-4927-9f31-529017a20319', 'ip_address': '10.180.180.251'}], 'enable_snat': True}, 'description': '', 'availability_zones': [], 'distributed': False, 'ha': False, 'availability_zone_hints': [], 'routes': [], 'flavor_id': None, 'tags': [], 'created_at': '2025-11-14T09:40:58Z', 'updated_at': '2025-11-14T09:40:58Z', 'revision_number': 2, 'project_id': '312c91ffacbb4d26a71a2aeeb16f6a9c'}
2025-11-14 09:41:00.598 66176 INFO tempest.lib.common.rest_client [req-6c2278cf-3529-49b5-8bcc-0cf22c4323d3 req-6c2278cf-3529-49b5-8bcc-0cf22c4323d3 ] Request (ServerActionsV293TestJSON:setUpClass): 201 POST http://10.180.1.21/identity/v3/auth/tokens 0.118s
2025-11-14 09:41:00.630 66128 INFO tempest.lib.common.rest_client [req-3b7fe26e-b061-4456-962f-e11400d6cdc3 req-3b7fe26e-b061-4456-962f-e11400d6cdc3 ] Request (ServerAddressesNegativeTestJSON:tearDownClass): 204 DELETE http://10.180.1.21/networking/v2.0/routers/a457b5da-fcd4-48f9-b514-6c2f322df769 0.857s
2025-11-14 09:41:00.751 66174 INFO tempest.lib.common.rest_client [req-9d77c05e-2258-406b-953d-4c8adb90e76a req-9d77c05e-2258-406b-953d-4c8adb90e76a ] Request (FloatingIPsTestJSON:tearDownClass): 204 DELETE http://10.180.1.21/networking/v2.0/security-groups/af12b5d3-2cf9-4eba-a21e-9b838df5aa28 0.578s
2025-11-14 09:41:00.939 66174 INFO tempest.lib.common.rest_client [req-2fe0d3f5-ab06-46e8-9e8c-c1d746b093a7 req-2fe0d3f5-ab06-46e8-9e8c-c1d746b093a7 ] Request (FloatingIPsTestJSON:tearDownClass): 204 DELETE http://10.180.1.21/identity/v3/projects/836c933b69644df89bd7773436880818 0.187s
2025-11-14 09:41:00.993 66128 INFO tempest.lib.common.rest_client [req-3d3a56c2-0322-45f4-9d0c-39d2127b9e2c req-3d3a56c2-0322-45f4-9d0c-39d2127b9e2c ] Request (ServerAddressesNegativeTestJSON:tearDownClass): 204 DELETE http://10.180.1.21/networking/v2.0/subnets/de193cb6-18a6-4d9f-93ac-36304ba239fd 0.362s
2025-11-14 09:41:01.016 66174 INFO tempest.lib.common.rest_client [req-7cccbc03-67a0-4994-9941-6e42d288cf44 req-7cccbc03-67a0-4994-9941-6e42d288cf44 ] Request (FloatingIPDetailsTestJSON:setUpClass): 201 POST http://10.180.1.21/identity/v3/auth/tokens 0.075s
2025-11-14 09:41:01.056 66174 INFO tempest.lib.common.rest_client [req-8c4084a5-b6c8-425e-9411-2d3ac64b118e req-8c4084a5-b6c8-425e-9411-2d3ac64b118e ] Request (FloatingIPDetailsTestJSON:setUpClass): 201 POST http://10.180.1.21/identity/v3/auth/tokens 0.035s
2025-11-14 09:41:01.099 66174 INFO tempest.lib.common.rest_client [req-1a8b2b41-2fdd-4ad4-a043-b88bb792409c req-1a8b2b41-2fdd-4ad4-a043-b88bb792409c ] Request (FloatingIPDetailsTestJSON:setUpClass): 200 GET http://10.180.1.21/identity/v3/domains?name=Default 0.042s
2025-11-14 09:41:01.130 66174 INFO tempest.lib.common.rest_client [req-0abaef40-d3ec-44b2-b1e9-9c050df860f5 req-0abaef40-d3ec-44b2-b1e9-9c050df860f5 ] Request (FloatingIPDetailsTestJSON:setUpClass): 201 POST http://10.180.1.21/identity/v3/projects 0.030s
2025-11-14 09:41:01.201 66174 INFO tempest.lib.common.rest_client [req-5e2be203-4bf6-47af-bd09-bdfce226e88d req-5e2be203-4bf6-47af-bd09-bdfce226e88d ] Request (FloatingIPDetailsTestJSON:setUpClass): 201 POST http://10.180.1.21/identity/v3/users 0.071s
2025-11-14 09:41:01.230 66174 INFO tempest.lib.common.rest_client [req-82ca255c-7338-44f1-a8bd-a0c7884b03e1 req-82ca255c-7338-44f1-a8bd-a0c7884b03e1 ] Request (FloatingIPDetailsTestJSON:setUpClass): 200 GET http://10.180.1.21/identity/v3/roles 0.028s
2025-11-14 09:41:01.270 66174 INFO tempest.lib.common.rest_client [req-2f20c87c-33d6-4e84-aeef-758124b8bdea req-2f20c87c-33d6-4e84-aeef-758124b8bdea ] Request (FloatingIPDetailsTestJSON:setUpClass): 204 PUT http://10.180.1.21/identity/v3/projects/24558daff795402d91ff8dcbf2cd2001/users/cc5b380f3f3c4bed8a840756095b30fb/roles/bbc4aa3af74b4d6a8b6643219685cef2 0.040s
2025-11-14 09:41:01.271 66174 INFO tempest.lib.common.dynamic_creds [-] Dynamic test user cc5b380f3f3c4bed8a840756095b30fb is created with scope project and roles: ['member']
2025-11-14 09:41:01.272 66174 INFO tempest.lib.common.dynamic_creds [-] Acquired dynamic creds: credentials: Credentials: {'domain_id': 'default', 'domain_name': 'Default', 'username': 'tempest-FloatingIPDetailsTestJSON-1986925694-project-member', 'project_domain_id': 'default', 'project_domain_name': 'Default', 'project_id': '24558daff795402d91ff8dcbf2cd2001', 'project_name': 'tempest-FloatingIPDetailsTestJSON-1986925694', 'tenant_id': '24558daff795402d91ff8dcbf2cd2001', 'tenant_name': 'tempest-FloatingIPDetailsTestJSON-1986925694', 'user_domain_id': 'default', 'user_domain_name': 'Default', 'user_id': 'cc5b380f3f3c4bed8a840756095b30fb', 'system': None}, Network: None, Subnet: None, Router: None
2025-11-14 09:41:01.353 66142 WARNING tempest.lib.common.ssh [-] Failed to establish authenticated ssh connection to cirros@10.180.180.207 ([Errno None] Unable to connect to port 22 on 10.180.180.207). Number attempts: 2. Retry after 3 seconds.: paramiko.ssh_exception.NoValidConnectionsError: [Errno None] Unable to connect to port 22 on 10.180.180.207
2025-11-14 09:41:01.356 66128 INFO tempest.lib.common.rest_client [req-0e868cc5-7c1e-4140-b785-4e027a0f0a26 req-0e868cc5-7c1e-4140-b785-4e027a0f0a26 ] Request (ServerAddressesNegativeTestJSON:tearDownClass): 204 DELETE http://10.180.1.21/networking/v2.0/networks/9ae8a4e7-07bb-4aae-bc49-4054c2d8ebe8 0.362s
2025-11-14 09:41:01.358 66174 INFO tempest.lib.common.rest_client [req-ad59e9d0-fa2b-4e8d-8f3e-7617b1ba2767 req-ad59e9d0-fa2b-4e8d-8f3e-7617b1ba2767 ] Request (FloatingIPDetailsTestJSON:setUpClass): 201 POST http://10.180.1.21/identity/v3/auth/tokens 0.086s
2025-11-14 09:41:01.462 66128 INFO tempest.lib.common.rest_client [req-241f6025-22cc-4367-8dca-0873f37cb81d req-241f6025-22cc-4367-8dca-0873f37cb81d ] Request (ServerAddressesNegativeTestJSON:tearDownClass): 204 DELETE http://10.180.1.21/identity/v3/users/ff1ba98dcfb842ddb94214043b7b1c4e 0.105s
2025-11-14 09:41:01.462 66128 INFO tempest.lib.common.dynamic_creds [-] Deleting project and security group for project: cfe53b19625548fd88e60a52a0d52ea9
2025-11-14 09:41:01.793 66174 INFO tempest.lib.common.rest_client [req-531b9119-c3bb-45ec-8550-fa994efb5963 req-531b9119-c3bb-45ec-8550-fa994efb5963 ] Request (FloatingIPDetailsTestJSON:setUpClass): 201 POST http://10.180.1.21/networking/v2.0/networks 0.435s
2025-11-14 09:41:02.213 66128 INFO tempest.lib.common.rest_client [req-52dc9e03-7202-4d64-b3e0-6075d5892cba req-52dc9e03-7202-4d64-b3e0-6075d5892cba ] Request (ServerAddressesNegativeTestJSON:tearDownClass): 200 GET http://10.180.1.21/networking/v2.0/security-groups?tenant_id=cfe53b19625548fd88e60a52a0d52ea9&name=default 0.751s
2025-11-14 09:41:02.233 66136 INFO tempest.lib.common.rest_client [req-fb68506d-4ae3-40af-a00d-925971bb6c77 req-fb68506d-4ae3-40af-a00d-925971bb6c77 ] Request (AttachInterfacesV270Test:test_create_get_list_interfaces): 400 POST http://10.180.1.21/compute/v2.1/servers/b8ba4b34-7b81-498b-be2b-2e6822ca4939/os-interface 6.077s
2025-11-14 09:41:02.394 66174 INFO tempest.lib.common.rest_client [req-60dd66e3-21b2-4900-bef2-bdb125b14745 req-60dd66e3-21b2-4900-bef2-bdb125b14745 ] Request (FloatingIPDetailsTestJSON:setUpClass): 201 POST http://10.180.1.21/networking/v2.0/subnets 0.600s
2025-11-14 09:41:02.503 66128 INFO tempest.lib.common.rest_client [req-d2ba5728-1e3f-4860-a58c-f65df0b1cce7 req-d2ba5728-1e3f-4860-a58c-f65df0b1cce7 ] Request (ServerAddressesNegativeTestJSON:tearDownClass): 204 DELETE http://10.180.1.21/networking/v2.0/security-groups/2da2e97a-80d1-48a9-b896-7100e8d1f650 0.289s
2025-11-14 09:41:02.570 66150 INFO tempest.lib.common.rest_client [req-57d42976-e56c-4af6-832e-ffd5f8205454 req-57d42976-e56c-4af6-832e-ffd5f8205454 ] Request (ServerRescueTestJSONUnderV235:tearDownClass): 200 GET http://10.180.1.21/compute/v2.1/servers/30dbda02-8d94-440d-b4d8-5b0c88419465 6.198s
2025-11-14 09:41:02.578 66150 INFO tempest.common.waiters [-] State transition "RESCUE/deleting" ==> "DELETED/None" after 7 second wait
2025-11-14 09:41:02.705 66128 INFO tempest.lib.common.rest_client [req-1256d79d-e77d-4ae8-afc9-4010cea16a91 req-1256d79d-e77d-4ae8-afc9-4010cea16a91 ] Request (ServerAddressesNegativeTestJSON:tearDownClass): 204 DELETE http://10.180.1.21/identity/v3/projects/cfe53b19625548fd88e60a52a0d52ea9 0.200s
2025-11-14 09:41:02.706 66128 INFO tempest.test [-] raised in ServerStableDeviceRescueTestIDE.setUpClass. Invoking tearDownClass.
2025-11-14 09:41:02.810 66128 INFO tempest.lib.common.rest_client [req-c214d395-4bba-4c06-806d-05ee12d7c017 req-c214d395-4bba-4c06-806d-05ee12d7c017 ] Request (ServerShowV263Test:setUpClass): 201 POST http://10.180.1.21/identity/v3/auth/tokens 0.101s
2025-11-14 09:41:02.849 66128 INFO tempest.lib.common.rest_client [req-e6926f7e-b53c-4453-86ab-0528fd8fa479 req-e6926f7e-b53c-4453-86ab-0528fd8fa479 ] Request (ServerShowV263Test:setUpClass): 201 POST http://10.180.1.21/identity/v3/auth/tokens 0.035s
2025-11-14 09:41:02.888 66128 INFO tempest.lib.common.rest_client [req-07ccdc31-f9dd-456a-bde6-781fa1bb144d req-07ccdc31-f9dd-456a-bde6-781fa1bb144d ] Request (ServerShowV263Test:setUpClass): 200 GET http://10.180.1.21/identity/v3/domains?name=Default 0.038s
2025-11-14 09:41:02.923 66128 INFO tempest.lib.common.rest_client [req-4284ce9e-f9fe-4ad7-89b9-20ee65ac7a51 req-4284ce9e-f9fe-4ad7-89b9-20ee65ac7a51 ] Request (ServerShowV263Test:setUpClass): 201 POST http://10.180.1.21/identity/v3/projects 0.034s
2025-11-14 09:41:02.963 66120 WARNING tempest.lib.common.ssh [-] Failed to establish authenticated ssh connection to cirros@10.180.180.238 ([Errno None] Unable to connect to port 22 on 10.180.180.238). Number attempts: 6. Retry after 7 seconds.: paramiko.ssh_exception.NoValidConnectionsError: [Errno None] Unable to connect to port 22 on 10.180.180.238
2025-11-14 09:41:02.992 66128 INFO tempest.lib.common.rest_client [req-2144b371-9478-467e-a72e-ce7a88dd2a02 req-2144b371-9478-467e-a72e-ce7a88dd2a02 ] Request (ServerShowV263Test:setUpClass): 201 POST http://10.180.1.21/identity/v3/users 0.068s
2025-11-14 09:41:03.017 66128 INFO tempest.lib.common.rest_client [req-f6eab539-8715-4cbb-a31b-104035fa1ee6 req-f6eab539-8715-4cbb-a31b-104035fa1ee6 ] Request (ServerShowV263Test:setUpClass): 200 GET http://10.180.1.21/identity/v3/roles 0.024s
2025-11-14 09:41:03.045 66128 INFO tempest.lib.common.rest_client [req-e83331e2-380c-44b1-8722-ac6faa4bca22 req-e83331e2-380c-44b1-8722-ac6faa4bca22 ] Request (ServerShowV263Test:setUpClass): 204 PUT http://10.180.1.21/identity/v3/projects/a7014e91235c4d71b4a8da69e8ca70ea/users/b84a82ee8a3d4a3cad62bd8a9805a2e5/roles/bbc4aa3af74b4d6a8b6643219685cef2 0.028s
2025-11-14 09:41:03.046 66128 INFO tempest.lib.common.dynamic_creds [-] Dynamic test user b84a82ee8a3d4a3cad62bd8a9805a2e5 is created with scope project and roles: ['member']
2025-11-14 09:41:03.046 66128 INFO tempest.lib.common.dynamic_creds [-] Acquired dynamic creds: credentials: Credentials: {'domain_id': 'default', 'domain_name': 'Default', 'username': 'tempest-ServerShowV263Test-905513973-project-member', 'project_domain_id': 'default', 'project_domain_name': 'Default', 'project_id': 'a7014e91235c4d71b4a8da69e8ca70ea', 'project_name': 'tempest-ServerShowV263Test-905513973', 'tenant_id': 'a7014e91235c4d71b4a8da69e8ca70ea', 'tenant_name': 'tempest-ServerShowV263Test-905513973', 'user_domain_id': 'default', 'user_domain_name': 'Default', 'user_id': 'b84a82ee8a3d4a3cad62bd8a9805a2e5', 'system': None}, Network: None, Subnet: None, Router: None
2025-11-14 09:41:03.046 66128 INFO tempest.lib.common.dynamic_creds [-] Created isolated network resources for: credentials: Credentials: {'domain_id': 'default', 'domain_name': 'Default', 'username': 'tempest-ServerShowV263Test-905513973-project-member', 'project_domain_id': 'default', 'project_domain_name': 'Default', 'project_id': 'a7014e91235c4d71b4a8da69e8ca70ea', 'project_name': 'tempest-ServerShowV263Test-905513973', 'tenant_id': 'a7014e91235c4d71b4a8da69e8ca70ea', 'tenant_name': 'tempest-ServerShowV263Test-905513973', 'user_domain_id': 'default', 'user_domain_name': 'Default', 'user_id': 'b84a82ee8a3d4a3cad62bd8a9805a2e5', 'system': None}, Network: None, Subnet: None, Router: None
2025-11-14 09:41:03.144 66128 INFO tempest.lib.common.rest_client [req-bc8288f1-1948-4147-8e30-71babdd3d736 req-bc8288f1-1948-4147-8e30-71babdd3d736 ] Request (ServerShowV263Test:setUpClass): 201 POST http://10.180.1.21/identity/v3/auth/tokens 0.095s
2025-11-14 09:41:03.195 66128 INFO tempest.lib.common.rest_client [req-519f3b4e-f3ac-45aa-a53f-9d4d6955d22d req-519f3b4e-f3ac-45aa-a53f-9d4d6955d22d ] Request (ServerShowV263Test:setUpClass): 200 GET http://10.180.1.21/identity/v3/projects/a7014e91235c4d71b4a8da69e8ca70ea 0.050s
2025-11-14 09:41:03.195 66128 INFO tempest.lib.common.dynamic_creds [-] Using the existing project a7014e91235c4d71b4a8da69e8ca70ea for scope project and roles: ['reader']
2025-11-14 09:41:03.220 66128 INFO tempest.lib.common.rest_client [req-94b40bae-08aa-4cec-9b63-113dac4d1407 req-94b40bae-08aa-4cec-9b63-113dac4d1407 ] Request (ServerShowV263Test:setUpClass): 201 POST http://10.180.1.21/identity/v3/users 0.024s
2025-11-14 09:41:03.241 66128 INFO tempest.lib.common.rest_client [req-849ec62a-b3ed-4972-a80a-d3a86a451e97 req-849ec62a-b3ed-4972-a80a-d3a86a451e97 ] Request (ServerShowV263Test:setUpClass): 200 GET http://10.180.1.21/identity/v3/roles 0.021s
2025-11-14 09:41:03.272 66128 INFO tempest.lib.common.rest_client [req-044e875c-6d28-4486-ba31-c98215bae989 req-044e875c-6d28-4486-ba31-c98215bae989 ] Request (ServerShowV263Test:setUpClass): 204 PUT http://10.180.1.21/identity/v3/projects/a7014e91235c4d71b4a8da69e8ca70ea/users/c4496f11f5bb49beb7acd6c437fc617d/roles/f5bcfd90075849d7b0ebc8686b6010d4 0.030s
2025-11-14 09:41:03.272 66128 INFO tempest.lib.common.dynamic_creds [-] Dynamic test user c4496f11f5bb49beb7acd6c437fc617d is created with scope project and roles: ['reader']
2025-11-14 09:41:03.272 66128 INFO tempest.lib.common.dynamic_creds [-] Acquired dynamic creds: credentials: Credentials: {'domain_id': 'default', 'domain_name': 'Default', 'username': 'tempest-ServerShowV263Test-905513973-project-reader', 'project_domain_id': 'default', 'project_domain_name': 'Default', 'project_id': 'a7014e91235c4d71b4a8da69e8ca70ea', 'project_name': 'tempest-ServerShowV263Test-905513973', 'tenant_id': 'a7014e91235c4d71b4a8da69e8ca70ea', 'tenant_name': 'tempest-ServerShowV263Test-905513973', 'user_domain_id': 'default', 'user_domain_name': 'Default', 'user_id': 'c4496f11f5bb49beb7acd6c437fc617d', 'system': None}, Network: None, Subnet: None, Router: None
2025-11-14 09:41:03.272 66128 INFO tempest.lib.common.dynamic_creds [-] Network resources are not created for requested scope: project and credentials: Credentials: {'domain_id': 'default', 'domain_name': 'Default', 'username': 'tempest-ServerShowV263Test-905513973-project-reader', 'project_domain_id': 'default', 'project_domain_name': 'Default', 'project_id': 'a7014e91235c4d71b4a8da69e8ca70ea', 'project_name': 'tempest-ServerShowV263Test-905513973', 'tenant_id': 'a7014e91235c4d71b4a8da69e8ca70ea', 'tenant_name': 'tempest-ServerShowV263Test-905513973', 'user_domain_id': 'default', 'user_domain_name': 'Default', 'user_id': 'c4496f11f5bb49beb7acd6c437fc617d', 'system': None}, Network: None, Subnet: None, Router: None
2025-11-14 09:41:03.348 66128 INFO tempest.lib.common.rest_client [req-3614a518-2de3-46c1-815b-37d93010d006 req-3614a518-2de3-46c1-815b-37d93010d006 ] Request (ServerShowV263Test:setUpClass): 201 POST http://10.180.1.21/identity/v3/auth/tokens 0.073s
2025-11-14 09:41:03.432 66174 INFO tempest.lib.common.rest_client [req-ab5fb90e-f9ad-427a-86e9-808592dbff42 req-ab5fb90e-f9ad-427a-86e9-808592dbff42 ] Request (FloatingIPDetailsTestJSON:setUpClass): 201 POST http://10.180.1.21/networking/v2.0/routers 1.037s
2025-11-14 09:41:03.453 66160 INFO tempest.lib.common.rest_client [req-e4b42249-62a4-4e0f-86f5-c835790388c0 req-e4b42249-62a4-4e0f-86f5-c835790388c0 ] Request (FloatingIPsNegativeTestJSON:test_allocate_floating_ip_from_nonexistent_pool): 404 POST http://10.180.1.21/compute/v2.1/os-floating-ips 7.077s
2025-11-14 09:41:03.476 66128 INFO tempest.lib.common.rest_client [req-d831e5cf-81ae-43bc-b950-66123fd94c3a req-d831e5cf-81ae-43bc-b950-66123fd94c3a ] Request (ServerShowV263Test:tearDownClass): 204 DELETE http://10.180.1.21/identity/v3/users/b84a82ee8a3d4a3cad62bd8a9805a2e5 0.122s
2025-11-14 09:41:03.476 66156 INFO tempest.lib.common.rest_client [req-ad5e25d1-5f8e-4030-8b15-e13786c2e990 req-ad5e25d1-5f8e-4030-8b15-e13786c2e990 ] Request (DeleteServersAdminTestJSON:tearDownClass): 404 GET http://10.180.1.21/compute/v2.1/servers/38cf0735-144b-4d8e-a62e-3cc02e76febe 6.996s
2025-11-14 09:41:03.598 66128 INFO tempest.lib.common.rest_client [req-dbe28448-b267-40cc-99e7-bcfc64e9acea req-dbe28448-b267-40cc-99e7-bcfc64e9acea ] Request (ServerShowV263Test:tearDownClass): 204 DELETE http://10.180.1.21/identity/v3/users/c4496f11f5bb49beb7acd6c437fc617d 0.122s
2025-11-14 09:41:03.598 66128 INFO tempest.lib.common.dynamic_creds [-] Deleting project and security group for project: a7014e91235c4d71b4a8da69e8ca70ea
2025-11-14 09:41:03.604 66156 INFO tempest.lib.common.rest_client [req-f592298a-0f26-4980-b6b7-af4ea52237c8 req-f592298a-0f26-4980-b6b7-af4ea52237c8 ] Request (DeleteServersAdminTestJSON:tearDownClass): 204 DELETE http://10.180.1.21/identity/v3/users/721d138bfd2047ff985804b05586a7c5 0.127s
2025-11-14 09:41:03.675 66128 INFO tempest.lib.common.rest_client [req-b7f60333-741e-4ad7-bb06-29dc213847cb req-b7f60333-741e-4ad7-bb06-29dc213847cb ] Request (ServerShowV263Test:tearDownClass): 201 POST http://10.180.1.21/identity/v3/auth/tokens 0.077s
2025-11-14 09:41:03.730 66156 INFO tempest.lib.common.rest_client [req-c3fdb8ba-7bb2-45b4-be6f-ef70c50426eb req-c3fdb8ba-7bb2-45b4-be6f-ef70c50426eb ] Request (DeleteServersAdminTestJSON:tearDownClass): 204 DELETE http://10.180.1.21/identity/v3/users/29cb4bebda554035ac3a220f522b77dd 0.126s
2025-11-14 09:41:03.730 66156 INFO tempest.lib.common.dynamic_creds [-] Deleting project and security group for project: a17fe18f1a9e4b889764d3e68de66402
2025-11-14 09:41:03.807 66156 INFO tempest.lib.common.rest_client [req-8ce2ed0f-1fc3-49fa-99ec-0a8e6f945c88 req-8ce2ed0f-1fc3-49fa-99ec-0a8e6f945c88 ] Request (DeleteServersAdminTestJSON:tearDownClass): 201 POST http://10.180.1.21/identity/v3/auth/tokens 0.077s
2025-11-14 09:41:04.041 66168 INFO tempest.lib.common.rest_client [req-739e20eb-6411-4b79-aec7-af88f0d99d42 req-739e20eb-6411-4b79-aec7-af88f0d99d42 ] Request (ServersTestJSON:test_create_server_with_ipv6_addr_only): 200 GET http://10.180.1.21/compute/v2.1/servers/b505a534-35dd-4ea8-b8ef-e253f7c8c8cb 7.508s
2025-11-14 09:41:04.068 66144 INFO tempest.lib.common.rest_client [req-188b7f7b-5a29-47f9-a664-303d07c5018b req-188b7f7b-5a29-47f9-a664-303d07c5018b ] Request (KeyPairsV22TestJSON:_run_cleanups): 204 DELETE http://10.180.1.21/compute/v2.1/os-keypairs/tempest-keypair-742366336 7.486s
2025-11-14 09:41:04.257 66128 INFO tempest.lib.common.rest_client [req-7a899eba-75ab-4f15-b4e1-1b49cc7ea0dd req-7a899eba-75ab-4f15-b4e1-1b49cc7ea0dd ] Request (ServerShowV263Test:tearDownClass): 200 GET http://10.180.1.21/networking/v2.0/security-groups?tenant_id=a7014e91235c4d71b4a8da69e8ca70ea&name=default 0.581s
2025-11-14 09:41:04.386 66156 INFO tempest.lib.common.rest_client [req-c139a5e5-ee3c-4054-be22-3bf76cae69c0 req-c139a5e5-ee3c-4054-be22-3bf76cae69c0 ] Request (DeleteServersAdminTestJSON:tearDownClass): 200 GET http://10.180.1.21/networking/v2.0/security-groups?tenant_id=a17fe18f1a9e4b889764d3e68de66402&name=default 0.578s
2025-11-14 09:41:04.459 66172 INFO tempest.lib.common.rest_client [req-56efd6d4-4cd5-44f4-bfc1-6cb6ee141008 req-56efd6d4-4cd5-44f4-bfc1-6cb6ee141008 ] Request (SecurityGroupsTestJSON:test_security_groups_create_list_delete): 404 GET http://10.180.1.21/compute/v2.1/os-security-groups/aabbe87d-0aae-4a51-aafc-531298d902ae 7.809s
2025-11-14 09:41:04.581 66174 INFO tempest.lib.common.rest_client [req-e6a0546e-4020-4e25-ae0b-358a38d8adb9 req-e6a0546e-4020-4e25-ae0b-358a38d8adb9 ] Request (FloatingIPDetailsTestJSON:setUpClass): 200 PUT http://10.180.1.21/networking/v2.0/routers/7b163c1e-a12e-4fa7-a35e-80dd97c1ffae/add_router_interface 1.148s
2025-11-14 09:41:04.582 66174 INFO tempest.lib.common.dynamic_creds [-] Created isolated network resources for: credentials: Credentials: {'domain_id': 'default', 'domain_name': 'Default', 'username': 'tempest-FloatingIPDetailsTestJSON-1986925694-project-member', 'project_domain_id': 'default', 'project_domain_name': 'Default', 'project_id': '24558daff795402d91ff8dcbf2cd2001', 'project_name': 'tempest-FloatingIPDetailsTestJSON-1986925694', 'tenant_id': '24558daff795402d91ff8dcbf2cd2001', 'tenant_name': 'tempest-FloatingIPDetailsTestJSON-1986925694', 'user_domain_id': 'default', 'user_domain_name': 'Default', 'user_id': 'cc5b380f3f3c4bed8a840756095b30fb', 'system': None}, Network: {'id': 'f076ee13-b408-47dc-b372-a621f34e78ef', 'name': 'tempest-FloatingIPDetailsTestJSON-968819630-network', 'tenant_id': '24558daff795402d91ff8dcbf2cd2001', 'project_id': '24558daff795402d91ff8dcbf2cd2001', 'admin_state_up': True, 'mtu': 8950, 'status': 'ACTIVE', 'subnets': [], 'shared': False, 'port_security_enabled': True, 'router:external': False, 'provider:network_type': 'vlan', 'provider:physical_network': 'default', 'provider:segmentation_id': 378, 'availability_zone_hints': [], 'availability_zones': [], 'ipv4_address_scope': None, 'ipv6_address_scope': None, 'description': '', 'tags': [], 'created_at': '2025-11-14T09:41:01Z', 'updated_at': '2025-11-14T09:41:01Z', 'revision_number': 1}, Subnet: {'id': '3b64400a-ba3f-4d59-9af1-cfb1dedcf39e', 'name': 'tempest-FloatingIPDetailsTestJSON-968819630-subnet', 'tenant_id': '24558daff795402d91ff8dcbf2cd2001', 'network_id': 'f076ee13-b408-47dc-b372-a621f34e78ef', 'ip_version': 4, 'subnetpool_id': None, 'enable_dhcp': True, 'ipv6_ra_mode': None, 'ipv6_address_mode': None, 'gateway_ip': '192.168.128.1', 'cidr': '192.168.128.0/28', 'allocation_pools': [{'start': '192.168.128.2', 'end': '192.168.128.14'}], 'host_routes': [], 'dns_nameservers': [], 'description': '', 'router:external': False, 'service_types': [], 'tags': [], 'created_at': '2025-11-14T09:41:02Z', 'updated_at': '2025-11-14T09:41:02Z', 'revision_number': 0, 'project_id': '24558daff795402d91ff8dcbf2cd2001'}, Router: {'id': '7b163c1e-a12e-4fa7-a35e-80dd97c1ffae', 'name': 'tempest-FloatingIPDetailsTestJSON-968819630-router', 'tenant_id': '24558daff795402d91ff8dcbf2cd2001', 'admin_state_up': True, 'status': 'ACTIVE', 'external_gateway_info': {'network_id': '241e164b-421d-42e5-87d1-eb89bbec3fac', 'external_fixed_ips': [{'subnet_id': 'b0531ee1-7fd2-4927-9f31-529017a20319', 'ip_address': '10.180.180.212'}], 'enable_snat': True}, 'description': '', 'availability_zones': [], 'distributed': False, 'ha': False, 'availability_zone_hints': [], 'routes': [], 'flavor_id': None, 'tags': [], 'created_at': '2025-11-14T09:41:02Z', 'updated_at': '2025-11-14T09:41:03Z', 'revision_number': 2, 'project_id': '24558daff795402d91ff8dcbf2cd2001'}
2025-11-14 09:41:04.588 66128 INFO tempest.lib.common.rest_client [req-74d9f714-8533-4d3a-bfb2-8e6bb80e401c req-74d9f714-8533-4d3a-bfb2-8e6bb80e401c ] Request (ServerShowV263Test:tearDownClass): 204 DELETE http://10.180.1.21/networking/v2.0/security-groups/b083bc3a-e7e2-4bdf-a376-6a148ba7ea0e 0.330s
2025-11-14 09:41:04.692 66156 INFO tempest.lib.common.rest_client [req-4046260f-b1f6-4685-928e-19e4ad19e4b6 req-4046260f-b1f6-4685-928e-19e4ad19e4b6 ] Request (DeleteServersAdminTestJSON:tearDownClass): 204 DELETE http://10.180.1.21/networking/v2.0/security-groups/966d860b-579b-4338-89d5-a4d0d4886698 0.305s
2025-11-14 09:41:04.707 66128 INFO tempest.lib.common.rest_client [req-9441f002-db8e-4a73-b63a-cff2fec968db req-9441f002-db8e-4a73-b63a-cff2fec968db ] Request (ServerShowV263Test:tearDownClass): 204 DELETE http://10.180.1.21/identity/v3/projects/a7014e91235c4d71b4a8da69e8ca70ea 0.119s
2025-11-14 09:41:04.732 66174 INFO tempest.lib.common.rest_client [req-7487ac2b-30a2-476e-91dc-8fe554da3072 req-7487ac2b-30a2-476e-91dc-8fe554da3072 ] Request (FloatingIPDetailsTestJSON:setUpClass): 201 POST http://10.180.1.21/identity/v3/auth/tokens 0.146s
2025-11-14 09:41:04.829 66170 INFO tempest.lib.common.rest_client [req-b340565c-f910-480e-9d34-c2d976d3c0da req-b340565c-f910-480e-9d34-c2d976d3c0da ] Request (ImagesTestJSON:test_create_image_from_suspended_server): 200 GET http://10.180.1.21/compute/v2.1/servers/9edabac4-b4e2-4161-aaa5-f991df880dd6 7.879s
2025-11-14 09:41:04.861 66156 INFO tempest.lib.common.rest_client [req-6b80d3a5-e159-4821-8bcf-50f30b2b32fc req-6b80d3a5-e159-4821-8bcf-50f30b2b32fc ] Request (DeleteServersAdminTestJSON:tearDownClass): 204 DELETE http://10.180.1.21/identity/v3/projects/a17fe18f1a9e4b889764d3e68de66402 0.168s
2025-11-14 09:41:04.861 66156 INFO tempest.lib.common.dynamic_creds [-] Deleting project and security group for project: 4eb008a1d58748f6bf32d9110cbe69b3
2025-11-14 09:41:04.882 66122 INFO tempest.lib.common.rest_client [req-6415d158-4fca-4abd-9eed-36b0bf80d461 req-6415d158-4fca-4abd-9eed-36b0bf80d461 ] Request (HostsAdminNegativeTestJSON:test_reboot_host_with_non_admin_user): 403 GET http://10.180.1.21/compute/v2.1/os-hosts/devstack/reboot 7.724s
2025-11-14 09:41:04.898 66156 INFO tempest.lib.common.rest_client [req-a21e6e7c-1cbc-4de3-8d64-a49d6120264d req-a21e6e7c-1cbc-4de3-8d64-a49d6120264d ] Request (DeleteServersAdminTestJSON:tearDownClass): 200 GET http://10.180.1.21/networking/v2.0/security-groups?tenant_id=4eb008a1d58748f6bf32d9110cbe69b3&name=default 0.036s
2025-11-14 09:41:05.023 66156 INFO tempest.lib.common.rest_client [req-841b2e50-3d97-484b-a9b4-60d37157797a req-841b2e50-3d97-484b-a9b4-60d37157797a ] Request (DeleteServersAdminTestJSON:tearDownClass): 204 DELETE http://10.180.1.21/networking/v2.0/security-groups/10528d1b-c448-4197-a697-15cec3545ff3 0.125s
2025-11-14 09:41:05.072 66166 INFO tempest.lib.common.rest_client [req-ebf9fc0e-027b-4f80-a8a1-5e098415b5d2 req-ebf9fc0e-027b-4f80-a8a1-5e098415b5d2 ] Request (FloatingIPsAssociationTestJSON:test_associate_already_associated_floating_ip): 200 GET http://10.180.1.21/compute/v2.1/servers/8b2ec93c-7eaf-4df4-a4b2-b49735708218 7.613s
2025-11-14 09:41:05.080 66166 INFO tempest.common.waiters [-] State transition "BUILD/None" ==> "BUILD/spawning" after 9 second wait
2025-11-14 09:41:05.153 66156 INFO tempest.lib.common.rest_client [req-726b1711-f9cd-48dd-9abe-baf1fbbc21a5 req-726b1711-f9cd-48dd-9abe-baf1fbbc21a5 ] Request (DeleteServersAdminTestJSON:tearDownClass): 204 DELETE http://10.180.1.21/identity/v3/projects/4eb008a1d58748f6bf32d9110cbe69b3 0.129s
