2025-11-21 21:11:00.790 65816 INFO tempest.lib.common.rest_client [req-909bfb4d-59d6-45e1-bed9-4028ae810b62 req-909bfb4d-59d6-45e1-bed9-4028ae810b62 ] Request (InstanceActionsNegativeTestJSON:tearDownClass): 200 GET http://10.180.1.21/compute/v2.1/servers/7674d72f-02df-4914-824c-5073cd464d92 0.327s
2025-11-21 21:11:00.806 65818 INFO tempest.lib.common.rest_client [req-367c8502-3b61-4f9b-ba6b-63d72d624487 req-367c8502-3b61-4f9b-ba6b-63d72d624487 ] Request (ServersTestMultiNic:setUpClass): 200 GET http://10.180.1.21/identity/v3/roles 0.030s
2025-11-21 21:11:00.836 65818 INFO tempest.lib.common.rest_client [req-0e1b6100-016e-4db5-bd5e-a9b06b7899ab req-0e1b6100-016e-4db5-bd5e-a9b06b7899ab ] Request (ServersTestMultiNic:setUpClass): 204 PUT http://10.180.1.21/identity/v3/projects/d23bbeb726ae44e1b171ff0fd71df7be/users/c4aaaee7e3e04e13bb9fa8255eebc0f0/roles/8018c0a1f853416cbf2c2aa23b774d08 0.029s
2025-11-21 21:11:00.836 65818 INFO tempest.lib.common.dynamic_creds [-] Dynamic test user c4aaaee7e3e04e13bb9fa8255eebc0f0 is created with scope project and roles: ['member']
2025-11-21 21:11:00.836 65818 INFO tempest.lib.common.dynamic_creds [-] Acquired dynamic creds: credentials: Credentials: {'domain_id': 'default', 'domain_name': 'Default', 'username': 'tempest-ServersTestMultiNic-2091480207-project-member', 'project_domain_id': 'default', 'project_domain_name': 'Default', 'project_id': 'd23bbeb726ae44e1b171ff0fd71df7be', 'project_name': 'tempest-ServersTestMultiNic-2091480207', 'tenant_id': 'd23bbeb726ae44e1b171ff0fd71df7be', 'tenant_name': 'tempest-ServersTestMultiNic-2091480207', 'user_domain_id': 'default', 'user_domain_name': 'Default', 'user_id': 'c4aaaee7e3e04e13bb9fa8255eebc0f0', 'system': None}, Network: None, Subnet: None, Router: None
2025-11-21 21:11:00.846 65822 INFO tempest.lib.common.rest_client [req-a205fb28-7f1a-462b-b135-4774d35d04c9 req-a205fb28-7f1a-462b-b135-4774d35d04c9 ] Request (AttachInterfacesV270Test:test_create_get_list_interfaces): 200 GET http://10.180.1.21/compute/v2.1/servers/90c04ec4-9fd4-4fba-a175-7a0ad259aeb1 0.300s
2025-11-21 21:11:00.855 65824 INFO tempest.lib.common.rest_client [req-0a3d5365-92e5-4019-9090-16096458c5a2 req-0a3d5365-92e5-4019-9090-16096458c5a2 ] Request (MigrationsAdminTest:test_resize_server_revert_deleted_flavor): 200 GET http://10.180.1.21/compute/v2.1/servers/5e010c02-e3f4-4480-8578-1d1f150a9548 0.324s
2025-11-21 21:11:00.869 65834 INFO tempest.lib.common.rest_client [req-bcbca4ca-1e22-4ddf-be88-e78d594c2fad req-bcbca4ca-1e22-4ddf-be88-e78d594c2fad ] Request (VolumesAssistedSnapshotsTest:_run_cleanups): 404 GET http://10.180.1.21/volume/v3/volumes/6e6a8498-9a59-4498-b565-ca010e07ff2e 0.015s
2025-11-21 21:11:00.901 65818 INFO tempest.lib.common.rest_client [req-ae814113-cc02-4b61-ad18-65ef8d737c5f req-ae814113-cc02-4b61-ad18-65ef8d737c5f ] Request (ServersTestMultiNic:setUpClass): 201 POST http://10.180.1.21/identity/v3/auth/tokens 0.065s
2025-11-21 21:11:00.920 65802 INFO tempest.lib.common.rest_client [req-3ea2be3b-f5dc-48b9-a9a0-33436d26b87b req-3ea2be3b-f5dc-48b9-a9a0-33436d26b87b ] Request (ServersAdminNegativeTestJSON:tearDownClass): 204 DELETE http://10.180.1.21/compute/v2.1/servers/783aa11e-b55e-4341-886c-f1cfad42808d 0.298s
2025-11-21 21:11:00.998 65844 INFO tempest.lib.common.rest_client [req-4c195206-bd05-4898-96f2-91ddf0045190 req-4c195206-bd05-4898-96f2-91ddf0045190 ] Request (ServerDiskConfigTestJSON:test_rebuild_server_with_manual_disk_config): 200 GET http://10.180.1.21/compute/v2.1/servers/6175679b-6d3b-42f4-8c31-59ccd36e427b 0.358s
2025-11-21 21:11:01.065 65832 INFO tempest.lib.common.rest_client [req-d8f37291-2844-4e46-8330-4164f5873909 req-d8f37291-2844-4e46-8330-4164f5873909 ] Request (ImagesOneServerNegativeTestJSON:setUpClass): 200 GET http://10.180.1.21/compute/v2.1/servers/55e82e83-5131-450c-9c6d-635482840ec8 0.377s
2025-11-21 21:11:01.076 65832 INFO tempest.common.waiters [-] State transition "BUILD/spawning" ==> "ACTIVE/None" after 59 second wait
2025-11-21 21:11:01.080 65796 INFO tempest.lib.common.rest_client [req-2454ea07-e05d-4edc-89f3-d3e76aa01351 req-2454ea07-e05d-4edc-89f3-d3e76aa01351 ] Request (ListServersNegativeTestJSON:tearDownClass): 200 GET http://10.180.1.21/compute/v2.1/servers/5c349f65-c5f6-48a1-8d66-763532d87475 0.378s
2025-11-21 21:11:01.146 65800 INFO tempest.lib.common.rest_client [req-adf633d3-a3e1-42b1-b56b-11989c365086 req-adf633d3-a3e1-42b1-b56b-11989c365086 ] Request (ServerRescueTestJSONUnderV235:tearDownClass): 200 GET http://10.180.1.21/compute/v2.1/servers/bbb21fa1-8a9d-45ce-b697-fdb4da8bb350 0.344s
2025-11-21 21:11:01.153 65794 INFO tempest.lib.common.rest_client [req-d7e90d66-122c-49d8-a3ef-67f37ee12ab8 req-d7e90d66-122c-49d8-a3ef-67f37ee12ab8 ] Request (ListImageFiltersTestJSON:tearDownClass): 204 DELETE http://10.180.1.21/compute/v2.1/servers/9898985c-72bf-484c-a35b-3af1ff034815 0.396s
2025-11-21 21:11:01.196 65818 INFO tempest.lib.common.rest_client [req-2ad1659e-4123-43c7-8520-a812af4de116 req-2ad1659e-4123-43c7-8520-a812af4de116 ] Request (ServersTestMultiNic:setUpClass): 201 POST http://10.180.1.21/networking/v2.0/networks 0.294s
2025-11-21 21:11:01.251 65834 INFO tempest.lib.common.rest_client [req-545fb870-4ccf-43e4-b3ae-04adfcbaffd1 req-545fb870-4ccf-43e4-b3ae-04adfcbaffd1 ] Request (VolumesAssistedSnapshotsTest:tearDownClass): 204 DELETE http://10.180.1.21/compute/v2.1/servers/c40be75f-6c54-48fe-89b8-2c233ada411d 0.374s
2025-11-21 21:11:01.323 65828 INFO tempest.lib.common.rest_client [req-88a9cc7b-dc07-4fd5-a307-1bb7eba57e9b req-88a9cc7b-dc07-4fd5-a307-1bb7eba57e9b ] Request (ServersAdminTestJSON:test_inject_network_info): 200 GET http://10.180.1.21/compute/v2.1/servers/59220f12-096e-4f02-bca4-c1e50361d70b 0.486s
2025-11-21 21:11:01.398 65818 INFO tempest.lib.common.rest_client [req-a54e1631-f1fe-48ca-846d-c1d4ab17c987 req-a54e1631-f1fe-48ca-846d-c1d4ab17c987 ] Request (ServersTestMultiNic:setUpClass): 201 POST http://10.180.1.21/networking/v2.0/subnets 0.202s
2025-11-21 21:11:01.427 65856 INFO tempest.lib.common.rest_client [req-dd4b4ab8-c130-4398-a980-3098423965aa req-dd4b4ab8-c130-4398-a980-3098423965aa ] Request (ServerMetadataTestJSON:setUpClass): 200 GET http://10.180.1.21/compute/v2.1/servers/2ca495e6-ad3b-49a8-b0a2-25c276fdcc8c 0.504s
2025-11-21 21:11:01.436 65830 WARNING tempest.lib.common.ssh [-] Failed to establish authenticated ssh connection to cirros@10.180.180.226 ([Errno None] Unable to connect to port 22 on 10.180.180.226). Number attempts: 1. Retry after 2 seconds.: paramiko.ssh_exception.NoValidConnectionsError: [Errno None] Unable to connect to port 22 on 10.180.180.226
2025-11-21 21:11:01.458 65802 INFO tempest.lib.common.rest_client [req-7a4851ca-e382-423b-b9b0-100a182f8037 req-7a4851ca-e382-423b-b9b0-100a182f8037 ] Request (ServersAdminNegativeTestJSON:tearDownClass): 200 GET http://10.180.1.21/compute/v2.1/servers/783aa11e-b55e-4341-886c-f1cfad42808d 0.537s
2025-11-21 21:11:01.536 65844 INFO tempest.lib.common.rest_client [req-64b53225-a869-4635-94a4-b83c9c5be554 req-64b53225-a869-4635-94a4-b83c9c5be554 ] Request (ServerDiskConfigTestJSON:test_rebuild_server_with_manual_disk_config): 200 PUT http://10.180.1.21/compute/v2.1/servers/6175679b-6d3b-42f4-8c31-59ccd36e427b 0.530s
2025-11-21 21:11:01.548 65804 INFO tempest.lib.common.rest_client [req-072173a2-11b1-4b49-939b-f2227f7bfaa6 req-072173a2-11b1-4b49-939b-f2227f7bfaa6 ] Request (FloatingIPsAssociationTestJSON:tearDownClass): 200 GET http://10.180.1.21/compute/v2.1/servers/32bce7c3-f876-400a-a663-fc5b058582df 0.600s
2025-11-21 21:11:01.654 65854 INFO tempest.lib.common.rest_client [req-99a56997-c257-41cf-b8a6-bc70c7c23258 req-99a56997-c257-41cf-b8a6-bc70c7c23258 ] Request (ServersTestManualDisk:tearDownClass): 200 GET http://10.180.1.21/compute/v2.1/servers/d9b42602-4b4c-4b9a-a4d0-5aa6076370a1 0.630s
2025-11-21 21:11:01.714 65832 INFO tempest.lib.common.rest_client [req-a1ecb81c-0fe7-4e3c-b2ea-c44b85e05295 req-a1ecb81c-0fe7-4e3c-b2ea-c44b85e05295 ] Request (ImagesOneServerNegativeTestJSON:setUp): 200 GET http://10.180.1.21/compute/v2.1/servers/55e82e83-5131-450c-9c6d-635482840ec8 0.638s
2025-11-21 21:11:01.827 65794 INFO tempest.lib.common.rest_client [req-53b2a023-6ed2-45a9-8523-486cd3c2a369 req-53b2a023-6ed2-45a9-8523-486cd3c2a369 ] Request (ListImageFiltersTestJSON:tearDownClass): 200 GET http://10.180.1.21/compute/v2.1/servers/9898985c-72bf-484c-a35b-3af1ff034815 0.674s
2025-11-21 21:11:01.956 65810 INFO tempest.lib.common.rest_client [req-a7af8e23-30b6-4977-9826-f947afb10ed1 req-a7af8e23-30b6-4977-9826-f947afb10ed1 ] Request (ServerRescueTestJSON:test_rescue_unrescue_instance): 200 GET http://10.180.1.21/compute/v2.1/servers/19ac1a14-f1df-4d65-af0c-5560caa04963 0.697s
2025-11-21 21:11:01.989 65834 INFO tempest.lib.common.rest_client [req-b4f4da50-9a8d-4cc2-86a1-bbbeb3efb151 req-b4f4da50-9a8d-4cc2-86a1-bbbeb3efb151 ] Request (VolumesAssistedSnapshotsTest:tearDownClass): 200 GET http://10.180.1.21/compute/v2.1/servers/c40be75f-6c54-48fe-89b8-2c233ada411d 0.737s
2025-11-21 21:11:02.016 65798 INFO tempest.lib.common.rest_client [req-b26c5773-8e30-4630-b07a-a0b431213b51 req-b26c5773-8e30-4630-b07a-a0b431213b51 ] Request (ImagesTestJSON:test_create_image_from_suspended_server): 200 GET http://10.180.1.21/compute/v2.1/servers/c7d82cbb-ce70-44fa-a377-bcb4481b7ec9 0.692s
2025-11-21 21:11:02.090 65848 INFO tempest.lib.common.rest_client [req-fe18daaa-993f-4ac2-984e-e5e6cb26420c req-fe18daaa-993f-4ac2-984e-e5e6cb26420c ] Request (ServersTestBootFromVolume:setUpClass): 200 GET http://10.180.1.21/compute/v2.1/servers/922f7d36-a462-4854-a285-cf9c40707acf 0.552s
2025-11-21 21:11:02.117 65808 INFO tempest.lib.common.rest_client [req-fb9664bb-fd00-427a-8938-1a92a35dfeda req-fb9664bb-fd00-427a-8938-1a92a35dfeda ] Request (ServerActionsTestOtherA:test_rebuild_server_in_stop_state): 200 GET http://10.180.1.21/compute/v2.1/servers/76807c2f-f9c9-427b-9cfc-81e92204ae4e 0.598s
2025-11-21 21:11:02.193 65806 WARNING tempest.lib.common.ssh [-] Failed to establish authenticated ssh connection to cirros@10.180.180.145 ([Errno None] Unable to connect to port 22 on 10.180.180.145). Number attempts: 2. Retry after 3 seconds.: paramiko.ssh_exception.NoValidConnectionsError: [Errno None] Unable to connect to port 22 on 10.180.180.145
2025-11-21 21:11:02.216 65814 INFO tempest.lib.common.rest_client [req-e0eeb008-cd0e-432e-b968-ee52bef8e976 req-e0eeb008-cd0e-432e-b968-ee52bef8e976 ] Request (FloatingIPsAssociationNegativeTestJSON:tearDownClass): 200 GET http://10.180.1.21/compute/v2.1/servers/ceabc553-32f6-4d74-9ad6-6ab30cb313a2 0.611s
2025-11-21 21:11:02.226 65832 INFO tempest.lib.common.rest_client [req-f21ca1a3-aa6f-41f7-95bc-b7a7b244f683 req-f21ca1a3-aa6f-41f7-95bc-b7a7b244f683 ] Request (ImagesOneServerNegativeTestJSON:test_create_image_specify_invalid_metadata): 400 POST http://10.180.1.21/compute/v2.1/servers/55e82e83-5131-450c-9c6d-635482840ec8/action 0.499s
2025-11-21 21:11:02.249 65844 INFO tempest.lib.common.rest_client [req-3db5df35-7e3f-4026-94ca-16bab1b5547a req-3db5df35-7e3f-4026-94ca-16bab1b5547a ] Request (ServerDiskConfigTestJSON:test_rebuild_server_with_manual_disk_config): 200 GET http://10.180.1.21/compute/v2.1/servers/6175679b-6d3b-42f4-8c31-59ccd36e427b 0.706s
2025-11-21 21:11:02.268 65847 WARNING tempest.lib.common.ssh [-] Failed to establish authenticated ssh connection to cirros@10.180.180.168 ([Errno None] Unable to connect to port 22 on 10.180.180.168). Number attempts: 6. Retry after 7 seconds.: paramiko.ssh_exception.NoValidConnectionsError: [Errno None] Unable to connect to port 22 on 10.180.180.168
2025-11-21 21:11:02.420 65816 INFO tempest.lib.common.rest_client [req-00025fcd-959e-4295-b58f-7de364a55209 req-00025fcd-959e-4295-b58f-7de364a55209 ] Request (InstanceActionsNegativeTestJSON:tearDownClass): 200 GET http://10.180.1.21/compute/v2.1/servers/7674d72f-02df-4914-824c-5073cd464d92 0.622s
2025-11-21 21:11:02.455 65836 INFO tempest.lib.common.rest_client [req-779607c7-563d-4008-8d7d-dfc7b11f2bf6 req-779607c7-563d-4008-8d7d-dfc7b11f2bf6 ] Request (ServersWithSpecificFlavorTestJSON:test_verify_created_server_ephemeral_disk): 200 GET http://10.180.1.21/compute/v2.1/servers/85d2c6ec-7d5b-4204-8b2e-582632876274 0.710s
2025-11-21 21:11:02.506 65822 INFO tempest.lib.common.rest_client [req-c2fdc830-ca0c-4145-a666-3853909990a2 req-c2fdc830-ca0c-4145-a666-3853909990a2 ] Request (AttachInterfacesV270Test:test_create_get_list_interfaces): 200 GET http://10.180.1.21/compute/v2.1/servers/90c04ec4-9fd4-4fba-a175-7a0ad259aeb1 0.649s
2025-11-21 21:11:02.513 65826 WARNING tempest.lib.common.ssh [-] Failed to establish authenticated ssh connection to cirros@10.180.180.128 ([Errno None] Unable to connect to port 22 on 10.180.180.128). Number attempts: 7. Retry after 8 seconds.: paramiko.ssh_exception.NoValidConnectionsError: [Errno None] Unable to connect to port 22 on 10.180.180.128
2025-11-21 21:11:02.587 65796 INFO tempest.lib.common.rest_client [req-20c8984f-f81b-4a39-8b20-1db548f70d06 req-20c8984f-f81b-4a39-8b20-1db548f70d06 ] Request (ListServersNegativeTestJSON:tearDownClass): 200 GET http://10.180.1.21/compute/v2.1/servers/5c349f65-c5f6-48a1-8d66-763532d87475 0.498s
2025-11-21 21:11:02.624 65824 INFO tempest.lib.common.rest_client [req-4b100a98-54f8-4b48-afba-67aa8e282b84 req-4b100a98-54f8-4b48-afba-67aa8e282b84 ] Request (MigrationsAdminTest:test_resize_server_revert_deleted_flavor): 200 GET http://10.180.1.21/compute/v2.1/servers/5e010c02-e3f4-4480-8578-1d1f150a9548 0.761s
2025-11-21 21:11:02.658 65800 INFO tempest.lib.common.rest_client [req-74bf5394-e46b-49b6-a956-95728f7305cb req-74bf5394-e46b-49b6-a956-95728f7305cb ] Request (ServerRescueTestJSONUnderV235:tearDownClass): 200 GET http://10.180.1.21/compute/v2.1/servers/bbb21fa1-8a9d-45ce-b697-fdb4da8bb350 0.504s
2025-11-21 21:11:02.750 65818 INFO tempest.lib.common.rest_client [req-268f7730-7ab1-45fd-a527-195e8e3882d0 req-268f7730-7ab1-45fd-a527-195e8e3882d0 ] Request (ServersTestMultiNic:setUpClass): 201 POST http://10.180.1.21/networking/v2.0/routers 1.351s
2025-11-21 21:11:02.787 65832 INFO tempest.lib.common.rest_client [req-1d03a3f5-430e-4992-a10d-df108304cb26 req-1d03a3f5-430e-4992-a10d-df108304cb26 ] Request (ImagesOneServerNegativeTestJSON:tearDown): 200 GET http://10.180.1.21/compute/v2.1/servers/55e82e83-5131-450c-9c6d-635482840ec8 0.560s
2025-11-21 21:11:02.825 65844 INFO tempest.lib.common.rest_client [req-53487968-ecf1-43ba-bdb1-cf933722f768 req-53487968-ecf1-43ba-bdb1-cf933722f768 ] Request (ServerDiskConfigTestJSON:test_rebuild_server_with_manual_disk_config): 200 GET http://10.180.1.21/compute/v2.1/servers/6175679b-6d3b-42f4-8c31-59ccd36e427b 0.567s
2025-11-21 21:11:02.907 65856 INFO tempest.lib.common.rest_client [req-3787df63-8ee9-462e-b6ee-36c91e0078cc req-3787df63-8ee9-462e-b6ee-36c91e0078cc ] Request (ServerMetadataTestJSON:setUpClass): 200 GET http://10.180.1.21/compute/v2.1/servers/2ca495e6-ad3b-49a8-b0a2-25c276fdcc8c 0.468s
2025-11-21 21:11:02.949 65828 INFO tempest.lib.common.rest_client [req-dbf179c1-2cc7-4a51-854b-c4b65104b906 req-dbf179c1-2cc7-4a51-854b-c4b65104b906 ] Request (ServersAdminTestJSON:test_inject_network_info): 200 GET http://10.180.1.21/compute/v2.1/servers/59220f12-096e-4f02-bca4-c1e50361d70b 0.616s
2025-11-21 21:11:02.959 65828 INFO tempest.common.waiters [-] State transition "BUILD/spawning" ==> "ACTIVE/None" after 51 second wait
2025-11-21 21:11:03.063 65802 INFO tempest.lib.common.rest_client [req-0ed0badb-cfca-423b-8e2a-c713791d9d3f req-0ed0badb-cfca-423b-8e2a-c713791d9d3f ] Request (ServersAdminNegativeTestJSON:tearDownClass): 200 GET http://10.180.1.21/compute/v2.1/servers/783aa11e-b55e-4341-886c-f1cfad42808d 0.593s
2025-11-21 21:11:03.088 65804 INFO tempest.lib.common.rest_client [req-da936d0c-0db8-4db4-8f03-80bdbce7e3ba req-da936d0c-0db8-4db4-8f03-80bdbce7e3ba ] Request (FloatingIPsAssociationTestJSON:tearDownClass): 200 GET http://10.180.1.21/compute/v2.1/servers/32bce7c3-f876-400a-a663-fc5b058582df 0.529s
2025-11-21 21:11:03.138 65854 INFO tempest.lib.common.rest_client [req-a5b7bf37-2d57-49a9-9c58-04ba971056b4 req-a5b7bf37-2d57-49a9-9c58-04ba971056b4 ] Request (ServersTestManualDisk:tearDownClass): 200 GET http://10.180.1.21/compute/v2.1/servers/d9b42602-4b4c-4b9a-a4d0-5aa6076370a1 0.471s
2025-11-21 21:11:03.330 65832 INFO tempest.lib.common.rest_client [req-0e9b88db-2334-4d8a-b3d2-c0c434465af6 req-0e9b88db-2334-4d8a-b3d2-c0c434465af6 ] Request (ImagesOneServerNegativeTestJSON:setUp): 200 GET http://10.180.1.21/compute/v2.1/servers/55e82e83-5131-450c-9c6d-635482840ec8 0.532s
2025-11-21 21:11:03.361 65844 INFO tempest.lib.common.rest_client [req-aeddae45-f7bb-4bcc-960a-58e939d8ec50 req-aeddae45-f7bb-4bcc-960a-58e939d8ec50 ] Request (ServerDiskConfigTestJSON:test_rebuild_server_with_manual_disk_config): 202 POST http://10.180.1.21/compute/v2.1/servers/6175679b-6d3b-42f4-8c31-59ccd36e427b/action 0.527s
2025-11-21 21:11:03.582 65828 INFO tempest.lib.common.rest_client [req-f5b19df4-210c-4a6d-8903-ff3af97e982a req-f5b19df4-210c-4a6d-8903-ff3af97e982a ] Request (ServersAdminTestJSON:test_inject_network_info): 202 POST http://10.180.1.21/compute/v2.1/servers/59220f12-096e-4f02-bca4-c1e50361d70b/action 0.622s
2025-11-21 21:11:03.822 65818 INFO tempest.lib.common.rest_client [req-ab5ff824-9cbb-40a6-b17a-a0d82f5108ba req-ab5ff824-9cbb-40a6-b17a-a0d82f5108ba ] Request (ServersTestMultiNic:setUpClass): 200 PUT http://10.180.1.21/networking/v2.0/routers/b77d1165-855f-4995-976a-34af2f0a3226/add_router_interface 1.071s
2025-11-21 21:11:03.822 65818 INFO tempest.lib.common.dynamic_creds [-] Created isolated network resources for: credentials: Credentials: {'domain_id': 'default', 'domain_name': 'Default', 'username': 'tempest-ServersTestMultiNic-2091480207-project-member', 'project_domain_id': 'default', 'project_domain_name': 'Default', 'project_id': 'd23bbeb726ae44e1b171ff0fd71df7be', 'project_name': 'tempest-ServersTestMultiNic-2091480207', 'tenant_id': 'd23bbeb726ae44e1b171ff0fd71df7be', 'tenant_name': 'tempest-ServersTestMultiNic-2091480207', 'user_domain_id': 'default', 'user_domain_name': 'Default', 'user_id': 'c4aaaee7e3e04e13bb9fa8255eebc0f0', 'system': None}, Network: {'id': 'b09bfc5b-f0e7-40ae-869e-1193d8a72a13', 'name': 'tempest-ServersTestMultiNic-534362388-network', 'tenant_id': 'd23bbeb726ae44e1b171ff0fd71df7be', 'project_id': 'd23bbeb726ae44e1b171ff0fd71df7be', 'admin_state_up': True, 'mtu': 8950, 'status': 'ACTIVE', 'subnets': [], 'shared': False, 'port_security_enabled': True, 'router:external': False, 'provider:network_type': 'vlan', 'provider:physical_network': 'default', 'provider:segmentation_id': 144, 'availability_zone_hints': [], 'availability_zones': [], 'ipv4_address_scope': None, 'ipv6_address_scope': None, 'description': '', 'tags': [], 'created_at': '2025-11-21T21:11:01Z', 'updated_at': '2025-11-21T21:11:01Z', 'revision_number': 1}, Subnet: {'id': 'e1f9e72e-122e-45f2-929e-8e99916d1112', 'name': 'tempest-ServersTestMultiNic-534362388-subnet', 'tenant_id': 'd23bbeb726ae44e1b171ff0fd71df7be', 'network_id': 'b09bfc5b-f0e7-40ae-869e-1193d8a72a13', 'ip_version': 4, 'subnetpool_id': None, 'enable_dhcp': True, 'ipv6_ra_mode': None, 'ipv6_address_mode': None, 'gateway_ip': '192.168.128.1', 'cidr': '192.168.128.0/28', 'allocation_pools': [{'start': '192.168.128.2', 'end': '192.168.128.14'}], 'host_routes': [], 'dns_nameservers': [], 'description': '', 'router:external': False, 'service_types': [], 'tags': [], 'created_at': '2025-11-21T21:11:01Z', 'updated_at': '2025-11-21T21:11:01Z', 'revision_number': 0, 'project_id': 'd23bbeb726ae44e1b171ff0fd71df7be'}, Router: {'id': 'b77d1165-855f-4995-976a-34af2f0a3226', 'name': 'tempest-ServersTestMultiNic-534362388-router', 'tenant_id': 'd23bbeb726ae44e1b171ff0fd71df7be', 'admin_state_up': True, 'status': 'ACTIVE', 'external_gateway_info': {'network_id': '64d119fc-a298-48a7-a483-7136ebe95082', 'external_fixed_ips': [{'subnet_id': '97e32738-0579-4ce6-bf6c-87990ad9f85b', 'ip_address': '10.180.180.190'}], 'enable_snat': True}, 'description': '', 'availability_zones': [], 'distributed': False, 'ha': False, 'availability_zone_hints': [], 'routes': [], 'flavor_id': None, 'tags': [], 'created_at': '2025-11-21T21:11:01Z', 'updated_at': '2025-11-21T21:11:02Z', 'revision_number': 2, 'project_id': 'd23bbeb726ae44e1b171ff0fd71df7be'}
2025-11-21 21:11:03.857 65810 INFO tempest.lib.common.rest_client [req-f01ab725-1c98-43f7-ac5e-585186b0f52e req-f01ab725-1c98-43f7-ac5e-585186b0f52e ] Request (ServerRescueTestJSON:test_rescue_unrescue_instance): 200 GET http://10.180.1.21/compute/v2.1/servers/19ac1a14-f1df-4d65-af0c-5560caa04963 0.893s
2025-11-21 21:11:03.885 65794 INFO tempest.lib.common.rest_client [req-1b29decd-7a95-428a-a19c-74c7c72a48b1 req-1b29decd-7a95-428a-a19c-74c7c72a48b1 ] Request (ListImageFiltersTestJSON:tearDownClass): 200 GET http://10.180.1.21/compute/v2.1/servers/9898985c-72bf-484c-a35b-3af1ff034815 1.044s
2025-11-21 21:11:03.932 65818 INFO tempest.lib.common.rest_client [req-b2f5430f-6028-43da-9352-15f879fa0cb6 req-b2f5430f-6028-43da-9352-15f879fa0cb6 ] Request (ServersTestMultiNic:setUpClass): 201 POST http://10.180.1.21/identity/v3/auth/tokens 0.106s
2025-11-21 21:11:04.493 65834 INFO tempest.lib.common.rest_client [req-99bc77b7-8468-4a48-ac4c-69020b0189bf req-99bc77b7-8468-4a48-ac4c-69020b0189bf ] Request (VolumesAssistedSnapshotsTest:tearDownClass): 200 GET http://10.180.1.21/compute/v2.1/servers/c40be75f-6c54-48fe-89b8-2c233ada411d 1.495s
2025-11-21 21:11:04.500 65830 WARNING tempest.lib.common.ssh [-] Failed to establish authenticated ssh connection to cirros@10.180.180.226 ([Errno None] Unable to connect to port 22 on 10.180.180.226). Number attempts: 2. Retry after 3 seconds.: paramiko.ssh_exception.NoValidConnectionsError: [Errno None] Unable to connect to port 22 on 10.180.180.226
2025-11-21 21:11:04.510 65798 INFO tempest.lib.common.rest_client [req-b7e86d8b-813e-4ab1-aace-cb11cca14a3a req-b7e86d8b-813e-4ab1-aace-cb11cca14a3a ] Request (ImagesTestJSON:test_create_image_from_suspended_server): 200 GET http://10.180.1.21/compute/v2.1/servers/c7d82cbb-ce70-44fa-a377-bcb4481b7ec9 1.480s
2025-11-21 21:11:04.718 65818 INFO tempest.lib.common.rest_client [req-4eb5beea-0259-42bb-9bd7-b51283548803 req-4eb5beea-0259-42bb-9bd7-b51283548803 ] Request (ServersTestMultiNic:test_verify_duplicate_network_nics): 201 POST http://10.180.1.21/networking/v2.0/networks 0.784s
2025-11-21 21:11:04.908 65848 INFO tempest.lib.common.rest_client [req-08a19ce2-0262-420f-a0db-1d82eb2d67e3 req-08a19ce2-0262-420f-a0db-1d82eb2d67e3 ] Request (ServersTestBootFromVolume:setUpClass): 200 GET http://10.180.1.21/compute/v2.1/servers/922f7d36-a462-4854-a285-cf9c40707acf 1.810s
2025-11-21 21:11:04.917 65848 INFO tempest.common.waiters [-] State transition "BUILD/None" ==> "BUILD/block_device_mapping" after 41 second wait
2025-11-21 21:11:05.110 65818 INFO tempest.lib.common.rest_client [req-c12e61ed-2095-4cec-ba86-91f39e9e76c0 req-c12e61ed-2095-4cec-ba86-91f39e9e76c0 ] Request (ServersTestMultiNic:test_verify_duplicate_network_nics): 201 POST http://10.180.1.21/networking/v2.0/subnets 0.392s
2025-11-21 21:11:05.147 65808 INFO tempest.lib.common.rest_client [req-c3b2bece-a716-47ac-9a4f-ae7996b4f7fd req-c3b2bece-a716-47ac-9a4f-ae7996b4f7fd ] Request (ServerActionsTestOtherA:test_rebuild_server_in_stop_state): 200 GET http://10.180.1.21/compute/v2.1/servers/76807c2f-f9c9-427b-9cfc-81e92204ae4e 2.019s
2025-11-21 21:11:05.154 65832 INFO tempest.lib.common.rest_client [req-491a13d2-ba78-4a31-a492-18c96adc50bf req-491a13d2-ba78-4a31-a492-18c96adc50bf ] Request (ImagesOneServerNegativeTestJSON:test_create_image_specify_metadata_over_limits): 400 POST http://10.180.1.21/compute/v2.1/servers/55e82e83-5131-450c-9c6d-635482840ec8/action 1.813s
2025-11-21 21:11:05.196 65814 INFO tempest.lib.common.rest_client [req-bf864ca6-054b-49e7-b6e5-4e2f2d4eb1c0 req-bf864ca6-054b-49e7-b6e5-4e2f2d4eb1c0 ] Request (FloatingIPsAssociationNegativeTestJSON:tearDownClass): 200 GET http://10.180.1.21/compute/v2.1/servers/ceabc553-32f6-4d74-9ad6-6ab30cb313a2 1.970s
2025-11-21 21:11:05.373 65818 INFO tempest.lib.common.rest_client [req-8778de52-d55c-496c-857e-ffa015e06407 req-8778de52-d55c-496c-857e-ffa015e06407 ] Request (ServersTestMultiNic:test_verify_duplicate_network_nics): 201 POST http://10.180.1.21/networking/v2.0/networks 0.263s
2025-11-21 21:11:05.427 65816 INFO tempest.lib.common.rest_client [req-1f696306-6a22-4aea-9d34-3dfc9c42ab0f req-1f696306-6a22-4aea-9d34-3dfc9c42ab0f ] Request (InstanceActionsNegativeTestJSON:tearDownClass): 200 GET http://10.180.1.21/compute/v2.1/servers/7674d72f-02df-4914-824c-5073cd464d92 1.995s
2025-11-21 21:11:05.627 65818 INFO tempest.lib.common.rest_client [req-6849f983-04d3-4d2b-aee1-745717e16a10 req-6849f983-04d3-4d2b-aee1-745717e16a10 ] Request (ServersTestMultiNic:test_verify_duplicate_network_nics): 201 POST http://10.180.1.21/networking/v2.0/subnets 0.252s
2025-11-21 21:11:05.673 65844 INFO tempest.lib.common.rest_client [req-236b0ba0-37b0-4db4-b014-dd1433e4be24 req-236b0ba0-37b0-4db4-b014-dd1433e4be24 ] Request (ServerDiskConfigTestJSON:test_rebuild_server_with_manual_disk_config): 200 GET http://10.180.1.21/compute/v2.1/servers/6175679b-6d3b-42f4-8c31-59ccd36e427b 2.302s
2025-11-21 21:11:05.681 65818 INFO tempest.lib.common.rest_client [req-155a7123-69fa-4846-9a4b-f2df9f8cf784 req-155a7123-69fa-4846-9a4b-f2df9f8cf784 ] Request (ServersTestMultiNic:test_verify_duplicate_network_nics): 201 POST http://10.180.1.21/identity/v3/auth/tokens 0.049s
2025-11-21 21:11:05.682 65818 INFO tempest.lib.common.fixed_network [-] (ServersTestMultiNic:test_verify_duplicate_network_nics) Found network {'id': 'b09bfc5b-f0e7-40ae-869e-1193d8a72a13', 'name': 'tempest-ServersTestMultiNic-534362388-network', 'tenant_id': 'd23bbeb726ae44e1b171ff0fd71df7be', 'project_id': 'd23bbeb726ae44e1b171ff0fd71df7be', 'admin_state_up': True, 'mtu': 8950, 'status': 'ACTIVE', 'subnets': [], 'shared': False, 'port_security_enabled': True, 'router:external': False, 'provider:network_type': 'vlan', 'provider:physical_network': 'default', 'provider:segmentation_id': 144, 'availability_zone_hints': [], 'availability_zones': [], 'ipv4_address_scope': None, 'ipv6_address_scope': None, 'description': '', 'tags': [], 'created_at': '2025-11-21T21:11:01Z', 'updated_at': '2025-11-21T21:11:01Z', 'revision_number': 1} available for tenant
2025-11-21 21:11:05.737 65836 INFO tempest.lib.common.rest_client [req-ba6baf3f-b141-4b19-924d-a346ef0f3733 req-ba6baf3f-b141-4b19-924d-a346ef0f3733 ] Request (ServersWithSpecificFlavorTestJSON:test_verify_created_server_ephemeral_disk): 200 GET http://10.180.1.21/compute/v2.1/servers/85d2c6ec-7d5b-4204-8b2e-582632876274 2.273s
2025-11-21 21:11:05.759 65822 INFO tempest.lib.common.rest_client [req-631d995f-8fd7-480e-8600-7b68d86e0450 req-631d995f-8fd7-480e-8600-7b68d86e0450 ] Request (AttachInterfacesV270Test:test_create_get_list_interfaces): 200 GET http://10.180.1.21/compute/v2.1/servers/90c04ec4-9fd4-4fba-a175-7a0ad259aeb1 2.240s
2025-11-21 21:11:05.773 65828 INFO tempest.lib.common.rest_client [req-3a157ac2-b20e-4ccb-b321-4782fd976313 req-3a157ac2-b20e-4ccb-b321-4782fd976313 ] Request (ServersAdminTestJSON:test_list_servers_by_admin): 200 GET http://10.180.1.21/compute/v2.1/servers/detail 2.190s
2025-11-21 21:11:05.873 65796 INFO tempest.lib.common.rest_client [req-8219e372-e371-4573-8413-9f310a71d098 req-8219e372-e371-4573-8413-9f310a71d098 ] Request (ListServersNegativeTestJSON:tearDownClass): 200 GET http://10.180.1.21/compute/v2.1/servers/5c349f65-c5f6-48a1-8d66-763532d87475 2.274s
2025-11-21 21:11:05.902 65824 INFO tempest.lib.common.rest_client [req-bad37e16-171c-4ea3-be8c-4569ab240d31 req-bad37e16-171c-4ea3-be8c-4569ab240d31 ] Request (MigrationsAdminTest:test_resize_server_revert_deleted_flavor): 200 GET http://10.180.1.21/compute/v2.1/servers/5e010c02-e3f4-4480-8578-1d1f150a9548 2.269s
2025-11-21 21:11:05.942 65800 INFO tempest.lib.common.rest_client [req-607fcea2-7edf-47fa-952d-5fa413a4e3dd req-607fcea2-7edf-47fa-952d-5fa413a4e3dd ] Request (ServerRescueTestJSONUnderV235:tearDownClass): 200 GET http://10.180.1.21/compute/v2.1/servers/bbb21fa1-8a9d-45ce-b697-fdb4da8bb350 2.274s
2025-11-21 21:11:05.971 65856 INFO tempest.lib.common.rest_client [req-9cbff74d-f7c1-45a0-8835-1090c6b0264a req-9cbff74d-f7c1-45a0-8835-1090c6b0264a ] Request (ServerMetadataTestJSON:setUpClass): 200 GET http://10.180.1.21/compute/v2.1/servers/2ca495e6-ad3b-49a8-b0a2-25c276fdcc8c 2.049s
2025-11-21 21:11:06.011 65802 INFO tempest.lib.common.rest_client [req-89dd4288-6166-47e5-a592-a0bc0f5a727b req-89dd4288-6166-47e5-a592-a0bc0f5a727b ] Request (ServersAdminNegativeTestJSON:tearDownClass): 200 GET http://10.180.1.21/compute/v2.1/servers/783aa11e-b55e-4341-886c-f1cfad42808d 1.939s
2025-11-21 21:11:06.020 65802 INFO tempest.common.waiters [-] State transition "ACTIVE/deleting" ==> "DELETED/None" after 5 second wait
2025-11-21 21:11:06.057 65804 INFO tempest.lib.common.rest_client [req-e87276d2-625a-435f-b348-76efb55304f9 req-e87276d2-625a-435f-b348-76efb55304f9 ] Request (FloatingIPsAssociationTestJSON:tearDownClass): 200 GET http://10.180.1.21/compute/v2.1/servers/32bce7c3-f876-400a-a663-fc5b058582df 1.958s
2025-11-21 21:11:06.120 65854 INFO tempest.lib.common.rest_client [req-30d4cb64-f486-4136-b3a4-43bf4400b862 req-30d4cb64-f486-4136-b3a4-43bf4400b862 ] Request (ServersTestManualDisk:tearDownClass): 200 GET http://10.180.1.21/compute/v2.1/servers/d9b42602-4b4c-4b9a-a4d0-5aa6076370a1 1.974s
2025-11-21 21:11:06.172 65810 INFO tempest.lib.common.rest_client [req-f9de56ce-8aa5-4bcb-b6be-01a6a99373a8 req-f9de56ce-8aa5-4bcb-b6be-01a6a99373a8 ] Request (ServerRescueTestJSON:test_rescue_unrescue_instance): 200 GET http://10.180.1.21/compute/v2.1/servers/19ac1a14-f1df-4d65-af0c-5560caa04963 1.306s
2025-11-21 21:11:06.191 65794 INFO tempest.lib.common.rest_client [req-aa7f7afa-2423-496b-a052-661be8bc0b8d req-aa7f7afa-2423-496b-a052-661be8bc0b8d ] Request (ListImageFiltersTestJSON:tearDownClass): 200 GET http://10.180.1.21/compute/v2.1/servers/9898985c-72bf-484c-a35b-3af1ff034815 1.294s
2025-11-21 21:11:06.199 65794 INFO tempest.common.waiters [-] State transition "ACTIVE/deleting" ==> "DELETED/None" after 5 second wait
2025-11-21 21:11:06.308 65834 INFO tempest.lib.common.rest_client [req-b7a8c94b-a07b-47fb-ab6e-0c80235254f9 req-b7a8c94b-a07b-47fb-ab6e-0c80235254f9 ] Request (VolumesAssistedSnapshotsTest:tearDownClass): 200 GET http://10.180.1.21/compute/v2.1/servers/c40be75f-6c54-48fe-89b8-2c233ada411d 0.802s
2025-11-21 21:11:06.319 65834 INFO tempest.common.waiters [-] State transition "ACTIVE/deleting" ==> "DELETED/None" after 5 second wait
2025-11-21 21:11:06.336 65832 INFO tempest.lib.common.rest_client [req-4cd98c71-0571-4c36-bba3-265e3b2db59a req-4cd98c71-0571-4c36-bba3-265e3b2db59a ] Request (ImagesOneServerNegativeTestJSON:tearDown): 200 GET http://10.180.1.21/compute/v2.1/servers/55e82e83-5131-450c-9c6d-635482840ec8 1.181s
2025-11-21 21:11:06.369 65798 INFO tempest.lib.common.rest_client [req-a843acdc-b6b9-4390-bf48-71d2ebed3499 req-a843acdc-b6b9-4390-bf48-71d2ebed3499 ] Request (ImagesTestJSON:test_create_image_from_suspended_server): 200 GET http://10.180.1.21/compute/v2.1/servers/c7d82cbb-ce70-44fa-a377-bcb4481b7ec9 0.848s
2025-11-21 21:11:06.776 65828 INFO tempest.lib.common.rest_client [req-33a9562d-c3fb-40fe-8db4-32913c7a57fb req-33a9562d-c3fb-40fe-8db4-32913c7a57fb ] Request (ServersAdminTestJSON:test_list_servers_by_admin_with_all_tenants): 200 GET http://10.180.1.21/compute/v2.1/servers/detail?all_tenants= 0.990s
2025-11-21 21:11:06.806 65828 WARNING tempest.lib.common.rest_client [-] Deprecated: "tenant_id" property is deprecated for removal, use "project_id" instead
2025-11-21 21:11:06.894 65848 INFO tempest.lib.common.rest_client [req-56ad73e1-d80b-4f5a-82ca-3168a20b7d51 req-56ad73e1-d80b-4f5a-82ca-3168a20b7d51 ] Request (ServersTestBootFromVolume:setUpClass): 200 GET http://10.180.1.21/compute/v2.1/servers/922f7d36-a462-4854-a285-cf9c40707acf 0.976s
2025-11-21 21:11:06.917 65818 INFO tempest.lib.common.rest_client [req-db2d089d-5b03-45fc-a0c9-81d36a00e58e req-db2d089d-5b03-45fc-a0c9-81d36a00e58e ] Request (ServersTestMultiNic:test_verify_duplicate_network_nics): 202 POST http://10.180.1.21/compute/v2.1/servers 1.235s
2025-11-21 21:11:06.941 65814 INFO tempest.lib.common.rest_client [req-b0ce6017-76a6-4bae-b2a2-5504f8fdb4be req-b0ce6017-76a6-4bae-b2a2-5504f8fdb4be ] Request (FloatingIPsAssociationNegativeTestJSON:tearDownClass): 404 GET http://10.180.1.21/compute/v2.1/servers/ceabc553-32f6-4d74-9ad6-6ab30cb313a2 0.734s
2025-11-21 21:11:07.034 65808 INFO tempest.lib.common.rest_client [req-64f2c808-06cf-4505-a529-314d2ae33608 req-64f2c808-06cf-4505-a529-314d2ae33608 ] Request (ServerActionsTestOtherA:test_rebuild_server_in_stop_state): 200 GET http://10.180.1.21/compute/v2.1/servers/76807c2f-f9c9-427b-9cfc-81e92204ae4e 0.872s
2025-11-21 21:11:07.042 65808 INFO tempest.common.waiters [-] State transition "REBUILD/rebuild_spawning" ==> "ACTIVE/powering-off" after 12 second wait
2025-11-21 21:11:07.114 65832 INFO tempest.lib.common.rest_client [req-0d02d1dc-a3a4-427c-975d-388004885f6e req-0d02d1dc-a3a4-427c-975d-388004885f6e ] Request (ImagesOneServerNegativeTestJSON:setUp): 200 GET http://10.180.1.21/compute/v2.1/servers/55e82e83-5131-450c-9c6d-635482840ec8 0.769s
2025-11-21 21:11:07.128 65816 INFO tempest.lib.common.rest_client [req-c93afeec-b23c-4f8f-8ef5-546272f9c163 req-c93afeec-b23c-4f8f-8ef5-546272f9c163 ] Request (InstanceActionsNegativeTestJSON:tearDownClass): 200 GET http://10.180.1.21/compute/v2.1/servers/7674d72f-02df-4914-824c-5073cd464d92 0.692s
2025-11-21 21:11:07.306 65844 INFO tempest.lib.common.rest_client [req-c8da0657-2d6e-4ee8-a69b-787d5e9195f4 req-c8da0657-2d6e-4ee8-a69b-787d5e9195f4 ] Request (ServerDiskConfigTestJSON:test_rebuild_server_with_manual_disk_config): 200 GET http://10.180.1.21/compute/v2.1/servers/6175679b-6d3b-42f4-8c31-59ccd36e427b 0.623s
2025-11-21 21:11:07.317 65844 INFO tempest.common.waiters [-] State transition "REBUILD/rebuilding" ==> "REBUILD/rebuild_block_device_mapping" after 2 second wait
2025-11-21 21:11:07.332 65836 INFO tempest.lib.common.rest_client [req-d06df094-23ba-4ccc-9890-27d39332bb01 req-d06df094-23ba-4ccc-9890-27d39332bb01 ] Request (ServersWithSpecificFlavorTestJSON:test_verify_created_server_ephemeral_disk): 200 GET http://10.180.1.21/compute/v2.1/servers/85d2c6ec-7d5b-4204-8b2e-582632876274 0.587s
2025-11-21 21:11:07.375 65822 INFO tempest.lib.common.rest_client [req-2902e3d2-84ee-443e-83c8-0c491d87f9b8 req-2902e3d2-84ee-443e-83c8-0c491d87f9b8 ] Request (AttachInterfacesV270Test:test_create_get_list_interfaces): 200 GET http://10.180.1.21/compute/v2.1/servers/90c04ec4-9fd4-4fba-a175-7a0ad259aeb1 0.605s
2025-11-21 21:11:07.386 65828 INFO tempest.lib.common.rest_client [req-e28803c1-d2cc-433a-bc72-0af18fd1a4a4 req-e28803c1-d2cc-433a-bc72-0af18fd1a4a4 ] Request (ServersAdminTestJSON:test_list_servers_by_admin_with_specified_tenant): 200 GET http://10.180.1.21/compute/v2.1/servers/detail?tenant_id=2058e9fed1db42f483a9a336b65d8352 0.579s
2025-11-21 21:11:07.492 65796 INFO tempest.lib.common.rest_client [req-184ef77b-e976-4671-aa18-5735403eb451 req-184ef77b-e976-4671-aa18-5735403eb451 ] Request (ListServersNegativeTestJSON:tearDownClass): 200 GET http://10.180.1.21/compute/v2.1/servers/5c349f65-c5f6-48a1-8d66-763532d87475 0.611s
2025-11-21 21:11:07.557 65824 INFO tempest.lib.common.rest_client [req-f985ed93-323e-4709-acf6-0106c82c9dfc req-f985ed93-323e-4709-acf6-0106c82c9dfc ] Request (MigrationsAdminTest:test_resize_server_revert_deleted_flavor): 200 GET http://10.180.1.21/compute/v2.1/servers/5e010c02-e3f4-4480-8578-1d1f150a9548 0.646s
2025-11-21 21:11:07.602 65818 INFO tempest.lib.common.rest_client [req-c154f043-68c1-42ee-8c1b-b6ae2ac0e12c req-c154f043-68c1-42ee-8c1b-b6ae2ac0e12c ] Request (ServersTestMultiNic:test_verify_duplicate_network_nics): 200 GET http://10.180.1.21/compute/v2.1/servers/40a22be6-9627-4d57-a0fe-a5a5876ec125 0.683s
2025-11-21 21:11:07.628 65800 INFO tempest.lib.common.rest_client [req-2d35cecc-883f-4f75-85eb-0052aedd358b req-2d35cecc-883f-4f75-85eb-0052aedd358b ] Request (ServerRescueTestJSONUnderV235:tearDownClass): 200 GET http://10.180.1.21/compute/v2.1/servers/bbb21fa1-8a9d-45ce-b697-fdb4da8bb350 0.671s
2025-11-21 21:11:07.687 65856 INFO tempest.lib.common.rest_client [req-dc3bcdd1-b1bc-487f-9511-df36d25c41c0 req-dc3bcdd1-b1bc-487f-9511-df36d25c41c0 ] Request (ServerMetadataTestJSON:setUpClass): 200 GET http://10.180.1.21/compute/v2.1/servers/2ca495e6-ad3b-49a8-b0a2-25c276fdcc8c 0.704s
2025-11-21 21:11:07.746 65802 INFO tempest.lib.common.rest_client [req-db5dfe36-1b36-468b-86fb-1e0956852c8d req-db5dfe36-1b36-468b-86fb-1e0956852c8d ] Request (ServersAdminNegativeTestJSON:tearDownClass): 200 GET http://10.180.1.21/compute/v2.1/servers/783aa11e-b55e-4341-886c-f1cfad42808d 0.724s
2025-11-21 21:11:07.752 65832 INFO tempest.lib.common.rest_client [req-8b103f8d-dae5-4af0-96e4-5ea3558be7dc req-8b103f8d-dae5-4af0-96e4-5ea3558be7dc ] Request (ImagesOneServerNegativeTestJSON:test_create_image_specify_name_over_character_limit): 400 POST http://10.180.1.21/compute/v2.1/servers/55e82e83-5131-450c-9c6d-635482840ec8/action 0.625s
2025-11-21 21:11:07.766 65804 INFO tempest.lib.common.rest_client [req-de8c5fbd-33e7-458f-b531-6eac961ae416 req-de8c5fbd-33e7-458f-b531-6eac961ae416 ] Request (FloatingIPsAssociationTestJSON:tearDownClass): 200 GET http://10.180.1.21/compute/v2.1/servers/32bce7c3-f876-400a-a663-fc5b058582df 0.700s
2025-11-21 21:11:07.822 65810 INFO tempest.lib.common.rest_client [req-d9464113-8f62-49af-b9b3-d57aae418653 req-d9464113-8f62-49af-b9b3-d57aae418653 ] Request (ServerRescueTestJSON:test_rescue_unrescue_instance): 200 GET http://10.180.1.21/compute/v2.1/servers/19ac1a14-f1df-4d65-af0c-5560caa04963 0.643s
2025-11-21 21:11:07.838 65854 INFO tempest.lib.common.rest_client [req-99426ec1-0e50-48e8-8241-becc92b5b277 req-99426ec1-0e50-48e8-8241-becc92b5b277 ] Request (ServersTestManualDisk:tearDownClass): 200 GET http://10.180.1.21/compute/v2.1/servers/d9b42602-4b4c-4b9a-a4d0-5aa6076370a1 0.704s
2025-11-21 21:11:07.873 65814 INFO tempest.lib.common.rest_client [req-3b1c80f6-d50c-4584-be52-284463e3ff62 req-3b1c80f6-d50c-4584-be52-284463e3ff62 ] Request (FloatingIPsAssociationNegativeTestJSON:tearDownClass): 200 PUT http://10.180.1.21/networking/v2.0/routers/199d97ea-0958-4ee7-9321-f38bdaeadcae/remove_router_interface 0.931s
2025-11-21 21:11:07.896 65794 INFO tempest.lib.common.rest_client [req-2b7e2f4a-fd61-4791-bc6d-d2fd50f683f3 req-2b7e2f4a-fd61-4791-bc6d-d2fd50f683f3 ] Request (ListImageFiltersTestJSON:tearDownClass): 200 GET http://10.180.1.21/compute/v2.1/servers/9898985c-72bf-484c-a35b-3af1ff034815 0.696s
2025-11-21 21:11:07.926 65834 INFO tempest.lib.common.rest_client [req-5ecc75c9-12c0-4a3f-8e2d-5c60cd66f428 req-5ecc75c9-12c0-4a3f-8e2d-5c60cd66f428 ] Request (VolumesAssistedSnapshotsTest:tearDownClass): 200 GET http://10.180.1.21/compute/v2.1/servers/c40be75f-6c54-48fe-89b8-2c233ada411d 0.606s
2025-11-21 21:11:07.966 65798 INFO tempest.lib.common.rest_client [req-da9806e8-11c6-4d3f-8726-a8b8dca5600f req-da9806e8-11c6-4d3f-8726-a8b8dca5600f ] Request (ImagesTestJSON:test_create_image_from_suspended_server): 200 GET http://10.180.1.21/compute/v2.1/servers/c7d82cbb-ce70-44fa-a377-bcb4481b7ec9 0.585s
2025-11-21 21:11:08.127 65832 INFO tempest.lib.common.rest_client [req-f8025102-718a-445f-a6a2-09c105df4ab9 req-f8025102-718a-445f-a6a2-09c105df4ab9 ] Request (ImagesOneServerNegativeTestJSON:tearDown): 200 GET http://10.180.1.21/compute/v2.1/servers/55e82e83-5131-450c-9c6d-635482840ec8 0.374s
2025-11-21 21:11:08.143 65828 INFO tempest.lib.common.rest_client [req-e68078f7-f51a-40cf-82c2-ee97749b92df req-e68078f7-f51a-40cf-82c2-ee97749b92df ] Request (ServersAdminTestJSON:test_list_servers_by_admin_with_specified_tenant): 200 GET http://10.180.1.21/compute/v2.1/servers/detail?all_tenants=&tenant_id=2058e9fed1db42f483a9a336b65d8352 0.744s
2025-11-21 21:11:08.289 65848 INFO tempest.lib.common.rest_client [req-d5138e48-be01-4269-b5b0-5db475e35e1e req-d5138e48-be01-4269-b5b0-5db475e35e1e ] Request (ServersTestBootFromVolume:setUpClass): 200 GET http://10.180.1.21/compute/v2.1/servers/922f7d36-a462-4854-a285-cf9c40707acf 0.386s
2025-11-21 21:11:08.299 65848 INFO tempest.common.waiters [-] State transition "BUILD/block_device_mapping" ==> "BUILD/spawning" after 45 second wait
2025-11-21 21:11:08.325 65808 INFO tempest.lib.common.rest_client [req-89aef90b-3b6f-4e9d-8d45-6e4c947d8169 req-89aef90b-3b6f-4e9d-8d45-6e4c947d8169 ] Request (ServerActionsTestOtherA:test_rebuild_server_in_stop_state): 200 GET http://10.180.1.21/compute/v2.1/servers/76807c2f-f9c9-427b-9cfc-81e92204ae4e 0.282s
2025-11-21 21:11:08.340 65814 INFO tempest.lib.common.rest_client [req-bfefe527-9bd9-4553-97d1-3799c23cf95d req-bfefe527-9bd9-4553-97d1-3799c23cf95d ] Request (FloatingIPsAssociationNegativeTestJSON:tearDownClass): 204 DELETE http://10.180.1.21/networking/v2.0/routers/199d97ea-0958-4ee7-9321-f38bdaeadcae 0.466s
2025-11-21 21:11:08.491 65816 INFO tempest.lib.common.rest_client [req-47019688-617d-499d-acf4-363d55a93dea req-47019688-617d-499d-acf4-363d55a93dea ] Request (InstanceActionsNegativeTestJSON:tearDownClass): 200 GET http://10.180.1.21/compute/v2.1/servers/7674d72f-02df-4914-824c-5073cd464d92 0.353s
2025-11-21 21:11:08.522 65814 INFO tempest.lib.common.rest_client [req-a102c830-1fe4-4ebc-af93-49da9b77eb77 req-a102c830-1fe4-4ebc-af93-49da9b77eb77 ] Request (FloatingIPsAssociationNegativeTestJSON:tearDownClass): 204 DELETE http://10.180.1.21/networking/v2.0/subnets/8c0b4d4f-5593-485d-b334-1fab122168cb 0.182s
2025-11-21 21:11:08.527 65828 INFO tempest.lib.common.rest_client [req-ae84335c-1a53-4c6b-9467-cae91af46a30 req-ae84335c-1a53-4c6b-9467-cae91af46a30 ] Request (ServersAdminTestJSON:test_list_servers_by_admin_with_specified_tenant): 200 GET http://10.180.1.21/compute/v2.1/servers/detail?all_tenants=&tenant_id=c5a92d39f3e4401f90526d5e71b54d7d 0.372s
2025-11-21 21:11:08.558 65832 INFO tempest.lib.common.rest_client [req-0f4f3be5-209d-4160-a784-7147ada9975c req-0f4f3be5-209d-4160-a784-7147ada9975c ] Request (ImagesOneServerNegativeTestJSON:setUp): 200 GET http://10.180.1.21/compute/v2.1/servers/55e82e83-5131-450c-9c6d-635482840ec8 0.422s
2025-11-21 21:11:08.653 65844 INFO tempest.lib.common.rest_client [req-0aae99f2-2284-4604-95f1-e51ad72410ce req-0aae99f2-2284-4604-95f1-e51ad72410ce ] Request (ServerDiskConfigTestJSON:test_rebuild_server_with_manual_disk_config): 200 GET http://10.180.1.21/compute/v2.1/servers/6175679b-6d3b-42f4-8c31-59ccd36e427b 0.333s
2025-11-21 21:11:08.660 65844 INFO tempest.common.waiters [-] State transition "REBUILD/rebuild_block_device_mapping" ==> "REBUILD/rebuild_spawning" after 3 second wait
2025-11-21 21:11:08.739 65822 INFO tempest.lib.common.rest_client [req-0c7838e6-ecfb-43cf-bec4-6b5d319a8ed2 req-0c7838e6-ecfb-43cf-bec4-6b5d319a8ed2 ] Request (AttachInterfacesV270Test:test_create_get_list_interfaces): 200 GET http://10.180.1.21/compute/v2.1/servers/90c04ec4-9fd4-4fba-a175-7a0ad259aeb1 0.348s
2025-11-21 21:11:08.764 65836 INFO tempest.lib.common.rest_client [req-598a53e7-da57-4808-95e3-0ed539343454 req-598a53e7-da57-4808-95e3-0ed539343454 ] Request (ServersWithSpecificFlavorTestJSON:test_verify_created_server_ephemeral_disk): 200 GET http://10.180.1.21/compute/v2.1/servers/85d2c6ec-7d5b-4204-8b2e-582632876274 0.423s
2025-11-21 21:11:08.774 65828 INFO tempest.lib.common.rest_client [req-86e9b4fc-f648-446a-87cb-e4fed942cabd req-86e9b4fc-f648-446a-87cb-e4fed942cabd ] Request (ServersAdminTestJSON:test_list_servers_detailed_filter_by_invalid_status): 200 GET http://10.180.1.21/compute/v2.1/servers/detail?status=invalid_status 0.236s
2025-11-21 21:11:08.786 65806 WARNING tempest.lib.common.ssh [-] Failed to establish authenticated ssh connection to cirros@10.180.180.145 ([Errno None] Unable to connect to port 22 on 10.180.180.145). Number attempts: 3. Retry after 4 seconds.: paramiko.ssh_exception.NoValidConnectionsError: [Errno None] Unable to connect to port 22 on 10.180.180.145
2025-11-21 21:11:08.811 65796 INFO tempest.lib.common.rest_client [req-1ccc415f-8760-4b6b-915d-b36520c647b2 req-1ccc415f-8760-4b6b-915d-b36520c647b2 ] Request (ListServersNegativeTestJSON:tearDownClass): 200 GET http://10.180.1.21/compute/v2.1/servers/5c349f65-c5f6-48a1-8d66-763532d87475 0.309s
2025-11-21 21:11:08.884 65814 INFO tempest.lib.common.rest_client [req-df6ecc75-a5a0-42e3-8842-8730578a2a5b req-df6ecc75-a5a0-42e3-8842-8730578a2a5b ] Request (FloatingIPsAssociationNegativeTestJSON:tearDownClass): 204 DELETE http://10.180.1.21/networking/v2.0/networks/197ea029-0267-48a0-85ed-584d6412c840 0.361s
2025-11-21 21:11:08.948 65824 INFO tempest.lib.common.rest_client [req-172f26e6-1750-46aa-9e28-c15c58af6956 req-172f26e6-1750-46aa-9e28-c15c58af6956 ] Request (MigrationsAdminTest:test_resize_server_revert_deleted_flavor): 200 GET http://10.180.1.21/compute/v2.1/servers/5e010c02-e3f4-4480-8578-1d1f150a9548 0.374s
2025-11-21 21:11:08.995 65814 INFO tempest.lib.common.rest_client [req-96eb6cc2-6f40-4f40-8e07-00e27de56bba req-96eb6cc2-6f40-4f40-8e07-00e27de56bba ] Request (FloatingIPsAssociationNegativeTestJSON:tearDownClass): 204 DELETE http://10.180.1.21/identity/v3/users/9db834d859df4cd5ac90d8f59809cde2 0.110s
2025-11-21 21:11:08.995 65814 INFO tempest.lib.common.dynamic_creds [-] Deleting project and security group for project: 4f415fb4473542e5bea2890c9aa97e18
2025-11-21 21:11:09.019 65818 INFO tempest.lib.common.rest_client [req-8e1c8437-07f6-4c36-a767-692bf1407960 req-8e1c8437-07f6-4c36-a767-692bf1407960 ] Request (ServersTestMultiNic:test_verify_duplicate_network_nics): 200 GET http://10.180.1.21/compute/v2.1/servers/40a22be6-9627-4d57-a0fe-a5a5876ec125 0.408s
2025-11-21 21:11:09.027 65818 INFO tempest.common.waiters [-] State transition "BUILD/scheduling" ==> "BUILD/None" after 2 second wait
2025-11-21 21:11:09.032 65814 INFO tempest.lib.common.rest_client [req-ef9dc03d-89d4-44b5-97a8-c0f8ba16ba77 req-ef9dc03d-89d4-44b5-97a8-c0f8ba16ba77 ] Request (FloatingIPsAssociationNegativeTestJSON:tearDownClass): 200 GET http://10.180.1.21/networking/v2.0/security-groups?tenant_id=4f415fb4473542e5bea2890c9aa97e18&name=default 0.036s
2025-11-21 21:11:09.100 65800 INFO tempest.lib.common.rest_client [req-5cce79e1-ae61-402e-b351-5efd9348b5b7 req-5cce79e1-ae61-402e-b351-5efd9348b5b7 ] Request (ServerRescueTestJSONUnderV235:tearDownClass): 200 GET http://10.180.1.21/compute/v2.1/servers/bbb21fa1-8a9d-45ce-b697-fdb4da8bb350 0.463s
2025-11-21 21:11:09.140 65814 INFO tempest.lib.common.rest_client [req-b54ddb97-c868-40f5-a2cd-6192f424b099 req-b54ddb97-c868-40f5-a2cd-6192f424b099 ] Request (FloatingIPsAssociationNegativeTestJSON:tearDownClass): 204 DELETE http://10.180.1.21/networking/v2.0/security-groups/883230b6-7e6e-413a-b16f-b7e2c02eabcf 0.107s
2025-11-21 21:11:09.164 65856 INFO tempest.lib.common.rest_client [req-4ce1b5e0-59b3-4e66-a778-a73467ad33a9 req-4ce1b5e0-59b3-4e66-a778-a73467ad33a9 ] Request (ServerMetadataTestJSON:setUpClass): 200 GET http://10.180.1.21/compute/v2.1/servers/2ca495e6-ad3b-49a8-b0a2-25c276fdcc8c 0.469s
2025-11-21 21:11:09.240 65802 INFO tempest.lib.common.rest_client [req-1d1ff0cf-ab2b-4ca2-aab9-4b9cd47ae8a5 req-1d1ff0cf-ab2b-4ca2-aab9-4b9cd47ae8a5 ] Request (ServersAdminNegativeTestJSON:tearDownClass): 200 GET http://10.180.1.21/compute/v2.1/servers/783aa11e-b55e-4341-886c-f1cfad42808d 0.486s
2025-11-21 21:11:09.268 65804 INFO tempest.lib.common.rest_client [req-21e8b386-e224-4a26-89f3-bc0abd72dcb5 req-21e8b386-e224-4a26-89f3-bc0abd72dcb5 ] Request (FloatingIPsAssociationTestJSON:tearDownClass): 404 GET http://10.180.1.21/compute/v2.1/servers/32bce7c3-f876-400a-a663-fc5b058582df 0.491s
2025-11-21 21:11:09.283 65814 INFO tempest.lib.common.rest_client [req-b2277c75-9410-449c-a961-fcd81192a281 req-b2277c75-9410-449c-a961-fcd81192a281 ] Request (FloatingIPsAssociationNegativeTestJSON:tearDownClass): 204 DELETE http://10.180.1.21/identity/v3/projects/4f415fb4473542e5bea2890c9aa97e18 0.143s
2025-11-21 21:11:09.395 65828 INFO tempest.lib.common.rest_client [req-43154bc8-5edd-4119-9ef4-62f685d27427 req-43154bc8-5edd-4119-9ef4-62f685d27427 ] Request (ServersAdminTestJSON:test_list_servers_filter_by_error_status): 202 POST http://10.180.1.21/compute/v2.1/servers/c76b8431-70a3-4c93-bb30-e43bf3efd32a/action 0.610s
2025-11-21 21:11:09.418 65832 INFO tempest.lib.common.rest_client [req-1c7ca2e1-c6b2-42c3-ae5b-85bba6be0d69 req-1c7ca2e1-c6b2-42c3-ae5b-85bba6be0d69 ] Request (ImagesOneServerNegativeTestJSON:test_create_second_image_when_first_image_is_being_saved): 202 POST http://10.180.1.21/compute/v2.1/servers/55e82e83-5131-450c-9c6d-635482840ec8/action 0.851s
2025-11-21 21:11:09.473 65810 INFO tempest.lib.common.rest_client [req-5b9f912d-3279-4742-bb42-bbb49ae03bff req-5b9f912d-3279-4742-bb42-bbb49ae03bff ] Request (ServerRescueTestJSON:test_rescue_unrescue_instance): 200 GET http://10.180.1.21/compute/v2.1/servers/19ac1a14-f1df-4d65-af0c-5560caa04963 0.642s
2025-11-21 21:11:09.498 65854 INFO tempest.lib.common.rest_client [req-cc6e01fd-ab5b-4b56-a9e8-c031a3e3c296 req-cc6e01fd-ab5b-4b56-a9e8-c031a3e3c296 ] Request (ServersTestManualDisk:tearDownClass): 200 GET http://10.180.1.21/compute/v2.1/servers/d9b42602-4b4c-4b9a-a4d0-5aa6076370a1 0.648s
2025-11-21 21:11:09.546 65794 INFO tempest.lib.common.rest_client [req-754c262f-aae7-405f-a16c-d53643da90b7 req-754c262f-aae7-405f-a16c-d53643da90b7 ] Request (ListImageFiltersTestJSON:tearDownClass): 200 GET http://10.180.1.21/compute/v2.1/servers/9898985c-72bf-484c-a35b-3af1ff034815 0.636s
