2025-11-21 21:08:14.484 65854 INFO tempest.lib.common.fixed_network [-] (ServersTestManualDisk:setUpClass) Found network {'id': '827c9bc7-0e76-4a7e-ba9d-4fb11dc9a63d', 'name': 'tempest-ServersTestManualDisk-2146966766-network', 'tenant_id': 'be018e6b90744e0e858934bf5b1feae5', 'project_id': 'be018e6b90744e0e858934bf5b1feae5', 'admin_state_up': True, 'mtu': 8950, 'status': 'ACTIVE', 'subnets': [], 'shared': False, 'port_security_enabled': True, 'router:external': False, 'provider:network_type': 'vlan', 'provider:physical_network': 'default', 'provider:segmentation_id': 507, 'availability_zone_hints': [], 'availability_zones': [], 'ipv4_address_scope': None, 'ipv6_address_scope': None, 'description': '', 'tags': [], 'created_at': '2025-11-21T21:08:03Z', 'updated_at': '2025-11-21T21:08:03Z', 'revision_number': 1} available for tenant
2025-11-21 21:08:14.523 65808 INFO tempest.lib.common.rest_client [req-cd008090-41c9-4599-be44-88d5129dc2ad req-cd008090-41c9-4599-be44-88d5129dc2ad ] Request (FlavorMetadataValidation:tearDownClass): 200 GET http://10.180.1.21/networking/v2.0/security-groups?tenant_id=23b8371367694ebe941d3744e0d8123a&name=default 0.975s
2025-11-21 21:08:14.544 65834 INFO tempest.lib.common.rest_client [req-9902149a-2d0a-4af3-b7aa-af9080537c15 req-9902149a-2d0a-4af3-b7aa-af9080537c15 ] Request (VolumesAssistedSnapshotsTest:setUpClass): 200 PUT http://10.180.1.21/networking/v2.0/routers/677e04d4-75c6-4098-b32a-921ec35ab810/add_router_interface 1.180s
2025-11-21 21:08:14.544 65834 INFO tempest.lib.common.dynamic_creds [-] Created isolated network resources for: credentials: Credentials: {'domain_id': 'default', 'domain_name': 'Default', 'username': 'tempest-VolumesAssistedSnapshotsTest-514947004-project', 'project_domain_id': 'default', 'project_domain_name': 'Default', 'project_id': 'fc14941513d044c297fd97351ed9e71a', 'project_name': 'tempest-VolumesAssistedSnapshotsTest-514947004', 'tenant_id': 'fc14941513d044c297fd97351ed9e71a', 'tenant_name': 'tempest-VolumesAssistedSnapshotsTest-514947004', 'user_domain_id': 'default', 'user_domain_name': 'Default', 'user_id': 'c88f4fe57d584bbd868e45c29f474666', 'system': None}, Network: {'id': '4159a971-2a75-4e8a-9e07-d84233dc4838', 'name': 'tempest-VolumesAssistedSnapshotsTest-791503257-network', 'tenant_id': 'fc14941513d044c297fd97351ed9e71a', 'project_id': 'fc14941513d044c297fd97351ed9e71a', 'admin_state_up': True, 'mtu': 8950, 'status': 'ACTIVE', 'subnets': [], 'shared': False, 'port_security_enabled': True, 'router:external': False, 'provider:network_type': 'vlan', 'provider:physical_network': 'default', 'provider:segmentation_id': 197, 'availability_zone_hints': [], 'availability_zones': [], 'ipv4_address_scope': None, 'ipv6_address_scope': None, 'description': '', 'tags': [], 'created_at': '2025-11-21T21:08:11Z', 'updated_at': '2025-11-21T21:08:11Z', 'revision_number': 1}, Subnet: {'id': '0f05e644-990e-4aab-94eb-63064df7507c', 'name': 'tempest-VolumesAssistedSnapshotsTest-791503257-subnet', 'tenant_id': 'fc14941513d044c297fd97351ed9e71a', 'network_id': '4159a971-2a75-4e8a-9e07-d84233dc4838', 'ip_version': 4, 'subnetpool_id': None, 'enable_dhcp': True, 'ipv6_ra_mode': None, 'ipv6_address_mode': None, 'gateway_ip': '192.168.128.1', 'cidr': '192.168.128.0/28', 'allocation_pools': [{'start': '192.168.128.2', 'end': '192.168.128.14'}], 'host_routes': [], 'dns_nameservers': [], 'description': '', 'router:external': False, 'service_types': [], 'tags': [], 'created_at': '2025-11-21T21:08:12Z', 'updated_at': '2025-11-21T21:08:12Z', 'revision_number': 0, 'project_id': 'fc14941513d044c297fd97351ed9e71a'}, Router: {'id': '677e04d4-75c6-4098-b32a-921ec35ab810', 'name': 'tempest-VolumesAssistedSnapshotsTest-791503257-router', 'tenant_id': 'fc14941513d044c297fd97351ed9e71a', 'admin_state_up': True, 'status': 'ACTIVE', 'external_gateway_info': {'network_id': '64d119fc-a298-48a7-a483-7136ebe95082', 'external_fixed_ips': [{'subnet_id': '97e32738-0579-4ce6-bf6c-87990ad9f85b', 'ip_address': '10.180.180.181'}], 'enable_snat': True}, 'description': '', 'availability_zones': [], 'distributed': False, 'ha': False, 'availability_zone_hints': [], 'routes': [], 'flavor_id': None, 'tags': [], 'created_at': '2025-11-21T21:08:12Z', 'updated_at': '2025-11-21T21:08:12Z', 'revision_number': 2, 'project_id': 'fc14941513d044c297fd97351ed9e71a'}
2025-11-21 21:08:14.584 65826 INFO tempest.lib.common.rest_client [req-84a07be6-f13b-41cf-9ccf-027500fe9d9e req-84a07be6-f13b-41cf-9ccf-027500fe9d9e ] Request (NetworksTest:test_get_network): 200 GET http://10.180.1.21/compute/v2.1/os-networks/64d119fc-a298-48a7-a483-7136ebe95082 5.197s
2025-11-21 21:08:14.616 65796 INFO tempest.lib.common.rest_client [req-c37d765c-b416-4c50-88ba-f24a6f93a7ed req-c37d765c-b416-4c50-88ba-f24a6f93a7ed ] Request (InstanceUsageAuditLogTestJSON:tearDownClass): 200 GET http://10.180.1.21/networking/v2.0/security-groups?tenant_id=7bd88661053c45f08e2df8a2065d503c&name=default 0.833s
2025-11-21 21:08:14.661 65834 INFO tempest.lib.common.rest_client [req-42b9c345-e6cc-4189-817e-1b7e89bb22bf req-42b9c345-e6cc-4189-817e-1b7e89bb22bf ] Request (VolumesAssistedSnapshotsTest:setUpClass): 201 POST http://10.180.1.21/identity/v3/auth/tokens 0.115s
2025-11-21 21:08:14.722 65842 INFO tempest.lib.common.rest_client [req-d2ccc5e7-8eaf-463d-b1c4-8dcdd01b28ed req-d2ccc5e7-8eaf-463d-b1c4-8dcdd01b28ed ] Request (AZAdminV2TestJSON:tearDownClass): 200 GET http://10.180.1.21/networking/v2.0/security-groups?tenant_id=6b639b68b75e4cb681100940edf6659f&name=default 0.525s
2025-11-21 21:08:14.839 65808 INFO tempest.lib.common.rest_client [req-5b14713a-a590-49b8-ad5c-d2d44594ec08 req-5b14713a-a590-49b8-ad5c-d2d44594ec08 ] Request (FlavorMetadataValidation:tearDownClass): 204 DELETE http://10.180.1.21/networking/v2.0/security-groups/3733b7c4-87b1-440e-ba2d-47b39b3e4d13 0.315s
2025-11-21 21:08:14.852 65796 INFO tempest.lib.common.rest_client [req-3ccb4d94-e70c-47cc-9c34-49b76731e525 req-3ccb4d94-e70c-47cc-9c34-49b76731e525 ] Request (InstanceUsageAuditLogTestJSON:tearDownClass): 204 DELETE http://10.180.1.21/networking/v2.0/security-groups/2a6792db-20de-48ae-aa66-b41c8274c2e1 0.235s
2025-11-21 21:08:14.936 65842 INFO tempest.lib.common.rest_client [req-d78d89a2-0ffd-4a4e-b378-08aaf915fbc6 req-d78d89a2-0ffd-4a4e-b378-08aaf915fbc6 ] Request (AZAdminV2TestJSON:tearDownClass): 204 DELETE http://10.180.1.21/networking/v2.0/security-groups/20a45122-b008-45f4-9367-9b2b9e04dafe 0.214s
2025-11-21 21:08:14.954 65847 INFO tempest.lib.common.rest_client [req-f01c8268-ec28-4f35-a078-2ca4b52b87b6 req-f01c8268-ec28-4f35-a078-2ca4b52b87b6 ] Request (FloatingIPDetailsTestJSON:setUpClass): 200 POST http://10.180.1.21/compute/v2.1/os-floating-ips 6.821s
2025-11-21 21:08:14.973 65808 INFO tempest.lib.common.rest_client [req-16c5e10f-5d83-444b-820f-7a9146d092b8 req-16c5e10f-5d83-444b-820f-7a9146d092b8 ] Request (FlavorMetadataValidation:tearDownClass): 204 DELETE http://10.180.1.21/identity/v3/projects/23b8371367694ebe941d3744e0d8123a 0.133s
2025-11-21 21:08:14.974 65808 INFO tempest.test [-] raised in LiveMigrationWithoutHostTest.setUpClass. Invoking tearDownClass.
2025-11-21 21:08:14.988 65818 INFO tempest.lib.common.rest_client [req-13d6269e-c92e-44e7-be4d-ca61f5d4c0ae req-13d6269e-c92e-44e7-be4d-ca61f5d4c0ae ] Request (DeleteServersAdminTestJSON:test_admin_delete_servers_of_others): 200 GET http://10.180.1.21/compute/v2.1/servers/0941f48b-48ea-4e50-ad74-c76926c1cc67 5.431s
2025-11-21 21:08:14.989 65796 INFO tempest.lib.common.rest_client [req-9592c651-e243-45f3-a917-0d4d9f5f21f7 req-9592c651-e243-45f3-a917-0d4d9f5f21f7 ] Request (InstanceUsageAuditLogTestJSON:tearDownClass): 204 DELETE http://10.180.1.21/identity/v3/projects/7bd88661053c45f08e2df8a2065d503c 0.136s
2025-11-21 21:08:15.011 65798 INFO tempest.lib.common.rest_client [req-6ef30a89-4713-4583-8211-1d867458a261 req-6ef30a89-4713-4583-8211-1d867458a261 ] Request (FlavorsV261TestJSON:test_crud_flavor): 200 PUT http://10.180.1.21/compute/v2.1/flavors/1579507007 5.361s
2025-11-21 21:08:15.030 65794 INFO tempest.lib.common.rest_client [req-7ed338a3-41e4-4dcf-89b6-7b8a6b4fc065 req-7ed338a3-41e4-4dcf-89b6-7b8a6b4fc065 ] Request (ListImageFiltersTestJSON:setUpClass): 200 GET http://10.180.1.21/compute/v2.1/images/7cd59e82-835e-466d-bbdf-37e0763994e8 5.171s
2025-11-21 21:08:15.062 65808 INFO tempest.lib.common.rest_client [req-0ba392d0-bbca-4fd5-b76e-14747da2feca req-0ba392d0-bbca-4fd5-b76e-14747da2feca ] Request (ServerActionsTestOtherA:setUpClass): 201 POST http://10.180.1.21/identity/v3/auth/tokens 0.082s
2025-11-21 21:08:15.080 65834 INFO tempest.lib.common.rest_client [req-4be34bc1-bdad-456d-bb1d-3b33ca1f2eab req-4be34bc1-bdad-456d-bb1d-3b33ca1f2eab ] Request (VolumesAssistedSnapshotsTest:test_volume_assisted_snapshot_create_delete): 202 POST http://10.180.1.21/volume/v3/volumes 0.414s
2025-11-21 21:08:15.093 65842 INFO tempest.lib.common.rest_client [req-35954ea3-43e1-4c9e-a911-a020473f63e2 req-35954ea3-43e1-4c9e-a911-a020473f63e2 ] Request (AZAdminV2TestJSON:tearDownClass): 204 DELETE http://10.180.1.21/identity/v3/projects/6b639b68b75e4cb681100940edf6659f 0.156s
2025-11-21 21:08:15.147 65834 INFO tempest.lib.common.rest_client [req-38781aad-1fd7-4264-bfc9-8b2cc8e280f3 req-38781aad-1fd7-4264-bfc9-8b2cc8e280f3 ] Request (VolumesAssistedSnapshotsTest:test_volume_assisted_snapshot_create_delete): 200 GET http://10.180.1.21/volume/v3/volumes/6e6a8498-9a59-4498-b565-ca010e07ff2e 0.058s
2025-11-21 21:08:15.147 65796 INFO tempest.lib.common.rest_client [req-ff405e4a-738d-48f3-aacf-a997b27007d8 req-ff405e4a-738d-48f3-aacf-a997b27007d8 ] Request (KeyPairsV210TestJSON:setUpClass): 201 POST http://10.180.1.21/identity/v3/auth/tokens 0.156s
2025-11-21 21:08:15.166 65816 INFO tempest.lib.common.rest_client [req-3a4788b7-87b1-4b85-8d7b-c2cfa77af3c1 req-3a4788b7-87b1-4b85-8d7b-c2cfa77af3c1 ] Request (ServersAdmin275Test:test_rebuild_update_server_275): 200 PUT http://10.180.1.21/compute/v2.1/servers/1bb2eb73-639c-49ad-96ae-ea5dd36b42d8 5.206s
2025-11-21 21:08:15.191 65808 INFO tempest.lib.common.rest_client [req-70306090-897e-4fb5-8b43-ad422a6e92a4 req-70306090-897e-4fb5-8b43-ad422a6e92a4 ] Request (ServerActionsTestOtherA:setUpClass): 201 POST http://10.180.1.21/identity/v3/auth/tokens 0.126s
2025-11-21 21:08:15.221 65836 INFO tempest.lib.common.rest_client [req-be8348c0-0f7f-452b-ac0b-870375a75d83 req-be8348c0-0f7f-452b-ac0b-870375a75d83 ] Request (ServersWithSpecificFlavorTestJSON:test_verify_created_server_ephemeral_disk): 200 GET http://10.180.1.21/compute/v2.1/flavors/42 4.327s
2025-11-21 21:08:15.235 65842 INFO tempest.lib.common.rest_client [req-8fce85cd-0b37-4370-acc5-b5d0b8f55c73 req-8fce85cd-0b37-4370-acc5-b5d0b8f55c73 ] Request (FlavorsV255TestJSON:setUpClass): 201 POST http://10.180.1.21/identity/v3/auth/tokens 0.138s
2025-11-21 21:08:15.244 65796 INFO tempest.lib.common.rest_client [req-cd07d35f-69c9-49ee-874b-f3c6549c9382 req-cd07d35f-69c9-49ee-874b-f3c6549c9382 ] Request (KeyPairsV210TestJSON:setUpClass): 201 POST http://10.180.1.21/identity/v3/auth/tokens 0.094s
2025-11-21 21:08:15.273 65808 INFO tempest.lib.common.rest_client [req-329933bb-c611-4181-a744-f02fdd8c79de req-329933bb-c611-4181-a744-f02fdd8c79de ] Request (ServerActionsTestOtherA:setUpClass): 200 GET http://10.180.1.21/identity/v3/domains?name=Default 0.081s
2025-11-21 21:08:15.277 65796 INFO tempest.lib.common.rest_client [req-58df5c8d-2df0-4043-b4ee-364d182ef94c req-58df5c8d-2df0-4043-b4ee-364d182ef94c ] Request (KeyPairsV210TestJSON:setUpClass): 200 GET http://10.180.1.21/identity/v3/domains?name=Default 0.032s
2025-11-21 21:08:15.307 65842 INFO tempest.lib.common.rest_client [req-241b5df5-0270-4f44-b2c9-88ffe32945da req-241b5df5-0270-4f44-b2c9-88ffe32945da ] Request (FlavorsV255TestJSON:setUpClass): 201 POST http://10.180.1.21/identity/v3/auth/tokens 0.061s
2025-11-21 21:08:15.314 65808 INFO tempest.lib.common.rest_client [req-d2043e79-8283-4634-a970-8c39a9e619c8 req-d2043e79-8283-4634-a970-8c39a9e619c8 ] Request (ServerActionsTestOtherA:setUpClass): 201 POST http://10.180.1.21/identity/v3/projects 0.039s
2025-11-21 21:08:15.319 65848 INFO tempest.lib.common.rest_client [req-10d0d493-86a7-44f9-9d14-35d3fcdfe914 req-10d0d493-86a7-44f9-9d14-35d3fcdfe914 ] Request (TenantUsagesTestJSON:setUpClass): 200 GET http://10.180.1.21/compute/v2.1/servers/3862be98-bf81-45e4-8373-6c180acd9b26 3.921s
2025-11-21 21:08:15.388 65842 INFO tempest.lib.common.rest_client [req-462b6f05-20f3-436f-8afe-3df81feeea7d req-462b6f05-20f3-436f-8afe-3df81feeea7d ] Request (FlavorsV255TestJSON:setUpClass): 200 GET http://10.180.1.21/identity/v3/domains?name=Default 0.081s
2025-11-21 21:08:15.400 65796 INFO tempest.lib.common.rest_client [req-b6c19969-ee72-4b3b-95fc-49367b6ee1f5 req-b6c19969-ee72-4b3b-95fc-49367b6ee1f5 ] Request (KeyPairsV210TestJSON:setUpClass): 201 POST http://10.180.1.21/identity/v3/projects 0.122s
2025-11-21 21:08:15.422 65808 INFO tempest.lib.common.rest_client [req-4905bc31-6e10-4d88-894f-e6e8194accea req-4905bc31-6e10-4d88-894f-e6e8194accea ] Request (ServerActionsTestOtherA:setUpClass): 201 POST http://10.180.1.21/identity/v3/users 0.107s
2025-11-21 21:08:15.428 65814 INFO tempest.lib.common.rest_client [req-21e2a905-88d8-48b9-80d6-9ff9dc1056d2 req-21e2a905-88d8-48b9-80d6-9ff9dc1056d2 ] Request (ServerDiagnosticsNegativeTest:test_get_server_diagnostics_by_non_admin): 200 GET http://10.180.1.21/compute/v2.1/servers/70e36590-5124-456f-89f9-c41d44ff1da6 4.049s
2025-11-21 21:08:15.436 65822 INFO tempest.lib.common.rest_client [req-65ffd872-ba61-4d92-b9f9-0bfb3cc51195 req-65ffd872-ba61-4d92-b9f9-0bfb3cc51195 ] Request (InstanceUsageAuditLogNegativeTestJSON:test_instance_usage_audit_logs_with_nonadmin_user): 403 GET http://10.180.1.21/compute/v2.1/os-instance_usage_audit_log/2025-11-21%2021%3A08%3A11 3.769s
2025-11-21 21:08:15.458 65820 INFO tempest.lib.common.rest_client [req-4ab7cccf-c700-4a83-86ee-eabfa2fdb2d2 req-4ab7cccf-c700-4a83-86ee-eabfa2fdb2d2 ] Request (FlavorsExtraSpecsTestJSON:test_flavor_non_admin_get_specific_key): 200 POST http://10.180.1.21/compute/v2.1/flavors/1580425157/os-extra_specs 3.644s
2025-11-21 21:08:15.465 65842 INFO tempest.lib.common.rest_client [req-7e15f41b-4cf7-4fe0-a877-4e15173a3b41 req-7e15f41b-4cf7-4fe0-a877-4e15173a3b41 ] Request (FlavorsV255TestJSON:setUpClass): 201 POST http://10.180.1.21/identity/v3/projects 0.076s
2025-11-21 21:08:15.486 65796 INFO tempest.lib.common.rest_client [req-d839cdfb-d974-4c34-8386-4bcd5c913c1b req-d839cdfb-d974-4c34-8386-4bcd5c913c1b ] Request (KeyPairsV210TestJSON:setUpClass): 201 POST http://10.180.1.21/identity/v3/users 0.085s
2025-11-21 21:08:15.515 65808 INFO tempest.lib.common.rest_client [req-5fa8d441-d61b-4014-876f-cd7253b7ad86 req-5fa8d441-d61b-4014-876f-cd7253b7ad86 ] Request (ServerActionsTestOtherA:setUpClass): 200 GET http://10.180.1.21/identity/v3/roles 0.093s
2025-11-21 21:08:15.573 65822 INFO tempest.lib.common.rest_client [req-eba97332-5297-4594-b70d-26a447ed3eeb req-eba97332-5297-4594-b70d-26a447ed3eeb ] Request (InstanceUsageAuditLogNegativeTestJSON:tearDownClass): 204 DELETE http://10.180.1.21/identity/v3/users/e572682978c248ca8f68e8908caef988 0.135s
2025-11-21 21:08:15.635 65842 INFO tempest.lib.common.rest_client [req-9745969b-e002-4185-92c5-65969492e752 req-9745969b-e002-4185-92c5-65969492e752 ] Request (FlavorsV255TestJSON:setUpClass): 201 POST http://10.180.1.21/identity/v3/users 0.169s
2025-11-21 21:08:15.664 65840 INFO tempest.lib.common.rest_client [req-f03c83d0-a1eb-4ce8-bbda-1000b529d687 req-f03c83d0-a1eb-4ce8-bbda-1000b529d687 ] Request (KeyPairsV2TestJSON:test_get_keypair_detail): 200 POST http://10.180.1.21/compute/v2.1/os-keypairs 3.771s
2025-11-21 21:08:15.671 65796 INFO tempest.lib.common.rest_client [req-9a374ea2-e58b-4495-895b-0116a1984f7f req-9a374ea2-e58b-4495-895b-0116a1984f7f ] Request (KeyPairsV210TestJSON:setUpClass): 200 GET http://10.180.1.21/identity/v3/roles 0.184s
2025-11-21 21:08:15.689 65800 INFO tempest.lib.common.rest_client [req-95ea6df9-f635-479e-868d-01f647e4f42b req-95ea6df9-f635-479e-868d-01f647e4f42b ] Request (FlavorsExtraSpecsNegativeTestJSON:test_flavor_non_admin_unset_keys): 200 POST http://10.180.1.21/compute/v2.1/flavors/1714977494/os-extra_specs 3.603s
2025-11-21 21:08:15.707 65808 INFO tempest.lib.common.rest_client [req-110aff40-d788-448b-8676-1e886c8d636f req-110aff40-d788-448b-8676-1e886c8d636f ] Request (ServerActionsTestOtherA:setUpClass): 204 PUT http://10.180.1.21/identity/v3/projects/be52dce7978242a29dfb4ffc705e8cc1/users/619fc3000df543ad9b6f11116678b256/roles/8018c0a1f853416cbf2c2aa23b774d08 0.191s
2025-11-21 21:08:15.708 65808 INFO tempest.lib.common.dynamic_creds [-] Dynamic test user 619fc3000df543ad9b6f11116678b256 is created with scope project and roles: ['member']
2025-11-21 21:08:15.708 65808 INFO tempest.lib.common.dynamic_creds [-] Acquired dynamic creds: credentials: Credentials: {'domain_id': 'default', 'domain_name': 'Default', 'username': 'tempest-ServerActionsTestOtherA-840079708-project-member', 'project_domain_id': 'default', 'project_domain_name': 'Default', 'project_id': 'be52dce7978242a29dfb4ffc705e8cc1', 'project_name': 'tempest-ServerActionsTestOtherA-840079708', 'tenant_id': 'be52dce7978242a29dfb4ffc705e8cc1', 'tenant_name': 'tempest-ServerActionsTestOtherA-840079708', 'user_domain_id': 'default', 'user_domain_name': 'Default', 'user_id': '619fc3000df543ad9b6f11116678b256', 'system': None}, Network: None, Subnet: None, Router: None
2025-11-21 21:08:15.760 65842 INFO tempest.lib.common.rest_client [req-32d036e2-cba3-49d0-8ce4-dd62007748a5 req-32d036e2-cba3-49d0-8ce4-dd62007748a5 ] Request (FlavorsV255TestJSON:setUpClass): 200 GET http://10.180.1.21/identity/v3/roles 0.125s
2025-11-21 21:08:15.784 65796 INFO tempest.lib.common.rest_client [req-6ccf954e-c393-49a4-a59c-f2f39686fe7a req-6ccf954e-c393-49a4-a59c-f2f39686fe7a ] Request (KeyPairsV210TestJSON:setUpClass): 204 PUT http://10.180.1.21/identity/v3/projects/cf3f8e165e6d486b876e9f9743259bca/users/99758d6a39be4c5f8aabd8badf3d85b2/roles/8018c0a1f853416cbf2c2aa23b774d08 0.113s
2025-11-21 21:08:15.784 65796 INFO tempest.lib.common.dynamic_creds [-] Dynamic test user 99758d6a39be4c5f8aabd8badf3d85b2 is created with scope project and roles: ['member']
2025-11-21 21:08:15.785 65796 INFO tempest.lib.common.dynamic_creds [-] Acquired dynamic creds: credentials: Credentials: {'domain_id': 'default', 'domain_name': 'Default', 'username': 'tempest-KeyPairsV210TestJSON-1311599574-project-member', 'project_domain_id': 'default', 'project_domain_name': 'Default', 'project_id': 'cf3f8e165e6d486b876e9f9743259bca', 'project_name': 'tempest-KeyPairsV210TestJSON-1311599574', 'tenant_id': 'cf3f8e165e6d486b876e9f9743259bca', 'tenant_name': 'tempest-KeyPairsV210TestJSON-1311599574', 'user_domain_id': 'default', 'user_domain_name': 'Default', 'user_id': '99758d6a39be4c5f8aabd8badf3d85b2', 'system': None}, Network: None, Subnet: None, Router: None
2025-11-21 21:08:15.785 65796 INFO tempest.lib.common.dynamic_creds [-] Created isolated network resources for: credentials: Credentials: {'domain_id': 'default', 'domain_name': 'Default', 'username': 'tempest-KeyPairsV210TestJSON-1311599574-project-member', 'project_domain_id': 'default', 'project_domain_name': 'Default', 'project_id': 'cf3f8e165e6d486b876e9f9743259bca', 'project_name': 'tempest-KeyPairsV210TestJSON-1311599574', 'tenant_id': 'cf3f8e165e6d486b876e9f9743259bca', 'tenant_name': 'tempest-KeyPairsV210TestJSON-1311599574', 'user_domain_id': 'default', 'user_domain_name': 'Default', 'user_id': '99758d6a39be4c5f8aabd8badf3d85b2', 'system': None}, Network: None, Subnet: None, Router: None
2025-11-21 21:08:15.804 65822 INFO tempest.lib.common.rest_client [req-f83e5a9b-9154-424a-a07e-22a99672eb5f req-f83e5a9b-9154-424a-a07e-22a99672eb5f ] Request (InstanceUsageAuditLogNegativeTestJSON:tearDownClass): 204 DELETE http://10.180.1.21/identity/v3/users/1325e25270cf4f438514a2c20a4597ad 0.231s
2025-11-21 21:08:15.805 65822 INFO tempest.lib.common.dynamic_creds [-] Deleting project and security group for project: 5a4032688cb24e7193bea3397170e686
2025-11-21 21:08:15.960 65808 INFO tempest.lib.common.rest_client [req-c42a5cf0-92ea-4f30-a216-587597e0dccf req-c42a5cf0-92ea-4f30-a216-587597e0dccf ] Request (ServerActionsTestOtherA:setUpClass): 201 POST http://10.180.1.21/identity/v3/auth/tokens 0.251s
2025-11-21 21:08:15.966 65842 INFO tempest.lib.common.rest_client [req-6f114d34-ff9e-47d8-9c9a-7196b0904aaf req-6f114d34-ff9e-47d8-9c9a-7196b0904aaf ] Request (FlavorsV255TestJSON:setUpClass): 204 PUT http://10.180.1.21/identity/v3/projects/3847159865dc40ddb07fb4c24007c242/users/7de68b3f3db8436e96c41cd2208cc720/roles/8018c0a1f853416cbf2c2aa23b774d08 0.205s
2025-11-21 21:08:15.966 65842 INFO tempest.lib.common.dynamic_creds [-] Dynamic test user 7de68b3f3db8436e96c41cd2208cc720 is created with scope project and roles: ['member']
2025-11-21 21:08:15.966 65842 INFO tempest.lib.common.dynamic_creds [-] Acquired dynamic creds: credentials: Credentials: {'domain_id': 'default', 'domain_name': 'Default', 'username': 'tempest-FlavorsV255TestJSON-662242347-project-member', 'project_domain_id': 'default', 'project_domain_name': 'Default', 'project_id': '3847159865dc40ddb07fb4c24007c242', 'project_name': 'tempest-FlavorsV255TestJSON-662242347', 'tenant_id': '3847159865dc40ddb07fb4c24007c242', 'tenant_name': 'tempest-FlavorsV255TestJSON-662242347', 'user_domain_id': 'default', 'user_domain_name': 'Default', 'user_id': '7de68b3f3db8436e96c41cd2208cc720', 'system': None}, Network: None, Subnet: None, Router: None
2025-11-21 21:08:15.966 65842 INFO tempest.lib.common.dynamic_creds [-] Created isolated network resources for: credentials: Credentials: {'domain_id': 'default', 'domain_name': 'Default', 'username': 'tempest-FlavorsV255TestJSON-662242347-project-member', 'project_domain_id': 'default', 'project_domain_name': 'Default', 'project_id': '3847159865dc40ddb07fb4c24007c242', 'project_name': 'tempest-FlavorsV255TestJSON-662242347', 'tenant_id': '3847159865dc40ddb07fb4c24007c242', 'tenant_name': 'tempest-FlavorsV255TestJSON-662242347', 'user_domain_id': 'default', 'user_domain_name': 'Default', 'user_id': '7de68b3f3db8436e96c41cd2208cc720', 'system': None}, Network: None, Subnet: None, Router: None
2025-11-21 21:08:16.025 65850 INFO tempest.lib.common.rest_client [req-2624d630-e5a0-49d1-bd7e-b37b08b17c19 req-2624d630-e5a0-49d1-bd7e-b37b08b17c19 ] Request (AggregatesAdminNegativeTestJSON:test_aggregate_add_existent_host): 200 POST http://10.180.1.21/compute/v2.1/os-aggregates/1/action 4.567s
2025-11-21 21:08:16.031 65796 INFO tempest.lib.common.rest_client [req-b4649641-9dfa-4f69-9052-2eec2659f77e req-b4649641-9dfa-4f69-9052-2eec2659f77e ] Request (KeyPairsV210TestJSON:setUpClass): 201 POST http://10.180.1.21/identity/v3/auth/tokens 0.243s
2025-11-21 21:08:16.040 65812 INFO tempest.lib.common.rest_client [req-e090cf79-a2ea-4370-9a90-759e8d9d7f74 req-e090cf79-a2ea-4370-9a90-759e8d9d7f74 ] Request (HypervisorAdminNegativeUnderV252Test:test_search_nonexistent_hypervisor): 404 GET http://10.180.1.21/compute/v2.1/os-hypervisors/nonexistent_hypervisor_name/search 3.844s
2025-11-21 21:08:16.075 65830 INFO tempest.lib.common.rest_client [req-63dc9a56-36db-4cc9-8cad-b685cc734f77 req-63dc9a56-36db-4cc9-8cad-b685cc734f77 ] Request (ServicesAdminNegativeTestJSON:test_get_service_by_invalid_service_and_valid_host): 200 GET http://10.180.1.21/compute/v2.1/os-services 3.860s
2025-11-21 21:08:16.079 65844 INFO tempest.lib.common.rest_client [req-a5c2f321-a550-4261-aeb7-14cec62a20e1 req-a5c2f321-a550-4261-aeb7-14cec62a20e1 ] Request (HypervisorAdminNegativeTestJSON:test_get_hypervisor_stats_with_non_admin_user): 403 GET http://10.180.1.21/compute/v2.1/os-hypervisors/statistics 3.852s
2025-11-21 21:08:16.093 65822 INFO tempest.lib.common.rest_client [req-e5f6d4d4-8984-4a45-bbec-9dabf4ce7f1d req-e5f6d4d4-8984-4a45-bbec-9dabf4ce7f1d ] Request (InstanceUsageAuditLogNegativeTestJSON:tearDownClass): 201 POST http://10.180.1.21/identity/v3/auth/tokens 0.288s
2025-11-21 21:08:16.152 65796 INFO tempest.lib.common.rest_client [req-8e810652-cdf3-49fc-a30c-d8317111516e req-8e810652-cdf3-49fc-a30c-d8317111516e ] Request (KeyPairsV210TestJSON:setUpClass): 201 POST http://10.180.1.21/identity/v3/projects 0.120s
2025-11-21 21:08:16.167 65842 INFO tempest.lib.common.rest_client [req-51518e9a-0e58-4313-bda4-baaa66d6ff4d req-51518e9a-0e58-4313-bda4-baaa66d6ff4d ] Request (FlavorsV255TestJSON:setUpClass): 201 POST http://10.180.1.21/identity/v3/auth/tokens 0.197s
2025-11-21 21:08:16.190 65834 INFO tempest.lib.common.rest_client [req-0e012d7d-f85c-46c2-87b9-4f75a97246c0 req-0e012d7d-f85c-46c2-87b9-4f75a97246c0 ] Request (VolumesAssistedSnapshotsTest:test_volume_assisted_snapshot_create_delete): 200 GET http://10.180.1.21/volume/v3/volumes/6e6a8498-9a59-4498-b565-ca010e07ff2e 0.032s
2025-11-21 21:08:16.197 65834 INFO tempest.common.waiters [-] volume 6e6a8498-9a59-4498-b565-ca010e07ff2e reached available after waiting for 1.197604 seconds
2025-11-21 21:08:16.232 65796 INFO tempest.lib.common.rest_client [req-c206a7f1-a63e-4922-9733-04fe822237f3 req-c206a7f1-a63e-4922-9733-04fe822237f3 ] Request (KeyPairsV210TestJSON:setUpClass): 201 POST http://10.180.1.21/identity/v3/users 0.079s
2025-11-21 21:08:16.254 65810 INFO tempest.lib.common.rest_client [req-c0fd7f0a-4ad5-47fd-aa55-af1bcb519c36 req-c0fd7f0a-4ad5-47fd-aa55-af1bcb519c36 ] Request (TenantUsagesNegativeTestJSON:test_list_usage_all_tenants_with_non_admin_user): 403 GET http://10.180.1.21/compute/v2.1/os-simple-tenant-usage?start=2025-11-20T21%3A08%3A05.958675&end=2025-11-22T21%3A08%3A05.958675&detailed=1 4.021s
2025-11-21 21:08:16.261 65796 INFO tempest.lib.common.rest_client [req-8d16003e-be6f-4ce5-ada5-f2a99e471741 req-8d16003e-be6f-4ce5-ada5-f2a99e471741 ] Request (KeyPairsV210TestJSON:setUpClass): 200 GET http://10.180.1.21/identity/v3/roles 0.029s
2025-11-21 21:08:16.264 65842 INFO tempest.lib.common.rest_client [req-bc6fc648-5179-4ad9-929a-3bde3a7fc292 req-bc6fc648-5179-4ad9-929a-3bde3a7fc292 ] Request (FlavorsV255TestJSON:setUpClass): 201 POST http://10.180.1.21/identity/v3/projects 0.096s
2025-11-21 21:08:16.283 65832 INFO tempest.lib.common.rest_client [req-a77fc10e-c0d6-4770-9ee0-67aea055130d req-a77fc10e-c0d6-4770-9ee0-67aea055130d ] Request (HypervisorAdminUnderV252Test:test_search_hypervisor): 200 GET http://10.180.1.21/compute/v2.1/os-hypervisors 3.982s
2025-11-21 21:08:16.317 65808 INFO tempest.lib.common.rest_client [req-e3d9df3a-3b08-4c2f-83ad-b5de407d7ec3 req-e3d9df3a-3b08-4c2f-83ad-b5de407d7ec3 ] Request (ServerActionsTestOtherA:setUpClass): 201 POST http://10.180.1.21/networking/v2.0/networks 0.356s
2025-11-21 21:08:16.323 65796 INFO tempest.lib.common.rest_client [req-4473434e-059f-4080-8f71-8a9d639ced0e req-4473434e-059f-4080-8f71-8a9d639ced0e ] Request (KeyPairsV210TestJSON:setUpClass): 204 PUT http://10.180.1.21/identity/v3/projects/17067d9651474246a5ba457ada50bbbb/users/feaeaad87aa14127a60fe4c18aab4e76/roles/0f8e05bab64b40de895a49b2fe9edfed 0.061s
2025-11-21 21:08:16.351 65810 INFO tempest.lib.common.rest_client [req-394ec3ec-bcac-4888-81d8-06ab1c460d1a req-394ec3ec-bcac-4888-81d8-06ab1c460d1a ] Request (TenantUsagesNegativeTestJSON:tearDownClass): 204 DELETE http://10.180.1.21/identity/v3/users/196f30a5203843e2a5662dcb2901601f 0.095s
2025-11-21 21:08:16.404 65842 INFO tempest.lib.common.rest_client [req-577e3410-403b-4628-a0de-157094d075be req-577e3410-403b-4628-a0de-157094d075be ] Request (FlavorsV255TestJSON:setUpClass): 201 POST http://10.180.1.21/identity/v3/users 0.140s
2025-11-21 21:08:16.445 65796 INFO tempest.lib.common.rest_client [req-e56421d7-4636-4a20-9140-9c888398e6ae req-e56421d7-4636-4a20-9140-9c888398e6ae ] Request (KeyPairsV210TestJSON:setUpClass): 200 GET http://10.180.1.21/identity/v3/roles 0.121s
2025-11-21 21:08:16.529 65810 INFO tempest.lib.common.rest_client [req-93a8fe7c-968c-447b-8d56-e6aecf6ffa70 req-93a8fe7c-968c-447b-8d56-e6aecf6ffa70 ] Request (TenantUsagesNegativeTestJSON:tearDownClass): 204 DELETE http://10.180.1.21/identity/v3/users/b84af74920544504b222f25fe3c3d4a8 0.177s
2025-11-21 21:08:16.529 65810 INFO tempest.lib.common.dynamic_creds [-] Deleting project and security group for project: 728cbf2c539143179fba6e79a6959f5a
2025-11-21 21:08:16.588 65842 INFO tempest.lib.common.rest_client [req-016c7395-a1f4-4042-9449-b1863708a0e7 req-016c7395-a1f4-4042-9449-b1863708a0e7 ] Request (FlavorsV255TestJSON:setUpClass): 200 GET http://10.180.1.21/identity/v3/roles 0.183s
2025-11-21 21:08:16.611 65796 INFO tempest.lib.common.rest_client [req-52570ce6-6de9-4509-97ea-e0a38921909e req-52570ce6-6de9-4509-97ea-e0a38921909e ] Request (KeyPairsV210TestJSON:setUpClass): 204 PUT http://10.180.1.21/identity/v3/projects/17067d9651474246a5ba457ada50bbbb/users/feaeaad87aa14127a60fe4c18aab4e76/roles/0f8e05bab64b40de895a49b2fe9edfed 0.166s
2025-11-21 21:08:16.612 65796 INFO tempest.lib.common.dynamic_creds [-] Dynamic test user feaeaad87aa14127a60fe4c18aab4e76 is created with scope project and roles: ['admin']
2025-11-21 21:08:16.612 65796 INFO tempest.lib.common.dynamic_creds [-] Acquired dynamic creds: credentials: Credentials: {'domain_id': 'default', 'domain_name': 'Default', 'username': 'tempest-KeyPairsV210TestJSON-263338081-project-admin', 'project_domain_id': 'default', 'project_domain_name': 'Default', 'project_id': '17067d9651474246a5ba457ada50bbbb', 'project_name': 'tempest-KeyPairsV210TestJSON-263338081', 'tenant_id': '17067d9651474246a5ba457ada50bbbb', 'tenant_name': 'tempest-KeyPairsV210TestJSON-263338081', 'user_domain_id': 'default', 'user_domain_name': 'Default', 'user_id': 'feaeaad87aa14127a60fe4c18aab4e76', 'system': None}, Network: None, Subnet: None, Router: None
2025-11-21 21:08:16.612 65796 INFO tempest.lib.common.dynamic_creds [-] Created isolated network resources for: credentials: Credentials: {'domain_id': 'default', 'domain_name': 'Default', 'username': 'tempest-KeyPairsV210TestJSON-263338081-project-admin', 'project_domain_id': 'default', 'project_domain_name': 'Default', 'project_id': '17067d9651474246a5ba457ada50bbbb', 'project_name': 'tempest-KeyPairsV210TestJSON-263338081', 'tenant_id': '17067d9651474246a5ba457ada50bbbb', 'tenant_name': 'tempest-KeyPairsV210TestJSON-263338081', 'user_domain_id': 'default', 'user_domain_name': 'Default', 'user_id': 'feaeaad87aa14127a60fe4c18aab4e76', 'system': None}, Network: None, Subnet: None, Router: None
2025-11-21 21:08:16.655 65810 INFO tempest.lib.common.rest_client [req-5238247a-bc0e-4c04-9fe4-b4f73518f6f8 req-5238247a-bc0e-4c04-9fe4-b4f73518f6f8 ] Request (TenantUsagesNegativeTestJSON:tearDownClass): 201 POST http://10.180.1.21/identity/v3/auth/tokens 0.126s
2025-11-21 21:08:16.664 65842 INFO tempest.lib.common.rest_client [req-05b5b301-cdce-4792-9df4-882628a8c786 req-05b5b301-cdce-4792-9df4-882628a8c786 ] Request (FlavorsV255TestJSON:setUpClass): 204 PUT http://10.180.1.21/identity/v3/projects/53f05fa28557492ca6606bae8f3fc0ae/users/2a459286ff044235a83c6a8ba8c2c8dc/roles/0f8e05bab64b40de895a49b2fe9edfed 0.075s
2025-11-21 21:08:16.705 65822 INFO tempest.lib.common.rest_client [req-d4983056-ca1f-4383-9389-7b920d8475d9 req-d4983056-ca1f-4383-9389-7b920d8475d9 ] Request (InstanceUsageAuditLogNegativeTestJSON:tearDownClass): 200 GET http://10.180.1.21/networking/v2.0/security-groups?tenant_id=5a4032688cb24e7193bea3397170e686&name=default 0.611s
2025-11-21 21:08:16.715 65842 INFO tempest.lib.common.rest_client [req-ad0e7fdb-0fee-48d0-83f6-3680da77a605 req-ad0e7fdb-0fee-48d0-83f6-3680da77a605 ] Request (FlavorsV255TestJSON:setUpClass): 200 GET http://10.180.1.21/identity/v3/roles 0.051s
2025-11-21 21:08:16.729 65796 INFO tempest.lib.common.rest_client [req-7f0f23f0-a41c-4c99-8a3b-9534c03c1326 req-7f0f23f0-a41c-4c99-8a3b-9534c03c1326 ] Request (KeyPairsV210TestJSON:setUpClass): 201 POST http://10.180.1.21/identity/v3/auth/tokens 0.115s
2025-11-21 21:08:16.733 65842 INFO tempest.lib.common.rest_client [req-67f75f56-9faa-4489-81ea-8cd473fd3d69 req-67f75f56-9faa-4489-81ea-8cd473fd3d69 ] Request (FlavorsV255TestJSON:setUpClass): 204 PUT http://10.180.1.21/identity/v3/projects/53f05fa28557492ca6606bae8f3fc0ae/users/2a459286ff044235a83c6a8ba8c2c8dc/roles/0f8e05bab64b40de895a49b2fe9edfed 0.017s
2025-11-21 21:08:16.734 65842 INFO tempest.lib.common.dynamic_creds [-] Dynamic test user 2a459286ff044235a83c6a8ba8c2c8dc is created with scope project and roles: ['admin']
2025-11-21 21:08:16.734 65842 INFO tempest.lib.common.dynamic_creds [-] Acquired dynamic creds: credentials: Credentials: {'domain_id': 'default', 'domain_name': 'Default', 'username': 'tempest-FlavorsV255TestJSON-1674335098-project-admin', 'project_domain_id': 'default', 'project_domain_name': 'Default', 'project_id': '53f05fa28557492ca6606bae8f3fc0ae', 'project_name': 'tempest-FlavorsV255TestJSON-1674335098', 'tenant_id': '53f05fa28557492ca6606bae8f3fc0ae', 'tenant_name': 'tempest-FlavorsV255TestJSON-1674335098', 'user_domain_id': 'default', 'user_domain_name': 'Default', 'user_id': '2a459286ff044235a83c6a8ba8c2c8dc', 'system': None}, Network: None, Subnet: None, Router: None
2025-11-21 21:08:16.734 65842 INFO tempest.lib.common.dynamic_creds [-] Created isolated network resources for: credentials: Credentials: {'domain_id': 'default', 'domain_name': 'Default', 'username': 'tempest-FlavorsV255TestJSON-1674335098-project-admin', 'project_domain_id': 'default', 'project_domain_name': 'Default', 'project_id': '53f05fa28557492ca6606bae8f3fc0ae', 'project_name': 'tempest-FlavorsV255TestJSON-1674335098', 'tenant_id': '53f05fa28557492ca6606bae8f3fc0ae', 'tenant_name': 'tempest-FlavorsV255TestJSON-1674335098', 'user_domain_id': 'default', 'user_domain_name': 'Default', 'user_id': '2a459286ff044235a83c6a8ba8c2c8dc', 'system': None}, Network: None, Subnet: None, Router: None
2025-11-21 21:08:16.814 65842 INFO tempest.lib.common.rest_client [req-f62a0b2c-06e3-425a-9523-fe5acaed9396 req-f62a0b2c-06e3-425a-9523-fe5acaed9396 ] Request (FlavorsV255TestJSON:setUpClass): 201 POST http://10.180.1.21/identity/v3/auth/tokens 0.077s
2025-11-21 21:08:16.855 65808 INFO tempest.lib.common.rest_client [req-ab27e498-2003-4316-9a5e-4bdcf359c354 req-ab27e498-2003-4316-9a5e-4bdcf359c354 ] Request (ServerActionsTestOtherA:setUpClass): 201 POST http://10.180.1.21/networking/v2.0/subnets 0.538s
2025-11-21 21:08:17.079 65810 INFO tempest.lib.common.rest_client [req-647652e4-f7a1-4f16-afa5-edbf1cdf8617 req-647652e4-f7a1-4f16-afa5-edbf1cdf8617 ] Request (TenantUsagesNegativeTestJSON:tearDownClass): 200 GET http://10.180.1.21/networking/v2.0/security-groups?tenant_id=728cbf2c539143179fba6e79a6959f5a&name=default 0.423s
2025-11-21 21:08:17.185 65822 INFO tempest.lib.common.rest_client [req-444cd669-930b-4aaf-b133-e29218a36f0f req-444cd669-930b-4aaf-b133-e29218a36f0f ] Request (InstanceUsageAuditLogNegativeTestJSON:tearDownClass): 204 DELETE http://10.180.1.21/networking/v2.0/security-groups/8c270995-620a-45da-9460-97dbf249640a 0.480s
2025-11-21 21:08:17.263 65822 INFO tempest.lib.common.rest_client [req-962d80fb-168d-4bf9-853b-3d617e791ce4 req-962d80fb-168d-4bf9-853b-3d617e791ce4 ] Request (InstanceUsageAuditLogNegativeTestJSON:tearDownClass): 204 DELETE http://10.180.1.21/identity/v3/projects/5a4032688cb24e7193bea3397170e686 0.078s
2025-11-21 21:08:17.263 65822 INFO tempest.lib.common.dynamic_creds [-] Deleting project and security group for project: c96e87b174774c44ac5742195dc36329
2025-11-21 21:08:17.815 65808 INFO tempest.lib.common.rest_client [req-0375ce1e-18d3-4138-bdfd-938640b8eac5 req-0375ce1e-18d3-4138-bdfd-938640b8eac5 ] Request (ServerActionsTestOtherA:setUpClass): 201 POST http://10.180.1.21/networking/v2.0/routers 0.959s
2025-11-21 21:08:17.850 65824 INFO tempest.lib.common.rest_client [req-c3e74547-ab79-4675-8867-d7295dfc581e req-c3e74547-ab79-4675-8867-d7295dfc581e ] Request (MigrationsAdminTest:test_list_migrations_in_flavor_resize_situation): 202 POST http://10.180.1.21/compute/v2.1/servers 5.732s
2025-11-21 21:08:17.898 65810 INFO tempest.lib.common.rest_client [req-371ccbfc-0e61-4e3e-b7bd-80a545a9ae4a req-371ccbfc-0e61-4e3e-b7bd-80a545a9ae4a ] Request (TenantUsagesNegativeTestJSON:tearDownClass): 204 DELETE http://10.180.1.21/networking/v2.0/security-groups/70b29ecc-2cd2-4dfc-934b-73804431266a 0.819s
2025-11-21 21:08:17.949 65822 INFO tempest.lib.common.rest_client [req-5b4cf9be-4eb6-4f3f-b484-8c23289c898a req-5b4cf9be-4eb6-4f3f-b484-8c23289c898a ] Request (InstanceUsageAuditLogNegativeTestJSON:tearDownClass): 200 GET http://10.180.1.21/networking/v2.0/security-groups?tenant_id=c96e87b174774c44ac5742195dc36329&name=default 0.685s
2025-11-21 21:08:18.007 65806 INFO tempest.lib.common.rest_client [req-bdaa54c0-92bf-440e-8285-b55e075a19a8 req-bdaa54c0-92bf-440e-8285-b55e075a19a8 ] Request (ImagesNegativeTestJSON:test_create_image_from_deleted_server): 200 GET http://10.180.1.21/compute/v2.1/servers/e5f0bd39-6d62-4724-ada3-ebd6e56d766c 4.396s
2025-11-21 21:08:18.013 65810 INFO tempest.lib.common.rest_client [req-a3bcb06b-5fff-4f5b-bffb-0167466a7362 req-a3bcb06b-5fff-4f5b-bffb-0167466a7362 ] Request (TenantUsagesNegativeTestJSON:tearDownClass): 204 DELETE http://10.180.1.21/identity/v3/projects/728cbf2c539143179fba6e79a6959f5a 0.114s
2025-11-21 21:08:18.014 65810 INFO tempest.lib.common.dynamic_creds [-] Deleting project and security group for project: 710713b283bb4355b48db0e02b829a31
2025-11-21 21:08:18.068 65802 INFO tempest.lib.common.rest_client [req-7d4a67d0-0612-4595-ad0d-c5ba9fe2dbdf req-7d4a67d0-0612-4595-ad0d-c5ba9fe2dbdf ] Request (QuotaClassesAdmin257Test:_run_cleanups): 200 PUT http://10.180.1.21/compute/v2.1/os-quota-class-sets/default 4.446s
2025-11-21 21:08:18.099 65852 INFO tempest.lib.common.rest_client [req-0d289965-a21e-40a8-b9f9-9560f27793d2 req-0d289965-a21e-40a8-b9f9-9560f27793d2 ] Request (HypervisorAdminV253TestBase:test_list_show_detail_hypervisors): 200 GET http://10.180.1.21/compute/v2.1/os-hypervisors/cc6df5bd-bb1f-48b0-8747-01440dbe4a86 4.429s
2025-11-21 21:08:18.103 65822 INFO tempest.lib.common.rest_client [req-e6a95998-4320-4eef-8bf3-78cd80884df3 req-e6a95998-4320-4eef-8bf3-78cd80884df3 ] Request (InstanceUsageAuditLogNegativeTestJSON:tearDownClass): 204 DELETE http://10.180.1.21/networking/v2.0/security-groups/d533274f-5127-428a-9b31-000676837e54 0.154s
2025-11-21 21:08:18.235 65802 INFO tempest.lib.common.rest_client [req-71133583-285d-4626-9ed0-25ad63b9b526 req-71133583-285d-4626-9ed0-25ad63b9b526 ] Request (QuotaClassesAdmin257Test:tearDownClass): 204 DELETE http://10.180.1.21/identity/v3/users/d10b4d5effb14de39b6c462d03ef5d1c 0.165s
2025-11-21 21:08:18.288 65838 INFO tempest.lib.common.rest_client [req-4551a36b-6c56-4041-bd17-a0844f003f34 req-4551a36b-6c56-4041-bd17-a0844f003f34 ] Request (FlavorsAccessTestJSON:test_flavor_access_add_remove): 200 GET http://10.180.1.21/compute/v2.1/flavors/detail 4.430s
2025-11-21 21:08:18.337 65856 INFO tempest.lib.common.rest_client [req-6fbf93bc-866c-43ae-9670-70806fd7b857 req-6fbf93bc-866c-43ae-9670-70806fd7b857 ] Request (HostsAdminTestJSON:test_list_hosts_with_nonexistent_zone): 200 GET http://10.180.1.21/compute/v2.1/os-hosts?zone=xxx 4.447s
2025-11-21 21:08:18.341 65810 INFO tempest.lib.common.rest_client [req-b30c37c5-1b0f-4659-99a7-f5fe06a5cb00 req-b30c37c5-1b0f-4659-99a7-f5fe06a5cb00 ] Request (TenantUsagesNegativeTestJSON:tearDownClass): 200 GET http://10.180.1.21/networking/v2.0/security-groups?tenant_id=710713b283bb4355b48db0e02b829a31&name=default 0.327s
2025-11-21 21:08:18.410 65822 INFO tempest.lib.common.rest_client [req-8d92a606-7735-4eca-9d82-f0f7ed6eca97 req-8d92a606-7735-4eca-9d82-f0f7ed6eca97 ] Request (InstanceUsageAuditLogNegativeTestJSON:tearDownClass): 204 DELETE http://10.180.1.21/identity/v3/projects/c96e87b174774c44ac5742195dc36329 0.306s
2025-11-21 21:08:18.419 65852 INFO tempest.lib.common.rest_client [req-84434158-2cbb-4d25-b4d4-901035d7d4f6 req-84434158-2cbb-4d25-b4d4-901035d7d4f6 ] Request (HypervisorAdminV253TestBase:tearDownClass): 204 DELETE http://10.180.1.21/identity/v3/users/9c3dfe42eadc47c5abfd9bb7a1f61d0a 0.307s
2025-11-21 21:08:18.528 65804 INFO tempest.lib.common.rest_client [req-7f5d1ae5-0b09-48c2-ac2d-e889f6c0f89d req-7f5d1ae5-0b09-48c2-ac2d-e889f6c0f89d ] Request (QuotasAdminTestV236:test_get_updated_quotas): 200 GET http://10.180.1.21/identity/v3/domains?name=Default 0.384s
2025-11-21 21:08:18.552 65802 INFO tempest.lib.common.rest_client [req-14a18ea6-6388-4ad2-938d-0866f94459fe req-14a18ea6-6388-4ad2-938d-0866f94459fe ] Request (QuotaClassesAdmin257Test:tearDownClass): 204 DELETE http://10.180.1.21/identity/v3/users/7c7f9fc20e2746728fdd33f45fb1cf1e 0.317s
2025-11-21 21:08:18.553 65802 INFO tempest.lib.common.dynamic_creds [-] Deleting project and security group for project: 2e943a7a340d443ca3edae4be7f527c9
2025-11-21 21:08:18.566 65828 INFO tempest.lib.common.rest_client [req-eb560f83-f263-490a-b24d-6965666a28b9 req-eb560f83-f263-490a-b24d-6965666a28b9 ] Request (ServersAdminTestJSON:setUpClass): 202 POST http://10.180.1.21/compute/v2.1/servers 5.670s
2025-11-21 21:08:18.574 65810 INFO tempest.lib.common.rest_client [req-119f6c36-728c-4532-acc7-575add846ba9 req-119f6c36-728c-4532-acc7-575add846ba9 ] Request (TenantUsagesNegativeTestJSON:tearDownClass): 204 DELETE http://10.180.1.21/networking/v2.0/security-groups/767a37de-db45-46fd-8fe3-a3bef14af49d 0.232s
2025-11-21 21:08:18.608 65822 INFO tempest.lib.common.rest_client [req-4997e3a3-89f6-4e1a-bcc1-f0b3a91f8b77 req-4997e3a3-89f6-4e1a-bcc1-f0b3a91f8b77 ] Request (QuotasAdminTestJSON:setUpClass): 201 POST http://10.180.1.21/identity/v3/auth/tokens 0.195s
2025-11-21 21:08:18.694 65852 INFO tempest.lib.common.rest_client [req-d45888ab-c9cb-42f7-a742-ff588816477b req-d45888ab-c9cb-42f7-a742-ff588816477b ] Request (HypervisorAdminV253TestBase:tearDownClass): 204 DELETE http://10.180.1.21/identity/v3/users/9322933bda2045cd970cfe1779f61f57 0.274s
2025-11-21 21:08:18.694 65852 INFO tempest.lib.common.dynamic_creds [-] Deleting project and security group for project: 1433ca17cb884a49a26ad4d96f558c9c
2025-11-21 21:08:18.722 65826 INFO tempest.lib.common.rest_client [req-e145be29-42b8-4d00-acd0-5bd8c800a517 req-e145be29-42b8-4d00-acd0-5bd8c800a517 ] Request (NetworksTest:test_list_all_networks): 200 GET http://10.180.1.21/compute/v2.1/os-networks 4.130s
2025-11-21 21:08:18.750 65802 INFO tempest.lib.common.rest_client [req-76707fc0-37a8-4f3a-a416-2e4d45260833 req-76707fc0-37a8-4f3a-a416-2e4d45260833 ] Request (QuotaClassesAdmin257Test:tearDownClass): 201 POST http://10.180.1.21/identity/v3/auth/tokens 0.197s
2025-11-21 21:08:18.751 65804 INFO tempest.lib.common.rest_client [req-6bdd277e-c172-48cc-b89d-0488209bf31c req-6bdd277e-c172-48cc-b89d-0488209bf31c ] Request (QuotasAdminTestV236:test_get_updated_quotas): 201 POST http://10.180.1.21/identity/v3/projects 0.222s
2025-11-21 21:08:18.801 65828 INFO tempest.lib.common.rest_client [req-60e9f5a9-7476-4138-a8cd-822c0f9be4b0 req-60e9f5a9-7476-4138-a8cd-822c0f9be4b0 ] Request (ServersAdminTestJSON:setUpClass): 201 POST http://10.180.1.21/identity/v3/auth/tokens 0.226s
2025-11-21 21:08:18.801 65828 INFO tempest.lib.common.fixed_network [-] (ServersAdminTestJSON:setUpClass) Found network {'id': '8bce7af5-7042-47c0-a597-aa42491879bd', 'name': 'tempest-ServersAdminTestJSON-1942774905-network', 'tenant_id': '2058e9fed1db42f483a9a336b65d8352', 'project_id': '2058e9fed1db42f483a9a336b65d8352', 'admin_state_up': True, 'mtu': 8950, 'status': 'ACTIVE', 'subnets': [], 'shared': False, 'port_security_enabled': True, 'router:external': False, 'provider:network_type': 'vlan', 'provider:physical_network': 'default', 'provider:segmentation_id': 386, 'availability_zone_hints': [], 'availability_zones': [], 'ipv4_address_scope': None, 'ipv6_address_scope': None, 'description': '', 'tags': [], 'created_at': '2025-11-21T21:08:04Z', 'updated_at': '2025-11-21T21:08:04Z', 'revision_number': 1} available for tenant
2025-11-21 21:08:18.835 65810 INFO tempest.lib.common.rest_client [req-6121fb78-efa4-46d8-ad74-769a367e9a8f req-6121fb78-efa4-46d8-ad74-769a367e9a8f ] Request (TenantUsagesNegativeTestJSON:tearDownClass): 204 DELETE http://10.180.1.21/identity/v3/projects/710713b283bb4355b48db0e02b829a31 0.260s
2025-11-21 21:08:18.860 65822 INFO tempest.lib.common.rest_client [req-ab6719ac-075f-4446-8935-b54b07469bed req-ab6719ac-075f-4446-8935-b54b07469bed ] Request (QuotasAdminTestJSON:setUpClass): 201 POST http://10.180.1.21/identity/v3/auth/tokens 0.248s
2025-11-21 21:08:18.893 65852 INFO tempest.lib.common.rest_client [req-1fb24472-5f8c-461b-92e4-ce6ad29d1ab1 req-1fb24472-5f8c-461b-92e4-ce6ad29d1ab1 ] Request (HypervisorAdminV253TestBase:tearDownClass): 201 POST http://10.180.1.21/identity/v3/auth/tokens 0.198s
2025-11-21 21:08:18.922 65826 INFO tempest.lib.common.rest_client [req-169259b5-f7ed-448f-916b-edb0480158e2 req-169259b5-f7ed-448f-916b-edb0480158e2 ] Request (NetworksTest:tearDownClass): 204 DELETE http://10.180.1.21/identity/v3/users/cc57968623d8461a9cf60d0b277f01c5 0.197s
2025-11-21 21:08:18.967 65808 INFO tempest.lib.common.rest_client [req-8d2a2dc8-f868-46a9-bcaa-0f39522278cc req-8d2a2dc8-f868-46a9-bcaa-0f39522278cc ] Request (ServerActionsTestOtherA:setUpClass): 200 PUT http://10.180.1.21/networking/v2.0/routers/d520807a-cc28-45bc-a315-fe5ad435d56f/add_router_interface 1.152s
2025-11-21 21:08:18.967 65808 INFO tempest.lib.common.dynamic_creds [-] Created isolated network resources for: credentials: Credentials: {'domain_id': 'default', 'domain_name': 'Default', 'username': 'tempest-ServerActionsTestOtherA-840079708-project-member', 'project_domain_id': 'default', 'project_domain_name': 'Default', 'project_id': 'be52dce7978242a29dfb4ffc705e8cc1', 'project_name': 'tempest-ServerActionsTestOtherA-840079708', 'tenant_id': 'be52dce7978242a29dfb4ffc705e8cc1', 'tenant_name': 'tempest-ServerActionsTestOtherA-840079708', 'user_domain_id': 'default', 'user_domain_name': 'Default', 'user_id': '619fc3000df543ad9b6f11116678b256', 'system': None}, Network: {'id': 'ed158743-28df-4c94-9184-6b62d3a51b71', 'name': 'tempest-ServerActionsTestOtherA-1007433978-network', 'tenant_id': 'be52dce7978242a29dfb4ffc705e8cc1', 'project_id': 'be52dce7978242a29dfb4ffc705e8cc1', 'admin_state_up': True, 'mtu': 8950, 'status': 'ACTIVE', 'subnets': [], 'shared': False, 'port_security_enabled': True, 'router:external': False, 'provider:network_type': 'vlan', 'provider:physical_network': 'default', 'provider:segmentation_id': 526, 'availability_zone_hints': [], 'availability_zones': [], 'ipv4_address_scope': None, 'ipv6_address_scope': None, 'description': '', 'tags': [], 'created_at': '2025-11-21T21:08:16Z', 'updated_at': '2025-11-21T21:08:16Z', 'revision_number': 1}, Subnet: {'id': '1b457514-1468-4c04-9b72-e5b31617e726', 'name': 'tempest-ServerActionsTestOtherA-1007433978-subnet', 'tenant_id': 'be52dce7978242a29dfb4ffc705e8cc1', 'network_id': 'ed158743-28df-4c94-9184-6b62d3a51b71', 'ip_version': 4, 'subnetpool_id': None, 'enable_dhcp': True, 'ipv6_ra_mode': None, 'ipv6_address_mode': None, 'gateway_ip': '192.168.128.1', 'cidr': '192.168.128.0/28', 'allocation_pools': [{'start': '192.168.128.2', 'end': '192.168.128.14'}], 'host_routes': [], 'dns_nameservers': [], 'description': '', 'router:external': False, 'service_types': [], 'tags': [], 'created_at': '2025-11-21T21:08:16Z', 'updated_at': '2025-11-21T21:08:16Z', 'revision_number': 0, 'project_id': 'be52dce7978242a29dfb4ffc705e8cc1'}, Router: {'id': 'd520807a-cc28-45bc-a315-fe5ad435d56f', 'name': 'tempest-ServerActionsTestOtherA-1007433978-router', 'tenant_id': 'be52dce7978242a29dfb4ffc705e8cc1', 'admin_state_up': True, 'status': 'ACTIVE', 'external_gateway_info': {'network_id': '64d119fc-a298-48a7-a483-7136ebe95082', 'external_fixed_ips': [{'subnet_id': '97e32738-0579-4ce6-bf6c-87990ad9f85b', 'ip_address': '10.180.180.172'}], 'enable_snat': True}, 'description': '', 'availability_zones': [], 'distributed': False, 'ha': False, 'availability_zone_hints': [], 'routes': [], 'flavor_id': None, 'tags': [], 'created_at': '2025-11-21T21:08:17Z', 'updated_at': '2025-11-21T21:08:17Z', 'revision_number': 2, 'project_id': 'be52dce7978242a29dfb4ffc705e8cc1'}
2025-11-21 21:08:18.989 65804 INFO tempest.lib.common.rest_client [req-8bb2de84-a58a-47de-a60d-8e78f15654fa req-8bb2de84-a58a-47de-a60d-8e78f15654fa ] Request (QuotasAdminTestV236:test_get_updated_quotas): 200 GET http://10.180.1.21/identity/v3/domains?name=Default 0.237s
2025-11-21 21:08:19.017 65810 INFO tempest.lib.common.rest_client [req-3a4286d3-1d5c-40d9-9bf5-7d9de5292f94 req-3a4286d3-1d5c-40d9-9bf5-7d9de5292f94 ] Request (FlavorsV2TestJSON:setUpClass): 201 POST http://10.180.1.21/identity/v3/auth/tokens 0.181s
2025-11-21 21:08:19.033 65822 INFO tempest.lib.common.rest_client [req-6fe0e8fa-a944-4764-b827-ef3caa4602a3 req-6fe0e8fa-a944-4764-b827-ef3caa4602a3 ] Request (QuotasAdminTestJSON:setUpClass): 200 GET http://10.180.1.21/identity/v3/domains?name=Default 0.173s
2025-11-21 21:08:19.096 65826 INFO tempest.lib.common.rest_client [req-10dfb2c3-297c-497e-a9e9-5ab4ab2da734 req-10dfb2c3-297c-497e-a9e9-5ab4ab2da734 ] Request (NetworksTest:tearDownClass): 204 DELETE http://10.180.1.21/identity/v3/users/028681d32a1e49f29fa4c5e81383f036 0.174s
2025-11-21 21:08:19.096 65826 INFO tempest.lib.common.dynamic_creds [-] Deleting project and security group for project: 2dc67d3554cc453195ffd6a9a1067b12
2025-11-21 21:08:19.138 65808 INFO tempest.lib.common.rest_client [req-5a4ae939-cba4-4816-b267-c87cea5caca8 req-5a4ae939-cba4-4816-b267-c87cea5caca8 ] Request (ServerActionsTestOtherA:setUpClass): 201 POST http://10.180.1.21/identity/v3/auth/tokens 0.167s
2025-11-21 21:08:19.165 65810 INFO tempest.lib.common.rest_client [req-149f4278-d891-4f66-8cb0-d27a51a6694a req-149f4278-d891-4f66-8cb0-d27a51a6694a ] Request (FlavorsV2TestJSON:setUpClass): 201 POST http://10.180.1.21/identity/v3/auth/tokens 0.144s
