2025-11-21 21:08:34.581 65844 INFO tempest.lib.common.rest_client [req-8b6e3584-8dcf-4d2a-9ffc-5aa8cca2c2f7 req-8b6e3584-8dcf-4d2a-9ffc-5aa8cca2c2f7 ] Request (ServerDiskConfigTestJSON:setUpClass): 204 PUT http://10.180.1.21/identity/v3/projects/d5f50f51c1d44b96a5f886de6c1e8cc5/users/9bf98a0daf774fa09cae02384ff8d060/roles/8018c0a1f853416cbf2c2aa23b774d08 0.039s
2025-11-21 21:08:34.581 65826 INFO tempest.lib.common.rest_client [req-1c47a13a-cfb9-463b-85af-194bbed44841 req-1c47a13a-cfb9-463b-85af-194bbed44841 ] Request (QuotasAdminTestV257:test_get_updated_quotas): 200 PUT http://10.180.1.21/compute/v2.1/os-quota-sets/ef2d0d9c15884871bb64dd05a12cac8a 2.421s
2025-11-21 21:08:34.582 65844 INFO tempest.lib.common.dynamic_creds [-] Dynamic test user 9bf98a0daf774fa09cae02384ff8d060 is created with scope project and roles: ['member']
2025-11-21 21:08:34.582 65844 INFO tempest.lib.common.dynamic_creds [-] Acquired dynamic creds: credentials: Credentials: {'domain_id': 'default', 'domain_name': 'Default', 'username': 'tempest-ServerDiskConfigTestJSON-380735483-project-member', 'project_domain_id': 'default', 'project_domain_name': 'Default', 'project_id': 'd5f50f51c1d44b96a5f886de6c1e8cc5', 'project_name': 'tempest-ServerDiskConfigTestJSON-380735483', 'tenant_id': 'd5f50f51c1d44b96a5f886de6c1e8cc5', 'tenant_name': 'tempest-ServerDiskConfigTestJSON-380735483', 'user_domain_id': 'default', 'user_domain_name': 'Default', 'user_id': '9bf98a0daf774fa09cae02384ff8d060', 'system': None}, Network: None, Subnet: None, Router: None
2025-11-21 21:08:34.600 65796 INFO tempest.lib.common.rest_client [req-e389d0d0-4be5-421c-8b7e-7586b19c038c req-e389d0d0-4be5-421c-8b7e-7586b19c038c ] Request (KeyPairsV210TestJSON:_run_cleanups): 204 DELETE http://10.180.1.21/compute/v2.1/os-keypairs/tempest-keypair-1664872018?user_id=99758d6a39be4c5f8aabd8badf3d85b2 2.431s
2025-11-21 21:08:34.624 65842 INFO tempest.lib.common.rest_client [req-ad30ec36-b1ce-4389-849e-f29fc127b1d5 req-ad30ec36-b1ce-4389-849e-f29fc127b1d5 ] Request (FlavorsV255TestJSON:_run_cleanups): 200 GET http://10.180.1.21/compute/v2.1/flavors/detail 2.412s
2025-11-21 21:08:34.644 65804 INFO tempest.lib.common.rest_client [req-977051a7-99c0-4bef-b11a-27870822840b req-977051a7-99c0-4bef-b11a-27870822840b ] Request (FloatingIPsAssociationTestJSON:setUpClass): 201 POST http://10.180.1.21/networking/v2.0/networks 0.721s
2025-11-21 21:08:34.654 65844 INFO tempest.lib.common.rest_client [req-f27e5c1f-135a-47b9-a763-78492d348543 req-f27e5c1f-135a-47b9-a763-78492d348543 ] Request (ServerDiskConfigTestJSON:setUpClass): 201 POST http://10.180.1.21/identity/v3/auth/tokens 0.072s
2025-11-21 21:08:34.681 65798 INFO tempest.lib.common.rest_client [req-909b3851-4e07-4211-b5ef-a9356f36db8b req-909b3851-4e07-4211-b5ef-a9356f36db8b ] Request (FloatingIPsTestJSON:setUpClass): 200 PUT http://10.180.1.21/networking/v2.0/routers/903fecb6-e1a1-41e5-8adf-91017e06b759/add_router_interface 1.356s
2025-11-21 21:08:34.681 65798 INFO tempest.lib.common.dynamic_creds [-] Created isolated network resources for: credentials: Credentials: {'domain_id': 'default', 'domain_name': 'Default', 'username': 'tempest-FloatingIPsTestJSON-1852965869-project-member', 'project_domain_id': 'default', 'project_domain_name': 'Default', 'project_id': 'd6ff59b65f0b4f8582cc86610d1c2f7e', 'project_name': 'tempest-FloatingIPsTestJSON-1852965869', 'tenant_id': 'd6ff59b65f0b4f8582cc86610d1c2f7e', 'tenant_name': 'tempest-FloatingIPsTestJSON-1852965869', 'user_domain_id': 'default', 'user_domain_name': 'Default', 'user_id': 'a0368607c9dc4f649af2c5b7f4b3a37e', 'system': None}, Network: {'id': '30851aca-54bb-486c-a244-2cb4091858b2', 'name': 'tempest-FloatingIPsTestJSON-796786863-network', 'tenant_id': 'd6ff59b65f0b4f8582cc86610d1c2f7e', 'project_id': 'd6ff59b65f0b4f8582cc86610d1c2f7e', 'admin_state_up': True, 'mtu': 8950, 'status': 'ACTIVE', 'subnets': [], 'shared': False, 'port_security_enabled': True, 'router:external': False, 'provider:network_type': 'vlan', 'provider:physical_network': 'default', 'provider:segmentation_id': 818, 'availability_zone_hints': [], 'availability_zones': [], 'ipv4_address_scope': None, 'ipv6_address_scope': None, 'description': '', 'tags': [], 'created_at': '2025-11-21T21:08:31Z', 'updated_at': '2025-11-21T21:08:31Z', 'revision_number': 1}, Subnet: {'id': '78025c75-d667-433a-80fa-f80d9dcb1d14', 'name': 'tempest-FloatingIPsTestJSON-796786863-subnet', 'tenant_id': 'd6ff59b65f0b4f8582cc86610d1c2f7e', 'network_id': '30851aca-54bb-486c-a244-2cb4091858b2', 'ip_version': 4, 'subnetpool_id': None, 'enable_dhcp': True, 'ipv6_ra_mode': None, 'ipv6_address_mode': None, 'gateway_ip': '192.168.128.1', 'cidr': '192.168.128.0/28', 'allocation_pools': [{'start': '192.168.128.2', 'end': '192.168.128.14'}], 'host_routes': [], 'dns_nameservers': [], 'description': '', 'router:external': False, 'service_types': [], 'tags': [], 'created_at': '2025-11-21T21:08:32Z', 'updated_at': '2025-11-21T21:08:32Z', 'revision_number': 0, 'project_id': 'd6ff59b65f0b4f8582cc86610d1c2f7e'}, Router: {'id': '903fecb6-e1a1-41e5-8adf-91017e06b759', 'name': 'tempest-FloatingIPsTestJSON-796786863-router', 'tenant_id': 'd6ff59b65f0b4f8582cc86610d1c2f7e', 'admin_state_up': True, 'status': 'ACTIVE', 'external_gateway_info': {'network_id': '64d119fc-a298-48a7-a483-7136ebe95082', 'external_fixed_ips': [{'subnet_id': '97e32738-0579-4ce6-bf6c-87990ad9f85b', 'ip_address': '10.180.180.250'}], 'enable_snat': True}, 'description': '', 'availability_zones': [], 'distributed': False, 'ha': False, 'availability_zone_hints': [], 'routes': [], 'flavor_id': None, 'tags': [], 'created_at': '2025-11-21T21:08:32Z', 'updated_at': '2025-11-21T21:08:32Z', 'revision_number': 2, 'project_id': 'd6ff59b65f0b4f8582cc86610d1c2f7e'}
2025-11-21 21:08:34.767 65842 INFO tempest.lib.common.rest_client [req-4a777fe9-7ead-471b-a016-3a1b2182f11a req-4a777fe9-7ead-471b-a016-3a1b2182f11a ] Request (FlavorsV255TestJSON:tearDownClass): 204 DELETE http://10.180.1.21/identity/v3/users/7de68b3f3db8436e96c41cd2208cc720 0.130s
2025-11-21 21:08:34.767 65836 INFO tempest.lib.common.rest_client [req-5cf645be-ecf3-4838-b47d-d0315e235c56 req-5cf645be-ecf3-4838-b47d-d0315e235c56 ] Request (ValidationResourcesFixture:setUp): 201 POST http://10.180.1.21/networking/v2.0/security-groups 0.831s
2025-11-21 21:08:34.787 65798 INFO tempest.lib.common.rest_client [req-9396144f-b7c6-45db-a349-787615aa99e0 req-9396144f-b7c6-45db-a349-787615aa99e0 ] Request (FloatingIPsTestJSON:setUpClass): 201 POST http://10.180.1.21/identity/v3/auth/tokens 0.102s
2025-11-21 21:08:34.907 65842 INFO tempest.lib.common.rest_client [req-2210cc28-9b85-4faa-a28a-1874b4e77cba req-2210cc28-9b85-4faa-a28a-1874b4e77cba ] Request (FlavorsV255TestJSON:tearDownClass): 204 DELETE http://10.180.1.21/identity/v3/users/2a459286ff044235a83c6a8ba8c2c8dc 0.140s
2025-11-21 21:08:34.908 65842 INFO tempest.lib.common.dynamic_creds [-] Deleting project and security group for project: 3847159865dc40ddb07fb4c24007c242
2025-11-21 21:08:34.980 65804 INFO tempest.lib.common.rest_client [req-00bcf151-5ad6-4379-bdf3-773a56650200 req-00bcf151-5ad6-4379-bdf3-773a56650200 ] Request (FloatingIPsAssociationTestJSON:setUpClass): 201 POST http://10.180.1.21/networking/v2.0/subnets 0.336s
2025-11-21 21:08:34.981 65842 INFO tempest.lib.common.rest_client [req-bb3362bc-7a9e-4ee4-b682-e3156dfed193 req-bb3362bc-7a9e-4ee4-b682-e3156dfed193 ] Request (FlavorsV255TestJSON:tearDownClass): 201 POST http://10.180.1.21/identity/v3/auth/tokens 0.073s
2025-11-21 21:08:35.004 65856 INFO tempest.lib.common.rest_client [req-2dfd68c3-53d9-4e9a-8a44-6d7d908149b5 req-2dfd68c3-53d9-4e9a-8a44-6d7d908149b5 ] Request (HostsAdminTestJSON:tearDownClass): 200 GET http://10.180.1.21/networking/v2.0/security-groups?tenant_id=3da7b9a5fe934a5cbb52a962377f06c5&name=default 0.644s
2025-11-21 21:08:35.030 65852 INFO tempest.lib.common.rest_client [req-506bbe22-2029-4265-b6f8-754e732d7394 req-506bbe22-2029-4265-b6f8-754e732d7394 ] Request (ServerDiagnosticsTest:test_get_server_diagnostics): 200 GET http://10.180.1.21/compute/v2.1/servers/b7887f01-786d-43fc-bdff-1e2f6364bcc3 2.751s
2025-11-21 21:08:35.198 65836 INFO tempest.lib.common.rest_client [req-a2cbc820-b310-48e2-add6-568f4cc88578 req-a2cbc820-b310-48e2-add6-568f4cc88578 ] Request (ValidationResourcesFixture:setUp): 201 POST http://10.180.1.21/networking/v2.0/security-group-rules 0.430s
2025-11-21 21:08:35.206 65847 INFO tempest.lib.common.rest_client [req-7c8df31f-a081-4023-a85f-20c6ec486a44 req-7c8df31f-a081-4023-a85f-20c6ec486a44 ] Request (FloatingIPDetailsTestJSON:test_list_floating_ips): 200 GET http://10.180.1.21/compute/v2.1/os-floating-ips 3.101s
2025-11-21 21:08:35.309 65844 INFO tempest.lib.common.rest_client [req-602eb66b-7de7-4c97-9d64-3120180c2a08 req-602eb66b-7de7-4c97-9d64-3120180c2a08 ] Request (ServerDiskConfigTestJSON:setUpClass): 201 POST http://10.180.1.21/networking/v2.0/networks 0.655s
2025-11-21 21:08:35.456 65842 INFO tempest.lib.common.rest_client [req-5a659e0f-33fb-4012-b022-39e7498b0cc5 req-5a659e0f-33fb-4012-b022-39e7498b0cc5 ] Request (FlavorsV255TestJSON:tearDownClass): 200 GET http://10.180.1.21/networking/v2.0/security-groups?tenant_id=3847159865dc40ddb07fb4c24007c242&name=default 0.474s
2025-11-21 21:08:35.555 65856 INFO tempest.lib.common.rest_client [req-4ad9ad1f-6a91-4e25-bf8b-506533710616 req-4ad9ad1f-6a91-4e25-bf8b-506533710616 ] Request (HostsAdminTestJSON:tearDownClass): 204 DELETE http://10.180.1.21/networking/v2.0/security-groups/bd3c0c1b-ec22-449b-a409-b2edec3ccae0 0.551s
2025-11-21 21:08:35.587 65854 INFO tempest.lib.common.rest_client [req-b765f92a-cdd8-42d6-b366-7b745ffde715 req-b765f92a-cdd8-42d6-b366-7b745ffde715 ] Request (ServersTestManualDisk:setUpClass): 200 GET http://10.180.1.21/compute/v2.1/servers/d9b42602-4b4c-4b9a-a4d0-5aa6076370a1 3.239s
2025-11-21 21:08:35.651 65856 INFO tempest.lib.common.rest_client [req-2beacff2-7259-46a4-8871-44a6713bab85 req-2beacff2-7259-46a4-8871-44a6713bab85 ] Request (HostsAdminTestJSON:tearDownClass): 204 DELETE http://10.180.1.21/identity/v3/projects/3da7b9a5fe934a5cbb52a962377f06c5 0.096s
2025-11-21 21:08:35.652 65856 INFO tempest.lib.common.dynamic_creds [-] Deleting project and security group for project: ede95272d6734097b49304396dbbfa86
2025-11-21 21:08:35.677 65836 INFO tempest.lib.common.rest_client [req-86e78487-0316-44d7-9b8e-63e66e558c3a req-86e78487-0316-44d7-9b8e-63e66e558c3a ] Request (ValidationResourcesFixture:setUp): 201 POST http://10.180.1.21/networking/v2.0/security-group-rules 0.478s
2025-11-21 21:08:35.701 65834 INFO tempest.lib.common.rest_client [req-07a6fe56-16f7-4c97-8a0b-c0fffb26325d req-07a6fe56-16f7-4c97-8a0b-c0fffb26325d ] Request (VolumesAssistedSnapshotsTest:test_volume_assisted_snapshot_create_delete): 200 GET http://10.180.1.21/compute/v2.1/servers/c40be75f-6c54-48fe-89b8-2c233ada411d 3.287s
2025-11-21 21:08:35.842 65844 INFO tempest.lib.common.rest_client [req-77a5af79-e25b-459c-8357-9e4c91d5a771 req-77a5af79-e25b-459c-8357-9e4c91d5a771 ] Request (ServerDiskConfigTestJSON:setUpClass): 201 POST http://10.180.1.21/networking/v2.0/subnets 0.531s
2025-11-21 21:08:35.891 65804 INFO tempest.lib.common.rest_client [req-fcf31c6a-9bb7-4f7e-8698-4db64bbf108c req-fcf31c6a-9bb7-4f7e-8698-4db64bbf108c ] Request (FloatingIPsAssociationTestJSON:setUpClass): 201 POST http://10.180.1.21/networking/v2.0/routers 0.910s
2025-11-21 21:08:35.921 65802 INFO tempest.lib.common.rest_client [req-738cc666-721a-4642-ab55-327df5bab52c req-738cc666-721a-4642-ab55-327df5bab52c ] Request (ServersAdminNegativeTestJSON:setUpClass): 200 GET http://10.180.1.21/compute/v2.1/servers/783aa11e-b55e-4341-886c-f1cfad42808d 3.442s
2025-11-21 21:08:35.950 65842 INFO tempest.lib.common.rest_client [req-4bc5503e-2812-4eb7-a55b-fa3292c69368 req-4bc5503e-2812-4eb7-a55b-fa3292c69368 ] Request (FlavorsV255TestJSON:tearDownClass): 204 DELETE http://10.180.1.21/networking/v2.0/security-groups/845a2646-66f8-443e-ab54-255ef8f82899 0.494s
2025-11-21 21:08:35.966 65814 INFO tempest.lib.common.rest_client [req-816920db-a96c-46b9-b3b9-9186ab350d1d req-816920db-a96c-46b9-b3b9-9186ab350d1d ] Request (ServerDiagnosticsNegativeTest:test_get_server_diagnostics_by_non_admin): 403 GET http://10.180.1.21/compute/v2.1/servers/70e36590-5124-456f-89f9-c41d44ff1da6/diagnostics 3.316s
2025-11-21 21:08:36.022 65856 INFO tempest.lib.common.rest_client [req-8a5d20d9-acef-48b6-b32d-8e433b1c9d58 req-8a5d20d9-acef-48b6-b32d-8e433b1c9d58 ] Request (HostsAdminTestJSON:tearDownClass): 200 GET http://10.180.1.21/networking/v2.0/security-groups?tenant_id=ede95272d6734097b49304396dbbfa86&name=default 0.370s
2025-11-21 21:08:36.044 65832 INFO tempest.lib.common.rest_client [req-bd3db777-b60c-4507-b2ef-d3f7f5dae12c req-bd3db777-b60c-4507-b2ef-d3f7f5dae12c ] Request (ServerExternalEventsTest:test_create_server_external_events): 200 GET http://10.180.1.21/compute/v2.1/servers/452e149b-2ac2-4285-a4f2-af788f622522 3.503s
2025-11-21 21:08:36.058 65832 INFO tempest.common.waiters [-] State transition "BUILD/scheduling" ==> "BUILD/None" after 7 second wait
2025-11-21 21:08:36.067 65812 INFO tempest.lib.common.rest_client [req-b08bf742-79f5-44c9-93d0-c5fa4b175ea8 req-b08bf742-79f5-44c9-93d0-c5fa4b175ea8 ] Request (ImagesMetadataNegativeTestJSON:test_list_nonexistent_image_metadata): 404 GET http://10.180.1.21/compute/v2.1/images/01216c71-6395-4e0d-acf6-8e2bb9fe94d3/metadata 2.741s
2025-11-21 21:08:36.095 65838 INFO tempest.lib.common.rest_client [req-36d3edb0-0d01-4b72-aeb0-b570cd361821 req-36d3edb0-0d01-4b72-aeb0-b570cd361821 ] Request (FlavorsAccessTestJSON:_run_cleanups): 202 DELETE http://10.180.1.21/compute/v2.1/flavors/707239468 2.736s
2025-11-21 21:08:36.112 65842 INFO tempest.lib.common.rest_client [req-25bbf69a-f303-4a0a-ab6e-f285341bcd50 req-25bbf69a-f303-4a0a-ab6e-f285341bcd50 ] Request (FlavorsV255TestJSON:tearDownClass): 204 DELETE http://10.180.1.21/identity/v3/projects/3847159865dc40ddb07fb4c24007c242 0.162s
2025-11-21 21:08:36.113 65842 INFO tempest.lib.common.dynamic_creds [-] Deleting project and security group for project: 53f05fa28557492ca6606bae8f3fc0ae
2025-11-21 21:08:36.126 65810 INFO tempest.lib.common.rest_client [req-fa5bce49-1b09-4437-b921-838fe31e4d52 req-fa5bce49-1b09-4437-b921-838fe31e4d52 ] Request (FlavorsV2TestJSON:test_list_flavors_detailed_filter_by_min_ram): 200 GET http://10.180.1.21/compute/v2.1/flavors/detail?minRam=193 2.609s
2025-11-21 21:08:36.175 65794 INFO tempest.lib.common.rest_client [req-ec4896c7-6f1c-44de-bcfe-fb936564f556 req-ec4896c7-6f1c-44de-bcfe-fb936564f556 ] Request (ListImageFiltersTestJSON:setUpClass): 200 GET http://10.180.1.21/compute/v2.1/images/fe5a70b1-852d-421a-8534-b3d9149e1391 2.614s
2025-11-21 21:08:36.213 65830 INFO tempest.lib.common.rest_client [req-7d5214d4-9a44-4643-a679-767a931f898c req-7d5214d4-9a44-4643-a679-767a931f898c ] Request (ImagesMetadataTestJSON:setUpClass): 200 GET http://10.180.1.21/compute/v2.1/images/0d91ddab-a5eb-416f-85f1-321783210697 2.634s
2025-11-21 21:08:36.229 65820 INFO tempest.lib.common.rest_client [req-32922ab0-b84c-4658-bac8-6c20daac542c req-32922ab0-b84c-4658-bac8-6c20daac542c ] Request (FlavorsExtraSpecsTestJSON:test_flavor_set_get_update_show_unset_keys): 200 GET http://10.180.1.21/compute/v2.1/flavors/1580425157/os-extra_specs 2.647s
2025-11-21 21:08:36.281 65794 INFO tempest.lib.common.rest_client [req-09abc0ad-5f09-4554-b586-08de7c6d003e req-09abc0ad-5f09-4554-b586-08de7c6d003e ] Request (ListImageFiltersTestJSON:setUpClass): 201 POST http://10.180.1.21/identity/v3/auth/tokens 0.099s
2025-11-21 21:08:36.282 65794 INFO tempest.lib.common.fixed_network [-] (ListImageFiltersTestJSON:setUpClass) Found network None available for tenant
2025-11-21 21:08:36.433 65836 INFO tempest.lib.common.rest_client [req-0999f4f2-5455-4e51-bbe9-bf5fab4412fc req-0999f4f2-5455-4e51-bbe9-bf5fab4412fc ] Request (ValidationResourcesFixture:setUp): 201 POST http://10.180.1.21/networking/v2.0/floatingips 0.755s
2025-11-21 21:08:36.521 65836 INFO tempest.lib.common.rest_client [req-071caa6a-188a-4848-9714-fd05f9dfefc1 req-071caa6a-188a-4848-9714-fd05f9dfefc1 ] Request (ServersWithSpecificFlavorTestJSON:test_verify_created_server_ephemeral_disk): 201 POST http://10.180.1.21/identity/v3/auth/tokens 0.081s
2025-11-21 21:08:36.522 65836 INFO tempest.lib.common.fixed_network [-] (ServersWithSpecificFlavorTestJSON:test_verify_created_server_ephemeral_disk) Found network {'id': 'bd20872a-2da0-40be-b3f3-2b089ff612f3', 'name': 'tempest-ServersWithSpecificFlavorTestJSON-1438186608-network', 'tenant_id': 'aea0545e65a748d29357c06902830fe3', 'project_id': 'aea0545e65a748d29357c06902830fe3', 'admin_state_up': True, 'mtu': 8950, 'status': 'ACTIVE', 'subnets': [], 'shared': False, 'port_security_enabled': True, 'router:external': False, 'provider:network_type': 'vlan', 'provider:physical_network': 'default', 'provider:segmentation_id': 60, 'availability_zone_hints': [], 'availability_zones': [], 'ipv4_address_scope': None, 'ipv6_address_scope': None, 'description': '', 'tags': [], 'created_at': '2025-11-21T21:08:00Z', 'updated_at': '2025-11-21T21:08:00Z', 'revision_number': 1} available for tenant
2025-11-21 21:08:36.841 65844 INFO tempest.lib.common.rest_client [req-36334d0e-1703-4bc0-bb39-252988283433 req-36334d0e-1703-4bc0-bb39-252988283433 ] Request (ServerDiskConfigTestJSON:setUpClass): 201 POST http://10.180.1.21/networking/v2.0/routers 0.998s
2025-11-21 21:08:36.966 65856 INFO tempest.lib.common.rest_client [req-c389948b-cad3-474e-8745-8edc3dffeb5e req-c389948b-cad3-474e-8745-8edc3dffeb5e ] Request (HostsAdminTestJSON:tearDownClass): 204 DELETE http://10.180.1.21/networking/v2.0/security-groups/7557119a-cde3-47a4-98f6-35bd48cef177 0.943s
2025-11-21 21:08:37.005 65816 INFO tempest.lib.common.rest_client [req-67f277f4-08c7-44e0-ae53-0b69be8c2314 req-67f277f4-08c7-44e0-ae53-0b69be8c2314 ] Request (ServersAdmin275Test:test_rebuild_update_server_275): 200 GET http://10.180.1.21/compute/v2.1/servers/1bb2eb73-639c-49ad-96ae-ea5dd36b42d8 3.898s
2025-11-21 21:08:37.018 65816 INFO tempest.common.waiters [-] State transition "REBUILD/rebuilding" ==> "REBUILD/rebuild_spawning" after 5 second wait
2025-11-21 21:08:37.060 65840 INFO tempest.lib.common.rest_client [req-3ef5783d-17fe-4c9d-abb7-47aa1470620d req-3ef5783d-17fe-4c9d-abb7-47aa1470620d ] Request (KeyPairsV2TestJSON:test_keypairs_create_list_delete): 200 POST http://10.180.1.21/compute/v2.1/os-keypairs 3.432s
2025-11-21 21:08:37.087 65800 INFO tempest.lib.common.rest_client [req-4ef1cf4b-ca75-4563-aaed-a6c2d8704504 req-4ef1cf4b-ca75-4563-aaed-a6c2d8704504 ] Request (FlavorsExtraSpecsNegativeTestJSON:tearDownClass): 200 GET http://10.180.1.21/compute/v2.1/flavors/detail 3.443s
2025-11-21 21:08:37.113 65850 INFO tempest.lib.common.rest_client [req-2d0f2516-eac9-4eb6-8d81-933de5799044 req-2d0f2516-eac9-4eb6-8d81-933de5799044 ] Request (AggregatesAdminNegativeTestJSON:test_aggregate_add_non_exist_host): 404 POST http://10.180.1.21/compute/v2.1/os-aggregates/3/action 3.103s
2025-11-21 21:08:37.131 65856 INFO tempest.lib.common.rest_client [req-8516236c-4992-457b-b206-15d0146c3476 req-8516236c-4992-457b-b206-15d0146c3476 ] Request (HostsAdminTestJSON:tearDownClass): 204 DELETE http://10.180.1.21/identity/v3/projects/ede95272d6734097b49304396dbbfa86 0.165s
2025-11-21 21:08:37.189 65842 INFO tempest.lib.common.rest_client [req-3ca288f0-8319-4af3-bf39-b80f8c733b08 req-3ca288f0-8319-4af3-bf39-b80f8c733b08 ] Request (FlavorsV255TestJSON:tearDownClass): 200 GET http://10.180.1.21/networking/v2.0/security-groups?tenant_id=53f05fa28557492ca6606bae8f3fc0ae&name=default 1.075s
2025-11-21 21:08:37.216 65856 INFO tempest.lib.common.rest_client [req-193adce9-a32b-4ec4-9254-88a254672fe3 req-193adce9-a32b-4ec4-9254-88a254672fe3 ] Request (InstanceActionsTestJSON:setUpClass): 201 POST http://10.180.1.21/identity/v3/auth/tokens 0.080s
2025-11-21 21:08:37.247 65800 INFO tempest.lib.common.rest_client [req-70063034-3ed3-4d54-b175-763c8b1a1d17 req-70063034-3ed3-4d54-b175-763c8b1a1d17 ] Request (FlavorsExtraSpecsNegativeTestJSON:tearDownClass): 204 DELETE http://10.180.1.21/identity/v3/users/bd79b458ffc2454b98f136b9a9071413 0.150s
2025-11-21 21:08:37.293 65856 INFO tempest.lib.common.rest_client [req-08bcb867-f9dd-4093-bc68-5c4dc0cc4c98 req-08bcb867-f9dd-4093-bc68-5c4dc0cc4c98 ] Request (InstanceActionsTestJSON:setUpClass): 201 POST http://10.180.1.21/identity/v3/auth/tokens 0.070s
2025-11-21 21:08:37.307 65804 INFO tempest.lib.common.rest_client [req-bf3b7bed-4b6b-423d-a68c-281ed4703851 req-bf3b7bed-4b6b-423d-a68c-281ed4703851 ] Request (FloatingIPsAssociationTestJSON:setUpClass): 200 PUT http://10.180.1.21/networking/v2.0/routers/73d6ed74-4e67-48a7-be65-4d17ecde25fc/add_router_interface 1.414s
2025-11-21 21:08:37.307 65804 INFO tempest.lib.common.dynamic_creds [-] Created isolated network resources for: credentials: Credentials: {'domain_id': 'default', 'domain_name': 'Default', 'username': 'tempest-FloatingIPsAssociationTestJSON-1585008052-project-member', 'project_domain_id': 'default', 'project_domain_name': 'Default', 'project_id': '8a71466756874521bfc34288f11fb897', 'project_name': 'tempest-FloatingIPsAssociationTestJSON-1585008052', 'tenant_id': '8a71466756874521bfc34288f11fb897', 'tenant_name': 'tempest-FloatingIPsAssociationTestJSON-1585008052', 'user_domain_id': 'default', 'user_domain_name': 'Default', 'user_id': 'b5089c19964d4633a7245cc53f8d430b', 'system': None}, Network: {'id': '4a992ce8-6244-49ed-9e9b-d4e1aba78e34', 'name': 'tempest-FloatingIPsAssociationTestJSON-1953392029-network', 'tenant_id': '8a71466756874521bfc34288f11fb897', 'project_id': '8a71466756874521bfc34288f11fb897', 'admin_state_up': True, 'mtu': 8950, 'status': 'ACTIVE', 'subnets': [], 'shared': False, 'port_security_enabled': True, 'router:external': False, 'provider:network_type': 'vlan', 'provider:physical_network': 'default', 'provider:segmentation_id': 141, 'availability_zone_hints': [], 'availability_zones': [], 'ipv4_address_scope': None, 'ipv6_address_scope': None, 'description': '', 'tags': [], 'created_at': '2025-11-21T21:08:34Z', 'updated_at': '2025-11-21T21:08:34Z', 'revision_number': 1}, Subnet: {'id': '93a4ab34-e3d9-4ed3-8d61-701c1c8bcaa0', 'name': 'tempest-FloatingIPsAssociationTestJSON-1953392029-subnet', 'tenant_id': '8a71466756874521bfc34288f11fb897', 'network_id': '4a992ce8-6244-49ed-9e9b-d4e1aba78e34', 'ip_version': 4, 'subnetpool_id': None, 'enable_dhcp': True, 'ipv6_ra_mode': None, 'ipv6_address_mode': None, 'gateway_ip': '192.168.128.1', 'cidr': '192.168.128.0/28', 'allocation_pools': [{'start': '192.168.128.2', 'end': '192.168.128.14'}], 'host_routes': [], 'dns_nameservers': [], 'description': '', 'router:external': False, 'service_types': [], 'tags': [], 'created_at': '2025-11-21T21:08:34Z', 'updated_at': '2025-11-21T21:08:34Z', 'revision_number': 0, 'project_id': '8a71466756874521bfc34288f11fb897'}, Router: {'id': '73d6ed74-4e67-48a7-be65-4d17ecde25fc', 'name': 'tempest-FloatingIPsAssociationTestJSON-1953392029-router', 'tenant_id': '8a71466756874521bfc34288f11fb897', 'admin_state_up': True, 'status': 'ACTIVE', 'external_gateway_info': {'network_id': '64d119fc-a298-48a7-a483-7136ebe95082', 'external_fixed_ips': [{'subnet_id': '97e32738-0579-4ce6-bf6c-87990ad9f85b', 'ip_address': '10.180.180.192'}], 'enable_snat': True}, 'description': '', 'availability_zones': [], 'distributed': False, 'ha': False, 'availability_zone_hints': [], 'routes': [], 'flavor_id': None, 'tags': [], 'created_at': '2025-11-21T21:08:35Z', 'updated_at': '2025-11-21T21:08:35Z', 'revision_number': 2, 'project_id': '8a71466756874521bfc34288f11fb897'}
2025-11-21 21:08:37.325 65856 INFO tempest.lib.common.rest_client [req-bfc21ebf-79da-4e0c-a8db-6a5799309daa req-bfc21ebf-79da-4e0c-a8db-6a5799309daa ] Request (InstanceActionsTestJSON:setUpClass): 200 GET http://10.180.1.21/identity/v3/domains?name=Default 0.032s
2025-11-21 21:08:37.351 65800 INFO tempest.lib.common.rest_client [req-91e815dc-b5d0-4c73-8316-2a67aa13ebfe req-91e815dc-b5d0-4c73-8316-2a67aa13ebfe ] Request (FlavorsExtraSpecsNegativeTestJSON:tearDownClass): 204 DELETE http://10.180.1.21/identity/v3/users/85c8fbd0a6f647c38d04c196a3bae6f9 0.104s
2025-11-21 21:08:37.352 65800 INFO tempest.lib.common.dynamic_creds [-] Deleting project and security group for project: 84fef3e8c24d496e97d939d4dabb4722
2025-11-21 21:08:37.391 65804 INFO tempest.lib.common.rest_client [req-7b134d06-b725-4480-8cc7-b94bc308f262 req-7b134d06-b725-4480-8cc7-b94bc308f262 ] Request (FloatingIPsAssociationTestJSON:setUpClass): 201 POST http://10.180.1.21/identity/v3/auth/tokens 0.080s
2025-11-21 21:08:37.398 65828 INFO tempest.lib.common.rest_client [req-8e590d3f-c261-4f8e-b08b-01ac690cc101 req-8e590d3f-c261-4f8e-b08b-01ac690cc101 ] Request (ServersAdminTestJSON:setUpClass): 200 GET http://10.180.1.21/compute/v2.1/servers/b4096547-179b-43c7-af6e-a35e2690c079 3.256s
2025-11-21 21:08:37.438 65856 INFO tempest.lib.common.rest_client [req-d8e46bbb-e790-4fc5-bc78-6512676e6c22 req-d8e46bbb-e790-4fc5-bc78-6512676e6c22 ] Request (InstanceActionsTestJSON:setUpClass): 201 POST http://10.180.1.21/identity/v3/projects 0.112s
2025-11-21 21:08:37.440 65800 INFO tempest.lib.common.rest_client [req-0be8fc69-6bb4-49da-8ad9-bea212c9d286 req-0be8fc69-6bb4-49da-8ad9-bea212c9d286 ] Request (FlavorsExtraSpecsNegativeTestJSON:tearDownClass): 201 POST http://10.180.1.21/identity/v3/auth/tokens 0.088s
2025-11-21 21:08:37.492 65804 INFO tempest.lib.common.rest_client [req-b03e6768-1b27-4ad3-94b8-6c6e5c9e8394 req-b03e6768-1b27-4ad3-94b8-6c6e5c9e8394 ] Request (FloatingIPsAssociationTestJSON:setUpClass): 201 POST http://10.180.1.21/identity/v3/auth/tokens 0.096s
2025-11-21 21:08:37.492 65804 INFO tempest.lib.common.fixed_network [-] (FloatingIPsAssociationTestJSON:setUpClass) Found network {'id': '4a992ce8-6244-49ed-9e9b-d4e1aba78e34', 'name': 'tempest-FloatingIPsAssociationTestJSON-1953392029-network', 'tenant_id': '8a71466756874521bfc34288f11fb897', 'project_id': '8a71466756874521bfc34288f11fb897', 'admin_state_up': True, 'mtu': 8950, 'status': 'ACTIVE', 'subnets': [], 'shared': False, 'port_security_enabled': True, 'router:external': False, 'provider:network_type': 'vlan', 'provider:physical_network': 'default', 'provider:segmentation_id': 141, 'availability_zone_hints': [], 'availability_zones': [], 'ipv4_address_scope': None, 'ipv6_address_scope': None, 'description': '', 'tags': [], 'created_at': '2025-11-21T21:08:34Z', 'updated_at': '2025-11-21T21:08:34Z', 'revision_number': 1} available for tenant
2025-11-21 21:08:37.521 65842 INFO tempest.lib.common.rest_client [req-19a98115-2303-40d7-b23b-a26deaa2b2f8 req-19a98115-2303-40d7-b23b-a26deaa2b2f8 ] Request (FlavorsV255TestJSON:tearDownClass): 204 DELETE http://10.180.1.21/networking/v2.0/security-groups/087968a0-40a2-4993-beec-7df68fa72264 0.332s
2025-11-21 21:08:37.545 65856 INFO tempest.lib.common.rest_client [req-6fecd815-a3e7-467c-94ad-627c42b4da9d req-6fecd815-a3e7-467c-94ad-627c42b4da9d ] Request (InstanceActionsTestJSON:setUpClass): 201 POST http://10.180.1.21/identity/v3/users 0.107s
2025-11-21 21:08:37.566 65856 INFO tempest.lib.common.rest_client [req-dcae2792-acd6-4eb3-9bf4-fa9c4769a8e5 req-dcae2792-acd6-4eb3-9bf4-fa9c4769a8e5 ] Request (InstanceActionsTestJSON:setUpClass): 200 GET http://10.180.1.21/identity/v3/roles 0.021s
2025-11-21 21:08:37.579 65848 INFO tempest.lib.common.rest_client [req-989693f7-c56b-44c8-a80f-1a291227f3fb req-989693f7-c56b-44c8-a80f-1a291227f3fb ] Request (TenantUsagesTestJSON:setUpClass): 200 GET http://10.180.1.21/compute/v2.1/servers/3862be98-bf81-45e4-8373-6c180acd9b26 3.973s
2025-11-21 21:08:37.589 65848 INFO tempest.common.waiters [-] State transition "BUILD/spawning" ==> "ACTIVE/None" after 22 second wait
2025-11-21 21:08:37.619 65842 INFO tempest.lib.common.rest_client [req-b97a26af-86ee-48d8-b24b-a64cc5e66d24 req-b97a26af-86ee-48d8-b24b-a64cc5e66d24 ] Request (FlavorsV255TestJSON:tearDownClass): 204 DELETE http://10.180.1.21/identity/v3/projects/53f05fa28557492ca6606bae8f3fc0ae 0.097s
2025-11-21 21:08:37.629 65856 INFO tempest.lib.common.rest_client [req-0812e781-4774-41fa-af10-e4fbb29d8c0c req-0812e781-4774-41fa-af10-e4fbb29d8c0c ] Request (InstanceActionsTestJSON:setUpClass): 204 PUT http://10.180.1.21/identity/v3/projects/77869a29e61a4c1284b2fa5d2f2393f0/users/0233c84a149042ebb247a2b9a580b460/roles/8018c0a1f853416cbf2c2aa23b774d08 0.062s
2025-11-21 21:08:37.629 65856 INFO tempest.lib.common.dynamic_creds [-] Dynamic test user 0233c84a149042ebb247a2b9a580b460 is created with scope project and roles: ['member']
2025-11-21 21:08:37.630 65856 INFO tempest.lib.common.dynamic_creds [-] Acquired dynamic creds: credentials: Credentials: {'domain_id': 'default', 'domain_name': 'Default', 'username': 'tempest-InstanceActionsTestJSON-2117711646-project-member', 'project_domain_id': 'default', 'project_domain_name': 'Default', 'project_id': '77869a29e61a4c1284b2fa5d2f2393f0', 'project_name': 'tempest-InstanceActionsTestJSON-2117711646', 'tenant_id': '77869a29e61a4c1284b2fa5d2f2393f0', 'tenant_name': 'tempest-InstanceActionsTestJSON-2117711646', 'user_domain_id': 'default', 'user_domain_name': 'Default', 'user_id': '0233c84a149042ebb247a2b9a580b460', 'system': None}, Network: None, Subnet: None, Router: None
2025-11-21 21:08:37.682 65842 INFO tempest.lib.common.rest_client [req-221b37db-d8ad-487b-b868-d79d021fa327 req-221b37db-d8ad-487b-b868-d79d021fa327 ] Request (AttachInterfacesTestJSON:setUpClass): 201 POST http://10.180.1.21/identity/v3/auth/tokens 0.060s
2025-11-21 21:08:37.685 65856 INFO tempest.lib.common.rest_client [req-edc2fb4f-ea69-474b-9349-c7ffae64dbce req-edc2fb4f-ea69-474b-9349-c7ffae64dbce ] Request (InstanceActionsTestJSON:setUpClass): 201 POST http://10.180.1.21/identity/v3/auth/tokens 0.055s
2025-11-21 21:08:37.712 65842 INFO tempest.lib.common.rest_client [req-01fb697a-d421-41f6-a768-8931ca9b499b req-01fb697a-d421-41f6-a768-8931ca9b499b ] Request (AttachInterfacesTestJSON:setUpClass): 201 POST http://10.180.1.21/identity/v3/auth/tokens 0.027s
2025-11-21 21:08:37.742 65842 INFO tempest.lib.common.rest_client [req-a830d363-ddc3-495e-b207-732cd96e412c req-a830d363-ddc3-495e-b207-732cd96e412c ] Request (AttachInterfacesTestJSON:setUpClass): 200 GET http://10.180.1.21/identity/v3/domains?name=Default 0.029s
2025-11-21 21:08:37.767 65842 INFO tempest.lib.common.rest_client [req-8086f0d6-231e-4b99-94ca-73cd53568115 req-8086f0d6-231e-4b99-94ca-73cd53568115 ] Request (AttachInterfacesTestJSON:setUpClass): 201 POST http://10.180.1.21/identity/v3/projects 0.024s
2025-11-21 21:08:37.826 65842 INFO tempest.lib.common.rest_client [req-7663565c-1ee4-4f06-88f2-69935f2c20c2 req-7663565c-1ee4-4f06-88f2-69935f2c20c2 ] Request (AttachInterfacesTestJSON:setUpClass): 201 POST http://10.180.1.21/identity/v3/users 0.059s
2025-11-21 21:08:37.851 65842 INFO tempest.lib.common.rest_client [req-3e243c2e-b35f-4ab2-9f7f-05e2db6853df req-3e243c2e-b35f-4ab2-9f7f-05e2db6853df ] Request (AttachInterfacesTestJSON:setUpClass): 200 GET http://10.180.1.21/identity/v3/roles 0.025s
2025-11-21 21:08:37.886 65842 INFO tempest.lib.common.rest_client [req-ec4b22ed-38fd-4ab7-83f6-4e37ae54c4bf req-ec4b22ed-38fd-4ab7-83f6-4e37ae54c4bf ] Request (AttachInterfacesTestJSON:setUpClass): 204 PUT http://10.180.1.21/identity/v3/projects/43c7ecf646b646f19da67b217e1c7191/users/50c688ede6f64376938630e6993c3d49/roles/8018c0a1f853416cbf2c2aa23b774d08 0.034s
2025-11-21 21:08:37.887 65842 INFO tempest.lib.common.dynamic_creds [-] Dynamic test user 50c688ede6f64376938630e6993c3d49 is created with scope project and roles: ['member']
2025-11-21 21:08:37.887 65842 INFO tempest.lib.common.dynamic_creds [-] Acquired dynamic creds: credentials: Credentials: {'domain_id': 'default', 'domain_name': 'Default', 'username': 'tempest-AttachInterfacesTestJSON-974327441-project-member', 'project_domain_id': 'default', 'project_domain_name': 'Default', 'project_id': '43c7ecf646b646f19da67b217e1c7191', 'project_name': 'tempest-AttachInterfacesTestJSON-974327441', 'tenant_id': '43c7ecf646b646f19da67b217e1c7191', 'tenant_name': 'tempest-AttachInterfacesTestJSON-974327441', 'user_domain_id': 'default', 'user_domain_name': 'Default', 'user_id': '50c688ede6f64376938630e6993c3d49', 'system': None}, Network: None, Subnet: None, Router: None
2025-11-21 21:08:37.948 65842 INFO tempest.lib.common.rest_client [req-01f23f60-26e7-43c0-a759-f3612998854a req-01f23f60-26e7-43c0-a759-f3612998854a ] Request (AttachInterfacesTestJSON:setUpClass): 201 POST http://10.180.1.21/identity/v3/auth/tokens 0.061s
2025-11-21 21:08:38.122 65800 INFO tempest.lib.common.rest_client [req-da781b0e-4a51-4f73-ad03-7a943944c0b1 req-da781b0e-4a51-4f73-ad03-7a943944c0b1 ] Request (FlavorsExtraSpecsNegativeTestJSON:tearDownClass): 200 GET http://10.180.1.21/networking/v2.0/security-groups?tenant_id=84fef3e8c24d496e97d939d4dabb4722&name=default 0.682s
2025-11-21 21:08:38.154 65818 INFO tempest.lib.common.rest_client [req-009bd04f-57b9-4f2b-9e9c-1d2e8e0f45e2 req-009bd04f-57b9-4f2b-9e9c-1d2e8e0f45e2 ] Request (DeleteServersAdminTestJSON:test_admin_delete_servers_of_others): 200 GET http://10.180.1.21/compute/v2.1/servers/0941f48b-48ea-4e50-ad74-c76926c1cc67 3.837s
2025-11-21 21:08:38.167 65818 INFO tempest.common.waiters [-] State transition "ACTIVE/deleting" ==> "DELETED/None" after 5 second wait
2025-11-21 21:08:38.216 65844 INFO tempest.lib.common.rest_client [req-cae43568-4d23-44ca-b30d-7dfd1eb06d67 req-cae43568-4d23-44ca-b30d-7dfd1eb06d67 ] Request (ServerDiskConfigTestJSON:setUpClass): 200 PUT http://10.180.1.21/networking/v2.0/routers/fdbc7118-7428-4f7b-b943-304dae77aeb2/add_router_interface 1.374s
2025-11-21 21:08:38.217 65844 INFO tempest.lib.common.dynamic_creds [-] Created isolated network resources for: credentials: Credentials: {'domain_id': 'default', 'domain_name': 'Default', 'username': 'tempest-ServerDiskConfigTestJSON-380735483-project-member', 'project_domain_id': 'default', 'project_domain_name': 'Default', 'project_id': 'd5f50f51c1d44b96a5f886de6c1e8cc5', 'project_name': 'tempest-ServerDiskConfigTestJSON-380735483', 'tenant_id': 'd5f50f51c1d44b96a5f886de6c1e8cc5', 'tenant_name': 'tempest-ServerDiskConfigTestJSON-380735483', 'user_domain_id': 'default', 'user_domain_name': 'Default', 'user_id': '9bf98a0daf774fa09cae02384ff8d060', 'system': None}, Network: {'id': 'bee692f7-6de4-4a78-958c-89f9005cf3a8', 'name': 'tempest-ServerDiskConfigTestJSON-1900997533-network', 'tenant_id': 'd5f50f51c1d44b96a5f886de6c1e8cc5', 'project_id': 'd5f50f51c1d44b96a5f886de6c1e8cc5', 'admin_state_up': True, 'mtu': 8950, 'status': 'ACTIVE', 'subnets': [], 'shared': False, 'port_security_enabled': True, 'router:external': False, 'provider:network_type': 'vlan', 'provider:physical_network': 'default', 'provider:segmentation_id': 574, 'availability_zone_hints': [], 'availability_zones': [], 'ipv4_address_scope': None, 'ipv6_address_scope': None, 'description': '', 'tags': [], 'created_at': '2025-11-21T21:08:35Z', 'updated_at': '2025-11-21T21:08:35Z', 'revision_number': 1}, Subnet: {'id': '21a4cdc5-b70e-471e-9b3b-8ce801805b9f', 'name': 'tempest-ServerDiskConfigTestJSON-1900997533-subnet', 'tenant_id': 'd5f50f51c1d44b96a5f886de6c1e8cc5', 'network_id': 'bee692f7-6de4-4a78-958c-89f9005cf3a8', 'ip_version': 4, 'subnetpool_id': None, 'enable_dhcp': True, 'ipv6_ra_mode': None, 'ipv6_address_mode': None, 'gateway_ip': '192.168.128.1', 'cidr': '192.168.128.0/28', 'allocation_pools': [{'start': '192.168.128.2', 'end': '192.168.128.14'}], 'host_routes': [], 'dns_nameservers': [], 'description': '', 'router:external': False, 'service_types': [], 'tags': [], 'created_at': '2025-11-21T21:08:35Z', 'updated_at': '2025-11-21T21:08:35Z', 'revision_number': 0, 'project_id': 'd5f50f51c1d44b96a5f886de6c1e8cc5'}, Router: {'id': 'fdbc7118-7428-4f7b-b943-304dae77aeb2', 'name': 'tempest-ServerDiskConfigTestJSON-1900997533-router', 'tenant_id': 'd5f50f51c1d44b96a5f886de6c1e8cc5', 'admin_state_up': True, 'status': 'ACTIVE', 'external_gateway_info': {'network_id': '64d119fc-a298-48a7-a483-7136ebe95082', 'external_fixed_ips': [{'subnet_id': '97e32738-0579-4ce6-bf6c-87990ad9f85b', 'ip_address': '10.180.180.159'}], 'enable_snat': True}, 'description': '', 'availability_zones': [], 'distributed': False, 'ha': False, 'availability_zone_hints': [], 'routes': [], 'flavor_id': None, 'tags': [], 'created_at': '2025-11-21T21:08:36Z', 'updated_at': '2025-11-21T21:08:36Z', 'revision_number': 2, 'project_id': 'd5f50f51c1d44b96a5f886de6c1e8cc5'}
2025-11-21 21:08:38.324 65844 INFO tempest.lib.common.rest_client [req-ffcd47f7-c7ba-48e4-a4e4-7a6c969a50c2 req-ffcd47f7-c7ba-48e4-a4e4-7a6c969a50c2 ] Request (ServerDiskConfigTestJSON:setUpClass): 201 POST http://10.180.1.21/identity/v3/auth/tokens 0.101s
2025-11-21 21:08:38.334 65826 INFO tempest.lib.common.rest_client [req-ae9ba8ef-6ac6-45b9-bb45-aa41c084a8a6 req-ae9ba8ef-6ac6-45b9-bb45-aa41c084a8a6 ] Request (QuotasAdminTestV257:test_get_updated_quotas): 200 GET http://10.180.1.21/compute/v2.1/os-quota-sets/ef2d0d9c15884871bb64dd05a12cac8a/detail 3.750s
2025-11-21 21:08:38.353 65796 INFO tempest.lib.common.rest_client [req-9a24d3b9-fe4a-4a65-82a2-ef3143236cc0 req-9a24d3b9-fe4a-4a65-82a2-ef3143236cc0 ] Request (KeyPairsV210TestJSON:_run_cleanups): 204 DELETE http://10.180.1.21/compute/v2.1/os-keypairs/tempest-keypair-1977108856?user_id=99758d6a39be4c5f8aabd8badf3d85b2 3.752s
2025-11-21 21:08:38.364 65844 INFO tempest.lib.common.rest_client [req-dbedc7c4-101d-4251-902c-9927b625fdc7 req-dbedc7c4-101d-4251-902c-9927b625fdc7 ] Request (ServerDiskConfigTestJSON:test_rebuild_server_with_auto_disk_config): 201 POST http://10.180.1.21/identity/v3/auth/tokens 0.036s
2025-11-21 21:08:38.365 65844 INFO tempest.lib.common.fixed_network [-] (ServerDiskConfigTestJSON:test_rebuild_server_with_auto_disk_config) Found network {'id': 'bee692f7-6de4-4a78-958c-89f9005cf3a8', 'name': 'tempest-ServerDiskConfigTestJSON-1900997533-network', 'tenant_id': 'd5f50f51c1d44b96a5f886de6c1e8cc5', 'project_id': 'd5f50f51c1d44b96a5f886de6c1e8cc5', 'admin_state_up': True, 'mtu': 8950, 'status': 'ACTIVE', 'subnets': [], 'shared': False, 'port_security_enabled': True, 'router:external': False, 'provider:network_type': 'vlan', 'provider:physical_network': 'default', 'provider:segmentation_id': 574, 'availability_zone_hints': [], 'availability_zones': [], 'ipv4_address_scope': None, 'ipv6_address_scope': None, 'description': '', 'tags': [], 'created_at': '2025-11-21T21:08:35Z', 'updated_at': '2025-11-21T21:08:35Z', 'revision_number': 1} available for tenant
2025-11-21 21:08:38.372 65826 INFO tempest.lib.common.rest_client [req-c3dd09ab-47c5-420a-80db-0a75e4753e3d req-c3dd09ab-47c5-420a-80db-0a75e4753e3d ] Request (QuotasAdminTestV257:test_get_updated_quotas): 200 GET http://10.180.1.21/identity/v3/domains?name=Default 0.034s
2025-11-21 21:08:38.448 65796 INFO tempest.lib.common.rest_client [req-a37df6b0-af27-4770-8ee3-67c0ee32f4e2 req-a37df6b0-af27-4770-8ee3-67c0ee32f4e2 ] Request (KeyPairsV210TestJSON:tearDownClass): 204 DELETE http://10.180.1.21/identity/v3/users/99758d6a39be4c5f8aabd8badf3d85b2 0.093s
2025-11-21 21:08:38.465 65856 INFO tempest.lib.common.rest_client [req-2bd34dfe-f5e9-4dfa-a5f4-18f4c132df4a req-2bd34dfe-f5e9-4dfa-a5f4-18f4c132df4a ] Request (InstanceActionsTestJSON:setUpClass): 201 POST http://10.180.1.21/networking/v2.0/networks 0.779s
2025-11-21 21:08:38.488 65826 INFO tempest.lib.common.rest_client [req-a37c6aa2-9464-478f-801b-46aedec9cb89 req-a37c6aa2-9464-478f-801b-46aedec9cb89 ] Request (QuotasAdminTestV257:test_get_updated_quotas): 201 POST http://10.180.1.21/identity/v3/users 0.115s
2025-11-21 21:08:38.559 65826 INFO tempest.lib.common.rest_client [req-579559a9-25a3-4842-a25a-5e9f4cf1e42f req-579559a9-25a3-4842-a25a-5e9f4cf1e42f ] Request (QuotasAdminTestV257:test_get_updated_quotas): 200 GET http://10.180.1.21/identity/v3/domains?name=Default 0.070s
2025-11-21 21:08:38.573 65796 INFO tempest.lib.common.rest_client [req-d22fcaba-7805-4638-80f5-42cb6c7b0f99 req-d22fcaba-7805-4638-80f5-42cb6c7b0f99 ] Request (KeyPairsV210TestJSON:tearDownClass): 204 DELETE http://10.180.1.21/identity/v3/users/feaeaad87aa14127a60fe4c18aab4e76 0.125s
2025-11-21 21:08:38.574 65796 INFO tempest.lib.common.dynamic_creds [-] Deleting project and security group for project: 17067d9651474246a5ba457ada50bbbb
2025-11-21 21:08:38.635 65796 INFO tempest.lib.common.rest_client [req-9c338654-a706-429f-a8ae-1adfdd16b631 req-9c338654-a706-429f-a8ae-1adfdd16b631 ] Request (KeyPairsV210TestJSON:tearDownClass): 201 POST http://10.180.1.21/identity/v3/auth/tokens 0.061s
2025-11-21 21:08:38.819 65842 INFO tempest.lib.common.rest_client [req-e97a95af-c71a-4a3a-acdd-93201952b856 req-e97a95af-c71a-4a3a-acdd-93201952b856 ] Request (AttachInterfacesTestJSON:setUpClass): 201 POST http://10.180.1.21/networking/v2.0/networks 0.870s
2025-11-21 21:08:38.902 65800 INFO tempest.lib.common.rest_client [req-37fc5826-7fd4-44b5-a7a4-a385ce7e0a8e req-37fc5826-7fd4-44b5-a7a4-a385ce7e0a8e ] Request (FlavorsExtraSpecsNegativeTestJSON:tearDownClass): 204 DELETE http://10.180.1.21/networking/v2.0/security-groups/f6ee49ff-0eec-4bf4-bafc-5e21bc9d24a8 0.779s
2025-11-21 21:08:38.969 65824 INFO tempest.lib.common.rest_client [req-1748bec9-f49f-403e-8eac-1b3b9ba69fee req-1748bec9-f49f-403e-8eac-1b3b9ba69fee ] Request (MigrationsAdminTest:test_list_migrations_in_flavor_resize_situation): 200 GET http://10.180.1.21/compute/v2.1/servers/32144f21-b222-4038-babc-2b39fa224bd3 4.452s
2025-11-21 21:08:38.974 65800 INFO tempest.lib.common.rest_client [req-5cd1bc36-af3e-4cef-8af0-979ada7f7765 req-5cd1bc36-af3e-4cef-8af0-979ada7f7765 ] Request (FlavorsExtraSpecsNegativeTestJSON:tearDownClass): 204 DELETE http://10.180.1.21/identity/v3/projects/84fef3e8c24d496e97d939d4dabb4722 0.071s
2025-11-21 21:08:38.974 65800 INFO tempest.lib.common.dynamic_creds [-] Deleting project and security group for project: 5d915258ebf8414ab0a01d1347e282ea
2025-11-21 21:08:38.976 65824 INFO tempest.common.waiters [-] State transition "BUILD/spawning" ==> "ACTIVE/None" after 15 second wait
2025-11-21 21:08:39.229 65856 INFO tempest.lib.common.rest_client [req-b99ecd30-cb3c-4f50-9511-dfd8155c9901 req-b99ecd30-cb3c-4f50-9511-dfd8155c9901 ] Request (InstanceActionsTestJSON:setUpClass): 201 POST http://10.180.1.21/networking/v2.0/subnets 0.764s
2025-11-21 21:08:39.505 65796 INFO tempest.lib.common.rest_client [req-0476c95e-81fa-4881-8c1a-4f09a6185c84 req-0476c95e-81fa-4881-8c1a-4f09a6185c84 ] Request (KeyPairsV210TestJSON:tearDownClass): 200 GET http://10.180.1.21/networking/v2.0/security-groups?tenant_id=17067d9651474246a5ba457ada50bbbb&name=default 0.870s
2025-11-21 21:08:39.672 65842 INFO tempest.lib.common.rest_client [req-2715b0e9-6d1e-4e14-a415-f76a6db06721 req-2715b0e9-6d1e-4e14-a415-f76a6db06721 ] Request (AttachInterfacesTestJSON:setUpClass): 201 POST http://10.180.1.21/networking/v2.0/subnets 0.853s
2025-11-21 21:08:39.807 65800 INFO tempest.lib.common.rest_client [req-c32e280c-854e-4919-949f-a3155351095f req-c32e280c-854e-4919-949f-a3155351095f ] Request (FlavorsExtraSpecsNegativeTestJSON:tearDownClass): 200 GET http://10.180.1.21/networking/v2.0/security-groups?tenant_id=5d915258ebf8414ab0a01d1347e282ea&name=default 0.831s
2025-11-21 21:08:39.894 65808 INFO tempest.lib.common.rest_client [req-fbb53af5-46f5-46bd-8a95-6952ad06af7e req-fbb53af5-46f5-46bd-8a95-6952ad06af7e ] Request (ServerActionsTestOtherA:setUpClass): 200 GET http://10.180.1.21/compute/v2.1/servers/8dafd6bf-a626-4cbc-b889-38b365596009 4.989s
2025-11-21 21:08:39.905 65808 INFO tempest.common.waiters [-] State transition "BUILD/scheduling" ==> "BUILD/None" after 9 second wait
2025-11-21 21:08:40.415 65796 INFO tempest.lib.common.rest_client [req-38e70daa-ebee-4c9a-b65c-1df8cc6dc2e4 req-38e70daa-ebee-4c9a-b65c-1df8cc6dc2e4 ] Request (KeyPairsV210TestJSON:tearDownClass): 204 DELETE http://10.180.1.21/networking/v2.0/security-groups/4e3f806a-e74e-4493-b964-1784e6803f25 0.910s
2025-11-21 21:08:40.501 65796 INFO tempest.lib.common.rest_client [req-266c8a1d-bb7c-4798-a20f-57adf026ce58 req-266c8a1d-bb7c-4798-a20f-57adf026ce58 ] Request (KeyPairsV210TestJSON:tearDownClass): 204 DELETE http://10.180.1.21/identity/v3/projects/17067d9651474246a5ba457ada50bbbb 0.085s
2025-11-21 21:08:40.501 65796 INFO tempest.lib.common.dynamic_creds [-] Deleting project and security group for project: cf3f8e165e6d486b876e9f9743259bca
2025-11-21 21:08:40.834 65856 INFO tempest.lib.common.rest_client [req-58eecff6-df38-4957-b7e1-985cbed201a2 req-58eecff6-df38-4957-b7e1-985cbed201a2 ] Request (InstanceActionsTestJSON:setUpClass): 201 POST http://10.180.1.21/networking/v2.0/routers 1.604s
2025-11-21 21:08:40.962 65800 INFO tempest.lib.common.rest_client [req-ed512adc-2d38-4bc2-840e-df7da9b0ed2c req-ed512adc-2d38-4bc2-840e-df7da9b0ed2c ] Request (FlavorsExtraSpecsNegativeTestJSON:tearDownClass): 204 DELETE http://10.180.1.21/networking/v2.0/security-groups/2b5830f6-4808-4e67-a257-fd8ee44fbf1e 1.154s
2025-11-21 21:08:41.069 65800 INFO tempest.lib.common.rest_client [req-15daef01-d854-411c-a8bc-007629a920d6 req-15daef01-d854-411c-a8bc-007629a920d6 ] Request (FlavorsExtraSpecsNegativeTestJSON:tearDownClass): 204 DELETE http://10.180.1.21/identity/v3/projects/5d915258ebf8414ab0a01d1347e282ea 0.106s
2025-11-21 21:08:41.079 65842 INFO tempest.lib.common.rest_client [req-3b5aafe8-dc7a-46ec-ba5f-adfda9ea8fc8 req-3b5aafe8-dc7a-46ec-ba5f-adfda9ea8fc8 ] Request (AttachInterfacesTestJSON:setUpClass): 201 POST http://10.180.1.21/networking/v2.0/routers 1.405s
2025-11-21 21:08:41.165 65800 INFO tempest.lib.common.rest_client [req-aa05cd86-e3af-4319-97d5-f51e088de899 req-aa05cd86-e3af-4319-97d5-f51e088de899 ] Request (QuotaClassesAdminTestJSON:setUpClass): 201 POST http://10.180.1.21/identity/v3/auth/tokens 0.093s
2025-11-21 21:08:41.209 65800 INFO tempest.lib.common.rest_client [req-480bb87f-8d77-4bb8-929c-c1e47a70b544 req-480bb87f-8d77-4bb8-929c-c1e47a70b544 ] Request (QuotaClassesAdminTestJSON:setUpClass): 201 POST http://10.180.1.21/identity/v3/auth/tokens 0.040s
2025-11-21 21:08:41.254 65800 INFO tempest.lib.common.rest_client [req-077871d9-895a-42fd-8df4-e38ce9f2b2fa req-077871d9-895a-42fd-8df4-e38ce9f2b2fa ] Request (QuotaClassesAdminTestJSON:setUpClass): 200 GET http://10.180.1.21/identity/v3/domains?name=Default 0.043s
2025-11-21 21:08:41.274 65796 INFO tempest.lib.common.rest_client [req-67f76f4b-0642-40a9-a63d-82f3fa56fade req-67f76f4b-0642-40a9-a63d-82f3fa56fade ] Request (KeyPairsV210TestJSON:tearDownClass): 200 GET http://10.180.1.21/networking/v2.0/security-groups?tenant_id=cf3f8e165e6d486b876e9f9743259bca&name=default 0.772s
2025-11-21 21:08:41.298 65800 INFO tempest.lib.common.rest_client [req-7be800cd-b587-44c8-a9b6-a03f287ce593 req-7be800cd-b587-44c8-a9b6-a03f287ce593 ] Request (QuotaClassesAdminTestJSON:setUpClass): 201 POST http://10.180.1.21/identity/v3/projects 0.044s
2025-11-21 21:08:41.411 65800 INFO tempest.lib.common.rest_client [req-4c380b9e-eec8-4b64-9370-afb71c696992 req-4c380b9e-eec8-4b64-9370-afb71c696992 ] Request (QuotaClassesAdminTestJSON:setUpClass): 201 POST http://10.180.1.21/identity/v3/users 0.112s
2025-11-21 21:08:41.439 65800 INFO tempest.lib.common.rest_client [req-e90f4f3f-1930-4986-9dc8-383d6660b8a7 req-e90f4f3f-1930-4986-9dc8-383d6660b8a7 ] Request (QuotaClassesAdminTestJSON:setUpClass): 200 GET http://10.180.1.21/identity/v3/roles 0.027s
2025-11-21 21:08:41.470 65800 INFO tempest.lib.common.rest_client [req-313a1d66-df5a-4e0f-8b53-dc60852c4af4 req-313a1d66-df5a-4e0f-8b53-dc60852c4af4 ] Request (QuotaClassesAdminTestJSON:setUpClass): 204 PUT http://10.180.1.21/identity/v3/projects/06748f06302d432ebdb67523e44daf0c/users/ebc7d437619e40f6b2dddf7bd3025eb2/roles/8018c0a1f853416cbf2c2aa23b774d08 0.031s
2025-11-21 21:08:41.471 65800 INFO tempest.lib.common.dynamic_creds [-] Dynamic test user ebc7d437619e40f6b2dddf7bd3025eb2 is created with scope project and roles: ['member']
2025-11-21 21:08:41.471 65800 INFO tempest.lib.common.dynamic_creds [-] Acquired dynamic creds: credentials: Credentials: {'domain_id': 'default', 'domain_name': 'Default', 'username': 'tempest-QuotaClassesAdminTestJSON-1035594731-project-member', 'project_domain_id': 'default', 'project_domain_name': 'Default', 'project_id': '06748f06302d432ebdb67523e44daf0c', 'project_name': 'tempest-QuotaClassesAdminTestJSON-1035594731', 'tenant_id': '06748f06302d432ebdb67523e44daf0c', 'tenant_name': 'tempest-QuotaClassesAdminTestJSON-1035594731', 'user_domain_id': 'default', 'user_domain_name': 'Default', 'user_id': 'ebc7d437619e40f6b2dddf7bd3025eb2', 'system': None}, Network: None, Subnet: None, Router: None
2025-11-21 21:08:41.471 65800 INFO tempest.lib.common.dynamic_creds [-] Created isolated network resources for: credentials: Credentials: {'domain_id': 'default', 'domain_name': 'Default', 'username': 'tempest-QuotaClassesAdminTestJSON-1035594731-project-member', 'project_domain_id': 'default', 'project_domain_name': 'Default', 'project_id': '06748f06302d432ebdb67523e44daf0c', 'project_name': 'tempest-QuotaClassesAdminTestJSON-1035594731', 'tenant_id': '06748f06302d432ebdb67523e44daf0c', 'tenant_name': 'tempest-QuotaClassesAdminTestJSON-1035594731', 'user_domain_id': 'default', 'user_domain_name': 'Default', 'user_id': 'ebc7d437619e40f6b2dddf7bd3025eb2', 'system': None}, Network: None, Subnet: None, Router: None
2025-11-21 21:08:41.549 65800 INFO tempest.lib.common.rest_client [req-0e16a170-7cfd-48f0-adf3-089bc5caadee req-0e16a170-7cfd-48f0-adf3-089bc5caadee ] Request (QuotaClassesAdminTestJSON:setUpClass): 201 POST http://10.180.1.21/identity/v3/auth/tokens 0.075s
2025-11-21 21:08:41.627 65800 INFO tempest.lib.common.rest_client [req-853b866f-2f50-429a-b948-d6df096b7d65 req-853b866f-2f50-429a-b948-d6df096b7d65 ] Request (QuotaClassesAdminTestJSON:setUpClass): 201 POST http://10.180.1.21/identity/v3/projects 0.077s
