2025-11-21 21:09:03.372 65856 INFO tempest.lib.common.rest_client [req-8ac32a7a-99ef-4d24-a702-1cd139bed080 req-8ac32a7a-99ef-4d24-a702-1cd139bed080 ] Request (InstanceActionsTestJSON:setUpClass): 200 GET http://10.180.1.21/compute/v2.1/servers/a8476e4d-2a93-42f8-8ceb-d7e0da0805cf 8.259s
2025-11-21 21:09:03.379 65850 INFO tempest.lib.common.rest_client [req-35990479-9514-4596-a43d-480d3de7b03f req-35990479-9514-4596-a43d-480d3de7b03f ] Request (AggregatesAdminNegativeTestJSON:test_aggregate_create_as_user): 403 POST http://10.180.1.21/compute/v2.1/os-aggregates 8.017s
2025-11-21 21:09:03.380 65856 INFO tempest.common.waiters [-] State transition "BUILD/scheduling" ==> "BUILD/None" after 9 second wait
2025-11-21 21:09:03.404 65840 INFO tempest.lib.common.rest_client [req-f4136eee-9c9c-4182-a973-f2e4c9778395 req-f4136eee-9c9c-4182-a973-f2e4c9778395 ] Request (KeyPairsV2TestJSON:_run_cleanups): 202 DELETE http://10.180.1.21/compute/v2.1/os-keypairs/tempest-KeyPairsV2TestJSON-keypair-278053100 8.023s
2025-11-21 21:09:03.497 65848 INFO tempest.lib.common.rest_client [req-5d0dfd1e-62e5-41dd-8ac5-9d268a89d2c7 req-5d0dfd1e-62e5-41dd-8ac5-9d268a89d2c7 ] Request (TenantUsagesTestJSON:tearDownClass): 204 DELETE http://10.180.1.21/compute/v2.1/servers/3862be98-bf81-45e4-8373-6c180acd9b26 8.071s
2025-11-21 21:09:03.518 65814 INFO tempest.lib.common.rest_client [req-68651ec8-9a65-4290-b4b9-26edd7cc710a req-68651ec8-9a65-4290-b4b9-26edd7cc710a ] Request (ServerDiagnosticsNegativeTest:tearDownClass): 404 GET http://10.180.1.21/compute/v2.1/servers/70e36590-5124-456f-89f9-c41d44ff1da6 8.093s
2025-11-21 21:09:03.542 65847 INFO tempest.lib.common.rest_client [req-942b3d43-2608-449c-bd60-d904b2fb22ef req-942b3d43-2608-449c-bd60-d904b2fb22ef ] Request (ServerActionsV293TestJSON:setUpClass): 200 PUT http://10.180.1.21/networking/v2.0/routers/dbc1bcf8-c331-49e4-9d02-f9e9359f89f4/add_router_interface 0.965s
2025-11-21 21:09:03.542 65847 INFO tempest.lib.common.dynamic_creds [-] Created isolated network resources for: credentials: Credentials: {'domain_id': 'default', 'domain_name': 'Default', 'username': 'tempest-ServerActionsV293TestJSON-1566352990-project-member', 'project_domain_id': 'default', 'project_domain_name': 'Default', 'project_id': '5551f7cff8114e24ace104deabf3dd92', 'project_name': 'tempest-ServerActionsV293TestJSON-1566352990', 'tenant_id': '5551f7cff8114e24ace104deabf3dd92', 'tenant_name': 'tempest-ServerActionsV293TestJSON-1566352990', 'user_domain_id': 'default', 'user_domain_name': 'Default', 'user_id': '2a0a0e912d1149af938b6f213e085454', 'system': None}, Network: {'id': '12c1b803-c722-4609-a0dc-92cb50f15ec0', 'name': 'tempest-ServerActionsV293TestJSON-2144053954-network', 'tenant_id': '5551f7cff8114e24ace104deabf3dd92', 'project_id': '5551f7cff8114e24ace104deabf3dd92', 'admin_state_up': True, 'mtu': 8950, 'status': 'ACTIVE', 'subnets': [], 'shared': False, 'port_security_enabled': True, 'router:external': False, 'provider:network_type': 'vlan', 'provider:physical_network': 'default', 'provider:segmentation_id': 961, 'availability_zone_hints': [], 'availability_zones': [], 'ipv4_address_scope': None, 'ipv6_address_scope': None, 'description': '', 'tags': [], 'created_at': '2025-11-21T21:09:00Z', 'updated_at': '2025-11-21T21:09:00Z', 'revision_number': 1}, Subnet: {'id': '2cd4ea2b-8f8d-4ef7-bbfe-f63cf158cfa6', 'name': 'tempest-ServerActionsV293TestJSON-2144053954-subnet', 'tenant_id': '5551f7cff8114e24ace104deabf3dd92', 'network_id': '12c1b803-c722-4609-a0dc-92cb50f15ec0', 'ip_version': 4, 'subnetpool_id': None, 'enable_dhcp': True, 'ipv6_ra_mode': None, 'ipv6_address_mode': None, 'gateway_ip': '192.168.128.1', 'cidr': '192.168.128.0/28', 'allocation_pools': [{'start': '192.168.128.2', 'end': '192.168.128.14'}], 'host_routes': [], 'dns_nameservers': [], 'description': '', 'router:external': False, 'service_types': [], 'tags': [], 'created_at': '2025-11-21T21:09:01Z', 'updated_at': '2025-11-21T21:09:01Z', 'revision_number': 0, 'project_id': '5551f7cff8114e24ace104deabf3dd92'}, Router: {'id': 'dbc1bcf8-c331-49e4-9d02-f9e9359f89f4', 'name': 'tempest-ServerActionsV293TestJSON-2144053954-router', 'tenant_id': '5551f7cff8114e24ace104deabf3dd92', 'admin_state_up': True, 'status': 'ACTIVE', 'external_gateway_info': {'network_id': '64d119fc-a298-48a7-a483-7136ebe95082', 'external_fixed_ips': [{'subnet_id': '97e32738-0579-4ce6-bf6c-87990ad9f85b', 'ip_address': '10.180.180.199'}], 'enable_snat': True}, 'description': '', 'availability_zones': [], 'distributed': False, 'ha': False, 'availability_zone_hints': [], 'routes': [], 'flavor_id': None, 'tags': [], 'created_at': '2025-11-21T21:09:01Z', 'updated_at': '2025-11-21T21:09:02Z', 'revision_number': 2, 'project_id': '5551f7cff8114e24ace104deabf3dd92'}
2025-11-21 21:09:03.627 65828 INFO tempest.lib.common.rest_client [req-88a39ee2-ea24-4cca-9647-75c7e3385201 req-88a39ee2-ea24-4cca-9647-75c7e3385201 ] Request (ServersAdminTestJSON:setUpClass): 200 GET http://10.180.1.21/compute/v2.1/servers/b4096547-179b-43c7-af6e-a35e2690c079 8.493s
2025-11-21 21:09:03.635 65828 INFO tempest.common.waiters [-] State transition "BUILD/spawning" ==> "ACTIVE/None" after 37 second wait
2025-11-21 21:09:03.645 65847 INFO tempest.lib.common.rest_client [req-bbf7a749-a14b-44f2-bd5a-fe3b57835ab3 req-bbf7a749-a14b-44f2-bd5a-fe3b57835ab3 ] Request (ServerActionsV293TestJSON:setUpClass): 201 POST http://10.180.1.21/identity/v3/auth/tokens 0.098s
2025-11-21 21:09:03.690 65814 INFO tempest.lib.common.rest_client [req-43855ee9-3a64-464c-b34f-bdad40d0ba2a req-43855ee9-3a64-464c-b34f-bdad40d0ba2a ] Request (ServerDiagnosticsNegativeTest:tearDownClass): 204 DELETE http://10.180.1.21/identity/v3/users/ecf85c86c1c346248cb6124762f7111b 0.172s
2025-11-21 21:09:03.819 65814 INFO tempest.lib.common.rest_client [req-938cb81c-f28c-4770-97a7-e35ad3e0fe44 req-938cb81c-f28c-4770-97a7-e35ad3e0fe44 ] Request (ServerDiagnosticsNegativeTest:tearDownClass): 204 DELETE http://10.180.1.21/identity/v3/users/1b76a33b25be47dbbc374c16f8ce8bff 0.128s
2025-11-21 21:09:03.819 65814 INFO tempest.lib.common.dynamic_creds [-] Deleting project and security group for project: 5f1cf14ec2cb4564940e6aef0e66d209
2025-11-21 21:09:03.873 65808 INFO tempest.lib.common.rest_client [req-0f1e2c0b-4c70-4b66-adc6-cf7adb626db8 req-0f1e2c0b-4c70-4b66-adc6-cf7adb626db8 ] Request (ServerActionsTestOtherA:setUpClass): 200 GET http://10.180.1.21/compute/v2.1/servers/8dafd6bf-a626-4cbc-b889-38b365596009 8.417s
2025-11-21 21:09:03.884 65808 INFO tempest.common.waiters [-] State transition "BUILD/spawning" ==> "ACTIVE/None" after 33 second wait
2025-11-21 21:09:03.885 65814 INFO tempest.lib.common.rest_client [req-4e151763-27ad-4f9c-8b5d-41c75e464481 req-4e151763-27ad-4f9c-8b5d-41c75e464481 ] Request (ServerDiagnosticsNegativeTest:tearDownClass): 201 POST http://10.180.1.21/identity/v3/auth/tokens 0.066s
2025-11-21 21:09:03.927 65852 INFO tempest.lib.common.rest_client [req-0337e7e1-d433-4e84-b655-56d324e23f63 req-0337e7e1-d433-4e84-b655-56d324e23f63 ] Request (ServerDiagnosticsTest:test_get_server_diagnostics): 200 GET http://10.180.1.21/compute/v2.1/servers/b7887f01-786d-43fc-bdff-1e2f6364bcc3 8.116s
2025-11-21 21:09:03.934 65852 INFO tempest.common.waiters [-] State transition "BUILD/spawning" ==> "ACTIVE/None" after 35 second wait
2025-11-21 21:09:04.041 65820 INFO tempest.lib.common.rest_client [req-5cdd8e8b-f560-49f2-98bb-cf774bd73270 req-5cdd8e8b-f560-49f2-98bb-cf774bd73270 ] Request (HostsAdminNegativeTestJSON:test_list_hosts_with_non_admin_user): 403 GET http://10.180.1.21/compute/v2.1/os-hosts 7.884s
2025-11-21 21:09:04.114 65814 INFO tempest.lib.common.rest_client [req-6fd710ae-655c-4665-b3f3-a6b512d67991 req-6fd710ae-655c-4665-b3f3-a6b512d67991 ] Request (ServerDiagnosticsNegativeTest:tearDownClass): 200 GET http://10.180.1.21/networking/v2.0/security-groups?tenant_id=5f1cf14ec2cb4564940e6aef0e66d209&name=default 0.229s
2025-11-21 21:09:04.147 65796 INFO tempest.lib.common.rest_client [req-d10af102-8006-4a2a-a8df-773d7fc1c67a req-d10af102-8006-4a2a-a8df-773d7fc1c67a ] Request (ListServersNegativeTestJSON:setUpClass): 200 GET http://10.180.1.21/compute/v2.1/servers/182797b6-e843-4ef0-84fd-f91fdebcebad 8.146s
2025-11-21 21:09:04.232 65810 INFO tempest.lib.common.rest_client [req-9f98f888-a55f-445e-ae47-4588e856bde4 req-9f98f888-a55f-445e-ae47-4588e856bde4 ] Request (FlavorsV2TestJSON:test_list_flavors_filter_by_min_disk): 200 GET http://10.180.1.21/compute/v2.1/flavors?minDisk=2 7.607s
2025-11-21 21:09:04.232 65838 INFO tempest.lib.common.rest_client [req-b3407454-6491-41bd-bd2e-79a91267e114 req-b3407454-6491-41bd-bd2e-79a91267e114 ] Request (ServerDiagnosticsV248Test:test_get_server_diagnostics): 200 GET http://10.180.1.21/compute/v2.1/servers/1faf5e96-8928-4428-ba62-520ce64f93b4 7.863s
2025-11-21 21:09:04.244 65838 INFO tempest.common.waiters [-] State transition "BUILD/scheduling" ==> "BUILD/None" after 9 second wait
2025-11-21 21:09:04.346 65814 INFO tempest.lib.common.rest_client [req-9b207e04-a25b-4223-a876-06aac56e9141 req-9b207e04-a25b-4223-a876-06aac56e9141 ] Request (ServerDiagnosticsNegativeTest:tearDownClass): 204 DELETE http://10.180.1.21/networking/v2.0/security-groups/0142c8b3-d624-4982-8b58-5415e289d2fe 0.231s
2025-11-21 21:09:04.424 65800 INFO tempest.lib.common.rest_client [req-fb464c6e-fb26-4d06-aad3-534665246154 req-fb464c6e-fb26-4d06-aad3-534665246154 ] Request (QuotaClassesAdminTestJSON:test_update_default_quotas): 200 PUT http://10.180.1.21/compute/v2.1/os-quota-class-sets/default 7.712s
2025-11-21 21:09:04.468 65794 INFO tempest.lib.common.rest_client [req-c7b7f28d-136c-41eb-8172-a795556ef656 req-c7b7f28d-136c-41eb-8172-a795556ef656 ] Request (ListImageFiltersTestJSON:setUpClass): 200 GET http://10.180.1.21/compute/v2.1/servers/9898985c-72bf-484c-a35b-3af1ff034815 7.583s
2025-11-21 21:09:04.473 65814 INFO tempest.lib.common.rest_client [req-55244c3f-c308-4ef3-885d-fc19767f500f req-55244c3f-c308-4ef3-885d-fc19767f500f ] Request (ServerDiagnosticsNegativeTest:tearDownClass): 204 DELETE http://10.180.1.21/identity/v3/projects/5f1cf14ec2cb4564940e6aef0e66d209 0.127s
2025-11-21 21:09:04.474 65814 INFO tempest.lib.common.dynamic_creds [-] Deleting project and security group for project: f067d191a9b04fca9aac4a6ebcfe2977
2025-11-21 21:09:04.475 65830 INFO tempest.lib.common.rest_client [req-696c4d94-73d9-46a2-bd0b-e5dd0dc88d46 req-696c4d94-73d9-46a2-bd0b-e5dd0dc88d46 ] Request (ImagesMetadataTestJSON:test_get_image_metadata_item): 200 GET http://10.180.1.21/compute/v2.1/images/0d91ddab-a5eb-416f-85f1-321783210697/metadata/os_distro 7.557s
2025-11-21 21:09:04.480 65794 INFO tempest.common.waiters [-] State transition "BUILD/scheduling" ==> "BUILD/None" after 9 second wait
2025-11-21 21:09:04.668 65814 INFO tempest.lib.common.rest_client [req-8fda0a32-8067-420d-aa63-e3b1f0587a71 req-8fda0a32-8067-420d-aa63-e3b1f0587a71 ] Request (ServerDiagnosticsNegativeTest:tearDownClass): 200 GET http://10.180.1.21/networking/v2.0/security-groups?tenant_id=f067d191a9b04fca9aac4a6ebcfe2977&name=default 0.194s
2025-11-21 21:09:04.712 65816 INFO tempest.lib.common.rest_client [req-09557e89-2994-47c7-a2c1-8841b934b702 req-09557e89-2994-47c7-a2c1-8841b934b702 ] Request (ServersAdmin275Test:_run_cleanups): 200 GET http://10.180.1.21/compute/v2.1/servers/1bb2eb73-639c-49ad-96ae-ea5dd36b42d8 7.100s
2025-11-21 21:09:04.722 65816 INFO tempest.common.waiters [-] State transition "REBUILD/rebuilding" ==> "ACTIVE/None" after 8 second wait
2025-11-21 21:09:04.877 65814 INFO tempest.lib.common.rest_client [req-f74dfb25-f865-49ce-97e1-a0c887b410d8 req-f74dfb25-f865-49ce-97e1-a0c887b410d8 ] Request (ServerDiagnosticsNegativeTest:tearDownClass): 204 DELETE http://10.180.1.21/networking/v2.0/security-groups/0f003ea8-e85d-42c5-94c0-11446133313f 0.209s
2025-11-21 21:09:04.984 65814 INFO tempest.lib.common.rest_client [req-ec5f7e98-7e52-4265-8609-d3ca285ad605 req-ec5f7e98-7e52-4265-8609-d3ca285ad605 ] Request (ServerDiagnosticsNegativeTest:tearDownClass): 204 DELETE http://10.180.1.21/identity/v3/projects/f067d191a9b04fca9aac4a6ebcfe2977 0.106s
2025-11-21 21:09:04.985 65814 INFO tempest.test [-] raised in UnshelveToHostMultiNodesTest.setUpClass. Invoking tearDownClass.
2025-11-21 21:09:04.999 65854 INFO tempest.lib.common.rest_client [req-2bc4aa88-de05-40e1-a75e-eb7b0b0348bd req-2bc4aa88-de05-40e1-a75e-eb7b0b0348bd ] Request (ServersTestManualDisk:setUpClass): 200 GET http://10.180.1.21/compute/v2.1/servers/d9b42602-4b4c-4b9a-a4d0-5aa6076370a1 8.019s
2025-11-21 21:09:05.008 65854 INFO tempest.lib.common.ssh [-] Creating ssh connection to '10.180.180.236:22' as 'cirros' with public key authentication
2025-11-21 21:09:05.085 65814 INFO tempest.lib.common.rest_client [req-9a6d0ade-b6b2-4960-bd94-10a6e59a08e7 req-9a6d0ade-b6b2-4960-bd94-10a6e59a08e7 ] Request (FlavorsV2NegativeTest:setUpClass): 201 POST http://10.180.1.21/identity/v3/auth/tokens 0.097s
2025-11-21 21:09:05.097 65836 INFO tempest.lib.common.rest_client [req-086b890d-f524-43ce-b3f7-64f16e127c5c req-086b890d-f524-43ce-b3f7-64f16e127c5c ] Request (ServersWithSpecificFlavorTestJSON:test_verify_created_server_ephemeral_disk): 200 GET http://10.180.1.21/compute/v2.1/servers/70fd7ee1-4886-48c4-81f8-cc5ff0e5afc7 7.482s
2025-11-21 21:09:05.108 65836 INFO tempest.common.waiters [-] State transition "BUILD/None" ==> "BUILD/spawning" after 13 second wait
2025-11-21 21:09:05.132 65814 INFO tempest.lib.common.rest_client [req-4be630ea-8f28-473d-a150-5a6f75cc0f40 req-4be630ea-8f28-473d-a150-5a6f75cc0f40 ] Request (FlavorsV2NegativeTest:setUpClass): 201 POST http://10.180.1.21/identity/v3/auth/tokens 0.042s
2025-11-21 21:09:05.170 65814 INFO tempest.lib.common.rest_client [req-bb1ce2c7-be6b-4c14-8e27-60289a0290ac req-bb1ce2c7-be6b-4c14-8e27-60289a0290ac ] Request (FlavorsV2NegativeTest:setUpClass): 200 GET http://10.180.1.21/identity/v3/domains?name=Default 0.037s
2025-11-21 21:09:05.182 65812 INFO tempest.lib.common.rest_client [req-76862872-0c42-46be-9d10-1d363bb10c45 req-76862872-0c42-46be-9d10-1d363bb10c45 ] Request (ServersV294TestFqdnHostnames:setUpClass): 201 POST http://10.180.1.21/compute/v2.1/os-keypairs 5.822s
2025-11-21 21:09:05.192 65818 INFO tempest.lib.common.rest_client [req-db03324e-5743-4f13-b8b4-5420ae31af07 req-db03324e-5743-4f13-b8b4-5420ae31af07 ] Request (DeleteServersAdminTestJSON:test_delete_server_while_in_error_state): 200 GET http://10.180.1.21/compute/v2.1/servers/a84f0356-073f-4425-95f7-511d07bd9e59 5.605s
2025-11-21 21:09:05.211 65814 INFO tempest.lib.common.rest_client [req-a03f1876-8ceb-40d7-ba72-de9f62e12fbe req-a03f1876-8ceb-40d7-ba72-de9f62e12fbe ] Request (FlavorsV2NegativeTest:setUpClass): 201 POST http://10.180.1.21/identity/v3/projects 0.040s
2025-11-21 21:09:05.319 65814 INFO tempest.lib.common.rest_client [req-bab94833-01f8-47d8-bc22-94cfe00d0607 req-bab94833-01f8-47d8-bc22-94cfe00d0607 ] Request (FlavorsV2NegativeTest:setUpClass): 201 POST http://10.180.1.21/identity/v3/users 0.107s
2025-11-21 21:09:05.338 65826 INFO tempest.lib.common.rest_client [req-49348298-662d-4459-9d7c-bbdd8134b48c req-49348298-662d-4459-9d7c-bbdd8134b48c ] Request (ServerActionsTestOtherB:setUpClass): 200 POST http://10.180.1.21/compute/v2.1/os-keypairs 5.324s
2025-11-21 21:09:05.349 65814 INFO tempest.lib.common.rest_client [req-639af6bf-b985-4a46-8851-6667e4f54aa2 req-639af6bf-b985-4a46-8851-6667e4f54aa2 ] Request (FlavorsV2NegativeTest:setUpClass): 200 GET http://10.180.1.21/identity/v3/roles 0.029s
2025-11-21 21:09:05.390 65814 INFO tempest.lib.common.rest_client [req-32e999cd-56ec-42bc-a53d-f2f0e4e87f78 req-32e999cd-56ec-42bc-a53d-f2f0e4e87f78 ] Request (FlavorsV2NegativeTest:setUpClass): 204 PUT http://10.180.1.21/identity/v3/projects/f95b461286a54a30b7b6ba4bb4349a75/users/a58de93d1ab64e6b92e1ad94da3def57/roles/8018c0a1f853416cbf2c2aa23b774d08 0.040s
2025-11-21 21:09:05.391 65814 INFO tempest.lib.common.dynamic_creds [-] Dynamic test user a58de93d1ab64e6b92e1ad94da3def57 is created with scope project and roles: ['member']
2025-11-21 21:09:05.391 65814 INFO tempest.lib.common.dynamic_creds [-] Acquired dynamic creds: credentials: Credentials: {'domain_id': 'default', 'domain_name': 'Default', 'username': 'tempest-FlavorsV2NegativeTest-647091393-project-member', 'project_domain_id': 'default', 'project_domain_name': 'Default', 'project_id': 'f95b461286a54a30b7b6ba4bb4349a75', 'project_name': 'tempest-FlavorsV2NegativeTest-647091393', 'tenant_id': 'f95b461286a54a30b7b6ba4bb4349a75', 'tenant_name': 'tempest-FlavorsV2NegativeTest-647091393', 'user_domain_id': 'default', 'user_domain_name': 'Default', 'user_id': 'a58de93d1ab64e6b92e1ad94da3def57', 'system': None}, Network: None, Subnet: None, Router: None
2025-11-21 21:09:05.391 65814 INFO tempest.lib.common.dynamic_creds [-] Created isolated network resources for: credentials: Credentials: {'domain_id': 'default', 'domain_name': 'Default', 'username': 'tempest-FlavorsV2NegativeTest-647091393-project-member', 'project_domain_id': 'default', 'project_domain_name': 'Default', 'project_id': 'f95b461286a54a30b7b6ba4bb4349a75', 'project_name': 'tempest-FlavorsV2NegativeTest-647091393', 'tenant_id': 'f95b461286a54a30b7b6ba4bb4349a75', 'tenant_name': 'tempest-FlavorsV2NegativeTest-647091393', 'user_domain_id': 'default', 'user_domain_name': 'Default', 'user_id': 'a58de93d1ab64e6b92e1ad94da3def57', 'system': None}, Network: None, Subnet: None, Router: None
2025-11-21 21:09:05.414 65812 INFO tempest.lib.common.rest_client [req-4098a068-c735-4a45-a889-7e4345243147 req-4098a068-c735-4a45-a889-7e4345243147 ] Request (ServersV294TestFqdnHostnames:setUpClass): 201 POST http://10.180.1.21/networking/v2.0/security-groups 0.229s
2025-11-21 21:09:05.473 65814 INFO tempest.lib.common.rest_client [req-b1883481-5230-43a3-898d-081760a2e093 req-b1883481-5230-43a3-898d-081760a2e093 ] Request (FlavorsV2NegativeTest:setUpClass): 201 POST http://10.180.1.21/identity/v3/auth/tokens 0.078s
2025-11-21 21:09:05.596 65826 INFO tempest.lib.common.rest_client [req-dce3a98f-a12d-412f-8ac4-a7d2573ac6cc req-dce3a98f-a12d-412f-8ac4-a7d2573ac6cc ] Request (ServerActionsTestOtherB:setUpClass): 201 POST http://10.180.1.21/networking/v2.0/security-groups 0.256s
2025-11-21 21:09:05.657 65834 INFO tempest.lib.common.rest_client [req-25489488-3a92-4dd6-bd25-bc353c817592 req-25489488-3a92-4dd6-bd25-bc353c817592 ] Request (VolumesAssistedSnapshotsTest:test_volume_assisted_snapshot_create_delete): 200 GET http://10.180.1.21/compute/v2.1/servers/c40be75f-6c54-48fe-89b8-2c233ada411d/os-interface 5.265s
2025-11-21 21:09:05.742 65812 INFO tempest.lib.common.rest_client [req-ec0318df-9a2f-4b81-9018-c3e9e5fc6084 req-ec0318df-9a2f-4b81-9018-c3e9e5fc6084 ] Request (ServersV294TestFqdnHostnames:setUpClass): 201 POST http://10.180.1.21/networking/v2.0/security-group-rules 0.327s
2025-11-21 21:09:05.762 65802 INFO tempest.lib.common.rest_client [req-0577ca0d-42c5-4ff3-82be-b25380a5d050 req-0577ca0d-42c5-4ff3-82be-b25380a5d050 ] Request (ServersAdminNegativeTestJSON:test_migrate_non_existent_server): 404 POST http://10.180.1.21/compute/v2.1/servers/d618f28b-311f-49c7-ade0-fa461e3ef8b4/action 4.973s
2025-11-21 21:09:05.836 65802 INFO tempest.lib.common.rest_client [req-116f261f-6286-4af3-9d92-0eeca6c5b819 req-116f261f-6286-4af3-9d92-0eeca6c5b819 ] Request (ServersAdminNegativeTestJSON:test_migrate_server_invalid_state): 201 POST http://10.180.1.21/identity/v3/auth/tokens 0.068s
2025-11-21 21:09:05.836 65802 INFO tempest.lib.common.fixed_network [-] (ServersAdminNegativeTestJSON:test_migrate_server_invalid_state) Found network None available for tenant
2025-11-21 21:09:06.011 65826 INFO tempest.lib.common.rest_client [req-f4c2a53d-93e0-44ef-99ac-599b6f06e104 req-f4c2a53d-93e0-44ef-99ac-599b6f06e104 ] Request (ServerActionsTestOtherB:setUpClass): 201 POST http://10.180.1.21/networking/v2.0/security-group-rules 0.414s
2025-11-21 21:09:06.368 65812 INFO tempest.lib.common.rest_client [req-4bb2ce96-1513-4443-bb28-d27625389b57 req-4bb2ce96-1513-4443-bb28-d27625389b57 ] Request (ServersV294TestFqdnHostnames:setUpClass): 201 POST http://10.180.1.21/networking/v2.0/security-group-rules 0.626s
2025-11-21 21:09:06.581 65826 INFO tempest.lib.common.rest_client [req-1d05e9d0-903a-4235-a2f0-f7c79e072222 req-1d05e9d0-903a-4235-a2f0-f7c79e072222 ] Request (ServerActionsTestOtherB:setUpClass): 201 POST http://10.180.1.21/networking/v2.0/security-group-rules 0.569s
2025-11-21 21:09:06.609 65834 INFO tempest.lib.common.rest_client [req-c2d31cb5-2450-404f-8b92-e9abe96cf401 req-c2d31cb5-2450-404f-8b92-e9abe96cf401 ] Request (VolumesAssistedSnapshotsTest:test_volume_assisted_snapshot_create_delete): 200 PUT http://10.180.1.21/networking/v2.0/floatingips/eb3c7a7b-15ad-4ff1-a2cb-4c235d7f996f 0.949s
2025-11-21 21:09:06.611 65834 INFO tempest.lib.common.ssh [-] Creating ssh connection to '10.180.180.158:22' as 'cirros' with public key authentication
2025-11-21 21:09:06.935 65804 INFO tempest.lib.common.rest_client [req-c4effff6-f3ab-40d7-83b3-356583be4497 req-c4effff6-f3ab-40d7-83b3-356583be4497 ] Request (FloatingIPsAssociationTestJSON:setUpClass): 200 GET http://10.180.1.21/compute/v2.1/servers/9e599b7f-4b8d-4a27-b10c-d894db93fe12 5.265s
2025-11-21 21:09:06.943 65804 INFO tempest.common.waiters [-] State transition "BUILD/None" ==> "BUILD/spawning" after 13 second wait
2025-11-21 21:09:07.055 65812 INFO tempest.lib.common.rest_client [req-ade35017-fa9d-47da-a0c7-b11d8ffade90 req-ade35017-fa9d-47da-a0c7-b11d8ffade90 ] Request (ServersV294TestFqdnHostnames:setUpClass): 201 POST http://10.180.1.21/networking/v2.0/floatingips 0.686s
2025-11-21 21:09:07.105 65798 INFO tempest.lib.common.rest_client [req-79d3daad-29d7-4d5d-8ce2-e4adada4cb5e req-79d3daad-29d7-4d5d-8ce2-e4adada4cb5e ] Request (FloatingIPsTestJSON:test_delete_floating_ip): 200 POST http://10.180.1.21/compute/v2.1/os-floating-ips 6.826s
2025-11-21 21:09:07.130 65812 INFO tempest.lib.common.rest_client [req-c8d83a0f-ffd8-466b-a885-36720f1e9fea req-c8d83a0f-ffd8-466b-a885-36720f1e9fea ] Request (ServersV294TestFqdnHostnames:setUpClass): 201 POST http://10.180.1.21/identity/v3/auth/tokens 0.072s
2025-11-21 21:09:07.131 65812 INFO tempest.lib.common.fixed_network [-] (ServersV294TestFqdnHostnames:setUpClass) Found network {'id': 'c5582ed9-b8ee-4fb2-ab1c-0cced3113eb9', 'name': 'tempest-ServersV294TestFqdnHostnames-1876294763-network', 'tenant_id': '90e7af1f04804ee09a4e933a1c25490e', 'project_id': '90e7af1f04804ee09a4e933a1c25490e', 'admin_state_up': True, 'mtu': 8950, 'status': 'ACTIVE', 'subnets': [], 'shared': False, 'port_security_enabled': True, 'router:external': False, 'provider:network_type': 'vlan', 'provider:physical_network': 'default', 'provider:segmentation_id': 840, 'availability_zone_hints': [], 'availability_zones': [], 'ipv4_address_scope': None, 'ipv6_address_scope': None, 'description': '', 'tags': [], 'created_at': '2025-11-21T21:08:55Z', 'updated_at': '2025-11-21T21:08:55Z', 'revision_number': 1} available for tenant
2025-11-21 21:09:07.185 65844 INFO tempest.lib.common.rest_client [req-0cf3bf3a-dbfc-40a4-839a-945b62d7f7a6 req-0cf3bf3a-dbfc-40a4-839a-945b62d7f7a6 ] Request (ServerDiskConfigTestJSON:test_rebuild_server_with_auto_disk_config): 200 GET http://10.180.1.21/compute/v2.1/servers/b99cdae4-05e4-449a-a6d4-816cd729dcd8 4.952s
2025-11-21 21:09:07.312 65806 INFO tempest.lib.common.rest_client [req-25e02481-2ca8-45e6-8ac4-4bff6d003601 req-25e02481-2ca8-45e6-8ac4-4bff6d003601 ] Request (ImagesNegativeTestJSON:test_create_image_from_deleted_server): 200 GET http://10.180.1.21/compute/v2.1/servers/e5f0bd39-6d62-4724-ada3-ebd6e56d766c 4.489s
2025-11-21 21:09:07.342 65850 INFO tempest.lib.common.rest_client [req-0bf7d263-c14e-4f15-971d-62ca7445fa57 req-0bf7d263-c14e-4f15-971d-62ca7445fa57 ] Request (AggregatesAdminNegativeTestJSON:test_aggregate_create_with_existent_aggregate_name): 200 POST http://10.180.1.21/compute/v2.1/os-aggregates 3.962s
2025-11-21 21:09:07.351 65832 INFO tempest.lib.common.rest_client [req-80a9b70b-d398-4d56-ba7a-8f1931b36b10 req-80a9b70b-d398-4d56-ba7a-8f1931b36b10 ] Request (ServerExternalEventsTest:test_create_server_external_events): 200 GET http://10.180.1.21/compute/v2.1/servers/452e149b-2ac2-4285-a4f2-af788f622522 4.910s
2025-11-21 21:09:07.360 65832 INFO tempest.common.waiters [-] State transition "BUILD/spawning" ==> "ACTIVE/None" after 38 second wait
2025-11-21 21:09:07.364 65840 INFO tempest.lib.common.rest_client [req-c41785e1-b35c-4800-b5cf-08feffa35d26 req-c41785e1-b35c-4800-b5cf-08feffa35d26 ] Request (KeyPairsV2TestJSON:_run_cleanups): 202 DELETE http://10.180.1.21/compute/v2.1/os-keypairs/tempest-KeyPairsV2TestJSON-keypair-1030449135 3.960s
2025-11-21 21:09:07.373 65826 INFO tempest.lib.common.rest_client [req-0a87e484-ea3c-4243-9d31-09dfbf6e57ff req-0a87e484-ea3c-4243-9d31-09dfbf6e57ff ] Request (ServerActionsTestOtherB:setUpClass): 201 POST http://10.180.1.21/networking/v2.0/floatingips 0.791s
2025-11-21 21:09:07.452 65848 INFO tempest.lib.common.rest_client [req-fa58a1aa-ee1a-421e-8503-e16b4b798cef req-fa58a1aa-ee1a-421e-8503-e16b4b798cef ] Request (TenantUsagesTestJSON:tearDownClass): 200 GET http://10.180.1.21/compute/v2.1/servers/3862be98-bf81-45e4-8373-6c180acd9b26 3.955s
2025-11-21 21:09:07.466 65826 INFO tempest.lib.common.rest_client [req-164bed64-254c-48bd-8b94-734d0c79e356 req-164bed64-254c-48bd-8b94-734d0c79e356 ] Request (ServerActionsTestOtherB:setUpClass): 201 POST http://10.180.1.21/identity/v3/auth/tokens 0.090s
2025-11-21 21:09:07.466 65826 INFO tempest.lib.common.fixed_network [-] (ServerActionsTestOtherB:setUpClass) Found network {'id': 'ebe490e2-db2b-481f-a393-9615440efb0e', 'name': 'tempest-ServerActionsTestOtherB-148159628-network', 'tenant_id': '1ae8bbb2e02e460cb42a7e294ec1a32a', 'project_id': '1ae8bbb2e02e460cb42a7e294ec1a32a', 'admin_state_up': True, 'mtu': 8950, 'status': 'ACTIVE', 'subnets': [], 'shared': False, 'port_security_enabled': True, 'router:external': False, 'provider:network_type': 'vlan', 'provider:physical_network': 'default', 'provider:segmentation_id': 74, 'availability_zone_hints': [], 'availability_zones': [], 'ipv4_address_scope': None, 'ipv6_address_scope': None, 'description': '', 'tags': [], 'created_at': '2025-11-21T21:08:56Z', 'updated_at': '2025-11-21T21:08:56Z', 'revision_number': 1} available for tenant
2025-11-21 21:09:07.522 65840 INFO tempest.lib.common.rest_client [req-29dc609b-d894-4a07-9555-52ea769f237e req-29dc609b-d894-4a07-9555-52ea769f237e ] Request (KeyPairsV2TestJSON:tearDownClass): 204 DELETE http://10.180.1.21/identity/v3/users/1646a0aa3ac3406c8b3bad199b262d2b 0.156s
2025-11-21 21:09:07.523 65840 INFO tempest.lib.common.dynamic_creds [-] Deleting project and security group for project: 6585cb68acc04d288ee60c5023a6d13a
2025-11-21 21:09:07.570 65828 INFO tempest.lib.common.rest_client [req-6988c056-810d-4ff8-8aa6-d449c5b34282 req-6988c056-810d-4ff8-8aa6-d449c5b34282 ] Request (ServersAdminTestJSON:setUpClass): 200 GET http://10.180.1.21/compute/v2.1/servers/c76b8431-70a3-4c93-bb30-e43bf3efd32a 3.934s
2025-11-21 21:09:07.592 65840 INFO tempest.lib.common.rest_client [req-d3b2741d-686b-4eb6-8783-d7e92b9d3a1a req-d3b2741d-686b-4eb6-8783-d7e92b9d3a1a ] Request (KeyPairsV2TestJSON:tearDownClass): 201 POST http://10.180.1.21/identity/v3/auth/tokens 0.069s
2025-11-21 21:09:07.604 65824 INFO tempest.lib.common.rest_client [req-5f285b23-4eb1-4c60-b23e-f7f03dfe4642 req-5f285b23-4eb1-4c60-b23e-f7f03dfe4642 ] Request (MigrationsAdminTest:test_list_migrations_in_flavor_resize_situation): 200 GET http://10.180.1.21/compute/v2.1/servers/32144f21-b222-4038-babc-2b39fa224bd3 3.964s
2025-11-21 21:09:07.652 65828 INFO tempest.lib.common.rest_client [req-61056e77-0712-4019-8c82-fc2567b77f52 req-61056e77-0712-4019-8c82-fc2567b77f52 ] Request (ServersAdminTestJSON:test_create_server_with_scheduling_hint): 201 POST http://10.180.1.21/identity/v3/auth/tokens 0.071s
2025-11-21 21:09:07.653 65828 INFO tempest.lib.common.fixed_network [-] (ServersAdminTestJSON:test_create_server_with_scheduling_hint) Found network {'id': '8bce7af5-7042-47c0-a597-aa42491879bd', 'name': 'tempest-ServersAdminTestJSON-1942774905-network', 'tenant_id': '2058e9fed1db42f483a9a336b65d8352', 'project_id': '2058e9fed1db42f483a9a336b65d8352', 'admin_state_up': True, 'mtu': 8950, 'status': 'ACTIVE', 'subnets': [], 'shared': False, 'port_security_enabled': True, 'router:external': False, 'provider:network_type': 'vlan', 'provider:physical_network': 'default', 'provider:segmentation_id': 386, 'availability_zone_hints': [], 'availability_zones': [], 'ipv4_address_scope': None, 'ipv6_address_scope': None, 'description': '', 'tags': [], 'created_at': '2025-11-21T21:08:04Z', 'updated_at': '2025-11-21T21:08:04Z', 'revision_number': 1} available for tenant
2025-11-21 21:09:07.662 65842 INFO tempest.lib.common.rest_client [req-3d9bdbfd-aedb-4e1d-9197-24bfd9295937 req-3d9bdbfd-aedb-4e1d-9197-24bfd9295937 ] Request (AttachInterfacesTestJSON:test_create_list_show_delete_interfaces_by_fixed_ip): 200 GET http://10.180.1.21/compute/v2.1/servers/03fd48e4-5bdb-4db8-bd51-d2e0b50a0c52 3.993s
2025-11-21 21:09:07.715 65847 INFO tempest.lib.common.rest_client [req-23cc77f0-1a39-4033-9c71-34d01a576dfd req-23cc77f0-1a39-4033-9c71-34d01a576dfd ] Request (ServerActionsV293TestJSON:setUpClass): 201 POST http://10.180.1.21/compute/v2.1/os-keypairs 4.068s
2025-11-21 21:09:07.727 65808 INFO tempest.lib.common.rest_client [req-0ef3ec04-013e-4c9f-9735-e468f32d912b req-0ef3ec04-013e-4c9f-9735-e468f32d912b ] Request (ServerActionsTestOtherA:setUpClass): 200 GET http://10.180.1.21/compute/v2.1/servers/8dafd6bf-a626-4cbc-b889-38b365596009/os-interface 3.840s
2025-11-21 21:09:07.732 65820 INFO tempest.lib.common.rest_client [req-ac9a7b4e-7817-4b81-9fff-84964206e7c8 req-ac9a7b4e-7817-4b81-9fff-84964206e7c8 ] Request (HostsAdminNegativeTestJSON:test_reboot_host_with_non_admin_user): 403 GET http://10.180.1.21/compute/v2.1/os-hosts/devstack/reboot 3.689s
2025-11-21 21:09:07.749 65810 INFO tempest.lib.common.rest_client [req-b7d8e5b3-440c-433e-bbcb-a4da48b2ee00 req-b7d8e5b3-440c-433e-bbcb-a4da48b2ee00 ] Request (FlavorsV2TestJSON:test_list_flavors_filter_by_min_ram): 200 GET http://10.180.1.21/compute/v2.1/flavors/42 3.511s
2025-11-21 21:09:07.826 65847 INFO tempest.lib.common.rest_client [req-6d538770-e2ce-4a7e-bc72-1e1a5140f131 req-6d538770-e2ce-4a7e-bc72-1e1a5140f131 ] Request (ServerActionsV293TestJSON:setUpClass): 201 POST http://10.180.1.21/networking/v2.0/security-groups 0.110s
2025-11-21 21:09:07.828 65840 INFO tempest.lib.common.rest_client [req-24582ea0-8cf6-490e-9257-28f5b868660c req-24582ea0-8cf6-490e-9257-28f5b868660c ] Request (KeyPairsV2TestJSON:tearDownClass): 200 GET http://10.180.1.21/networking/v2.0/security-groups?tenant_id=6585cb68acc04d288ee60c5023a6d13a&name=default 0.235s
2025-11-21 21:09:07.853 65856 INFO tempest.lib.common.rest_client [req-493b4a57-7ff5-4bc1-ba42-5f33822d1a22 req-493b4a57-7ff5-4bc1-ba42-5f33822d1a22 ] Request (InstanceActionsTestJSON:setUpClass): 200 GET http://10.180.1.21/compute/v2.1/servers/a8476e4d-2a93-42f8-8ceb-d7e0da0805cf 3.472s
2025-11-21 21:09:07.879 65800 INFO tempest.lib.common.rest_client [req-d96c7f1a-9b07-4b9a-a707-26c65345b7a5 req-d96c7f1a-9b07-4b9a-a707-26c65345b7a5 ] Request (QuotaClassesAdminTestJSON:test_update_default_quotas): 200 GET http://10.180.1.21/compute/v2.1/os-quota-class-sets/default 3.450s
2025-11-21 21:09:07.949 65847 INFO tempest.lib.common.rest_client [req-ebcc36b5-aaca-4691-871a-ae89b31386f1 req-ebcc36b5-aaca-4691-871a-ae89b31386f1 ] Request (ServerActionsV293TestJSON:setUpClass): 201 POST http://10.180.1.21/networking/v2.0/security-group-rules 0.122s
2025-11-21 21:09:08.017 65830 INFO tempest.lib.common.rest_client [req-c9697fd4-e61a-41cf-bffe-b28b5daa1c8b req-c9697fd4-e61a-41cf-bffe-b28b5daa1c8b ] Request (ImagesMetadataTestJSON:setUp): 200 PUT http://10.180.1.21/compute/v2.1/images/0d91ddab-a5eb-416f-85f1-321783210697/metadata 3.540s
2025-11-21 21:09:08.036 65840 INFO tempest.lib.common.rest_client [req-ed10b22f-72c9-4f84-a477-f14cca696e7f req-ed10b22f-72c9-4f84-a477-f14cca696e7f ] Request (KeyPairsV2TestJSON:tearDownClass): 204 DELETE http://10.180.1.21/networking/v2.0/security-groups/351fc24f-6e87-406b-8107-ae235a900df5 0.207s
2025-11-21 21:09:08.102 65854 WARNING tempest.lib.common.ssh [-] Failed to establish authenticated ssh connection to cirros@10.180.180.236 ([Errno None] Unable to connect to port 22 on 10.180.180.236). Number attempts: 1. Retry after 2 seconds.: paramiko.ssh_exception.NoValidConnectionsError: [Errno None] Unable to connect to port 22 on 10.180.180.236
2025-11-21 21:09:08.125 65816 INFO tempest.lib.common.rest_client [req-4d36bbca-b33c-42de-ad0c-ef020704d306 req-4d36bbca-b33c-42de-ad0c-ef020704d306 ] Request (ServersAdmin275Test:tearDownClass): 204 DELETE http://10.180.1.21/compute/v2.1/servers/1bb2eb73-639c-49ad-96ae-ea5dd36b42d8 3.401s
2025-11-21 21:09:08.133 65840 INFO tempest.lib.common.rest_client [req-0c35897c-c990-411a-88a6-ea0c64df2fd5 req-0c35897c-c990-411a-88a6-ea0c64df2fd5 ] Request (KeyPairsV2TestJSON:tearDownClass): 204 DELETE http://10.180.1.21/identity/v3/projects/6585cb68acc04d288ee60c5023a6d13a 0.096s
2025-11-21 21:09:08.153 65847 INFO tempest.lib.common.rest_client [req-cb1b0fb1-4d79-48f6-a087-69c9063119aa req-cb1b0fb1-4d79-48f6-a087-69c9063119aa ] Request (ServerActionsV293TestJSON:setUpClass): 201 POST http://10.180.1.21/networking/v2.0/security-group-rules 0.203s
2025-11-21 21:09:08.261 65840 INFO tempest.lib.common.rest_client [req-10695a63-5a96-452f-9d52-c99dd6b35d04 req-10695a63-5a96-452f-9d52-c99dd6b35d04 ] Request (SecurityGroupRulesTestJSON:setUpClass): 201 POST http://10.180.1.21/identity/v3/auth/tokens 0.126s
2025-11-21 21:09:08.292 65840 INFO tempest.lib.common.rest_client [req-b1e489fc-0282-402c-b9f8-83642e6d38a9 req-b1e489fc-0282-402c-b9f8-83642e6d38a9 ] Request (SecurityGroupRulesTestJSON:setUpClass): 201 POST http://10.180.1.21/identity/v3/auth/tokens 0.029s
2025-11-21 21:09:08.317 65852 INFO tempest.lib.common.rest_client [req-f64a2f50-c64d-46b8-9031-508ae98cb43e req-f64a2f50-c64d-46b8-9031-508ae98cb43e ] Request (ServerDiagnosticsTest:test_get_server_diagnostics): 200 GET http://10.180.1.21/compute/v2.1/servers/b7887f01-786d-43fc-bdff-1e2f6364bcc3/diagnostics 4.382s
2025-11-21 21:09:08.326 65840 INFO tempest.lib.common.rest_client [req-cecef318-fdd5-4a16-bb2a-e4ebc426ed54 req-cecef318-fdd5-4a16-bb2a-e4ebc426ed54 ] Request (SecurityGroupRulesTestJSON:setUpClass): 200 GET http://10.180.1.21/identity/v3/domains?name=Default 0.034s
2025-11-21 21:09:08.368 65840 INFO tempest.lib.common.rest_client [req-b3361efd-4b71-4d25-b8c5-f2d339e5a970 req-b3361efd-4b71-4d25-b8c5-f2d339e5a970 ] Request (SecurityGroupRulesTestJSON:setUpClass): 201 POST http://10.180.1.21/identity/v3/projects 0.041s
2025-11-21 21:09:08.470 65840 INFO tempest.lib.common.rest_client [req-74dda76e-bb33-4466-9e13-1075ee2d8446 req-74dda76e-bb33-4466-9e13-1075ee2d8446 ] Request (SecurityGroupRulesTestJSON:setUpClass): 201 POST http://10.180.1.21/identity/v3/users 0.101s
2025-11-21 21:09:08.496 65840 INFO tempest.lib.common.rest_client [req-7b728663-632e-4b96-9225-c917e2e357f1 req-7b728663-632e-4b96-9225-c917e2e357f1 ] Request (SecurityGroupRulesTestJSON:setUpClass): 200 GET http://10.180.1.21/identity/v3/roles 0.025s
2025-11-21 21:09:08.522 65808 INFO tempest.lib.common.rest_client [req-6bc1e746-e618-4be7-8fdb-bfffb4ae3c35 req-6bc1e746-e618-4be7-8fdb-bfffb4ae3c35 ] Request (ServerActionsTestOtherA:setUpClass): 200 PUT http://10.180.1.21/networking/v2.0/floatingips/9953a8cb-4cca-4b8a-bf88-9752f886a49f 0.793s
2025-11-21 21:09:08.524 65808 INFO tempest.lib.common.ssh [-] Creating ssh connection to '10.180.180.155:22' as 'cirros' with public key authentication
2025-11-21 21:09:08.527 65840 INFO tempest.lib.common.rest_client [req-dc0ef0cc-38ce-46d0-ab72-ca05c322a2e0 req-dc0ef0cc-38ce-46d0-ab72-ca05c322a2e0 ] Request (SecurityGroupRulesTestJSON:setUpClass): 204 PUT http://10.180.1.21/identity/v3/projects/526c2dded20c459b8470043b10d3d0a3/users/83e5fea9592e4630981032c51184e84c/roles/8018c0a1f853416cbf2c2aa23b774d08 0.031s
2025-11-21 21:09:08.528 65840 INFO tempest.lib.common.dynamic_creds [-] Dynamic test user 83e5fea9592e4630981032c51184e84c is created with scope project and roles: ['member']
2025-11-21 21:09:08.528 65840 INFO tempest.lib.common.dynamic_creds [-] Acquired dynamic creds: credentials: Credentials: {'domain_id': 'default', 'domain_name': 'Default', 'username': 'tempest-SecurityGroupRulesTestJSON-1591817283-project-member', 'project_domain_id': 'default', 'project_domain_name': 'Default', 'project_id': '526c2dded20c459b8470043b10d3d0a3', 'project_name': 'tempest-SecurityGroupRulesTestJSON-1591817283', 'tenant_id': '526c2dded20c459b8470043b10d3d0a3', 'tenant_name': 'tempest-SecurityGroupRulesTestJSON-1591817283', 'user_domain_id': 'default', 'user_domain_name': 'Default', 'user_id': '83e5fea9592e4630981032c51184e84c', 'system': None}, Network: None, Subnet: None, Router: None
2025-11-21 21:09:08.547 65796 INFO tempest.lib.common.rest_client [req-16dd6cf1-a82a-4460-947d-95174b9d478d req-16dd6cf1-a82a-4460-947d-95174b9d478d ] Request (ListServersNegativeTestJSON:setUpClass): 200 GET http://10.180.1.21/compute/v2.1/servers/182797b6-e843-4ef0-84fd-f91fdebcebad 3.388s
2025-11-21 21:09:08.570 65838 INFO tempest.lib.common.rest_client [req-ddb3df29-4cf7-4b6a-97cd-fe503b83b6b1 req-ddb3df29-4cf7-4b6a-97cd-fe503b83b6b1 ] Request (ServerDiagnosticsV248Test:test_get_server_diagnostics): 200 GET http://10.180.1.21/compute/v2.1/servers/1faf5e96-8928-4428-ba62-520ce64f93b4 3.326s
2025-11-21 21:09:08.624 65840 INFO tempest.lib.common.rest_client [req-bdb051aa-ca46-4238-a7c8-ef366f4c657a req-bdb051aa-ca46-4238-a7c8-ef366f4c657a ] Request (SecurityGroupRulesTestJSON:setUpClass): 201 POST http://10.180.1.21/identity/v3/auth/tokens 0.095s
2025-11-21 21:09:08.638 65847 INFO tempest.lib.common.rest_client [req-adc1dc12-32cc-4123-ade7-c6df2e9a7028 req-adc1dc12-32cc-4123-ade7-c6df2e9a7028 ] Request (ServerActionsV293TestJSON:setUpClass): 201 POST http://10.180.1.21/networking/v2.0/floatingips 0.484s
2025-11-21 21:09:08.661 65794 INFO tempest.lib.common.rest_client [req-c8af387d-3706-4f44-988c-5f1eea94df10 req-c8af387d-3706-4f44-988c-5f1eea94df10 ] Request (ListImageFiltersTestJSON:setUpClass): 200 GET http://10.180.1.21/compute/v2.1/servers/9898985c-72bf-484c-a35b-3af1ff034815 3.179s
2025-11-21 21:09:08.730 65814 INFO tempest.lib.common.rest_client [req-531ede4f-a670-4af4-9853-36d0189546e8 req-531ede4f-a670-4af4-9853-36d0189546e8 ] Request (FlavorsV2NegativeTest:test_boot_with_low_ram): 200 GET http://10.180.1.21/compute/v2.1/flavors/42 3.256s
2025-11-21 21:09:08.781 65847 INFO tempest.lib.common.rest_client [req-19fb8687-7a53-4f29-a9c3-948fe4c4436f req-19fb8687-7a53-4f29-a9c3-948fe4c4436f ] Request (ServerActionsV293TestJSON:setUpClass): 201 POST http://10.180.1.21/identity/v3/auth/tokens 0.140s
2025-11-21 21:09:08.782 65847 INFO tempest.lib.common.fixed_network [-] (ServerActionsV293TestJSON:setUpClass) Found network {'id': '12c1b803-c722-4609-a0dc-92cb50f15ec0', 'name': 'tempest-ServerActionsV293TestJSON-2144053954-network', 'tenant_id': '5551f7cff8114e24ace104deabf3dd92', 'project_id': '5551f7cff8114e24ace104deabf3dd92', 'admin_state_up': True, 'mtu': 8950, 'status': 'ACTIVE', 'subnets': [], 'shared': False, 'port_security_enabled': True, 'router:external': False, 'provider:network_type': 'vlan', 'provider:physical_network': 'default', 'provider:segmentation_id': 961, 'availability_zone_hints': [], 'availability_zones': [], 'ipv4_address_scope': None, 'ipv6_address_scope': None, 'description': '', 'tags': [], 'created_at': '2025-11-21T21:09:00Z', 'updated_at': '2025-11-21T21:09:00Z', 'revision_number': 1} available for tenant
2025-11-21 21:09:09.005 65840 INFO tempest.lib.common.rest_client [req-c282fae5-13bd-4dd9-9f01-c7926a6d2b78 req-c282fae5-13bd-4dd9-9f01-c7926a6d2b78 ] Request (SecurityGroupRulesTestJSON:setUpClass): 201 POST http://10.180.1.21/networking/v2.0/networks 0.381s
2025-11-21 21:09:09.134 65814 INFO tempest.lib.common.rest_client [req-c8e8c4e3-2ba4-4d39-a935-208a4a6ccc47 req-c8e8c4e3-2ba4-4d39-a935-208a4a6ccc47 ] Request (FlavorsV2NegativeTest:test_boot_with_low_ram): 201 POST http://10.180.1.21/image/v2/images 0.396s
2025-11-21 21:09:09.279 65840 INFO tempest.lib.common.rest_client [req-0b696a6a-80aa-4d0d-a900-dc67bf192029 req-0b696a6a-80aa-4d0d-a900-dc67bf192029 ] Request (SecurityGroupRulesTestJSON:setUpClass): 201 POST http://10.180.1.21/networking/v2.0/subnets 0.273s
2025-11-21 21:09:09.370 65836 INFO tempest.lib.common.rest_client [req-06d7cc6b-9842-4a53-a0db-936b707658a1 req-06d7cc6b-9842-4a53-a0db-936b707658a1 ] Request (ServersWithSpecificFlavorTestJSON:test_verify_created_server_ephemeral_disk): 200 GET http://10.180.1.21/compute/v2.1/servers/70fd7ee1-4886-48c4-81f8-cc5ff0e5afc7 3.260s
2025-11-21 21:09:09.514 65847 INFO tempest.lib.common.rest_client [req-63302c53-c26f-47f9-8a23-504e29bfbe86 req-63302c53-c26f-47f9-8a23-504e29bfbe86 ] Request (ServerActionsV293TestJSON:setUpClass): 202 POST http://10.180.1.21/volume/v3/volumes 0.731s
2025-11-21 21:09:09.682 65847 INFO tempest.lib.common.rest_client [req-8d64a8d9-c776-4c43-8385-aee866d5473d req-8d64a8d9-c776-4c43-8385-aee866d5473d ] Request (ServerActionsV293TestJSON:setUpClass): 200 GET http://10.180.1.21/volume/v3/volumes/ebcdc14d-e61c-4f8e-a379-3928eeef839a 0.160s
2025-11-21 21:09:09.902 65814 INFO tempest.lib.common.rest_client [req-6c2e3651-e8f4-4920-98e2-052e457b7ebb req-6c2e3651-e8f4-4920-98e2-052e457b7ebb ] Request (FlavorsV2NegativeTest:test_boot_with_low_ram): 204 PUT http://10.180.1.21/image/v2/images/93cdfe91-199d-4821-b22e-ef42f547b3fc/file 0.767s
2025-11-21 21:09:09.936 65814 INFO tempest.lib.common.rest_client [req-706b327d-e1bd-4964-bc56-47b2acd005b8 req-706b327d-e1bd-4964-bc56-47b2acd005b8 ] Request (FlavorsV2NegativeTest:test_boot_with_low_ram): 201 POST http://10.180.1.21/identity/v3/auth/tokens 0.030s
2025-11-21 21:09:09.937 65814 INFO tempest.lib.common.fixed_network [-] (FlavorsV2NegativeTest:test_boot_with_low_ram) Found network None available for tenant
2025-11-21 21:09:10.111 65840 INFO tempest.lib.common.rest_client [req-1ddffacb-858d-4ce6-87fe-86467ea75e60 req-1ddffacb-858d-4ce6-87fe-86467ea75e60 ] Request (SecurityGroupRulesTestJSON:setUpClass): 201 POST http://10.180.1.21/networking/v2.0/routers 0.831s
2025-11-21 21:09:10.145 65818 INFO tempest.lib.common.rest_client [req-fd7f031c-6466-4a19-8f98-559ecb29cbbc req-fd7f031c-6466-4a19-8f98-559ecb29cbbc ] Request (DeleteServersAdminTestJSON:test_delete_server_while_in_error_state): 200 GET http://10.180.1.21/compute/v2.1/servers/a84f0356-073f-4425-95f7-511d07bd9e59 3.937s
2025-11-21 21:09:10.707 65834 WARNING tempest.lib.common.ssh [-] Failed to establish authenticated ssh connection to cirros@10.180.180.158 ([Errno None] Unable to connect to port 22 on 10.180.180.158). Number attempts: 1. Retry after 2 seconds.: paramiko.ssh_exception.NoValidConnectionsError: [Errno None] Unable to connect to port 22 on 10.180.180.158
2025-11-21 21:09:10.725 65847 INFO tempest.lib.common.rest_client [req-01f1ec47-43de-4421-bca9-726fc5df5df6 req-01f1ec47-43de-4421-bca9-726fc5df5df6 ] Request (ServerActionsV293TestJSON:setUpClass): 200 GET http://10.180.1.21/volume/v3/volumes/ebcdc14d-e61c-4f8e-a379-3928eeef839a 0.033s
2025-11-21 21:09:10.902 65802 INFO tempest.lib.common.rest_client [req-eb187c00-9374-4c2a-9492-4f7c6b077dba req-eb187c00-9374-4c2a-9492-4f7c6b077dba ] Request (ServersAdminNegativeTestJSON:test_migrate_server_invalid_state): 202 POST http://10.180.1.21/compute/v2.1/servers 5.065s
2025-11-21 21:09:11.148 65840 INFO tempest.lib.common.rest_client [req-30ae60c3-dcde-4887-a9b1-644fa8878272 req-30ae60c3-dcde-4887-a9b1-644fa8878272 ] Request (SecurityGroupRulesTestJSON:setUpClass): 200 PUT http://10.180.1.21/networking/v2.0/routers/54265449-f786-42ee-b893-e6aa8bb11ec1/add_router_interface 1.036s
2025-11-21 21:09:11.148 65840 INFO tempest.lib.common.dynamic_creds [-] Created isolated network resources for: credentials: Credentials: {'domain_id': 'default', 'domain_name': 'Default', 'username': 'tempest-SecurityGroupRulesTestJSON-1591817283-project-member', 'project_domain_id': 'default', 'project_domain_name': 'Default', 'project_id': '526c2dded20c459b8470043b10d3d0a3', 'project_name': 'tempest-SecurityGroupRulesTestJSON-1591817283', 'tenant_id': '526c2dded20c459b8470043b10d3d0a3', 'tenant_name': 'tempest-SecurityGroupRulesTestJSON-1591817283', 'user_domain_id': 'default', 'user_domain_name': 'Default', 'user_id': '83e5fea9592e4630981032c51184e84c', 'system': None}, Network: {'id': 'cd46f7f5-2c49-491d-b669-faf3847306e9', 'name': 'tempest-SecurityGroupRulesTestJSON-840398314-network', 'tenant_id': '526c2dded20c459b8470043b10d3d0a3', 'project_id': '526c2dded20c459b8470043b10d3d0a3', 'admin_state_up': True, 'mtu': 8950, 'status': 'ACTIVE', 'subnets': [], 'shared': False, 'port_security_enabled': True, 'router:external': False, 'provider:network_type': 'vlan', 'provider:physical_network': 'default', 'provider:segmentation_id': 642, 'availability_zone_hints': [], 'availability_zones': [], 'ipv4_address_scope': None, 'ipv6_address_scope': None, 'description': '', 'tags': [], 'created_at': '2025-11-21T21:09:08Z', 'updated_at': '2025-11-21T21:09:08Z', 'revision_number': 1}, Subnet: {'id': 'da17bf1b-3308-45cf-9f20-94e2ed1e3f47', 'name': 'tempest-SecurityGroupRulesTestJSON-840398314-subnet', 'tenant_id': '526c2dded20c459b8470043b10d3d0a3', 'network_id': 'cd46f7f5-2c49-491d-b669-faf3847306e9', 'ip_version': 4, 'subnetpool_id': None, 'enable_dhcp': True, 'ipv6_ra_mode': None, 'ipv6_address_mode': None, 'gateway_ip': '192.168.128.1', 'cidr': '192.168.128.0/28', 'allocation_pools': [{'start': '192.168.128.2', 'end': '192.168.128.14'}], 'host_routes': [], 'dns_nameservers': [], 'description': '', 'router:external': False, 'service_types': [], 'tags': [], 'created_at': '2025-11-21T21:09:09Z', 'updated_at': '2025-11-21T21:09:09Z', 'revision_number': 0, 'project_id': '526c2dded20c459b8470043b10d3d0a3'}, Router: {'id': '54265449-f786-42ee-b893-e6aa8bb11ec1', 'name': 'tempest-SecurityGroupRulesTestJSON-840398314-router', 'tenant_id': '526c2dded20c459b8470043b10d3d0a3', 'admin_state_up': True, 'status': 'ACTIVE', 'external_gateway_info': {'network_id': '64d119fc-a298-48a7-a483-7136ebe95082', 'external_fixed_ips': [{'subnet_id': '97e32738-0579-4ce6-bf6c-87990ad9f85b', 'ip_address': '10.180.180.234'}], 'enable_snat': True}, 'description': '', 'availability_zones': [], 'distributed': False, 'ha': False, 'availability_zone_hints': [], 'routes': [], 'flavor_id': None, 'tags': [], 'created_at': '2025-11-21T21:09:09Z', 'updated_at': '2025-11-21T21:09:09Z', 'revision_number': 2, 'project_id': '526c2dded20c459b8470043b10d3d0a3'}
2025-11-21 21:09:11.154 65854 WARNING tempest.lib.common.ssh [-] Failed to establish authenticated ssh connection to cirros@10.180.180.236 ([Errno None] Unable to connect to port 22 on 10.180.180.236). Number attempts: 2. Retry after 3 seconds.: paramiko.ssh_exception.NoValidConnectionsError: [Errno None] Unable to connect to port 22 on 10.180.180.236
2025-11-21 21:09:11.275 65840 INFO tempest.lib.common.rest_client [req-c38a4e35-21d2-4f40-a766-a040718fbff4 req-c38a4e35-21d2-4f40-a766-a040718fbff4 ] Request (SecurityGroupRulesTestJSON:setUpClass): 201 POST http://10.180.1.21/identity/v3/auth/tokens 0.121s
2025-11-21 21:09:11.576 65798 INFO tempest.lib.common.rest_client [req-7e117bb5-0dc4-4709-bdd0-aebef63f6462 req-7e117bb5-0dc4-4709-bdd0-aebef63f6462 ] Request (FloatingIPsTestJSON:test_delete_floating_ip): 202 DELETE http://10.180.1.21/compute/v2.1/os-floating-ips/1ddfcd82-3636-438f-85d3-35f3663ea939 4.468s
2025-11-21 21:09:11.594 65850 INFO tempest.lib.common.rest_client [req-18820815-0185-4542-bbe0-0c40967e4e4f req-18820815-0185-4542-bbe0-0c40967e4e4f ] Request (AggregatesAdminNegativeTestJSON:test_aggregate_create_with_existent_aggregate_name): 409 POST http://10.180.1.21/compute/v2.1/os-aggregates 4.246s
2025-11-21 21:09:11.709 65832 INFO tempest.lib.common.rest_client [req-010b25de-77fd-4eb6-9acb-e46492f3ba77 req-010b25de-77fd-4eb6-9acb-e46492f3ba77 ] Request (ServerExternalEventsTest:test_create_server_external_events): 200 POST http://10.180.1.21/compute/v2.1/os-server-external-events 4.348s
2025-11-21 21:09:11.747 65812 INFO tempest.lib.common.rest_client [req-51859a39-6d6a-4a41-8021-b87cda9e93ce req-51859a39-6d6a-4a41-8021-b87cda9e93ce ] Request (ServersV294TestFqdnHostnames:setUpClass): 202 POST http://10.180.1.21/compute/v2.1/servers 4.616s
2025-11-21 21:09:11.772 65847 INFO tempest.lib.common.rest_client [req-48755a2a-7e1e-48b6-8345-899d06d589aa req-48755a2a-7e1e-48b6-8345-899d06d589aa ] Request (ServerActionsV293TestJSON:setUpClass): 200 GET http://10.180.1.21/volume/v3/volumes/ebcdc14d-e61c-4f8e-a379-3928eeef839a 0.035s
2025-11-21 21:09:12.216 65828 INFO tempest.lib.common.rest_client [req-9bf53aec-bcc6-4c7d-bc2c-de380f867d4d req-9bf53aec-bcc6-4c7d-bc2c-de380f867d4d ] Request (ServersAdminTestJSON:test_create_server_with_scheduling_hint): 202 POST http://10.180.1.21/compute/v2.1/servers 4.562s
2025-11-21 21:09:12.223 65826 INFO tempest.lib.common.rest_client [req-46afc5bf-e87d-42a8-8977-e64a99d02d63 req-46afc5bf-e87d-42a8-8977-e64a99d02d63 ] Request (ServerActionsTestOtherB:setUpClass): 202 POST http://10.180.1.21/compute/v2.1/servers 4.755s
2025-11-21 21:09:12.232 65820 INFO tempest.lib.common.rest_client [req-2c6abd01-b78d-499d-a8a3-cb2e8730df33 req-2c6abd01-b78d-499d-a8a3-cb2e8730df33 ] Request (HostsAdminNegativeTestJSON:test_reboot_nonexistent_host): 404 GET http://10.180.1.21/compute/v2.1/os-hosts/nonexistent_hostname/reboot 4.499s
