2025-11-21 21:12:13.029 65824 INFO tempest.lib.common.rest_client [req-f810dc66-56e4-41de-9c02-81f885efeb9d req-f810dc66-56e4-41de-9c02-81f885efeb9d ] Request (MigrationsAdminTest:test_resize_server_revert_deleted_flavor): 200 GET http://10.180.1.21/compute/v2.1/servers/5e010c02-e3f4-4480-8578-1d1f150a9548 0.237s
2025-11-21 21:12:13.065 65854 INFO tempest.lib.common.rest_client [req-5d3ef75e-969c-4ad6-bc46-cacb48a965c1 req-5d3ef75e-969c-4ad6-bc46-cacb48a965c1 ] Request (ServerActionsTestJSON:setUpClass): 200 GET http://10.180.1.21/compute/v2.1/servers/f1d0524c-6d74-4f50-9987-f0af749610f9 0.244s
2025-11-21 21:12:13.115 65836 INFO tempest.lib.common.rest_client [req-f473fdcd-433e-4e49-8fdf-69e20f5518b5 req-f473fdcd-433e-4e49-8fdf-69e20f5518b5 ] Request (ServersWithSpecificFlavorTestJSON:_run_cleanups): 200 GET http://10.180.1.21/compute/v2.1/servers/85d2c6ec-7d5b-4204-8b2e-582632876274 0.253s
2025-11-21 21:12:13.128 65834 INFO tempest.lib.common.rest_client [req-7d9596e7-953b-4bbe-b382-a6fcd9ac1285 req-7d9596e7-953b-4bbe-b382-a6fcd9ac1285 ] Request (ImagesOneServerTestJSON:setUpClass): 200 GET http://10.180.1.21/compute/v2.1/servers/72899b1d-1381-4312-a7f8-e4ee9c11f5d2 0.252s
2025-11-21 21:12:13.165 65856 INFO tempest.lib.common.rest_client [req-9f383ea3-f8a3-430b-a365-493be3236354 req-9f383ea3-f8a3-430b-a365-493be3236354 ] Request (ServerMetadataTestJSON:tearDownClass): 204 DELETE http://10.180.1.21/networking/v2.0/networks/e3c30b57-da96-4c3f-aeb7-f0885c1a77e9 0.312s
2025-11-21 21:12:13.191 65802 INFO tempest.lib.common.rest_client [req-85078be6-753f-4e78-97d3-bc9a80b434ce req-85078be6-753f-4e78-97d3-bc9a80b434ce ] Request (ServerShowV247Test:test_update_rebuild_list_server): 200 GET http://10.180.1.21/compute/v2.1/servers/c5f74824-0b02-47ce-b298-683d8435f32f 0.261s
2025-11-21 21:12:13.206 65842 INFO tempest.lib.common.rest_client [req-3d224239-c1df-4516-be53-4c534375da66 req-3d224239-c1df-4516-be53-4c534375da66 ] Request (AttachInterfacesTestJSON:_run_cleanups): 200 GET http://10.180.1.21/compute/v2.1/servers/03fd48e4-5bdb-4db8-bd51-d2e0b50a0c52 0.268s
2025-11-21 21:12:13.272 65804 INFO tempest.lib.common.rest_client [req-0916b970-0703-440c-9b4e-733f72db0a00 req-0916b970-0703-440c-9b4e-733f72db0a00 ] Request (ServersAaction247Test:test_create_backup): 200 GET http://10.180.1.21/compute/v2.1/servers/2d54b391-0b95-4216-bc74-e2e1159d4c08 0.287s
2025-11-21 21:12:13.283 65806 INFO tempest.lib.common.rest_client [req-f237023b-5bdb-4dae-a71e-b1e1ca15e669 req-f237023b-5bdb-4dae-a71e-b1e1ca15e669 ] Request (ServersTestJSON:tearDownClass): 200 GET http://10.180.1.21/compute/v2.1/servers/04d971f6-b308-475d-a925-ae3b10008611 0.287s
2025-11-21 21:12:13.326 65856 INFO tempest.lib.common.rest_client [req-677d1fcf-402f-4b06-969d-1377f3611a2a req-677d1fcf-402f-4b06-969d-1377f3611a2a ] Request (ServerMetadataTestJSON:tearDownClass): 204 DELETE http://10.180.1.21/identity/v3/users/8867d76cec58448bbd43bca409b5faa3 0.160s
2025-11-21 21:12:13.326 65856 INFO tempest.lib.common.dynamic_creds [-] Deleting project and security group for project: 7b96f04741304f32a8ee5b94e5121442
2025-11-21 21:12:13.362 65856 INFO tempest.lib.common.rest_client [req-5b2581bc-1920-4d46-b5f0-89f7411c40ed req-5b2581bc-1920-4d46-b5f0-89f7411c40ed ] Request (ServerMetadataTestJSON:tearDownClass): 200 GET http://10.180.1.21/networking/v2.0/security-groups?tenant_id=7b96f04741304f32a8ee5b94e5121442&name=default 0.035s
2025-11-21 21:12:13.386 65828 INFO tempest.lib.common.rest_client [req-ec91fc3f-efef-425a-90f3-4967fc7bee5e req-ec91fc3f-efef-425a-90f3-4967fc7bee5e ] Request (ServersAdminTestJSON:tearDownClass): 200 GET http://10.180.1.21/compute/v2.1/servers/59220f12-096e-4f02-bca4-c1e50361d70b 0.246s
2025-11-21 21:12:13.387 65810 INFO tempest.lib.common.rest_client [req-fe69de0b-318d-4280-bbf5-a0e3262d9094 req-fe69de0b-318d-4280-bbf5-a0e3262d9094 ] Request (ServerRescueTestJSON:tearDownClass): 200 GET http://10.180.1.21/compute/v2.1/servers/19ac1a14-f1df-4d65-af0c-5560caa04963 0.343s
2025-11-21 21:12:13.448 65826 INFO tempest.lib.common.rest_client [req-8cc12043-66a8-40cc-87fd-3563ca4ca769 req-8cc12043-66a8-40cc-87fd-3563ca4ca769 ] Request (ServerActionsTestOtherB:test_create_backup): 200 GET http://10.180.1.21/image/v2/images/7c1a9d95-c012-4d77-923a-5ce38e2bf085 0.021s
2025-11-21 21:12:13.450 65798 INFO tempest.lib.common.rest_client [req-842dca6a-cbaa-43f4-84d8-c9248cdbc565 req-842dca6a-cbaa-43f4-84d8-c9248cdbc565 ] Request (ImagesTestJSON:test_create_server_from_snapshot): 200 GET http://10.180.1.21/compute/v2.1/servers/8de2a00b-5a88-4898-8409-d38c9bb7c424 0.205s
2025-11-21 21:12:13.464 65816 INFO tempest.lib.common.rest_client [req-8edf4d10-8980-468f-9072-b6496a725726 req-8edf4d10-8980-468f-9072-b6496a725726 ] Request (ServerGroupTestJSON:test_create_server_with_scheduler_hint_group): 200 GET http://10.180.1.21/compute/v2.1/servers/2427c14e-5096-40f3-ad5a-cfe1d99d4492 0.296s
2025-11-21 21:12:13.485 65856 INFO tempest.lib.common.rest_client [req-e7673e1b-9dac-4cef-80ee-464baebdc37d req-e7673e1b-9dac-4cef-80ee-464baebdc37d ] Request (ServerMetadataTestJSON:tearDownClass): 204 DELETE http://10.180.1.21/networking/v2.0/security-groups/009f0f9f-1656-4f35-b4aa-7349f6e64586 0.122s
2025-11-21 21:12:13.547 65812 INFO tempest.lib.common.rest_client [req-798ccd99-e6c7-4ffa-971f-1ebc6963caa0 req-798ccd99-e6c7-4ffa-971f-1ebc6963caa0 ] Request (ServersV294TestFqdnHostnames:tearDownClass): 200 GET http://10.180.1.21/compute/v2.1/servers/08179b52-ad2f-428e-8069-0b96fdd0a7b3 0.126s
2025-11-21 21:12:13.620 65856 INFO tempest.lib.common.rest_client [req-b1290389-afdd-4c5c-b10b-bec38f6a6da3 req-b1290389-afdd-4c5c-b10b-bec38f6a6da3 ] Request (ServerMetadataTestJSON:tearDownClass): 204 DELETE http://10.180.1.21/identity/v3/projects/7b96f04741304f32a8ee5b94e5121442 0.135s
2025-11-21 21:12:13.630 65844 INFO tempest.lib.common.rest_client [req-5769e044-1505-4023-9db8-39e45668c61c req-5769e044-1505-4023-9db8-39e45668c61c ] Request (ServerDiskConfigTestJSON:test_resize_server_from_auto_to_manual): 200 GET http://10.180.1.21/compute/v2.1/servers/fafd8b97-1515-4525-b4fd-5c1ee5f81db7 0.227s
2025-11-21 21:12:13.648 65794 INFO tempest.lib.common.rest_client [req-967e4642-a301-4852-bb20-9178c0fb560c req-967e4642-a301-4852-bb20-9178c0fb560c ] Request (ListImageFiltersTestJSON:tearDownClass): 200 GET http://10.180.1.21/compute/v2.1/servers/dfea470c-6495-47ea-a02e-5b208ba3259f 0.076s
2025-11-21 21:12:13.684 65856 INFO tempest.lib.common.rest_client [req-18648a5f-c6ee-4fad-b4a9-136bc2a416dd req-18648a5f-c6ee-4fad-b4a9-136bc2a416dd ] Request (ServerShowV257Test:setUpClass): 201 POST http://10.180.1.21/identity/v3/auth/tokens 0.062s
2025-11-21 21:12:13.714 65856 INFO tempest.lib.common.rest_client [req-19e84dac-3a31-4646-83bd-f8f70af12d67 req-19e84dac-3a31-4646-83bd-f8f70af12d67 ] Request (ServerShowV257Test:setUpClass): 201 POST http://10.180.1.21/identity/v3/auth/tokens 0.027s
2025-11-21 21:12:13.728 65822 INFO tempest.lib.common.rest_client [req-6110f15c-30e3-4c03-b81d-ad204f2e2100 req-6110f15c-30e3-4c03-b81d-ad204f2e2100 ] Request (AttachInterfacesV270Test:tearDownClass): 200 GET http://10.180.1.21/compute/v2.1/servers/90c04ec4-9fd4-4fba-a175-7a0ad259aeb1 0.066s
2025-11-21 21:12:13.730 65847 INFO tempest.lib.common.rest_client [req-e44db962-7af2-436f-b803-60e4201a41be req-e44db962-7af2-436f-b803-60e4201a41be ] Request (ServerAddressesNegativeTestJSON:setUpClass): 200 GET http://10.180.1.21/compute/v2.1/servers/b33d6791-dbab-4cc2-8e74-ee3b0e7da556 0.123s
2025-11-21 21:12:13.743 65856 INFO tempest.lib.common.rest_client [req-38759eea-6e7f-4e3e-92ca-774e6fc05b1d req-38759eea-6e7f-4e3e-92ca-774e6fc05b1d ] Request (ServerShowV257Test:setUpClass): 200 GET http://10.180.1.21/identity/v3/domains?name=Default 0.028s
2025-11-21 21:12:13.779 65856 INFO tempest.lib.common.rest_client [req-6fb5c7e8-5195-42a8-81bd-43e69348a231 req-6fb5c7e8-5195-42a8-81bd-43e69348a231 ] Request (ServerShowV257Test:setUpClass): 201 POST http://10.180.1.21/identity/v3/projects 0.036s
2025-11-21 21:12:13.780 65808 INFO tempest.lib.common.rest_client [req-273994f8-0447-4a48-89f5-3b2838346baf req-273994f8-0447-4a48-89f5-3b2838346baf ] Request (ServerActionsTestOtherA:test_rebuild_server_with_volume_attached): 200 GET http://10.180.1.21/compute/v2.1/servers/7674c1e3-6892-460c-8eef-16b7f4243def 0.100s
2025-11-21 21:12:13.796 65832 INFO tempest.lib.common.rest_client [req-bf92d1ad-7da3-4776-959d-18eef57ccb5b req-bf92d1ad-7da3-4776-959d-18eef57ccb5b ] Request (ImagesOneServerNegativeTestJSON:_run_cleanups): 200 GET http://10.180.1.21/compute/v2.1/servers/26272a14-dbee-444f-a0ae-a6f7914415f0 0.068s
2025-11-21 21:12:13.841 65818 INFO tempest.lib.common.rest_client [req-8f10ece8-cad8-42c8-b2e2-3c8a14a23c7c req-8f10ece8-cad8-42c8-b2e2-3c8a14a23c7c ] Request (ServersTestMultiNic:_run_cleanups): 200 GET http://10.180.1.21/compute/v2.1/servers/40a22be6-9627-4d57-a0fe-a5a5876ec125 0.087s
2025-11-21 21:12:13.844 65856 INFO tempest.lib.common.rest_client [req-99494a14-d091-4b45-a389-805a01ce704e req-99494a14-d091-4b45-a389-805a01ce704e ] Request (ServerShowV257Test:setUpClass): 201 POST http://10.180.1.21/identity/v3/users 0.064s
2025-11-21 21:12:13.848 65796 INFO tempest.lib.common.rest_client [req-cb65382c-49e6-40d4-b7a4-fc121e7c39ac req-cb65382c-49e6-40d4-b7a4-fc121e7c39ac ] Request (ServerRescueNegativeTestJSON:setUpClass): 200 GET http://10.180.1.21/compute/v2.1/servers/b1af57b1-e929-446f-9f33-366dec3f269f 0.066s
2025-11-21 21:12:13.867 65856 INFO tempest.lib.common.rest_client [req-4085138a-0b30-4b97-82c2-7f93f2f31d94 req-4085138a-0b30-4b97-82c2-7f93f2f31d94 ] Request (ServerShowV257Test:setUpClass): 200 GET http://10.180.1.21/identity/v3/roles 0.023s
2025-11-21 21:12:13.895 65856 INFO tempest.lib.common.rest_client [req-efb155ba-b872-4b6d-b60d-577c7cf4a9b3 req-efb155ba-b872-4b6d-b60d-577c7cf4a9b3 ] Request (ServerShowV257Test:setUpClass): 204 PUT http://10.180.1.21/identity/v3/projects/77566d55398043598c4404adcf9a6f86/users/f86ce0e90e03468f8fb924e912cef794/roles/8018c0a1f853416cbf2c2aa23b774d08 0.027s
2025-11-21 21:12:13.895 65856 INFO tempest.lib.common.dynamic_creds [-] Dynamic test user f86ce0e90e03468f8fb924e912cef794 is created with scope project and roles: ['member']
2025-11-21 21:12:13.895 65856 INFO tempest.lib.common.dynamic_creds [-] Acquired dynamic creds: credentials: Credentials: {'domain_id': 'default', 'domain_name': 'Default', 'username': 'tempest-ServerShowV257Test-78780192-project-member', 'project_domain_id': 'default', 'project_domain_name': 'Default', 'project_id': '77566d55398043598c4404adcf9a6f86', 'project_name': 'tempest-ServerShowV257Test-78780192', 'tenant_id': '77566d55398043598c4404adcf9a6f86', 'tenant_name': 'tempest-ServerShowV257Test-78780192', 'user_domain_id': 'default', 'user_domain_name': 'Default', 'user_id': 'f86ce0e90e03468f8fb924e912cef794', 'system': None}, Network: None, Subnet: None, Router: None
2025-11-21 21:12:13.896 65856 INFO tempest.lib.common.dynamic_creds [-] Created isolated network resources for: credentials: Credentials: {'domain_id': 'default', 'domain_name': 'Default', 'username': 'tempest-ServerShowV257Test-78780192-project-member', 'project_domain_id': 'default', 'project_domain_name': 'Default', 'project_id': '77566d55398043598c4404adcf9a6f86', 'project_name': 'tempest-ServerShowV257Test-78780192', 'tenant_id': '77566d55398043598c4404adcf9a6f86', 'tenant_name': 'tempest-ServerShowV257Test-78780192', 'user_domain_id': 'default', 'user_domain_name': 'Default', 'user_id': 'f86ce0e90e03468f8fb924e912cef794', 'system': None}, Network: None, Subnet: None, Router: None
2025-11-21 21:12:13.965 65856 INFO tempest.lib.common.rest_client [req-aff00179-5095-470c-8087-448e11245b22 req-aff00179-5095-470c-8087-448e11245b22 ] Request (ServerShowV257Test:setUpClass): 201 POST http://10.180.1.21/identity/v3/auth/tokens 0.067s
2025-11-21 21:12:13.995 65856 INFO tempest.lib.common.rest_client [req-a1ce014a-871a-4fbf-8dab-68ffd2b40de2 req-a1ce014a-871a-4fbf-8dab-68ffd2b40de2 ] Request (ServerShowV257Test:test_rebuild_server): 201 POST http://10.180.1.21/identity/v3/auth/tokens 0.025s
2025-11-21 21:12:13.995 65856 INFO tempest.lib.common.fixed_network [-] (ServerShowV257Test:test_rebuild_server) Found network None available for tenant
2025-11-21 21:12:14.163 65824 INFO tempest.lib.common.rest_client [req-d8641206-7bf0-4089-ba31-1932e8b32bdf req-d8641206-7bf0-4089-ba31-1932e8b32bdf ] Request (MigrationsAdminTest:test_resize_server_revert_deleted_flavor): 200 GET http://10.180.1.21/compute/v2.1/servers/5e010c02-e3f4-4480-8578-1d1f150a9548 0.120s
2025-11-21 21:12:14.188 65856 INFO tempest.lib.common.rest_client [req-d1236e05-fd0c-48c4-96f3-bbe8b3f1d2c1 req-d1236e05-fd0c-48c4-96f3-bbe8b3f1d2c1 ] Request (ServerShowV257Test:test_rebuild_server): 202 POST http://10.180.1.21/compute/v2.1/servers 0.192s
2025-11-21 21:12:14.278 65836 INFO tempest.lib.common.rest_client [req-9fa3ddc7-77d3-469a-8daa-157c1dc0aacb req-9fa3ddc7-77d3-469a-8daa-157c1dc0aacb ] Request (ServersWithSpecificFlavorTestJSON:_run_cleanups): 200 GET http://10.180.1.21/compute/v2.1/servers/85d2c6ec-7d5b-4204-8b2e-582632876274 0.154s
2025-11-21 21:12:14.305 65854 INFO tempest.lib.common.rest_client [req-71aba563-2ac2-40b7-af22-fbfb1212d3f3 req-71aba563-2ac2-40b7-af22-fbfb1212d3f3 ] Request (ServerActionsTestJSON:setUpClass): 200 GET http://10.180.1.21/compute/v2.1/servers/f1d0524c-6d74-4f50-9987-f0af749610f9 0.230s
2025-11-21 21:12:14.348 65834 INFO tempest.lib.common.rest_client [req-8d154e8f-7120-4046-a890-bb4464135a34 req-8d154e8f-7120-4046-a890-bb4464135a34 ] Request (ImagesOneServerTestJSON:setUpClass): 200 GET http://10.180.1.21/compute/v2.1/servers/72899b1d-1381-4312-a7f8-e4ee9c11f5d2 0.206s
2025-11-21 21:12:14.353 65856 INFO tempest.lib.common.rest_client [req-c9317845-d593-4f4e-89bc-efeb64bbc9e1 req-c9317845-d593-4f4e-89bc-efeb64bbc9e1 ] Request (ServerShowV257Test:test_rebuild_server): 200 GET http://10.180.1.21/compute/v2.1/servers/26671d09-5def-4a2f-99c1-d4e002cc8ae6 0.163s
2025-11-21 21:12:14.426 65802 INFO tempest.lib.common.rest_client [req-9136ce9e-3bb9-4eed-892c-c269ff193515 req-9136ce9e-3bb9-4eed-892c-c269ff193515 ] Request (ServerShowV247Test:test_update_rebuild_list_server): 200 GET http://10.180.1.21/compute/v2.1/servers/c5f74824-0b02-47ce-b298-683d8435f32f 0.222s
2025-11-21 21:12:14.430 65842 INFO tempest.lib.common.rest_client [req-9be1e9b7-e36a-42bf-ba31-8786a6279d69 req-9be1e9b7-e36a-42bf-ba31-8786a6279d69 ] Request (AttachInterfacesTestJSON:_run_cleanups): 200 GET http://10.180.1.21/compute/v2.1/servers/03fd48e4-5bdb-4db8-bd51-d2e0b50a0c52 0.213s
2025-11-21 21:12:14.452 65806 INFO tempest.lib.common.rest_client [req-828c3160-f55d-4fc6-b01b-caf80831c3db req-828c3160-f55d-4fc6-b01b-caf80831c3db ] Request (ServersTestJSON:tearDownClass): 404 GET http://10.180.1.21/compute/v2.1/servers/04d971f6-b308-475d-a925-ae3b10008611 0.156s
2025-11-21 21:12:14.471 65826 INFO tempest.lib.common.rest_client [req-32093f60-f9af-4fec-a398-f92895015028 req-32093f60-f9af-4fec-a398-f92895015028 ] Request (ServerActionsTestOtherB:test_create_backup): 200 GET http://10.180.1.21/image/v2/images/7c1a9d95-c012-4d77-923a-5ce38e2bf085 0.021s
2025-11-21 21:12:14.490 65804 INFO tempest.lib.common.rest_client [req-de0bcac5-e8ba-40fc-821c-3ae3333f1fd3 req-de0bcac5-e8ba-40fc-821c-3ae3333f1fd3 ] Request (ServersAaction247Test:test_create_backup): 200 GET http://10.180.1.21/compute/v2.1/servers/2d54b391-0b95-4216-bc74-e2e1159d4c08 0.206s
2025-11-21 21:12:14.517 65828 INFO tempest.lib.common.rest_client [req-24c3b9f4-3ddb-4136-9ade-b0d614467273 req-24c3b9f4-3ddb-4136-9ade-b0d614467273 ] Request (ServersAdminTestJSON:tearDownClass): 200 GET http://10.180.1.21/compute/v2.1/servers/59220f12-096e-4f02-bca4-c1e50361d70b 0.122s
2025-11-21 21:12:14.533 65806 INFO tempest.lib.common.rest_client [req-1015043d-0df5-41dd-b56d-07252413945d req-1015043d-0df5-41dd-b56d-07252413945d ] Request (ServersTestJSON:tearDownClass): 202 DELETE http://10.180.1.21/compute/v2.1/os-keypairs/tempest-keypair-648534816 0.081s
2025-11-21 21:12:14.553 65810 INFO tempest.lib.common.rest_client [req-aeba695b-5bf7-48c0-a40b-82f39b3f8d91 req-aeba695b-5bf7-48c0-a40b-82f39b3f8d91 ] Request (ServerRescueTestJSON:tearDownClass): 200 GET http://10.180.1.21/compute/v2.1/servers/19ac1a14-f1df-4d65-af0c-5560caa04963 0.157s
2025-11-21 21:12:14.591 65798 INFO tempest.lib.common.rest_client [req-b6e136e9-c5e1-4d46-8384-27705f41870d req-b6e136e9-c5e1-4d46-8384-27705f41870d ] Request (ImagesTestJSON:test_create_server_from_snapshot): 200 GET http://10.180.1.21/compute/v2.1/servers/8de2a00b-5a88-4898-8409-d38c9bb7c424 0.133s
2025-11-21 21:12:14.605 65816 INFO tempest.lib.common.rest_client [req-7f9856d6-52c5-4ba2-8c11-3fac3a80fef4 req-7f9856d6-52c5-4ba2-8c11-3fac3a80fef4 ] Request (ServerGroupTestJSON:test_create_server_with_scheduler_hint_group): 200 GET http://10.180.1.21/compute/v2.1/servers/2427c14e-5096-40f3-ad5a-cfe1d99d4492 0.133s
2025-11-21 21:12:14.635 65806 INFO tempest.lib.common.rest_client [req-56512945-b4fe-4898-8244-6f9e01d64a05 req-56512945-b4fe-4898-8244-6f9e01d64a05 ] Request (ServersTestJSON:tearDownClass): 204 DELETE http://10.180.1.21/networking/v2.0/security-groups/69ab1d6c-016d-4f00-959c-09dadd9ddfc8 0.102s
2025-11-21 21:12:14.653 65806 INFO tempest.lib.common.rest_client [req-8d8d75f8-f5d2-4fb2-a3cc-08ef0ca703eb req-8d8d75f8-f5d2-4fb2-a3cc-08ef0ca703eb ] Request (ServersTestJSON:tearDownClass): 404 GET http://10.180.1.21/networking/v2.0/security-groups/69ab1d6c-016d-4f00-959c-09dadd9ddfc8 0.017s
2025-11-21 21:12:14.671 65812 INFO tempest.lib.common.rest_client [req-139078e4-92d3-4bd9-bb2f-481b19253673 req-139078e4-92d3-4bd9-bb2f-481b19253673 ] Request (ServersV294TestFqdnHostnames:tearDownClass): 200 GET http://10.180.1.21/compute/v2.1/servers/08179b52-ad2f-428e-8069-0b96fdd0a7b3 0.111s
2025-11-21 21:12:14.772 65794 INFO tempest.lib.common.rest_client [req-7537bcc4-b56f-47c9-851f-f09f3b4910ae req-7537bcc4-b56f-47c9-851f-f09f3b4910ae ] Request (ListImageFiltersTestJSON:tearDownClass): 200 GET http://10.180.1.21/compute/v2.1/servers/dfea470c-6495-47ea-a02e-5b208ba3259f 0.115s
2025-11-21 21:12:14.803 65844 INFO tempest.lib.common.rest_client [req-18d9fbee-d621-414b-a3c7-9b59f3e6e9e9 req-18d9fbee-d621-414b-a3c7-9b59f3e6e9e9 ] Request (ServerDiskConfigTestJSON:test_resize_server_from_auto_to_manual): 200 GET http://10.180.1.21/compute/v2.1/servers/fafd8b97-1515-4525-b4fd-5c1ee5f81db7 0.163s
2025-11-21 21:12:14.901 65806 INFO tempest.lib.common.rest_client [req-442d70a6-b94c-4bfa-a9fe-718437e8ab7e req-442d70a6-b94c-4bfa-a9fe-718437e8ab7e ] Request (ServersTestJSON:tearDownClass): 204 DELETE http://10.180.1.21/networking/v2.0/floatingips/b967db8a-2c9d-4ce2-a603-8397fe28e51f 0.248s
2025-11-21 21:12:14.912 65822 INFO tempest.lib.common.rest_client [req-36b4e41a-0925-4a58-beaa-98905320c807 req-36b4e41a-0925-4a58-beaa-98905320c807 ] Request (AttachInterfacesV270Test:tearDownClass): 200 GET http://10.180.1.21/compute/v2.1/servers/90c04ec4-9fd4-4fba-a175-7a0ad259aeb1 0.173s
2025-11-21 21:12:14.939 65847 INFO tempest.lib.common.rest_client [req-995fc612-e5e4-419a-b0c1-cc4dadc541ee req-995fc612-e5e4-419a-b0c1-cc4dadc541ee ] Request (ServerAddressesNegativeTestJSON:setUpClass): 200 GET http://10.180.1.21/compute/v2.1/servers/b33d6791-dbab-4cc2-8e74-ee3b0e7da556 0.200s
2025-11-21 21:12:14.974 65808 INFO tempest.lib.common.rest_client [req-c65e5b52-1446-4864-a6c2-00e3df427643 req-c65e5b52-1446-4864-a6c2-00e3df427643 ] Request (ServerActionsTestOtherA:test_rebuild_server_with_volume_attached): 200 GET http://10.180.1.21/compute/v2.1/servers/7674c1e3-6892-460c-8eef-16b7f4243def 0.185s
2025-11-21 21:12:14.992 65832 INFO tempest.lib.common.rest_client [req-76739581-cceb-4a89-8eaf-2e7881454571 req-76739581-cceb-4a89-8eaf-2e7881454571 ] Request (ImagesOneServerNegativeTestJSON:_run_cleanups): 200 GET http://10.180.1.21/compute/v2.1/servers/26272a14-dbee-444f-a0ae-a6f7914415f0 0.187s
2025-11-21 21:12:15.037 65818 INFO tempest.lib.common.rest_client [req-d3ba07cf-f9df-41ad-aa49-fe1419d3e22b req-d3ba07cf-f9df-41ad-aa49-fe1419d3e22b ] Request (ServersTestMultiNic:_run_cleanups): 200 GET http://10.180.1.21/compute/v2.1/servers/40a22be6-9627-4d57-a0fe-a5a5876ec125 0.187s
2025-11-21 21:12:15.051 65796 INFO tempest.lib.common.rest_client [req-7429de89-7c10-4446-a6b0-c793d4c7bf83 req-7429de89-7c10-4446-a6b0-c793d4c7bf83 ] Request (ServerRescueNegativeTestJSON:setUpClass): 200 GET http://10.180.1.21/compute/v2.1/servers/b1af57b1-e929-446f-9f33-366dec3f269f 0.193s
2025-11-21 21:12:15.089 65848 WARNING tempest.lib.common.ssh [-] Failed to establish authenticated ssh connection to cirros@10.180.180.238 ([Errno None] Unable to connect to port 22 on 10.180.180.238). Number attempts: 7. Retry after 8 seconds.: paramiko.ssh_exception.NoValidConnectionsError: [Errno None] Unable to connect to port 22 on 10.180.180.238
2025-11-21 21:12:15.288 65824 INFO tempest.lib.common.rest_client [req-b8bae607-3506-4db7-b9ed-27c1250fcc78 req-b8bae607-3506-4db7-b9ed-27c1250fcc78 ] Request (MigrationsAdminTest:test_resize_server_revert_deleted_flavor): 200 GET http://10.180.1.21/compute/v2.1/servers/5e010c02-e3f4-4480-8578-1d1f150a9548 0.118s
2025-11-21 21:12:15.374 65836 INFO tempest.lib.common.rest_client [req-ceb6bbe9-8ffe-4351-868e-c1e138e09f0e req-ceb6bbe9-8ffe-4351-868e-c1e138e09f0e ] Request (ServersWithSpecificFlavorTestJSON:_run_cleanups): 200 GET http://10.180.1.21/compute/v2.1/servers/85d2c6ec-7d5b-4204-8b2e-582632876274 0.087s
2025-11-21 21:12:15.486 65834 INFO tempest.lib.common.rest_client [req-6f47be8c-5e22-469c-ba08-49053010ff50 req-6f47be8c-5e22-469c-ba08-49053010ff50 ] Request (ImagesOneServerTestJSON:setUpClass): 200 GET http://10.180.1.21/compute/v2.1/servers/72899b1d-1381-4312-a7f8-e4ee9c11f5d2 0.129s
2025-11-21 21:12:15.499 65826 INFO tempest.lib.common.rest_client [req-35604770-324f-40dd-a732-c6e89ab1bd1a req-35604770-324f-40dd-a732-c6e89ab1bd1a ] Request (ServerActionsTestOtherB:test_create_backup): 200 GET http://10.180.1.21/image/v2/images/7c1a9d95-c012-4d77-923a-5ce38e2bf085 0.027s
2025-11-21 21:12:15.523 65854 INFO tempest.lib.common.rest_client [req-8d10370d-76d9-4b34-9a01-01e756ebef19 req-8d10370d-76d9-4b34-9a01-01e756ebef19 ] Request (ServerActionsTestJSON:setUpClass): 200 GET http://10.180.1.21/compute/v2.1/servers/f1d0524c-6d74-4f50-9987-f0af749610f9 0.205s
2025-11-21 21:12:15.530 65826 INFO tempest.lib.common.rest_client [req-cb97a898-46a0-4f83-a731-6c48c43ddb12 req-cb97a898-46a0-4f83-a731-6c48c43ddb12 ] Request (ServerActionsTestOtherB:test_create_backup): 200 GET http://10.180.1.21/image/v2/images/7c1a9d95-c012-4d77-923a-5ce38e2bf085/tasks 0.031s
2025-11-21 21:12:15.578 65856 INFO tempest.lib.common.rest_client [req-946c823b-75c0-4132-ac4d-932377e19249 req-946c823b-75c0-4132-ac4d-932377e19249 ] Request (ServerShowV257Test:test_rebuild_server): 200 GET http://10.180.1.21/compute/v2.1/servers/26671d09-5def-4a2f-99c1-d4e002cc8ae6 0.214s
2025-11-21 21:12:15.604 65802 INFO tempest.lib.common.rest_client [req-7cd4ad6f-d7d0-4eab-9ade-2b4394191c07 req-7cd4ad6f-d7d0-4eab-9ade-2b4394191c07 ] Request (ServerShowV247Test:test_update_rebuild_list_server): 200 GET http://10.180.1.21/compute/v2.1/servers/c5f74824-0b02-47ce-b298-683d8435f32f 0.165s
2025-11-21 21:12:15.653 65842 INFO tempest.lib.common.rest_client [req-671850d1-c05e-42b2-9d0b-da02e66ca4b0 req-671850d1-c05e-42b2-9d0b-da02e66ca4b0 ] Request (AttachInterfacesTestJSON:_run_cleanups): 200 GET http://10.180.1.21/compute/v2.1/servers/03fd48e4-5bdb-4db8-bd51-d2e0b50a0c52 0.213s
2025-11-21 21:12:15.674 65804 INFO tempest.lib.common.rest_client [req-0d4674d8-ae09-4958-9846-03507d68b5f7 req-0d4674d8-ae09-4958-9846-03507d68b5f7 ] Request (ServersAaction247Test:test_create_backup): 200 GET http://10.180.1.21/compute/v2.1/servers/2d54b391-0b95-4216-bc74-e2e1159d4c08 0.172s
2025-11-21 21:12:15.723 65806 INFO tempest.lib.common.rest_client [req-d71866ef-5b7a-40f9-8228-a084a62d45fe req-d71866ef-5b7a-40f9-8228-a084a62d45fe ] Request (ServersTestJSON:tearDownClass): 200 PUT http://10.180.1.21/networking/v2.0/routers/35baff4f-1673-46b2-9d31-8ad212859673/remove_router_interface 0.821s
2025-11-21 21:12:15.724 65828 INFO tempest.lib.common.rest_client [req-560687b7-4c94-458d-93cc-b7c66010d511 req-560687b7-4c94-458d-93cc-b7c66010d511 ] Request (ServersAdminTestJSON:tearDownClass): 200 GET http://10.180.1.21/compute/v2.1/servers/59220f12-096e-4f02-bca4-c1e50361d70b 0.198s
2025-11-21 21:12:15.810 65810 INFO tempest.lib.common.rest_client [req-86b7f871-bee8-4ee9-b1ad-e1ff1ba7fcd7 req-86b7f871-bee8-4ee9-b1ad-e1ff1ba7fcd7 ] Request (ServerRescueTestJSON:tearDownClass): 200 GET http://10.180.1.21/compute/v2.1/servers/19ac1a14-f1df-4d65-af0c-5560caa04963 0.244s
2025-11-21 21:12:15.836 65826 INFO tempest.lib.common.rest_client [req-e14c7294-0e14-4573-8096-1891d59e367c req-e14c7294-0e14-4573-8096-1891d59e367c ] Request (ServerActionsTestOtherB:test_create_backup): 200 GET http://10.180.1.21/compute/v2.1/servers/80654164-7f5b-4f45-ae95-78a9a5039100 0.305s
2025-11-21 21:12:15.865 65798 INFO tempest.lib.common.rest_client [req-cedd905d-20fe-486b-a280-ec445e2be2ed req-cedd905d-20fe-486b-a280-ec445e2be2ed ] Request (ImagesTestJSON:test_create_server_from_snapshot): 200 GET http://10.180.1.21/compute/v2.1/servers/8de2a00b-5a88-4898-8409-d38c9bb7c424 0.263s
2025-11-21 21:12:15.893 65816 INFO tempest.lib.common.rest_client [req-dd5a0466-f3da-406d-a913-2ac8972ace4b req-dd5a0466-f3da-406d-a913-2ac8972ace4b ] Request (ServerGroupTestJSON:test_create_server_with_scheduler_hint_group): 200 GET http://10.180.1.21/compute/v2.1/servers/2427c14e-5096-40f3-ad5a-cfe1d99d4492 0.277s
2025-11-21 21:12:15.935 65812 INFO tempest.lib.common.rest_client [req-d2b00ebd-6058-4b8f-9fc7-62780769adfa req-d2b00ebd-6058-4b8f-9fc7-62780769adfa ] Request (ServersV294TestFqdnHostnames:tearDownClass): 200 GET http://10.180.1.21/compute/v2.1/servers/08179b52-ad2f-428e-8069-0b96fdd0a7b3 0.253s
2025-11-21 21:12:15.962 65794 INFO tempest.lib.common.rest_client [req-50638bc5-995d-4362-8488-4e068b5dddb0 req-50638bc5-995d-4362-8488-4e068b5dddb0 ] Request (ListImageFiltersTestJSON:tearDownClass): 200 GET http://10.180.1.21/compute/v2.1/servers/dfea470c-6495-47ea-a02e-5b208ba3259f 0.182s
2025-11-21 21:12:16.039 65844 INFO tempest.lib.common.rest_client [req-284e39f5-4d9a-4462-8083-d4d59b57449f req-284e39f5-4d9a-4462-8083-d4d59b57449f ] Request (ServerDiskConfigTestJSON:test_resize_server_from_auto_to_manual): 200 GET http://10.180.1.21/compute/v2.1/servers/fafd8b97-1515-4525-b4fd-5c1ee5f81db7 0.228s
2025-11-21 21:12:16.058 65822 INFO tempest.lib.common.rest_client [req-9878cea8-3e99-49da-add0-85a81abf434c req-9878cea8-3e99-49da-add0-85a81abf434c ] Request (AttachInterfacesV270Test:tearDownClass): 200 GET http://10.180.1.21/compute/v2.1/servers/90c04ec4-9fd4-4fba-a175-7a0ad259aeb1 0.127s
2025-11-21 21:12:16.131 65808 INFO tempest.lib.common.rest_client [req-078559b7-a063-46c2-af2f-6204c0494cdd req-078559b7-a063-46c2-af2f-6204c0494cdd ] Request (ServerActionsTestOtherA:test_rebuild_server_with_volume_attached): 200 GET http://10.180.1.21/compute/v2.1/servers/7674c1e3-6892-460c-8eef-16b7f4243def 0.149s
2025-11-21 21:12:16.150 65806 INFO tempest.lib.common.rest_client [req-2ea601da-fcd9-492f-887a-960da8637373 req-2ea601da-fcd9-492f-887a-960da8637373 ] Request (ServersTestJSON:tearDownClass): 204 DELETE http://10.180.1.21/networking/v2.0/routers/35baff4f-1673-46b2-9d31-8ad212859673 0.426s
2025-11-21 21:12:16.155 65847 INFO tempest.lib.common.rest_client [req-ce84af2b-949c-431c-a5a7-04afe58ed1d1 req-ce84af2b-949c-431c-a5a7-04afe58ed1d1 ] Request (ServerAddressesNegativeTestJSON:setUpClass): 200 GET http://10.180.1.21/compute/v2.1/servers/b33d6791-dbab-4cc2-8e74-ee3b0e7da556 0.208s
2025-11-21 21:12:16.192 65832 INFO tempest.lib.common.rest_client [req-ade8de70-ba44-4580-89fa-6f26d994c94c req-ade8de70-ba44-4580-89fa-6f26d994c94c ] Request (ImagesOneServerNegativeTestJSON:_run_cleanups): 200 GET http://10.180.1.21/compute/v2.1/servers/26272a14-dbee-444f-a0ae-a6f7914415f0 0.192s
2025-11-21 21:12:16.210 65818 INFO tempest.lib.common.rest_client [req-34721856-767f-4847-b07b-32b453f28dbb req-34721856-767f-4847-b07b-32b453f28dbb ] Request (ServersTestMultiNic:_run_cleanups): 200 GET http://10.180.1.21/compute/v2.1/servers/40a22be6-9627-4d57-a0fe-a5a5876ec125 0.162s
2025-11-21 21:12:16.242 65796 INFO tempest.lib.common.rest_client [req-362bb3df-9372-48c7-a4c3-e84451fa6ee1 req-362bb3df-9372-48c7-a4c3-e84451fa6ee1 ] Request (ServerRescueNegativeTestJSON:setUpClass): 200 GET http://10.180.1.21/compute/v2.1/servers/b1af57b1-e929-446f-9f33-366dec3f269f 0.182s
2025-11-21 21:12:16.259 65806 INFO tempest.lib.common.rest_client [req-c4e3abb5-1de0-41f4-89db-1465165a3f92 req-c4e3abb5-1de0-41f4-89db-1465165a3f92 ] Request (ServersTestJSON:tearDownClass): 204 DELETE http://10.180.1.21/networking/v2.0/subnets/49d09951-29c5-44ae-87dc-4c2a930d140d 0.108s
2025-11-21 21:12:16.425 65824 INFO tempest.lib.common.rest_client [req-556ccba0-a035-4bd0-b56b-542a82a2e4a0 req-556ccba0-a035-4bd0-b56b-542a82a2e4a0 ] Request (MigrationsAdminTest:test_resize_server_revert_deleted_flavor): 200 GET http://10.180.1.21/compute/v2.1/servers/5e010c02-e3f4-4480-8578-1d1f150a9548 0.129s
2025-11-21 21:12:16.449 65836 INFO tempest.lib.common.rest_client [req-b9c29dbe-324e-426a-bf10-a6cd73a94d5b req-b9c29dbe-324e-426a-bf10-a6cd73a94d5b ] Request (ServersWithSpecificFlavorTestJSON:_run_cleanups): 200 GET http://10.180.1.21/compute/v2.1/servers/85d2c6ec-7d5b-4204-8b2e-582632876274 0.066s
2025-11-21 21:12:16.522 65806 INFO tempest.lib.common.rest_client [req-aa0cd5c0-bb2d-4d90-b658-6d80250a2d2f req-aa0cd5c0-bb2d-4d90-b658-6d80250a2d2f ] Request (ServersTestJSON:tearDownClass): 204 DELETE http://10.180.1.21/networking/v2.0/networks/76730796-18dd-4d47-8e71-27f037bab8dd 0.262s
2025-11-21 21:12:16.558 65834 INFO tempest.lib.common.rest_client [req-b818c979-63ff-44b8-8cae-719f959c5ff5 req-b818c979-63ff-44b8-8cae-719f959c5ff5 ] Request (ImagesOneServerTestJSON:setUpClass): 200 GET http://10.180.1.21/compute/v2.1/servers/72899b1d-1381-4312-a7f8-e4ee9c11f5d2 0.060s
2025-11-21 21:12:16.643 65806 INFO tempest.lib.common.rest_client [req-88eed42e-27c1-46dc-89d6-7352206f90d4 req-88eed42e-27c1-46dc-89d6-7352206f90d4 ] Request (ServersTestJSON:tearDownClass): 204 DELETE http://10.180.1.21/identity/v3/users/3b9c69a1ee5a4b0f9ece625ec84406e5 0.121s
2025-11-21 21:12:16.644 65806 INFO tempest.lib.common.dynamic_creds [-] Deleting project and security group for project: fc6df3a5502c4308a0f1edff3934a166
2025-11-21 21:12:16.647 65856 INFO tempest.lib.common.rest_client [req-5ca6972e-5231-4723-8f20-662e43d98545 req-5ca6972e-5231-4723-8f20-662e43d98545 ] Request (ServerShowV257Test:test_rebuild_server): 200 GET http://10.180.1.21/compute/v2.1/servers/26671d09-5def-4a2f-99c1-d4e002cc8ae6 0.059s
2025-11-21 21:12:16.670 65854 INFO tempest.lib.common.rest_client [req-5025769d-0812-4a1b-b765-3cf84c1cabc0 req-5025769d-0812-4a1b-b765-3cf84c1cabc0 ] Request (ServerActionsTestJSON:setUpClass): 200 GET http://10.180.1.21/compute/v2.1/servers/f1d0524c-6d74-4f50-9987-f0af749610f9 0.137s
2025-11-21 21:12:16.671 65806 INFO tempest.lib.common.rest_client [req-b0620bda-fe27-430e-8e39-91d731bfee56 req-b0620bda-fe27-430e-8e39-91d731bfee56 ] Request (ServersTestJSON:tearDownClass): 200 GET http://10.180.1.21/networking/v2.0/security-groups?tenant_id=fc6df3a5502c4308a0f1edff3934a166&name=default 0.027s
2025-11-21 21:12:16.696 65802 INFO tempest.lib.common.rest_client [req-a62b9b97-4f3b-4e27-9454-d975b3992677 req-a62b9b97-4f3b-4e27-9454-d975b3992677 ] Request (ServerShowV247Test:test_update_rebuild_list_server): 200 GET http://10.180.1.21/compute/v2.1/servers/c5f74824-0b02-47ce-b298-683d8435f32f 0.079s
2025-11-21 21:12:16.722 65842 INFO tempest.lib.common.rest_client [req-47ab515c-2bd1-492a-88ff-ba55bd566d69 req-47ab515c-2bd1-492a-88ff-ba55bd566d69 ] Request (AttachInterfacesTestJSON:_run_cleanups): 200 GET http://10.180.1.21/compute/v2.1/servers/03fd48e4-5bdb-4db8-bd51-d2e0b50a0c52 0.060s
2025-11-21 21:12:16.741 65804 INFO tempest.lib.common.rest_client [req-00c1a251-c74a-4d44-adf4-8aad8502c5b2 req-00c1a251-c74a-4d44-adf4-8aad8502c5b2 ] Request (ServersAaction247Test:test_create_backup): 200 GET http://10.180.1.21/compute/v2.1/servers/2d54b391-0b95-4216-bc74-e2e1159d4c08 0.058s
2025-11-21 21:12:16.748 65806 INFO tempest.lib.common.rest_client [req-c815b968-f944-46da-9d2f-82bcc0da0dec req-c815b968-f944-46da-9d2f-82bcc0da0dec ] Request (ServersTestJSON:tearDownClass): 204 DELETE http://10.180.1.21/networking/v2.0/security-groups/ea61c36f-d349-4cb9-b974-c85ec220fd24 0.076s
2025-11-21 21:12:16.792 65828 INFO tempest.lib.common.rest_client [req-2e3f4898-6450-4831-bb58-90c9d5dd1fb4 req-2e3f4898-6450-4831-bb58-90c9d5dd1fb4 ] Request (ServersAdminTestJSON:tearDownClass): 200 GET http://10.180.1.21/compute/v2.1/servers/59220f12-096e-4f02-bca4-c1e50361d70b 0.056s
2025-11-21 21:12:16.823 65806 INFO tempest.lib.common.rest_client [req-e53ef30d-2461-4aa2-b790-f44dbf1da8e4 req-e53ef30d-2461-4aa2-b790-f44dbf1da8e4 ] Request (ServersTestJSON:tearDownClass): 204 DELETE http://10.180.1.21/identity/v3/projects/fc6df3a5502c4308a0f1edff3934a166 0.074s
2025-11-21 21:12:16.876 65810 INFO tempest.lib.common.rest_client [req-18fd3d73-a7b2-4117-98f1-7551134f5616 req-18fd3d73-a7b2-4117-98f1-7551134f5616 ] Request (ServerRescueTestJSON:tearDownClass): 200 GET http://10.180.1.21/compute/v2.1/servers/19ac1a14-f1df-4d65-af0c-5560caa04963 0.057s
2025-11-21 21:12:16.887 65806 INFO tempest.lib.common.rest_client [req-015db8bc-880d-4c62-a285-38de6efb55fa req-015db8bc-880d-4c62-a285-38de6efb55fa ] Request (MultipleCreateNegativeTestJSON:setUpClass): 201 POST http://10.180.1.21/identity/v3/auth/tokens 0.063s
2025-11-21 21:12:16.917 65806 INFO tempest.lib.common.rest_client [req-6d47dbd5-d391-440b-948c-0b007b719698 req-6d47dbd5-d391-440b-948c-0b007b719698 ] Request (MultipleCreateNegativeTestJSON:setUpClass): 201 POST http://10.180.1.21/identity/v3/auth/tokens 0.027s
2025-11-21 21:12:16.931 65798 INFO tempest.lib.common.rest_client [req-82c5737d-21fe-44aa-b9a5-140b6dfcddf4 req-82c5737d-21fe-44aa-b9a5-140b6dfcddf4 ] Request (ImagesTestJSON:test_create_server_from_snapshot): 200 GET http://10.180.1.21/compute/v2.1/servers/8de2a00b-5a88-4898-8409-d38c9bb7c424 0.052s
2025-11-21 21:12:16.941 65806 INFO tempest.lib.common.rest_client [req-fb4827b6-5545-4c64-a3d4-281f067c163e req-fb4827b6-5545-4c64-a3d4-281f067c163e ] Request (MultipleCreateNegativeTestJSON:setUpClass): 200 GET http://10.180.1.21/identity/v3/domains?name=Default 0.023s
2025-11-21 21:12:16.943 65826 INFO tempest.lib.common.rest_client [req-2f228fd2-1ffc-45f3-9234-22385cbb76f7 req-2f228fd2-1ffc-45f3-9234-22385cbb76f7 ] Request (ServerActionsTestOtherB:test_create_backup): 200 GET http://10.180.1.21/compute/v2.1/servers/80654164-7f5b-4f45-ae95-78a9a5039100 0.098s
2025-11-21 21:12:16.951 65826 INFO tempest.common.waiters [-] State transition "ACTIVE/image_uploading" ==> "ACTIVE/None" after 1 second wait
2025-11-21 21:12:16.979 65806 INFO tempest.lib.common.rest_client [req-6002cf99-38bd-4556-b408-186943b93b45 req-6002cf99-38bd-4556-b408-186943b93b45 ] Request (MultipleCreateNegativeTestJSON:setUpClass): 201 POST http://10.180.1.21/identity/v3/projects 0.038s
2025-11-21 21:12:16.990 65816 INFO tempest.lib.common.rest_client [req-66be5d3c-0f76-4037-b59d-5e53cde31764 req-66be5d3c-0f76-4037-b59d-5e53cde31764 ] Request (ServerGroupTestJSON:test_create_server_with_scheduler_hint_group): 200 GET http://10.180.1.21/compute/v2.1/servers/2427c14e-5096-40f3-ad5a-cfe1d99d4492 0.087s
2025-11-21 21:12:17.029 65812 INFO tempest.lib.common.rest_client [req-5ac42dbe-7e10-4d41-a720-da74513a6dcb req-5ac42dbe-7e10-4d41-a720-da74513a6dcb ] Request (ServersV294TestFqdnHostnames:tearDownClass): 200 GET http://10.180.1.21/compute/v2.1/servers/08179b52-ad2f-428e-8069-0b96fdd0a7b3 0.083s
2025-11-21 21:12:17.049 65806 INFO tempest.lib.common.rest_client [req-bf730605-ae69-43f3-a410-5bc1346b8625 req-bf730605-ae69-43f3-a410-5bc1346b8625 ] Request (MultipleCreateNegativeTestJSON:setUpClass): 201 POST http://10.180.1.21/identity/v3/users 0.068s
2025-11-21 21:12:17.073 65806 INFO tempest.lib.common.rest_client [req-6b35b122-9fda-444f-9d91-0505294f7cc7 req-6b35b122-9fda-444f-9d91-0505294f7cc7 ] Request (MultipleCreateNegativeTestJSON:setUpClass): 200 GET http://10.180.1.21/identity/v3/roles 0.023s
2025-11-21 21:12:17.086 65794 INFO tempest.lib.common.rest_client [req-69b47a9a-031f-4d7b-96a5-f7db673995be req-69b47a9a-031f-4d7b-96a5-f7db673995be ] Request (ListImageFiltersTestJSON:tearDownClass): 200 GET http://10.180.1.21/compute/v2.1/servers/dfea470c-6495-47ea-a02e-5b208ba3259f 0.116s
2025-11-21 21:12:17.097 65806 INFO tempest.lib.common.rest_client [req-b695f0c8-355a-4017-ab97-43a534d2549a req-b695f0c8-355a-4017-ab97-43a534d2549a ] Request (MultipleCreateNegativeTestJSON:setUpClass): 204 PUT http://10.180.1.21/identity/v3/projects/6c4343e362224e91bb343fa666598cca/users/5ec6b5d581a3482294aca543dd88c58a/roles/8018c0a1f853416cbf2c2aa23b774d08 0.024s
2025-11-21 21:12:17.097 65806 INFO tempest.lib.common.dynamic_creds [-] Dynamic test user 5ec6b5d581a3482294aca543dd88c58a is created with scope project and roles: ['member']
2025-11-21 21:12:17.097 65806 INFO tempest.lib.common.dynamic_creds [-] Acquired dynamic creds: credentials: Credentials: {'domain_id': 'default', 'domain_name': 'Default', 'username': 'tempest-MultipleCreateNegativeTestJSON-1938462644-project-member', 'project_domain_id': 'default', 'project_domain_name': 'Default', 'project_id': '6c4343e362224e91bb343fa666598cca', 'project_name': 'tempest-MultipleCreateNegativeTestJSON-1938462644', 'tenant_id': '6c4343e362224e91bb343fa666598cca', 'tenant_name': 'tempest-MultipleCreateNegativeTestJSON-1938462644', 'user_domain_id': 'default', 'user_domain_name': 'Default', 'user_id': '5ec6b5d581a3482294aca543dd88c58a', 'system': None}, Network: None, Subnet: None, Router: None
2025-11-21 21:12:17.098 65806 INFO tempest.lib.common.dynamic_creds [-] Created isolated network resources for: credentials: Credentials: {'domain_id': 'default', 'domain_name': 'Default', 'username': 'tempest-MultipleCreateNegativeTestJSON-1938462644-project-member', 'project_domain_id': 'default', 'project_domain_name': 'Default', 'project_id': '6c4343e362224e91bb343fa666598cca', 'project_name': 'tempest-MultipleCreateNegativeTestJSON-1938462644', 'tenant_id': '6c4343e362224e91bb343fa666598cca', 'tenant_name': 'tempest-MultipleCreateNegativeTestJSON-1938462644', 'user_domain_id': 'default', 'user_domain_name': 'Default', 'user_id': '5ec6b5d581a3482294aca543dd88c58a', 'system': None}, Network: None, Subnet: None, Router: None
2025-11-21 21:12:17.169 65806 INFO tempest.lib.common.rest_client [req-9d8abb6a-4230-483d-9dba-7459a97367fe req-9d8abb6a-4230-483d-9dba-7459a97367fe ] Request (MultipleCreateNegativeTestJSON:setUpClass): 201 POST http://10.180.1.21/identity/v3/auth/tokens 0.069s
2025-11-21 21:12:17.198 65844 INFO tempest.lib.common.rest_client [req-f4db4844-62d2-4ff9-b7b3-56dc12d30535 req-f4db4844-62d2-4ff9-b7b3-56dc12d30535 ] Request (ServerDiskConfigTestJSON:test_resize_server_from_auto_to_manual): 200 GET http://10.180.1.21/compute/v2.1/servers/fafd8b97-1515-4525-b4fd-5c1ee5f81db7 0.148s
2025-11-21 21:12:17.201 65806 INFO tempest.lib.common.rest_client [req-410f6493-5493-49e2-9280-b17947b88fcc req-410f6493-5493-49e2-9280-b17947b88fcc ] Request (MultipleCreateNegativeTestJSON:test_max_count_less_than_min_count): 201 POST http://10.180.1.21/identity/v3/auth/tokens 0.026s
2025-11-21 21:12:17.201 65806 INFO tempest.lib.common.fixed_network [-] (MultipleCreateNegativeTestJSON:test_max_count_less_than_min_count) Found network None available for tenant
2025-11-21 21:12:17.256 65822 INFO tempest.lib.common.rest_client [req-3a9c8314-f1f6-4f9f-8d14-dcb091d76bbb req-3a9c8314-f1f6-4f9f-8d14-dcb091d76bbb ] Request (AttachInterfacesV270Test:tearDownClass): 200 GET http://10.180.1.21/compute/v2.1/servers/90c04ec4-9fd4-4fba-a175-7a0ad259aeb1 0.183s
2025-11-21 21:12:17.317 65808 INFO tempest.lib.common.rest_client [req-1522b182-705d-4ef7-992e-1b23c7f06e3c req-1522b182-705d-4ef7-992e-1b23c7f06e3c ] Request (ServerActionsTestOtherA:test_rebuild_server_with_volume_attached): 200 GET http://10.180.1.21/compute/v2.1/servers/7674c1e3-6892-460c-8eef-16b7f4243def 0.178s
2025-11-21 21:12:17.396 65826 INFO tempest.lib.common.rest_client [req-2cb48b99-d2fb-4cc1-9a3d-bd4c0571aa51 req-2cb48b99-d2fb-4cc1-9a3d-bd4c0571aa51 ] Request (ServerActionsTestOtherB:test_create_backup): 202 POST http://10.180.1.21/compute/v2.1/servers/80654164-7f5b-4f45-ae95-78a9a5039100/action 0.444s
2025-11-21 21:12:17.409 65826 INFO tempest.lib.common.rest_client [req-5e4a794a-95e8-41b3-8528-9a53e262ac72 req-5e4a794a-95e8-41b3-8528-9a53e262ac72 ] Request (ServerActionsTestOtherB:test_create_backup): 200 GET http://10.180.1.21/image/v2/images/6db6f434-352d-4fb3-9618-97303128122a 0.013s
2025-11-21 21:12:17.433 65847 INFO tempest.lib.common.rest_client [req-2e38eb0f-e709-48de-bd49-4286a19a341a req-2e38eb0f-e709-48de-bd49-4286a19a341a ] Request (ServerAddressesNegativeTestJSON:setUpClass): 200 GET http://10.180.1.21/compute/v2.1/servers/b33d6791-dbab-4cc2-8e74-ee3b0e7da556 0.267s
2025-11-21 21:12:17.452 65832 INFO tempest.lib.common.rest_client [req-e59d9afc-a3da-4d17-bc36-0aa4f50a787e req-e59d9afc-a3da-4d17-bc36-0aa4f50a787e ] Request (ImagesOneServerNegativeTestJSON:_run_cleanups): 200 GET http://10.180.1.21/compute/v2.1/servers/26272a14-dbee-444f-a0ae-a6f7914415f0 0.251s
2025-11-21 21:12:17.511 65818 INFO tempest.lib.common.rest_client [req-84d2d480-edd3-45b7-95ef-9ca5ae0c4255 req-84d2d480-edd3-45b7-95ef-9ca5ae0c4255 ] Request (ServersTestMultiNic:_run_cleanups): 200 GET http://10.180.1.21/compute/v2.1/servers/40a22be6-9627-4d57-a0fe-a5a5876ec125 0.292s
2025-11-21 21:12:17.513 65806 INFO tempest.lib.common.rest_client [req-9f9eb1dd-fc04-4c4e-91dd-2d46b1b6144a req-9f9eb1dd-fc04-4c4e-91dd-2d46b1b6144a ] Request (MultipleCreateNegativeTestJSON:test_max_count_less_than_min_count): 400 POST http://10.180.1.21/compute/v2.1/servers 0.311s
2025-11-21 21:12:17.546 65806 INFO tempest.lib.common.rest_client [req-f43977b9-9801-4957-86e2-ac27e42fc405 req-f43977b9-9801-4957-86e2-ac27e42fc405 ] Request (MultipleCreateNegativeTestJSON:test_max_count_less_than_one): 201 POST http://10.180.1.21/identity/v3/auth/tokens 0.028s
2025-11-21 21:12:17.546 65806 INFO tempest.lib.common.fixed_network [-] (MultipleCreateNegativeTestJSON:test_max_count_less_than_one) Found network None available for tenant
2025-11-21 21:12:17.580 65796 INFO tempest.lib.common.rest_client [req-0a61d7ae-7493-40e7-bb3b-016a97770d47 req-0a61d7ae-7493-40e7-bb3b-016a97770d47 ] Request (ServerRescueNegativeTestJSON:setUpClass): 200 GET http://10.180.1.21/compute/v2.1/servers/b1af57b1-e929-446f-9f33-366dec3f269f 0.329s
2025-11-21 21:12:17.632 65824 INFO tempest.lib.common.rest_client [req-85951277-948d-4ca5-a320-c132e3938503 req-85951277-948d-4ca5-a320-c132e3938503 ] Request (MigrationsAdminTest:test_resize_server_revert_deleted_flavor): 200 GET http://10.180.1.21/compute/v2.1/servers/5e010c02-e3f4-4480-8578-1d1f150a9548 0.200s
2025-11-21 21:12:17.636 65806 INFO tempest.lib.common.rest_client [req-209d0b5d-6c26-4f48-8066-668f51885ce0 req-209d0b5d-6c26-4f48-8066-668f51885ce0 ] Request (MultipleCreateNegativeTestJSON:test_max_count_less_than_one): 400 POST http://10.180.1.21/compute/v2.1/servers 0.090s
2025-11-21 21:12:17.638 65836 INFO tempest.lib.common.rest_client [req-e35a8434-e625-4e50-9874-e61c285add57 req-e35a8434-e625-4e50-9874-e61c285add57 ] Request (ServersWithSpecificFlavorTestJSON:_run_cleanups): 200 GET http://10.180.1.21/compute/v2.1/servers/85d2c6ec-7d5b-4204-8b2e-582632876274 0.179s
2025-11-21 21:12:17.666 65806 INFO tempest.lib.common.rest_client [req-26ba013c-4215-48da-8b4b-eb28fd6f0796 req-26ba013c-4215-48da-8b4b-eb28fd6f0796 ] Request (MultipleCreateNegativeTestJSON:test_max_count_non_integer): 201 POST http://10.180.1.21/identity/v3/auth/tokens 0.025s
2025-11-21 21:12:17.666 65806 INFO tempest.lib.common.fixed_network [-] (MultipleCreateNegativeTestJSON:test_max_count_non_integer) Found network None available for tenant
2025-11-21 21:12:17.686 65834 INFO tempest.lib.common.rest_client [req-dfb5355e-ad15-4315-847d-83aa4db1e183 req-dfb5355e-ad15-4315-847d-83aa4db1e183 ] Request (ImagesOneServerTestJSON:setUpClass): 200 GET http://10.180.1.21/compute/v2.1/servers/72899b1d-1381-4312-a7f8-e4ee9c11f5d2 0.120s
2025-11-21 21:12:17.690 65806 INFO tempest.lib.common.rest_client [req-53ca2bd9-0549-4c0c-9c88-3f50b47a150c req-53ca2bd9-0549-4c0c-9c88-3f50b47a150c ] Request (MultipleCreateNegativeTestJSON:test_max_count_non_integer): 400 POST http://10.180.1.21/compute/v2.1/servers 0.023s
2025-11-21 21:12:17.718 65856 INFO tempest.lib.common.rest_client [req-e93936a5-3d2c-447e-ba43-1ae3e6b3b7b3 req-e93936a5-3d2c-447e-ba43-1ae3e6b3b7b3 ] Request (ServerShowV257Test:test_rebuild_server): 200 GET http://10.180.1.21/compute/v2.1/servers/26671d09-5def-4a2f-99c1-d4e002cc8ae6 0.055s
2025-11-21 21:12:17.721 65806 INFO tempest.lib.common.rest_client [req-48e9250a-a757-450e-a0af-2aa8fce5b277 req-48e9250a-a757-450e-a0af-2aa8fce5b277 ] Request (MultipleCreateNegativeTestJSON:test_min_count_less_than_one): 201 POST http://10.180.1.21/identity/v3/auth/tokens 0.026s
2025-11-21 21:12:17.722 65806 INFO tempest.lib.common.fixed_network [-] (MultipleCreateNegativeTestJSON:test_min_count_less_than_one) Found network None available for tenant
2025-11-21 21:12:17.767 65802 INFO tempest.lib.common.rest_client [req-271b3623-ee34-4b7b-ae6f-6ecdba2249de req-271b3623-ee34-4b7b-ae6f-6ecdba2249de ] Request (ServerShowV247Test:test_update_rebuild_list_server): 200 GET http://10.180.1.21/compute/v2.1/servers/c5f74824-0b02-47ce-b298-683d8435f32f 0.057s
2025-11-21 21:12:17.772 65806 INFO tempest.lib.common.rest_client [req-78e9bb21-1a57-463d-aec4-88bf13a5697f req-78e9bb21-1a57-463d-aec4-88bf13a5697f ] Request (MultipleCreateNegativeTestJSON:test_min_count_less_than_one): 400 POST http://10.180.1.21/compute/v2.1/servers 0.050s
2025-11-21 21:12:17.788 65854 INFO tempest.lib.common.rest_client [req-c51b661f-ff5a-4d15-b6b9-cd8f8a8d9c6a req-c51b661f-ff5a-4d15-b6b9-cd8f8a8d9c6a ] Request (ServerActionsTestJSON:setUpClass): 200 GET http://10.180.1.21/compute/v2.1/servers/f1d0524c-6d74-4f50-9987-f0af749610f9 0.109s
2025-11-21 21:12:17.795 65854 INFO tempest.common.waiters [-] State transition "BUILD/spawning" ==> "ACTIVE/None" after 53 second wait
2025-11-21 21:12:17.802 65806 INFO tempest.lib.common.rest_client [req-dcadbfe6-b359-4b71-95c9-3255e58e541b req-dcadbfe6-b359-4b71-95c9-3255e58e541b ] Request (MultipleCreateNegativeTestJSON:test_min_count_non_integer): 201 POST http://10.180.1.21/identity/v3/auth/tokens 0.026s
2025-11-21 21:12:17.802 65806 INFO tempest.lib.common.fixed_network [-] (MultipleCreateNegativeTestJSON:test_min_count_non_integer) Found network None available for tenant
2025-11-21 21:12:17.825 65842 INFO tempest.lib.common.rest_client [req-232ba89b-68c1-413b-b2df-fa9a8503b20a req-232ba89b-68c1-413b-b2df-fa9a8503b20a ] Request (AttachInterfacesTestJSON:_run_cleanups): 200 GET http://10.180.1.21/compute/v2.1/servers/03fd48e4-5bdb-4db8-bd51-d2e0b50a0c52 0.096s
2025-11-21 21:12:17.838 65804 INFO tempest.lib.common.rest_client [req-fbe39170-bb54-45a5-b659-627eb6b8dcd0 req-fbe39170-bb54-45a5-b659-627eb6b8dcd0 ] Request (ServersAaction247Test:test_create_backup): 200 GET http://10.180.1.21/compute/v2.1/servers/2d54b391-0b95-4216-bc74-e2e1159d4c08 0.086s
2025-11-21 21:12:17.886 65854 INFO tempest.lib.common.rest_client [req-3fd494d1-5bca-4fbb-83f0-9627b36ecdba req-3fd494d1-5bca-4fbb-83f0-9627b36ecdba ] Request (ServerActionsTestJSON:setUpClass): 200 GET http://10.180.1.21/compute/v2.1/servers/f1d0524c-6d74-4f50-9987-f0af749610f9/os-interface 0.090s
2025-11-21 21:12:17.894 65806 INFO tempest.lib.common.rest_client [req-f31cb4d8-2390-4a73-98c7-1cb53ff42e83 req-f31cb4d8-2390-4a73-98c7-1cb53ff42e83 ] Request (MultipleCreateNegativeTestJSON:test_min_count_non_integer): 400 POST http://10.180.1.21/compute/v2.1/servers 0.091s
2025-11-21 21:12:17.899 65828 INFO tempest.lib.common.rest_client [req-9f636488-80eb-4614-8fe2-0f249112e7e2 req-9f636488-80eb-4614-8fe2-0f249112e7e2 ] Request (ServersAdminTestJSON:tearDownClass): 200 GET http://10.180.1.21/compute/v2.1/servers/59220f12-096e-4f02-bca4-c1e50361d70b 0.100s
2025-11-21 21:12:17.961 65810 INFO tempest.lib.common.rest_client [req-24d233dd-c5f3-41fe-b809-304e0e58f293 req-24d233dd-c5f3-41fe-b809-304e0e58f293 ] Request (ServerRescueTestJSON:tearDownClass): 200 GET http://10.180.1.21/compute/v2.1/servers/19ac1a14-f1df-4d65-af0c-5560caa04963 0.078s
2025-11-21 21:12:17.994 65798 INFO tempest.lib.common.rest_client [req-5ad1e6db-9085-4512-a3cc-1179aac4e96c req-5ad1e6db-9085-4512-a3cc-1179aac4e96c ] Request (ImagesTestJSON:test_create_server_from_snapshot): 200 GET http://10.180.1.21/compute/v2.1/servers/8de2a00b-5a88-4898-8409-d38c9bb7c424 0.055s
2025-11-21 21:12:17.995 65806 INFO tempest.lib.common.rest_client [req-57155d07-5748-4474-9875-5f5b9e6918ff req-57155d07-5748-4474-9875-5f5b9e6918ff ] Request (MultipleCreateNegativeTestJSON:tearDownClass): 204 DELETE http://10.180.1.21/identity/v3/users/5ec6b5d581a3482294aca543dd88c58a 0.099s
2025-11-21 21:12:17.996 65806 INFO tempest.lib.common.dynamic_creds [-] Deleting project and security group for project: 6c4343e362224e91bb343fa666598cca
2025-11-21 21:12:18.064 65806 INFO tempest.lib.common.rest_client [req-dbd64756-367d-4f98-a88a-0467f6dc3e2e req-dbd64756-367d-4f98-a88a-0467f6dc3e2e ] Request (MultipleCreateNegativeTestJSON:tearDownClass): 201 POST http://10.180.1.21/identity/v3/auth/tokens 0.068s
