2025-11-20 04:47:04.297 66152 INFO tempest.lib.common.dynamic_creds [-] Acquired dynamic creds: credentials: Credentials: {'domain_id': 'default', 'domain_name': 'Default', 'username': 'tempest-ListImagesTestJSON-50563776-project-member', 'project_domain_id': 'default', 'project_domain_name': 'Default', 'project_id': '7c8aa48e3d2c451db94a1c6da2a5f41d', 'project_name': 'tempest-ListImagesTestJSON-50563776', 'tenant_id': '7c8aa48e3d2c451db94a1c6da2a5f41d', 'tenant_name': 'tempest-ListImagesTestJSON-50563776', 'user_domain_id': 'default', 'user_domain_name': 'Default', 'user_id': '9d2878ed7f3a44c9a4f438a2598f4cb8', 'system': None}, Network: None, Subnet: None, Router: None
2025-11-20 04:47:04.297 66152 INFO tempest.lib.common.dynamic_creds [-] Created isolated network resources for: credentials: Credentials: {'domain_id': 'default', 'domain_name': 'Default', 'username': 'tempest-ListImagesTestJSON-50563776-project-member', 'project_domain_id': 'default', 'project_domain_name': 'Default', 'project_id': '7c8aa48e3d2c451db94a1c6da2a5f41d', 'project_name': 'tempest-ListImagesTestJSON-50563776', 'tenant_id': '7c8aa48e3d2c451db94a1c6da2a5f41d', 'tenant_name': 'tempest-ListImagesTestJSON-50563776', 'user_domain_id': 'default', 'user_domain_name': 'Default', 'user_id': '9d2878ed7f3a44c9a4f438a2598f4cb8', 'system': None}, Network: None, Subnet: None, Router: None
2025-11-20 04:47:04.300 66181 INFO tempest.lib.common.rest_client [req-07982053-c8c6-41c5-a01b-b3129dd3b926 req-07982053-c8c6-41c5-a01b-b3129dd3b926 ] Request (HypervisorAdminNegativeUnderV252Test:test_show_servers_with_nonexistent_hypervisor): 404 GET http://10.180.1.21/compute/v2.1/os-hypervisors/ff3a806e-7411-4699-a755-f8867e3e7745/servers 2.107s
2025-11-20 04:47:04.350 66163 INFO tempest.lib.common.rest_client [req-10305725-6dac-4bd4-ade2-6cdcf1649935 req-10305725-6dac-4bd4-ade2-6cdcf1649935 ] Request (AbsoluteLimitsTestJSON:tearDownClass): 204 DELETE http://10.180.1.21/identity/v3/projects/9d821484c51941efaea7e5b608793e3b 0.133s
2025-11-20 04:47:04.418 66171 INFO tempest.lib.common.rest_client [req-bc048d70-bd17-4d25-a104-a7c3fa0a36a7 req-bc048d70-bd17-4d25-a104-a7c3fa0a36a7 ] Request (ImagesTestJSON:setUpClass): 201 POST http://10.180.1.21/identity/v3/users 0.195s
2025-11-20 04:47:04.421 66161 INFO tempest.lib.common.rest_client [req-19a3e239-7893-444d-a65d-fbbce8c58b71 req-19a3e239-7893-444d-a65d-fbbce8c58b71 ] Request (VolumesAssistedSnapshotsTest:test_volume_assisted_snapshot_create_delete): 200 GET http://10.180.1.21/compute/v2.1/servers/deea35f9-8d70-4a1f-b731-a60f5731a540 1.911s
2025-11-20 04:47:04.435 66125 INFO tempest.lib.common.rest_client [req-57fe7607-9920-46b9-9576-0fedcc34d098 req-57fe7607-9920-46b9-9576-0fedcc34d098 ] Request (ServersAdmin275Test:setUpClass): 201 POST http://10.180.1.21/identity/v3/users 0.207s
2025-11-20 04:47:04.441 66123 INFO tempest.lib.common.rest_client [req-d640d860-2a5a-4177-87d6-e4e88ce2f623 req-d640d860-2a5a-4177-87d6-e4e88ce2f623 ] Request (FlavorsAccessNegativeTestJSON:_run_cleanups): 202 DELETE http://10.180.1.21/compute/v2.1/flavors/497115375 1.911s
2025-11-20 04:47:04.467 66131 INFO tempest.lib.common.rest_client [req-c89e551c-8862-485e-995f-929e83ff4fca req-c89e551c-8862-485e-995f-929e83ff4fca ] Request (HypervisorAdminNegativeTestJSON:test_show_hypervisor_with_non_admin_user): 200 GET http://10.180.1.21/compute/v2.1/os-hypervisors 1.931s
2025-11-20 04:47:04.508 66152 INFO tempest.lib.common.rest_client [req-f762c490-7938-4c9c-b394-fdd6922e5d36 req-f762c490-7938-4c9c-b394-fdd6922e5d36 ] Request (ListImagesTestJSON:setUpClass): 201 POST http://10.180.1.21/identity/v3/auth/tokens 0.207s
2025-11-20 04:47:04.520 66181 INFO tempest.lib.common.rest_client [req-1f2fac85-226d-4d7f-85a2-7b1312eac6c4 req-1f2fac85-226d-4d7f-85a2-7b1312eac6c4 ] Request (HypervisorAdminNegativeUnderV252Test:tearDownClass): 204 DELETE http://10.180.1.21/identity/v3/users/1c7889dd66b34b9b832ceb2af7dd9ca1 0.218s
2025-11-20 04:47:04.582 66163 INFO tempest.lib.common.rest_client [req-a157886b-f127-4efc-a82a-288c1e5ad9e9 req-a157886b-f127-4efc-a82a-288c1e5ad9e9 ] Request (ListServerFiltersTestJSON:setUpClass): 201 POST http://10.180.1.21/identity/v3/auth/tokens 0.231s
2025-11-20 04:47:04.583 66171 INFO tempest.lib.common.rest_client [req-48e09ade-5918-4f11-bad8-9a36d95acf56 req-48e09ade-5918-4f11-bad8-9a36d95acf56 ] Request (ImagesTestJSON:setUpClass): 200 GET http://10.180.1.21/identity/v3/roles 0.164s
2025-11-20 04:47:04.607 66125 INFO tempest.lib.common.rest_client [req-b40da5c1-c425-414f-af12-4c92d3a59f57 req-b40da5c1-c425-414f-af12-4c92d3a59f57 ] Request (ServersAdmin275Test:setUpClass): 200 GET http://10.180.1.21/identity/v3/roles 0.172s
2025-11-20 04:47:04.640 66171 INFO tempest.lib.common.rest_client [req-2d9edc89-323e-468b-8947-738dcf4c098e req-2d9edc89-323e-468b-8947-738dcf4c098e ] Request (ImagesTestJSON:setUpClass): 204 PUT http://10.180.1.21/identity/v3/projects/94ca54edb2fe4c03bf3aa64458f06453/users/f887b629c8864eb7a204ad8172ca0650/roles/52c90d7c10f54cdba9a28c940f29123a 0.056s
2025-11-20 04:47:04.640 66171 INFO tempest.lib.common.dynamic_creds [-] Dynamic test user f887b629c8864eb7a204ad8172ca0650 is created with scope project and roles: ['member']
2025-11-20 04:47:04.641 66171 INFO tempest.lib.common.dynamic_creds [-] Acquired dynamic creds: credentials: Credentials: {'domain_id': 'default', 'domain_name': 'Default', 'username': 'tempest-ImagesTestJSON-1256239797-project-member', 'project_domain_id': 'default', 'project_domain_name': 'Default', 'project_id': '94ca54edb2fe4c03bf3aa64458f06453', 'project_name': 'tempest-ImagesTestJSON-1256239797', 'tenant_id': '94ca54edb2fe4c03bf3aa64458f06453', 'tenant_name': 'tempest-ImagesTestJSON-1256239797', 'user_domain_id': 'default', 'user_domain_name': 'Default', 'user_id': 'f887b629c8864eb7a204ad8172ca0650', 'system': None}, Network: None, Subnet: None, Router: None
2025-11-20 04:47:04.652 66181 INFO tempest.lib.common.rest_client [req-d70cfe16-7abe-4258-b1c3-f5f4520ed3a8 req-d70cfe16-7abe-4258-b1c3-f5f4520ed3a8 ] Request (HypervisorAdminNegativeUnderV252Test:tearDownClass): 204 DELETE http://10.180.1.21/identity/v3/users/c91b0f2efa3f49538d94cc22a82190c4 0.132s
2025-11-20 04:47:04.653 66181 INFO tempest.lib.common.dynamic_creds [-] Deleting project and security group for project: c11e939a187740adb69b7a530dc273f9
2025-11-20 04:47:04.686 66149 INFO tempest.lib.common.rest_client [req-90bbe4f7-28b0-4356-b399-8238d392cd6f req-90bbe4f7-28b0-4356-b399-8238d392cd6f ] Request (MigrationsAdminTest:test_list_migrations_in_flavor_resize_situation): 200 GET http://10.180.1.21/compute/v2.1/servers/490f16d8-a261-4dc6-945e-10df56459d33 2.134s
2025-11-20 04:47:04.700 66163 INFO tempest.lib.common.rest_client [req-53356ab7-ddcf-4e56-8c90-f2cc8d1cb5e1 req-53356ab7-ddcf-4e56-8c90-f2cc8d1cb5e1 ] Request (ListServerFiltersTestJSON:setUpClass): 201 POST http://10.180.1.21/identity/v3/auth/tokens 0.114s
2025-11-20 04:47:04.701 66149 INFO tempest.common.waiters [-] State transition "BUILD/block_device_mapping" ==> "BUILD/spawning" after 6 second wait
2025-11-20 04:47:04.737 66125 INFO tempest.lib.common.rest_client [req-7250084b-1ee5-4d55-a1c4-dd2e8b92a8c3 req-7250084b-1ee5-4d55-a1c4-dd2e8b92a8c3 ] Request (ServersAdmin275Test:setUpClass): 204 PUT http://10.180.1.21/identity/v3/projects/dd294eaaaad44cf383b0fab324b8f159/users/32e00e421ccf4c63922e8e47742c3d0c/roles/52c90d7c10f54cdba9a28c940f29123a 0.128s
2025-11-20 04:47:04.737 66125 INFO tempest.lib.common.dynamic_creds [-] Dynamic test user 32e00e421ccf4c63922e8e47742c3d0c is created with scope project and roles: ['member']
2025-11-20 04:47:04.738 66125 INFO tempest.lib.common.dynamic_creds [-] Acquired dynamic creds: credentials: Credentials: {'domain_id': 'default', 'domain_name': 'Default', 'username': 'tempest-ServersAdmin275Test-1365699128-project-member', 'project_domain_id': 'default', 'project_domain_name': 'Default', 'project_id': 'dd294eaaaad44cf383b0fab324b8f159', 'project_name': 'tempest-ServersAdmin275Test-1365699128', 'tenant_id': 'dd294eaaaad44cf383b0fab324b8f159', 'tenant_name': 'tempest-ServersAdmin275Test-1365699128', 'user_domain_id': 'default', 'user_domain_name': 'Default', 'user_id': '32e00e421ccf4c63922e8e47742c3d0c', 'system': None}, Network: None, Subnet: None, Router: None
2025-11-20 04:47:04.738 66125 INFO tempest.lib.common.dynamic_creds [-] Created isolated network resources for: credentials: Credentials: {'domain_id': 'default', 'domain_name': 'Default', 'username': 'tempest-ServersAdmin275Test-1365699128-project-member', 'project_domain_id': 'default', 'project_domain_name': 'Default', 'project_id': 'dd294eaaaad44cf383b0fab324b8f159', 'project_name': 'tempest-ServersAdmin275Test-1365699128', 'tenant_id': 'dd294eaaaad44cf383b0fab324b8f159', 'tenant_name': 'tempest-ServersAdmin275Test-1365699128', 'user_domain_id': 'default', 'user_domain_name': 'Default', 'user_id': '32e00e421ccf4c63922e8e47742c3d0c', 'system': None}, Network: None, Subnet: None, Router: None
2025-11-20 04:47:04.799 66171 INFO tempest.lib.common.rest_client [req-2426b9ff-0b47-4672-8fc7-89743c1dc813 req-2426b9ff-0b47-4672-8fc7-89743c1dc813 ] Request (ImagesTestJSON:setUpClass): 201 POST http://10.180.1.21/identity/v3/auth/tokens 0.158s
2025-11-20 04:47:04.805 66181 INFO tempest.lib.common.rest_client [req-06179714-b599-4f40-a5bc-bfec64fa8505 req-06179714-b599-4f40-a5bc-bfec64fa8505 ] Request (HypervisorAdminNegativeUnderV252Test:tearDownClass): 201 POST http://10.180.1.21/identity/v3/auth/tokens 0.152s
2025-11-20 04:47:04.821 66163 INFO tempest.lib.common.rest_client [req-3c700bdf-ca92-496e-bafc-4c11ab866cac req-3c700bdf-ca92-496e-bafc-4c11ab866cac ] Request (ListServerFiltersTestJSON:setUpClass): 200 GET http://10.180.1.21/identity/v3/domains?name=Default 0.121s
2025-11-20 04:47:04.853 66163 INFO tempest.lib.common.rest_client [req-54c30ce1-6dee-4809-9636-618a95b3da6d req-54c30ce1-6dee-4809-9636-618a95b3da6d ] Request (ListServerFiltersTestJSON:setUpClass): 201 POST http://10.180.1.21/identity/v3/projects 0.031s
2025-11-20 04:47:04.879 66125 INFO tempest.lib.common.rest_client [req-cc0ba029-c571-4454-9c9f-bef9a88234e6 req-cc0ba029-c571-4454-9c9f-bef9a88234e6 ] Request (ServersAdmin275Test:setUpClass): 201 POST http://10.180.1.21/identity/v3/auth/tokens 0.136s
2025-11-20 04:47:04.912 66163 INFO tempest.lib.common.rest_client [req-a79c9184-b9d0-4ea7-b557-903e63111bcd req-a79c9184-b9d0-4ea7-b557-903e63111bcd ] Request (ListServerFiltersTestJSON:setUpClass): 201 POST http://10.180.1.21/identity/v3/users 0.058s
2025-11-20 04:47:04.933 66163 INFO tempest.lib.common.rest_client [req-7d41b7ba-abec-45dd-846e-460937c68cb0 req-7d41b7ba-abec-45dd-846e-460937c68cb0 ] Request (ListServerFiltersTestJSON:setUpClass): 200 GET http://10.180.1.21/identity/v3/roles 0.021s
2025-11-20 04:47:04.937 66125 INFO tempest.lib.common.rest_client [req-39561436-bffb-46ab-9919-3aaae658d4bf req-39561436-bffb-46ab-9919-3aaae658d4bf ] Request (ServersAdmin275Test:setUpClass): 201 POST http://10.180.1.21/identity/v3/projects 0.057s
2025-11-20 04:47:05.003 66163 INFO tempest.lib.common.rest_client [req-f8fc78a1-0aa8-437d-852e-8739adcf57bd req-f8fc78a1-0aa8-437d-852e-8739adcf57bd ] Request (ListServerFiltersTestJSON:setUpClass): 204 PUT http://10.180.1.21/identity/v3/projects/0f29c5ac3b9646a9a6580e90b76d948b/users/8e50812fa896436ea23356fbdbebd374/roles/52c90d7c10f54cdba9a28c940f29123a 0.069s
2025-11-20 04:47:05.003 66163 INFO tempest.lib.common.dynamic_creds [-] Dynamic test user 8e50812fa896436ea23356fbdbebd374 is created with scope project and roles: ['member']
2025-11-20 04:47:05.003 66163 INFO tempest.lib.common.dynamic_creds [-] Acquired dynamic creds: credentials: Credentials: {'domain_id': 'default', 'domain_name': 'Default', 'username': 'tempest-ListServerFiltersTestJSON-1575712136-project-member', 'project_domain_id': 'default', 'project_domain_name': 'Default', 'project_id': '0f29c5ac3b9646a9a6580e90b76d948b', 'project_name': 'tempest-ListServerFiltersTestJSON-1575712136', 'tenant_id': '0f29c5ac3b9646a9a6580e90b76d948b', 'tenant_name': 'tempest-ListServerFiltersTestJSON-1575712136', 'user_domain_id': 'default', 'user_domain_name': 'Default', 'user_id': '8e50812fa896436ea23356fbdbebd374', 'system': None}, Network: None, Subnet: None, Router: None
2025-11-20 04:47:05.027 66165 INFO tempest.lib.common.rest_client [req-9465fccb-f5d8-44c0-bf8c-03ecd08ff0ec req-9465fccb-f5d8-44c0-bf8c-03ecd08ff0ec ] Request (AttachInterfacesTestJSON:setUpClass): 201 POST http://10.180.1.21/networking/v2.0/routers 0.930s
2025-11-20 04:47:05.054 66163 INFO tempest.lib.common.rest_client [req-068723b4-2bcc-4029-bacf-7675721c1716 req-068723b4-2bcc-4029-bacf-7675721c1716 ] Request (ListServerFiltersTestJSON:setUpClass): 201 POST http://10.180.1.21/identity/v3/auth/tokens 0.050s
2025-11-20 04:47:05.059 66125 INFO tempest.lib.common.rest_client [req-c64ba01c-8a03-4f2e-9bb3-b741a9ee0339 req-c64ba01c-8a03-4f2e-9bb3-b741a9ee0339 ] Request (ServersAdmin275Test:setUpClass): 201 POST http://10.180.1.21/identity/v3/users 0.121s
2025-11-20 04:47:05.123 66125 INFO tempest.lib.common.rest_client [req-904350cf-a59e-407e-8b42-82ad63e9c22b req-904350cf-a59e-407e-8b42-82ad63e9c22b ] Request (ServersAdmin275Test:setUpClass): 200 GET http://10.180.1.21/identity/v3/roles 0.064s
2025-11-20 04:47:05.158 66125 INFO tempest.lib.common.rest_client [req-a75dac4d-e8b1-4277-9ff2-974bac5bfa19 req-a75dac4d-e8b1-4277-9ff2-974bac5bfa19 ] Request (ServersAdmin275Test:setUpClass): 204 PUT http://10.180.1.21/identity/v3/projects/bf4141718aae4807b5b26b47b2fd7781/users/7b4b784a7b1543779a5828de154032e0/roles/1c555d232da34731a9cc17ddc66fb162 0.032s
2025-11-20 04:47:05.221 66125 INFO tempest.lib.common.rest_client [req-7e209e0f-22a4-4557-987e-765a5e83e855 req-7e209e0f-22a4-4557-987e-765a5e83e855 ] Request (ServersAdmin275Test:setUpClass): 200 GET http://10.180.1.21/identity/v3/roles 0.063s
2025-11-20 04:47:05.230 66181 INFO tempest.lib.common.rest_client [req-6c651b90-2e5d-407e-8024-d39b6630301f req-6c651b90-2e5d-407e-8024-d39b6630301f ] Request (HypervisorAdminNegativeUnderV252Test:tearDownClass): 200 GET http://10.180.1.21/networking/v2.0/security-groups?tenant_id=c11e939a187740adb69b7a530dc273f9&name=default 0.424s
2025-11-20 04:47:05.242 66125 INFO tempest.lib.common.rest_client [req-f9803404-7520-4bbe-bf77-ec635a93ce87 req-f9803404-7520-4bbe-bf77-ec635a93ce87 ] Request (ServersAdmin275Test:setUpClass): 204 PUT http://10.180.1.21/identity/v3/projects/bf4141718aae4807b5b26b47b2fd7781/users/7b4b784a7b1543779a5828de154032e0/roles/1c555d232da34731a9cc17ddc66fb162 0.021s
2025-11-20 04:47:05.242 66125 INFO tempest.lib.common.dynamic_creds [-] Dynamic test user 7b4b784a7b1543779a5828de154032e0 is created with scope project and roles: ['admin']
2025-11-20 04:47:05.242 66125 INFO tempest.lib.common.dynamic_creds [-] Acquired dynamic creds: credentials: Credentials: {'domain_id': 'default', 'domain_name': 'Default', 'username': 'tempest-ServersAdmin275Test-1224840359-project-admin', 'project_domain_id': 'default', 'project_domain_name': 'Default', 'project_id': 'bf4141718aae4807b5b26b47b2fd7781', 'project_name': 'tempest-ServersAdmin275Test-1224840359', 'tenant_id': 'bf4141718aae4807b5b26b47b2fd7781', 'tenant_name': 'tempest-ServersAdmin275Test-1224840359', 'user_domain_id': 'default', 'user_domain_name': 'Default', 'user_id': '7b4b784a7b1543779a5828de154032e0', 'system': None}, Network: None, Subnet: None, Router: None
2025-11-20 04:47:05.243 66125 INFO tempest.lib.common.dynamic_creds [-] Created isolated network resources for: credentials: Credentials: {'domain_id': 'default', 'domain_name': 'Default', 'username': 'tempest-ServersAdmin275Test-1224840359-project-admin', 'project_domain_id': 'default', 'project_domain_name': 'Default', 'project_id': 'bf4141718aae4807b5b26b47b2fd7781', 'project_name': 'tempest-ServersAdmin275Test-1224840359', 'tenant_id': 'bf4141718aae4807b5b26b47b2fd7781', 'tenant_name': 'tempest-ServersAdmin275Test-1224840359', 'user_domain_id': 'default', 'user_domain_name': 'Default', 'user_id': '7b4b784a7b1543779a5828de154032e0', 'system': None}, Network: None, Subnet: None, Router: None
2025-11-20 04:47:05.257 66171 INFO tempest.lib.common.rest_client [req-03a11fd7-2d31-4442-9f34-d71e8f6cb41f req-03a11fd7-2d31-4442-9f34-d71e8f6cb41f ] Request (ImagesTestJSON:setUpClass): 201 POST http://10.180.1.21/networking/v2.0/networks 0.457s
2025-11-20 04:47:05.269 66141 INFO tempest.lib.common.rest_client [req-0fd1fe68-3eee-46ae-ae34-b08c7c743e7b req-0fd1fe68-3eee-46ae-ae34-b08c7c743e7b ] Request (DeleteServersAdminTestJSON:test_admin_delete_servers_of_others): 200 GET http://10.180.1.21/compute/v2.1/servers/ff215daa-59ef-433f-b4ef-a9ee3e81abdd 2.530s
2025-11-20 04:47:05.312 66121 INFO tempest.lib.common.rest_client [req-b462d4c0-f70b-4171-8ebf-3ca83cb464cc req-b462d4c0-f70b-4171-8ebf-3ca83cb464cc ] Request (FlavorsV255TestJSON:_run_cleanups): 200 GET http://10.180.1.21/compute/v2.1/flavors/detail 2.548s
2025-11-20 04:47:05.335 66153 INFO tempest.lib.common.rest_client [req-d48dceb3-9ba6-4ee4-bbfd-144e18bf72bf req-d48dceb3-9ba6-4ee4-bbfd-144e18bf72bf ] Request (KeyPairsV210TestJSON:_run_cleanups): 204 DELETE http://10.180.1.21/compute/v2.1/os-keypairs/tempest-keypair-2086806245?user_id=ef71ffcbfb1b4bd6b3735e5c504c40e6 2.550s
2025-11-20 04:47:05.345 66125 INFO tempest.lib.common.rest_client [req-15024734-54b6-4ef7-9ee6-49980197452d req-15024734-54b6-4ef7-9ee6-49980197452d ] Request (ServersAdmin275Test:setUpClass): 201 POST http://10.180.1.21/identity/v3/auth/tokens 0.098s
2025-11-20 04:47:05.471 66121 INFO tempest.lib.common.rest_client [req-cffe6aef-9ae1-475d-a00f-b1752fd3e1bb req-cffe6aef-9ae1-475d-a00f-b1752fd3e1bb ] Request (FlavorsV255TestJSON:tearDownClass): 204 DELETE http://10.180.1.21/identity/v3/users/3a888981edf1465d85dc4af603c8ba8d 0.148s
2025-11-20 04:47:05.497 66125 INFO tempest.lib.common.rest_client [req-f6c262ce-4068-4d2b-90ac-702920368d2f req-f6c262ce-4068-4d2b-90ac-702920368d2f ] Request (ServersAdmin275Test:test_rebuild_update_server_275): 201 POST http://10.180.1.21/identity/v3/auth/tokens 0.145s
2025-11-20 04:47:05.497 66125 INFO tempest.lib.common.fixed_network [-] (ServersAdmin275Test:test_rebuild_update_server_275) Found network None available for tenant
2025-11-20 04:47:05.631 66121 INFO tempest.lib.common.rest_client [req-6bb3969e-c106-419a-af1b-f7e5f8f8d7b9 req-6bb3969e-c106-419a-af1b-f7e5f8f8d7b9 ] Request (FlavorsV255TestJSON:tearDownClass): 204 DELETE http://10.180.1.21/identity/v3/users/c0fd7eb564084cb0bf34209a50d50d00 0.160s
2025-11-20 04:47:05.632 66121 INFO tempest.lib.common.dynamic_creds [-] Deleting project and security group for project: a5cc3048ea1e4befa41d17d1c6c6ee3f
2025-11-20 04:47:05.655 66163 INFO tempest.lib.common.rest_client [req-8b16c81b-c8a4-4fa6-98ee-8a7102a3fef2 req-8b16c81b-c8a4-4fa6-98ee-8a7102a3fef2 ] Request (ListServerFiltersTestJSON:setUpClass): 201 POST http://10.180.1.21/networking/v2.0/networks 0.601s
2025-11-20 04:47:05.720 66121 INFO tempest.lib.common.rest_client [req-f240be31-314d-4869-92f3-d2d62710f293 req-f240be31-314d-4869-92f3-d2d62710f293 ] Request (FlavorsV255TestJSON:tearDownClass): 201 POST http://10.180.1.21/identity/v3/auth/tokens 0.088s
2025-11-20 04:47:05.774 66181 INFO tempest.lib.common.rest_client [req-51b18ed2-0897-48a4-9570-e4f8a9e0119c req-51b18ed2-0897-48a4-9570-e4f8a9e0119c ] Request (HypervisorAdminNegativeUnderV252Test:tearDownClass): 204 DELETE http://10.180.1.21/networking/v2.0/security-groups/a9959e21-1b41-4494-8698-9a337b713876 0.542s
2025-11-20 04:47:05.852 66181 INFO tempest.lib.common.rest_client [req-4fac7f25-b36b-407b-8562-e20801abb23e req-4fac7f25-b36b-407b-8562-e20801abb23e ] Request (HypervisorAdminNegativeUnderV252Test:tearDownClass): 204 DELETE http://10.180.1.21/identity/v3/projects/c11e939a187740adb69b7a530dc273f9 0.077s
2025-11-20 04:47:05.852 66181 INFO tempest.lib.common.dynamic_creds [-] Deleting project and security group for project: 4a2e674b13234559a822cd0cc5404649
2025-11-20 04:47:05.885 66147 INFO tempest.lib.common.rest_client [req-ef8fd497-71d9-4abd-a1f5-2c5a07f955bf req-ef8fd497-71d9-4abd-a1f5-2c5a07f955bf ] Request (ListImageFiltersTestJSON:setUpClass): 204 PUT http://10.180.1.21/image/v2/images/7ef3aca8-9aa3-47ea-8db7-a79c117ccb0b/file 0.842s
2025-11-20 04:47:06.289 66171 INFO tempest.lib.common.rest_client [req-43f60f01-8f63-4764-8be5-b3ace72472c3 req-43f60f01-8f63-4764-8be5-b3ace72472c3 ] Request (ImagesTestJSON:setUpClass): 201 POST http://10.180.1.21/networking/v2.0/subnets 1.031s
2025-11-20 04:47:06.304 66165 INFO tempest.lib.common.rest_client [req-b5a5dd14-8f1c-4603-92eb-40a1c8ee027d req-b5a5dd14-8f1c-4603-92eb-40a1c8ee027d ] Request (AttachInterfacesTestJSON:setUpClass): 200 PUT http://10.180.1.21/networking/v2.0/routers/46964025-6a07-4a00-b8f7-6025eaa3957a/add_router_interface 1.276s
2025-11-20 04:47:06.305 66165 INFO tempest.lib.common.dynamic_creds [-] Created isolated network resources for: credentials: Credentials: {'domain_id': 'default', 'domain_name': 'Default', 'username': 'tempest-AttachInterfacesTestJSON-1484556051-project-member', 'project_domain_id': 'default', 'project_domain_name': 'Default', 'project_id': '9bac505201d54fc1a8ea95a600c32788', 'project_name': 'tempest-AttachInterfacesTestJSON-1484556051', 'tenant_id': '9bac505201d54fc1a8ea95a600c32788', 'tenant_name': 'tempest-AttachInterfacesTestJSON-1484556051', 'user_domain_id': 'default', 'user_domain_name': 'Default', 'user_id': '4306afcc032c44b687cc25645ba72360', 'system': None}, Network: {'id': '3e75a234-a1b9-4c26-a601-33b2349a5c97', 'name': 'tempest-AttachInterfacesTestJSON-1049202825-network', 'tenant_id': '9bac505201d54fc1a8ea95a600c32788', 'project_id': '9bac505201d54fc1a8ea95a600c32788', 'admin_state_up': True, 'mtu': 8950, 'status': 'ACTIVE', 'subnets': [], 'shared': False, 'port_security_enabled': True, 'router:external': False, 'provider:network_type': 'vlan', 'provider:physical_network': 'default', 'provider:segmentation_id': 429, 'availability_zone_hints': [], 'availability_zones': [], 'ipv4_address_scope': None, 'ipv6_address_scope': None, 'description': '', 'tags': [], 'created_at': '2025-11-20T04:47:03Z', 'updated_at': '2025-11-20T04:47:03Z', 'revision_number': 1}, Subnet: {'id': '76d0685d-11c0-48a1-a297-badd7c48de7a', 'name': 'tempest-AttachInterfacesTestJSON-1049202825-subnet', 'tenant_id': '9bac505201d54fc1a8ea95a600c32788', 'network_id': '3e75a234-a1b9-4c26-a601-33b2349a5c97', 'ip_version': 4, 'subnetpool_id': None, 'enable_dhcp': True, 'ipv6_ra_mode': None, 'ipv6_address_mode': None, 'gateway_ip': '192.168.128.1', 'cidr': '192.168.128.0/28', 'allocation_pools': [{'start': '192.168.128.2', 'end': '192.168.128.14'}], 'host_routes': [], 'dns_nameservers': [], 'description': '', 'router:external': False, 'service_types': [], 'tags': [], 'created_at': '2025-11-20T04:47:03Z', 'updated_at': '2025-11-20T04:47:03Z', 'revision_number': 0, 'project_id': '9bac505201d54fc1a8ea95a600c32788'}, Router: {'id': '46964025-6a07-4a00-b8f7-6025eaa3957a', 'name': 'tempest-AttachInterfacesTestJSON-1049202825-router', 'tenant_id': '9bac505201d54fc1a8ea95a600c32788', 'admin_state_up': True, 'status': 'ACTIVE', 'external_gateway_info': {'network_id': '52ce722e-0d97-4bf1-99ff-a5de7764e9da', 'external_fixed_ips': [{'subnet_id': 'cafc42b5-3bcb-4b52-8f6e-b1413efd5826', 'ip_address': '10.180.180.193'}], 'enable_snat': True}, 'description': '', 'availability_zones': [], 'distributed': False, 'ha': False, 'availability_zone_hints': [], 'routes': [], 'flavor_id': None, 'tags': [], 'created_at': '2025-11-20T04:47:04Z', 'updated_at': '2025-11-20T04:47:04Z', 'revision_number': 2, 'project_id': '9bac505201d54fc1a8ea95a600c32788'}
2025-11-20 04:47:06.360 66173 INFO tempest.lib.common.rest_client [req-6a1297f3-c31b-46e5-b6b5-cb2fea8b5012 req-6a1297f3-c31b-46e5-b6b5-cb2fea8b5012 ] Request (FloatingIPsNegativeTestJSON:test_allocate_floating_ip_from_nonexistent_pool): 404 POST http://10.180.1.21/compute/v2.1/os-floating-ips 3.441s
2025-11-20 04:47:06.432 66165 INFO tempest.lib.common.rest_client [req-bf6a4d20-245d-4075-8a2c-9bf7c47c6d21 req-bf6a4d20-245d-4075-8a2c-9bf7c47c6d21 ] Request (AttachInterfacesTestJSON:setUpClass): 201 POST http://10.180.1.21/identity/v3/auth/tokens 0.124s
2025-11-20 04:47:06.549 66163 INFO tempest.lib.common.rest_client [req-5d036f87-fc11-4da8-ae6c-0e859264c265 req-5d036f87-fc11-4da8-ae6c-0e859264c265 ] Request (ListServerFiltersTestJSON:setUpClass): 201 POST http://10.180.1.21/networking/v2.0/subnets 0.893s
2025-11-20 04:47:06.549 66163 INFO tempest.lib.common.dynamic_creds [-] Created isolated network resources for: credentials: Credentials: {'domain_id': 'default', 'domain_name': 'Default', 'username': 'tempest-ListServerFiltersTestJSON-1575712136-project-member', 'project_domain_id': 'default', 'project_domain_name': 'Default', 'project_id': '0f29c5ac3b9646a9a6580e90b76d948b', 'project_name': 'tempest-ListServerFiltersTestJSON-1575712136', 'tenant_id': '0f29c5ac3b9646a9a6580e90b76d948b', 'tenant_name': 'tempest-ListServerFiltersTestJSON-1575712136', 'user_domain_id': 'default', 'user_domain_name': 'Default', 'user_id': '8e50812fa896436ea23356fbdbebd374', 'system': None}, Network: {'id': 'c9ede970-a288-4d49-81f9-50cfd0037809', 'name': 'tempest-ListServerFiltersTestJSON-2010655426-network', 'tenant_id': '0f29c5ac3b9646a9a6580e90b76d948b', 'project_id': '0f29c5ac3b9646a9a6580e90b76d948b', 'admin_state_up': True, 'mtu': 8950, 'status': 'ACTIVE', 'subnets': [], 'shared': False, 'port_security_enabled': True, 'router:external': False, 'provider:network_type': 'vlan', 'provider:physical_network': 'default', 'provider:segmentation_id': 801, 'availability_zone_hints': [], 'availability_zones': [], 'ipv4_address_scope': None, 'ipv6_address_scope': None, 'description': '', 'tags': [], 'created_at': '2025-11-20T04:47:05Z', 'updated_at': '2025-11-20T04:47:05Z', 'revision_number': 1}, Subnet: {'id': '79981cd6-00da-4500-a27d-c1439c4a2f5d', 'name': 'tempest-ListServerFiltersTestJSON-2010655426-subnet', 'tenant_id': '0f29c5ac3b9646a9a6580e90b76d948b', 'network_id': 'c9ede970-a288-4d49-81f9-50cfd0037809', 'ip_version': 4, 'subnetpool_id': None, 'enable_dhcp': True, 'ipv6_ra_mode': None, 'ipv6_address_mode': None, 'gateway_ip': '192.168.128.1', 'cidr': '192.168.128.0/28', 'allocation_pools': [{'start': '192.168.128.2', 'end': '192.168.128.14'}], 'host_routes': [], 'dns_nameservers': [], 'description': '', 'router:external': False, 'service_types': [], 'tags': [], 'created_at': '2025-11-20T04:47:06Z', 'updated_at': '2025-11-20T04:47:06Z', 'revision_number': 0, 'project_id': '0f29c5ac3b9646a9a6580e90b76d948b'}, Router: None
2025-11-20 04:47:06.605 66121 INFO tempest.lib.common.rest_client [req-b57acede-3143-4e5f-8fd4-7c58981ab79d req-b57acede-3143-4e5f-8fd4-7c58981ab79d ] Request (FlavorsV255TestJSON:tearDownClass): 200 GET http://10.180.1.21/networking/v2.0/security-groups?tenant_id=a5cc3048ea1e4befa41d17d1c6c6ee3f&name=default 0.885s
2025-11-20 04:47:06.643 66163 INFO tempest.lib.common.rest_client [req-b59c0763-0b52-4654-90f3-60a2aea1378d req-b59c0763-0b52-4654-90f3-60a2aea1378d ] Request (ListServerFiltersTestJSON:setUpClass): 201 POST http://10.180.1.21/identity/v3/auth/tokens 0.090s
2025-11-20 04:47:06.653 66181 INFO tempest.lib.common.rest_client [req-85e9f069-e2df-4f89-8ad1-5accd88ae2b1 req-85e9f069-e2df-4f89-8ad1-5accd88ae2b1 ] Request (HypervisorAdminNegativeUnderV252Test:tearDownClass): 200 GET http://10.180.1.21/networking/v2.0/security-groups?tenant_id=4a2e674b13234559a822cd0cc5404649&name=default 0.801s
2025-11-20 04:47:06.690 66163 INFO tempest.lib.common.rest_client [req-d7c636bd-14fd-4e38-8545-cc6f8bd60229 req-d7c636bd-14fd-4e38-8545-cc6f8bd60229 ] Request (ListServerFiltersTestJSON:setUpClass): 201 POST http://10.180.1.21/identity/v3/auth/tokens 0.044s
2025-11-20 04:47:06.690 66163 INFO tempest.lib.common.fixed_network [-] (ListServerFiltersTestJSON:setUpClass) Found network {'id': 'c9ede970-a288-4d49-81f9-50cfd0037809', 'name': 'tempest-ListServerFiltersTestJSON-2010655426-network', 'tenant_id': '0f29c5ac3b9646a9a6580e90b76d948b', 'project_id': '0f29c5ac3b9646a9a6580e90b76d948b', 'admin_state_up': True, 'mtu': 8950, 'status': 'ACTIVE', 'subnets': [], 'shared': False, 'port_security_enabled': True, 'router:external': False, 'provider:network_type': 'vlan', 'provider:physical_network': 'default', 'provider:segmentation_id': 801, 'availability_zone_hints': [], 'availability_zones': [], 'ipv4_address_scope': None, 'ipv6_address_scope': None, 'description': '', 'tags': [], 'created_at': '2025-11-20T04:47:05Z', 'updated_at': '2025-11-20T04:47:05Z', 'revision_number': 1} available for tenant
2025-11-20 04:47:06.727 66163 INFO tempest.lib.common.rest_client [req-7554d343-0ae4-4b71-8abd-faf482870cfc req-7554d343-0ae4-4b71-8abd-faf482870cfc ] Request (ListServerFiltersTestJSON:setUpClass): 201 POST http://10.180.1.21/identity/v3/auth/tokens 0.033s
2025-11-20 04:47:06.727 66163 INFO tempest.lib.common.fixed_network [-] (ListServerFiltersTestJSON:setUpClass) Found network {'id': 'c9ede970-a288-4d49-81f9-50cfd0037809', 'name': 'tempest-ListServerFiltersTestJSON-2010655426-network', 'tenant_id': '0f29c5ac3b9646a9a6580e90b76d948b', 'project_id': '0f29c5ac3b9646a9a6580e90b76d948b', 'admin_state_up': True, 'mtu': 8950, 'status': 'ACTIVE', 'subnets': [], 'shared': False, 'port_security_enabled': True, 'router:external': False, 'provider:network_type': 'vlan', 'provider:physical_network': 'default', 'provider:segmentation_id': 801, 'availability_zone_hints': [], 'availability_zones': [], 'ipv4_address_scope': None, 'ipv6_address_scope': None, 'description': '', 'tags': [], 'created_at': '2025-11-20T04:47:05Z', 'updated_at': '2025-11-20T04:47:05Z', 'revision_number': 1} available for tenant
2025-11-20 04:47:07.106 66121 INFO tempest.lib.common.rest_client [req-1f351297-3e98-4492-b123-8f0ea09f2a33 req-1f351297-3e98-4492-b123-8f0ea09f2a33 ] Request (FlavorsV255TestJSON:tearDownClass): 204 DELETE http://10.180.1.21/networking/v2.0/security-groups/279c1168-16a1-4bf5-aeac-a50cd483e193 0.500s
2025-11-20 04:47:07.182 66181 INFO tempest.lib.common.rest_client [req-1df0c73f-7b6a-4cb7-a509-6e3ba55e6760 req-1df0c73f-7b6a-4cb7-a509-6e3ba55e6760 ] Request (HypervisorAdminNegativeUnderV252Test:tearDownClass): 204 DELETE http://10.180.1.21/networking/v2.0/security-groups/bcfc4514-0818-4244-847a-ce78b25ed22b 0.528s
2025-11-20 04:47:07.190 66121 INFO tempest.lib.common.rest_client [req-3ba9616d-6202-4bdc-beba-358a7d610ff7 req-3ba9616d-6202-4bdc-beba-358a7d610ff7 ] Request (FlavorsV255TestJSON:tearDownClass): 204 DELETE http://10.180.1.21/identity/v3/projects/a5cc3048ea1e4befa41d17d1c6c6ee3f 0.083s
2025-11-20 04:47:07.190 66121 INFO tempest.lib.common.dynamic_creds [-] Deleting project and security group for project: 66497aad0c684d66b84435fcdc5fc476
2025-11-20 04:47:07.286 66181 INFO tempest.lib.common.rest_client [req-e9131f02-e00d-4708-adbb-779f94f99dc2 req-e9131f02-e00d-4708-adbb-779f94f99dc2 ] Request (HypervisorAdminNegativeUnderV252Test:tearDownClass): 204 DELETE http://10.180.1.21/identity/v3/projects/4a2e674b13234559a822cd0cc5404649 0.103s
2025-11-20 04:47:07.322 66171 INFO tempest.lib.common.rest_client [req-372627e4-716b-476c-a1a0-3cf5be66e63d req-372627e4-716b-476c-a1a0-3cf5be66e63d ] Request (ImagesTestJSON:setUpClass): 201 POST http://10.180.1.21/networking/v2.0/routers 1.032s
2025-11-20 04:47:07.353 66175 INFO tempest.lib.common.rest_client [req-071b00ab-6280-4824-962b-3a05e4adb953 req-071b00ab-6280-4824-962b-3a05e4adb953 ] Request (ServersTestJSON:setUpClass): 200 GET http://10.180.1.21/compute/v2.1/servers/f2cbc9f3-12f8-4737-a8ca-013c6caea3e9 4.181s
2025-11-20 04:47:07.356 66181 INFO tempest.lib.common.rest_client [req-a9298e5d-1cce-464e-8ddb-5a3675b4b388 req-a9298e5d-1cce-464e-8ddb-5a3675b4b388 ] Request (VolumesAdminNegativeTest:setUpClass): 201 POST http://10.180.1.21/identity/v3/auth/tokens 0.069s
2025-11-20 04:47:07.368 66175 INFO tempest.common.waiters [-] State transition "BUILD/None" ==> "BUILD/spawning" after 5 second wait
2025-11-20 04:47:07.401 66181 INFO tempest.lib.common.rest_client [req-19cdb83e-cdfc-4ad7-b7d8-d626f5a307c1 req-19cdb83e-cdfc-4ad7-b7d8-d626f5a307c1 ] Request (VolumesAdminNegativeTest:setUpClass): 201 POST http://10.180.1.21/identity/v3/auth/tokens 0.040s
2025-11-20 04:47:07.427 66145 INFO tempest.lib.common.rest_client [req-cdf01846-005a-4e09-97a7-0ec7a4355452 req-cdf01846-005a-4e09-97a7-0ec7a4355452 ] Request (AggregatesAdminNegativeTestJSON:test_aggregate_add_host_as_user): 200 POST http://10.180.1.21/compute/v2.1/os-aggregates 4.077s
2025-11-20 04:47:07.430 66181 INFO tempest.lib.common.rest_client [req-cabc85a3-ffa6-41f5-b720-25541775b506 req-cabc85a3-ffa6-41f5-b720-25541775b506 ] Request (VolumesAdminNegativeTest:setUpClass): 200 GET http://10.180.1.21/identity/v3/domains?name=Default 0.029s
2025-11-20 04:47:07.451 66133 INFO tempest.lib.common.rest_client [req-0d286c4f-0f37-4d2c-809d-1e8923cbd957 req-0d286c4f-0f37-4d2c-809d-1e8923cbd957 ] Request (FlavorsV261TestJSON:_run_cleanups): 200 GET http://10.180.1.21/compute/v2.1/flavors/detail 4.083s
2025-11-20 04:47:07.479 66121 INFO tempest.lib.common.rest_client [req-f7906376-b447-40cc-8f3b-5f28a65f2040 req-f7906376-b447-40cc-8f3b-5f28a65f2040 ] Request (FlavorsV255TestJSON:tearDownClass): 200 GET http://10.180.1.21/networking/v2.0/security-groups?tenant_id=66497aad0c684d66b84435fcdc5fc476&name=default 0.288s
2025-11-20 04:47:07.481 66155 INFO tempest.lib.common.rest_client [req-68dde589-83fa-4073-bd8e-03e0509e92ab req-68dde589-83fa-4073-bd8e-03e0509e92ab ] Request (HostsAdminTestJSON:test_list_hosts_with_zone): 200 GET http://10.180.1.21/compute/v2.1/os-hosts 4.107s
2025-11-20 04:47:07.485 66181 INFO tempest.lib.common.rest_client [req-b6a71726-df91-4057-a76b-ba7787499026 req-b6a71726-df91-4057-a76b-ba7787499026 ] Request (VolumesAdminNegativeTest:setUpClass): 201 POST http://10.180.1.21/identity/v3/projects 0.053s
2025-11-20 04:47:07.504 66117 INFO tempest.lib.common.rest_client [req-543473f1-1e4f-4d37-8651-c5d88cf657e2 req-543473f1-1e4f-4d37-8651-c5d88cf657e2 ] Request (FlavorsAdminTestJSON:_run_cleanups): 200 GET http://10.180.1.21/compute/v2.1/flavors/detail 4.121s
2025-11-20 04:47:07.530 66127 INFO tempest.lib.common.rest_client [req-d52ff411-044f-4073-aaff-e91e3d1d4ab4 req-d52ff411-044f-4073-aaff-e91e3d1d4ab4 ] Request (FlavorsAccessTestJSON:_run_cleanups): 200 GET http://10.180.1.21/compute/v2.1/flavors/detail 4.082s
2025-11-20 04:47:07.544 66159 INFO tempest.lib.common.rest_client [req-f75e3ceb-a816-43f1-81a6-54dfc5146038 req-f75e3ceb-a816-43f1-81a6-54dfc5146038 ] Request (ServersWithSpecificFlavorTestJSON:test_verify_created_server_ephemeral_disk): 200 GET http://10.180.1.21/compute/v2.1/flavors/42/os-extra_specs 4.093s
2025-11-20 04:47:07.559 66129 INFO tempest.lib.common.rest_client [req-e448548f-bf96-46b4-9584-81140bce075d req-e448548f-bf96-46b4-9584-81140bce075d ] Request (HostsAdminNegativeTestJSON:test_show_host_detail_with_nonexistent_hostname): 404 GET http://10.180.1.21/compute/v2.1/os-hosts/nonexistent_hostname 4.105s
2025-11-20 04:47:07.577 66179 INFO tempest.lib.common.rest_client [req-b672840d-11e8-4760-b43e-9d7d3b11b3b8 req-b672840d-11e8-4760-b43e-9d7d3b11b3b8 ] Request (ImagesMetadataNegativeTestJSON:test_set_nonexistent_image_metadata_item): 404 PUT http://10.180.1.21/compute/v2.1/images/51ecdcea-3a7e-4ea3-b0aa-3e2987421ef8/metadata/os_distro 4.104s
2025-11-20 04:47:07.590 66181 INFO tempest.lib.common.rest_client [req-3c1f5a98-5f10-4bf8-a496-dccf7e2cbcd0 req-3c1f5a98-5f10-4bf8-a496-dccf7e2cbcd0 ] Request (VolumesAdminNegativeTest:setUpClass): 201 POST http://10.180.1.21/identity/v3/users 0.105s
2025-11-20 04:47:07.649 66133 INFO tempest.lib.common.rest_client [req-5af351a5-2c3a-4f52-920f-ac198ec8175e req-5af351a5-2c3a-4f52-920f-ac198ec8175e ] Request (FlavorsV261TestJSON:tearDownClass): 204 DELETE http://10.180.1.21/identity/v3/users/c4ac4e4f043341f2a8188cc7516bbb33 0.182s
2025-11-20 04:47:07.662 66181 INFO tempest.lib.common.rest_client [req-0fbb2111-7427-40de-8f9f-4bd1e8bf7cab req-0fbb2111-7427-40de-8f9f-4bd1e8bf7cab ] Request (VolumesAdminNegativeTest:setUpClass): 200 GET http://10.180.1.21/identity/v3/roles 0.072s
2025-11-20 04:47:07.768 66181 INFO tempest.lib.common.rest_client [req-a87cd434-186f-4b4e-82d1-26644949f527 req-a87cd434-186f-4b4e-82d1-26644949f527 ] Request (VolumesAdminNegativeTest:setUpClass): 204 PUT http://10.180.1.21/identity/v3/projects/8ed0597f1b584afaa19f4c7ae1c63d9c/users/c6ef63d324f04e639a7e2fd1751fc1d0/roles/52c90d7c10f54cdba9a28c940f29123a 0.105s
2025-11-20 04:47:07.769 66181 INFO tempest.lib.common.dynamic_creds [-] Dynamic test user c6ef63d324f04e639a7e2fd1751fc1d0 is created with scope project and roles: ['member']
2025-11-20 04:47:07.769 66181 INFO tempest.lib.common.dynamic_creds [-] Acquired dynamic creds: credentials: Credentials: {'domain_id': 'default', 'domain_name': 'Default', 'username': 'tempest-VolumesAdminNegativeTest-1367722054-project-member', 'project_domain_id': 'default', 'project_domain_name': 'Default', 'project_id': '8ed0597f1b584afaa19f4c7ae1c63d9c', 'project_name': 'tempest-VolumesAdminNegativeTest-1367722054', 'tenant_id': '8ed0597f1b584afaa19f4c7ae1c63d9c', 'tenant_name': 'tempest-VolumesAdminNegativeTest-1367722054', 'user_domain_id': 'default', 'user_domain_name': 'Default', 'user_id': 'c6ef63d324f04e639a7e2fd1751fc1d0', 'system': None}, Network: None, Subnet: None, Router: None
2025-11-20 04:47:07.779 66133 INFO tempest.lib.common.rest_client [req-1ecd7bbd-9b84-4857-8505-c40f61174b1d req-1ecd7bbd-9b84-4857-8505-c40f61174b1d ] Request (FlavorsV261TestJSON:tearDownClass): 204 DELETE http://10.180.1.21/identity/v3/users/d91f4c806a6d48009fa884ef03937269 0.127s
2025-11-20 04:47:07.779 66133 INFO tempest.lib.common.dynamic_creds [-] Deleting project and security group for project: 2626cbcf2c4947608fc4e9bc5656236d
2025-11-20 04:47:07.845 66133 INFO tempest.lib.common.rest_client [req-9cf0c0b3-fed0-4dc0-a779-c81f7f3c7cd9 req-9cf0c0b3-fed0-4dc0-a779-c81f7f3c7cd9 ] Request (FlavorsV261TestJSON:tearDownClass): 201 POST http://10.180.1.21/identity/v3/auth/tokens 0.065s
2025-11-20 04:47:07.853 66181 INFO tempest.lib.common.rest_client [req-a56f6678-794a-467e-ae49-623de5ff5291 req-a56f6678-794a-467e-ae49-623de5ff5291 ] Request (VolumesAdminNegativeTest:setUpClass): 201 POST http://10.180.1.21/identity/v3/auth/tokens 0.084s
2025-11-20 04:47:08.561 66171 INFO tempest.lib.common.rest_client [req-b260ecc2-cb25-4cac-8904-7ba161a6f147 req-b260ecc2-cb25-4cac-8904-7ba161a6f147 ] Request (ImagesTestJSON:setUpClass): 200 PUT http://10.180.1.21/networking/v2.0/routers/f0c60051-1059-4265-a9c0-94506f9a1db0/add_router_interface 1.238s
2025-11-20 04:47:08.561 66171 INFO tempest.lib.common.dynamic_creds [-] Created isolated network resources for: credentials: Credentials: {'domain_id': 'default', 'domain_name': 'Default', 'username': 'tempest-ImagesTestJSON-1256239797-project-member', 'project_domain_id': 'default', 'project_domain_name': 'Default', 'project_id': '94ca54edb2fe4c03bf3aa64458f06453', 'project_name': 'tempest-ImagesTestJSON-1256239797', 'tenant_id': '94ca54edb2fe4c03bf3aa64458f06453', 'tenant_name': 'tempest-ImagesTestJSON-1256239797', 'user_domain_id': 'default', 'user_domain_name': 'Default', 'user_id': 'f887b629c8864eb7a204ad8172ca0650', 'system': None}, Network: {'id': 'ccb319c3-188a-4ea8-99bb-8dfde880c491', 'name': 'tempest-ImagesTestJSON-1197214402-network', 'tenant_id': '94ca54edb2fe4c03bf3aa64458f06453', 'project_id': '94ca54edb2fe4c03bf3aa64458f06453', 'admin_state_up': True, 'mtu': 8950, 'status': 'ACTIVE', 'subnets': [], 'shared': False, 'port_security_enabled': True, 'router:external': False, 'provider:network_type': 'vlan', 'provider:physical_network': 'default', 'provider:segmentation_id': 259, 'availability_zone_hints': [], 'availability_zones': [], 'ipv4_address_scope': None, 'ipv6_address_scope': None, 'description': '', 'tags': [], 'created_at': '2025-11-20T04:47:05Z', 'updated_at': '2025-11-20T04:47:05Z', 'revision_number': 1}, Subnet: {'id': '29aa6e29-74d4-49cb-968f-43449d78fe3c', 'name': 'tempest-ImagesTestJSON-1197214402-subnet', 'tenant_id': '94ca54edb2fe4c03bf3aa64458f06453', 'network_id': 'ccb319c3-188a-4ea8-99bb-8dfde880c491', 'ip_version': 4, 'subnetpool_id': None, 'enable_dhcp': True, 'ipv6_ra_mode': None, 'ipv6_address_mode': None, 'gateway_ip': '192.168.128.1', 'cidr': '192.168.128.0/28', 'allocation_pools': [{'start': '192.168.128.2', 'end': '192.168.128.14'}], 'host_routes': [], 'dns_nameservers': [], 'description': '', 'router:external': False, 'service_types': [], 'tags': [], 'created_at': '2025-11-20T04:47:06Z', 'updated_at': '2025-11-20T04:47:06Z', 'revision_number': 0, 'project_id': '94ca54edb2fe4c03bf3aa64458f06453'}, Router: {'id': 'f0c60051-1059-4265-a9c0-94506f9a1db0', 'name': 'tempest-ImagesTestJSON-1197214402-router', 'tenant_id': '94ca54edb2fe4c03bf3aa64458f06453', 'admin_state_up': True, 'status': 'ACTIVE', 'external_gateway_info': {'network_id': '52ce722e-0d97-4bf1-99ff-a5de7764e9da', 'external_fixed_ips': [{'subnet_id': 'cafc42b5-3bcb-4b52-8f6e-b1413efd5826', 'ip_address': '10.180.180.155'}], 'enable_snat': True}, 'description': '', 'availability_zones': [], 'distributed': False, 'ha': False, 'availability_zone_hints': [], 'routes': [], 'flavor_id': None, 'tags': [], 'created_at': '2025-11-20T04:47:06Z', 'updated_at': '2025-11-20T04:47:07Z', 'revision_number': 2, 'project_id': '94ca54edb2fe4c03bf3aa64458f06453'}
2025-11-20 04:47:08.644 66171 INFO tempest.lib.common.rest_client [req-7cda3fa1-07a3-4242-aa48-ac09ced7d980 req-7cda3fa1-07a3-4242-aa48-ac09ced7d980 ] Request (ImagesTestJSON:setUpClass): 201 POST http://10.180.1.21/identity/v3/auth/tokens 0.078s
2025-11-20 04:47:08.675 66171 INFO tempest.lib.common.rest_client [req-23d351c3-1194-4a92-aa60-31af0108f765 req-23d351c3-1194-4a92-aa60-31af0108f765 ] Request (ImagesTestJSON:test_create_image_from_stopped_server): 201 POST http://10.180.1.21/identity/v3/auth/tokens 0.027s
2025-11-20 04:47:08.676 66171 INFO tempest.lib.common.fixed_network [-] (ImagesTestJSON:test_create_image_from_stopped_server) Found network {'id': 'ccb319c3-188a-4ea8-99bb-8dfde880c491', 'name': 'tempest-ImagesTestJSON-1197214402-network', 'tenant_id': '94ca54edb2fe4c03bf3aa64458f06453', 'project_id': '94ca54edb2fe4c03bf3aa64458f06453', 'admin_state_up': True, 'mtu': 8950, 'status': 'ACTIVE', 'subnets': [], 'shared': False, 'port_security_enabled': True, 'router:external': False, 'provider:network_type': 'vlan', 'provider:physical_network': 'default', 'provider:segmentation_id': 259, 'availability_zone_hints': [], 'availability_zones': [], 'ipv4_address_scope': None, 'ipv6_address_scope': None, 'description': '', 'tags': [], 'created_at': '2025-11-20T04:47:05Z', 'updated_at': '2025-11-20T04:47:05Z', 'revision_number': 1} available for tenant
2025-11-20 04:47:08.680 66121 INFO tempest.lib.common.rest_client [req-b8152f08-6dcb-48f6-a4b0-5fdadc95946e req-b8152f08-6dcb-48f6-a4b0-5fdadc95946e ] Request (FlavorsV255TestJSON:tearDownClass): 204 DELETE http://10.180.1.21/networking/v2.0/security-groups/597f92bf-932b-4ecb-95cf-b27796c98399 1.201s
2025-11-20 04:47:08.734 66169 INFO tempest.lib.common.rest_client [req-3932cb12-2dfa-4394-9dbe-f019da1903b1 req-3932cb12-2dfa-4394-9dbe-f019da1903b1 ] Request (TenantUsagesTestJSON:setUpClass): 200 GET http://10.180.1.21/compute/v2.1/servers/fd026dea-8e2b-4caf-91d6-125b41034aae 4.984s
2025-11-20 04:47:08.748 66169 INFO tempest.common.waiters [-] State transition "BUILD/None" ==> "BUILD/networking" after 6 second wait
2025-11-20 04:47:08.760 66121 INFO tempest.lib.common.rest_client [req-afc9fd88-2056-413a-ae2e-96a55327adf1 req-afc9fd88-2056-413a-ae2e-96a55327adf1 ] Request (FlavorsV255TestJSON:tearDownClass): 204 DELETE http://10.180.1.21/identity/v3/projects/66497aad0c684d66b84435fcdc5fc476 0.079s
2025-11-20 04:47:08.761 66121 INFO tempest.test [-] raised in LiveMigrationNegativeTest.setUpClass. Invoking tearDownClass.
2025-11-20 04:47:08.834 66121 INFO tempest.lib.common.rest_client [req-90a985ef-6962-47c3-85ef-ce40f85711c4 req-90a985ef-6962-47c3-85ef-ce40f85711c4 ] Request (QuotasAdminTestJSON:setUpClass): 201 POST http://10.180.1.21/identity/v3/auth/tokens 0.072s
2025-11-20 04:47:08.889 66121 INFO tempest.lib.common.rest_client [req-fdc0e8a3-acc3-467b-a215-34fc267ed4e9 req-fdc0e8a3-acc3-467b-a215-34fc267ed4e9 ] Request (QuotasAdminTestJSON:setUpClass): 201 POST http://10.180.1.21/identity/v3/auth/tokens 0.050s
2025-11-20 04:47:08.925 66121 INFO tempest.lib.common.rest_client [req-b116be46-aa8e-4d0d-b625-389d2db5c22b req-b116be46-aa8e-4d0d-b625-389d2db5c22b ] Request (QuotasAdminTestJSON:setUpClass): 200 GET http://10.180.1.21/identity/v3/domains?name=Default 0.036s
2025-11-20 04:47:08.971 66121 INFO tempest.lib.common.rest_client [req-fc52d165-2655-4b8e-8561-a9831db74a1d req-fc52d165-2655-4b8e-8561-a9831db74a1d ] Request (QuotasAdminTestJSON:setUpClass): 201 POST http://10.180.1.21/identity/v3/projects 0.045s
2025-11-20 04:47:08.976 66143 INFO tempest.lib.common.rest_client [req-a9d3d4e9-2f3a-4d61-b4d8-c82d1ad60969 req-a9d3d4e9-2f3a-4d61-b4d8-c82d1ad60969 ] Request (QuotasAdminTestV257:test_get_updated_quotas): 200 GET http://10.180.1.21/compute/v2.1/os-quota-sets/491cbde9412c4b5b999a299964c0d7fa/detail 5.064s
2025-11-20 04:47:09.017 66133 INFO tempest.lib.common.rest_client [req-4a672f59-db3b-48d3-8284-8ef4703aa855 req-4a672f59-db3b-48d3-8284-8ef4703aa855 ] Request (FlavorsV261TestJSON:tearDownClass): 200 GET http://10.180.1.21/networking/v2.0/security-groups?tenant_id=2626cbcf2c4947608fc4e9bc5656236d&name=default 1.172s
2025-11-20 04:47:09.063 66143 INFO tempest.lib.common.rest_client [req-fb4de8ae-6d37-42ae-8012-341f03633db1 req-fb4de8ae-6d37-42ae-8012-341f03633db1 ] Request (QuotasAdminTestV257:test_get_updated_quotas): 200 GET http://10.180.1.21/identity/v3/domains?name=Default 0.083s
2025-11-20 04:47:09.069 66121 INFO tempest.lib.common.rest_client [req-8ab9ccd4-df4a-404b-bdbf-e172490c5fd3 req-8ab9ccd4-df4a-404b-bdbf-e172490c5fd3 ] Request (QuotasAdminTestJSON:setUpClass): 201 POST http://10.180.1.21/identity/v3/users 0.097s
2025-11-20 04:47:09.153 66121 INFO tempest.lib.common.rest_client [req-36a0ac49-4e54-4d6c-b8ca-93a7fcd26759 req-36a0ac49-4e54-4d6c-b8ca-93a7fcd26759 ] Request (QuotasAdminTestJSON:setUpClass): 200 GET http://10.180.1.21/identity/v3/roles 0.082s
2025-11-20 04:47:09.156 66143 INFO tempest.lib.common.rest_client [req-b12a36cb-97bf-46da-b651-fcc969676641 req-b12a36cb-97bf-46da-b651-fcc969676641 ] Request (QuotasAdminTestV257:test_get_updated_quotas): 201 POST http://10.180.1.21/identity/v3/users 0.092s
2025-11-20 04:47:09.180 66143 INFO tempest.lib.common.rest_client [req-0e424231-0338-47a7-b25e-67431b09197d req-0e424231-0338-47a7-b25e-67431b09197d ] Request (QuotasAdminTestV257:test_get_updated_quotas): 200 GET http://10.180.1.21/identity/v3/domains?name=Default 0.024s
2025-11-20 04:47:09.183 66121 INFO tempest.lib.common.rest_client [req-af33ec5c-52fb-4fc3-a73f-e47b7f24d090 req-af33ec5c-52fb-4fc3-a73f-e47b7f24d090 ] Request (QuotasAdminTestJSON:setUpClass): 204 PUT http://10.180.1.21/identity/v3/projects/a4d19e7dc36b4eed906b04e3653aa25b/users/5a41cdba1e0040c39e61c5ec14f74650/roles/52c90d7c10f54cdba9a28c940f29123a 0.030s
2025-11-20 04:47:09.183 66121 INFO tempest.lib.common.dynamic_creds [-] Dynamic test user 5a41cdba1e0040c39e61c5ec14f74650 is created with scope project and roles: ['member']
2025-11-20 04:47:09.184 66121 INFO tempest.lib.common.dynamic_creds [-] Acquired dynamic creds: credentials: Credentials: {'domain_id': 'default', 'domain_name': 'Default', 'username': 'tempest-QuotasAdminTestJSON-1335947169-project-member', 'project_domain_id': 'default', 'project_domain_name': 'Default', 'project_id': 'a4d19e7dc36b4eed906b04e3653aa25b', 'project_name': 'tempest-QuotasAdminTestJSON-1335947169', 'tenant_id': 'a4d19e7dc36b4eed906b04e3653aa25b', 'tenant_name': 'tempest-QuotasAdminTestJSON-1335947169', 'user_domain_id': 'default', 'user_domain_name': 'Default', 'user_id': '5a41cdba1e0040c39e61c5ec14f74650', 'system': None}, Network: None, Subnet: None, Router: None
2025-11-20 04:47:09.184 66121 INFO tempest.lib.common.dynamic_creds [-] Created isolated network resources for: credentials: Credentials: {'domain_id': 'default', 'domain_name': 'Default', 'username': 'tempest-QuotasAdminTestJSON-1335947169-project-member', 'project_domain_id': 'default', 'project_domain_name': 'Default', 'project_id': 'a4d19e7dc36b4eed906b04e3653aa25b', 'project_name': 'tempest-QuotasAdminTestJSON-1335947169', 'tenant_id': 'a4d19e7dc36b4eed906b04e3653aa25b', 'tenant_name': 'tempest-QuotasAdminTestJSON-1335947169', 'user_domain_id': 'default', 'user_domain_name': 'Default', 'user_id': '5a41cdba1e0040c39e61c5ec14f74650', 'system': None}, Network: None, Subnet: None, Router: None
2025-11-20 04:47:09.261 66121 INFO tempest.lib.common.rest_client [req-e98e40f1-5e25-4851-a015-22dca0b42970 req-e98e40f1-5e25-4851-a015-22dca0b42970 ] Request (QuotasAdminTestJSON:setUpClass): 201 POST http://10.180.1.21/identity/v3/auth/tokens 0.073s
2025-11-20 04:47:09.320 66181 INFO tempest.lib.common.rest_client [req-1588f6ae-905f-40ec-a458-bbc9d9a7ab94 req-1588f6ae-905f-40ec-a458-bbc9d9a7ab94 ] Request (VolumesAdminNegativeTest:setUpClass): 201 POST http://10.180.1.21/networking/v2.0/networks 1.467s
2025-11-20 04:47:09.328 66121 INFO tempest.lib.common.rest_client [req-c1aab04a-8a0e-4b62-80d9-da087735c7e7 req-c1aab04a-8a0e-4b62-80d9-da087735c7e7 ] Request (QuotasAdminTestJSON:setUpClass): 201 POST http://10.180.1.21/identity/v3/projects 0.067s
2025-11-20 04:47:09.395 66121 INFO tempest.lib.common.rest_client [req-827249c5-67ca-4833-bc9a-02b8c008d0a3 req-827249c5-67ca-4833-bc9a-02b8c008d0a3 ] Request (QuotasAdminTestJSON:setUpClass): 201 POST http://10.180.1.21/identity/v3/users 0.066s
