2025-11-20 04:47:21.535 66173 INFO tempest.lib.common.rest_client [req-44d4e036-8210-489b-8168-e5ebb94beabb req-44d4e036-8210-489b-8168-e5ebb94beabb ] Request (ImagesMetadataTestJSON:setUpClass): 200 GET http://10.180.1.21/compute/v2.1/images/820acf16-46f2-490a-9fe9-d37f880b1ab9 2.421s
2025-11-20 04:47:21.556 66143 INFO tempest.lib.common.rest_client [req-820604d4-444f-4c62-9ba8-55ad435c38a7 req-820604d4-444f-4c62-9ba8-55ad435c38a7 ] Request (ServersTestManualDisk:setUpClass): 204 PUT http://10.180.1.21/identity/v3/projects/7697ec1423bf4c4dbc54a75a7f77915e/users/331f62f350ed4d1e87dc06cd6dbea5bf/roles/52c90d7c10f54cdba9a28c940f29123a 0.030s
2025-11-20 04:47:21.557 66143 INFO tempest.lib.common.dynamic_creds [-] Dynamic test user 331f62f350ed4d1e87dc06cd6dbea5bf is created with scope project and roles: ['member']
2025-11-20 04:47:21.557 66143 INFO tempest.lib.common.dynamic_creds [-] Acquired dynamic creds: credentials: Credentials: {'domain_id': 'default', 'domain_name': 'Default', 'username': 'tempest-ServersTestManualDisk-743879650-project-member', 'project_domain_id': 'default', 'project_domain_name': 'Default', 'project_id': '7697ec1423bf4c4dbc54a75a7f77915e', 'project_name': 'tempest-ServersTestManualDisk-743879650', 'tenant_id': '7697ec1423bf4c4dbc54a75a7f77915e', 'tenant_name': 'tempest-ServersTestManualDisk-743879650', 'user_domain_id': 'default', 'user_domain_name': 'Default', 'user_id': '331f62f350ed4d1e87dc06cd6dbea5bf', 'system': None}, Network: None, Subnet: None, Router: None
2025-11-20 04:47:21.589 66155 INFO tempest.lib.common.rest_client [req-6e77dcbd-43eb-4acd-9bd9-d351255edcef req-6e77dcbd-43eb-4acd-9bd9-d351255edcef ] Request (HostsAdminTestJSON:tearDownClass): 204 DELETE http://10.180.1.21/identity/v3/users/64499041f92646288cd5a3e25e7cd1de 0.169s
2025-11-20 04:47:21.623 66143 INFO tempest.lib.common.rest_client [req-0503e2fb-14a9-499e-a73f-f31f8802b5f0 req-0503e2fb-14a9-499e-a73f-f31f8802b5f0 ] Request (ServersTestManualDisk:setUpClass): 201 POST http://10.180.1.21/identity/v3/auth/tokens 0.065s
2025-11-20 04:47:21.745 66152 INFO tempest.lib.common.rest_client [req-536a5f35-ace3-4f4a-9971-1ed238c7bd0e req-536a5f35-ace3-4f4a-9971-1ed238c7bd0e ] Request (ServersTestJSON:setUpClass): 201 POST http://10.180.1.21/networking/v2.0/networks 0.423s
2025-11-20 04:47:21.750 66155 INFO tempest.lib.common.rest_client [req-a640c1e2-be8c-474b-ab95-d99619d00b78 req-a640c1e2-be8c-474b-ab95-d99619d00b78 ] Request (HostsAdminTestJSON:tearDownClass): 204 DELETE http://10.180.1.21/identity/v3/users/b898b017f2ab43ac881e55d012779556 0.159s
2025-11-20 04:47:21.750 66155 INFO tempest.lib.common.dynamic_creds [-] Deleting project and security group for project: 6cb0b2d9173b41829cb74d742e95228a
2025-11-20 04:47:21.862 66155 INFO tempest.lib.common.rest_client [req-8ce1d657-6aa0-4766-ad13-798cb17b4520 req-8ce1d657-6aa0-4766-ad13-798cb17b4520 ] Request (HostsAdminTestJSON:tearDownClass): 201 POST http://10.180.1.21/identity/v3/auth/tokens 0.112s
2025-11-20 04:47:22.146 66143 INFO tempest.lib.common.rest_client [req-818563a6-7268-4965-830b-c812006c24a1 req-818563a6-7268-4965-830b-c812006c24a1 ] Request (ServersTestManualDisk:setUpClass): 201 POST http://10.180.1.21/networking/v2.0/networks 0.522s
2025-11-20 04:47:22.149 66181 INFO tempest.lib.common.rest_client [req-6a0cbbac-de89-4d90-84bf-0f811a8e3aab req-6a0cbbac-de89-4d90-84bf-0f811a8e3aab ] Request (VolumesAdminNegativeTest:test_update_attached_volume_with_nonexistent_volume_in_uri): 202 POST http://10.180.1.21/compute/v2.1/servers 3.510s
2025-11-20 04:47:22.243 66152 INFO tempest.lib.common.rest_client [req-4842f775-0fd8-4259-8611-e104b0a13b31 req-4842f775-0fd8-4259-8611-e104b0a13b31 ] Request (ServersTestJSON:setUpClass): 201 POST http://10.180.1.21/networking/v2.0/subnets 0.497s
2025-11-20 04:47:22.417 66155 INFO tempest.lib.common.rest_client [req-aa653233-efb6-418f-b88b-99b03fcc555c req-aa653233-efb6-418f-b88b-99b03fcc555c ] Request (HostsAdminTestJSON:tearDownClass): 200 GET http://10.180.1.21/networking/v2.0/security-groups?tenant_id=6cb0b2d9173b41829cb74d742e95228a&name=default 0.554s
2025-11-20 04:47:22.611 66143 INFO tempest.lib.common.rest_client [req-3296a28b-6f2b-49cd-add9-d87267b51829 req-3296a28b-6f2b-49cd-add9-d87267b51829 ] Request (ServersTestManualDisk:setUpClass): 201 POST http://10.180.1.21/networking/v2.0/subnets 0.464s
2025-11-20 04:47:22.641 66165 INFO tempest.lib.common.rest_client [req-dff08a7a-0d2f-41e9-9426-c06cf897b3e8 req-dff08a7a-0d2f-41e9-9426-c06cf897b3e8 ] Request (AttachInterfacesTestJSON:test_create_list_show_delete_interfaces_by_fixed_ip): 200 GET http://10.180.1.21/compute/v2.1/servers/9b2a58b2-eec0-47f9-8e4e-0eeb87571d67 3.377s
2025-11-20 04:47:22.742 66135 INFO tempest.lib.common.rest_client [req-1fe79387-dd19-46e0-bbbd-0374fb75fd8d req-1fe79387-dd19-46e0-bbbd-0374fb75fd8d ] Request (ServicesAdminNegativeV253TestJSON:test_list_services_with_non_admin_user): 403 GET http://10.180.1.21/compute/v2.1/os-services 3.386s
2025-11-20 04:47:22.780 66123 INFO tempest.lib.common.rest_client [req-ab695c27-fac2-4b5a-9247-23bf70bed850 req-ab695c27-fac2-4b5a-9247-23bf70bed850 ] Request (FlavorsAccessNegativeTestJSON:_run_cleanups): 202 DELETE http://10.180.1.21/compute/v2.1/flavors/522770793 3.307s
2025-11-20 04:47:22.866 66135 INFO tempest.lib.common.rest_client [req-fa9bcc19-7735-4738-8e32-43766839854d req-fa9bcc19-7735-4738-8e32-43766839854d ] Request (ServicesAdminNegativeV253TestJSON:tearDownClass): 204 DELETE http://10.180.1.21/identity/v3/users/e7f5dddcc37349d093d1f39f27a7255c 0.123s
2025-11-20 04:47:22.992 66135 INFO tempest.lib.common.rest_client [req-d4039e98-1021-4f8d-8204-3e03a911aa9e req-d4039e98-1021-4f8d-8204-3e03a911aa9e ] Request (ServicesAdminNegativeV253TestJSON:tearDownClass): 204 DELETE http://10.180.1.21/identity/v3/users/3e21a6fbd1114fa498abe37c3f26605d 0.126s
2025-11-20 04:47:22.993 66135 INFO tempest.lib.common.dynamic_creds [-] Deleting project and security group for project: ebf18dfeaf244c35a364398a15c0db20
2025-11-20 04:47:23.065 66135 INFO tempest.lib.common.rest_client [req-e3043465-b7d0-4c56-ae0b-c1bf25b40212 req-e3043465-b7d0-4c56-ae0b-c1bf25b40212 ] Request (ServicesAdminNegativeV253TestJSON:tearDownClass): 201 POST http://10.180.1.21/identity/v3/auth/tokens 0.072s
2025-11-20 04:47:23.926 66152 INFO tempest.lib.common.rest_client [req-c94f0222-69de-4e40-975c-47ff80c58f34 req-c94f0222-69de-4e40-975c-47ff80c58f34 ] Request (ServersTestJSON:setUpClass): 201 POST http://10.180.1.21/networking/v2.0/routers 1.682s
2025-11-20 04:47:24.013 66155 INFO tempest.lib.common.rest_client [req-ff9fe658-c430-4ad6-b19c-cd3ddecae37f req-ff9fe658-c430-4ad6-b19c-cd3ddecae37f ] Request (HostsAdminTestJSON:tearDownClass): 204 DELETE http://10.180.1.21/networking/v2.0/security-groups/50dce63b-030f-49dd-b4e3-6e2774ad0a67 1.596s
2025-11-20 04:47:24.094 66155 INFO tempest.lib.common.rest_client [req-86eb94e1-e480-4c41-8c2e-badb877877b5 req-86eb94e1-e480-4c41-8c2e-badb877877b5 ] Request (HostsAdminTestJSON:tearDownClass): 204 DELETE http://10.180.1.21/identity/v3/projects/6cb0b2d9173b41829cb74d742e95228a 0.080s
2025-11-20 04:47:24.095 66155 INFO tempest.lib.common.dynamic_creds [-] Deleting project and security group for project: 86103599a2714188acc1f5ba88e95512
2025-11-20 04:47:24.430 66135 INFO tempest.lib.common.rest_client [req-1c336c0a-a70b-49df-b514-0f481addd7d0 req-1c336c0a-a70b-49df-b514-0f481addd7d0 ] Request (ServicesAdminNegativeV253TestJSON:tearDownClass): 200 GET http://10.180.1.21/networking/v2.0/security-groups?tenant_id=ebf18dfeaf244c35a364398a15c0db20&name=default 1.364s
2025-11-20 04:47:24.771 66143 INFO tempest.lib.common.rest_client [req-d3b8db00-1bb2-4ed8-97e8-26bfc7f477cb req-d3b8db00-1bb2-4ed8-97e8-26bfc7f477cb ] Request (ServersTestManualDisk:setUpClass): 201 POST http://10.180.1.21/networking/v2.0/routers 2.159s
2025-11-20 04:47:24.925 66155 INFO tempest.lib.common.rest_client [req-740daa0a-a4b1-490a-b33d-96e38e902281 req-740daa0a-a4b1-490a-b33d-96e38e902281 ] Request (HostsAdminTestJSON:tearDownClass): 200 GET http://10.180.1.21/networking/v2.0/security-groups?tenant_id=86103599a2714188acc1f5ba88e95512&name=default 0.829s
2025-11-20 04:47:24.982 66161 INFO tempest.lib.common.rest_client [req-be2eff87-f8be-4366-bcda-08056153b44e req-be2eff87-f8be-4366-bcda-08056153b44e ] Request (VolumesAssistedSnapshotsTest:test_volume_assisted_snapshot_create_delete): 200 GET http://10.180.1.21/compute/v2.1/servers/deea35f9-8d70-4a1f-b731-a60f5731a540 5.491s
2025-11-20 04:47:25.075 66135 INFO tempest.lib.common.rest_client [req-cafdf27b-bc04-4d4f-83a3-c77c30950775 req-cafdf27b-bc04-4d4f-83a3-c77c30950775 ] Request (ServicesAdminNegativeV253TestJSON:tearDownClass): 204 DELETE http://10.180.1.21/networking/v2.0/security-groups/19758b64-80a9-4e3c-b4d8-e640a8b2debe 0.645s
2025-11-20 04:47:25.154 66135 INFO tempest.lib.common.rest_client [req-fa5c3636-1f0b-4357-8c0f-45466a9fa06a req-fa5c3636-1f0b-4357-8c0f-45466a9fa06a ] Request (ServicesAdminNegativeV253TestJSON:tearDownClass): 204 DELETE http://10.180.1.21/identity/v3/projects/ebf18dfeaf244c35a364398a15c0db20 0.078s
2025-11-20 04:47:25.154 66135 INFO tempest.lib.common.dynamic_creds [-] Deleting project and security group for project: f47c2bfedcbd463db76dd1fb2005b51d
2025-11-20 04:47:25.367 66152 INFO tempest.lib.common.rest_client [req-6bc1f8ee-2068-414c-a731-c828630eb70a req-6bc1f8ee-2068-414c-a731-c828630eb70a ] Request (ServersTestJSON:setUpClass): 200 PUT http://10.180.1.21/networking/v2.0/routers/abcd1efb-ac93-44b2-aab1-fbbfceca4518/add_router_interface 1.440s
2025-11-20 04:47:25.367 66152 INFO tempest.lib.common.dynamic_creds [-] Created isolated network resources for: credentials: Credentials: {'domain_id': 'default', 'domain_name': 'Default', 'username': 'tempest-ServersTestJSON-2092127270-project-member', 'project_domain_id': 'default', 'project_domain_name': 'Default', 'project_id': 'd105eb8f38494ce5a0eba6946e345071', 'project_name': 'tempest-ServersTestJSON-2092127270', 'tenant_id': 'd105eb8f38494ce5a0eba6946e345071', 'tenant_name': 'tempest-ServersTestJSON-2092127270', 'user_domain_id': 'default', 'user_domain_name': 'Default', 'user_id': '228408972bc947e5a28c6a6e38ab4944', 'system': None}, Network: {'id': '315eb390-649f-4ef9-8c26-b259b94a4984', 'name': 'tempest-ServersTestJSON-550939416-network', 'tenant_id': 'd105eb8f38494ce5a0eba6946e345071', 'project_id': 'd105eb8f38494ce5a0eba6946e345071', 'admin_state_up': True, 'mtu': 8950, 'status': 'ACTIVE', 'subnets': [], 'shared': False, 'port_security_enabled': True, 'router:external': False, 'provider:network_type': 'vlan', 'provider:physical_network': 'default', 'provider:segmentation_id': 613, 'availability_zone_hints': [], 'availability_zones': [], 'ipv4_address_scope': None, 'ipv6_address_scope': None, 'description': '', 'tags': [], 'created_at': '2025-11-20T04:47:21Z', 'updated_at': '2025-11-20T04:47:21Z', 'revision_number': 1}, Subnet: {'id': '0535c193-f595-4085-ad12-08b2b0f01f3a', 'name': 'tempest-ServersTestJSON-550939416-subnet', 'tenant_id': 'd105eb8f38494ce5a0eba6946e345071', 'network_id': '315eb390-649f-4ef9-8c26-b259b94a4984', 'ip_version': 4, 'subnetpool_id': None, 'enable_dhcp': True, 'ipv6_ra_mode': None, 'ipv6_address_mode': None, 'gateway_ip': '192.168.128.1', 'cidr': '192.168.128.0/28', 'allocation_pools': [{'start': '192.168.128.2', 'end': '192.168.128.14'}], 'host_routes': [], 'dns_nameservers': [], 'description': '', 'router:external': False, 'service_types': [], 'tags': [], 'created_at': '2025-11-20T04:47:22Z', 'updated_at': '2025-11-20T04:47:22Z', 'revision_number': 0, 'project_id': 'd105eb8f38494ce5a0eba6946e345071'}, Router: {'id': 'abcd1efb-ac93-44b2-aab1-fbbfceca4518', 'name': 'tempest-ServersTestJSON-550939416-router', 'tenant_id': 'd105eb8f38494ce5a0eba6946e345071', 'admin_state_up': True, 'status': 'ACTIVE', 'external_gateway_info': {'network_id': '52ce722e-0d97-4bf1-99ff-a5de7764e9da', 'external_fixed_ips': [{'subnet_id': 'cafc42b5-3bcb-4b52-8f6e-b1413efd5826', 'ip_address': '10.180.180.166'}], 'enable_snat': True}, 'description': '', 'availability_zones': [], 'distributed': False, 'ha': False, 'availability_zone_hints': [], 'routes': [], 'flavor_id': None, 'tags': [], 'created_at': '2025-11-20T04:47:22Z', 'updated_at': '2025-11-20T04:47:23Z', 'revision_number': 2, 'project_id': 'd105eb8f38494ce5a0eba6946e345071'}
2025-11-20 04:47:25.474 66152 INFO tempest.lib.common.rest_client [req-aa996a3e-4e3e-4714-80e6-e5e13c395751 req-aa996a3e-4e3e-4714-80e6-e5e13c395751 ] Request (ServersTestJSON:setUpClass): 201 POST http://10.180.1.21/identity/v3/auth/tokens 0.100s
2025-11-20 04:47:25.518 66163 INFO tempest.lib.common.rest_client [req-2a669515-76ef-4f93-882d-5dd2144e3065 req-2a669515-76ef-4f93-882d-5dd2144e3065 ] Request (ListServerFiltersTestJSON:setUpClass): 202 POST http://10.180.1.21/compute/v2.1/servers 6.299s
2025-11-20 04:47:25.526 66155 INFO tempest.lib.common.rest_client [req-0c572d1a-e824-4653-871b-8e22f4f07a49 req-0c572d1a-e824-4653-871b-8e22f4f07a49 ] Request (HostsAdminTestJSON:tearDownClass): 204 DELETE http://10.180.1.21/networking/v2.0/security-groups/ab39bad1-6c88-486e-9987-71999c1a0690 0.600s
2025-11-20 04:47:25.539 66152 INFO tempest.lib.common.rest_client [req-3cd5a665-57e2-4efa-b4a0-71ac8926ddfd req-3cd5a665-57e2-4efa-b4a0-71ac8926ddfd ] Request (ServersTestJSON:setUpClass): 200 GET http://10.180.1.21/identity/v3/projects/d105eb8f38494ce5a0eba6946e345071 0.064s
2025-11-20 04:47:25.539 66152 INFO tempest.lib.common.dynamic_creds [-] Using the existing project d105eb8f38494ce5a0eba6946e345071 for scope project and roles: ['reader']
2025-11-20 04:47:25.585 66139 INFO tempest.lib.common.rest_client [req-52c2fa62-b1bf-4bde-94e8-de0a8c242808 req-52c2fa62-b1bf-4bde-94e8-de0a8c242808 ] Request (ServersAdminNegativeTestJSON:test_migrate_server_invalid_state): 200 GET http://10.180.1.21/compute/v2.1/servers/76824fd3-c494-4610-8cd4-9e2661b260c2 5.941s
2025-11-20 04:47:25.610 66155 INFO tempest.lib.common.rest_client [req-d30370b0-0785-4a4b-87f0-19692dda112d req-d30370b0-0785-4a4b-87f0-19692dda112d ] Request (HostsAdminTestJSON:tearDownClass): 204 DELETE http://10.180.1.21/identity/v3/projects/86103599a2714188acc1f5ba88e95512 0.082s
2025-11-20 04:47:25.668 66152 INFO tempest.lib.common.rest_client [req-4bb261f7-c9a1-413d-9972-2cd273dbdda7 req-4bb261f7-c9a1-413d-9972-2cd273dbdda7 ] Request (ServersTestJSON:setUpClass): 201 POST http://10.180.1.21/identity/v3/users 0.129s
2025-11-20 04:47:25.720 66177 INFO tempest.lib.common.rest_client [req-fa38031d-fa52-4549-89f7-51d47e67d528 req-fa38031d-fa52-4549-89f7-51d47e67d528 ] Request (QuotaClassesAdmin257Test:test_update_default_quotas): 200 GET http://10.180.1.21/compute/v2.1/os-quota-class-sets/default 6.026s
2025-11-20 04:47:25.721 66135 INFO tempest.lib.common.rest_client [req-beac9011-4396-40fc-9666-4101cfcedad6 req-beac9011-4396-40fc-9666-4101cfcedad6 ] Request (ServicesAdminNegativeV253TestJSON:tearDownClass): 200 GET http://10.180.1.21/networking/v2.0/security-groups?tenant_id=f47c2bfedcbd463db76dd1fb2005b51d&name=default 0.567s
2025-11-20 04:47:25.729 66155 INFO tempest.lib.common.rest_client [req-f0315be5-fc80-4cd9-8cc5-55015f4a1624 req-f0315be5-fc80-4cd9-8cc5-55015f4a1624 ] Request (ServerExternalEventsTest:setUpClass): 201 POST http://10.180.1.21/identity/v3/auth/tokens 0.114s
2025-11-20 04:47:25.760 66152 INFO tempest.lib.common.rest_client [req-46f7e69d-882f-449e-aa34-156c9090be9b req-46f7e69d-882f-449e-aa34-156c9090be9b ] Request (ServersTestJSON:setUpClass): 200 GET http://10.180.1.21/identity/v3/roles 0.090s
2025-11-20 04:47:25.767 66155 INFO tempest.lib.common.rest_client [req-39c7f5a8-1b40-48e1-b831-58a986e1785c req-39c7f5a8-1b40-48e1-b831-58a986e1785c ] Request (ServerExternalEventsTest:setUpClass): 201 POST http://10.180.1.21/identity/v3/auth/tokens 0.035s
2025-11-20 04:47:25.799 66155 INFO tempest.lib.common.rest_client [req-a189390f-41d0-41fe-bf73-4569e5d36f4f req-a189390f-41d0-41fe-bf73-4569e5d36f4f ] Request (ServerExternalEventsTest:setUpClass): 200 GET http://10.180.1.21/identity/v3/domains?name=Default 0.031s
2025-11-20 04:47:25.819 66152 INFO tempest.lib.common.rest_client [req-d5f71964-35e9-4fdf-9c6c-f25d3a2dcf07 req-d5f71964-35e9-4fdf-9c6c-f25d3a2dcf07 ] Request (ServersTestJSON:setUpClass): 204 PUT http://10.180.1.21/identity/v3/projects/d105eb8f38494ce5a0eba6946e345071/users/b83b1e730f684616a9cfae43fd1a7fa2/roles/d2f48f93772c423e8e3025b11923c2dd 0.058s
2025-11-20 04:47:25.819 66152 INFO tempest.lib.common.dynamic_creds [-] Dynamic test user b83b1e730f684616a9cfae43fd1a7fa2 is created with scope project and roles: ['reader']
2025-11-20 04:47:25.819 66152 INFO tempest.lib.common.dynamic_creds [-] Acquired dynamic creds: credentials: Credentials: {'domain_id': 'default', 'domain_name': 'Default', 'username': 'tempest-ServersTestJSON-2092127270-project-reader', 'project_domain_id': 'default', 'project_domain_name': 'Default', 'project_id': 'd105eb8f38494ce5a0eba6946e345071', 'project_name': 'tempest-ServersTestJSON-2092127270', 'tenant_id': 'd105eb8f38494ce5a0eba6946e345071', 'tenant_name': 'tempest-ServersTestJSON-2092127270', 'user_domain_id': 'default', 'user_domain_name': 'Default', 'user_id': 'b83b1e730f684616a9cfae43fd1a7fa2', 'system': None}, Network: None, Subnet: None, Router: None
2025-11-20 04:47:25.819 66152 INFO tempest.lib.common.dynamic_creds [-] Network resources are not created for requested scope: project and credentials: Credentials: {'domain_id': 'default', 'domain_name': 'Default', 'username': 'tempest-ServersTestJSON-2092127270-project-reader', 'project_domain_id': 'default', 'project_domain_name': 'Default', 'project_id': 'd105eb8f38494ce5a0eba6946e345071', 'project_name': 'tempest-ServersTestJSON-2092127270', 'tenant_id': 'd105eb8f38494ce5a0eba6946e345071', 'tenant_name': 'tempest-ServersTestJSON-2092127270', 'user_domain_id': 'default', 'user_domain_name': 'Default', 'user_id': 'b83b1e730f684616a9cfae43fd1a7fa2', 'system': None}, Network: None, Subnet: None, Router: None
2025-11-20 04:47:25.834 66155 INFO tempest.lib.common.rest_client [req-a9543bf3-1a27-40d8-aba8-bf72b422a557 req-a9543bf3-1a27-40d8-aba8-bf72b422a557 ] Request (ServerExternalEventsTest:setUpClass): 201 POST http://10.180.1.21/identity/v3/projects 0.035s
2025-11-20 04:47:25.902 66152 INFO tempest.lib.common.rest_client [req-8ae0bbde-7767-458a-b51f-110222fa917f req-8ae0bbde-7767-458a-b51f-110222fa917f ] Request (ServersTestJSON:setUpClass): 201 POST http://10.180.1.21/identity/v3/auth/tokens 0.079s
2025-11-20 04:47:25.926 66155 INFO tempest.lib.common.rest_client [req-e0361e14-1482-4932-95a7-9970f0cbd3ce req-e0361e14-1482-4932-95a7-9970f0cbd3ce ] Request (ServerExternalEventsTest:setUpClass): 201 POST http://10.180.1.21/identity/v3/users 0.090s
2025-11-20 04:47:25.956 66155 INFO tempest.lib.common.rest_client [req-e7865ea6-aa9a-4c8e-be31-e2ce5e4a7665 req-e7865ea6-aa9a-4c8e-be31-e2ce5e4a7665 ] Request (ServerExternalEventsTest:setUpClass): 200 GET http://10.180.1.21/identity/v3/roles 0.030s
2025-11-20 04:47:25.993 66152 INFO tempest.lib.common.rest_client [req-81d22fd5-7fb2-4e7d-b06d-96f8260425f4 req-81d22fd5-7fb2-4e7d-b06d-96f8260425f4 ] Request (ServersTestJSON:test_create_server_specify_multibyte_character_name): 201 POST http://10.180.1.21/identity/v3/auth/tokens 0.085s
2025-11-20 04:47:25.993 66152 INFO tempest.lib.common.fixed_network [-] (ServersTestJSON:test_create_server_specify_multibyte_character_name) Found network {'id': '315eb390-649f-4ef9-8c26-b259b94a4984', 'name': 'tempest-ServersTestJSON-550939416-network', 'tenant_id': 'd105eb8f38494ce5a0eba6946e345071', 'project_id': 'd105eb8f38494ce5a0eba6946e345071', 'admin_state_up': True, 'mtu': 8950, 'status': 'ACTIVE', 'subnets': [], 'shared': False, 'port_security_enabled': True, 'router:external': False, 'provider:network_type': 'vlan', 'provider:physical_network': 'default', 'provider:segmentation_id': 613, 'availability_zone_hints': [], 'availability_zones': [], 'ipv4_address_scope': None, 'ipv6_address_scope': None, 'description': '', 'tags': [], 'created_at': '2025-11-20T04:47:21Z', 'updated_at': '2025-11-20T04:47:21Z', 'revision_number': 1} available for tenant
2025-11-20 04:47:26.006 66155 INFO tempest.lib.common.rest_client [req-78e09c3f-2a63-47ef-a9f5-0a918b07321c req-78e09c3f-2a63-47ef-a9f5-0a918b07321c ] Request (ServerExternalEventsTest:setUpClass): 204 PUT http://10.180.1.21/identity/v3/projects/f8c13955c67b49478a6381a96d24098c/users/eefa9033c5e04d5ab092454dc6cee2c0/roles/52c90d7c10f54cdba9a28c940f29123a 0.049s
2025-11-20 04:47:26.007 66155 INFO tempest.lib.common.dynamic_creds [-] Dynamic test user eefa9033c5e04d5ab092454dc6cee2c0 is created with scope project and roles: ['member']
2025-11-20 04:47:26.007 66155 INFO tempest.lib.common.dynamic_creds [-] Acquired dynamic creds: credentials: Credentials: {'domain_id': 'default', 'domain_name': 'Default', 'username': 'tempest-ServerExternalEventsTest-73663495-project-member', 'project_domain_id': 'default', 'project_domain_name': 'Default', 'project_id': 'f8c13955c67b49478a6381a96d24098c', 'project_name': 'tempest-ServerExternalEventsTest-73663495', 'tenant_id': 'f8c13955c67b49478a6381a96d24098c', 'tenant_name': 'tempest-ServerExternalEventsTest-73663495', 'user_domain_id': 'default', 'user_domain_name': 'Default', 'user_id': 'eefa9033c5e04d5ab092454dc6cee2c0', 'system': None}, Network: None, Subnet: None, Router: None
2025-11-20 04:47:26.007 66155 INFO tempest.lib.common.dynamic_creds [-] Created isolated network resources for: credentials: Credentials: {'domain_id': 'default', 'domain_name': 'Default', 'username': 'tempest-ServerExternalEventsTest-73663495-project-member', 'project_domain_id': 'default', 'project_domain_name': 'Default', 'project_id': 'f8c13955c67b49478a6381a96d24098c', 'project_name': 'tempest-ServerExternalEventsTest-73663495', 'tenant_id': 'f8c13955c67b49478a6381a96d24098c', 'tenant_name': 'tempest-ServerExternalEventsTest-73663495', 'user_domain_id': 'default', 'user_domain_name': 'Default', 'user_id': 'eefa9033c5e04d5ab092454dc6cee2c0', 'system': None}, Network: None, Subnet: None, Router: None
2025-11-20 04:47:26.079 66155 INFO tempest.lib.common.rest_client [req-705b8962-a0ad-4638-ab9e-3e81abfa82ef req-705b8962-a0ad-4638-ab9e-3e81abfa82ef ] Request (ServerExternalEventsTest:setUpClass): 201 POST http://10.180.1.21/identity/v3/auth/tokens 0.068s
2025-11-20 04:47:26.160 66155 INFO tempest.lib.common.rest_client [req-52e67120-a713-4fd0-85c5-84e52bbba8f5 req-52e67120-a713-4fd0-85c5-84e52bbba8f5 ] Request (ServerExternalEventsTest:setUpClass): 201 POST http://10.180.1.21/identity/v3/projects 0.080s
2025-11-20 04:47:26.222 66155 INFO tempest.lib.common.rest_client [req-b034e162-d977-456d-87c1-f694f6a432d7 req-b034e162-d977-456d-87c1-f694f6a432d7 ] Request (ServerExternalEventsTest:setUpClass): 201 POST http://10.180.1.21/identity/v3/users 0.061s
2025-11-20 04:47:26.252 66155 INFO tempest.lib.common.rest_client [req-b1e58ef0-3a0e-45db-a316-dbb26a3a8542 req-b1e58ef0-3a0e-45db-a316-dbb26a3a8542 ] Request (ServerExternalEventsTest:setUpClass): 200 GET http://10.180.1.21/identity/v3/roles 0.029s
2025-11-20 04:47:26.279 66155 INFO tempest.lib.common.rest_client [req-5ec1834e-3c6a-4281-8fc5-9bcc032c17a4 req-5ec1834e-3c6a-4281-8fc5-9bcc032c17a4 ] Request (ServerExternalEventsTest:setUpClass): 204 PUT http://10.180.1.21/identity/v3/projects/332ee3b5f38f4045ba018e9e8f94c698/users/e3fff001ece845ba9b9944146325906f/roles/1c555d232da34731a9cc17ddc66fb162 0.027s
2025-11-20 04:47:26.280 66143 INFO tempest.lib.common.rest_client [req-6bbce71f-ce4a-4e60-a9fb-69edc52ab9bf req-6bbce71f-ce4a-4e60-a9fb-69edc52ab9bf ] Request (ServersTestManualDisk:setUpClass): 200 PUT http://10.180.1.21/networking/v2.0/routers/d295be01-7a4f-42e9-a246-37f2d849d6d3/add_router_interface 1.509s
2025-11-20 04:47:26.281 66143 INFO tempest.lib.common.dynamic_creds [-] Created isolated network resources for: credentials: Credentials: {'domain_id': 'default', 'domain_name': 'Default', 'username': 'tempest-ServersTestManualDisk-743879650-project-member', 'project_domain_id': 'default', 'project_domain_name': 'Default', 'project_id': '7697ec1423bf4c4dbc54a75a7f77915e', 'project_name': 'tempest-ServersTestManualDisk-743879650', 'tenant_id': '7697ec1423bf4c4dbc54a75a7f77915e', 'tenant_name': 'tempest-ServersTestManualDisk-743879650', 'user_domain_id': 'default', 'user_domain_name': 'Default', 'user_id': '331f62f350ed4d1e87dc06cd6dbea5bf', 'system': None}, Network: {'id': '6e564bca-06dd-48f8-9a50-aa7aa96b726e', 'name': 'tempest-ServersTestManualDisk-2009780332-network', 'tenant_id': '7697ec1423bf4c4dbc54a75a7f77915e', 'project_id': '7697ec1423bf4c4dbc54a75a7f77915e', 'admin_state_up': True, 'mtu': 8950, 'status': 'ACTIVE', 'subnets': [], 'shared': False, 'port_security_enabled': True, 'router:external': False, 'provider:network_type': 'vlan', 'provider:physical_network': 'default', 'provider:segmentation_id': 962, 'availability_zone_hints': [], 'availability_zones': [], 'ipv4_address_scope': None, 'ipv6_address_scope': None, 'description': '', 'tags': [], 'created_at': '2025-11-20T04:47:22Z', 'updated_at': '2025-11-20T04:47:22Z', 'revision_number': 1}, Subnet: {'id': 'db6dcaa0-9b54-4c8d-b3c7-5bd98f238184', 'name': 'tempest-ServersTestManualDisk-2009780332-subnet', 'tenant_id': '7697ec1423bf4c4dbc54a75a7f77915e', 'network_id': '6e564bca-06dd-48f8-9a50-aa7aa96b726e', 'ip_version': 4, 'subnetpool_id': None, 'enable_dhcp': True, 'ipv6_ra_mode': None, 'ipv6_address_mode': None, 'gateway_ip': '192.168.128.1', 'cidr': '192.168.128.0/28', 'allocation_pools': [{'start': '192.168.128.2', 'end': '192.168.128.14'}], 'host_routes': [], 'dns_nameservers': [], 'description': '', 'router:external': False, 'service_types': [], 'tags': [], 'created_at': '2025-11-20T04:47:22Z', 'updated_at': '2025-11-20T04:47:22Z', 'revision_number': 0, 'project_id': '7697ec1423bf4c4dbc54a75a7f77915e'}, Router: {'id': 'd295be01-7a4f-42e9-a246-37f2d849d6d3', 'name': 'tempest-ServersTestManualDisk-2009780332-router', 'tenant_id': '7697ec1423bf4c4dbc54a75a7f77915e', 'admin_state_up': True, 'status': 'ACTIVE', 'external_gateway_info': {'network_id': '52ce722e-0d97-4bf1-99ff-a5de7764e9da', 'external_fixed_ips': [{'subnet_id': 'cafc42b5-3bcb-4b52-8f6e-b1413efd5826', 'ip_address': '10.180.180.194'}], 'enable_snat': True}, 'description': '', 'availability_zones': [], 'distributed': False, 'ha': False, 'availability_zone_hints': [], 'routes': [], 'flavor_id': None, 'tags': [], 'created_at': '2025-11-20T04:47:24Z', 'updated_at': '2025-11-20T04:47:24Z', 'revision_number': 2, 'project_id': '7697ec1423bf4c4dbc54a75a7f77915e'}
2025-11-20 04:47:26.337 66155 INFO tempest.lib.common.rest_client [req-b55ac85a-d82e-431b-8c0c-58a7a6b59504 req-b55ac85a-d82e-431b-8c0c-58a7a6b59504 ] Request (ServerExternalEventsTest:setUpClass): 200 GET http://10.180.1.21/identity/v3/roles 0.057s
2025-11-20 04:47:26.348 66143 INFO tempest.lib.common.rest_client [req-ca1c1b64-9463-4393-879b-78c23302d716 req-ca1c1b64-9463-4393-879b-78c23302d716 ] Request (ServersTestManualDisk:setUpClass): 201 POST http://10.180.1.21/identity/v3/auth/tokens 0.063s
2025-11-20 04:47:26.359 66155 INFO tempest.lib.common.rest_client [req-d0c071f9-ce3b-4620-9ef8-1dd31d88eba2 req-d0c071f9-ce3b-4620-9ef8-1dd31d88eba2 ] Request (ServerExternalEventsTest:setUpClass): 204 PUT http://10.180.1.21/identity/v3/projects/332ee3b5f38f4045ba018e9e8f94c698/users/e3fff001ece845ba9b9944146325906f/roles/1c555d232da34731a9cc17ddc66fb162 0.021s
2025-11-20 04:47:26.359 66155 INFO tempest.lib.common.dynamic_creds [-] Dynamic test user e3fff001ece845ba9b9944146325906f is created with scope project and roles: ['admin']
2025-11-20 04:47:26.359 66155 INFO tempest.lib.common.dynamic_creds [-] Acquired dynamic creds: credentials: Credentials: {'domain_id': 'default', 'domain_name': 'Default', 'username': 'tempest-ServerExternalEventsTest-688461541-project-admin', 'project_domain_id': 'default', 'project_domain_name': 'Default', 'project_id': '332ee3b5f38f4045ba018e9e8f94c698', 'project_name': 'tempest-ServerExternalEventsTest-688461541', 'tenant_id': '332ee3b5f38f4045ba018e9e8f94c698', 'tenant_name': 'tempest-ServerExternalEventsTest-688461541', 'user_domain_id': 'default', 'user_domain_name': 'Default', 'user_id': 'e3fff001ece845ba9b9944146325906f', 'system': None}, Network: None, Subnet: None, Router: None
2025-11-20 04:47:26.360 66155 INFO tempest.lib.common.dynamic_creds [-] Created isolated network resources for: credentials: Credentials: {'domain_id': 'default', 'domain_name': 'Default', 'username': 'tempest-ServerExternalEventsTest-688461541-project-admin', 'project_domain_id': 'default', 'project_domain_name': 'Default', 'project_id': '332ee3b5f38f4045ba018e9e8f94c698', 'project_name': 'tempest-ServerExternalEventsTest-688461541', 'tenant_id': '332ee3b5f38f4045ba018e9e8f94c698', 'tenant_name': 'tempest-ServerExternalEventsTest-688461541', 'user_domain_id': 'default', 'user_domain_name': 'Default', 'user_id': 'e3fff001ece845ba9b9944146325906f', 'system': None}, Network: None, Subnet: None, Router: None
2025-11-20 04:47:26.429 66155 INFO tempest.lib.common.rest_client [req-500eada2-54a9-49a7-8901-9f9a00f2b67c req-500eada2-54a9-49a7-8901-9f9a00f2b67c ] Request (ServerExternalEventsTest:setUpClass): 201 POST http://10.180.1.21/identity/v3/auth/tokens 0.067s
2025-11-20 04:47:26.462 66135 INFO tempest.lib.common.rest_client [req-cc3fb6b4-73d5-4e1b-b088-d2a9bb735df3 req-cc3fb6b4-73d5-4e1b-b088-d2a9bb735df3 ] Request (ServicesAdminNegativeV253TestJSON:tearDownClass): 204 DELETE http://10.180.1.21/networking/v2.0/security-groups/8c5d838d-caa3-42a5-8adc-c7613e8cec17 0.740s
2025-11-20 04:47:26.495 66179 INFO tempest.lib.common.rest_client [req-f44b32b1-c8d0-4a2a-bf78-4804e83367e4 req-f44b32b1-c8d0-4a2a-bf78-4804e83367e4 ] Request (ServersListShow296Test:test_list_show_update_rebuild_server_296): 200 GET http://10.180.1.21/compute/v2.1/servers/5603df51-b568-4e1c-9b11-412c7781bbd3 6.378s
2025-11-20 04:47:26.515 66155 INFO tempest.lib.common.rest_client [req-3cd83e66-12c6-40b2-abd1-56b6aa5eb2ae req-3cd83e66-12c6-40b2-abd1-56b6aa5eb2ae ] Request (ServerExternalEventsTest:setUpClass): 201 POST http://10.180.1.21/identity/v3/projects 0.084s
2025-11-20 04:47:26.573 66155 INFO tempest.lib.common.rest_client [req-d51947ac-4e84-4a09-9d43-ec02bfe53bdd req-d51947ac-4e84-4a09-9d43-ec02bfe53bdd ] Request (ServerExternalEventsTest:setUpClass): 201 POST http://10.180.1.21/identity/v3/users 0.057s
2025-11-20 04:47:26.593 66155 INFO tempest.lib.common.rest_client [req-33853a3a-fb29-4b28-b06e-5c2598ef5425 req-33853a3a-fb29-4b28-b06e-5c2598ef5425 ] Request (ServerExternalEventsTest:setUpClass): 200 GET http://10.180.1.21/identity/v3/roles 0.020s
2025-11-20 04:47:26.610 66135 INFO tempest.lib.common.rest_client [req-136d58b4-56f6-4306-acf4-cbaea5327564 req-136d58b4-56f6-4306-acf4-cbaea5327564 ] Request (ServicesAdminNegativeV253TestJSON:tearDownClass): 204 DELETE http://10.180.1.21/identity/v3/projects/f47c2bfedcbd463db76dd1fb2005b51d 0.148s
2025-11-20 04:47:26.611 66135 INFO tempest.test [-] raised in UpdateMultiattachVolumeNegativeTest.setUpClass. Invoking tearDownClass.
2025-11-20 04:47:26.658 66135 INFO tempest.lib.common.rest_client [req-a5647bfc-a42c-4801-a10b-f8eff4259a89 req-a5647bfc-a42c-4801-a10b-f8eff4259a89 ] Request (ServersTestBootFromVolume:setUpClass): 201 POST http://10.180.1.21/identity/v3/auth/tokens 0.038s
2025-11-20 04:47:26.672 66155 INFO tempest.lib.common.rest_client [req-2a094db9-469d-4e81-9a33-e4d74c717e1a req-2a094db9-469d-4e81-9a33-e4d74c717e1a ] Request (ServerExternalEventsTest:setUpClass): 204 PUT http://10.180.1.21/identity/v3/projects/461b6eb7f02c4a8dae723d0113d7465f/users/a3452e94269748df960026576aa128dc/roles/2b28802e86a24de085d3ae7898fe55f5 0.079s
2025-11-20 04:47:26.738 66155 INFO tempest.lib.common.rest_client [req-39853e7e-0d8c-405a-89eb-b6e3cf5611ee req-39853e7e-0d8c-405a-89eb-b6e3cf5611ee ] Request (ServerExternalEventsTest:setUpClass): 200 GET http://10.180.1.21/identity/v3/roles 0.065s
2025-11-20 04:47:26.739 66135 INFO tempest.lib.common.rest_client [req-0152abcc-8748-4987-ae64-2fc8129dc096 req-0152abcc-8748-4987-ae64-2fc8129dc096 ] Request (ServersTestBootFromVolume:setUpClass): 201 POST http://10.180.1.21/identity/v3/auth/tokens 0.078s
2025-11-20 04:47:26.765 66155 INFO tempest.lib.common.rest_client [req-604b56f4-0226-4aa3-b822-6bbba0b3fa4b req-604b56f4-0226-4aa3-b822-6bbba0b3fa4b ] Request (ServerExternalEventsTest:setUpClass): 204 PUT http://10.180.1.21/identity/v3/projects/461b6eb7f02c4a8dae723d0113d7465f/users/a3452e94269748df960026576aa128dc/roles/1c555d232da34731a9cc17ddc66fb162 0.027s
2025-11-20 04:47:26.765 66155 INFO tempest.lib.common.dynamic_creds [-] Dynamic test user a3452e94269748df960026576aa128dc is created with scope project and roles: ['service', 'admin']
2025-11-20 04:47:26.765 66155 INFO tempest.lib.common.dynamic_creds [-] Acquired dynamic creds: credentials: Credentials: {'domain_id': 'default', 'domain_name': 'Default', 'username': 'tempest-ServerExternalEventsTest-597248993-project', 'project_domain_id': 'default', 'project_domain_name': 'Default', 'project_id': '461b6eb7f02c4a8dae723d0113d7465f', 'project_name': 'tempest-ServerExternalEventsTest-597248993', 'tenant_id': '461b6eb7f02c4a8dae723d0113d7465f', 'tenant_name': 'tempest-ServerExternalEventsTest-597248993', 'user_domain_id': 'default', 'user_domain_name': 'Default', 'user_id': 'a3452e94269748df960026576aa128dc', 'system': None}, Network: None, Subnet: None, Router: None
2025-11-20 04:47:26.766 66155 INFO tempest.lib.common.dynamic_creds [-] Created isolated network resources for: credentials: Credentials: {'domain_id': 'default', 'domain_name': 'Default', 'username': 'tempest-ServerExternalEventsTest-597248993-project', 'project_domain_id': 'default', 'project_domain_name': 'Default', 'project_id': '461b6eb7f02c4a8dae723d0113d7465f', 'project_name': 'tempest-ServerExternalEventsTest-597248993', 'tenant_id': '461b6eb7f02c4a8dae723d0113d7465f', 'tenant_name': 'tempest-ServerExternalEventsTest-597248993', 'user_domain_id': 'default', 'user_domain_name': 'Default', 'user_id': 'a3452e94269748df960026576aa128dc', 'system': None}, Network: None, Subnet: None, Router: None
2025-11-20 04:47:26.832 66135 INFO tempest.lib.common.rest_client [req-e75d0f81-8b4e-4416-b800-d3f72f9e65c6 req-e75d0f81-8b4e-4416-b800-d3f72f9e65c6 ] Request (ServersTestBootFromVolume:setUpClass): 200 GET http://10.180.1.21/identity/v3/domains?name=Default 0.092s
2025-11-20 04:47:26.892 66155 INFO tempest.lib.common.rest_client [req-6fe2f1c2-16bd-4781-8bc0-2355d28e4cb7 req-6fe2f1c2-16bd-4781-8bc0-2355d28e4cb7 ] Request (ServerExternalEventsTest:setUpClass): 201 POST http://10.180.1.21/identity/v3/auth/tokens 0.123s
2025-11-20 04:47:26.903 66135 INFO tempest.lib.common.rest_client [req-1f127c02-4371-45ab-acce-208a50ac6658 req-1f127c02-4371-45ab-acce-208a50ac6658 ] Request (ServersTestBootFromVolume:setUpClass): 201 POST http://10.180.1.21/identity/v3/projects 0.070s
2025-11-20 04:47:27.005 66155 INFO tempest.lib.common.rest_client [req-5be9f176-9348-473e-8884-12646c38af0c req-5be9f176-9348-473e-8884-12646c38af0c ] Request (ServerExternalEventsTest:test_create_server_external_events): 201 POST http://10.180.1.21/identity/v3/auth/tokens 0.107s
2025-11-20 04:47:27.005 66155 INFO tempest.lib.common.fixed_network [-] (ServerExternalEventsTest:test_create_server_external_events) Found network None available for tenant
2025-11-20 04:47:27.021 66135 INFO tempest.lib.common.rest_client [req-64d43c5f-8fd3-4017-b30b-708e0f085a30 req-64d43c5f-8fd3-4017-b30b-708e0f085a30 ] Request (ServersTestBootFromVolume:setUpClass): 201 POST http://10.180.1.21/identity/v3/users 0.117s
2025-11-20 04:47:27.047 66135 INFO tempest.lib.common.rest_client [req-dbe61112-eded-41de-9dcd-17e84a40b400 req-dbe61112-eded-41de-9dcd-17e84a40b400 ] Request (ServersTestBootFromVolume:setUpClass): 200 GET http://10.180.1.21/identity/v3/roles 0.025s
2025-11-20 04:47:27.083 66135 INFO tempest.lib.common.rest_client [req-c93d0cf6-7ba5-4e36-98f2-2159b768794a req-c93d0cf6-7ba5-4e36-98f2-2159b768794a ] Request (ServersTestBootFromVolume:setUpClass): 204 PUT http://10.180.1.21/identity/v3/projects/21aad7beb5ee4cd0baaf6af42d9efd5d/users/dad768ee23fe41d4b0551471c4c34791/roles/52c90d7c10f54cdba9a28c940f29123a 0.035s
2025-11-20 04:47:27.083 66135 INFO tempest.lib.common.dynamic_creds [-] Dynamic test user dad768ee23fe41d4b0551471c4c34791 is created with scope project and roles: ['member']
2025-11-20 04:47:27.083 66135 INFO tempest.lib.common.dynamic_creds [-] Acquired dynamic creds: credentials: Credentials: {'domain_id': 'default', 'domain_name': 'Default', 'username': 'tempest-ServersTestBootFromVolume-635138935-project-member', 'project_domain_id': 'default', 'project_domain_name': 'Default', 'project_id': '21aad7beb5ee4cd0baaf6af42d9efd5d', 'project_name': 'tempest-ServersTestBootFromVolume-635138935', 'tenant_id': '21aad7beb5ee4cd0baaf6af42d9efd5d', 'tenant_name': 'tempest-ServersTestBootFromVolume-635138935', 'user_domain_id': 'default', 'user_domain_name': 'Default', 'user_id': 'dad768ee23fe41d4b0551471c4c34791', 'system': None}, Network: None, Subnet: None, Router: None
2025-11-20 04:47:27.164 66135 INFO tempest.lib.common.rest_client [req-461b7fe2-db07-4c72-b203-5c8daaa0353b req-461b7fe2-db07-4c72-b203-5c8daaa0353b ] Request (ServersTestBootFromVolume:setUpClass): 201 POST http://10.180.1.21/identity/v3/auth/tokens 0.080s
2025-11-20 04:47:27.592 66135 INFO tempest.lib.common.rest_client [req-2fef028b-e8cb-4db3-bc8a-c151640db661 req-2fef028b-e8cb-4db3-bc8a-c151640db661 ] Request (ServersTestBootFromVolume:setUpClass): 201 POST http://10.180.1.21/networking/v2.0/networks 0.428s
2025-11-20 04:47:27.628 66171 INFO tempest.lib.common.rest_client [req-02ca476c-1e71-41fd-b49d-4f1771562043 req-02ca476c-1e71-41fd-b49d-4f1771562043 ] Request (ImagesTestJSON:test_create_image_from_stopped_server): 200 GET http://10.180.1.21/compute/v2.1/servers/5750b19a-c936-41f5-88b3-b0cc75726df1 7.290s
2025-11-20 04:47:27.635 66171 INFO tempest.common.waiters [-] State transition "BUILD/None" ==> "BUILD/spawning" after 8 second wait
2025-11-20 04:47:27.721 66131 INFO tempest.lib.common.rest_client [req-922c8025-ec3b-4d9f-94e4-3d4175ac2cdb req-922c8025-ec3b-4d9f-94e4-3d4175ac2cdb ] Request (ServerDiagnosticsNegativeTest:test_get_server_diagnostics_by_non_admin): 202 POST http://10.180.1.21/compute/v2.1/servers 7.972s
2025-11-20 04:47:27.947 66135 INFO tempest.lib.common.rest_client [req-e6137cab-6524-47e7-954c-1ab59d1328c3 req-e6137cab-6524-47e7-954c-1ab59d1328c3 ] Request (ServersTestBootFromVolume:setUpClass): 201 POST http://10.180.1.21/networking/v2.0/subnets 0.353s
2025-11-20 04:47:28.783 66135 INFO tempest.lib.common.rest_client [req-d01a6730-af61-4c2a-92bb-62889446391f req-d01a6730-af61-4c2a-92bb-62889446391f ] Request (ServersTestBootFromVolume:setUpClass): 201 POST http://10.180.1.21/networking/v2.0/routers 0.836s
2025-11-20 04:47:28.802 66175 INFO tempest.lib.common.rest_client [req-15dcf36e-65c7-4a17-8615-a3ce585c706f req-15dcf36e-65c7-4a17-8615-a3ce585c706f ] Request (ServersTestJSON:setUpClass): 200 GET http://10.180.1.21/compute/v2.1/servers/f2cbc9f3-12f8-4737-a8ca-013c6caea3e9 7.955s
2025-11-20 04:47:28.810 66175 INFO tempest.common.waiters [-] State transition "BUILD/spawning" ==> "ACTIVE/None" after 26 second wait
2025-11-20 04:47:28.909 66119 INFO tempest.lib.common.rest_client [req-013fa065-dae7-4ec4-8b6b-11a205e3a8ca req-013fa065-dae7-4ec4-8b6b-11a205e3a8ca ] Request (FloatingIPsAssociationTestJSON:test_associate_already_associated_floating_ip): 200 GET http://10.180.1.21/compute/v2.1/servers/852ff2bc-c17b-45d1-9d47-8f829fd97f25 7.989s
2025-11-20 04:47:29.032 66147 INFO tempest.lib.common.rest_client [req-9609688a-23b5-4789-b815-e554a7e36e37 req-9609688a-23b5-4789-b815-e554a7e36e37 ] Request (ListImageFiltersTestJSON:setUpClass): 202 POST http://10.180.1.21/compute/v2.1/servers 8.216s
2025-11-20 04:47:29.339 66125 INFO tempest.lib.common.rest_client [req-6b29a2b7-9f49-4a3d-8f7b-b3569f498935 req-6b29a2b7-9f49-4a3d-8f7b-b3569f498935 ] Request (ServersAdmin275Test:test_rebuild_update_server_275): 200 GET http://10.180.1.21/compute/v2.1/servers/2ae45b82-9506-4806-81ad-36ce7ea604bc 8.379s
2025-11-20 04:47:29.350 66125 INFO tempest.common.waiters [-] State transition "BUILD/spawning" ==> "ACTIVE/None" after 10 second wait
2025-11-20 04:47:29.644 66135 INFO tempest.lib.common.rest_client [req-368c6d0a-a381-48ee-a6fb-ec05a59b6ee6 req-368c6d0a-a381-48ee-a6fb-ec05a59b6ee6 ] Request (ServersTestBootFromVolume:setUpClass): 200 PUT http://10.180.1.21/networking/v2.0/routers/202de3b3-3b3e-4adb-8b8f-5ef81363e8db/add_router_interface 0.860s
2025-11-20 04:47:29.645 66135 INFO tempest.lib.common.dynamic_creds [-] Created isolated network resources for: credentials: Credentials: {'domain_id': 'default', 'domain_name': 'Default', 'username': 'tempest-ServersTestBootFromVolume-635138935-project-member', 'project_domain_id': 'default', 'project_domain_name': 'Default', 'project_id': '21aad7beb5ee4cd0baaf6af42d9efd5d', 'project_name': 'tempest-ServersTestBootFromVolume-635138935', 'tenant_id': '21aad7beb5ee4cd0baaf6af42d9efd5d', 'tenant_name': 'tempest-ServersTestBootFromVolume-635138935', 'user_domain_id': 'default', 'user_domain_name': 'Default', 'user_id': 'dad768ee23fe41d4b0551471c4c34791', 'system': None}, Network: {'id': '62abf657-a27a-4b98-9a4d-e3629a105e86', 'name': 'tempest-ServersTestBootFromVolume-1650180517-network', 'tenant_id': '21aad7beb5ee4cd0baaf6af42d9efd5d', 'project_id': '21aad7beb5ee4cd0baaf6af42d9efd5d', 'admin_state_up': True, 'mtu': 8950, 'status': 'ACTIVE', 'subnets': [], 'shared': False, 'port_security_enabled': True, 'router:external': False, 'provider:network_type': 'vlan', 'provider:physical_network': 'default', 'provider:segmentation_id': 729, 'availability_zone_hints': [], 'availability_zones': [], 'ipv4_address_scope': None, 'ipv6_address_scope': None, 'description': '', 'tags': [], 'created_at': '2025-11-20T04:47:27Z', 'updated_at': '2025-11-20T04:47:27Z', 'revision_number': 1}, Subnet: {'id': 'f98933b8-c56b-421e-9603-a161ce3c3134', 'name': 'tempest-ServersTestBootFromVolume-1650180517-subnet', 'tenant_id': '21aad7beb5ee4cd0baaf6af42d9efd5d', 'network_id': '62abf657-a27a-4b98-9a4d-e3629a105e86', 'ip_version': 4, 'subnetpool_id': None, 'enable_dhcp': True, 'ipv6_ra_mode': None, 'ipv6_address_mode': None, 'gateway_ip': '192.168.128.1', 'cidr': '192.168.128.0/28', 'allocation_pools': [{'start': '192.168.128.2', 'end': '192.168.128.14'}], 'host_routes': [], 'dns_nameservers': [], 'description': '', 'router:external': False, 'service_types': [], 'tags': [], 'created_at': '2025-11-20T04:47:27Z', 'updated_at': '2025-11-20T04:47:27Z', 'revision_number': 0, 'project_id': '21aad7beb5ee4cd0baaf6af42d9efd5d'}, Router: {'id': '202de3b3-3b3e-4adb-8b8f-5ef81363e8db', 'name': 'tempest-ServersTestBootFromVolume-1650180517-router', 'tenant_id': '21aad7beb5ee4cd0baaf6af42d9efd5d', 'admin_state_up': True, 'status': 'ACTIVE', 'external_gateway_info': {'network_id': '52ce722e-0d97-4bf1-99ff-a5de7764e9da', 'external_fixed_ips': [{'subnet_id': 'cafc42b5-3bcb-4b52-8f6e-b1413efd5826', 'ip_address': '10.180.180.179'}], 'enable_snat': True}, 'description': '', 'availability_zones': [], 'distributed': False, 'ha': False, 'availability_zone_hints': [], 'routes': [], 'flavor_id': None, 'tags': [], 'created_at': '2025-11-20T04:47:28Z', 'updated_at': '2025-11-20T04:47:28Z', 'revision_number': 2, 'project_id': '21aad7beb5ee4cd0baaf6af42d9efd5d'}
2025-11-20 04:47:29.756 66135 INFO tempest.lib.common.rest_client [req-b303c29e-98ce-43a2-9388-544ae13a2b69 req-b303c29e-98ce-43a2-9388-544ae13a2b69 ] Request (ServersTestBootFromVolume:setUpClass): 201 POST http://10.180.1.21/identity/v3/auth/tokens 0.104s
2025-11-20 04:47:29.828 66149 INFO tempest.lib.common.rest_client [req-3463f58a-83b8-4692-a2c6-3a7a4a50c103 req-3463f58a-83b8-4692-a2c6-3a7a4a50c103 ] Request (MigrationsAdminTest:test_list_migrations_in_flavor_resize_situation): 200 GET http://10.180.1.21/compute/v2.1/servers/490f16d8-a261-4dc6-945e-10df56459d33 8.863s
2025-11-20 04:47:29.878 66169 INFO tempest.lib.common.rest_client [req-38cb64e5-62d4-40e2-9daf-c278b221cf69 req-38cb64e5-62d4-40e2-9daf-c278b221cf69 ] Request (TenantUsagesTestJSON:setUpClass): 200 GET http://10.180.1.21/compute/v2.1/servers/fd026dea-8e2b-4caf-91d6-125b41034aae 8.796s
2025-11-20 04:47:29.887 66169 INFO tempest.common.waiters [-] State transition "BUILD/spawning" ==> "ACTIVE/None" after 27 second wait
2025-11-20 04:47:29.900 66145 INFO tempest.lib.common.rest_client [req-426a8488-d7d4-40b8-be5b-004260ec48d7 req-426a8488-d7d4-40b8-be5b-004260ec48d7 ] Request (AggregatesAdminNegativeTestJSON:test_aggregate_add_non_exist_host): 404 POST http://10.180.1.21/compute/v2.1/os-aggregates/3/action 8.717s
2025-11-20 04:47:29.918 66117 INFO tempest.lib.common.rest_client [req-04ef975c-7f1f-4415-9946-8d1140cb35f3 req-04ef975c-7f1f-4415-9946-8d1140cb35f3 ] Request (FlavorsAdminTestJSON:test_create_flavor_with_none_id): 200 POST http://10.180.1.21/compute/v2.1/flavors 8.461s
2025-11-20 04:47:29.943 66127 INFO tempest.lib.common.rest_client [req-479a21dc-62a9-4324-8576-8e03c73c1b87 req-479a21dc-62a9-4324-8576-8e03c73c1b87 ] Request (FlavorsAccessTestJSON:_run_cleanups): 200 GET http://10.180.1.21/compute/v2.1/flavors/detail 8.476s
2025-11-20 04:47:29.953 66129 INFO tempest.lib.common.rest_client [req-2c7cfef1-52c6-47d4-b3f7-f0f39e4d90ac req-2c7cfef1-52c6-47d4-b3f7-f0f39e4d90ac ] Request (HostsAdminNegativeTestJSON:test_startup_nonexistent_host): 404 GET http://10.180.1.21/compute/v2.1/os-hosts/nonexistent_hostname/startup 8.477s
2025-11-20 04:47:29.971 66159 INFO tempest.lib.common.rest_client [req-ebb19dc8-eee9-4dfd-bf6a-0fc43194fed4 req-ebb19dc8-eee9-4dfd-bf6a-0fc43194fed4 ] Request (ServersWithSpecificFlavorTestJSON:test_verify_created_server_ephemeral_disk): 200 POST http://10.180.1.21/compute/v2.1/flavors/1595874616/os-extra_specs 8.484s
2025-11-20 04:47:30.012 66167 INFO tempest.lib.common.rest_client [req-9bedcf6e-7ac7-43fc-b0bc-bb39ba09d9c6 req-9bedcf6e-7ac7-43fc-b0bc-bb39ba09d9c6 ] Request (SecurityGroupsTestAdminJSON:_run_cleanups): 202 DELETE http://10.180.1.21/compute/v2.1/os-security-groups/c3457b7f-0634-4541-b734-1dd780a980fd 8.860s
2025-11-20 04:47:30.046 66127 INFO tempest.lib.common.rest_client [req-871fb89f-2f1e-4216-b65f-ed7d124e3214 req-871fb89f-2f1e-4216-b65f-ed7d124e3214 ] Request (FlavorsAccessTestJSON:tearDownClass): 204 DELETE http://10.180.1.21/identity/v3/users/71fa451ebcfe46f98f58eb62f566a938 0.095s
2025-11-20 04:47:30.106 66181 INFO tempest.lib.common.rest_client [req-b6bb1a24-277e-42a7-bb26-9906519f0f38 req-b6bb1a24-277e-42a7-bb26-9906519f0f38 ] Request (VolumesAdminNegativeTest:test_update_attached_volume_with_nonexistent_volume_in_uri): 200 GET http://10.180.1.21/compute/v2.1/servers/bcc96ebc-0ba2-42ad-b947-41faedfd6574 7.952s
2025-11-20 04:47:30.164 66127 INFO tempest.lib.common.rest_client [req-75c74d20-551c-4977-b207-63d9efeca12a req-75c74d20-551c-4977-b207-63d9efeca12a ] Request (FlavorsAccessTestJSON:tearDownClass): 204 DELETE http://10.180.1.21/identity/v3/users/56c4149e139a482689e150e3bfa0f888 0.115s
2025-11-20 04:47:30.164 66127 INFO tempest.lib.common.dynamic_creds [-] Deleting project and security group for project: 44c493a750014818ab209c06993219e9
2025-11-20 04:47:30.187 66141 INFO tempest.lib.common.rest_client [req-8527b68f-26d9-4201-8a2e-7cff2b578c4b req-8527b68f-26d9-4201-8a2e-7cff2b578c4b ] Request (DeleteServersAdminTestJSON:test_admin_delete_servers_of_others): 200 GET http://10.180.1.21/compute/v2.1/servers/ff215daa-59ef-433f-b4ef-a9ee3e81abdd 7.809s
2025-11-20 04:47:30.194 66141 INFO tempest.common.waiters [-] State transition "ACTIVE/deleting" ==> "DELETED/None" after 9 second wait
2025-11-20 04:47:30.201 66173 INFO tempest.lib.common.rest_client [req-96540140-fcf2-447d-92c4-4f574f435c16 req-96540140-fcf2-447d-92c4-4f574f435c16 ] Request (ImagesMetadataTestJSON:setUp): 200 PUT http://10.180.1.21/compute/v2.1/images/820acf16-46f2-490a-9fe9-d37f880b1ab9/metadata 8.660s
2025-11-20 04:47:30.208 66123 INFO tempest.lib.common.rest_client [req-76d4b839-6d66-471d-ab2c-931e2376c8e7 req-76d4b839-6d66-471d-ab2c-931e2376c8e7 ] Request (FlavorsAccessNegativeTestJSON:_run_cleanups): 200 GET http://10.180.1.21/compute/v2.1/flavors/detail 7.426s
2025-11-20 04:47:30.222 66127 INFO tempest.lib.common.rest_client [req-f5c9f4fd-e335-4e7b-a0e6-23e70adfeaab req-f5c9f4fd-e335-4e7b-a0e6-23e70adfeaab ] Request (FlavorsAccessTestJSON:tearDownClass): 201 POST http://10.180.1.21/identity/v3/auth/tokens 0.058s
2025-11-20 04:47:30.378 66127 INFO tempest.lib.common.rest_client [req-bf1c0c5c-cfb8-432d-bda3-9e3b6bff4561 req-bf1c0c5c-cfb8-432d-bda3-9e3b6bff4561 ] Request (FlavorsAccessTestJSON:tearDownClass): 200 GET http://10.180.1.21/networking/v2.0/security-groups?tenant_id=44c493a750014818ab209c06993219e9&name=default 0.155s
2025-11-20 04:47:30.469 66163 INFO tempest.lib.common.rest_client [req-d1931c41-7c54-47c9-ac4e-dffa6c82d566 req-d1931c41-7c54-47c9-ac4e-dffa6c82d566 ] Request (ListServerFiltersTestJSON:setUpClass): 200 GET http://10.180.1.21/compute/v2.1/servers/5ca7b1d2-a1b8-4102-8034-d821e2a10879 4.949s
2025-11-20 04:47:30.550 66127 INFO tempest.lib.common.rest_client [req-8d2bff6c-10df-4c2c-ac03-e8d24ebb4a94 req-8d2bff6c-10df-4c2c-ac03-e8d24ebb4a94 ] Request (FlavorsAccessTestJSON:tearDownClass): 204 DELETE http://10.180.1.21/networking/v2.0/security-groups/2909bc63-be11-4044-9c67-df2498f9993b 0.171s
2025-11-20 04:47:30.598 66165 INFO tempest.lib.common.rest_client [req-13f7e01d-89e6-4ffd-aa7b-760c64842fde req-13f7e01d-89e6-4ffd-aa7b-760c64842fde ] Request (AttachInterfacesTestJSON:test_create_list_show_delete_interfaces_by_fixed_ip): 200 GET http://10.180.1.21/compute/v2.1/servers/9b2a58b2-eec0-47f9-8e4e-0eeb87571d67 6.947s
