2025-11-20 04:50:00.469 66159 INFO tempest.lib.common.rest_client [req-49a5f2cd-ea62-4c65-9197-77c6bfa068ff req-49a5f2cd-ea62-4c65-9197-77c6bfa068ff ] Request (ServersWithSpecificFlavorTestJSON:test_verify_created_server_ephemeral_disk): 200 GET http://10.180.1.21/compute/v2.1/servers/76ac59fc-c1d6-419e-90f3-d2099d3069ad 1.142s
2025-11-20 04:50:00.496 66169 INFO tempest.lib.common.rest_client [req-3e337dbc-99cf-473c-bd0f-3893c6d60cbd req-3e337dbc-99cf-473c-bd0f-3893c6d60cbd ] Request (ImagesOneServerNegativeTestJSON:setUp): 200 GET http://10.180.1.21/compute/v2.1/servers/a93325c6-8901-488c-a626-bf1aa9f4f3af 1.221s
2025-11-20 04:50:00.501 66125 INFO tempest.lib.common.rest_client [req-16d2a1a2-b098-47b3-bd83-caff9b09aaf7 req-16d2a1a2-b098-47b3-bd83-caff9b09aaf7 ] Request (ServerMetadataNegativeTestJSON:test_server_create_metadata_key_too_long): 400 POST http://10.180.1.21/compute/v2.1/servers 1.089s
2025-11-20 04:50:00.538 66131 INFO tempest.lib.common.rest_client [req-f0a46ca2-29a8-4ee4-a091-abbaab984567 req-f0a46ca2-29a8-4ee4-a091-abbaab984567 ] Request (ServersAaction247Test:test_create_backup): 200 GET http://10.180.1.21/compute/v2.1/servers/7aeb9f93-b2c0-4bd6-a442-788a587c5495 1.143s
2025-11-20 04:50:00.546 66125 INFO tempest.lib.common.rest_client [req-89392b47-2808-4cec-a446-60d127492190 req-89392b47-2808-4cec-a446-60d127492190 ] Request (ServerMetadataNegativeTestJSON:test_server_create_metadata_key_too_long): 201 POST http://10.180.1.21/identity/v3/auth/tokens 0.040s
2025-11-20 04:50:00.546 66125 INFO tempest.lib.common.fixed_network [-] (ServerMetadataNegativeTestJSON:test_server_create_metadata_key_too_long) Found network {'id': 'fe5a2706-96b9-48e5-ae70-335f980cf02d', 'name': 'tempest-ServerMetadataNegativeTestJSON-246113601-network', 'tenant_id': '0b4cefcbc6d44a2984e299327e4c8207', 'project_id': '0b4cefcbc6d44a2984e299327e4c8207', 'admin_state_up': True, 'mtu': 8950, 'status': 'ACTIVE', 'subnets': [], 'shared': False, 'port_security_enabled': True, 'router:external': False, 'provider:network_type': 'vlan', 'provider:physical_network': 'default', 'provider:segmentation_id': 830, 'availability_zone_hints': [], 'availability_zones': [], 'ipv4_address_scope': None, 'ipv6_address_scope': None, 'description': '', 'tags': [], 'created_at': '2025-11-20T04:48:36Z', 'updated_at': '2025-11-20T04:48:36Z', 'revision_number': 1} available for tenant
2025-11-20 04:50:00.562 66121 INFO tempest.lib.common.rest_client [req-d48f6591-38ae-480f-a6f5-f10382c52f00 req-d48f6591-38ae-480f-a6f5-f10382c52f00 ] Request (ServerAddressesNegativeTestJSON:tearDownClass): 200 GET http://10.180.1.21/compute/v2.1/servers/fac63c6e-a9bc-45b7-9f28-e17fda40bf82 0.914s
2025-11-20 04:50:00.568 66121 INFO tempest.common.waiters [-] State transition "ACTIVE/deleting" ==> "DELETED/None" after 3 second wait
2025-11-20 04:50:00.604 66163 INFO tempest.lib.common.rest_client [req-bed1dfc3-7bcb-43f7-abb8-63a231355b85 req-bed1dfc3-7bcb-43f7-abb8-63a231355b85 ] Request (ListServerFiltersTestJSON:tearDownClass): 200 GET http://10.180.1.21/compute/v2.1/servers/b1e78905-5d3b-4bd4-b732-16716db84e37 0.885s
2025-11-20 04:50:00.621 66139 INFO tempest.lib.common.rest_client [req-23711704-4fcf-44d6-af34-e70ce42f43ec req-23711704-4fcf-44d6-af34-e70ce42f43ec ] Request (AttachInterfacesUnderV243Test:test_add_remove_fixed_ip): 200 GET http://10.180.1.21/compute/v2.1/servers/3a26de08-5db2-4a82-a127-3eb52156482e 0.886s
2025-11-20 04:50:00.662 66173 INFO tempest.lib.common.rest_client [req-6b4fdba6-57ec-4ebb-a0ce-8e221237a2cb req-6b4fdba6-57ec-4ebb-a0ce-8e221237a2cb ] Request (SecurityGroupsTestJSON:test_security_groups_create_list_delete): 404 GET http://10.180.1.21/compute/v2.1/os-security-groups/92d9fa88-c9bb-495c-8b29-d7b4ea765a9d 0.844s
2025-11-20 04:50:00.685 66175 INFO tempest.lib.common.rest_client [req-ecc02f48-2f86-46da-9556-92a023d9e5ae req-ecc02f48-2f86-46da-9556-92a023d9e5ae ] Request (ServerRescueTestJSON:setUpClass): 200 GET http://10.180.1.21/compute/v2.1/servers/d7c01336-f0fa-4ccb-b6eb-9272ccdfce4b 0.905s
2025-11-20 04:50:00.685 66135 WARNING tempest.lib.common.ssh [-] Failed to establish authenticated ssh connection to cirros@10.180.180.181 ([Errno None] Unable to connect to port 22 on 10.180.180.181). Number attempts: 8. Retry after 9 seconds.: paramiko.ssh_exception.NoValidConnectionsError: [Errno None] Unable to connect to port 22 on 10.180.180.181
2025-11-20 04:50:00.779 66123 INFO tempest.lib.common.rest_client [req-58b06e18-cd1f-48ee-930a-1cb63b0aa0c2 req-58b06e18-cd1f-48ee-930a-1cb63b0aa0c2 ] Request (ServerRescueTestJSONUnderV235:setUpClass): 200 GET http://10.180.1.21/compute/v2.1/servers/e79742af-9767-4151-9a76-242d7994db55 0.802s
2025-11-20 04:50:00.787 66123 INFO tempest.common.waiters [-] State transition "ACTIVE/rescuing" ==> "RESCUE/None" after 9 second wait
2025-11-20 04:50:00.845 66167 INFO tempest.lib.common.rest_client [req-f03ff66a-340a-4116-b28d-cb1d84a98d97 req-f03ff66a-340a-4116-b28d-cb1d84a98d97 ] Request (ServersNegativeTestJSON:setUpClass): 200 GET http://10.180.1.21/compute/v2.1/servers/f3c31398-ce07-412f-b73a-dbba2f2a2aa7 0.788s
2025-11-20 04:50:00.969 66152 INFO tempest.lib.common.rest_client [req-334adf2b-4b43-4619-a749-87597310d333 req-334adf2b-4b43-4619-a749-87597310d333 ] Request (ServersTestJSON:_run_cleanups): 200 GET http://10.180.1.21/compute/v2.1/servers/62090198-5bba-4601-bc2f-bfcbd6ed5995 0.834s
2025-11-20 04:50:01.007 66143 WARNING tempest.lib.common.ssh [-] Failed to establish authenticated ssh connection to cirros@10.180.180.136 ([Errno None] Unable to connect to port 22 on 10.180.180.136). Number attempts: 10. Retry after 11 seconds.: paramiko.ssh_exception.NoValidConnectionsError: [Errno None] Unable to connect to port 22 on 10.180.180.136
2025-11-20 04:50:01.108 66161 INFO tempest.lib.common.rest_client [req-6097f54f-536b-423f-8ad1-9a115b214780 req-6097f54f-536b-423f-8ad1-9a115b214780 ] Request (VolumesAssistedSnapshotsTest:tearDownClass): 200 PUT http://10.180.1.21/networking/v2.0/routers/b7002a78-f527-492b-914b-644d9f0e70b6/remove_router_interface 0.900s
2025-11-20 04:50:01.166 66171 INFO tempest.lib.common.rest_client [req-d4e47ded-8f14-4a12-a0c1-be1c32c56312 req-d4e47ded-8f14-4a12-a0c1-be1c32c56312 ] Request (ImagesTestJSON:test_create_server_from_snapshot): 202 POST http://10.180.1.21/compute/v2.1/servers 1.148s
2025-11-20 04:50:01.251 66153 INFO tempest.lib.common.rest_client [req-39bd1219-932e-4c3f-b29b-f5f5adab22ef req-39bd1219-932e-4c3f-b29b-f5f5adab22ef ] Request (SecurityGroupRulesNegativeTestJSON:test_create_security_group_rule_with_invalid_ip_protocol): 400 POST http://10.180.1.21/compute/v2.1/os-security-group-rules 0.971s
2025-11-20 04:50:01.282 66137 INFO tempest.lib.common.rest_client [req-8a483a52-377c-4c87-9483-8ea90939446b req-8a483a52-377c-4c87-9483-8ea90939446b ] Request (ImagesNegativeTestJSON:tearDownClass): 404 DELETE http://10.180.1.21/compute/v2.1/servers/848f510a-35f9-4b4b-9149-9431346f2922 0.959s
2025-11-20 04:50:01.537 66119 INFO tempest.lib.common.rest_client [req-ed28be8b-3ab8-44e6-9b36-c7bdb7423ffe req-ed28be8b-3ab8-44e6-9b36-c7bdb7423ffe ] Request (FloatingIPDetailsTestJSON:tearDownClass): 202 DELETE http://10.180.1.21/compute/v2.1/os-floating-ips/6f94ee8b-21ac-4f43-81f5-955e0300d1ae 1.375s
2025-11-20 04:50:01.587 66177 INFO tempest.lib.common.rest_client [req-d296dd33-cdf1-4f4a-9984-67d1b98fbeb5 req-d296dd33-cdf1-4f4a-9984-67d1b98fbeb5 ] Request (DeleteServersTestJSON:test_delete_server_while_in_attached_volume): 200 GET http://10.180.1.21/compute/v2.1/servers/74dd4675-f16d-4833-b78d-911898c9911a 1.260s
2025-11-20 04:50:01.595 66161 INFO tempest.lib.common.rest_client [req-3e8a3e3d-0698-41b3-9393-0390d440f912 req-3e8a3e3d-0698-41b3-9393-0390d440f912 ] Request (VolumesAssistedSnapshotsTest:tearDownClass): 204 DELETE http://10.180.1.21/networking/v2.0/routers/b7002a78-f527-492b-914b-644d9f0e70b6 0.487s
2025-11-20 04:50:01.881 66161 INFO tempest.lib.common.rest_client [req-6126cc09-fb8d-4ad3-93b6-90834ec26048 req-6126cc09-fb8d-4ad3-93b6-90834ec26048 ] Request (VolumesAssistedSnapshotsTest:tearDownClass): 204 DELETE http://10.180.1.21/networking/v2.0/subnets/0a51eeb2-2141-4d4c-8685-ee4f59ae2594 0.285s
2025-11-20 04:50:01.906 66141 INFO tempest.lib.common.rest_client [req-7cabc79f-90b6-4c55-9dc2-2926c3dec952 req-7cabc79f-90b6-4c55-9dc2-2926c3dec952 ] Request (ServerActionsTestJSON:setUpClass): 200 GET http://10.180.1.21/compute/v2.1/servers/21fa923c-0d61-4ef9-bb0a-108ac2b111a7 1.528s
2025-11-20 04:50:02.433 66119 INFO tempest.lib.common.rest_client [req-a5ba9ada-78d3-4f4d-af82-3d9c3830d122 req-a5ba9ada-78d3-4f4d-af82-3d9c3830d122 ] Request (FloatingIPDetailsTestJSON:tearDownClass): 200 PUT http://10.180.1.21/networking/v2.0/routers/bf6ffe0e-db22-4540-b691-4f88344b4875/remove_router_interface 0.895s
2025-11-20 04:50:02.463 66161 INFO tempest.lib.common.rest_client [req-4a7fa40f-dc39-4020-993c-27e2cbb8ed47 req-4a7fa40f-dc39-4020-993c-27e2cbb8ed47 ] Request (VolumesAssistedSnapshotsTest:tearDownClass): 204 DELETE http://10.180.1.21/networking/v2.0/networks/f9fc50bc-1460-418d-aa53-7dcdbba7d464 0.581s
2025-11-20 04:50:02.524 66147 INFO tempest.lib.common.rest_client [req-5abb15f7-7d7a-4972-99e4-80506a0205f7 req-5abb15f7-7d7a-4972-99e4-80506a0205f7 ] Request (ListImageFiltersTestJSON:tearDownClass): 200 GET http://10.180.1.21/compute/v2.1/servers/584a81ec-ca0b-4e62-97ff-46a2092ff8e5 2.138s
2025-11-20 04:50:03.012 66119 INFO tempest.lib.common.rest_client [req-73394cbf-13f5-4810-b827-669e0d8f89a3 req-73394cbf-13f5-4810-b827-669e0d8f89a3 ] Request (FloatingIPDetailsTestJSON:tearDownClass): 204 DELETE http://10.180.1.21/networking/v2.0/routers/bf6ffe0e-db22-4540-b691-4f88344b4875 0.579s
2025-11-20 04:50:03.063 66169 INFO tempest.lib.common.rest_client [req-51344030-041c-41c9-8705-92e25434d227 req-51344030-041c-41c9-8705-92e25434d227 ] Request (ImagesOneServerNegativeTestJSON:test_create_second_image_when_first_image_is_being_saved): 202 POST http://10.180.1.21/compute/v2.1/servers/a93325c6-8901-488c-a626-bf1aa9f4f3af/action 2.554s
2025-11-20 04:50:03.121 66117 INFO tempest.lib.common.rest_client [req-f8fa29b3-1f90-45f7-ab16-f532234848f2 req-f8fa29b3-1f90-45f7-ab16-f532234848f2 ] Request (MultipleCreateTestJSON:test_multiple_create): 200 GET http://10.180.1.21/compute/v2.1/servers/635856de-aeba-435d-ac65-6a1c29a855bb 2.685s
2025-11-20 04:50:03.128 66125 INFO tempest.lib.common.rest_client [req-f7c3eb8a-ab67-4bb4-a2cf-37368c2c1337 req-f7c3eb8a-ab67-4bb4-a2cf-37368c2c1337 ] Request (ServerMetadataNegativeTestJSON:test_server_create_metadata_key_too_long): 400 POST http://10.180.1.21/compute/v2.1/servers 2.581s
2025-11-20 04:50:03.133 66117 INFO tempest.common.waiters [-] State transition "BUILD/spawning" ==> "ACTIVE/None" after 68 second wait
2025-11-20 04:50:03.177 66125 INFO tempest.lib.common.rest_client [req-dd5b98f6-3b44-4c52-a9e1-712a8e548813 req-dd5b98f6-3b44-4c52-a9e1-712a8e548813 ] Request (ServerMetadataNegativeTestJSON:test_server_create_metadata_key_too_long): 201 POST http://10.180.1.21/identity/v3/auth/tokens 0.042s
2025-11-20 04:50:03.177 66125 INFO tempest.lib.common.fixed_network [-] (ServerMetadataNegativeTestJSON:test_server_create_metadata_key_too_long) Found network {'id': 'fe5a2706-96b9-48e5-ae70-335f980cf02d', 'name': 'tempest-ServerMetadataNegativeTestJSON-246113601-network', 'tenant_id': '0b4cefcbc6d44a2984e299327e4c8207', 'project_id': '0b4cefcbc6d44a2984e299327e4c8207', 'admin_state_up': True, 'mtu': 8950, 'status': 'ACTIVE', 'subnets': [], 'shared': False, 'port_security_enabled': True, 'router:external': False, 'provider:network_type': 'vlan', 'provider:physical_network': 'default', 'provider:segmentation_id': 830, 'availability_zone_hints': [], 'availability_zones': [], 'ipv4_address_scope': None, 'ipv6_address_scope': None, 'description': '', 'tags': [], 'created_at': '2025-11-20T04:48:36Z', 'updated_at': '2025-11-20T04:48:36Z', 'revision_number': 1} available for tenant
2025-11-20 04:50:03.318 66119 INFO tempest.lib.common.rest_client [req-73dd3979-32a8-4751-a4f9-019c09b895a5 req-73dd3979-32a8-4751-a4f9-019c09b895a5 ] Request (FloatingIPDetailsTestJSON:tearDownClass): 204 DELETE http://10.180.1.21/networking/v2.0/subnets/2aff41c1-1272-47a1-8f9c-483521200d23 0.305s
2025-11-20 04:50:03.342 66127 INFO tempest.lib.common.rest_client [req-99a7280b-09c8-4f0f-8f25-6d800f417598 req-99a7280b-09c8-4f0f-8f25-6d800f417598 ] Request (ServerAddressesTestJSON:tearDownClass): 200 GET http://10.180.1.21/compute/v2.1/servers/7913a6e0-c740-40bf-8633-8aa1e0a74b3c 2.823s
2025-11-20 04:50:03.368 66161 INFO tempest.lib.common.rest_client [req-7c323c88-fc7c-4e6a-aa8b-28e4bea1ca5f req-7c323c88-fc7c-4e6a-aa8b-28e4bea1ca5f ] Request (VolumesAssistedSnapshotsTest:tearDownClass): 200 PUT http://10.180.1.21/networking/v2.0/routers/3a696954-0f31-4ae0-ab66-6e8ba6dc0b54/remove_router_interface 0.904s
2025-11-20 04:50:03.399 66133 INFO tempest.lib.common.rest_client [req-0b30bc31-f844-4456-abe1-b95d6bbb00f2 req-0b30bc31-f844-4456-abe1-b95d6bbb00f2 ] Request (ServersTestMultiNic:test_verify_multiple_nics_order): 200 GET http://10.180.1.21/compute/v2.1/servers/70ea0a5f-e6ef-44fd-b93f-9685e5a88eb3 2.832s
2025-11-20 04:50:03.684 66119 INFO tempest.lib.common.rest_client [req-59093b94-2cd2-4708-8fff-04bb8ea6484f req-59093b94-2cd2-4708-8fff-04bb8ea6484f ] Request (FloatingIPDetailsTestJSON:tearDownClass): 204 DELETE http://10.180.1.21/networking/v2.0/networks/05b238b4-0c45-496d-8704-f3edb9958eee 0.366s
2025-11-20 04:50:03.811 66119 INFO tempest.lib.common.rest_client [req-f10910cd-1f0e-40e6-b759-1cb68b112f78 req-f10910cd-1f0e-40e6-b759-1cb68b112f78 ] Request (FloatingIPDetailsTestJSON:tearDownClass): 204 DELETE http://10.180.1.21/identity/v3/users/71fca8f405cc45749d08bf455d6c9ece 0.126s
2025-11-20 04:50:03.811 66119 INFO tempest.lib.common.dynamic_creds [-] Deleting project and security group for project: 08f57a98c5f2488daab6415818a018e6
2025-11-20 04:50:03.823 66129 INFO tempest.lib.common.rest_client [req-1e5cd4db-54be-476f-91d7-17debd244f30 req-1e5cd4db-54be-476f-91d7-17debd244f30 ] Request (ServersAdminTestJSON:test_create_server_with_scheduling_hint): 200 GET http://10.180.1.21/compute/v2.1/servers/0c21ed64-f299-4ad0-a212-907baef4a919 3.123s
2025-11-20 04:50:03.830 66129 INFO tempest.common.waiters [-] State transition "BUILD/spawning" ==> "ACTIVE/None" after 69 second wait
2025-11-20 04:50:03.843 66173 INFO tempest.lib.common.rest_client [req-009d3cd6-6cd2-44bf-a4e8-ceec3399d248 req-009d3cd6-6cd2-44bf-a4e8-ceec3399d248 ] Request (SecurityGroupsTestJSON:test_security_groups_create_list_delete): 200 GET http://10.180.1.21/compute/v2.1/os-security-groups 3.179s
2025-11-20 04:50:03.868 66119 INFO tempest.lib.common.rest_client [req-88c5a27e-03c1-4377-b4da-6ddf44d8e111 req-88c5a27e-03c1-4377-b4da-6ddf44d8e111 ] Request (FloatingIPDetailsTestJSON:tearDownClass): 200 GET http://10.180.1.21/networking/v2.0/security-groups?tenant_id=08f57a98c5f2488daab6415818a018e6&name=default 0.056s
2025-11-20 04:50:03.923 66129 INFO tempest.lib.common.rest_client [req-81967c96-96f6-49a3-80ec-1f77af2fab00 req-81967c96-96f6-49a3-80ec-1f77af2fab00 ] Request (ServersAdminTestJSON:test_inject_network_info): 201 POST http://10.180.1.21/identity/v3/auth/tokens 0.088s
2025-11-20 04:50:03.923 66129 INFO tempest.lib.common.fixed_network [-] (ServersAdminTestJSON:test_inject_network_info) Found network {'id': 'fb1dec49-9f6c-4026-950e-aae666b20dc8', 'name': 'tempest-ServersAdminTestJSON-831111714-network', 'tenant_id': '06d4fb28ea5d40e1a0e41aa8df990cfa', 'project_id': '06d4fb28ea5d40e1a0e41aa8df990cfa', 'admin_state_up': True, 'mtu': 8950, 'status': 'ACTIVE', 'subnets': [], 'shared': False, 'port_security_enabled': True, 'router:external': False, 'provider:network_type': 'vlan', 'provider:physical_network': 'default', 'provider:segmentation_id': 21, 'availability_zone_hints': [], 'availability_zones': [], 'ipv4_address_scope': None, 'ipv6_address_scope': None, 'description': '', 'tags': [], 'created_at': '2025-11-20T04:47:44Z', 'updated_at': '2025-11-20T04:47:44Z', 'revision_number': 1} available for tenant
2025-11-20 04:50:04.017 66123 INFO tempest.lib.common.rest_client [req-56249152-135e-4d7b-b861-39fb73850f0b req-56249152-135e-4d7b-b861-39fb73850f0b ] Request (ServerRescueTestJSONUnderV235:test_rescued_vm_add_remove_security_group): 200 POST http://10.180.1.21/compute/v2.1/os-security-groups 3.228s
2025-11-20 04:50:04.114 66161 INFO tempest.lib.common.rest_client [req-49b4bcff-2f85-410f-a11a-6f42168344a6 req-49b4bcff-2f85-410f-a11a-6f42168344a6 ] Request (VolumesAssistedSnapshotsTest:tearDownClass): 204 DELETE http://10.180.1.21/networking/v2.0/routers/3a696954-0f31-4ae0-ab66-6e8ba6dc0b54 0.746s
2025-11-20 04:50:04.124 66119 INFO tempest.lib.common.rest_client [req-7f372506-d15c-4fd3-a7af-a2a8444134a7 req-7f372506-d15c-4fd3-a7af-a2a8444134a7 ] Request (FloatingIPDetailsTestJSON:tearDownClass): 204 DELETE http://10.180.1.21/networking/v2.0/security-groups/e1dc03fd-fc5b-46c2-9aea-7aa6fcc0eb34 0.256s
2025-11-20 04:50:04.144 66171 INFO tempest.lib.common.rest_client [req-cd799545-3e21-418b-84de-e83e66398f07 req-cd799545-3e21-418b-84de-e83e66398f07 ] Request (ImagesTestJSON:test_create_server_from_snapshot): 200 GET http://10.180.1.21/compute/v2.1/servers/74f348b3-035f-4dbc-abd9-e027f849e3e4 2.975s
2025-11-20 04:50:04.170 66137 INFO tempest.lib.common.rest_client [req-68ef58a1-39a3-4ede-8930-f8b7e1354359 req-68ef58a1-39a3-4ede-8930-f8b7e1354359 ] Request (ImagesNegativeTestJSON:tearDownClass): 404 GET http://10.180.1.21/compute/v2.1/servers/848f510a-35f9-4b4b-9149-9431346f2922 2.887s
2025-11-20 04:50:04.242 66153 INFO tempest.lib.common.rest_client [req-1df5228c-8adf-46bf-8cf7-bc7a168ec145 req-1df5228c-8adf-46bf-8cf7-bc7a168ec145 ] Request (SecurityGroupRulesNegativeTestJSON:test_create_security_group_rule_with_invalid_port_range): 200 POST http://10.180.1.21/compute/v2.1/os-security-groups 2.989s
2025-11-20 04:50:04.246 66119 INFO tempest.lib.common.rest_client [req-5b1c8c25-6d9d-404a-b304-dea0d7edba98 req-5b1c8c25-6d9d-404a-b304-dea0d7edba98 ] Request (FloatingIPDetailsTestJSON:tearDownClass): 204 DELETE http://10.180.1.21/identity/v3/projects/08f57a98c5f2488daab6415818a018e6 0.121s
2025-11-20 04:50:04.278 66161 INFO tempest.lib.common.rest_client [req-3968bc2b-1d93-4ced-b41c-2190174d74f2 req-3968bc2b-1d93-4ced-b41c-2190174d74f2 ] Request (VolumesAssistedSnapshotsTest:tearDownClass): 204 DELETE http://10.180.1.21/networking/v2.0/subnets/fcb04005-a4a9-4559-b44d-323a7e5dc3eb 0.164s
2025-11-20 04:50:04.315 66119 INFO tempest.lib.common.rest_client [req-3b65e5fb-763a-456c-b68e-2927d413c3bb req-3b65e5fb-763a-456c-b68e-2927d413c3bb ] Request (ImagesDeleteNegativeTestJSON:setUpClass): 201 POST http://10.180.1.21/identity/v3/auth/tokens 0.067s
2025-11-20 04:50:04.346 66119 INFO tempest.lib.common.rest_client [req-ce564f7a-1c83-4031-b59a-b1c8b178fff6 req-ce564f7a-1c83-4031-b59a-b1c8b178fff6 ] Request (ImagesDeleteNegativeTestJSON:setUpClass): 201 POST http://10.180.1.21/identity/v3/auth/tokens 0.027s
2025-11-20 04:50:04.372 66119 INFO tempest.lib.common.rest_client [req-22aed863-fed7-4b3e-b256-5063ea189b5e req-22aed863-fed7-4b3e-b256-5063ea189b5e ] Request (ImagesDeleteNegativeTestJSON:setUpClass): 200 GET http://10.180.1.21/identity/v3/domains?name=Default 0.025s
2025-11-20 04:50:04.401 66119 INFO tempest.lib.common.rest_client [req-b55ea5ad-6b33-41f0-9b20-a4abdd90715c req-b55ea5ad-6b33-41f0-9b20-a4abdd90715c ] Request (ImagesDeleteNegativeTestJSON:setUpClass): 201 POST http://10.180.1.21/identity/v3/projects 0.028s
2025-11-20 04:50:04.469 66119 INFO tempest.lib.common.rest_client [req-751cfcbe-52f8-4382-af03-ca1e518e4135 req-751cfcbe-52f8-4382-af03-ca1e518e4135 ] Request (ImagesDeleteNegativeTestJSON:setUpClass): 201 POST http://10.180.1.21/identity/v3/users 0.068s
2025-11-20 04:50:04.492 66119 INFO tempest.lib.common.rest_client [req-44c2fafc-5303-4db4-a215-d197c6ee9b7b req-44c2fafc-5303-4db4-a215-d197c6ee9b7b ] Request (ImagesDeleteNegativeTestJSON:setUpClass): 200 GET http://10.180.1.21/identity/v3/roles 0.022s
2025-11-20 04:50:04.520 66119 INFO tempest.lib.common.rest_client [req-67958e72-e686-4826-b031-65b844c55f6f req-67958e72-e686-4826-b031-65b844c55f6f ] Request (ImagesDeleteNegativeTestJSON:setUpClass): 204 PUT http://10.180.1.21/identity/v3/projects/c429033e0bca4b938b0ebde66cd9b07f/users/842bd39195ff4bad916316ad62480262/roles/52c90d7c10f54cdba9a28c940f29123a 0.027s
2025-11-20 04:50:04.520 66119 INFO tempest.lib.common.dynamic_creds [-] Dynamic test user 842bd39195ff4bad916316ad62480262 is created with scope project and roles: ['member']
2025-11-20 04:50:04.520 66119 INFO tempest.lib.common.dynamic_creds [-] Acquired dynamic creds: credentials: Credentials: {'domain_id': 'default', 'domain_name': 'Default', 'username': 'tempest-ImagesDeleteNegativeTestJSON-2019127851-project-member', 'project_domain_id': 'default', 'project_domain_name': 'Default', 'project_id': 'c429033e0bca4b938b0ebde66cd9b07f', 'project_name': 'tempest-ImagesDeleteNegativeTestJSON-2019127851', 'tenant_id': 'c429033e0bca4b938b0ebde66cd9b07f', 'tenant_name': 'tempest-ImagesDeleteNegativeTestJSON-2019127851', 'user_domain_id': 'default', 'user_domain_name': 'Default', 'user_id': '842bd39195ff4bad916316ad62480262', 'system': None}, Network: None, Subnet: None, Router: None
2025-11-20 04:50:04.521 66119 INFO tempest.lib.common.dynamic_creds [-] Created isolated network resources for: credentials: Credentials: {'domain_id': 'default', 'domain_name': 'Default', 'username': 'tempest-ImagesDeleteNegativeTestJSON-2019127851-project-member', 'project_domain_id': 'default', 'project_domain_name': 'Default', 'project_id': 'c429033e0bca4b938b0ebde66cd9b07f', 'project_name': 'tempest-ImagesDeleteNegativeTestJSON-2019127851', 'tenant_id': 'c429033e0bca4b938b0ebde66cd9b07f', 'tenant_name': 'tempest-ImagesDeleteNegativeTestJSON-2019127851', 'user_domain_id': 'default', 'user_domain_name': 'Default', 'user_id': '842bd39195ff4bad916316ad62480262', 'system': None}, Network: None, Subnet: None, Router: None
2025-11-20 04:50:04.554 66161 INFO tempest.lib.common.rest_client [req-3fb93c72-3380-4a18-bb79-d9e218b4030a req-3fb93c72-3380-4a18-bb79-d9e218b4030a ] Request (VolumesAssistedSnapshotsTest:tearDownClass): 204 DELETE http://10.180.1.21/networking/v2.0/networks/0febf240-a37c-4689-a2df-161da2ea670b 0.274s
2025-11-20 04:50:04.578 66159 INFO tempest.lib.common.rest_client [req-d7d9fd2f-d902-4998-a81c-d4129a600c23 req-d7d9fd2f-d902-4998-a81c-d4129a600c23 ] Request (ServersWithSpecificFlavorTestJSON:test_verify_created_server_ephemeral_disk): 200 GET http://10.180.1.21/compute/v2.1/servers/76ac59fc-c1d6-419e-90f3-d2099d3069ad 3.100s
2025-11-20 04:50:04.600 66119 INFO tempest.lib.common.rest_client [req-58d112f5-adfd-4c56-af1d-2f2f4ae597fb req-58d112f5-adfd-4c56-af1d-2f2f4ae597fb ] Request (ImagesDeleteNegativeTestJSON:setUpClass): 201 POST http://10.180.1.21/identity/v3/auth/tokens 0.075s
2025-11-20 04:50:04.607 66149 INFO tempest.lib.common.rest_client [req-863a5ec6-e666-401c-bc65-868732e53a24 req-863a5ec6-e666-401c-bc65-868732e53a24 ] Request (MigrationsAdminTest:test_resize_server_revert_deleted_flavor): 200 GET http://10.180.1.21/compute/v2.1/servers/1a06a675-c6da-46d0-8f84-3201bcb59e1d 3.283s
2025-11-20 04:50:04.984 66137 INFO tempest.lib.common.rest_client [req-1bdf34bd-427d-4d44-8ce9-8b228f4fa064 req-1bdf34bd-427d-4d44-8ce9-8b228f4fa064 ] Request (ImagesNegativeTestJSON:tearDownClass): 200 PUT http://10.180.1.21/networking/v2.0/routers/c70f996e-96ce-4a68-acee-4059f3bcd6d1/remove_router_interface 0.813s
2025-11-20 04:50:05.017 66131 INFO tempest.lib.common.rest_client [req-9bdc4b4d-aadb-418a-8a61-d27725947291 req-9bdc4b4d-aadb-418a-8a61-d27725947291 ] Request (ServersAaction247Test:test_create_backup): 200 GET http://10.180.1.21/compute/v2.1/servers/7aeb9f93-b2c0-4bd6-a442-788a587c5495 3.467s
2025-11-20 04:50:05.026 66131 INFO tempest.common.waiters [-] State transition "BUILD/None" ==> "BUILD/spawning" after 60 second wait
2025-11-20 04:50:05.402 66121 INFO tempest.lib.common.rest_client [req-5c16e456-45d8-45c2-b64a-e188ef231999 req-5c16e456-45d8-45c2-b64a-e188ef231999 ] Request (ServerAddressesNegativeTestJSON:tearDownClass): 200 GET http://10.180.1.21/compute/v2.1/servers/fac63c6e-a9bc-45b7-9f28-e17fda40bf82 3.832s
2025-11-20 04:50:05.435 66161 INFO tempest.lib.common.rest_client [req-a08fbcb2-fd89-44bd-8a85-6f2cd4b38c81 req-a08fbcb2-fd89-44bd-8a85-6f2cd4b38c81 ] Request (VolumesAssistedSnapshotsTest:tearDownClass): 200 PUT http://10.180.1.21/networking/v2.0/routers/87a7b7d4-bee8-473b-8365-17292088bb0a/remove_router_interface 0.881s
2025-11-20 04:50:05.459 66163 INFO tempest.lib.common.rest_client [req-06d8fca1-d347-4877-b813-5b3292ee4536 req-06d8fca1-d347-4877-b813-5b3292ee4536 ] Request (ListServerFiltersTestJSON:tearDownClass): 200 GET http://10.180.1.21/compute/v2.1/servers/b1e78905-5d3b-4bd4-b732-16716db84e37 3.847s
2025-11-20 04:50:05.765 66137 INFO tempest.lib.common.rest_client [req-664e2e22-40a1-42bb-965f-fd3606ad202e req-664e2e22-40a1-42bb-965f-fd3606ad202e ] Request (ImagesNegativeTestJSON:tearDownClass): 204 DELETE http://10.180.1.21/networking/v2.0/routers/c70f996e-96ce-4a68-acee-4059f3bcd6d1 0.781s
2025-11-20 04:50:06.163 66161 INFO tempest.lib.common.rest_client [req-a42529c2-b162-47d1-bda7-ebf1df63cff1 req-a42529c2-b162-47d1-bda7-ebf1df63cff1 ] Request (VolumesAssistedSnapshotsTest:tearDownClass): 204 DELETE http://10.180.1.21/networking/v2.0/routers/87a7b7d4-bee8-473b-8365-17292088bb0a 0.727s
2025-11-20 04:50:06.191 66139 INFO tempest.lib.common.rest_client [req-872811da-c9aa-490f-beb1-5f8696b3cd5b req-872811da-c9aa-490f-beb1-5f8696b3cd5b ] Request (AttachInterfacesUnderV243Test:test_add_remove_fixed_ip): 200 GET http://10.180.1.21/compute/v2.1/servers/3a26de08-5db2-4a82-a127-3eb52156482e 4.562s
2025-11-20 04:50:06.202 66175 INFO tempest.lib.common.rest_client [req-98ba2376-13b3-42bd-b775-de46e665bb96 req-98ba2376-13b3-42bd-b775-de46e665bb96 ] Request (ServerRescueTestJSON:setUpClass): 200 GET http://10.180.1.21/compute/v2.1/servers/d7c01336-f0fa-4ccb-b6eb-9272ccdfce4b 4.509s
2025-11-20 04:50:06.204 66139 INFO tempest.common.waiters [-] State transition "BUILD/scheduling" ==> "BUILD/None" after 6 second wait
2025-11-20 04:50:06.319 66137 INFO tempest.lib.common.rest_client [req-188a65c3-514c-473c-b815-1f7be88de20c req-188a65c3-514c-473c-b815-1f7be88de20c ] Request (ImagesNegativeTestJSON:tearDownClass): 204 DELETE http://10.180.1.21/networking/v2.0/subnets/27009e34-1bbe-4a1e-9049-4f7b918a768b 0.553s
2025-11-20 04:50:06.424 66161 INFO tempest.lib.common.rest_client [req-263f683b-639e-4d5a-9598-f51b5d7c1a28 req-263f683b-639e-4d5a-9598-f51b5d7c1a28 ] Request (VolumesAssistedSnapshotsTest:tearDownClass): 204 DELETE http://10.180.1.21/networking/v2.0/subnets/88bc6148-bf76-4859-81d5-ed26fed08f6f 0.261s
2025-11-20 04:50:06.476 66152 INFO tempest.lib.common.rest_client [req-b7ec9de2-354f-4ac3-8805-62e3c148d445 req-b7ec9de2-354f-4ac3-8805-62e3c148d445 ] Request (ServersTestJSON:_run_cleanups): 200 GET http://10.180.1.21/compute/v2.1/servers/62090198-5bba-4601-bc2f-bfcbd6ed5995 4.499s
2025-11-20 04:50:06.690 66137 INFO tempest.lib.common.rest_client [req-62931453-8b90-41cc-8c9e-e06f2d79a4d8 req-62931453-8b90-41cc-8c9e-e06f2d79a4d8 ] Request (ImagesNegativeTestJSON:tearDownClass): 204 DELETE http://10.180.1.21/networking/v2.0/networks/abffcd90-bb6a-44d4-9f87-3809defa0aa4 0.371s
2025-11-20 04:50:06.841 66137 INFO tempest.lib.common.rest_client [req-3dd32efe-5f53-4b70-8ac7-0c5df4aee436 req-3dd32efe-5f53-4b70-8ac7-0c5df4aee436 ] Request (ImagesNegativeTestJSON:tearDownClass): 204 DELETE http://10.180.1.21/identity/v3/users/fdbea2c1b93c475291aabef18ea04f94 0.149s
2025-11-20 04:50:06.841 66137 INFO tempest.lib.common.dynamic_creds [-] Deleting project and security group for project: a74090125d704bb59cc40b48590a98a8
2025-11-20 04:50:06.994 66161 INFO tempest.lib.common.rest_client [req-58a3f1b3-ec01-443c-be55-a0b61564f30c req-58a3f1b3-ec01-443c-be55-a0b61564f30c ] Request (VolumesAssistedSnapshotsTest:tearDownClass): 204 DELETE http://10.180.1.21/networking/v2.0/networks/2d823b25-5a8e-4943-9027-1df1c4a02075 0.570s
2025-11-20 04:50:07.041 66167 INFO tempest.lib.common.rest_client [req-e25669a3-8ef0-4579-8f1c-05cf2e22b274 req-e25669a3-8ef0-4579-8f1c-05cf2e22b274 ] Request (ServersNegativeTestJSON:setUpClass): 200 GET http://10.180.1.21/compute/v2.1/servers/f3c31398-ce07-412f-b73a-dbba2f2a2aa7 5.179s
2025-11-20 04:50:07.050 66167 INFO tempest.common.waiters [-] State transition "BUILD/None" ==> "BUILD/spawning" after 55 second wait
2025-11-20 04:50:07.056 66177 INFO tempest.lib.common.rest_client [req-f234b06e-5308-4277-8ec5-679b8e64873c req-f234b06e-5308-4277-8ec5-679b8e64873c ] Request (DeleteServersTestJSON:test_delete_server_while_in_attached_volume): 200 GET http://10.180.1.21/compute/v2.1/servers/74dd4675-f16d-4833-b78d-911898c9911a 4.452s
2025-11-20 04:50:07.072 66137 INFO tempest.lib.common.rest_client [req-ef933a90-41e9-469a-9da0-9871784fed28 req-ef933a90-41e9-469a-9da0-9871784fed28 ] Request (ImagesNegativeTestJSON:tearDownClass): 200 GET http://10.180.1.21/networking/v2.0/security-groups?tenant_id=a74090125d704bb59cc40b48590a98a8&name=default 0.230s
2025-11-20 04:50:07.121 66169 INFO tempest.lib.common.rest_client [req-bec299d3-e813-4833-af90-a9244fa2ccaf req-bec299d3-e813-4833-af90-a9244fa2ccaf ] Request (ImagesOneServerNegativeTestJSON:test_create_second_image_when_first_image_is_being_saved): 409 POST http://10.180.1.21/compute/v2.1/servers/a93325c6-8901-488c-a626-bf1aa9f4f3af/action 4.053s
2025-11-20 04:50:07.173 66141 INFO tempest.lib.common.rest_client [req-d4ff35da-e7ad-41e2-aaad-9944088e66b2 req-d4ff35da-e7ad-41e2-aaad-9944088e66b2 ] Request (ServerActionsTestJSON:setUpClass): 200 GET http://10.180.1.21/compute/v2.1/servers/21fa923c-0d61-4ef9-bb0a-108ac2b111a7 4.253s
2025-11-20 04:50:07.193 66125 INFO tempest.lib.common.rest_client [req-5e37b6af-b706-4079-aaba-54dfb7b82cad req-5e37b6af-b706-4079-aaba-54dfb7b82cad ] Request (ServerMetadataNegativeTestJSON:test_server_create_metadata_key_too_long): 400 POST http://10.180.1.21/compute/v2.1/servers 4.015s
2025-11-20 04:50:07.197 66137 INFO tempest.lib.common.rest_client [req-ed802e60-6fc6-4401-8bd3-6cf39e877170 req-ed802e60-6fc6-4401-8bd3-6cf39e877170 ] Request (ImagesNegativeTestJSON:tearDownClass): 204 DELETE http://10.180.1.21/networking/v2.0/security-groups/b27920d8-47a1-4633-9a6a-078d4a2ea2a6 0.124s
2025-11-20 04:50:07.203 66161 INFO tempest.lib.common.rest_client [req-97a00a11-37f2-4744-8bfd-34f72d2cf233 req-97a00a11-37f2-4744-8bfd-34f72d2cf233 ] Request (VolumesAssistedSnapshotsTest:tearDownClass): 204 DELETE http://10.180.1.21/identity/v3/users/6054b4690727463098286428b983bce0 0.208s
2025-11-20 04:50:07.316 66117 INFO tempest.lib.common.rest_client [req-2846b316-79ab-430a-a165-2afafd6a64af req-2846b316-79ab-430a-a165-2afafd6a64af ] Request (MultipleCreateTestJSON:test_multiple_create): 200 GET http://10.180.1.21/compute/v2.1/servers/9c7a877c-ae2b-4bab-a1ef-5d0f2983b610 4.182s
2025-11-20 04:50:07.333 66147 INFO tempest.lib.common.rest_client [req-3f668ccc-064e-4f81-b760-2fba590c90d2 req-3f668ccc-064e-4f81-b760-2fba590c90d2 ] Request (ListImageFiltersTestJSON:tearDownClass): 200 GET http://10.180.1.21/compute/v2.1/servers/584a81ec-ca0b-4e62-97ff-46a2092ff8e5 3.800s
2025-11-20 04:50:07.341 66147 INFO tempest.common.waiters [-] State transition "ACTIVE/deleting" ==> "DELETED/None" after 5 second wait
2025-11-20 04:50:07.363 66161 INFO tempest.lib.common.rest_client [req-2961e3a1-b6c2-4f7c-98c3-7b56cc9fd2a1 req-2961e3a1-b6c2-4f7c-98c3-7b56cc9fd2a1 ] Request (VolumesAssistedSnapshotsTest:tearDownClass): 204 DELETE http://10.180.1.21/identity/v3/users/a33b953518144bb1a3a28be7848bcbb2 0.159s
2025-11-20 04:50:07.366 66137 INFO tempest.lib.common.rest_client [req-f34e4141-f8b1-45c8-ba78-924f20c764b7 req-f34e4141-f8b1-45c8-ba78-924f20c764b7 ] Request (ImagesNegativeTestJSON:tearDownClass): 204 DELETE http://10.180.1.21/identity/v3/projects/a74090125d704bb59cc40b48590a98a8 0.168s
2025-11-20 04:50:07.438 66137 INFO tempest.lib.common.rest_client [req-13feb460-1a36-426f-821e-b4bf0a4bef22 req-13feb460-1a36-426f-821e-b4bf0a4bef22 ] Request (ImagesOneServerTestJSON:setUpClass): 201 POST http://10.180.1.21/identity/v3/auth/tokens 0.070s
2025-11-20 04:50:07.469 66173 INFO tempest.lib.common.rest_client [req-b98b3779-e03a-4ab3-bbc4-0c98cab32b25 req-b98b3779-e03a-4ab3-bbc4-0c98cab32b25 ] Request (SecurityGroupsTestJSON:test_server_security_groups): 200 POST http://10.180.1.21/compute/v2.1/os-security-groups 3.614s
2025-11-20 04:50:07.503 66161 INFO tempest.lib.common.rest_client [req-479dddf7-b575-4c4d-8f4f-61a4934f2392 req-479dddf7-b575-4c4d-8f4f-61a4934f2392 ] Request (VolumesAssistedSnapshotsTest:tearDownClass): 204 DELETE http://10.180.1.21/identity/v3/users/26ec55d5af954f25a582cbd6280b72dd 0.139s
2025-11-20 04:50:07.503 66161 INFO tempest.lib.common.dynamic_creds [-] Deleting project and security group for project: 652816c6636d47ea9828ae03af10e05d
2025-11-20 04:50:07.530 66137 INFO tempest.lib.common.rest_client [req-7ab87eaa-a80b-4fc5-83d2-a7902322e0b2 req-7ab87eaa-a80b-4fc5-83d2-a7902322e0b2 ] Request (ImagesOneServerTestJSON:setUpClass): 201 POST http://10.180.1.21/identity/v3/auth/tokens 0.090s
2025-11-20 04:50:07.545 66161 INFO tempest.lib.common.rest_client [req-84df04f6-ce49-449d-8457-5f81eb1b3c5a req-84df04f6-ce49-449d-8457-5f81eb1b3c5a ] Request (VolumesAssistedSnapshotsTest:tearDownClass): 200 GET http://10.180.1.21/networking/v2.0/security-groups?tenant_id=652816c6636d47ea9828ae03af10e05d&name=default 0.042s
2025-11-20 04:50:07.599 66137 INFO tempest.lib.common.rest_client [req-af86619c-bfa5-42a1-b602-75884a44918b req-af86619c-bfa5-42a1-b602-75884a44918b ] Request (ImagesOneServerTestJSON:setUpClass): 200 GET http://10.180.1.21/identity/v3/domains?name=Default 0.069s
2025-11-20 04:50:07.638 66137 INFO tempest.lib.common.rest_client [req-b84fb853-2ffa-4aff-bb9d-64e6b1999ba6 req-b84fb853-2ffa-4aff-bb9d-64e6b1999ba6 ] Request (ImagesOneServerTestJSON:setUpClass): 201 POST http://10.180.1.21/identity/v3/projects 0.038s
2025-11-20 04:50:07.684 66161 INFO tempest.lib.common.rest_client [req-c845b7b2-ec45-44d4-b6d8-32a1a5271292 req-c845b7b2-ec45-44d4-b6d8-32a1a5271292 ] Request (VolumesAssistedSnapshotsTest:tearDownClass): 204 DELETE http://10.180.1.21/networking/v2.0/security-groups/dd507e65-d698-4325-8a9a-dbfe29ac70f4 0.138s
2025-11-20 04:50:07.713 66137 INFO tempest.lib.common.rest_client [req-7f3243d4-0a46-4bd3-aede-7885637327c3 req-7f3243d4-0a46-4bd3-aede-7885637327c3 ] Request (ImagesOneServerTestJSON:setUpClass): 201 POST http://10.180.1.21/identity/v3/users 0.074s
2025-11-20 04:50:07.736 66137 INFO tempest.lib.common.rest_client [req-0238c89f-58aa-4e11-9392-0f2a33b02b3e req-0238c89f-58aa-4e11-9392-0f2a33b02b3e ] Request (ImagesOneServerTestJSON:setUpClass): 200 GET http://10.180.1.21/identity/v3/roles 0.023s
2025-11-20 04:50:07.779 66161 INFO tempest.lib.common.rest_client [req-24ff70b5-0031-4157-a0cf-c4ac86dd7631 req-24ff70b5-0031-4157-a0cf-c4ac86dd7631 ] Request (VolumesAssistedSnapshotsTest:tearDownClass): 204 DELETE http://10.180.1.21/identity/v3/projects/652816c6636d47ea9828ae03af10e05d 0.094s
2025-11-20 04:50:07.779 66161 INFO tempest.lib.common.dynamic_creds [-] Deleting project and security group for project: 72fd6e3b7f9a4cd8831412f5637d5bd8
2025-11-20 04:50:07.811 66137 INFO tempest.lib.common.rest_client [req-8fe3e32d-f398-449b-ba58-e7003ef281af req-8fe3e32d-f398-449b-ba58-e7003ef281af ] Request (ImagesOneServerTestJSON:setUpClass): 204 PUT http://10.180.1.21/identity/v3/projects/2b2ea01b5f3a48a1b656add045729ca4/users/640b98f769be4fffb63d49c60141e0bb/roles/52c90d7c10f54cdba9a28c940f29123a 0.073s
2025-11-20 04:50:07.811 66137 INFO tempest.lib.common.dynamic_creds [-] Dynamic test user 640b98f769be4fffb63d49c60141e0bb is created with scope project and roles: ['member']
2025-11-20 04:50:07.811 66137 INFO tempest.lib.common.dynamic_creds [-] Acquired dynamic creds: credentials: Credentials: {'domain_id': 'default', 'domain_name': 'Default', 'username': 'tempest-ImagesOneServerTestJSON-29738505-project-member', 'project_domain_id': 'default', 'project_domain_name': 'Default', 'project_id': '2b2ea01b5f3a48a1b656add045729ca4', 'project_name': 'tempest-ImagesOneServerTestJSON-29738505', 'tenant_id': '2b2ea01b5f3a48a1b656add045729ca4', 'tenant_name': 'tempest-ImagesOneServerTestJSON-29738505', 'user_domain_id': 'default', 'user_domain_name': 'Default', 'user_id': '640b98f769be4fffb63d49c60141e0bb', 'system': None}, Network: None, Subnet: None, Router: None
2025-11-20 04:50:07.926 66137 INFO tempest.lib.common.rest_client [req-4b7c60a4-b64c-4f3b-a665-9fa649d03b16 req-4b7c60a4-b64c-4f3b-a665-9fa649d03b16 ] Request (ImagesOneServerTestJSON:setUpClass): 201 POST http://10.180.1.21/identity/v3/auth/tokens 0.114s
2025-11-20 04:50:08.119 66123 INFO tempest.lib.common.rest_client [req-836a1295-de02-4dd8-8552-b61b6ea00a36 req-836a1295-de02-4dd8-8552-b61b6ea00a36 ] Request (ServerRescueTestJSONUnderV235:test_rescued_vm_add_remove_security_group): 202 POST http://10.180.1.21/compute/v2.1/servers/e79742af-9767-4151-9a76-242d7994db55/action 4.099s
2025-11-20 04:50:08.146 66161 INFO tempest.lib.common.rest_client [req-17504222-c6e0-4909-84b1-23492853ea48 req-17504222-c6e0-4909-84b1-23492853ea48 ] Request (VolumesAssistedSnapshotsTest:tearDownClass): 200 GET http://10.180.1.21/networking/v2.0/security-groups?tenant_id=72fd6e3b7f9a4cd8831412f5637d5bd8&name=default 0.366s
2025-11-20 04:50:08.266 66129 INFO tempest.lib.common.rest_client [req-95d9a297-8b8d-47fc-8dc0-6f52c1e77c90 req-95d9a297-8b8d-47fc-8dc0-6f52c1e77c90 ] Request (ServersAdminTestJSON:test_inject_network_info): 202 POST http://10.180.1.21/compute/v2.1/servers 4.342s
2025-11-20 04:50:08.472 66137 INFO tempest.lib.common.rest_client [req-4df53d91-3671-4f4e-b56c-2560f6f9f6ef req-4df53d91-3671-4f4e-b56c-2560f6f9f6ef ] Request (ImagesOneServerTestJSON:setUpClass): 201 POST http://10.180.1.21/networking/v2.0/networks 0.546s
2025-11-20 04:50:08.498 66153 INFO tempest.lib.common.rest_client [req-5704815e-d1f4-4af0-bbb1-6347e629e2bb req-5704815e-d1f4-4af0-bbb1-6347e629e2bb ] Request (SecurityGroupRulesNegativeTestJSON:test_create_security_group_rule_with_invalid_port_range): 400 POST http://10.180.1.21/compute/v2.1/os-security-group-rules 4.251s
2025-11-20 04:50:08.607 66161 INFO tempest.lib.common.rest_client [req-0143bdff-7b31-44aa-8c84-6e6203ba0b1f req-0143bdff-7b31-44aa-8c84-6e6203ba0b1f ] Request (VolumesAssistedSnapshotsTest:tearDownClass): 204 DELETE http://10.180.1.21/networking/v2.0/security-groups/3bb4c11c-8fd8-4947-9031-f81c0b0e43a1 0.461s
2025-11-20 04:50:08.635 66127 INFO tempest.lib.common.rest_client [req-1112d9c1-b8bf-40dc-bc17-8285e3cf0fc1 req-1112d9c1-b8bf-40dc-bc17-8285e3cf0fc1 ] Request (ServerAddressesTestJSON:tearDownClass): 200 GET http://10.180.1.21/compute/v2.1/servers/7913a6e0-c740-40bf-8633-8aa1e0a74b3c 4.283s
2025-11-20 04:50:08.710 66161 INFO tempest.lib.common.rest_client [req-91d1ab8c-2ea8-4e69-b589-b602cf268747 req-91d1ab8c-2ea8-4e69-b589-b602cf268747 ] Request (VolumesAssistedSnapshotsTest:tearDownClass): 204 DELETE http://10.180.1.21/identity/v3/projects/72fd6e3b7f9a4cd8831412f5637d5bd8 0.102s
2025-11-20 04:50:08.710 66161 INFO tempest.lib.common.dynamic_creds [-] Deleting project and security group for project: dadc083357e04e459bbfdc28e2e2c5ac
2025-11-20 04:50:08.824 66137 INFO tempest.lib.common.rest_client [req-4e8c913c-5353-41ef-8951-25356da01b2b req-4e8c913c-5353-41ef-8951-25356da01b2b ] Request (ImagesOneServerTestJSON:setUpClass): 201 POST http://10.180.1.21/networking/v2.0/subnets 0.352s
2025-11-20 04:50:08.831 66119 INFO tempest.lib.common.rest_client [req-15547722-422a-43ab-be20-1319a102e528 req-15547722-422a-43ab-be20-1319a102e528 ] Request (ImagesDeleteNegativeTestJSON:test_delete_image_blank_id): 404 DELETE http://10.180.1.21/compute/v2.1/images/ 4.229s
2025-11-20 04:50:08.853 66133 INFO tempest.lib.common.rest_client [req-0e058a2d-613f-45e9-8990-32d6f2805db6 req-0e058a2d-613f-45e9-8990-32d6f2805db6 ] Request (ServersTestMultiNic:test_verify_multiple_nics_order): 200 GET http://10.180.1.21/compute/v2.1/servers/70ea0a5f-e6ef-44fd-b93f-9685e5a88eb3 4.446s
2025-11-20 04:50:08.895 66161 INFO tempest.lib.common.rest_client [req-46291f24-63ad-44af-b978-be7a93e6bd33 req-46291f24-63ad-44af-b978-be7a93e6bd33 ] Request (VolumesAssistedSnapshotsTest:tearDownClass): 200 GET http://10.180.1.21/networking/v2.0/security-groups?tenant_id=dadc083357e04e459bbfdc28e2e2c5ac&name=default 0.185s
2025-11-20 04:50:09.405 66171 INFO tempest.lib.common.rest_client [req-103ac517-6a8b-4239-9af9-5f9361b29b46 req-103ac517-6a8b-4239-9af9-5f9361b29b46 ] Request (ImagesTestJSON:test_create_server_from_snapshot): 200 GET http://10.180.1.21/compute/v2.1/servers/74f348b3-035f-4dbc-abd9-e027f849e3e4 4.250s
2025-11-20 04:50:09.513 66161 INFO tempest.lib.common.rest_client [req-f9dc60a3-0cae-43b2-90eb-e1519504b5c1 req-f9dc60a3-0cae-43b2-90eb-e1519504b5c1 ] Request (VolumesAssistedSnapshotsTest:tearDownClass): 204 DELETE http://10.180.1.21/networking/v2.0/security-groups/dda684fe-531d-4f3f-9c8b-d4cf367e9486 0.617s
2025-11-20 04:50:09.537 66159 INFO tempest.lib.common.rest_client [req-069f2bad-a869-4d1e-a240-6a02257a98e0 req-069f2bad-a869-4d1e-a240-6a02257a98e0 ] Request (ServersWithSpecificFlavorTestJSON:test_verify_created_server_ephemeral_disk): 200 GET http://10.180.1.21/compute/v2.1/servers/76ac59fc-c1d6-419e-90f3-d2099d3069ad 3.950s
2025-11-20 04:50:09.670 66161 INFO tempest.lib.common.rest_client [req-51f8e730-bfe0-4a5d-8447-b1933a62d023 req-51f8e730-bfe0-4a5d-8447-b1933a62d023 ] Request (VolumesAssistedSnapshotsTest:tearDownClass): 204 DELETE http://10.180.1.21/identity/v3/projects/dadc083357e04e459bbfdc28e2e2c5ac 0.157s
2025-11-20 04:50:09.673 66161 INFO tempest.test [-] raised in LiveAutoBlockMigrationV225Test.setUpClass. Invoking tearDownClass.
2025-11-20 04:50:09.727 66137 INFO tempest.lib.common.rest_client [req-9836be28-1d48-4ad7-a125-6f5861266a68 req-9836be28-1d48-4ad7-a125-6f5861266a68 ] Request (ImagesOneServerTestJSON:setUpClass): 201 POST http://10.180.1.21/networking/v2.0/routers 0.902s
2025-11-20 04:50:09.734 66131 INFO tempest.lib.common.rest_client [req-88d255e7-3c2c-4afa-8a14-dfb1e2de4290 req-88d255e7-3c2c-4afa-8a14-dfb1e2de4290 ] Request (ServersAaction247Test:test_create_backup): 200 GET http://10.180.1.21/compute/v2.1/servers/7aeb9f93-b2c0-4bd6-a442-788a587c5495 3.707s
2025-11-20 04:50:09.742 66131 INFO tempest.common.waiters [-] State transition "BUILD/spawning" ==> "ACTIVE/None" after 64 second wait
2025-11-20 04:50:09.754 66161 INFO tempest.lib.common.rest_client [req-b1e51ab1-de66-44c1-a766-d5e892d01691 req-b1e51ab1-de66-44c1-a766-d5e892d01691 ] Request (QuotasAdminNegativeTest:setUpClass): 201 POST http://10.180.1.21/identity/v3/auth/tokens 0.077s
2025-11-20 04:50:09.769 66149 INFO tempest.lib.common.rest_client [req-6d795654-ad20-4bb5-9646-ab55180e1599 req-6d795654-ad20-4bb5-9646-ab55180e1599 ] Request (MigrationsAdminTest:test_resize_server_revert_deleted_flavor): 200 GET http://10.180.1.21/compute/v2.1/servers/1a06a675-c6da-46d0-8f84-3201bcb59e1d 4.152s
2025-11-20 04:50:09.807 66161 INFO tempest.lib.common.rest_client [req-8904118a-6905-4ae1-8fe2-aa03d73d9848 req-8904118a-6905-4ae1-8fe2-aa03d73d9848 ] Request (QuotasAdminNegativeTest:setUpClass): 201 POST http://10.180.1.21/identity/v3/auth/tokens 0.043s
2025-11-20 04:50:09.831 66121 INFO tempest.lib.common.rest_client [req-0b30cf27-479b-40d5-8fd7-6241e82c0e89 req-0b30cf27-479b-40d5-8fd7-6241e82c0e89 ] Request (ServerAddressesNegativeTestJSON:tearDownClass): 200 GET http://10.180.1.21/compute/v2.1/servers/fac63c6e-a9bc-45b7-9f28-e17fda40bf82 3.412s
2025-11-20 04:50:09.844 66161 INFO tempest.lib.common.rest_client [req-257c2b6c-c0e4-479e-a2c5-e13f12e2497f req-257c2b6c-c0e4-479e-a2c5-e13f12e2497f ] Request (QuotasAdminNegativeTest:setUpClass): 200 GET http://10.180.1.21/identity/v3/domains?name=Default 0.036s
2025-11-20 04:50:09.862 66163 INFO tempest.lib.common.rest_client [req-e0a1f260-3c9c-4cc5-bb93-d3d552625973 req-e0a1f260-3c9c-4cc5-bb93-d3d552625973 ] Request (ListServerFiltersTestJSON:tearDownClass): 200 GET http://10.180.1.21/compute/v2.1/servers/b1e78905-5d3b-4bd4-b732-16716db84e37 3.388s
2025-11-20 04:50:09.872 66125 INFO tempest.lib.common.rest_client [req-b914b57c-7948-4a04-8467-1bb132df5180 req-b914b57c-7948-4a04-8467-1bb132df5180 ] Request (ServerMetadataNegativeTestJSON:test_server_metadata_non_existent_server): 404 GET http://10.180.1.21/compute/v2.1/servers/2002523b-040f-4211-9876-c9bdc2ce291a/metadata/test2 2.671s
2025-11-20 04:50:09.903 66161 INFO tempest.lib.common.rest_client [req-216f6b6b-a334-47fc-8211-fbbc0d3aa739 req-216f6b6b-a334-47fc-8211-fbbc0d3aa739 ] Request (QuotasAdminNegativeTest:setUpClass): 201 POST http://10.180.1.21/identity/v3/projects 0.059s
2025-11-20 04:50:09.969 66139 INFO tempest.lib.common.rest_client [req-b9b780f4-d6a8-4a7f-b74a-f5d230dfa3d4 req-b9b780f4-d6a8-4a7f-b74a-f5d230dfa3d4 ] Request (AttachInterfacesUnderV243Test:test_add_remove_fixed_ip): 200 GET http://10.180.1.21/compute/v2.1/servers/3a26de08-5db2-4a82-a127-3eb52156482e 2.763s
2025-11-20 04:50:09.983 66169 INFO tempest.lib.common.rest_client [req-0277a659-493a-42f1-bb23-07565ae0a024 req-0277a659-493a-42f1-bb23-07565ae0a024 ] Request (ImagesOneServerNegativeTestJSON:test_create_second_image_when_first_image_is_being_saved): 204 DELETE http://10.180.1.21/compute/v2.1/images/0af36d77-216f-4fb8-a57a-1c349761d156 2.862s
2025-11-20 04:50:10.001 66161 INFO tempest.lib.common.rest_client [req-cfd1b2d3-9805-4608-ab7f-eae64051f4b3 req-cfd1b2d3-9805-4608-ab7f-eae64051f4b3 ] Request (QuotasAdminNegativeTest:setUpClass): 201 POST http://10.180.1.21/identity/v3/users 0.097s
2025-11-20 04:50:10.035 66161 INFO tempest.lib.common.rest_client [req-b37ab00d-ece4-4eaa-b65a-6315dec818fc req-b37ab00d-ece4-4eaa-b65a-6315dec818fc ] Request (QuotasAdminNegativeTest:setUpClass): 200 GET http://10.180.1.21/identity/v3/roles 0.034s
2025-11-20 04:50:10.058 66175 INFO tempest.lib.common.rest_client [req-f3ff7516-3c7a-4981-96f0-29d073449081 req-f3ff7516-3c7a-4981-96f0-29d073449081 ] Request (ServerRescueTestJSON:setUpClass): 200 GET http://10.180.1.21/compute/v2.1/servers/d7c01336-f0fa-4ccb-b6eb-9272ccdfce4b 2.845s
2025-11-20 04:50:10.091 66161 INFO tempest.lib.common.rest_client [req-f3115c2d-3e68-458b-96b2-38ab25291097 req-f3115c2d-3e68-458b-96b2-38ab25291097 ] Request (QuotasAdminNegativeTest:setUpClass): 204 PUT http://10.180.1.21/identity/v3/projects/ed5d4e0fe6b5407ab3be7f2ed61f72d7/users/4b0b8425139446a0884580ad7c79aedb/roles/52c90d7c10f54cdba9a28c940f29123a 0.056s
2025-11-20 04:50:10.092 66161 INFO tempest.lib.common.dynamic_creds [-] Dynamic test user 4b0b8425139446a0884580ad7c79aedb is created with scope project and roles: ['member']
2025-11-20 04:50:10.092 66161 INFO tempest.lib.common.dynamic_creds [-] Acquired dynamic creds: credentials: Credentials: {'domain_id': 'default', 'domain_name': 'Default', 'username': 'tempest-QuotasAdminNegativeTest-758698188-project-member', 'project_domain_id': 'default', 'project_domain_name': 'Default', 'project_id': 'ed5d4e0fe6b5407ab3be7f2ed61f72d7', 'project_name': 'tempest-QuotasAdminNegativeTest-758698188', 'tenant_id': 'ed5d4e0fe6b5407ab3be7f2ed61f72d7', 'tenant_name': 'tempest-QuotasAdminNegativeTest-758698188', 'user_domain_id': 'default', 'user_domain_name': 'Default', 'user_id': '4b0b8425139446a0884580ad7c79aedb', 'system': None}, Network: None, Subnet: None, Router: None
2025-11-20 04:50:10.092 66161 INFO tempest.lib.common.dynamic_creds [-] Created isolated network resources for: credentials: Credentials: {'domain_id': 'default', 'domain_name': 'Default', 'username': 'tempest-QuotasAdminNegativeTest-758698188-project-member', 'project_domain_id': 'default', 'project_domain_name': 'Default', 'project_id': 'ed5d4e0fe6b5407ab3be7f2ed61f72d7', 'project_name': 'tempest-QuotasAdminNegativeTest-758698188', 'tenant_id': 'ed5d4e0fe6b5407ab3be7f2ed61f72d7', 'tenant_name': 'tempest-QuotasAdminNegativeTest-758698188', 'user_domain_id': 'default', 'user_domain_name': 'Default', 'user_id': '4b0b8425139446a0884580ad7c79aedb', 'system': None}, Network: None, Subnet: None, Router: None
2025-11-20 04:50:10.146 66117 INFO tempest.lib.common.rest_client [req-66c1e641-10fe-4eaf-92ff-ead4f4c7dac3 req-66c1e641-10fe-4eaf-92ff-ead4f4c7dac3 ] Request (MultipleCreateTestJSON:_run_cleanups): 204 DELETE http://10.180.1.21/compute/v2.1/servers/9c7a877c-ae2b-4bab-a1ef-5d0f2983b610 2.816s
2025-11-20 04:50:10.219 66161 INFO tempest.lib.common.rest_client [req-415f2ca5-e56f-4bdf-875d-a5ec07056366 req-415f2ca5-e56f-4bdf-875d-a5ec07056366 ] Request (QuotasAdminNegativeTest:setUpClass): 201 POST http://10.180.1.21/identity/v3/auth/tokens 0.120s
2025-11-20 04:50:10.220 66173 INFO tempest.lib.common.rest_client [req-73cbdc08-cabc-4577-b28e-1cae08b1b921 req-73cbdc08-cabc-4577-b28e-1cae08b1b921 ] Request (SecurityGroupsTestJSON:test_server_security_groups): 200 POST http://10.180.1.21/compute/v2.1/os-security-groups 2.748s
2025-11-20 04:50:10.256 66152 INFO tempest.lib.common.rest_client [req-e75be45d-9ed3-4355-a0f1-7bbd116383be req-e75be45d-9ed3-4355-a0f1-7bbd116383be ] Request (ServersTestJSON:_run_cleanups): 200 GET http://10.180.1.21/compute/v2.1/servers/62090198-5bba-4601-bc2f-bfcbd6ed5995 2.772s
2025-11-20 04:50:10.302 66173 INFO tempest.lib.common.rest_client [req-277f4996-f2d8-4420-b8ca-2e3b87558c53 req-277f4996-f2d8-4420-b8ca-2e3b87558c53 ] Request (SecurityGroupsTestJSON:test_server_security_groups): 201 POST http://10.180.1.21/identity/v3/auth/tokens 0.074s
