2025-11-20 04:48:53.805 66159 WARNING tempest.lib.common.ssh [-] Failed to establish authenticated ssh connection to cirros@10.180.180.208 ([Errno None] Unable to connect to port 22 on 10.180.180.208). Number attempts: 4. Retry after 5 seconds.: paramiko.ssh_exception.NoValidConnectionsError: [Errno None] Unable to connect to port 22 on 10.180.180.208
2025-11-20 04:48:53.833 66119 INFO tempest.lib.common.rest_client [req-118f18dc-014f-483a-bc2a-a5009d80662c req-118f18dc-014f-483a-bc2a-a5009d80662c ] Request (FloatingIPsAssociationTestJSON:tearDownClass): 204 DELETE http://10.180.1.21/compute/v2.1/servers/4674da73-d497-4c3c-ac1b-2cfd6bbf5168 1.761s
2025-11-20 04:48:53.840 66181 INFO tempest.lib.common.rest_client [req-17cbca93-d63b-439d-a94b-60fed7faaa7c req-17cbca93-d63b-439d-a94b-60fed7faaa7c ] Request (VolumesAdminNegativeTest:tearDownClass): 204 DELETE http://10.180.1.21/identity/v3/projects/3fbf984f54aa434cb5bc5ded4ee2735d 0.129s
2025-11-20 04:48:53.841 66181 INFO tempest.lib.common.dynamic_creds [-] Deleting project and security group for project: 8ed0597f1b584afaa19f4c7ae1c63d9c
2025-11-20 04:48:53.887 66181 INFO tempest.lib.common.rest_client [req-5f61beb5-8354-49d7-b2e7-bac89c38e53f req-5f61beb5-8354-49d7-b2e7-bac89c38e53f ] Request (VolumesAdminNegativeTest:tearDownClass): 200 GET http://10.180.1.21/networking/v2.0/security-groups?tenant_id=8ed0597f1b584afaa19f4c7ae1c63d9c&name=default 0.045s
2025-11-20 04:48:53.919 66153 INFO tempest.lib.common.rest_client [req-cf1f76a0-547f-445b-ad33-51cfe9b0fdd4 req-cf1f76a0-547f-445b-ad33-51cfe9b0fdd4 ] Request (FloatingIPsAssociationNegativeTestJSON:setUpClass): 200 GET http://10.180.1.21/compute/v2.1/servers/49dd7535-e34a-4224-868a-56af142b1adb 1.644s
2025-11-20 04:48:53.927 66153 INFO tempest.common.waiters [-] State transition "BUILD/None" ==> "BUILD/spawning" after 52 second wait
2025-11-20 04:48:54.099 66181 INFO tempest.lib.common.rest_client [req-41d39307-8b6b-49f9-88f9-bc157df0afb5 req-41d39307-8b6b-49f9-88f9-bc157df0afb5 ] Request (VolumesAdminNegativeTest:tearDownClass): 204 DELETE http://10.180.1.21/networking/v2.0/security-groups/bda3c3ad-63bc-4371-bced-f8f0ad9d7476 0.211s
2025-11-20 04:48:54.120 66127 INFO tempest.lib.common.rest_client [req-a57cdf70-2763-4d9b-917f-afd8a9070069 req-a57cdf70-2763-4d9b-917f-afd8a9070069 ] Request (ServerAddressesTestJSON:setUpClass): 200 GET http://10.180.1.21/compute/v2.1/servers/7913a6e0-c740-40bf-8633-8aa1e0a74b3c 1.780s
2025-11-20 04:48:54.145 66135 INFO tempest.lib.common.rest_client [req-a6a6e15b-8355-4300-9532-e9aeda7fc169 req-a6a6e15b-8355-4300-9532-e9aeda7fc169 ] Request (ServersTestBootFromVolume:setUpClass): 200 GET http://10.180.1.21/compute/v2.1/servers/e9f11dc6-159f-45bd-875f-f5c0c8c14551 1.839s
2025-11-20 04:48:54.169 66171 INFO tempest.lib.common.rest_client [req-36f6cc90-54ef-49c4-968c-251951199645 req-36f6cc90-54ef-49c4-968c-251951199645 ] Request (ImagesTestJSON:test_create_image_from_suspended_server): 200 GET http://10.180.1.21/compute/v2.1/servers/073d851e-561b-418a-a3be-d3350198c85b 1.802s
2025-11-20 04:48:54.205 66181 INFO tempest.lib.common.rest_client [req-a71232c2-6f9a-46eb-afb6-52781c798058 req-a71232c2-6f9a-46eb-afb6-52781c798058 ] Request (VolumesAdminNegativeTest:tearDownClass): 204 DELETE http://10.180.1.21/identity/v3/projects/8ed0597f1b584afaa19f4c7ae1c63d9c 0.106s
2025-11-20 04:48:54.219 66125 INFO tempest.lib.common.rest_client [req-ff4d95a2-9935-421c-b042-b6bb86c27e5a req-ff4d95a2-9935-421c-b042-b6bb86c27e5a ] Request (ServerMetadataNegativeTestJSON:setUpClass): 200 GET http://10.180.1.21/compute/v2.1/servers/9013b1a1-0239-4fdb-be67-c233bda73310 1.801s
2025-11-20 04:48:54.231 66133 INFO tempest.lib.common.rest_client [req-5462f17a-e842-4dbf-bb50-1c68dadc34c6 req-5462f17a-e842-4dbf-bb50-1c68dadc34c6 ] Request (ServersTestMultiNic:_run_cleanups): 204 DELETE http://10.180.1.21/compute/v2.1/servers/4e3f0538-bfde-4c59-b493-c30d1813a786 1.835s
2025-11-20 04:48:54.274 66181 INFO tempest.lib.common.rest_client [req-2c9451f8-2560-479e-ace9-0f94c22f8869 req-2c9451f8-2560-479e-ace9-0f94c22f8869 ] Request (FloatingIPsTestJSON:setUpClass): 201 POST http://10.180.1.21/identity/v3/auth/tokens 0.067s
2025-11-20 04:48:54.292 66167 INFO tempest.lib.common.rest_client [req-ae0fed0a-6d01-400c-be4f-56cb2f4dc7da req-ae0fed0a-6d01-400c-be4f-56cb2f4dc7da ] Request (ServersNegativeTestJSON:setUpClass): 200 GET http://10.180.1.21/compute/v2.1/servers/ca4c093a-f1cc-43e8-a32e-8834f7b24bb5 1.812s
2025-11-20 04:48:54.309 66141 INFO tempest.lib.common.rest_client [req-ab8c6cf2-d2bb-45a9-a93e-04e22686b194 req-ab8c6cf2-d2bb-45a9-a93e-04e22686b194 ] Request (DeleteServersAdminTestJSON:test_delete_server_while_in_error_state): 200 GET http://10.180.1.21/compute/v2.1/servers/0a8322ad-0143-4cbb-9e07-043cd3ab1899 1.758s
2025-11-20 04:48:54.318 66181 INFO tempest.lib.common.rest_client [req-117c82f7-c3a0-4cac-99d3-108eafca8445 req-117c82f7-c3a0-4cac-99d3-108eafca8445 ] Request (FloatingIPsTestJSON:setUpClass): 201 POST http://10.180.1.21/identity/v3/auth/tokens 0.041s
2025-11-20 04:48:54.331 66131 INFO tempest.lib.common.rest_client [req-9068b3d6-9e93-4805-87d2-7f8eb0940f5c req-9068b3d6-9e93-4805-87d2-7f8eb0940f5c ] Request (ServerDiagnosticsNegativeTest:tearDownClass): 404 GET http://10.180.1.21/compute/v2.1/servers/87dbc9d1-09c2-4594-93e8-4c19d27fbc78 1.154s
2025-11-20 04:48:54.354 66129 INFO tempest.lib.common.rest_client [req-c193d479-a34a-4b9e-9624-532db7357d11 req-c193d479-a34a-4b9e-9624-532db7357d11 ] Request (ServersAdminTestJSON:test_create_server_with_scheduling_hint): 200 GET http://10.180.1.21/compute/v2.1/servers/0c21ed64-f299-4ad0-a212-907baef4a919 1.213s
2025-11-20 04:48:54.360 66181 INFO tempest.lib.common.rest_client [req-db660645-5e4e-44e4-a545-033992acd6e3 req-db660645-5e4e-44e4-a545-033992acd6e3 ] Request (FloatingIPsTestJSON:setUpClass): 200 GET http://10.180.1.21/identity/v3/domains?name=Default 0.041s
2025-11-20 04:48:54.397 66152 INFO tempest.lib.common.rest_client [req-cc9d861e-7389-4068-9436-8f85b97cab95 req-cc9d861e-7389-4068-9436-8f85b97cab95 ] Request (ServersTestJSON:test_create_server_with_ipv6_addr_only): 200 GET http://10.180.1.21/compute/v2.1/servers/62090198-5bba-4601-bc2f-bfcbd6ed5995 1.205s
2025-11-20 04:48:54.408 66181 INFO tempest.lib.common.rest_client [req-268dc9fe-228a-448a-90d6-a0b337c7f248 req-268dc9fe-228a-448a-90d6-a0b337c7f248 ] Request (FloatingIPsTestJSON:setUpClass): 201 POST http://10.180.1.21/identity/v3/projects 0.046s
2025-11-20 04:48:54.420 66117 INFO tempest.lib.common.rest_client [req-bcdaa581-d61c-42f3-a9af-5a2c081dafe6 req-bcdaa581-d61c-42f3-a9af-5a2c081dafe6 ] Request (MultipleCreateTestJSON:test_multiple_create): 200 GET http://10.180.1.21/compute/v2.1/servers 1.199s
2025-11-20 04:48:54.453 66131 INFO tempest.lib.common.rest_client [req-365d6298-042f-4591-9705-6dc45181e1ce req-365d6298-042f-4591-9705-6dc45181e1ce ] Request (ServerDiagnosticsNegativeTest:tearDownClass): 204 DELETE http://10.180.1.21/identity/v3/users/0fefd5567ded4156848f349bce8bd340 0.120s
2025-11-20 04:48:54.468 66155 INFO tempest.lib.common.rest_client [req-26d996a5-301d-4f93-88ec-cc2a27c6a560 req-26d996a5-301d-4f93-88ec-cc2a27c6a560 ] Request (ServerExternalEventsTest:tearDownClass): 200 GET http://10.180.1.21/compute/v2.1/servers/97d6e916-2551-4b80-9b52-1fdab5d3796f 1.224s
2025-11-20 04:48:54.494 66175 INFO tempest.lib.common.rest_client [req-60047744-5ef2-4de2-82db-c0638d83161a req-60047744-5ef2-4de2-82db-c0638d83161a ] Request (ServersTestJSON:tearDownClass): 200 GET http://10.180.1.21/compute/v2.1/servers/f2cbc9f3-12f8-4737-a8ca-013c6caea3e9 1.216s
2025-11-20 04:48:54.507 66147 INFO tempest.lib.common.rest_client [req-925f9f9d-441b-4842-b460-a9b590eb5177 req-925f9f9d-441b-4842-b460-a9b590eb5177 ] Request (ListImageFiltersTestJSON:setUpClass): 200 GET http://10.180.1.21/compute/v2.1/images/029573df-1ee9-46ff-8b3a-62543bf43974 1.213s
2025-11-20 04:48:54.510 66143 WARNING tempest.lib.common.ssh [-] Failed to establish authenticated ssh connection to cirros@10.180.180.136 ([Errno None] Unable to connect to port 22 on 10.180.180.136). Number attempts: 4. Retry after 5 seconds.: paramiko.ssh_exception.NoValidConnectionsError: [Errno None] Unable to connect to port 22 on 10.180.180.136
2025-11-20 04:48:54.511 66181 INFO tempest.lib.common.rest_client [req-9b979a71-8c0b-4d30-8ac0-63b736081abc req-9b979a71-8c0b-4d30-8ac0-63b736081abc ] Request (FloatingIPsTestJSON:setUpClass): 201 POST http://10.180.1.21/identity/v3/users 0.102s
2025-11-20 04:48:54.539 66181 INFO tempest.lib.common.rest_client [req-3a8516a2-1afe-4177-af9f-b3f84daf3b17 req-3a8516a2-1afe-4177-af9f-b3f84daf3b17 ] Request (FloatingIPsTestJSON:setUpClass): 200 GET http://10.180.1.21/identity/v3/roles 0.028s
2025-11-20 04:48:54.554 66149 INFO tempest.lib.common.rest_client [req-dbfca983-8329-4df6-af59-014fcccf823a req-dbfca983-8329-4df6-af59-014fcccf823a ] Request (MigrationsAdminTest:test_resize_server_revert_deleted_flavor): 200 GET http://10.180.1.21/compute/v2.1/servers/1a06a675-c6da-46d0-8f84-3201bcb59e1d 1.189s
2025-11-20 04:48:54.572 66181 INFO tempest.lib.common.rest_client [req-b0a045af-3b60-4db4-8af9-5b82fa382feb req-b0a045af-3b60-4db4-8af9-5b82fa382feb ] Request (FloatingIPsTestJSON:setUpClass): 204 PUT http://10.180.1.21/identity/v3/projects/511a5c6962ea4bd18acb335bfaf8c569/users/5342533130bf4f96a64359b521911a95/roles/52c90d7c10f54cdba9a28c940f29123a 0.032s
2025-11-20 04:48:54.572 66181 INFO tempest.lib.common.dynamic_creds [-] Dynamic test user 5342533130bf4f96a64359b521911a95 is created with scope project and roles: ['member']
2025-11-20 04:48:54.573 66181 INFO tempest.lib.common.dynamic_creds [-] Acquired dynamic creds: credentials: Credentials: {'domain_id': 'default', 'domain_name': 'Default', 'username': 'tempest-FloatingIPsTestJSON-1629121192-project-member', 'project_domain_id': 'default', 'project_domain_name': 'Default', 'project_id': '511a5c6962ea4bd18acb335bfaf8c569', 'project_name': 'tempest-FloatingIPsTestJSON-1629121192', 'tenant_id': '511a5c6962ea4bd18acb335bfaf8c569', 'tenant_name': 'tempest-FloatingIPsTestJSON-1629121192', 'user_domain_id': 'default', 'user_domain_name': 'Default', 'user_id': '5342533130bf4f96a64359b521911a95', 'system': None}, Network: None, Subnet: None, Router: None
2025-11-20 04:48:54.587 66131 INFO tempest.lib.common.rest_client [req-e7adbca8-4137-4636-a14b-71e9603de723 req-e7adbca8-4137-4636-a14b-71e9603de723 ] Request (ServerDiagnosticsNegativeTest:tearDownClass): 204 DELETE http://10.180.1.21/identity/v3/users/84ef1d997d414984b75adb49f4fc80a5 0.133s
2025-11-20 04:48:54.587 66131 INFO tempest.lib.common.dynamic_creds [-] Deleting project and security group for project: e04e9f38127f41409157d16728fc81eb
2025-11-20 04:48:54.631 66163 INFO tempest.lib.common.rest_client [req-e9e4e768-2859-4d1e-8741-3aa10220b1f2 req-e9e4e768-2859-4d1e-8741-3aa10220b1f2 ] Request (ListServerFiltersTestJSON:test_list_servers_filtered_by_ip_regex): 200 GET http://10.180.1.21/compute/v2.1/servers/5ca7b1d2-a1b8-4102-8034-d821e2a10879 0.881s
2025-11-20 04:48:54.639 66181 INFO tempest.lib.common.rest_client [req-275d413d-6601-41ea-b99f-f3c794140c84 req-275d413d-6601-41ea-b99f-f3c794140c84 ] Request (FloatingIPsTestJSON:setUpClass): 201 POST http://10.180.1.21/identity/v3/auth/tokens 0.066s
2025-11-20 04:48:54.650 66131 INFO tempest.lib.common.rest_client [req-413b490c-33be-4575-b637-b5c5c601eff5 req-413b490c-33be-4575-b637-b5c5c601eff5 ] Request (ServerDiagnosticsNegativeTest:tearDownClass): 201 POST http://10.180.1.21/identity/v3/auth/tokens 0.062s
2025-11-20 04:48:54.717 66131 INFO tempest.lib.common.rest_client [req-99605ce5-05a4-4cfb-8666-1dd140bb2307 req-99605ce5-05a4-4cfb-8666-1dd140bb2307 ] Request (ServerDiagnosticsNegativeTest:tearDownClass): 200 GET http://10.180.1.21/networking/v2.0/security-groups?tenant_id=e04e9f38127f41409157d16728fc81eb&name=default 0.067s
2025-11-20 04:48:54.908 66119 INFO tempest.lib.common.rest_client [req-53588e40-347a-4224-9549-b3d4a2964751 req-53588e40-347a-4224-9549-b3d4a2964751 ] Request (FloatingIPsAssociationTestJSON:tearDownClass): 200 GET http://10.180.1.21/compute/v2.1/servers/4674da73-d497-4c3c-ac1b-2cfd6bbf5168 1.074s
2025-11-20 04:48:54.960 66181 INFO tempest.lib.common.rest_client [req-8c60a430-87e8-4bf6-81dd-a6501aa5e9b7 req-8c60a430-87e8-4bf6-81dd-a6501aa5e9b7 ] Request (FloatingIPsTestJSON:setUpClass): 201 POST http://10.180.1.21/networking/v2.0/networks 0.320s
2025-11-20 04:48:55.003 66133 INFO tempest.lib.common.rest_client [req-6c655538-fcf5-4941-af1f-7010bdf7163b req-6c655538-fcf5-4941-af1f-7010bdf7163b ] Request (ServersTestMultiNic:_run_cleanups): 200 GET http://10.180.1.21/compute/v2.1/servers/4e3f0538-bfde-4c59-b493-c30d1813a786 0.771s
2025-11-20 04:48:55.045 66131 INFO tempest.lib.common.rest_client [req-ff5499d4-6ccd-49c9-b643-00c126b6a2b3 req-ff5499d4-6ccd-49c9-b643-00c126b6a2b3 ] Request (ServerDiagnosticsNegativeTest:tearDownClass): 204 DELETE http://10.180.1.21/networking/v2.0/security-groups/f20f6806-e7d5-43e1-a74a-fcb8f9555bb4 0.327s
2025-11-20 04:48:55.075 66177 INFO tempest.lib.common.rest_client [req-7fa7dab5-1066-4405-9574-6ca25531dc30 req-7fa7dab5-1066-4405-9574-6ca25531dc30 ] Request (DeleteServersTestJSON:test_delete_active_server): 200 GET http://10.180.1.21/compute/v2.1/servers/64ba35ce-5285-4932-8656-7dd4bced4bac 0.830s
2025-11-20 04:48:55.100 66139 INFO tempest.lib.common.rest_client [req-ffa473fd-5e88-474a-a817-8812115ac1fd req-ffa473fd-5e88-474a-a817-8812115ac1fd ] Request (ServersAdminNegativeTestJSON:tearDownClass): 200 GET http://10.180.1.21/compute/v2.1/servers/76824fd3-c494-4610-8cd4-9e2661b260c2 0.698s
2025-11-20 04:48:55.143 66173 INFO tempest.lib.common.rest_client [req-962a0398-e832-492c-b278-d639e4f1f6e7 req-962a0398-e832-492c-b278-d639e4f1f6e7 ] Request (SecurityGroupsTestJSON:test_list_security_groups_by_server): 200 GET http://10.180.1.21/compute/v2.1/servers/c41bab1e-bb19-4ace-8198-03a49357877e 0.729s
2025-11-20 04:48:55.160 66131 INFO tempest.lib.common.rest_client [req-3f2c8ab6-01e1-4b6e-9730-74586a8e4379 req-3f2c8ab6-01e1-4b6e-9730-74586a8e4379 ] Request (ServerDiagnosticsNegativeTest:tearDownClass): 204 DELETE http://10.180.1.21/identity/v3/projects/e04e9f38127f41409157d16728fc81eb 0.115s
2025-11-20 04:48:55.161 66131 INFO tempest.lib.common.dynamic_creds [-] Deleting project and security group for project: 0ab63938c3d6478f8432ea18815c538d
2025-11-20 04:48:55.174 66117 INFO tempest.lib.common.rest_client [req-faf55d47-05f4-4fd2-b817-c75b6519ae55 req-faf55d47-05f4-4fd2-b817-c75b6519ae55 ] Request (MultipleCreateTestJSON:test_multiple_create): 200 GET http://10.180.1.21/compute/v2.1/servers/635856de-aeba-435d-ac65-6a1c29a855bb 0.751s
2025-11-20 04:48:55.212 66181 INFO tempest.lib.common.rest_client [req-addf758e-45a0-47e3-8653-2f146f9e003d req-addf758e-45a0-47e3-8653-2f146f9e003d ] Request (FloatingIPsTestJSON:setUpClass): 201 POST http://10.180.1.21/networking/v2.0/subnets 0.251s
2025-11-20 04:48:55.297 66131 INFO tempest.lib.common.rest_client [req-80500c92-f973-42df-9c43-e709e5f274a0 req-80500c92-f973-42df-9c43-e709e5f274a0 ] Request (ServerDiagnosticsNegativeTest:tearDownClass): 200 GET http://10.180.1.21/networking/v2.0/security-groups?tenant_id=0ab63938c3d6478f8432ea18815c538d&name=default 0.135s
2025-11-20 04:48:55.739 66123 INFO tempest.lib.common.rest_client [req-ada5148b-d2bd-42b8-93ee-5598b3321673 req-ada5148b-d2bd-42b8-93ee-5598b3321673 ] Request (ServerRescueTestJSONUnderV235:setUpClass): 200 GET http://10.180.1.21/compute/v2.1/servers/e79742af-9767-4151-9a76-242d7994db55 1.265s
2025-11-20 04:48:55.758 66137 INFO tempest.lib.common.rest_client [req-8e6a3c39-cea4-4bf8-880b-e5499a761054 req-8e6a3c39-cea4-4bf8-880b-e5499a761054 ] Request (ImagesNegativeTestJSON:test_create_image_from_deleted_server): 200 GET http://10.180.1.21/compute/v2.1/servers/848f510a-35f9-4b4b-9149-9431346f2922 1.271s
2025-11-20 04:48:55.857 66131 INFO tempest.lib.common.rest_client [req-d01a334b-3a99-41bf-b1f1-b3d46f98faf0 req-d01a334b-3a99-41bf-b1f1-b3d46f98faf0 ] Request (ServerDiagnosticsNegativeTest:tearDownClass): 204 DELETE http://10.180.1.21/networking/v2.0/security-groups/ba3066d3-f014-4e88-96b6-12804f8dc265 0.560s
2025-11-20 04:48:55.924 66169 INFO tempest.lib.common.rest_client [req-9d564b4f-721f-454f-9b32-b7ce8744a6e2 req-9d564b4f-721f-454f-9b32-b7ce8744a6e2 ] Request (ImagesOneServerNegativeTestJSON:setUpClass): 200 GET http://10.180.1.21/compute/v2.1/servers/a93325c6-8901-488c-a626-bf1aa9f4f3af 1.293s
2025-11-20 04:48:55.974 66131 INFO tempest.lib.common.rest_client [req-74cc70bb-2c5e-4954-a871-926297567d77 req-74cc70bb-2c5e-4954-a871-926297567d77 ] Request (ServerDiagnosticsNegativeTest:tearDownClass): 204 DELETE http://10.180.1.21/identity/v3/projects/0ab63938c3d6478f8432ea18815c538d 0.116s
2025-11-20 04:48:55.975 66131 INFO tempest.test [-] raised in ServersOnMultiNodesTest.setUpClass. Invoking tearDownClass.
2025-11-20 04:48:56.048 66121 INFO tempest.lib.common.rest_client [req-cd2f91ba-7004-4a57-9f9a-e41fc88ab9df req-cd2f91ba-7004-4a57-9f9a-e41fc88ab9df ] Request (ServerAddressesNegativeTestJSON:setUpClass): 200 GET http://10.180.1.21/compute/v2.1/servers/fac63c6e-a9bc-45b7-9f28-e17fda40bf82 1.283s
2025-11-20 04:48:56.055 66181 INFO tempest.lib.common.rest_client [req-5245b1d5-a945-4ad4-b748-d66319b86521 req-5245b1d5-a945-4ad4-b748-d66319b86521 ] Request (FloatingIPsTestJSON:setUpClass): 201 POST http://10.180.1.21/networking/v2.0/routers 0.843s
2025-11-20 04:48:56.066 66131 INFO tempest.lib.common.rest_client [req-e07a56f1-6c8f-427c-b2ab-20e6a7f9345d req-e07a56f1-6c8f-427c-b2ab-20e6a7f9345d ] Request (SecurityGroupsNegativeTestJSON:setUpClass): 201 POST http://10.180.1.21/identity/v3/auth/tokens 0.086s
2025-11-20 04:48:56.072 66163 INFO tempest.lib.common.rest_client [req-f4509efb-d626-47c8-b639-21b88ca33e5e req-f4509efb-d626-47c8-b639-21b88ca33e5e ] Request (ListServerFiltersTestJSON:test_list_servers_filtered_by_ip_regex): 200 GET http://10.180.1.21/compute/v2.1/servers/detail 1.434s
2025-11-20 04:48:56.107 66131 INFO tempest.lib.common.rest_client [req-59ddad7e-959d-4303-b5be-775d6afcd950 req-59ddad7e-959d-4303-b5be-775d6afcd950 ] Request (SecurityGroupsNegativeTestJSON:setUpClass): 201 POST http://10.180.1.21/identity/v3/auth/tokens 0.039s
2025-11-20 04:48:56.135 66131 INFO tempest.lib.common.rest_client [req-29853ac7-6a94-457a-a818-2f088ccc05be req-29853ac7-6a94-457a-a818-2f088ccc05be ] Request (SecurityGroupsNegativeTestJSON:setUpClass): 200 GET http://10.180.1.21/identity/v3/domains?name=Default 0.027s
2025-11-20 04:48:56.165 66131 INFO tempest.lib.common.rest_client [req-0a03f0ee-102e-4410-9885-17af06e41632 req-0a03f0ee-102e-4410-9885-17af06e41632 ] Request (SecurityGroupsNegativeTestJSON:setUpClass): 201 POST http://10.180.1.21/identity/v3/projects 0.029s
2025-11-20 04:48:56.226 66131 INFO tempest.lib.common.rest_client [req-fdfbad09-a260-4f6f-99a5-b56243c19d6f req-fdfbad09-a260-4f6f-99a5-b56243c19d6f ] Request (SecurityGroupsNegativeTestJSON:setUpClass): 201 POST http://10.180.1.21/identity/v3/users 0.061s
2025-11-20 04:48:56.238 66127 INFO tempest.lib.common.rest_client [req-0cba7fdd-ae8f-4ca9-aa6f-93d6ba3ebe53 req-0cba7fdd-ae8f-4ca9-aa6f-93d6ba3ebe53 ] Request (ServerAddressesTestJSON:setUpClass): 200 GET http://10.180.1.21/compute/v2.1/servers/7913a6e0-c740-40bf-8633-8aa1e0a74b3c 1.110s
2025-11-20 04:48:56.251 66131 INFO tempest.lib.common.rest_client [req-28045c97-92c1-4b51-8999-a55794953e53 req-28045c97-92c1-4b51-8999-a55794953e53 ] Request (SecurityGroupsNegativeTestJSON:setUpClass): 200 GET http://10.180.1.21/identity/v3/roles 0.024s
2025-11-20 04:48:56.285 66131 INFO tempest.lib.common.rest_client [req-b8c0c09d-256b-4fd7-8a78-7cf4ec6a3bcc req-b8c0c09d-256b-4fd7-8a78-7cf4ec6a3bcc ] Request (SecurityGroupsNegativeTestJSON:setUpClass): 204 PUT http://10.180.1.21/identity/v3/projects/4a5da74224114a8eb75e441a10e0122c/users/e78ff59f2701420e8b76353f550c2c9a/roles/52c90d7c10f54cdba9a28c940f29123a 0.034s
2025-11-20 04:48:56.285 66131 INFO tempest.lib.common.dynamic_creds [-] Dynamic test user e78ff59f2701420e8b76353f550c2c9a is created with scope project and roles: ['member']
2025-11-20 04:48:56.286 66131 INFO tempest.lib.common.dynamic_creds [-] Acquired dynamic creds: credentials: Credentials: {'domain_id': 'default', 'domain_name': 'Default', 'username': 'tempest-SecurityGroupsNegativeTestJSON-145042627-project-member', 'project_domain_id': 'default', 'project_domain_name': 'Default', 'project_id': '4a5da74224114a8eb75e441a10e0122c', 'project_name': 'tempest-SecurityGroupsNegativeTestJSON-145042627', 'tenant_id': '4a5da74224114a8eb75e441a10e0122c', 'tenant_name': 'tempest-SecurityGroupsNegativeTestJSON-145042627', 'user_domain_id': 'default', 'user_domain_name': 'Default', 'user_id': 'e78ff59f2701420e8b76353f550c2c9a', 'system': None}, Network: None, Subnet: None, Router: None
2025-11-20 04:48:56.342 66131 INFO tempest.lib.common.rest_client [req-1e8ed6e3-94b3-4bd5-92d2-ffbbe726b739 req-1e8ed6e3-94b3-4bd5-92d2-ffbbe726b739 ] Request (SecurityGroupsNegativeTestJSON:setUpClass): 201 POST http://10.180.1.21/identity/v3/auth/tokens 0.056s
2025-11-20 04:48:56.494 66153 INFO tempest.lib.common.rest_client [req-29464445-c9a2-4e16-9a13-5d21e8fd037e req-29464445-c9a2-4e16-9a13-5d21e8fd037e ] Request (FloatingIPsAssociationNegativeTestJSON:setUpClass): 200 GET http://10.180.1.21/compute/v2.1/servers/49dd7535-e34a-4224-868a-56af142b1adb 1.566s
2025-11-20 04:48:56.679 66161 WARNING tempest.lib.common.ssh [-] Failed to establish authenticated ssh connection to cirros@10.180.180.171 ([Errno None] Unable to connect to port 22 on 10.180.180.171). Number attempts: 10. Retry after 11 seconds.: paramiko.ssh_exception.NoValidConnectionsError: [Errno None] Unable to connect to port 22 on 10.180.180.171
2025-11-20 04:48:56.782 66131 INFO tempest.lib.common.rest_client [req-8add1ace-c166-4377-9fb7-14adc8d16cb5 req-8add1ace-c166-4377-9fb7-14adc8d16cb5 ] Request (SecurityGroupsNegativeTestJSON:setUpClass): 201 POST http://10.180.1.21/networking/v2.0/networks 0.439s
2025-11-20 04:48:56.846 66171 INFO tempest.lib.common.rest_client [req-2b8996ed-db5c-4f95-907c-0506f4907567 req-2b8996ed-db5c-4f95-907c-0506f4907567 ] Request (ImagesTestJSON:test_create_image_from_suspended_server): 200 GET http://10.180.1.21/compute/v2.1/servers/073d851e-561b-418a-a3be-d3350198c85b 1.668s
2025-11-20 04:48:56.878 66135 INFO tempest.lib.common.rest_client [req-e0f44ee2-c433-4069-8de2-b9cfb5d1b721 req-e0f44ee2-c433-4069-8de2-b9cfb5d1b721 ] Request (ServersTestBootFromVolume:setUpClass): 200 GET http://10.180.1.21/compute/v2.1/servers/e9f11dc6-159f-45bd-875f-f5c0c8c14551 1.725s
2025-11-20 04:48:56.887 66135 INFO tempest.common.waiters [-] State transition "BUILD/spawning" ==> "ACTIVE/None" after 55 second wait
2025-11-20 04:48:56.987 66181 INFO tempest.lib.common.rest_client [req-a3292dc6-1528-4664-821e-6a58b4eb065d req-a3292dc6-1528-4664-821e-6a58b4eb065d ] Request (FloatingIPsTestJSON:setUpClass): 200 PUT http://10.180.1.21/networking/v2.0/routers/c2982731-0fec-4743-9d7d-94622e93a3ce/add_router_interface 0.930s
2025-11-20 04:48:56.987 66181 INFO tempest.lib.common.dynamic_creds [-] Created isolated network resources for: credentials: Credentials: {'domain_id': 'default', 'domain_name': 'Default', 'username': 'tempest-FloatingIPsTestJSON-1629121192-project-member', 'project_domain_id': 'default', 'project_domain_name': 'Default', 'project_id': '511a5c6962ea4bd18acb335bfaf8c569', 'project_name': 'tempest-FloatingIPsTestJSON-1629121192', 'tenant_id': '511a5c6962ea4bd18acb335bfaf8c569', 'tenant_name': 'tempest-FloatingIPsTestJSON-1629121192', 'user_domain_id': 'default', 'user_domain_name': 'Default', 'user_id': '5342533130bf4f96a64359b521911a95', 'system': None}, Network: {'id': '89b5ad6b-c959-4254-9cd4-a886183ba89f', 'name': 'tempest-FloatingIPsTestJSON-1454623739-network', 'tenant_id': '511a5c6962ea4bd18acb335bfaf8c569', 'project_id': '511a5c6962ea4bd18acb335bfaf8c569', 'admin_state_up': True, 'mtu': 8950, 'status': 'ACTIVE', 'subnets': [], 'shared': False, 'port_security_enabled': True, 'router:external': False, 'provider:network_type': 'vlan', 'provider:physical_network': 'default', 'provider:segmentation_id': 184, 'availability_zone_hints': [], 'availability_zones': [], 'ipv4_address_scope': None, 'ipv6_address_scope': None, 'description': '', 'tags': [], 'created_at': '2025-11-20T04:48:54Z', 'updated_at': '2025-11-20T04:48:54Z', 'revision_number': 1}, Subnet: {'id': 'a53e9e24-95dd-4da1-8fa4-75ecaa24c078', 'name': 'tempest-FloatingIPsTestJSON-1454623739-subnet', 'tenant_id': '511a5c6962ea4bd18acb335bfaf8c569', 'network_id': '89b5ad6b-c959-4254-9cd4-a886183ba89f', 'ip_version': 4, 'subnetpool_id': None, 'enable_dhcp': True, 'ipv6_ra_mode': None, 'ipv6_address_mode': None, 'gateway_ip': '192.168.128.1', 'cidr': '192.168.128.0/28', 'allocation_pools': [{'start': '192.168.128.2', 'end': '192.168.128.14'}], 'host_routes': [], 'dns_nameservers': [], 'description': '', 'router:external': False, 'service_types': [], 'tags': [], 'created_at': '2025-11-20T04:48:55Z', 'updated_at': '2025-11-20T04:48:55Z', 'revision_number': 0, 'project_id': '511a5c6962ea4bd18acb335bfaf8c569'}, Router: {'id': 'c2982731-0fec-4743-9d7d-94622e93a3ce', 'name': 'tempest-FloatingIPsTestJSON-1454623739-router', 'tenant_id': '511a5c6962ea4bd18acb335bfaf8c569', 'admin_state_up': True, 'status': 'ACTIVE', 'external_gateway_info': {'network_id': '52ce722e-0d97-4bf1-99ff-a5de7764e9da', 'external_fixed_ips': [{'subnet_id': 'cafc42b5-3bcb-4b52-8f6e-b1413efd5826', 'ip_address': '10.180.180.153'}], 'enable_snat': True}, 'description': '', 'availability_zones': [], 'distributed': False, 'ha': False, 'availability_zone_hints': [], 'routes': [], 'flavor_id': None, 'tags': [], 'created_at': '2025-11-20T04:48:55Z', 'updated_at': '2025-11-20T04:48:55Z', 'revision_number': 2, 'project_id': '511a5c6962ea4bd18acb335bfaf8c569'}
2025-11-20 04:48:57.015 66125 INFO tempest.lib.common.rest_client [req-18e3846c-7e1e-45de-90ba-54e55e4c0dbd req-18e3846c-7e1e-45de-90ba-54e55e4c0dbd ] Request (ServerMetadataNegativeTestJSON:setUpClass): 200 GET http://10.180.1.21/compute/v2.1/servers/9013b1a1-0239-4fdb-be67-c233bda73310 1.788s
2025-11-20 04:48:57.026 66167 INFO tempest.lib.common.rest_client [req-df3c996b-742c-4ec1-9b94-0b0d14c557c6 req-df3c996b-742c-4ec1-9b94-0b0d14c557c6 ] Request (ServersNegativeTestJSON:setUpClass): 200 GET http://10.180.1.21/compute/v2.1/servers/ca4c093a-f1cc-43e8-a32e-8834f7b24bb5 1.723s
2025-11-20 04:48:57.042 66131 INFO tempest.lib.common.rest_client [req-a828c70a-6255-48f4-bd23-3a7c9318a5c1 req-a828c70a-6255-48f4-bd23-3a7c9318a5c1 ] Request (SecurityGroupsNegativeTestJSON:setUpClass): 201 POST http://10.180.1.21/networking/v2.0/subnets 0.259s
2025-11-20 04:48:57.095 66129 INFO tempest.lib.common.rest_client [req-17940897-2982-45af-9564-2f34eab1a138 req-17940897-2982-45af-9564-2f34eab1a138 ] Request (ServersAdminTestJSON:test_create_server_with_scheduling_hint): 200 GET http://10.180.1.21/compute/v2.1/servers/0c21ed64-f299-4ad0-a212-907baef4a919 1.726s
2025-11-20 04:48:57.096 66181 INFO tempest.lib.common.rest_client [req-5c043edc-5f34-4704-9ccb-84ddb9dc50ba req-5c043edc-5f34-4704-9ccb-84ddb9dc50ba ] Request (FloatingIPsTestJSON:setUpClass): 201 POST http://10.180.1.21/identity/v3/auth/tokens 0.104s
2025-11-20 04:48:57.111 66141 INFO tempest.lib.common.rest_client [req-853a9284-ca81-49cd-bb7d-badeadcdfea2 req-853a9284-ca81-49cd-bb7d-badeadcdfea2 ] Request (DeleteServersAdminTestJSON:test_delete_server_while_in_error_state): 200 GET http://10.180.1.21/compute/v2.1/servers/0a8322ad-0143-4cbb-9e07-043cd3ab1899 1.794s
2025-11-20 04:48:57.400 66152 INFO tempest.lib.common.rest_client [req-086753ae-b506-4d46-9df6-57d144c30ac1 req-086753ae-b506-4d46-9df6-57d144c30ac1 ] Request (ServersTestJSON:test_create_server_with_ipv6_addr_only): 200 GET http://10.180.1.21/compute/v2.1/servers/62090198-5bba-4601-bc2f-bfcbd6ed5995 1.989s
2025-11-20 04:48:57.416 66155 INFO tempest.lib.common.rest_client [req-c82f638f-35c4-4d35-ad50-35eda039cf11 req-c82f638f-35c4-4d35-ad50-35eda039cf11 ] Request (ServerExternalEventsTest:tearDownClass): 200 GET http://10.180.1.21/compute/v2.1/servers/97d6e916-2551-4b80-9b52-1fdab5d3796f 1.938s
2025-11-20 04:48:57.463 66147 INFO tempest.lib.common.rest_client [req-503f54db-54a7-494e-abc6-b13f91aeb1c5 req-503f54db-54a7-494e-abc6-b13f91aeb1c5 ] Request (ListImageFiltersTestJSON:setUpClass): 200 GET http://10.180.1.21/compute/v2.1/images/029573df-1ee9-46ff-8b3a-62543bf43974 1.949s
2025-11-20 04:48:57.710 66175 INFO tempest.lib.common.rest_client [req-6d46c7d6-0008-4bfc-9f8c-58cf8e0863eb req-6d46c7d6-0008-4bfc-9f8c-58cf8e0863eb ] Request (ServersTestJSON:tearDownClass): 200 GET http://10.180.1.21/compute/v2.1/servers/f2cbc9f3-12f8-4737-a8ca-013c6caea3e9 2.202s
2025-11-20 04:48:57.721 66149 INFO tempest.lib.common.rest_client [req-ea4cab28-c4a9-496e-86ff-9fff79b36a49 req-ea4cab28-c4a9-496e-86ff-9fff79b36a49 ] Request (MigrationsAdminTest:test_resize_server_revert_deleted_flavor): 200 GET http://10.180.1.21/compute/v2.1/servers/1a06a675-c6da-46d0-8f84-3201bcb59e1d 2.153s
2025-11-20 04:48:57.843 66131 INFO tempest.lib.common.rest_client [req-cd4c721f-9651-4e4d-844f-9dabb2466316 req-cd4c721f-9651-4e4d-844f-9dabb2466316 ] Request (SecurityGroupsNegativeTestJSON:setUpClass): 201 POST http://10.180.1.21/networking/v2.0/routers 0.801s
2025-11-20 04:48:57.865 66119 INFO tempest.lib.common.rest_client [req-cdb07be0-a996-43b4-91b5-63889e35b001 req-cdb07be0-a996-43b4-91b5-63889e35b001 ] Request (FloatingIPsAssociationTestJSON:tearDownClass): 200 GET http://10.180.1.21/compute/v2.1/servers/4674da73-d497-4c3c-ac1b-2cfd6bbf5168 1.946s
2025-11-20 04:48:57.872 66119 INFO tempest.common.waiters [-] State transition "ACTIVE/deleting" ==> "DELETED/None" after 3 second wait
2025-11-20 04:48:58.024 66133 INFO tempest.lib.common.rest_client [req-06856565-6b05-4604-a5be-afcb673ba760 req-06856565-6b05-4604-a5be-afcb673ba760 ] Request (ServersTestMultiNic:_run_cleanups): 200 GET http://10.180.1.21/compute/v2.1/servers/4e3f0538-bfde-4c59-b493-c30d1813a786 2.011s
2025-11-20 04:48:58.107 66177 INFO tempest.lib.common.rest_client [req-e3e18f56-4723-4d83-8ec6-d0b15b84659a req-e3e18f56-4723-4d83-8ec6-d0b15b84659a ] Request (DeleteServersTestJSON:test_delete_active_server): 200 GET http://10.180.1.21/compute/v2.1/servers/64ba35ce-5285-4932-8656-7dd4bced4bac 2.022s
2025-11-20 04:48:58.163 66163 INFO tempest.lib.common.rest_client [req-3a1a8eaa-a029-4262-8cbe-c28116ef11a5 req-3a1a8eaa-a029-4262-8cbe-c28116ef11a5 ] Request (ListServerFiltersTestJSON:test_list_servers_filtered_by_ip_regex): 200 GET http://10.180.1.21/compute/v2.1/servers?ip=192.168.128. 2.081s
2025-11-20 04:48:58.214 66139 INFO tempest.lib.common.rest_client [req-f912276d-40bf-4b5c-92f0-31b2a9ac0a36 req-f912276d-40bf-4b5c-92f0-31b2a9ac0a36 ] Request (ServersAdminNegativeTestJSON:tearDownClass): 200 GET http://10.180.1.21/compute/v2.1/servers/76824fd3-c494-4610-8cd4-9e2661b260c2 2.101s
2025-11-20 04:48:58.248 66173 INFO tempest.lib.common.rest_client [req-121914c3-0e81-41d9-b096-5bc3bf625872 req-121914c3-0e81-41d9-b096-5bc3bf625872 ] Request (SecurityGroupsTestJSON:test_list_security_groups_by_server): 200 GET http://10.180.1.21/compute/v2.1/servers/c41bab1e-bb19-4ace-8198-03a49357877e 2.092s
2025-11-20 04:48:58.282 66117 INFO tempest.lib.common.rest_client [req-452af19e-0102-40f2-87d3-3af73b848132 req-452af19e-0102-40f2-87d3-3af73b848132 ] Request (MultipleCreateTestJSON:test_multiple_create): 200 GET http://10.180.1.21/compute/v2.1/servers/635856de-aeba-435d-ac65-6a1c29a855bb 2.097s
2025-11-20 04:48:58.330 66123 INFO tempest.lib.common.rest_client [req-f44cda2c-16ae-415f-b71b-a9d27c513c21 req-f44cda2c-16ae-415f-b71b-a9d27c513c21 ] Request (ServerRescueTestJSONUnderV235:setUpClass): 200 GET http://10.180.1.21/compute/v2.1/servers/e79742af-9767-4151-9a76-242d7994db55 1.576s
2025-11-20 04:48:58.348 66137 INFO tempest.lib.common.rest_client [req-544fbd83-3678-4135-946b-afaa86d436fa req-544fbd83-3678-4135-946b-afaa86d436fa ] Request (ImagesNegativeTestJSON:test_create_image_from_deleted_server): 200 GET http://10.180.1.21/compute/v2.1/servers/848f510a-35f9-4b4b-9149-9431346f2922 1.580s
2025-11-20 04:48:58.443 66135 INFO tempest.lib.common.rest_client [req-3b57990b-f8af-49d8-8a4f-69764b0657e8 req-3b57990b-f8af-49d8-8a4f-69764b0657e8 ] Request (ServersTestBootFromVolume:setUpClass): 200 GET http://10.180.1.21/compute/v2.1/servers/e9f11dc6-159f-45bd-875f-f5c0c8c14551/os-interface 1.555s
2025-11-20 04:48:58.467 66169 INFO tempest.lib.common.rest_client [req-331a8634-b10b-4307-985f-f636e72533d7 req-331a8634-b10b-4307-985f-f636e72533d7 ] Request (ImagesOneServerNegativeTestJSON:setUpClass): 200 GET http://10.180.1.21/compute/v2.1/servers/a93325c6-8901-488c-a626-bf1aa9f4f3af 1.525s
2025-11-20 04:48:58.849 66131 INFO tempest.lib.common.rest_client [req-9734247d-df33-4e53-b0e9-36d1ea80d47e req-9734247d-df33-4e53-b0e9-36d1ea80d47e ] Request (SecurityGroupsNegativeTestJSON:setUpClass): 200 PUT http://10.180.1.21/networking/v2.0/routers/ea8a0c19-5d55-49ea-812c-62f6daf6314b/add_router_interface 1.005s
2025-11-20 04:48:58.850 66131 INFO tempest.lib.common.dynamic_creds [-] Created isolated network resources for: credentials: Credentials: {'domain_id': 'default', 'domain_name': 'Default', 'username': 'tempest-SecurityGroupsNegativeTestJSON-145042627-project-member', 'project_domain_id': 'default', 'project_domain_name': 'Default', 'project_id': '4a5da74224114a8eb75e441a10e0122c', 'project_name': 'tempest-SecurityGroupsNegativeTestJSON-145042627', 'tenant_id': '4a5da74224114a8eb75e441a10e0122c', 'tenant_name': 'tempest-SecurityGroupsNegativeTestJSON-145042627', 'user_domain_id': 'default', 'user_domain_name': 'Default', 'user_id': 'e78ff59f2701420e8b76353f550c2c9a', 'system': None}, Network: {'id': 'cf09f50b-7bfe-4879-8ca9-8556b5026997', 'name': 'tempest-SecurityGroupsNegativeTestJSON-529747781-network', 'tenant_id': '4a5da74224114a8eb75e441a10e0122c', 'project_id': '4a5da74224114a8eb75e441a10e0122c', 'admin_state_up': True, 'mtu': 8950, 'status': 'ACTIVE', 'subnets': [], 'shared': False, 'port_security_enabled': True, 'router:external': False, 'provider:network_type': 'vlan', 'provider:physical_network': 'default', 'provider:segmentation_id': 221, 'availability_zone_hints': [], 'availability_zones': [], 'ipv4_address_scope': None, 'ipv6_address_scope': None, 'description': '', 'tags': [], 'created_at': '2025-11-20T04:48:56Z', 'updated_at': '2025-11-20T04:48:56Z', 'revision_number': 1}, Subnet: {'id': '5ce6a599-1a84-4e76-a68f-375d3450d92f', 'name': 'tempest-SecurityGroupsNegativeTestJSON-529747781-subnet', 'tenant_id': '4a5da74224114a8eb75e441a10e0122c', 'network_id': 'cf09f50b-7bfe-4879-8ca9-8556b5026997', 'ip_version': 4, 'subnetpool_id': None, 'enable_dhcp': True, 'ipv6_ra_mode': None, 'ipv6_address_mode': None, 'gateway_ip': '192.168.128.1', 'cidr': '192.168.128.0/28', 'allocation_pools': [{'start': '192.168.128.2', 'end': '192.168.128.14'}], 'host_routes': [], 'dns_nameservers': [], 'description': '', 'router:external': False, 'service_types': [], 'tags': [], 'created_at': '2025-11-20T04:48:56Z', 'updated_at': '2025-11-20T04:48:56Z', 'revision_number': 0, 'project_id': '4a5da74224114a8eb75e441a10e0122c'}, Router: {'id': 'ea8a0c19-5d55-49ea-812c-62f6daf6314b', 'name': 'tempest-SecurityGroupsNegativeTestJSON-529747781-router', 'tenant_id': '4a5da74224114a8eb75e441a10e0122c', 'admin_state_up': True, 'status': 'ACTIVE', 'external_gateway_info': {'network_id': '52ce722e-0d97-4bf1-99ff-a5de7764e9da', 'external_fixed_ips': [{'subnet_id': 'cafc42b5-3bcb-4b52-8f6e-b1413efd5826', 'ip_address': '10.180.180.131'}], 'enable_snat': True}, 'description': '', 'availability_zones': [], 'distributed': False, 'ha': False, 'availability_zone_hints': [], 'routes': [], 'flavor_id': None, 'tags': [], 'created_at': '2025-11-20T04:48:57Z', 'updated_at': '2025-11-20T04:48:57Z', 'revision_number': 2, 'project_id': '4a5da74224114a8eb75e441a10e0122c'}
2025-11-20 04:48:58.894 66121 INFO tempest.lib.common.rest_client [req-e2632cda-b185-484e-ac6a-b1750a395ac8 req-e2632cda-b185-484e-ac6a-b1750a395ac8 ] Request (ServerAddressesNegativeTestJSON:setUpClass): 200 GET http://10.180.1.21/compute/v2.1/servers/fac63c6e-a9bc-45b7-9f28-e17fda40bf82 1.833s
2025-11-20 04:48:58.980 66131 INFO tempest.lib.common.rest_client [req-0126c3d1-6b64-435e-a9eb-b4a176f22b37 req-0126c3d1-6b64-435e-a9eb-b4a176f22b37 ] Request (SecurityGroupsNegativeTestJSON:setUpClass): 201 POST http://10.180.1.21/identity/v3/auth/tokens 0.123s
2025-11-20 04:48:58.994 66135 INFO tempest.lib.common.rest_client [req-cca86ca8-1ff9-47f7-a58f-56b9476aecc5 req-cca86ca8-1ff9-47f7-a58f-56b9476aecc5 ] Request (ServersTestBootFromVolume:setUpClass): 200 PUT http://10.180.1.21/networking/v2.0/floatingips/0e57a5fc-8d72-4695-b64e-d4559f6ecb11 0.549s
2025-11-20 04:48:59.035 66127 INFO tempest.lib.common.rest_client [req-9ffd8e2a-f5cb-47fe-81c0-c7d4e76cf067 req-9ffd8e2a-f5cb-47fe-81c0-c7d4e76cf067 ] Request (ServerAddressesTestJSON:setUpClass): 200 GET http://10.180.1.21/compute/v2.1/servers/7913a6e0-c740-40bf-8633-8aa1e0a74b3c 1.786s
2025-11-20 04:48:59.091 66147 INFO tempest.lib.common.rest_client [req-c58ed4c2-8b80-4797-946d-453e72c8c82f req-c58ed4c2-8b80-4797-946d-453e72c8c82f ] Request (ListImageFiltersTestJSON:setUpClass): 200 GET http://10.180.1.21/compute/v2.1/images/029573df-1ee9-46ff-8b3a-62543bf43974 1.623s
2025-11-20 04:48:59.273 66153 INFO tempest.lib.common.rest_client [req-604c4874-8151-4bd7-9ca7-85927c35182e req-604c4874-8151-4bd7-9ca7-85927c35182e ] Request (FloatingIPsAssociationNegativeTestJSON:setUpClass): 200 GET http://10.180.1.21/compute/v2.1/servers/49dd7535-e34a-4224-868a-56af142b1adb 1.768s
2025-11-20 04:48:59.361 66171 INFO tempest.lib.common.rest_client [req-70ca8b43-7c6e-4729-a785-063f5bd2fb2d req-70ca8b43-7c6e-4729-a785-063f5bd2fb2d ] Request (ImagesTestJSON:test_create_image_from_suspended_server): 200 GET http://10.180.1.21/compute/v2.1/servers/073d851e-561b-418a-a3be-d3350198c85b 1.506s
2025-11-20 04:48:59.427 66125 INFO tempest.lib.common.rest_client [req-97ae7998-2de4-40ca-867c-f67e1e1d63b8 req-97ae7998-2de4-40ca-867c-f67e1e1d63b8 ] Request (ServerMetadataNegativeTestJSON:setUpClass): 200 GET http://10.180.1.21/compute/v2.1/servers/9013b1a1-0239-4fdb-be67-c233bda73310 1.404s
2025-11-20 04:48:59.434 66125 INFO tempest.common.waiters [-] State transition "BUILD/scheduling" ==> "BUILD/None" after 15 second wait
2025-11-20 04:48:59.516 66167 INFO tempest.lib.common.rest_client [req-064793c8-acd2-45ae-9737-591d3f267938 req-064793c8-acd2-45ae-9737-591d3f267938 ] Request (ServersNegativeTestJSON:setUpClass): 200 GET http://10.180.1.21/compute/v2.1/servers/ca4c093a-f1cc-43e8-a32e-8834f7b24bb5 1.481s
2025-11-20 04:48:59.594 66181 INFO tempest.lib.common.rest_client [req-155dc7ed-6e7a-4c97-b4e9-a5daa7bc9472 req-155dc7ed-6e7a-4c97-b4e9-a5daa7bc9472 ] Request (FloatingIPsTestJSON:test_allocate_floating_ip): 200 POST http://10.180.1.21/compute/v2.1/os-floating-ips 2.496s
2025-11-20 04:48:59.613 66129 INFO tempest.lib.common.rest_client [req-db9d6903-8a4c-4986-83e4-7cbac74cf925 req-db9d6903-8a4c-4986-83e4-7cbac74cf925 ] Request (ServersAdminTestJSON:test_create_server_with_scheduling_hint): 200 GET http://10.180.1.21/compute/v2.1/servers/0c21ed64-f299-4ad0-a212-907baef4a919 1.506s
2025-11-20 04:48:59.672 66141 INFO tempest.lib.common.rest_client [req-ee9ae181-6af2-46d0-ac1a-0aec7e1a3415 req-ee9ae181-6af2-46d0-ac1a-0aec7e1a3415 ] Request (DeleteServersAdminTestJSON:test_delete_server_while_in_error_state): 200 GET http://10.180.1.21/compute/v2.1/servers/0a8322ad-0143-4cbb-9e07-043cd3ab1899 1.552s
2025-11-20 04:48:59.720 66152 INFO tempest.lib.common.rest_client [req-0b0bf65e-6b48-4cc4-9dd8-5b4f28cf1deb req-0b0bf65e-6b48-4cc4-9dd8-5b4f28cf1deb ] Request (ServersTestJSON:test_create_server_with_ipv6_addr_only): 200 GET http://10.180.1.21/compute/v2.1/servers/62090198-5bba-4601-bc2f-bfcbd6ed5995 1.311s
2025-11-20 04:48:59.726 66163 INFO tempest.lib.common.rest_client [req-8c3611b9-6c48-4b39-8e33-eb8bac2c6f4e req-8c3611b9-6c48-4b39-8e33-eb8bac2c6f4e ] Request (ListServerFiltersTestJSON:test_list_servers_filtered_by_name_regex): 200 GET http://10.180.1.21/compute/v2.1/servers?name=%5E.%2A%5C-instance%5C-%5B0-9%5D%2B%24 1.559s
2025-11-20 04:48:59.793 66155 INFO tempest.lib.common.rest_client [req-2692cdad-5061-4713-ab94-aa98d1838277 req-2692cdad-5061-4713-ab94-aa98d1838277 ] Request (ServerExternalEventsTest:tearDownClass): 200 GET http://10.180.1.21/compute/v2.1/servers/97d6e916-2551-4b80-9b52-1fdab5d3796f 1.365s
2025-11-20 04:48:59.799 66175 INFO tempest.lib.common.rest_client [req-4e52a07e-98e5-4686-8e5d-fb606a1ec5b3 req-4e52a07e-98e5-4686-8e5d-fb606a1ec5b3 ] Request (ServersTestJSON:tearDownClass): 200 GET http://10.180.1.21/compute/v2.1/servers/f2cbc9f3-12f8-4737-a8ca-013c6caea3e9 1.075s
2025-11-20 04:48:59.866 66149 INFO tempest.lib.common.rest_client [req-53420a00-548e-4ad4-b724-8b6697b091a6 req-53420a00-548e-4ad4-b724-8b6697b091a6 ] Request (MigrationsAdminTest:test_resize_server_revert_deleted_flavor): 200 GET http://10.180.1.21/compute/v2.1/servers/1a06a675-c6da-46d0-8f84-3201bcb59e1d 1.134s
2025-11-20 04:48:59.870 66119 INFO tempest.lib.common.rest_client [req-e2b24380-4f08-47a6-b699-aa78823c714e req-e2b24380-4f08-47a6-b699-aa78823c714e ] Request (FloatingIPsAssociationTestJSON:tearDownClass): 200 GET http://10.180.1.21/compute/v2.1/servers/4674da73-d497-4c3c-ac1b-2cfd6bbf5168 0.997s
2025-11-20 04:48:59.907 66131 INFO tempest.lib.common.rest_client [req-a6d3d18b-591b-4645-9a42-d9ccac0b762f req-a6d3d18b-591b-4645-9a42-d9ccac0b762f ] Request (SecurityGroupsNegativeTestJSON:test_delete_nonexistent_security_group): 404 DELETE http://10.180.1.21/compute/v2.1/os-security-groups/e69671db-ced2-4d28-a6d9-31e302b26da9 0.924s
2025-11-20 04:48:59.983 66133 INFO tempest.lib.common.rest_client [req-a93084f3-3370-4c5f-a3a9-8bdc9c931bbe req-a93084f3-3370-4c5f-a3a9-8bdc9c931bbe ] Request (ServersTestMultiNic:_run_cleanups): 200 GET http://10.180.1.21/compute/v2.1/servers/4e3f0538-bfde-4c59-b493-c30d1813a786 0.949s
2025-11-20 04:48:59.993 66133 INFO tempest.common.waiters [-] State transition "ACTIVE/deleting" ==> "DELETED/None" after 4 second wait
2025-11-20 04:49:00.000 66135 INFO tempest.lib.common.rest_client [req-5521d12b-b95b-414e-9bcf-0abe7cd97eec req-5521d12b-b95b-414e-9bcf-0abe7cd97eec ] Request (ServersTestBootFromVolume:setUpClass): 200 GET http://10.180.1.21/compute/v2.1/servers/e9f11dc6-159f-45bd-875f-f5c0c8c14551 1.005s
2025-11-20 04:49:00.012 66135 INFO tempest.lib.common.ssh [-] Creating ssh connection to '10.180.180.181:22' as 'cirros' with public key authentication
2025-11-20 04:49:00.063 66177 INFO tempest.lib.common.rest_client [req-ba7f94bd-f79e-4979-bc73-8d09b431476d req-ba7f94bd-f79e-4979-bc73-8d09b431476d ] Request (DeleteServersTestJSON:test_delete_active_server): 200 GET http://10.180.1.21/compute/v2.1/servers/64ba35ce-5285-4932-8656-7dd4bced4bac 0.944s
2025-11-20 04:49:00.125 66139 INFO tempest.lib.common.rest_client [req-9c3ab9e6-7053-426c-b882-f01abf1bcd0f req-9c3ab9e6-7053-426c-b882-f01abf1bcd0f ] Request (ServersAdminNegativeTestJSON:tearDownClass): 200 GET http://10.180.1.21/compute/v2.1/servers/76824fd3-c494-4610-8cd4-9e2661b260c2 0.898s
2025-11-20 04:49:00.132 66147 INFO tempest.lib.common.rest_client [req-6ee34746-791c-4444-bfc5-f01c91ae37b0 req-6ee34746-791c-4444-bfc5-f01c91ae37b0 ] Request (ListImageFiltersTestJSON:setUpClass): 200 GET http://10.180.1.21/compute/v2.1/servers/584a81ec-ca0b-4e62-97ff-46a2092ff8e5 1.036s
2025-11-20 04:49:00.172 66173 INFO tempest.lib.common.rest_client [req-238732f8-b45c-44c3-88a5-7f824baa961d req-238732f8-b45c-44c3-88a5-7f824baa961d ] Request (SecurityGroupsTestJSON:test_list_security_groups_by_server): 200 GET http://10.180.1.21/compute/v2.1/servers/c41bab1e-bb19-4ace-8198-03a49357877e 0.913s
2025-11-20 04:49:00.182 66117 INFO tempest.lib.common.rest_client [req-415a1a13-10bb-4ad3-8670-caa29c7e5e85 req-415a1a13-10bb-4ad3-8670-caa29c7e5e85 ] Request (MultipleCreateTestJSON:test_multiple_create): 200 GET http://10.180.1.21/compute/v2.1/servers/635856de-aeba-435d-ac65-6a1c29a855bb 0.890s
2025-11-20 04:49:00.221 66123 INFO tempest.lib.common.rest_client [req-03d086f0-902a-4cad-9a7e-8dd61c5b848e req-03d086f0-902a-4cad-9a7e-8dd61c5b848e ] Request (ServerRescueTestJSONUnderV235:setUpClass): 200 GET http://10.180.1.21/compute/v2.1/servers/e79742af-9767-4151-9a76-242d7994db55 0.881s
2025-11-20 04:49:00.228 66137 INFO tempest.lib.common.rest_client [req-97d6df44-76a1-4d21-a596-0faf4dc3cfb8 req-97d6df44-76a1-4d21-a596-0faf4dc3cfb8 ] Request (ImagesNegativeTestJSON:test_create_image_from_deleted_server): 200 GET http://10.180.1.21/compute/v2.1/servers/848f510a-35f9-4b4b-9149-9431346f2922 0.872s
2025-11-20 04:49:00.281 66169 INFO tempest.lib.common.rest_client [req-cd7da31a-5936-48fc-bc40-4e32f20ab262 req-cd7da31a-5936-48fc-bc40-4e32f20ab262 ] Request (ImagesOneServerNegativeTestJSON:setUpClass): 200 GET http://10.180.1.21/compute/v2.1/servers/a93325c6-8901-488c-a626-bf1aa9f4f3af 0.806s
2025-11-20 04:49:00.303 66181 INFO tempest.lib.common.rest_client [req-1d3d5da1-1dd8-4fdd-af20-155b6ea80e2a req-1d3d5da1-1dd8-4fdd-af20-155b6ea80e2a ] Request (FloatingIPsTestJSON:test_allocate_floating_ip): 200 GET http://10.180.1.21/compute/v2.1/os-floating-ips/ac5e0730-c43a-4049-a5b6-8f1f8a7c18f9 0.706s
2025-11-20 04:49:00.336 66163 INFO tempest.lib.common.rest_client [req-c20afaca-f62e-4451-b7e7-89f4cd92c658 req-c20afaca-f62e-4451-b7e7-89f4cd92c658 ] Request (ListServerFiltersTestJSON:test_list_servers_filtered_by_name_regex): 200 GET http://10.180.1.21/compute/v2.1/servers?name=%5E.%2A%5C-instance%5C-.%2A%24 0.608s
2025-11-20 04:49:00.339 66131 INFO tempest.lib.common.rest_client [req-fef380e3-2c8a-4cfb-92a5-8e874b14e939 req-fef380e3-2c8a-4cfb-92a5-8e874b14e939 ] Request (SecurityGroupsNegativeTestJSON:test_delete_security_group_without_passing_id): 404 DELETE http://10.180.1.21/compute/v2.1/os-security-groups/ 0.429s
2025-11-20 04:49:00.356 66121 INFO tempest.lib.common.rest_client [req-b1740898-c7ba-4b4e-8c30-c2d8cf9c735b req-b1740898-c7ba-4b4e-8c30-c2d8cf9c735b ] Request (ServerAddressesNegativeTestJSON:setUpClass): 200 GET http://10.180.1.21/compute/v2.1/servers/fac63c6e-a9bc-45b7-9f28-e17fda40bf82 0.452s
2025-11-20 04:49:00.392 66127 INFO tempest.lib.common.rest_client [req-10c80cc4-fd9d-4c62-9dcb-271802eabd0e req-10c80cc4-fd9d-4c62-9dcb-271802eabd0e ] Request (ServerAddressesTestJSON:setUpClass): 200 GET http://10.180.1.21/compute/v2.1/servers/7913a6e0-c740-40bf-8633-8aa1e0a74b3c 0.348s
2025-11-20 04:49:00.522 66153 INFO tempest.lib.common.rest_client [req-87d943ac-b723-4d0f-a2da-43d23b127327 req-87d943ac-b723-4d0f-a2da-43d23b127327 ] Request (FloatingIPsAssociationNegativeTestJSON:setUpClass): 200 GET http://10.180.1.21/compute/v2.1/servers/49dd7535-e34a-4224-868a-56af142b1adb 0.238s
2025-11-20 04:49:00.603 66181 INFO tempest.lib.common.rest_client [req-0f045730-6a69-443b-a5dc-e5fff4e14e69 req-0f045730-6a69-443b-a5dc-e5fff4e14e69 ] Request (FloatingIPsTestJSON:test_allocate_floating_ip): 200 GET http://10.180.1.21/compute/v2.1/os-floating-ips 0.298s
2025-11-20 04:49:00.646 66163 INFO tempest.lib.common.rest_client [req-135ff91a-78fc-464c-a312-bbfa99fd15e8 req-135ff91a-78fc-464c-a312-bbfa99fd15e8 ] Request (ListServerFiltersTestJSON:test_list_servers_filtered_by_name_regex): 200 GET http://10.180.1.21/compute/v2.1/servers?name=1270690057 0.307s
2025-11-20 04:49:00.737 66131 INFO tempest.lib.common.rest_client [req-c70ce002-4acb-43bd-89b1-4a28df830850 req-c70ce002-4acb-43bd-89b1-4a28df830850 ] Request (SecurityGroupsNegativeTestJSON:test_delete_the_default_security_group): 200 GET http://10.180.1.21/compute/v2.1/os-security-groups 0.392s
2025-11-20 04:49:00.787 66147 INFO tempest.lib.common.rest_client [req-ff1059ef-e544-4e14-9987-187d42035ae2 req-ff1059ef-e544-4e14-9987-187d42035ae2 ] Request (ListImageFiltersTestJSON:setUpClass): 202 POST http://10.180.1.21/compute/v2.1/servers/45054102-3f33-4ae3-8cf7-ee6a6e344f28/action 0.647s
2025-11-20 04:49:00.792 66171 INFO tempest.lib.common.rest_client [req-5625938c-b7f6-4ed3-a9be-3d86a2b58997 req-5625938c-b7f6-4ed3-a9be-3d86a2b58997 ] Request (ImagesTestJSON:test_create_image_from_suspended_server): 200 GET http://10.180.1.21/compute/v2.1/servers/073d851e-561b-418a-a3be-d3350198c85b 0.423s
2025-11-20 04:49:00.855 66167 INFO tempest.lib.common.rest_client [req-8618407c-0e46-4fcf-b1e3-f8ab5d3c8a2b req-8618407c-0e46-4fcf-b1e3-f8ab5d3c8a2b ] Request (ServersNegativeTestJSON:setUpClass): 200 GET http://10.180.1.21/compute/v2.1/servers/ca4c093a-f1cc-43e8-a32e-8834f7b24bb5 0.327s
2025-11-20 04:49:00.855 66125 INFO tempest.lib.common.rest_client [req-814122ac-5f65-44a8-8042-7ae5da02dc79 req-814122ac-5f65-44a8-8042-7ae5da02dc79 ] Request (ServerMetadataNegativeTestJSON:setUpClass): 200 GET http://10.180.1.21/compute/v2.1/servers/9013b1a1-0239-4fdb-be67-c233bda73310 0.420s
2025-11-20 04:49:00.908 66129 INFO tempest.lib.common.rest_client [req-dcefd92c-7977-4628-bcdc-b6a4791df50c req-dcefd92c-7977-4628-bcdc-b6a4791df50c ] Request (ServersAdminTestJSON:test_create_server_with_scheduling_hint): 200 GET http://10.180.1.21/compute/v2.1/servers/0c21ed64-f299-4ad0-a212-907baef4a919 0.283s
2025-11-20 04:49:00.965 66163 INFO tempest.lib.common.rest_client [req-7a812478-f411-4826-a1f0-41a237b29f81 req-7a812478-f411-4826-a1f0-41a237b29f81 ] Request (ListServerFiltersTestJSON:test_list_servers_filtered_by_name_wildcard): 200 GET http://10.180.1.21/compute/v2.1/servers?name=-instance 0.317s
