2025-11-17 15:03:03.910 66410 INFO tempest.lib.common.rest_client [req-737747b5-4176-4f03-82a9-10309985fd14 req-737747b5-4176-4f03-82a9-10309985fd14 ] Request (MigrationsAdminTest:test_list_migrations_in_flavor_resize_situation): 200 GET http://10.180.1.21/compute/v2.1/servers/15342c4c-c7f0-4f5d-9155-d011de3fc7de 5.828s
2025-11-17 15:03:04.002 66392 INFO tempest.lib.common.rest_client [req-f107e48f-d64e-4db5-9873-4139329bd954 req-f107e48f-d64e-4db5-9873-4139329bd954 ] Request (ServersTestFqdnHostnames:tearDownClass): 204 DELETE http://10.180.1.21/compute/v2.1/servers/8914ac6b-a8a3-4a61-9b1e-54eebaad719a 5.328s
2025-11-17 15:03:04.032 66426 INFO tempest.lib.common.rest_client [req-73ee8f08-c7c0-4ddd-9f1c-2b5ff4f25248 req-73ee8f08-c7c0-4ddd-9f1c-2b5ff4f25248 ] Request (VolumesAdminNegativeTest:tearDownClass): 204 DELETE http://10.180.1.21/networking/v2.0/subnets/88bb2316-1ae3-49a6-9525-d08742173f9f 0.182s
2025-11-17 15:03:04.054 66398 INFO tempest.lib.common.rest_client [req-c12a1226-06a1-415f-8fb8-1b27703f6c5c req-c12a1226-06a1-415f-8fb8-1b27703f6c5c ] Request (SecurityGroupsTestJSON:test_list_security_groups_by_server): 200 GET http://10.180.1.21/compute/v2.1/servers/49f48960-ea75-4fcc-8b87-6831e315cad6 5.715s
2025-11-17 15:03:04.060 66418 INFO tempest.lib.common.rest_client [req-283a70a3-1987-470f-add1-6e36964400b7 req-283a70a3-1987-470f-add1-6e36964400b7 ] Request (ListServersNegativeTestJSON:test_list_servers_by_limits_pass_string): 400 GET http://10.180.1.21/compute/v2.1/servers?limit=testing 4.137s
2025-11-17 15:03:04.137 66402 INFO tempest.lib.common.rest_client [req-4311ecd0-a6fb-4b7d-86d1-a59b1a2a5860 req-4311ecd0-a6fb-4b7d-86d1-a59b1a2a5860 ] Request (DeleteServersAdminTestJSON:test_delete_server_while_in_error_state): 204 DELETE http://10.180.1.21/compute/v2.1/servers/d6be76ee-5d6a-4735-92b3-8a4ab5ca9fa0 4.212s
2025-11-17 15:03:04.251 66422 INFO tempest.lib.common.rest_client [req-98a8ff56-9e46-435e-9744-e50186d5a564 req-98a8ff56-9e46-435e-9744-e50186d5a564 ] Request (ValidationResourcesFixture:setUp): 200 POST http://10.180.1.21/compute/v2.1/os-keypairs 4.268s
2025-11-17 15:03:04.258 66378 INFO tempest.lib.common.rest_client [req-71bc9745-2b5e-452a-8d06-6fb4187186d2 req-71bc9745-2b5e-452a-8d06-6fb4187186d2 ] Request (ServerMetadataNegativeTestJSON:test_server_create_metadata_key_too_long): 400 POST http://10.180.1.21/compute/v2.1/servers 4.177s
2025-11-17 15:03:04.289 66378 INFO tempest.lib.common.rest_client [req-6d1a49a6-b5ac-4e70-9e07-9ff590346fc2 req-6d1a49a6-b5ac-4e70-9e07-9ff590346fc2 ] Request (ServerMetadataNegativeTestJSON:test_server_create_metadata_key_too_long): 201 POST http://10.180.1.21/identity/v3/auth/tokens 0.027s
2025-11-17 15:03:04.289 66378 INFO tempest.lib.common.fixed_network [-] (ServerMetadataNegativeTestJSON:test_server_create_metadata_key_too_long) Found network {'id': 'f64ea538-22c0-4275-8a61-f271413bbf38', 'name': 'tempest-ServerMetadataNegativeTestJSON-732526499-network', 'tenant_id': '864145d6492845689bc8ae22aeb936d9', 'project_id': '864145d6492845689bc8ae22aeb936d9', 'admin_state_up': True, 'mtu': 8950, 'status': 'ACTIVE', 'subnets': [], 'shared': False, 'port_security_enabled': True, 'router:external': False, 'provider:network_type': 'vlan', 'provider:physical_network': 'default', 'provider:segmentation_id': 248, 'availability_zone_hints': [], 'availability_zones': [], 'ipv4_address_scope': None, 'ipv6_address_scope': None, 'description': '', 'tags': [], 'created_at': '2025-11-17T15:02:03Z', 'updated_at': '2025-11-17T15:02:03Z', 'revision_number': 1} available for tenant
2025-11-17 15:03:04.705 66388 INFO tempest.lib.common.rest_client [req-45392d2a-781b-4869-a92a-a4a274737fdf req-45392d2a-781b-4869-a92a-a4a274737fdf ] Request (ServersListShow2100Test:test_list_show_rebuild_update_server_2100): 200 GET http://10.180.1.21/compute/v2.1/servers/2cdc1d46-e5f9-4eb3-9914-2b5e3bede25e 5.706s
2025-11-17 15:03:04.720 66388 INFO tempest.common.waiters [-] State transition "BUILD/spawning" ==> "ACTIVE/None" after 33 second wait
2025-11-17 15:03:04.737 66374 INFO tempest.lib.common.rest_client [req-c74f2cd7-480e-43f2-a3fe-57bc104be14b req-c74f2cd7-480e-43f2-a3fe-57bc104be14b ] Request (AggregatesAdminNegativeTestJSON:test_aggregate_remove_nonexistent_host): 200 POST http://10.180.1.21/compute/v2.1/os-aggregates 3.802s
2025-11-17 15:03:04.810 66426 INFO tempest.lib.common.rest_client [req-15b7e5d6-a597-47a5-a17a-471e0f910284 req-15b7e5d6-a597-47a5-a17a-471e0f910284 ] Request (VolumesAdminNegativeTest:tearDownClass): 204 DELETE http://10.180.1.21/networking/v2.0/networks/b1789ef0-7011-49a7-9f68-ffc69b1d50bf 0.778s
2025-11-17 15:03:04.834 66376 INFO tempest.lib.common.rest_client [req-2b9f3ea3-c7ef-4e74-974e-f4ec5f3c983a req-2b9f3ea3-c7ef-4e74-974e-f4ec5f3c983a ] Request (ListServerFiltersTestJSON:setUpClass): 200 GET http://10.180.1.21/compute/v2.1/servers/2ab3309a-67ad-4a79-8df4-17408642847b 4.525s
2025-11-17 15:03:04.847 66384 INFO tempest.lib.common.rest_client [req-1f54f0c2-56f9-4387-bb94-71fb9b970008 req-1f54f0c2-56f9-4387-bb94-71fb9b970008 ] Request (FloatingIPsAssociationTestJSON:tearDownClass): 200 GET http://10.180.1.21/compute/v2.1/servers/b2849552-2aa8-43e2-a274-3c71b4311ca2 3.610s
2025-11-17 15:03:04.850 66422 INFO tempest.lib.common.rest_client [req-63d91fc6-f360-4674-9ee9-d793ef027078 req-63d91fc6-f360-4674-9ee9-d793ef027078 ] Request (ValidationResourcesFixture:setUp): 201 POST http://10.180.1.21/networking/v2.0/security-groups 0.597s
2025-11-17 15:03:04.951 66422 INFO tempest.lib.common.rest_client [req-c6142a28-376a-490a-8ebe-f385376f5038 req-c6142a28-376a-490a-8ebe-f385376f5038 ] Request (ValidationResourcesFixture:setUp): 201 POST http://10.180.1.21/networking/v2.0/security-group-rules 0.101s
2025-11-17 15:03:04.975 66372 INFO tempest.lib.common.rest_client [req-d5827538-c2e8-44cf-afe8-3c6dc293578d req-d5827538-c2e8-44cf-afe8-3c6dc293578d ] Request (ServersAdminTestJSON:test_inject_network_info): 200 GET http://10.180.1.21/compute/v2.1/servers/d239b26c-19fd-470d-812e-c409432e80da 3.650s
2025-11-17 15:03:04.987 66404 INFO tempest.lib.common.rest_client [req-058f31f0-73c2-4e42-979f-be48a9e2e385 req-058f31f0-73c2-4e42-979f-be48a9e2e385 ] Request (FloatingIPsNegativeTestJSON:setUpClass): 200 GET http://10.180.1.21/compute/v2.1/os-floating-ips 3.078s
2025-11-17 15:03:05.088 66422 INFO tempest.lib.common.rest_client [req-3f3c5253-5e19-4828-98af-fccf19430b7f req-3f3c5253-5e19-4828-98af-fccf19430b7f ] Request (ValidationResourcesFixture:setUp): 201 POST http://10.180.1.21/networking/v2.0/security-group-rules 0.136s
2025-11-17 15:03:05.144 66382 INFO tempest.lib.common.rest_client [req-0aeaad19-b917-4741-9ae9-93434cafa742 req-0aeaad19-b917-4741-9ae9-93434cafa742 ] Request (ServerDiagnosticsNegativeTest:tearDownClass): 200 GET http://10.180.1.21/compute/v2.1/servers/3250fe7b-6cbc-4a61-b5bf-c3e744690092 3.230s
2025-11-17 15:03:05.174 66406 INFO tempest.lib.common.rest_client [req-8b1ea644-32ef-4eae-8c87-6ca8346d6a84 req-8b1ea644-32ef-4eae-8c87-6ca8346d6a84 ] Request (FlavorsAdminTestJSON:test_is_public_string_variations): 200 GET http://10.180.1.21/compute/v2.1/flavors/detail?is_public=yes 3.132s
2025-11-17 15:03:05.690 66422 INFO tempest.lib.common.rest_client [req-7fb024e0-5f3b-4dfd-8ba8-0f1112df7d19 req-7fb024e0-5f3b-4dfd-8ba8-0f1112df7d19 ] Request (ValidationResourcesFixture:setUp): 201 POST http://10.180.1.21/networking/v2.0/floatingips 0.601s
2025-11-17 15:03:05.733 66422 INFO tempest.lib.common.rest_client [req-35740949-8485-4338-94dd-fb977a95653a req-35740949-8485-4338-94dd-fb977a95653a ] Request (AttachInterfacesTestJSON:test_create_list_show_delete_interfaces_by_fixed_ip): 201 POST http://10.180.1.21/identity/v3/auth/tokens 0.039s
2025-11-17 15:03:05.734 66422 INFO tempest.lib.common.fixed_network [-] (AttachInterfacesTestJSON:test_create_list_show_delete_interfaces_by_fixed_ip) Found network {'id': '83668304-7f30-4e66-b654-71b39c0dc69b', 'name': 'tempest-AttachInterfacesTestJSON-1172948200-network', 'tenant_id': '172943858a814a79a6776aab659ec838', 'project_id': '172943858a814a79a6776aab659ec838', 'admin_state_up': True, 'mtu': 8950, 'status': 'ACTIVE', 'subnets': [], 'shared': False, 'port_security_enabled': True, 'router:external': False, 'provider:network_type': 'vlan', 'provider:physical_network': 'default', 'provider:segmentation_id': 646, 'availability_zone_hints': [], 'availability_zones': [], 'ipv4_address_scope': None, 'ipv6_address_scope': None, 'description': '', 'tags': [], 'created_at': '2025-11-17T15:02:57Z', 'updated_at': '2025-11-17T15:02:57Z', 'revision_number': 1} available for tenant
2025-11-17 15:03:05.744 66380 INFO tempest.lib.common.rest_client [req-368d6b0d-3cc9-4a87-b0cd-a3e57263cacd req-368d6b0d-3cc9-4a87-b0cd-a3e57263cacd ] Request (ServerDiskConfigTestJSON:test_rebuild_server_with_manual_disk_config): 200 GET http://10.180.1.21/compute/v2.1/servers/c4911b81-609a-4b14-a21a-476ff0c51284 3.532s
2025-11-17 15:03:05.773 66426 INFO tempest.lib.common.rest_client [req-510d80ca-ca52-4356-9d6f-dfc664c71b7f req-510d80ca-ca52-4356-9d6f-dfc664c71b7f ] Request (VolumesAdminNegativeTest:tearDownClass): 200 PUT http://10.180.1.21/networking/v2.0/routers/6480adb0-e693-4d6d-9317-0d2fce6ebdb7/remove_router_interface 0.962s
2025-11-17 15:03:05.901 66370 INFO tempest.lib.common.rest_client [req-120ec8d1-d587-4196-b957-a11675c9e941 req-120ec8d1-d587-4196-b957-a11675c9e941 ] Request (SecurityGroupRulesTestJSON:test_security_group_rules_delete_when_peer_group_deleted): 200 POST http://10.180.1.21/compute/v2.1/os-security-group-rules 3.888s
2025-11-17 15:03:06.025 66421 INFO tempest.lib.common.rest_client [req-8545a9cc-f64e-4a78-9ac7-1f93e0b832ef req-8545a9cc-f64e-4a78-9ac7-1f93e0b832ef ] Request (ListImageFiltersTestJSON:setUpClass): 200 GET http://10.180.1.21/compute/v2.1/images/c9957ca4-4b34-4f34-96e6-3b50142df23c 3.653s
2025-11-17 15:03:06.072 66413 INFO tempest.lib.common.rest_client [req-4a46e6fc-f257-44e5-b053-f379ff817f0b req-4a46e6fc-f257-44e5-b053-f379ff817f0b ] Request (TenantUsagesTestJSON:tearDownClass): 200 GET http://10.180.1.21/compute/v2.1/servers/e9856069-8847-4934-be38-ad28d38b67e8 3.602s
2025-11-17 15:03:06.136 66416 INFO tempest.lib.common.rest_client [req-21529b55-ce50-4dde-84d3-1ec97ae54d46 req-21529b55-ce50-4dde-84d3-1ec97ae54d46 ] Request (ServersListShow298Test:tearDownClass): 204 DELETE http://10.180.1.21/compute/v2.1/servers/fafa5ad8-01ea-4b2a-ac27-25c696dede44 3.583s
2025-11-17 15:03:06.147 66425 INFO tempest.lib.common.rest_client [req-a12867b6-e574-4b28-bda7-fe541b35147f req-a12867b6-e574-4b28-bda7-fe541b35147f ] Request (ImagesTestJSON:test_create_image_from_suspended_server): 200 GET http://10.180.1.21/compute/v2.1/servers/0a845004-19f8-49dc-88c0-781018fd41b9 2.947s
2025-11-17 15:03:06.213 66394 INFO tempest.lib.common.rest_client [req-f38db2be-80c1-45fd-af00-068bfeb568ff req-f38db2be-80c1-45fd-af00-068bfeb568ff ] Request (ServerExternalEventsTest:test_create_server_external_events): 200 GET http://10.180.1.21/compute/v2.1/servers/974b728a-17ed-419a-a44b-4e7d7d928a84 2.887s
2025-11-17 15:03:06.245 66426 INFO tempest.lib.common.rest_client [req-8ccea5fe-3414-45c2-9bab-eaca440ac5ef req-8ccea5fe-3414-45c2-9bab-eaca440ac5ef ] Request (VolumesAdminNegativeTest:tearDownClass): 204 DELETE http://10.180.1.21/networking/v2.0/routers/6480adb0-e693-4d6d-9317-0d2fce6ebdb7 0.468s
2025-11-17 15:03:06.307 66408 INFO tempest.lib.common.rest_client [req-68bdcc10-963a-41be-ae45-6af154a46752 req-68bdcc10-963a-41be-ae45-6af154a46752 ] Request (AttachInterfacesV270Test:test_create_get_list_interfaces): 200 GET http://10.180.1.21/compute/v2.1/servers/57f1fdfa-b9b3-4654-b5b6-2620d7b1d563 2.992s
2025-11-17 15:03:06.324 66408 INFO tempest.common.waiters [-] State transition "BUILD/networking" ==> "BUILD/spawning" after 25 second wait
2025-11-17 15:03:06.419 66426 INFO tempest.lib.common.rest_client [req-6357acab-c61f-43e3-9be1-b433b935e300 req-6357acab-c61f-43e3-9be1-b433b935e300 ] Request (VolumesAdminNegativeTest:tearDownClass): 204 DELETE http://10.180.1.21/networking/v2.0/subnets/0ff6649e-1ec8-4a84-802c-9f441d67ecd3 0.174s
2025-11-17 15:03:06.539 66414 INFO tempest.lib.common.rest_client [req-57996031-9218-4eba-b548-36fa6c1e3837 req-57996031-9218-4eba-b548-36fa6c1e3837 ] Request (ImagesOneServerTestJSON:setUpClass): 200 GET http://10.180.1.21/compute/v2.1/servers/72e31b0f-b273-4e27-9cf4-72576cd3ef75 2.955s
2025-11-17 15:03:06.554 66414 INFO tempest.common.waiters [-] State transition "BUILD/spawning" ==> "ACTIVE/None" after 40 second wait
2025-11-17 15:03:06.606 66392 INFO tempest.lib.common.rest_client [req-bc9ea0bc-17fb-4b82-b80e-405de17d36a6 req-bc9ea0bc-17fb-4b82-b80e-405de17d36a6 ] Request (ServersTestFqdnHostnames:tearDownClass): 200 GET http://10.180.1.21/compute/v2.1/servers/8914ac6b-a8a3-4a61-9b1e-54eebaad719a 2.604s
2025-11-17 15:03:06.626 66418 INFO tempest.lib.common.rest_client [req-60e0835e-3397-4d8e-98f9-bc285513f656 req-60e0835e-3397-4d8e-98f9-bc285513f656 ] Request (ListServersNegativeTestJSON:test_list_servers_by_non_existing_flavor): 200 GET http://10.180.1.21/compute/v2.1/servers?flavor=non_existing_flavor 2.565s
2025-11-17 15:03:06.926 66426 INFO tempest.lib.common.rest_client [req-2eaffaab-6b16-45f1-9d37-16c5972470f0 req-2eaffaab-6b16-45f1-9d37-16c5972470f0 ] Request (VolumesAdminNegativeTest:tearDownClass): 204 DELETE http://10.180.1.21/networking/v2.0/networks/de861a68-81a6-4d84-97d8-5cc985ae5f50 0.506s
2025-11-17 15:03:06.939 66396 INFO tempest.lib.common.rest_client [req-65dd8fbb-c51a-4bec-a4f4-e8f2034d05de req-65dd8fbb-c51a-4bec-a4f4-e8f2034d05de ] Request (ServerDiagnosticsV248Test:test_get_server_diagnostics): 200 GET http://10.180.1.21/compute/v2.1/servers/850b9972-2c13-4554-8547-6a2e00b9e09c 2.896s
2025-11-17 15:03:06.944 66378 INFO tempest.lib.common.rest_client [req-9254ef6e-bf92-4508-bc93-d2982b50baca req-9254ef6e-bf92-4508-bc93-d2982b50baca ] Request (ServerMetadataNegativeTestJSON:test_server_create_metadata_key_too_long): 400 POST http://10.180.1.21/compute/v2.1/servers 2.654s
2025-11-17 15:03:06.951 66402 INFO tempest.lib.common.rest_client [req-c3ddf3f4-7531-4e06-a3e4-e50723aaef2b req-c3ddf3f4-7531-4e06-a3e4-e50723aaef2b ] Request (DeleteServersAdminTestJSON:test_delete_server_while_in_error_state): 200 GET http://10.180.1.21/compute/v2.1/servers/d6be76ee-5d6a-4735-92b3-8a4ab5ca9fa0 2.814s
2025-11-17 15:03:06.983 66378 INFO tempest.lib.common.rest_client [req-c8efdf54-83bc-40f6-ae49-9f77fc74f5f7 req-c8efdf54-83bc-40f6-ae49-9f77fc74f5f7 ] Request (ServerMetadataNegativeTestJSON:test_server_create_metadata_key_too_long): 201 POST http://10.180.1.21/identity/v3/auth/tokens 0.036s
2025-11-17 15:03:06.984 66378 INFO tempest.lib.common.fixed_network [-] (ServerMetadataNegativeTestJSON:test_server_create_metadata_key_too_long) Found network {'id': 'f64ea538-22c0-4275-8a61-f271413bbf38', 'name': 'tempest-ServerMetadataNegativeTestJSON-732526499-network', 'tenant_id': '864145d6492845689bc8ae22aeb936d9', 'project_id': '864145d6492845689bc8ae22aeb936d9', 'admin_state_up': True, 'mtu': 8950, 'status': 'ACTIVE', 'subnets': [], 'shared': False, 'port_security_enabled': True, 'router:external': False, 'provider:network_type': 'vlan', 'provider:physical_network': 'default', 'provider:segmentation_id': 248, 'availability_zone_hints': [], 'availability_zones': [], 'ipv4_address_scope': None, 'ipv6_address_scope': None, 'description': '', 'tags': [], 'created_at': '2025-11-17T15:02:03Z', 'updated_at': '2025-11-17T15:02:03Z', 'revision_number': 1} available for tenant
2025-11-17 15:03:07.026 66426 INFO tempest.lib.common.rest_client [req-e60338d4-be32-4a71-a997-19218627864f req-e60338d4-be32-4a71-a997-19218627864f ] Request (VolumesAdminNegativeTest:tearDownClass): 204 DELETE http://10.180.1.21/identity/v3/users/f437614db30c4f58bee060d6a5a7abec 0.100s
2025-11-17 15:03:07.126 66388 INFO tempest.lib.common.rest_client [req-fd84c1b3-2140-4926-82ec-c0ec6e4de4c7 req-fd84c1b3-2140-4926-82ec-c0ec6e4de4c7 ] Request (ServersListShow2100Test:test_list_show_rebuild_update_server_2100): 200 GET http://10.180.1.21/compute/v2.1/servers/detail 2.405s
2025-11-17 15:03:07.162 66426 INFO tempest.lib.common.rest_client [req-8a1c759f-9d0f-4873-8889-a171a53c6459 req-8a1c759f-9d0f-4873-8889-a171a53c6459 ] Request (VolumesAdminNegativeTest:tearDownClass): 204 DELETE http://10.180.1.21/identity/v3/users/7d59beb787ec4dbdb736915c48021017 0.135s
2025-11-17 15:03:07.165 66374 INFO tempest.lib.common.rest_client [req-797e7931-c1c5-488c-8fa3-03bf0d4624f1 req-797e7931-c1c5-488c-8fa3-03bf0d4624f1 ] Request (AggregatesAdminNegativeTestJSON:test_aggregate_remove_nonexistent_host): 404 POST http://10.180.1.21/compute/v2.1/os-aggregates/8/action 2.426s
2025-11-17 15:03:07.184 66400 INFO tempest.lib.common.rest_client [req-2f0a290b-e4d7-4ed1-9960-2df332187b2b req-2f0a290b-e4d7-4ed1-9960-2df332187b2b ] Request (ServersV294TestFqdnHostnames:setUpClass): 200 GET http://10.180.1.21/compute/v2.1/servers/c1cca9ad-1936-4fa5-b081-143744421c3a 2.745s
2025-11-17 15:03:07.232 66433 INFO tempest.lib.common.rest_client [req-c7205c5c-8d70-4714-99b7-0d099c11e7af req-c7205c5c-8d70-4714-99b7-0d099c11e7af ] Request (ServersNegativeTestMultiTenantJSON:setUpClass): 200 GET http://10.180.1.21/compute/v2.1/servers/4ce83337-1906-4c4f-8eb1-5834476c91f7 2.346s
2025-11-17 15:03:07.268 66404 INFO tempest.lib.common.rest_client [req-ba5f2feb-863e-4df5-9dbc-022cdc001ec2 req-ba5f2feb-863e-4df5-9dbc-022cdc001ec2 ] Request (FloatingIPsNegativeTestJSON:test_allocate_floating_ip_from_nonexistent_pool): 404 POST http://10.180.1.21/compute/v2.1/os-floating-ips 2.275s
2025-11-17 15:03:07.277 66428 WARNING tempest.lib.common.ssh [-] Failed to establish authenticated ssh connection to cirros@10.180.180.199 ([Errno None] Unable to connect to port 22 on 10.180.180.199). Number attempts: 7. Retry after 8 seconds.: paramiko.ssh_exception.NoValidConnectionsError: [Errno None] Unable to connect to port 22 on 10.180.180.199
2025-11-17 15:03:07.305 66426 INFO tempest.lib.common.rest_client [req-58ab621e-e695-46ec-84eb-57505090be04 req-58ab621e-e695-46ec-84eb-57505090be04 ] Request (VolumesAdminNegativeTest:tearDownClass): 204 DELETE http://10.180.1.21/identity/v3/users/1b34fb9f9aee4802a83b14ffd7d8d408 0.142s
2025-11-17 15:03:07.305 66426 INFO tempest.lib.common.dynamic_creds [-] Deleting project and security group for project: d7196ad23f8c40568512afcfb691ab11
2025-11-17 15:03:07.312 66410 INFO tempest.lib.common.rest_client [req-94336892-5a7b-4060-bbc6-6849d3561c29 req-94336892-5a7b-4060-bbc6-6849d3561c29 ] Request (MigrationsAdminTest:test_list_migrations_in_flavor_resize_situation): 200 GET http://10.180.1.21/compute/v2.1/servers/15342c4c-c7f0-4f5d-9155-d011de3fc7de 2.390s
2025-11-17 15:03:07.319 66410 INFO tempest.common.waiters [-] State transition "VERIFY_RESIZE/None" ==> "ACTIVE/None" after 33 second wait
2025-11-17 15:03:07.336 66398 INFO tempest.lib.common.rest_client [req-42ed4723-b5b3-45f3-9448-f539579ea85e req-42ed4723-b5b3-45f3-9448-f539579ea85e ] Request (SecurityGroupsTestJSON:test_list_security_groups_by_server): 200 GET http://10.180.1.21/compute/v2.1/servers/49f48960-ea75-4fcc-8b87-6831e315cad6 2.274s
2025-11-17 15:03:07.338 66406 INFO tempest.lib.common.rest_client [req-d631e298-c884-41ae-9a62-81f3597a2f2c req-d631e298-c884-41ae-9a62-81f3597a2f2c ] Request (FlavorsAdminTestJSON:test_is_public_string_variations): 200 GET http://10.180.1.21/compute/v2.1/flavors/detail?is_public=1 2.156s
2025-11-17 15:03:07.362 66426 INFO tempest.lib.common.rest_client [req-4279af66-8261-4554-88f6-45ebda57ca97 req-4279af66-8261-4554-88f6-45ebda57ca97 ] Request (VolumesAdminNegativeTest:tearDownClass): 200 GET http://10.180.1.21/networking/v2.0/security-groups?tenant_id=d7196ad23f8c40568512afcfb691ab11&name=default 0.057s
2025-11-17 15:03:07.464 66426 INFO tempest.lib.common.rest_client [req-3f7bb307-02cf-4e5f-9a5a-dfb4e2bfcaba req-3f7bb307-02cf-4e5f-9a5a-dfb4e2bfcaba ] Request (VolumesAdminNegativeTest:tearDownClass): 204 DELETE http://10.180.1.21/networking/v2.0/security-groups/6f4fe354-0bc0-4b2a-b82a-14c86611f3bb 0.101s
2025-11-17 15:03:07.490 66376 INFO tempest.lib.common.rest_client [req-28d4c319-00b3-4dde-97ad-60e62604decd req-28d4c319-00b3-4dde-97ad-60e62604decd ] Request (ListServerFiltersTestJSON:setUpClass): 200 GET http://10.180.1.21/compute/v2.1/servers/2ab3309a-67ad-4a79-8df4-17408642847b 1.642s
2025-11-17 15:03:07.581 66426 INFO tempest.lib.common.rest_client [req-25d29f15-ae8b-42aa-9e42-2b20200fdd31 req-25d29f15-ae8b-42aa-9e42-2b20200fdd31 ] Request (VolumesAdminNegativeTest:tearDownClass): 204 DELETE http://10.180.1.21/identity/v3/projects/d7196ad23f8c40568512afcfb691ab11 0.116s
2025-11-17 15:03:07.581 66426 INFO tempest.lib.common.dynamic_creds [-] Deleting project and security group for project: 922d7bc4a88f4e9f8f12bed30d1c221e
2025-11-17 15:03:07.582 66384 INFO tempest.lib.common.rest_client [req-c903375f-c388-401d-a8d3-de16ab3f4e93 req-c903375f-c388-401d-a8d3-de16ab3f4e93 ] Request (FloatingIPsAssociationTestJSON:tearDownClass): 200 GET http://10.180.1.21/compute/v2.1/servers/b2849552-2aa8-43e2-a274-3c71b4311ca2 1.723s
2025-11-17 15:03:07.628 66426 INFO tempest.lib.common.rest_client [req-d2b04ab0-2c2b-4b9f-80dd-25cbdc9bf021 req-d2b04ab0-2c2b-4b9f-80dd-25cbdc9bf021 ] Request (VolumesAdminNegativeTest:tearDownClass): 200 GET http://10.180.1.21/networking/v2.0/security-groups?tenant_id=922d7bc4a88f4e9f8f12bed30d1c221e&name=default 0.046s
2025-11-17 15:03:07.738 66426 INFO tempest.lib.common.rest_client [req-ac65e2b7-3434-46dc-8917-5308ba0db5b5 req-ac65e2b7-3434-46dc-8917-5308ba0db5b5 ] Request (VolumesAdminNegativeTest:tearDownClass): 204 DELETE http://10.180.1.21/networking/v2.0/security-groups/60e5a26c-9c4c-4e9e-88c4-80f3b4948ec8 0.110s
2025-11-17 15:03:07.758 66370 INFO tempest.lib.common.rest_client [req-b1d06ee0-b875-42b8-8626-e521b5c0cfa4 req-b1d06ee0-b875-42b8-8626-e521b5c0cfa4 ] Request (SecurityGroupRulesTestJSON:test_security_group_rules_delete_when_peer_group_deleted): 202 DELETE http://10.180.1.21/compute/v2.1/os-security-groups/47c409ed-21ae-4ca5-9d1f-261cdd31d6a5 1.855s
2025-11-17 15:03:07.831 66372 INFO tempest.lib.common.rest_client [req-2e3e6a72-1327-429b-8991-d93d6269efa7 req-2e3e6a72-1327-429b-8991-d93d6269efa7 ] Request (ServersAdminTestJSON:test_inject_network_info): 200 GET http://10.180.1.21/compute/v2.1/servers/d239b26c-19fd-470d-812e-c409432e80da 1.847s
2025-11-17 15:03:07.838 66372 INFO tempest.common.waiters [-] State transition "BUILD/scheduling" ==> "BUILD/None" after 7 second wait
2025-11-17 15:03:07.854 66426 INFO tempest.lib.common.rest_client [req-da222e81-d183-4c88-b2cd-a9dc3d5e9995 req-da222e81-d183-4c88-b2cd-a9dc3d5e9995 ] Request (VolumesAdminNegativeTest:tearDownClass): 204 DELETE http://10.180.1.21/identity/v3/projects/922d7bc4a88f4e9f8f12bed30d1c221e 0.116s
2025-11-17 15:03:07.855 66426 INFO tempest.lib.common.dynamic_creds [-] Deleting project and security group for project: e03083f3f8b042b6b757ecf700d28526
2025-11-17 15:03:07.883 66426 INFO tempest.lib.common.rest_client [req-17cd6f20-747a-462d-ac3d-16875a4af8ee req-17cd6f20-747a-462d-ac3d-16875a4af8ee ] Request (VolumesAdminNegativeTest:tearDownClass): 200 GET http://10.180.1.21/networking/v2.0/security-groups?tenant_id=e03083f3f8b042b6b757ecf700d28526&name=default 0.028s
2025-11-17 15:03:07.934 66422 INFO tempest.lib.common.rest_client [req-3acb037c-27a7-42c2-8c2d-a624f38ff40a req-3acb037c-27a7-42c2-8c2d-a624f38ff40a ] Request (AttachInterfacesTestJSON:test_create_list_show_delete_interfaces_by_fixed_ip): 202 POST http://10.180.1.21/compute/v2.1/servers 2.199s
2025-11-17 15:03:07.948 66421 INFO tempest.lib.common.rest_client [req-7ff478e8-4e04-4fdd-8bde-47f553f40292 req-7ff478e8-4e04-4fdd-8bde-47f553f40292 ] Request (ListImageFiltersTestJSON:setUpClass): 200 GET http://10.180.1.21/compute/v2.1/servers/653eabde-fa34-4eec-a616-309b05b2f6f6 1.918s
2025-11-17 15:03:08.000 66426 INFO tempest.lib.common.rest_client [req-1fca2c73-e02e-4b09-8c8b-dd0d810f443d req-1fca2c73-e02e-4b09-8c8b-dd0d810f443d ] Request (VolumesAdminNegativeTest:tearDownClass): 204 DELETE http://10.180.1.21/networking/v2.0/security-groups/18d6329f-05c1-49bb-b294-0d00c4f941f9 0.116s
2025-11-17 15:03:08.014 66416 INFO tempest.lib.common.rest_client [req-127e76ee-1108-44ff-942a-55bcff7e9f50 req-127e76ee-1108-44ff-942a-55bcff7e9f50 ] Request (ServersListShow298Test:tearDownClass): 200 GET http://10.180.1.21/compute/v2.1/servers/fafa5ad8-01ea-4b2a-ac27-25c696dede44 1.877s
2025-11-17 15:03:08.028 66382 INFO tempest.lib.common.rest_client [req-3c89e9d2-dcab-4d88-a5eb-46d86ca09463 req-3c89e9d2-dcab-4d88-a5eb-46d86ca09463 ] Request (ServerDiagnosticsNegativeTest:tearDownClass): 200 GET http://10.180.1.21/compute/v2.1/servers/3250fe7b-6cbc-4a61-b5bf-c3e744690092 1.871s
2025-11-17 15:03:08.090 66418 INFO tempest.lib.common.rest_client [req-3257ef50-bdd9-4be2-81ba-ff0c1f0508ca req-3257ef50-bdd9-4be2-81ba-ff0c1f0508ca ] Request (ListServersNegativeTestJSON:test_list_servers_by_non_existing_image): 200 GET http://10.180.1.21/compute/v2.1/servers?image=non_existing_image 1.459s
2025-11-17 15:03:08.154 66426 INFO tempest.lib.common.rest_client [req-2c5fbe05-35b7-4d0e-ab66-81bb4412967b req-2c5fbe05-35b7-4d0e-ab66-81bb4412967b ] Request (VolumesAdminNegativeTest:tearDownClass): 204 DELETE http://10.180.1.21/identity/v3/projects/e03083f3f8b042b6b757ecf700d28526 0.153s
2025-11-17 15:03:08.166 66380 INFO tempest.lib.common.rest_client [req-6af5893a-a5f5-49ed-9527-1e29390e8ac0 req-6af5893a-a5f5-49ed-9527-1e29390e8ac0 ] Request (ServerDiskConfigTestJSON:test_rebuild_server_with_manual_disk_config): 200 GET http://10.180.1.21/compute/v2.1/servers/c4911b81-609a-4b14-a21a-476ff0c51284 1.408s
2025-11-17 15:03:08.198 66378 INFO tempest.lib.common.rest_client [req-de904034-ae25-4bdc-aadb-2e784781d1cf req-de904034-ae25-4bdc-aadb-2e784781d1cf ] Request (ServerMetadataNegativeTestJSON:test_server_create_metadata_key_too_long): 400 POST http://10.180.1.21/compute/v2.1/servers 1.214s
2025-11-17 15:03:08.234 66426 INFO tempest.lib.common.rest_client [req-4a727a2c-44cd-462e-b9a5-26a6f1fa022f req-4a727a2c-44cd-462e-b9a5-26a6f1fa022f ] Request (FloatingIPDetailsNegativeTestJSON:setUpClass): 201 POST http://10.180.1.21/identity/v3/auth/tokens 0.078s
2025-11-17 15:03:08.267 66413 INFO tempest.lib.common.rest_client [req-cb99783e-9059-4d70-9789-d4539558139e req-cb99783e-9059-4d70-9789-d4539558139e ] Request (TenantUsagesTestJSON:tearDownClass): 200 GET http://10.180.1.21/compute/v2.1/servers/e9856069-8847-4934-be38-ad28d38b67e8 1.186s
2025-11-17 15:03:08.298 66378 INFO tempest.lib.common.rest_client [req-f2e7b01f-bbd5-48cb-8ff1-878e4e8bb964 req-f2e7b01f-bbd5-48cb-8ff1-878e4e8bb964 ] Request (ServerMetadataNegativeTestJSON:test_server_create_metadata_key_too_long): 201 POST http://10.180.1.21/identity/v3/auth/tokens 0.096s
2025-11-17 15:03:08.299 66378 INFO tempest.lib.common.fixed_network [-] (ServerMetadataNegativeTestJSON:test_server_create_metadata_key_too_long) Found network {'id': 'f64ea538-22c0-4275-8a61-f271413bbf38', 'name': 'tempest-ServerMetadataNegativeTestJSON-732526499-network', 'tenant_id': '864145d6492845689bc8ae22aeb936d9', 'project_id': '864145d6492845689bc8ae22aeb936d9', 'admin_state_up': True, 'mtu': 8950, 'status': 'ACTIVE', 'subnets': [], 'shared': False, 'port_security_enabled': True, 'router:external': False, 'provider:network_type': 'vlan', 'provider:physical_network': 'default', 'provider:segmentation_id': 248, 'availability_zone_hints': [], 'availability_zones': [], 'ipv4_address_scope': None, 'ipv6_address_scope': None, 'description': '', 'tags': [], 'created_at': '2025-11-17T15:02:03Z', 'updated_at': '2025-11-17T15:02:03Z', 'revision_number': 1} available for tenant
2025-11-17 15:03:08.331 66426 INFO tempest.lib.common.rest_client [req-a15b29e7-25cf-4674-9708-6684792a56ec req-a15b29e7-25cf-4674-9708-6684792a56ec ] Request (FloatingIPDetailsNegativeTestJSON:setUpClass): 201 POST http://10.180.1.21/identity/v3/auth/tokens 0.093s
2025-11-17 15:03:08.359 66426 INFO tempest.lib.common.rest_client [req-6c715e09-89db-477d-b85a-aebb64ddc832 req-6c715e09-89db-477d-b85a-aebb64ddc832 ] Request (FloatingIPDetailsNegativeTestJSON:setUpClass): 200 GET http://10.180.1.21/identity/v3/domains?name=Default 0.028s
2025-11-17 15:03:08.364 66388 INFO tempest.lib.common.rest_client [req-24389cd7-ab3a-4a8d-b0f8-777870a85952 req-24389cd7-ab3a-4a8d-b0f8-777870a85952 ] Request (ServersListShow2100Test:test_list_show_rebuild_update_server_2100): 200 GET http://10.180.1.21/compute/v2.1/servers/2cdc1d46-e5f9-4eb3-9914-2b5e3bede25e 1.217s
2025-11-17 15:03:08.392 66426 INFO tempest.lib.common.rest_client [req-e7e05f2c-0296-4b5a-b7e3-cc92e1da3449 req-e7e05f2c-0296-4b5a-b7e3-cc92e1da3449 ] Request (FloatingIPDetailsNegativeTestJSON:setUpClass): 201 POST http://10.180.1.21/identity/v3/projects 0.032s
2025-11-17 15:03:08.418 66425 INFO tempest.lib.common.rest_client [req-74e7deac-9550-4788-8260-86730e51520f req-74e7deac-9550-4788-8260-86730e51520f ] Request (ImagesTestJSON:test_create_image_from_suspended_server): 200 GET http://10.180.1.21/compute/v2.1/servers/0a845004-19f8-49dc-88c0-781018fd41b9 1.262s
2025-11-17 15:03:08.443 66374 INFO tempest.lib.common.rest_client [req-c764464f-70c6-46a2-970a-13569196afea req-c764464f-70c6-46a2-970a-13569196afea ] Request (AggregatesAdminNegativeTestJSON:_run_cleanups): 200 DELETE http://10.180.1.21/compute/v2.1/os-aggregates/8 1.277s
2025-11-17 15:03:08.472 66426 INFO tempest.lib.common.rest_client [req-a6d33b9b-e556-40eb-bee2-247c2d7d0a91 req-a6d33b9b-e556-40eb-bee2-247c2d7d0a91 ] Request (FloatingIPDetailsNegativeTestJSON:setUpClass): 201 POST http://10.180.1.21/identity/v3/users 0.080s
2025-11-17 15:03:08.506 66394 INFO tempest.lib.common.rest_client [req-b6f1e582-554a-4e47-989f-7c8b2ee7610f req-b6f1e582-554a-4e47-989f-7c8b2ee7610f ] Request (ServerExternalEventsTest:test_create_server_external_events): 200 GET http://10.180.1.21/compute/v2.1/servers/974b728a-17ed-419a-a44b-4e7d7d928a84 1.282s
2025-11-17 15:03:08.509 66426 INFO tempest.lib.common.rest_client [req-977b2a11-2be5-425f-b05d-e06d23f7816c req-977b2a11-2be5-425f-b05d-e06d23f7816c ] Request (FloatingIPDetailsNegativeTestJSON:setUpClass): 200 GET http://10.180.1.21/identity/v3/roles 0.037s
2025-11-17 15:03:08.536 66404 INFO tempest.lib.common.rest_client [req-49048e96-b420-4b8a-8f70-bcece50fc06d req-49048e96-b420-4b8a-8f70-bcece50fc06d ] Request (FloatingIPsNegativeTestJSON:test_delete_nonexistent_floating_ip): 404 DELETE http://10.180.1.21/compute/v2.1/os-floating-ips/5c6d4233-634b-402d-a8ee-420e5ce036bb 1.266s
2025-11-17 15:03:08.550 66426 INFO tempest.lib.common.rest_client [req-9c08311f-d693-4df3-9e58-63e769fb5a73 req-9c08311f-d693-4df3-9e58-63e769fb5a73 ] Request (FloatingIPDetailsNegativeTestJSON:setUpClass): 204 PUT http://10.180.1.21/identity/v3/projects/adb705e0fb9244bf91f1ed4a1b247ea5/users/34ea08b28b3546dfa5bb604173ac605d/roles/b0a648f9c7df4f7b960bed14337ce21c 0.040s
2025-11-17 15:03:08.551 66426 INFO tempest.lib.common.dynamic_creds [-] Dynamic test user 34ea08b28b3546dfa5bb604173ac605d is created with scope project and roles: ['member']
2025-11-17 15:03:08.551 66426 INFO tempest.lib.common.dynamic_creds [-] Acquired dynamic creds: credentials: Credentials: {'domain_id': 'default', 'domain_name': 'Default', 'username': 'tempest-FloatingIPDetailsNegativeTestJSON-590194188-project-member', 'project_domain_id': 'default', 'project_domain_name': 'Default', 'project_id': 'adb705e0fb9244bf91f1ed4a1b247ea5', 'project_name': 'tempest-FloatingIPDetailsNegativeTestJSON-590194188', 'tenant_id': 'adb705e0fb9244bf91f1ed4a1b247ea5', 'tenant_name': 'tempest-FloatingIPDetailsNegativeTestJSON-590194188', 'user_domain_id': 'default', 'user_domain_name': 'Default', 'user_id': '34ea08b28b3546dfa5bb604173ac605d', 'system': None}, Network: None, Subnet: None, Router: None
2025-11-17 15:03:08.628 66374 INFO tempest.lib.common.rest_client [req-af80f551-4405-4dad-877f-d183cd5768e4 req-af80f551-4405-4dad-877f-d183cd5768e4 ] Request (AggregatesAdminNegativeTestJSON:tearDownClass): 204 DELETE http://10.180.1.21/identity/v3/users/ae6bb851627b4f5b9c662db35c7ace5e 0.184s
2025-11-17 15:03:08.656 66426 INFO tempest.lib.common.rest_client [req-e808a95e-c802-4148-883d-756f229090c5 req-e808a95e-c802-4148-883d-756f229090c5 ] Request (FloatingIPDetailsNegativeTestJSON:setUpClass): 201 POST http://10.180.1.21/identity/v3/auth/tokens 0.105s
2025-11-17 15:03:08.663 66414 INFO tempest.lib.common.rest_client [req-2a26b04d-2e32-4f9b-ab71-be07deb81522 req-2a26b04d-2e32-4f9b-ab71-be07deb81522 ] Request (ImagesOneServerTestJSON:test_create_delete_image): 202 POST http://10.180.1.21/compute/v2.1/servers/72e31b0f-b273-4e27-9cf4-72576cd3ef75/action 2.107s
2025-11-17 15:03:08.700 66410 INFO tempest.lib.common.rest_client [req-e65b98b7-58e5-4ec0-aa80-0caa1ef075c5 req-e65b98b7-58e5-4ec0-aa80-0caa1ef075c5 ] Request (MigrationsAdminTest:test_list_migrations_in_flavor_resize_situation): 200 GET http://10.180.1.21/compute/v2.1/servers/15342c4c-c7f0-4f5d-9155-d011de3fc7de 1.380s
2025-11-17 15:03:08.724 66406 INFO tempest.lib.common.rest_client [req-a894c595-1e27-4e9f-9d68-5cac04db7e5f req-a894c595-1e27-4e9f-9d68-5cac04db7e5f ] Request (FlavorsAdminTestJSON:_run_cleanups): 202 DELETE http://10.180.1.21/compute/v2.1/flavors/1670663525 1.379s
2025-11-17 15:03:08.798 66374 INFO tempest.lib.common.rest_client [req-144e0993-af93-4afa-bb45-7921f3ad70d7 req-144e0993-af93-4afa-bb45-7921f3ad70d7 ] Request (AggregatesAdminNegativeTestJSON:tearDownClass): 204 DELETE http://10.180.1.21/identity/v3/users/2ec415c24d4840e7b39fc149bbfda98b 0.168s
2025-11-17 15:03:08.798 66374 INFO tempest.lib.common.dynamic_creds [-] Deleting project and security group for project: 83935b28ba954ccabc20734fc1028da4
2025-11-17 15:03:08.858 66374 INFO tempest.lib.common.rest_client [req-a4abc6d0-7111-4c77-85ca-fb3c4cb8a6c3 req-a4abc6d0-7111-4c77-85ca-fb3c4cb8a6c3 ] Request (AggregatesAdminNegativeTestJSON:tearDownClass): 201 POST http://10.180.1.21/identity/v3/auth/tokens 0.059s
2025-11-17 15:03:09.054 66426 INFO tempest.lib.common.rest_client [req-b86c91bb-ff7e-4c3e-8dfa-24cbf89c47f2 req-b86c91bb-ff7e-4c3e-8dfa-24cbf89c47f2 ] Request (FloatingIPDetailsNegativeTestJSON:setUpClass): 201 POST http://10.180.1.21/networking/v2.0/networks 0.398s
2025-11-17 15:03:09.130 66392 INFO tempest.lib.common.rest_client [req-7153277f-2978-4e5b-a640-286d12bbab2f req-7153277f-2978-4e5b-a640-286d12bbab2f ] Request (ServersTestFqdnHostnames:tearDownClass): 200 GET http://10.180.1.21/compute/v2.1/servers/8914ac6b-a8a3-4a61-9b1e-54eebaad719a 1.507s
2025-11-17 15:03:09.137 66392 INFO tempest.common.waiters [-] State transition "ACTIVE/deleting" ==> "DELETED/None" after 3 second wait
2025-11-17 15:03:09.262 66374 INFO tempest.lib.common.rest_client [req-bd0bccf1-5fe4-4b29-ae9b-bbf342c428bb req-bd0bccf1-5fe4-4b29-ae9b-bbf342c428bb ] Request (AggregatesAdminNegativeTestJSON:tearDownClass): 200 GET http://10.180.1.21/networking/v2.0/security-groups?tenant_id=83935b28ba954ccabc20734fc1028da4&name=default 0.404s
2025-11-17 15:03:09.369 66404 INFO tempest.lib.common.rest_client [req-7a433c60-e02d-4f0a-8555-475080b130d4 req-7a433c60-e02d-4f0a-8555-475080b130d4 ] Request (FloatingIPsNegativeTestJSON:tearDownClass): 200 PUT http://10.180.1.21/networking/v2.0/routers/c9065937-dec6-4133-8dc0-84ed82823084/remove_router_interface 0.832s
2025-11-17 15:03:09.406 66408 INFO tempest.lib.common.rest_client [req-eeb9e324-bd7e-428b-b3e0-f64d0a501114 req-eeb9e324-bd7e-428b-b3e0-f64d0a501114 ] Request (AttachInterfacesV270Test:test_create_get_list_interfaces): 200 GET http://10.180.1.21/compute/v2.1/servers/57f1fdfa-b9b3-4654-b5b6-2620d7b1d563 2.080s
2025-11-17 15:03:09.420 66370 INFO tempest.lib.common.rest_client [req-5c048dab-694c-4f1e-8a44-603cb5d565e5 req-5c048dab-694c-4f1e-8a44-603cb5d565e5 ] Request (SecurityGroupRulesTestJSON:test_security_group_rules_delete_when_peer_group_deleted): 200 GET http://10.180.1.21/compute/v2.1/os-security-groups/02586bdb-0102-4d90-83a6-cd773ff41061 1.661s
2025-11-17 15:03:09.425 66426 INFO tempest.lib.common.rest_client [req-9fb0556a-3032-4ebc-88d3-de0fafbcdbb9 req-9fb0556a-3032-4ebc-88d3-de0fafbcdbb9 ] Request (FloatingIPDetailsNegativeTestJSON:setUpClass): 201 POST http://10.180.1.21/networking/v2.0/subnets 0.370s
2025-11-17 15:03:09.505 66374 INFO tempest.lib.common.rest_client [req-b75d94f3-f487-4277-810f-2ed682abf9b5 req-b75d94f3-f487-4277-810f-2ed682abf9b5 ] Request (AggregatesAdminNegativeTestJSON:tearDownClass): 204 DELETE http://10.180.1.21/networking/v2.0/security-groups/dbcca5ae-d8bb-46ce-ab67-5f945c1d137f 0.242s
2025-11-17 15:03:09.593 66374 INFO tempest.lib.common.rest_client [req-afb9d649-d08d-4b2c-bb65-99b4a237bda5 req-afb9d649-d08d-4b2c-bb65-99b4a237bda5 ] Request (AggregatesAdminNegativeTestJSON:tearDownClass): 204 DELETE http://10.180.1.21/identity/v3/projects/83935b28ba954ccabc20734fc1028da4 0.087s
2025-11-17 15:03:09.593 66374 INFO tempest.lib.common.dynamic_creds [-] Deleting project and security group for project: 4aa5c5da8dd546c2a745c35b221889b6
2025-11-17 15:03:10.214 66404 INFO tempest.lib.common.rest_client [req-82397979-4715-4523-9daf-9f4c28077981 req-82397979-4715-4523-9daf-9f4c28077981 ] Request (FloatingIPsNegativeTestJSON:tearDownClass): 204 DELETE http://10.180.1.21/networking/v2.0/routers/c9065937-dec6-4133-8dc0-84ed82823084 0.844s
2025-11-17 15:03:10.240 66426 INFO tempest.lib.common.rest_client [req-a653a7c8-2b41-4973-8c68-1330e6f4a219 req-a653a7c8-2b41-4973-8c68-1330e6f4a219 ] Request (FloatingIPDetailsNegativeTestJSON:setUpClass): 201 POST http://10.180.1.21/networking/v2.0/routers 0.815s
2025-11-17 15:03:10.260 66396 INFO tempest.lib.common.rest_client [req-edbbd4a4-62b5-4a6d-ada1-b35b93c6369e req-edbbd4a4-62b5-4a6d-ada1-b35b93c6369e ] Request (ServerDiagnosticsV248Test:test_get_server_diagnostics): 200 GET http://10.180.1.21/compute/v2.1/servers/850b9972-2c13-4554-8547-6a2e00b9e09c 2.311s
2025-11-17 15:03:10.274 66422 INFO tempest.lib.common.rest_client [req-7a02b4de-a0c3-4e71-8d9b-eb383438393e req-7a02b4de-a0c3-4e71-8d9b-eb383438393e ] Request (AttachInterfacesTestJSON:test_create_list_show_delete_interfaces_by_fixed_ip): 200 GET http://10.180.1.21/compute/v2.1/servers/aa52e8ee-733d-4f07-b433-75d31e612ee6 2.338s
2025-11-17 15:03:10.378 66404 INFO tempest.lib.common.rest_client [req-15e0a965-951e-47a9-adf7-bdb16198bbb8 req-15e0a965-951e-47a9-adf7-bdb16198bbb8 ] Request (FloatingIPsNegativeTestJSON:tearDownClass): 204 DELETE http://10.180.1.21/networking/v2.0/subnets/e79e8ca2-ed1d-4fc2-bb3c-2b71a83b52f2 0.164s
2025-11-17 15:03:10.381 66374 INFO tempest.lib.common.rest_client [req-d4402e89-218f-4191-859b-5d700b4c9503 req-d4402e89-218f-4191-859b-5d700b4c9503 ] Request (AggregatesAdminNegativeTestJSON:tearDownClass): 200 GET http://10.180.1.21/networking/v2.0/security-groups?tenant_id=4aa5c5da8dd546c2a745c35b221889b6&name=default 0.787s
2025-11-17 15:03:10.404 66402 INFO tempest.lib.common.rest_client [req-7064df4f-a291-43d4-9dca-17a7666498b4 req-7064df4f-a291-43d4-9dca-17a7666498b4 ] Request (DeleteServersAdminTestJSON:test_delete_server_while_in_error_state): 200 GET http://10.180.1.21/compute/v2.1/servers/d6be76ee-5d6a-4735-92b3-8a4ab5ca9fa0 2.443s
2025-11-17 15:03:10.415 66402 INFO tempest.common.waiters [-] State transition "ERROR/deleting" ==> "DELETED/None" after 4 second wait
2025-11-17 15:03:10.522 66418 INFO tempest.lib.common.rest_client [req-aeb622e5-e4bd-4acc-a253-74845db96e40 req-aeb622e5-e4bd-4acc-a253-74845db96e40 ] Request (ListServersNegativeTestJSON:test_list_servers_by_non_existing_server_name): 200 GET http://10.180.1.21/compute/v2.1/servers?name=non_existing_server_name 2.429s
2025-11-17 15:03:10.567 66404 INFO tempest.lib.common.rest_client [req-049109fc-89a9-4a07-805c-f7c36c5c27ac req-049109fc-89a9-4a07-805c-f7c36c5c27ac ] Request (FloatingIPsNegativeTestJSON:tearDownClass): 204 DELETE http://10.180.1.21/networking/v2.0/networks/f71a077f-c28f-4ab8-b349-750f6316acf3 0.189s
2025-11-17 15:03:10.678 66374 INFO tempest.lib.common.rest_client [req-b30aa9d1-cd06-4796-84f4-15ea99741bac req-b30aa9d1-cd06-4796-84f4-15ea99741bac ] Request (AggregatesAdminNegativeTestJSON:tearDownClass): 204 DELETE http://10.180.1.21/networking/v2.0/security-groups/93201742-b3d3-42c2-80c7-2c3da15e881a 0.296s
2025-11-17 15:03:10.724 66404 INFO tempest.lib.common.rest_client [req-03548628-ecbb-46df-bd95-3a02089ab6d1 req-03548628-ecbb-46df-bd95-3a02089ab6d1 ] Request (FloatingIPsNegativeTestJSON:tearDownClass): 204 DELETE http://10.180.1.21/identity/v3/users/e4183d1770d5432fbec663a328bd74ec 0.155s
2025-11-17 15:03:10.724 66404 INFO tempest.lib.common.dynamic_creds [-] Deleting project and security group for project: d80ac3e9ed414eadbb8a8dfdf14b0b9e
2025-11-17 15:03:10.843 66404 INFO tempest.lib.common.rest_client [req-d76e250f-2ec4-48f0-9a64-9272504504bc req-d76e250f-2ec4-48f0-9a64-9272504504bc ] Request (FloatingIPsNegativeTestJSON:tearDownClass): 200 GET http://10.180.1.21/networking/v2.0/security-groups?tenant_id=d80ac3e9ed414eadbb8a8dfdf14b0b9e&name=default 0.119s
2025-11-17 15:03:10.846 66374 INFO tempest.lib.common.rest_client [req-2b235114-4c2e-4dd1-af12-6c32617b0049 req-2b235114-4c2e-4dd1-af12-6c32617b0049 ] Request (AggregatesAdminNegativeTestJSON:tearDownClass): 204 DELETE http://10.180.1.21/identity/v3/projects/4aa5c5da8dd546c2a745c35b221889b6 0.167s
2025-11-17 15:03:10.915 66374 INFO tempest.lib.common.rest_client [req-7e24c2ca-3efe-4153-b9fe-d489ebd6bac0 req-7e24c2ca-3efe-4153-b9fe-d489ebd6bac0 ] Request (HypervisorAdminV228Test:setUpClass): 201 POST http://10.180.1.21/identity/v3/auth/tokens 0.068s
2025-11-17 15:03:10.929 66421 INFO tempest.lib.common.rest_client [req-a9d259a7-58a7-486d-8b29-b7a57b779c92 req-a9d259a7-58a7-486d-8b29-b7a57b779c92 ] Request (ListImageFiltersTestJSON:setUpClass): 202 POST http://10.180.1.21/compute/v2.1/servers/7bcdf753-8abf-48ab-873a-60cb9f57ff95/action 2.970s
2025-11-17 15:03:10.962 66374 INFO tempest.lib.common.rest_client [req-941f735d-99b2-4927-8883-bbdf47ffe7f4 req-941f735d-99b2-4927-8883-bbdf47ffe7f4 ] Request (HypervisorAdminV228Test:setUpClass): 201 POST http://10.180.1.21/identity/v3/auth/tokens 0.043s
2025-11-17 15:03:10.995 66374 INFO tempest.lib.common.rest_client [req-166abcf4-2c06-4302-930d-910745df2730 req-166abcf4-2c06-4302-930d-910745df2730 ] Request (HypervisorAdminV228Test:setUpClass): 200 GET http://10.180.1.21/identity/v3/domains?name=Default 0.032s
2025-11-17 15:03:11.034 66374 INFO tempest.lib.common.rest_client [req-86528ede-7a81-496b-83e4-ce411d2db3b7 req-86528ede-7a81-496b-83e4-ce411d2db3b7 ] Request (HypervisorAdminV228Test:setUpClass): 201 POST http://10.180.1.21/identity/v3/projects 0.038s
2025-11-17 15:03:11.053 66390 WARNING tempest.lib.common.ssh [-] Failed to establish authenticated ssh connection to cirros@10.180.180.168 ([Errno None] Unable to connect to port 22 on 10.180.180.168). Number attempts: 5. Retry after 6 seconds.: paramiko.ssh_exception.NoValidConnectionsError: [Errno None] Unable to connect to port 22 on 10.180.180.168
2025-11-17 15:03:11.135 66374 INFO tempest.lib.common.rest_client [req-8034e557-e7df-495e-8b6f-5c2d5eb2a0ab req-8034e557-e7df-495e-8b6f-5c2d5eb2a0ab ] Request (HypervisorAdminV228Test:setUpClass): 201 POST http://10.180.1.21/identity/v3/users 0.101s
2025-11-17 15:03:11.170 66374 INFO tempest.lib.common.rest_client [req-41916502-c205-45a0-b346-daf54c161ee9 req-41916502-c205-45a0-b346-daf54c161ee9 ] Request (HypervisorAdminV228Test:setUpClass): 200 GET http://10.180.1.21/identity/v3/roles 0.035s
2025-11-17 15:03:11.213 66374 INFO tempest.lib.common.rest_client [req-0f322b1d-733d-43cc-82b4-3a1f6d1bf653 req-0f322b1d-733d-43cc-82b4-3a1f6d1bf653 ] Request (HypervisorAdminV228Test:setUpClass): 204 PUT http://10.180.1.21/identity/v3/projects/ad41258a02b8406b89af47ebe0b955bb/users/2c757a06fd0840cc9e690d63beb203c3/roles/b0a648f9c7df4f7b960bed14337ce21c 0.042s
2025-11-17 15:03:11.213 66374 INFO tempest.lib.common.dynamic_creds [-] Dynamic test user 2c757a06fd0840cc9e690d63beb203c3 is created with scope project and roles: ['member']
2025-11-17 15:03:11.213 66374 INFO tempest.lib.common.dynamic_creds [-] Acquired dynamic creds: credentials: Credentials: {'domain_id': 'default', 'domain_name': 'Default', 'username': 'tempest-HypervisorAdminV228Test-902402312-project-member', 'project_domain_id': 'default', 'project_domain_name': 'Default', 'project_id': 'ad41258a02b8406b89af47ebe0b955bb', 'project_name': 'tempest-HypervisorAdminV228Test-902402312', 'tenant_id': 'ad41258a02b8406b89af47ebe0b955bb', 'tenant_name': 'tempest-HypervisorAdminV228Test-902402312', 'user_domain_id': 'default', 'user_domain_name': 'Default', 'user_id': '2c757a06fd0840cc9e690d63beb203c3', 'system': None}, Network: None, Subnet: None, Router: None
2025-11-17 15:03:11.213 66374 INFO tempest.lib.common.dynamic_creds [-] Created isolated network resources for: credentials: Credentials: {'domain_id': 'default', 'domain_name': 'Default', 'username': 'tempest-HypervisorAdminV228Test-902402312-project-member', 'project_domain_id': 'default', 'project_domain_name': 'Default', 'project_id': 'ad41258a02b8406b89af47ebe0b955bb', 'project_name': 'tempest-HypervisorAdminV228Test-902402312', 'tenant_id': 'ad41258a02b8406b89af47ebe0b955bb', 'tenant_name': 'tempest-HypervisorAdminV228Test-902402312', 'user_domain_id': 'default', 'user_domain_name': 'Default', 'user_id': '2c757a06fd0840cc9e690d63beb203c3', 'system': None}, Network: None, Subnet: None, Router: None
2025-11-17 15:03:11.262 66400 INFO tempest.lib.common.rest_client [req-4e3dcbfd-1743-430c-88a1-b48ed590b1c5 req-4e3dcbfd-1743-430c-88a1-b48ed590b1c5 ] Request (ServersV294TestFqdnHostnames:setUpClass): 200 GET http://10.180.1.21/compute/v2.1/servers/c1cca9ad-1936-4fa5-b081-143744421c3a 3.062s
2025-11-17 15:03:11.272 66378 INFO tempest.lib.common.rest_client [req-46ebf2a4-bacb-4515-8b4b-ef7ae463df49 req-46ebf2a4-bacb-4515-8b4b-ef7ae463df49 ] Request (ServerMetadataNegativeTestJSON:test_server_create_metadata_key_too_long): 400 POST http://10.180.1.21/compute/v2.1/servers 2.972s
2025-11-17 15:03:11.277 66400 INFO tempest.common.waiters [-] State transition "BUILD/spawning" ==> "ACTIVE/None" after 37 second wait
2025-11-17 15:03:11.304 66374 INFO tempest.lib.common.rest_client [req-5d863aae-040e-49c6-9326-7b71e761a291 req-5d863aae-040e-49c6-9326-7b71e761a291 ] Request (HypervisorAdminV228Test:setUpClass): 201 POST http://10.180.1.21/identity/v3/auth/tokens 0.087s
2025-11-17 15:03:11.378 66404 INFO tempest.lib.common.rest_client [req-2b6e8c64-20e9-46e1-9460-e831f4a37658 req-2b6e8c64-20e9-46e1-9460-e831f4a37658 ] Request (FloatingIPsNegativeTestJSON:tearDownClass): 204 DELETE http://10.180.1.21/networking/v2.0/security-groups/05035d9d-a96a-4a9f-b48f-7735e0d61398 0.534s
2025-11-17 15:03:11.410 66374 INFO tempest.lib.common.rest_client [req-4cffec2f-0181-4627-afb8-4f2a72ebf3e9 req-4cffec2f-0181-4627-afb8-4f2a72ebf3e9 ] Request (HypervisorAdminV228Test:setUpClass): 201 POST http://10.180.1.21/identity/v3/projects 0.105s
2025-11-17 15:03:11.432 66426 INFO tempest.lib.common.rest_client [req-dd14deb4-f4e8-4650-8e5c-b4a1e3a718da req-dd14deb4-f4e8-4650-8e5c-b4a1e3a718da ] Request (FloatingIPDetailsNegativeTestJSON:setUpClass): 200 PUT http://10.180.1.21/networking/v2.0/routers/2937aae0-3cd7-4e91-9002-6a3297e2ef03/add_router_interface 1.192s
