2025-11-17 15:02:34.243 66430 INFO tempest.lib.common.rest_client [req-c1205d3f-2b71-4add-b3d0-6e6b774a73ba req-c1205d3f-2b71-4add-b3d0-6e6b774a73ba ] Request (QuotasAdminTestV257:tearDownClass): 204 DELETE http://10.180.1.21/networking/v2.0/security-groups/95265a5f-1a7b-4f0b-97ed-e07f2a584132 0.205s
2025-11-17 15:02:34.313 66413 INFO tempest.lib.common.rest_client [req-ba4047de-5442-426c-b3ee-4e12623cfb75 req-ba4047de-5442-426c-b3ee-4e12623cfb75 ] Request (TenantUsagesTestJSON:setUpClass): 200 GET http://10.180.1.21/compute/v2.1/servers/e9856069-8847-4934-be38-ad28d38b67e8 2.922s
2025-11-17 15:02:34.321 66413 INFO tempest.common.waiters [-] State transition "BUILD/None" ==> "BUILD/spawning" after 21 second wait
2025-11-17 15:02:34.462 66408 INFO tempest.lib.common.rest_client [req-581747de-0a30-49aa-95b2-2d6b34c8272e req-581747de-0a30-49aa-95b2-2d6b34c8272e ] Request (AttachInterfacesV270Test:test_create_get_list_interfaces): 202 POST http://10.180.1.21/compute/v2.1/servers 3.229s
2025-11-17 15:02:34.485 66404 INFO tempest.lib.common.rest_client [req-368193e0-e31b-413e-8874-feb474dc95cc req-368193e0-e31b-413e-8874-feb474dc95cc ] Request (FlavorsAccessNegativeTestJSON:test_remove_flavor_access_not_found): 200 POST http://10.180.1.21/compute/v2.1/flavors 2.851s
2025-11-17 15:02:34.507 66430 INFO tempest.lib.common.rest_client [req-16396a66-8b05-4706-9e9b-a29c2679aeeb req-16396a66-8b05-4706-9e9b-a29c2679aeeb ] Request (QuotasAdminTestV257:tearDownClass): 204 DELETE http://10.180.1.21/identity/v3/projects/dacc752a0a6f4a40959053b591e3092f 0.263s
2025-11-17 15:02:34.523 66433 INFO tempest.lib.common.rest_client [req-6efef088-1ff1-4dc4-b7fb-c9aeccac738d req-6efef088-1ff1-4dc4-b7fb-c9aeccac738d ] Request (SecurityGroupsTestAdminJSON:_run_cleanups): 202 DELETE http://10.180.1.21/compute/v2.1/os-security-groups/620c73ae-8839-4b6d-8037-75b18ecd101c 2.923s
2025-11-17 15:02:34.548 66374 INFO tempest.lib.common.rest_client [req-0cf4ee3b-80c9-4520-81ad-939b3abc0793 req-0cf4ee3b-80c9-4520-81ad-939b3abc0793 ] Request (AggregatesAdminNegativeTestJSON:test_aggregate_delete_with_invalid_id): 404 DELETE http://10.180.1.21/compute/v2.1/os-aggregates/-1 2.485s
2025-11-17 15:02:34.575 66394 INFO tempest.lib.common.rest_client [req-9785a629-5f84-4834-aa21-aee1763fd408 req-9785a629-5f84-4834-aa21-aee1763fd408 ] Request (FlavorsV255TestJSON:_run_cleanups): 200 GET http://10.180.1.21/compute/v2.1/flavors/detail 2.482s
2025-11-17 15:02:34.580 66400 INFO tempest.lib.common.rest_client [req-60a7b425-d921-4a2d-926e-62fc62c69ccf req-60a7b425-d921-4a2d-926e-62fc62c69ccf ] Request (ServersV294TestFqdnHostnames:setUpClass): 200 GET http://10.180.1.21/compute/v2.1/servers/c1cca9ad-1936-4fa5-b081-143744421c3a 2.539s
2025-11-17 15:02:34.592 66370 INFO tempest.lib.common.rest_client [req-b77b5b87-2ed9-4bf8-97a9-09c5ab1fdcb6 req-b77b5b87-2ed9-4bf8-97a9-09c5ab1fdcb6 ] Request (FlavorsV2TestJSON:test_list_flavors_with_detail): 200 GET http://10.180.1.21/compute/v2.1/flavors/42 2.469s
2025-11-17 15:02:34.605 66430 INFO tempest.lib.common.rest_client [req-4ac00a45-d4ad-45ef-a6d1-ef815b582419 req-4ac00a45-d4ad-45ef-a6d1-ef815b582419 ] Request (ImagesMetadataNegativeTestJSON:setUpClass): 201 POST http://10.180.1.21/identity/v3/auth/tokens 0.096s
2025-11-17 15:02:34.727 66425 INFO tempest.lib.common.rest_client [req-bb8f921a-9176-4f9e-9fca-ec6696b945b4 req-bb8f921a-9176-4f9e-9fca-ec6696b945b4 ] Request (ImagesTestJSON:_run_cleanups): 204 DELETE http://10.180.1.21/compute/v2.1/servers/d9cd9929-865f-4590-b374-143f2faab006 2.487s
2025-11-17 15:02:34.727 66370 INFO tempest.lib.common.rest_client [req-44ca4fcf-3a84-4f05-9826-c24a190b3518 req-44ca4fcf-3a84-4f05-9826-c24a190b3518 ] Request (FlavorsV2TestJSON:tearDownClass): 204 DELETE http://10.180.1.21/identity/v3/users/3b33d731f1044cfca1e9894843d5fd80 0.131s
2025-11-17 15:02:34.728 66370 INFO tempest.lib.common.dynamic_creds [-] Deleting project and security group for project: c7f48022f13844d19483e6670ded3762
2025-11-17 15:02:34.788 66430 INFO tempest.lib.common.rest_client [req-c3d61017-f221-4526-87a4-bd9a3c1b3a0d req-c3d61017-f221-4526-87a4-bd9a3c1b3a0d ] Request (ImagesMetadataNegativeTestJSON:setUpClass): 201 POST http://10.180.1.21/identity/v3/auth/tokens 0.179s
2025-11-17 15:02:34.823 66394 INFO tempest.lib.common.rest_client [req-005957dd-072a-44cc-8b07-f8566ac17624 req-005957dd-072a-44cc-8b07-f8566ac17624 ] Request (FlavorsV255TestJSON:tearDownClass): 204 DELETE http://10.180.1.21/identity/v3/users/072a20f9404d4e3eb89525b7936ea5f2 0.239s
2025-11-17 15:02:34.849 66370 INFO tempest.lib.common.rest_client [req-bbf30dfd-4c46-4ac0-8e1b-c201d04824b4 req-bbf30dfd-4c46-4ac0-8e1b-c201d04824b4 ] Request (FlavorsV2TestJSON:tearDownClass): 201 POST http://10.180.1.21/identity/v3/auth/tokens 0.121s
2025-11-17 15:02:34.868 66410 INFO tempest.lib.common.rest_client [req-6d1249c6-e8f0-4026-a1c6-a3c7f6bd7ee1 req-6d1249c6-e8f0-4026-a1c6-a3c7f6bd7ee1 ] Request (MigrationsAdminTest:test_list_migrations_in_flavor_resize_situation): 200 GET http://10.180.1.21/compute/v2.1/servers/15342c4c-c7f0-4f5d-9155-d011de3fc7de 2.537s
2025-11-17 15:02:34.881 66425 INFO tempest.lib.common.rest_client [req-09ee627d-3191-4154-a8ac-106b2e88e405 req-09ee627d-3191-4154-a8ac-106b2e88e405 ] Request (ImagesTestJSON:test_create_image_from_suspended_server): 201 POST http://10.180.1.21/identity/v3/auth/tokens 0.143s
2025-11-17 15:02:34.883 66425 INFO tempest.lib.common.fixed_network [-] (ImagesTestJSON:test_create_image_from_suspended_server) Found network {'id': '2aed0999-0915-496f-a40c-bcd7a51c3e51', 'name': 'tempest-ImagesTestJSON-699428346-network', 'tenant_id': '1b2bd644634f4d26a0642157f6f1e037', 'project_id': '1b2bd644634f4d26a0642157f6f1e037', 'admin_state_up': True, 'mtu': 8950, 'status': 'ACTIVE', 'subnets': [], 'shared': False, 'port_security_enabled': True, 'router:external': False, 'provider:network_type': 'vlan', 'provider:physical_network': 'default', 'provider:segmentation_id': 427, 'availability_zone_hints': [], 'availability_zones': [], 'ipv4_address_scope': None, 'ipv6_address_scope': None, 'description': '', 'tags': [], 'created_at': '2025-11-17T15:01:15Z', 'updated_at': '2025-11-17T15:01:15Z', 'revision_number': 1} available for tenant
2025-11-17 15:02:34.911 66430 INFO tempest.lib.common.rest_client [req-655591f4-fc83-4980-ab37-dcccdb9d055d req-655591f4-fc83-4980-ab37-dcccdb9d055d ] Request (ImagesMetadataNegativeTestJSON:setUpClass): 200 GET http://10.180.1.21/identity/v3/domains?name=Default 0.121s
2025-11-17 15:02:34.988 66402 INFO tempest.lib.common.rest_client [req-428ad97e-ae55-4040-950f-69c933cae24f req-428ad97e-ae55-4040-950f-69c933cae24f ] Request (DeleteServersAdminTestJSON:test_delete_server_while_in_error_state): 200 GET http://10.180.1.21/compute/v2.1/servers/d6be76ee-5d6a-4735-92b3-8a4ab5ca9fa0 2.636s
2025-11-17 15:02:34.994 66394 INFO tempest.lib.common.rest_client [req-3ed69b20-dc5f-422c-b935-1c480268d031 req-3ed69b20-dc5f-422c-b935-1c480268d031 ] Request (FlavorsV255TestJSON:tearDownClass): 204 DELETE http://10.180.1.21/identity/v3/users/230c2ded0e724df8a4d91d7d054ac8bd 0.171s
2025-11-17 15:02:34.994 66394 INFO tempest.lib.common.dynamic_creds [-] Deleting project and security group for project: b1ab4c6da0594c11af5b81ea1a2f8577
2025-11-17 15:02:35.006 66422 INFO tempest.lib.common.rest_client [req-f07754ec-6bab-4842-a8f2-f952e4985045 req-f07754ec-6bab-4842-a8f2-f952e4985045 ] Request (KeyPairsV2TestJSON:_run_cleanups): 202 DELETE http://10.180.1.21/compute/v2.1/os-keypairs/tempest-KeyPairsV2TestJSON-keypair-1577662396 2.588s
2025-11-17 15:02:35.084 66430 INFO tempest.lib.common.rest_client [req-bdb6c3f4-a48f-41cd-ab3f-7d5641fc195a req-bdb6c3f4-a48f-41cd-ab3f-7d5641fc195a ] Request (ImagesMetadataNegativeTestJSON:setUpClass): 201 POST http://10.180.1.21/identity/v3/projects 0.173s
2025-11-17 15:02:35.092 66394 INFO tempest.lib.common.rest_client [req-9c3efce4-9bac-45f1-8145-b028fe073159 req-9c3efce4-9bac-45f1-8145-b028fe073159 ] Request (FlavorsV255TestJSON:tearDownClass): 201 POST http://10.180.1.21/identity/v3/auth/tokens 0.097s
2025-11-17 15:02:35.183 66370 INFO tempest.lib.common.rest_client [req-35c14bd0-9e43-49c2-afba-754d3ace2e63 req-35c14bd0-9e43-49c2-afba-754d3ace2e63 ] Request (FlavorsV2TestJSON:tearDownClass): 200 GET http://10.180.1.21/networking/v2.0/security-groups?tenant_id=c7f48022f13844d19483e6670ded3762&name=default 0.333s
2025-11-17 15:02:35.203 66430 INFO tempest.lib.common.rest_client [req-6b209689-5cc8-49dd-a628-c075b081fe62 req-6b209689-5cc8-49dd-a628-c075b081fe62 ] Request (ImagesMetadataNegativeTestJSON:setUpClass): 201 POST http://10.180.1.21/identity/v3/users 0.119s
2025-11-17 15:02:35.281 66422 INFO tempest.lib.common.rest_client [req-d04c2925-bbb5-4f20-8645-80331bc1ebce req-d04c2925-bbb5-4f20-8645-80331bc1ebce ] Request (KeyPairsV2TestJSON:tearDownClass): 204 DELETE http://10.180.1.21/identity/v3/users/00bda8d1fc414b9aa54a568604ee101e 0.274s
2025-11-17 15:02:35.281 66422 INFO tempest.lib.common.dynamic_creds [-] Deleting project and security group for project: e818ce4bb7a64cc9808a556fddc218f3
2025-11-17 15:02:35.401 66430 INFO tempest.lib.common.rest_client [req-c6e3d48c-65d4-417f-aff2-258ac6f14b6e req-c6e3d48c-65d4-417f-aff2-258ac6f14b6e ] Request (ImagesMetadataNegativeTestJSON:setUpClass): 200 GET http://10.180.1.21/identity/v3/roles 0.197s
2025-11-17 15:02:35.425 66422 INFO tempest.lib.common.rest_client [req-88df83f6-63e0-4f61-892c-fe5c1dca9d9d req-88df83f6-63e0-4f61-892c-fe5c1dca9d9d ] Request (KeyPairsV2TestJSON:tearDownClass): 201 POST http://10.180.1.21/identity/v3/auth/tokens 0.143s
2025-11-17 15:02:35.434 66430 INFO tempest.lib.common.rest_client [req-c6578cbf-68da-4b42-ab33-96d8cbd545d8 req-c6578cbf-68da-4b42-ab33-96d8cbd545d8 ] Request (ImagesMetadataNegativeTestJSON:setUpClass): 204 PUT http://10.180.1.21/identity/v3/projects/9a64cc6df75242108e30e52b0713ce46/users/7b1458305c854bf59ee9811015b142bc/roles/b0a648f9c7df4f7b960bed14337ce21c 0.032s
2025-11-17 15:02:35.434 66430 INFO tempest.lib.common.dynamic_creds [-] Dynamic test user 7b1458305c854bf59ee9811015b142bc is created with scope project and roles: ['member']
2025-11-17 15:02:35.434 66430 INFO tempest.lib.common.dynamic_creds [-] Acquired dynamic creds: credentials: Credentials: {'domain_id': 'default', 'domain_name': 'Default', 'username': 'tempest-ImagesMetadataNegativeTestJSON-334921768-project-member', 'project_domain_id': 'default', 'project_domain_name': 'Default', 'project_id': '9a64cc6df75242108e30e52b0713ce46', 'project_name': 'tempest-ImagesMetadataNegativeTestJSON-334921768', 'tenant_id': '9a64cc6df75242108e30e52b0713ce46', 'tenant_name': 'tempest-ImagesMetadataNegativeTestJSON-334921768', 'user_domain_id': 'default', 'user_domain_name': 'Default', 'user_id': '7b1458305c854bf59ee9811015b142bc', 'system': None}, Network: None, Subnet: None, Router: None
2025-11-17 15:02:35.434 66430 INFO tempest.lib.common.dynamic_creds [-] Created isolated network resources for: credentials: Credentials: {'domain_id': 'default', 'domain_name': 'Default', 'username': 'tempest-ImagesMetadataNegativeTestJSON-334921768-project-member', 'project_domain_id': 'default', 'project_domain_name': 'Default', 'project_id': '9a64cc6df75242108e30e52b0713ce46', 'project_name': 'tempest-ImagesMetadataNegativeTestJSON-334921768', 'tenant_id': '9a64cc6df75242108e30e52b0713ce46', 'tenant_name': 'tempest-ImagesMetadataNegativeTestJSON-334921768', 'user_domain_id': 'default', 'user_domain_name': 'Default', 'user_id': '7b1458305c854bf59ee9811015b142bc', 'system': None}, Network: None, Subnet: None, Router: None
2025-11-17 15:02:35.444 66396 INFO tempest.lib.common.rest_client [req-4f4683d4-da77-4a87-80dc-65ad77640e65 req-4f4683d4-da77-4a87-80dc-65ad77640e65 ] Request (QuotasAdminNegativeTest:_run_cleanups): 200 PUT http://10.180.1.21/compute/v2.1/os-quota-sets/eaa3589d3ce84f43841d8fc788f77160 2.801s
2025-11-17 15:02:35.465 66406 INFO tempest.lib.common.rest_client [req-a7589565-c117-4cc7-8d37-b077579a73aa req-a7589565-c117-4cc7-8d37-b077579a73aa ] Request (FlavorsAdminTestJSON:test_create_server_with_non_public_flavor): 400 POST http://10.180.1.21/compute/v2.1/servers 2.793s
2025-11-17 15:02:35.521 66430 INFO tempest.lib.common.rest_client [req-e90fe21c-8838-4c2e-9c01-9b4fc134281f req-e90fe21c-8838-4c2e-9c01-9b4fc134281f ] Request (ImagesMetadataNegativeTestJSON:setUpClass): 201 POST http://10.180.1.21/identity/v3/auth/tokens 0.082s
2025-11-17 15:02:35.554 66394 INFO tempest.lib.common.rest_client [req-2941b1e3-9b93-4721-9761-23e2213affcb req-2941b1e3-9b93-4721-9761-23e2213affcb ] Request (FlavorsV255TestJSON:tearDownClass): 200 GET http://10.180.1.21/networking/v2.0/security-groups?tenant_id=b1ab4c6da0594c11af5b81ea1a2f8577&name=default 0.462s
2025-11-17 15:02:35.700 66370 INFO tempest.lib.common.rest_client [req-48e2482d-7a57-459d-9803-8e8f20f5c489 req-48e2482d-7a57-459d-9803-8e8f20f5c489 ] Request (FlavorsV2TestJSON:tearDownClass): 204 DELETE http://10.180.1.21/networking/v2.0/security-groups/de7948cd-8254-4d80-b59f-159816dd0f26 0.516s
2025-11-17 15:02:35.883 66418 INFO tempest.lib.common.rest_client [req-e473406f-3e80-4ac0-88fb-2786eb5093d0 req-e473406f-3e80-4ac0-88fb-2786eb5093d0 ] Request (ListServersNegativeTestJSON:setUpClass): 200 GET http://10.180.1.21/compute/v2.1/servers/fb7d1872-7efa-4119-a890-38a23182d173 3.067s
2025-11-17 15:02:35.894 66370 INFO tempest.lib.common.rest_client [req-67598e2a-4534-484e-8301-3a802d2eca65 req-67598e2a-4534-484e-8301-3a802d2eca65 ] Request (FlavorsV2TestJSON:tearDownClass): 204 DELETE http://10.180.1.21/identity/v3/projects/c7f48022f13844d19483e6670ded3762 0.194s
2025-11-17 15:02:35.957 66422 INFO tempest.lib.common.rest_client [req-e66a9d4d-df61-4eaa-a85f-7b620a89c3e5 req-e66a9d4d-df61-4eaa-a85f-7b620a89c3e5 ] Request (KeyPairsV2TestJSON:tearDownClass): 200 GET http://10.180.1.21/networking/v2.0/security-groups?tenant_id=e818ce4bb7a64cc9808a556fddc218f3&name=default 0.532s
2025-11-17 15:02:35.983 66394 INFO tempest.lib.common.rest_client [req-40b00e03-d7b0-439c-b5c1-260c118ff3dd req-40b00e03-d7b0-439c-b5c1-260c118ff3dd ] Request (FlavorsV255TestJSON:tearDownClass): 204 DELETE http://10.180.1.21/networking/v2.0/security-groups/911fbed8-9297-4aa5-8032-09e1336e0f2c 0.428s
2025-11-17 15:02:35.989 66370 INFO tempest.lib.common.rest_client [req-6370a7a4-701b-4dbb-8382-e862902a0850 req-6370a7a4-701b-4dbb-8382-e862902a0850 ] Request (SecurityGroupRulesTestJSON:setUpClass): 201 POST http://10.180.1.21/identity/v3/auth/tokens 0.093s
2025-11-17 15:02:36.015 66392 WARNING tempest.lib.common.ssh [-] Failed to establish authenticated ssh connection to cirros@10.180.180.206 ([Errno None] Unable to connect to port 22 on 10.180.180.206). Number attempts: 5. Retry after 6 seconds.: paramiko.ssh_exception.NoValidConnectionsError: [Errno None] Unable to connect to port 22 on 10.180.180.206
2025-11-17 15:02:36.032 66370 INFO tempest.lib.common.rest_client [req-e4fe6567-0eba-4f82-8130-9e47f2a12215 req-e4fe6567-0eba-4f82-8130-9e47f2a12215 ] Request (SecurityGroupRulesTestJSON:setUpClass): 201 POST http://10.180.1.21/identity/v3/auth/tokens 0.038s
2025-11-17 15:02:36.086 66390 INFO tempest.lib.common.rest_client [req-1ce46a43-88c3-498d-8990-dac7b3c0ba61 req-1ce46a43-88c3-498d-8990-dac7b3c0ba61 ] Request (ServersWithSpecificFlavorTestJSON:test_verify_created_server_ephemeral_disk): 200 GET http://10.180.1.21/compute/v2.1/servers/f1253aca-00cf-4a10-afed-7dd6cb547006/os-interface 3.113s
2025-11-17 15:02:36.094 66394 INFO tempest.lib.common.rest_client [req-ad0d9ce1-b054-45a4-b706-60d605babee6 req-ad0d9ce1-b054-45a4-b706-60d605babee6 ] Request (FlavorsV255TestJSON:tearDownClass): 204 DELETE http://10.180.1.21/identity/v3/projects/b1ab4c6da0594c11af5b81ea1a2f8577 0.110s
2025-11-17 15:02:36.094 66394 INFO tempest.lib.common.dynamic_creds [-] Deleting project and security group for project: ed06c9ed2e7b4a39bcf2b2331b0a77ad
2025-11-17 15:02:36.112 66370 INFO tempest.lib.common.rest_client [req-e014ac27-d8ca-40d2-8de8-61ca3328ee1e req-e014ac27-d8ca-40d2-8de8-61ca3328ee1e ] Request (SecurityGroupRulesTestJSON:setUpClass): 200 GET http://10.180.1.21/identity/v3/domains?name=Default 0.080s
2025-11-17 15:02:36.174 66370 INFO tempest.lib.common.rest_client [req-504842bd-b979-4f3f-bb4c-8ee265ceb83c req-504842bd-b979-4f3f-bb4c-8ee265ceb83c ] Request (SecurityGroupRulesTestJSON:setUpClass): 201 POST http://10.180.1.21/identity/v3/projects 0.061s
2025-11-17 15:02:36.197 66422 INFO tempest.lib.common.rest_client [req-e6a5a9be-a36b-4e0b-a560-1b88bdfd32ae req-e6a5a9be-a36b-4e0b-a560-1b88bdfd32ae ] Request (KeyPairsV2TestJSON:tearDownClass): 204 DELETE http://10.180.1.21/networking/v2.0/security-groups/0dd9c46c-8a19-4692-8daa-6d4161dcf227 0.239s
2025-11-17 15:02:36.252 66370 INFO tempest.lib.common.rest_client [req-a7b5187b-4a74-4b35-9eb0-34ce2dde98a9 req-a7b5187b-4a74-4b35-9eb0-34ce2dde98a9 ] Request (SecurityGroupRulesTestJSON:setUpClass): 201 POST http://10.180.1.21/identity/v3/users 0.078s
2025-11-17 15:02:36.275 66370 INFO tempest.lib.common.rest_client [req-93907063-90a5-418a-9a24-2d66c82a4145 req-93907063-90a5-418a-9a24-2d66c82a4145 ] Request (SecurityGroupRulesTestJSON:setUpClass): 200 GET http://10.180.1.21/identity/v3/roles 0.022s
2025-11-17 15:02:36.301 66422 INFO tempest.lib.common.rest_client [req-5d8cb93f-7bf6-4ec4-92ce-2a6590166e84 req-5d8cb93f-7bf6-4ec4-92ce-2a6590166e84 ] Request (KeyPairsV2TestJSON:tearDownClass): 204 DELETE http://10.180.1.21/identity/v3/projects/e818ce4bb7a64cc9808a556fddc218f3 0.104s
2025-11-17 15:02:36.309 66394 INFO tempest.lib.common.rest_client [req-f09cfc96-b01c-4d59-b464-454454284efc req-f09cfc96-b01c-4d59-b464-454454284efc ] Request (FlavorsV255TestJSON:tearDownClass): 200 GET http://10.180.1.21/networking/v2.0/security-groups?tenant_id=ed06c9ed2e7b4a39bcf2b2331b0a77ad&name=default 0.214s
2025-11-17 15:02:36.336 66422 INFO tempest.lib.common.rest_client [req-08e0f7a2-53c5-4f82-a68e-ec93981e8678 req-08e0f7a2-53c5-4f82-a68e-ec93981e8678 ] Request (SecurityGroupsNegativeTestJSON:setUpClass): 201 POST http://10.180.1.21/identity/v3/auth/tokens 0.032s
2025-11-17 15:02:36.343 66370 INFO tempest.lib.common.rest_client [req-009edcbb-f79d-45d6-95a6-e122add6f5f3 req-009edcbb-f79d-45d6-95a6-e122add6f5f3 ] Request (SecurityGroupRulesTestJSON:setUpClass): 204 PUT http://10.180.1.21/identity/v3/projects/3e764a21daf34ec095de9398054a414a/users/319f62b746964e30a7e236dac9002fc3/roles/b0a648f9c7df4f7b960bed14337ce21c 0.068s
2025-11-17 15:02:36.344 66370 INFO tempest.lib.common.dynamic_creds [-] Dynamic test user 319f62b746964e30a7e236dac9002fc3 is created with scope project and roles: ['member']
2025-11-17 15:02:36.344 66370 INFO tempest.lib.common.dynamic_creds [-] Acquired dynamic creds: credentials: Credentials: {'domain_id': 'default', 'domain_name': 'Default', 'username': 'tempest-SecurityGroupRulesTestJSON-56809631-project-member', 'project_domain_id': 'default', 'project_domain_name': 'Default', 'project_id': '3e764a21daf34ec095de9398054a414a', 'project_name': 'tempest-SecurityGroupRulesTestJSON-56809631', 'tenant_id': '3e764a21daf34ec095de9398054a414a', 'tenant_name': 'tempest-SecurityGroupRulesTestJSON-56809631', 'user_domain_id': 'default', 'user_domain_name': 'Default', 'user_id': '319f62b746964e30a7e236dac9002fc3', 'system': None}, Network: None, Subnet: None, Router: None
2025-11-17 15:02:36.405 66370 INFO tempest.lib.common.rest_client [req-8ca3339f-4d14-465e-a2cf-c787f7908aaf req-8ca3339f-4d14-465e-a2cf-c787f7908aaf ] Request (SecurityGroupRulesTestJSON:setUpClass): 201 POST http://10.180.1.21/identity/v3/auth/tokens 0.060s
2025-11-17 15:02:36.407 66422 INFO tempest.lib.common.rest_client [req-0d344e9b-0ce1-468a-86c1-c06b8fd79c78 req-0d344e9b-0ce1-468a-86c1-c06b8fd79c78 ] Request (SecurityGroupsNegativeTestJSON:setUpClass): 201 POST http://10.180.1.21/identity/v3/auth/tokens 0.069s
2025-11-17 15:02:36.433 66422 INFO tempest.lib.common.rest_client [req-63ec34a5-ef69-4891-8220-03ccd8d42e77 req-63ec34a5-ef69-4891-8220-03ccd8d42e77 ] Request (SecurityGroupsNegativeTestJSON:setUpClass): 200 GET http://10.180.1.21/identity/v3/domains?name=Default 0.025s
2025-11-17 15:02:36.471 66422 INFO tempest.lib.common.rest_client [req-c79233c6-341d-467b-8123-f63d21adbf0a req-c79233c6-341d-467b-8123-f63d21adbf0a ] Request (SecurityGroupsNegativeTestJSON:setUpClass): 201 POST http://10.180.1.21/identity/v3/projects 0.038s
2025-11-17 15:02:36.587 66422 INFO tempest.lib.common.rest_client [req-c6206cc7-8ce5-4da8-9ac6-d3fd48f3198c req-c6206cc7-8ce5-4da8-9ac6-d3fd48f3198c ] Request (SecurityGroupsNegativeTestJSON:setUpClass): 201 POST http://10.180.1.21/identity/v3/users 0.115s
2025-11-17 15:02:36.621 66422 INFO tempest.lib.common.rest_client [req-30e73ffb-9563-47c4-a789-e0f7ef371f4a req-30e73ffb-9563-47c4-a789-e0f7ef371f4a ] Request (SecurityGroupsNegativeTestJSON:setUpClass): 200 GET http://10.180.1.21/identity/v3/roles 0.033s
2025-11-17 15:02:36.659 66422 INFO tempest.lib.common.rest_client [req-c76de7da-6a5c-4b86-9fa0-f5e799d111cb req-c76de7da-6a5c-4b86-9fa0-f5e799d111cb ] Request (SecurityGroupsNegativeTestJSON:setUpClass): 204 PUT http://10.180.1.21/identity/v3/projects/05552c9e5b0148529e90830298cac5a2/users/b029b59a7c114d1da82fc00fa877aae3/roles/b0a648f9c7df4f7b960bed14337ce21c 0.038s
2025-11-17 15:02:36.659 66422 INFO tempest.lib.common.dynamic_creds [-] Dynamic test user b029b59a7c114d1da82fc00fa877aae3 is created with scope project and roles: ['member']
2025-11-17 15:02:36.660 66422 INFO tempest.lib.common.dynamic_creds [-] Acquired dynamic creds: credentials: Credentials: {'domain_id': 'default', 'domain_name': 'Default', 'username': 'tempest-SecurityGroupsNegativeTestJSON-889590413-project-member', 'project_domain_id': 'default', 'project_domain_name': 'Default', 'project_id': '05552c9e5b0148529e90830298cac5a2', 'project_name': 'tempest-SecurityGroupsNegativeTestJSON-889590413', 'tenant_id': '05552c9e5b0148529e90830298cac5a2', 'tenant_name': 'tempest-SecurityGroupsNegativeTestJSON-889590413', 'user_domain_id': 'default', 'user_domain_name': 'Default', 'user_id': 'b029b59a7c114d1da82fc00fa877aae3', 'system': None}, Network: None, Subnet: None, Router: None
2025-11-17 15:02:36.730 66422 INFO tempest.lib.common.rest_client [req-98609962-841b-4ba0-bfdb-594e467fd8bc req-98609962-841b-4ba0-bfdb-594e467fd8bc ] Request (SecurityGroupsNegativeTestJSON:setUpClass): 201 POST http://10.180.1.21/identity/v3/auth/tokens 0.070s
2025-11-17 15:02:36.746 66390 INFO tempest.lib.common.rest_client [req-b3477bea-6e4e-4700-bc94-25036292678f req-b3477bea-6e4e-4700-bc94-25036292678f ] Request (ServersWithSpecificFlavorTestJSON:test_verify_created_server_ephemeral_disk): 200 PUT http://10.180.1.21/networking/v2.0/floatingips/85962acd-7a9a-429a-8795-70bfcbcb27b0 0.654s
2025-11-17 15:02:36.780 66388 INFO tempest.lib.common.rest_client [req-380a33bd-df9c-475d-b82e-0d3557128d3e req-380a33bd-df9c-475d-b82e-0d3557128d3e ] Request (ServersListShow2100Test:test_list_show_rebuild_update_server_2100): 200 GET http://10.180.1.21/compute/v2.1/servers/2cdc1d46-e5f9-4eb3-9914-2b5e3bede25e 3.782s
2025-11-17 15:02:36.901 66394 INFO tempest.lib.common.rest_client [req-4a8b6474-5af9-490f-be05-d63e0a07f9bb req-4a8b6474-5af9-490f-be05-d63e0a07f9bb ] Request (FlavorsV255TestJSON:tearDownClass): 204 DELETE http://10.180.1.21/networking/v2.0/security-groups/f578f226-b66a-4e19-9b01-ddf502e9cae4 0.592s
2025-11-17 15:02:36.976 66394 INFO tempest.lib.common.rest_client [req-bc41fc1f-9066-4ec0-a8c2-ff02e623cfb3 req-bc41fc1f-9066-4ec0-a8c2-ff02e623cfb3 ] Request (FlavorsV255TestJSON:tearDownClass): 204 DELETE http://10.180.1.21/identity/v3/projects/ed06c9ed2e7b4a39bcf2b2331b0a77ad 0.074s
2025-11-17 15:02:37.042 66394 INFO tempest.lib.common.rest_client [req-109cdd19-f0ce-4ba2-a3d7-cbdecc0c44c1 req-109cdd19-f0ce-4ba2-a3d7-cbdecc0c44c1 ] Request (ServerExternalEventsTest:setUpClass): 201 POST http://10.180.1.21/identity/v3/auth/tokens 0.064s
2025-11-17 15:02:37.083 66394 INFO tempest.lib.common.rest_client [req-319b4761-0d2a-4729-a49f-b9cd8d9e24cc req-319b4761-0d2a-4729-a49f-b9cd8d9e24cc ] Request (ServerExternalEventsTest:setUpClass): 201 POST http://10.180.1.21/identity/v3/auth/tokens 0.037s
2025-11-17 15:02:37.115 66394 INFO tempest.lib.common.rest_client [req-8bd41ab7-a648-4c17-8259-90c1c5ce169e req-8bd41ab7-a648-4c17-8259-90c1c5ce169e ] Request (ServerExternalEventsTest:setUpClass): 200 GET http://10.180.1.21/identity/v3/domains?name=Default 0.031s
2025-11-17 15:02:37.147 66370 INFO tempest.lib.common.rest_client [req-3c6e89b7-5335-4978-9906-6b2d9163f423 req-3c6e89b7-5335-4978-9906-6b2d9163f423 ] Request (SecurityGroupRulesTestJSON:setUpClass): 201 POST http://10.180.1.21/networking/v2.0/networks 0.741s
2025-11-17 15:02:37.153 66394 INFO tempest.lib.common.rest_client [req-244107be-db13-4fb6-84b5-28b525e28177 req-244107be-db13-4fb6-84b5-28b525e28177 ] Request (ServerExternalEventsTest:setUpClass): 201 POST http://10.180.1.21/identity/v3/projects 0.038s
2025-11-17 15:02:37.222 66394 INFO tempest.lib.common.rest_client [req-553b6cd0-7b78-4e37-8115-371304442311 req-553b6cd0-7b78-4e37-8115-371304442311 ] Request (ServerExternalEventsTest:setUpClass): 201 POST http://10.180.1.21/identity/v3/users 0.068s
2025-11-17 15:02:37.245 66394 INFO tempest.lib.common.rest_client [req-b8bd6b2c-c929-4c07-b28c-9a505764b5e0 req-b8bd6b2c-c929-4c07-b28c-9a505764b5e0 ] Request (ServerExternalEventsTest:setUpClass): 200 GET http://10.180.1.21/identity/v3/roles 0.022s
2025-11-17 15:02:37.274 66394 INFO tempest.lib.common.rest_client [req-f2e1e542-c638-4299-bfeb-714f35fa1fae req-f2e1e542-c638-4299-bfeb-714f35fa1fae ] Request (ServerExternalEventsTest:setUpClass): 204 PUT http://10.180.1.21/identity/v3/projects/ac3040c402494f18ac2a6994ee04d17a/users/122f855b279344d0862bbecb17da8173/roles/b0a648f9c7df4f7b960bed14337ce21c 0.028s
2025-11-17 15:02:37.274 66394 INFO tempest.lib.common.dynamic_creds [-] Dynamic test user 122f855b279344d0862bbecb17da8173 is created with scope project and roles: ['member']
2025-11-17 15:02:37.274 66394 INFO tempest.lib.common.dynamic_creds [-] Acquired dynamic creds: credentials: Credentials: {'domain_id': 'default', 'domain_name': 'Default', 'username': 'tempest-ServerExternalEventsTest-212210147-project-member', 'project_domain_id': 'default', 'project_domain_name': 'Default', 'project_id': 'ac3040c402494f18ac2a6994ee04d17a', 'project_name': 'tempest-ServerExternalEventsTest-212210147', 'tenant_id': 'ac3040c402494f18ac2a6994ee04d17a', 'tenant_name': 'tempest-ServerExternalEventsTest-212210147', 'user_domain_id': 'default', 'user_domain_name': 'Default', 'user_id': '122f855b279344d0862bbecb17da8173', 'system': None}, Network: None, Subnet: None, Router: None
2025-11-17 15:02:37.276 66394 INFO tempest.lib.common.dynamic_creds [-] Created isolated network resources for: credentials: Credentials: {'domain_id': 'default', 'domain_name': 'Default', 'username': 'tempest-ServerExternalEventsTest-212210147-project-member', 'project_domain_id': 'default', 'project_domain_name': 'Default', 'project_id': 'ac3040c402494f18ac2a6994ee04d17a', 'project_name': 'tempest-ServerExternalEventsTest-212210147', 'tenant_id': 'ac3040c402494f18ac2a6994ee04d17a', 'tenant_name': 'tempest-ServerExternalEventsTest-212210147', 'user_domain_id': 'default', 'user_domain_name': 'Default', 'user_id': '122f855b279344d0862bbecb17da8173', 'system': None}, Network: None, Subnet: None, Router: None
2025-11-17 15:02:37.380 66394 INFO tempest.lib.common.rest_client [req-0688d1b5-f42d-4b2b-b7c8-a343b8d667f7 req-0688d1b5-f42d-4b2b-b7c8-a343b8d667f7 ] Request (ServerExternalEventsTest:setUpClass): 201 POST http://10.180.1.21/identity/v3/auth/tokens 0.097s
2025-11-17 15:02:37.458 66394 INFO tempest.lib.common.rest_client [req-366f551b-3190-4f39-89e6-31ad516abab1 req-366f551b-3190-4f39-89e6-31ad516abab1 ] Request (ServerExternalEventsTest:setUpClass): 201 POST http://10.180.1.21/identity/v3/projects 0.076s
2025-11-17 15:02:37.469 66422 INFO tempest.lib.common.rest_client [req-f9a29abe-2f25-451c-803b-ab86ce2ba417 req-f9a29abe-2f25-451c-803b-ab86ce2ba417 ] Request (SecurityGroupsNegativeTestJSON:setUpClass): 201 POST http://10.180.1.21/networking/v2.0/networks 0.738s
2025-11-17 15:02:37.524 66394 INFO tempest.lib.common.rest_client [req-6e4a9c97-05c5-4c8f-9a94-fcdc8f9568de req-6e4a9c97-05c5-4c8f-9a94-fcdc8f9568de ] Request (ServerExternalEventsTest:setUpClass): 201 POST http://10.180.1.21/identity/v3/users 0.066s
2025-11-17 15:02:37.558 66394 INFO tempest.lib.common.rest_client [req-7774ba2e-4e66-4dcd-8e29-b3ae4b7fa5e1 req-7774ba2e-4e66-4dcd-8e29-b3ae4b7fa5e1 ] Request (ServerExternalEventsTest:setUpClass): 200 GET http://10.180.1.21/identity/v3/roles 0.034s
2025-11-17 15:02:37.598 66394 INFO tempest.lib.common.rest_client [req-13ec3e77-b188-46c4-8f21-119859a2278f req-13ec3e77-b188-46c4-8f21-119859a2278f ] Request (ServerExternalEventsTest:setUpClass): 204 PUT http://10.180.1.21/identity/v3/projects/b7864c357ea840d58f1d1a4eb38cadc7/users/05830299c8964910b60346dffc9c922c/roles/37556e854e124c41b63917e3624241b4 0.039s
2025-11-17 15:02:37.665 66394 INFO tempest.lib.common.rest_client [req-1f010638-5319-457e-bb17-6d4430c3e765 req-1f010638-5319-457e-bb17-6d4430c3e765 ] Request (ServerExternalEventsTest:setUpClass): 200 GET http://10.180.1.21/identity/v3/roles 0.067s
2025-11-17 15:02:37.686 66394 INFO tempest.lib.common.rest_client [req-1e706df7-25ec-40b8-8373-7607a2cf3c4c req-1e706df7-25ec-40b8-8373-7607a2cf3c4c ] Request (ServerExternalEventsTest:setUpClass): 204 PUT http://10.180.1.21/identity/v3/projects/b7864c357ea840d58f1d1a4eb38cadc7/users/05830299c8964910b60346dffc9c922c/roles/37556e854e124c41b63917e3624241b4 0.020s
2025-11-17 15:02:37.687 66394 INFO tempest.lib.common.dynamic_creds [-] Dynamic test user 05830299c8964910b60346dffc9c922c is created with scope project and roles: ['admin']
2025-11-17 15:02:37.687 66394 INFO tempest.lib.common.dynamic_creds [-] Acquired dynamic creds: credentials: Credentials: {'domain_id': 'default', 'domain_name': 'Default', 'username': 'tempest-ServerExternalEventsTest-1093077413-project-admin', 'project_domain_id': 'default', 'project_domain_name': 'Default', 'project_id': 'b7864c357ea840d58f1d1a4eb38cadc7', 'project_name': 'tempest-ServerExternalEventsTest-1093077413', 'tenant_id': 'b7864c357ea840d58f1d1a4eb38cadc7', 'tenant_name': 'tempest-ServerExternalEventsTest-1093077413', 'user_domain_id': 'default', 'user_domain_name': 'Default', 'user_id': '05830299c8964910b60346dffc9c922c', 'system': None}, Network: None, Subnet: None, Router: None
2025-11-17 15:02:37.687 66394 INFO tempest.lib.common.dynamic_creds [-] Created isolated network resources for: credentials: Credentials: {'domain_id': 'default', 'domain_name': 'Default', 'username': 'tempest-ServerExternalEventsTest-1093077413-project-admin', 'project_domain_id': 'default', 'project_domain_name': 'Default', 'project_id': 'b7864c357ea840d58f1d1a4eb38cadc7', 'project_name': 'tempest-ServerExternalEventsTest-1093077413', 'tenant_id': 'b7864c357ea840d58f1d1a4eb38cadc7', 'tenant_name': 'tempest-ServerExternalEventsTest-1093077413', 'user_domain_id': 'default', 'user_domain_name': 'Default', 'user_id': '05830299c8964910b60346dffc9c922c', 'system': None}, Network: None, Subnet: None, Router: None
2025-11-17 15:02:37.772 66394 INFO tempest.lib.common.rest_client [req-b58293d9-d0f7-4795-afaf-d6b07bff5c41 req-b58293d9-d0f7-4795-afaf-d6b07bff5c41 ] Request (ServerExternalEventsTest:setUpClass): 201 POST http://10.180.1.21/identity/v3/auth/tokens 0.082s
2025-11-17 15:02:37.857 66394 INFO tempest.lib.common.rest_client [req-20a08154-fddd-4fb4-99c2-cbe5e8e277a7 req-20a08154-fddd-4fb4-99c2-cbe5e8e277a7 ] Request (ServerExternalEventsTest:setUpClass): 201 POST http://10.180.1.21/identity/v3/projects 0.084s
2025-11-17 15:02:37.922 66394 INFO tempest.lib.common.rest_client [req-334d43be-7306-410a-90b9-02ac9dd8ed9a req-334d43be-7306-410a-90b9-02ac9dd8ed9a ] Request (ServerExternalEventsTest:setUpClass): 201 POST http://10.180.1.21/identity/v3/users 0.064s
2025-11-17 15:02:37.945 66394 INFO tempest.lib.common.rest_client [req-18870ac1-ca9d-4e1f-a14b-76232894948e req-18870ac1-ca9d-4e1f-a14b-76232894948e ] Request (ServerExternalEventsTest:setUpClass): 200 GET http://10.180.1.21/identity/v3/roles 0.022s
2025-11-17 15:02:37.976 66394 INFO tempest.lib.common.rest_client [req-1d721eca-29ef-49a7-b52f-90eb60c705cc req-1d721eca-29ef-49a7-b52f-90eb60c705cc ] Request (ServerExternalEventsTest:setUpClass): 204 PUT http://10.180.1.21/identity/v3/projects/2861971512674d85a2c5987b07696834/users/b8cbc258729747278836a634da1609a8/roles/fc320d1fa125489bbaaf07f12941e7c0 0.031s
2025-11-17 15:02:38.032 66394 INFO tempest.lib.common.rest_client [req-a6719e4a-6b0a-47b4-8cf7-441604ce96ce req-a6719e4a-6b0a-47b4-8cf7-441604ce96ce ] Request (ServerExternalEventsTest:setUpClass): 200 GET http://10.180.1.21/identity/v3/roles 0.055s
2025-11-17 15:02:38.057 66394 INFO tempest.lib.common.rest_client [req-973ab430-38f9-4b5e-9745-d72daa8a68a8 req-973ab430-38f9-4b5e-9745-d72daa8a68a8 ] Request (ServerExternalEventsTest:setUpClass): 204 PUT http://10.180.1.21/identity/v3/projects/2861971512674d85a2c5987b07696834/users/b8cbc258729747278836a634da1609a8/roles/37556e854e124c41b63917e3624241b4 0.025s
2025-11-17 15:02:38.058 66394 INFO tempest.lib.common.dynamic_creds [-] Dynamic test user b8cbc258729747278836a634da1609a8 is created with scope project and roles: ['service', 'admin']
2025-11-17 15:02:38.058 66394 INFO tempest.lib.common.dynamic_creds [-] Acquired dynamic creds: credentials: Credentials: {'domain_id': 'default', 'domain_name': 'Default', 'username': 'tempest-ServerExternalEventsTest-2051009339-project', 'project_domain_id': 'default', 'project_domain_name': 'Default', 'project_id': '2861971512674d85a2c5987b07696834', 'project_name': 'tempest-ServerExternalEventsTest-2051009339', 'tenant_id': '2861971512674d85a2c5987b07696834', 'tenant_name': 'tempest-ServerExternalEventsTest-2051009339', 'user_domain_id': 'default', 'user_domain_name': 'Default', 'user_id': 'b8cbc258729747278836a634da1609a8', 'system': None}, Network: None, Subnet: None, Router: None
2025-11-17 15:02:38.058 66394 INFO tempest.lib.common.dynamic_creds [-] Created isolated network resources for: credentials: Credentials: {'domain_id': 'default', 'domain_name': 'Default', 'username': 'tempest-ServerExternalEventsTest-2051009339-project', 'project_domain_id': 'default', 'project_domain_name': 'Default', 'project_id': '2861971512674d85a2c5987b07696834', 'project_name': 'tempest-ServerExternalEventsTest-2051009339', 'tenant_id': '2861971512674d85a2c5987b07696834', 'tenant_name': 'tempest-ServerExternalEventsTest-2051009339', 'user_domain_id': 'default', 'user_domain_name': 'Default', 'user_id': 'b8cbc258729747278836a634da1609a8', 'system': None}, Network: None, Subnet: None, Router: None
2025-11-17 15:02:38.091 66370 INFO tempest.lib.common.rest_client [req-ffb65149-6826-4f4f-8bad-ee77e26a650b req-ffb65149-6826-4f4f-8bad-ee77e26a650b ] Request (SecurityGroupRulesTestJSON:setUpClass): 201 POST http://10.180.1.21/networking/v2.0/subnets 0.944s
2025-11-17 15:02:38.147 66394 INFO tempest.lib.common.rest_client [req-68563482-4793-47e9-a624-80cd37c8b383 req-68563482-4793-47e9-a624-80cd37c8b383 ] Request (ServerExternalEventsTest:setUpClass): 201 POST http://10.180.1.21/identity/v3/auth/tokens 0.082s
2025-11-17 15:02:38.215 66394 INFO tempest.lib.common.rest_client [req-070c2e02-c8f9-464b-b642-eef73982cff3 req-070c2e02-c8f9-464b-b642-eef73982cff3 ] Request (ServerExternalEventsTest:test_create_server_external_events): 201 POST http://10.180.1.21/identity/v3/auth/tokens 0.064s
2025-11-17 15:02:38.215 66394 INFO tempest.lib.common.fixed_network [-] (ServerExternalEventsTest:test_create_server_external_events) Found network None available for tenant
2025-11-17 15:02:38.238 66422 INFO tempest.lib.common.rest_client [req-5abe340f-0f88-4ce6-86e0-c467e58d1ce1 req-5abe340f-0f88-4ce6-86e0-c467e58d1ce1 ] Request (SecurityGroupsNegativeTestJSON:setUpClass): 201 POST http://10.180.1.21/networking/v2.0/subnets 0.768s
2025-11-17 15:02:38.419 66421 INFO tempest.lib.common.rest_client [req-59895d93-bfdf-491c-bf83-51780cbe3414 req-59895d93-bfdf-491c-bf83-51780cbe3414 ] Request (ListImageFiltersTestJSON:setUpClass): 200 GET http://10.180.1.21/compute/v2.1/servers/653eabde-fa34-4eec-a616-309b05b2f6f6 5.293s
2025-11-17 15:02:38.539 66428 WARNING tempest.lib.common.ssh [-] Failed to establish authenticated ssh connection to cirros@10.180.180.199 ([Errno None] Unable to connect to port 22 on 10.180.180.199). Number attempts: 4. Retry after 5 seconds.: paramiko.ssh_exception.NoValidConnectionsError: [Errno None] Unable to connect to port 22 on 10.180.180.199
2025-11-17 15:02:39.142 66370 INFO tempest.lib.common.rest_client [req-87e83dd0-dc41-4683-88ab-be78f98a2954 req-87e83dd0-dc41-4683-88ab-be78f98a2954 ] Request (SecurityGroupRulesTestJSON:setUpClass): 201 POST http://10.180.1.21/networking/v2.0/routers 1.050s
2025-11-17 15:02:39.203 66422 INFO tempest.lib.common.rest_client [req-8c1cb507-4c07-4d8f-a9dd-91485272099c req-8c1cb507-4c07-4d8f-a9dd-91485272099c ] Request (SecurityGroupsNegativeTestJSON:setUpClass): 201 POST http://10.180.1.21/networking/v2.0/routers 0.965s
2025-11-17 15:02:39.271 66384 INFO tempest.lib.common.rest_client [req-fabdcfd5-3d0e-465e-a7e8-03448c7fccd8 req-fabdcfd5-3d0e-465e-a7e8-03448c7fccd8 ] Request (FloatingIPsAssociationTestJSON:_run_cleanups): 202 POST http://10.180.1.21/compute/v2.1/servers/b2849552-2aa8-43e2-a274-3c71b4311ca2/action 6.950s
2025-11-17 15:02:39.301 66416 INFO tempest.lib.common.rest_client [req-66a72863-6395-47ad-806c-4623043c8409 req-66a72863-6395-47ad-806c-4623043c8409 ] Request (ServersListShow298Test:test_list_show_update_rebuild_server_298): 200 GET http://10.180.1.21/compute/v2.1/servers/fafa5ad8-01ea-4b2a-ac27-25c696dede44 5.824s
2025-11-17 15:02:39.321 66416 INFO tempest.common.waiters [-] State transition "BUILD/spawning" ==> "ACTIVE/None" after 29 second wait
2025-11-17 15:02:40.192 66370 INFO tempest.lib.common.rest_client [req-0ea4c497-d7f7-4ee9-b016-ef87aff2f209 req-0ea4c497-d7f7-4ee9-b016-ef87aff2f209 ] Request (SecurityGroupRulesTestJSON:setUpClass): 200 PUT http://10.180.1.21/networking/v2.0/routers/426d900d-eef4-4cbb-8348-cfe6b67239e2/add_router_interface 1.050s
2025-11-17 15:02:40.193 66370 INFO tempest.lib.common.dynamic_creds [-] Created isolated network resources for: credentials: Credentials: {'domain_id': 'default', 'domain_name': 'Default', 'username': 'tempest-SecurityGroupRulesTestJSON-56809631-project-member', 'project_domain_id': 'default', 'project_domain_name': 'Default', 'project_id': '3e764a21daf34ec095de9398054a414a', 'project_name': 'tempest-SecurityGroupRulesTestJSON-56809631', 'tenant_id': '3e764a21daf34ec095de9398054a414a', 'tenant_name': 'tempest-SecurityGroupRulesTestJSON-56809631', 'user_domain_id': 'default', 'user_domain_name': 'Default', 'user_id': '319f62b746964e30a7e236dac9002fc3', 'system': None}, Network: {'id': 'b7bc4942-fbbf-4a52-9cc0-9598c9290d52', 'name': 'tempest-SecurityGroupRulesTestJSON-2117971591-network', 'tenant_id': '3e764a21daf34ec095de9398054a414a', 'project_id': '3e764a21daf34ec095de9398054a414a', 'admin_state_up': True, 'mtu': 8950, 'status': 'ACTIVE', 'subnets': [], 'shared': False, 'port_security_enabled': True, 'router:external': False, 'provider:network_type': 'vlan', 'provider:physical_network': 'default', 'provider:segmentation_id': 748, 'availability_zone_hints': [], 'availability_zones': [], 'ipv4_address_scope': None, 'ipv6_address_scope': None, 'description': '', 'tags': [], 'created_at': '2025-11-17T15:02:37Z', 'updated_at': '2025-11-17T15:02:37Z', 'revision_number': 1}, Subnet: {'id': '6b2cbfc0-6ea5-4a47-b032-3f53ad2a63c9', 'name': 'tempest-SecurityGroupRulesTestJSON-2117971591-subnet', 'tenant_id': '3e764a21daf34ec095de9398054a414a', 'network_id': 'b7bc4942-fbbf-4a52-9cc0-9598c9290d52', 'ip_version': 4, 'subnetpool_id': None, 'enable_dhcp': True, 'ipv6_ra_mode': None, 'ipv6_address_mode': None, 'gateway_ip': '192.168.128.1', 'cidr': '192.168.128.0/28', 'allocation_pools': [{'start': '192.168.128.2', 'end': '192.168.128.14'}], 'host_routes': [], 'dns_nameservers': [], 'description': '', 'router:external': False, 'service_types': [], 'tags': [], 'created_at': '2025-11-17T15:02:37Z', 'updated_at': '2025-11-17T15:02:37Z', 'revision_number': 0, 'project_id': '3e764a21daf34ec095de9398054a414a'}, Router: {'id': '426d900d-eef4-4cbb-8348-cfe6b67239e2', 'name': 'tempest-SecurityGroupRulesTestJSON-2117971591-router', 'tenant_id': '3e764a21daf34ec095de9398054a414a', 'admin_state_up': True, 'status': 'ACTIVE', 'external_gateway_info': {'network_id': '8446c36b-2891-4539-8f35-d619beb62faa', 'external_fixed_ips': [{'subnet_id': 'f5a8684e-8245-4f55-bda3-c9c167b79f9a', 'ip_address': '10.180.180.134'}], 'enable_snat': True}, 'description': '', 'availability_zones': [], 'distributed': False, 'ha': False, 'availability_zone_hints': [], 'routes': [], 'flavor_id': None, 'tags': [], 'created_at': '2025-11-17T15:02:38Z', 'updated_at': '2025-11-17T15:02:38Z', 'revision_number': 2, 'project_id': '3e764a21daf34ec095de9398054a414a'}
2025-11-17 15:02:40.226 66422 INFO tempest.lib.common.rest_client [req-d4ffcce8-18d3-4aee-a122-c8d89eaa9244 req-d4ffcce8-18d3-4aee-a122-c8d89eaa9244 ] Request (SecurityGroupsNegativeTestJSON:setUpClass): 200 PUT http://10.180.1.21/networking/v2.0/routers/37a1c28b-c700-40b9-829a-369140dcf4ab/add_router_interface 1.022s
2025-11-17 15:02:40.226 66422 INFO tempest.lib.common.dynamic_creds [-] Created isolated network resources for: credentials: Credentials: {'domain_id': 'default', 'domain_name': 'Default', 'username': 'tempest-SecurityGroupsNegativeTestJSON-889590413-project-member', 'project_domain_id': 'default', 'project_domain_name': 'Default', 'project_id': '05552c9e5b0148529e90830298cac5a2', 'project_name': 'tempest-SecurityGroupsNegativeTestJSON-889590413', 'tenant_id': '05552c9e5b0148529e90830298cac5a2', 'tenant_name': 'tempest-SecurityGroupsNegativeTestJSON-889590413', 'user_domain_id': 'default', 'user_domain_name': 'Default', 'user_id': 'b029b59a7c114d1da82fc00fa877aae3', 'system': None}, Network: {'id': '970b8a76-0d5b-47f5-a23f-2fd684940270', 'name': 'tempest-SecurityGroupsNegativeTestJSON-2058716153-network', 'tenant_id': '05552c9e5b0148529e90830298cac5a2', 'project_id': '05552c9e5b0148529e90830298cac5a2', 'admin_state_up': True, 'mtu': 8950, 'status': 'ACTIVE', 'subnets': [], 'shared': False, 'port_security_enabled': True, 'router:external': False, 'provider:network_type': 'vlan', 'provider:physical_network': 'default', 'provider:segmentation_id': 737, 'availability_zone_hints': [], 'availability_zones': [], 'ipv4_address_scope': None, 'ipv6_address_scope': None, 'description': '', 'tags': [], 'created_at': '2025-11-17T15:02:37Z', 'updated_at': '2025-11-17T15:02:37Z', 'revision_number': 1}, Subnet: {'id': 'b7ba8072-e8df-4cf6-b40b-538bb1815320', 'name': 'tempest-SecurityGroupsNegativeTestJSON-2058716153-subnet', 'tenant_id': '05552c9e5b0148529e90830298cac5a2', 'network_id': '970b8a76-0d5b-47f5-a23f-2fd684940270', 'ip_version': 4, 'subnetpool_id': None, 'enable_dhcp': True, 'ipv6_ra_mode': None, 'ipv6_address_mode': None, 'gateway_ip': '192.168.128.1', 'cidr': '192.168.128.0/28', 'allocation_pools': [{'start': '192.168.128.2', 'end': '192.168.128.14'}], 'host_routes': [], 'dns_nameservers': [], 'description': '', 'router:external': False, 'service_types': [], 'tags': [], 'created_at': '2025-11-17T15:02:38Z', 'updated_at': '2025-11-17T15:02:38Z', 'revision_number': 0, 'project_id': '05552c9e5b0148529e90830298cac5a2'}, Router: {'id': '37a1c28b-c700-40b9-829a-369140dcf4ab', 'name': 'tempest-SecurityGroupsNegativeTestJSON-2058716153-router', 'tenant_id': '05552c9e5b0148529e90830298cac5a2', 'admin_state_up': True, 'status': 'ACTIVE', 'external_gateway_info': {'network_id': '8446c36b-2891-4539-8f35-d619beb62faa', 'external_fixed_ips': [{'subnet_id': 'f5a8684e-8245-4f55-bda3-c9c167b79f9a', 'ip_address': '10.180.180.247'}], 'enable_snat': True}, 'description': '', 'availability_zones': [], 'distributed': False, 'ha': False, 'availability_zone_hints': [], 'routes': [], 'flavor_id': None, 'tags': [], 'created_at': '2025-11-17T15:02:38Z', 'updated_at': '2025-11-17T15:02:38Z', 'revision_number': 2, 'project_id': '05552c9e5b0148529e90830298cac5a2'}
2025-11-17 15:02:40.256 66426 INFO tempest.lib.common.rest_client [req-b0697df3-b402-4186-abff-eb1f37f346ca req-b0697df3-b402-4186-abff-eb1f37f346ca ] Request (VolumesAdminNegativeTest:tearDownClass): 200 GET http://10.180.1.21/compute/v2.1/servers/fd33328b-48a9-4f3d-8df8-faa8d839a74a 6.664s
2025-11-17 15:02:40.265 66426 INFO tempest.common.waiters [-] State transition "ACTIVE/deleting" ==> "DELETED/None" after 8 second wait
2025-11-17 15:02:40.326 66378 INFO tempest.lib.common.rest_client [req-9ccbd339-9a36-463e-a0d6-f2b6637b6391 req-9ccbd339-9a36-463e-a0d6-f2b6637b6391 ] Request (ServerMetadataNegativeTestJSON:setUpClass): 200 GET http://10.180.1.21/compute/v2.1/servers/9d288fb9-0c94-42e5-8d72-58af83ebedd2 6.641s
2025-11-17 15:02:40.337 66370 INFO tempest.lib.common.rest_client [req-c1c9c5f4-15de-45f8-8234-9e02bea9fa94 req-c1c9c5f4-15de-45f8-8234-9e02bea9fa94 ] Request (SecurityGroupRulesTestJSON:setUpClass): 201 POST http://10.180.1.21/identity/v3/auth/tokens 0.140s
2025-11-17 15:02:40.338 66378 INFO tempest.common.waiters [-] State transition "BUILD/None" ==> "BUILD/spawning" after 26 second wait
2025-11-17 15:02:40.346 66422 INFO tempest.lib.common.rest_client [req-c2f31e46-d7df-424f-ae7c-7e6148092b84 req-c2f31e46-d7df-424f-ae7c-7e6148092b84 ] Request (SecurityGroupsNegativeTestJSON:setUpClass): 201 POST http://10.180.1.21/identity/v3/auth/tokens 0.116s
2025-11-17 15:02:40.441 66372 INFO tempest.lib.common.rest_client [req-5e23cd98-84fa-4e30-9f57-6a10ac0bf7ab req-5e23cd98-84fa-4e30-9f57-6a10ac0bf7ab ] Request (ServersAdminTestJSON:test_create_server_with_scheduling_hint): 200 GET http://10.180.1.21/compute/v2.1/servers/a0316b9f-ccf6-4075-8edd-128ad45328f4 6.672s
2025-11-17 15:02:40.451 66372 INFO tempest.common.waiters [-] State transition "BUILD/None" ==> "BUILD/networking" after 26 second wait
2025-11-17 15:02:40.503 66380 INFO tempest.lib.common.rest_client [req-35afaca5-005a-406f-8fa8-6713037381be req-35afaca5-005a-406f-8fa8-6713037381be ] Request (ServerDiskConfigTestJSON:test_rebuild_server_with_auto_disk_config): 202 POST http://10.180.1.21/compute/v2.1/servers/de7f3c97-9253-4426-ba2d-6cfef718a0ad/action 6.814s
2025-11-17 15:02:40.776 66382 INFO tempest.lib.common.rest_client [req-9bbb15b9-5616-4ad9-a00a-96e5f7f2e033 req-9bbb15b9-5616-4ad9-a00a-96e5f7f2e033 ] Request (ServerDiagnosticsNegativeTest:test_get_server_diagnostics_by_non_admin): 200 GET http://10.180.1.21/compute/v2.1/servers/3250fe7b-6cbc-4a61-b5bf-c3e744690092 6.825s
2025-11-17 15:02:40.923 66414 INFO tempest.lib.common.rest_client [req-4f759719-2659-47e3-9166-dd3c8be82581 req-4f759719-2659-47e3-9166-dd3c8be82581 ] Request (ImagesOneServerTestJSON:setUpClass): 200 GET http://10.180.1.21/compute/v2.1/servers/72e31b0f-b273-4e27-9cf4-72576cd3ef75 6.907s
2025-11-17 15:02:41.029 66376 INFO tempest.lib.common.rest_client [req-eaf277aa-be01-4e5b-b269-797607dfc1a6 req-eaf277aa-be01-4e5b-b269-797607dfc1a6 ] Request (ServersAdmin275Test:tearDownClass): 200 GET http://10.180.1.21/compute/v2.1/servers/7f1e13f1-4e0c-4996-b341-f786410256c8 6.876s
2025-11-17 15:02:41.088 66398 INFO tempest.lib.common.rest_client [req-454161e9-eb31-4286-853a-7c9e97d110a8 req-454161e9-eb31-4286-853a-7c9e97d110a8 ] Request (SecurityGroupsTestJSON:test_list_security_groups_by_server): 202 POST http://10.180.1.21/compute/v2.1/servers 7.177s
2025-11-17 15:02:41.099 66408 INFO tempest.lib.common.rest_client [req-29b8d98e-b2ab-4f67-978c-6713ea1e1add req-29b8d98e-b2ab-4f67-978c-6713ea1e1add ] Request (AttachInterfacesV270Test:test_create_get_list_interfaces): 200 GET http://10.180.1.21/compute/v2.1/servers/57f1fdfa-b9b3-4654-b5b6-2620d7b1d563 6.634s
2025-11-17 15:02:41.230 66386 WARNING tempest.lib.common.ssh [-] Failed to establish authenticated ssh connection to cirros@10.180.180.187 ([Errno None] Unable to connect to port 22 on 10.180.180.187). Number attempts: 5. Retry after 6 seconds.: paramiko.ssh_exception.NoValidConnectionsError: [Errno None] Unable to connect to port 22 on 10.180.180.187
2025-11-17 15:02:41.259 66404 INFO tempest.lib.common.rest_client [req-b44bbd01-2707-43f8-be95-0881c64d552f req-b44bbd01-2707-43f8-be95-0881c64d552f ] Request (FlavorsAccessNegativeTestJSON:test_remove_flavor_access_not_found): 404 POST http://10.180.1.21/compute/v2.1/flavors/625228966/action 6.769s
2025-11-17 15:02:41.288 66374 INFO tempest.lib.common.rest_client [req-c32c3e6c-9e2b-4517-99d6-a7e629a6901a req-c32c3e6c-9e2b-4517-99d6-a7e629a6901a ] Request (AggregatesAdminNegativeTestJSON:test_aggregate_get_details_as_user): 200 POST http://10.180.1.21/compute/v2.1/os-aggregates 6.739s
2025-11-17 15:02:41.295 66433 INFO tempest.lib.common.rest_client [req-b4b2532b-a763-4569-b0ef-a04d8fb1a619 req-b4b2532b-a763-4569-b0ef-a04d8fb1a619 ] Request (SecurityGroupsTestAdminJSON:_run_cleanups): 202 DELETE http://10.180.1.21/compute/v2.1/os-security-groups/afddab9b-50fa-4808-a85b-96357a6f2182 6.769s
2025-11-17 15:02:41.512 66413 INFO tempest.lib.common.rest_client [req-abeae1e2-45a5-4e3d-a5a8-5f8f3bce3c42 req-abeae1e2-45a5-4e3d-a5a8-5f8f3bce3c42 ] Request (TenantUsagesTestJSON:setUpClass): 200 GET http://10.180.1.21/compute/v2.1/servers/e9856069-8847-4934-be38-ad28d38b67e8 6.190s
2025-11-17 15:02:41.630 66396 INFO tempest.lib.common.rest_client [req-555a3637-b074-4934-8185-aa8230f8a8d8 req-555a3637-b074-4934-8185-aa8230f8a8d8 ] Request (QuotasAdminNegativeTest:test_create_server_when_memory_quota_is_full): 200 GET http://10.180.1.21/compute/v2.1/os-quota-sets/eaa3589d3ce84f43841d8fc788f77160 6.183s
