2025-11-17 15:01:27.382 66433 INFO tempest.lib.common.rest_client [req-736321db-8918-4fbb-90de-4b567dc92db2 req-736321db-8918-4fbb-90de-4b567dc92db2 ] Request (HypervisorAdminNegativeTestJSON:setUpClass): 200 GET http://10.180.1.21/identity/v3/roles 0.026s
2025-11-17 15:01:27.438 66426 INFO tempest.lib.common.rest_client [req-7dbd3006-0497-4242-99d8-c7f2a991cd46 req-7dbd3006-0497-4242-99d8-c7f2a991cd46 ] Request (InstanceUsageAuditLogTestJSON:tearDownClass): 204 DELETE http://10.180.1.21/identity/v3/projects/14942f413c8a4eba94b438523a4e5fc0 0.062s
2025-11-17 15:01:27.541 66433 INFO tempest.lib.common.rest_client [req-7c060f55-215f-4862-9fd4-a85fe6580b4d req-7c060f55-215f-4862-9fd4-a85fe6580b4d ] Request (HypervisorAdminNegativeTestJSON:setUpClass): 204 PUT http://10.180.1.21/identity/v3/projects/812fbccb9b9947e48d644622bf777592/users/14b6526c98e4498dacd60db00dc915ae/roles/b0a648f9c7df4f7b960bed14337ce21c 0.159s
2025-11-17 15:01:27.541 66433 INFO tempest.lib.common.dynamic_creds [-] Dynamic test user 14b6526c98e4498dacd60db00dc915ae is created with scope project and roles: ['member']
2025-11-17 15:01:27.542 66433 INFO tempest.lib.common.dynamic_creds [-] Acquired dynamic creds: credentials: Credentials: {'domain_id': 'default', 'domain_name': 'Default', 'username': 'tempest-HypervisorAdminNegativeTestJSON-121248117-project-member', 'project_domain_id': 'default', 'project_domain_name': 'Default', 'project_id': '812fbccb9b9947e48d644622bf777592', 'project_name': 'tempest-HypervisorAdminNegativeTestJSON-121248117', 'tenant_id': '812fbccb9b9947e48d644622bf777592', 'tenant_name': 'tempest-HypervisorAdminNegativeTestJSON-121248117', 'user_domain_id': 'default', 'user_domain_name': 'Default', 'user_id': '14b6526c98e4498dacd60db00dc915ae', 'system': None}, Network: None, Subnet: None, Router: None
2025-11-17 15:01:27.542 66433 INFO tempest.lib.common.dynamic_creds [-] Created isolated network resources for: credentials: Credentials: {'domain_id': 'default', 'domain_name': 'Default', 'username': 'tempest-HypervisorAdminNegativeTestJSON-121248117-project-member', 'project_domain_id': 'default', 'project_domain_name': 'Default', 'project_id': '812fbccb9b9947e48d644622bf777592', 'project_name': 'tempest-HypervisorAdminNegativeTestJSON-121248117', 'tenant_id': '812fbccb9b9947e48d644622bf777592', 'tenant_name': 'tempest-HypervisorAdminNegativeTestJSON-121248117', 'user_domain_id': 'default', 'user_domain_name': 'Default', 'user_id': '14b6526c98e4498dacd60db00dc915ae', 'system': None}, Network: None, Subnet: None, Router: None
2025-11-17 15:01:27.613 66428 INFO tempest.lib.common.rest_client [req-939e4ef5-a5f6-4b90-8291-b9c09b04b08e req-939e4ef5-a5f6-4b90-8291-b9c09b04b08e ] Request (VolumesAssistedSnapshotsTest:setUpClass): 200 PUT http://10.180.1.21/networking/v2.0/routers/e3ed5fef-a2c8-4b17-89ea-7f32ab9b2cf7/add_router_interface 1.016s
2025-11-17 15:01:27.613 66428 INFO tempest.lib.common.dynamic_creds [-] Created isolated network resources for: credentials: Credentials: {'domain_id': 'default', 'domain_name': 'Default', 'username': 'tempest-VolumesAssistedSnapshotsTest-689460156-project', 'project_domain_id': 'default', 'project_domain_name': 'Default', 'project_id': '3e43db66508d4a3f813be3957a85112c', 'project_name': 'tempest-VolumesAssistedSnapshotsTest-689460156', 'tenant_id': '3e43db66508d4a3f813be3957a85112c', 'tenant_name': 'tempest-VolumesAssistedSnapshotsTest-689460156', 'user_domain_id': 'default', 'user_domain_name': 'Default', 'user_id': 'b96fe3d13e6b45309bdc77482508b702', 'system': None}, Network: {'id': '4bb3aca8-cf57-44c5-b45c-6ec59b0e1a66', 'name': 'tempest-VolumesAssistedSnapshotsTest-105649238-network', 'tenant_id': '3e43db66508d4a3f813be3957a85112c', 'project_id': '3e43db66508d4a3f813be3957a85112c', 'admin_state_up': True, 'mtu': 8950, 'status': 'ACTIVE', 'subnets': [], 'shared': False, 'port_security_enabled': True, 'router:external': False, 'provider:network_type': 'vlan', 'provider:physical_network': 'default', 'provider:segmentation_id': 125, 'availability_zone_hints': [], 'availability_zones': [], 'ipv4_address_scope': None, 'ipv6_address_scope': None, 'description': '', 'tags': [], 'created_at': '2025-11-17T15:01:24Z', 'updated_at': '2025-11-17T15:01:24Z', 'revision_number': 1}, Subnet: {'id': '3c7f156f-2fd8-4719-9e27-a527c35abd3f', 'name': 'tempest-VolumesAssistedSnapshotsTest-105649238-subnet', 'tenant_id': '3e43db66508d4a3f813be3957a85112c', 'network_id': '4bb3aca8-cf57-44c5-b45c-6ec59b0e1a66', 'ip_version': 4, 'subnetpool_id': None, 'enable_dhcp': True, 'ipv6_ra_mode': None, 'ipv6_address_mode': None, 'gateway_ip': '192.168.128.1', 'cidr': '192.168.128.0/28', 'allocation_pools': [{'start': '192.168.128.2', 'end': '192.168.128.14'}], 'host_routes': [], 'dns_nameservers': [], 'description': '', 'router:external': False, 'service_types': [], 'tags': [], 'created_at': '2025-11-17T15:01:25Z', 'updated_at': '2025-11-17T15:01:25Z', 'revision_number': 0, 'project_id': '3e43db66508d4a3f813be3957a85112c'}, Router: {'id': 'e3ed5fef-a2c8-4b17-89ea-7f32ab9b2cf7', 'name': 'tempest-VolumesAssistedSnapshotsTest-105649238-router', 'tenant_id': '3e43db66508d4a3f813be3957a85112c', 'admin_state_up': True, 'status': 'ACTIVE', 'external_gateway_info': {'network_id': '8446c36b-2891-4539-8f35-d619beb62faa', 'external_fixed_ips': [{'subnet_id': 'f5a8684e-8245-4f55-bda3-c9c167b79f9a', 'ip_address': '10.180.180.135'}], 'enable_snat': True}, 'description': '', 'availability_zones': [], 'distributed': False, 'ha': False, 'availability_zone_hints': [], 'routes': [], 'flavor_id': None, 'tags': [], 'created_at': '2025-11-17T15:01:25Z', 'updated_at': '2025-11-17T15:01:26Z', 'revision_number': 2, 'project_id': '3e43db66508d4a3f813be3957a85112c'}
2025-11-17 15:01:27.636 66433 INFO tempest.lib.common.rest_client [req-a359b938-1167-41de-8d49-873fbf3414aa req-a359b938-1167-41de-8d49-873fbf3414aa ] Request (HypervisorAdminNegativeTestJSON:setUpClass): 201 POST http://10.180.1.21/identity/v3/auth/tokens 0.089s
2025-11-17 15:01:27.646 66426 INFO tempest.lib.common.rest_client [req-81acacc8-c0bd-461f-9376-c47dd147eba5 req-81acacc8-c0bd-461f-9376-c47dd147eba5 ] Request (VolumesAdminNegativeTest:setUpClass): 201 POST http://10.180.1.21/identity/v3/auth/tokens 0.206s
2025-11-17 15:01:27.683 66433 INFO tempest.lib.common.rest_client [req-8d956679-30c3-4bdd-9fdb-8ccf93cc6e90 req-8d956679-30c3-4bdd-9fdb-8ccf93cc6e90 ] Request (HypervisorAdminNegativeTestJSON:setUpClass): 201 POST http://10.180.1.21/identity/v3/projects 0.046s
2025-11-17 15:01:27.705 66428 INFO tempest.lib.common.rest_client [req-c6a589ab-84b6-4d36-a6af-64e3c8953ede req-c6a589ab-84b6-4d36-a6af-64e3c8953ede ] Request (VolumesAssistedSnapshotsTest:setUpClass): 201 POST http://10.180.1.21/identity/v3/auth/tokens 0.089s
2025-11-17 15:01:27.764 66426 INFO tempest.lib.common.rest_client [req-96492ab0-67d2-4585-9073-0ec09f89de73 req-96492ab0-67d2-4585-9073-0ec09f89de73 ] Request (VolumesAdminNegativeTest:setUpClass): 201 POST http://10.180.1.21/identity/v3/auth/tokens 0.113s
2025-11-17 15:01:27.780 66433 INFO tempest.lib.common.rest_client [req-8310df01-33ff-4ada-b9a7-2e641c34c70e req-8310df01-33ff-4ada-b9a7-2e641c34c70e ] Request (HypervisorAdminNegativeTestJSON:setUpClass): 201 POST http://10.180.1.21/identity/v3/users 0.096s
2025-11-17 15:01:27.795 66372 INFO tempest.lib.common.rest_client [req-93c13836-8d4a-4e1c-93a6-fe1b5c91b6dc req-93c13836-8d4a-4e1c-93a6-fe1b5c91b6dc ] Request (ServersAdminTestJSON:setUpClass): 202 POST http://10.180.1.21/compute/v2.1/servers 4.419s
2025-11-17 15:01:27.807 66396 INFO tempest.lib.common.rest_client [req-4d7c8706-bcd9-4004-9257-4e7c7aed5f69 req-4d7c8706-bcd9-4004-9257-4e7c7aed5f69 ] Request (QuotasAdminTestJSON:test_delete_quota): 200 PUT http://10.180.1.21/compute/v2.1/os-quota-sets/0499eb7df8914eb38fd763568eb34ba7 4.371s
2025-11-17 15:01:27.838 66426 INFO tempest.lib.common.rest_client [req-88f2c1fc-5114-4e9e-87cf-41e055bde9f9 req-88f2c1fc-5114-4e9e-87cf-41e055bde9f9 ] Request (VolumesAdminNegativeTest:setUpClass): 200 GET http://10.180.1.21/identity/v3/domains?name=Default 0.073s
2025-11-17 15:01:27.875 66433 INFO tempest.lib.common.rest_client [req-cbdfb381-fe3a-422c-a70e-b560df9a0cbc req-cbdfb381-fe3a-422c-a70e-b560df9a0cbc ] Request (HypervisorAdminNegativeTestJSON:setUpClass): 200 GET http://10.180.1.21/identity/v3/roles 0.094s
2025-11-17 15:01:27.950 66426 INFO tempest.lib.common.rest_client [req-72652951-be31-46ff-823a-76a581726630 req-72652951-be31-46ff-823a-76a581726630 ] Request (VolumesAdminNegativeTest:setUpClass): 201 POST http://10.180.1.21/identity/v3/projects 0.112s
2025-11-17 15:01:27.966 66402 INFO tempest.lib.common.rest_client [req-3bcb33bb-a2b7-4b80-ac88-5568806c3875 req-3bcb33bb-a2b7-4b80-ac88-5568806c3875 ] Request (DeleteServersAdminTestJSON:test_admin_delete_servers_of_others): 200 GET http://10.180.1.21/compute/v2.1/servers/4c43fa92-215b-44d8-bcfa-c36bb6c8d474 4.020s
2025-11-17 15:01:27.999 66372 INFO tempest.lib.common.rest_client [req-79e745b5-deb8-4a27-a356-7b36c0b0a7b8 req-79e745b5-deb8-4a27-a356-7b36c0b0a7b8 ] Request (ServersAdminTestJSON:setUpClass): 201 POST http://10.180.1.21/identity/v3/auth/tokens 0.194s
2025-11-17 15:01:28.000 66372 INFO tempest.lib.common.fixed_network [-] (ServersAdminTestJSON:setUpClass) Found network {'id': 'abb078ef-cbf7-48f1-91b5-614db29d91c9', 'name': 'tempest-ServersAdminTestJSON-2087661835-network', 'tenant_id': 'ff88e1830623430f83ebed2269f7612b', 'project_id': 'ff88e1830623430f83ebed2269f7612b', 'admin_state_up': True, 'mtu': 8950, 'status': 'ACTIVE', 'subnets': [], 'shared': False, 'port_security_enabled': True, 'router:external': False, 'provider:network_type': 'vlan', 'provider:physical_network': 'default', 'provider:segmentation_id': 304, 'availability_zone_hints': [], 'availability_zones': [], 'ipv4_address_scope': None, 'ipv6_address_scope': None, 'description': '', 'tags': [], 'created_at': '2025-11-17T15:01:14Z', 'updated_at': '2025-11-17T15:01:14Z', 'revision_number': 1} available for tenant
2025-11-17 15:01:28.025 66433 INFO tempest.lib.common.rest_client [req-792a6bf2-ad78-4b62-81f9-494244fe1f58 req-792a6bf2-ad78-4b62-81f9-494244fe1f58 ] Request (HypervisorAdminNegativeTestJSON:setUpClass): 204 PUT http://10.180.1.21/identity/v3/projects/2dcd73a844454ad698e58d51627c1304/users/b5b44875f4ce4671a69c0fec480016eb/roles/37556e854e124c41b63917e3624241b4 0.149s
2025-11-17 15:01:28.042 66426 INFO tempest.lib.common.rest_client [req-d2f71f2e-9699-4fc2-833b-9ab0e700cdee req-d2f71f2e-9699-4fc2-833b-9ab0e700cdee ] Request (VolumesAdminNegativeTest:setUpClass): 201 POST http://10.180.1.21/identity/v3/users 0.091s
2025-11-17 15:01:28.169 66398 INFO tempest.lib.common.rest_client [req-53f1c45a-b1ef-4836-868c-2971702ea670 req-53f1c45a-b1ef-4836-868c-2971702ea670 ] Request (ImagesMetadataTestJSON:setUp): 200 PUT http://10.180.1.21/compute/v2.1/images/c38866d8-4368-4e18-8715-835fc74de75e/metadata 4.046s
2025-11-17 15:01:28.196 66426 INFO tempest.lib.common.rest_client [req-64c6d5f0-f53c-4e55-9ab8-a72edf8ce3f5 req-64c6d5f0-f53c-4e55-9ab8-a72edf8ce3f5 ] Request (VolumesAdminNegativeTest:setUpClass): 200 GET http://10.180.1.21/identity/v3/roles 0.153s
2025-11-17 15:01:28.197 66433 INFO tempest.lib.common.rest_client [req-4127111a-8754-4387-b246-5d4ea1eee2a6 req-4127111a-8754-4387-b246-5d4ea1eee2a6 ] Request (HypervisorAdminNegativeTestJSON:setUpClass): 200 GET http://10.180.1.21/identity/v3/roles 0.172s
2025-11-17 15:01:28.243 66426 INFO tempest.lib.common.rest_client [req-41b9954e-d1d2-4513-889a-3ccf9c4ed2d2 req-41b9954e-d1d2-4513-889a-3ccf9c4ed2d2 ] Request (VolumesAdminNegativeTest:setUpClass): 204 PUT http://10.180.1.21/identity/v3/projects/922d7bc4a88f4e9f8f12bed30d1c221e/users/f437614db30c4f58bee060d6a5a7abec/roles/b0a648f9c7df4f7b960bed14337ce21c 0.047s
2025-11-17 15:01:28.243 66426 INFO tempest.lib.common.dynamic_creds [-] Dynamic test user f437614db30c4f58bee060d6a5a7abec is created with scope project and roles: ['member']
2025-11-17 15:01:28.245 66426 INFO tempest.lib.common.dynamic_creds [-] Acquired dynamic creds: credentials: Credentials: {'domain_id': 'default', 'domain_name': 'Default', 'username': 'tempest-VolumesAdminNegativeTest-1563566483-project-member', 'project_domain_id': 'default', 'project_domain_name': 'Default', 'project_id': '922d7bc4a88f4e9f8f12bed30d1c221e', 'project_name': 'tempest-VolumesAdminNegativeTest-1563566483', 'tenant_id': '922d7bc4a88f4e9f8f12bed30d1c221e', 'tenant_name': 'tempest-VolumesAdminNegativeTest-1563566483', 'user_domain_id': 'default', 'user_domain_name': 'Default', 'user_id': 'f437614db30c4f58bee060d6a5a7abec', 'system': None}, Network: None, Subnet: None, Router: None
2025-11-17 15:01:28.299 66428 INFO tempest.lib.common.rest_client [req-849b163b-6e66-4fa0-95c8-55bd5aa6828b req-849b163b-6e66-4fa0-95c8-55bd5aa6828b ] Request (VolumesAssistedSnapshotsTest:test_volume_assisted_snapshot_create_delete): 202 POST http://10.180.1.21/volume/v3/volumes 0.591s
2025-11-17 15:01:28.338 66433 INFO tempest.lib.common.rest_client [req-0eebee62-b534-4ce6-86cb-6a12c17c8605 req-0eebee62-b534-4ce6-86cb-6a12c17c8605 ] Request (HypervisorAdminNegativeTestJSON:setUpClass): 204 PUT http://10.180.1.21/identity/v3/projects/2dcd73a844454ad698e58d51627c1304/users/b5b44875f4ce4671a69c0fec480016eb/roles/37556e854e124c41b63917e3624241b4 0.140s
2025-11-17 15:01:28.338 66433 INFO tempest.lib.common.dynamic_creds [-] Dynamic test user b5b44875f4ce4671a69c0fec480016eb is created with scope project and roles: ['admin']
2025-11-17 15:01:28.339 66433 INFO tempest.lib.common.dynamic_creds [-] Acquired dynamic creds: credentials: Credentials: {'domain_id': 'default', 'domain_name': 'Default', 'username': 'tempest-HypervisorAdminNegativeTestJSON-949312624-project-admin', 'project_domain_id': 'default', 'project_domain_name': 'Default', 'project_id': '2dcd73a844454ad698e58d51627c1304', 'project_name': 'tempest-HypervisorAdminNegativeTestJSON-949312624', 'tenant_id': '2dcd73a844454ad698e58d51627c1304', 'tenant_name': 'tempest-HypervisorAdminNegativeTestJSON-949312624', 'user_domain_id': 'default', 'user_domain_name': 'Default', 'user_id': 'b5b44875f4ce4671a69c0fec480016eb', 'system': None}, Network: None, Subnet: None, Router: None
2025-11-17 15:01:28.340 66433 INFO tempest.lib.common.dynamic_creds [-] Created isolated network resources for: credentials: Credentials: {'domain_id': 'default', 'domain_name': 'Default', 'username': 'tempest-HypervisorAdminNegativeTestJSON-949312624-project-admin', 'project_domain_id': 'default', 'project_domain_name': 'Default', 'project_id': '2dcd73a844454ad698e58d51627c1304', 'project_name': 'tempest-HypervisorAdminNegativeTestJSON-949312624', 'tenant_id': '2dcd73a844454ad698e58d51627c1304', 'tenant_name': 'tempest-HypervisorAdminNegativeTestJSON-949312624', 'user_domain_id': 'default', 'user_domain_name': 'Default', 'user_id': 'b5b44875f4ce4671a69c0fec480016eb', 'system': None}, Network: None, Subnet: None, Router: None
2025-11-17 15:01:28.417 66428 INFO tempest.lib.common.rest_client [req-64bb015d-b6a5-4e7b-8ac7-55e605733ba4 req-64bb015d-b6a5-4e7b-8ac7-55e605733ba4 ] Request (VolumesAssistedSnapshotsTest:test_volume_assisted_snapshot_create_delete): 200 GET http://10.180.1.21/volume/v3/volumes/0bf9b035-e25d-4d09-958e-25946ea86010 0.103s
2025-11-17 15:01:28.482 66426 INFO tempest.lib.common.rest_client [req-314022cf-3fca-460a-a4ac-aff2f5bbe50f req-314022cf-3fca-460a-a4ac-aff2f5bbe50f ] Request (VolumesAdminNegativeTest:setUpClass): 201 POST http://10.180.1.21/identity/v3/auth/tokens 0.237s
2025-11-17 15:01:28.619 66410 INFO tempest.lib.common.rest_client [req-cb8d2100-31ec-402c-bf18-5ccad2b0bfb0 req-cb8d2100-31ec-402c-bf18-5ccad2b0bfb0 ] Request (MigrationsAdminTest:test_list_migrations_in_flavor_resize_situation): 202 POST http://10.180.1.21/compute/v2.1/servers 4.462s
2025-11-17 15:01:28.624 66404 INFO tempest.lib.common.rest_client [req-ee90cf23-8c13-4744-9a79-31f9d6a2a722 req-ee90cf23-8c13-4744-9a79-31f9d6a2a722 ] Request (FlavorsAccessNegativeTestJSON:test_add_flavor_access_duplicate): 200 POST http://10.180.1.21/compute/v2.1/flavors/825806432/action 4.407s
2025-11-17 15:01:28.626 66433 INFO tempest.lib.common.rest_client [req-f1d632e4-6204-43d9-8950-d00d5bf008bf req-f1d632e4-6204-43d9-8950-d00d5bf008bf ] Request (HypervisorAdminNegativeTestJSON:setUpClass): 201 POST http://10.180.1.21/identity/v3/auth/tokens 0.280s
2025-11-17 15:01:28.668 66418 INFO tempest.lib.common.rest_client [req-262c2140-f8e6-49ff-84ca-9eb8f43da8d1 req-262c2140-f8e6-49ff-84ca-9eb8f43da8d1 ] Request (ServicesAdminTestJSON:test_list_services): 200 GET http://10.180.1.21/compute/v2.1/os-services 4.300s
2025-11-17 15:01:28.785 66418 INFO tempest.lib.common.rest_client [req-f36bca2e-b4c2-4f79-a63d-6594722ebead req-f36bca2e-b4c2-4f79-a63d-6594722ebead ] Request (ServicesAdminTestJSON:tearDownClass): 204 DELETE http://10.180.1.21/identity/v3/users/41ed53cf67a64071aae1329e5bf97a50 0.109s
2025-11-17 15:01:28.807 66394 INFO tempest.lib.common.rest_client [req-8f8725da-9d49-4555-90dd-c2dd22816a18 req-8f8725da-9d49-4555-90dd-c2dd22816a18 ] Request (FlavorsExtraSpecsTestJSON:test_flavor_non_admin_get_all_keys): 200 GET http://10.180.1.21/compute/v2.1/flavors/1218108847/os-extra_specs 4.397s
2025-11-17 15:01:28.831 66380 INFO tempest.lib.common.rest_client [req-0beb2227-0c25-464b-bc2a-26d8c4d87ea3 req-0beb2227-0c25-464b-bc2a-26d8c4d87ea3 ] Request (ServicesAdminNegativeTestJSON:test_get_service_by_invalid_service_and_valid_host): 200 GET http://10.180.1.21/compute/v2.1/os-services 4.375s
2025-11-17 15:01:28.965 66426 INFO tempest.lib.common.rest_client [req-8130639d-6123-46f4-a71c-4b7256add472 req-8130639d-6123-46f4-a71c-4b7256add472 ] Request (VolumesAdminNegativeTest:setUpClass): 201 POST http://10.180.1.21/networking/v2.0/networks 0.482s
2025-11-17 15:01:28.973 66418 INFO tempest.lib.common.rest_client [req-f9dfbc03-2192-4d50-9034-2d778df6fa32 req-f9dfbc03-2192-4d50-9034-2d778df6fa32 ] Request (ServicesAdminTestJSON:tearDownClass): 204 DELETE http://10.180.1.21/identity/v3/users/e81d4f18c4de4abba618610b11f8d3c7 0.187s
2025-11-17 15:01:28.973 66418 INFO tempest.lib.common.dynamic_creds [-] Deleting project and security group for project: d6ffb6dd9b8b4e409baaeb594615ab0e
2025-11-17 15:01:28.991 66408 INFO tempest.lib.common.rest_client [req-bda8733d-bb38-4d3c-b0c1-f57eb564e90e req-bda8733d-bb38-4d3c-b0c1-f57eb564e90e ] Request (ServerDiagnosticsTest:test_get_server_diagnostics): 200 GET http://10.180.1.21/compute/v2.1/servers/7fdafd32-724b-432e-a67d-453e7c5f2cd2 4.662s
2025-11-17 15:01:29.021 66376 INFO tempest.lib.common.rest_client [req-3715f4b5-282f-4e9b-a301-5f5ec348a53e req-3715f4b5-282f-4e9b-a301-5f5ec348a53e ] Request (ServersAdmin275Test:test_rebuild_update_server_275): 200 GET http://10.180.1.21/compute/v2.1/servers/7f1e13f1-4e0c-4996-b341-f786410256c8 4.506s
2025-11-17 15:01:29.041 66421 INFO tempest.lib.common.rest_client [req-b1da5cc7-20a9-448e-9c58-efb2e2f8a62c req-b1da5cc7-20a9-448e-9c58-efb2e2f8a62c ] Request (ListImageFiltersTestJSON:setUpClass): 200 GET http://10.180.1.21/compute/v2.1/images/ca49a189-f4b0-44e9-863c-0a085b5e9715 4.475s
2025-11-17 15:01:29.045 66418 INFO tempest.lib.common.rest_client [req-a95c62f7-9a85-49e2-a617-bdcc349c2578 req-a95c62f7-9a85-49e2-a617-bdcc349c2578 ] Request (ServicesAdminTestJSON:tearDownClass): 201 POST http://10.180.1.21/identity/v3/auth/tokens 0.072s
2025-11-17 15:01:29.054 66388 INFO tempest.lib.common.rest_client [req-cd88f1d2-0dd3-46c7-bba9-75f3e31fbf1f req-cd88f1d2-0dd3-46c7-bba9-75f3e31fbf1f ] Request (HypervisorAdminNegativeUnderV252Test:test_search_nonexistent_hypervisor): 404 GET http://10.180.1.21/compute/v2.1/os-hypervisors/nonexistent_hypervisor_name/search 4.270s
2025-11-17 15:01:29.059 66413 INFO tempest.lib.common.rest_client [req-e064371b-abfd-4129-9bd2-fb75f7a0d737 req-e064371b-abfd-4129-9bd2-fb75f7a0d737 ] Request (FlavorsExtraSpecsNegativeTestJSON:test_flavor_non_admin_set_keys): 403 POST http://10.180.1.21/compute/v2.1/flavors/885424369/os-extra_specs 4.121s
2025-11-17 15:01:29.163 66382 INFO tempest.lib.common.rest_client [req-095d15ab-9cdb-4ab6-8025-2e5ed15500d6 req-095d15ab-9cdb-4ab6-8025-2e5ed15500d6 ] Request (FlavorsAccessTestJSON:test_flavor_access_add_remove): 200 GET http://10.180.1.21/compute/v2.1/flavors/detail 4.483s
2025-11-17 15:01:29.188 66406 INFO tempest.lib.common.rest_client [req-fcb943b2-13f5-4a7a-9ba4-2ae6de3b455c req-fcb943b2-13f5-4a7a-9ba4-2ae6de3b455c ] Request (FlavorsAdminTestJSON:_run_cleanups): 200 GET http://10.180.1.21/compute/v2.1/flavors/detail 4.201s
2025-11-17 15:01:29.194 66426 INFO tempest.lib.common.rest_client [req-71fa786f-b9a9-40a0-9e61-99696ab311e2 req-71fa786f-b9a9-40a0-9e61-99696ab311e2 ] Request (VolumesAdminNegativeTest:setUpClass): 201 POST http://10.180.1.21/networking/v2.0/subnets 0.229s
2025-11-17 15:01:29.201 66422 INFO tempest.lib.common.rest_client [req-78c1197e-f525-4040-ab0a-2e88b92b7649 req-78c1197e-f525-4040-ab0a-2e88b92b7649 ] Request (KeyPairsV210TestJSON:test_admin_manage_keypairs_for_other_users): 200 GET http://10.180.1.21/compute/v2.1/os-keypairs/tempest-keypair-2003408660?user_id=f8b795f178e44361904482c2921fb700 4.179s
2025-11-17 15:01:29.338 66414 INFO tempest.lib.common.rest_client [req-acb4b525-0292-4ea7-be4b-fbdbfc7712ab req-acb4b525-0292-4ea7-be4b-fbdbfc7712ab ] Request (TenantUsagesNegativeTestJSON:test_list_usage_all_tenants_with_non_admin_user): 403 GET http://10.180.1.21/compute/v2.1/os-simple-tenant-usage?start=2025-11-16T15%3A01%3A17.429524&end=2025-11-18T15%3A01%3A17.429524&detailed=1 3.865s
2025-11-17 15:01:29.382 66378 INFO tempest.lib.common.rest_client [req-d6cbca6c-4d21-4009-a15d-ad223b554912 req-d6cbca6c-4d21-4009-a15d-ad223b554912 ] Request (HostsAdminTestJSON:test_list_hosts_with_nonexistent_zone): 200 GET http://10.180.1.21/compute/v2.1/os-hosts?zone=xxx 3.873s
2025-11-17 15:01:29.388 66374 INFO tempest.lib.common.rest_client [req-02abc541-fe8b-4694-8e27-0ae26b9b020e req-02abc541-fe8b-4694-8e27-0ae26b9b020e ] Request (AggregatesAdminNegativeTestJSON:test_aggregate_add_existent_host): 200 POST http://10.180.1.21/compute/v2.1/os-aggregates/1/action 4.418s
2025-11-17 15:01:29.407 66418 INFO tempest.lib.common.rest_client [req-f9a60dae-61d1-44f1-827e-dc66d8aa98d5 req-f9a60dae-61d1-44f1-827e-dc66d8aa98d5 ] Request (ServicesAdminTestJSON:tearDownClass): 200 GET http://10.180.1.21/networking/v2.0/security-groups?tenant_id=d6ffb6dd9b8b4e409baaeb594615ab0e&name=default 0.361s
2025-11-17 15:01:29.432 66414 INFO tempest.lib.common.rest_client [req-97a4d267-c915-4f20-99fa-7fcc7153b585 req-97a4d267-c915-4f20-99fa-7fcc7153b585 ] Request (TenantUsagesNegativeTestJSON:tearDownClass): 204 DELETE http://10.180.1.21/identity/v3/users/3ecc1a9728f542afa143cd8c6861260e 0.091s
2025-11-17 15:01:29.487 66428 INFO tempest.lib.common.rest_client [req-1cb8cf63-07e4-4b8b-a97e-e20db1e2ebbc req-1cb8cf63-07e4-4b8b-a97e-e20db1e2ebbc ] Request (VolumesAssistedSnapshotsTest:test_volume_assisted_snapshot_create_delete): 200 GET http://10.180.1.21/volume/v3/volumes/0bf9b035-e25d-4d09-958e-25946ea86010 0.052s
2025-11-17 15:01:29.495 66428 INFO tempest.common.waiters [-] volume 0bf9b035-e25d-4d09-958e-25946ea86010 reached available after waiting for 1.495098 seconds
2025-11-17 15:01:29.591 66421 INFO tempest.lib.common.rest_client [req-b45bfb85-ebd4-4cea-a987-40a3adaa8790 req-b45bfb85-ebd4-4cea-a987-40a3adaa8790 ] Request (ListImageFiltersTestJSON:setUpClass): 201 POST http://10.180.1.21/image/v2/images 0.543s
2025-11-17 15:01:29.618 66400 INFO tempest.lib.common.rest_client [req-c453207f-5899-410b-a130-876ba1c42ae9 req-c453207f-5899-410b-a130-876ba1c42ae9 ] Request (FlavorMetadataValidation:test_flavor_update_with_custom_namespace): 200 POST http://10.180.1.21/compute/v2.1/flavors 3.938s
2025-11-17 15:01:29.625 66370 INFO tempest.lib.common.rest_client [req-b6e748d7-08fb-4c71-9dc7-6a3753a06b5f req-b6e748d7-08fb-4c71-9dc7-6a3753a06b5f ] Request (InstanceUsageAuditLogNegativeTestJSON:test_instance_usage_audit_logs_with_nonadmin_user): 403 GET http://10.180.1.21/compute/v2.1/os-instance_usage_audit_log/2025-11-17%2015%3A01%3A25 3.912s
2025-11-17 15:01:29.658 66416 INFO tempest.lib.common.rest_client [req-65c5f66b-6852-47dc-a7ad-ef70148f432e req-65c5f66b-6852-47dc-a7ad-ef70148f432e ] Request (HypervisorAdminTestJSON:test_get_hypervisor_show_details): 200 GET http://10.180.1.21/compute/v2.1/os-hypervisors 3.901s
2025-11-17 15:01:29.701 66430 INFO tempest.lib.common.rest_client [req-c223da6e-9f09-40c8-8b66-4277b27c8247 req-c223da6e-9f09-40c8-8b66-4277b27c8247 ] Request (FlavorsV261TestJSON:test_crud_flavor): 200 PUT http://10.180.1.21/compute/v2.1/flavors/699035492 3.694s
2025-11-17 15:01:29.702 66414 INFO tempest.lib.common.rest_client [req-ff17e059-7127-474b-a50d-125c0c3d17db req-ff17e059-7127-474b-a50d-125c0c3d17db ] Request (TenantUsagesNegativeTestJSON:tearDownClass): 204 DELETE http://10.180.1.21/identity/v3/users/2980162bb8dc4259a447f3638cb47fe2 0.269s
2025-11-17 15:01:29.702 66414 INFO tempest.lib.common.dynamic_creds [-] Deleting project and security group for project: f15084a50ad741bea827af9bcb6d63cc
2025-11-17 15:01:29.712 66370 INFO tempest.lib.common.rest_client [req-83fce38e-faf5-45b0-9b6f-da8feb74f8bf req-83fce38e-faf5-45b0-9b6f-da8feb74f8bf ] Request (InstanceUsageAuditLogNegativeTestJSON:tearDownClass): 204 DELETE http://10.180.1.21/identity/v3/users/d521929b63e248bb968d233ec10e38f6 0.086s
2025-11-17 15:01:29.760 66414 INFO tempest.lib.common.rest_client [req-b793a73f-faa5-43a7-a773-db185b180c76 req-b793a73f-faa5-43a7-a773-db185b180c76 ] Request (TenantUsagesNegativeTestJSON:tearDownClass): 201 POST http://10.180.1.21/identity/v3/auth/tokens 0.058s
2025-11-17 15:01:29.823 66370 INFO tempest.lib.common.rest_client [req-73169d95-5f4c-4153-8664-55be94d8d339 req-73169d95-5f4c-4153-8664-55be94d8d339 ] Request (InstanceUsageAuditLogNegativeTestJSON:tearDownClass): 204 DELETE http://10.180.1.21/identity/v3/users/fd0db7a08b2549baacad5718174919b5 0.110s
2025-11-17 15:01:29.823 66370 INFO tempest.lib.common.dynamic_creds [-] Deleting project and security group for project: cdcf0384fb274fc2933df75070129baa
2025-11-17 15:01:29.843 66392 INFO tempest.lib.common.rest_client [req-db233a11-d243-4f0a-bd31-a75c4e02c1ec req-db233a11-d243-4f0a-bd31-a75c4e02c1ec ] Request (ServersTestFqdnHostnames:test_create_server_with_fqdn_name): 200 POST http://10.180.1.21/compute/v2.1/os-keypairs 3.446s
2025-11-17 15:01:29.890 66370 INFO tempest.lib.common.rest_client [req-06dfcd58-9a7d-49a1-9453-42eb6554912c req-06dfcd58-9a7d-49a1-9453-42eb6554912c ] Request (InstanceUsageAuditLogNegativeTestJSON:tearDownClass): 201 POST http://10.180.1.21/identity/v3/auth/tokens 0.066s
2025-11-17 15:01:30.199 66426 INFO tempest.lib.common.rest_client [req-4ade6ced-78fe-43b3-a1bd-a8de420babef req-4ade6ced-78fe-43b3-a1bd-a8de420babef ] Request (VolumesAdminNegativeTest:setUpClass): 201 POST http://10.180.1.21/networking/v2.0/routers 1.004s
2025-11-17 15:01:30.299 66418 INFO tempest.lib.common.rest_client [req-26aaab30-6301-4ef8-9b01-a2a00785fd0e req-26aaab30-6301-4ef8-9b01-a2a00785fd0e ] Request (ServicesAdminTestJSON:tearDownClass): 204 DELETE http://10.180.1.21/networking/v2.0/security-groups/4fc5dd8d-1dfd-420c-8136-fec3d5c8399f 0.891s
2025-11-17 15:01:30.393 66418 INFO tempest.lib.common.rest_client [req-909b302c-1870-404a-8139-90aac731503c req-909b302c-1870-404a-8139-90aac731503c ] Request (ServicesAdminTestJSON:tearDownClass): 204 DELETE http://10.180.1.21/identity/v3/projects/d6ffb6dd9b8b4e409baaeb594615ab0e 0.093s
2025-11-17 15:01:30.393 66418 INFO tempest.lib.common.dynamic_creds [-] Deleting project and security group for project: 6ca78c94995e46448d3186c7a6dbc308
2025-11-17 15:01:30.653 66414 INFO tempest.lib.common.rest_client [req-0dd4ed4f-2182-46d1-ae4c-e1771740e34f req-0dd4ed4f-2182-46d1-ae4c-e1771740e34f ] Request (TenantUsagesNegativeTestJSON:tearDownClass): 200 GET http://10.180.1.21/networking/v2.0/security-groups?tenant_id=f15084a50ad741bea827af9bcb6d63cc&name=default 0.892s
2025-11-17 15:01:30.789 66392 INFO tempest.lib.common.rest_client [req-f05473dc-b353-464f-b1c8-992122294181 req-f05473dc-b353-464f-b1c8-992122294181 ] Request (ServersTestFqdnHostnames:test_create_server_with_fqdn_name): 201 POST http://10.180.1.21/networking/v2.0/security-groups 0.944s
2025-11-17 15:01:30.971 66370 INFO tempest.lib.common.rest_client [req-7f2ce306-22dd-41a4-88d6-c24bec7487a8 req-7f2ce306-22dd-41a4-88d6-c24bec7487a8 ] Request (InstanceUsageAuditLogNegativeTestJSON:tearDownClass): 200 GET http://10.180.1.21/networking/v2.0/security-groups?tenant_id=cdcf0384fb274fc2933df75070129baa&name=default 1.081s
2025-11-17 15:01:31.180 66418 INFO tempest.lib.common.rest_client [req-fc496382-bc4c-4e13-b6cc-4ddad3dbc362 req-fc496382-bc4c-4e13-b6cc-4ddad3dbc362 ] Request (ServicesAdminTestJSON:tearDownClass): 200 GET http://10.180.1.21/networking/v2.0/security-groups?tenant_id=6ca78c94995e46448d3186c7a6dbc308&name=default 0.786s
2025-11-17 15:01:31.282 66414 INFO tempest.lib.common.rest_client [req-beb4e1de-2b8b-4ff8-9d51-1ff64b1f4a4b req-beb4e1de-2b8b-4ff8-9d51-1ff64b1f4a4b ] Request (TenantUsagesNegativeTestJSON:tearDownClass): 204 DELETE http://10.180.1.21/networking/v2.0/security-groups/abdaa42a-e24d-40c4-a28e-9fc762adb06a 0.629s
2025-11-17 15:01:31.326 66384 INFO tempest.lib.common.rest_client [req-771a9777-1911-4996-bcf8-228b43dc41aa req-771a9777-1911-4996-bcf8-228b43dc41aa ] Request (FloatingIPsAssociationTestJSON:setUpClass): 200 GET http://10.180.1.21/compute/v2.1/servers/9cded14e-c633-48b4-bd13-b47945646177 4.851s
2025-11-17 15:01:31.333 66384 INFO tempest.common.waiters [-] State transition "BUILD/None" ==> "BUILD/spawning" after 6 second wait
2025-11-17 15:01:31.364 66414 INFO tempest.lib.common.rest_client [req-e0f5c067-26f8-40b2-8985-45359f4a7117 req-e0f5c067-26f8-40b2-8985-45359f4a7117 ] Request (TenantUsagesNegativeTestJSON:tearDownClass): 204 DELETE http://10.180.1.21/identity/v3/projects/f15084a50ad741bea827af9bcb6d63cc 0.082s
2025-11-17 15:01:31.365 66414 INFO tempest.lib.common.dynamic_creds [-] Deleting project and security group for project: c95f90245134416c8d2321431bee61ae
2025-11-17 15:01:31.368 66421 INFO tempest.lib.common.rest_client [req-62c95424-ef0a-47b2-9924-da4ccda8c220 req-62c95424-ef0a-47b2-9924-da4ccda8c220 ] Request (ListImageFiltersTestJSON:setUpClass): 204 PUT http://10.180.1.21/image/v2/images/6b5dfb9b-20d6-41b5-b0c9-ca63247ccff6/file 0.776s
2025-11-17 15:01:31.407 66392 INFO tempest.lib.common.rest_client [req-c578ab40-1288-4752-b12a-a432a42ab89b req-c578ab40-1288-4752-b12a-a432a42ab89b ] Request (ServersTestFqdnHostnames:test_create_server_with_fqdn_name): 201 POST http://10.180.1.21/networking/v2.0/security-group-rules 0.618s
2025-11-17 15:01:31.502 66370 INFO tempest.lib.common.rest_client [req-88c7c45a-f32c-4174-989a-023aebf75101 req-88c7c45a-f32c-4174-989a-023aebf75101 ] Request (InstanceUsageAuditLogNegativeTestJSON:tearDownClass): 204 DELETE http://10.180.1.21/networking/v2.0/security-groups/850d77f4-263c-4dcc-8546-cea8c62f170a 0.530s
2025-11-17 15:01:31.626 66370 INFO tempest.lib.common.rest_client [req-6e48c621-f780-4827-ad17-1f887f041820 req-6e48c621-f780-4827-ad17-1f887f041820 ] Request (InstanceUsageAuditLogNegativeTestJSON:tearDownClass): 204 DELETE http://10.180.1.21/identity/v3/projects/cdcf0384fb274fc2933df75070129baa 0.123s
2025-11-17 15:01:31.627 66370 INFO tempest.lib.common.dynamic_creds [-] Deleting project and security group for project: cddc8563963747f091665b6b15e7e371
2025-11-17 15:01:31.767 66426 INFO tempest.lib.common.rest_client [req-017cc3dd-e3fb-43f4-baec-d8e273dd9b9e req-017cc3dd-e3fb-43f4-baec-d8e273dd9b9e ] Request (VolumesAdminNegativeTest:setUpClass): 200 PUT http://10.180.1.21/networking/v2.0/routers/57017ac4-76dc-46e8-b25b-aa4077fcf920/add_router_interface 1.567s
2025-11-17 15:01:31.767 66426 INFO tempest.lib.common.dynamic_creds [-] Created isolated network resources for: credentials: Credentials: {'domain_id': 'default', 'domain_name': 'Default', 'username': 'tempest-VolumesAdminNegativeTest-1563566483-project-member', 'project_domain_id': 'default', 'project_domain_name': 'Default', 'project_id': '922d7bc4a88f4e9f8f12bed30d1c221e', 'project_name': 'tempest-VolumesAdminNegativeTest-1563566483', 'tenant_id': '922d7bc4a88f4e9f8f12bed30d1c221e', 'tenant_name': 'tempest-VolumesAdminNegativeTest-1563566483', 'user_domain_id': 'default', 'user_domain_name': 'Default', 'user_id': 'f437614db30c4f58bee060d6a5a7abec', 'system': None}, Network: {'id': '6e572b21-277b-4808-80de-bd4077988688', 'name': 'tempest-VolumesAdminNegativeTest-1214029997-network', 'tenant_id': '922d7bc4a88f4e9f8f12bed30d1c221e', 'project_id': '922d7bc4a88f4e9f8f12bed30d1c221e', 'admin_state_up': True, 'mtu': 8950, 'status': 'ACTIVE', 'subnets': [], 'shared': False, 'port_security_enabled': True, 'router:external': False, 'provider:network_type': 'vlan', 'provider:physical_network': 'default', 'provider:segmentation_id': 562, 'availability_zone_hints': [], 'availability_zones': [], 'ipv4_address_scope': None, 'ipv6_address_scope': None, 'description': '', 'tags': [], 'created_at': '2025-11-17T15:01:28Z', 'updated_at': '2025-11-17T15:01:28Z', 'revision_number': 1}, Subnet: {'id': '541c3bc1-aa56-4345-96b3-4a7e5b8c2f0b', 'name': 'tempest-VolumesAdminNegativeTest-1214029997-subnet', 'tenant_id': '922d7bc4a88f4e9f8f12bed30d1c221e', 'network_id': '6e572b21-277b-4808-80de-bd4077988688', 'ip_version': 4, 'subnetpool_id': None, 'enable_dhcp': True, 'ipv6_ra_mode': None, 'ipv6_address_mode': None, 'gateway_ip': '192.168.128.1', 'cidr': '192.168.128.0/28', 'allocation_pools': [{'start': '192.168.128.2', 'end': '192.168.128.14'}], 'host_routes': [], 'dns_nameservers': [], 'description': '', 'router:external': False, 'service_types': [], 'tags': [], 'created_at': '2025-11-17T15:01:29Z', 'updated_at': '2025-11-17T15:01:29Z', 'revision_number': 0, 'project_id': '922d7bc4a88f4e9f8f12bed30d1c221e'}, Router: {'id': '57017ac4-76dc-46e8-b25b-aa4077fcf920', 'name': 'tempest-VolumesAdminNegativeTest-1214029997-router', 'tenant_id': '922d7bc4a88f4e9f8f12bed30d1c221e', 'admin_state_up': True, 'status': 'ACTIVE', 'external_gateway_info': {'network_id': '8446c36b-2891-4539-8f35-d619beb62faa', 'external_fixed_ips': [{'subnet_id': 'f5a8684e-8245-4f55-bda3-c9c167b79f9a', 'ip_address': '10.180.180.227'}], 'enable_snat': True}, 'description': '', 'availability_zones': [], 'distributed': False, 'ha': False, 'availability_zone_hints': [], 'routes': [], 'flavor_id': None, 'tags': [], 'created_at': '2025-11-17T15:01:29Z', 'updated_at': '2025-11-17T15:01:29Z', 'revision_number': 2, 'project_id': '922d7bc4a88f4e9f8f12bed30d1c221e'}
2025-11-17 15:01:31.861 66426 INFO tempest.lib.common.rest_client [req-71b6edac-be16-47b9-94a6-1c51bcf4668e req-71b6edac-be16-47b9-94a6-1c51bcf4668e ] Request (VolumesAdminNegativeTest:setUpClass): 201 POST http://10.180.1.21/identity/v3/auth/tokens 0.090s
2025-11-17 15:01:31.890 66418 INFO tempest.lib.common.rest_client [req-be9fa698-80c1-4e27-a343-c708621c827d req-be9fa698-80c1-4e27-a343-c708621c827d ] Request (ServicesAdminTestJSON:tearDownClass): 204 DELETE http://10.180.1.21/networking/v2.0/security-groups/2d8932d8-0562-49d2-9050-24e301a669c3 0.710s
2025-11-17 15:01:31.922 66425 INFO tempest.lib.common.rest_client [req-03ba6bd7-544a-4fd2-b23a-3d7abc650c0a req-03ba6bd7-544a-4fd2-b23a-3d7abc650c0a ] Request (ImagesTestJSON:test_create_image_from_stopped_server): 200 GET http://10.180.1.21/compute/v2.1/servers/d9cd9929-865f-4590-b374-143f2faab006 4.732s
2025-11-17 15:01:31.966 66426 INFO tempest.lib.common.rest_client [req-53ea0448-a0f8-46d6-abc7-bd4814496e35 req-53ea0448-a0f8-46d6-abc7-bd4814496e35 ] Request (VolumesAdminNegativeTest:setUpClass): 201 POST http://10.180.1.21/identity/v3/projects 0.103s
2025-11-17 15:01:32.001 66418 INFO tempest.lib.common.rest_client [req-57ad5e81-e4f2-4c00-a6e1-67d01518b038 req-57ad5e81-e4f2-4c00-a6e1-67d01518b038 ] Request (ServicesAdminTestJSON:tearDownClass): 204 DELETE http://10.180.1.21/identity/v3/projects/6ca78c94995e46448d3186c7a6dbc308 0.111s
2025-11-17 15:01:32.009 66392 INFO tempest.lib.common.rest_client [req-261a823a-4f78-46d6-b423-5790ef6cf94f req-261a823a-4f78-46d6-b423-5790ef6cf94f ] Request (ServersTestFqdnHostnames:test_create_server_with_fqdn_name): 201 POST http://10.180.1.21/networking/v2.0/security-group-rules 0.601s
2025-11-17 15:01:32.036 66414 INFO tempest.lib.common.rest_client [req-4dd5cfc7-1c85-4f1b-bf2d-2962ae91b89a req-4dd5cfc7-1c85-4f1b-bf2d-2962ae91b89a ] Request (TenantUsagesNegativeTestJSON:tearDownClass): 200 GET http://10.180.1.21/networking/v2.0/security-groups?tenant_id=c95f90245134416c8d2321431bee61ae&name=default 0.671s
2025-11-17 15:01:32.072 66426 INFO tempest.lib.common.rest_client [req-115fce1f-254f-4d92-9575-3bf5611f7348 req-115fce1f-254f-4d92-9575-3bf5611f7348 ] Request (VolumesAdminNegativeTest:setUpClass): 201 POST http://10.180.1.21/identity/v3/users 0.106s
2025-11-17 15:01:32.100 66418 INFO tempest.lib.common.rest_client [req-bc6afc41-5940-483a-86d8-8436a0e11571 req-bc6afc41-5940-483a-86d8-8436a0e11571 ] Request (ListServersNegativeTestJSON:setUpClass): 201 POST http://10.180.1.21/identity/v3/auth/tokens 0.097s
2025-11-17 15:01:32.117 66370 INFO tempest.lib.common.rest_client [req-386a5869-b062-4830-80a8-e155c6b3df5f req-386a5869-b062-4830-80a8-e155c6b3df5f ] Request (InstanceUsageAuditLogNegativeTestJSON:tearDownClass): 200 GET http://10.180.1.21/networking/v2.0/security-groups?tenant_id=cddc8563963747f091665b6b15e7e371&name=default 0.490s
2025-11-17 15:01:32.129 66390 INFO tempest.lib.common.rest_client [req-aaa533a6-65be-4064-88df-231f84bc4904 req-aaa533a6-65be-4064-88df-231f84bc4904 ] Request (ServersWithSpecificFlavorTestJSON:test_verify_created_server_ephemeral_disk): 200 POST http://10.180.1.21/compute/v2.1/flavors 4.786s
2025-11-17 15:01:32.135 66426 INFO tempest.lib.common.rest_client [req-f19714cd-5fb1-4fff-ac2d-a463a2283d6c req-f19714cd-5fb1-4fff-ac2d-a463a2283d6c ] Request (VolumesAdminNegativeTest:setUpClass): 200 GET http://10.180.1.21/identity/v3/roles 0.062s
2025-11-17 15:01:32.139 66418 INFO tempest.lib.common.rest_client [req-3e0e538b-6813-47e3-903a-864ec11a42a6 req-3e0e538b-6813-47e3-903a-864ec11a42a6 ] Request (ListServersNegativeTestJSON:setUpClass): 201 POST http://10.180.1.21/identity/v3/auth/tokens 0.037s
2025-11-17 15:01:32.147 66396 INFO tempest.lib.common.rest_client [req-d061fa13-e5aa-4675-b3b2-0cda262ded5a req-d061fa13-e5aa-4675-b3b2-0cda262ded5a ] Request (QuotasAdminTestJSON:test_delete_quota): 202 DELETE http://10.180.1.21/compute/v2.1/os-quota-sets/0499eb7df8914eb38fd763568eb34ba7 4.334s
2025-11-17 15:01:32.179 66418 INFO tempest.lib.common.rest_client [req-e8dfdd5f-bcc2-4375-b5be-dc5ed475e0c1 req-e8dfdd5f-bcc2-4375-b5be-dc5ed475e0c1 ] Request (ListServersNegativeTestJSON:setUpClass): 200 GET http://10.180.1.21/identity/v3/domains?name=Default 0.039s
2025-11-17 15:01:32.193 66426 INFO tempest.lib.common.rest_client [req-ff18157b-1605-4fb0-ab7b-c7a9f798c06e req-ff18157b-1605-4fb0-ab7b-c7a9f798c06e ] Request (VolumesAdminNegativeTest:setUpClass): 204 PUT http://10.180.1.21/identity/v3/projects/d7196ad23f8c40568512afcfb691ab11/users/7d59beb787ec4dbdb736915c48021017/roles/37556e854e124c41b63917e3624241b4 0.056s
2025-11-17 15:01:32.301 66418 INFO tempest.lib.common.rest_client [req-fdcd45e9-cfe0-4341-be90-33b448ebb45b req-fdcd45e9-cfe0-4341-be90-33b448ebb45b ] Request (ListServersNegativeTestJSON:setUpClass): 201 POST http://10.180.1.21/identity/v3/projects 0.122s
2025-11-17 15:01:32.304 66426 INFO tempest.lib.common.rest_client [req-9a7e27f5-ab40-4744-ab43-4795b7f2fb8d req-9a7e27f5-ab40-4744-ab43-4795b7f2fb8d ] Request (VolumesAdminNegativeTest:setUpClass): 200 GET http://10.180.1.21/identity/v3/roles 0.111s
2025-11-17 15:01:32.378 66418 INFO tempest.lib.common.rest_client [req-dbdb7696-24af-452a-a670-586cc4c2d1b0 req-dbdb7696-24af-452a-a670-586cc4c2d1b0 ] Request (ListServersNegativeTestJSON:setUpClass): 201 POST http://10.180.1.21/identity/v3/users 0.076s
2025-11-17 15:01:32.388 66426 INFO tempest.lib.common.rest_client [req-16c29047-b35e-4615-8eb5-d497b971c728 req-16c29047-b35e-4615-8eb5-d497b971c728 ] Request (VolumesAdminNegativeTest:setUpClass): 204 PUT http://10.180.1.21/identity/v3/projects/d7196ad23f8c40568512afcfb691ab11/users/7d59beb787ec4dbdb736915c48021017/roles/37556e854e124c41b63917e3624241b4 0.082s
2025-11-17 15:01:32.388 66426 INFO tempest.lib.common.dynamic_creds [-] Dynamic test user 7d59beb787ec4dbdb736915c48021017 is created with scope project and roles: ['admin']
2025-11-17 15:01:32.388 66426 INFO tempest.lib.common.dynamic_creds [-] Acquired dynamic creds: credentials: Credentials: {'domain_id': 'default', 'domain_name': 'Default', 'username': 'tempest-VolumesAdminNegativeTest-1878323001-project-admin', 'project_domain_id': 'default', 'project_domain_name': 'Default', 'project_id': 'd7196ad23f8c40568512afcfb691ab11', 'project_name': 'tempest-VolumesAdminNegativeTest-1878323001', 'tenant_id': 'd7196ad23f8c40568512afcfb691ab11', 'tenant_name': 'tempest-VolumesAdminNegativeTest-1878323001', 'user_domain_id': 'default', 'user_domain_name': 'Default', 'user_id': '7d59beb787ec4dbdb736915c48021017', 'system': None}, Network: None, Subnet: None, Router: None
2025-11-17 15:01:32.457 66418 INFO tempest.lib.common.rest_client [req-057911bc-1dc5-4f4a-b57b-8a88a4f8a8d9 req-057911bc-1dc5-4f4a-b57b-8a88a4f8a8d9 ] Request (ListServersNegativeTestJSON:setUpClass): 200 GET http://10.180.1.21/identity/v3/roles 0.078s
2025-11-17 15:01:32.528 66418 INFO tempest.lib.common.rest_client [req-9a59e37d-c034-43e5-8461-30932ef4e219 req-9a59e37d-c034-43e5-8461-30932ef4e219 ] Request (ListServersNegativeTestJSON:setUpClass): 204 PUT http://10.180.1.21/identity/v3/projects/fa67fe09756149d3a1f4905c90af7e59/users/548379118bca4fda9a3dd0c5aa929db0/roles/b0a648f9c7df4f7b960bed14337ce21c 0.071s
2025-11-17 15:01:32.528 66418 INFO tempest.lib.common.dynamic_creds [-] Dynamic test user 548379118bca4fda9a3dd0c5aa929db0 is created with scope project and roles: ['member']
2025-11-17 15:01:32.528 66418 INFO tempest.lib.common.dynamic_creds [-] Acquired dynamic creds: credentials: Credentials: {'domain_id': 'default', 'domain_name': 'Default', 'username': 'tempest-ListServersNegativeTestJSON-283291062-project-member', 'project_domain_id': 'default', 'project_domain_name': 'Default', 'project_id': 'fa67fe09756149d3a1f4905c90af7e59', 'project_name': 'tempest-ListServersNegativeTestJSON-283291062', 'tenant_id': 'fa67fe09756149d3a1f4905c90af7e59', 'tenant_name': 'tempest-ListServersNegativeTestJSON-283291062', 'user_domain_id': 'default', 'user_domain_name': 'Default', 'user_id': '548379118bca4fda9a3dd0c5aa929db0', 'system': None}, Network: None, Subnet: None, Router: None
2025-11-17 15:01:32.604 66418 INFO tempest.lib.common.rest_client [req-399af036-e5c4-44c9-b25d-050e843aab67 req-399af036-e5c4-44c9-b25d-050e843aab67 ] Request (ListServersNegativeTestJSON:setUpClass): 201 POST http://10.180.1.21/identity/v3/auth/tokens 0.075s
2025-11-17 15:01:32.959 66392 INFO tempest.lib.common.rest_client [req-7dda484d-b770-451c-b94c-4255a6be2ecd req-7dda484d-b770-451c-b94c-4255a6be2ecd ] Request (ServersTestFqdnHostnames:test_create_server_with_fqdn_name): 201 POST http://10.180.1.21/networking/v2.0/floatingips 0.950s
2025-11-17 15:01:33.026 66392 INFO tempest.lib.common.rest_client [req-335d471b-465f-450b-962e-c990f559e2e0 req-335d471b-465f-450b-962e-c990f559e2e0 ] Request (ServersTestFqdnHostnames:test_create_server_with_fqdn_name): 201 POST http://10.180.1.21/identity/v3/auth/tokens 0.064s
2025-11-17 15:01:33.026 66392 INFO tempest.lib.common.fixed_network [-] (ServersTestFqdnHostnames:test_create_server_with_fqdn_name) Found network {'id': '5aa686c1-25c9-40fd-af0d-ed642c65afeb', 'name': 'tempest-ServersTestFqdnHostnames-1572982051-network', 'tenant_id': '5036328c3268407b97dc207ba1aca636', 'project_id': '5036328c3268407b97dc207ba1aca636', 'admin_state_up': True, 'mtu': 8950, 'status': 'ACTIVE', 'subnets': [], 'shared': False, 'port_security_enabled': True, 'router:external': False, 'provider:network_type': 'vlan', 'provider:physical_network': 'default', 'provider:segmentation_id': 833, 'availability_zone_hints': [], 'availability_zones': [], 'ipv4_address_scope': None, 'ipv6_address_scope': None, 'description': '', 'tags': [], 'created_at': '2025-11-17T15:01:24Z', 'updated_at': '2025-11-17T15:01:24Z', 'revision_number': 1} available for tenant
2025-11-17 15:01:33.046 66414 INFO tempest.lib.common.rest_client [req-ef403813-437b-4cec-b38d-f79fda7c7868 req-ef403813-437b-4cec-b38d-f79fda7c7868 ] Request (TenantUsagesNegativeTestJSON:tearDownClass): 204 DELETE http://10.180.1.21/networking/v2.0/security-groups/4ab14629-b317-4e3a-b96d-9fd325fd4da7 1.010s
2025-11-17 15:01:33.160 66414 INFO tempest.lib.common.rest_client [req-48c0d5bf-8f1c-4c5e-9228-0ac328358d67 req-48c0d5bf-8f1c-4c5e-9228-0ac328358d67 ] Request (TenantUsagesNegativeTestJSON:tearDownClass): 204 DELETE http://10.180.1.21/identity/v3/projects/c95f90245134416c8d2321431bee61ae 0.113s
2025-11-17 15:01:33.205 66370 INFO tempest.lib.common.rest_client [req-068d784a-0550-4bac-86a8-994dd6c1a4d0 req-068d784a-0550-4bac-86a8-994dd6c1a4d0 ] Request (InstanceUsageAuditLogNegativeTestJSON:tearDownClass): 204 DELETE http://10.180.1.21/networking/v2.0/security-groups/042d94c9-a2fc-4beb-ab05-7e52d22ae575 1.087s
2025-11-17 15:01:33.226 66414 INFO tempest.lib.common.rest_client [req-9982213a-e3bd-42fd-b354-0fbe2d176366 req-9982213a-e3bd-42fd-b354-0fbe2d176366 ] Request (FloatingIPsTestJSON:setUpClass): 201 POST http://10.180.1.21/identity/v3/auth/tokens 0.065s
2025-11-17 15:01:33.262 66414 INFO tempest.lib.common.rest_client [req-a8e42aec-ad45-4f2c-a313-041ca0a945aa req-a8e42aec-ad45-4f2c-a313-041ca0a945aa ] Request (FloatingIPsTestJSON:setUpClass): 201 POST http://10.180.1.21/identity/v3/auth/tokens 0.032s
2025-11-17 15:01:33.291 66414 INFO tempest.lib.common.rest_client [req-9ccea9ce-8c9b-40f2-a63f-cb79f42f0a7f req-9ccea9ce-8c9b-40f2-a63f-cb79f42f0a7f ] Request (FloatingIPsTestJSON:setUpClass): 200 GET http://10.180.1.21/identity/v3/domains?name=Default 0.028s
2025-11-17 15:01:33.301 66370 INFO tempest.lib.common.rest_client [req-89cac414-38d7-49d4-a2cc-504ac30ceeea req-89cac414-38d7-49d4-a2cc-504ac30ceeea ] Request (InstanceUsageAuditLogNegativeTestJSON:tearDownClass): 204 DELETE http://10.180.1.21/identity/v3/projects/cddc8563963747f091665b6b15e7e371 0.096s
2025-11-17 15:01:33.302 66370 INFO tempest.test [-] raised in TestVolumeSwap.setUpClass. Invoking tearDownClass.
2025-11-17 15:01:33.356 66414 INFO tempest.lib.common.rest_client [req-dc9e3eb1-f835-4fb7-96f4-6c8652d7890a req-dc9e3eb1-f835-4fb7-96f4-6c8652d7890a ] Request (FloatingIPsTestJSON:setUpClass): 201 POST http://10.180.1.21/identity/v3/projects 0.064s
2025-11-17 15:01:33.365 66370 INFO tempest.lib.common.rest_client [req-3e2d6743-0f07-400f-93ce-8a029bf3c214 req-3e2d6743-0f07-400f-93ce-8a029bf3c214 ] Request (FlavorsV2TestJSON:setUpClass): 201 POST http://10.180.1.21/identity/v3/auth/tokens 0.060s
2025-11-17 15:01:33.426 66414 INFO tempest.lib.common.rest_client [req-4f38fb88-55ba-40b8-9356-4e396a739170 req-4f38fb88-55ba-40b8-9356-4e396a739170 ] Request (FloatingIPsTestJSON:setUpClass): 201 POST http://10.180.1.21/identity/v3/users 0.069s
2025-11-17 15:01:33.437 66370 INFO tempest.lib.common.rest_client [req-33f6f315-bfdd-4951-9c5f-bcfdd1ec7f4d req-33f6f315-bfdd-4951-9c5f-bcfdd1ec7f4d ] Request (FlavorsV2TestJSON:setUpClass): 201 POST http://10.180.1.21/identity/v3/auth/tokens 0.070s
2025-11-17 15:01:33.449 66414 INFO tempest.lib.common.rest_client [req-ac8f825b-d03e-4268-af90-cac66fb04927 req-ac8f825b-d03e-4268-af90-cac66fb04927 ] Request (FloatingIPsTestJSON:setUpClass): 200 GET http://10.180.1.21/identity/v3/roles 0.023s
2025-11-17 15:01:33.469 66370 INFO tempest.lib.common.rest_client [req-927fcf6a-77ee-436c-9180-6fdd9a0100d3 req-927fcf6a-77ee-436c-9180-6fdd9a0100d3 ] Request (FlavorsV2TestJSON:setUpClass): 200 GET http://10.180.1.21/identity/v3/domains?name=Default 0.032s
2025-11-17 15:01:33.471 66426 INFO tempest.lib.common.rest_client [req-d8af3ec3-c14f-4427-9566-2aa561c0e601 req-d8af3ec3-c14f-4427-9566-2aa561c0e601 ] Request (VolumesAdminNegativeTest:setUpClass): 201 POST http://10.180.1.21/networking/v2.0/networks 1.082s
2025-11-17 15:01:33.486 66414 INFO tempest.lib.common.rest_client [req-cbc16f4f-bb93-49ae-a5be-17966588c088 req-cbc16f4f-bb93-49ae-a5be-17966588c088 ] Request (FloatingIPsTestJSON:setUpClass): 204 PUT http://10.180.1.21/identity/v3/projects/02f2c0c4f9be4d5f89c76cd269cd5422/users/655a09a008004efabfbedb995a1cb1a0/roles/b0a648f9c7df4f7b960bed14337ce21c 0.036s
2025-11-17 15:01:33.486 66414 INFO tempest.lib.common.dynamic_creds [-] Dynamic test user 655a09a008004efabfbedb995a1cb1a0 is created with scope project and roles: ['member']
2025-11-17 15:01:33.486 66414 INFO tempest.lib.common.dynamic_creds [-] Acquired dynamic creds: credentials: Credentials: {'domain_id': 'default', 'domain_name': 'Default', 'username': 'tempest-FloatingIPsTestJSON-851226544-project-member', 'project_domain_id': 'default', 'project_domain_name': 'Default', 'project_id': '02f2c0c4f9be4d5f89c76cd269cd5422', 'project_name': 'tempest-FloatingIPsTestJSON-851226544', 'tenant_id': '02f2c0c4f9be4d5f89c76cd269cd5422', 'tenant_name': 'tempest-FloatingIPsTestJSON-851226544', 'user_domain_id': 'default', 'user_domain_name': 'Default', 'user_id': '655a09a008004efabfbedb995a1cb1a0', 'system': None}, Network: None, Subnet: None, Router: None
2025-11-17 15:01:33.564 66370 INFO tempest.lib.common.rest_client [req-c86f98d6-0f3d-4c38-8f98-a2b7b97598fe req-c86f98d6-0f3d-4c38-8f98-a2b7b97598fe ] Request (FlavorsV2TestJSON:setUpClass): 201 POST http://10.180.1.21/identity/v3/projects 0.092s
