2025-11-17 15:02:08.788 66388 INFO tempest.lib.common.rest_client [req-f952278a-8afb-47f1-960b-1032e00051ae req-f952278a-8afb-47f1-960b-1032e00051ae ] Request (ServicesAdminNegativeV253TestJSON:test_get_service_by_invalid_params): 200 GET http://10.180.1.21/compute/v2.1/os-services?xxx=nova-compute 5.317s
2025-11-17 15:02:08.810 66396 INFO tempest.lib.common.rest_client [req-176c5105-ae29-4d69-93a3-06739ce9b672 req-176c5105-ae29-4d69-93a3-06739ce9b672 ] Request (QuotasAdminTestJSON:tearDownClass): 204 DELETE http://10.180.1.21/identity/v3/users/25eba6b1d6144d16b18bfc81251e0be8 0.141s
2025-11-17 15:02:08.810 66396 INFO tempest.lib.common.dynamic_creds [-] Deleting project and security group for project: 63dc115d043e4999a09293d07a7bb10a
2025-11-17 15:02:08.896 66396 INFO tempest.lib.common.rest_client [req-ae8d3255-11b3-4b86-9e51-2a7756258a70 req-ae8d3255-11b3-4b86-9e51-2a7756258a70 ] Request (QuotasAdminTestJSON:tearDownClass): 201 POST http://10.180.1.21/identity/v3/auth/tokens 0.086s
2025-11-17 15:02:08.974 66380 INFO tempest.lib.common.rest_client [req-2ba6ffc7-adee-443d-8147-73c9bb256c7e req-2ba6ffc7-adee-443d-8147-73c9bb256c7e ] Request (ServerDiskConfigTestJSON:test_rebuild_server_with_auto_disk_config): 200 GET http://10.180.1.21/compute/v2.1/servers/de7f3c97-9253-4426-ba2d-6cfef718a0ad 3.801s
2025-11-17 15:02:09.148 66396 INFO tempest.lib.common.rest_client [req-c2344735-dc08-4f3b-bb60-6e157797d78e req-c2344735-dc08-4f3b-bb60-6e157797d78e ] Request (QuotasAdminTestJSON:tearDownClass): 200 GET http://10.180.1.21/networking/v2.0/security-groups?tenant_id=63dc115d043e4999a09293d07a7bb10a&name=default 0.251s
2025-11-17 15:02:09.182 66372 INFO tempest.lib.common.rest_client [req-035a19a1-b293-47fd-a765-d1d71ae17fbe req-035a19a1-b293-47fd-a765-d1d71ae17fbe ] Request (ServersAdminTestJSON:setUpClass): 200 GET http://10.180.1.21/compute/v2.1/servers/ac647df6-66d7-41fe-9a30-2464ada26414 5.014s
2025-11-17 15:02:09.262 66372 INFO tempest.lib.common.rest_client [req-2256e16e-6c23-4d46-be2a-8c26f843d458 req-2256e16e-6c23-4d46-be2a-8c26f843d458 ] Request (ServersAdminTestJSON:test_create_server_with_scheduling_hint): 201 POST http://10.180.1.21/identity/v3/auth/tokens 0.070s
2025-11-17 15:02:09.263 66372 INFO tempest.lib.common.fixed_network [-] (ServersAdminTestJSON:test_create_server_with_scheduling_hint) Found network {'id': 'abb078ef-cbf7-48f1-91b5-614db29d91c9', 'name': 'tempest-ServersAdminTestJSON-2087661835-network', 'tenant_id': 'ff88e1830623430f83ebed2269f7612b', 'project_id': 'ff88e1830623430f83ebed2269f7612b', 'admin_state_up': True, 'mtu': 8950, 'status': 'ACTIVE', 'subnets': [], 'shared': False, 'port_security_enabled': True, 'router:external': False, 'provider:network_type': 'vlan', 'provider:physical_network': 'default', 'provider:segmentation_id': 304, 'availability_zone_hints': [], 'availability_zones': [], 'ipv4_address_scope': None, 'ipv6_address_scope': None, 'description': '', 'tags': [], 'created_at': '2025-11-17T15:01:14Z', 'updated_at': '2025-11-17T15:01:14Z', 'revision_number': 1} available for tenant
2025-11-17 15:02:09.373 66396 INFO tempest.lib.common.rest_client [req-b1a4a5d7-fe2a-49b1-89e2-6f8cc51de41b req-b1a4a5d7-fe2a-49b1-89e2-6f8cc51de41b ] Request (QuotasAdminTestJSON:tearDownClass): 204 DELETE http://10.180.1.21/networking/v2.0/security-groups/9e01497b-8f2c-4bd3-9a5e-646ec1c124a2 0.225s
2025-11-17 15:02:09.466 66396 INFO tempest.lib.common.rest_client [req-e4ebeb21-f684-4434-af71-5697467a1a36 req-e4ebeb21-f684-4434-af71-5697467a1a36 ] Request (QuotasAdminTestJSON:tearDownClass): 204 DELETE http://10.180.1.21/identity/v3/projects/63dc115d043e4999a09293d07a7bb10a 0.092s
2025-11-17 15:02:09.467 66396 INFO tempest.lib.common.dynamic_creds [-] Deleting project and security group for project: 55aea8cd74024579aadc63a6cb56aaaa
2025-11-17 15:02:09.498 66428 INFO tempest.lib.common.rest_client [req-a71c4b55-0373-4795-a10b-c28a79644a5d req-a71c4b55-0373-4795-a10b-c28a79644a5d ] Request (VolumesAssistedSnapshotsTest:test_volume_assisted_snapshot_create_delete): 200 GET http://10.180.1.21/compute/v2.1/servers/4fefbb21-0786-4a4e-8c78-21b856fa347f 3.847s
2025-11-17 15:02:09.622 66426 INFO tempest.lib.common.rest_client [req-ce2626c1-89ff-429d-8184-4c5817dc7cee req-ce2626c1-89ff-429d-8184-4c5817dc7cee ] Request (VolumesAdminNegativeTest:test_update_attached_volume_with_nonexistent_volume_in_uri): 200 GET http://10.180.1.21/compute/v2.1/servers/fd33328b-48a9-4f3d-8df8-faa8d839a74a 3.932s
2025-11-17 15:02:09.669 66370 INFO tempest.lib.common.rest_client [req-fc73fed2-b6d3-430d-9a70-4e7974f7ebcf req-fc73fed2-b6d3-430d-9a70-4e7974f7ebcf ] Request (FlavorsV2TestJSON:test_list_flavors_detailed_using_marker): 200 GET http://10.180.1.21/compute/v2.1/flavors/detail?marker=42 3.756s
2025-11-17 15:02:09.752 66396 INFO tempest.lib.common.rest_client [req-7d0a8ccd-a42d-4133-94f9-b052fa8b6bfa req-7d0a8ccd-a42d-4133-94f9-b052fa8b6bfa ] Request (QuotasAdminTestJSON:tearDownClass): 200 GET http://10.180.1.21/networking/v2.0/security-groups?tenant_id=55aea8cd74024579aadc63a6cb56aaaa&name=default 0.285s
2025-11-17 15:02:09.929 66396 INFO tempest.lib.common.rest_client [req-c7a9639c-6ced-438d-aaab-1e9d9bb91072 req-c7a9639c-6ced-438d-aaab-1e9d9bb91072 ] Request (QuotasAdminTestJSON:tearDownClass): 204 DELETE http://10.180.1.21/networking/v2.0/security-groups/26bdfd37-8f08-41f5-93c9-1721bd2cab9f 0.176s
2025-11-17 15:02:10.065 66433 INFO tempest.lib.common.rest_client [req-82c63bc3-d28b-496b-8bd9-88443ee35183 req-82c63bc3-d28b-496b-8bd9-88443ee35183 ] Request (SecurityGroupsTestAdminJSON:test_list_security_groups_list_all_tenants_filter): 200 POST http://10.180.1.21/compute/v2.1/os-security-groups 4.259s
2025-11-17 15:02:10.230 66396 INFO tempest.lib.common.rest_client [req-04eb4609-ee39-4b08-ada5-b063152a8ff1 req-04eb4609-ee39-4b08-ada5-b063152a8ff1 ] Request (QuotasAdminTestJSON:tearDownClass): 204 DELETE http://10.180.1.21/identity/v3/projects/55aea8cd74024579aadc63a6cb56aaaa 0.300s
2025-11-17 15:02:10.242 66416 INFO tempest.lib.common.rest_client [req-b17614cc-0a24-4b63-9824-09f3ffa39c64 req-b17614cc-0a24-4b63-9824-09f3ffa39c64 ] Request (ServersListShow298Test:test_list_show_update_rebuild_server_298): 200 GET http://10.180.1.21/compute/v2.1/servers/fafa5ad8-01ea-4b2a-ac27-25c696dede44 4.047s
2025-11-17 15:02:10.264 66422 INFO tempest.lib.common.rest_client [req-d9235d3d-e4ae-4742-afed-4d4a6bd9284c req-d9235d3d-e4ae-4742-afed-4d4a6bd9284c ] Request (KeyPairsV2TestJSON:_run_cleanups): 202 DELETE http://10.180.1.21/compute/v2.1/os-keypairs/tempest-keypair-2119387409 4.019s
2025-11-17 15:02:10.275 66413 INFO tempest.lib.common.rest_client [req-4cc5f53e-3e06-4f1f-9978-a09cab52640e req-4cc5f53e-3e06-4f1f-9978-a09cab52640e ] Request (TenantUsagesTestJSON:setUpClass): 202 POST http://10.180.1.21/compute/v2.1/servers 4.244s
2025-11-17 15:02:10.290 66404 INFO tempest.lib.common.rest_client [req-53e40a1e-1584-4bb2-8f21-9d3858fd0b1d req-53e40a1e-1584-4bb2-8f21-9d3858fd0b1d ] Request (FlavorsAccessNegativeTestJSON:_run_cleanups): 202 DELETE http://10.180.1.21/compute/v2.1/flavors/792717260 3.852s
2025-11-17 15:02:10.302 66394 INFO tempest.lib.common.rest_client [req-8731153e-61bb-4df9-9190-7151bd0d842b req-8731153e-61bb-4df9-9190-7151bd0d842b ] Request (FlavorsExtraSpecsTestJSON:tearDownClass): 200 GET http://10.180.1.21/compute/v2.1/flavors/detail 3.839s
2025-11-17 15:02:10.312 66406 INFO tempest.lib.common.rest_client [req-52bd1f43-25f3-4c6d-af87-c26020204cd1 req-52bd1f43-25f3-4c6d-af87-c26020204cd1 ] Request (FlavorsAdminTestJSON:test_create_flavor_with_uuid_id): 200 POST http://10.180.1.21/compute/v2.1/flavors 3.813s
2025-11-17 15:02:10.316 66396 INFO tempest.lib.common.rest_client [req-9c1fd111-381b-403d-9046-3a13728d3977 req-9c1fd111-381b-403d-9046-3a13728d3977 ] Request (QuotasAdminNegativeTest:setUpClass): 201 POST http://10.180.1.21/identity/v3/auth/tokens 0.084s
2025-11-17 15:02:10.369 66396 INFO tempest.lib.common.rest_client [req-430c3326-1b3f-4bef-a695-d111426c65b5 req-430c3326-1b3f-4bef-a695-d111426c65b5 ] Request (QuotasAdminNegativeTest:setUpClass): 201 POST http://10.180.1.21/identity/v3/auth/tokens 0.049s
2025-11-17 15:02:10.399 66396 INFO tempest.lib.common.rest_client [req-85d767b7-0d65-4270-902a-f3cf71d2d76b req-85d767b7-0d65-4270-902a-f3cf71d2d76b ] Request (QuotasAdminNegativeTest:setUpClass): 200 GET http://10.180.1.21/identity/v3/domains?name=Default 0.029s
2025-11-17 15:02:10.429 66394 INFO tempest.lib.common.rest_client [req-d1cadca1-0a5f-4cfa-aafd-7b23b7ff7c46 req-d1cadca1-0a5f-4cfa-aafd-7b23b7ff7c46 ] Request (FlavorsExtraSpecsTestJSON:tearDownClass): 204 DELETE http://10.180.1.21/identity/v3/users/dd4cd8b2b3a545ac95b677ecd5c8ad85 0.118s
2025-11-17 15:02:10.517 66396 INFO tempest.lib.common.rest_client [req-8d8c9470-05fd-46f6-8c57-76262ea2cf8d req-8d8c9470-05fd-46f6-8c57-76262ea2cf8d ] Request (QuotasAdminNegativeTest:setUpClass): 201 POST http://10.180.1.21/identity/v3/projects 0.117s
2025-11-17 15:02:10.559 66418 INFO tempest.lib.common.rest_client [req-4fde7b82-cf36-4e90-822d-3141ec677caa req-4fde7b82-cf36-4e90-822d-3141ec677caa ] Request (ListServersNegativeTestJSON:setUpClass): 200 GET http://10.180.1.21/compute/v2.1/servers/1daa95e8-e1ca-4d30-8fc4-8a490f62ae80 3.655s
2025-11-17 15:02:10.569 66418 INFO tempest.common.waiters [-] State transition "BUILD/spawning" ==> "ACTIVE/None" after 23 second wait
2025-11-17 15:02:10.612 66394 INFO tempest.lib.common.rest_client [req-5b0bdf68-b8c7-47b7-8749-10509fa9db61 req-5b0bdf68-b8c7-47b7-8749-10509fa9db61 ] Request (FlavorsExtraSpecsTestJSON:tearDownClass): 204 DELETE http://10.180.1.21/identity/v3/users/6cb85583bd6649a4aa031343fca6cb89 0.182s
2025-11-17 15:02:10.612 66394 INFO tempest.lib.common.dynamic_creds [-] Deleting project and security group for project: bf1d320bf3d74a0883045f4c1a9ce741
2025-11-17 15:02:10.636 66398 INFO tempest.lib.common.rest_client [req-c6b55475-51a8-4996-8176-5f1ad1f8b009 req-c6b55475-51a8-4996-8176-5f1ad1f8b009 ] Request (ImagesMetadataTestJSON:test_set_image_metadata_item): 200 PUT http://10.180.1.21/compute/v2.1/images/c38866d8-4368-4e18-8715-835fc74de75e/metadata/os_version 3.822s
2025-11-17 15:02:10.687 66414 INFO tempest.lib.common.rest_client [req-147af020-11f1-4aed-8b90-3726dddc464d req-147af020-11f1-4aed-8b90-3726dddc464d ] Request (FloatingIPsTestJSON:_run_cleanups): 404 DELETE http://10.180.1.21/compute/v2.1/os-floating-ips/eee0148a-58cd-472f-90d2-fbbacdd1a51e 3.636s
2025-11-17 15:02:10.715 66396 INFO tempest.lib.common.rest_client [req-e0a1c565-b4b7-439d-be7e-ebb530a71f64 req-e0a1c565-b4b7-439d-be7e-ebb530a71f64 ] Request (QuotasAdminNegativeTest:setUpClass): 201 POST http://10.180.1.21/identity/v3/users 0.197s
2025-11-17 15:02:10.723 66394 INFO tempest.lib.common.rest_client [req-671580dd-461f-41c7-8d0c-bcfb530c96e8 req-671580dd-461f-41c7-8d0c-bcfb530c96e8 ] Request (FlavorsExtraSpecsTestJSON:tearDownClass): 201 POST http://10.180.1.21/identity/v3/auth/tokens 0.111s
2025-11-17 15:02:10.759 66396 INFO tempest.lib.common.rest_client [req-6662fa8a-7efa-4793-8565-f8465c35c9fb req-6662fa8a-7efa-4793-8565-f8465c35c9fb ] Request (QuotasAdminNegativeTest:setUpClass): 200 GET http://10.180.1.21/identity/v3/roles 0.043s
2025-11-17 15:02:10.900 66396 INFO tempest.lib.common.rest_client [req-a4be27df-2b50-4dd4-b373-db7ea4920bc0 req-a4be27df-2b50-4dd4-b373-db7ea4920bc0 ] Request (QuotasAdminNegativeTest:setUpClass): 204 PUT http://10.180.1.21/identity/v3/projects/eaa3589d3ce84f43841d8fc788f77160/users/1adb46cd31f9461f8040a8dd58bd18b9/roles/b0a648f9c7df4f7b960bed14337ce21c 0.141s
2025-11-17 15:02:10.901 66396 INFO tempest.lib.common.dynamic_creds [-] Dynamic test user 1adb46cd31f9461f8040a8dd58bd18b9 is created with scope project and roles: ['member']
2025-11-17 15:02:10.901 66396 INFO tempest.lib.common.dynamic_creds [-] Acquired dynamic creds: credentials: Credentials: {'domain_id': 'default', 'domain_name': 'Default', 'username': 'tempest-QuotasAdminNegativeTest-2034408480-project-member', 'project_domain_id': 'default', 'project_domain_name': 'Default', 'project_id': 'eaa3589d3ce84f43841d8fc788f77160', 'project_name': 'tempest-QuotasAdminNegativeTest-2034408480', 'tenant_id': 'eaa3589d3ce84f43841d8fc788f77160', 'tenant_name': 'tempest-QuotasAdminNegativeTest-2034408480', 'user_domain_id': 'default', 'user_domain_name': 'Default', 'user_id': '1adb46cd31f9461f8040a8dd58bd18b9', 'system': None}, Network: None, Subnet: None, Router: None
2025-11-17 15:02:10.902 66396 INFO tempest.lib.common.dynamic_creds [-] Created isolated network resources for: credentials: Credentials: {'domain_id': 'default', 'domain_name': 'Default', 'username': 'tempest-QuotasAdminNegativeTest-2034408480-project-member', 'project_domain_id': 'default', 'project_domain_name': 'Default', 'project_id': 'eaa3589d3ce84f43841d8fc788f77160', 'project_name': 'tempest-QuotasAdminNegativeTest-2034408480', 'tenant_id': 'eaa3589d3ce84f43841d8fc788f77160', 'tenant_name': 'tempest-QuotasAdminNegativeTest-2034408480', 'user_domain_id': 'default', 'user_domain_name': 'Default', 'user_id': '1adb46cd31f9461f8040a8dd58bd18b9', 'system': None}, Network: None, Subnet: None, Router: None
2025-11-17 15:02:11.008 66396 INFO tempest.lib.common.rest_client [req-ec3b32e0-8f95-4dd5-a73f-871419da7666 req-ec3b32e0-8f95-4dd5-a73f-871419da7666 ] Request (QuotasAdminNegativeTest:setUpClass): 201 POST http://10.180.1.21/identity/v3/auth/tokens 0.102s
2025-11-17 15:02:11.019 66394 INFO tempest.lib.common.rest_client [req-d9781b62-2690-4291-b0b8-d2b412c149cc req-d9781b62-2690-4291-b0b8-d2b412c149cc ] Request (FlavorsExtraSpecsTestJSON:tearDownClass): 200 GET http://10.180.1.21/networking/v2.0/security-groups?tenant_id=bf1d320bf3d74a0883045f4c1a9ce741&name=default 0.295s
2025-11-17 15:02:11.054 66384 INFO tempest.lib.common.rest_client [req-38b5d0c1-c457-415e-a0bc-d542760d7b4c req-38b5d0c1-c457-415e-a0bc-d542760d7b4c ] Request (FloatingIPsAssociationTestJSON:test_associate_already_associated_floating_ip): 200 GET http://10.180.1.21/compute/v2.1/servers/b2849552-2aa8-43e2-a274-3c71b4311ca2 4.127s
2025-11-17 15:02:11.060 66374 INFO tempest.lib.common.rest_client [req-049a7aeb-d264-4808-82ea-e142fb9bd759 req-049a7aeb-d264-4808-82ea-e142fb9bd759 ] Request (AggregatesAdminNegativeTestJSON:test_aggregate_create_aggregate_name_length_less_than_1): 400 POST http://10.180.1.21/compute/v2.1/os-aggregates 3.774s
2025-11-17 15:02:11.061 66384 INFO tempest.common.waiters [-] State transition "BUILD/networking" ==> "BUILD/spawning" after 15 second wait
2025-11-17 15:02:11.093 66396 INFO tempest.lib.common.rest_client [req-572a58c3-4f56-43e5-b203-8aeefe8059cd req-572a58c3-4f56-43e5-b203-8aeefe8059cd ] Request (QuotasAdminNegativeTest:setUpClass): 201 POST http://10.180.1.21/identity/v3/projects 0.084s
2025-11-17 15:02:11.175 66396 INFO tempest.lib.common.rest_client [req-128daf4f-0548-46e0-b4b0-41f13bd7962d req-128daf4f-0548-46e0-b4b0-41f13bd7962d ] Request (QuotasAdminNegativeTest:setUpClass): 201 POST http://10.180.1.21/identity/v3/users 0.082s
2025-11-17 15:02:11.206 66396 INFO tempest.lib.common.rest_client [req-a96d9a53-1249-4308-bf28-9b09ffc63245 req-a96d9a53-1249-4308-bf28-9b09ffc63245 ] Request (QuotasAdminNegativeTest:setUpClass): 200 GET http://10.180.1.21/identity/v3/roles 0.030s
2025-11-17 15:02:11.242 66394 INFO tempest.lib.common.rest_client [req-179c6caa-2b10-4ed8-9321-24ba080c55a2 req-179c6caa-2b10-4ed8-9321-24ba080c55a2 ] Request (FlavorsExtraSpecsTestJSON:tearDownClass): 204 DELETE http://10.180.1.21/networking/v2.0/security-groups/f1424dd3-94c0-41b1-99ca-8ce68d5d2f7a 0.222s
2025-11-17 15:02:11.249 66396 INFO tempest.lib.common.rest_client [req-3cc20c41-c935-4509-b3dd-22c253f3a7a7 req-3cc20c41-c935-4509-b3dd-22c253f3a7a7 ] Request (QuotasAdminNegativeTest:setUpClass): 204 PUT http://10.180.1.21/identity/v3/projects/38fcfec1347c465e91ed604ef16bf655/users/c5b055768ff84fb9837742eb2e84aeaa/roles/37556e854e124c41b63917e3624241b4 0.042s
2025-11-17 15:02:11.301 66392 INFO tempest.lib.common.rest_client [req-05294645-a748-4540-88e4-c39c19900ddb req-05294645-a748-4540-88e4-c39c19900ddb ] Request (ServersTestFqdnHostnames:test_create_server_with_fqdn_name): 200 GET http://10.180.1.21/compute/v2.1/servers/8914ac6b-a8a3-4a61-9b1e-54eebaad719a/os-interface 3.266s
2025-11-17 15:02:11.320 66396 INFO tempest.lib.common.rest_client [req-64d29f34-7782-472a-a597-5199f967fab8 req-64d29f34-7782-472a-a597-5199f967fab8 ] Request (QuotasAdminNegativeTest:setUpClass): 200 GET http://10.180.1.21/identity/v3/roles 0.071s
2025-11-17 15:02:11.347 66396 INFO tempest.lib.common.rest_client [req-a8e113a7-6484-40d2-8bd3-22586ac451ae req-a8e113a7-6484-40d2-8bd3-22586ac451ae ] Request (QuotasAdminNegativeTest:setUpClass): 204 PUT http://10.180.1.21/identity/v3/projects/38fcfec1347c465e91ed604ef16bf655/users/c5b055768ff84fb9837742eb2e84aeaa/roles/37556e854e124c41b63917e3624241b4 0.026s
2025-11-17 15:02:11.347 66396 INFO tempest.lib.common.dynamic_creds [-] Dynamic test user c5b055768ff84fb9837742eb2e84aeaa is created with scope project and roles: ['admin']
2025-11-17 15:02:11.347 66396 INFO tempest.lib.common.dynamic_creds [-] Acquired dynamic creds: credentials: Credentials: {'domain_id': 'default', 'domain_name': 'Default', 'username': 'tempest-QuotasAdminNegativeTest-215209859-project-admin', 'project_domain_id': 'default', 'project_domain_name': 'Default', 'project_id': '38fcfec1347c465e91ed604ef16bf655', 'project_name': 'tempest-QuotasAdminNegativeTest-215209859', 'tenant_id': '38fcfec1347c465e91ed604ef16bf655', 'tenant_name': 'tempest-QuotasAdminNegativeTest-215209859', 'user_domain_id': 'default', 'user_domain_name': 'Default', 'user_id': 'c5b055768ff84fb9837742eb2e84aeaa', 'system': None}, Network: None, Subnet: None, Router: None
2025-11-17 15:02:11.347 66396 INFO tempest.lib.common.dynamic_creds [-] Created isolated network resources for: credentials: Credentials: {'domain_id': 'default', 'domain_name': 'Default', 'username': 'tempest-QuotasAdminNegativeTest-215209859-project-admin', 'project_domain_id': 'default', 'project_domain_name': 'Default', 'project_id': '38fcfec1347c465e91ed604ef16bf655', 'project_name': 'tempest-QuotasAdminNegativeTest-215209859', 'tenant_id': '38fcfec1347c465e91ed604ef16bf655', 'tenant_name': 'tempest-QuotasAdminNegativeTest-215209859', 'user_domain_id': 'default', 'user_domain_name': 'Default', 'user_id': 'c5b055768ff84fb9837742eb2e84aeaa', 'system': None}, Network: None, Subnet: None, Router: None
2025-11-17 15:02:11.413 66394 INFO tempest.lib.common.rest_client [req-49632f48-b7c3-4850-a16b-8a91bea63824 req-49632f48-b7c3-4850-a16b-8a91bea63824 ] Request (FlavorsExtraSpecsTestJSON:tearDownClass): 204 DELETE http://10.180.1.21/identity/v3/projects/bf1d320bf3d74a0883045f4c1a9ce741 0.170s
2025-11-17 15:02:11.413 66394 INFO tempest.lib.common.dynamic_creds [-] Deleting project and security group for project: 8b71991b2da24e579edfdf72f44f75ad
2025-11-17 15:02:11.474 66396 INFO tempest.lib.common.rest_client [req-b03e8931-4b3b-419c-9495-d2188b872964 req-b03e8931-4b3b-419c-9495-d2188b872964 ] Request (QuotasAdminNegativeTest:setUpClass): 201 POST http://10.180.1.21/identity/v3/auth/tokens 0.122s
2025-11-17 15:02:11.764 66414 INFO tempest.lib.common.rest_client [req-aeab99f1-fd3f-41c8-adab-04bbdc40d039 req-aeab99f1-fd3f-41c8-adab-04bbdc40d039 ] Request (FloatingIPsTestJSON:tearDownClass): 200 PUT http://10.180.1.21/networking/v2.0/routers/0b620258-d062-48bd-9856-4ee81a6cd544/remove_router_interface 1.073s
2025-11-17 15:02:12.175 66394 INFO tempest.lib.common.rest_client [req-1d634f6d-87c6-474a-8a3c-b3fdc3f19bb4 req-1d634f6d-87c6-474a-8a3c-b3fdc3f19bb4 ] Request (FlavorsExtraSpecsTestJSON:tearDownClass): 200 GET http://10.180.1.21/networking/v2.0/security-groups?tenant_id=8b71991b2da24e579edfdf72f44f75ad&name=default 0.762s
2025-11-17 15:02:12.222 66392 INFO tempest.lib.common.rest_client [req-652f52c1-bc8e-401a-963c-593745f4de13 req-652f52c1-bc8e-401a-963c-593745f4de13 ] Request (ServersTestFqdnHostnames:test_create_server_with_fqdn_name): 200 PUT http://10.180.1.21/networking/v2.0/floatingips/274aa037-0dd1-4bdd-b247-5db0bdf16203 0.919s
2025-11-17 15:02:12.224 66392 INFO tempest.lib.common.ssh [-] Creating ssh connection to '10.180.180.206:22' as 'cirros' with public key authentication
2025-11-17 15:02:12.296 66386 INFO tempest.lib.common.rest_client [req-8cee19b7-940b-435f-82de-29097d0cb449 req-8cee19b7-940b-435f-82de-29097d0cb449 ] Request (AttachInterfacesUnderV243Test:test_add_remove_fixed_ip): 200 GET http://10.180.1.21/compute/v2.1/servers/1d98cedc-1e90-4df8-b269-378b648e0bcf 4.234s
2025-11-17 15:02:12.309 66386 INFO tempest.lib.common.ssh [-] Creating ssh connection to '10.180.180.187:22' as 'cirros' with public key authentication
2025-11-17 15:02:12.470 66394 INFO tempest.lib.common.rest_client [req-e09cdd11-d05c-462c-9e92-e7c659ad2331 req-e09cdd11-d05c-462c-9e92-e7c659ad2331 ] Request (FlavorsExtraSpecsTestJSON:tearDownClass): 204 DELETE http://10.180.1.21/networking/v2.0/security-groups/085eed5a-eaa6-4a47-b786-d69190f86cde 0.294s
2025-11-17 15:02:12.628 66378 INFO tempest.lib.common.rest_client [req-ebc4e969-324e-4cb4-a912-ffb5da5fc599 req-ebc4e969-324e-4cb4-a912-ffb5da5fc599 ] Request (ServerMetadataNegativeTestJSON:setUpClass): 202 POST http://10.180.1.21/compute/v2.1/servers 5.507s
2025-11-17 15:02:12.664 66394 INFO tempest.lib.common.rest_client [req-9e6590cf-68bc-4c7d-87e7-e2e435efe8de req-9e6590cf-68bc-4c7d-87e7-e2e435efe8de ] Request (FlavorsExtraSpecsTestJSON:tearDownClass): 204 DELETE http://10.180.1.21/identity/v3/projects/8b71991b2da24e579edfdf72f44f75ad 0.193s
2025-11-17 15:02:12.702 66414 INFO tempest.lib.common.rest_client [req-5f731650-acb8-46f0-bc34-60414666ceeb req-5f731650-acb8-46f0-bc34-60414666ceeb ] Request (FloatingIPsTestJSON:tearDownClass): 204 DELETE http://10.180.1.21/networking/v2.0/routers/0b620258-d062-48bd-9856-4ee81a6cd544 0.936s
2025-11-17 15:02:12.712 66410 INFO tempest.lib.common.rest_client [req-4a414d2b-bea6-43b3-9681-2915e88e4eef req-4a414d2b-bea6-43b3-9681-2915e88e4eef ] Request (MigrationsAdminTest:test_list_migrations_in_flavor_resize_situation): 200 GET http://10.180.1.21/compute/v2.1/servers/15342c4c-c7f0-4f5d-9155-d011de3fc7de 4.380s
2025-11-17 15:02:12.789 66394 INFO tempest.lib.common.rest_client [req-9b81aba4-3c0b-483f-8ec8-0592921695b1 req-9b81aba4-3c0b-483f-8ec8-0592921695b1 ] Request (FlavorsV255TestJSON:setUpClass): 201 POST http://10.180.1.21/identity/v3/auth/tokens 0.123s
2025-11-17 15:02:12.800 66400 INFO tempest.lib.common.rest_client [req-44537e74-b1c5-49ad-a17c-98ff28646402 req-44537e74-b1c5-49ad-a17c-98ff28646402 ] Request (QuotaClassesAdmin257Test:test_update_default_quotas): 200 GET http://10.180.1.21/compute/v2.1/os-quota-class-sets/default 4.264s
2025-11-17 15:02:12.829 66394 INFO tempest.lib.common.rest_client [req-d459d1b5-6fcc-45ec-89a6-5b63f2c26d7c req-d459d1b5-6fcc-45ec-89a6-5b63f2c26d7c ] Request (FlavorsV255TestJSON:setUpClass): 201 POST http://10.180.1.21/identity/v3/auth/tokens 0.037s
2025-11-17 15:02:12.831 66388 INFO tempest.lib.common.rest_client [req-a4d29693-15ea-4de8-b9f4-34582c6a1158 req-a4d29693-15ea-4de8-b9f4-34582c6a1158 ] Request (ServicesAdminNegativeV253TestJSON:test_get_service_by_invalid_service_and_valid_host): 200 GET http://10.180.1.21/compute/v2.1/os-services 4.037s
2025-11-17 15:02:12.865 66402 INFO tempest.lib.common.rest_client [req-29945b4c-5c36-4179-a55b-935e77630d7d req-29945b4c-5c36-4179-a55b-935e77630d7d ] Request (DeleteServersAdminTestJSON:test_admin_delete_servers_of_others): 404 GET http://10.180.1.21/compute/v2.1/servers/4c43fa92-215b-44d8-bcfa-c36bb6c8d474 3.864s
2025-11-17 15:02:12.870 66382 INFO tempest.lib.common.rest_client [req-04a41962-eb2c-44bf-bfd6-33a6a00bb643 req-04a41962-eb2c-44bf-bfd6-33a6a00bb643 ] Request (ServerDiagnosticsNegativeTest:test_get_server_diagnostics_by_non_admin): 200 GET http://10.180.1.21/compute/v2.1/servers/3250fe7b-6cbc-4a61-b5bf-c3e744690092 4.112s
2025-11-17 15:02:12.871 66394 INFO tempest.lib.common.rest_client [req-d18cc266-5d66-4641-8598-0e8593ef0848 req-d18cc266-5d66-4641-8598-0e8593ef0848 ] Request (FlavorsV255TestJSON:setUpClass): 200 GET http://10.180.1.21/identity/v3/domains?name=Default 0.042s
2025-11-17 15:02:12.894 66414 INFO tempest.lib.common.rest_client [req-dd732a82-3dae-45ef-b6aa-149f13b0061c req-dd732a82-3dae-45ef-b6aa-149f13b0061c ] Request (FloatingIPsTestJSON:tearDownClass): 204 DELETE http://10.180.1.21/networking/v2.0/subnets/96e879b8-748b-420f-afb4-e4841cb48b47 0.192s
2025-11-17 15:02:12.924 66394 INFO tempest.lib.common.rest_client [req-00464368-49de-4989-be39-4fb93cad1a5a req-00464368-49de-4989-be39-4fb93cad1a5a ] Request (FlavorsV255TestJSON:setUpClass): 201 POST http://10.180.1.21/identity/v3/projects 0.052s
2025-11-17 15:02:12.962 66390 INFO tempest.lib.common.rest_client [req-81339928-31ad-4cd7-b620-092d714c085f req-81339928-31ad-4cd7-b620-092d714c085f ] Request (ServersWithSpecificFlavorTestJSON:test_verify_created_server_ephemeral_disk): 200 GET http://10.180.1.21/compute/v2.1/servers/f1253aca-00cf-4a10-afed-7dd6cb547006 3.859s
2025-11-17 15:02:12.983 66402 INFO tempest.lib.common.rest_client [req-a2b448f7-27c3-47d6-84bc-368a03d0ed49 req-a2b448f7-27c3-47d6-84bc-368a03d0ed49 ] Request (DeleteServersAdminTestJSON:test_delete_server_while_in_error_state): 201 POST http://10.180.1.21/identity/v3/auth/tokens 0.102s
2025-11-17 15:02:12.983 66402 INFO tempest.lib.common.fixed_network [-] (DeleteServersAdminTestJSON:test_delete_server_while_in_error_state) Found network None available for tenant
2025-11-17 15:02:12.988 66421 INFO tempest.lib.common.rest_client [req-f954768c-47f6-476a-8ef7-90f99fe4b733 req-f954768c-47f6-476a-8ef7-90f99fe4b733 ] Request (ListImageFiltersTestJSON:setUpClass): 200 GET http://10.180.1.21/compute/v2.1/servers/7bcdf753-8abf-48ab-873a-60cb9f57ff95 3.837s
2025-11-17 15:02:13.032 66394 INFO tempest.lib.common.rest_client [req-ebdb2ea6-341f-4cfc-993e-56d53567ab90 req-ebdb2ea6-341f-4cfc-993e-56d53567ab90 ] Request (FlavorsV255TestJSON:setUpClass): 201 POST http://10.180.1.21/identity/v3/users 0.107s
2025-11-17 15:02:13.062 66394 INFO tempest.lib.common.rest_client [req-f3a73254-6d71-469a-b101-3a04917067d2 req-f3a73254-6d71-469a-b101-3a04917067d2 ] Request (FlavorsV255TestJSON:setUpClass): 200 GET http://10.180.1.21/identity/v3/roles 0.029s
2025-11-17 15:02:13.103 66394 INFO tempest.lib.common.rest_client [req-fc63dcd7-519f-4931-b432-15999406f402 req-fc63dcd7-519f-4931-b432-15999406f402 ] Request (FlavorsV255TestJSON:setUpClass): 204 PUT http://10.180.1.21/identity/v3/projects/b1ab4c6da0594c11af5b81ea1a2f8577/users/072a20f9404d4e3eb89525b7936ea5f2/roles/b0a648f9c7df4f7b960bed14337ce21c 0.040s
2025-11-17 15:02:13.103 66394 INFO tempest.lib.common.dynamic_creds [-] Dynamic test user 072a20f9404d4e3eb89525b7936ea5f2 is created with scope project and roles: ['member']
2025-11-17 15:02:13.103 66394 INFO tempest.lib.common.dynamic_creds [-] Acquired dynamic creds: credentials: Credentials: {'domain_id': 'default', 'domain_name': 'Default', 'username': 'tempest-FlavorsV255TestJSON-1718953708-project-member', 'project_domain_id': 'default', 'project_domain_name': 'Default', 'project_id': 'b1ab4c6da0594c11af5b81ea1a2f8577', 'project_name': 'tempest-FlavorsV255TestJSON-1718953708', 'tenant_id': 'b1ab4c6da0594c11af5b81ea1a2f8577', 'tenant_name': 'tempest-FlavorsV255TestJSON-1718953708', 'user_domain_id': 'default', 'user_domain_name': 'Default', 'user_id': '072a20f9404d4e3eb89525b7936ea5f2', 'system': None}, Network: None, Subnet: None, Router: None
2025-11-17 15:02:13.103 66394 INFO tempest.lib.common.dynamic_creds [-] Created isolated network resources for: credentials: Credentials: {'domain_id': 'default', 'domain_name': 'Default', 'username': 'tempest-FlavorsV255TestJSON-1718953708-project-member', 'project_domain_id': 'default', 'project_domain_name': 'Default', 'project_id': 'b1ab4c6da0594c11af5b81ea1a2f8577', 'project_name': 'tempest-FlavorsV255TestJSON-1718953708', 'tenant_id': 'b1ab4c6da0594c11af5b81ea1a2f8577', 'tenant_name': 'tempest-FlavorsV255TestJSON-1718953708', 'user_domain_id': 'default', 'user_domain_name': 'Default', 'user_id': '072a20f9404d4e3eb89525b7936ea5f2', 'system': None}, Network: None, Subnet: None, Router: None
2025-11-17 15:02:13.134 66408 INFO tempest.lib.common.rest_client [req-4d0b1021-768c-4510-9d79-23dedc9fb692 req-4d0b1021-768c-4510-9d79-23dedc9fb692 ] Request (ServerDiagnosticsTest:tearDownClass): 200 GET http://10.180.1.21/compute/v2.1/servers/7fdafd32-724b-432e-a67d-453e7c5f2cd2 3.495s
2025-11-17 15:02:13.153 66370 INFO tempest.lib.common.rest_client [req-8e6bc2de-7fb1-4a30-bc92-b01d44a61026 req-8e6bc2de-7fb1-4a30-bc92-b01d44a61026 ] Request (FlavorsV2TestJSON:test_list_flavors_filter_by_min_disk): 200 GET http://10.180.1.21/compute/v2.1/flavors/42 3.478s
2025-11-17 15:02:13.206 66394 INFO tempest.lib.common.rest_client [req-e11ee067-83ed-4120-af60-444097959dd6 req-e11ee067-83ed-4120-af60-444097959dd6 ] Request (FlavorsV255TestJSON:setUpClass): 201 POST http://10.180.1.21/identity/v3/auth/tokens 0.099s
2025-11-17 15:02:13.232 66376 INFO tempest.lib.common.rest_client [req-65a05b10-af1a-4fc3-ad49-d065d81f88ac req-65a05b10-af1a-4fc3-ad49-d065d81f88ac ] Request (ServersAdmin275Test:_run_cleanups): 200 GET http://10.180.1.21/compute/v2.1/servers/7f1e13f1-4e0c-4996-b341-f786410256c8 3.481s
2025-11-17 15:02:13.245 66376 INFO tempest.common.waiters [-] State transition "REBUILD/rebuild_spawning" ==> "ACTIVE/None" after 5 second wait
2025-11-17 15:02:13.283 66425 INFO tempest.lib.common.rest_client [req-c67c6015-9921-43e2-9c5d-db840e75220d req-c67c6015-9921-43e2-9c5d-db840e75220d ] Request (ImagesTestJSON:test_create_image_from_stopped_server): 200 GET http://10.180.1.21/compute/v2.1/images/fa7da6d5-3828-433d-8431-1ca370f56cee 3.483s
2025-11-17 15:02:13.291 66394 INFO tempest.lib.common.rest_client [req-b41e1a04-48b7-4322-b1e2-11090e42ca00 req-b41e1a04-48b7-4322-b1e2-11090e42ca00 ] Request (FlavorsV255TestJSON:setUpClass): 201 POST http://10.180.1.21/identity/v3/projects 0.084s
2025-11-17 15:02:13.329 66414 INFO tempest.lib.common.rest_client [req-3a2f3ae4-1a47-4426-86f7-d6d08eec5d82 req-3a2f3ae4-1a47-4426-86f7-d6d08eec5d82 ] Request (FloatingIPsTestJSON:tearDownClass): 204 DELETE http://10.180.1.21/networking/v2.0/networks/7aac7c98-c723-4606-ad25-4f2da3b33633 0.434s
2025-11-17 15:02:13.354 66380 INFO tempest.lib.common.rest_client [req-fe0d99eb-01f7-4825-974a-ea9a5498d09f req-fe0d99eb-01f7-4825-974a-ea9a5498d09f ] Request (ServerDiskConfigTestJSON:test_rebuild_server_with_auto_disk_config): 200 GET http://10.180.1.21/compute/v2.1/servers/de7f3c97-9253-4426-ba2d-6cfef718a0ad 3.369s
2025-11-17 15:02:13.363 66372 INFO tempest.lib.common.rest_client [req-4ffc11db-64a8-4cd0-af7c-d8f1fab919f9 req-4ffc11db-64a8-4cd0-af7c-d8f1fab919f9 ] Request (ServersAdminTestJSON:test_create_server_with_scheduling_hint): 202 POST http://10.180.1.21/compute/v2.1/servers 4.099s
2025-11-17 15:02:13.368 66394 INFO tempest.lib.common.rest_client [req-854c991c-b679-4ee8-83fc-114da176cc8a req-854c991c-b679-4ee8-83fc-114da176cc8a ] Request (FlavorsV255TestJSON:setUpClass): 201 POST http://10.180.1.21/identity/v3/users 0.076s
2025-11-17 15:02:13.400 66394 INFO tempest.lib.common.rest_client [req-56ef17b0-a602-481c-9de0-fd5ee1f0d533 req-56ef17b0-a602-481c-9de0-fd5ee1f0d533 ] Request (FlavorsV255TestJSON:setUpClass): 200 GET http://10.180.1.21/identity/v3/roles 0.031s
2025-11-17 15:02:13.432 66422 INFO tempest.lib.common.rest_client [req-9fde146b-f719-4497-af31-da740e665a57 req-9fde146b-f719-4497-af31-da740e665a57 ] Request (KeyPairsV2TestJSON:test_keypair_create_with_pub_key): 200 POST http://10.180.1.21/compute/v2.1/os-keypairs 3.166s
2025-11-17 15:02:13.502 66414 INFO tempest.lib.common.rest_client [req-18886130-cc7c-4b58-bc7f-feca0c620342 req-18886130-cc7c-4b58-bc7f-feca0c620342 ] Request (FloatingIPsTestJSON:tearDownClass): 204 DELETE http://10.180.1.21/identity/v3/users/655a09a008004efabfbedb995a1cb1a0 0.172s
2025-11-17 15:02:13.502 66414 INFO tempest.lib.common.dynamic_creds [-] Deleting project and security group for project: 02f2c0c4f9be4d5f89c76cd269cd5422
2025-11-17 15:02:13.544 66394 INFO tempest.lib.common.rest_client [req-4a2ff926-1449-4dbf-888c-cd8771af795a req-4a2ff926-1449-4dbf-888c-cd8771af795a ] Request (FlavorsV255TestJSON:setUpClass): 204 PUT http://10.180.1.21/identity/v3/projects/ed06c9ed2e7b4a39bcf2b2331b0a77ad/users/230c2ded0e724df8a4d91d7d054ac8bd/roles/37556e854e124c41b63917e3624241b4 0.142s
2025-11-17 15:02:13.558 66433 INFO tempest.lib.common.rest_client [req-9c5bd779-690b-4bc2-bd45-f6b7c6033306 req-9c5bd779-690b-4bc2-bd45-f6b7c6033306 ] Request (SecurityGroupsTestAdminJSON:test_list_security_groups_list_all_tenants_filter): 200 POST http://10.180.1.21/compute/v2.1/os-security-groups 3.488s
2025-11-17 15:02:13.559 66413 INFO tempest.lib.common.rest_client [req-46c0812f-cef6-468f-99fe-92039fadf347 req-46c0812f-cef6-468f-99fe-92039fadf347 ] Request (TenantUsagesTestJSON:setUpClass): 200 GET http://10.180.1.21/compute/v2.1/servers/e9856069-8847-4934-be38-ad28d38b67e8 3.282s
2025-11-17 15:02:13.587 66404 INFO tempest.lib.common.rest_client [req-e3904968-349f-4605-81eb-9dc49fee6615 req-e3904968-349f-4605-81eb-9dc49fee6615 ] Request (FlavorsAccessNegativeTestJSON:_run_cleanups): 200 GET http://10.180.1.21/compute/v2.1/flavors/detail 3.296s
2025-11-17 15:02:13.594 66414 INFO tempest.lib.common.rest_client [req-eb7f9bb2-821d-4350-8e86-a46962e57f92 req-eb7f9bb2-821d-4350-8e86-a46962e57f92 ] Request (FloatingIPsTestJSON:tearDownClass): 200 GET http://10.180.1.21/networking/v2.0/security-groups?tenant_id=02f2c0c4f9be4d5f89c76cd269cd5422&name=default 0.092s
2025-11-17 15:02:13.605 66406 INFO tempest.lib.common.rest_client [req-53edf49f-5287-4e1e-9fb9-3f5b7566606d req-53edf49f-5287-4e1e-9fb9-3f5b7566606d ] Request (FlavorsAdminTestJSON:_run_cleanups): 202 DELETE http://10.180.1.21/compute/v2.1/flavors/d89bf9e6-b34c-4b41-86c6-dbe944291c95 3.289s
2025-11-17 15:02:13.709 66394 INFO tempest.lib.common.rest_client [req-7cbfdbc4-e8af-43b4-9eda-71b8b076a546 req-7cbfdbc4-e8af-43b4-9eda-71b8b076a546 ] Request (FlavorsV255TestJSON:setUpClass): 200 GET http://10.180.1.21/identity/v3/roles 0.164s
2025-11-17 15:02:13.731 66394 INFO tempest.lib.common.rest_client [req-9e03948a-5023-4c06-8b10-d131759e2545 req-9e03948a-5023-4c06-8b10-d131759e2545 ] Request (FlavorsV255TestJSON:setUpClass): 204 PUT http://10.180.1.21/identity/v3/projects/ed06c9ed2e7b4a39bcf2b2331b0a77ad/users/230c2ded0e724df8a4d91d7d054ac8bd/roles/37556e854e124c41b63917e3624241b4 0.022s
2025-11-17 15:02:13.731 66394 INFO tempest.lib.common.dynamic_creds [-] Dynamic test user 230c2ded0e724df8a4d91d7d054ac8bd is created with scope project and roles: ['admin']
2025-11-17 15:02:13.731 66394 INFO tempest.lib.common.dynamic_creds [-] Acquired dynamic creds: credentials: Credentials: {'domain_id': 'default', 'domain_name': 'Default', 'username': 'tempest-FlavorsV255TestJSON-817826128-project-admin', 'project_domain_id': 'default', 'project_domain_name': 'Default', 'project_id': 'ed06c9ed2e7b4a39bcf2b2331b0a77ad', 'project_name': 'tempest-FlavorsV255TestJSON-817826128', 'tenant_id': 'ed06c9ed2e7b4a39bcf2b2331b0a77ad', 'tenant_name': 'tempest-FlavorsV255TestJSON-817826128', 'user_domain_id': 'default', 'user_domain_name': 'Default', 'user_id': '230c2ded0e724df8a4d91d7d054ac8bd', 'system': None}, Network: None, Subnet: None, Router: None
2025-11-17 15:02:13.731 66394 INFO tempest.lib.common.dynamic_creds [-] Created isolated network resources for: credentials: Credentials: {'domain_id': 'default', 'domain_name': 'Default', 'username': 'tempest-FlavorsV255TestJSON-817826128-project-admin', 'project_domain_id': 'default', 'project_domain_name': 'Default', 'project_id': 'ed06c9ed2e7b4a39bcf2b2331b0a77ad', 'project_name': 'tempest-FlavorsV255TestJSON-817826128', 'tenant_id': 'ed06c9ed2e7b4a39bcf2b2331b0a77ad', 'tenant_name': 'tempest-FlavorsV255TestJSON-817826128', 'user_domain_id': 'default', 'user_domain_name': 'Default', 'user_id': '230c2ded0e724df8a4d91d7d054ac8bd', 'system': None}, Network: None, Subnet: None, Router: None
2025-11-17 15:02:13.740 66414 INFO tempest.lib.common.rest_client [req-43ce8352-5329-49e7-a715-32ff980c86c8 req-43ce8352-5329-49e7-a715-32ff980c86c8 ] Request (FloatingIPsTestJSON:tearDownClass): 204 DELETE http://10.180.1.21/networking/v2.0/security-groups/3aebc776-0265-4810-9579-7f2c800aefce 0.145s
2025-11-17 15:02:13.798 66418 INFO tempest.lib.common.rest_client [req-e220a29c-6048-46ca-81f0-f6431cb93b4c req-e220a29c-6048-46ca-81f0-f6431cb93b4c ] Request (ListServersNegativeTestJSON:setUpClass): 200 GET http://10.180.1.21/compute/v2.1/servers/44020437-c35b-412b-ad3d-983f8a43a7d1 3.229s
2025-11-17 15:02:13.809 66394 INFO tempest.lib.common.rest_client [req-c3d84808-c296-4bc7-88a9-d848a2341f7c req-c3d84808-c296-4bc7-88a9-d848a2341f7c ] Request (FlavorsV255TestJSON:setUpClass): 201 POST http://10.180.1.21/identity/v3/auth/tokens 0.074s
2025-11-17 15:02:13.835 66428 INFO tempest.lib.common.rest_client [req-8cb2d9e7-33df-456f-a967-f679dd185b69 req-8cb2d9e7-33df-456f-a967-f679dd185b69 ] Request (VolumesAssistedSnapshotsTest:test_volume_assisted_snapshot_create_delete): 200 GET http://10.180.1.21/compute/v2.1/servers/4fefbb21-0786-4a4e-8c78-21b856fa347f 3.325s
2025-11-17 15:02:13.849 66428 INFO tempest.common.waiters [-] State transition "BUILD/spawning" ==> "ACTIVE/None" after 27 second wait
2025-11-17 15:02:13.875 66398 INFO tempest.lib.common.rest_client [req-cf8e45bb-a243-48e0-936c-a531705379c5 req-cf8e45bb-a243-48e0-936c-a531705379c5 ] Request (ImagesMetadataTestJSON:test_set_image_metadata_item): 200 GET http://10.180.1.21/compute/v2.1/images/c38866d8-4368-4e18-8715-835fc74de75e/metadata 3.236s
2025-11-17 15:02:13.875 66414 INFO tempest.lib.common.rest_client [req-7f5e95fb-d09e-4bc1-9349-a8dd01529904 req-7f5e95fb-d09e-4bc1-9349-a8dd01529904 ] Request (FloatingIPsTestJSON:tearDownClass): 204 DELETE http://10.180.1.21/identity/v3/projects/02f2c0c4f9be4d5f89c76cd269cd5422 0.135s
2025-11-17 15:02:13.940 66374 INFO tempest.lib.common.rest_client [req-0601a1dc-acee-451c-9eec-e4065d6a543b req-0601a1dc-acee-451c-9eec-e4065d6a543b ] Request (AggregatesAdminNegativeTestJSON:test_aggregate_create_as_user): 403 POST http://10.180.1.21/compute/v2.1/os-aggregates 2.877s
2025-11-17 15:02:13.961 66426 INFO tempest.lib.common.rest_client [req-a54ed02a-38a3-46a4-9a4e-0121e698d745 req-a54ed02a-38a3-46a4-9a4e-0121e698d745 ] Request (VolumesAdminNegativeTest:test_update_attached_volume_with_nonexistent_volume_in_uri): 200 GET http://10.180.1.21/compute/v2.1/servers/fd33328b-48a9-4f3d-8df8-faa8d839a74a 3.324s
2025-11-17 15:02:13.962 66414 INFO tempest.lib.common.rest_client [req-4ff5a97b-1d26-4540-b984-cee2510980c9 req-4ff5a97b-1d26-4540-b984-cee2510980c9 ] Request (ImagesOneServerTestJSON:setUpClass): 201 POST http://10.180.1.21/identity/v3/auth/tokens 0.085s
2025-11-17 15:02:14.001 66414 INFO tempest.lib.common.rest_client [req-7943a0c4-edb5-4f71-ac69-3f164ccf013f req-7943a0c4-edb5-4f71-ac69-3f164ccf013f ] Request (ImagesOneServerTestJSON:setUpClass): 201 POST http://10.180.1.21/identity/v3/auth/tokens 0.036s
2025-11-17 15:02:14.027 66416 INFO tempest.lib.common.rest_client [req-d6ea4aaa-a30d-4356-ae28-adfc84547872 req-d6ea4aaa-a30d-4356-ae28-adfc84547872 ] Request (ServersListShow298Test:test_list_show_update_rebuild_server_298): 200 GET http://10.180.1.21/compute/v2.1/servers/fafa5ad8-01ea-4b2a-ac27-25c696dede44 2.771s
2025-11-17 15:02:14.040 66414 INFO tempest.lib.common.rest_client [req-8ae28ffa-def7-408c-b439-cd1af2c9cee8 req-8ae28ffa-def7-408c-b439-cd1af2c9cee8 ] Request (ImagesOneServerTestJSON:setUpClass): 200 GET http://10.180.1.21/identity/v3/domains?name=Default 0.038s
2025-11-17 15:02:14.074 66414 INFO tempest.lib.common.rest_client [req-7f2ce1fd-44ae-48b2-8a0e-75b0f04a5696 req-7f2ce1fd-44ae-48b2-8a0e-75b0f04a5696 ] Request (ImagesOneServerTestJSON:setUpClass): 201 POST http://10.180.1.21/identity/v3/projects 0.033s
2025-11-17 15:02:14.136 66414 INFO tempest.lib.common.rest_client [req-bd68b15c-83d9-4926-b198-b3125d9e6256 req-bd68b15c-83d9-4926-b198-b3125d9e6256 ] Request (ImagesOneServerTestJSON:setUpClass): 201 POST http://10.180.1.21/identity/v3/users 0.062s
2025-11-17 15:02:14.152 66384 INFO tempest.lib.common.rest_client [req-5cca435e-0455-4f43-894b-9df0bf63a637 req-5cca435e-0455-4f43-894b-9df0bf63a637 ] Request (FloatingIPsAssociationTestJSON:test_associate_already_associated_floating_ip): 200 GET http://10.180.1.21/compute/v2.1/servers/b2849552-2aa8-43e2-a274-3c71b4311ca2 2.090s
2025-11-17 15:02:14.160 66414 INFO tempest.lib.common.rest_client [req-fcd0741f-a400-4b93-95d1-098f327ab095 req-fcd0741f-a400-4b93-95d1-098f327ab095 ] Request (ImagesOneServerTestJSON:setUpClass): 200 GET http://10.180.1.21/identity/v3/roles 0.023s
2025-11-17 15:02:14.190 66414 INFO tempest.lib.common.rest_client [req-7b0f1975-01e4-45c8-b8bf-79d4619404dd req-7b0f1975-01e4-45c8-b8bf-79d4619404dd ] Request (ImagesOneServerTestJSON:setUpClass): 204 PUT http://10.180.1.21/identity/v3/projects/2f06adfbc1c043d09104c88014c31e63/users/759c2ebd1d58418e9fad33d8a6ed241e/roles/b0a648f9c7df4f7b960bed14337ce21c 0.029s
2025-11-17 15:02:14.190 66414 INFO tempest.lib.common.dynamic_creds [-] Dynamic test user 759c2ebd1d58418e9fad33d8a6ed241e is created with scope project and roles: ['member']
2025-11-17 15:02:14.191 66414 INFO tempest.lib.common.dynamic_creds [-] Acquired dynamic creds: credentials: Credentials: {'domain_id': 'default', 'domain_name': 'Default', 'username': 'tempest-ImagesOneServerTestJSON-1136064028-project-member', 'project_domain_id': 'default', 'project_domain_name': 'Default', 'project_id': '2f06adfbc1c043d09104c88014c31e63', 'project_name': 'tempest-ImagesOneServerTestJSON-1136064028', 'tenant_id': '2f06adfbc1c043d09104c88014c31e63', 'tenant_name': 'tempest-ImagesOneServerTestJSON-1136064028', 'user_domain_id': 'default', 'user_domain_name': 'Default', 'user_id': '759c2ebd1d58418e9fad33d8a6ed241e', 'system': None}, Network: None, Subnet: None, Router: None
2025-11-17 15:02:14.210 66378 INFO tempest.lib.common.rest_client [req-6ed1ffd0-c085-4cf6-a193-ca509b052706 req-6ed1ffd0-c085-4cf6-a193-ca509b052706 ] Request (ServerMetadataNegativeTestJSON:setUpClass): 200 GET http://10.180.1.21/compute/v2.1/servers/9d288fb9-0c94-42e5-8d72-58af83ebedd2 1.580s
2025-11-17 15:02:14.248 66414 INFO tempest.lib.common.rest_client [req-8a81c527-8607-4477-b7a2-1d1f950053a9 req-8a81c527-8607-4477-b7a2-1d1f950053a9 ] Request (ImagesOneServerTestJSON:setUpClass): 201 POST http://10.180.1.21/identity/v3/auth/tokens 0.057s
2025-11-17 15:02:14.262 66396 INFO tempest.lib.common.rest_client [req-1a212e58-e695-433c-8a8f-59b3b1944d0a req-1a212e58-e695-433c-8a8f-59b3b1944d0a ] Request (QuotasAdminNegativeTest:test_create_server_when_cpu_quota_is_full): 200 GET http://10.180.1.21/compute/v2.1/os-quota-sets/eaa3589d3ce84f43841d8fc788f77160 2.785s
2025-11-17 15:02:14.285 66388 INFO tempest.lib.common.rest_client [req-3c523151-eba6-41f6-a657-229d0ac5dad3 req-3c523151-eba6-41f6-a657-229d0ac5dad3 ] Request (ServicesAdminNegativeV253TestJSON:test_get_service_by_invalid_service_and_valid_host): 200 GET http://10.180.1.21/compute/v2.1/os-services?host=devstack&binary=xxx 1.450s
2025-11-17 15:02:14.298 66400 INFO tempest.lib.common.rest_client [req-eb37943d-5180-47b4-b430-e2b7cbbd4c1f req-eb37943d-5180-47b4-b430-e2b7cbbd4c1f ] Request (QuotaClassesAdmin257Test:test_update_default_quotas): 200 PUT http://10.180.1.21/compute/v2.1/os-quota-class-sets/default 1.496s
2025-11-17 15:02:14.325 66370 INFO tempest.lib.common.rest_client [req-06771531-0e7c-4f59-a1bd-408265ab1d60 req-06771531-0e7c-4f59-a1bd-408265ab1d60 ] Request (FlavorsV2TestJSON:test_list_flavors_filter_by_min_disk): 200 GET http://10.180.1.21/compute/v2.1/flavors?minDisk=2 1.164s
2025-11-17 15:02:14.409 66376 INFO tempest.lib.common.rest_client [req-4f2ad39e-c831-4fc8-a5cd-f1b86feac3e6 req-4f2ad39e-c831-4fc8-a5cd-f1b86feac3e6 ] Request (ServersAdmin275Test:tearDownClass): 204 DELETE http://10.180.1.21/compute/v2.1/servers/7f1e13f1-4e0c-4996-b341-f786410256c8 1.161s
2025-11-17 15:02:14.520 66372 INFO tempest.lib.common.rest_client [req-bff8073e-d777-496a-b76c-75f4c5c34c15 req-bff8073e-d777-496a-b76c-75f4c5c34c15 ] Request (ServersAdminTestJSON:test_create_server_with_scheduling_hint): 200 GET http://10.180.1.21/compute/v2.1/servers/a0316b9f-ccf6-4075-8edd-128ad45328f4 1.153s
2025-11-17 15:02:14.538 66422 INFO tempest.lib.common.rest_client [req-1d22347b-6882-4b02-93dd-56f14ca86fc0 req-1d22347b-6882-4b02-93dd-56f14ca86fc0 ] Request (KeyPairsV2TestJSON:_run_cleanups): 202 DELETE http://10.180.1.21/compute/v2.1/os-keypairs/tempest-keypair-622107632 1.104s
2025-11-17 15:02:14.557 66414 INFO tempest.lib.common.rest_client [req-4a64cbd5-263e-452c-a9aa-8c6422ec11b4 req-4a64cbd5-263e-452c-a9aa-8c6422ec11b4 ] Request (ImagesOneServerTestJSON:setUpClass): 201 POST http://10.180.1.21/networking/v2.0/networks 0.309s
2025-11-17 15:02:14.729 66402 INFO tempest.lib.common.rest_client [req-28908bd1-47d1-43d4-a37f-5e7574e8b9b2 req-28908bd1-47d1-43d4-a37f-5e7574e8b9b2 ] Request (DeleteServersAdminTestJSON:test_delete_server_while_in_error_state): 202 POST http://10.180.1.21/compute/v2.1/servers 1.745s
2025-11-17 15:02:14.749 66404 INFO tempest.lib.common.rest_client [req-b2c8eaaa-1147-4063-a915-0d979f897182 req-b2c8eaaa-1147-4063-a915-0d979f897182 ] Request (FlavorsAccessNegativeTestJSON:test_flavor_non_admin_remove): 200 POST http://10.180.1.21/compute/v2.1/flavors 1.149s
2025-11-17 15:02:14.774 66406 INFO tempest.lib.common.rest_client [req-c500d172-8658-451f-9325-12ee4c248cac req-c500d172-8658-451f-9325-12ee4c248cac ] Request (FlavorsAdminTestJSON:_run_cleanups): 200 GET http://10.180.1.21/compute/v2.1/flavors/detail 1.168s
2025-11-17 15:02:14.805 66414 INFO tempest.lib.common.rest_client [req-f067af92-f233-4d1d-967a-1aebb9d1ce54 req-f067af92-f233-4d1d-967a-1aebb9d1ce54 ] Request (ImagesOneServerTestJSON:setUpClass): 201 POST http://10.180.1.21/networking/v2.0/subnets 0.247s
2025-11-17 15:02:14.988 66433 INFO tempest.lib.common.rest_client [req-085c0ff9-4670-4a75-a7a2-9e35cf08c40a req-085c0ff9-4670-4a75-a7a2-9e35cf08c40a ] Request (SecurityGroupsTestAdminJSON:test_list_security_groups_list_all_tenants_filter): 200 POST http://10.180.1.21/compute/v2.1/os-security-groups 1.425s
2025-11-17 15:02:15.091 66394 INFO tempest.lib.common.rest_client [req-dca92e6e-b7c4-496c-9120-dd98c80c2d81 req-dca92e6e-b7c4-496c-9120-dd98c80c2d81 ] Request (FlavorsV255TestJSON:test_crud_flavor): 200 POST http://10.180.1.21/compute/v2.1/flavors 1.280s
2025-11-17 15:02:15.170 66410 INFO tempest.lib.common.rest_client [req-c6916619-939a-492b-b839-80635758f817 req-c6916619-939a-492b-b839-80635758f817 ] Request (MigrationsAdminTest:test_list_migrations_in_flavor_resize_situation): 200 GET http://10.180.1.21/compute/v2.1/servers/15342c4c-c7f0-4f5d-9155-d011de3fc7de 1.442s
2025-11-17 15:02:15.374 66386 WARNING tempest.lib.common.ssh [-] Failed to establish authenticated ssh connection to cirros@10.180.180.187 ([Errno None] Unable to connect to port 22 on 10.180.180.187). Number attempts: 1. Retry after 2 seconds.: paramiko.ssh_exception.NoValidConnectionsError: [Errno None] Unable to connect to port 22 on 10.180.180.187
2025-11-17 15:02:15.412 66428 INFO tempest.lib.common.rest_client [req-fa672760-f18a-493c-86e7-34e0f7adb226 req-fa672760-f18a-493c-86e7-34e0f7adb226 ] Request (VolumesAssistedSnapshotsTest:test_volume_assisted_snapshot_create_delete): 200 GET http://10.180.1.21/compute/v2.1/servers/4fefbb21-0786-4a4e-8c78-21b856fa347f/os-interface 1.563s
2025-11-17 15:02:15.462 66418 INFO tempest.lib.common.rest_client [req-128566ab-18ba-4a12-983b-d258ebaa766b req-128566ab-18ba-4a12-983b-d258ebaa766b ] Request (ListServersNegativeTestJSON:setUpClass): 200 GET http://10.180.1.21/compute/v2.1/servers/fb7d1872-7efa-4119-a890-38a23182d173 1.651s
2025-11-17 15:02:15.691 66398 INFO tempest.lib.common.rest_client [req-302dff72-f032-4867-a73b-44240aca1e8a req-302dff72-f032-4867-a73b-44240aca1e8a ] Request (ImagesMetadataTestJSON:setUp): 200 PUT http://10.180.1.21/compute/v2.1/images/c38866d8-4368-4e18-8715-835fc74de75e/metadata 1.814s
2025-11-17 15:02:15.717 66374 INFO tempest.lib.common.rest_client [req-f75d816d-75d6-4fe5-8311-44e7e92249a5 req-f75d816d-75d6-4fe5-8311-44e7e92249a5 ] Request (AggregatesAdminNegativeTestJSON:test_aggregate_create_with_existent_aggregate_name): 200 POST http://10.180.1.21/compute/v2.1/os-aggregates 1.775s
2025-11-17 15:02:15.859 66414 INFO tempest.lib.common.rest_client [req-616b52fe-10e2-4150-a99b-6ec803c366f2 req-616b52fe-10e2-4150-a99b-6ec803c366f2 ] Request (ImagesOneServerTestJSON:setUpClass): 201 POST http://10.180.1.21/networking/v2.0/routers 1.053s
2025-11-17 15:02:15.883 66382 INFO tempest.lib.common.rest_client [req-0cd59f8b-f2ac-4232-afc6-b6d18d1642a0 req-0cd59f8b-f2ac-4232-afc6-b6d18d1642a0 ] Request (ServerDiagnosticsNegativeTest:test_get_server_diagnostics_by_non_admin): 200 GET http://10.180.1.21/compute/v2.1/servers/3250fe7b-6cbc-4a61-b5bf-c3e744690092 2.001s
2025-11-17 15:02:15.965 66390 INFO tempest.lib.common.rest_client [req-bbc8c780-ef3a-42b1-bf12-587dad669c9d req-bbc8c780-ef3a-42b1-bf12-587dad669c9d ] Request (ServersWithSpecificFlavorTestJSON:test_verify_created_server_ephemeral_disk): 200 GET http://10.180.1.21/compute/v2.1/servers/f1253aca-00cf-4a10-afed-7dd6cb547006 1.992s
2025-11-17 15:02:16.106 66428 INFO tempest.lib.common.rest_client [req-e51a6078-a926-4ab4-9104-d01447800413 req-e51a6078-a926-4ab4-9104-d01447800413 ] Request (VolumesAssistedSnapshotsTest:test_volume_assisted_snapshot_create_delete): 200 PUT http://10.180.1.21/networking/v2.0/floatingips/cc204a35-3d31-4c3e-9453-cd3d19eb06aa 0.690s
2025-11-17 15:02:16.112 66428 INFO tempest.lib.common.ssh [-] Creating ssh connection to '10.180.180.199:22' as 'cirros' with public key authentication
