2025-11-17 15:03:17.783 66425 INFO tempest.lib.common.rest_client [req-90a5aad6-f3be-4df5-8538-0ab786364521 req-90a5aad6-f3be-4df5-8538-0ab786364521 ] Request (ImagesTestJSON:test_create_image_from_suspended_server): 200 GET http://10.180.1.21/compute/v2.1/servers/0a845004-19f8-49dc-88c0-781018fd41b9 0.894s
2025-11-17 15:03:17.783 66374 INFO tempest.lib.common.rest_client [req-7d5f5ce3-067c-4a4a-8fac-d28a47b76808 req-7d5f5ce3-067c-4a4a-8fac-d28a47b76808 ] Request (ServersTestJSON:setUpClass): 201 POST http://10.180.1.21/identity/v3/auth/tokens 0.062s
2025-11-17 15:03:17.819 66404 INFO tempest.lib.common.rest_client [req-f36d2c63-1a11-4f94-9634-346fdfeb2765 req-f36d2c63-1a11-4f94-9634-346fdfeb2765 ] Request (KeyPairsNegativeTestJSON:test_create_keypair_with_duplicate_name): 409 POST http://10.180.1.21/compute/v2.1/os-keypairs 0.846s
2025-11-17 15:03:18.098 66374 INFO tempest.lib.common.rest_client [req-ba25b3dd-cabe-4661-a68c-1f17a3d19931 req-ba25b3dd-cabe-4661-a68c-1f17a3d19931 ] Request (ServersTestJSON:setUpClass): 201 POST http://10.180.1.21/networking/v2.0/networks 0.315s
2025-11-17 15:03:18.295 66384 INFO tempest.lib.common.rest_client [req-3c38fbc2-d8b9-45da-a72c-c301155a9c24 req-3c38fbc2-d8b9-45da-a72c-c301155a9c24 ] Request (FloatingIPsAssociationTestJSON:tearDownClass): 202 DELETE http://10.180.1.21/compute/v2.1/os-floating-ips/70307a24-d003-4b1b-aec4-4ab1f91dab3b 1.314s
2025-11-17 15:03:18.310 66410 INFO tempest.lib.common.rest_client [req-b45b526a-2e0a-4d2b-8899-8dd4af2af4b8 req-b45b526a-2e0a-4d2b-8899-8dd4af2af4b8 ] Request (MigrationsAdminTest:test_resize_server_revert_deleted_flavor): 200 GET http://10.180.1.21/compute/v2.1/flavors/42/os-extra_specs 1.314s
2025-11-17 15:03:18.355 66374 INFO tempest.lib.common.rest_client [req-a06a3b60-0ed7-488d-9be5-0a77eadbbc28 req-a06a3b60-0ed7-488d-9be5-0a77eadbbc28 ] Request (ServersTestJSON:setUpClass): 201 POST http://10.180.1.21/networking/v2.0/subnets 0.256s
2025-11-17 15:03:18.386 66394 INFO tempest.lib.common.rest_client [req-a6034cc5-84c9-4a40-ad4d-e4b2a29c51c4 req-a6034cc5-84c9-4a40-ad4d-e4b2a29c51c4 ] Request (ServerExternalEventsTest:test_create_server_external_events): 200 GET http://10.180.1.21/compute/v2.1/servers/974b728a-17ed-419a-a44b-4e7d7d928a84 1.326s
2025-11-17 15:03:18.396 66378 INFO tempest.lib.common.rest_client [req-af5fc0bb-4666-40ad-985f-f5b6b01af121 req-af5fc0bb-4666-40ad-985f-f5b6b01af121 ] Request (ServerMetadataNegativeTestJSON:test_set_server_metadata_missing_metadata): 400 PUT http://10.180.1.21/compute/v2.1/servers/9d288fb9-0c94-42e5-8d72-58af83ebedd2/metadata 1.287s
2025-11-17 15:03:18.398 66394 INFO tempest.common.waiters [-] State transition "BUILD/None" ==> "BUILD/networking" after 34 second wait
2025-11-17 15:03:18.476 66418 INFO tempest.lib.common.rest_client [req-907ba9c4-cd57-4bcd-8ec7-97b5a2967083 req-907ba9c4-cd57-4bcd-8ec7-97b5a2967083 ] Request (ListServersNegativeTestJSON:tearDownClass): 204 DELETE http://10.180.1.21/compute/v2.1/servers/44020437-c35b-412b-ad3d-983f8a43a7d1 1.350s
2025-11-17 15:03:18.537 66392 INFO tempest.lib.common.rest_client [req-ee4eee65-3162-469e-902e-95deb77fdbb4 req-ee4eee65-3162-469e-902e-95deb77fdbb4 ] Request (ServersTestFqdnHostnames:tearDownClass): 200 GET http://10.180.1.21/compute/v2.1/servers/8914ac6b-a8a3-4a61-9b1e-54eebaad719a 1.385s
2025-11-17 15:03:18.859 66428 WARNING tempest.lib.common.ssh [-] Failed to establish authenticated ssh connection to cirros@10.180.180.199 ([Errno None] Unable to connect to port 22 on 10.180.180.199). Number attempts: 8. Retry after 9 seconds.: paramiko.ssh_exception.NoValidConnectionsError: [Errno None] Unable to connect to port 22 on 10.180.180.199
2025-11-17 15:03:19.169 66374 INFO tempest.lib.common.rest_client [req-0a7d7661-7029-4a92-8367-77e2798ee61b req-0a7d7661-7029-4a92-8367-77e2798ee61b ] Request (ServersTestJSON:setUpClass): 201 POST http://10.180.1.21/networking/v2.0/routers 0.814s
2025-11-17 15:03:19.245 66400 WARNING tempest.lib.common.ssh [-] Failed to establish authenticated ssh connection to cirros@10.180.180.159 ([Errno None] Unable to connect to port 22 on 10.180.180.159). Number attempts: 1. Retry after 2 seconds.: paramiko.ssh_exception.NoValidConnectionsError: [Errno None] Unable to connect to port 22 on 10.180.180.159
2025-11-17 15:03:19.552 66408 INFO tempest.lib.common.rest_client [req-17b57a28-e4f7-414a-9f26-8b190dc3792f req-17b57a28-e4f7-414a-9f26-8b190dc3792f ] Request (AttachInterfacesV270Test:test_create_get_list_interfaces): 400 POST http://10.180.1.21/compute/v2.1/servers/57f1fdfa-b9b3-4654-b5b6-2620d7b1d563/os-interface 3.169s
2025-11-17 15:03:20.112 66374 INFO tempest.lib.common.rest_client [req-45c78452-9e08-40c8-ae0b-f8d5425d234e req-45c78452-9e08-40c8-ae0b-f8d5425d234e ] Request (ServersTestJSON:setUpClass): 200 PUT http://10.180.1.21/networking/v2.0/routers/dd4759e4-a17f-46da-9bb5-05c2adb5b65d/add_router_interface 0.940s
2025-11-17 15:03:20.112 66374 INFO tempest.lib.common.dynamic_creds [-] Created isolated network resources for: credentials: Credentials: {'domain_id': 'default', 'domain_name': 'Default', 'username': 'tempest-ServersTestJSON-1031786629-project-member', 'project_domain_id': 'default', 'project_domain_name': 'Default', 'project_id': 'fe8bc73a924b4d7a9e307716981a83bd', 'project_name': 'tempest-ServersTestJSON-1031786629', 'tenant_id': 'fe8bc73a924b4d7a9e307716981a83bd', 'tenant_name': 'tempest-ServersTestJSON-1031786629', 'user_domain_id': 'default', 'user_domain_name': 'Default', 'user_id': '6ade850969cf46638014990a1ad08ed5', 'system': None}, Network: {'id': 'b440faca-cc76-4408-8356-bc92fceb8660', 'name': 'tempest-ServersTestJSON-1741690206-network', 'tenant_id': 'fe8bc73a924b4d7a9e307716981a83bd', 'project_id': 'fe8bc73a924b4d7a9e307716981a83bd', 'admin_state_up': True, 'mtu': 8950, 'status': 'ACTIVE', 'subnets': [], 'shared': False, 'port_security_enabled': True, 'router:external': False, 'provider:network_type': 'vlan', 'provider:physical_network': 'default', 'provider:segmentation_id': 915, 'availability_zone_hints': [], 'availability_zones': [], 'ipv4_address_scope': None, 'ipv6_address_scope': None, 'description': '', 'tags': [], 'created_at': '2025-11-17T15:03:17Z', 'updated_at': '2025-11-17T15:03:18Z', 'revision_number': 1}, Subnet: {'id': '6cdfe62b-76cc-4ee6-af53-cbcbe8131751', 'name': 'tempest-ServersTestJSON-1741690206-subnet', 'tenant_id': 'fe8bc73a924b4d7a9e307716981a83bd', 'network_id': 'b440faca-cc76-4408-8356-bc92fceb8660', 'ip_version': 4, 'subnetpool_id': None, 'enable_dhcp': True, 'ipv6_ra_mode': None, 'ipv6_address_mode': None, 'gateway_ip': '192.168.128.1', 'cidr': '192.168.128.0/28', 'allocation_pools': [{'start': '192.168.128.2', 'end': '192.168.128.14'}], 'host_routes': [], 'dns_nameservers': [], 'description': '', 'router:external': False, 'service_types': [], 'tags': [], 'created_at': '2025-11-17T15:03:18Z', 'updated_at': '2025-11-17T15:03:18Z', 'revision_number': 0, 'project_id': 'fe8bc73a924b4d7a9e307716981a83bd'}, Router: {'id': 'dd4759e4-a17f-46da-9bb5-05c2adb5b65d', 'name': 'tempest-ServersTestJSON-1741690206-router', 'tenant_id': 'fe8bc73a924b4d7a9e307716981a83bd', 'admin_state_up': True, 'status': 'ACTIVE', 'external_gateway_info': {'network_id': '8446c36b-2891-4539-8f35-d619beb62faa', 'external_fixed_ips': [{'subnet_id': 'f5a8684e-8245-4f55-bda3-c9c167b79f9a', 'ip_address': '10.180.180.198'}], 'enable_snat': True}, 'description': '', 'availability_zones': [], 'distributed': False, 'ha': False, 'availability_zone_hints': [], 'routes': [], 'flavor_id': None, 'tags': [], 'created_at': '2025-11-17T15:03:18Z', 'updated_at': '2025-11-17T15:03:18Z', 'revision_number': 2, 'project_id': 'fe8bc73a924b4d7a9e307716981a83bd'}
2025-11-17 15:03:20.145 66396 INFO tempest.lib.common.rest_client [req-2998727c-4151-457f-a44a-36049a0d3095 req-2998727c-4151-457f-a44a-36049a0d3095 ] Request (ServerDiagnosticsV248Test:test_get_server_diagnostics): 200 GET http://10.180.1.21/compute/v2.1/servers/850b9972-2c13-4554-8547-6a2e00b9e09c 2.855s
2025-11-17 15:03:20.207 66422 INFO tempest.lib.common.rest_client [req-088fcd1c-6f8c-43f2-a8eb-2af17296b8fb req-088fcd1c-6f8c-43f2-a8eb-2af17296b8fb ] Request (AttachInterfacesTestJSON:test_create_list_show_delete_interfaces_by_fixed_ip): 200 GET http://10.180.1.21/compute/v2.1/servers/aa52e8ee-733d-4f07-b433-75d31e612ee6 2.852s
2025-11-17 15:03:20.222 66374 INFO tempest.lib.common.rest_client [req-6690443e-b0c1-4414-9e26-e7268e8df7cd req-6690443e-b0c1-4414-9e26-e7268e8df7cd ] Request (ServersTestJSON:setUpClass): 201 POST http://10.180.1.21/identity/v3/auth/tokens 0.104s
2025-11-17 15:03:20.652 66390 WARNING tempest.lib.common.ssh [-] Failed to establish authenticated ssh connection to cirros@10.180.180.168 ([Errno None] Unable to connect to port 22 on 10.180.180.168). Number attempts: 6. Retry after 7 seconds.: paramiko.ssh_exception.NoValidConnectionsError: [Errno None] Unable to connect to port 22 on 10.180.180.168
2025-11-17 15:03:22.315 66400 WARNING tempest.lib.common.ssh [-] Failed to establish authenticated ssh connection to cirros@10.180.180.159 ([Errno None] Unable to connect to port 22 on 10.180.180.159). Number attempts: 2. Retry after 3 seconds.: paramiko.ssh_exception.NoValidConnectionsError: [Errno None] Unable to connect to port 22 on 10.180.180.159
2025-11-17 15:03:22.483 66386 WARNING tempest.lib.common.ssh [-] Failed to establish authenticated ssh connection to cirros@10.180.180.187 ([Errno None] Unable to connect to port 22 on 10.180.180.187). Number attempts: 9. Retry after 10 seconds.: paramiko.ssh_exception.NoValidConnectionsError: [Errno None] Unable to connect to port 22 on 10.180.180.187
2025-11-17 15:03:23.643 66426 INFO tempest.lib.common.rest_client [req-eb38f97d-03ff-4294-b4df-bb5dbe8f0408 req-eb38f97d-03ff-4294-b4df-bb5dbe8f0408 ] Request (ImagesDeleteNegativeTestJSON:test_delete_image_negative_image_id): 404 DELETE http://10.180.1.21/compute/v2.1/images/-1 6.211s
2025-11-17 15:03:23.666 66421 INFO tempest.lib.common.rest_client [req-8d228b9e-acad-41d1-b507-7268106b3a76 req-8d228b9e-acad-41d1-b507-7268106b3a76 ] Request (ListImageFiltersTestJSON:setUpClass): 200 GET http://10.180.1.21/compute/v2.1/images/8e1c9efc-e001-4a74-956f-1f1436830225 6.466s
2025-11-17 15:03:23.719 66402 INFO tempest.lib.common.rest_client [req-2e5db183-079b-4c42-8c35-36a0d33339f4 req-2e5db183-079b-4c42-8c35-36a0d33339f4 ] Request (DeleteServersAdminTestJSON:test_delete_server_while_in_error_state): 200 GET http://10.180.1.21/compute/v2.1/servers/d6be76ee-5d6a-4735-92b3-8a4ab5ca9fa0 6.287s
2025-11-17 15:03:23.779 66433 INFO tempest.lib.common.rest_client [req-0e93691c-8f61-458f-90e5-e6d09636a9c1 req-0e93691c-8f61-458f-90e5-e6d09636a9c1 ] Request (ServersNegativeTestMultiTenantJSON:setUpClass): 200 GET http://10.180.1.21/compute/v2.1/servers/4ce83337-1906-4c4f-8eb1-5834476c91f7 6.301s
2025-11-17 15:03:23.813 66406 INFO tempest.lib.common.rest_client [req-e419ad01-6ab3-4a7a-9bf2-8f1a273809be req-e419ad01-6ab3-4a7a-9bf2-8f1a273809be ] Request (FlavorsAdminTestJSON:test_list_non_public_flavor): 200 GET http://10.180.1.21/compute/v2.1/flavors/detail 6.150s
2025-11-17 15:03:23.846 66370 INFO tempest.lib.common.rest_client [req-aa33b743-4444-489a-9132-359aa228adf4 req-aa33b743-4444-489a-9132-359aa228adf4 ] Request (SecurityGroupRulesTestJSON:_run_cleanups): 202 DELETE http://10.180.1.21/compute/v2.1/os-security-group-rules/6f43a6da-9b02-41af-8946-021f06373166 6.376s
2025-11-17 15:03:23.882 66376 INFO tempest.lib.common.rest_client [req-a553886c-5218-4dc1-ae70-e28f52679fcb req-a553886c-5218-4dc1-ae70-e28f52679fcb ] Request (ListServerFiltersTestJSON:setUpClass): 200 GET http://10.180.1.21/compute/v2.1/servers/2ab3309a-67ad-4a79-8df4-17408642847b 6.141s
2025-11-17 15:03:23.889 66414 INFO tempest.lib.common.rest_client [req-e4849a02-60bb-4b1f-b54f-3f95da577344 req-e4849a02-60bb-4b1f-b54f-3f95da577344 ] Request (ImagesOneServerTestJSON:test_create_delete_image): 200 GET http://10.180.1.21/compute/v2.1/images/e16aa3be-4b3a-42d8-9b0a-80673be23c7a 6.113s
2025-11-17 15:03:23.901 66404 INFO tempest.lib.common.rest_client [req-7a5a000b-568c-42e1-8c87-8ba79bd503a4 req-7a5a000b-568c-42e1-8c87-8ba79bd503a4 ] Request (KeyPairsNegativeTestJSON:test_create_keypair_with_duplicate_name): 202 DELETE http://10.180.1.21/compute/v2.1/os-keypairs/tempest-keypair-1539023807 6.081s
2025-11-17 15:03:23.979 66388 INFO tempest.lib.common.rest_client [req-21417645-e969-4536-b19c-1951df377cc5 req-21417645-e969-4536-b19c-1951df377cc5 ] Request (ServersListShow2100Test:test_list_show_rebuild_update_server_2100): 200 GET http://10.180.1.21/compute/v2.1/servers/2cdc1d46-e5f9-4eb3-9914-2b5e3bede25e 6.038s
2025-11-17 15:03:23.991 66388 INFO tempest.common.waiters [-] State transition "REBUILD/rebuilding" ==> "REBUILD/rebuild_spawning" after 7 second wait
2025-11-17 15:03:24.038 66372 INFO tempest.lib.common.rest_client [req-f2e8d032-3ce5-47f0-9860-0ac4eb376aef req-f2e8d032-3ce5-47f0-9860-0ac4eb376aef ] Request (ServersAdminTestJSON:test_inject_network_info): 200 GET http://10.180.1.21/compute/v2.1/servers/d239b26c-19fd-470d-812e-c409432e80da 5.928s
2025-11-17 15:03:24.069 66398 INFO tempest.lib.common.rest_client [req-4532970e-020b-4dea-99a2-ff06938e1e20 req-4532970e-020b-4dea-99a2-ff06938e1e20 ] Request (SecurityGroupsTestJSON:test_list_security_groups_by_server): 200 GET http://10.180.1.21/compute/v2.1/servers/49f48960-ea75-4fcc-8b87-6831e315cad6 6.105s
2025-11-17 15:03:24.076 66398 INFO tempest.common.waiters [-] State transition "BUILD/spawning" ==> "ACTIVE/None" after 41 second wait
2025-11-17 15:03:24.091 66380 INFO tempest.lib.common.rest_client [req-a1c2155d-eab4-425a-beb5-3f61d470454e req-a1c2155d-eab4-425a-beb5-3f61d470454e ] Request (ServerDiskConfigTestJSON:test_rebuild_server_with_manual_disk_config): 200 GET http://10.180.1.21/compute/v2.1/servers/c4911b81-609a-4b14-a21a-476ff0c51284 5.873s
2025-11-17 15:03:24.160 66384 INFO tempest.lib.common.rest_client [req-3a129b25-48d5-4f77-b415-2e5877e6acfa req-3a129b25-48d5-4f77-b415-2e5877e6acfa ] Request (FloatingIPsAssociationTestJSON:tearDownClass): 204 DELETE http://10.180.1.21/compute/v2.1/servers/9cded14e-c633-48b4-bd13-b47945646177 5.865s
2025-11-17 15:03:24.170 66416 INFO tempest.lib.common.rest_client [req-350bd452-7e54-4212-80ca-293f7a575390 req-350bd452-7e54-4212-80ca-293f7a575390 ] Request (ServersListShow298Test:tearDownClass): 200 GET http://10.180.1.21/compute/v2.1/servers/fafa5ad8-01ea-4b2a-ac27-25c696dede44 5.875s
2025-11-17 15:03:24.179 66378 INFO tempest.lib.common.rest_client [req-3740c709-51b5-475d-9e9f-ed3f0c221610 req-3740c709-51b5-475d-9e9f-ed3f0c221610 ] Request (ServerMetadataNegativeTestJSON:test_update_metadata_non_existent_server): 404 POST http://10.180.1.21/compute/v2.1/servers/dfb8b1b3-3249-4b87-b39f-0953a5c004d1/metadata 5.781s
2025-11-17 15:03:24.184 66410 INFO tempest.lib.common.rest_client [req-ca88ff5e-8fc5-42c0-93d6-969d1afe529c req-ca88ff5e-8fc5-42c0-93d6-969d1afe529c ] Request (MigrationsAdminTest:test_resize_server_revert_deleted_flavor): 200 POST http://10.180.1.21/compute/v2.1/flavors/b34013bf-fcf2-469e-9b84-ca8304265496/os-extra_specs 5.872s
2025-11-17 15:03:24.225 66382 INFO tempest.lib.common.rest_client [req-24677938-f6a1-4ce8-b2e3-4b55dac20eb1 req-24677938-f6a1-4ce8-b2e3-4b55dac20eb1 ] Request (ServerDiagnosticsNegativeTest:tearDownClass): 404 GET http://10.180.1.21/compute/v2.1/servers/3250fe7b-6cbc-4a61-b5bf-c3e744690092 5.682s
2025-11-17 15:03:24.267 66410 INFO tempest.lib.common.rest_client [req-e6c18347-3247-4fed-a941-744f76f66506 req-e6c18347-3247-4fed-a941-744f76f66506 ] Request (MigrationsAdminTest:test_resize_server_revert_deleted_flavor): 201 POST http://10.180.1.21/identity/v3/auth/tokens 0.079s
2025-11-17 15:03:24.267 66410 INFO tempest.lib.common.fixed_network [-] (MigrationsAdminTest:test_resize_server_revert_deleted_flavor) Found network None available for tenant
2025-11-17 15:03:24.278 66418 INFO tempest.lib.common.rest_client [req-7ea45c12-60a1-4ff2-ae1a-56473009043b req-7ea45c12-60a1-4ff2-ae1a-56473009043b ] Request (ListServersNegativeTestJSON:tearDownClass): 204 DELETE http://10.180.1.21/compute/v2.1/servers/1daa95e8-e1ca-4d30-8fc4-8a490f62ae80 5.802s
2025-11-17 15:03:24.289 66413 INFO tempest.lib.common.rest_client [req-0765105b-55c7-4320-bbb4-2591793f5495 req-0765105b-55c7-4320-bbb4-2591793f5495 ] Request (TenantUsagesTestJSON:tearDownClass): 200 GET http://10.180.1.21/compute/v2.1/servers/e9856069-8847-4934-be38-ad28d38b67e8 5.649s
2025-11-17 15:03:24.321 66382 INFO tempest.lib.common.rest_client [req-0cfa8bf2-e1c2-4d48-ae7a-088f70499e3f req-0cfa8bf2-e1c2-4d48-ae7a-088f70499e3f ] Request (ServerDiagnosticsNegativeTest:tearDownClass): 204 DELETE http://10.180.1.21/identity/v3/users/6be77b9ae39148919ebf4dccac289618 0.095s
2025-11-17 15:03:24.422 66382 INFO tempest.lib.common.rest_client [req-5633c12a-055c-40bc-9dfb-77d1e75415c5 req-5633c12a-055c-40bc-9dfb-77d1e75415c5 ] Request (ServerDiagnosticsNegativeTest:tearDownClass): 204 DELETE http://10.180.1.21/identity/v3/users/418c0afea94342b0b5ca874f168096e3 0.101s
2025-11-17 15:03:24.423 66382 INFO tempest.lib.common.dynamic_creds [-] Deleting project and security group for project: 9227e80bb96d40b79019388757161b9b
2025-11-17 15:03:24.440 66425 INFO tempest.lib.common.rest_client [req-8d039d8b-0c81-4cc0-80ea-fb80fa948841 req-8d039d8b-0c81-4cc0-80ea-fb80fa948841 ] Request (ImagesTestJSON:test_create_image_from_suspended_server): 200 GET http://10.180.1.21/compute/v2.1/servers/0a845004-19f8-49dc-88c0-781018fd41b9 5.646s
2025-11-17 15:03:24.441 66394 INFO tempest.lib.common.rest_client [req-24892ccc-b4f5-4e6a-baf2-46421c22717c req-24892ccc-b4f5-4e6a-baf2-46421c22717c ] Request (ServerExternalEventsTest:test_create_server_external_events): 200 GET http://10.180.1.21/compute/v2.1/servers/974b728a-17ed-419a-a44b-4e7d7d928a84 5.042s
2025-11-17 15:03:24.451 66394 INFO tempest.common.waiters [-] State transition "BUILD/networking" ==> "BUILD/spawning" after 40 second wait
2025-11-17 15:03:24.482 66382 INFO tempest.lib.common.rest_client [req-a7c8acfc-f155-4d90-b663-97f70e1877b9 req-a7c8acfc-f155-4d90-b663-97f70e1877b9 ] Request (ServerDiagnosticsNegativeTest:tearDownClass): 201 POST http://10.180.1.21/identity/v3/auth/tokens 0.059s
2025-11-17 15:03:24.505 66392 INFO tempest.lib.common.rest_client [req-8d0f45b0-53ec-460c-962e-d0f035775a98 req-8d0f45b0-53ec-460c-962e-d0f035775a98 ] Request (ServersTestFqdnHostnames:tearDownClass): 200 GET http://10.180.1.21/compute/v2.1/servers/8914ac6b-a8a3-4a61-9b1e-54eebaad719a 4.960s
2025-11-17 15:03:24.524 66408 INFO tempest.lib.common.rest_client [req-71ae2545-3210-4d49-9389-dd8fdcc5ce07 req-71ae2545-3210-4d49-9389-dd8fdcc5ce07 ] Request (AttachInterfacesV270Test:tearDownClass): 204 DELETE http://10.180.1.21/compute/v2.1/servers/57f1fdfa-b9b3-4654-b5b6-2620d7b1d563 4.966s
2025-11-17 15:03:24.665 66374 INFO tempest.lib.common.rest_client [req-5181cd01-63ff-461a-953b-bf8ca18a8f77 req-5181cd01-63ff-461a-953b-bf8ca18a8f77 ] Request (ServersTestJSON:setUpClass): 200 POST http://10.180.1.21/compute/v2.1/os-keypairs 4.441s
2025-11-17 15:03:24.690 66382 INFO tempest.lib.common.rest_client [req-8270e177-3b0a-42ba-8418-75a22492db7c req-8270e177-3b0a-42ba-8418-75a22492db7c ] Request (ServerDiagnosticsNegativeTest:tearDownClass): 200 GET http://10.180.1.21/networking/v2.0/security-groups?tenant_id=9227e80bb96d40b79019388757161b9b&name=default 0.206s
2025-11-17 15:03:24.715 66396 INFO tempest.lib.common.rest_client [req-d8146ad9-e6e2-4043-aa84-9a96a5880581 req-d8146ad9-e6e2-4043-aa84-9a96a5880581 ] Request (ServerDiagnosticsV248Test:test_get_server_diagnostics): 200 GET http://10.180.1.21/compute/v2.1/servers/850b9972-2c13-4554-8547-6a2e00b9e09c 3.560s
2025-11-17 15:03:24.738 66426 INFO tempest.lib.common.rest_client [req-ebac2e7a-92b8-435b-839a-3d903b47e330 req-ebac2e7a-92b8-435b-839a-3d903b47e330 ] Request (ImagesDeleteNegativeTestJSON:test_delete_image_non_hex_string_id): 404 DELETE http://10.180.1.21/compute/v2.1/images/6e94bc27-95eb-48e6-9fbf-5ff09e3ec33j 1.093s
2025-11-17 15:03:24.760 66406 INFO tempest.lib.common.rest_client [req-b7b408ee-99a3-40b7-9b79-bcd763d1e48d req-b7b408ee-99a3-40b7-9b79-bcd763d1e48d ] Request (FlavorsAdminTestJSON:_run_cleanups): 202 DELETE http://10.180.1.21/compute/v2.1/flavors/798652410 0.941s
2025-11-17 15:03:24.807 66374 INFO tempest.lib.common.rest_client [req-0d117978-b632-4cb7-9516-97456ca36c84 req-0d117978-b632-4cb7-9516-97456ca36c84 ] Request (ServersTestJSON:setUpClass): 201 POST http://10.180.1.21/networking/v2.0/security-groups 0.138s
2025-11-17 15:03:24.858 66422 INFO tempest.lib.common.rest_client [req-bb1f9486-b1f7-4f88-8c63-dfb3fc8e93af req-bb1f9486-b1f7-4f88-8c63-dfb3fc8e93af ] Request (AttachInterfacesTestJSON:test_create_list_show_delete_interfaces_by_fixed_ip): 200 GET http://10.180.1.21/compute/v2.1/servers/aa52e8ee-733d-4f07-b433-75d31e612ee6 3.641s
2025-11-17 15:03:24.866 66422 INFO tempest.common.waiters [-] State transition "BUILD/scheduling" ==> "BUILD/None" after 14 second wait
2025-11-17 15:03:24.900 66382 INFO tempest.lib.common.rest_client [req-46fcfe19-6956-49fe-aa03-6b9cf3d4b520 req-46fcfe19-6956-49fe-aa03-6b9cf3d4b520 ] Request (ServerDiagnosticsNegativeTest:tearDownClass): 204 DELETE http://10.180.1.21/networking/v2.0/security-groups/1a50f36e-561d-4287-b29e-29b253a675c0 0.209s
2025-11-17 15:03:24.900 66414 INFO tempest.lib.common.rest_client [req-e1ca896c-796f-470d-861d-2c1654af8cad req-e1ca896c-796f-470d-861d-2c1654af8cad ] Request (ImagesOneServerTestJSON:test_create_delete_image): 200 GET http://10.180.1.21/compute/v2.1/images/e16aa3be-4b3a-42d8-9b0a-80673be23c7a 1.007s
2025-11-17 15:03:24.905 66404 INFO tempest.lib.common.rest_client [req-e4481b7d-69dd-46e9-8b5b-179fc35f8c10 req-e4481b7d-69dd-46e9-8b5b-179fc35f8c10 ] Request (KeyPairsNegativeTestJSON:test_create_keypair_with_empty_name_string): 400 POST http://10.180.1.21/compute/v2.1/os-keypairs 1.002s
2025-11-17 15:03:24.976 66382 INFO tempest.lib.common.rest_client [req-4e233050-0c44-4828-9aa2-887e0adad3be req-4e233050-0c44-4828-9aa2-887e0adad3be ] Request (ServerDiagnosticsNegativeTest:tearDownClass): 204 DELETE http://10.180.1.21/identity/v3/projects/9227e80bb96d40b79019388757161b9b 0.076s
2025-11-17 15:03:24.976 66382 INFO tempest.lib.common.dynamic_creds [-] Deleting project and security group for project: c5c7c2be02ff48d7a64209516bd23ed5
2025-11-17 15:03:25.000 66374 INFO tempest.lib.common.rest_client [req-caf26e96-4fd1-431a-a996-dd62a36c5f5a req-caf26e96-4fd1-431a-a996-dd62a36c5f5a ] Request (ServersTestJSON:setUpClass): 201 POST http://10.180.1.21/networking/v2.0/security-group-rules 0.193s
2025-11-17 15:03:25.122 66370 INFO tempest.lib.common.rest_client [req-9d575308-245c-450c-af0e-9104a5df4106 req-9d575308-245c-450c-af0e-9104a5df4106 ] Request (SecurityGroupRulesTestJSON:tearDownClass): 202 DELETE http://10.180.1.21/compute/v2.1/os-security-groups/971670d0-f908-4bd1-b51a-91ca83bf132d 1.275s
2025-11-17 15:03:25.174 66382 INFO tempest.lib.common.rest_client [req-45077cb4-f194-4f42-9923-02bb0f765df0 req-45077cb4-f194-4f42-9923-02bb0f765df0 ] Request (ServerDiagnosticsNegativeTest:tearDownClass): 200 GET http://10.180.1.21/networking/v2.0/security-groups?tenant_id=c5c7c2be02ff48d7a64209516bd23ed5&name=default 0.197s
2025-11-17 15:03:25.260 66374 INFO tempest.lib.common.rest_client [req-13eb8a6c-53c1-4505-99e9-29d6959f3343 req-13eb8a6c-53c1-4505-99e9-29d6959f3343 ] Request (ServersTestJSON:setUpClass): 201 POST http://10.180.1.21/networking/v2.0/security-group-rules 0.259s
2025-11-17 15:03:25.500 66382 INFO tempest.lib.common.rest_client [req-9dfce1ea-96fd-495e-98d7-4509b0505742 req-9dfce1ea-96fd-495e-98d7-4509b0505742 ] Request (ServerDiagnosticsNegativeTest:tearDownClass): 204 DELETE http://10.180.1.21/networking/v2.0/security-groups/b1e26926-8e5b-4add-8ca9-4023e05e1c5a 0.325s
2025-11-17 15:03:25.645 66382 INFO tempest.lib.common.rest_client [req-a7b4ee52-2c1b-4c83-98f0-fea7f5ccf609 req-a7b4ee52-2c1b-4c83-98f0-fea7f5ccf609 ] Request (ServerDiagnosticsNegativeTest:tearDownClass): 204 DELETE http://10.180.1.21/identity/v3/projects/c5c7c2be02ff48d7a64209516bd23ed5 0.145s
2025-11-17 15:03:25.647 66382 INFO tempest.test [-] raised in UpdateMultiattachVolumeNegativeTest.setUpClass. Invoking tearDownClass.
2025-11-17 15:03:25.734 66382 INFO tempest.lib.common.rest_client [req-93fe0923-7b5b-4e81-ab60-149d1999b4dd req-93fe0923-7b5b-4e81-ab60-149d1999b4dd ] Request (ListImagesTestJSON:setUpClass): 201 POST http://10.180.1.21/identity/v3/auth/tokens 0.084s
2025-11-17 15:03:25.770 66382 INFO tempest.lib.common.rest_client [req-a3572d7d-9db0-48ea-bdde-9432ac07eb24 req-a3572d7d-9db0-48ea-bdde-9432ac07eb24 ] Request (ListImagesTestJSON:setUpClass): 201 POST http://10.180.1.21/identity/v3/auth/tokens 0.034s
2025-11-17 15:03:25.800 66382 INFO tempest.lib.common.rest_client [req-dfd03b6e-1f9e-4345-991f-184042ad8762 req-dfd03b6e-1f9e-4345-991f-184042ad8762 ] Request (ListImagesTestJSON:setUpClass): 200 GET http://10.180.1.21/identity/v3/domains?name=Default 0.028s
2025-11-17 15:03:25.830 66382 INFO tempest.lib.common.rest_client [req-db7692ab-bf9f-4756-8861-7f53001c1793 req-db7692ab-bf9f-4756-8861-7f53001c1793 ] Request (ListImagesTestJSON:setUpClass): 201 POST http://10.180.1.21/identity/v3/projects 0.029s
2025-11-17 15:03:25.898 66382 INFO tempest.lib.common.rest_client [req-a4251499-a894-46e8-b5f2-c016d6c28c4f req-a4251499-a894-46e8-b5f2-c016d6c28c4f ] Request (ListImagesTestJSON:setUpClass): 201 POST http://10.180.1.21/identity/v3/users 0.067s
2025-11-17 15:03:25.921 66382 INFO tempest.lib.common.rest_client [req-fa18c10c-d5e7-4313-936e-0ca3183fe8a8 req-fa18c10c-d5e7-4313-936e-0ca3183fe8a8 ] Request (ListImagesTestJSON:setUpClass): 200 GET http://10.180.1.21/identity/v3/roles 0.023s
2025-11-17 15:03:25.955 66382 INFO tempest.lib.common.rest_client [req-8e7a6c6d-04db-4fc9-99bb-386535c4c0e5 req-8e7a6c6d-04db-4fc9-99bb-386535c4c0e5 ] Request (ListImagesTestJSON:setUpClass): 204 PUT http://10.180.1.21/identity/v3/projects/635aecb07bd14adbb757d68eb2140a2c/users/65807359f99d4fb4b4ca598a660cf6b9/roles/b0a648f9c7df4f7b960bed14337ce21c 0.033s
2025-11-17 15:03:25.956 66382 INFO tempest.lib.common.dynamic_creds [-] Dynamic test user 65807359f99d4fb4b4ca598a660cf6b9 is created with scope project and roles: ['member']
2025-11-17 15:03:25.956 66382 INFO tempest.lib.common.dynamic_creds [-] Acquired dynamic creds: credentials: Credentials: {'domain_id': 'default', 'domain_name': 'Default', 'username': 'tempest-ListImagesTestJSON-1845286976-project-member', 'project_domain_id': 'default', 'project_domain_name': 'Default', 'project_id': '635aecb07bd14adbb757d68eb2140a2c', 'project_name': 'tempest-ListImagesTestJSON-1845286976', 'tenant_id': '635aecb07bd14adbb757d68eb2140a2c', 'tenant_name': 'tempest-ListImagesTestJSON-1845286976', 'user_domain_id': 'default', 'user_domain_name': 'Default', 'user_id': '65807359f99d4fb4b4ca598a660cf6b9', 'system': None}, Network: None, Subnet: None, Router: None
2025-11-17 15:03:25.956 66382 INFO tempest.lib.common.dynamic_creds [-] Created isolated network resources for: credentials: Credentials: {'domain_id': 'default', 'domain_name': 'Default', 'username': 'tempest-ListImagesTestJSON-1845286976-project-member', 'project_domain_id': 'default', 'project_domain_name': 'Default', 'project_id': '635aecb07bd14adbb757d68eb2140a2c', 'project_name': 'tempest-ListImagesTestJSON-1845286976', 'tenant_id': '635aecb07bd14adbb757d68eb2140a2c', 'tenant_name': 'tempest-ListImagesTestJSON-1845286976', 'user_domain_id': 'default', 'user_domain_name': 'Default', 'user_id': '65807359f99d4fb4b4ca598a660cf6b9', 'system': None}, Network: None, Subnet: None, Router: None
2025-11-17 15:03:25.989 66374 INFO tempest.lib.common.rest_client [req-afda8b06-b951-4743-9d6e-6ef833cbe8d5 req-afda8b06-b951-4743-9d6e-6ef833cbe8d5 ] Request (ServersTestJSON:setUpClass): 201 POST http://10.180.1.21/networking/v2.0/floatingips 0.729s
2025-11-17 15:03:26.037 66382 INFO tempest.lib.common.rest_client [req-35faac93-506f-4e8f-9a41-d9eaed6506cc req-35faac93-506f-4e8f-9a41-d9eaed6506cc ] Request (ListImagesTestJSON:setUpClass): 201 POST http://10.180.1.21/identity/v3/auth/tokens 0.078s
2025-11-17 15:03:26.058 66374 INFO tempest.lib.common.rest_client [req-6a31faf1-5520-431c-ad9a-a51685c25f98 req-6a31faf1-5520-431c-ad9a-a51685c25f98 ] Request (ServersTestJSON:setUpClass): 201 POST http://10.180.1.21/identity/v3/auth/tokens 0.065s
2025-11-17 15:03:26.058 66374 INFO tempest.lib.common.fixed_network [-] (ServersTestJSON:setUpClass) Found network {'id': 'b440faca-cc76-4408-8356-bc92fceb8660', 'name': 'tempest-ServersTestJSON-1741690206-network', 'tenant_id': 'fe8bc73a924b4d7a9e307716981a83bd', 'project_id': 'fe8bc73a924b4d7a9e307716981a83bd', 'admin_state_up': True, 'mtu': 8950, 'status': 'ACTIVE', 'subnets': [], 'shared': False, 'port_security_enabled': True, 'router:external': False, 'provider:network_type': 'vlan', 'provider:physical_network': 'default', 'provider:segmentation_id': 915, 'availability_zone_hints': [], 'availability_zones': [], 'ipv4_address_scope': None, 'ipv6_address_scope': None, 'description': '', 'tags': [], 'created_at': '2025-11-17T15:03:17Z', 'updated_at': '2025-11-17T15:03:18Z', 'revision_number': 1} available for tenant
2025-11-17 15:03:26.282 66398 INFO tempest.lib.common.rest_client [req-3f412b2f-e553-4211-9a69-87b5c54f7d53 req-3f412b2f-e553-4211-9a69-87b5c54f7d53 ] Request (SecurityGroupsTestJSON:test_list_security_groups_by_server): 202 POST http://10.180.1.21/compute/v2.1/servers/49f48960-ea75-4fcc-8b87-6831e315cad6/action 2.205s
2025-11-17 15:03:26.292 66378 INFO tempest.lib.common.rest_client [req-e188ae48-d26a-49d2-bd8e-20dd0e122bcb req-e188ae48-d26a-49d2-bd8e-20dd0e122bcb ] Request (ServerMetadataNegativeTestJSON:test_update_metadata_with_blank_key): 400 POST http://10.180.1.21/compute/v2.1/servers/9d288fb9-0c94-42e5-8d72-58af83ebedd2/metadata 2.111s
2025-11-17 15:03:26.334 66384 INFO tempest.lib.common.rest_client [req-e0278d8b-f3fd-496c-9c89-e118989b2b9d req-e0278d8b-f3fd-496c-9c89-e118989b2b9d ] Request (FloatingIPsAssociationTestJSON:tearDownClass): 200 GET http://10.180.1.21/compute/v2.1/servers/9cded14e-c633-48b4-bd13-b47945646177 2.173s
2025-11-17 15:03:26.367 66418 INFO tempest.lib.common.rest_client [req-3b7f5a63-befb-4bdc-8d36-53251b8c1d09 req-3b7f5a63-befb-4bdc-8d36-53251b8c1d09 ] Request (ListServersNegativeTestJSON:tearDownClass): 404 GET http://10.180.1.21/compute/v2.1/servers/fb7d1872-7efa-4119-a890-38a23182d173 2.088s
2025-11-17 15:03:26.658 66408 INFO tempest.lib.common.rest_client [req-582c74c5-f003-4de0-a6c3-2f68a645126e req-582c74c5-f003-4de0-a6c3-2f68a645126e ] Request (AttachInterfacesV270Test:tearDownClass): 200 GET http://10.180.1.21/compute/v2.1/servers/57f1fdfa-b9b3-4654-b5b6-2620d7b1d563 2.134s
2025-11-17 15:03:26.699 66421 INFO tempest.lib.common.rest_client [req-244cb7d9-542e-48bf-acbb-f1b45ae5082f req-244cb7d9-542e-48bf-acbb-f1b45ae5082f ] Request (ListImageFiltersTestJSON:setUpClass): 200 GET http://10.180.1.21/compute/v2.1/images/8e1c9efc-e001-4a74-956f-1f1436830225 2.028s
2025-11-17 15:03:26.791 66402 INFO tempest.lib.common.rest_client [req-10549446-9759-45e9-8b5f-920c22b693c5 req-10549446-9759-45e9-8b5f-920c22b693c5 ] Request (DeleteServersAdminTestJSON:test_delete_server_while_in_error_state): 200 GET http://10.180.1.21/compute/v2.1/servers/d6be76ee-5d6a-4735-92b3-8a4ab5ca9fa0 2.064s
2025-11-17 15:03:26.813 66426 INFO tempest.lib.common.rest_client [req-526b86bd-fe7b-42ca-8d39-116ca35e4eae req-526b86bd-fe7b-42ca-8d39-116ca35e4eae ] Request (ImagesDeleteNegativeTestJSON:test_delete_image_with_id_over_character_limit): 404 DELETE http://10.180.1.21/compute/v2.1/images/55d85e96-f493-4117-acd4-63a65801bf001 2.073s
2025-11-17 15:03:26.819 66410 INFO tempest.lib.common.rest_client [req-37d15d20-a481-4c5d-b2c9-90fb2e77b4d6 req-37d15d20-a481-4c5d-b2c9-90fb2e77b4d6 ] Request (MigrationsAdminTest:test_resize_server_revert_deleted_flavor): 202 POST http://10.180.1.21/compute/v2.1/servers 2.551s
2025-11-17 15:03:26.844 66406 INFO tempest.lib.common.rest_client [req-cd07353a-d8a6-4422-9d4b-6edd50051379 req-cd07353a-d8a6-4422-9d4b-6edd50051379 ] Request (FlavorsAdminTestJSON:_run_cleanups): 200 GET http://10.180.1.21/compute/v2.1/flavors/detail 2.083s
2025-11-17 15:03:27.045 66376 INFO tempest.lib.common.rest_client [req-c696568f-fb7c-4761-b849-8aef71175214 req-c696568f-fb7c-4761-b849-8aef71175214 ] Request (ListServerFiltersTestJSON:setUpClass): 200 GET http://10.180.1.21/compute/v2.1/servers/2ab3309a-67ad-4a79-8df4-17408642847b 2.154s
2025-11-17 15:03:27.088 66433 INFO tempest.lib.common.rest_client [req-edd53993-49fa-4d1c-8b10-3edcc29ffe01 req-edd53993-49fa-4d1c-8b10-3edcc29ffe01 ] Request (ServersNegativeTestMultiTenantJSON:setUpClass): 200 GET http://10.180.1.21/compute/v2.1/servers/4ce83337-1906-4c4f-8eb1-5834476c91f7 2.301s
2025-11-17 15:03:27.096 66433 INFO tempest.common.waiters [-] State transition "BUILD/None" ==> "BUILD/spawning" after 33 second wait
2025-11-17 15:03:27.126 66404 INFO tempest.lib.common.rest_client [req-7914a068-806c-4cd8-926f-c8d50780273e req-7914a068-806c-4cd8-926f-c8d50780273e ] Request (KeyPairsNegativeTestJSON:test_create_keypair_with_empty_public_key): 400 POST http://10.180.1.21/compute/v2.1/os-keypairs 2.219s
2025-11-17 15:03:27.200 66388 INFO tempest.lib.common.rest_client [req-05175d0a-ace9-4eae-88c4-118803389dbc req-05175d0a-ace9-4eae-88c4-118803389dbc ] Request (ServersListShow2100Test:test_list_show_rebuild_update_server_2100): 200 GET http://10.180.1.21/compute/v2.1/servers/2cdc1d46-e5f9-4eb3-9914-2b5e3bede25e 2.208s
2025-11-17 15:03:27.218 66414 INFO tempest.lib.common.rest_client [req-5dd8df0c-0121-4481-8616-cd33fc4af96b req-5dd8df0c-0121-4481-8616-cd33fc4af96b ] Request (ImagesOneServerTestJSON:test_create_delete_image): 200 GET http://10.180.1.21/compute/v2.1/servers/72e31b0f-b273-4e27-9cf4-72576cd3ef75 2.313s
2025-11-17 15:03:27.253 66372 INFO tempest.lib.common.rest_client [req-8b649ed1-110e-4c82-a553-e2e6130a55ac req-8b649ed1-110e-4c82-a553-e2e6130a55ac ] Request (ServersAdminTestJSON:test_inject_network_info): 200 GET http://10.180.1.21/compute/v2.1/servers/d239b26c-19fd-470d-812e-c409432e80da 2.206s
2025-11-17 15:03:27.276 66380 INFO tempest.lib.common.rest_client [req-a3f6c33c-543e-46db-8108-b96e6b0b6974 req-a3f6c33c-543e-46db-8108-b96e6b0b6974 ] Request (ServerDiskConfigTestJSON:test_rebuild_server_with_manual_disk_config): 200 GET http://10.180.1.21/compute/v2.1/servers/c4911b81-609a-4b14-a21a-476ff0c51284 2.177s
2025-11-17 15:03:27.280 66370 INFO tempest.lib.common.rest_client [req-e78d401b-e176-4432-8955-9828ed61ff2e req-e78d401b-e176-4432-8955-9828ed61ff2e ] Request (SecurityGroupRulesTestJSON:tearDownClass): 404 DELETE http://10.180.1.21/compute/v2.1/os-security-groups/47c409ed-21ae-4ca5-9d1f-261cdd31d6a5 2.157s
2025-11-17 15:03:27.339 66413 INFO tempest.lib.common.rest_client [req-1fd171d4-9281-4e8a-8932-cbe5f0580348 req-1fd171d4-9281-4e8a-8932-cbe5f0580348 ] Request (TenantUsagesTestJSON:tearDownClass): 200 GET http://10.180.1.21/compute/v2.1/servers/e9856069-8847-4934-be38-ad28d38b67e8 2.042s
2025-11-17 15:03:27.366 66416 INFO tempest.lib.common.rest_client [req-973782fa-79d9-451e-be4d-fb9e0bc7af97 req-973782fa-79d9-451e-be4d-fb9e0bc7af97 ] Request (ServersListShow298Test:tearDownClass): 200 GET http://10.180.1.21/compute/v2.1/servers/fafa5ad8-01ea-4b2a-ac27-25c696dede44 2.184s
2025-11-17 15:03:27.593 66425 INFO tempest.lib.common.rest_client [req-76eb8837-42a3-4f22-9a58-2fc7f81904af req-76eb8837-42a3-4f22-9a58-2fc7f81904af ] Request (ImagesTestJSON:test_create_image_from_suspended_server): 200 GET http://10.180.1.21/compute/v2.1/servers/0a845004-19f8-49dc-88c0-781018fd41b9 2.144s
2025-11-17 15:03:27.602 66425 INFO tempest.common.waiters [-] State transition "BUILD/spawning" ==> "ACTIVE/None" after 43 second wait
2025-11-17 15:03:27.642 66394 INFO tempest.lib.common.rest_client [req-f6910d7d-64f9-4f04-9e9e-e3a84c017874 req-f6910d7d-64f9-4f04-9e9e-e3a84c017874 ] Request (ServerExternalEventsTest:test_create_server_external_events): 200 GET http://10.180.1.21/compute/v2.1/servers/974b728a-17ed-419a-a44b-4e7d7d928a84 2.190s
2025-11-17 15:03:27.900 66392 INFO tempest.lib.common.rest_client [req-996d1579-24b9-4000-8235-4486dcd9f3b9 req-996d1579-24b9-4000-8235-4486dcd9f3b9 ] Request (ServersTestFqdnHostnames:tearDownClass): 200 GET http://10.180.1.21/compute/v2.1/servers/8914ac6b-a8a3-4a61-9b1e-54eebaad719a 2.385s
2025-11-17 15:03:27.916 66396 INFO tempest.lib.common.rest_client [req-d866c959-1de4-402c-98e7-4cd1990b9ba9 req-d866c959-1de4-402c-98e7-4cd1990b9ba9 ] Request (ServerDiagnosticsV248Test:test_get_server_diagnostics): 200 GET http://10.180.1.21/compute/v2.1/servers/850b9972-2c13-4554-8547-6a2e00b9e09c 2.187s
2025-11-17 15:03:27.974 66422 INFO tempest.lib.common.rest_client [req-2f28cbe2-6f40-4507-8a7b-de60c0cc01f6 req-2f28cbe2-6f40-4507-8a7b-de60c0cc01f6 ] Request (AttachInterfacesTestJSON:test_create_list_show_delete_interfaces_by_fixed_ip): 200 GET http://10.180.1.21/compute/v2.1/servers/aa52e8ee-733d-4f07-b433-75d31e612ee6 2.107s
2025-11-17 15:03:28.056 66382 INFO tempest.lib.common.rest_client [req-b17df310-45f1-4d79-862b-a0c45d87c090 req-b17df310-45f1-4d79-862b-a0c45d87c090 ] Request (ListImagesTestJSON:test_get_image): 200 GET http://10.180.1.21/compute/v2.1/images/a393ebcb-1250-4285-86d1-fae74a4d1f9d 2.018s
2025-11-17 15:03:28.500 66398 INFO tempest.lib.common.rest_client [req-13db7029-e636-4b00-9d5f-a93b61e5ec7c req-13db7029-e636-4b00-9d5f-a93b61e5ec7c ] Request (SecurityGroupsTestJSON:test_list_security_groups_by_server): 202 POST http://10.180.1.21/compute/v2.1/servers/49f48960-ea75-4fcc-8b87-6831e315cad6/action 2.217s
2025-11-17 15:03:28.581 66378 INFO tempest.lib.common.rest_client [req-efc6133c-acb4-412d-bab8-bda6a0f984d8 req-efc6133c-acb4-412d-bab8-bda6a0f984d8 ] Request (ServerMetadataNegativeTestJSON:tearDownClass): 204 DELETE http://10.180.1.21/compute/v2.1/servers/9d288fb9-0c94-42e5-8d72-58af83ebedd2 2.288s
2025-11-17 15:03:28.673 66374 INFO tempest.lib.common.rest_client [req-c4679074-3ae9-4ac9-91b1-6e4a0107c385 req-c4679074-3ae9-4ac9-91b1-6e4a0107c385 ] Request (ServersTestJSON:setUpClass): 202 POST http://10.180.1.21/compute/v2.1/servers 2.614s
2025-11-17 15:03:28.673 66418 INFO tempest.lib.common.rest_client [req-7f6eb7c8-692b-47ef-b21f-2ccbd91505d0 req-7f6eb7c8-692b-47ef-b21f-2ccbd91505d0 ] Request (ListServersNegativeTestJSON:tearDownClass): 200 GET http://10.180.1.21/compute/v2.1/servers/44020437-c35b-412b-ad3d-983f8a43a7d1 2.306s
2025-11-17 15:03:28.718 66421 INFO tempest.lib.common.rest_client [req-79873d13-056f-4e11-8657-d762de30c607 req-79873d13-056f-4e11-8657-d762de30c607 ] Request (ListImageFiltersTestJSON:setUpClass): 200 GET http://10.180.1.21/compute/v2.1/images/8e1c9efc-e001-4a74-956f-1f1436830225 2.015s
2025-11-17 15:03:28.731 66426 INFO tempest.lib.common.rest_client [req-76cd9587-c63c-4af6-bdc6-db5d0a22f732 req-76cd9587-c63c-4af6-bdc6-db5d0a22f732 ] Request (ImagesDeleteNegativeTestJSON:test_delete_image_with_invalid_image_id): 404 DELETE http://10.180.1.21/compute/v2.1/images/tempest-invalid-1775056174 1.916s
2025-11-17 15:03:28.755 66406 INFO tempest.lib.common.rest_client [req-ef4bd644-3af9-4da2-9e46-5ba8a43028a8 req-ef4bd644-3af9-4da2-9e46-5ba8a43028a8 ] Request (FlavorsAdminTestJSON:test_list_public_flavor_with_other_user): 200 POST http://10.180.1.21/compute/v2.1/flavors 1.905s
2025-11-17 15:03:28.763 66404 INFO tempest.lib.common.rest_client [req-15c3fc8a-aa54-4281-879c-1178f16babaa req-15c3fc8a-aa54-4281-879c-1178f16babaa ] Request (KeyPairsNegativeTestJSON:test_create_keypair_with_long_keynames): 400 POST http://10.180.1.21/compute/v2.1/os-keypairs 1.635s
2025-11-17 15:03:28.782 66410 INFO tempest.lib.common.rest_client [req-e6dfa8fc-1607-4ef1-b0e6-0448be6680c4 req-e6dfa8fc-1607-4ef1-b0e6-0448be6680c4 ] Request (MigrationsAdminTest:test_resize_server_revert_deleted_flavor): 200 GET http://10.180.1.21/compute/v2.1/servers/e91d65b6-21a8-4fec-934e-896d33c83785 1.961s
2025-11-17 15:03:28.886 66384 INFO tempest.lib.common.rest_client [req-aa6889fd-8a27-4d4b-8295-71892a830d41 req-aa6889fd-8a27-4d4b-8295-71892a830d41 ] Request (FloatingIPsAssociationTestJSON:tearDownClass): 200 GET http://10.180.1.21/compute/v2.1/servers/9cded14e-c633-48b4-bd13-b47945646177 1.543s
2025-11-17 15:03:28.907 66400 WARNING tempest.lib.common.ssh [-] Failed to establish authenticated ssh connection to cirros@10.180.180.159 ([Errno None] Unable to connect to port 22 on 10.180.180.159). Number attempts: 3. Retry after 4 seconds.: paramiko.ssh_exception.NoValidConnectionsError: [Errno None] Unable to connect to port 22 on 10.180.180.159
2025-11-17 15:03:28.946 66370 INFO tempest.lib.common.rest_client [req-d88f07b4-3af1-45a5-8475-4fa34ec8a405 req-d88f07b4-3af1-45a5-8475-4fa34ec8a405 ] Request (SecurityGroupRulesTestJSON:tearDownClass): 202 DELETE http://10.180.1.21/compute/v2.1/os-security-groups/02586bdb-0102-4d90-83a6-cd773ff41061 1.666s
2025-11-17 15:03:28.974 66425 INFO tempest.lib.common.rest_client [req-4e25b9f7-c4f9-48e9-96be-d2edeb98ca09 req-4e25b9f7-c4f9-48e9-96be-d2edeb98ca09 ] Request (ImagesTestJSON:test_create_image_from_suspended_server): 202 POST http://10.180.1.21/compute/v2.1/servers/0a845004-19f8-49dc-88c0-781018fd41b9/action 1.372s
2025-11-17 15:03:29.057 66408 INFO tempest.lib.common.rest_client [req-89edcb77-c602-4ecf-83bd-7033d8684423 req-89edcb77-c602-4ecf-83bd-7033d8684423 ] Request (AttachInterfacesV270Test:tearDownClass): 200 GET http://10.180.1.21/compute/v2.1/servers/57f1fdfa-b9b3-4654-b5b6-2620d7b1d563 1.386s
2025-11-17 15:03:29.062 66402 INFO tempest.lib.common.rest_client [req-f073f7dd-7297-41cf-ad6c-b8b37059ec7e req-f073f7dd-7297-41cf-ad6c-b8b37059ec7e ] Request (DeleteServersAdminTestJSON:test_delete_server_while_in_error_state): 200 GET http://10.180.1.21/compute/v2.1/servers/d6be76ee-5d6a-4735-92b3-8a4ab5ca9fa0 1.256s
2025-11-17 15:03:29.068 66408 INFO tempest.common.waiters [-] State transition "ACTIVE/deleting" ==> "DELETED/None" after 3 second wait
2025-11-17 15:03:29.120 66376 INFO tempest.lib.common.rest_client [req-0c1e6d18-593f-4313-a76d-e4a4a8745a6c req-0c1e6d18-593f-4313-a76d-e4a4a8745a6c ] Request (ListServerFiltersTestJSON:setUpClass): 200 GET http://10.180.1.21/compute/v2.1/servers/2ab3309a-67ad-4a79-8df4-17408642847b 1.064s
2025-11-17 15:03:29.121 66382 INFO tempest.lib.common.rest_client [req-c3a5e7b0-4ad8-4eb1-91ec-cb7b773f51fd req-c3a5e7b0-4ad8-4eb1-91ec-cb7b773f51fd ] Request (ListImagesTestJSON:test_list_images): 200 GET http://10.180.1.21/compute/v2.1/images 1.060s
2025-11-17 15:03:29.211 66388 INFO tempest.lib.common.rest_client [req-6f10b00d-5e2d-4662-bd66-53365943e1fd req-6f10b00d-5e2d-4662-bd66-53365943e1fd ] Request (ServersListShow2100Test:test_list_show_rebuild_update_server_2100): 200 GET http://10.180.1.21/compute/v2.1/servers/2cdc1d46-e5f9-4eb3-9914-2b5e3bede25e 0.995s
2025-11-17 15:03:29.238 66433 INFO tempest.lib.common.rest_client [req-6ca6a4fd-23db-4dff-9484-a3bb7e2658b4 req-6ca6a4fd-23db-4dff-9484-a3bb7e2658b4 ] Request (ServersNegativeTestMultiTenantJSON:setUpClass): 200 GET http://10.180.1.21/compute/v2.1/servers/4ce83337-1906-4c4f-8eb1-5834476c91f7 1.140s
2025-11-17 15:03:29.309 66372 INFO tempest.lib.common.rest_client [req-9928a8e2-d139-4d6c-833d-99ec53885795 req-9928a8e2-d139-4d6c-833d-99ec53885795 ] Request (ServersAdminTestJSON:test_inject_network_info): 200 GET http://10.180.1.21/compute/v2.1/servers/d239b26c-19fd-470d-812e-c409432e80da 1.048s
2025-11-17 15:03:29.336 66414 INFO tempest.lib.common.rest_client [req-348144c2-5df6-400d-8039-a929c753a3c6 req-348144c2-5df6-400d-8039-a929c753a3c6 ] Request (ImagesOneServerTestJSON:test_create_delete_image): 200 GET http://10.180.1.21/compute/v2.1/servers/72e31b0f-b273-4e27-9cf4-72576cd3ef75 1.107s
2025-11-17 15:03:29.345 66414 INFO tempest.common.waiters [-] State transition "ACTIVE/image_uploading" ==> "ACTIVE/None" after 2 second wait
2025-11-17 15:03:29.374 66380 INFO tempest.lib.common.rest_client [req-9763eea1-ae9c-4682-95df-e197f2a3f93d req-9763eea1-ae9c-4682-95df-e197f2a3f93d ] Request (ServerDiskConfigTestJSON:test_rebuild_server_with_manual_disk_config): 200 GET http://10.180.1.21/compute/v2.1/servers/c4911b81-609a-4b14-a21a-476ff0c51284 1.090s
2025-11-17 15:03:29.405 66413 INFO tempest.lib.common.rest_client [req-509d41e4-aec9-4e06-bfc0-da276d651258 req-509d41e4-aec9-4e06-bfc0-da276d651258 ] Request (TenantUsagesTestJSON:tearDownClass): 200 GET http://10.180.1.21/compute/v2.1/servers/e9856069-8847-4934-be38-ad28d38b67e8 1.052s
2025-11-17 15:03:29.447 66416 INFO tempest.lib.common.rest_client [req-f0ede7a6-1b9f-403e-9e1b-7eff9a31bc6b req-f0ede7a6-1b9f-403e-9e1b-7eff9a31bc6b ] Request (ServersListShow298Test:tearDownClass): 200 GET http://10.180.1.21/compute/v2.1/servers/fafa5ad8-01ea-4b2a-ac27-25c696dede44 1.064s
2025-11-17 15:03:29.550 66398 INFO tempest.lib.common.rest_client [req-12611268-9753-4fa3-8de2-dae409cf1d85 req-12611268-9753-4fa3-8de2-dae409cf1d85 ] Request (SecurityGroupsTestJSON:test_list_security_groups_by_server): 200 GET http://10.180.1.21/compute/v2.1/servers/49f48960-ea75-4fcc-8b87-6831e315cad6/os-security-groups 1.050s
2025-11-17 15:03:29.566 66378 INFO tempest.lib.common.rest_client [req-7835ccde-a6f1-4c66-955f-0debee01ca00 req-7835ccde-a6f1-4c66-955f-0debee01ca00 ] Request (ServerMetadataNegativeTestJSON:tearDownClass): 200 GET http://10.180.1.21/compute/v2.1/servers/9d288fb9-0c94-42e5-8d72-58af83ebedd2 0.984s
2025-11-17 15:03:29.629 66374 INFO tempest.lib.common.rest_client [req-58f358fb-0b74-417a-a08a-7effcc63f1aa req-58f358fb-0b74-417a-a08a-7effcc63f1aa ] Request (ServersTestJSON:setUpClass): 200 GET http://10.180.1.21/compute/v2.1/servers/e4374187-8c2f-4618-b8b6-acd435625a1a 0.952s
2025-11-17 15:03:29.742 66394 INFO tempest.lib.common.rest_client [req-14ea94f3-3b91-44da-ad0e-4d498abb5827 req-14ea94f3-3b91-44da-ad0e-4d498abb5827 ] Request (ServerExternalEventsTest:test_create_server_external_events): 200 GET http://10.180.1.21/compute/v2.1/servers/974b728a-17ed-419a-a44b-4e7d7d928a84 1.089s
2025-11-17 15:03:29.762 66426 INFO tempest.lib.common.rest_client [req-54a9734b-351d-45d1-9d6e-dc033d128377 req-54a9734b-351d-45d1-9d6e-dc033d128377 ] Request (ImagesDeleteNegativeTestJSON:test_delete_non_existent_image): 404 DELETE http://10.180.1.21/compute/v2.1/images/6c5283b5-e346-43de-8c43-44e68fbd283a 1.029s
2025-11-17 15:03:29.780 66421 INFO tempest.lib.common.rest_client [req-8a08325d-1ca6-455b-bb5e-a5b6cd2d2c7a req-8a08325d-1ca6-455b-bb5e-a5b6cd2d2c7a ] Request (ListImageFiltersTestJSON:setUpClass): 200 GET http://10.180.1.21/compute/v2.1/servers/7bcdf753-8abf-48ab-873a-60cb9f57ff95 1.056s
2025-11-17 15:03:29.790 66406 INFO tempest.lib.common.rest_client [req-bcbddea0-16fa-4492-898c-a5a79e9eb299 req-bcbddea0-16fa-4492-898c-a5a79e9eb299 ] Request (FlavorsAdminTestJSON:test_list_public_flavor_with_other_user): 200 GET http://10.180.1.21/compute/v2.1/flavors/detail 1.032s
2025-11-17 15:03:29.831 66404 INFO tempest.lib.common.rest_client [req-9c31cd68-7be5-44b2-8091-31a23e160424 req-9c31cd68-7be5-44b2-8091-31a23e160424 ] Request (KeyPairsNegativeTestJSON:test_keypair_create_with_invalid_pub_key): 400 POST http://10.180.1.21/compute/v2.1/os-keypairs 1.066s
2025-11-17 15:03:29.897 66392 INFO tempest.lib.common.rest_client [req-05a8c9ba-d0b1-483d-a696-2ec8d02188a8 req-05a8c9ba-d0b1-483d-a696-2ec8d02188a8 ] Request (ServersTestFqdnHostnames:tearDownClass): 200 GET http://10.180.1.21/compute/v2.1/servers/8914ac6b-a8a3-4a61-9b1e-54eebaad719a 0.988s
2025-11-17 15:03:29.907 66396 INFO tempest.lib.common.rest_client [req-f52fb1a3-2b71-443c-b45b-98af19268d10 req-f52fb1a3-2b71-443c-b45b-98af19268d10 ] Request (ServerDiagnosticsV248Test:test_get_server_diagnostics): 200 GET http://10.180.1.21/compute/v2.1/servers/850b9972-2c13-4554-8547-6a2e00b9e09c 0.978s
2025-11-17 15:03:29.916 66396 INFO tempest.common.waiters [-] State transition "BUILD/None" ==> "BUILD/networking" after 33 second wait
2025-11-17 15:03:29.940 66426 INFO tempest.lib.common.rest_client [req-c819b940-5df8-493e-b251-40be800be95a req-c819b940-5df8-493e-b251-40be800be95a ] Request (ImagesDeleteNegativeTestJSON:tearDownClass): 204 DELETE http://10.180.1.21/identity/v3/users/00952e76758c4adaa0741be66ab41643 0.173s
2025-11-17 15:03:29.940 66426 INFO tempest.lib.common.dynamic_creds [-] Deleting project and security group for project: 88482bc4275c489ba69b8fa55c06c2f8
2025-11-17 15:03:30.016 66426 INFO tempest.lib.common.rest_client [req-b11ea205-53c8-4bd9-9c49-5f3a815dd95a req-b11ea205-53c8-4bd9-9c49-5f3a815dd95a ] Request (ImagesDeleteNegativeTestJSON:tearDownClass): 201 POST http://10.180.1.21/identity/v3/auth/tokens 0.075s
2025-11-17 15:03:30.042 66370 INFO tempest.lib.common.rest_client [req-d6722c15-015d-48d9-bdac-898144ec6d8b req-d6722c15-015d-48d9-bdac-898144ec6d8b ] Request (SecurityGroupRulesTestJSON:tearDownClass): 202 DELETE http://10.180.1.21/compute/v2.1/os-security-groups/cdc4bc0f-33b8-47a2-b239-abc5655a5e61 1.095s
2025-11-17 15:03:30.077 66425 INFO tempest.lib.common.rest_client [req-9c51a645-e064-4ca9-bbd1-5b16c3c09688 req-9c51a645-e064-4ca9-bbd1-5b16c3c09688 ] Request (ImagesTestJSON:test_create_image_from_suspended_server): 200 GET http://10.180.1.21/compute/v2.1/servers/0a845004-19f8-49dc-88c0-781018fd41b9 1.102s
2025-11-17 15:03:30.104 66422 INFO tempest.lib.common.rest_client [req-b3078f38-e11c-4dea-9412-aab83759a29f req-b3078f38-e11c-4dea-9412-aab83759a29f ] Request (AttachInterfacesTestJSON:test_create_list_show_delete_interfaces_by_fixed_ip): 200 GET http://10.180.1.21/compute/v2.1/servers/aa52e8ee-733d-4f07-b433-75d31e612ee6 1.116s
