2025-12-01 12:53:48.382 65600 INFO tempest.lib.common.rest_client [req-5cafb665-8b82-4ee7-9801-677bff9ee3a2 req-5cafb665-8b82-4ee7-9801-677bff9ee3a2 ] Request (ServerExternalEventsTest:test_create_server_external_events): 200 POST http://10.180.1.21/compute/v2.1/os-server-external-events 4.693s
2025-12-01 12:53:48.396 65582 INFO tempest.lib.common.rest_client [req-6192ac69-bdb0-4873-9e31-f405dda752bc req-6192ac69-bdb0-4873-9e31-f405dda752bc ] Request (QuotaClassesAdmin257Test:setUpClass): 201 POST http://10.180.1.21/identity/v3/users 0.169s
2025-12-01 12:53:48.399 65604 INFO tempest.lib.common.rest_client [req-f5dcc320-9f8d-40c6-8711-520558eaf10a req-f5dcc320-9f8d-40c6-8711-520558eaf10a ] Request (QuotasSecurityGroupAdminNegativeTest:setUpClass): 201 POST http://10.180.1.21/identity/v3/users 0.163s
2025-12-01 12:53:48.421 65582 INFO tempest.lib.common.rest_client [req-d6dda48c-006c-4ed0-84cd-465e246f8e46 req-d6dda48c-006c-4ed0-84cd-465e246f8e46 ] Request (QuotaClassesAdmin257Test:setUpClass): 200 GET http://10.180.1.21/identity/v3/roles 0.025s
2025-12-01 12:53:48.432 65624 INFO tempest.lib.common.rest_client [req-6bc5e3e7-afd2-4512-83fd-0d149a243163 req-6bc5e3e7-afd2-4512-83fd-0d149a243163 ] Request (ServerShowV254Test:setUpClass): 201 POST http://10.180.1.21/identity/v3/projects 0.091s
2025-12-01 12:53:48.443 65604 INFO tempest.lib.common.rest_client [req-574c2a5c-c051-4123-a79d-8a2ef4de0c09 req-574c2a5c-c051-4123-a79d-8a2ef4de0c09 ] Request (QuotasSecurityGroupAdminNegativeTest:setUpClass): 200 GET http://10.180.1.21/identity/v3/roles 0.043s
2025-12-01 12:53:48.484 65640 INFO tempest.lib.common.rest_client [req-6ad89b24-3f52-4021-9af3-fa157f93362f req-6ad89b24-3f52-4021-9af3-fa157f93362f ] Request (ServerDiagnosticsNegativeTest:tearDownClass): 204 DELETE http://10.180.1.21/compute/v2.1/servers/82792f64-3fef-4ff9-aa67-a46f09013ddb 4.740s
2025-12-01 12:53:48.511 65582 INFO tempest.lib.common.rest_client [req-e9110909-4568-4a50-991e-474d48ff8e3c req-e9110909-4568-4a50-991e-474d48ff8e3c ] Request (QuotaClassesAdmin257Test:setUpClass): 204 PUT http://10.180.1.21/identity/v3/projects/5348e85ae78c4f6e856c9bde9f92fe87/users/a4b85ee5922843fbafb69f8c6f470cd8/roles/4efdd8259df445d4bf750adb4ae38356 0.089s
2025-12-01 12:53:48.521 65626 INFO tempest.lib.common.rest_client [req-bfda8471-f9fd-41e3-8ad4-3542b6e887ad req-bfda8471-f9fd-41e3-8ad4-3542b6e887ad ] Request (FlavorsExtraSpecsTestJSON:test_flavor_set_get_update_show_unset_keys): 200 PUT http://10.180.1.21/compute/v2.1/flavors/419241694/os-extra_specs/hw:numa_nodes 4.731s
2025-12-01 12:53:48.530 65624 INFO tempest.lib.common.rest_client [req-8be35859-5dcc-4830-9d12-6163756921ec req-8be35859-5dcc-4830-9d12-6163756921ec ] Request (ServerShowV254Test:setUpClass): 201 POST http://10.180.1.21/identity/v3/users 0.097s
2025-12-01 12:53:48.598 65582 INFO tempest.lib.common.rest_client [req-aacd6f67-4d03-4d51-b66b-8fdb11a8c623 req-aacd6f67-4d03-4d51-b66b-8fdb11a8c623 ] Request (QuotaClassesAdmin257Test:setUpClass): 200 GET http://10.180.1.21/identity/v3/roles 0.086s
2025-12-01 12:53:48.601 65604 INFO tempest.lib.common.rest_client [req-f6e95076-f817-4d7f-8354-7db7cf85b0ef req-f6e95076-f817-4d7f-8354-7db7cf85b0ef ] Request (QuotasSecurityGroupAdminNegativeTest:setUpClass): 204 PUT http://10.180.1.21/identity/v3/projects/4cc9197bcdd64a62aa42d21d41553f89/users/8eaab2f40f4b414faa179b74fe10c8b4/roles/298d7405032e451a9bbdb119f1ed52c0 0.158s
2025-12-01 12:53:48.601 65604 INFO tempest.lib.common.dynamic_creds [-] Dynamic test user 8eaab2f40f4b414faa179b74fe10c8b4 is created with scope project and roles: ['member']
2025-12-01 12:53:48.602 65604 INFO tempest.lib.common.dynamic_creds [-] Acquired dynamic creds: credentials: Credentials: {'domain_id': 'default', 'domain_name': 'Default', 'username': 'tempest-QuotasSecurityGroupAdminNegativeTest-992142947-project-member', 'project_domain_id': 'default', 'project_domain_name': 'Default', 'project_id': '4cc9197bcdd64a62aa42d21d41553f89', 'project_name': 'tempest-QuotasSecurityGroupAdminNegativeTest-992142947', 'tenant_id': '4cc9197bcdd64a62aa42d21d41553f89', 'tenant_name': 'tempest-QuotasSecurityGroupAdminNegativeTest-992142947', 'user_domain_id': 'default', 'user_domain_name': 'Default', 'user_id': '8eaab2f40f4b414faa179b74fe10c8b4', 'system': None}, Network: None, Subnet: None, Router: None
2025-12-01 12:53:48.602 65604 INFO tempest.lib.common.dynamic_creds [-] Created isolated network resources for: credentials: Credentials: {'domain_id': 'default', 'domain_name': 'Default', 'username': 'tempest-QuotasSecurityGroupAdminNegativeTest-992142947-project-member', 'project_domain_id': 'default', 'project_domain_name': 'Default', 'project_id': '4cc9197bcdd64a62aa42d21d41553f89', 'project_name': 'tempest-QuotasSecurityGroupAdminNegativeTest-992142947', 'tenant_id': '4cc9197bcdd64a62aa42d21d41553f89', 'tenant_name': 'tempest-QuotasSecurityGroupAdminNegativeTest-992142947', 'user_domain_id': 'default', 'user_domain_name': 'Default', 'user_id': '8eaab2f40f4b414faa179b74fe10c8b4', 'system': None}, Network: None, Subnet: None, Router: None
2025-12-01 12:53:48.660 65624 INFO tempest.lib.common.rest_client [req-2b4f9c9e-2ce2-4218-a72e-04b7fd30e927 req-2b4f9c9e-2ce2-4218-a72e-04b7fd30e927 ] Request (ServerShowV254Test:setUpClass): 200 GET http://10.180.1.21/identity/v3/roles 0.129s
2025-12-01 12:53:48.664 65582 INFO tempest.lib.common.rest_client [req-218d1b83-7cd2-4cff-b439-a242bff6a7e9 req-218d1b83-7cd2-4cff-b439-a242bff6a7e9 ] Request (QuotaClassesAdmin257Test:setUpClass): 204 PUT http://10.180.1.21/identity/v3/projects/5348e85ae78c4f6e856c9bde9f92fe87/users/a4b85ee5922843fbafb69f8c6f470cd8/roles/4efdd8259df445d4bf750adb4ae38356 0.065s
2025-12-01 12:53:48.664 65582 INFO tempest.lib.common.dynamic_creds [-] Dynamic test user a4b85ee5922843fbafb69f8c6f470cd8 is created with scope project and roles: ['admin']
2025-12-01 12:53:48.665 65582 INFO tempest.lib.common.dynamic_creds [-] Acquired dynamic creds: credentials: Credentials: {'domain_id': 'default', 'domain_name': 'Default', 'username': 'tempest-QuotaClassesAdmin257Test-604944250-project-admin', 'project_domain_id': 'default', 'project_domain_name': 'Default', 'project_id': '5348e85ae78c4f6e856c9bde9f92fe87', 'project_name': 'tempest-QuotaClassesAdmin257Test-604944250', 'tenant_id': '5348e85ae78c4f6e856c9bde9f92fe87', 'tenant_name': 'tempest-QuotaClassesAdmin257Test-604944250', 'user_domain_id': 'default', 'user_domain_name': 'Default', 'user_id': 'a4b85ee5922843fbafb69f8c6f470cd8', 'system': None}, Network: None, Subnet: None, Router: None
2025-12-01 12:53:48.665 65582 INFO tempest.lib.common.dynamic_creds [-] Created isolated network resources for: credentials: Credentials: {'domain_id': 'default', 'domain_name': 'Default', 'username': 'tempest-QuotaClassesAdmin257Test-604944250-project-admin', 'project_domain_id': 'default', 'project_domain_name': 'Default', 'project_id': '5348e85ae78c4f6e856c9bde9f92fe87', 'project_name': 'tempest-QuotaClassesAdmin257Test-604944250', 'tenant_id': '5348e85ae78c4f6e856c9bde9f92fe87', 'tenant_name': 'tempest-QuotaClassesAdmin257Test-604944250', 'user_domain_id': 'default', 'user_domain_name': 'Default', 'user_id': 'a4b85ee5922843fbafb69f8c6f470cd8', 'system': None}, Network: None, Subnet: None, Router: None
2025-12-01 12:53:48.684 65586 INFO tempest.lib.common.rest_client [req-f458ee9a-221a-4ab1-bd82-9c8ffbf01787 req-f458ee9a-221a-4ab1-bd82-9c8ffbf01787 ] Request (MigrationsAdminTest:test_list_migrations_in_flavor_resize_situation): 200 GET http://10.180.1.21/compute/v2.1/servers/c0be0915-306c-4e95-886d-fc448e607c25 5.029s
2025-12-01 12:53:48.700 65608 INFO tempest.lib.common.rest_client [req-6ba2a73c-d890-431d-bca3-9691956e3c41 req-6ba2a73c-d890-431d-bca3-9691956e3c41 ] Request (HostsAdminNegativeTestJSON:test_show_host_detail_with_nonexistent_hostname): 404 GET http://10.180.1.21/compute/v2.1/os-hosts/nonexistent_hostname 4.863s
2025-12-01 12:53:48.745 65604 INFO tempest.lib.common.rest_client [req-0f22416e-1948-45f6-8613-02185f8efd12 req-0f22416e-1948-45f6-8613-02185f8efd12 ] Request (QuotasSecurityGroupAdminNegativeTest:setUpClass): 201 POST http://10.180.1.21/identity/v3/auth/tokens 0.140s
2025-12-01 12:53:48.746 65624 INFO tempest.lib.common.rest_client [req-10ea2050-95d3-4a8c-8f46-04c3a1cb6afa req-10ea2050-95d3-4a8c-8f46-04c3a1cb6afa ] Request (ServerShowV254Test:setUpClass): 204 PUT http://10.180.1.21/identity/v3/projects/ce6175e5fac143adb082dbf0af1b1d81/users/f5a824864ef243739b920217510e2b07/roles/298d7405032e451a9bbdb119f1ed52c0 0.085s
2025-12-01 12:53:48.746 65624 INFO tempest.lib.common.dynamic_creds [-] Dynamic test user f5a824864ef243739b920217510e2b07 is created with scope project and roles: ['member']
2025-12-01 12:53:48.746 65624 INFO tempest.lib.common.dynamic_creds [-] Acquired dynamic creds: credentials: Credentials: {'domain_id': 'default', 'domain_name': 'Default', 'username': 'tempest-ServerShowV254Test-1392528976-project-member', 'project_domain_id': 'default', 'project_domain_name': 'Default', 'project_id': 'ce6175e5fac143adb082dbf0af1b1d81', 'project_name': 'tempest-ServerShowV254Test-1392528976', 'tenant_id': 'ce6175e5fac143adb082dbf0af1b1d81', 'tenant_name': 'tempest-ServerShowV254Test-1392528976', 'user_domain_id': 'default', 'user_domain_name': 'Default', 'user_id': 'f5a824864ef243739b920217510e2b07', 'system': None}, Network: None, Subnet: None, Router: None
2025-12-01 12:53:48.746 65624 INFO tempest.lib.common.dynamic_creds [-] Created isolated network resources for: credentials: Credentials: {'domain_id': 'default', 'domain_name': 'Default', 'username': 'tempest-ServerShowV254Test-1392528976-project-member', 'project_domain_id': 'default', 'project_domain_name': 'Default', 'project_id': 'ce6175e5fac143adb082dbf0af1b1d81', 'project_name': 'tempest-ServerShowV254Test-1392528976', 'tenant_id': 'ce6175e5fac143adb082dbf0af1b1d81', 'tenant_name': 'tempest-ServerShowV254Test-1392528976', 'user_domain_id': 'default', 'user_domain_name': 'Default', 'user_id': 'f5a824864ef243739b920217510e2b07', 'system': None}, Network: None, Subnet: None, Router: None
2025-12-01 12:53:48.808 65604 INFO tempest.lib.common.rest_client [req-911e799b-5250-4bb6-9bd3-f677715dc92d req-911e799b-5250-4bb6-9bd3-f677715dc92d ] Request (QuotasSecurityGroupAdminNegativeTest:setUpClass): 201 POST http://10.180.1.21/identity/v3/projects 0.062s
2025-12-01 12:53:48.809 65582 INFO tempest.lib.common.rest_client [req-fd26dc6d-3f86-4491-88a6-d898d2cb7f60 req-fd26dc6d-3f86-4491-88a6-d898d2cb7f60 ] Request (QuotaClassesAdmin257Test:setUpClass): 201 POST http://10.180.1.21/identity/v3/auth/tokens 0.141s
2025-12-01 12:53:48.835 65636 INFO tempest.lib.common.rest_client [req-369961e2-d599-42e4-9a78-5f29a3eb1f10 req-369961e2-d599-42e4-9a78-5f29a3eb1f10 ] Request (SecurityGroupRulesNegativeTestJSON:test_create_security_group_rule_with_invalid_ip_protocol): 200 POST http://10.180.1.21/compute/v2.1/os-security-groups 5.034s
2025-12-01 12:53:48.864 65604 INFO tempest.lib.common.rest_client [req-724c1966-318f-4356-87b9-49796d2bc13d req-724c1966-318f-4356-87b9-49796d2bc13d ] Request (QuotasSecurityGroupAdminNegativeTest:setUpClass): 201 POST http://10.180.1.21/identity/v3/users 0.056s
2025-12-01 12:53:48.878 65624 INFO tempest.lib.common.rest_client [req-394888ac-f40d-4056-9797-c346f30f9aed req-394888ac-f40d-4056-9797-c346f30f9aed ] Request (ServerShowV254Test:setUpClass): 201 POST http://10.180.1.21/identity/v3/auth/tokens 0.128s
2025-12-01 12:53:48.890 65604 INFO tempest.lib.common.rest_client [req-92ce4a95-342e-4095-959d-4788f131000c req-92ce4a95-342e-4095-959d-4788f131000c ] Request (QuotasSecurityGroupAdminNegativeTest:setUpClass): 200 GET http://10.180.1.21/identity/v3/roles 0.025s
2025-12-01 12:53:48.916 65624 INFO tempest.lib.common.rest_client [req-39382f6c-d696-4d0c-803f-fa9813af53a7 req-39382f6c-d696-4d0c-803f-fa9813af53a7 ] Request (ServerShowV254Test:test_rebuild_server): 201 POST http://10.180.1.21/identity/v3/auth/tokens 0.034s
2025-12-01 12:53:48.917 65624 INFO tempest.lib.common.fixed_network [-] (ServerShowV254Test:test_rebuild_server) Found network None available for tenant
2025-12-01 12:53:48.943 65604 INFO tempest.lib.common.rest_client [req-0c695c20-f951-4fe9-a5d6-329c7c538a2e req-0c695c20-f951-4fe9-a5d6-329c7c538a2e ] Request (QuotasSecurityGroupAdminNegativeTest:setUpClass): 204 PUT http://10.180.1.21/identity/v3/projects/174964a125464eeb8a784a86c00f8a47/users/5dc93b5fb0de4b2294b91a3f1b08f5b0/roles/4efdd8259df445d4bf750adb4ae38356 0.052s
2025-12-01 12:53:49.003 65604 INFO tempest.lib.common.rest_client [req-2de20db7-8878-43f1-b726-6ffc97894ef6 req-2de20db7-8878-43f1-b726-6ffc97894ef6 ] Request (QuotasSecurityGroupAdminNegativeTest:setUpClass): 200 GET http://10.180.1.21/identity/v3/roles 0.059s
2025-12-01 12:53:49.026 65604 INFO tempest.lib.common.rest_client [req-dbf8c452-278c-449b-9cc3-ac44f8a34faa req-dbf8c452-278c-449b-9cc3-ac44f8a34faa ] Request (QuotasSecurityGroupAdminNegativeTest:setUpClass): 204 PUT http://10.180.1.21/identity/v3/projects/174964a125464eeb8a784a86c00f8a47/users/5dc93b5fb0de4b2294b91a3f1b08f5b0/roles/4efdd8259df445d4bf750adb4ae38356 0.023s
2025-12-01 12:53:49.027 65604 INFO tempest.lib.common.dynamic_creds [-] Dynamic test user 5dc93b5fb0de4b2294b91a3f1b08f5b0 is created with scope project and roles: ['admin']
2025-12-01 12:53:49.027 65604 INFO tempest.lib.common.dynamic_creds [-] Acquired dynamic creds: credentials: Credentials: {'domain_id': 'default', 'domain_name': 'Default', 'username': 'tempest-QuotasSecurityGroupAdminNegativeTest-2058251042-project-admin', 'project_domain_id': 'default', 'project_domain_name': 'Default', 'project_id': '174964a125464eeb8a784a86c00f8a47', 'project_name': 'tempest-QuotasSecurityGroupAdminNegativeTest-2058251042', 'tenant_id': '174964a125464eeb8a784a86c00f8a47', 'tenant_name': 'tempest-QuotasSecurityGroupAdminNegativeTest-2058251042', 'user_domain_id': 'default', 'user_domain_name': 'Default', 'user_id': '5dc93b5fb0de4b2294b91a3f1b08f5b0', 'system': None}, Network: None, Subnet: None, Router: None
2025-12-01 12:53:49.027 65604 INFO tempest.lib.common.dynamic_creds [-] Created isolated network resources for: credentials: Credentials: {'domain_id': 'default', 'domain_name': 'Default', 'username': 'tempest-QuotasSecurityGroupAdminNegativeTest-2058251042-project-admin', 'project_domain_id': 'default', 'project_domain_name': 'Default', 'project_id': '174964a125464eeb8a784a86c00f8a47', 'project_name': 'tempest-QuotasSecurityGroupAdminNegativeTest-2058251042', 'tenant_id': '174964a125464eeb8a784a86c00f8a47', 'tenant_name': 'tempest-QuotasSecurityGroupAdminNegativeTest-2058251042', 'user_domain_id': 'default', 'user_domain_name': 'Default', 'user_id': '5dc93b5fb0de4b2294b91a3f1b08f5b0', 'system': None}, Network: None, Subnet: None, Router: None
2025-12-01 12:53:49.113 65604 INFO tempest.lib.common.rest_client [req-bc6439f8-41fc-4daf-878b-21ef21db8a1c req-bc6439f8-41fc-4daf-878b-21ef21db8a1c ] Request (QuotasSecurityGroupAdminNegativeTest:setUpClass): 201 POST http://10.180.1.21/identity/v3/auth/tokens 0.082s
2025-12-01 12:53:49.114 65604 WARNING tempest.lib.common.rest_client [-] Deprecated: "tenant_id" property is deprecated for removal, use "project_id" instead
2025-12-01 12:53:49.219 65604 INFO tempest.lib.common.rest_client [req-abaa68c4-83e6-401e-a929-1295313e232e req-abaa68c4-83e6-401e-a929-1295313e232e ] Request (QuotasSecurityGroupAdminNegativeTest:tearDownClass): 204 DELETE http://10.180.1.21/identity/v3/users/8eaab2f40f4b414faa179b74fe10c8b4 0.103s
2025-12-01 12:53:49.240 65642 INFO tempest.lib.common.rest_client [req-dfd89625-ff24-4011-9df5-57fd006bfeeb req-dfd89625-ff24-4011-9df5-57fd006bfeeb ] Request (ServerActionsV293TestJSON:setUpClass): 200 GET http://10.180.1.21/volume/v3/volumes/47ffa0c1-f600-4d5e-8fe4-2c52e0fa782d 0.038s
2025-12-01 12:53:49.326 65604 INFO tempest.lib.common.rest_client [req-f7202be3-c9a8-4be3-ba88-64b3ac19dc1c req-f7202be3-c9a8-4be3-ba88-64b3ac19dc1c ] Request (QuotasSecurityGroupAdminNegativeTest:tearDownClass): 204 DELETE http://10.180.1.21/identity/v3/users/5dc93b5fb0de4b2294b91a3f1b08f5b0 0.106s
2025-12-01 12:53:49.326 65604 INFO tempest.lib.common.dynamic_creds [-] Deleting project and security group for project: 174964a125464eeb8a784a86c00f8a47
2025-12-01 12:53:49.400 65580 INFO tempest.lib.common.rest_client [req-167a167a-5b76-4398-adf1-374ecc51f5d3 req-167a167a-5b76-4398-adf1-374ecc51f5d3 ] Request (ServerRescueTestJSON:setUpClass): 200 GET http://10.180.1.21/compute/v2.1/servers/1cdde3e7-650a-4e87-89f2-4b55a01c0f7d 5.454s
2025-12-01 12:53:49.401 65604 INFO tempest.lib.common.rest_client [req-4cab63c7-034c-4023-a917-29c97e3dc62e req-4cab63c7-034c-4023-a917-29c97e3dc62e ] Request (QuotasSecurityGroupAdminNegativeTest:tearDownClass): 201 POST http://10.180.1.21/identity/v3/auth/tokens 0.075s
2025-12-01 12:53:49.427 65644 INFO tempest.lib.common.rest_client [req-c1a22be1-11f4-4ff6-9b0a-e41157a4ff2e req-c1a22be1-11f4-4ff6-9b0a-e41157a4ff2e ] Request (ServerAddressesTestJSON:setUpClass): 200 GET http://10.180.1.21/compute/v2.1/servers/cdba07ed-8967-4a6a-a580-42dfeca50921 5.413s
2025-12-01 12:53:49.435 65644 INFO tempest.common.waiters [-] State transition "BUILD/None" ==> "BUILD/spawning" after 6 second wait
2025-12-01 12:53:49.862 65604 INFO tempest.lib.common.rest_client [req-53a7f39d-493a-493d-90d9-90cb1ee6bc01 req-53a7f39d-493a-493d-90d9-90cb1ee6bc01 ] Request (QuotasSecurityGroupAdminNegativeTest:tearDownClass): 200 GET http://10.180.1.21/networking/v2.0/security-groups?tenant_id=174964a125464eeb8a784a86c00f8a47&name=default 0.459s
2025-12-01 12:53:49.931 65590 INFO tempest.lib.common.rest_client [req-52063ed4-943e-4390-afdd-aeb7fd7ac3bd req-52063ed4-943e-4390-afdd-aeb7fd7ac3bd ] Request (AttachVolumeShelveTestJSON:test_attach_volume_shelved_or_offload_server): 200 GET http://10.180.1.21/compute/v2.1/servers/4f064a1c-c011-404c-a922-418b59ab8436 5.189s
2025-12-01 12:53:49.995 65604 INFO tempest.lib.common.rest_client [req-5651857c-e775-464b-b47e-eb11e8b3cc4e req-5651857c-e775-464b-b47e-eb11e8b3cc4e ] Request (QuotasSecurityGroupAdminNegativeTest:tearDownClass): 204 DELETE http://10.180.1.21/networking/v2.0/security-groups/ba7ff50b-7e23-4442-8979-7cf902c38fa8 0.132s
2025-12-01 12:53:50.024 65620 INFO tempest.lib.common.rest_client [req-5b78f4b2-3a02-4322-8b58-12521efbcee8 req-5b78f4b2-3a02-4322-8b58-12521efbcee8 ] Request (VolumesAssistedSnapshotsTest:test_volume_assisted_snapshot_create_delete): 200 GET http://10.180.1.21/compute/v2.1/servers/d275f46a-5e02-4ec2-8282-a3843e2ed793 5.898s
2025-12-01 12:53:50.032 65620 INFO tempest.common.waiters [-] State transition "BUILD/None" ==> "BUILD/spawning" after 7 second wait
2025-12-01 12:53:50.035 65602 INFO tempest.lib.common.rest_client [req-c371f01e-f233-40c8-8b0b-9194610800da req-c371f01e-f233-40c8-8b0b-9194610800da ] Request (FlavorsV2TestJSON:test_list_flavors): 200 GET http://10.180.1.21/compute/v2.1/flavors/42 5.267s
2025-12-01 12:53:50.066 65604 INFO tempest.lib.common.rest_client [req-a2935c50-4012-48a5-8850-c5214d8b6afd req-a2935c50-4012-48a5-8850-c5214d8b6afd ] Request (QuotasSecurityGroupAdminNegativeTest:tearDownClass): 204 DELETE http://10.180.1.21/identity/v3/projects/174964a125464eeb8a784a86c00f8a47 0.071s
2025-12-01 12:53:50.066 65604 INFO tempest.lib.common.dynamic_creds [-] Deleting project and security group for project: 4cc9197bcdd64a62aa42d21d41553f89
2025-12-01 12:53:50.221 65604 INFO tempest.lib.common.rest_client [req-4a4f0928-5375-409e-97bd-cf415988c35e req-4a4f0928-5375-409e-97bd-cf415988c35e ] Request (QuotasSecurityGroupAdminNegativeTest:tearDownClass): 200 GET http://10.180.1.21/networking/v2.0/security-groups?tenant_id=4cc9197bcdd64a62aa42d21d41553f89&name=default 0.154s
2025-12-01 12:53:50.232 65594 INFO tempest.lib.common.rest_client [req-10877bb9-7122-49c3-a984-ce4937443140 req-10877bb9-7122-49c3-a984-ce4937443140 ] Request (QuotasAdminTestJSON:test_get_updated_quotas): 200 PUT http://10.180.1.21/compute/v2.1/os-quota-sets/877efee51ba14e91a1b4380f49276b87?user_id=97ee3d0cd9fb4307a7c7238c120f77b9 5.333s
2025-12-01 12:53:50.278 65642 INFO tempest.lib.common.rest_client [req-6ce928df-9a7b-41b0-a901-bc8b8730e5e6 req-6ce928df-9a7b-41b0-a901-bc8b8730e5e6 ] Request (ServerActionsV293TestJSON:setUpClass): 200 GET http://10.180.1.21/volume/v3/volumes/47ffa0c1-f600-4d5e-8fe4-2c52e0fa782d 0.029s
2025-12-01 12:53:50.435 65604 INFO tempest.lib.common.rest_client [req-d3cb3ce8-b1c0-4512-9350-7af6f34be5e8 req-d3cb3ce8-b1c0-4512-9350-7af6f34be5e8 ] Request (QuotasSecurityGroupAdminNegativeTest:tearDownClass): 204 DELETE http://10.180.1.21/networking/v2.0/security-groups/216eca97-ef6c-4a37-9495-2aad68562a35 0.213s
2025-12-01 12:53:50.479 65639 INFO tempest.lib.common.rest_client [req-57ffd4c2-e5b5-4722-8d6c-4764c388bbae req-57ffd4c2-e5b5-4722-8d6c-4764c388bbae ] Request (DeleteServersAdminTestJSON:test_admin_delete_servers_of_others): 200 GET http://10.180.1.21/compute/v2.1/servers/9013f76b-5bc6-4a14-9b1d-7bfdc5ba7bb9 5.141s
2025-12-01 12:53:50.573 65604 INFO tempest.lib.common.rest_client [req-29c1a23a-3ad9-43d8-8917-acdbcfca0cad req-29c1a23a-3ad9-43d8-8917-acdbcfca0cad ] Request (QuotasSecurityGroupAdminNegativeTest:tearDownClass): 204 DELETE http://10.180.1.21/identity/v3/projects/4cc9197bcdd64a62aa42d21d41553f89 0.138s
2025-12-01 12:53:50.661 65618 INFO tempest.lib.common.rest_client [req-3f45cc5a-e889-4713-b16c-6e09e6a21b3a req-3f45cc5a-e889-4713-b16c-6e09e6a21b3a ] Request (ServerDiagnosticsTest:test_get_server_diagnostics): 202 POST http://10.180.1.21/compute/v2.1/servers 5.902s
2025-12-01 12:53:50.665 65604 INFO tempest.lib.common.rest_client [req-b30f7565-3618-494d-809d-47e4cd5486d9 req-b30f7565-3618-494d-809d-47e4cd5486d9 ] Request (FloatingIPDetailsTestJSON:setUpClass): 201 POST http://10.180.1.21/identity/v3/auth/tokens 0.088s
2025-12-01 12:53:50.713 65604 INFO tempest.lib.common.rest_client [req-3fac2e20-fb0e-4c3a-81ec-44783aec4686 req-3fac2e20-fb0e-4c3a-81ec-44783aec4686 ] Request (FloatingIPDetailsTestJSON:setUpClass): 201 POST http://10.180.1.21/identity/v3/auth/tokens 0.044s
2025-12-01 12:53:50.750 65604 INFO tempest.lib.common.rest_client [req-1d4b9df8-5268-4b85-81e3-37e9f0d4d312 req-1d4b9df8-5268-4b85-81e3-37e9f0d4d312 ] Request (FloatingIPDetailsTestJSON:setUpClass): 200 GET http://10.180.1.21/identity/v3/domains?name=Default 0.036s
2025-12-01 12:53:50.801 65604 INFO tempest.lib.common.rest_client [req-63800298-9d45-4b95-9ef5-abf81953af81 req-63800298-9d45-4b95-9ef5-abf81953af81 ] Request (FloatingIPDetailsTestJSON:setUpClass): 201 POST http://10.180.1.21/identity/v3/projects 0.051s
2025-12-01 12:53:50.882 65604 INFO tempest.lib.common.rest_client [req-180112e5-9be3-4ea4-a49f-d81d0de48431 req-180112e5-9be3-4ea4-a49f-d81d0de48431 ] Request (FloatingIPDetailsTestJSON:setUpClass): 201 POST http://10.180.1.21/identity/v3/users 0.080s
2025-12-01 12:53:50.912 65604 INFO tempest.lib.common.rest_client [req-c17db1ab-7b4b-4a89-a2a4-f01fb48068e4 req-c17db1ab-7b4b-4a89-a2a4-f01fb48068e4 ] Request (FloatingIPDetailsTestJSON:setUpClass): 200 GET http://10.180.1.21/identity/v3/roles 0.029s
2025-12-01 12:53:50.942 65604 INFO tempest.lib.common.rest_client [req-1a19f840-673d-41fd-95a3-e4d83d71b0af req-1a19f840-673d-41fd-95a3-e4d83d71b0af ] Request (FloatingIPDetailsTestJSON:setUpClass): 204 PUT http://10.180.1.21/identity/v3/projects/696ba1de1ce14ed2966d8543e2dded59/users/16e6e4addba84ddba1202e04d2961705/roles/298d7405032e451a9bbdb119f1ed52c0 0.030s
2025-12-01 12:53:50.942 65604 INFO tempest.lib.common.dynamic_creds [-] Dynamic test user 16e6e4addba84ddba1202e04d2961705 is created with scope project and roles: ['member']
2025-12-01 12:53:50.943 65604 INFO tempest.lib.common.dynamic_creds [-] Acquired dynamic creds: credentials: Credentials: {'domain_id': 'default', 'domain_name': 'Default', 'username': 'tempest-FloatingIPDetailsTestJSON-1255093223-project-member', 'project_domain_id': 'default', 'project_domain_name': 'Default', 'project_id': '696ba1de1ce14ed2966d8543e2dded59', 'project_name': 'tempest-FloatingIPDetailsTestJSON-1255093223', 'tenant_id': '696ba1de1ce14ed2966d8543e2dded59', 'tenant_name': 'tempest-FloatingIPDetailsTestJSON-1255093223', 'user_domain_id': 'default', 'user_domain_name': 'Default', 'user_id': '16e6e4addba84ddba1202e04d2961705', 'system': None}, Network: None, Subnet: None, Router: None
2025-12-01 12:53:51.011 65604 INFO tempest.lib.common.rest_client [req-c00d1389-dffe-4018-a4cd-a90c5bb8b491 req-c00d1389-dffe-4018-a4cd-a90c5bb8b491 ] Request (FloatingIPDetailsTestJSON:setUpClass): 201 POST http://10.180.1.21/identity/v3/auth/tokens 0.068s
2025-12-01 12:53:51.195 65584 INFO tempest.lib.common.rest_client [req-89d7d87f-b753-4be3-9414-c62fb6cc20fb req-89d7d87f-b753-4be3-9414-c62fb6cc20fb ] Request (SecurityGroupsTestAdminJSON:_run_cleanups): 202 DELETE http://10.180.1.21/compute/v2.1/os-security-groups/31a1ed37-7830-430c-8537-f650931ae82f 3.822s
2025-12-01 12:53:51.248 65588 INFO tempest.lib.common.rest_client [req-f6b54ba2-43b6-4ba5-94c0-45c5deb33341 req-f6b54ba2-43b6-4ba5-94c0-45c5deb33341 ] Request (ImagesMetadataTestJSON:test_list_image_metadata): 200 GET http://10.180.1.21/compute/v2.1/images/82c0d688-1881-4275-a6de-d75a17a33665/metadata 3.669s
2025-12-01 12:53:51.333 65606 INFO tempest.lib.common.rest_client [req-721a1074-34bb-45b5-acf4-12dc4f55f37f req-721a1074-34bb-45b5-acf4-12dc4f55f37f ] Request (ValidationResourcesFixture:setUp): 200 POST http://10.180.1.21/compute/v2.1/os-keypairs 3.710s
2025-12-01 12:53:51.333 65642 INFO tempest.lib.common.rest_client [req-b862fee1-2624-456f-bf3b-9cacbcc75c81 req-b862fee1-2624-456f-bf3b-9cacbcc75c81 ] Request (ServerActionsV293TestJSON:setUpClass): 200 GET http://10.180.1.21/volume/v3/volumes/47ffa0c1-f600-4d5e-8fe4-2c52e0fa782d 0.044s
2025-12-01 12:53:51.351 65596 INFO tempest.lib.common.rest_client [req-ed745dd8-1a77-4fa6-8eed-fb36e459d24c req-ed745dd8-1a77-4fa6-8eed-fb36e459d24c ] Request (FlavorsAccessNegativeTestJSON:test_flavor_access_list_with_public_flavor): 404 GET http://10.180.1.21/compute/v2.1/flavors/1303093715/os-flavor-access 3.709s
2025-12-01 12:53:51.373 65628 INFO tempest.lib.common.rest_client [req-8c49645c-5571-4358-b21e-a93cbb010322 req-8c49645c-5571-4358-b21e-a93cbb010322 ] Request (AggregatesAdminNegativeTestJSON:_run_cleanups): 200 DELETE http://10.180.1.21/compute/v2.1/os-aggregates/2 3.588s
2025-12-01 12:53:51.379 65610 INFO tempest.lib.common.rest_client [req-c4cca30b-5df0-400a-aa58-209b216e4333 req-c4cca30b-5df0-400a-aa58-209b216e4333 ] Request (HypervisorAdminNegativeTestJSON:test_show_hypervisor_with_non_admin_user): 403 GET http://10.180.1.21/compute/v2.1/os-hypervisors/1 3.561s
2025-12-01 12:53:51.550 65604 INFO tempest.lib.common.rest_client [req-1281c66c-5409-4e22-ba22-0dd02156c7d3 req-1281c66c-5409-4e22-ba22-0dd02156c7d3 ] Request (FloatingIPDetailsTestJSON:setUpClass): 201 POST http://10.180.1.21/networking/v2.0/networks 0.538s
2025-12-01 12:53:51.724 65606 INFO tempest.lib.common.rest_client [req-3034e830-fdfb-40a8-85aa-8b01e520c363 req-3034e830-fdfb-40a8-85aa-8b01e520c363 ] Request (ValidationResourcesFixture:setUp): 201 POST http://10.180.1.21/networking/v2.0/security-groups 0.389s
2025-12-01 12:53:51.776 65616 INFO tempest.lib.common.rest_client [req-aa1eaf0d-4207-4e39-b4e5-13f9aa514363 req-aa1eaf0d-4207-4e39-b4e5-13f9aa514363 ] Request (ImagesTestJSON:test_create_image_from_stopped_server): 200 GET http://10.180.1.21/compute/v2.1/servers/4c6c5894-897c-498f-8147-1061e8fbc55d 3.789s
2025-12-01 12:53:51.884 65600 INFO tempest.lib.common.rest_client [req-a8aa797e-659d-4b97-9177-a60fe054dea6 req-a8aa797e-659d-4b97-9177-a60fe054dea6 ] Request (ServerExternalEventsTest:tearDownClass): 204 DELETE http://10.180.1.21/compute/v2.1/servers/952ec084-8ef6-4b5c-890e-dbf65a0739a1 3.491s
2025-12-01 12:53:51.908 65606 INFO tempest.lib.common.rest_client [req-c024832f-52e2-42fd-a99c-bc994695ef78 req-c024832f-52e2-42fd-a99c-bc994695ef78 ] Request (ValidationResourcesFixture:setUp): 201 POST http://10.180.1.21/networking/v2.0/security-group-rules 0.184s
2025-12-01 12:53:51.937 65604 INFO tempest.lib.common.rest_client [req-f82c242e-6f77-4fe9-a3d4-bcef9fe68531 req-f82c242e-6f77-4fe9-a3d4-bcef9fe68531 ] Request (FloatingIPDetailsTestJSON:setUpClass): 201 POST http://10.180.1.21/networking/v2.0/subnets 0.386s
2025-12-01 12:53:52.044 65612 INFO tempest.lib.common.rest_client [req-3b1d986b-3b9d-4958-a692-a900ce300485 req-3b1d986b-3b9d-4958-a692-a900ce300485 ] Request (ServerMetadataNegativeTestJSON:setUpClass): 202 POST http://10.180.1.21/compute/v2.1/servers 4.762s
2025-12-01 12:53:52.059 65626 INFO tempest.lib.common.rest_client [req-37b03d0f-bf44-4c8c-8c66-81ad884eb4ce req-37b03d0f-bf44-4c8c-8c66-81ad884eb4ce ] Request (FlavorsExtraSpecsTestJSON:test_flavor_set_get_update_show_unset_keys): 200 GET http://10.180.1.21/compute/v2.1/flavors/419241694/os-extra_specs 3.537s
2025-12-01 12:53:52.066 65608 INFO tempest.lib.common.rest_client [req-fc704a77-e891-4dde-a44f-786f7471fd1c req-fc704a77-e891-4dde-a44f-786f7471fd1c ] Request (HostsAdminNegativeTestJSON:test_shutdown_host_with_non_admin_user): 403 GET http://10.180.1.21/compute/v2.1/os-hosts/devstack/shutdown 3.363s
2025-12-01 12:53:52.106 65606 INFO tempest.lib.common.rest_client [req-79c65e8d-7710-4478-ac8d-01e564eb1a30 req-79c65e8d-7710-4478-ac8d-01e564eb1a30 ] Request (ValidationResourcesFixture:setUp): 201 POST http://10.180.1.21/networking/v2.0/security-group-rules 0.197s
2025-12-01 12:53:52.134 65640 INFO tempest.lib.common.rest_client [req-9e1f6cf3-8b27-4194-b40c-57240f7da8bc req-9e1f6cf3-8b27-4194-b40c-57240f7da8bc ] Request (ServerDiagnosticsNegativeTest:tearDownClass): 200 GET http://10.180.1.21/compute/v2.1/servers/82792f64-3fef-4ff9-aa67-a46f09013ddb 3.649s
2025-12-01 12:53:52.379 65642 INFO tempest.lib.common.rest_client [req-2d14bab7-ea8e-4d6d-ae93-a1f4c17a5228 req-2d14bab7-ea8e-4d6d-ae93-a1f4c17a5228 ] Request (ServerActionsV293TestJSON:setUpClass): 200 GET http://10.180.1.21/volume/v3/volumes/47ffa0c1-f600-4d5e-8fe4-2c52e0fa782d 0.031s
2025-12-01 12:53:52.442 65624 INFO tempest.lib.common.rest_client [req-39f0fc3d-9092-4000-bb6b-8778c58322e7 req-39f0fc3d-9092-4000-bb6b-8778c58322e7 ] Request (ServerShowV254Test:test_rebuild_server): 202 POST http://10.180.1.21/compute/v2.1/servers 3.523s
2025-12-01 12:53:52.462 65614 INFO tempest.lib.common.rest_client [req-865a9f34-444d-4b20-8149-fed092bb8cf3 req-865a9f34-444d-4b20-8149-fed092bb8cf3 ] Request (InstanceActionsV221TestJSON:test_get_list_deleted_instance_actions): 404 GET http://10.180.1.21/compute/v2.1/servers/7420a7b9-901b-4347-9017-883884fc3265 3.492s
2025-12-01 12:53:52.953 65604 INFO tempest.lib.common.rest_client [req-772d8c83-bd22-4915-9ab7-e771c3c88a5e req-772d8c83-bd22-4915-9ab7-e771c3c88a5e ] Request (FloatingIPDetailsTestJSON:setUpClass): 201 POST http://10.180.1.21/networking/v2.0/routers 1.016s
2025-12-01 12:53:52.980 65636 INFO tempest.lib.common.rest_client [req-a6e743fa-9a83-4829-be1d-1edbb68de490 req-a6e743fa-9a83-4829-be1d-1edbb68de490 ] Request (SecurityGroupRulesNegativeTestJSON:test_create_security_group_rule_with_invalid_ip_protocol): 400 POST http://10.180.1.21/compute/v2.1/os-security-group-rules 4.142s
2025-12-01 12:53:53.421 65642 INFO tempest.lib.common.rest_client [req-a92d2a97-7ba3-4bcc-8e7a-e365ca9e9736 req-a92d2a97-7ba3-4bcc-8e7a-e365ca9e9736 ] Request (ServerActionsV293TestJSON:setUpClass): 200 GET http://10.180.1.21/volume/v3/volumes/47ffa0c1-f600-4d5e-8fe4-2c52e0fa782d 0.032s
2025-12-01 12:53:53.488 65606 INFO tempest.lib.common.rest_client [req-16b25eef-aa0d-4fcc-8fde-c4424192cbfd req-16b25eef-aa0d-4fcc-8fde-c4424192cbfd ] Request (ValidationResourcesFixture:setUp): 201 POST http://10.180.1.21/networking/v2.0/floatingips 1.381s
2025-12-01 12:53:53.585 65606 INFO tempest.lib.common.rest_client [req-3b7b8545-b2f5-4ee6-89ab-985493f632aa req-3b7b8545-b2f5-4ee6-89ab-985493f632aa ] Request (ServersWithSpecificFlavorTestJSON:test_verify_created_server_ephemeral_disk): 201 POST http://10.180.1.21/identity/v3/auth/tokens 0.092s
2025-12-01 12:53:53.586 65606 INFO tempest.lib.common.fixed_network [-] (ServersWithSpecificFlavorTestJSON:test_verify_created_server_ephemeral_disk) Found network {'id': '37ce53e6-bcf8-4fcf-bacb-a0ca9eaa579b', 'name': 'tempest-ServersWithSpecificFlavorTestJSON-1432693690-network', 'tenant_id': '59b986a1536142c781b47c1d4fcb451e', 'project_id': '59b986a1536142c781b47c1d4fcb451e', 'admin_state_up': True, 'mtu': 8950, 'status': 'ACTIVE', 'subnets': [], 'shared': False, 'port_security_enabled': True, 'router:external': False, 'provider:network_type': 'vlan', 'provider:physical_network': 'default', 'provider:segmentation_id': 699, 'availability_zone_hints': [], 'availability_zones': [], 'ipv4_address_scope': None, 'ipv6_address_scope': None, 'description': '', 'tags': [], 'created_at': '2025-12-01T12:53:04Z', 'updated_at': '2025-12-01T12:53:04Z', 'revision_number': 1} available for tenant
2025-12-01 12:53:53.679 65622 INFO tempest.lib.common.rest_client [req-6825dbb0-b549-4a2a-ac1e-beefba3c6a42 req-6825dbb0-b549-4a2a-ac1e-beefba3c6a42 ] Request (ServersTestManualDisk:setUpClass): 200 GET http://10.180.1.21/compute/v2.1/servers/2376f780-f6ea-4aa0-9eeb-291b20456241 4.455s
2025-12-01 12:53:53.686 65622 INFO tempest.common.waiters [-] State transition "BUILD/networking" ==> "BUILD/spawning" after 5 second wait
2025-12-01 12:53:53.694 65602 INFO tempest.lib.common.rest_client [req-2555b041-79cb-481e-861f-4039f8bde1ee req-2555b041-79cb-481e-861f-4039f8bde1ee ] Request (FlavorsV2TestJSON:test_list_flavors_detailed_filter_by_min_disk): 200 GET http://10.180.1.21/compute/v2.1/flavors/42 3.656s
2025-12-01 12:53:53.696 65586 INFO tempest.lib.common.rest_client [req-1a356394-3a59-4aaf-ac90-04c2d8cc26f7 req-1a356394-3a59-4aaf-ac90-04c2d8cc26f7 ] Request (MigrationsAdminTest:test_list_migrations_in_flavor_resize_situation): 200 GET http://10.180.1.21/compute/v2.1/servers/c0be0915-306c-4e95-886d-fc448e607c25 4.002s
2025-12-01 12:53:53.707 65586 INFO tempest.common.waiters [-] State transition "BUILD/spawning" ==> "ACTIVE/None" after 24 second wait
2025-12-01 12:53:53.811 65594 INFO tempest.lib.common.rest_client [req-c2d80b88-00a9-4c88-bee9-2ab463427625 req-c2d80b88-00a9-4c88-bee9-2ab463427625 ] Request (QuotasAdminTestJSON:test_get_updated_quotas): 200 GET http://10.180.1.21/compute/v2.1/os-quota-sets/877efee51ba14e91a1b4380f49276b87?user_id=97ee3d0cd9fb4307a7c7238c120f77b9 3.576s
2025-12-01 12:53:53.890 65580 INFO tempest.lib.common.rest_client [req-b40eb777-63e3-4824-a95b-f75dbe5256b6 req-b40eb777-63e3-4824-a95b-f75dbe5256b6 ] Request (ServerRescueTestJSON:setUpClass): 200 GET http://10.180.1.21/compute/v2.1/servers/1cdde3e7-650a-4e87-89f2-4b55a01c0f7d 3.479s
2025-12-01 12:53:53.891 65594 INFO tempest.lib.common.rest_client [req-a0d102ca-731d-42f2-a029-f9b742de7327 req-a0d102ca-731d-42f2-a029-f9b742de7327 ] Request (QuotasAdminTestJSON:_run_cleanups): 204 DELETE http://10.180.1.21/identity/v3/users/97ee3d0cd9fb4307a7c7238c120f77b9 0.077s
2025-12-01 12:53:53.902 65580 INFO tempest.common.waiters [-] State transition "BUILD/spawning" ==> "ACTIVE/None" after 16 second wait
2025-12-01 12:53:54.003 65618 INFO tempest.lib.common.rest_client [req-4ab376c5-a961-438b-8d0c-9c54b6fc7f74 req-4ab376c5-a961-438b-8d0c-9c54b6fc7f74 ] Request (ServerDiagnosticsTest:test_get_server_diagnostics): 200 GET http://10.180.1.21/compute/v2.1/servers/dba3d0fe-2129-4a12-9dce-1fe848600b65 3.340s
2025-12-01 12:53:54.019 65594 INFO tempest.lib.common.rest_client [req-4d485f33-6cb9-4a21-bc61-b23e95607934 req-4d485f33-6cb9-4a21-bc61-b23e95607934 ] Request (QuotasAdminTestJSON:_run_cleanups): 204 DELETE http://10.180.1.21/identity/v3/projects/877efee51ba14e91a1b4380f49276b87 0.127s
2025-12-01 12:53:54.038 65644 INFO tempest.lib.common.rest_client [req-d477682f-0831-4e92-a97d-08a8a17820f0 req-d477682f-0831-4e92-a97d-08a8a17820f0 ] Request (ServerAddressesTestJSON:setUpClass): 200 GET http://10.180.1.21/compute/v2.1/servers/cdba07ed-8967-4a6a-a580-42dfeca50921 3.601s
2025-12-01 12:53:54.240 65590 INFO tempest.lib.common.rest_client [req-cee49d87-30a8-4b7d-8bbc-a1b9854b1b3f req-cee49d87-30a8-4b7d-8bbc-a1b9854b1b3f ] Request (AttachVolumeShelveTestJSON:test_attach_volume_shelved_or_offload_server): 200 GET http://10.180.1.21/compute/v2.1/servers/4f064a1c-c011-404c-a922-418b59ab8436 3.297s
2025-12-01 12:53:54.251 65590 INFO tempest.common.waiters [-] State transition "BUILD/None" ==> "BUILD/spawning" after 5 second wait
2025-12-01 12:53:54.396 65604 INFO tempest.lib.common.rest_client [req-516a8e27-8092-4714-81cd-8ddc99845199 req-516a8e27-8092-4714-81cd-8ddc99845199 ] Request (FloatingIPDetailsTestJSON:setUpClass): 200 PUT http://10.180.1.21/networking/v2.0/routers/eb60c102-d13d-4ac1-b28b-af01a148ddfb/add_router_interface 1.442s
2025-12-01 12:53:54.397 65604 INFO tempest.lib.common.dynamic_creds [-] Created isolated network resources for: credentials: Credentials: {'domain_id': 'default', 'domain_name': 'Default', 'username': 'tempest-FloatingIPDetailsTestJSON-1255093223-project-member', 'project_domain_id': 'default', 'project_domain_name': 'Default', 'project_id': '696ba1de1ce14ed2966d8543e2dded59', 'project_name': 'tempest-FloatingIPDetailsTestJSON-1255093223', 'tenant_id': '696ba1de1ce14ed2966d8543e2dded59', 'tenant_name': 'tempest-FloatingIPDetailsTestJSON-1255093223', 'user_domain_id': 'default', 'user_domain_name': 'Default', 'user_id': '16e6e4addba84ddba1202e04d2961705', 'system': None}, Network: {'id': '843972d8-58a9-4f1c-98ce-f83a006c9278', 'name': 'tempest-FloatingIPDetailsTestJSON-1257999392-network', 'tenant_id': '696ba1de1ce14ed2966d8543e2dded59', 'project_id': '696ba1de1ce14ed2966d8543e2dded59', 'admin_state_up': True, 'mtu': 8950, 'status': 'ACTIVE', 'subnets': [], 'shared': False, 'port_security_enabled': True, 'router:external': False, 'provider:network_type': 'vlan', 'provider:physical_network': 'default', 'provider:segmentation_id': 824, 'availability_zone_hints': [], 'availability_zones': [], 'ipv4_address_scope': None, 'ipv6_address_scope': None, 'description': '', 'tags': [], 'created_at': '2025-12-01T12:53:51Z', 'updated_at': '2025-12-01T12:53:51Z', 'revision_number': 1}, Subnet: {'id': 'cb51ea30-884e-417e-9f09-15e57ca5bf24', 'name': 'tempest-FloatingIPDetailsTestJSON-1257999392-subnet', 'tenant_id': '696ba1de1ce14ed2966d8543e2dded59', 'network_id': '843972d8-58a9-4f1c-98ce-f83a006c9278', 'ip_version': 4, 'subnetpool_id': None, 'enable_dhcp': True, 'ipv6_ra_mode': None, 'ipv6_address_mode': None, 'gateway_ip': '192.168.128.1', 'cidr': '192.168.128.0/28', 'allocation_pools': [{'start': '192.168.128.2', 'end': '192.168.128.14'}], 'host_routes': [], 'dns_nameservers': [], 'description': '', 'router:external': False, 'service_types': [], 'tags': [], 'created_at': '2025-12-01T12:53:51Z', 'updated_at': '2025-12-01T12:53:51Z', 'revision_number': 0, 'project_id': '696ba1de1ce14ed2966d8543e2dded59'}, Router: {'id': 'eb60c102-d13d-4ac1-b28b-af01a148ddfb', 'name': 'tempest-FloatingIPDetailsTestJSON-1257999392-router', 'tenant_id': '696ba1de1ce14ed2966d8543e2dded59', 'admin_state_up': True, 'status': 'ACTIVE', 'external_gateway_info': {'network_id': '786887d3-d77d-4278-ac86-d8a0834e3178', 'external_fixed_ips': [{'subnet_id': '242a43dc-2a4c-4ba9-9b15-deb5c00e7cfe', 'ip_address': '10.180.180.203'}], 'enable_snat': True}, 'description': '', 'availability_zones': [], 'distributed': False, 'ha': False, 'availability_zone_hints': [], 'routes': [], 'flavor_id': None, 'tags': [], 'created_at': '2025-12-01T12:53:52Z', 'updated_at': '2025-12-01T12:53:52Z', 'revision_number': 2, 'project_id': '696ba1de1ce14ed2966d8543e2dded59'}
2025-12-01 12:53:54.432 65620 INFO tempest.lib.common.rest_client [req-b94d5c2b-d9f0-454f-94ba-b93880b6a31f req-b94d5c2b-d9f0-454f-94ba-b93880b6a31f ] Request (VolumesAssistedSnapshotsTest:test_volume_assisted_snapshot_create_delete): 200 GET http://10.180.1.21/compute/v2.1/servers/d275f46a-5e02-4ec2-8282-a3843e2ed793 3.398s
2025-12-01 12:53:54.472 65642 INFO tempest.lib.common.rest_client [req-dceec7f6-50b6-4009-b230-7a42ff529d8a req-dceec7f6-50b6-4009-b230-7a42ff529d8a ] Request (ServerActionsV293TestJSON:setUpClass): 200 GET http://10.180.1.21/volume/v3/volumes/47ffa0c1-f600-4d5e-8fe4-2c52e0fa782d 0.039s
2025-12-01 12:53:54.517 65604 INFO tempest.lib.common.rest_client [req-a8a27be1-e6ad-4d24-b39d-49f9ab379860 req-a8a27be1-e6ad-4d24-b39d-49f9ab379860 ] Request (FloatingIPDetailsTestJSON:setUpClass): 201 POST http://10.180.1.21/identity/v3/auth/tokens 0.116s
2025-12-01 12:53:54.591 65584 INFO tempest.lib.common.rest_client [req-0988f377-bca7-49d8-9dd7-40d0a2a9fb14 req-0988f377-bca7-49d8-9dd7-40d0a2a9fb14 ] Request (SecurityGroupsTestAdminJSON:_run_cleanups): 202 DELETE http://10.180.1.21/compute/v2.1/os-security-groups/4d8dc77d-039a-4363-9481-e5381a41b07d 3.395s
2025-12-01 12:53:54.617 65588 INFO tempest.lib.common.rest_client [req-0a3caaa7-0679-46cb-8e01-895e84d7dc39 req-0a3caaa7-0679-46cb-8e01-895e84d7dc39 ] Request (ImagesMetadataTestJSON:setUp): 200 PUT http://10.180.1.21/compute/v2.1/images/82c0d688-1881-4275-a6de-d75a17a33665/metadata 3.367s
2025-12-01 12:53:54.619 65596 INFO tempest.lib.common.rest_client [req-493c5d91-6219-40d2-ba92-ec8d4d7ef8f5 req-493c5d91-6219-40d2-ba92-ec8d4d7ef8f5 ] Request (FlavorsAccessNegativeTestJSON:_run_cleanups): 202 DELETE http://10.180.1.21/compute/v2.1/flavors/1303093715 3.267s
2025-12-01 12:53:54.635 65610 INFO tempest.lib.common.rest_client [req-776f2522-97a1-4f4c-aec6-0414a0442dac req-776f2522-97a1-4f4c-aec6-0414a0442dac ] Request (HypervisorAdminNegativeTestJSON:test_show_nonexistent_hypervisor): 404 GET http://10.180.1.21/compute/v2.1/os-hypervisors/863a955e-af7e-41e0-a545-0c94b5769547 3.254s
2025-12-01 12:53:54.650 65628 INFO tempest.lib.common.rest_client [req-415091c9-eb3f-48a2-9e18-6b31770e9222 req-415091c9-eb3f-48a2-9e18-6b31770e9222 ] Request (AggregatesAdminNegativeTestJSON:test_aggregate_add_non_exist_host): 200 POST http://10.180.1.21/compute/v2.1/os-aggregates 3.275s
2025-12-01 12:53:54.741 65600 INFO tempest.lib.common.rest_client [req-f48e74f1-b7cb-4614-a972-d5fce6b6e814 req-f48e74f1-b7cb-4614-a972-d5fce6b6e814 ] Request (ServerExternalEventsTest:tearDownClass): 200 GET http://10.180.1.21/compute/v2.1/servers/952ec084-8ef6-4b5c-890e-dbf65a0739a1 2.857s
2025-12-01 12:53:54.756 65639 INFO tempest.lib.common.rest_client [req-87624b56-d764-4956-8302-c2df5ba4d47c req-87624b56-d764-4956-8302-c2df5ba4d47c ] Request (DeleteServersAdminTestJSON:test_admin_delete_servers_of_others): 200 GET http://10.180.1.21/compute/v2.1/servers/9013f76b-5bc6-4a14-9b1d-7bfdc5ba7bb9 3.269s
2025-12-01 12:53:54.782 65626 INFO tempest.lib.common.rest_client [req-42b3321b-5140-4666-8ec1-1866a5e59220 req-42b3321b-5140-4666-8ec1-1866a5e59220 ] Request (FlavorsExtraSpecsTestJSON:test_flavor_set_get_update_show_unset_keys): 200 DELETE http://10.180.1.21/compute/v2.1/flavors/419241694/os-extra_specs/hw:numa_nodes 2.721s
2025-12-01 12:53:54.790 65610 INFO tempest.lib.common.rest_client [req-01000ab7-eabc-4847-9453-c4a9aef51f76 req-01000ab7-eabc-4847-9453-c4a9aef51f76 ] Request (HypervisorAdminNegativeTestJSON:tearDownClass): 204 DELETE http://10.180.1.21/identity/v3/users/e6003610907c401c8d5c5fdd3339bd03 0.154s
2025-12-01 12:53:54.797 65608 INFO tempest.lib.common.rest_client [req-d6c8a3d1-b270-4eb3-a297-28f58a5acc35 req-d6c8a3d1-b270-4eb3-a297-28f58a5acc35 ] Request (HostsAdminNegativeTestJSON:test_shutdown_nonexistent_host): 404 GET http://10.180.1.21/compute/v2.1/os-hosts/nonexistent_hostname/shutdown 2.728s
2025-12-01 12:53:54.802 65612 INFO tempest.lib.common.rest_client [req-4d89a350-3dbf-4f5f-95c9-a8b3b5b37efd req-4d89a350-3dbf-4f5f-95c9-a8b3b5b37efd ] Request (ServerMetadataNegativeTestJSON:setUpClass): 200 GET http://10.180.1.21/compute/v2.1/servers/0ee924b8-a4ed-4bf7-a80f-2a1b7402f91b 2.756s
2025-12-01 12:53:54.851 65624 INFO tempest.lib.common.rest_client [req-efbb7614-d171-401f-9f29-70dacee10624 req-efbb7614-d171-401f-9f29-70dacee10624 ] Request (ServerShowV254Test:test_rebuild_server): 200 GET http://10.180.1.21/compute/v2.1/servers/5bff0a73-421c-48d3-a30e-0e9bd7597e03 2.408s
2025-12-01 12:53:54.858 65614 INFO tempest.lib.common.rest_client [req-600fb971-c5ce-4cd7-bfbf-f824dd9bf2cf req-600fb971-c5ce-4cd7-bfbf-f824dd9bf2cf ] Request (InstanceActionsV221TestJSON:test_get_list_deleted_instance_actions): 200 GET http://10.180.1.21/compute/v2.1/servers/7420a7b9-901b-4347-9017-883884fc3265/os-instance-actions 2.395s
2025-12-01 12:53:54.916 65610 INFO tempest.lib.common.rest_client [req-e74405f5-49f8-4f76-be56-766e025b9195 req-e74405f5-49f8-4f76-be56-766e025b9195 ] Request (HypervisorAdminNegativeTestJSON:tearDownClass): 204 DELETE http://10.180.1.21/identity/v3/users/1aa80845ca2248e7a8ea26536c20bf1b 0.126s
2025-12-01 12:53:54.917 65610 INFO tempest.lib.common.dynamic_creds [-] Deleting project and security group for project: 99ffbd8a72f04268a8742ba3512d2e59
2025-12-01 12:53:54.929 65616 INFO tempest.lib.common.rest_client [req-d215b23a-893c-40fa-9662-8a1ab3863ad0 req-d215b23a-893c-40fa-9662-8a1ab3863ad0 ] Request (ImagesTestJSON:test_create_image_from_stopped_server): 200 GET http://10.180.1.21/compute/v2.1/servers/4c6c5894-897c-498f-8147-1061e8fbc55d 2.143s
2025-12-01 12:53:54.936 65616 INFO tempest.common.waiters [-] State transition "BUILD/None" ==> "BUILD/networking" after 3 second wait
2025-12-01 12:53:55.009 65610 INFO tempest.lib.common.rest_client [req-7480010f-a241-4668-a000-24a68d1ab457 req-7480010f-a241-4668-a000-24a68d1ab457 ] Request (HypervisorAdminNegativeTestJSON:tearDownClass): 201 POST http://10.180.1.21/identity/v3/auth/tokens 0.092s
2025-12-01 12:53:55.035 65636 INFO tempest.lib.common.rest_client [req-79bffef2-931c-4d66-b35a-139b585ad90b req-79bffef2-931c-4d66-b35a-139b585ad90b ] Request (SecurityGroupRulesNegativeTestJSON:test_create_security_group_rule_with_invalid_port_range): 200 POST http://10.180.1.21/compute/v2.1/os-security-groups 2.054s
2025-12-01 12:53:55.043 65640 INFO tempest.lib.common.rest_client [req-2681e70c-a042-4845-8398-2e8047251aad req-2681e70c-a042-4845-8398-2e8047251aad ] Request (ServerDiagnosticsNegativeTest:tearDownClass): 200 GET http://10.180.1.21/compute/v2.1/servers/82792f64-3fef-4ff9-aa67-a46f09013ddb 1.900s
2025-12-01 12:53:55.057 65640 INFO tempest.common.waiters [-] State transition "ACTIVE/deleting" ==> "DELETED/None" after 3 second wait
2025-12-01 12:53:55.075 65602 INFO tempest.lib.common.rest_client [req-c8164ece-82a0-4e22-98e7-f01409bdca61 req-c8164ece-82a0-4e22-98e7-f01409bdca61 ] Request (FlavorsV2TestJSON:test_list_flavors_detailed_filter_by_min_disk): 200 GET http://10.180.1.21/compute/v2.1/flavors/detail?minDisk=2 1.378s
2025-12-01 12:53:55.242 65610 INFO tempest.lib.common.rest_client [req-1e7db9bb-28ec-48c0-8f0a-220775f49b72 req-1e7db9bb-28ec-48c0-8f0a-220775f49b72 ] Request (HypervisorAdminNegativeTestJSON:tearDownClass): 200 GET http://10.180.1.21/networking/v2.0/security-groups?tenant_id=99ffbd8a72f04268a8742ba3512d2e59&name=default 0.232s
2025-12-01 12:53:55.404 65610 INFO tempest.lib.common.rest_client [req-729d2d53-0af0-4c45-aa54-2f473d07ec00 req-729d2d53-0af0-4c45-aa54-2f473d07ec00 ] Request (HypervisorAdminNegativeTestJSON:tearDownClass): 204 DELETE http://10.180.1.21/networking/v2.0/security-groups/4657b28d-3271-47f3-94d6-fa6dae1a5a73 0.161s
2025-12-01 12:53:55.413 65586 INFO tempest.lib.common.rest_client [req-f1128d5c-e2da-461e-b4a9-fd97effcf114 req-f1128d5c-e2da-461e-b4a9-fd97effcf114 ] Request (MigrationsAdminTest:test_list_migrations_in_flavor_resize_situation): 202 POST http://10.180.1.21/compute/v2.1/servers/c0be0915-306c-4e95-886d-fc448e607c25/action 1.706s
2025-12-01 12:53:55.505 65610 INFO tempest.lib.common.rest_client [req-c854401e-6fb8-42dc-a9af-57838c1f8098 req-c854401e-6fb8-42dc-a9af-57838c1f8098 ] Request (HypervisorAdminNegativeTestJSON:tearDownClass): 204 DELETE http://10.180.1.21/identity/v3/projects/99ffbd8a72f04268a8742ba3512d2e59 0.101s
2025-12-01 12:53:55.506 65610 INFO tempest.lib.common.dynamic_creds [-] Deleting project and security group for project: 61d1762fdfc64601ac0e106776e4c0f5
2025-12-01 12:53:55.525 65642 INFO tempest.lib.common.rest_client [req-e5d66a60-7f5b-4008-9443-554302fe9a7f req-e5d66a60-7f5b-4008-9443-554302fe9a7f ] Request (ServerActionsV293TestJSON:setUpClass): 200 GET http://10.180.1.21/volume/v3/volumes/47ffa0c1-f600-4d5e-8fe4-2c52e0fa782d 0.044s
2025-12-01 12:53:55.543 65580 INFO tempest.lib.common.rest_client [req-d065edb3-9b29-4874-b321-56d2fbda32e0 req-d065edb3-9b29-4874-b321-56d2fbda32e0 ] Request (ServerRescueTestJSON:setUpClass): 200 POST http://10.180.1.21/compute/v2.1/servers/1cdde3e7-650a-4e87-89f2-4b55a01c0f7d/action 1.640s
2025-12-01 12:53:55.725 65594 INFO tempest.lib.common.rest_client [req-6668c491-5f76-47e7-bb9e-c026a83488fa req-6668c491-5f76-47e7-bb9e-c026a83488fa ] Request (QuotasAdminTestJSON:test_update_all_quota_resources_for_tenant): 200 GET http://10.180.1.21/compute/v2.1/os-quota-sets/431bf843f1ef4b37be753898fa712948/defaults 1.704s
2025-12-01 12:53:55.813 65610 INFO tempest.lib.common.rest_client [req-539d77cd-5735-4409-9b62-7d7650119c68 req-539d77cd-5735-4409-9b62-7d7650119c68 ] Request (HypervisorAdminNegativeTestJSON:tearDownClass): 200 GET http://10.180.1.21/networking/v2.0/security-groups?tenant_id=61d1762fdfc64601ac0e106776e4c0f5&name=default 0.307s
2025-12-01 12:53:56.162 65610 INFO tempest.lib.common.rest_client [req-de6edf9d-4059-46cc-939a-473d7b9b1c56 req-de6edf9d-4059-46cc-939a-473d7b9b1c56 ] Request (HypervisorAdminNegativeTestJSON:tearDownClass): 204 DELETE http://10.180.1.21/networking/v2.0/security-groups/a2b959de-c6ab-4a2e-a701-bc1e8a7740ee 0.348s
