2025-12-01 12:53:56.276 65610 INFO tempest.lib.common.rest_client [req-002359d9-edc4-41bb-880c-40c1343000bb req-002359d9-edc4-41bb-880c-40c1343000bb ] Request (HypervisorAdminNegativeTestJSON:tearDownClass): 204 DELETE http://10.180.1.21/identity/v3/projects/61d1762fdfc64601ac0e106776e4c0f5 0.113s
2025-12-01 12:53:56.355 65606 INFO tempest.lib.common.rest_client [req-34f635e7-64b3-470d-9927-9c3387fb52cc req-34f635e7-64b3-470d-9927-9c3387fb52cc ] Request (ServersWithSpecificFlavorTestJSON:test_verify_created_server_ephemeral_disk): 202 POST http://10.180.1.21/compute/v2.1/servers 2.768s
2025-12-01 12:53:56.358 65610 INFO tempest.lib.common.rest_client [req-14e58cfe-c81b-4aaf-8dfe-03138545f176 req-14e58cfe-c81b-4aaf-8dfe-03138545f176 ] Request (TenantUsagesTestJSON:setUpClass): 201 POST http://10.180.1.21/identity/v3/auth/tokens 0.080s
2025-12-01 12:53:56.411 65610 INFO tempest.lib.common.rest_client [req-5ead67d9-c366-4556-9cbe-8b56adfe1474 req-5ead67d9-c366-4556-9cbe-8b56adfe1474 ] Request (TenantUsagesTestJSON:setUpClass): 201 POST http://10.180.1.21/identity/v3/auth/tokens 0.047s
2025-12-01 12:53:56.435 65610 INFO tempest.lib.common.rest_client [req-4fd5909b-fd48-452a-b619-849053b21029 req-4fd5909b-fd48-452a-b619-849053b21029 ] Request (TenantUsagesTestJSON:setUpClass): 200 GET http://10.180.1.21/identity/v3/domains?name=Default 0.024s
2025-12-01 12:53:56.465 65610 INFO tempest.lib.common.rest_client [req-3710727d-fc3c-4dc2-87ec-621032e52fde req-3710727d-fc3c-4dc2-87ec-621032e52fde ] Request (TenantUsagesTestJSON:setUpClass): 201 POST http://10.180.1.21/identity/v3/projects 0.029s
2025-12-01 12:53:56.566 65642 INFO tempest.lib.common.rest_client [req-e8c37a77-c2da-4f17-abf5-6dd80e0654ef req-e8c37a77-c2da-4f17-abf5-6dd80e0654ef ] Request (ServerActionsV293TestJSON:setUpClass): 200 GET http://10.180.1.21/volume/v3/volumes/47ffa0c1-f600-4d5e-8fe4-2c52e0fa782d 0.032s
2025-12-01 12:53:56.632 65610 INFO tempest.lib.common.rest_client [req-29b9f4dc-eb26-496b-aaf9-73f651dc7684 req-29b9f4dc-eb26-496b-aaf9-73f651dc7684 ] Request (TenantUsagesTestJSON:setUpClass): 201 POST http://10.180.1.21/identity/v3/users 0.166s
2025-12-01 12:53:56.660 65610 INFO tempest.lib.common.rest_client [req-db7e09e5-a04e-4cda-b752-d54683d82585 req-db7e09e5-a04e-4cda-b752-d54683d82585 ] Request (TenantUsagesTestJSON:setUpClass): 200 GET http://10.180.1.21/identity/v3/roles 0.027s
2025-12-01 12:53:56.699 65610 INFO tempest.lib.common.rest_client [req-1d125504-b8b0-4025-97b3-d0962504232f req-1d125504-b8b0-4025-97b3-d0962504232f ] Request (TenantUsagesTestJSON:setUpClass): 204 PUT http://10.180.1.21/identity/v3/projects/0634750c291e4a2bb43b92b5fe11849d/users/d2fe2409bae9476b894213408ec57cd0/roles/298d7405032e451a9bbdb119f1ed52c0 0.038s
2025-12-01 12:53:56.699 65610 INFO tempest.lib.common.dynamic_creds [-] Dynamic test user d2fe2409bae9476b894213408ec57cd0 is created with scope project and roles: ['member']
2025-12-01 12:53:56.699 65610 INFO tempest.lib.common.dynamic_creds [-] Acquired dynamic creds: credentials: Credentials: {'domain_id': 'default', 'domain_name': 'Default', 'username': 'tempest-TenantUsagesTestJSON-1481467133-project-member', 'project_domain_id': 'default', 'project_domain_name': 'Default', 'project_id': '0634750c291e4a2bb43b92b5fe11849d', 'project_name': 'tempest-TenantUsagesTestJSON-1481467133', 'tenant_id': '0634750c291e4a2bb43b92b5fe11849d', 'tenant_name': 'tempest-TenantUsagesTestJSON-1481467133', 'user_domain_id': 'default', 'user_domain_name': 'Default', 'user_id': 'd2fe2409bae9476b894213408ec57cd0', 'system': None}, Network: None, Subnet: None, Router: None
2025-12-01 12:53:56.699 65610 INFO tempest.lib.common.dynamic_creds [-] Created isolated network resources for: credentials: Credentials: {'domain_id': 'default', 'domain_name': 'Default', 'username': 'tempest-TenantUsagesTestJSON-1481467133-project-member', 'project_domain_id': 'default', 'project_domain_name': 'Default', 'project_id': '0634750c291e4a2bb43b92b5fe11849d', 'project_name': 'tempest-TenantUsagesTestJSON-1481467133', 'tenant_id': '0634750c291e4a2bb43b92b5fe11849d', 'tenant_name': 'tempest-TenantUsagesTestJSON-1481467133', 'user_domain_id': 'default', 'user_domain_name': 'Default', 'user_id': 'd2fe2409bae9476b894213408ec57cd0', 'system': None}, Network: None, Subnet: None, Router: None
2025-12-01 12:53:56.792 65610 INFO tempest.lib.common.rest_client [req-a27400e3-c43e-4fcd-8d6f-a2d0cc08f6cc req-a27400e3-c43e-4fcd-8d6f-a2d0cc08f6cc ] Request (TenantUsagesTestJSON:setUpClass): 201 POST http://10.180.1.21/identity/v3/auth/tokens 0.087s
2025-12-01 12:53:56.867 65610 INFO tempest.lib.common.rest_client [req-303148be-9a30-41ff-b6bf-3bfe80bcca1a req-303148be-9a30-41ff-b6bf-3bfe80bcca1a ] Request (TenantUsagesTestJSON:setUpClass): 201 POST http://10.180.1.21/identity/v3/projects 0.073s
2025-12-01 12:53:56.960 65610 INFO tempest.lib.common.rest_client [req-3dacaea6-3904-4ec0-a076-2283f13c17fe req-3dacaea6-3904-4ec0-a076-2283f13c17fe ] Request (TenantUsagesTestJSON:setUpClass): 201 POST http://10.180.1.21/identity/v3/users 0.091s
2025-12-01 12:53:56.990 65610 INFO tempest.lib.common.rest_client [req-ffab9303-bc7c-42a3-a434-3e639c18cddd req-ffab9303-bc7c-42a3-a434-3e639c18cddd ] Request (TenantUsagesTestJSON:setUpClass): 200 GET http://10.180.1.21/identity/v3/roles 0.029s
2025-12-01 12:53:57.021 65610 INFO tempest.lib.common.rest_client [req-1997df66-e2bb-41ac-9be9-503b7efee6c3 req-1997df66-e2bb-41ac-9be9-503b7efee6c3 ] Request (TenantUsagesTestJSON:setUpClass): 204 PUT http://10.180.1.21/identity/v3/projects/451ed165d5ef4fc0971542b0ccf60297/users/9cf2085d04194ad38f6b10e5568f1948/roles/4efdd8259df445d4bf750adb4ae38356 0.030s
2025-12-01 12:53:57.088 65610 INFO tempest.lib.common.rest_client [req-82cbf988-7aa7-4e47-a584-ccdda1561661 req-82cbf988-7aa7-4e47-a584-ccdda1561661 ] Request (TenantUsagesTestJSON:setUpClass): 200 GET http://10.180.1.21/identity/v3/roles 0.066s
2025-12-01 12:53:57.108 65610 INFO tempest.lib.common.rest_client [req-b249494b-a449-445b-b3df-e2aebe599deb req-b249494b-a449-445b-b3df-e2aebe599deb ] Request (TenantUsagesTestJSON:setUpClass): 204 PUT http://10.180.1.21/identity/v3/projects/451ed165d5ef4fc0971542b0ccf60297/users/9cf2085d04194ad38f6b10e5568f1948/roles/4efdd8259df445d4bf750adb4ae38356 0.019s
2025-12-01 12:53:57.108 65610 INFO tempest.lib.common.dynamic_creds [-] Dynamic test user 9cf2085d04194ad38f6b10e5568f1948 is created with scope project and roles: ['admin']
2025-12-01 12:53:57.108 65610 INFO tempest.lib.common.dynamic_creds [-] Acquired dynamic creds: credentials: Credentials: {'domain_id': 'default', 'domain_name': 'Default', 'username': 'tempest-TenantUsagesTestJSON-816493696-project-admin', 'project_domain_id': 'default', 'project_domain_name': 'Default', 'project_id': '451ed165d5ef4fc0971542b0ccf60297', 'project_name': 'tempest-TenantUsagesTestJSON-816493696', 'tenant_id': '451ed165d5ef4fc0971542b0ccf60297', 'tenant_name': 'tempest-TenantUsagesTestJSON-816493696', 'user_domain_id': 'default', 'user_domain_name': 'Default', 'user_id': '9cf2085d04194ad38f6b10e5568f1948', 'system': None}, Network: None, Subnet: None, Router: None
2025-12-01 12:53:57.109 65610 INFO tempest.lib.common.dynamic_creds [-] Created isolated network resources for: credentials: Credentials: {'domain_id': 'default', 'domain_name': 'Default', 'username': 'tempest-TenantUsagesTestJSON-816493696-project-admin', 'project_domain_id': 'default', 'project_domain_name': 'Default', 'project_id': '451ed165d5ef4fc0971542b0ccf60297', 'project_name': 'tempest-TenantUsagesTestJSON-816493696', 'tenant_id': '451ed165d5ef4fc0971542b0ccf60297', 'tenant_name': 'tempest-TenantUsagesTestJSON-816493696', 'user_domain_id': 'default', 'user_domain_name': 'Default', 'user_id': '9cf2085d04194ad38f6b10e5568f1948', 'system': None}, Network: None, Subnet: None, Router: None
2025-12-01 12:53:57.201 65610 INFO tempest.lib.common.rest_client [req-15a369b5-0b8b-43df-9e2b-18ff784f376e req-15a369b5-0b8b-43df-9e2b-18ff784f376e ] Request (TenantUsagesTestJSON:setUpClass): 201 POST http://10.180.1.21/identity/v3/auth/tokens 0.090s
2025-12-01 12:53:57.202 65610 WARNING tempest.lib.common.rest_client [-] Deprecated: "tenant_id" property is deprecated for removal, use "project_id" instead
2025-12-01 12:53:57.316 65584 INFO tempest.lib.common.rest_client [req-4588729f-3d01-42c8-b327-66897ff86bfd req-4588729f-3d01-42c8-b327-66897ff86bfd ] Request (SecurityGroupsTestAdminJSON:_run_cleanups): 202 DELETE http://10.180.1.21/compute/v2.1/os-security-groups/0ee28115-9c53-484e-abcf-23c3ce3e1822 2.725s
2025-12-01 12:53:57.337 65610 INFO tempest.lib.common.rest_client [req-324e83dc-b2e3-49fa-8a53-7902b3eee4d3 req-324e83dc-b2e3-49fa-8a53-7902b3eee4d3 ] Request (TenantUsagesTestJSON:setUpClass): 201 POST http://10.180.1.21/identity/v3/auth/tokens 0.128s
2025-12-01 12:53:57.337 65610 INFO tempest.lib.common.fixed_network [-] (TenantUsagesTestJSON:setUpClass) Found network None available for tenant
2025-12-01 12:53:57.341 65596 INFO tempest.lib.common.rest_client [req-30a5c0e6-adcc-4511-8544-f4a53b584d8f req-30a5c0e6-adcc-4511-8544-f4a53b584d8f ] Request (FlavorsAccessNegativeTestJSON:_run_cleanups): 200 GET http://10.180.1.21/compute/v2.1/flavors/detail 2.721s
2025-12-01 12:53:57.370 65604 INFO tempest.lib.common.rest_client [req-0e047daf-a5f4-4ac0-9f92-14dcee55eb03 req-0e047daf-a5f4-4ac0-9f92-14dcee55eb03 ] Request (FloatingIPDetailsTestJSON:setUpClass): 200 POST http://10.180.1.21/compute/v2.1/os-floating-ips 2.853s
2025-12-01 12:53:57.396 65628 INFO tempest.lib.common.rest_client [req-0a866b5e-7ea5-47fa-908a-6e4c8defd7dd req-0a866b5e-7ea5-47fa-908a-6e4c8defd7dd ] Request (AggregatesAdminNegativeTestJSON:test_aggregate_add_non_exist_host): 404 POST http://10.180.1.21/compute/v2.1/os-aggregates/3/action 2.744s
2025-12-01 12:53:57.498 65622 INFO tempest.lib.common.rest_client [req-5fa8a429-18f6-4979-a68e-efaeb305175f req-5fa8a429-18f6-4979-a68e-efaeb305175f ] Request (ServersTestManualDisk:setUpClass): 200 GET http://10.180.1.21/compute/v2.1/servers/2376f780-f6ea-4aa0-9eeb-291b20456241 2.811s
2025-12-01 12:53:57.545 65626 INFO tempest.lib.common.rest_client [req-9b15d0b4-bf46-4481-abba-bee207c7d886 req-9b15d0b4-bf46-4481-abba-bee207c7d886 ] Request (FlavorsExtraSpecsTestJSON:test_flavor_set_get_update_show_unset_keys): 200 DELETE http://10.180.1.21/compute/v2.1/flavors/419241694/os-extra_specs/hw:cpu_policy 2.763s
2025-12-01 12:53:57.555 65608 INFO tempest.lib.common.rest_client [req-5d17f347-c3d6-4c76-9ded-1d70db9f5193 req-5d17f347-c3d6-4c76-9ded-1d70db9f5193 ] Request (HostsAdminNegativeTestJSON:test_startup_host_with_non_admin_user): 403 GET http://10.180.1.21/compute/v2.1/os-hosts/devstack/startup 2.757s
2025-12-01 12:53:57.604 65614 INFO tempest.lib.common.rest_client [req-2485b6c3-8f74-4185-bf8c-0c7e7a176cba req-2485b6c3-8f74-4185-bf8c-0c7e7a176cba ] Request (InstanceActionsV221TestJSON:tearDownClass): 404 DELETE http://10.180.1.21/compute/v2.1/servers/7420a7b9-901b-4347-9017-883884fc3265 2.743s
2025-12-01 12:53:57.634 65642 INFO tempest.lib.common.rest_client [req-c8704efe-f51c-444d-9311-72b05675990d req-c8704efe-f51c-444d-9311-72b05675990d ] Request (ServerActionsV293TestJSON:setUpClass): 200 GET http://10.180.1.21/volume/v3/volumes/47ffa0c1-f600-4d5e-8fe4-2c52e0fa782d 0.053s
2025-12-01 12:53:57.642 65588 INFO tempest.lib.common.rest_client [req-eeb18081-5aa0-46ee-af0a-bdbf001bc660 req-eeb18081-5aa0-46ee-af0a-bdbf001bc660 ] Request (ImagesMetadataTestJSON:test_set_image_metadata): 200 PUT http://10.180.1.21/compute/v2.1/images/82c0d688-1881-4275-a6de-d75a17a33665/metadata 3.022s
2025-12-01 12:53:57.686 65618 INFO tempest.lib.common.rest_client [req-becea423-17d5-4b6b-8513-dc54f2c5c1d2 req-becea423-17d5-4b6b-8513-dc54f2c5c1d2 ] Request (ServerDiagnosticsTest:test_get_server_diagnostics): 200 GET http://10.180.1.21/compute/v2.1/servers/dba3d0fe-2129-4a12-9dce-1fe848600b65 2.670s
2025-12-01 12:53:57.695 65636 INFO tempest.lib.common.rest_client [req-237a9b06-e0f7-40b9-925b-67b9eb04e29d req-237a9b06-e0f7-40b9-925b-67b9eb04e29d ] Request (SecurityGroupRulesNegativeTestJSON:test_create_security_group_rule_with_invalid_port_range): 400 POST http://10.180.1.21/compute/v2.1/os-security-group-rules 2.653s
2025-12-01 12:53:57.718 65602 INFO tempest.lib.common.rest_client [req-4ecb5cd6-1fb8-4b00-9d55-aa3e13afad23 req-4ecb5cd6-1fb8-4b00-9d55-aa3e13afad23 ] Request (FlavorsV2TestJSON:test_list_flavors_detailed_filter_by_min_ram): 200 GET http://10.180.1.21/compute/v2.1/flavors/42 2.632s
2025-12-01 12:53:57.880 65644 INFO tempest.lib.common.rest_client [req-1254e674-3a01-4967-8f2a-e4e709621440 req-1254e674-3a01-4967-8f2a-e4e709621440 ] Request (ServerAddressesTestJSON:setUpClass): 200 GET http://10.180.1.21/compute/v2.1/servers/cdba07ed-8967-4a6a-a580-42dfeca50921 2.833s
2025-12-01 12:53:58.001 65590 INFO tempest.lib.common.rest_client [req-fd21f0f7-84a2-400e-bdb9-1f27ac9ec5d3 req-fd21f0f7-84a2-400e-bdb9-1f27ac9ec5d3 ] Request (AttachVolumeShelveTestJSON:test_attach_volume_shelved_or_offload_server): 200 GET http://10.180.1.21/compute/v2.1/servers/4f064a1c-c011-404c-a922-418b59ab8436 2.749s
2025-12-01 12:53:58.114 65586 INFO tempest.lib.common.rest_client [req-1e20b2db-297c-4bf0-a47f-c34468d2aa63 req-1e20b2db-297c-4bf0-a47f-c34468d2aa63 ] Request (MigrationsAdminTest:test_list_migrations_in_flavor_resize_situation): 200 GET http://10.180.1.21/compute/v2.1/servers/c0be0915-306c-4e95-886d-fc448e607c25 2.700s
2025-12-01 12:53:58.226 65620 INFO tempest.lib.common.rest_client [req-765de23f-cd9f-4ff5-a2eb-cf97847d516f req-765de23f-cd9f-4ff5-a2eb-cf97847d516f ] Request (VolumesAssistedSnapshotsTest:test_volume_assisted_snapshot_create_delete): 200 GET http://10.180.1.21/compute/v2.1/servers/d275f46a-5e02-4ec2-8282-a3843e2ed793 2.786s
2025-12-01 12:53:58.270 65634 INFO tempest.lib.common.rest_client [req-6214c526-2857-4943-ad09-6d29ac9e38b9 req-6214c526-2857-4943-ad09-6d29ac9e38b9 ] Request (ServerDiagnosticsV248Test:test_get_server_diagnostics): 200 GET http://10.180.1.21/compute/v2.1/servers/0e0ed721-3231-4975-9d21-9b476f5dc028/diagnostics 3.119s
2025-12-01 12:53:58.351 65580 INFO tempest.lib.common.rest_client [req-6d25b427-2545-40a6-b580-aa892e167423 req-6d25b427-2545-40a6-b580-aa892e167423 ] Request (ServerRescueTestJSON:setUpClass): 200 GET http://10.180.1.21/compute/v2.1/servers/1cdde3e7-650a-4e87-89f2-4b55a01c0f7d 2.808s
2025-12-01 12:53:58.425 65600 INFO tempest.lib.common.rest_client [req-fa0fb10b-0fb7-4213-97b7-890c58a44bb9 req-fa0fb10b-0fb7-4213-97b7-890c58a44bb9 ] Request (ServerExternalEventsTest:tearDownClass): 200 GET http://10.180.1.21/compute/v2.1/servers/952ec084-8ef6-4b5c-890e-dbf65a0739a1 2.674s
2025-12-01 12:53:58.433 65600 INFO tempest.common.waiters [-] State transition "ACTIVE/deleting" ==> "DELETED/None" after 4 second wait
2025-12-01 12:53:58.446 65639 INFO tempest.lib.common.rest_client [req-8c8d3e82-cf04-4f11-a992-ffb4085d9298 req-8c8d3e82-cf04-4f11-a992-ffb4085d9298 ] Request (DeleteServersAdminTestJSON:test_admin_delete_servers_of_others): 404 GET http://10.180.1.21/compute/v2.1/servers/9013f76b-5bc6-4a14-9b1d-7bfdc5ba7bb9 2.681s
2025-12-01 12:53:58.534 65612 INFO tempest.lib.common.rest_client [req-5eca33d6-335b-4c1c-8232-075168444540 req-5eca33d6-335b-4c1c-8232-075168444540 ] Request (ServerMetadataNegativeTestJSON:setUpClass): 200 GET http://10.180.1.21/compute/v2.1/servers/0ee924b8-a4ed-4bf7-a80f-2a1b7402f91b 2.723s
2025-12-01 12:53:58.545 65639 INFO tempest.lib.common.rest_client [req-bc2bb164-e61c-4282-b97b-9feefdb0cab6 req-bc2bb164-e61c-4282-b97b-9feefdb0cab6 ] Request (DeleteServersAdminTestJSON:test_delete_server_while_in_error_state): 201 POST http://10.180.1.21/identity/v3/auth/tokens 0.087s
2025-12-01 12:53:58.546 65639 INFO tempest.lib.common.fixed_network [-] (DeleteServersAdminTestJSON:test_delete_server_while_in_error_state) Found network None available for tenant
2025-12-01 12:53:58.558 65594 INFO tempest.lib.common.rest_client [req-75a91e02-fcff-4086-9f72-aac39b18fc33 req-75a91e02-fcff-4086-9f72-aac39b18fc33 ] Request (QuotasAdminTestJSON:test_update_all_quota_resources_for_tenant): 200 PUT http://10.180.1.21/compute/v2.1/os-quota-sets/431bf843f1ef4b37be753898fa712948 2.830s
2025-12-01 12:53:58.606 65624 INFO tempest.lib.common.rest_client [req-84178aea-aeee-4ef6-8df8-1ab994d799f9 req-84178aea-aeee-4ef6-8df8-1ab994d799f9 ] Request (ServerShowV254Test:test_rebuild_server): 200 GET http://10.180.1.21/compute/v2.1/servers/5bff0a73-421c-48d3-a30e-0e9bd7597e03 2.743s
2025-12-01 12:53:58.675 65642 INFO tempest.lib.common.rest_client [req-0022eeeb-9ee5-4094-b325-568ba8b78793 req-0022eeeb-9ee5-4094-b325-568ba8b78793 ] Request (ServerActionsV293TestJSON:setUpClass): 200 GET http://10.180.1.21/volume/v3/volumes/47ffa0c1-f600-4d5e-8fe4-2c52e0fa782d 0.027s
2025-12-01 12:53:58.694 65640 INFO tempest.lib.common.rest_client [req-426eb410-a06e-4e50-9f64-23860365276c req-426eb410-a06e-4e50-9f64-23860365276c ] Request (ServerDiagnosticsNegativeTest:tearDownClass): 200 GET http://10.180.1.21/compute/v2.1/servers/82792f64-3fef-4ff9-aa67-a46f09013ddb 2.636s
2025-12-01 12:53:58.713 65616 INFO tempest.lib.common.rest_client [req-7a326b6d-37e0-4e25-b6c8-fbcda7bbf6f8 req-7a326b6d-37e0-4e25-b6c8-fbcda7bbf6f8 ] Request (ImagesTestJSON:test_create_image_from_stopped_server): 200 GET http://10.180.1.21/compute/v2.1/servers/4c6c5894-897c-498f-8147-1061e8fbc55d 2.775s
2025-12-01 12:53:58.721 65616 INFO tempest.common.waiters [-] State transition "BUILD/networking" ==> "BUILD/spawning" after 7 second wait
2025-12-01 12:53:58.754 65606 INFO tempest.lib.common.rest_client [req-c4dea990-2459-4096-b661-3af298e30730 req-c4dea990-2459-4096-b661-3af298e30730 ] Request (ServersWithSpecificFlavorTestJSON:test_verify_created_server_ephemeral_disk): 200 GET http://10.180.1.21/compute/v2.1/servers/af850069-9c2d-4621-8d20-9e7bb4a3e6f9 2.396s
2025-12-01 12:53:58.865 65584 INFO tempest.lib.common.rest_client [req-63c8626f-6bb7-42f4-a1a7-78c46b8c59b4 req-63c8626f-6bb7-42f4-a1a7-78c46b8c59b4 ] Request (SecurityGroupsTestAdminJSON:_run_cleanups): 202 DELETE http://10.180.1.21/compute/v2.1/os-security-groups/b97a11ca-6315-4165-9666-b156200cb312 1.548s
2025-12-01 12:53:58.883 65596 INFO tempest.lib.common.rest_client [req-826c64c9-9355-4037-b06f-05f3a13fdc36 req-826c64c9-9355-4037-b06f-05f3a13fdc36 ] Request (FlavorsAccessNegativeTestJSON:test_flavor_non_admin_add): 200 POST http://10.180.1.21/compute/v2.1/flavors 1.533s
2025-12-01 12:53:58.978 65584 INFO tempest.lib.common.rest_client [req-4fbd63ad-92d4-400b-aadd-975d3aeeac27 req-4fbd63ad-92d4-400b-aadd-975d3aeeac27 ] Request (SecurityGroupsTestAdminJSON:tearDownClass): 204 DELETE http://10.180.1.21/identity/v3/users/a2d26f21f5ae4625ab94b75535f41a61 0.107s
2025-12-01 12:53:58.983 65610 INFO tempest.lib.common.rest_client [req-1b1a4b02-0781-4abd-9554-e7b67b0d9d81 req-1b1a4b02-0781-4abd-9554-e7b67b0d9d81 ] Request (TenantUsagesTestJSON:setUpClass): 202 POST http://10.180.1.21/compute/v2.1/servers 1.645s
2025-12-01 12:53:59.012 65628 INFO tempest.lib.common.rest_client [req-68d11b01-1c11-49d9-b8ed-2dc32348daca req-68d11b01-1c11-49d9-b8ed-2dc32348daca ] Request (AggregatesAdminNegativeTestJSON:_run_cleanups): 200 DELETE http://10.180.1.21/compute/v2.1/os-aggregates/3 1.615s
2025-12-01 12:53:59.027 65626 INFO tempest.lib.common.rest_client [req-37ee1eed-8294-4b63-9339-e12004eb913b req-37ee1eed-8294-4b63-9339-e12004eb913b ] Request (FlavorsExtraSpecsTestJSON:test_flavor_set_get_update_show_unset_keys): 200 GET http://10.180.1.21/compute/v2.1/flavors/419241694/os-extra_specs 1.480s
2025-12-01 12:53:59.040 65608 INFO tempest.lib.common.rest_client [req-cd20ad13-581a-4898-87f1-5ae268975c44 req-cd20ad13-581a-4898-87f1-5ae268975c44 ] Request (HostsAdminNegativeTestJSON:test_startup_nonexistent_host): 404 GET http://10.180.1.21/compute/v2.1/os-hosts/nonexistent_hostname/startup 1.483s
2025-12-01 12:53:59.062 65614 INFO tempest.lib.common.rest_client [req-1e0d05ed-8774-4115-ad8b-c361e4fbe5a4 req-1e0d05ed-8774-4115-ad8b-c361e4fbe5a4 ] Request (InstanceActionsV221TestJSON:tearDownClass): 404 GET http://10.180.1.21/compute/v2.1/servers/7420a7b9-901b-4347-9017-883884fc3265 1.457s
2025-12-01 12:53:59.097 65584 INFO tempest.lib.common.rest_client [req-8dbdc16e-910b-41b4-9498-5cfdbaa34d9e req-8dbdc16e-910b-41b4-9498-5cfdbaa34d9e ] Request (SecurityGroupsTestAdminJSON:tearDownClass): 204 DELETE http://10.180.1.21/identity/v3/users/9561371a7f1d4b16b98ae386374e2fc9 0.119s
2025-12-01 12:53:59.098 65584 INFO tempest.lib.common.dynamic_creds [-] Deleting project and security group for project: 9702c6dc45274e17abde31a0a77eae1b
2025-12-01 12:53:59.101 65588 INFO tempest.lib.common.rest_client [req-775d59d9-1e96-4467-9130-fa659612a147 req-775d59d9-1e96-4467-9130-fa659612a147 ] Request (ImagesMetadataTestJSON:test_set_image_metadata): 200 GET http://10.180.1.21/compute/v2.1/images/82c0d688-1881-4275-a6de-d75a17a33665/metadata 1.459s
2025-12-01 12:53:59.153 65584 INFO tempest.lib.common.rest_client [req-e33447d7-e0a2-480c-b38f-4423e4fc15fa req-e33447d7-e0a2-480c-b38f-4423e4fc15fa ] Request (SecurityGroupsTestAdminJSON:tearDownClass): 201 POST http://10.180.1.21/identity/v3/auth/tokens 0.055s
2025-12-01 12:53:59.473 65636 INFO tempest.lib.common.rest_client [req-a1ccd20d-f8bd-4c39-97e1-8c34502ce4de req-a1ccd20d-f8bd-4c39-97e1-8c34502ce4de ] Request (SecurityGroupRulesNegativeTestJSON:test_create_security_group_rule_with_invalid_to_port): 200 POST http://10.180.1.21/compute/v2.1/os-security-groups 1.777s
2025-12-01 12:53:59.506 65602 INFO tempest.lib.common.rest_client [req-ac710808-e01f-45e5-8620-b1ef9c372af9 req-ac710808-e01f-45e5-8620-b1ef9c372af9 ] Request (FlavorsV2TestJSON:test_list_flavors_detailed_filter_by_min_ram): 200 GET http://10.180.1.21/compute/v2.1/flavors/detail?minRam=193 1.785s
2025-12-01 12:53:59.595 65584 INFO tempest.lib.common.rest_client [req-f52cdf98-7d1a-4551-8b86-17eb33fc1cb6 req-f52cdf98-7d1a-4551-8b86-17eb33fc1cb6 ] Request (SecurityGroupsTestAdminJSON:tearDownClass): 200 GET http://10.180.1.21/networking/v2.0/security-groups?tenant_id=9702c6dc45274e17abde31a0a77eae1b&name=default 0.441s
2025-12-01 12:53:59.670 65634 INFO tempest.lib.common.rest_client [req-d0611d6d-018b-4d26-a400-847300ffc6c2 req-d0611d6d-018b-4d26-a400-847300ffc6c2 ] Request (ServerDiagnosticsV248Test:tearDownClass): 204 DELETE http://10.180.1.21/compute/v2.1/servers/0e0ed721-3231-4975-9d21-9b476f5dc028 1.388s
2025-12-01 12:53:59.720 65642 INFO tempest.lib.common.rest_client [req-787ea51e-a4ec-46e7-96f5-c19a85699b40 req-787ea51e-a4ec-46e7-96f5-c19a85699b40 ] Request (ServerActionsV293TestJSON:setUpClass): 200 GET http://10.180.1.21/volume/v3/volumes/47ffa0c1-f600-4d5e-8fe4-2c52e0fa782d 0.036s
2025-12-01 12:53:59.786 65584 INFO tempest.lib.common.rest_client [req-2e8a2a24-92a4-4f47-82b0-0df1b7ea82fc req-2e8a2a24-92a4-4f47-82b0-0df1b7ea82fc ] Request (SecurityGroupsTestAdminJSON:tearDownClass): 204 DELETE http://10.180.1.21/networking/v2.0/security-groups/b5df5f16-e152-433f-b317-b896a21a8afb 0.191s
2025-12-01 12:53:59.856 65584 INFO tempest.lib.common.rest_client [req-cf79ae0d-4de1-44f5-98af-6c184f5dfe51 req-cf79ae0d-4de1-44f5-98af-6c184f5dfe51 ] Request (SecurityGroupsTestAdminJSON:tearDownClass): 204 DELETE http://10.180.1.21/identity/v3/projects/9702c6dc45274e17abde31a0a77eae1b 0.068s
2025-12-01 12:53:59.856 65584 INFO tempest.lib.common.dynamic_creds [-] Deleting project and security group for project: e3082df233554aa0a88b82bd68eb1ba7
2025-12-01 12:53:59.925 65614 INFO tempest.lib.common.rest_client [req-87aaa4dd-77da-4532-abd2-fc81b3acd9c6 req-87aaa4dd-77da-4532-abd2-fc81b3acd9c6 ] Request (InstanceActionsV221TestJSON:tearDownClass): 200 PUT http://10.180.1.21/networking/v2.0/routers/72fda496-46a0-4202-a6ed-5f5172839143/remove_router_interface 0.863s
2025-12-01 12:53:59.951 65604 INFO tempest.lib.common.rest_client [req-ad5a70b2-691c-42b6-9dd1-c0e13a1b79e6 req-ad5a70b2-691c-42b6-9dd1-c0e13a1b79e6 ] Request (FloatingIPDetailsTestJSON:setUpClass): 200 POST http://10.180.1.21/compute/v2.1/os-floating-ips 2.578s
2025-12-01 12:54:00.015 65584 INFO tempest.lib.common.rest_client [req-0baba823-ebe2-4656-8835-97a336139693 req-0baba823-ebe2-4656-8835-97a336139693 ] Request (SecurityGroupsTestAdminJSON:tearDownClass): 200 GET http://10.180.1.21/networking/v2.0/security-groups?tenant_id=e3082df233554aa0a88b82bd68eb1ba7&name=default 0.159s
2025-12-01 12:54:00.394 65622 INFO tempest.lib.common.rest_client [req-4228fb97-85eb-4a13-a82b-74ccd35c66a7 req-4228fb97-85eb-4a13-a82b-74ccd35c66a7 ] Request (ServersTestManualDisk:setUpClass): 200 GET http://10.180.1.21/compute/v2.1/servers/2376f780-f6ea-4aa0-9eeb-291b20456241 1.887s
2025-12-01 12:54:00.438 65614 INFO tempest.lib.common.rest_client [req-56857cf7-c6e7-4095-8184-8cd2e359f735 req-56857cf7-c6e7-4095-8184-8cd2e359f735 ] Request (InstanceActionsV221TestJSON:tearDownClass): 204 DELETE http://10.180.1.21/networking/v2.0/routers/72fda496-46a0-4202-a6ed-5f5172839143 0.512s
2025-12-01 12:54:00.485 65584 INFO tempest.lib.common.rest_client [req-2a15739c-af21-4f97-95cb-1b96afc01967 req-2a15739c-af21-4f97-95cb-1b96afc01967 ] Request (SecurityGroupsTestAdminJSON:tearDownClass): 204 DELETE http://10.180.1.21/networking/v2.0/security-groups/8d91d0a7-6a61-4f21-8733-6a21d967e3bf 0.470s
2025-12-01 12:54:00.660 65584 INFO tempest.lib.common.rest_client [req-4faa6085-759d-42cd-b98e-2aa4fe83d28a req-4faa6085-759d-42cd-b98e-2aa4fe83d28a ] Request (SecurityGroupsTestAdminJSON:tearDownClass): 204 DELETE http://10.180.1.21/identity/v3/projects/e3082df233554aa0a88b82bd68eb1ba7 0.174s
2025-12-01 12:54:00.759 65584 INFO tempest.lib.common.rest_client [req-f1f4a9ee-419b-49da-bf37-b3de1ec40a0e req-f1f4a9ee-419b-49da-bf37-b3de1ec40a0e ] Request (ServicesAdminNegativeV253TestJSON:setUpClass): 201 POST http://10.180.1.21/identity/v3/auth/tokens 0.096s
2025-12-01 12:54:00.760 65642 INFO tempest.lib.common.rest_client [req-dc5c5937-c622-4856-8902-b68d54d63af2 req-dc5c5937-c622-4856-8902-b68d54d63af2 ] Request (ServerActionsV293TestJSON:setUpClass): 200 GET http://10.180.1.21/volume/v3/volumes/47ffa0c1-f600-4d5e-8fe4-2c52e0fa782d 0.030s
2025-12-01 12:54:00.796 65584 INFO tempest.lib.common.rest_client [req-b2c5a9c7-db26-43bf-8468-e333e9270aeb req-b2c5a9c7-db26-43bf-8468-e333e9270aeb ] Request (ServicesAdminNegativeV253TestJSON:setUpClass): 201 POST http://10.180.1.21/identity/v3/auth/tokens 0.033s
2025-12-01 12:54:00.800 65614 INFO tempest.lib.common.rest_client [req-5292f6cf-2bb0-4c0d-bf7f-85e5c8b68b2d req-5292f6cf-2bb0-4c0d-bf7f-85e5c8b68b2d ] Request (InstanceActionsV221TestJSON:tearDownClass): 204 DELETE http://10.180.1.21/networking/v2.0/subnets/bbcc63c1-0953-4d40-99c4-f6b34e7d29cd 0.361s
2025-12-01 12:54:00.826 65594 INFO tempest.lib.common.rest_client [req-398d14cf-8dc8-4533-8fa5-e212fff54880 req-398d14cf-8dc8-4533-8fa5-e212fff54880 ] Request (QuotasAdminTestJSON:_run_cleanups): 200 PUT http://10.180.1.21/compute/v2.1/os-quota-sets/431bf843f1ef4b37be753898fa712948 2.266s
2025-12-01 12:54:00.831 65584 INFO tempest.lib.common.rest_client [req-108bea20-ac25-4319-bd87-b935887fe9b4 req-108bea20-ac25-4319-bd87-b935887fe9b4 ] Request (ServicesAdminNegativeV253TestJSON:setUpClass): 200 GET http://10.180.1.21/identity/v3/domains?name=Default 0.035s
2025-12-01 12:54:00.869 65584 INFO tempest.lib.common.rest_client [req-0cce85a0-1811-4ee8-929c-ac8eb7f48687 req-0cce85a0-1811-4ee8-929c-ac8eb7f48687 ] Request (ServicesAdminNegativeV253TestJSON:setUpClass): 201 POST http://10.180.1.21/identity/v3/projects 0.037s
2025-12-01 12:54:00.924 65594 INFO tempest.lib.common.rest_client [req-686fd237-c9bb-44c9-a101-992bcc8810d2 req-686fd237-c9bb-44c9-a101-992bcc8810d2 ] Request (QuotasAdminTestJSON:tearDownClass): 204 DELETE http://10.180.1.21/identity/v3/users/7aa2832267cf4fde943ff56be8772d6f 0.094s
2025-12-01 12:54:00.962 65584 INFO tempest.lib.common.rest_client [req-d8170c56-52fd-44a8-b6b1-a22207b0c85d req-d8170c56-52fd-44a8-b6b1-a22207b0c85d ] Request (ServicesAdminNegativeV253TestJSON:setUpClass): 201 POST http://10.180.1.21/identity/v3/users 0.093s
2025-12-01 12:54:00.981 65598 INFO tempest.lib.common.rest_client [req-e852fde8-507a-4751-9de9-889a245bad9b req-e852fde8-507a-4751-9de9-889a245bad9b ] Request (QuotasAdminTestV236:test_get_updated_quotas): 200 GET http://10.180.1.21/identity/v3/domains?name=Default 0.094s
2025-12-01 12:54:01.031 65584 INFO tempest.lib.common.rest_client [req-4f97ef47-8b32-4b69-a461-617838dcceae req-4f97ef47-8b32-4b69-a461-617838dcceae ] Request (ServicesAdminNegativeV253TestJSON:setUpClass): 200 GET http://10.180.1.21/identity/v3/roles 0.067s
2025-12-01 12:54:01.063 65594 INFO tempest.lib.common.rest_client [req-c7e311b6-e8c1-475a-95a6-c10989fc5478 req-c7e311b6-e8c1-475a-95a6-c10989fc5478 ] Request (QuotasAdminTestJSON:tearDownClass): 204 DELETE http://10.180.1.21/identity/v3/users/3f8e84e0fb354dff8675a047b2e7b58c 0.139s
2025-12-01 12:54:01.063 65594 INFO tempest.lib.common.dynamic_creds [-] Deleting project and security group for project: 431bf843f1ef4b37be753898fa712948
2025-12-01 12:54:01.092 65598 INFO tempest.lib.common.rest_client [req-fce4fcb4-d933-43a0-8174-161f63a5bf4d req-fce4fcb4-d933-43a0-8174-161f63a5bf4d ] Request (QuotasAdminTestV236:test_get_updated_quotas): 201 POST http://10.180.1.21/identity/v3/projects 0.111s
2025-12-01 12:54:01.124 65614 INFO tempest.lib.common.rest_client [req-f578fd3d-468f-43d6-aaf7-a25d6747d1ec req-f578fd3d-468f-43d6-aaf7-a25d6747d1ec ] Request (InstanceActionsV221TestJSON:tearDownClass): 204 DELETE http://10.180.1.21/networking/v2.0/networks/d8accc46-726b-4924-ab3b-87aec7ba66c3 0.322s
2025-12-01 12:54:01.151 65594 INFO tempest.lib.common.rest_client [req-bfb83ba9-467d-43aa-8dcb-f8762a6ebd90 req-bfb83ba9-467d-43aa-8dcb-f8762a6ebd90 ] Request (QuotasAdminTestJSON:tearDownClass): 201 POST http://10.180.1.21/identity/v3/auth/tokens 0.087s
2025-12-01 12:54:01.164 65584 INFO tempest.lib.common.rest_client [req-74674396-78c8-4998-aead-c958633e439c req-74674396-78c8-4998-aead-c958633e439c ] Request (ServicesAdminNegativeV253TestJSON:setUpClass): 204 PUT http://10.180.1.21/identity/v3/projects/01a3d1d1b2364c06a0606096874cdf34/users/de1d7e984945472ea1797817135e4395/roles/298d7405032e451a9bbdb119f1ed52c0 0.133s
2025-12-01 12:54:01.165 65584 INFO tempest.lib.common.dynamic_creds [-] Dynamic test user de1d7e984945472ea1797817135e4395 is created with scope project and roles: ['member']
2025-12-01 12:54:01.165 65584 INFO tempest.lib.common.dynamic_creds [-] Acquired dynamic creds: credentials: Credentials: {'domain_id': 'default', 'domain_name': 'Default', 'username': 'tempest-ServicesAdminNegativeV253TestJSON-1649424604-project-member', 'project_domain_id': 'default', 'project_domain_name': 'Default', 'project_id': '01a3d1d1b2364c06a0606096874cdf34', 'project_name': 'tempest-ServicesAdminNegativeV253TestJSON-1649424604', 'tenant_id': '01a3d1d1b2364c06a0606096874cdf34', 'tenant_name': 'tempest-ServicesAdminNegativeV253TestJSON-1649424604', 'user_domain_id': 'default', 'user_domain_name': 'Default', 'user_id': 'de1d7e984945472ea1797817135e4395', 'system': None}, Network: None, Subnet: None, Router: None
2025-12-01 12:54:01.165 65584 INFO tempest.lib.common.dynamic_creds [-] Created isolated network resources for: credentials: Credentials: {'domain_id': 'default', 'domain_name': 'Default', 'username': 'tempest-ServicesAdminNegativeV253TestJSON-1649424604-project-member', 'project_domain_id': 'default', 'project_domain_name': 'Default', 'project_id': '01a3d1d1b2364c06a0606096874cdf34', 'project_name': 'tempest-ServicesAdminNegativeV253TestJSON-1649424604', 'tenant_id': '01a3d1d1b2364c06a0606096874cdf34', 'tenant_name': 'tempest-ServicesAdminNegativeV253TestJSON-1649424604', 'user_domain_id': 'default', 'user_domain_name': 'Default', 'user_id': 'de1d7e984945472ea1797817135e4395', 'system': None}, Network: None, Subnet: None, Router: None
2025-12-01 12:54:01.242 65598 INFO tempest.lib.common.rest_client [req-deaf0a64-3627-4dd4-acdf-7ab410c3be6c req-deaf0a64-3627-4dd4-acdf-7ab410c3be6c ] Request (QuotasAdminTestV236:test_get_updated_quotas): 200 GET http://10.180.1.21/identity/v3/domains?name=Default 0.149s
2025-12-01 12:54:01.273 65639 INFO tempest.lib.common.rest_client [req-38783ea1-a1d6-4279-b8ec-04923d03d6e8 req-38783ea1-a1d6-4279-b8ec-04923d03d6e8 ] Request (DeleteServersAdminTestJSON:test_delete_server_while_in_error_state): 202 POST http://10.180.1.21/compute/v2.1/servers 2.727s
2025-12-01 12:54:01.280 65614 INFO tempest.lib.common.rest_client [req-02756e21-9cdf-4692-be71-9870bc7a7ad4 req-02756e21-9cdf-4692-be71-9870bc7a7ad4 ] Request (InstanceActionsV221TestJSON:tearDownClass): 204 DELETE http://10.180.1.21/identity/v3/users/42c56228334d4f08a793a29c27164ba3 0.155s
2025-12-01 12:54:01.280 65614 INFO tempest.lib.common.dynamic_creds [-] Deleting project and security group for project: fcf7d1f8879b4d9190f9845d625da4b2
2025-12-01 12:54:01.315 65584 INFO tempest.lib.common.rest_client [req-94da051e-9469-48b3-9672-ee39683a287e req-94da051e-9469-48b3-9672-ee39683a287e ] Request (ServicesAdminNegativeV253TestJSON:setUpClass): 201 POST http://10.180.1.21/identity/v3/auth/tokens 0.147s
2025-12-01 12:54:01.406 65584 INFO tempest.lib.common.rest_client [req-fceb0818-20db-494d-8a33-273ca29cdcf8 req-fceb0818-20db-494d-8a33-273ca29cdcf8 ] Request (ServicesAdminNegativeV253TestJSON:setUpClass): 201 POST http://10.180.1.21/identity/v3/projects 0.090s
2025-12-01 12:54:01.462 65596 INFO tempest.lib.common.rest_client [req-d51e1df8-3689-4062-949b-1b33fdf04e0c req-d51e1df8-3689-4062-949b-1b33fdf04e0c ] Request (FlavorsAccessNegativeTestJSON:test_flavor_non_admin_add): 403 POST http://10.180.1.21/compute/v2.1/flavors/1886692090/action 2.573s
2025-12-01 12:54:01.487 65584 INFO tempest.lib.common.rest_client [req-fbbbc8f6-0d2e-40dc-9ba6-15e59890731f req-fbbbc8f6-0d2e-40dc-9ba6-15e59890731f ] Request (ServicesAdminNegativeV253TestJSON:setUpClass): 201 POST http://10.180.1.21/identity/v3/users 0.081s
2025-12-01 12:54:01.510 65584 INFO tempest.lib.common.rest_client [req-9e02a55a-650a-4390-b90d-c59b113a21f0 req-9e02a55a-650a-4390-b90d-c59b113a21f0 ] Request (ServicesAdminNegativeV253TestJSON:setUpClass): 200 GET http://10.180.1.21/identity/v3/roles 0.023s
2025-12-01 12:54:01.524 65594 INFO tempest.lib.common.rest_client [req-9b123c04-4f9e-45cb-a74c-134491243f14 req-9b123c04-4f9e-45cb-a74c-134491243f14 ] Request (QuotasAdminTestJSON:tearDownClass): 200 GET http://10.180.1.21/networking/v2.0/security-groups?tenant_id=431bf843f1ef4b37be753898fa712948&name=default 0.372s
2025-12-01 12:54:01.573 65584 INFO tempest.lib.common.rest_client [req-cd821f30-b361-42f6-811e-aa45251614af req-cd821f30-b361-42f6-811e-aa45251614af ] Request (ServicesAdminNegativeV253TestJSON:setUpClass): 204 PUT http://10.180.1.21/identity/v3/projects/22d89168d4404e61a21e669dc047139f/users/101385ac0f9f4f7fa34e8323bf26bf08/roles/4efdd8259df445d4bf750adb4ae38356 0.062s
2025-12-01 12:54:01.653 65618 INFO tempest.lib.common.rest_client [req-76d529c5-e765-4c11-9395-a1b79866d214 req-76d529c5-e765-4c11-9395-a1b79866d214 ] Request (ServerDiagnosticsTest:test_get_server_diagnostics): 200 GET http://10.180.1.21/compute/v2.1/servers/dba3d0fe-2129-4a12-9dce-1fe848600b65 2.954s
2025-12-01 12:54:01.655 65584 INFO tempest.lib.common.rest_client [req-2d30cd62-7844-4b25-b584-3ebff0b474a3 req-2d30cd62-7844-4b25-b584-3ebff0b474a3 ] Request (ServicesAdminNegativeV253TestJSON:setUpClass): 200 GET http://10.180.1.21/identity/v3/roles 0.081s
2025-12-01 12:54:01.663 65618 INFO tempest.common.waiters [-] State transition "BUILD/None" ==> "BUILD/spawning" after 7 second wait
2025-12-01 12:54:01.667 65614 INFO tempest.lib.common.rest_client [req-8c4ce92f-aed1-460c-87e1-6a0bec2b17ed req-8c4ce92f-aed1-460c-87e1-6a0bec2b17ed ] Request (InstanceActionsV221TestJSON:tearDownClass): 200 GET http://10.180.1.21/networking/v2.0/security-groups?tenant_id=fcf7d1f8879b4d9190f9845d625da4b2&name=default 0.387s
2025-12-01 12:54:01.676 65584 INFO tempest.lib.common.rest_client [req-27c470a9-30fa-4cff-a791-0630ac46da88 req-27c470a9-30fa-4cff-a791-0630ac46da88 ] Request (ServicesAdminNegativeV253TestJSON:setUpClass): 204 PUT http://10.180.1.21/identity/v3/projects/22d89168d4404e61a21e669dc047139f/users/101385ac0f9f4f7fa34e8323bf26bf08/roles/4efdd8259df445d4bf750adb4ae38356 0.020s
2025-12-01 12:54:01.676 65584 INFO tempest.lib.common.dynamic_creds [-] Dynamic test user 101385ac0f9f4f7fa34e8323bf26bf08 is created with scope project and roles: ['admin']
2025-12-01 12:54:01.676 65584 INFO tempest.lib.common.dynamic_creds [-] Acquired dynamic creds: credentials: Credentials: {'domain_id': 'default', 'domain_name': 'Default', 'username': 'tempest-ServicesAdminNegativeV253TestJSON-2055096432-project-admin', 'project_domain_id': 'default', 'project_domain_name': 'Default', 'project_id': '22d89168d4404e61a21e669dc047139f', 'project_name': 'tempest-ServicesAdminNegativeV253TestJSON-2055096432', 'tenant_id': '22d89168d4404e61a21e669dc047139f', 'tenant_name': 'tempest-ServicesAdminNegativeV253TestJSON-2055096432', 'user_domain_id': 'default', 'user_domain_name': 'Default', 'user_id': '101385ac0f9f4f7fa34e8323bf26bf08', 'system': None}, Network: None, Subnet: None, Router: None
2025-12-01 12:54:01.676 65584 INFO tempest.lib.common.dynamic_creds [-] Created isolated network resources for: credentials: Credentials: {'domain_id': 'default', 'domain_name': 'Default', 'username': 'tempest-ServicesAdminNegativeV253TestJSON-2055096432-project-admin', 'project_domain_id': 'default', 'project_domain_name': 'Default', 'project_id': '22d89168d4404e61a21e669dc047139f', 'project_name': 'tempest-ServicesAdminNegativeV253TestJSON-2055096432', 'tenant_id': '22d89168d4404e61a21e669dc047139f', 'tenant_name': 'tempest-ServicesAdminNegativeV253TestJSON-2055096432', 'user_domain_id': 'default', 'user_domain_name': 'Default', 'user_id': '101385ac0f9f4f7fa34e8323bf26bf08', 'system': None}, Network: None, Subnet: None, Router: None
2025-12-01 12:54:01.779 65584 INFO tempest.lib.common.rest_client [req-3873130f-dfb0-4e8c-858f-b06f07499faf req-3873130f-dfb0-4e8c-858f-b06f07499faf ] Request (ServicesAdminNegativeV253TestJSON:setUpClass): 201 POST http://10.180.1.21/identity/v3/auth/tokens 0.098s
2025-12-01 12:54:01.803 65642 INFO tempest.lib.common.rest_client [req-9baf5713-d0d1-46f7-82be-9ad3471ee755 req-9baf5713-d0d1-46f7-82be-9ad3471ee755 ] Request (ServerActionsV293TestJSON:setUpClass): 200 GET http://10.180.1.21/volume/v3/volumes/47ffa0c1-f600-4d5e-8fe4-2c52e0fa782d 0.034s
2025-12-01 12:54:01.857 65594 INFO tempest.lib.common.rest_client [req-68f8324d-f8f8-4588-ab39-81f0702cc96f req-68f8324d-f8f8-4588-ab39-81f0702cc96f ] Request (QuotasAdminTestJSON:tearDownClass): 204 DELETE http://10.180.1.21/networking/v2.0/security-groups/d00ab6dd-07e8-4904-8787-e6f5bfd412fb 0.333s
2025-12-01 12:54:01.995 65594 INFO tempest.lib.common.rest_client [req-cc1b6e07-1cb4-4a7d-aedd-63720755e421 req-cc1b6e07-1cb4-4a7d-aedd-63720755e421 ] Request (QuotasAdminTestJSON:tearDownClass): 204 DELETE http://10.180.1.21/identity/v3/projects/431bf843f1ef4b37be753898fa712948 0.138s
2025-12-01 12:54:01.995 65594 INFO tempest.lib.common.dynamic_creds [-] Deleting project and security group for project: cac0f68bbab24b8180e5c79c8b2fb120
2025-12-01 12:54:02.012 65614 INFO tempest.lib.common.rest_client [req-543feecb-701c-4ef6-a0ef-69c9c4d98819 req-543feecb-701c-4ef6-a0ef-69c9c4d98819 ] Request (InstanceActionsV221TestJSON:tearDownClass): 204 DELETE http://10.180.1.21/networking/v2.0/security-groups/77318a7b-f812-4318-9ad6-cccd57a4780a 0.344s
2025-12-01 12:54:02.035 65610 INFO tempest.lib.common.rest_client [req-f27a7435-cfb4-446a-8ec7-74e348eac7dd req-f27a7435-cfb4-446a-8ec7-74e348eac7dd ] Request (TenantUsagesTestJSON:setUpClass): 200 GET http://10.180.1.21/compute/v2.1/servers/623db1da-8ffa-470f-a4ee-20f494978b58 3.050s
2025-12-01 12:54:02.063 65644 INFO tempest.lib.common.rest_client [req-1e38202b-e128-4e76-aa03-30e2a51a78d9 req-1e38202b-e128-4e76-aa03-30e2a51a78d9 ] Request (ServerAddressesTestJSON:setUpClass): 200 GET http://10.180.1.21/compute/v2.1/servers/cdba07ed-8967-4a6a-a580-42dfeca50921 3.175s
2025-12-01 12:54:02.071 65628 INFO tempest.lib.common.rest_client [req-8a97c119-51f4-4cb9-8a2b-292448a6eee3 req-8a97c119-51f4-4cb9-8a2b-292448a6eee3 ] Request (AggregatesAdminNegativeTestJSON:test_aggregate_create_aggregate_name_length_exceeds_255): 400 POST http://10.180.1.21/compute/v2.1/os-aggregates 3.058s
2025-12-01 12:54:02.076 65644 INFO tempest.common.waiters [-] State transition "BUILD/spawning" ==> "ACTIVE/None" after 19 second wait
2025-12-01 12:54:02.093 65626 INFO tempest.lib.common.rest_client [req-8e6fb92f-99ac-4c4c-8b34-c094dca97c8e req-8e6fb92f-99ac-4c4c-8b34-c094dca97c8e ] Request (FlavorsExtraSpecsTestJSON:tearDownClass): 202 DELETE http://10.180.1.21/compute/v2.1/flavors/419241694 3.064s
2025-12-01 12:54:02.105 65608 INFO tempest.lib.common.rest_client [req-c5fad605-bb25-43b3-aab6-67fa53b92bff req-c5fad605-bb25-43b3-aab6-67fa53b92bff ] Request (HostsAdminNegativeTestJSON:test_update_host_with_invalid_maintenance_mode): 400 PUT http://10.180.1.21/compute/v2.1/os-hosts/devstack 3.063s
2025-12-01 12:54:02.155 65614 INFO tempest.lib.common.rest_client [req-481ff775-c504-4680-a32f-7db3a28a5fae req-481ff775-c504-4680-a32f-7db3a28a5fae ] Request (InstanceActionsV221TestJSON:tearDownClass): 204 DELETE http://10.180.1.21/identity/v3/projects/fcf7d1f8879b4d9190f9845d625da4b2 0.143s
2025-12-01 12:54:02.248 65614 INFO tempest.lib.common.rest_client [req-7f6c246b-3429-43f9-a76f-d870d6acde08 req-7f6c246b-3429-43f9-a76f-d870d6acde08 ] Request (MultipleCreateNegativeTestJSON:setUpClass): 201 POST http://10.180.1.21/identity/v3/auth/tokens 0.090s
2025-12-01 12:54:02.269 65594 INFO tempest.lib.common.rest_client [req-e9f7dada-8267-4a62-8c49-83e1f1322aa7 req-e9f7dada-8267-4a62-8c49-83e1f1322aa7 ] Request (QuotasAdminTestJSON:tearDownClass): 200 GET http://10.180.1.21/networking/v2.0/security-groups?tenant_id=cac0f68bbab24b8180e5c79c8b2fb120&name=default 0.273s
2025-12-01 12:54:02.299 65614 INFO tempest.lib.common.rest_client [req-95b25c30-fcd4-4d55-a755-b9247bcb6ffe req-95b25c30-fcd4-4d55-a755-b9247bcb6ffe ] Request (MultipleCreateNegativeTestJSON:setUpClass): 201 POST http://10.180.1.21/identity/v3/auth/tokens 0.049s
2025-12-01 12:54:02.330 65614 INFO tempest.lib.common.rest_client [req-a2b5aa2f-6d08-4181-b30d-11e852d7d5b2 req-a2b5aa2f-6d08-4181-b30d-11e852d7d5b2 ] Request (MultipleCreateNegativeTestJSON:setUpClass): 200 GET http://10.180.1.21/identity/v3/domains?name=Default 0.030s
2025-12-01 12:54:02.343 65590 INFO tempest.lib.common.rest_client [req-8d00b4f4-190a-4ef7-a9fe-4c18caf6c397 req-8d00b4f4-190a-4ef7-a9fe-4c18caf6c397 ] Request (AttachVolumeShelveTestJSON:test_attach_volume_shelved_or_offload_server): 200 GET http://10.180.1.21/compute/v2.1/servers/4f064a1c-c011-404c-a922-418b59ab8436 3.332s
2025-12-01 12:54:02.374 65614 INFO tempest.lib.common.rest_client [req-d2aec35a-1ab9-4500-b96c-5901f6ccb4e3 req-d2aec35a-1ab9-4500-b96c-5901f6ccb4e3 ] Request (MultipleCreateNegativeTestJSON:setUpClass): 201 POST http://10.180.1.21/identity/v3/projects 0.043s
2025-12-01 12:54:02.380 65594 INFO tempest.lib.common.rest_client [req-c0463bf4-3f17-4925-8afa-b410a4399bd0 req-c0463bf4-3f17-4925-8afa-b410a4399bd0 ] Request (QuotasAdminTestJSON:tearDownClass): 204 DELETE http://10.180.1.21/networking/v2.0/security-groups/675f1bed-6a9b-41aa-b803-0d9b10c36bb9 0.110s
2025-12-01 12:54:02.390 65588 INFO tempest.lib.common.rest_client [req-667bfc6c-5718-4f8b-9233-262775a81d74 req-667bfc6c-5718-4f8b-9233-262775a81d74 ] Request (ImagesMetadataTestJSON:setUp): 200 PUT http://10.180.1.21/compute/v2.1/images/82c0d688-1881-4275-a6de-d75a17a33665/metadata 3.286s
2025-12-01 12:54:02.456 65614 INFO tempest.lib.common.rest_client [req-b1d5e936-e403-4788-8237-986d4325e94b req-b1d5e936-e403-4788-8237-986d4325e94b ] Request (MultipleCreateNegativeTestJSON:setUpClass): 201 POST http://10.180.1.21/identity/v3/users 0.082s
2025-12-01 12:54:02.481 65586 INFO tempest.lib.common.rest_client [req-fbbc5445-c4f5-4fbf-84eb-4d0cdd5dfbbe req-fbbc5445-c4f5-4fbf-84eb-4d0cdd5dfbbe ] Request (MigrationsAdminTest:test_list_migrations_in_flavor_resize_situation): 200 GET http://10.180.1.21/compute/v2.1/servers/c0be0915-306c-4e95-886d-fc448e607c25 3.358s
2025-12-01 12:54:02.495 65594 INFO tempest.lib.common.rest_client [req-fa98080c-75f2-4b90-bc8d-88d08d837cbc req-fa98080c-75f2-4b90-bc8d-88d08d837cbc ] Request (QuotasAdminTestJSON:tearDownClass): 204 DELETE http://10.180.1.21/identity/v3/projects/cac0f68bbab24b8180e5c79c8b2fb120 0.114s
2025-12-01 12:54:02.540 65614 INFO tempest.lib.common.rest_client [req-95b522cd-c65c-470f-a5cf-0944b08ae63b req-95b522cd-c65c-470f-a5cf-0944b08ae63b ] Request (MultipleCreateNegativeTestJSON:setUpClass): 200 GET http://10.180.1.21/identity/v3/roles 0.083s
2025-12-01 12:54:02.559 65594 INFO tempest.lib.common.rest_client [req-e151d396-146c-4453-bc94-3dc41d1735c3 req-e151d396-146c-4453-bc94-3dc41d1735c3 ] Request (ServersAdminNegativeTestJSON:setUpClass): 201 POST http://10.180.1.21/identity/v3/auth/tokens 0.063s
2025-12-01 12:54:02.596 65614 INFO tempest.lib.common.rest_client [req-aa417392-e2f2-4274-8d44-ff1296c1cb10 req-aa417392-e2f2-4274-8d44-ff1296c1cb10 ] Request (MultipleCreateNegativeTestJSON:setUpClass): 204 PUT http://10.180.1.21/identity/v3/projects/c47b84de0e30479abaca58672c2c2108/users/2a4880a0c9d8445cbe969ed8be49ba8b/roles/298d7405032e451a9bbdb119f1ed52c0 0.055s
2025-12-01 12:54:02.596 65614 INFO tempest.lib.common.dynamic_creds [-] Dynamic test user 2a4880a0c9d8445cbe969ed8be49ba8b is created with scope project and roles: ['member']
2025-12-01 12:54:02.596 65614 INFO tempest.lib.common.dynamic_creds [-] Acquired dynamic creds: credentials: Credentials: {'domain_id': 'default', 'domain_name': 'Default', 'username': 'tempest-MultipleCreateNegativeTestJSON-393285812-project-member', 'project_domain_id': 'default', 'project_domain_name': 'Default', 'project_id': 'c47b84de0e30479abaca58672c2c2108', 'project_name': 'tempest-MultipleCreateNegativeTestJSON-393285812', 'tenant_id': 'c47b84de0e30479abaca58672c2c2108', 'tenant_name': 'tempest-MultipleCreateNegativeTestJSON-393285812', 'user_domain_id': 'default', 'user_domain_name': 'Default', 'user_id': '2a4880a0c9d8445cbe969ed8be49ba8b', 'system': None}, Network: None, Subnet: None, Router: None
2025-12-01 12:54:02.596 65614 INFO tempest.lib.common.dynamic_creds [-] Created isolated network resources for: credentials: Credentials: {'domain_id': 'default', 'domain_name': 'Default', 'username': 'tempest-MultipleCreateNegativeTestJSON-393285812-project-member', 'project_domain_id': 'default', 'project_domain_name': 'Default', 'project_id': 'c47b84de0e30479abaca58672c2c2108', 'project_name': 'tempest-MultipleCreateNegativeTestJSON-393285812', 'tenant_id': 'c47b84de0e30479abaca58672c2c2108', 'tenant_name': 'tempest-MultipleCreateNegativeTestJSON-393285812', 'user_domain_id': 'default', 'user_domain_name': 'Default', 'user_id': '2a4880a0c9d8445cbe969ed8be49ba8b', 'system': None}, Network: None, Subnet: None, Router: None
2025-12-01 12:54:02.617 65620 INFO tempest.lib.common.rest_client [req-2f13d296-d089-429a-9e74-2e521de333d6 req-2f13d296-d089-429a-9e74-2e521de333d6 ] Request (VolumesAssistedSnapshotsTest:test_volume_assisted_snapshot_create_delete): 200 GET http://10.180.1.21/compute/v2.1/servers/d275f46a-5e02-4ec2-8282-a3843e2ed793 3.379s
2025-12-01 12:54:02.628 65620 INFO tempest.common.waiters [-] State transition "BUILD/spawning" ==> "ACTIVE/None" after 19 second wait
2025-12-01 12:54:02.631 65580 INFO tempest.lib.common.rest_client [req-46db8ac2-59c8-4ade-9f85-27ce50ea3699 req-46db8ac2-59c8-4ade-9f85-27ce50ea3699 ] Request (ServerRescueTestJSON:setUpClass): 200 GET http://10.180.1.21/compute/v2.1/servers/1cdde3e7-650a-4e87-89f2-4b55a01c0f7d 3.269s
2025-12-01 12:54:02.670 65636 INFO tempest.lib.common.rest_client [req-f54e0115-223d-499c-95b6-6c4c9f5ae62d req-f54e0115-223d-499c-95b6-6c4c9f5ae62d ] Request (SecurityGroupRulesNegativeTestJSON:test_create_security_group_rule_with_invalid_to_port): 400 POST http://10.180.1.21/compute/v2.1/os-security-group-rules 3.193s
2025-12-01 12:54:02.687 65602 INFO tempest.lib.common.rest_client [req-ddd4867f-47d8-4de4-a30e-04670e401886 req-ddd4867f-47d8-4de4-a30e-04670e401886 ] Request (FlavorsV2TestJSON:test_list_flavors_detailed_limit_results): 200 GET http://10.180.1.21/compute/v2.1/flavors/detail?limit=1 3.175s
2025-12-01 12:54:02.694 65614 INFO tempest.lib.common.rest_client [req-65244236-e7ef-4846-8007-85c9e64d2125 req-65244236-e7ef-4846-8007-85c9e64d2125 ] Request (MultipleCreateNegativeTestJSON:setUpClass): 201 POST http://10.180.1.21/identity/v3/auth/tokens 0.092s
2025-12-01 12:54:02.695 65594 INFO tempest.lib.common.rest_client [req-e15a356c-6478-4bad-9e84-a653d19a56b0 req-e15a356c-6478-4bad-9e84-a653d19a56b0 ] Request (ServersAdminNegativeTestJSON:setUpClass): 201 POST http://10.180.1.21/identity/v3/auth/tokens 0.131s
2025-12-01 12:54:02.703 65600 INFO tempest.lib.common.rest_client [req-192723ed-20e3-46f5-9a85-01349a9412bd req-192723ed-20e3-46f5-9a85-01349a9412bd ] Request (ServerExternalEventsTest:tearDownClass): 200 GET http://10.180.1.21/compute/v2.1/servers/952ec084-8ef6-4b5c-890e-dbf65a0739a1 3.269s
2025-12-01 12:54:02.726 65614 INFO tempest.lib.common.rest_client [req-fa5b128a-ce3a-4e92-b956-ada839f05fa9 req-fa5b128a-ce3a-4e92-b956-ada839f05fa9 ] Request (MultipleCreateNegativeTestJSON:test_max_count_less_than_min_count): 201 POST http://10.180.1.21/identity/v3/auth/tokens 0.028s
2025-12-01 12:54:02.727 65614 INFO tempest.lib.common.fixed_network [-] (MultipleCreateNegativeTestJSON:test_max_count_less_than_min_count) Found network None available for tenant
