2025-11-20 23:55:04.464 65703 INFO tempest.lib.common.rest_client [req-32d432da-f7ca-4862-98ec-1812f94dd7f5 req-32d432da-f7ca-4862-98ec-1812f94dd7f5 ] Request (ListImageFiltersTestJSON:test_list_images_limit_results): 200 GET http://10.180.1.21/compute/v2.1/images?limit=1 0.671s
2025-11-20 23:55:04.484 65737 INFO tempest.lib.common.rest_client [req-2c7cbd7e-6403-45a7-9fca-800d64fe3e4d req-2c7cbd7e-6403-45a7-9fca-800d64fe3e4d ] Request (ServersV294TestFqdnHostnames:tearDownClass): 204 DELETE http://10.180.1.21/compute/v2.1/os-keypairs/tempest-keypair-1793994300 0.673s
2025-11-20 23:55:04.521 65701 INFO tempest.lib.common.rest_client [req-5c46f7c5-47a6-4185-aaac-85b1a86c3475 req-5c46f7c5-47a6-4185-aaac-85b1a86c3475 ] Request (ListServersNegativeTestJSON:setUpClass): 201 POST http://10.180.1.21/identity/v3/users 0.080s
2025-11-20 23:55:04.531 65713 INFO tempest.lib.common.rest_client [req-34113da7-f3c8-486b-8120-ce2f4c231bc7 req-34113da7-f3c8-486b-8120-ce2f4c231bc7 ] Request (ServerMetadataTestJSON:test_get_server_metadata_item): 200 GET http://10.180.1.21/compute/v2.1/servers/8a784bb0-2ecf-4283-bcf6-32c37650b48e/metadata/key2 0.705s
2025-11-20 23:55:04.552 65701 INFO tempest.lib.common.rest_client [req-2e375f11-b9b6-4fa8-8c0a-15eb8cb30bf9 req-2e375f11-b9b6-4fa8-8c0a-15eb8cb30bf9 ] Request (ListServersNegativeTestJSON:setUpClass): 200 GET http://10.180.1.21/identity/v3/roles 0.030s
2025-11-20 23:55:04.554 65733 INFO tempest.lib.common.rest_client [req-c295a872-d0c8-4d84-a39b-705ca5afe260 req-c295a872-d0c8-4d84-a39b-705ca5afe260 ] Request (VolumesSnapshotsTestJSON:tearDownClass): 404 DELETE http://10.180.1.21/compute/v2.1/os-volumes/118f389c-ae86-4353-9564-c2b65a8139b8 0.190s
2025-11-20 23:55:04.564 65749 INFO tempest.lib.common.rest_client [req-5a385e4e-2fee-4911-a3ee-e79ce53afa78 req-5a385e4e-2fee-4911-a3ee-e79ce53afa78 ] Request (ServersAdminNegativeTestJSON:test_reset_state_server_nonexistent_server): 404 POST http://10.180.1.21/compute/v2.1/servers/999/action 0.149s
2025-11-20 23:55:04.596 65757 INFO tempest.lib.common.rest_client [req-f186556c-d6d4-42a0-bb99-bf885d467397 req-f186556c-d6d4-42a0-bb99-bf885d467397 ] Request (FlavorsExtraSpecsNegativeTestJSON:test_flavor_non_admin_unset_keys): 403 DELETE http://10.180.1.21/compute/v2.1/flavors/1238916225/os-extra_specs/hw:numa_nodes 0.172s
2025-11-20 23:55:04.614 65701 INFO tempest.lib.common.rest_client [req-7672ef87-fdac-4780-a108-71110119330d req-7672ef87-fdac-4780-a108-71110119330d ] Request (ListServersNegativeTestJSON:setUpClass): 204 PUT http://10.180.1.21/identity/v3/projects/de42a0a0cc02405c804543a55d88254c/users/82517efc0298438cad3c20cbc29aac3d/roles/4b019e04c34844a588e30dd68e89db97 0.062s
2025-11-20 23:55:04.614 65701 INFO tempest.lib.common.dynamic_creds [-] Dynamic test user 82517efc0298438cad3c20cbc29aac3d is created with scope project and roles: ['member']
2025-11-20 23:55:04.615 65701 INFO tempest.lib.common.dynamic_creds [-] Acquired dynamic creds: credentials: Credentials: {'domain_id': 'default', 'domain_name': 'Default', 'username': 'tempest-ListServersNegativeTestJSON-1986621724-project-member', 'project_domain_id': 'default', 'project_domain_name': 'Default', 'project_id': 'de42a0a0cc02405c804543a55d88254c', 'project_name': 'tempest-ListServersNegativeTestJSON-1986621724', 'tenant_id': 'de42a0a0cc02405c804543a55d88254c', 'tenant_name': 'tempest-ListServersNegativeTestJSON-1986621724', 'user_domain_id': 'default', 'user_domain_name': 'Default', 'user_id': '82517efc0298438cad3c20cbc29aac3d', 'system': None}, Network: None, Subnet: None, Router: None
2025-11-20 23:55:04.643 65737 INFO tempest.lib.common.rest_client [req-48b7a7d6-3b06-4986-b34f-1a43911e0895 req-48b7a7d6-3b06-4986-b34f-1a43911e0895 ] Request (ServersV294TestFqdnHostnames:tearDownClass): 204 DELETE http://10.180.1.21/networking/v2.0/security-groups/9077053e-385c-4970-a599-7e284d02361a 0.158s
2025-11-20 23:55:04.666 65737 INFO tempest.lib.common.rest_client [req-9f38ac1d-99d5-4b57-86df-16735269b6df req-9f38ac1d-99d5-4b57-86df-16735269b6df ] Request (ServersV294TestFqdnHostnames:tearDownClass): 404 GET http://10.180.1.21/networking/v2.0/security-groups/9077053e-385c-4970-a599-7e284d02361a 0.022s
2025-11-20 23:55:04.717 65701 INFO tempest.lib.common.rest_client [req-f83f9aba-5f6a-4aaa-9a09-9c02f71efbf8 req-f83f9aba-5f6a-4aaa-9a09-9c02f71efbf8 ] Request (ListServersNegativeTestJSON:setUpClass): 201 POST http://10.180.1.21/identity/v3/auth/tokens 0.102s
2025-11-20 23:55:04.944 65737 INFO tempest.lib.common.rest_client [req-2e78fbc7-17a3-4ab8-afd3-f24f492d8217 req-2e78fbc7-17a3-4ab8-afd3-f24f492d8217 ] Request (ServersV294TestFqdnHostnames:tearDownClass): 204 DELETE http://10.180.1.21/networking/v2.0/floatingips/00ef04ed-b91d-4378-8370-aed91f94f320 0.278s
2025-11-20 23:55:05.010 65719 INFO tempest.lib.common.rest_client [req-f2f1185a-0d7a-4b65-b019-c514a38f04e2 req-f2f1185a-0d7a-4b65-b019-c514a38f04e2 ] Request (SecurityGroupsTestJSON:test_server_security_groups): 200 GET http://10.180.1.21/compute/v2.1/servers/ebc3cf0d-e871-46e1-9732-adaf51fa4681 0.550s
2025-11-20 23:55:05.023 65719 INFO tempest.common.waiters [-] State transition "BUILD/spawning" ==> "ACTIVE/None" after 64 second wait
2025-11-20 23:55:05.081 65703 INFO tempest.lib.common.rest_client [req-cd35a4fb-b104-4997-a98a-05b066f58175 req-cd35a4fb-b104-4997-a98a-05b066f58175 ] Request (ListImageFiltersTestJSON:test_list_images_with_detail_filter_by_changes_since): 200 GET http://10.180.1.21/compute/v2.1/images/detail?changes-since=2025-11-20T23%3A52%3A27Z 0.614s
2025-11-20 23:55:05.136 65701 INFO tempest.lib.common.rest_client [req-0f7b09d4-3d1c-4284-aae9-fd7e409bc642 req-0f7b09d4-3d1c-4284-aae9-fd7e409bc642 ] Request (ListServersNegativeTestJSON:setUpClass): 201 POST http://10.180.1.21/networking/v2.0/networks 0.419s
2025-11-20 23:55:05.205 65713 INFO tempest.lib.common.rest_client [req-36566283-8984-4140-9a22-3f07abdca38d req-36566283-8984-4140-9a22-3f07abdca38d ] Request (ServerMetadataTestJSON:setUp): 200 PUT http://10.180.1.21/compute/v2.1/servers/8a784bb0-2ecf-4283-bcf6-32c37650b48e/metadata 0.672s
2025-11-20 23:55:05.236 65733 INFO tempest.lib.common.rest_client [req-a645a491-4c64-4694-a0ea-93a6929bb4f7 req-a645a491-4c64-4694-a0ea-93a6929bb4f7 ] Request (VolumesSnapshotsTestJSON:tearDownClass): 404 GET http://10.180.1.21/compute/v2.1/os-volumes/118f389c-ae86-4353-9564-c2b65a8139b8 0.682s
2025-11-20 23:55:05.253 65759 WARNING tempest.lib.common.ssh [-] Failed to establish authenticated ssh connection to cirros@10.180.180.156 ([Errno None] Unable to connect to port 22 on 10.180.180.156). Number attempts: 2. Retry after 3 seconds.: paramiko.ssh_exception.NoValidConnectionsError: [Errno None] Unable to connect to port 22 on 10.180.180.156
2025-11-20 23:55:05.363 65733 INFO tempest.lib.common.rest_client [req-2d5c2fe2-074c-4005-bd83-fbf74887971d req-2d5c2fe2-074c-4005-bd83-fbf74887971d ] Request (VolumesSnapshotsTestJSON:tearDownClass): 204 DELETE http://10.180.1.21/identity/v3/users/64a1a09ee78a40029d663f404819d681 0.126s
2025-11-20 23:55:05.364 65733 INFO tempest.lib.common.dynamic_creds [-] Deleting project and security group for project: 51ceda0bea2b494cad693838b9bdee6b
2025-11-20 23:55:05.432 65749 INFO tempest.lib.common.rest_client [req-8eb18c2b-c974-4372-935d-ba7d4f9d9c6b req-8eb18c2b-c974-4372-935d-ba7d4f9d9c6b ] Request (ServersAdminNegativeTestJSON:test_resize_server_using_overlimit_ram): 200 GET http://10.180.1.21/compute/v2.1/os-quota-sets/47b0bba7187a4e16bc3eeb7931e1fb09 0.866s
2025-11-20 23:55:05.458 65733 INFO tempest.lib.common.rest_client [req-5fa7849e-2a65-4c04-83fe-08dff4b3ade7 req-5fa7849e-2a65-4c04-83fe-08dff4b3ade7 ] Request (VolumesSnapshotsTestJSON:tearDownClass): 201 POST http://10.180.1.21/identity/v3/auth/tokens 0.094s
2025-11-20 23:55:05.508 65757 INFO tempest.lib.common.rest_client [req-3ff4cdb9-f75e-4050-a2a3-a02ecd53dad1 req-3ff4cdb9-f75e-4050-a2a3-a02ecd53dad1 ] Request (FlavorsExtraSpecsNegativeTestJSON:test_flavor_non_admin_update_specific_key): 200 POST http://10.180.1.21/compute/v2.1/flavors/1238916225/os-extra_specs 0.910s
2025-11-20 23:55:05.647 65701 INFO tempest.lib.common.rest_client [req-7460f988-b30e-4514-93af-f973a647c70f req-7460f988-b30e-4514-93af-f973a647c70f ] Request (ListServersNegativeTestJSON:setUpClass): 201 POST http://10.180.1.21/networking/v2.0/subnets 0.510s
2025-11-20 23:55:05.995 65733 INFO tempest.lib.common.rest_client [req-00153b2f-e94b-4224-9286-4d2d86d4fffc req-00153b2f-e94b-4224-9286-4d2d86d4fffc ] Request (VolumesSnapshotsTestJSON:tearDownClass): 200 GET http://10.180.1.21/networking/v2.0/security-groups?tenant_id=51ceda0bea2b494cad693838b9bdee6b&name=default 0.536s
2025-11-20 23:55:06.034 65725 INFO tempest.lib.common.rest_client [req-dc86dc68-99be-4308-aa0c-ee14363a4d38 req-dc86dc68-99be-4308-aa0c-ee14363a4d38 ] Request (ServersWithSpecificFlavorTestJSON:test_verify_created_server_ephemeral_disk): 200 GET http://10.180.1.21/compute/v2.1/servers/96dc4fef-0030-4a0e-a7d8-5ea43e7d8c03 1.285s
2025-11-20 23:55:06.042 65725 INFO tempest.common.waiters [-] State transition "BUILD/scheduling" ==> "BUILD/None" after 14 second wait
2025-11-20 23:55:06.103 65737 INFO tempest.lib.common.rest_client [req-cb19341c-3455-4720-bfc9-acaa7ddaef4d req-cb19341c-3455-4720-bfc9-acaa7ddaef4d ] Request (ServersV294TestFqdnHostnames:tearDownClass): 200 PUT http://10.180.1.21/networking/v2.0/routers/c2bb2084-1b9b-449f-8175-2334133044fa/remove_router_interface 1.158s
2025-11-20 23:55:06.222 65727 WARNING tempest.lib.common.ssh [-] Failed to establish authenticated ssh connection to cirros@10.180.180.243 ([Errno None] Unable to connect to port 22 on 10.180.180.243). Number attempts: 4. Retry after 5 seconds.: paramiko.ssh_exception.NoValidConnectionsError: [Errno None] Unable to connect to port 22 on 10.180.180.243
2025-11-20 23:55:06.304 65733 INFO tempest.lib.common.rest_client [req-0938d566-38af-4597-803d-cf3f886c6cab req-0938d566-38af-4597-803d-cf3f886c6cab ] Request (VolumesSnapshotsTestJSON:tearDownClass): 204 DELETE http://10.180.1.21/networking/v2.0/security-groups/547fcf21-c39f-4e3d-8f2f-49930ced1413 0.308s
2025-11-20 23:55:06.334 65741 INFO tempest.lib.common.rest_client [req-4f3b22f8-d106-4d11-aa34-956f20a11300 req-4f3b22f8-d106-4d11-aa34-956f20a11300 ] Request (ImagesOneServerTestJSON:setUpClass): 200 GET http://10.180.1.21/compute/v2.1/servers/10582404-2d45-4edf-ae68-f3ca441adab5 1.459s
2025-11-20 23:55:06.405 65733 INFO tempest.lib.common.rest_client [req-b6a23fe6-a007-4269-911e-aeb813e1820b req-b6a23fe6-a007-4269-911e-aeb813e1820b ] Request (VolumesSnapshotsTestJSON:tearDownClass): 204 DELETE http://10.180.1.21/identity/v3/projects/51ceda0bea2b494cad693838b9bdee6b 0.100s
2025-11-20 23:55:06.594 65753 WARNING tempest.lib.common.ssh [-] Failed to establish authenticated ssh connection to cirros@10.180.180.205 ([Errno None] Unable to connect to port 22 on 10.180.180.205). Number attempts: 8. Retry after 9 seconds.: paramiko.ssh_exception.NoValidConnectionsError: [Errno None] Unable to connect to port 22 on 10.180.180.205
2025-11-20 23:55:06.764 65737 INFO tempest.lib.common.rest_client [req-efa528a4-edab-4b7a-864d-b2484c7edd97 req-efa528a4-edab-4b7a-864d-b2484c7edd97 ] Request (ServersV294TestFqdnHostnames:tearDownClass): 204 DELETE http://10.180.1.21/networking/v2.0/routers/c2bb2084-1b9b-449f-8175-2334133044fa 0.660s
2025-11-20 23:55:06.840 65701 INFO tempest.lib.common.rest_client [req-bb6f94ab-2901-4403-801e-b967c297fd2f req-bb6f94ab-2901-4403-801e-b967c297fd2f ] Request (ListServersNegativeTestJSON:setUpClass): 201 POST http://10.180.1.21/networking/v2.0/routers 1.192s
2025-11-20 23:55:07.030 65737 INFO tempest.lib.common.rest_client [req-e1c31597-8401-4e47-841a-d289f0546cc8 req-e1c31597-8401-4e47-841a-d289f0546cc8 ] Request (ServersV294TestFqdnHostnames:tearDownClass): 204 DELETE http://10.180.1.21/networking/v2.0/subnets/ba9cc2c9-a136-4001-aeb4-81c4765a109c 0.265s
2025-11-20 23:55:07.073 65721 INFO tempest.lib.common.rest_client [req-7586ea8d-039f-4843-99fa-0073d3b76ff9 req-7586ea8d-039f-4843-99fa-0073d3b76ff9 ] Request (ServerActionsTestOtherB:setUpClass): 200 GET http://10.180.1.21/compute/v2.1/servers/f8fab45e-7f27-4dbd-902d-1ec491593765 2.127s
2025-11-20 23:55:07.086 65721 INFO tempest.common.waiters [-] State transition "BUILD/spawning" ==> "ACTIVE/None" after 57 second wait
2025-11-20 23:55:07.407 65737 INFO tempest.lib.common.rest_client [req-29c647cd-7091-4d52-bcc2-20dfc78412a0 req-29c647cd-7091-4d52-bcc2-20dfc78412a0 ] Request (ServersV294TestFqdnHostnames:tearDownClass): 204 DELETE http://10.180.1.21/networking/v2.0/networks/1b174b17-524d-48d0-a69d-8f27183e869d 0.377s
2025-11-20 23:55:07.544 65737 INFO tempest.lib.common.rest_client [req-6a3b96b4-d858-4357-877f-438f97a7eca2 req-6a3b96b4-d858-4357-877f-438f97a7eca2 ] Request (ServersV294TestFqdnHostnames:tearDownClass): 204 DELETE http://10.180.1.21/identity/v3/users/789f930578284e9a8c91a00c2bc7d9f6 0.136s
2025-11-20 23:55:07.545 65737 INFO tempest.lib.common.dynamic_creds [-] Deleting project and security group for project: 0b7fb6337b204405809f89f17a448f63
2025-11-20 23:55:07.626 65740 INFO tempest.lib.common.rest_client [req-2d7618d5-7845-4ed6-8411-547cde787312 req-2d7618d5-7845-4ed6-8411-547cde787312 ] Request (ServersAdminTestJSON:test_create_server_with_scheduling_hint): 200 GET http://10.180.1.21/compute/v2.1/servers/3a28cc66-1479-43e9-b9e0-09101b7410f2 2.607s
2025-11-20 23:55:07.682 65731 INFO tempest.lib.common.rest_client [req-479fcd0e-98c3-45b5-8b47-517b6b857700 req-479fcd0e-98c3-45b5-8b47-517b6b857700 ] Request (ServerRescueTestJSONUnderV235:test_rescued_vm_associate_dissociate_floating_ip): 202 POST http://10.180.1.21/compute/v2.1/servers/6bbb1071-9c61-4784-b7a9-95cdef90f51b/action 3.946s
2025-11-20 23:55:07.704 65737 INFO tempest.lib.common.rest_client [req-c886be6a-4c23-4009-a454-57cff9185780 req-c886be6a-4c23-4009-a454-57cff9185780 ] Request (ServersV294TestFqdnHostnames:tearDownClass): 200 GET http://10.180.1.21/networking/v2.0/security-groups?tenant_id=0b7fb6337b204405809f89f17a448f63&name=default 0.159s
2025-11-20 23:55:07.841 65737 INFO tempest.lib.common.rest_client [req-647b3be8-25dd-4126-bea6-8426cb989165 req-647b3be8-25dd-4126-bea6-8426cb989165 ] Request (ServersV294TestFqdnHostnames:tearDownClass): 204 DELETE http://10.180.1.21/networking/v2.0/security-groups/4015b65f-002c-4ce4-a2f4-ec0647f19cdc 0.136s
2025-11-20 23:55:07.868 65747 INFO tempest.lib.common.rest_client [req-72540c68-0d26-47e8-abd6-bb8b56b53681 req-72540c68-0d26-47e8-abd6-bb8b56b53681 ] Request (AttachInterfacesTestJSON:test_create_list_show_delete_interfaces_by_network_port): 200 GET http://10.180.1.21/compute/v2.1/servers/ed483f29-014e-482c-b09b-050cba111e06 2.828s
2025-11-20 23:55:07.953 65701 INFO tempest.lib.common.rest_client [req-61feedaf-8655-480a-a62a-cdcbf777f24e req-61feedaf-8655-480a-a62a-cdcbf777f24e ] Request (ListServersNegativeTestJSON:setUpClass): 200 PUT http://10.180.1.21/networking/v2.0/routers/44bfaa5b-0de3-4b39-a3fe-4b1aebb0be1a/add_router_interface 1.113s
2025-11-20 23:55:07.954 65701 INFO tempest.lib.common.dynamic_creds [-] Created isolated network resources for: credentials: Credentials: {'domain_id': 'default', 'domain_name': 'Default', 'username': 'tempest-ListServersNegativeTestJSON-1986621724-project-member', 'project_domain_id': 'default', 'project_domain_name': 'Default', 'project_id': 'de42a0a0cc02405c804543a55d88254c', 'project_name': 'tempest-ListServersNegativeTestJSON-1986621724', 'tenant_id': 'de42a0a0cc02405c804543a55d88254c', 'tenant_name': 'tempest-ListServersNegativeTestJSON-1986621724', 'user_domain_id': 'default', 'user_domain_name': 'Default', 'user_id': '82517efc0298438cad3c20cbc29aac3d', 'system': None}, Network: {'id': '5abab5bb-6a6b-4c91-b976-8ad529c414a4', 'name': 'tempest-ListServersNegativeTestJSON-994319471-network', 'tenant_id': 'de42a0a0cc02405c804543a55d88254c', 'project_id': 'de42a0a0cc02405c804543a55d88254c', 'admin_state_up': True, 'mtu': 8950, 'status': 'ACTIVE', 'subnets': [], 'shared': False, 'port_security_enabled': True, 'router:external': False, 'provider:network_type': 'vlan', 'provider:physical_network': 'default', 'provider:segmentation_id': 476, 'availability_zone_hints': [], 'availability_zones': [], 'ipv4_address_scope': None, 'ipv6_address_scope': None, 'description': '', 'tags': [], 'created_at': '2025-11-20T23:55:05Z', 'updated_at': '2025-11-20T23:55:05Z', 'revision_number': 1}, Subnet: {'id': '680869b4-db50-4256-b83b-8f062deb02c7', 'name': 'tempest-ListServersNegativeTestJSON-994319471-subnet', 'tenant_id': 'de42a0a0cc02405c804543a55d88254c', 'network_id': '5abab5bb-6a6b-4c91-b976-8ad529c414a4', 'ip_version': 4, 'subnetpool_id': None, 'enable_dhcp': True, 'ipv6_ra_mode': None, 'ipv6_address_mode': None, 'gateway_ip': '192.168.128.1', 'cidr': '192.168.128.0/28', 'allocation_pools': [{'start': '192.168.128.2', 'end': '192.168.128.14'}], 'host_routes': [], 'dns_nameservers': [], 'description': '', 'router:external': False, 'service_types': [], 'tags': [], 'created_at': '2025-11-20T23:55:05Z', 'updated_at': '2025-11-20T23:55:05Z', 'revision_number': 0, 'project_id': 'de42a0a0cc02405c804543a55d88254c'}, Router: {'id': '44bfaa5b-0de3-4b39-a3fe-4b1aebb0be1a', 'name': 'tempest-ListServersNegativeTestJSON-994319471-router', 'tenant_id': 'de42a0a0cc02405c804543a55d88254c', 'admin_state_up': True, 'status': 'ACTIVE', 'external_gateway_info': {'network_id': 'a06b03b3-d848-4d43-bd37-fbe55ebb7fd2', 'external_fixed_ips': [{'subnet_id': '1399d778-726c-40ef-9f9d-49e4370ff46e', 'ip_address': '10.180.180.142'}], 'enable_snat': True}, 'description': '', 'availability_zones': [], 'distributed': False, 'ha': False, 'availability_zone_hints': [], 'routes': [], 'flavor_id': None, 'tags': [], 'created_at': '2025-11-20T23:55:06Z', 'updated_at': '2025-11-20T23:55:06Z', 'revision_number': 2, 'project_id': 'de42a0a0cc02405c804543a55d88254c'}
2025-11-20 23:55:07.974 65737 INFO tempest.lib.common.rest_client [req-8317af5b-82a4-42fd-8db6-af08df62ba95 req-8317af5b-82a4-42fd-8db6-af08df62ba95 ] Request (ServersV294TestFqdnHostnames:tearDownClass): 204 DELETE http://10.180.1.21/identity/v3/projects/0b7fb6337b204405809f89f17a448f63 0.133s
2025-11-20 23:55:07.975 65737 INFO tempest.test [-] raised in ServerStableDeviceRescueTestIDE.setUpClass. Invoking tearDownClass.
2025-11-20 23:55:07.984 65715 INFO tempest.lib.common.rest_client [req-2dcc19ce-6aac-493c-9bea-711391f850f2 req-2dcc19ce-6aac-493c-9bea-711391f850f2 ] Request (DeleteServersTestJSON:test_delete_server_while_in_attached_volume): 200 GET http://10.180.1.21/compute/v2.1/servers/d6c58fc3-dbda-4cbc-b5e7-4fa0d7044300 2.899s
2025-11-20 23:55:08.039 65703 INFO tempest.lib.common.rest_client [req-be91a2e9-6cd7-449d-a186-ad257784b9b7 req-be91a2e9-6cd7-449d-a186-ad257784b9b7 ] Request (ListImageFiltersTestJSON:test_list_images_with_detail_filter_by_name): 200 GET http://10.180.1.21/compute/v2.1/images/detail?name=tempest-ListImageFiltersTestJSON-image-1351114904 2.948s
2025-11-20 23:55:08.046 65701 INFO tempest.lib.common.rest_client [req-41cd54fb-d8dd-4340-8104-73d5a55b13fc req-41cd54fb-d8dd-4340-8104-73d5a55b13fc ] Request (ListServersNegativeTestJSON:setUpClass): 201 POST http://10.180.1.21/identity/v3/auth/tokens 0.087s
2025-11-20 23:55:08.090 65701 INFO tempest.lib.common.rest_client [req-763c85b3-0598-400b-8c42-4fb332465dc2 req-763c85b3-0598-400b-8c42-4fb332465dc2 ] Request (ListServersNegativeTestJSON:setUpClass): 201 POST http://10.180.1.21/identity/v3/auth/tokens 0.036s
2025-11-20 23:55:08.090 65701 INFO tempest.lib.common.fixed_network [-] (ListServersNegativeTestJSON:setUpClass) Found network {'id': '5abab5bb-6a6b-4c91-b976-8ad529c414a4', 'name': 'tempest-ListServersNegativeTestJSON-994319471-network', 'tenant_id': 'de42a0a0cc02405c804543a55d88254c', 'project_id': 'de42a0a0cc02405c804543a55d88254c', 'admin_state_up': True, 'mtu': 8950, 'status': 'ACTIVE', 'subnets': [], 'shared': False, 'port_security_enabled': True, 'router:external': False, 'provider:network_type': 'vlan', 'provider:physical_network': 'default', 'provider:segmentation_id': 476, 'availability_zone_hints': [], 'availability_zones': [], 'ipv4_address_scope': None, 'ipv6_address_scope': None, 'description': '', 'tags': [], 'created_at': '2025-11-20T23:55:05Z', 'updated_at': '2025-11-20T23:55:05Z', 'revision_number': 1} available for tenant
2025-11-20 23:55:08.115 65699 INFO tempest.lib.common.rest_client [req-56902389-f6f7-4037-b8d5-ab546658070f req-56902389-f6f7-4037-b8d5-ab546658070f ] Request (AttachVolumeNegativeTest:test_attach_attached_volume_to_different_server): 200 GET http://10.180.1.21/compute/v2.1/servers/7cdd7ed4-4bde-4a06-b675-4ef77aff1660 3.010s
2025-11-20 23:55:08.122 65699 INFO tempest.common.waiters [-] State transition "BUILD/scheduling" ==> "BUILD/None" after 6 second wait
2025-11-20 23:55:08.179 65745 INFO tempest.lib.common.rest_client [req-297b1fe0-c19d-414a-8118-842cdc7e8087 req-297b1fe0-c19d-414a-8118-842cdc7e8087 ] Request (MigrationsAdminTest:test_resize_server_revert_deleted_flavor): 200 GET http://10.180.1.21/compute/v2.1/servers/c4f58268-5529-4f3c-a0f9-34fe43af7ad9 3.028s
2025-11-20 23:55:08.273 65736 INFO tempest.lib.common.rest_client [req-3c6d6a34-4ecc-4e54-8a8b-1b4d9b85feb0 req-3c6d6a34-4ecc-4e54-8a8b-1b4d9b85feb0 ] Request (AttachInterfacesUnderV243Test:test_add_remove_fixed_ip): 200 GET http://10.180.1.21/compute/v2.1/servers/1da50691-bfbf-4245-aec0-af48c25a05f0 3.092s
2025-11-20 23:55:08.274 65719 INFO tempest.lib.common.rest_client [req-3a5ecc46-dc13-4d90-828f-f95b0f24ae00 req-3a5ecc46-dc13-4d90-828f-f95b0f24ae00 ] Request (SecurityGroupsTestJSON:test_server_security_groups): 202 POST http://10.180.1.21/compute/v2.1/servers/ebc3cf0d-e871-46e1-9732-adaf51fa4681/action 3.250s
2025-11-20 23:55:08.319 65713 INFO tempest.lib.common.rest_client [req-9c9953ec-ffda-43d8-afd5-7cecb9086219 req-9c9953ec-ffda-43d8-afd5-7cecb9086219 ] Request (ServerMetadataTestJSON:test_list_server_metadata): 200 GET http://10.180.1.21/compute/v2.1/servers/8a784bb0-2ecf-4283-bcf6-32c37650b48e/metadata 3.113s
2025-11-20 23:55:08.326 65697 INFO tempest.lib.common.rest_client [req-1d238a22-0102-4213-aab1-6ae3beeba575 req-1d238a22-0102-4213-aab1-6ae3beeba575 ] Request (ImagesTestJSON:test_create_image_from_suspended_server): 200 GET http://10.180.1.21/compute/v2.1/images/85710b34-3a44-44e5-92a6-ef2b586ea516 3.131s
2025-11-20 23:55:08.408 65755 INFO tempest.lib.common.rest_client [req-20982a4a-999b-4911-8e25-1cd3c7a894af req-20982a4a-999b-4911-8e25-1cd3c7a894af ] Request (FloatingIPsAssociationTestJSON:setUpClass): 200 GET http://10.180.1.21/compute/v2.1/servers/0787f787-c377-431f-aab9-01477b47ed94 3.150s
2025-11-20 23:55:08.434 65709 INFO tempest.lib.common.rest_client [req-de07fbd5-de9a-4952-a9b8-6882425b4df6 req-de07fbd5-de9a-4952-a9b8-6882425b4df6 ] Request (ListServerFiltersTestJSON:tearDownClass): 200 GET http://10.180.1.21/compute/v2.1/servers/22df0973-8dee-46e5-947d-f21d9472af3a 3.170s
2025-11-20 23:55:08.459 65711 INFO tempest.lib.common.rest_client [req-4daacf67-b22b-4511-852f-d3f344b9940c req-4daacf67-b22b-4511-852f-d3f344b9940c ] Request (VolumesAdminNegativeTest:tearDownClass): 404 GET http://10.180.1.21/compute/v2.1/servers/82247a02-85c2-4c27-9ed6-a2b243b4c9ed 3.121s
2025-11-20 23:55:08.494 65717 INFO tempest.lib.common.rest_client [req-40c8246a-c5a2-4109-bc30-85b309762d29 req-40c8246a-c5a2-4109-bc30-85b309762d29 ] Request (FloatingIPsAssociationNegativeTestJSON:tearDownClass): 404 GET http://10.180.1.21/compute/v2.1/servers/e1d8d96a-73ee-4e40-b0b8-d2c270497366 3.094s
2025-11-20 23:55:08.507 65729 INFO tempest.lib.common.rest_client [req-29186c3a-bba0-4ad1-881e-59a5a796502b req-29186c3a-bba0-4ad1-881e-59a5a796502b ] Request (ServersAdmin275Test:test_rebuild_update_server_275): 200 GET http://10.180.1.21/compute/v2.1/servers/e26e59f3-2d9c-4c83-86f0-40fa0d80d170 3.170s
2025-11-20 23:55:08.521 65729 INFO tempest.common.waiters [-] State transition "BUILD/spawning" ==> "ACTIVE/None" after 57 second wait
2025-11-20 23:55:08.528 65749 INFO tempest.lib.common.rest_client [req-723a7f6b-92d8-465c-8b0c-b63f4d5b2a05 req-723a7f6b-92d8-465c-8b0c-b63f4d5b2a05 ] Request (ServersAdminNegativeTestJSON:test_resize_server_using_overlimit_ram): 200 POST http://10.180.1.21/compute/v2.1/flavors 3.093s
2025-11-20 23:55:08.541 65757 INFO tempest.lib.common.rest_client [req-63738c3d-1e1a-4949-bc39-64f69b59752c req-63738c3d-1e1a-4949-bc39-64f69b59752c ] Request (FlavorsExtraSpecsNegativeTestJSON:test_flavor_non_admin_update_specific_key): 403 PUT http://10.180.1.21/compute/v2.1/flavors/1238916225/os-extra_specs/hw:numa_nodes 3.030s
2025-11-20 23:55:08.759 65759 WARNING tempest.lib.common.ssh [-] Failed to establish authenticated ssh connection to cirros@10.180.180.156 ([Errno None] Unable to connect to port 22 on 10.180.180.156). Number attempts: 3. Retry after 4 seconds.: paramiko.ssh_exception.NoValidConnectionsError: [Errno None] Unable to connect to port 22 on 10.180.180.156
2025-11-20 23:55:09.261 65717 INFO tempest.lib.common.rest_client [req-f8f4f2b3-d198-41ab-b563-2130776f07db req-f8f4f2b3-d198-41ab-b563-2130776f07db ] Request (FloatingIPsAssociationNegativeTestJSON:tearDownClass): 200 PUT http://10.180.1.21/networking/v2.0/routers/fe2bda70-06cd-412a-b85c-d0a145601f63/remove_router_interface 0.766s
2025-11-20 23:55:09.290 65705 INFO tempest.lib.common.rest_client [req-f8dd6035-75ee-4365-a2fd-c6105f6d5a5e req-f8dd6035-75ee-4365-a2fd-c6105f6d5a5e ] Request (ServerActionsTestOtherA:setUpClass): 200 GET http://10.180.1.21/compute/v2.1/servers/10dae6b8-3bea-4a1a-9e13-c475e7847201 3.873s
2025-11-20 23:55:09.304 65725 INFO tempest.lib.common.rest_client [req-12613f9b-23db-4a89-8a27-56143dfb8276 req-12613f9b-23db-4a89-8a27-56143dfb8276 ] Request (ServersWithSpecificFlavorTestJSON:test_verify_created_server_ephemeral_disk): 200 GET http://10.180.1.21/compute/v2.1/servers/96dc4fef-0030-4a0e-a7d8-5ea43e7d8c03 2.261s
2025-11-20 23:55:09.308 65711 INFO tempest.lib.common.rest_client [req-76c1fc80-315f-4d4a-8147-b1642e2a9f43 req-76c1fc80-315f-4d4a-8147-b1642e2a9f43 ] Request (VolumesAdminNegativeTest:tearDownClass): 200 PUT http://10.180.1.21/networking/v2.0/routers/4ed535bc-a1b6-427c-a9d5-cfd5d3fba055/remove_router_interface 0.848s
2025-11-20 23:55:09.690 65717 INFO tempest.lib.common.rest_client [req-3d49e22d-3da3-49d7-9dc4-5f7ff254758b req-3d49e22d-3da3-49d7-9dc4-5f7ff254758b ] Request (FloatingIPsAssociationNegativeTestJSON:tearDownClass): 204 DELETE http://10.180.1.21/networking/v2.0/routers/fe2bda70-06cd-412a-b85c-d0a145601f63 0.428s
2025-11-20 23:55:09.735 65711 INFO tempest.lib.common.rest_client [req-1cf5bafe-cafc-42a8-84d1-775a0266d201 req-1cf5bafe-cafc-42a8-84d1-775a0266d201 ] Request (VolumesAdminNegativeTest:tearDownClass): 204 DELETE http://10.180.1.21/networking/v2.0/routers/4ed535bc-a1b6-427c-a9d5-cfd5d3fba055 0.427s
2025-11-20 23:55:09.761 65741 INFO tempest.lib.common.rest_client [req-505a25d7-9fdb-42a4-9f25-9ffe4f12e737 req-505a25d7-9fdb-42a4-9f25-9ffe4f12e737 ] Request (ImagesOneServerTestJSON:setUpClass): 200 GET http://10.180.1.21/compute/v2.1/servers/10582404-2d45-4edf-ae68-f3ca441adab5 2.414s
2025-11-20 23:55:09.772 65721 INFO tempest.lib.common.rest_client [req-227f3e94-945c-4f5b-a618-6339f1d3a77d req-227f3e94-945c-4f5b-a618-6339f1d3a77d ] Request (ServerActionsTestOtherB:setUpClass): 200 GET http://10.180.1.21/compute/v2.1/servers/f8fab45e-7f27-4dbd-902d-1ec491593765/os-interface 2.685s
2025-11-20 23:55:09.833 65703 INFO tempest.lib.common.rest_client [req-07459369-82c1-4ea1-a71c-803353a204b4 req-07459369-82c1-4ea1-a71c-803353a204b4 ] Request (ListImageFiltersTestJSON:test_list_images_with_detail_filter_by_server_ref): 200 GET http://10.180.1.21/compute/v2.1/images/detail?server=http%3A%2F%2F10.180.1.21%2Fcompute%2Fv2.1%2Fservers%2F06983266-fe66-4b6f-a6f3-be36e96af184 1.789s
2025-11-20 23:55:09.956 65717 INFO tempest.lib.common.rest_client [req-69aa762a-2848-455e-9dec-aa42c4f580a8 req-69aa762a-2848-455e-9dec-aa42c4f580a8 ] Request (FloatingIPsAssociationNegativeTestJSON:tearDownClass): 204 DELETE http://10.180.1.21/networking/v2.0/subnets/45151880-6d67-4866-a58a-871f21197185 0.265s
2025-11-20 23:55:09.977 65711 INFO tempest.lib.common.rest_client [req-e59fa16f-6c19-447c-bf96-e1bc8cdabe87 req-e59fa16f-6c19-447c-bf96-e1bc8cdabe87 ] Request (VolumesAdminNegativeTest:tearDownClass): 204 DELETE http://10.180.1.21/networking/v2.0/subnets/19434551-9cb2-4854-9032-03f9980fcf02 0.241s
2025-11-20 23:55:10.351 65717 INFO tempest.lib.common.rest_client [req-f1648bc5-b06d-4cc6-9a39-df551641e784 req-f1648bc5-b06d-4cc6-9a39-df551641e784 ] Request (FloatingIPsAssociationNegativeTestJSON:tearDownClass): 204 DELETE http://10.180.1.21/networking/v2.0/networks/66582070-12a2-486b-99d5-30c20dfed271 0.394s
2025-11-20 23:55:10.554 65717 INFO tempest.lib.common.rest_client [req-cb1f24b4-fbf0-4efd-b6a8-a54cb77921a6 req-cb1f24b4-fbf0-4efd-b6a8-a54cb77921a6 ] Request (FloatingIPsAssociationNegativeTestJSON:tearDownClass): 204 DELETE http://10.180.1.21/identity/v3/users/602a5819993a483683a2874e039e3bfa 0.202s
2025-11-20 23:55:10.554 65717 INFO tempest.lib.common.dynamic_creds [-] Deleting project and security group for project: 8f77a44636ec465b9cb150e7fbc58021
2025-11-20 23:55:10.681 65721 INFO tempest.lib.common.rest_client [req-a249cbe8-fbe3-42fb-8664-7ea114bcfe1a req-a249cbe8-fbe3-42fb-8664-7ea114bcfe1a ] Request (ServerActionsTestOtherB:setUpClass): 200 PUT http://10.180.1.21/networking/v2.0/floatingips/77b57742-86e4-43ef-9ca0-6628e36aea05 0.906s
2025-11-20 23:55:10.683 65721 INFO tempest.lib.common.ssh [-] Creating ssh connection to '10.180.180.144:22' as 'cirros' with public key authentication
2025-11-20 23:55:10.728 65711 INFO tempest.lib.common.rest_client [req-de40e72e-9d00-49bc-914a-8076e80308c2 req-de40e72e-9d00-49bc-914a-8076e80308c2 ] Request (VolumesAdminNegativeTest:tearDownClass): 204 DELETE http://10.180.1.21/networking/v2.0/networks/73d08988-2093-4469-8583-2442a0be411d 0.751s
2025-11-20 23:55:10.816 65717 INFO tempest.lib.common.rest_client [req-ac789b44-b128-41fb-b853-52d8e6cc3b3c req-ac789b44-b128-41fb-b853-52d8e6cc3b3c ] Request (FloatingIPsAssociationNegativeTestJSON:tearDownClass): 200 GET http://10.180.1.21/networking/v2.0/security-groups?tenant_id=8f77a44636ec465b9cb150e7fbc58021&name=default 0.260s
2025-11-20 23:55:11.012 65717 INFO tempest.lib.common.rest_client [req-47592892-d497-4ad8-b672-3b934a782c3e req-47592892-d497-4ad8-b672-3b934a782c3e ] Request (FloatingIPsAssociationNegativeTestJSON:tearDownClass): 204 DELETE http://10.180.1.21/networking/v2.0/security-groups/60654c25-cecf-45eb-b388-ec379999e82b 0.195s
2025-11-20 23:55:11.133 65717 INFO tempest.lib.common.rest_client [req-e44886dd-4e50-4cbd-91ec-6518f0c5c655 req-e44886dd-4e50-4cbd-91ec-6518f0c5c655 ] Request (FloatingIPsAssociationNegativeTestJSON:tearDownClass): 204 DELETE http://10.180.1.21/identity/v3/projects/8f77a44636ec465b9cb150e7fbc58021 0.120s
2025-11-20 23:55:11.210 65717 INFO tempest.lib.common.rest_client [req-16ea6c49-29f9-4ad2-a30b-f18cc4339772 req-16ea6c49-29f9-4ad2-a30b-f18cc4339772 ] Request (ServersTestFqdnHostnames:setUpClass): 201 POST http://10.180.1.21/identity/v3/auth/tokens 0.076s
2025-11-20 23:55:11.243 65717 INFO tempest.lib.common.rest_client [req-64e598bd-bb72-40b7-adff-0f76c2548389 req-64e598bd-bb72-40b7-adff-0f76c2548389 ] Request (ServersTestFqdnHostnames:setUpClass): 201 POST http://10.180.1.21/identity/v3/auth/tokens 0.030s
2025-11-20 23:55:11.277 65717 INFO tempest.lib.common.rest_client [req-bc1bd35f-c2ca-4aa8-8407-36896bc4a0d5 req-bc1bd35f-c2ca-4aa8-8407-36896bc4a0d5 ] Request (ServersTestFqdnHostnames:setUpClass): 200 GET http://10.180.1.21/identity/v3/domains?name=Default 0.033s
2025-11-20 23:55:11.308 65717 INFO tempest.lib.common.rest_client [req-8c491bd0-66e6-46d2-ac44-803385eef62f req-8c491bd0-66e6-46d2-ac44-803385eef62f ] Request (ServersTestFqdnHostnames:setUpClass): 201 POST http://10.180.1.21/identity/v3/projects 0.031s
2025-11-20 23:55:11.413 65717 INFO tempest.lib.common.rest_client [req-a0aa9848-4cf7-4bb9-ac9f-59e9b5948b8d req-a0aa9848-4cf7-4bb9-ac9f-59e9b5948b8d ] Request (ServersTestFqdnHostnames:setUpClass): 201 POST http://10.180.1.21/identity/v3/users 0.104s
2025-11-20 23:55:11.451 65717 INFO tempest.lib.common.rest_client [req-2c7dc7b2-9802-4954-ad78-e7703b66d6a9 req-2c7dc7b2-9802-4954-ad78-e7703b66d6a9 ] Request (ServersTestFqdnHostnames:setUpClass): 200 GET http://10.180.1.21/identity/v3/roles 0.038s
2025-11-20 23:55:11.488 65717 INFO tempest.lib.common.rest_client [req-b9e9a166-4b88-41c6-ae4a-96ba1eaaef83 req-b9e9a166-4b88-41c6-ae4a-96ba1eaaef83 ] Request (ServersTestFqdnHostnames:setUpClass): 204 PUT http://10.180.1.21/identity/v3/projects/f631f92bae914727a6dbf6f333b077d5/users/7074dbea194449bf971db6574bd1c256/roles/4b019e04c34844a588e30dd68e89db97 0.036s
2025-11-20 23:55:11.488 65717 INFO tempest.lib.common.dynamic_creds [-] Dynamic test user 7074dbea194449bf971db6574bd1c256 is created with scope project and roles: ['member']
2025-11-20 23:55:11.489 65717 INFO tempest.lib.common.dynamic_creds [-] Acquired dynamic creds: credentials: Credentials: {'domain_id': 'default', 'domain_name': 'Default', 'username': 'tempest-ServersTestFqdnHostnames-1728927435-project-member', 'project_domain_id': 'default', 'project_domain_name': 'Default', 'project_id': 'f631f92bae914727a6dbf6f333b077d5', 'project_name': 'tempest-ServersTestFqdnHostnames-1728927435', 'tenant_id': 'f631f92bae914727a6dbf6f333b077d5', 'tenant_name': 'tempest-ServersTestFqdnHostnames-1728927435', 'user_domain_id': 'default', 'user_domain_name': 'Default', 'user_id': '7074dbea194449bf971db6574bd1c256', 'system': None}, Network: None, Subnet: None, Router: None
2025-11-20 23:55:11.569 65717 INFO tempest.lib.common.rest_client [req-b0c7aa91-c086-4178-9c24-e5b9ae45d44e req-b0c7aa91-c086-4178-9c24-e5b9ae45d44e ] Request (ServersTestFqdnHostnames:setUpClass): 201 POST http://10.180.1.21/identity/v3/auth/tokens 0.080s
2025-11-20 23:55:11.593 65711 INFO tempest.lib.common.rest_client [req-23f16a32-5221-4fb3-9e7a-e39c9d6c22dc req-23f16a32-5221-4fb3-9e7a-e39c9d6c22dc ] Request (VolumesAdminNegativeTest:tearDownClass): 200 PUT http://10.180.1.21/networking/v2.0/routers/3c1a19fb-8680-437f-bab9-04c2714e3a7d/remove_router_interface 0.864s
2025-11-20 23:55:11.729 65727 WARNING tempest.lib.common.ssh [-] Failed to establish authenticated ssh connection to cirros@10.180.180.243 ([Errno None] Unable to connect to port 22 on 10.180.180.243). Number attempts: 5. Retry after 6 seconds.: paramiko.ssh_exception.NoValidConnectionsError: [Errno None] Unable to connect to port 22 on 10.180.180.243
2025-11-20 23:55:11.782 65731 INFO tempest.lib.common.rest_client [req-fdb2452a-b08f-4049-ba4d-89e2e0aaf6f3 req-fdb2452a-b08f-4049-ba4d-89e2e0aaf6f3 ] Request (ServerRescueTestJSONUnderV235:_run_cleanups): 202 DELETE http://10.180.1.21/compute/v2.1/os-floating-ips/4821cf41-2e0a-42d5-ba93-7a3e1af68596 4.099s
2025-11-20 23:55:12.153 65717 INFO tempest.lib.common.rest_client [req-268dba97-d625-46bd-95bc-110c81d660c6 req-268dba97-d625-46bd-95bc-110c81d660c6 ] Request (ServersTestFqdnHostnames:setUpClass): 201 POST http://10.180.1.21/networking/v2.0/networks 0.583s
2025-11-20 23:55:12.604 65711 INFO tempest.lib.common.rest_client [req-e35ac56f-2efc-4a87-8b24-6ee65a2030ad req-e35ac56f-2efc-4a87-8b24-6ee65a2030ad ] Request (VolumesAdminNegativeTest:tearDownClass): 204 DELETE http://10.180.1.21/networking/v2.0/routers/3c1a19fb-8680-437f-bab9-04c2714e3a7d 1.011s
2025-11-20 23:55:12.858 65701 INFO tempest.lib.common.rest_client [req-e719da30-7301-4e73-91cd-15dfae14f659 req-e719da30-7301-4e73-91cd-15dfae14f659 ] Request (ListServersNegativeTestJSON:setUpClass): 202 POST http://10.180.1.21/compute/v2.1/servers 4.767s
2025-11-20 23:55:12.900 65717 INFO tempest.lib.common.rest_client [req-93f51932-b376-4ed7-ae69-76f517535701 req-93f51932-b376-4ed7-ae69-76f517535701 ] Request (ServersTestFqdnHostnames:setUpClass): 201 POST http://10.180.1.21/networking/v2.0/subnets 0.747s
2025-11-20 23:55:12.953 65713 INFO tempest.lib.common.rest_client [req-fbc40118-152d-4062-9eba-f48b0a6212cd req-fbc40118-152d-4062-9eba-f48b0a6212cd ] Request (ServerMetadataTestJSON:setUp): 200 PUT http://10.180.1.21/compute/v2.1/servers/8a784bb0-2ecf-4283-bcf6-32c37650b48e/metadata 4.630s
2025-11-20 23:55:13.124 65711 INFO tempest.lib.common.rest_client [req-a0d623e5-b36d-4630-bd40-d10ebea6b0a3 req-a0d623e5-b36d-4630-bd40-d10ebea6b0a3 ] Request (VolumesAdminNegativeTest:tearDownClass): 204 DELETE http://10.180.1.21/networking/v2.0/subnets/c771f13c-6d5e-4516-b690-cb209971c3b5 0.519s
2025-11-20 23:55:13.161 65719 INFO tempest.lib.common.rest_client [req-1abdb268-f1fd-46a2-a8f3-d0f8c5128bb6 req-1abdb268-f1fd-46a2-a8f3-d0f8c5128bb6 ] Request (SecurityGroupsTestJSON:test_server_security_groups): 400 DELETE http://10.180.1.21/compute/v2.1/os-security-groups/5a6ebf45-4d57-4983-b382-49997c062e94 4.886s
2025-11-20 23:55:13.267 65759 WARNING tempest.lib.common.ssh [-] Failed to establish authenticated ssh connection to cirros@10.180.180.156 ([Errno None] Unable to connect to port 22 on 10.180.180.156). Number attempts: 4. Retry after 5 seconds.: paramiko.ssh_exception.NoValidConnectionsError: [Errno None] Unable to connect to port 22 on 10.180.180.156
2025-11-20 23:55:13.738 65711 INFO tempest.lib.common.rest_client [req-4d793c0b-4e97-4dce-b27c-02b24b5d283a req-4d793c0b-4e97-4dce-b27c-02b24b5d283a ] Request (VolumesAdminNegativeTest:tearDownClass): 204 DELETE http://10.180.1.21/networking/v2.0/networks/f4e92ac8-e9cd-40fd-9372-5d68cdd0addb 0.613s
2025-11-20 23:55:13.771 65729 INFO tempest.lib.common.rest_client [req-49d941a0-f2e9-4826-a4c0-7c05b47df58a req-49d941a0-f2e9-4826-a4c0-7c05b47df58a ] Request (ServersAdmin275Test:test_rebuild_update_server_275): 202 POST http://10.180.1.21/compute/v2.1/servers/e26e59f3-2d9c-4c83-86f0-40fa0d80d170/action 5.249s
2025-11-20 23:55:13.787 65757 INFO tempest.lib.common.rest_client [req-5ad10f4e-1105-4a54-a710-7014f6e92cba req-5ad10f4e-1105-4a54-a710-7014f6e92cba ] Request (FlavorsExtraSpecsNegativeTestJSON:test_flavor_unset_nonexistent_key): 404 DELETE http://10.180.1.21/compute/v2.1/flavors/1238916225/os-extra_specs/hw:cpu_thread_policy 5.244s
2025-11-20 23:55:13.858 65749 INFO tempest.lib.common.rest_client [req-866f1723-7607-4925-a7f4-d1e83f258eff req-866f1723-7607-4925-a7f4-d1e83f258eff ] Request (ServersAdminNegativeTestJSON:test_resize_server_using_overlimit_ram): 403 POST http://10.180.1.21/compute/v2.1/servers/2b54e107-ae64-416f-a524-047944e44036/action 5.326s
2025-11-20 23:55:14.012 65717 INFO tempest.lib.common.rest_client [req-89e680f7-b262-4a62-86da-1fce21c2c338 req-89e680f7-b262-4a62-86da-1fce21c2c338 ] Request (ServersTestFqdnHostnames:setUpClass): 201 POST http://10.180.1.21/networking/v2.0/routers 1.111s
2025-11-20 23:55:14.101 65747 INFO tempest.lib.common.rest_client [req-682dc007-4169-429d-be5a-ee646dab2e82 req-682dc007-4169-429d-be5a-ee646dab2e82 ] Request (AttachInterfacesTestJSON:test_create_list_show_delete_interfaces_by_network_port): 200 GET http://10.180.1.21/compute/v2.1/servers/ed483f29-014e-482c-b09b-050cba111e06 5.224s
2025-11-20 23:55:14.135 65715 INFO tempest.lib.common.rest_client [req-4c20f46c-4e4e-40d2-98e1-92d1809e5667 req-4c20f46c-4e4e-40d2-98e1-92d1809e5667 ] Request (DeleteServersTestJSON:test_delete_server_while_in_attached_volume): 404 GET http://10.180.1.21/compute/v2.1/servers/d6c58fc3-dbda-4cbc-b5e7-4fa0d7044300 5.138s
2025-11-20 23:55:14.184 65715 INFO tempest.lib.common.rest_client [req-e66be282-f0cb-47f4-9ae9-653aa1fdf8af req-e66be282-f0cb-47f4-9ae9-653aa1fdf8af ] Request (DeleteServersTestJSON:test_delete_server_while_in_attached_volume): 200 GET http://10.180.1.21/volume/v3/volumes/b8d11dbb-dda4-41a7-8644-17dbff900ad9 0.048s
2025-11-20 23:55:14.191 65715 INFO tempest.common.waiters [-] volume b8d11dbb-dda4-41a7-8644-17dbff900ad9 reached available after waiting for 0.191612 seconds
2025-11-20 23:55:14.222 65715 INFO tempest.lib.common.rest_client [req-8e5b1580-d897-4946-916f-a71a0008e4e0 req-8e5b1580-d897-4946-916f-a71a0008e4e0 ] Request (DeleteServersTestJSON:_run_cleanups): 200 GET http://10.180.1.21/volume/v3/volumes/b8d11dbb-dda4-41a7-8644-17dbff900ad9 0.030s
2025-11-20 23:55:14.506 65711 INFO tempest.lib.common.rest_client [req-f1b78a56-24d9-4190-aa80-31fc7329183e req-f1b78a56-24d9-4190-aa80-31fc7329183e ] Request (VolumesAdminNegativeTest:tearDownClass): 200 PUT http://10.180.1.21/networking/v2.0/routers/69f92707-2cc8-4d2a-bae3-96544b349091/remove_router_interface 0.767s
2025-11-20 23:55:14.550 65740 INFO tempest.lib.common.rest_client [req-b5e712bc-f5fb-4894-a716-cff02ddd0773 req-b5e712bc-f5fb-4894-a716-cff02ddd0773 ] Request (ServersAdminTestJSON:test_create_server_with_scheduling_hint): 200 GET http://10.180.1.21/compute/v2.1/servers/3a28cc66-1479-43e9-b9e0-09101b7410f2 5.916s
2025-11-20 23:55:14.562 65740 INFO tempest.common.waiters [-] State transition "BUILD/spawning" ==> "ACTIVE/None" after 61 second wait
2025-11-20 23:55:14.570 65699 INFO tempest.lib.common.rest_client [req-4ec1b6d5-c421-4dde-bf72-9245fc620a8a req-4ec1b6d5-c421-4dde-bf72-9245fc620a8a ] Request (AttachVolumeNegativeTest:test_attach_attached_volume_to_different_server): 200 GET http://10.180.1.21/compute/v2.1/servers/7cdd7ed4-4bde-4a06-b675-4ef77aff1660 5.447s
2025-11-20 23:55:14.674 65740 INFO tempest.lib.common.rest_client [req-b8c659e9-3ce5-4221-b57d-1dc6b51d963a req-b8c659e9-3ce5-4221-b57d-1dc6b51d963a ] Request (ServersAdminTestJSON:test_inject_network_info): 201 POST http://10.180.1.21/identity/v3/auth/tokens 0.105s
2025-11-20 23:55:14.675 65740 INFO tempest.lib.common.fixed_network [-] (ServersAdminTestJSON:test_inject_network_info) Found network {'id': '0cbe0c32-1bfc-48d1-9897-1cc8b0ebd0af', 'name': 'tempest-ServersAdminTestJSON-1809770968-network', 'tenant_id': '416f5a72762e47b495792e5bbd4c121a', 'project_id': '416f5a72762e47b495792e5bbd4c121a', 'admin_state_up': True, 'mtu': 8950, 'status': 'ACTIVE', 'subnets': [], 'shared': False, 'port_security_enabled': True, 'router:external': False, 'provider:network_type': 'vlan', 'provider:physical_network': 'default', 'provider:segmentation_id': 347, 'availability_zone_hints': [], 'availability_zones': [], 'ipv4_address_scope': None, 'ipv6_address_scope': None, 'description': '', 'tags': [], 'created_at': '2025-11-20T23:53:05Z', 'updated_at': '2025-11-20T23:53:05Z', 'revision_number': 1} available for tenant
2025-11-20 23:55:14.850 65723 WARNING tempest.lib.common.ssh [-] Failed to establish authenticated ssh connection to cirros@10.180.180.212 ([Errno None] Unable to connect to port 22 on 10.180.180.212). Number attempts: 11. Retry after 12 seconds.: paramiko.ssh_exception.NoValidConnectionsError: [Errno None] Unable to connect to port 22 on 10.180.180.212
2025-11-20 23:55:14.994 65717 INFO tempest.lib.common.rest_client [req-9fd9b778-f563-43fb-9b8b-c84e4e4131ca req-9fd9b778-f563-43fb-9b8b-c84e4e4131ca ] Request (ServersTestFqdnHostnames:setUpClass): 200 PUT http://10.180.1.21/networking/v2.0/routers/8635544f-9e86-4b61-83d7-07e74fda4c4a/add_router_interface 0.982s
2025-11-20 23:55:14.995 65717 INFO tempest.lib.common.dynamic_creds [-] Created isolated network resources for: credentials: Credentials: {'domain_id': 'default', 'domain_name': 'Default', 'username': 'tempest-ServersTestFqdnHostnames-1728927435-project-member', 'project_domain_id': 'default', 'project_domain_name': 'Default', 'project_id': 'f631f92bae914727a6dbf6f333b077d5', 'project_name': 'tempest-ServersTestFqdnHostnames-1728927435', 'tenant_id': 'f631f92bae914727a6dbf6f333b077d5', 'tenant_name': 'tempest-ServersTestFqdnHostnames-1728927435', 'user_domain_id': 'default', 'user_domain_name': 'Default', 'user_id': '7074dbea194449bf971db6574bd1c256', 'system': None}, Network: {'id': '89e39e37-d483-433a-830f-1ee38858c2d6', 'name': 'tempest-ServersTestFqdnHostnames-2023681645-network', 'tenant_id': 'f631f92bae914727a6dbf6f333b077d5', 'project_id': 'f631f92bae914727a6dbf6f333b077d5', 'admin_state_up': True, 'mtu': 8950, 'status': 'ACTIVE', 'subnets': [], 'shared': False, 'port_security_enabled': True, 'router:external': False, 'provider:network_type': 'vlan', 'provider:physical_network': 'default', 'provider:segmentation_id': 204, 'availability_zone_hints': [], 'availability_zones': [], 'ipv4_address_scope': None, 'ipv6_address_scope': None, 'description': '', 'tags': [], 'created_at': '2025-11-20T23:55:12Z', 'updated_at': '2025-11-20T23:55:12Z', 'revision_number': 1}, Subnet: {'id': '24e66252-8c1d-4c5b-b5ee-d09ccf9f5497', 'name': 'tempest-ServersTestFqdnHostnames-2023681645-subnet', 'tenant_id': 'f631f92bae914727a6dbf6f333b077d5', 'network_id': '89e39e37-d483-433a-830f-1ee38858c2d6', 'ip_version': 4, 'subnetpool_id': None, 'enable_dhcp': True, 'ipv6_ra_mode': None, 'ipv6_address_mode': None, 'gateway_ip': '192.168.128.1', 'cidr': '192.168.128.0/28', 'allocation_pools': [{'start': '192.168.128.2', 'end': '192.168.128.14'}], 'host_routes': [], 'dns_nameservers': [], 'description': '', 'router:external': False, 'service_types': [], 'tags': [], 'created_at': '2025-11-20T23:55:12Z', 'updated_at': '2025-11-20T23:55:12Z', 'revision_number': 0, 'project_id': 'f631f92bae914727a6dbf6f333b077d5'}, Router: {'id': '8635544f-9e86-4b61-83d7-07e74fda4c4a', 'name': 'tempest-ServersTestFqdnHostnames-2023681645-router', 'tenant_id': 'f631f92bae914727a6dbf6f333b077d5', 'admin_state_up': True, 'status': 'ACTIVE', 'external_gateway_info': {'network_id': 'a06b03b3-d848-4d43-bd37-fbe55ebb7fd2', 'external_fixed_ips': [{'subnet_id': '1399d778-726c-40ef-9f9d-49e4370ff46e', 'ip_address': '10.180.180.191'}], 'enable_snat': True}, 'description': '', 'availability_zones': [], 'distributed': False, 'ha': False, 'availability_zone_hints': [], 'routes': [], 'flavor_id': None, 'tags': [], 'created_at': '2025-11-20T23:55:13Z', 'updated_at': '2025-11-20T23:55:13Z', 'revision_number': 2, 'project_id': 'f631f92bae914727a6dbf6f333b077d5'}
2025-11-20 23:55:15.019 65711 INFO tempest.lib.common.rest_client [req-d00a95e1-e01e-460b-9a7b-f6f9ca8cf7ed req-d00a95e1-e01e-460b-9a7b-f6f9ca8cf7ed ] Request (VolumesAdminNegativeTest:tearDownClass): 204 DELETE http://10.180.1.21/networking/v2.0/routers/69f92707-2cc8-4d2a-bae3-96544b349091 0.512s
2025-11-20 23:55:15.049 65736 INFO tempest.lib.common.rest_client [req-7ca18e3d-835b-4066-a6df-331860a4b58d req-7ca18e3d-835b-4066-a6df-331860a4b58d ] Request (AttachInterfacesUnderV243Test:test_add_remove_fixed_ip): 200 GET http://10.180.1.21/compute/v2.1/servers/1da50691-bfbf-4245-aec0-af48c25a05f0 5.768s
2025-11-20 23:55:15.099 65697 INFO tempest.lib.common.rest_client [req-f0082e05-e0c6-48f2-b3cb-4598c16133bf req-f0082e05-e0c6-48f2-b3cb-4598c16133bf ] Request (ImagesTestJSON:test_create_image_from_suspended_server): 200 GET http://10.180.1.21/compute/v2.1/images/85710b34-3a44-44e5-92a6-ef2b586ea516 5.763s
2025-11-20 23:55:15.123 65745 INFO tempest.lib.common.rest_client [req-95d96fc2-ac26-499c-8a04-f3324d1217b4 req-95d96fc2-ac26-499c-8a04-f3324d1217b4 ] Request (MigrationsAdminTest:test_resize_server_revert_deleted_flavor): 200 GET http://10.180.1.21/compute/v2.1/servers/c4f58268-5529-4f3c-a0f9-34fe43af7ad9 5.935s
2025-11-20 23:55:15.132 65717 INFO tempest.lib.common.rest_client [req-b65edca9-a9d8-4d62-98a3-79b80956058d req-b65edca9-a9d8-4d62-98a3-79b80956058d ] Request (ServersTestFqdnHostnames:setUpClass): 201 POST http://10.180.1.21/identity/v3/auth/tokens 0.134s
2025-11-20 23:55:15.133 65745 INFO tempest.common.waiters [-] State transition "BUILD/None" ==> "BUILD/spawning" after 60 second wait
2025-11-20 23:55:15.230 65755 INFO tempest.lib.common.rest_client [req-903af283-dc1d-4edf-b895-b11ea37e225f req-903af283-dc1d-4edf-b895-b11ea37e225f ] Request (FloatingIPsAssociationTestJSON:setUpClass): 200 GET http://10.180.1.21/compute/v2.1/servers/0787f787-c377-431f-aab9-01477b47ed94 5.811s
2025-11-20 23:55:15.231 65711 INFO tempest.lib.common.rest_client [req-c19933c2-47c0-4c97-983c-0ca45189bc13 req-c19933c2-47c0-4c97-983c-0ca45189bc13 ] Request (VolumesAdminNegativeTest:tearDownClass): 204 DELETE http://10.180.1.21/networking/v2.0/subnets/e88298f2-a238-4604-90d3-533b356b2b8c 0.212s
2025-11-20 23:55:15.254 65709 INFO tempest.lib.common.rest_client [req-1b53ef01-e019-40a3-82ab-2aaaf20f80b3 req-1b53ef01-e019-40a3-82ab-2aaaf20f80b3 ] Request (ListServerFiltersTestJSON:tearDownClass): 200 GET http://10.180.1.21/compute/v2.1/servers/22df0973-8dee-46e5-947d-f21d9472af3a 5.806s
2025-11-20 23:55:15.281 65703 INFO tempest.lib.common.rest_client [req-7155c22c-02e1-4485-82ad-46d492d672e2 req-7155c22c-02e1-4485-82ad-46d492d672e2 ] Request (ListImageFiltersTestJSON:test_list_images_with_detail_filter_by_server_ref): 200 GET http://10.180.1.21/compute/v2.1/images/detail?server=http%3A%2F%2F10.180.1.21%2Fcompute%2Fservers%2F06983266-fe66-4b6f-a6f3-be36e96af184 5.444s
2025-11-20 23:55:15.488 65711 INFO tempest.lib.common.rest_client [req-edba114b-d2ef-4d40-8886-0e4db8c68bba req-edba114b-d2ef-4d40-8886-0e4db8c68bba ] Request (VolumesAdminNegativeTest:tearDownClass): 204 DELETE http://10.180.1.21/networking/v2.0/networks/f6256269-0503-4741-a772-dc48446558f9 0.257s
2025-11-20 23:55:15.574 65705 INFO tempest.lib.common.rest_client [req-b5b10962-3939-442f-9ebe-7b215fc2292d req-b5b10962-3939-442f-9ebe-7b215fc2292d ] Request (ServerActionsTestOtherA:setUpClass): 200 GET http://10.180.1.21/compute/v2.1/servers/10dae6b8-3bea-4a1a-9e13-c475e7847201 5.271s
2025-11-20 23:55:15.588 65725 INFO tempest.lib.common.rest_client [req-5f268958-c218-49f8-bd1e-8566d28c9a8d req-5f268958-c218-49f8-bd1e-8566d28c9a8d ] Request (ServersWithSpecificFlavorTestJSON:test_verify_created_server_ephemeral_disk): 200 GET http://10.180.1.21/compute/v2.1/servers/96dc4fef-0030-4a0e-a7d8-5ea43e7d8c03 5.273s
