2025-11-20 23:53:08.482 65740 INFO tempest.lib.common.dynamic_creds [-] Created isolated network resources for: credentials: Credentials: {'domain_id': 'default', 'domain_name': 'Default', 'username': 'tempest-ServersAdminTestJSON-1637607911-project-member', 'project_domain_id': 'default', 'project_domain_name': 'Default', 'project_id': '416f5a72762e47b495792e5bbd4c121a', 'project_name': 'tempest-ServersAdminTestJSON-1637607911', 'tenant_id': '416f5a72762e47b495792e5bbd4c121a', 'tenant_name': 'tempest-ServersAdminTestJSON-1637607911', 'user_domain_id': 'default', 'user_domain_name': 'Default', 'user_id': '5fb0c740105a49a79c7195ce54ff030d', 'system': None}, Network: {'id': '0cbe0c32-1bfc-48d1-9897-1cc8b0ebd0af', 'name': 'tempest-ServersAdminTestJSON-1809770968-network', 'tenant_id': '416f5a72762e47b495792e5bbd4c121a', 'project_id': '416f5a72762e47b495792e5bbd4c121a', 'admin_state_up': True, 'mtu': 8950, 'status': 'ACTIVE', 'subnets': [], 'shared': False, 'port_security_enabled': True, 'router:external': False, 'provider:network_type': 'vlan', 'provider:physical_network': 'default', 'provider:segmentation_id': 347, 'availability_zone_hints': [], 'availability_zones': [], 'ipv4_address_scope': None, 'ipv6_address_scope': None, 'description': '', 'tags': [], 'created_at': '2025-11-20T23:53:05Z', 'updated_at': '2025-11-20T23:53:05Z', 'revision_number': 1}, Subnet: {'id': '58a8478c-a4e8-42d7-a4a7-6e256b7fc017', 'name': 'tempest-ServersAdminTestJSON-1809770968-subnet', 'tenant_id': '416f5a72762e47b495792e5bbd4c121a', 'network_id': '0cbe0c32-1bfc-48d1-9897-1cc8b0ebd0af', 'ip_version': 4, 'subnetpool_id': None, 'enable_dhcp': True, 'ipv6_ra_mode': None, 'ipv6_address_mode': None, 'gateway_ip': '192.168.128.1', 'cidr': '192.168.128.0/28', 'allocation_pools': [{'start': '192.168.128.2', 'end': '192.168.128.14'}], 'host_routes': [], 'dns_nameservers': [], 'description': '', 'router:external': False, 'service_types': [], 'tags': [], 'created_at': '2025-11-20T23:53:06Z', 'updated_at': '2025-11-20T23:53:06Z', 'revision_number': 0, 'project_id': '416f5a72762e47b495792e5bbd4c121a'}, Router: {'id': 'da48ac50-3a16-4c28-bb0f-7f490068dcb6', 'name': 'tempest-ServersAdminTestJSON-1809770968-router', 'tenant_id': '416f5a72762e47b495792e5bbd4c121a', 'admin_state_up': True, 'status': 'ACTIVE', 'external_gateway_info': {'network_id': 'a06b03b3-d848-4d43-bd37-fbe55ebb7fd2', 'external_fixed_ips': [{'subnet_id': '1399d778-726c-40ef-9f9d-49e4370ff46e', 'ip_address': '10.180.180.240'}], 'enable_snat': True}, 'description': '', 'availability_zones': [], 'distributed': False, 'ha': False, 'availability_zone_hints': [], 'routes': [], 'flavor_id': None, 'tags': [], 'created_at': '2025-11-20T23:53:06Z', 'updated_at': '2025-11-20T23:53:06Z', 'revision_number': 2, 'project_id': '416f5a72762e47b495792e5bbd4c121a'}
2025-11-20 23:53:08.541 65721 INFO tempest.lib.common.rest_client [req-46da8eb1-655d-4709-ac51-762cadf32962 req-46da8eb1-655d-4709-ac51-762cadf32962 ] Request (QuotasAdminTestJSON:test_get_updated_quotas): 200 GET http://10.180.1.21/compute/v2.1/os-quota-sets/5a5b1f125d274406a7e59c64687e75b9/detail 4.603s
2025-11-20 23:53:08.575 65721 INFO tempest.lib.common.rest_client [req-58f4179a-6dd4-4156-a9c6-f63517b8f45e req-58f4179a-6dd4-4156-a9c6-f63517b8f45e ] Request (QuotasAdminTestJSON:test_get_updated_quotas): 200 GET http://10.180.1.21/identity/v3/domains?name=Default 0.024s
2025-11-20 23:53:08.582 65740 INFO tempest.lib.common.rest_client [req-43128df1-d553-4ee3-a60c-e12636ef51eb req-43128df1-d553-4ee3-a60c-e12636ef51eb ] Request (ServersAdminTestJSON:setUpClass): 201 POST http://10.180.1.21/identity/v3/auth/tokens 0.093s
2025-11-20 23:53:08.601 65721 INFO tempest.lib.common.rest_client [req-8ac9fb51-b6ea-4f93-9db0-2eb197346307 req-8ac9fb51-b6ea-4f93-9db0-2eb197346307 ] Request (QuotasAdminTestJSON:test_get_updated_quotas): 201 POST http://10.180.1.21/identity/v3/users 0.026s
2025-11-20 23:53:08.630 65721 INFO tempest.lib.common.rest_client [req-e1d9eabe-99ad-4681-bd10-212a5b00ccc9 req-e1d9eabe-99ad-4681-bd10-212a5b00ccc9 ] Request (QuotasAdminTestJSON:test_get_updated_quotas): 200 GET http://10.180.1.21/identity/v3/domains?name=Default 0.027s
2025-11-20 23:53:08.679 65740 INFO tempest.lib.common.rest_client [req-4d8238fb-4c66-4d81-8c0f-c522f974d280 req-4d8238fb-4c66-4d81-8c0f-c522f974d280 ] Request (ServersAdminTestJSON:setUpClass): 201 POST http://10.180.1.21/identity/v3/projects 0.096s
2025-11-20 23:53:08.683 65707 INFO tempest.lib.common.rest_client [req-898c4f82-126b-44b7-bd13-7a9b6c4b6147 req-898c4f82-126b-44b7-bd13-7a9b6c4b6147 ] Request (ServerShowV247Test:test_update_rebuild_list_server): 202 POST http://10.180.1.21/compute/v2.1/servers 4.701s
2025-11-20 23:53:08.779 65740 INFO tempest.lib.common.rest_client [req-9ece32ab-02ef-445a-b36a-f37dc628f94b req-9ece32ab-02ef-445a-b36a-f37dc628f94b ] Request (ServersAdminTestJSON:setUpClass): 201 POST http://10.180.1.21/identity/v3/users 0.100s
2025-11-20 23:53:08.789 65733 INFO tempest.lib.common.rest_client [req-8584eabe-bcbb-4dde-b785-d695b8ad4084 req-8584eabe-bcbb-4dde-b785-d695b8ad4084 ] Request (InstanceActionsTestJSON:setUpClass): 202 POST http://10.180.1.21/compute/v2.1/servers 5.232s
2025-11-20 23:53:08.822 65740 INFO tempest.lib.common.rest_client [req-deb60508-f0c9-47ab-9f53-b08b8f989f13 req-deb60508-f0c9-47ab-9f53-b08b8f989f13 ] Request (ServersAdminTestJSON:setUpClass): 200 GET http://10.180.1.21/identity/v3/roles 0.038s
2025-11-20 23:53:08.886 65740 INFO tempest.lib.common.rest_client [req-c64cf7a9-5743-473f-b2ac-983301d524f0 req-c64cf7a9-5743-473f-b2ac-983301d524f0 ] Request (ServersAdminTestJSON:setUpClass): 204 PUT http://10.180.1.21/identity/v3/projects/04e839e4c2bb4c3a9a9c409da2dbbe77/users/b46749ffaeff4293be59079ec82b9879/roles/0649763fcdbf46a1ac3694cd7a0ffde5 0.063s
2025-11-20 23:53:08.891 65757 INFO tempest.lib.common.rest_client [req-eefac96e-9999-44c2-983e-a579ca01d1bc req-eefac96e-9999-44c2-983e-a579ca01d1bc ] Request (DeleteServersAdminTestJSON:test_admin_delete_servers_of_others): 200 GET http://10.180.1.21/compute/v2.1/servers/13472fa3-d93a-4a7b-8110-69f9c0568930 4.658s
2025-11-20 23:53:08.963 65740 INFO tempest.lib.common.rest_client [req-0425dab2-8042-4a73-a358-d969628f7cef req-0425dab2-8042-4a73-a358-d969628f7cef ] Request (ServersAdminTestJSON:setUpClass): 200 GET http://10.180.1.21/identity/v3/roles 0.076s
2025-11-20 23:53:08.989 65740 INFO tempest.lib.common.rest_client [req-45b0e1c6-1f23-456e-bfca-31cee5e2e7d9 req-45b0e1c6-1f23-456e-bfca-31cee5e2e7d9 ] Request (ServersAdminTestJSON:setUpClass): 204 PUT http://10.180.1.21/identity/v3/projects/04e839e4c2bb4c3a9a9c409da2dbbe77/users/b46749ffaeff4293be59079ec82b9879/roles/0649763fcdbf46a1ac3694cd7a0ffde5 0.026s
2025-11-20 23:53:08.990 65740 INFO tempest.lib.common.dynamic_creds [-] Dynamic test user b46749ffaeff4293be59079ec82b9879 is created with scope project and roles: ['admin']
2025-11-20 23:53:08.990 65740 INFO tempest.lib.common.dynamic_creds [-] Acquired dynamic creds: credentials: Credentials: {'domain_id': 'default', 'domain_name': 'Default', 'username': 'tempest-ServersAdminTestJSON-83179842-project-admin', 'project_domain_id': 'default', 'project_domain_name': 'Default', 'project_id': '04e839e4c2bb4c3a9a9c409da2dbbe77', 'project_name': 'tempest-ServersAdminTestJSON-83179842', 'tenant_id': '04e839e4c2bb4c3a9a9c409da2dbbe77', 'tenant_name': 'tempest-ServersAdminTestJSON-83179842', 'user_domain_id': 'default', 'user_domain_name': 'Default', 'user_id': 'b46749ffaeff4293be59079ec82b9879', 'system': None}, Network: None, Subnet: None, Router: None
2025-11-20 23:53:09.004 65725 INFO tempest.lib.common.rest_client [req-9ad4c9d8-d700-465d-87ef-1dd32635f1a2 req-9ad4c9d8-d700-465d-87ef-1dd32635f1a2 ] Request (ServersWithSpecificFlavorTestJSON:test_verify_created_server_ephemeral_disk): 200 GET http://10.180.1.21/compute/v2.1/servers/49f7111c-a3f5-4e7d-8eda-41ff9f7043e0/os-interface 4.279s
2025-11-20 23:53:09.010 65701 INFO tempest.lib.common.rest_client [req-27c79e49-9130-4eff-8ef4-5f69c0e87154 req-27c79e49-9130-4eff-8ef4-5f69c0e87154 ] Request (ImagesNegativeTestJSON:test_create_image_from_invalid_server): 404 POST http://10.180.1.21/compute/v2.1/servers/tempest-invalid-425474527/action 3.931s
2025-11-20 23:53:09.162 65753 INFO tempest.lib.common.rest_client [req-14131b7f-4544-46cc-a912-45801e817200 req-14131b7f-4544-46cc-a912-45801e817200 ] Request (ServerActionsTestJSON:setUpClass): 202 POST http://10.180.1.21/compute/v2.1/servers 4.981s
2025-11-20 23:53:09.248 65740 INFO tempest.lib.common.rest_client [req-9b5ab46c-526c-4e71-be75-56a8a49522fd req-9b5ab46c-526c-4e71-be75-56a8a49522fd ] Request (ServersAdminTestJSON:setUpClass): 201 POST http://10.180.1.21/networking/v2.0/networks 0.258s
2025-11-20 23:53:09.286 65703 INFO tempest.lib.common.rest_client [req-097a2028-dcac-4a79-b59b-dbf8ab338a40 req-097a2028-dcac-4a79-b59b-dbf8ab338a40 ] Request (ListImageFiltersTestJSON:setUpClass): 200 GET http://10.180.1.21/compute/v2.1/servers/06983266-fe66-4b6f-a6f3-be36e96af184 3.961s
2025-11-20 23:53:09.604 65740 INFO tempest.lib.common.rest_client [req-23eb9a3e-cbcd-4ab2-b271-dbc0a2cd34de req-23eb9a3e-cbcd-4ab2-b271-dbc0a2cd34de ] Request (ServersAdminTestJSON:setUpClass): 201 POST http://10.180.1.21/networking/v2.0/subnets 0.355s
2025-11-20 23:53:09.631 65749 INFO tempest.lib.common.rest_client [req-a11ebc6f-d263-4405-acdc-16d59e9314c9 req-a11ebc6f-d263-4405-acdc-16d59e9314c9 ] Request (ServersAdminNegativeTestJSON:setUpClass): 200 GET http://10.180.1.21/compute/v2.1/servers/2b54e107-ae64-416f-a524-047944e44036 3.860s
2025-11-20 23:53:09.673 65697 INFO tempest.lib.common.rest_client [req-9d9cf8ca-f55d-4636-bbf7-5435bae747f0 req-9d9cf8ca-f55d-4636-bbf7-5435bae747f0 ] Request (ImagesTestJSON:test_create_image_from_stopped_server): 200 GET http://10.180.1.21/compute/v2.1/servers/9aa7d7a9-6bcb-43a4-9c8c-6f68a34c8363 4.227s
2025-11-20 23:53:09.683 65697 INFO tempest.common.waiters [-] State transition "BUILD/spawning" ==> "ACTIVE/None" after 30 second wait
2025-11-20 23:53:09.820 65725 INFO tempest.lib.common.rest_client [req-d9b27cdb-6762-4826-bb42-74e4f3ee9e4e req-d9b27cdb-6762-4826-bb42-74e4f3ee9e4e ] Request (ServersWithSpecificFlavorTestJSON:test_verify_created_server_ephemeral_disk): 200 PUT http://10.180.1.21/networking/v2.0/floatingips/11899465-1cc6-4eef-964a-c57d311cc763 0.811s
2025-11-20 23:53:09.926 65715 INFO tempest.lib.common.rest_client [req-eccf2f76-f451-4749-b436-1b1a4df1b08c req-eccf2f76-f451-4749-b436-1b1a4df1b08c ] Request (DeleteServersTestJSON:test_delete_active_server): 200 GET http://10.180.1.21/compute/v2.1/servers/2be1145c-0587-422a-bc6d-05afe53128d7 3.677s
2025-11-20 23:53:09.936 65715 INFO tempest.common.waiters [-] State transition "ACTIVE/deleting" ==> "DELETED/None" after 4 second wait
2025-11-20 23:53:09.964 65745 INFO tempest.lib.common.rest_client [req-b48cfe96-5d98-41a6-b897-8968e9bdf0c5 req-b48cfe96-5d98-41a6-b897-8968e9bdf0c5 ] Request (MigrationsAdminTest:test_list_migrations_in_flavor_resize_situation): 200 GET http://10.180.1.21/compute/v2.1/servers/af65a19b-f353-4b9a-b3bf-3c56d1523742 3.894s
2025-11-20 23:53:10.363 65719 INFO tempest.lib.common.rest_client [req-2b1042af-054c-4ab8-aa2f-e670187e5fac req-2b1042af-054c-4ab8-aa2f-e670187e5fac ] Request (SecurityGroupsTestJSON:test_list_security_groups_by_server): 202 POST http://10.180.1.21/compute/v2.1/servers/56803b15-99f9-4958-b381-1088ff86cdbe/action 3.774s
2025-11-20 23:53:10.401 65723 INFO tempest.lib.common.rest_client [req-709fe54d-4f49-4916-92a9-a39b3948f1a8 req-709fe54d-4f49-4916-92a9-a39b3948f1a8 ] Request (ServersTestJSON:setUpClass): 200 GET http://10.180.1.21/compute/v2.1/servers/210b0738-6362-4b35-bff9-a6dd373b1b91 3.462s
2025-11-20 23:53:10.411 65723 INFO tempest.common.waiters [-] State transition "BUILD/networking" ==> "BUILD/spawning" after 10 second wait
2025-11-20 23:53:10.446 65705 INFO tempest.lib.common.rest_client [req-1440fdf3-3005-4a08-b08b-7deb4068ca39 req-1440fdf3-3005-4a08-b08b-7deb4068ca39 ] Request (ServerExternalEventsTest:test_create_server_external_events): 200 GET http://10.180.1.21/compute/v2.1/servers/3ccbde3c-2180-48bc-b3a1-38ad39cc708e 3.146s
2025-11-20 23:53:10.462 65731 INFO tempest.lib.common.rest_client [req-c05d5d02-ccf5-4dee-ab84-e8d099e00594 req-c05d5d02-ccf5-4dee-ab84-e8d099e00594 ] Request (KeyPairsNegativeTestJSON:test_keypair_delete_nonexistent_key): 404 DELETE http://10.180.1.21/compute/v2.1/os-keypairs/tempest-keypair-non-existent-286299522 2.771s
2025-11-20 23:53:10.488 65747 WARNING tempest.lib.common.ssh [-] Failed to establish authenticated ssh connection to cirros@10.180.180.164 ([Errno None] Unable to connect to port 22 on 10.180.180.164). Number attempts: 4. Retry after 5 seconds.: paramiko.ssh_exception.NoValidConnectionsError: [Errno None] Unable to connect to port 22 on 10.180.180.164
2025-11-20 23:53:10.621 65709 INFO tempest.lib.common.rest_client [req-d6e7d0b5-39a3-4cd9-b702-f89991d204c6 req-d6e7d0b5-39a3-4cd9-b702-f89991d204c6 ] Request (ListServerFiltersTestJSON:test_list_servers_detailed_limit_results): 200 GET http://10.180.1.21/compute/v2.1/servers/detail?limit=1 2.966s
2025-11-20 23:53:10.626 65729 INFO tempest.lib.common.rest_client [req-6954766c-9049-4a1d-ae00-16a9c8fff1c7 req-6954766c-9049-4a1d-ae00-16a9c8fff1c7 ] Request (AggregatesAdminNegativeTestJSON:test_aggregate_delete_as_user): 403 DELETE http://10.180.1.21/compute/v2.1/os-aggregates/5 2.883s
2025-11-20 23:53:10.633 65713 INFO tempest.lib.common.rest_client [req-e242fded-c7f6-4825-a7ea-95505e78c8ed req-e242fded-c7f6-4825-a7ea-95505e78c8ed ] Request (InstanceActionsNegativeTestJSON:tearDownClass): 204 DELETE http://10.180.1.21/compute/v2.1/servers/490b60a8-a41e-4f0e-a810-63fb315dd13a 2.925s
2025-11-20 23:53:10.654 65699 INFO tempest.lib.common.rest_client [req-8c56dbdb-6979-4054-8ae4-6984b2fa2a81 req-8c56dbdb-6979-4054-8ae4-6984b2fa2a81 ] Request (FlavorsV2TestJSON:test_list_flavors_limit_results): 200 GET http://10.180.1.21/compute/v2.1/flavors?limit=1 2.676s
2025-11-20 23:53:10.657 65741 INFO tempest.lib.common.rest_client [req-16e88c59-14e1-417f-9b10-0adc1c1e096b req-16e88c59-14e1-417f-9b10-0adc1c1e096b ] Request (FlavorsAdminTestJSON:_run_cleanups): 202 DELETE http://10.180.1.21/compute/v2.1/flavors/1928487691 2.713s
2025-11-20 23:53:10.666 65740 INFO tempest.lib.common.rest_client [req-81d22ab8-bb2d-4110-abc2-09451deafd38 req-81d22ab8-bb2d-4110-abc2-09451deafd38 ] Request (ServersAdminTestJSON:setUpClass): 201 POST http://10.180.1.21/networking/v2.0/routers 1.062s
2025-11-20 23:53:10.674 65711 INFO tempest.lib.common.rest_client [req-36406ee2-8471-4718-b558-684d5dfd4aa8 req-36406ee2-8471-4718-b558-684d5dfd4aa8 ] Request (FlavorsAccessNegativeTestJSON:_run_cleanups): 200 GET http://10.180.1.21/compute/v2.1/flavors/detail 2.687s
2025-11-20 23:53:10.689 65731 INFO tempest.lib.common.rest_client [req-637ab184-f12f-4da8-b5ec-da78bd037028 req-637ab184-f12f-4da8-b5ec-da78bd037028 ] Request (KeyPairsNegativeTestJSON:tearDownClass): 204 DELETE http://10.180.1.21/identity/v3/users/232c8c6eabbb4da28e4229b52a73bae1 0.225s
2025-11-20 23:53:10.689 65731 INFO tempest.lib.common.dynamic_creds [-] Deleting project and security group for project: d8c264708baf4a94b11f544a89d76b23
2025-11-20 23:53:10.717 65727 INFO tempest.lib.common.rest_client [req-0b2ae87c-9d83-4f2d-8e83-99b26a9243f5 req-0b2ae87c-9d83-4f2d-8e83-99b26a9243f5 ] Request (ImagesMetadataTestJSON:test_set_image_metadata): 200 GET http://10.180.1.21/compute/v2.1/images/13f681cd-fe73-4d07-9c93-85d0eeca16b6/metadata 2.412s
2025-11-20 23:53:10.739 65737 INFO tempest.lib.common.rest_client [req-9ce51520-fbe3-426a-b3a7-25d15b2d0d48 req-9ce51520-fbe3-426a-b3a7-25d15b2d0d48 ] Request (ServersV294TestFqdnHostnames:setUpClass): 200 GET http://10.180.1.21/compute/v2.1/servers/8f26fb30-ae8f-4dfa-83b0-07134d676eb8 2.625s
2025-11-20 23:53:10.785 65731 INFO tempest.lib.common.rest_client [req-346b4e4c-1692-4129-891b-825a0bb23104 req-346b4e4c-1692-4129-891b-825a0bb23104 ] Request (KeyPairsNegativeTestJSON:tearDownClass): 201 POST http://10.180.1.21/identity/v3/auth/tokens 0.096s
2025-11-20 23:53:10.972 65717 INFO tempest.lib.common.rest_client [req-443e6aee-776c-4e49-83bd-d27f88f4f0e0 req-443e6aee-776c-4e49-83bd-d27f88f4f0e0 ] Request (QuotasAdminNegativeTest:test_create_server_when_memory_quota_is_full): 200 PUT http://10.180.1.21/compute/v2.1/os-quota-sets/aab506ec8e8e4938976cd354e181ef69 2.550s
2025-11-20 23:53:11.021 65721 INFO tempest.lib.common.rest_client [req-7be69e82-c03a-4e05-b12b-c86d7ae13a4b req-7be69e82-c03a-4e05-b12b-c86d7ae13a4b ] Request (QuotasAdminTestJSON:test_get_updated_quotas): 200 PUT http://10.180.1.21/compute/v2.1/os-quota-sets/5a5b1f125d274406a7e59c64687e75b9?user_id=97ac24da09de47b39160a6b1a6390f75 2.390s
2025-11-20 23:53:11.072 65707 INFO tempest.lib.common.rest_client [req-d4df9e29-0668-4faa-a7fa-eecc9b03f636 req-d4df9e29-0668-4faa-a7fa-eecc9b03f636 ] Request (ServerShowV247Test:test_update_rebuild_list_server): 200 PUT http://10.180.1.21/compute/v2.1/servers/1092daa1-dc0c-43d9-99e1-fc045f12554c 2.386s
2025-11-20 23:53:11.074 65717 INFO tempest.lib.common.rest_client [req-279df258-f75a-49f4-aba0-e36733111956 req-279df258-f75a-49f4-aba0-e36733111956 ] Request (QuotasAdminNegativeTest:test_create_server_when_memory_quota_is_full): 201 POST http://10.180.1.21/identity/v3/auth/tokens 0.094s
2025-11-20 23:53:11.075 65717 INFO tempest.lib.common.fixed_network [-] (QuotasAdminNegativeTest:test_create_server_when_memory_quota_is_full) Found network None available for tenant
2025-11-20 23:53:11.089 65701 INFO tempest.lib.common.rest_client [req-0a66e683-65ba-480d-9d61-d9dcbc0fae7e req-0a66e683-65ba-480d-9d61-d9dcbc0fae7e ] Request (ImagesNegativeTestJSON:test_create_image_specify_uuid_35_characters_or_less): 404 POST http://10.180.1.21/compute/v2.1/servers/aaaaaaaaaaaaaaaaaaaaaaaaaaaaaaaaaaa/action 2.077s
2025-11-20 23:53:11.113 65731 INFO tempest.lib.common.rest_client [req-b6b817ec-1879-45e4-baaa-4b75987b4e27 req-b6b817ec-1879-45e4-baaa-4b75987b4e27 ] Request (KeyPairsNegativeTestJSON:tearDownClass): 200 GET http://10.180.1.21/networking/v2.0/security-groups?tenant_id=d8c264708baf4a94b11f544a89d76b23&name=default 0.328s
2025-11-20 23:53:11.221 65731 INFO tempest.lib.common.rest_client [req-bfa7f9ae-bc29-4cd6-838f-0cf81c2ace95 req-bfa7f9ae-bc29-4cd6-838f-0cf81c2ace95 ] Request (KeyPairsNegativeTestJSON:tearDownClass): 204 DELETE http://10.180.1.21/networking/v2.0/security-groups/f275dfe3-9d96-47b5-9551-8199c036a4ba 0.107s
2025-11-20 23:53:11.254 65753 INFO tempest.lib.common.rest_client [req-b58c0ae3-b6c5-4f78-b1cd-2c857cf9ce24 req-b58c0ae3-b6c5-4f78-b1cd-2c857cf9ce24 ] Request (ServerActionsTestJSON:setUpClass): 200 GET http://10.180.1.21/compute/v2.1/servers/d30cf90c-f816-449e-b763-3202028ba3c0 2.089s
2025-11-20 23:53:11.314 65731 INFO tempest.lib.common.rest_client [req-00a76bb6-f2d5-4f24-97e6-e7b387aab6ef req-00a76bb6-f2d5-4f24-97e6-e7b387aab6ef ] Request (KeyPairsNegativeTestJSON:tearDownClass): 204 DELETE http://10.180.1.21/identity/v3/projects/d8c264708baf4a94b11f544a89d76b23 0.092s
2025-11-20 23:53:11.383 65733 INFO tempest.lib.common.rest_client [req-cff4b70a-f2d0-4db9-a1b0-5061bc461597 req-cff4b70a-f2d0-4db9-a1b0-5061bc461597 ] Request (InstanceActionsTestJSON:setUpClass): 200 GET http://10.180.1.21/compute/v2.1/servers/0fb398a4-268d-4f3f-8394-31ae1a9cb49e 2.591s
2025-11-20 23:53:11.436 65731 INFO tempest.lib.common.rest_client [req-5a2add83-c375-4c1c-b2fd-1cb33272f540 req-5a2add83-c375-4c1c-b2fd-1cb33272f540 ] Request (AbsoluteLimitsNegativeTestJSON:setUpClass): 201 POST http://10.180.1.21/identity/v3/auth/tokens 0.119s
2025-11-20 23:53:11.482 65731 INFO tempest.lib.common.rest_client [req-263b72d1-61d6-4626-b00f-3864cde1fb82 req-263b72d1-61d6-4626-b00f-3864cde1fb82 ] Request (AbsoluteLimitsNegativeTestJSON:setUpClass): 201 POST http://10.180.1.21/identity/v3/auth/tokens 0.043s
2025-11-20 23:53:11.503 65759 INFO tempest.lib.common.rest_client [req-44a4bb43-cc23-445c-ad81-720a02e0acba req-44a4bb43-cc23-445c-ad81-720a02e0acba ] Request (ServersListShow296Test:tearDownClass): 200 GET http://10.180.1.21/compute/v2.1/servers/e2545f89-7dc2-4bde-9449-34f546173fb7 2.248s
2025-11-20 23:53:11.508 65755 WARNING tempest.lib.common.ssh [-] Failed to establish authenticated ssh connection to cirros@10.180.180.254 ([Errno None] Unable to connect to port 22 on 10.180.180.254). Number attempts: 3. Retry after 4 seconds.: paramiko.ssh_exception.NoValidConnectionsError: [Errno None] Unable to connect to port 22 on 10.180.180.254
2025-11-20 23:53:11.520 65759 INFO tempest.common.waiters [-] State transition "ACTIVE/deleting" ==> "DELETED/None" after 3 second wait
2025-11-20 23:53:11.537 65731 INFO tempest.lib.common.rest_client [req-4c6c4143-7237-4207-9101-f22a24f8dbe8 req-4c6c4143-7237-4207-9101-f22a24f8dbe8 ] Request (AbsoluteLimitsNegativeTestJSON:setUpClass): 200 GET http://10.180.1.21/identity/v3/domains?name=Default 0.054s
2025-11-20 23:53:11.554 65697 INFO tempest.lib.common.rest_client [req-42d2d95a-3800-440e-a2f7-c60e98ac3fc1 req-42d2d95a-3800-440e-a2f7-c60e98ac3fc1 ] Request (ImagesTestJSON:test_create_image_from_stopped_server): 202 POST http://10.180.1.21/compute/v2.1/servers/9aa7d7a9-6bcb-43a4-9c8c-6f68a34c8363/action 1.870s
2025-11-20 23:53:11.593 65757 INFO tempest.lib.common.rest_client [req-c3592894-6abc-40e4-ae1f-70705aa306d0 req-c3592894-6abc-40e4-ae1f-70705aa306d0 ] Request (DeleteServersAdminTestJSON:test_admin_delete_servers_of_others): 404 GET http://10.180.1.21/compute/v2.1/servers/13472fa3-d93a-4a7b-8110-69f9c0568930 1.691s
2025-11-20 23:53:11.594 65731 INFO tempest.lib.common.rest_client [req-e2ecac43-ec89-47e9-9074-b6a67b4892e4 req-e2ecac43-ec89-47e9-9074-b6a67b4892e4 ] Request (AbsoluteLimitsNegativeTestJSON:setUpClass): 201 POST http://10.180.1.21/identity/v3/projects 0.056s
2025-11-20 23:53:11.693 65757 INFO tempest.lib.common.rest_client [req-010a5802-c257-4378-8f1b-cb7256a52433 req-010a5802-c257-4378-8f1b-cb7256a52433 ] Request (DeleteServersAdminTestJSON:test_delete_server_while_in_error_state): 201 POST http://10.180.1.21/identity/v3/auth/tokens 0.094s
2025-11-20 23:53:11.693 65757 INFO tempest.lib.common.fixed_network [-] (DeleteServersAdminTestJSON:test_delete_server_while_in_error_state) Found network None available for tenant
2025-11-20 23:53:11.707 65731 INFO tempest.lib.common.rest_client [req-9b689215-be10-43c3-ba60-5509dcc92483 req-9b689215-be10-43c3-ba60-5509dcc92483 ] Request (AbsoluteLimitsNegativeTestJSON:setUpClass): 201 POST http://10.180.1.21/identity/v3/users 0.111s
2025-11-20 23:53:11.714 65703 INFO tempest.lib.common.rest_client [req-eb98fd81-2070-4e81-8d11-6e14495c8271 req-eb98fd81-2070-4e81-8d11-6e14495c8271 ] Request (ListImageFiltersTestJSON:setUpClass): 200 GET http://10.180.1.21/compute/v2.1/servers/06983266-fe66-4b6f-a6f3-be36e96af184 1.415s
2025-11-20 23:53:11.738 65731 INFO tempest.lib.common.rest_client [req-2c9dfb80-8a28-4e59-bd0a-2c36f4d29e0a req-2c9dfb80-8a28-4e59-bd0a-2c36f4d29e0a ] Request (AbsoluteLimitsNegativeTestJSON:setUpClass): 200 GET http://10.180.1.21/identity/v3/roles 0.030s
2025-11-20 23:53:11.770 65725 INFO tempest.lib.common.rest_client [req-25590728-0a2a-463e-b013-fe896907b344 req-25590728-0a2a-463e-b013-fe896907b344 ] Request (ServersWithSpecificFlavorTestJSON:test_verify_created_server_ephemeral_disk): 200 GET http://10.180.1.21/compute/v2.1/servers/49f7111c-a3f5-4e7d-8eda-41ff9f7043e0 1.949s
2025-11-20 23:53:11.785 65725 INFO tempest.lib.common.ssh [-] Creating ssh connection to '10.180.180.135:22' as 'cirros' with public key authentication
2025-11-20 23:53:11.801 65729 INFO tempest.lib.common.rest_client [req-12f5fc76-0d3b-42d8-b657-41d678766a26 req-12f5fc76-0d3b-42d8-b657-41d678766a26 ] Request (AggregatesAdminNegativeTestJSON:_run_cleanups): 200 DELETE http://10.180.1.21/compute/v2.1/os-aggregates/5 1.174s
2025-11-20 23:53:11.805 65731 INFO tempest.lib.common.rest_client [req-69bf954d-19f3-48a7-aead-3a661f28e857 req-69bf954d-19f3-48a7-aead-3a661f28e857 ] Request (AbsoluteLimitsNegativeTestJSON:setUpClass): 204 PUT http://10.180.1.21/identity/v3/projects/2ca7ead479e346ce8e9525f0d0ece3ad/users/5ce3a224aa534c5e9930bf115cf353cd/roles/4b019e04c34844a588e30dd68e89db97 0.065s
2025-11-20 23:53:11.805 65731 INFO tempest.lib.common.dynamic_creds [-] Dynamic test user 5ce3a224aa534c5e9930bf115cf353cd is created with scope project and roles: ['member']
2025-11-20 23:53:11.806 65731 INFO tempest.lib.common.dynamic_creds [-] Acquired dynamic creds: credentials: Credentials: {'domain_id': 'default', 'domain_name': 'Default', 'username': 'tempest-AbsoluteLimitsNegativeTestJSON-174108590-project-member', 'project_domain_id': 'default', 'project_domain_name': 'Default', 'project_id': '2ca7ead479e346ce8e9525f0d0ece3ad', 'project_name': 'tempest-AbsoluteLimitsNegativeTestJSON-174108590', 'tenant_id': '2ca7ead479e346ce8e9525f0d0ece3ad', 'tenant_name': 'tempest-AbsoluteLimitsNegativeTestJSON-174108590', 'user_domain_id': 'default', 'user_domain_name': 'Default', 'user_id': '5ce3a224aa534c5e9930bf115cf353cd', 'system': None}, Network: None, Subnet: None, Router: None
2025-11-20 23:53:11.806 65731 INFO tempest.lib.common.dynamic_creds [-] Created isolated network resources for: credentials: Credentials: {'domain_id': 'default', 'domain_name': 'Default', 'username': 'tempest-AbsoluteLimitsNegativeTestJSON-174108590-project-member', 'project_domain_id': 'default', 'project_domain_name': 'Default', 'project_id': '2ca7ead479e346ce8e9525f0d0ece3ad', 'project_name': 'tempest-AbsoluteLimitsNegativeTestJSON-174108590', 'tenant_id': '2ca7ead479e346ce8e9525f0d0ece3ad', 'tenant_name': 'tempest-AbsoluteLimitsNegativeTestJSON-174108590', 'user_domain_id': 'default', 'user_domain_name': 'Default', 'user_id': '5ce3a224aa534c5e9930bf115cf353cd', 'system': None}, Network: None, Subnet: None, Router: None
2025-11-20 23:53:11.821 65740 INFO tempest.lib.common.rest_client [req-9a6ec57a-de0a-4fec-8359-f2d1cddbaa74 req-9a6ec57a-de0a-4fec-8359-f2d1cddbaa74 ] Request (ServersAdminTestJSON:setUpClass): 200 PUT http://10.180.1.21/networking/v2.0/routers/dfac4800-7355-42fc-99c6-f68c7bcad03f/add_router_interface 1.154s
2025-11-20 23:53:11.821 65740 INFO tempest.lib.common.dynamic_creds [-] Created isolated network resources for: credentials: Credentials: {'domain_id': 'default', 'domain_name': 'Default', 'username': 'tempest-ServersAdminTestJSON-83179842-project-admin', 'project_domain_id': 'default', 'project_domain_name': 'Default', 'project_id': '04e839e4c2bb4c3a9a9c409da2dbbe77', 'project_name': 'tempest-ServersAdminTestJSON-83179842', 'tenant_id': '04e839e4c2bb4c3a9a9c409da2dbbe77', 'tenant_name': 'tempest-ServersAdminTestJSON-83179842', 'user_domain_id': 'default', 'user_domain_name': 'Default', 'user_id': 'b46749ffaeff4293be59079ec82b9879', 'system': None}, Network: {'id': '8f27ddf3-f0f2-48b9-b324-8cd486d0d768', 'name': 'tempest-ServersAdminTestJSON-558277634-network', 'tenant_id': '04e839e4c2bb4c3a9a9c409da2dbbe77', 'project_id': '04e839e4c2bb4c3a9a9c409da2dbbe77', 'admin_state_up': True, 'mtu': 8950, 'status': 'ACTIVE', 'subnets': [], 'shared': False, 'port_security_enabled': True, 'router:external': False, 'provider:network_type': 'vlan', 'provider:physical_network': 'default', 'provider:segmentation_id': 190, 'availability_zone_hints': [], 'availability_zones': [], 'ipv4_address_scope': None, 'ipv6_address_scope': None, 'description': '', 'tags': [], 'created_at': '2025-11-20T23:53:09Z', 'updated_at': '2025-11-20T23:53:09Z', 'revision_number': 1}, Subnet: {'id': '13cf9cde-5fc9-4562-b544-1df39763e6d6', 'name': 'tempest-ServersAdminTestJSON-558277634-subnet', 'tenant_id': '04e839e4c2bb4c3a9a9c409da2dbbe77', 'network_id': '8f27ddf3-f0f2-48b9-b324-8cd486d0d768', 'ip_version': 4, 'subnetpool_id': None, 'enable_dhcp': True, 'ipv6_ra_mode': None, 'ipv6_address_mode': None, 'gateway_ip': '192.168.128.1', 'cidr': '192.168.128.0/28', 'allocation_pools': [{'start': '192.168.128.2', 'end': '192.168.128.14'}], 'host_routes': [], 'dns_nameservers': [], 'description': '', 'router:external': False, 'service_types': [], 'tags': [], 'created_at': '2025-11-20T23:53:09Z', 'updated_at': '2025-11-20T23:53:09Z', 'revision_number': 0, 'project_id': '04e839e4c2bb4c3a9a9c409da2dbbe77'}, Router: {'id': 'dfac4800-7355-42fc-99c6-f68c7bcad03f', 'name': 'tempest-ServersAdminTestJSON-558277634-router', 'tenant_id': '04e839e4c2bb4c3a9a9c409da2dbbe77', 'admin_state_up': True, 'status': 'ACTIVE', 'external_gateway_info': {'network_id': 'a06b03b3-d848-4d43-bd37-fbe55ebb7fd2', 'external_fixed_ips': [{'subnet_id': '1399d778-726c-40ef-9f9d-49e4370ff46e', 'ip_address': '10.180.180.161'}], 'enable_snat': True}, 'description': '', 'availability_zones': [], 'distributed': False, 'ha': False, 'availability_zone_hints': [], 'routes': [], 'flavor_id': None, 'tags': [], 'created_at': '2025-11-20T23:53:09Z', 'updated_at': '2025-11-20T23:53:10Z', 'revision_number': 2, 'project_id': '04e839e4c2bb4c3a9a9c409da2dbbe77'}
2025-11-20 23:53:11.910 65731 INFO tempest.lib.common.rest_client [req-1d1fd947-7cc1-41b3-bcbe-0e634184c987 req-1d1fd947-7cc1-41b3-bcbe-0e634184c987 ] Request (AbsoluteLimitsNegativeTestJSON:setUpClass): 201 POST http://10.180.1.21/identity/v3/auth/tokens 0.098s
2025-11-20 23:53:11.914 65740 INFO tempest.lib.common.rest_client [req-75c58e30-935c-434d-b76c-de7ee70b1137 req-75c58e30-935c-434d-b76c-de7ee70b1137 ] Request (ServersAdminTestJSON:setUpClass): 201 POST http://10.180.1.21/identity/v3/auth/tokens 0.090s
2025-11-20 23:53:11.938 65719 INFO tempest.lib.common.rest_client [req-523614bb-356f-4800-ab03-3f0c1c86a4aa req-523614bb-356f-4800-ab03-3f0c1c86a4aa ] Request (SecurityGroupsTestJSON:test_list_security_groups_by_server): 200 GET http://10.180.1.21/compute/v2.1/servers/56803b15-99f9-4958-b381-1088ff86cdbe/os-security-groups 1.575s
2025-11-20 23:53:11.999 65740 INFO tempest.lib.common.rest_client [req-79115978-cf45-4e6a-8f03-992f24610eb5 req-79115978-cf45-4e6a-8f03-992f24610eb5 ] Request (ServersAdminTestJSON:setUpClass): 201 POST http://10.180.1.21/identity/v3/auth/tokens 0.078s
2025-11-20 23:53:12.000 65740 INFO tempest.lib.common.fixed_network [-] (ServersAdminTestJSON:setUpClass) Found network {'id': '0cbe0c32-1bfc-48d1-9897-1cc8b0ebd0af', 'name': 'tempest-ServersAdminTestJSON-1809770968-network', 'tenant_id': '416f5a72762e47b495792e5bbd4c121a', 'project_id': '416f5a72762e47b495792e5bbd4c121a', 'admin_state_up': True, 'mtu': 8950, 'status': 'ACTIVE', 'subnets': [], 'shared': False, 'port_security_enabled': True, 'router:external': False, 'provider:network_type': 'vlan', 'provider:physical_network': 'default', 'provider:segmentation_id': 347, 'availability_zone_hints': [], 'availability_zones': [], 'ipv4_address_scope': None, 'ipv6_address_scope': None, 'description': '', 'tags': [], 'created_at': '2025-11-20T23:53:05Z', 'updated_at': '2025-11-20T23:53:05Z', 'revision_number': 1} available for tenant
2025-11-20 23:53:12.026 65713 INFO tempest.lib.common.rest_client [req-0413d88f-38c6-49b1-8556-5593efc353d8 req-0413d88f-38c6-49b1-8556-5593efc353d8 ] Request (InstanceActionsNegativeTestJSON:tearDownClass): 200 GET http://10.180.1.21/compute/v2.1/servers/490b60a8-a41e-4f0e-a810-63fb315dd13a 1.393s
2025-11-20 23:53:12.077 65709 INFO tempest.lib.common.rest_client [req-b8b6f40c-68a7-48c0-bf56-76b71209eebd req-b8b6f40c-68a7-48c0-bf56-76b71209eebd ] Request (ListServerFiltersTestJSON:test_list_servers_filter_by_active_status): 200 GET http://10.180.1.21/compute/v2.1/servers?status=active 1.439s
2025-11-20 23:53:12.094 65699 INFO tempest.lib.common.rest_client [req-5f15898a-67da-4b9c-8120-15281ef78f7d req-5f15898a-67da-4b9c-8120-15281ef78f7d ] Request (FlavorsV2TestJSON:test_list_flavors_using_marker): 200 GET http://10.180.1.21/compute/v2.1/flavors/42 1.436s
2025-11-20 23:53:12.097 65749 INFO tempest.lib.common.rest_client [req-0a57303c-59ee-4a86-83dc-d854f0d820e9 req-0a57303c-59ee-4a86-83dc-d854f0d820e9 ] Request (ServersAdminNegativeTestJSON:setUpClass): 200 GET http://10.180.1.21/compute/v2.1/servers/2b54e107-ae64-416f-a524-047944e44036 1.457s
2025-11-20 23:53:12.117 65741 INFO tempest.lib.common.rest_client [req-aacb6f28-c23f-4b8f-be03-3d1eff4668ab req-aacb6f28-c23f-4b8f-be03-3d1eff4668ab ] Request (FlavorsAdminTestJSON:_run_cleanups): 200 GET http://10.180.1.21/compute/v2.1/flavors/detail 1.458s
2025-11-20 23:53:12.118 65711 INFO tempest.lib.common.rest_client [req-9f42eb7c-7652-4653-bfb8-0a522799cc99 req-9f42eb7c-7652-4653-bfb8-0a522799cc99 ] Request (FlavorsAccessNegativeTestJSON:test_remove_flavor_access_not_found): 200 POST http://10.180.1.21/compute/v2.1/flavors 1.432s
2025-11-20 23:53:12.188 65715 INFO tempest.lib.common.rest_client [req-8474eb76-4e23-4084-8a0d-1e1e60c4de9f req-8474eb76-4e23-4084-8a0d-1e1e60c4de9f ] Request (DeleteServersTestJSON:test_delete_active_server): 200 GET http://10.180.1.21/compute/v2.1/servers/2be1145c-0587-422a-bc6d-05afe53128d7 1.250s
2025-11-20 23:53:12.339 65745 INFO tempest.lib.common.rest_client [req-c7a29680-af97-4960-ad39-e34ea419bb65 req-c7a29680-af97-4960-ad39-e34ea419bb65 ] Request (MigrationsAdminTest:test_list_migrations_in_flavor_resize_situation): 200 GET http://10.180.1.21/compute/v2.1/servers/af65a19b-f353-4b9a-b3bf-3c56d1523742 1.364s
2025-11-20 23:53:12.347 65745 INFO tempest.common.waiters [-] State transition "RESIZE/resize_prep" ==> "RESIZE/resize_migrating" after 12 second wait
2025-11-20 23:53:12.421 65727 INFO tempest.lib.common.rest_client [req-05651996-d264-46d9-b95d-eabcae790eec req-05651996-d264-46d9-b95d-eabcae790eec ] Request (ImagesMetadataTestJSON:setUp): 200 PUT http://10.180.1.21/compute/v2.1/images/13f681cd-fe73-4d07-9c93-85d0eeca16b6/metadata 1.702s
2025-11-20 23:53:12.553 65721 INFO tempest.lib.common.rest_client [req-b7b78c12-086c-467a-bc8c-31d1432f5f28 req-b7b78c12-086c-467a-bc8c-31d1432f5f28 ] Request (QuotasAdminTestJSON:test_get_updated_quotas): 200 GET http://10.180.1.21/compute/v2.1/os-quota-sets/5a5b1f125d274406a7e59c64687e75b9?user_id=97ac24da09de47b39160a6b1a6390f75 1.529s
2025-11-20 23:53:12.635 65707 INFO tempest.lib.common.rest_client [req-7bedcbc0-a8d2-4a7a-8104-762a76e41293 req-7bedcbc0-a8d2-4a7a-8104-762a76e41293 ] Request (ServerShowV247Test:test_update_rebuild_list_server): 200 GET http://10.180.1.21/compute/v2.1/servers/1092daa1-dc0c-43d9-99e1-fc045f12554c 1.556s
2025-11-20 23:53:12.648 65701 INFO tempest.lib.common.rest_client [req-54772a26-7197-4cc9-8447-9366f65db676 req-54772a26-7197-4cc9-8447-9366f65db676 ] Request (ImagesNegativeTestJSON:test_create_image_specify_uuid_37_characters_or_more): 404 POST http://10.180.1.21/compute/v2.1/servers/aaaaaaaaaaaaaaaaaaaaaaaaaaaaaaaaaaaaa/action 1.558s
2025-11-20 23:53:12.668 65717 INFO tempest.lib.common.rest_client [req-168b9dba-da15-4ec0-be95-ee62760ac024 req-168b9dba-da15-4ec0-be95-ee62760ac024 ] Request (QuotasAdminNegativeTest:test_create_server_when_memory_quota_is_full): 403 POST http://10.180.1.21/compute/v2.1/servers 1.593s
2025-11-20 23:53:12.689 65721 INFO tempest.lib.common.rest_client [req-2ecff2c5-6192-48fe-b37a-bd57d9ae658e req-2ecff2c5-6192-48fe-b37a-bd57d9ae658e ] Request (QuotasAdminTestJSON:_run_cleanups): 204 DELETE http://10.180.1.21/identity/v3/users/97ac24da09de47b39160a6b1a6390f75 0.134s
2025-11-20 23:53:12.745 65705 INFO tempest.lib.common.rest_client [req-fa5e3120-106b-41df-a779-0066160f3aae req-fa5e3120-106b-41df-a779-0066160f3aae ] Request (ServerExternalEventsTest:test_create_server_external_events): 200 GET http://10.180.1.21/compute/v2.1/servers/3ccbde3c-2180-48bc-b3a1-38ad39cc708e 1.289s
2025-11-20 23:53:12.846 65721 INFO tempest.lib.common.rest_client [req-84b4c8b8-5250-425b-8c32-d54ce23d7537 req-84b4c8b8-5250-425b-8c32-d54ce23d7537 ] Request (QuotasAdminTestJSON:_run_cleanups): 204 DELETE http://10.180.1.21/identity/v3/projects/5a5b1f125d274406a7e59c64687e75b9 0.156s
2025-11-20 23:53:12.853 65723 INFO tempest.lib.common.rest_client [req-0400f613-bec1-448c-be7f-e50e57a0fd81 req-0400f613-bec1-448c-be7f-e50e57a0fd81 ] Request (ServersTestJSON:setUpClass): 200 GET http://10.180.1.21/compute/v2.1/servers/210b0738-6362-4b35-bff9-a6dd373b1b91 1.439s
2025-11-20 23:53:12.878 65697 INFO tempest.lib.common.rest_client [req-d8a2c3f4-81b1-4fb2-803e-9832aeec719f req-d8a2c3f4-81b1-4fb2-803e-9832aeec719f ] Request (ImagesTestJSON:test_create_image_from_stopped_server): 200 GET http://10.180.1.21/compute/v2.1/servers/9aa7d7a9-6bcb-43a4-9c8c-6f68a34c8363 1.324s
2025-11-20 23:53:12.947 65737 INFO tempest.lib.common.rest_client [req-b654a159-9864-4c08-b781-00a3e4e4b100 req-b654a159-9864-4c08-b781-00a3e4e4b100 ] Request (ServersV294TestFqdnHostnames:setUpClass): 200 GET http://10.180.1.21/compute/v2.1/servers/8f26fb30-ae8f-4dfa-83b0-07134d676eb8 1.193s
2025-11-20 23:53:12.962 65729 INFO tempest.lib.common.rest_client [req-06e37c0a-b357-4962-bf91-c977e4df6380 req-06e37c0a-b357-4962-bf91-c977e4df6380 ] Request (AggregatesAdminNegativeTestJSON:test_aggregate_delete_with_invalid_id): 404 DELETE http://10.180.1.21/compute/v2.1/os-aggregates/-1 1.159s
2025-11-20 23:53:13.095 65757 INFO tempest.lib.common.rest_client [req-dde0b8f3-e815-45d2-a839-4638cfeba1f9 req-dde0b8f3-e815-45d2-a839-4638cfeba1f9 ] Request (DeleteServersAdminTestJSON:test_delete_server_while_in_error_state): 202 POST http://10.180.1.21/compute/v2.1/servers 1.401s
2025-11-20 23:53:13.095 65719 INFO tempest.lib.common.rest_client [req-71b06814-0a27-4ecf-9907-cc4a13e2f4e5 req-71b06814-0a27-4ecf-9907-cc4a13e2f4e5 ] Request (SecurityGroupsTestJSON:test_security_group_create_get_delete): 200 POST http://10.180.1.21/compute/v2.1/os-security-groups 1.151s
2025-11-20 23:53:13.233 65709 INFO tempest.lib.common.rest_client [req-f2ee0d89-1e34-4535-8009-cfaa8c1f9770 req-f2ee0d89-1e34-4535-8009-cfaa8c1f9770 ] Request (ListServerFiltersTestJSON:test_list_servers_filter_by_exceed_limit): 200 GET http://10.180.1.21/compute/v2.1/servers?limit=100000 1.152s
2025-11-20 23:53:13.269 65699 INFO tempest.lib.common.rest_client [req-4778007d-cab8-4a14-9b3f-f48c079141ff req-4778007d-cab8-4a14-9b3f-f48c079141ff ] Request (FlavorsV2TestJSON:test_list_flavors_using_marker): 200 GET http://10.180.1.21/compute/v2.1/flavors?marker=42 1.166s
2025-11-20 23:53:13.375 65711 INFO tempest.lib.common.rest_client [req-5c444698-c73f-4c9b-ba6d-cb33b36f8c75 req-5c444698-c73f-4c9b-ba6d-cb33b36f8c75 ] Request (FlavorsAccessNegativeTestJSON:test_remove_flavor_access_not_found): 404 POST http://10.180.1.21/compute/v2.1/flavors/364297899/action 1.254s
2025-11-20 23:53:13.394 65741 INFO tempest.lib.common.rest_client [req-b0e6db7d-b663-49ff-9aca-f6a2d6188030 req-b0e6db7d-b663-49ff-9aca-f6a2d6188030 ] Request (FlavorsAdminTestJSON:test_create_server_with_non_public_flavor): 200 POST http://10.180.1.21/compute/v2.1/flavors 1.265s
2025-11-20 23:53:13.476 65753 INFO tempest.lib.common.rest_client [req-1136a65e-a3ce-477c-8a2f-f14629a24148 req-1136a65e-a3ce-477c-8a2f-f14629a24148 ] Request (ServerActionsTestJSON:setUpClass): 200 GET http://10.180.1.21/compute/v2.1/servers/d30cf90c-f816-449e-b763-3202028ba3c0 1.209s
2025-11-20 23:53:13.570 65733 INFO tempest.lib.common.rest_client [req-5feaef41-c7c7-4bb2-bc5e-3c5e63e76c67 req-5feaef41-c7c7-4bb2-bc5e-3c5e63e76c67 ] Request (InstanceActionsTestJSON:setUpClass): 200 GET http://10.180.1.21/compute/v2.1/servers/0fb398a4-268d-4f3f-8394-31ae1a9cb49e 1.171s
2025-11-20 23:53:13.747 65740 INFO tempest.lib.common.rest_client [req-53bace31-5e03-4fff-9ab1-22e5fa6b8ed7 req-53bace31-5e03-4fff-9ab1-22e5fa6b8ed7 ] Request (ServersAdminTestJSON:setUpClass): 202 POST http://10.180.1.21/compute/v2.1/servers 1.747s
2025-11-20 23:53:13.790 65740 INFO tempest.lib.common.rest_client [req-658a041b-1b7f-4e00-85c9-bc4aebd9692f req-658a041b-1b7f-4e00-85c9-bc4aebd9692f ] Request (ServersAdminTestJSON:setUpClass): 201 POST http://10.180.1.21/identity/v3/auth/tokens 0.038s
2025-11-20 23:53:13.790 65740 INFO tempest.lib.common.fixed_network [-] (ServersAdminTestJSON:setUpClass) Found network {'id': '0cbe0c32-1bfc-48d1-9897-1cc8b0ebd0af', 'name': 'tempest-ServersAdminTestJSON-1809770968-network', 'tenant_id': '416f5a72762e47b495792e5bbd4c121a', 'project_id': '416f5a72762e47b495792e5bbd4c121a', 'admin_state_up': True, 'mtu': 8950, 'status': 'ACTIVE', 'subnets': [], 'shared': False, 'port_security_enabled': True, 'router:external': False, 'provider:network_type': 'vlan', 'provider:physical_network': 'default', 'provider:segmentation_id': 347, 'availability_zone_hints': [], 'availability_zones': [], 'ipv4_address_scope': None, 'ipv6_address_scope': None, 'description': '', 'tags': [], 'created_at': '2025-11-20T23:53:05Z', 'updated_at': '2025-11-20T23:53:05Z', 'revision_number': 1} available for tenant
2025-11-20 23:53:13.848 65759 INFO tempest.lib.common.rest_client [req-281e6695-ee8b-450c-8204-bb53fdf8997a req-281e6695-ee8b-450c-8204-bb53fdf8997a ] Request (ServersListShow296Test:tearDownClass): 200 GET http://10.180.1.21/compute/v2.1/servers/e2545f89-7dc2-4bde-9449-34f546173fb7 1.322s
2025-11-20 23:53:13.872 65701 INFO tempest.lib.common.rest_client [req-dc30ab70-7566-4a04-b624-35cb432b54d1 req-dc30ab70-7566-4a04-b624-35cb432b54d1 ] Request (ImagesNegativeTestJSON:tearDownClass): 404 DELETE http://10.180.1.21/compute/v2.1/servers/b58e2a9a-60fb-437a-bc10-ce0da7163267 1.222s
2025-11-20 23:53:13.884 65727 INFO tempest.lib.common.rest_client [req-bf78ed17-f3bb-4954-82db-6f45056e71a5 req-bf78ed17-f3bb-4954-82db-6f45056e71a5 ] Request (ImagesMetadataTestJSON:test_set_image_metadata_item): 200 PUT http://10.180.1.21/compute/v2.1/images/13f681cd-fe73-4d07-9c93-85d0eeca16b6/metadata/os_version 1.461s
2025-11-20 23:53:13.947 65703 INFO tempest.lib.common.rest_client [req-2dc3c5d1-0a03-48f7-a714-8af9bd5f671e req-2dc3c5d1-0a03-48f7-a714-8af9bd5f671e ] Request (ListImageFiltersTestJSON:setUpClass): 200 GET http://10.180.1.21/compute/v2.1/servers/06983266-fe66-4b6f-a6f3-be36e96af184 1.226s
2025-11-20 23:53:14.036 65717 INFO tempest.lib.common.rest_client [req-dda098ba-1a05-45e0-92d7-7077034b3e11 req-dda098ba-1a05-45e0-92d7-7077034b3e11 ] Request (QuotasAdminNegativeTest:_run_cleanups): 200 PUT http://10.180.1.21/compute/v2.1/os-quota-sets/aab506ec8e8e4938976cd354e181ef69 1.367s
2025-11-20 23:53:14.059 65729 INFO tempest.lib.common.rest_client [req-a22d1b3e-3405-4dc5-bbd4-998cf65ca550 req-a22d1b3e-3405-4dc5-bbd4-998cf65ca550 ] Request (AggregatesAdminNegativeTestJSON:test_aggregate_get_details_as_user): 200 POST http://10.180.1.21/compute/v2.1/os-aggregates 1.095s
2025-11-20 23:53:14.073 65721 INFO tempest.lib.common.rest_client [req-fc726c59-7d15-4fb6-89b4-066aae5b4ad1 req-fc726c59-7d15-4fb6-89b4-066aae5b4ad1 ] Request (QuotasAdminTestJSON:test_update_all_quota_resources_for_tenant): 200 GET http://10.180.1.21/compute/v2.1/os-quota-sets/60aeba3dde28409a95055e6ff3d32ee8/defaults 1.226s
2025-11-20 23:53:14.111 65719 INFO tempest.lib.common.rest_client [req-c3d6c084-451b-4d77-becb-8ea0b38f41ac req-c3d6c084-451b-4d77-becb-8ea0b38f41ac ] Request (SecurityGroupsTestJSON:test_security_group_create_get_delete): 200 GET http://10.180.1.21/compute/v2.1/os-security-groups/dbc8ba36-1cb6-449c-b89c-6d3d33a6626b 1.012s
2025-11-20 23:53:14.126 65713 INFO tempest.lib.common.rest_client [req-81b98e01-6f69-456b-9e53-5bee3fab3eab req-81b98e01-6f69-456b-9e53-5bee3fab3eab ] Request (InstanceActionsNegativeTestJSON:tearDownClass): 200 GET http://10.180.1.21/compute/v2.1/servers/490b60a8-a41e-4f0e-a810-63fb315dd13a 1.091s
2025-11-20 23:53:14.168 65757 INFO tempest.lib.common.rest_client [req-30930bee-a141-4620-a941-f76bef06532e req-30930bee-a141-4620-a941-f76bef06532e ] Request (DeleteServersAdminTestJSON:test_delete_server_while_in_error_state): 200 GET http://10.180.1.21/compute/v2.1/servers/d079a571-5f75-4f09-af16-a8ccd49f1839 1.068s
2025-11-20 23:53:14.191 65749 INFO tempest.lib.common.rest_client [req-928c3a4e-263b-4c9a-b6fc-cb70ecd916ec req-928c3a4e-263b-4c9a-b6fc-cb70ecd916ec ] Request (ServersAdminNegativeTestJSON:setUpClass): 200 GET http://10.180.1.21/compute/v2.1/servers/2b54e107-ae64-416f-a524-047944e44036 1.081s
2025-11-20 23:53:14.226 65715 INFO tempest.lib.common.rest_client [req-e57eb3bb-4ca9-4816-baeb-62c7f626869b req-e57eb3bb-4ca9-4816-baeb-62c7f626869b ] Request (DeleteServersTestJSON:test_delete_active_server): 200 GET http://10.180.1.21/compute/v2.1/servers/2be1145c-0587-422a-bc6d-05afe53128d7 1.028s
2025-11-20 23:53:14.251 65699 INFO tempest.lib.common.rest_client [req-aab5885b-94f0-44f9-ab2a-5cb93d7a8776 req-aab5885b-94f0-44f9-ab2a-5cb93d7a8776 ] Request (FlavorsV2TestJSON:test_list_flavors_with_detail): 200 GET http://10.180.1.21/compute/v2.1/flavors/detail 0.978s
2025-11-20 23:53:14.279 65709 INFO tempest.lib.common.rest_client [req-bb6dbb88-af98-4c90-b3a0-392689c0231d req-bb6dbb88-af98-4c90-b3a0-392689c0231d ] Request (ListServerFiltersTestJSON:test_list_servers_filter_by_exceed_limit): 200 GET http://10.180.1.21/compute/v2.1/servers 1.042s
2025-11-20 23:53:14.307 65711 INFO tempest.lib.common.rest_client [req-b454e38c-38ac-4335-93d8-f2e21f4152da req-b454e38c-38ac-4335-93d8-f2e21f4152da ] Request (FlavorsAccessNegativeTestJSON:_run_cleanups): 202 DELETE http://10.180.1.21/compute/v2.1/flavors/364297899 0.931s
2025-11-20 23:53:14.318 65741 INFO tempest.lib.common.rest_client [req-fc1b3f88-fd86-404e-aed5-bb8c212c3137 req-fc1b3f88-fd86-404e-aed5-bb8c212c3137 ] Request (FlavorsAdminTestJSON:test_create_server_with_non_public_flavor): 400 POST http://10.180.1.21/compute/v2.1/servers 0.921s
2025-11-20 23:53:14.357 65745 INFO tempest.lib.common.rest_client [req-7a2c59e7-a1a5-4789-bc2c-38028be73ff8 req-7a2c59e7-a1a5-4789-bc2c-38028be73ff8 ] Request (MigrationsAdminTest:test_list_migrations_in_flavor_resize_situation): 200 GET http://10.180.1.21/compute/v2.1/servers/af65a19b-f353-4b9a-b3bf-3c56d1523742 1.008s
2025-11-20 23:53:14.406 65707 INFO tempest.lib.common.rest_client [req-09ec7be5-2109-4116-ab38-3073bad99770 req-09ec7be5-2109-4116-ab38-3073bad99770 ] Request (ServerShowV247Test:test_update_rebuild_list_server): 200 GET http://10.180.1.21/compute/v2.1/servers/1092daa1-dc0c-43d9-99e1-fc045f12554c 0.757s
2025-11-20 23:53:14.430 65705 INFO tempest.lib.common.rest_client [req-b247af92-3a7e-43e6-a7ce-c285a82284ac req-b247af92-3a7e-43e6-a7ce-c285a82284ac ] Request (ServerExternalEventsTest:test_create_server_external_events): 200 GET http://10.180.1.21/compute/v2.1/servers/3ccbde3c-2180-48bc-b3a1-38ad39cc708e 0.676s
2025-11-20 23:53:14.538 65723 INFO tempest.lib.common.rest_client [req-4c3b304a-8c6d-4aee-815e-b7400968e796 req-4c3b304a-8c6d-4aee-815e-b7400968e796 ] Request (ServersTestJSON:setUpClass): 200 GET http://10.180.1.21/compute/v2.1/servers/210b0738-6362-4b35-bff9-a6dd373b1b91 0.677s
2025-11-20 23:53:14.560 65701 INFO tempest.lib.common.rest_client [req-3bafffe3-8142-4fc4-a492-9cdbf9b9f278 req-3bafffe3-8142-4fc4-a492-9cdbf9b9f278 ] Request (ImagesNegativeTestJSON:tearDownClass): 404 GET http://10.180.1.21/compute/v2.1/servers/b58e2a9a-60fb-437a-bc10-ce0da7163267 0.687s
2025-11-20 23:53:14.780 65740 INFO tempest.lib.common.rest_client [req-11ecdec3-6735-4c3c-8f09-928abdca5752 req-11ecdec3-6735-4c3c-8f09-928abdca5752 ] Request (ServersAdminTestJSON:setUpClass): 202 POST http://10.180.1.21/compute/v2.1/servers 0.989s
2025-11-20 23:53:14.833 65697 INFO tempest.lib.common.rest_client [req-f8204170-67c7-4a17-9487-0b3a260c9a14 req-f8204170-67c7-4a17-9487-0b3a260c9a14 ] Request (ImagesTestJSON:test_create_image_from_stopped_server): 200 GET http://10.180.1.21/compute/v2.1/servers/9aa7d7a9-6bcb-43a4-9c8c-6f68a34c8363 0.947s
2025-11-20 23:53:14.837 65727 INFO tempest.lib.common.rest_client [req-3380e69e-8335-4bf9-94fb-414b364b7ce2 req-3380e69e-8335-4bf9-94fb-414b364b7ce2 ] Request (ImagesMetadataTestJSON:test_set_image_metadata_item): 200 GET http://10.180.1.21/compute/v2.1/images/13f681cd-fe73-4d07-9c93-85d0eeca16b6/metadata 0.949s
2025-11-20 23:53:14.846 65697 INFO tempest.common.waiters [-] State transition "ACTIVE/powering-off" ==> "SHUTOFF/None" after 2 second wait
2025-11-20 23:53:14.846 65717 INFO tempest.lib.common.rest_client [req-c1ac1842-5c49-435d-8dfc-50e5eed45425 req-c1ac1842-5c49-435d-8dfc-50e5eed45425 ] Request (QuotasAdminNegativeTest:test_update_quota_normal_user): 403 PUT http://10.180.1.21/compute/v2.1/os-quota-sets/aab506ec8e8e4938976cd354e181ef69 0.806s
2025-11-20 23:53:14.853 65729 INFO tempest.lib.common.rest_client [req-3447f7fe-4306-4928-8580-54ec10f9143e req-3447f7fe-4306-4928-8580-54ec10f9143e ] Request (AggregatesAdminNegativeTestJSON:test_aggregate_get_details_as_user): 403 GET http://10.180.1.21/compute/v2.1/os-aggregates/6 0.791s
2025-11-20 23:53:14.859 65725 WARNING tempest.lib.common.ssh [-] Failed to establish authenticated ssh connection to cirros@10.180.180.135 ([Errno None] Unable to connect to port 22 on 10.180.180.135). Number attempts: 1. Retry after 2 seconds.: paramiko.ssh_exception.NoValidConnectionsError: [Errno None] Unable to connect to port 22 on 10.180.180.135
2025-11-20 23:53:14.952 65737 INFO tempest.lib.common.rest_client [req-6f81ee78-c376-4936-bad9-b9c80dd3beef req-6f81ee78-c376-4936-bad9-b9c80dd3beef ] Request (ServersV294TestFqdnHostnames:setUpClass): 200 GET http://10.180.1.21/compute/v2.1/servers/8f26fb30-ae8f-4dfa-83b0-07134d676eb8 0.994s
2025-11-20 23:53:15.042 65717 INFO tempest.lib.common.rest_client [req-72afc666-a9dc-4bfb-a106-560a40549c9f req-72afc666-a9dc-4bfb-a106-560a40549c9f ] Request (QuotasAdminNegativeTest:tearDownClass): 204 DELETE http://10.180.1.21/identity/v3/users/c4abd23e963c4fee9f591d52e8a53063 0.194s
2025-11-20 23:53:15.077 65721 INFO tempest.lib.common.rest_client [req-35209c16-b7e1-4126-8c22-8c80e5a5a893 req-35209c16-b7e1-4126-8c22-8c80e5a5a893 ] Request (QuotasAdminTestJSON:test_update_all_quota_resources_for_tenant): 200 PUT http://10.180.1.21/compute/v2.1/os-quota-sets/60aeba3dde28409a95055e6ff3d32ee8 1.002s
