2025-11-20 23:52:59.779 65755 INFO tempest.lib.common.rest_client [req-4e2cf081-decf-4e4b-bb50-d9d71ba80b76 req-4e2cf081-decf-4e4b-bb50-d9d71ba80b76 ] Request (VolumesAssistedSnapshotsTest:test_volume_assisted_snapshot_create_delete): 200 PUT http://10.180.1.21/networking/v2.0/floatingips/723e5884-0d60-4cba-a75f-2f27b68d5e3e 0.652s
2025-11-20 23:52:59.780 65755 INFO tempest.lib.common.ssh [-] Creating ssh connection to '10.180.180.254:22' as 'cirros' with public key authentication
2025-11-20 23:52:59.941 65733 INFO tempest.lib.common.rest_client [req-16155d73-dbb9-4de7-b2f8-d39df3b7b4b3 req-16155d73-dbb9-4de7-b2f8-d39df3b7b4b3 ] Request (ServicesAdminNegativeTestJSON:tearDownClass): 204 DELETE http://10.180.1.21/networking/v2.0/security-groups/9e80619f-2f3e-4031-aa7a-9c5385d8f90b 0.708s
2025-11-20 23:52:59.971 65747 WARNING tempest.lib.common.ssh [-] Failed to establish authenticated ssh connection to cirros@10.180.180.164 ([Errno None] Unable to connect to port 22 on 10.180.180.164). Number attempts: 1. Retry after 2 seconds.: paramiko.ssh_exception.NoValidConnectionsError: [Errno None] Unable to connect to port 22 on 10.180.180.164
2025-11-20 23:53:00.009 65753 INFO tempest.lib.common.rest_client [req-db8d2168-fc01-4319-836a-8d1a36b66b90 req-db8d2168-fc01-4319-836a-8d1a36b66b90 ] Request (ServerActionsTestJSON:setUpClass): 200 PUT http://10.180.1.21/networking/v2.0/routers/afcb0551-88e1-461c-b881-e2994a294b42/add_router_interface 0.913s
2025-11-20 23:53:00.009 65753 INFO tempest.lib.common.dynamic_creds [-] Created isolated network resources for: credentials: Credentials: {'domain_id': 'default', 'domain_name': 'Default', 'username': 'tempest-ServerActionsTestJSON-334389054-project-member', 'project_domain_id': 'default', 'project_domain_name': 'Default', 'project_id': 'c2f39323db534da9902057ee12169704', 'project_name': 'tempest-ServerActionsTestJSON-334389054', 'tenant_id': 'c2f39323db534da9902057ee12169704', 'tenant_name': 'tempest-ServerActionsTestJSON-334389054', 'user_domain_id': 'default', 'user_domain_name': 'Default', 'user_id': '80d7527d93a143929c01b3ebfd9140e8', 'system': None}, Network: {'id': '97002d2c-10c0-4a47-bd20-352b43bcd3f4', 'name': 'tempest-ServerActionsTestJSON-1737490355-network', 'tenant_id': 'c2f39323db534da9902057ee12169704', 'project_id': 'c2f39323db534da9902057ee12169704', 'admin_state_up': True, 'mtu': 8950, 'status': 'ACTIVE', 'subnets': [], 'shared': False, 'port_security_enabled': True, 'router:external': False, 'provider:network_type': 'vlan', 'provider:physical_network': 'default', 'provider:segmentation_id': 891, 'availability_zone_hints': [], 'availability_zones': [], 'ipv4_address_scope': None, 'ipv6_address_scope': None, 'description': '', 'tags': [], 'created_at': '2025-11-20T23:52:57Z', 'updated_at': '2025-11-20T23:52:57Z', 'revision_number': 1}, Subnet: {'id': '44b90917-a5a8-4b85-91d0-4c80fb7c3652', 'name': 'tempest-ServerActionsTestJSON-1737490355-subnet', 'tenant_id': 'c2f39323db534da9902057ee12169704', 'network_id': '97002d2c-10c0-4a47-bd20-352b43bcd3f4', 'ip_version': 4, 'subnetpool_id': None, 'enable_dhcp': True, 'ipv6_ra_mode': None, 'ipv6_address_mode': None, 'gateway_ip': '192.168.128.1', 'cidr': '192.168.128.0/28', 'allocation_pools': [{'start': '192.168.128.2', 'end': '192.168.128.14'}], 'host_routes': [], 'dns_nameservers': [], 'description': '', 'router:external': False, 'service_types': [], 'tags': [], 'created_at': '2025-11-20T23:52:58Z', 'updated_at': '2025-11-20T23:52:58Z', 'revision_number': 0, 'project_id': 'c2f39323db534da9902057ee12169704'}, Router: {'id': 'afcb0551-88e1-461c-b881-e2994a294b42', 'name': 'tempest-ServerActionsTestJSON-1737490355-router', 'tenant_id': 'c2f39323db534da9902057ee12169704', 'admin_state_up': True, 'status': 'ACTIVE', 'external_gateway_info': {'network_id': 'a06b03b3-d848-4d43-bd37-fbe55ebb7fd2', 'external_fixed_ips': [{'subnet_id': '1399d778-726c-40ef-9f9d-49e4370ff46e', 'ip_address': '10.180.180.217'}], 'enable_snat': True}, 'description': '', 'availability_zones': [], 'distributed': False, 'ha': False, 'availability_zone_hints': [], 'routes': [], 'flavor_id': None, 'tags': [], 'created_at': '2025-11-20T23:52:58Z', 'updated_at': '2025-11-20T23:52:58Z', 'revision_number': 2, 'project_id': 'c2f39323db534da9902057ee12169704'}
2025-11-20 23:53:00.044 65697 INFO tempest.lib.common.rest_client [req-54531fe1-0b6d-470e-b826-f72b18340a87 req-54531fe1-0b6d-470e-b826-f72b18340a87 ] Request (ImagesTestJSON:test_create_image_from_stopped_server): 200 GET http://10.180.1.21/compute/v2.1/servers/9aa7d7a9-6bcb-43a4-9c8c-6f68a34c8363 5.828s
2025-11-20 23:53:00.059 65709 INFO tempest.lib.common.rest_client [req-9304a52e-565e-475a-9b39-743e7f66d3f8 req-9304a52e-565e-475a-9b39-743e7f66d3f8 ] Request (ListServerFiltersTestJSON:test_list_servers_detailed_filter_by_flavor): 200 GET http://10.180.1.21/compute/v2.1/servers/detail?flavor=84 5.776s
2025-11-20 23:53:00.060 65733 INFO tempest.lib.common.rest_client [req-4e4fbcf4-cb41-41a6-8bb8-92df18c45f75 req-4e4fbcf4-cb41-41a6-8bb8-92df18c45f75 ] Request (ServicesAdminNegativeTestJSON:tearDownClass): 204 DELETE http://10.180.1.21/identity/v3/projects/819252cc4b3d497189666bcb071b83de 0.118s
2025-11-20 23:53:00.060 65697 INFO tempest.common.waiters [-] State transition "BUILD/None" ==> "BUILD/spawning" after 21 second wait
2025-11-20 23:53:00.123 65753 INFO tempest.lib.common.rest_client [req-959e41dd-edb2-4d1b-ae68-84771f5f31e0 req-959e41dd-edb2-4d1b-ae68-84771f5f31e0 ] Request (ServerActionsTestJSON:setUpClass): 201 POST http://10.180.1.21/identity/v3/auth/tokens 0.111s
2025-11-20 23:53:00.149 65740 INFO tempest.lib.common.rest_client [req-481308be-4ced-4dc0-9da0-7ba7804a4645 req-481308be-4ced-4dc0-9da0-7ba7804a4645 ] Request (HypervisorAdminV253TestBase:test_list_show_detail_hypervisors): 200 GET http://10.180.1.21/compute/v2.1/os-hypervisors?with_servers=True 5.755s
2025-11-20 23:53:00.150 65733 INFO tempest.lib.common.rest_client [req-92860fc8-9a91-4845-9c95-11f4b7a86b19 req-92860fc8-9a91-4845-9c95-11f4b7a86b19 ] Request (InstanceActionsTestJSON:setUpClass): 201 POST http://10.180.1.21/identity/v3/auth/tokens 0.088s
2025-11-20 23:53:00.186 65731 INFO tempest.lib.common.rest_client [req-1b3ef272-b9bf-4d3b-afe5-8fdde9a114be req-1b3ef272-b9bf-4d3b-afe5-8fdde9a114be ] Request (KeyPairsNegativeTestJSON:test_create_keypair_with_empty_public_key): 400 POST http://10.180.1.21/compute/v2.1/os-keypairs 5.613s
2025-11-20 23:53:00.198 65733 INFO tempest.lib.common.rest_client [req-f910d791-077c-4544-b4f1-9c4824302781 req-f910d791-077c-4544-b4f1-9c4824302781 ] Request (InstanceActionsTestJSON:setUpClass): 201 POST http://10.180.1.21/identity/v3/auth/tokens 0.045s
2025-11-20 23:53:00.235 65733 INFO tempest.lib.common.rest_client [req-d7a1859a-06bc-47c1-b9b2-583a34d26648 req-d7a1859a-06bc-47c1-b9b2-583a34d26648 ] Request (InstanceActionsTestJSON:setUpClass): 200 GET http://10.180.1.21/identity/v3/domains?name=Default 0.036s
2025-11-20 23:53:00.258 65713 INFO tempest.lib.common.rest_client [req-b0fa169c-b944-4a0c-950a-7cb9b024f2c3 req-b0fa169c-b944-4a0c-950a-7cb9b024f2c3 ] Request (InstanceActionsNegativeTestJSON:setUpClass): 200 GET http://10.180.1.21/compute/v2.1/servers/490b60a8-a41e-4f0e-a810-63fb315dd13a 5.889s
2025-11-20 23:53:00.271 65733 INFO tempest.lib.common.rest_client [req-46a38d4a-2f00-4683-85f5-ba5960ec7d04 req-46a38d4a-2f00-4683-85f5-ba5960ec7d04 ] Request (InstanceActionsTestJSON:setUpClass): 201 POST http://10.180.1.21/identity/v3/projects 0.034s
2025-11-20 23:53:00.272 65713 INFO tempest.common.waiters [-] State transition "BUILD/spawning" ==> "ACTIVE/None" after 32 second wait
2025-11-20 23:53:00.337 65725 INFO tempest.lib.common.rest_client [req-d7928c36-62f8-41f4-ae90-7257a913f254 req-d7928c36-62f8-41f4-ae90-7257a913f254 ] Request (ServersWithSpecificFlavorTestJSON:test_verify_created_server_ephemeral_disk): 200 GET http://10.180.1.21/compute/v2.1/servers/49f7111c-a3f5-4e7d-8eda-41ff9f7043e0 5.688s
2025-11-20 23:53:00.350 65733 INFO tempest.lib.common.rest_client [req-2d8afcfa-5697-433d-9e06-1c2703604343 req-2d8afcfa-5697-433d-9e06-1c2703604343 ] Request (InstanceActionsTestJSON:setUpClass): 201 POST http://10.180.1.21/identity/v3/users 0.079s
2025-11-20 23:53:00.354 65729 INFO tempest.lib.common.rest_client [req-28ec1396-6b28-44a3-9cb7-43730391e35e req-28ec1396-6b28-44a3-9cb7-43730391e35e ] Request (AggregatesAdminNegativeTestJSON:test_aggregate_create_with_existent_aggregate_name): 409 POST http://10.180.1.21/compute/v2.1/os-aggregates 5.500s
2025-11-20 23:53:00.374 65741 INFO tempest.lib.common.rest_client [req-34dd3f10-b739-44c4-9f21-a7fbb3afc4f1 req-34dd3f10-b739-44c4-9f21-a7fbb3afc4f1 ] Request (FlavorsAdminTestJSON:test_create_list_flavor_without_extra_data): 200 POST http://10.180.1.21/compute/v2.1/flavors 5.489s
2025-11-20 23:53:00.379 65733 INFO tempest.lib.common.rest_client [req-ddfa77e0-cf34-4afe-b4a4-4ff67ccdffef req-ddfa77e0-cf34-4afe-b4a4-4ff67ccdffef ] Request (InstanceActionsTestJSON:setUpClass): 200 GET http://10.180.1.21/identity/v3/roles 0.028s
2025-11-20 23:53:00.382 65711 INFO tempest.lib.common.rest_client [req-fbdf44aa-38d0-4e9c-9c96-73a4f8194e82 req-fbdf44aa-38d0-4e9c-9c96-73a4f8194e82 ] Request (FlavorsAccessNegativeTestJSON:test_flavor_non_admin_remove): 403 POST http://10.180.1.21/compute/v2.1/flavors/369628558/action 5.314s
2025-11-20 23:53:00.429 65699 INFO tempest.lib.common.rest_client [req-8306356a-102c-474e-9de8-7c88b58e2b41 req-8306356a-102c-474e-9de8-7c88b58e2b41 ] Request (FlavorsV2TestJSON:test_list_flavors_filter_by_min_disk): 200 GET http://10.180.1.21/compute/v2.1/flavors?minDisk=2 5.347s
2025-11-20 23:53:00.433 65733 INFO tempest.lib.common.rest_client [req-abde97b9-9456-47f8-8058-fdf80932db8d req-abde97b9-9456-47f8-8058-fdf80932db8d ] Request (InstanceActionsTestJSON:setUpClass): 204 PUT http://10.180.1.21/identity/v3/projects/c882c20dfc6a4bd2aa0aad5da3102e44/users/662924033fe3491ea60e7fabef4f41db/roles/4b019e04c34844a588e30dd68e89db97 0.053s
2025-11-20 23:53:00.433 65733 INFO tempest.lib.common.dynamic_creds [-] Dynamic test user 662924033fe3491ea60e7fabef4f41db is created with scope project and roles: ['member']
2025-11-20 23:53:00.433 65733 INFO tempest.lib.common.dynamic_creds [-] Acquired dynamic creds: credentials: Credentials: {'domain_id': 'default', 'domain_name': 'Default', 'username': 'tempest-InstanceActionsTestJSON-2011628574-project-member', 'project_domain_id': 'default', 'project_domain_name': 'Default', 'project_id': 'c882c20dfc6a4bd2aa0aad5da3102e44', 'project_name': 'tempest-InstanceActionsTestJSON-2011628574', 'tenant_id': 'c882c20dfc6a4bd2aa0aad5da3102e44', 'tenant_name': 'tempest-InstanceActionsTestJSON-2011628574', 'user_domain_id': 'default', 'user_domain_name': 'Default', 'user_id': '662924033fe3491ea60e7fabef4f41db', 'system': None}, Network: None, Subnet: None, Router: None
2025-11-20 23:53:00.441 65745 INFO tempest.lib.common.rest_client [req-9134943b-53df-40e6-998d-a6632cc942c3 req-9134943b-53df-40e6-998d-a6632cc942c3 ] Request (MigrationsAdminTest:test_list_migrations_in_flavor_resize_situation): 200 GET http://10.180.1.21/compute/v2.1/servers/af65a19b-f353-4b9a-b3bf-3c56d1523742 5.625s
2025-11-20 23:53:00.479 65727 INFO tempest.lib.common.rest_client [req-442187b3-ff44-4ca2-bfab-a86ed07935fb req-442187b3-ff44-4ca2-bfab-a86ed07935fb ] Request (ImagesMetadataTestJSON:test_list_image_metadata): 200 GET http://10.180.1.21/compute/v2.1/images/13f681cd-fe73-4d07-9c93-85d0eeca16b6/metadata 5.227s
2025-11-20 23:53:00.512 65733 INFO tempest.lib.common.rest_client [req-ef018bf8-f4eb-4838-92d0-c1a44e2464a8 req-ef018bf8-f4eb-4838-92d0-c1a44e2464a8 ] Request (InstanceActionsTestJSON:setUpClass): 201 POST http://10.180.1.21/identity/v3/auth/tokens 0.078s
2025-11-20 23:53:00.556 65759 INFO tempest.lib.common.rest_client [req-a3e1f5f7-8d71-4d46-bace-b13dbdbb4868 req-a3e1f5f7-8d71-4d46-bace-b13dbdbb4868 ] Request (ServersListShow296Test:test_list_show_update_rebuild_server_296): 200 GET http://10.180.1.21/compute/v2.1/servers/e2545f89-7dc2-4bde-9449-34f546173fb7 4.981s
2025-11-20 23:53:00.565 65759 INFO tempest.common.waiters [-] State transition "REBUILD/rebuild_spawning" ==> "ACTIVE/None" after 11 second wait
2025-11-20 23:53:00.657 65721 INFO tempest.lib.common.rest_client [req-92282466-aebd-4985-8a9a-75e407877302 req-92282466-aebd-4985-8a9a-75e407877302 ] Request (QuotasAdminTestJSON:test_get_default_quotas): 200 GET http://10.180.1.21/compute/v2.1/os-quota-sets/60aeba3dde28409a95055e6ff3d32ee8/defaults 5.020s
2025-11-20 23:53:00.693 65721 INFO tempest.lib.common.rest_client [req-413d055f-9479-430f-86c2-8bc2667ec6a5 req-413d055f-9479-430f-86c2-8bc2667ec6a5 ] Request (QuotasAdminTestJSON:test_get_updated_quotas): 200 GET http://10.180.1.21/identity/v3/domains?name=Default 0.028s
2025-11-20 23:53:00.762 65707 INFO tempest.lib.common.rest_client [req-82eff593-c3fd-4e9c-a925-2c9c2c52409d req-82eff593-c3fd-4e9c-a925-2c9c2c52409d ] Request (ServerShowV247Test:test_show_server): 202 POST http://10.180.1.21/compute/v2.1/servers 5.655s
2025-11-20 23:53:00.842 65733 INFO tempest.lib.common.rest_client [req-df9156f2-c459-4175-9549-c1584453af4c req-df9156f2-c459-4175-9549-c1584453af4c ] Request (InstanceActionsTestJSON:setUpClass): 201 POST http://10.180.1.21/networking/v2.0/networks 0.329s
2025-11-20 23:53:00.886 65721 INFO tempest.lib.common.rest_client [req-f232a0bf-4261-4264-a455-58c5c354b269 req-f232a0bf-4261-4264-a455-58c5c354b269 ] Request (QuotasAdminTestJSON:test_get_updated_quotas): 201 POST http://10.180.1.21/identity/v3/projects 0.192s
2025-11-20 23:53:00.886 65723 INFO tempest.lib.common.rest_client [req-a94b8831-bd83-45ee-abf7-960d9154efa2 req-a94b8831-bd83-45ee-abf7-960d9154efa2 ] Request (ServersTestJSON:setUpClass): 200 GET http://10.180.1.21/compute/v2.1/servers/210b0738-6362-4b35-bff9-a6dd373b1b91 4.608s
2025-11-20 23:53:00.929 65717 INFO tempest.lib.common.rest_client [req-994b8135-6861-482f-ac3a-c0763c994fb2 req-994b8135-6861-482f-ac3a-c0763c994fb2 ] Request (QuotasAdminNegativeTest:test_create_server_when_instances_quota_is_full): 403 POST http://10.180.1.21/compute/v2.1/servers 4.924s
2025-11-20 23:53:00.971 65751 INFO tempest.lib.common.rest_client [req-af91dadc-bd80-4425-889e-f962233f83a5 req-af91dadc-bd80-4425-889e-f962233f83a5 ] Request (ServerGroup264TestJSON:_run_cleanups): 204 DELETE http://10.180.1.21/compute/v2.1/os-server-groups/d4315d83-8839-41ac-9572-460ee24c220d 4.116s
2025-11-20 23:53:00.986 65721 INFO tempest.lib.common.rest_client [req-c8fd27bb-87d4-4395-aa27-9336456e83bd req-c8fd27bb-87d4-4395-aa27-9336456e83bd ] Request (QuotasAdminTestJSON:test_get_updated_quotas): 200 GET http://10.180.1.21/identity/v3/domains?name=Default 0.099s
2025-11-20 23:53:01.080 65733 INFO tempest.lib.common.rest_client [req-615eebac-7abe-4b9c-974c-e861a027b41f req-615eebac-7abe-4b9c-974c-e861a027b41f ] Request (InstanceActionsTestJSON:setUpClass): 201 POST http://10.180.1.21/networking/v2.0/subnets 0.237s
2025-11-20 23:53:01.304 65703 INFO tempest.lib.common.rest_client [req-979d4c8a-19bc-473a-960e-c1bee31aa235 req-979d4c8a-19bc-473a-960e-c1bee31aa235 ] Request (ListImageFiltersTestJSON:setUpClass): 202 POST http://10.180.1.21/compute/v2.1/servers 4.166s
2025-11-20 23:53:01.435 65749 INFO tempest.lib.common.rest_client [req-570922d6-92d4-40fd-a953-bfaf42ba9463 req-570922d6-92d4-40fd-a953-bfaf42ba9463 ] Request (ServersAdminNegativeTestJSON:setUpClass): 202 POST http://10.180.1.21/compute/v2.1/servers 4.545s
2025-11-20 23:53:01.438 65703 INFO tempest.lib.common.rest_client [req-63d2b59f-b3cc-4179-a8e3-dc4f82c0f4d8 req-63d2b59f-b3cc-4179-a8e3-dc4f82c0f4d8 ] Request (ListImageFiltersTestJSON:setUpClass): 201 POST http://10.180.1.21/identity/v3/auth/tokens 0.126s
2025-11-20 23:53:01.438 65703 INFO tempest.lib.common.fixed_network [-] (ListImageFiltersTestJSON:setUpClass) Found network None available for tenant
2025-11-20 23:53:01.571 65737 INFO tempest.lib.common.rest_client [req-640165db-a8b2-4b6f-9cfc-113213f0098f req-640165db-a8b2-4b6f-9cfc-113213f0098f ] Request (ServersV294TestFqdnHostnames:setUpClass): 201 POST http://10.180.1.21/compute/v2.1/os-keypairs 4.078s
2025-11-20 23:53:01.613 65701 INFO tempest.lib.common.rest_client [req-fce0d094-83ca-48c9-9ce1-e8599de4a05f req-fce0d094-83ca-48c9-9ce1-e8599de4a05f ] Request (ImagesNegativeTestJSON:test_create_image_from_deleted_server): 404 GET http://10.180.1.21/compute/v2.1/servers/b58e2a9a-60fb-437a-bc10-ce0da7163267 3.670s
2025-11-20 23:53:01.728 65715 INFO tempest.lib.common.rest_client [req-9775df3b-facc-4ca0-aa0b-9f85e0da7a42 req-9775df3b-facc-4ca0-aa0b-9f85e0da7a42 ] Request (DeleteServersTestJSON:test_delete_active_server): 204 DELETE http://10.180.1.21/compute/v2.1/servers/2be1145c-0587-422a-bc6d-05afe53128d7 3.410s
2025-11-20 23:53:01.840 65737 INFO tempest.lib.common.rest_client [req-c014d63a-b5b4-4855-866e-707d91f7051a req-c014d63a-b5b4-4855-866e-707d91f7051a ] Request (ServersV294TestFqdnHostnames:setUpClass): 201 POST http://10.180.1.21/networking/v2.0/security-groups 0.267s
2025-11-20 23:53:01.995 65733 INFO tempest.lib.common.rest_client [req-b578bad9-c7ef-42fa-8a52-ec603c83cbf1 req-b578bad9-c7ef-42fa-8a52-ec603c83cbf1 ] Request (InstanceActionsTestJSON:setUpClass): 201 POST http://10.180.1.21/networking/v2.0/routers 0.915s
2025-11-20 23:53:02.107 65737 INFO tempest.lib.common.rest_client [req-eec1466f-2bc6-4310-b174-5784a1cd7d59 req-eec1466f-2bc6-4310-b174-5784a1cd7d59 ] Request (ServersV294TestFqdnHostnames:setUpClass): 201 POST http://10.180.1.21/networking/v2.0/security-group-rules 0.266s
2025-11-20 23:53:02.151 65719 INFO tempest.lib.common.rest_client [req-2e95b76b-dd01-47fe-a7a0-a32b733f3662 req-2e95b76b-dd01-47fe-a7a0-a32b733f3662 ] Request (SecurityGroupsTestJSON:test_list_security_groups_by_server): 200 GET http://10.180.1.21/compute/v2.1/servers/56803b15-99f9-4958-b381-1088ff86cdbe 2.813s
2025-11-20 23:53:02.161 65719 INFO tempest.common.waiters [-] State transition "BUILD/spawning" ==> "ACTIVE/None" after 31 second wait
2025-11-20 23:53:02.291 65737 INFO tempest.lib.common.rest_client [req-a31952e1-0c35-452f-970c-39f3e297a007 req-a31952e1-0c35-452f-970c-39f3e297a007 ] Request (ServersV294TestFqdnHostnames:setUpClass): 201 POST http://10.180.1.21/networking/v2.0/security-group-rules 0.183s
2025-11-20 23:53:02.461 65705 INFO tempest.lib.common.rest_client [req-0654f15f-57f7-42a0-87d5-ac2ecf29c66c req-0654f15f-57f7-42a0-87d5-ac2ecf29c66c ] Request (ServerExternalEventsTest:test_create_server_external_events): 202 POST http://10.180.1.21/compute/v2.1/servers 4.905s
2025-11-20 23:53:02.475 65747 WARNING tempest.lib.common.ssh [-] Failed to establish authenticated ssh connection to cirros@10.180.180.164 ([Errno None] Unable to connect to port 22 on 10.180.180.164). Number attempts: 2. Retry after 3 seconds.: paramiko.ssh_exception.NoValidConnectionsError: [Errno None] Unable to connect to port 22 on 10.180.180.164
2025-11-20 23:53:02.640 65753 INFO tempest.lib.common.rest_client [req-df1e6c30-3430-4a4d-a6bb-8c899ad48398 req-df1e6c30-3430-4a4d-a6bb-8c899ad48398 ] Request (ServerActionsTestJSON:setUpClass): 200 POST http://10.180.1.21/compute/v2.1/os-keypairs 2.515s
2025-11-20 23:53:02.925 65737 INFO tempest.lib.common.rest_client [req-7d7526a9-e95c-4494-8e0c-b9d1770ad6c3 req-7d7526a9-e95c-4494-8e0c-b9d1770ad6c3 ] Request (ServersV294TestFqdnHostnames:setUpClass): 201 POST http://10.180.1.21/networking/v2.0/floatingips 0.634s
2025-11-20 23:53:02.964 65737 INFO tempest.lib.common.rest_client [req-e07edbc2-cd0f-4f26-aeb6-28d2a8c7f029 req-e07edbc2-cd0f-4f26-aeb6-28d2a8c7f029 ] Request (ServersV294TestFqdnHostnames:setUpClass): 201 POST http://10.180.1.21/identity/v3/auth/tokens 0.035s
2025-11-20 23:53:02.965 65737 INFO tempest.lib.common.fixed_network [-] (ServersV294TestFqdnHostnames:setUpClass) Found network {'id': '1b174b17-524d-48d0-a69d-8f27183e869d', 'name': 'tempest-ServersV294TestFqdnHostnames-1967662143-network', 'tenant_id': '0b7fb6337b204405809f89f17a448f63', 'project_id': '0b7fb6337b204405809f89f17a448f63', 'admin_state_up': True, 'mtu': 8950, 'status': 'ACTIVE', 'subnets': [], 'shared': False, 'port_security_enabled': True, 'router:external': False, 'provider:network_type': 'vlan', 'provider:physical_network': 'default', 'provider:segmentation_id': 617, 'availability_zone_hints': [], 'availability_zones': [], 'ipv4_address_scope': None, 'ipv6_address_scope': None, 'description': '', 'tags': [], 'created_at': '2025-11-20T23:52:54Z', 'updated_at': '2025-11-20T23:52:54Z', 'revision_number': 1} available for tenant
2025-11-20 23:53:02.999 65709 INFO tempest.lib.common.rest_client [req-e66bfd7b-efb0-4c32-bd82-c11ca7dc6957 req-e66bfd7b-efb0-4c32-bd82-c11ca7dc6957 ] Request (ListServerFiltersTestJSON:test_list_servers_detailed_filter_by_server_name): 200 GET http://10.180.1.21/compute/v2.1/servers/detail?name=tempest-ListServerFiltersTestJSON-instance-581431677 2.931s
2025-11-20 23:53:03.030 65740 INFO tempest.lib.common.rest_client [req-c6dc9f03-a3ff-48c3-aae0-11a674a19e3a req-c6dc9f03-a3ff-48c3-aae0-11a674a19e3a ] Request (HypervisorAdminV253TestBase:test_list_show_detail_hypervisors): 200 GET http://10.180.1.21/compute/v2.1/os-hypervisors/47f9a939-447b-4cda-8aef-33f0599cc2e9 2.878s
2025-11-20 23:53:03.037 65731 INFO tempest.lib.common.rest_client [req-093d3c60-6b3b-4446-b323-abe00c75ace0 req-093d3c60-6b3b-4446-b323-abe00c75ace0 ] Request (KeyPairsNegativeTestJSON:test_create_keypair_with_long_keynames): 400 POST http://10.180.1.21/compute/v2.1/os-keypairs 2.848s
2025-11-20 23:53:03.088 65713 INFO tempest.lib.common.rest_client [req-17b10689-df4f-44d8-bd67-92f0e8deb558 req-17b10689-df4f-44d8-bd67-92f0e8deb558 ] Request (InstanceActionsNegativeTestJSON:test_get_instance_action_invalid_request): 404 GET http://10.180.1.21/compute/v2.1/servers/490b60a8-a41e-4f0e-a810-63fb315dd13a/os-instance-actions/999 2.814s
2025-11-20 23:53:03.112 65729 INFO tempest.lib.common.rest_client [req-ca918360-a2e8-4506-856e-cf8a92605a5f req-ca918360-a2e8-4506-856e-cf8a92605a5f ] Request (AggregatesAdminNegativeTestJSON:_run_cleanups): 200 DELETE http://10.180.1.21/compute/v2.1/os-aggregates/4 2.757s
2025-11-20 23:53:03.129 65741 INFO tempest.lib.common.rest_client [req-097eb124-622c-41a7-af3b-a0fe944a3066 req-097eb124-622c-41a7-af3b-a0fe944a3066 ] Request (FlavorsAdminTestJSON:test_create_list_flavor_without_extra_data): 200 GET http://10.180.1.21/compute/v2.1/flavors/1928487691 2.752s
2025-11-20 23:53:03.186 65753 INFO tempest.lib.common.rest_client [req-6cfd0c4e-f6b1-4215-8cdd-91ce52adbb39 req-6cfd0c4e-f6b1-4215-8cdd-91ce52adbb39 ] Request (ServerActionsTestJSON:setUpClass): 201 POST http://10.180.1.21/networking/v2.0/security-groups 0.543s
2025-11-20 23:53:03.220 65757 INFO tempest.lib.common.rest_client [req-0fc324b7-1413-49aa-ac68-bbc30e5852e7 req-0fc324b7-1413-49aa-ac68-bbc30e5852e7 ] Request (DeleteServersAdminTestJSON:test_admin_delete_servers_of_others): 200 GET http://10.180.1.21/compute/v2.1/servers/13472fa3-d93a-4a7b-8110-69f9c0568930 3.090s
2025-11-20 23:53:03.232 65757 INFO tempest.common.waiters [-] State transition "ACTIVE/deleting" ==> "DELETED/None" after 4 second wait
2025-11-20 23:53:03.247 65699 INFO tempest.lib.common.rest_client [req-b312d666-4183-47c1-a5b6-f8c5b33e7447 req-b312d666-4183-47c1-a5b6-f8c5b33e7447 ] Request (FlavorsV2TestJSON:test_list_flavors_filter_by_min_ram): 200 GET http://10.180.1.21/compute/v2.1/flavors/42 2.812s
2025-11-20 23:53:03.270 65740 INFO tempest.lib.common.rest_client [req-eafdfc40-9ccf-45c8-b171-188a8b5819e8 req-eafdfc40-9ccf-45c8-b171-188a8b5819e8 ] Request (HypervisorAdminV253TestBase:tearDownClass): 204 DELETE http://10.180.1.21/identity/v3/users/39549083ef104e06a76b7e3f6ce32d73 0.228s
2025-11-20 23:53:03.274 65733 INFO tempest.lib.common.rest_client [req-0c45c0ec-ce86-4347-ae94-e51f59fc4354 req-0c45c0ec-ce86-4347-ae94-e51f59fc4354 ] Request (InstanceActionsTestJSON:setUpClass): 200 PUT http://10.180.1.21/networking/v2.0/routers/e4c6c970-054e-457f-9187-7118f9d8682b/add_router_interface 1.278s
2025-11-20 23:53:03.274 65733 INFO tempest.lib.common.dynamic_creds [-] Created isolated network resources for: credentials: Credentials: {'domain_id': 'default', 'domain_name': 'Default', 'username': 'tempest-InstanceActionsTestJSON-2011628574-project-member', 'project_domain_id': 'default', 'project_domain_name': 'Default', 'project_id': 'c882c20dfc6a4bd2aa0aad5da3102e44', 'project_name': 'tempest-InstanceActionsTestJSON-2011628574', 'tenant_id': 'c882c20dfc6a4bd2aa0aad5da3102e44', 'tenant_name': 'tempest-InstanceActionsTestJSON-2011628574', 'user_domain_id': 'default', 'user_domain_name': 'Default', 'user_id': '662924033fe3491ea60e7fabef4f41db', 'system': None}, Network: {'id': '6a884f1d-0c08-47ba-8460-7b29a185fc18', 'name': 'tempest-InstanceActionsTestJSON-1076160274-network', 'tenant_id': 'c882c20dfc6a4bd2aa0aad5da3102e44', 'project_id': 'c882c20dfc6a4bd2aa0aad5da3102e44', 'admin_state_up': True, 'mtu': 8950, 'status': 'ACTIVE', 'subnets': [], 'shared': False, 'port_security_enabled': True, 'router:external': False, 'provider:network_type': 'vlan', 'provider:physical_network': 'default', 'provider:segmentation_id': 238, 'availability_zone_hints': [], 'availability_zones': [], 'ipv4_address_scope': None, 'ipv6_address_scope': None, 'description': '', 'tags': [], 'created_at': '2025-11-20T23:53:00Z', 'updated_at': '2025-11-20T23:53:00Z', 'revision_number': 1}, Subnet: {'id': 'cda7b9c1-2f7b-4793-af0b-c32c4547632b', 'name': 'tempest-InstanceActionsTestJSON-1076160274-subnet', 'tenant_id': 'c882c20dfc6a4bd2aa0aad5da3102e44', 'network_id': '6a884f1d-0c08-47ba-8460-7b29a185fc18', 'ip_version': 4, 'subnetpool_id': None, 'enable_dhcp': True, 'ipv6_ra_mode': None, 'ipv6_address_mode': None, 'gateway_ip': '192.168.128.1', 'cidr': '192.168.128.0/28', 'allocation_pools': [{'start': '192.168.128.2', 'end': '192.168.128.14'}], 'host_routes': [], 'dns_nameservers': [], 'description': '', 'router:external': False, 'service_types': [], 'tags': [], 'created_at': '2025-11-20T23:53:00Z', 'updated_at': '2025-11-20T23:53:00Z', 'revision_number': 0, 'project_id': 'c882c20dfc6a4bd2aa0aad5da3102e44'}, Router: {'id': 'e4c6c970-054e-457f-9187-7118f9d8682b', 'name': 'tempest-InstanceActionsTestJSON-1076160274-router', 'tenant_id': 'c882c20dfc6a4bd2aa0aad5da3102e44', 'admin_state_up': True, 'status': 'ACTIVE', 'external_gateway_info': {'network_id': 'a06b03b3-d848-4d43-bd37-fbe55ebb7fd2', 'external_fixed_ips': [{'subnet_id': '1399d778-726c-40ef-9f9d-49e4370ff46e', 'ip_address': '10.180.180.174'}], 'enable_snat': True}, 'description': '', 'availability_zones': [], 'distributed': False, 'ha': False, 'availability_zone_hints': [], 'routes': [], 'flavor_id': None, 'tags': [], 'created_at': '2025-11-20T23:53:01Z', 'updated_at': '2025-11-20T23:53:01Z', 'revision_number': 2, 'project_id': 'c882c20dfc6a4bd2aa0aad5da3102e44'}
2025-11-20 23:53:03.379 65711 INFO tempest.lib.common.rest_client [req-58f25513-c638-444b-a557-a91b96d53235 req-58f25513-c638-444b-a557-a91b96d53235 ] Request (FlavorsAccessNegativeTestJSON:_run_cleanups): 200 POST http://10.180.1.21/compute/v2.1/flavors/369628558/action 2.996s
2025-11-20 23:53:03.414 65753 INFO tempest.lib.common.rest_client [req-fdceb35f-9858-46a8-b012-9d9184e0fbe7 req-fdceb35f-9858-46a8-b012-9d9184e0fbe7 ] Request (ServerActionsTestJSON:setUpClass): 201 POST http://10.180.1.21/networking/v2.0/security-group-rules 0.228s
2025-11-20 23:53:03.459 65733 INFO tempest.lib.common.rest_client [req-49e1afc3-5cb8-44e3-9e9c-52272ee95a29 req-49e1afc3-5cb8-44e3-9e9c-52272ee95a29 ] Request (InstanceActionsTestJSON:setUpClass): 201 POST http://10.180.1.21/identity/v3/auth/tokens 0.182s
2025-11-20 23:53:03.461 65740 INFO tempest.lib.common.rest_client [req-0ec41325-6ac5-4d74-a73f-d122eb73cd82 req-0ec41325-6ac5-4d74-a73f-d122eb73cd82 ] Request (HypervisorAdminV253TestBase:tearDownClass): 204 DELETE http://10.180.1.21/identity/v3/users/66254f9faca24b3cb0f348c4884d9978 0.190s
2025-11-20 23:53:03.461 65740 INFO tempest.lib.common.dynamic_creds [-] Deleting project and security group for project: 009771b0893f4f99bedb8e5135d6bf30
2025-11-20 23:53:03.473 65727 INFO tempest.lib.common.rest_client [req-2da951ed-01fc-40ab-a384-20e477975bda req-2da951ed-01fc-40ab-a384-20e477975bda ] Request (ImagesMetadataTestJSON:setUp): 200 PUT http://10.180.1.21/compute/v2.1/images/13f681cd-fe73-4d07-9c93-85d0eeca16b6/metadata 2.992s
2025-11-20 23:53:03.540 65759 INFO tempest.lib.common.rest_client [req-bf8f82bc-9f4a-4806-8c92-a45f501527b9 req-bf8f82bc-9f4a-4806-8c92-a45f501527b9 ] Request (ServersListShow296Test:tearDownClass): 204 DELETE http://10.180.1.21/compute/v2.1/servers/e2545f89-7dc2-4bde-9449-34f546173fb7 2.973s
2025-11-20 23:53:03.556 65733 INFO tempest.lib.common.rest_client [req-66a19e05-f61d-4165-b608-952e9f141cd2 req-66a19e05-f61d-4165-b608-952e9f141cd2 ] Request (InstanceActionsTestJSON:setUpClass): 201 POST http://10.180.1.21/identity/v3/auth/tokens 0.091s
2025-11-20 23:53:03.556 65733 INFO tempest.lib.common.fixed_network [-] (InstanceActionsTestJSON:setUpClass) Found network {'id': '6a884f1d-0c08-47ba-8460-7b29a185fc18', 'name': 'tempest-InstanceActionsTestJSON-1076160274-network', 'tenant_id': 'c882c20dfc6a4bd2aa0aad5da3102e44', 'project_id': 'c882c20dfc6a4bd2aa0aad5da3102e44', 'admin_state_up': True, 'mtu': 8950, 'status': 'ACTIVE', 'subnets': [], 'shared': False, 'port_security_enabled': True, 'router:external': False, 'provider:network_type': 'vlan', 'provider:physical_network': 'default', 'provider:segmentation_id': 238, 'availability_zone_hints': [], 'availability_zones': [], 'ipv4_address_scope': None, 'ipv6_address_scope': None, 'description': '', 'tags': [], 'created_at': '2025-11-20T23:53:00Z', 'updated_at': '2025-11-20T23:53:00Z', 'revision_number': 1} available for tenant
2025-11-20 23:53:03.564 65740 INFO tempest.lib.common.rest_client [req-2a091f9b-2f6f-4b7f-945b-e0a428f44896 req-2a091f9b-2f6f-4b7f-945b-e0a428f44896 ] Request (HypervisorAdminV253TestBase:tearDownClass): 201 POST http://10.180.1.21/identity/v3/auth/tokens 0.102s
2025-11-20 23:53:03.613 65753 INFO tempest.lib.common.rest_client [req-5e65d711-37bd-455d-b575-ca97b953ac97 req-5e65d711-37bd-455d-b575-ca97b953ac97 ] Request (ServerActionsTestJSON:setUpClass): 201 POST http://10.180.1.21/networking/v2.0/security-group-rules 0.198s
2025-11-20 23:53:03.765 65717 INFO tempest.lib.common.rest_client [req-d8fe5525-ca44-4ee7-bd9c-637e4e8d661a req-d8fe5525-ca44-4ee7-bd9c-637e4e8d661a ] Request (QuotasAdminNegativeTest:_run_cleanups): 200 PUT http://10.180.1.21/compute/v2.1/os-quota-sets/aab506ec8e8e4938976cd354e181ef69 2.835s
2025-11-20 23:53:03.772 65751 INFO tempest.lib.common.rest_client [req-a4683d06-d59a-4674-b991-cba1e7024239 req-a4683d06-d59a-4674-b991-cba1e7024239 ] Request (ServerGroup264TestJSON:tearDownClass): 404 DELETE http://10.180.1.21/compute/v2.1/os-server-groups/d4315d83-8839-41ac-9572-460ee24c220d 2.794s
2025-11-20 23:53:03.847 65740 INFO tempest.lib.common.rest_client [req-5db812ab-5754-4a33-a738-c6f7b24dddc8 req-5db812ab-5754-4a33-a738-c6f7b24dddc8 ] Request (HypervisorAdminV253TestBase:tearDownClass): 200 GET http://10.180.1.21/networking/v2.0/security-groups?tenant_id=009771b0893f4f99bedb8e5135d6bf30&name=default 0.282s
2025-11-20 23:53:03.873 65707 INFO tempest.lib.common.rest_client [req-78aa4718-2191-4b86-a733-15000c399a07 req-78aa4718-2191-4b86-a733-15000c399a07 ] Request (ServerShowV247Test:test_show_server): 200 GET http://10.180.1.21/compute/v2.1/servers/cc1c4961-75df-4bdd-8dbb-f72ea9bdbc7b 3.109s
2025-11-20 23:53:03.935 65721 INFO tempest.lib.common.rest_client [req-c2561c3d-ca81-4d31-8864-98388c264169 req-c2561c3d-ca81-4d31-8864-98388c264169 ] Request (QuotasAdminTestJSON:test_get_updated_quotas): 200 PUT http://10.180.1.21/compute/v2.1/os-quota-sets/5a5b1f125d274406a7e59c64687e75b9 2.949s
2025-11-20 23:53:03.981 65707 INFO tempest.lib.common.rest_client [req-d86f01f0-2b75-4502-bf86-513c65064a07 req-d86f01f0-2b75-4502-bf86-513c65064a07 ] Request (ServerShowV247Test:test_update_rebuild_list_server): 201 POST http://10.180.1.21/identity/v3/auth/tokens 0.084s
2025-11-20 23:53:03.982 65707 INFO tempest.lib.common.fixed_network [-] (ServerShowV247Test:test_update_rebuild_list_server) Found network None available for tenant
2025-11-20 23:53:04.102 65753 INFO tempest.lib.common.rest_client [req-ee0fe75a-4066-478d-9f09-87c637730758 req-ee0fe75a-4066-478d-9f09-87c637730758 ] Request (ServerActionsTestJSON:setUpClass): 201 POST http://10.180.1.21/networking/v2.0/floatingips 0.489s
2025-11-20 23:53:04.179 65753 INFO tempest.lib.common.rest_client [req-2ad073b8-eb8f-488e-a208-7bcc51a19853 req-2ad073b8-eb8f-488e-a208-7bcc51a19853 ] Request (ServerActionsTestJSON:setUpClass): 201 POST http://10.180.1.21/identity/v3/auth/tokens 0.072s
2025-11-20 23:53:04.180 65753 INFO tempest.lib.common.fixed_network [-] (ServerActionsTestJSON:setUpClass) Found network {'id': '97002d2c-10c0-4a47-bd20-352b43bcd3f4', 'name': 'tempest-ServerActionsTestJSON-1737490355-network', 'tenant_id': 'c2f39323db534da9902057ee12169704', 'project_id': 'c2f39323db534da9902057ee12169704', 'admin_state_up': True, 'mtu': 8950, 'status': 'ACTIVE', 'subnets': [], 'shared': False, 'port_security_enabled': True, 'router:external': False, 'provider:network_type': 'vlan', 'provider:physical_network': 'default', 'provider:segmentation_id': 891, 'availability_zone_hints': [], 'availability_zones': [], 'ipv4_address_scope': None, 'ipv6_address_scope': None, 'description': '', 'tags': [], 'created_at': '2025-11-20T23:52:57Z', 'updated_at': '2025-11-20T23:52:57Z', 'revision_number': 1} available for tenant
2025-11-20 23:53:04.201 65740 INFO tempest.lib.common.rest_client [req-711c0246-2304-4add-b65a-38180954a1e0 req-711c0246-2304-4add-b65a-38180954a1e0 ] Request (HypervisorAdminV253TestBase:tearDownClass): 204 DELETE http://10.180.1.21/networking/v2.0/security-groups/ffb4ae7c-f3b3-4880-a0a8-86402744fa1d 0.354s
2025-11-20 23:53:04.300 65740 INFO tempest.lib.common.rest_client [req-c5b7d8c0-ba1b-45cf-9665-aa8c2fbb01bb req-c5b7d8c0-ba1b-45cf-9665-aa8c2fbb01bb ] Request (HypervisorAdminV253TestBase:tearDownClass): 204 DELETE http://10.180.1.21/identity/v3/projects/009771b0893f4f99bedb8e5135d6bf30 0.099s
2025-11-20 23:53:04.301 65740 INFO tempest.lib.common.dynamic_creds [-] Deleting project and security group for project: 43c0db9ffd6445caa8650704e4a5dbc3
2025-11-20 23:53:04.435 65697 INFO tempest.lib.common.rest_client [req-991681db-52c7-4812-ab57-23119e5d9be4 req-991681db-52c7-4812-ab57-23119e5d9be4 ] Request (ImagesTestJSON:test_create_image_from_stopped_server): 200 GET http://10.180.1.21/compute/v2.1/servers/9aa7d7a9-6bcb-43a4-9c8c-6f68a34c8363 3.373s
2025-11-20 23:53:04.536 65740 INFO tempest.lib.common.rest_client [req-7631f96e-86ea-4da1-ac09-6e0b897f07d4 req-7631f96e-86ea-4da1-ac09-6e0b897f07d4 ] Request (HypervisorAdminV253TestBase:tearDownClass): 200 GET http://10.180.1.21/networking/v2.0/security-groups?tenant_id=43c0db9ffd6445caa8650704e4a5dbc3&name=default 0.235s
2025-11-20 23:53:04.672 65751 INFO tempest.lib.common.rest_client [req-cd2b94ff-a673-47e9-8ffa-23ecdedab13c req-cd2b94ff-a673-47e9-8ffa-23ecdedab13c ] Request (ServerGroup264TestJSON:tearDownClass): 200 PUT http://10.180.1.21/networking/v2.0/routers/0e8821df-1ca3-4612-9ea6-9314ce9b2f1b/remove_router_interface 0.899s
2025-11-20 23:53:04.712 65725 INFO tempest.lib.common.rest_client [req-e4be9860-bd01-4145-ab6b-0dacfec645e2 req-e4be9860-bd01-4145-ab6b-0dacfec645e2 ] Request (ServersWithSpecificFlavorTestJSON:test_verify_created_server_ephemeral_disk): 200 GET http://10.180.1.21/compute/v2.1/servers/49f7111c-a3f5-4e7d-8eda-41ff9f7043e0 3.365s
2025-11-20 23:53:04.725 65725 INFO tempest.common.waiters [-] State transition "BUILD/spawning" ==> "ACTIVE/None" after 27 second wait
2025-11-20 23:53:04.759 65749 INFO tempest.lib.common.rest_client [req-d60861e7-5f92-4618-9fd6-44af063ec80f req-d60861e7-5f92-4618-9fd6-44af063ec80f ] Request (ServersAdminNegativeTestJSON:setUpClass): 200 GET http://10.180.1.21/compute/v2.1/servers/2b54e107-ae64-416f-a524-047944e44036 3.322s
2025-11-20 23:53:04.840 65740 INFO tempest.lib.common.rest_client [req-64fbd612-98e3-4dd1-b267-e57971e51bb2 req-64fbd612-98e3-4dd1-b267-e57971e51bb2 ] Request (HypervisorAdminV253TestBase:tearDownClass): 204 DELETE http://10.180.1.21/networking/v2.0/security-groups/4045f5ea-6292-4e1b-ba24-9482a775871a 0.303s
2025-11-20 23:53:04.932 65755 WARNING tempest.lib.common.ssh [-] Failed to establish authenticated ssh connection to cirros@10.180.180.254 ([Errno None] Unable to connect to port 22 on 10.180.180.254). Number attempts: 1. Retry after 2 seconds.: paramiko.ssh_exception.NoValidConnectionsError: [Errno None] Unable to connect to port 22 on 10.180.180.254
2025-11-20 23:53:04.987 65740 INFO tempest.lib.common.rest_client [req-a769c32e-1310-400c-88de-7a9ee038d135 req-a769c32e-1310-400c-88de-7a9ee038d135 ] Request (HypervisorAdminV253TestBase:tearDownClass): 204 DELETE http://10.180.1.21/identity/v3/projects/43c0db9ffd6445caa8650704e4a5dbc3 0.146s
2025-11-20 23:53:05.052 65740 INFO tempest.lib.common.rest_client [req-3dfe0a10-b854-4f8e-98bc-4eb930b95027 req-3dfe0a10-b854-4f8e-98bc-4eb930b95027 ] Request (ServersAdminTestJSON:setUpClass): 201 POST http://10.180.1.21/identity/v3/auth/tokens 0.064s
2025-11-20 23:53:05.061 65745 INFO tempest.lib.common.rest_client [req-d6fc07f7-3ece-4276-b1d5-1fe4bbf13dd8 req-d6fc07f7-3ece-4276-b1d5-1fe4bbf13dd8 ] Request (MigrationsAdminTest:test_list_migrations_in_flavor_resize_situation): 200 GET http://10.180.1.21/compute/v2.1/servers/af65a19b-f353-4b9a-b3bf-3c56d1523742 3.611s
2025-11-20 23:53:05.078 65701 INFO tempest.lib.common.rest_client [req-1536323c-cd3a-4748-bb05-174177d914a3 req-1536323c-cd3a-4748-bb05-174177d914a3 ] Request (ImagesNegativeTestJSON:test_create_image_from_deleted_server): 404 POST http://10.180.1.21/compute/v2.1/servers/b58e2a9a-60fb-437a-bc10-ce0da7163267/action 3.464s
2025-11-20 23:53:05.088 65740 INFO tempest.lib.common.rest_client [req-e68d979f-ad96-4dd5-870a-ef9e8b93860a req-e68d979f-ad96-4dd5-870a-ef9e8b93860a ] Request (ServersAdminTestJSON:setUpClass): 201 POST http://10.180.1.21/identity/v3/auth/tokens 0.032s
2025-11-20 23:53:05.119 65740 INFO tempest.lib.common.rest_client [req-c37a0309-1a07-4a59-8bee-b954d31a7fa9 req-c37a0309-1a07-4a59-8bee-b954d31a7fa9 ] Request (ServersAdminTestJSON:setUpClass): 200 GET http://10.180.1.21/identity/v3/domains?name=Default 0.031s
2025-11-20 23:53:05.156 65740 INFO tempest.lib.common.rest_client [req-5939a9ea-5e21-4e8a-8a95-bf55f224b09e req-5939a9ea-5e21-4e8a-8a95-bf55f224b09e ] Request (ServersAdminTestJSON:setUpClass): 201 POST http://10.180.1.21/identity/v3/projects 0.036s
2025-11-20 23:53:05.166 65751 INFO tempest.lib.common.rest_client [req-12f6e6e8-9fc3-4140-a9f9-6151a51b408a req-12f6e6e8-9fc3-4140-a9f9-6151a51b408a ] Request (ServerGroup264TestJSON:tearDownClass): 204 DELETE http://10.180.1.21/networking/v2.0/routers/0e8821df-1ca3-4612-9ea6-9314ce9b2f1b 0.493s
2025-11-20 23:53:05.238 65715 INFO tempest.lib.common.rest_client [req-7e93fbf1-57f8-4982-bf54-b07d5f08cf66 req-7e93fbf1-57f8-4982-bf54-b07d5f08cf66 ] Request (DeleteServersTestJSON:test_delete_active_server): 200 GET http://10.180.1.21/compute/v2.1/servers/2be1145c-0587-422a-bc6d-05afe53128d7 3.509s
2025-11-20 23:53:05.250 65740 INFO tempest.lib.common.rest_client [req-f7bce58e-2148-4369-99f5-caf1f4262e0c req-f7bce58e-2148-4369-99f5-caf1f4262e0c ] Request (ServersAdminTestJSON:setUpClass): 201 POST http://10.180.1.21/identity/v3/users 0.093s
2025-11-20 23:53:05.280 65740 INFO tempest.lib.common.rest_client [req-71f2638d-32f9-4626-9d4d-22f0979b29dc req-71f2638d-32f9-4626-9d4d-22f0979b29dc ] Request (ServersAdminTestJSON:setUpClass): 200 GET http://10.180.1.21/identity/v3/roles 0.030s
2025-11-20 23:53:05.316 65740 INFO tempest.lib.common.rest_client [req-1f7b016e-7294-46d3-83cd-3136a0ec62be req-1f7b016e-7294-46d3-83cd-3136a0ec62be ] Request (ServersAdminTestJSON:setUpClass): 204 PUT http://10.180.1.21/identity/v3/projects/416f5a72762e47b495792e5bbd4c121a/users/5fb0c740105a49a79c7195ce54ff030d/roles/4b019e04c34844a588e30dd68e89db97 0.034s
2025-11-20 23:53:05.316 65740 INFO tempest.lib.common.dynamic_creds [-] Dynamic test user 5fb0c740105a49a79c7195ce54ff030d is created with scope project and roles: ['member']
2025-11-20 23:53:05.316 65740 INFO tempest.lib.common.dynamic_creds [-] Acquired dynamic creds: credentials: Credentials: {'domain_id': 'default', 'domain_name': 'Default', 'username': 'tempest-ServersAdminTestJSON-1637607911-project-member', 'project_domain_id': 'default', 'project_domain_name': 'Default', 'project_id': '416f5a72762e47b495792e5bbd4c121a', 'project_name': 'tempest-ServersAdminTestJSON-1637607911', 'tenant_id': '416f5a72762e47b495792e5bbd4c121a', 'tenant_name': 'tempest-ServersAdminTestJSON-1637607911', 'user_domain_id': 'default', 'user_domain_name': 'Default', 'user_id': '5fb0c740105a49a79c7195ce54ff030d', 'system': None}, Network: None, Subnet: None, Router: None
2025-11-20 23:53:05.323 65703 INFO tempest.lib.common.rest_client [req-7441f3b6-d8b0-47d4-8fb4-12f4a0991804 req-7441f3b6-d8b0-47d4-8fb4-12f4a0991804 ] Request (ListImageFiltersTestJSON:setUpClass): 202 POST http://10.180.1.21/compute/v2.1/servers 3.884s
2025-11-20 23:53:05.373 65751 INFO tempest.lib.common.rest_client [req-b547e479-6510-46a4-a777-72d79df5f06d req-b547e479-6510-46a4-a777-72d79df5f06d ] Request (ServerGroup264TestJSON:tearDownClass): 204 DELETE http://10.180.1.21/networking/v2.0/subnets/e862d7e6-6a61-48b8-8f9f-c5b4d2393357 0.206s
2025-11-20 23:53:05.396 65740 INFO tempest.lib.common.rest_client [req-80079ea3-59b2-483e-8378-b694b5de062d req-80079ea3-59b2-483e-8378-b694b5de062d ] Request (ServersAdminTestJSON:setUpClass): 201 POST http://10.180.1.21/identity/v3/auth/tokens 0.080s
2025-11-20 23:53:05.890 65740 INFO tempest.lib.common.rest_client [req-e74bffa5-5bfd-4e40-9314-8d021c79fa6f req-e74bffa5-5bfd-4e40-9314-8d021c79fa6f ] Request (ServersAdminTestJSON:setUpClass): 201 POST http://10.180.1.21/networking/v2.0/networks 0.494s
2025-11-20 23:53:05.930 65723 INFO tempest.lib.common.rest_client [req-0d110e96-8b02-44c3-92fa-94edc404c812 req-0d110e96-8b02-44c3-92fa-94edc404c812 ] Request (ServersTestJSON:setUpClass): 200 GET http://10.180.1.21/compute/v2.1/servers/210b0738-6362-4b35-bff9-a6dd373b1b91 4.031s
2025-11-20 23:53:05.938 65723 INFO tempest.common.waiters [-] State transition "BUILD/None" ==> "BUILD/networking" after 5 second wait
2025-11-20 23:53:05.981 65747 WARNING tempest.lib.common.ssh [-] Failed to establish authenticated ssh connection to cirros@10.180.180.164 ([Errno None] Unable to connect to port 22 on 10.180.180.164). Number attempts: 3. Retry after 4 seconds.: paramiko.ssh_exception.NoValidConnectionsError: [Errno None] Unable to connect to port 22 on 10.180.180.164
2025-11-20 23:53:06.126 65751 INFO tempest.lib.common.rest_client [req-2a7a16bf-90cd-45a3-a1b8-74d3f341b4ec req-2a7a16bf-90cd-45a3-a1b8-74d3f341b4ec ] Request (ServerGroup264TestJSON:tearDownClass): 204 DELETE http://10.180.1.21/networking/v2.0/networks/60655760-f03d-4f0b-b0cf-f31a2aaa30d7 0.753s
2025-11-20 23:53:06.199 65751 INFO tempest.lib.common.rest_client [req-4a07731e-5ca3-4eb4-a734-ffc16eb62b77 req-4a07731e-5ca3-4eb4-a734-ffc16eb62b77 ] Request (ServerGroup264TestJSON:tearDownClass): 204 DELETE http://10.180.1.21/identity/v3/users/9331128e78d549fd975d074e0dff48f0 0.073s
2025-11-20 23:53:06.200 65751 INFO tempest.lib.common.dynamic_creds [-] Deleting project and security group for project: 91d5826e74ac4cd1ba903005dc99893f
2025-11-20 23:53:06.272 65740 INFO tempest.lib.common.rest_client [req-01514bf8-2361-4428-abbf-1d34233ace2a req-01514bf8-2361-4428-abbf-1d34233ace2a ] Request (ServersAdminTestJSON:setUpClass): 201 POST http://10.180.1.21/networking/v2.0/subnets 0.381s
2025-11-20 23:53:06.292 65705 INFO tempest.lib.common.rest_client [req-9c701001-fece-446f-8a1c-bb35a03590b8 req-9c701001-fece-446f-8a1c-bb35a03590b8 ] Request (ServerExternalEventsTest:test_create_server_external_events): 200 GET http://10.180.1.21/compute/v2.1/servers/3ccbde3c-2180-48bc-b3a1-38ad39cc708e 3.828s
2025-11-20 23:53:06.588 65719 INFO tempest.lib.common.rest_client [req-05389dc3-8daa-4827-9def-a795f649473e req-05389dc3-8daa-4827-9def-a795f649473e ] Request (SecurityGroupsTestJSON:test_list_security_groups_by_server): 202 POST http://10.180.1.21/compute/v2.1/servers/56803b15-99f9-4958-b381-1088ff86cdbe/action 4.427s
2025-11-20 23:53:06.608 65751 INFO tempest.lib.common.rest_client [req-fc942ee4-b53c-4fbd-8872-0767df6b2ca1 req-fc942ee4-b53c-4fbd-8872-0767df6b2ca1 ] Request (ServerGroup264TestJSON:tearDownClass): 200 GET http://10.180.1.21/networking/v2.0/security-groups?tenant_id=91d5826e74ac4cd1ba903005dc99893f&name=default 0.408s
2025-11-20 23:53:07.223 65740 INFO tempest.lib.common.rest_client [req-752b86eb-bf84-4317-a057-be8b5109caf8 req-752b86eb-bf84-4317-a057-be8b5109caf8 ] Request (ServersAdminTestJSON:setUpClass): 201 POST http://10.180.1.21/networking/v2.0/routers 0.951s
2025-11-20 23:53:07.331 65751 INFO tempest.lib.common.rest_client [req-758834d9-382b-4067-8235-c3312d95dadb req-758834d9-382b-4067-8235-c3312d95dadb ] Request (ServerGroup264TestJSON:tearDownClass): 204 DELETE http://10.180.1.21/networking/v2.0/security-groups/c0467049-878d-421f-b1bb-b3cd02f48244 0.723s
2025-11-20 23:53:07.471 65751 INFO tempest.lib.common.rest_client [req-d27584e5-bd5a-40bd-993c-ca5892909534 req-d27584e5-bd5a-40bd-993c-ca5892909534 ] Request (ServerGroup264TestJSON:tearDownClass): 204 DELETE http://10.180.1.21/identity/v3/projects/91d5826e74ac4cd1ba903005dc99893f 0.139s
2025-11-20 23:53:07.645 65709 INFO tempest.lib.common.rest_client [req-892e2b46-4a4b-4217-be34-e751b4e51315 req-892e2b46-4a4b-4217-be34-e751b4e51315 ] Request (ListServerFiltersTestJSON:test_list_servers_detailed_filter_by_server_status): 200 GET http://10.180.1.21/compute/v2.1/servers/detail?status=active 4.633s
2025-11-20 23:53:07.689 65731 INFO tempest.lib.common.rest_client [req-9687ffae-9a6e-4f60-8085-1ab54ded4822 req-9687ffae-9a6e-4f60-8085-1ab54ded4822 ] Request (KeyPairsNegativeTestJSON:test_keypair_create_with_invalid_pub_key): 400 POST http://10.180.1.21/compute/v2.1/os-keypairs 4.651s
2025-11-20 23:53:07.707 65713 INFO tempest.lib.common.rest_client [req-2fbad53f-3925-490f-bb13-0814960f9365 req-2fbad53f-3925-490f-bb13-0814960f9365 ] Request (InstanceActionsNegativeTestJSON:test_list_instance_actions_non_existent_server): 404 GET http://10.180.1.21/compute/v2.1/servers/b96578e1-7690-4ccc-99cf-d96f49e08ef3/os-instance-actions 4.617s
2025-11-20 23:53:07.738 65729 INFO tempest.lib.common.rest_client [req-ad27e986-e4b9-40cb-b69e-268082fab325 req-ad27e986-e4b9-40cb-b69e-268082fab325 ] Request (AggregatesAdminNegativeTestJSON:test_aggregate_delete_as_user): 200 POST http://10.180.1.21/compute/v2.1/os-aggregates 4.625s
2025-11-20 23:53:07.936 65741 INFO tempest.lib.common.rest_client [req-47c92439-3460-4bb5-aeb7-9a708fea1a25 req-47c92439-3460-4bb5-aeb7-9a708fea1a25 ] Request (FlavorsAdminTestJSON:test_create_list_flavor_without_extra_data): 200 GET http://10.180.1.21/compute/v2.1/flavors/detail 4.805s
2025-11-20 23:53:07.972 65699 INFO tempest.lib.common.rest_client [req-5064fe56-4c90-4be8-9b28-fbcd37821bb9 req-5064fe56-4c90-4be8-9b28-fbcd37821bb9 ] Request (FlavorsV2TestJSON:test_list_flavors_filter_by_min_ram): 200 GET http://10.180.1.21/compute/v2.1/flavors?minRam=193 4.720s
2025-11-20 23:53:07.987 65711 INFO tempest.lib.common.rest_client [req-29cbd9b5-491b-45a0-b642-49bf2802dfb0 req-29cbd9b5-491b-45a0-b642-49bf2802dfb0 ] Request (FlavorsAccessNegativeTestJSON:_run_cleanups): 202 DELETE http://10.180.1.21/compute/v2.1/flavors/369628558 4.606s
2025-11-20 23:53:08.002 65755 WARNING tempest.lib.common.ssh [-] Failed to establish authenticated ssh connection to cirros@10.180.180.254 ([Errno None] Unable to connect to port 22 on 10.180.180.254). Number attempts: 2. Retry after 3 seconds.: paramiko.ssh_exception.NoValidConnectionsError: [Errno None] Unable to connect to port 22 on 10.180.180.254
2025-11-20 23:53:08.110 65737 INFO tempest.lib.common.rest_client [req-8e7dc4c7-1696-4056-9447-a168cf4c65b1 req-8e7dc4c7-1696-4056-9447-a168cf4c65b1 ] Request (ServersV294TestFqdnHostnames:setUpClass): 202 POST http://10.180.1.21/compute/v2.1/servers 5.145s
2025-11-20 23:53:08.243 65759 INFO tempest.lib.common.rest_client [req-5009bac8-071c-459b-babf-3445daaec861 req-5009bac8-071c-459b-babf-3445daaec861 ] Request (ServersListShow296Test:tearDownClass): 200 GET http://10.180.1.21/compute/v2.1/servers/e2545f89-7dc2-4bde-9449-34f546173fb7 4.702s
2025-11-20 23:53:08.303 65727 INFO tempest.lib.common.rest_client [req-dadaafb7-a136-4604-8e38-ad013e36ea1f req-dadaafb7-a136-4604-8e38-ad013e36ea1f ] Request (ImagesMetadataTestJSON:test_set_image_metadata): 200 PUT http://10.180.1.21/compute/v2.1/images/13f681cd-fe73-4d07-9c93-85d0eeca16b6/metadata 4.830s
2025-11-20 23:53:08.418 65717 INFO tempest.lib.common.rest_client [req-ce370843-816e-4a63-9e97-992bf31ae766 req-ce370843-816e-4a63-9e97-992bf31ae766 ] Request (QuotasAdminNegativeTest:test_create_server_when_memory_quota_is_full): 200 GET http://10.180.1.21/compute/v2.1/os-quota-sets/aab506ec8e8e4938976cd354e181ef69 4.650s
2025-11-20 23:53:08.482 65740 INFO tempest.lib.common.rest_client [req-5ca18249-8e26-4210-b19c-5a29f69a55e7 req-5ca18249-8e26-4210-b19c-5a29f69a55e7 ] Request (ServersAdminTestJSON:setUpClass): 200 PUT http://10.180.1.21/networking/v2.0/routers/da48ac50-3a16-4c28-bb0f-7f490068dcb6/add_router_interface 1.257s
