2025-11-20 23:54:13.006 65741 INFO tempest.lib.common.rest_client [req-1edcacca-b23c-4a08-a045-0a82348394aa req-1edcacca-b23c-4a08-a045-0a82348394aa ] Request (ImagesOneServerTestJSON:setUpClass): 201 POST http://10.180.1.21/networking/v2.0/networks 0.411s
2025-11-20 23:54:13.114 65740 INFO tempest.lib.common.rest_client [req-6a4cbd6c-f1b9-427b-8576-45312e4fdc7d req-6a4cbd6c-f1b9-427b-8576-45312e4fdc7d ] Request (ServersAdminTestJSON:test_create_server_with_scheduling_hint): 200 GET http://10.180.1.21/compute/v2.1/servers/3a28cc66-1479-43e9-b9e0-09101b7410f2 1.415s
2025-11-20 23:54:13.114 65755 INFO tempest.lib.common.rest_client [req-18fdb97d-3fc6-4ea7-bb5b-df197bf63874 req-18fdb97d-3fc6-4ea7-bb5b-df197bf63874 ] Request (VolumesAssistedSnapshotsTest:tearDownClass): 200 GET http://10.180.1.21/compute/v2.1/servers/166dcce7-236e-4bbe-a90e-4f5f0c25b581 1.376s
2025-11-20 23:54:13.300 65741 INFO tempest.lib.common.rest_client [req-6535cc8b-5505-4b1e-9a67-90f305bf3ada req-6535cc8b-5505-4b1e-9a67-90f305bf3ada ] Request (ImagesOneServerTestJSON:setUpClass): 201 POST http://10.180.1.21/networking/v2.0/subnets 0.293s
2025-11-20 23:54:13.433 65727 INFO tempest.lib.common.rest_client [req-b005bd7c-b719-410e-87be-2efede3385be req-b005bd7c-b719-410e-87be-2efede3385be ] Request (ServersTestManualDisk:setUpClass): 200 GET http://10.180.1.21/compute/v2.1/servers/a38b0779-893f-4113-ada6-e07bec13afeb 1.648s
2025-11-20 23:54:13.447 65747 INFO tempest.lib.common.rest_client [req-b2fdcd1b-e451-4748-9c10-aecf1149c429 req-b2fdcd1b-e451-4748-9c10-aecf1149c429 ] Request (AttachInterfacesTestJSON:_run_cleanups): 200 GET http://10.180.1.21/compute/v2.1/servers/6fb3540e-dc3d-470f-acc9-363274f651f4 1.697s
2025-11-20 23:54:14.006 65697 INFO tempest.lib.common.rest_client [req-49d1f313-93a0-47f5-866e-4f92864e71aa req-49d1f313-93a0-47f5-866e-4f92864e71aa ] Request (ImagesTestJSON:test_create_image_from_suspended_server): 200 GET http://10.180.1.21/compute/v2.1/servers/81bcd996-e34a-4f1d-81bf-89afdc7e76a7 2.162s
2025-11-20 23:54:14.030 65759 INFO tempest.lib.common.rest_client [req-b041d454-effa-4884-a688-ba9b376ea438 req-b041d454-effa-4884-a688-ba9b376ea438 ] Request (AttachVolumeTestJSON:test_attach_detach_volume): 200 GET http://10.180.1.21/compute/v2.1/servers/15a2a063-2064-4059-a0ff-5989bc206f16 2.110s
2025-11-20 23:54:14.106 65705 INFO tempest.lib.common.rest_client [req-31eaa975-c6db-4fb7-9868-3d64d0c6aef9 req-31eaa975-c6db-4fb7-9868-3d64d0c6aef9 ] Request (ServerExternalEventsTest:tearDownClass): 200 GET http://10.180.1.21/compute/v2.1/servers/3ccbde3c-2180-48bc-b3a1-38ad39cc708e 2.086s
2025-11-20 23:54:14.128 65729 INFO tempest.lib.common.rest_client [req-7ec77891-58f1-47c2-9aa8-811467b3e646 req-7ec77891-58f1-47c2-9aa8-811467b3e646 ] Request (ServersAdmin275Test:test_rebuild_update_server_275): 200 GET http://10.180.1.21/compute/v2.1/servers/e26e59f3-2d9c-4c83-86f0-40fa0d80d170 2.054s
2025-11-20 23:54:14.198 65699 INFO tempest.lib.common.rest_client [req-183d4074-1988-437f-8208-55eb8c5b6c9b req-183d4074-1988-437f-8208-55eb8c5b6c9b ] Request (ServerPasswordTestJSON:test_delete_server_password): 204 DELETE http://10.180.1.21/compute/v2.1/servers/2b65e721-6ba5-4a72-90da-cf7d8d6f86da/os-server-password 2.099s
2025-11-20 23:54:14.271 65741 INFO tempest.lib.common.rest_client [req-21501d74-c981-44b5-b150-2836678e28f9 req-21501d74-c981-44b5-b150-2836678e28f9 ] Request (ImagesOneServerTestJSON:setUpClass): 201 POST http://10.180.1.21/networking/v2.0/routers 0.970s
2025-11-20 23:54:14.299 65749 INFO tempest.lib.common.rest_client [req-6caaad47-c438-442d-8055-a54b2f0bd2dc req-6caaad47-c438-442d-8055-a54b2f0bd2dc ] Request (ServersAdminNegativeTestJSON:test_migrate_server_invalid_state): 200 GET http://10.180.1.21/compute/v2.1/servers/8e1f92bb-c70c-4780-bf87-7f7ab01b674b 2.217s
2025-11-20 23:54:14.359 65711 INFO tempest.lib.common.rest_client [req-f5585586-c58d-460c-a0cb-3a5d7f2f47cc req-f5585586-c58d-460c-a0cb-3a5d7f2f47cc ] Request (VolumesAdminNegativeTest:test_update_attached_volume_with_nonexistent_volume_in_uri): 200 GET http://10.180.1.21/compute/v2.1/servers/82247a02-85c2-4c27-9ed6-a2b243b4c9ed 2.147s
2025-11-20 23:54:14.366 65711 INFO tempest.common.waiters [-] State transition "BUILD/None" ==> "BUILD/spawning" after 35 second wait
2025-11-20 23:54:14.380 65707 INFO tempest.lib.common.rest_client [req-dd0ba1c8-9fd2-40b9-851e-96a9bfc2a09c req-dd0ba1c8-9fd2-40b9-851e-96a9bfc2a09c ] Request (ServerShowV247Test:tearDownClass): 200 GET http://10.180.1.21/compute/v2.1/servers/cc1c4961-75df-4bdd-8dbb-f72ea9bdbc7b 2.165s
2025-11-20 23:54:14.385 65736 INFO tempest.lib.common.rest_client [req-464684fb-86c3-42f8-89ae-5f4eba9dfddb req-464684fb-86c3-42f8-89ae-5f4eba9dfddb ] Request (KeyPairsV22TestJSON:_run_cleanups): 204 DELETE http://10.180.1.21/compute/v2.1/os-keypairs/tempest-KeyPairsV22TestJSON-keypair-711728511 2.043s
2025-11-20 23:54:14.464 65757 INFO tempest.lib.common.rest_client [req-b285f517-4c6f-467d-b03e-f456a049047e req-b285f517-4c6f-467d-b03e-f456a049047e ] Request (DeleteServersAdminTestJSON:test_delete_server_while_in_error_state): 200 GET http://10.180.1.21/compute/v2.1/servers/d079a571-5f75-4f09-af16-a8ccd49f1839 2.117s
2025-11-20 23:54:14.594 65713 INFO tempest.lib.common.rest_client [req-7a5acf97-b79d-4095-9d13-b949f7cb4c1c req-7a5acf97-b79d-4095-9d13-b949f7cb4c1c ] Request (ServerMetadataTestJSON:setUpClass): 200 GET http://10.180.1.21/compute/v2.1/servers/8a784bb0-2ecf-4283-bcf6-32c37650b48e 2.188s
2025-11-20 23:54:14.605 65713 INFO tempest.common.waiters [-] State transition "BUILD/scheduling" ==> "BUILD/None" after 13 second wait
2025-11-20 23:54:14.709 65745 INFO tempest.lib.common.rest_client [req-0454bfcf-7e21-48bc-8908-f8c401ca7713 req-0454bfcf-7e21-48bc-8908-f8c401ca7713 ] Request (MigrationsAdminTest:test_resize_server_revert_deleted_flavor): 202 POST http://10.180.1.21/compute/v2.1/servers 2.317s
2025-11-20 23:54:14.994 65709 INFO tempest.lib.common.rest_client [req-f0b62a65-0894-4675-acfa-849a0d36c96c req-f0b62a65-0894-4675-acfa-849a0d36c96c ] Request (ListServerFiltersTestJSON:tearDownClass): 200 GET http://10.180.1.21/compute/v2.1/servers/5c925661-b7dc-4a24-bc33-860dcc0ed354 2.549s
2025-11-20 23:54:15.006 65719 INFO tempest.lib.common.rest_client [req-97b89f37-72f6-4ef4-b825-3f526bf3e0ca req-97b89f37-72f6-4ef4-b825-3f526bf3e0ca ] Request (SecurityGroupsTestJSON:test_server_security_groups): 200 GET http://10.180.1.21/compute/v2.1/servers/ebc3cf0d-e871-46e1-9732-adaf51fa4681 2.307s
2025-11-20 23:54:15.074 65703 INFO tempest.lib.common.rest_client [req-e5c465a3-3fbd-4831-ad49-56c57cb554b5 req-e5c465a3-3fbd-4831-ad49-56c57cb554b5 ] Request (ListImageFiltersTestJSON:setUpClass): 200 GET http://10.180.1.21/compute/v2.1/images/a0947fd4-929f-4d82-b1ce-d26321b6e609 2.328s
2025-11-20 23:54:15.103 65721 INFO tempest.lib.common.rest_client [req-129219da-e164-44f0-a672-5edf1832a300 req-129219da-e164-44f0-a672-5edf1832a300 ] Request (ServerActionsTestOtherB:setUpClass): 200 GET http://10.180.1.21/compute/v2.1/servers/f8fab45e-7f27-4dbd-902d-1ec491593765 2.262s
2025-11-20 23:54:15.181 65715 INFO tempest.lib.common.rest_client [req-0b150d55-a7f1-488a-b5bf-4513b769cb08 req-0b150d55-a7f1-488a-b5bf-4513b769cb08 ] Request (DeleteServersTestJSON:test_delete_server_while_in_attached_volume): 200 GET http://10.180.1.21/compute/v2.1/servers/d6c58fc3-dbda-4cbc-b5e7-4fa0d7044300 2.120s
2025-11-20 23:54:15.342 65733 INFO tempest.lib.common.rest_client [req-9861b1ff-2dc2-483f-89bb-30e8fc63182e req-9861b1ff-2dc2-483f-89bb-30e8fc63182e ] Request (InstanceActionsTestJSON:tearDownClass): 200 GET http://10.180.1.21/compute/v2.1/servers/0fb398a4-268d-4f3f-8394-31ae1a9cb49e 1.939s
2025-11-20 23:54:15.350 65741 INFO tempest.lib.common.rest_client [req-17ec2bde-c64e-4763-9f9e-57063483fe96 req-17ec2bde-c64e-4763-9f9e-57063483fe96 ] Request (ImagesOneServerTestJSON:setUpClass): 200 PUT http://10.180.1.21/networking/v2.0/routers/5fdcbc3f-dbef-43df-88cd-030d358e2df7/add_router_interface 1.079s
2025-11-20 23:54:15.350 65741 INFO tempest.lib.common.dynamic_creds [-] Created isolated network resources for: credentials: Credentials: {'domain_id': 'default', 'domain_name': 'Default', 'username': 'tempest-ImagesOneServerTestJSON-635028167-project-member', 'project_domain_id': 'default', 'project_domain_name': 'Default', 'project_id': 'dd4c1f3a199a453ba4131cd26a793a02', 'project_name': 'tempest-ImagesOneServerTestJSON-635028167', 'tenant_id': 'dd4c1f3a199a453ba4131cd26a793a02', 'tenant_name': 'tempest-ImagesOneServerTestJSON-635028167', 'user_domain_id': 'default', 'user_domain_name': 'Default', 'user_id': '4427a3de0be54e2686fc2db3cda7e4e4', 'system': None}, Network: {'id': '8959de17-ebf3-450d-a4fd-0880d76bd6fa', 'name': 'tempest-ImagesOneServerTestJSON-396743017-network', 'tenant_id': 'dd4c1f3a199a453ba4131cd26a793a02', 'project_id': 'dd4c1f3a199a453ba4131cd26a793a02', 'admin_state_up': True, 'mtu': 8950, 'status': 'ACTIVE', 'subnets': [], 'shared': False, 'port_security_enabled': True, 'router:external': False, 'provider:network_type': 'vlan', 'provider:physical_network': 'default', 'provider:segmentation_id': 560, 'availability_zone_hints': [], 'availability_zones': [], 'ipv4_address_scope': None, 'ipv6_address_scope': None, 'description': '', 'tags': [], 'created_at': '2025-11-20T23:54:12Z', 'updated_at': '2025-11-20T23:54:12Z', 'revision_number': 1}, Subnet: {'id': '97805acc-ae41-4d86-a2ab-fcd4e112ca3b', 'name': 'tempest-ImagesOneServerTestJSON-396743017-subnet', 'tenant_id': 'dd4c1f3a199a453ba4131cd26a793a02', 'network_id': '8959de17-ebf3-450d-a4fd-0880d76bd6fa', 'ip_version': 4, 'subnetpool_id': None, 'enable_dhcp': True, 'ipv6_ra_mode': None, 'ipv6_address_mode': None, 'gateway_ip': '192.168.128.1', 'cidr': '192.168.128.0/28', 'allocation_pools': [{'start': '192.168.128.2', 'end': '192.168.128.14'}], 'host_routes': [], 'dns_nameservers': [], 'description': '', 'router:external': False, 'service_types': [], 'tags': [], 'created_at': '2025-11-20T23:54:13Z', 'updated_at': '2025-11-20T23:54:13Z', 'revision_number': 0, 'project_id': 'dd4c1f3a199a453ba4131cd26a793a02'}, Router: {'id': '5fdcbc3f-dbef-43df-88cd-030d358e2df7', 'name': 'tempest-ImagesOneServerTestJSON-396743017-router', 'tenant_id': 'dd4c1f3a199a453ba4131cd26a793a02', 'admin_state_up': True, 'status': 'ACTIVE', 'external_gateway_info': {'network_id': 'a06b03b3-d848-4d43-bd37-fbe55ebb7fd2', 'external_fixed_ips': [{'subnet_id': '1399d778-726c-40ef-9f9d-49e4370ff46e', 'ip_address': '10.180.180.182'}], 'enable_snat': True}, 'description': '', 'availability_zones': [], 'distributed': False, 'ha': False, 'availability_zone_hints': [], 'routes': [], 'flavor_id': None, 'tags': [], 'created_at': '2025-11-20T23:54:13Z', 'updated_at': '2025-11-20T23:54:13Z', 'revision_number': 2, 'project_id': 'dd4c1f3a199a453ba4131cd26a793a02'}
2025-11-20 23:54:15.397 65737 WARNING tempest.lib.common.ssh [-] Failed to establish authenticated ssh connection to cirros@10.180.180.149 ([Errno None] Unable to connect to port 22 on 10.180.180.149). Number attempts: 6. Retry after 7 seconds.: paramiko.ssh_exception.NoValidConnectionsError: [Errno None] Unable to connect to port 22 on 10.180.180.149
2025-11-20 23:54:15.418 65717 INFO tempest.lib.common.rest_client [req-8f53f3ec-5b22-4f4b-96ce-1a00c47a1367 req-8f53f3ec-5b22-4f4b-96ce-1a00c47a1367 ] Request (FloatingIPsAssociationNegativeTestJSON:setUpClass): 200 GET http://10.180.1.21/compute/v2.1/servers/e1d8d96a-73ee-4e40-b0b8-d2c270497366 2.118s
2025-11-20 23:54:15.470 65731 INFO tempest.lib.common.rest_client [req-aa734904-57b7-4ce5-b632-0af35b3e0838 req-aa734904-57b7-4ce5-b632-0af35b3e0838 ] Request (ServerRescueTestJSONUnderV235:setUpClass): 200 GET http://10.180.1.21/compute/v2.1/servers/6bbb1071-9c61-4784-b7a9-95cdef90f51b 1.744s
2025-11-20 23:54:15.503 65741 INFO tempest.lib.common.rest_client [req-5ef66509-eaa7-443d-bd97-db17d7887f90 req-5ef66509-eaa7-443d-bd97-db17d7887f90 ] Request (ImagesOneServerTestJSON:setUpClass): 201 POST http://10.180.1.21/identity/v3/auth/tokens 0.149s
2025-11-20 23:54:15.551 65741 INFO tempest.lib.common.rest_client [req-76339989-3bda-4222-99c1-285779225fd8 req-76339989-3bda-4222-99c1-285779225fd8 ] Request (ImagesOneServerTestJSON:setUpClass): 201 POST http://10.180.1.21/identity/v3/auth/tokens 0.045s
2025-11-20 23:54:15.552 65741 INFO tempest.lib.common.fixed_network [-] (ImagesOneServerTestJSON:setUpClass) Found network {'id': '8959de17-ebf3-450d-a4fd-0880d76bd6fa', 'name': 'tempest-ImagesOneServerTestJSON-396743017-network', 'tenant_id': 'dd4c1f3a199a453ba4131cd26a793a02', 'project_id': 'dd4c1f3a199a453ba4131cd26a793a02', 'admin_state_up': True, 'mtu': 8950, 'status': 'ACTIVE', 'subnets': [], 'shared': False, 'port_security_enabled': True, 'router:external': False, 'provider:network_type': 'vlan', 'provider:physical_network': 'default', 'provider:segmentation_id': 560, 'availability_zone_hints': [], 'availability_zones': [], 'ipv4_address_scope': None, 'ipv6_address_scope': None, 'description': '', 'tags': [], 'created_at': '2025-11-20T23:54:12Z', 'updated_at': '2025-11-20T23:54:12Z', 'revision_number': 1} available for tenant
2025-11-20 23:54:15.552 65755 INFO tempest.lib.common.rest_client [req-e5217924-14d6-47c5-837a-44254cb48d2c req-e5217924-14d6-47c5-837a-44254cb48d2c ] Request (VolumesAssistedSnapshotsTest:tearDownClass): 200 GET http://10.180.1.21/compute/v2.1/servers/166dcce7-236e-4bbe-a90e-4f5f0c25b581 1.427s
2025-11-20 23:54:15.576 65701 INFO tempest.lib.common.rest_client [req-7f2b3fcc-ac2c-4068-93fe-f648ce0d6877 req-7f2b3fcc-ac2c-4068-93fe-f648ce0d6877 ] Request (AttachInterfacesV270Test:test_create_get_list_interfaces): 200 GET http://10.180.1.21/compute/v2.1/servers/f40d8016-4616-4826-be2e-47854c1bc158 1.816s
2025-11-20 23:54:15.626 65699 INFO tempest.lib.common.rest_client [req-a1493088-f80a-49a8-938e-210cc9cff43f req-a1493088-f80a-49a8-938e-210cc9cff43f ] Request (ServerPasswordTestJSON:test_get_server_password): 200 GET http://10.180.1.21/compute/v2.1/servers/2b65e721-6ba5-4a72-90da-cf7d8d6f86da/os-server-password 1.425s
2025-11-20 23:54:15.630 65740 INFO tempest.lib.common.rest_client [req-e963be3c-50c1-46e1-ab06-83eedc726509 req-e963be3c-50c1-46e1-ab06-83eedc726509 ] Request (ServersAdminTestJSON:test_create_server_with_scheduling_hint): 200 GET http://10.180.1.21/compute/v2.1/servers/3a28cc66-1479-43e9-b9e0-09101b7410f2 1.502s
2025-11-20 23:54:15.648 65736 INFO tempest.lib.common.rest_client [req-c03c4298-2ab6-46ef-88e5-f83d9cc95f51 req-c03c4298-2ab6-46ef-88e5-f83d9cc95f51 ] Request (KeyPairsV22TestJSON:_run_cleanups): 204 DELETE http://10.180.1.21/compute/v2.1/os-keypairs/tempest-KeyPairsV22TestJSON-keypair-1252969997 1.263s
2025-11-20 23:54:15.687 65727 INFO tempest.lib.common.rest_client [req-1b5ed39c-9db3-49ad-ad15-e5502eea04fb req-1b5ed39c-9db3-49ad-ad15-e5502eea04fb ] Request (ServersTestManualDisk:setUpClass): 200 GET http://10.180.1.21/compute/v2.1/servers/a38b0779-893f-4113-ada6-e07bec13afeb 1.242s
2025-11-20 23:54:15.730 65747 INFO tempest.lib.common.rest_client [req-2bddd43b-6c14-4f35-b662-c237f3fcd730 req-2bddd43b-6c14-4f35-b662-c237f3fcd730 ] Request (AttachInterfacesTestJSON:_run_cleanups): 200 GET http://10.180.1.21/compute/v2.1/servers/6fb3540e-dc3d-470f-acc9-363274f651f4 1.273s
2025-11-20 23:54:15.755 65745 INFO tempest.lib.common.rest_client [req-b156a081-2711-4932-a695-3c2935c50fc8 req-b156a081-2711-4932-a695-3c2935c50fc8 ] Request (MigrationsAdminTest:test_resize_server_revert_deleted_flavor): 200 GET http://10.180.1.21/compute/v2.1/servers/c4f58268-5529-4f3c-a0f9-34fe43af7ad9 1.044s
2025-11-20 23:54:15.805 65697 INFO tempest.lib.common.rest_client [req-5343131a-8d44-462d-afe4-c23149e2b2b6 req-5343131a-8d44-462d-afe4-c23149e2b2b6 ] Request (ImagesTestJSON:test_create_image_from_suspended_server): 200 GET http://10.180.1.21/compute/v2.1/servers/81bcd996-e34a-4f1d-81bf-89afdc7e76a7 0.790s
2025-11-20 23:54:15.823 65759 INFO tempest.lib.common.rest_client [req-cdf5b4c5-a908-4168-9b76-a44d897ca58c req-cdf5b4c5-a908-4168-9b76-a44d897ca58c ] Request (AttachVolumeTestJSON:test_attach_detach_volume): 200 GET http://10.180.1.21/compute/v2.1/servers/15a2a063-2064-4059-a0ff-5989bc206f16 0.784s
2025-11-20 23:54:15.916 65705 INFO tempest.lib.common.rest_client [req-efd92687-9b7d-45dd-9491-b4a8c2549b2d req-efd92687-9b7d-45dd-9491-b4a8c2549b2d ] Request (ServerExternalEventsTest:tearDownClass): 200 GET http://10.180.1.21/compute/v2.1/servers/3ccbde3c-2180-48bc-b3a1-38ad39cc708e 0.800s
2025-11-20 23:54:15.933 65729 INFO tempest.lib.common.rest_client [req-7c9e5389-ad70-4d55-a697-38ddac4d7192 req-7c9e5389-ad70-4d55-a697-38ddac4d7192 ] Request (ServersAdmin275Test:test_rebuild_update_server_275): 200 GET http://10.180.1.21/compute/v2.1/servers/e26e59f3-2d9c-4c83-86f0-40fa0d80d170 0.790s
2025-11-20 23:54:16.019 65749 INFO tempest.lib.common.rest_client [req-94cc76e1-225e-4c97-a4b6-ba7f333bde3b req-94cc76e1-225e-4c97-a4b6-ba7f333bde3b ] Request (ServersAdminNegativeTestJSON:test_migrate_server_invalid_state): 200 GET http://10.180.1.21/compute/v2.1/servers/8e1f92bb-c70c-4780-bf87-7f7ab01b674b 0.709s
2025-11-20 23:54:16.102 65711 INFO tempest.lib.common.rest_client [req-eee55808-0ea0-43c6-bfdc-e69e00410daf req-eee55808-0ea0-43c6-bfdc-e69e00410daf ] Request (VolumesAdminNegativeTest:test_update_attached_volume_with_nonexistent_volume_in_uri): 200 GET http://10.180.1.21/compute/v2.1/servers/82247a02-85c2-4c27-9ed6-a2b243b4c9ed 0.735s
2025-11-20 23:54:16.105 65707 INFO tempest.lib.common.rest_client [req-dfc50082-1244-459d-91a2-51d2643c0c07 req-dfc50082-1244-459d-91a2-51d2643c0c07 ] Request (ServerShowV247Test:tearDownClass): 200 GET http://10.180.1.21/compute/v2.1/servers/cc1c4961-75df-4bdd-8dbb-f72ea9bdbc7b 0.707s
2025-11-20 23:54:16.175 65757 INFO tempest.lib.common.rest_client [req-19f485f1-d2f9-47a1-9a00-abd5862d1a17 req-19f485f1-d2f9-47a1-9a00-abd5862d1a17 ] Request (DeleteServersAdminTestJSON:test_delete_server_while_in_error_state): 200 GET http://10.180.1.21/compute/v2.1/servers/d079a571-5f75-4f09-af16-a8ccd49f1839 0.701s
2025-11-20 23:54:16.188 65757 INFO tempest.common.waiters [-] State transition "ERROR/deleting" ==> "DELETED/None" after 5 second wait
2025-11-20 23:54:16.234 65713 INFO tempest.lib.common.rest_client [req-71e78789-658f-4a81-b95d-06648e7a05d1 req-71e78789-658f-4a81-b95d-06648e7a05d1 ] Request (ServerMetadataTestJSON:setUpClass): 200 GET http://10.180.1.21/compute/v2.1/servers/8a784bb0-2ecf-4283-bcf6-32c37650b48e 0.628s
2025-11-20 23:54:16.340 65699 INFO tempest.lib.common.rest_client [req-1628d613-3c0f-4a6c-b8c9-9fe6228081d2 req-1628d613-3c0f-4a6c-b8c9-9fe6228081d2 ] Request (ServerPasswordTestJSON:tearDownClass): 204 DELETE http://10.180.1.21/compute/v2.1/servers/2b65e721-6ba5-4a72-90da-cf7d8d6f86da 0.711s
2025-11-20 23:54:16.386 65736 INFO tempest.lib.common.rest_client [req-73391058-65f1-4db3-afe5-00a971c80bb8 req-73391058-65f1-4db3-afe5-00a971c80bb8 ] Request (KeyPairsV22TestJSON:test_keypairsv22_create_list_show): 201 POST http://10.180.1.21/compute/v2.1/os-keypairs 0.736s
2025-11-20 23:54:16.463 65719 INFO tempest.lib.common.rest_client [req-7e26e10a-ad04-4737-9696-9cf0d241adb1 req-7e26e10a-ad04-4737-9696-9cf0d241adb1 ] Request (SecurityGroupsTestJSON:test_server_security_groups): 200 GET http://10.180.1.21/compute/v2.1/servers/ebc3cf0d-e871-46e1-9732-adaf51fa4681 0.449s
2025-11-20 23:54:16.528 65709 INFO tempest.lib.common.rest_client [req-ffc006e8-6207-4e16-a3c7-d5b19b948c3c req-ffc006e8-6207-4e16-a3c7-d5b19b948c3c ] Request (ListServerFiltersTestJSON:tearDownClass): 200 GET http://10.180.1.21/compute/v2.1/servers/5c925661-b7dc-4a24-bc33-860dcc0ed354 0.511s
2025-11-20 23:54:16.536 65709 INFO tempest.common.waiters [-] State transition "ACTIVE/deleting" ==> "DELETED/None" after 1 second wait
2025-11-20 23:54:16.579 65703 INFO tempest.lib.common.rest_client [req-239649b4-6aa8-4421-b0cb-aa1f0ff2a5df req-239649b4-6aa8-4421-b0cb-aa1f0ff2a5df ] Request (ListImageFiltersTestJSON:setUpClass): 200 GET http://10.180.1.21/compute/v2.1/images/a0947fd4-929f-4d82-b1ce-d26321b6e609 0.501s
2025-11-20 23:54:16.597 65741 INFO tempest.lib.common.rest_client [req-2ee0a35b-8f4b-4b92-827f-21f800d76331 req-2ee0a35b-8f4b-4b92-827f-21f800d76331 ] Request (ImagesOneServerTestJSON:setUpClass): 202 POST http://10.180.1.21/compute/v2.1/servers 1.044s
2025-11-20 23:54:16.650 65721 INFO tempest.lib.common.rest_client [req-86b100a7-6426-452b-be19-b9e6a4fadf36 req-86b100a7-6426-452b-be19-b9e6a4fadf36 ] Request (ServerActionsTestOtherB:setUpClass): 200 GET http://10.180.1.21/compute/v2.1/servers/f8fab45e-7f27-4dbd-902d-1ec491593765 0.532s
2025-11-20 23:54:16.660 65715 INFO tempest.lib.common.rest_client [req-c84f638a-c365-4db0-aaa2-f08d592b8cbd req-c84f638a-c365-4db0-aaa2-f08d592b8cbd ] Request (DeleteServersTestJSON:test_delete_server_while_in_attached_volume): 200 GET http://10.180.1.21/compute/v2.1/servers/d6c58fc3-dbda-4cbc-b5e7-4fa0d7044300 0.466s
2025-11-20 23:54:16.670 65715 INFO tempest.common.waiters [-] State transition "BUILD/None" ==> "BUILD/networking" after 36 second wait
2025-11-20 23:54:16.729 65733 INFO tempest.lib.common.rest_client [req-c0269d04-0787-43b4-bb41-f0b37da511dd req-c0269d04-0787-43b4-bb41-f0b37da511dd ] Request (InstanceActionsTestJSON:tearDownClass): 200 GET http://10.180.1.21/compute/v2.1/servers/0fb398a4-268d-4f3f-8394-31ae1a9cb49e 0.374s
2025-11-20 23:54:16.736 65733 INFO tempest.common.waiters [-] State transition "ACTIVE/deleting" ==> "DELETED/None" after 4 second wait
2025-11-20 23:54:16.740 65736 INFO tempest.lib.common.rest_client [req-f17e5b2c-77fc-4414-940a-9ec9cf2e740f req-f17e5b2c-77fc-4414-940a-9ec9cf2e740f ] Request (KeyPairsV22TestJSON:test_keypairsv22_create_list_show): 200 GET http://10.180.1.21/compute/v2.1/os-keypairs/tempest-keypair-1499360091 0.351s
2025-11-20 23:54:16.811 65699 INFO tempest.lib.common.rest_client [req-95150f88-de7e-4eba-9e3e-8e91dc61a732 req-95150f88-de7e-4eba-9e3e-8e91dc61a732 ] Request (ServerPasswordTestJSON:tearDownClass): 200 GET http://10.180.1.21/compute/v2.1/servers/2b65e721-6ba5-4a72-90da-cf7d8d6f86da 0.470s
2025-11-20 23:54:16.867 65731 INFO tempest.lib.common.rest_client [req-95d63988-45a1-4490-94ec-b05037723d85 req-95d63988-45a1-4490-94ec-b05037723d85 ] Request (ServerRescueTestJSONUnderV235:setUpClass): 200 GET http://10.180.1.21/compute/v2.1/servers/6bbb1071-9c61-4784-b7a9-95cdef90f51b 0.387s
2025-11-20 23:54:16.874 65717 INFO tempest.lib.common.rest_client [req-8b7dc82d-ed5c-4f0d-8c73-32a320aa99c7 req-8b7dc82d-ed5c-4f0d-8c73-32a320aa99c7 ] Request (FloatingIPsAssociationNegativeTestJSON:setUpClass): 200 GET http://10.180.1.21/compute/v2.1/servers/e1d8d96a-73ee-4e40-b0b8-d2c270497366 0.442s
2025-11-20 23:54:16.936 65755 INFO tempest.lib.common.rest_client [req-2292360d-a5fd-4430-9d7d-a49408cf7f16 req-2292360d-a5fd-4430-9d7d-a49408cf7f16 ] Request (VolumesAssistedSnapshotsTest:tearDownClass): 200 GET http://10.180.1.21/compute/v2.1/servers/166dcce7-236e-4bbe-a90e-4f5f0c25b581 0.374s
2025-11-20 23:54:16.982 65741 INFO tempest.lib.common.rest_client [req-c8ead614-9226-4412-9ed7-048c4db0aece req-c8ead614-9226-4412-9ed7-048c4db0aece ] Request (ImagesOneServerTestJSON:setUpClass): 200 GET http://10.180.1.21/compute/v2.1/servers/10582404-2d45-4edf-ae68-f3ca441adab5 0.383s
2025-11-20 23:54:16.983 65701 INFO tempest.lib.common.rest_client [req-70163ade-c69c-4118-ad07-0d7f8d2b1404 req-70163ade-c69c-4118-ad07-0d7f8d2b1404 ] Request (AttachInterfacesV270Test:test_create_get_list_interfaces): 200 GET http://10.180.1.21/compute/v2.1/servers/f40d8016-4616-4826-be2e-47854c1bc158 0.392s
2025-11-20 23:54:17.039 65727 INFO tempest.lib.common.rest_client [req-c0aa8d8c-8648-4893-abe8-e191c0c29127 req-c0aa8d8c-8648-4893-abe8-e191c0c29127 ] Request (ServersTestManualDisk:setUpClass): 200 GET http://10.180.1.21/compute/v2.1/servers/a38b0779-893f-4113-ada6-e07bec13afeb 0.343s
2025-11-20 23:54:17.045 65740 INFO tempest.lib.common.rest_client [req-51314a18-1953-4fe7-8142-8976afb42c26 req-51314a18-1953-4fe7-8142-8976afb42c26 ] Request (ServersAdminTestJSON:test_create_server_with_scheduling_hint): 200 GET http://10.180.1.21/compute/v2.1/servers/3a28cc66-1479-43e9-b9e0-09101b7410f2 0.407s
2025-11-20 23:54:17.056 65736 INFO tempest.lib.common.rest_client [req-8ce0bdae-dc37-44ba-8fe5-407105b7fdab req-8ce0bdae-dc37-44ba-8fe5-407105b7fdab ] Request (KeyPairsV22TestJSON:test_keypairsv22_create_list_show): 200 GET http://10.180.1.21/compute/v2.1/os-keypairs 0.314s
2025-11-20 23:54:17.113 65747 INFO tempest.lib.common.rest_client [req-473f8b30-e161-465c-8d4e-111ded252a01 req-473f8b30-e161-465c-8d4e-111ded252a01 ] Request (AttachInterfacesTestJSON:_run_cleanups): 200 GET http://10.180.1.21/compute/v2.1/servers/6fb3540e-dc3d-470f-acc9-363274f651f4 0.376s
2025-11-20 23:54:17.125 65745 INFO tempest.lib.common.rest_client [req-28ac8f73-b3b9-4f5d-8469-3e90a6de3fc3 req-28ac8f73-b3b9-4f5d-8469-3e90a6de3fc3 ] Request (MigrationsAdminTest:test_resize_server_revert_deleted_flavor): 200 GET http://10.180.1.21/compute/v2.1/servers/c4f58268-5529-4f3c-a0f9-34fe43af7ad9 0.358s
2025-11-20 23:54:17.183 65697 INFO tempest.lib.common.rest_client [req-a5a99b06-ef80-4b81-a0bb-f260c5b25018 req-a5a99b06-ef80-4b81-a0bb-f260c5b25018 ] Request (ImagesTestJSON:test_create_image_from_suspended_server): 200 GET http://10.180.1.21/compute/v2.1/servers/81bcd996-e34a-4f1d-81bf-89afdc7e76a7 0.366s
2025-11-20 23:54:17.198 65759 INFO tempest.lib.common.rest_client [req-48d7976c-2780-4ecf-8de1-c1f001223b72 req-48d7976c-2780-4ecf-8de1-c1f001223b72 ] Request (AttachVolumeTestJSON:test_attach_detach_volume): 200 GET http://10.180.1.21/compute/v2.1/servers/15a2a063-2064-4059-a0ff-5989bc206f16 0.367s
2025-11-20 23:54:17.280 65729 INFO tempest.lib.common.rest_client [req-0f301bab-337c-41f7-a1e8-dfffb723dca0 req-0f301bab-337c-41f7-a1e8-dfffb723dca0 ] Request (ServersAdmin275Test:test_rebuild_update_server_275): 200 GET http://10.180.1.21/compute/v2.1/servers/e26e59f3-2d9c-4c83-86f0-40fa0d80d170 0.335s
2025-11-20 23:54:17.294 65705 INFO tempest.lib.common.rest_client [req-37a5cc16-de82-45db-b1ee-19b5289d3aec req-37a5cc16-de82-45db-b1ee-19b5289d3aec ] Request (ServerExternalEventsTest:tearDownClass): 200 GET http://10.180.1.21/compute/v2.1/servers/3ccbde3c-2180-48bc-b3a1-38ad39cc708e 0.367s
2025-11-20 23:54:17.317 65736 INFO tempest.lib.common.rest_client [req-8d87bced-c124-4319-a58e-a01b9030d8fa req-8d87bced-c124-4319-a58e-a01b9030d8fa ] Request (KeyPairsV22TestJSON:_run_cleanups): 204 DELETE http://10.180.1.21/compute/v2.1/os-keypairs/tempest-keypair-1499360091 0.259s
2025-11-20 23:54:17.342 65749 INFO tempest.lib.common.rest_client [req-0f7f1d4f-96f9-48b7-86dc-c65f0779e8aa req-0f7f1d4f-96f9-48b7-86dc-c65f0779e8aa ] Request (ServersAdminNegativeTestJSON:test_migrate_server_invalid_state): 200 GET http://10.180.1.21/compute/v2.1/servers/8e1f92bb-c70c-4780-bf87-7f7ab01b674b 0.308s
2025-11-20 23:54:17.426 65707 INFO tempest.lib.common.rest_client [req-468147c6-b44c-4790-816c-164b8ba35150 req-468147c6-b44c-4790-816c-164b8ba35150 ] Request (ServerShowV247Test:tearDownClass): 200 GET http://10.180.1.21/compute/v2.1/servers/cc1c4961-75df-4bdd-8dbb-f72ea9bdbc7b 0.308s
2025-11-20 23:54:17.574 65711 INFO tempest.lib.common.rest_client [req-0da4bc4a-03e8-4057-b192-755bcfb282f0 req-0da4bc4a-03e8-4057-b192-755bcfb282f0 ] Request (VolumesAdminNegativeTest:test_update_attached_volume_with_nonexistent_volume_in_uri): 200 GET http://10.180.1.21/compute/v2.1/servers/82247a02-85c2-4c27-9ed6-a2b243b4c9ed 0.451s
2025-11-20 23:54:17.591 65757 INFO tempest.lib.common.rest_client [req-9a69eab5-5d32-4617-afd3-d36f353cf675 req-9a69eab5-5d32-4617-afd3-d36f353cf675 ] Request (DeleteServersAdminTestJSON:test_delete_server_while_in_error_state): 200 GET http://10.180.1.21/compute/v2.1/servers/d079a571-5f75-4f09-af16-a8ccd49f1839 0.402s
2025-11-20 23:54:17.662 65713 INFO tempest.lib.common.rest_client [req-245f6c27-d046-4bf9-8334-f5ebab7b6797 req-245f6c27-d046-4bf9-8334-f5ebab7b6797 ] Request (ServerMetadataTestJSON:setUpClass): 200 GET http://10.180.1.21/compute/v2.1/servers/8a784bb0-2ecf-4283-bcf6-32c37650b48e 0.419s
2025-11-20 23:54:17.783 65719 INFO tempest.lib.common.rest_client [req-a5e66a42-4af3-45be-adf6-0712b919bb9a req-a5e66a42-4af3-45be-adf6-0712b919bb9a ] Request (SecurityGroupsTestJSON:test_server_security_groups): 200 GET http://10.180.1.21/compute/v2.1/servers/ebc3cf0d-e871-46e1-9732-adaf51fa4681 0.311s
2025-11-20 23:54:17.864 65709 INFO tempest.lib.common.rest_client [req-9af55a7f-f7dd-48ca-9004-f6b4d5edff93 req-9af55a7f-f7dd-48ca-9004-f6b4d5edff93 ] Request (ListServerFiltersTestJSON:tearDownClass): 200 GET http://10.180.1.21/compute/v2.1/servers/5c925661-b7dc-4a24-bc33-860dcc0ed354 0.327s
2025-11-20 23:54:17.930 65703 INFO tempest.lib.common.rest_client [req-aa89287d-a55a-4c6d-9944-20de8074865b req-aa89287d-a55a-4c6d-9944-20de8074865b ] Request (ListImageFiltersTestJSON:setUpClass): 200 GET http://10.180.1.21/compute/v2.1/images/a0947fd4-929f-4d82-b1ce-d26321b6e609 0.347s
2025-11-20 23:54:17.989 65736 INFO tempest.lib.common.rest_client [req-dc713ca0-8ecb-4e60-90c4-0faf7a8b790c req-dc713ca0-8ecb-4e60-90c4-0faf7a8b790c ] Request (KeyPairsV22TestJSON:test_keypairsv22_create_list_show_with_type): 201 POST http://10.180.1.21/compute/v2.1/os-keypairs 0.668s
2025-11-20 23:54:18.022 65721 INFO tempest.lib.common.rest_client [req-988226ca-cc26-4daa-962d-936596daf1c2 req-988226ca-cc26-4daa-962d-936596daf1c2 ] Request (ServerActionsTestOtherB:setUpClass): 200 GET http://10.180.1.21/compute/v2.1/servers/f8fab45e-7f27-4dbd-902d-1ec491593765 0.360s
2025-11-20 23:54:18.130 65733 INFO tempest.lib.common.rest_client [req-69c8660c-ddf3-4ba6-a74d-957959472e9c req-69c8660c-ddf3-4ba6-a74d-957959472e9c ] Request (InstanceActionsTestJSON:tearDownClass): 200 GET http://10.180.1.21/compute/v2.1/servers/0fb398a4-268d-4f3f-8394-31ae1a9cb49e 0.393s
2025-11-20 23:54:18.182 65715 INFO tempest.lib.common.rest_client [req-6db48cf3-3227-4183-bf01-7a01063cbfa8 req-6db48cf3-3227-4183-bf01-7a01063cbfa8 ] Request (DeleteServersTestJSON:test_delete_server_while_in_attached_volume): 200 GET http://10.180.1.21/compute/v2.1/servers/d6c58fc3-dbda-4cbc-b5e7-4fa0d7044300 0.510s
2025-11-20 23:54:18.189 65715 INFO tempest.common.waiters [-] State transition "BUILD/networking" ==> "BUILD/block_device_mapping" after 38 second wait
2025-11-20 23:54:18.372 65731 INFO tempest.lib.common.rest_client [req-9ca5e3b7-6dc4-4cba-a09e-22b0d1d7217c req-9ca5e3b7-6dc4-4cba-a09e-22b0d1d7217c ] Request (ServerRescueTestJSONUnderV235:setUpClass): 200 GET http://10.180.1.21/compute/v2.1/servers/6bbb1071-9c61-4784-b7a9-95cdef90f51b 0.496s
2025-11-20 23:54:18.409 65699 INFO tempest.lib.common.rest_client [req-6be0d5ff-2586-4add-9710-abe5197b2d2d req-6be0d5ff-2586-4add-9710-abe5197b2d2d ] Request (ServerPasswordTestJSON:tearDownClass): 200 GET http://10.180.1.21/compute/v2.1/servers/2b65e721-6ba5-4a72-90da-cf7d8d6f86da 0.591s
2025-11-20 23:54:18.529 65755 INFO tempest.lib.common.rest_client [req-d958677e-e931-42ec-8fce-94101a51431f req-d958677e-e931-42ec-8fce-94101a51431f ] Request (VolumesAssistedSnapshotsTest:tearDownClass): 200 GET http://10.180.1.21/compute/v2.1/servers/166dcce7-236e-4bbe-a90e-4f5f0c25b581 0.585s
2025-11-20 23:54:18.547 65736 INFO tempest.lib.common.rest_client [req-1459b960-8d6b-454c-89a9-f66072e53bf2 req-1459b960-8d6b-454c-89a9-f66072e53bf2 ] Request (KeyPairsV22TestJSON:test_keypairsv22_create_list_show_with_type): 200 GET http://10.180.1.21/compute/v2.1/os-keypairs/tempest-keypair-554780640 0.556s
2025-11-20 23:54:18.573 65717 INFO tempest.lib.common.rest_client [req-9832a018-1a07-4635-8905-46cfd74b2eb0 req-9832a018-1a07-4635-8905-46cfd74b2eb0 ] Request (FloatingIPsAssociationNegativeTestJSON:setUpClass): 200 GET http://10.180.1.21/compute/v2.1/servers/e1d8d96a-73ee-4e40-b0b8-d2c270497366 0.689s
2025-11-20 23:54:18.658 65753 WARNING tempest.lib.common.ssh [-] Failed to establish authenticated ssh connection to cirros@10.180.180.205 ([Errno None] Unable to connect to port 22 on 10.180.180.205). Number attempts: 3. Retry after 4 seconds.: paramiko.ssh_exception.NoValidConnectionsError: [Errno None] Unable to connect to port 22 on 10.180.180.205
2025-11-20 23:54:18.669 65741 INFO tempest.lib.common.rest_client [req-f370c3b4-e912-45c0-a597-b45ea3fe087e req-f370c3b4-e912-45c0-a597-b45ea3fe087e ] Request (ImagesOneServerTestJSON:setUpClass): 200 GET http://10.180.1.21/compute/v2.1/servers/10582404-2d45-4edf-ae68-f3ca441adab5 0.677s
2025-11-20 23:54:19.067 65727 INFO tempest.lib.common.rest_client [req-f019f4cf-50ee-4f28-abe5-973a6c9d060c req-f019f4cf-50ee-4f28-abe5-973a6c9d060c ] Request (ServersTestManualDisk:setUpClass): 200 GET http://10.180.1.21/compute/v2.1/servers/a38b0779-893f-4113-ada6-e07bec13afeb 1.020s
2025-11-20 23:54:19.143 65701 INFO tempest.lib.common.rest_client [req-ce3fe08f-8c22-4f05-853f-87f6a5906cf8 req-ce3fe08f-8c22-4f05-853f-87f6a5906cf8 ] Request (AttachInterfacesV270Test:test_create_get_list_interfaces): 200 GET http://10.180.1.21/compute/v2.1/servers/f40d8016-4616-4826-be2e-47854c1bc158 1.150s
2025-11-20 23:54:19.157 65740 INFO tempest.lib.common.rest_client [req-91360019-9cbc-4d63-b721-afbef279de3a req-91360019-9cbc-4d63-b721-afbef279de3a ] Request (ServersAdminTestJSON:test_create_server_with_scheduling_hint): 200 GET http://10.180.1.21/compute/v2.1/servers/3a28cc66-1479-43e9-b9e0-09101b7410f2 1.100s
2025-11-20 23:54:19.205 65747 INFO tempest.lib.common.rest_client [req-c1e69842-8c04-471b-9b32-e329381dde7b req-c1e69842-8c04-471b-9b32-e329381dde7b ] Request (AttachInterfacesTestJSON:_run_cleanups): 200 GET http://10.180.1.21/compute/v2.1/servers/6fb3540e-dc3d-470f-acc9-363274f651f4 1.075s
2025-11-20 23:54:19.218 65745 INFO tempest.lib.common.rest_client [req-c011760b-1cd5-400a-9dc9-bcdad183957f req-c011760b-1cd5-400a-9dc9-bcdad183957f ] Request (MigrationsAdminTest:test_resize_server_revert_deleted_flavor): 200 GET http://10.180.1.21/compute/v2.1/servers/c4f58268-5529-4f3c-a0f9-34fe43af7ad9 1.079s
2025-11-20 23:54:19.253 65697 INFO tempest.lib.common.rest_client [req-16d4ae5a-362d-420d-9725-da346a3fff9e req-16d4ae5a-362d-420d-9725-da346a3fff9e ] Request (ImagesTestJSON:test_create_image_from_suspended_server): 200 GET http://10.180.1.21/compute/v2.1/servers/81bcd996-e34a-4f1d-81bf-89afdc7e76a7 1.060s
2025-11-20 23:54:19.274 65759 INFO tempest.lib.common.rest_client [req-de2bd7ac-502a-42e6-87a4-1c885f11769f req-de2bd7ac-502a-42e6-87a4-1c885f11769f ] Request (AttachVolumeTestJSON:test_attach_detach_volume): 200 GET http://10.180.1.21/compute/v2.1/servers/15a2a063-2064-4059-a0ff-5989bc206f16 1.064s
2025-11-20 23:54:19.283 65705 INFO tempest.lib.common.rest_client [req-c38edce0-f04e-41a8-8127-9bbe7999985b req-c38edce0-f04e-41a8-8127-9bbe7999985b ] Request (ServerExternalEventsTest:tearDownClass): 404 GET http://10.180.1.21/compute/v2.1/servers/3ccbde3c-2180-48bc-b3a1-38ad39cc708e 0.979s
2025-11-20 23:54:19.335 65729 INFO tempest.lib.common.rest_client [req-2dee714d-12c8-4907-8554-16f99cb6cd33 req-2dee714d-12c8-4907-8554-16f99cb6cd33 ] Request (ServersAdmin275Test:test_rebuild_update_server_275): 200 GET http://10.180.1.21/compute/v2.1/servers/e26e59f3-2d9c-4c83-86f0-40fa0d80d170 1.028s
2025-11-20 23:54:19.340 65749 INFO tempest.lib.common.rest_client [req-3f8bbbad-474c-4d62-bb01-4b8da1552dce req-3f8bbbad-474c-4d62-bb01-4b8da1552dce ] Request (ServersAdminNegativeTestJSON:test_migrate_server_invalid_state): 200 GET http://10.180.1.21/compute/v2.1/servers/8e1f92bb-c70c-4780-bf87-7f7ab01b674b 0.989s
2025-11-20 23:54:19.354 65736 INFO tempest.lib.common.rest_client [req-d6c1621d-b4c4-4745-b738-439b5507636c req-d6c1621d-b4c4-4745-b738-439b5507636c ] Request (KeyPairsV22TestJSON:test_keypairsv22_create_list_show_with_type): 200 GET http://10.180.1.21/compute/v2.1/os-keypairs 0.804s
2025-11-20 23:54:19.396 65705 INFO tempest.lib.common.rest_client [req-fe113d35-bd4e-4fce-9154-258cbd01dada req-fe113d35-bd4e-4fce-9154-258cbd01dada ] Request (ServerExternalEventsTest:tearDownClass): 204 DELETE http://10.180.1.21/identity/v3/users/82e699bd812c4fe9be2d6901fb0c9453 0.113s
2025-11-20 23:54:19.415 65707 INFO tempest.lib.common.rest_client [req-3f130e5c-df92-4859-826e-616c7ec94fad req-3f130e5c-df92-4859-826e-616c7ec94fad ] Request (ServerShowV247Test:tearDownClass): 200 GET http://10.180.1.21/compute/v2.1/servers/cc1c4961-75df-4bdd-8dbb-f72ea9bdbc7b 0.975s
2025-11-20 23:54:19.481 65757 INFO tempest.lib.common.rest_client [req-0724eba0-2002-4f37-adca-ef2c63a6475c req-0724eba0-2002-4f37-adca-ef2c63a6475c ] Request (DeleteServersAdminTestJSON:test_delete_server_while_in_error_state): 200 GET http://10.180.1.21/compute/v2.1/servers/d079a571-5f75-4f09-af16-a8ccd49f1839 0.878s
2025-11-20 23:54:19.529 65705 INFO tempest.lib.common.rest_client [req-eb7b0c48-3f70-4a57-8760-1a2f2e3a7be2 req-eb7b0c48-3f70-4a57-8760-1a2f2e3a7be2 ] Request (ServerExternalEventsTest:tearDownClass): 204 DELETE http://10.180.1.21/identity/v3/users/fe883a2a2b794532b8e979a4d369929e 0.132s
2025-11-20 23:54:19.549 65713 INFO tempest.lib.common.rest_client [req-af5c5e63-4abb-4745-b8d3-333230e7126e req-af5c5e63-4abb-4745-b8d3-333230e7126e ] Request (ServerMetadataTestJSON:setUpClass): 200 GET http://10.180.1.21/compute/v2.1/servers/8a784bb0-2ecf-4283-bcf6-32c37650b48e 0.873s
2025-11-20 23:54:19.569 65711 INFO tempest.lib.common.rest_client [req-8d1d4832-b805-40c4-b8fd-06d71b91ebd7 req-8d1d4832-b805-40c4-b8fd-06d71b91ebd7 ] Request (VolumesAdminNegativeTest:test_update_attached_volume_with_nonexistent_volume_in_uri): 200 GET http://10.180.1.21/compute/v2.1/servers/82247a02-85c2-4c27-9ed6-a2b243b4c9ed 0.983s
2025-11-20 23:54:19.618 65719 INFO tempest.lib.common.rest_client [req-a8a7c8e2-2af5-4250-b6f9-aa44e17ee643 req-a8a7c8e2-2af5-4250-b6f9-aa44e17ee643 ] Request (SecurityGroupsTestJSON:test_server_security_groups): 200 GET http://10.180.1.21/compute/v2.1/servers/ebc3cf0d-e871-46e1-9732-adaf51fa4681 0.822s
2025-11-20 23:54:19.636 65709 INFO tempest.lib.common.rest_client [req-bc2b6c77-ffc6-4d51-97b8-94eed48f8e55 req-bc2b6c77-ffc6-4d51-97b8-94eed48f8e55 ] Request (ListServerFiltersTestJSON:tearDownClass): 200 GET http://10.180.1.21/compute/v2.1/servers/5c925661-b7dc-4a24-bc33-860dcc0ed354 0.759s
2025-11-20 23:54:19.652 65705 INFO tempest.lib.common.rest_client [req-55a74f0c-f1c7-4ca1-8f41-7e566017d3e0 req-55a74f0c-f1c7-4ca1-8f41-7e566017d3e0 ] Request (ServerExternalEventsTest:tearDownClass): 204 DELETE http://10.180.1.21/identity/v3/users/62ed97c4a23a4d319254d5d43bd19ee7 0.122s
2025-11-20 23:54:19.653 65705 INFO tempest.lib.common.dynamic_creds [-] Deleting project and security group for project: 2c7a0feae1f64d0b928990a797b25ce9
2025-11-20 23:54:19.655 65703 INFO tempest.lib.common.rest_client [req-1a19fcaf-e1a7-4c68-9a8d-40d312ba7741 req-1a19fcaf-e1a7-4c68-9a8d-40d312ba7741 ] Request (ListImageFiltersTestJSON:setUpClass): 200 GET http://10.180.1.21/compute/v2.1/images/a0947fd4-929f-4d82-b1ce-d26321b6e609 0.720s
2025-11-20 23:54:19.690 65721 INFO tempest.lib.common.rest_client [req-35140ce7-8425-4fdb-8dfb-612b6048da03 req-35140ce7-8425-4fdb-8dfb-612b6048da03 ] Request (ServerActionsTestOtherB:setUpClass): 200 GET http://10.180.1.21/compute/v2.1/servers/f8fab45e-7f27-4dbd-902d-1ec491593765 0.656s
2025-11-20 23:54:19.712 65705 INFO tempest.lib.common.rest_client [req-5735d97f-e7c2-4a31-9b9c-439cc5d3dbb7 req-5735d97f-e7c2-4a31-9b9c-439cc5d3dbb7 ] Request (ServerExternalEventsTest:tearDownClass): 201 POST http://10.180.1.21/identity/v3/auth/tokens 0.059s
2025-11-20 23:54:19.714 65733 INFO tempest.lib.common.rest_client [req-19fafeda-03b5-4d2b-90fb-5a19407250ee req-19fafeda-03b5-4d2b-90fb-5a19407250ee ] Request (InstanceActionsTestJSON:tearDownClass): 200 GET http://10.180.1.21/compute/v2.1/servers/0fb398a4-268d-4f3f-8394-31ae1a9cb49e 0.575s
2025-11-20 23:54:19.733 65736 INFO tempest.lib.common.rest_client [req-aef215e4-4981-4115-b9b9-86f16c35bbf0 req-aef215e4-4981-4115-b9b9-86f16c35bbf0 ] Request (KeyPairsV22TestJSON:_run_cleanups): 204 DELETE http://10.180.1.21/compute/v2.1/os-keypairs/tempest-keypair-554780640 0.377s
2025-11-20 23:54:19.811 65736 INFO tempest.lib.common.rest_client [req-4971cbf3-a7a4-41ca-bd54-86743150cf29 req-4971cbf3-a7a4-41ca-bd54-86743150cf29 ] Request (KeyPairsV22TestJSON:tearDownClass): 204 DELETE http://10.180.1.21/identity/v3/users/47121089c10846dd9c24ad5ee2b0f635 0.077s
2025-11-20 23:54:19.812 65736 INFO tempest.lib.common.dynamic_creds [-] Deleting project and security group for project: 336f779580ab47f2b3e76c3a9b3bba4e
2025-11-20 23:54:19.848 65731 INFO tempest.lib.common.rest_client [req-dfe48be6-bdf3-4ca8-8848-4c4d1f93cb34 req-dfe48be6-bdf3-4ca8-8848-4c4d1f93cb34 ] Request (ServerRescueTestJSONUnderV235:setUpClass): 200 GET http://10.180.1.21/compute/v2.1/servers/6bbb1071-9c61-4784-b7a9-95cdef90f51b 0.468s
2025-11-20 23:54:19.870 65715 INFO tempest.lib.common.rest_client [req-9bf6fc3c-6cc4-4ed7-8cbe-5e64e2c0fab9 req-9bf6fc3c-6cc4-4ed7-8cbe-5e64e2c0fab9 ] Request (DeleteServersTestJSON:test_delete_server_while_in_attached_volume): 200 GET http://10.180.1.21/compute/v2.1/servers/d6c58fc3-dbda-4cbc-b5e7-4fa0d7044300 0.679s
2025-11-20 23:54:19.878 65715 INFO tempest.common.waiters [-] State transition "BUILD/block_device_mapping" ==> "BUILD/spawning" after 39 second wait
2025-11-20 23:54:19.886 65736 INFO tempest.lib.common.rest_client [req-da57e8be-4831-4cc8-9225-38ebbda43559 req-da57e8be-4831-4cc8-9225-38ebbda43559 ] Request (KeyPairsV22TestJSON:tearDownClass): 201 POST http://10.180.1.21/identity/v3/auth/tokens 0.074s
2025-11-20 23:54:19.899 65705 INFO tempest.lib.common.rest_client [req-681fc142-2c5a-425c-840d-10ceaa238cb4 req-681fc142-2c5a-425c-840d-10ceaa238cb4 ] Request (ServerExternalEventsTest:tearDownClass): 200 GET http://10.180.1.21/networking/v2.0/security-groups?tenant_id=2c7a0feae1f64d0b928990a797b25ce9&name=default 0.187s
2025-11-20 23:54:19.912 65699 INFO tempest.lib.common.rest_client [req-0e6476af-02af-4f99-b713-f7bc3a85fd15 req-0e6476af-02af-4f99-b713-f7bc3a85fd15 ] Request (ServerPasswordTestJSON:tearDownClass): 200 GET http://10.180.1.21/compute/v2.1/servers/2b65e721-6ba5-4a72-90da-cf7d8d6f86da 0.491s
2025-11-20 23:54:19.995 65705 INFO tempest.lib.common.rest_client [req-c790e168-f4e0-4b1e-afd2-47aa6a0eb4aa req-c790e168-f4e0-4b1e-afd2-47aa6a0eb4aa ] Request (ServerExternalEventsTest:tearDownClass): 204 DELETE http://10.180.1.21/networking/v2.0/security-groups/3296869e-2e6b-4cda-b3a8-8c8d827c3360 0.095s
2025-11-20 23:54:20.070 65705 INFO tempest.lib.common.rest_client [req-187d1785-4193-47e6-b932-d8e5d13d07c4 req-187d1785-4193-47e6-b932-d8e5d13d07c4 ] Request (ServerExternalEventsTest:tearDownClass): 204 DELETE http://10.180.1.21/identity/v3/projects/2c7a0feae1f64d0b928990a797b25ce9 0.073s
2025-11-20 23:54:20.070 65705 INFO tempest.lib.common.dynamic_creds [-] Deleting project and security group for project: 75ee68b3d3cb47309e37c0eabf686d5b
2025-11-20 23:54:20.072 65755 INFO tempest.lib.common.rest_client [req-85a21f90-f08a-430a-a420-dfe58bb4adf4 req-85a21f90-f08a-430a-a420-dfe58bb4adf4 ] Request (VolumesAssistedSnapshotsTest:tearDownClass): 200 GET http://10.180.1.21/compute/v2.1/servers/166dcce7-236e-4bbe-a90e-4f5f0c25b581 0.533s
2025-11-20 23:54:20.078 65736 INFO tempest.lib.common.rest_client [req-76f480d1-8d95-4b53-a444-dae29a87d239 req-76f480d1-8d95-4b53-a444-dae29a87d239 ] Request (KeyPairsV22TestJSON:tearDownClass): 200 GET http://10.180.1.21/networking/v2.0/security-groups?tenant_id=336f779580ab47f2b3e76c3a9b3bba4e&name=default 0.192s
2025-11-20 23:54:20.099 65705 INFO tempest.lib.common.rest_client [req-6181392f-5c90-4dd2-8130-de8329b13427 req-6181392f-5c90-4dd2-8130-de8329b13427 ] Request (ServerExternalEventsTest:tearDownClass): 200 GET http://10.180.1.21/networking/v2.0/security-groups?tenant_id=75ee68b3d3cb47309e37c0eabf686d5b&name=default 0.029s
2025-11-20 23:54:20.102 65717 INFO tempest.lib.common.rest_client [req-b3370c4e-5cf9-4a0e-941f-387446b53558 req-b3370c4e-5cf9-4a0e-941f-387446b53558 ] Request (FloatingIPsAssociationNegativeTestJSON:setUpClass): 200 GET http://10.180.1.21/compute/v2.1/servers/e1d8d96a-73ee-4e40-b0b8-d2c270497366 0.518s
2025-11-20 23:54:20.109 65717 INFO tempest.common.waiters [-] State transition "BUILD/spawning" ==> "ACTIVE/None" after 45 second wait
2025-11-20 23:54:20.180 65736 INFO tempest.lib.common.rest_client [req-ffd89c50-1453-4db1-8c74-c23374578a51 req-ffd89c50-1453-4db1-8c74-c23374578a51 ] Request (KeyPairsV22TestJSON:tearDownClass): 204 DELETE http://10.180.1.21/networking/v2.0/security-groups/07459eb4-6185-423d-9181-4911a35a7aa6 0.101s
2025-11-20 23:54:20.196 65705 INFO tempest.lib.common.rest_client [req-92e0ee5a-a1f1-4120-8156-232778245c8b req-92e0ee5a-a1f1-4120-8156-232778245c8b ] Request (ServerExternalEventsTest:tearDownClass): 204 DELETE http://10.180.1.21/networking/v2.0/security-groups/9bd2a21e-367b-4c23-88b0-793f867bf3fe 0.097s
2025-11-20 23:54:20.203 65741 INFO tempest.lib.common.rest_client [req-d1d62028-788f-44b6-94a3-a6a9b8b6947a req-d1d62028-788f-44b6-94a3-a6a9b8b6947a ] Request (ImagesOneServerTestJSON:setUpClass): 200 GET http://10.180.1.21/compute/v2.1/servers/10582404-2d45-4edf-ae68-f3ca441adab5 0.508s
2025-11-20 23:54:20.215 65727 INFO tempest.lib.common.rest_client [req-f4c69fca-e00d-4cc9-b978-4b36a5f77db9 req-f4c69fca-e00d-4cc9-b978-4b36a5f77db9 ] Request (ServersTestManualDisk:setUpClass): 200 GET http://10.180.1.21/compute/v2.1/servers/a38b0779-893f-4113-ada6-e07bec13afeb 0.139s
2025-11-20 23:54:20.300 65736 INFO tempest.lib.common.rest_client [req-b433e3da-411e-466f-aea8-179a09498acf req-b433e3da-411e-466f-aea8-179a09498acf ] Request (KeyPairsV22TestJSON:tearDownClass): 204 DELETE http://10.180.1.21/identity/v3/projects/336f779580ab47f2b3e76c3a9b3bba4e 0.119s
2025-11-20 23:54:20.315 65705 INFO tempest.lib.common.rest_client [req-64706d52-f14e-4736-b9ad-ff07a9c9aebe req-64706d52-f14e-4736-b9ad-ff07a9c9aebe ] Request (ServerExternalEventsTest:tearDownClass): 204 DELETE http://10.180.1.21/identity/v3/projects/75ee68b3d3cb47309e37c0eabf686d5b 0.118s
2025-11-20 23:54:20.315 65705 INFO tempest.lib.common.dynamic_creds [-] Deleting project and security group for project: c65d208abe41463ba52bcac3fc439530
2025-11-20 23:54:20.365 65736 INFO tempest.lib.common.rest_client [req-b0654236-e19c-4417-b83a-658de0830d0b req-b0654236-e19c-4417-b83a-658de0830d0b ] Request (AttachInterfacesUnderV243Test:setUpClass): 201 POST http://10.180.1.21/identity/v3/auth/tokens 0.064s
2025-11-20 23:54:20.400 65736 INFO tempest.lib.common.rest_client [req-7ff1f9c2-8cc1-4ab8-8cc3-60601831c7ea req-7ff1f9c2-8cc1-4ab8-8cc3-60601831c7ea ] Request (AttachInterfacesUnderV243Test:setUpClass): 201 POST http://10.180.1.21/identity/v3/auth/tokens 0.032s
2025-11-20 23:54:20.429 65736 INFO tempest.lib.common.rest_client [req-f03ab60e-3a9c-453b-ba28-e51bb3f4c35e req-f03ab60e-3a9c-453b-ba28-e51bb3f4c35e ] Request (AttachInterfacesUnderV243Test:setUpClass): 200 GET http://10.180.1.21/identity/v3/domains?name=Default 0.029s
2025-11-20 23:54:20.436 65705 INFO tempest.lib.common.rest_client [req-13b398e7-4b8e-4fa8-b471-97dbec634295 req-13b398e7-4b8e-4fa8-b471-97dbec634295 ] Request (ServerExternalEventsTest:tearDownClass): 200 GET http://10.180.1.21/networking/v2.0/security-groups?tenant_id=c65d208abe41463ba52bcac3fc439530&name=default 0.120s
2025-11-20 23:54:20.462 65736 INFO tempest.lib.common.rest_client [req-1e784546-76be-4eb2-bd09-2427e41eda27 req-1e784546-76be-4eb2-bd09-2427e41eda27 ] Request (AttachInterfacesUnderV243Test:setUpClass): 201 POST http://10.180.1.21/identity/v3/projects 0.032s
2025-11-20 23:54:20.469 65701 INFO tempest.lib.common.rest_client [req-70e35dc7-828b-4e7f-80bd-9834d0b37cc1 req-70e35dc7-828b-4e7f-80bd-9834d0b37cc1 ] Request (AttachInterfacesV270Test:test_create_get_list_interfaces): 200 GET http://10.180.1.21/compute/v2.1/servers/f40d8016-4616-4826-be2e-47854c1bc158 0.316s
2025-11-20 23:54:20.478 65701 INFO tempest.common.waiters [-] State transition "BUILD/spawning" ==> "ACTIVE/None" after 44 second wait
2025-11-20 23:54:20.549 65736 INFO tempest.lib.common.rest_client [req-1dfb8b8e-9d75-4afa-a66a-0bcbac6d4438 req-1dfb8b8e-9d75-4afa-a66a-0bcbac6d4438 ] Request (AttachInterfacesUnderV243Test:setUpClass): 201 POST http://10.180.1.21/identity/v3/users 0.086s
2025-11-20 23:54:20.573 65736 INFO tempest.lib.common.rest_client [req-62a14ac4-090a-4249-9681-1be40ae26c6a req-62a14ac4-090a-4249-9681-1be40ae26c6a ] Request (AttachInterfacesUnderV243Test:setUpClass): 200 GET http://10.180.1.21/identity/v3/roles 0.023s
2025-11-20 23:54:20.601 65705 INFO tempest.lib.common.rest_client [req-282b8647-59b7-4375-b6c9-1f30e9cefb3a req-282b8647-59b7-4375-b6c9-1f30e9cefb3a ] Request (ServerExternalEventsTest:tearDownClass): 204 DELETE http://10.180.1.21/networking/v2.0/security-groups/d8774091-d45c-4112-9253-b94ee3d3544d 0.165s
2025-11-20 23:54:20.605 65736 INFO tempest.lib.common.rest_client [req-dd6654f9-ca29-4c54-aa53-c45c17b04d07 req-dd6654f9-ca29-4c54-aa53-c45c17b04d07 ] Request (AttachInterfacesUnderV243Test:setUpClass): 204 PUT http://10.180.1.21/identity/v3/projects/204e393ab8334d7b88099c87797d2d15/users/bd3e46e2b0174de6bf3f65ce24e46f45/roles/4b019e04c34844a588e30dd68e89db97 0.031s
2025-11-20 23:54:20.605 65736 INFO tempest.lib.common.dynamic_creds [-] Dynamic test user bd3e46e2b0174de6bf3f65ce24e46f45 is created with scope project and roles: ['member']
