2025-11-20 23:52:36.284 65753 INFO tempest.lib.common.rest_client [req-21fa1036-7680-445e-a698-fdb73a10f019 req-21fa1036-7680-445e-a698-fdb73a10f019 ] Request (ServerDiagnosticsNegativeTest:test_get_server_diagnostics_by_non_admin): 403 GET http://10.180.1.21/compute/v2.1/servers/03ef6113-83f9-480b-96e5-f200fc2042cc/diagnostics 3.023s
2025-11-20 23:52:36.287 65743 INFO tempest.lib.common.rest_client [req-273f052f-4ad4-4b0c-9e96-c720d449c80e req-273f052f-4ad4-4b0c-9e96-c720d449c80e ] Request (ComputeTenantNetworksTest:test_list_show_tenant_networks): 200 GET http://10.180.1.21/compute/v2.1/os-tenant-networks 3.242s
2025-11-20 23:52:36.324 65703 INFO tempest.lib.common.rest_client [req-b1528cbd-4a94-4f85-8490-d0ecf2c73466 req-b1528cbd-4a94-4f85-8490-d0ecf2c73466 ] Request (ListImageFiltersTestJSON:setUpClass): 200 GET http://10.180.1.21/compute/v2.1/images/d231548e-2a39-4040-97fd-336aa079dcc1 2.772s
2025-11-20 23:52:36.587 65727 INFO tempest.lib.common.rest_client [req-07eb95a0-3f2a-4e88-bc06-2aae3dcb006c req-07eb95a0-3f2a-4e88-bc06-2aae3dcb006c ] Request (ImagesMetadataTestJSON:setUp): 200 PUT http://10.180.1.21/compute/v2.1/images/13f681cd-fe73-4d07-9c93-85d0eeca16b6/metadata 2.969s
2025-11-20 23:52:36.649 65713 INFO tempest.lib.common.rest_client [req-ed5bd03b-841d-4872-8a24-ba347fd130c2 req-ed5bd03b-841d-4872-8a24-ba347fd130c2 ] Request (InstanceActionsNegativeTestJSON:setUpClass): 200 GET http://10.180.1.21/compute/v2.1/servers/490b60a8-a41e-4f0e-a810-63fb315dd13a 2.141s
2025-11-20 23:52:36.683 65731 INFO tempest.lib.common.rest_client [req-762968b4-828b-4f57-a5cc-30c7ac785081 req-762968b4-828b-4f57-a5cc-30c7ac785081 ] Request (KeyPairsNegativeTestJSON:test_create_keypair_invalid_name): 400 POST http://10.180.1.21/compute/v2.1/os-keypairs 2.115s
2025-11-20 23:52:36.702 65703 INFO tempest.lib.common.rest_client [req-d4fa39a5-4132-4a37-aa37-9b26b3109e79 req-d4fa39a5-4132-4a37-aa37-9b26b3109e79 ] Request (ListImageFiltersTestJSON:setUpClass): 201 POST http://10.180.1.21/image/v2/images 0.375s
2025-11-20 23:52:36.805 65747 INFO tempest.lib.common.rest_client [req-46cf69a5-ee2e-4af9-915a-d1bd2ad19f78 req-46cf69a5-ee2e-4af9-915a-d1bd2ad19f78 ] Request (AttachInterfacesTestJSON:test_create_list_show_delete_interfaces_by_fixed_ip): 200 GET http://10.180.1.21/compute/v2.1/servers/6fb3540e-dc3d-470f-acc9-363274f651f4 2.216s
2025-11-20 23:52:36.813 65747 INFO tempest.common.waiters [-] State transition "BUILD/None" ==> "BUILD/spawning" after 13 second wait
2025-11-20 23:52:36.840 65740 INFO tempest.lib.common.rest_client [req-288e880f-f559-4538-a728-c21bca22a395 req-288e880f-f559-4538-a728-c21bca22a395 ] Request (FlavorsExtraSpecsTestJSON:test_flavor_set_get_update_show_unset_keys): 200 DELETE http://10.180.1.21/compute/v2.1/flavors/379830907/os-extra_specs/hw:cpu_policy 1.797s
2025-11-20 23:52:36.930 65749 INFO tempest.lib.common.rest_client [req-d3aa4ace-b854-451b-a77e-7b8922642f7e req-d3aa4ace-b854-451b-a77e-7b8922642f7e ] Request (ServerDiagnosticsTest:test_get_server_diagnostics): 200 GET http://10.180.1.21/compute/v2.1/servers/418c126f-967d-47d3-9340-95b63cb151cb/diagnostics 3.640s
2025-11-20 23:52:37.206 65725 INFO tempest.lib.common.rest_client [req-9265e21c-7188-4758-b275-4907ef238faf req-9265e21c-7188-4758-b275-4907ef238faf ] Request (ServersWithSpecificFlavorTestJSON:test_verify_created_server_ephemeral_disk): 200 GET http://10.180.1.21/compute/v2.1/servers/49f7111c-a3f5-4e7d-8eda-41ff9f7043e0 1.738s
2025-11-20 23:52:37.242 65737 INFO tempest.lib.common.rest_client [req-bea7bbf4-47e4-475a-aee6-0d23c9eb1066 req-bea7bbf4-47e4-475a-aee6-0d23c9eb1066 ] Request (FlavorsAccessTestJSON:_run_cleanups): 200 GET http://10.180.1.21/compute/v2.1/flavors/detail 1.751s
2025-11-20 23:52:37.255 65705 INFO tempest.lib.common.rest_client [req-7519afc4-16c2-4505-a469-3fa3cea286d3 req-7519afc4-16c2-4505-a469-3fa3cea286d3 ] Request (HostsAdminNegativeTestJSON:test_update_host_with_invalid_maintenance_mode): 400 PUT http://10.180.1.21/compute/v2.1/os-hosts/devstack 1.749s
2025-11-20 23:52:37.284 65729 INFO tempest.lib.common.rest_client [req-71842eec-d36b-4ce9-a34d-f3b46053e10c req-71842eec-d36b-4ce9-a34d-f3b46053e10c ] Request (AggregatesAdminNegativeTestJSON:test_aggregate_add_non_exist_host): 404 POST http://10.180.1.21/compute/v2.1/os-aggregates/3/action 1.750s
2025-11-20 23:52:37.301 65741 INFO tempest.lib.common.rest_client [req-4931c226-3942-4ba5-94c7-fe52f1254c56 req-4931c226-3942-4ba5-94c7-fe52f1254c56 ] Request (FlavorsAdminTestJSON:test_create_flavor_with_none_id): 200 POST http://10.180.1.21/compute/v2.1/flavors 1.731s
2025-11-20 23:52:37.317 65711 INFO tempest.lib.common.rest_client [req-f7167867-4304-4908-8369-2239a2e87ab2 req-f7167867-4304-4908-8369-2239a2e87ab2 ] Request (FlavorsAccessNegativeTestJSON:test_flavor_non_admin_add): 200 POST http://10.180.1.21/compute/v2.1/flavors 1.726s
2025-11-20 23:52:37.330 65699 INFO tempest.lib.common.rest_client [req-c5607c7b-021c-4356-9959-d12823adb227 req-c5607c7b-021c-4356-9959-d12823adb227 ] Request (FlavorsV2TestJSON:test_list_flavors_detailed_filter_by_min_ram): 200 GET http://10.180.1.21/compute/v2.1/flavors/42 1.716s
2025-11-20 23:52:37.345 65723 INFO tempest.lib.common.rest_client [req-fc90c0e0-7a1d-4757-a84e-823b2654d4eb req-fc90c0e0-7a1d-4757-a84e-823b2654d4eb ] Request (QuotaClassesAdmin257Test:test_update_default_quotas): 200 GET http://10.180.1.21/compute/v2.1/os-quota-class-sets/default 1.683s
2025-11-20 23:52:37.419 65737 INFO tempest.lib.common.rest_client [req-40a2ac43-9d4f-4561-9c9c-a6c944418c74 req-40a2ac43-9d4f-4561-9c9c-a6c944418c74 ] Request (FlavorsAccessTestJSON:tearDownClass): 204 DELETE http://10.180.1.21/identity/v3/users/c2cfea89df84480e974d010fbaf85d0a 0.167s
2025-11-20 23:52:37.503 65707 INFO tempest.lib.common.rest_client [req-283e86c9-cd49-4d8c-8ec7-5292aa38b49b req-283e86c9-cd49-4d8c-8ec7-5292aa38b49b ] Request (FloatingIPDetailsTestJSON:test_list_floating_ips): 200 GET http://10.180.1.21/compute/v2.1/os-floating-ips 1.660s
2025-11-20 23:52:37.509 65751 INFO tempest.lib.common.rest_client [req-fa8ce207-2844-43ee-8a2e-364ee6b69447 req-fa8ce207-2844-43ee-8a2e-364ee6b69447 ] Request (MultipleCreateNegativeTestJSON:test_min_count_less_than_one): 400 POST http://10.180.1.21/compute/v2.1/servers 1.565s
2025-11-20 23:52:37.568 65697 INFO tempest.lib.common.rest_client [req-92652d93-d04f-46ab-b44a-f4312fc584aa req-92652d93-d04f-46ab-b44a-f4312fc584aa ] Request (ImagesTestJSON:test_create_image_from_stopped_server): 202 POST http://10.180.1.21/compute/v2.1/servers 2.461s
2025-11-20 23:52:37.589 65737 INFO tempest.lib.common.rest_client [req-5794b2b8-6a22-4c47-8858-467afa30888d req-5794b2b8-6a22-4c47-8858-467afa30888d ] Request (FlavorsAccessTestJSON:tearDownClass): 204 DELETE http://10.180.1.21/identity/v3/users/17917f634125412db6dd08f54408c1d1 0.169s
2025-11-20 23:52:37.589 65737 INFO tempest.lib.common.dynamic_creds [-] Deleting project and security group for project: 760def24c5304208a33fe0a17df7b6d4
2025-11-20 23:52:37.625 65751 INFO tempest.lib.common.rest_client [req-9498ec76-fb77-4284-ab3d-902a8272feb3 req-9498ec76-fb77-4284-ab3d-902a8272feb3 ] Request (MultipleCreateNegativeTestJSON:test_min_count_non_integer): 201 POST http://10.180.1.21/identity/v3/auth/tokens 0.105s
2025-11-20 23:52:37.626 65751 INFO tempest.lib.common.fixed_network [-] (MultipleCreateNegativeTestJSON:test_min_count_non_integer) Found network None available for tenant
2025-11-20 23:52:37.688 65737 INFO tempest.lib.common.rest_client [req-62d5d782-6225-447b-9e8c-caec1c478ada req-62d5d782-6225-447b-9e8c-caec1c478ada ] Request (FlavorsAccessTestJSON:tearDownClass): 201 POST http://10.180.1.21/identity/v3/auth/tokens 0.099s
2025-11-20 23:52:37.812 65759 INFO tempest.lib.common.rest_client [req-64ade88f-3c95-4f07-a697-feca158bcc96 req-64ade88f-3c95-4f07-a697-feca158bcc96 ] Request (ServersListShow296Test:test_list_show_update_rebuild_server_296): 200 GET http://10.180.1.21/compute/v2.1/servers/e2545f89-7dc2-4bde-9449-34f546173fb7 1.777s
2025-11-20 23:52:37.955 65737 INFO tempest.lib.common.rest_client [req-01b88786-1634-4a6a-b01d-a3ef92d12e6b req-01b88786-1634-4a6a-b01d-a3ef92d12e6b ] Request (FlavorsAccessTestJSON:tearDownClass): 200 GET http://10.180.1.21/networking/v2.0/security-groups?tenant_id=760def24c5304208a33fe0a17df7b6d4&name=default 0.267s
2025-11-20 23:52:37.984 65717 INFO tempest.lib.common.rest_client [req-7a091261-5c0b-4a4f-9019-680f4e0ef847 req-7a091261-5c0b-4a4f-9019-680f4e0ef847 ] Request (QuotasAdminNegativeTest:test_create_server_when_cpu_quota_is_full): 200 PUT http://10.180.1.21/compute/v2.1/os-quota-sets/aab506ec8e8e4938976cd354e181ef69 1.878s
2025-11-20 23:52:37.994 65701 INFO tempest.lib.common.rest_client [req-48f7371c-8491-44eb-ad30-f3a056bf71de req-48f7371c-8491-44eb-ad30-f3a056bf71de ] Request (ImagesNegativeTestJSON:test_create_image_from_deleted_server): 200 GET http://10.180.1.21/compute/v2.1/servers/b58e2a9a-60fb-437a-bc10-ce0da7163267 1.969s
2025-11-20 23:52:38.021 65733 INFO tempest.lib.common.rest_client [req-f20541b5-c3d4-43e2-9683-276cb5ab2084 req-f20541b5-c3d4-43e2-9683-276cb5ab2084 ] Request (ServicesAdminNegativeTestJSON:test_get_service_by_invalid_params): 200 GET http://10.180.1.21/compute/v2.1/os-services?xxx=nova-compute 1.879s
2025-11-20 23:52:38.061 65717 INFO tempest.lib.common.rest_client [req-a7845a2a-f1cc-45b7-82f5-7d5adab94d1b req-a7845a2a-f1cc-45b7-82f5-7d5adab94d1b ] Request (QuotasAdminNegativeTest:test_create_server_when_cpu_quota_is_full): 201 POST http://10.180.1.21/identity/v3/auth/tokens 0.069s
2025-11-20 23:52:38.062 65717 INFO tempest.lib.common.fixed_network [-] (QuotasAdminNegativeTest:test_create_server_when_cpu_quota_is_full) Found network None available for tenant
2025-11-20 23:52:38.125 65737 INFO tempest.lib.common.rest_client [req-b6dedb0f-e59a-4624-acc4-41476bb5d2a7 req-b6dedb0f-e59a-4624-acc4-41476bb5d2a7 ] Request (FlavorsAccessTestJSON:tearDownClass): 204 DELETE http://10.180.1.21/networking/v2.0/security-groups/29354a2e-aeeb-4428-88cd-2f5d6e4cb449 0.170s
2025-11-20 23:52:38.204 65743 INFO tempest.lib.common.rest_client [req-4f13d122-511c-458c-a226-42960584bcc7 req-4f13d122-511c-458c-a226-42960584bcc7 ] Request (ComputeTenantNetworksTest:test_list_show_tenant_networks): 200 GET http://10.180.1.21/compute/v2.1/os-tenant-networks/fa83d561-81f3-4fba-9399-2c084273d8d2 1.915s
2025-11-20 23:52:38.231 65737 INFO tempest.lib.common.rest_client [req-8ca17976-9b13-43cf-9dfa-e7a99eaa7a54 req-8ca17976-9b13-43cf-9dfa-e7a99eaa7a54 ] Request (FlavorsAccessTestJSON:tearDownClass): 204 DELETE http://10.180.1.21/identity/v3/projects/760def24c5304208a33fe0a17df7b6d4 0.105s
2025-11-20 23:52:38.232 65737 INFO tempest.lib.common.dynamic_creds [-] Deleting project and security group for project: 5fc2c8053e8243a4a25d7420395e5b9d
2025-11-20 23:52:38.366 65753 INFO tempest.lib.common.rest_client [req-f6976c53-3b67-4feb-80dd-893a06de382f req-f6976c53-3b67-4feb-80dd-893a06de382f ] Request (ServerDiagnosticsNegativeTest:tearDownClass): 204 DELETE http://10.180.1.21/compute/v2.1/servers/03ef6113-83f9-480b-96e5-f200fc2042cc 2.076s
2025-11-20 23:52:38.506 65703 INFO tempest.lib.common.rest_client [req-46341743-3739-4a01-a41e-f09a406cbcc6 req-46341743-3739-4a01-a41e-f09a406cbcc6 ] Request (ListImageFiltersTestJSON:setUpClass): 204 PUT http://10.180.1.21/image/v2/images/e6d42927-cf46-4e93-8b15-50dd4ae53e2f/file 0.802s
2025-11-20 23:52:38.518 65743 INFO tempest.lib.common.rest_client [req-f6f7e18c-ae65-4dc1-a249-d412c12c9686 req-f6f7e18c-ae65-4dc1-a249-d412c12c9686 ] Request (ComputeTenantNetworksTest:tearDownClass): 204 DELETE http://10.180.1.21/networking/v2.0/networks/fa83d561-81f3-4fba-9399-2c084273d8d2 0.308s
2025-11-20 23:52:38.631 65737 INFO tempest.lib.common.rest_client [req-988297f9-b62f-4a0d-8853-c48dfea92ffc req-988297f9-b62f-4a0d-8853-c48dfea92ffc ] Request (FlavorsAccessTestJSON:tearDownClass): 200 GET http://10.180.1.21/networking/v2.0/security-groups?tenant_id=5fc2c8053e8243a4a25d7420395e5b9d&name=default 0.399s
2025-11-20 23:52:38.637 65743 INFO tempest.lib.common.rest_client [req-c78f8569-6949-47a0-b9ea-fed89cadbbe7 req-c78f8569-6949-47a0-b9ea-fed89cadbbe7 ] Request (ComputeTenantNetworksTest:tearDownClass): 204 DELETE http://10.180.1.21/identity/v3/users/19f9f40d5ae74feebd31ae4faf540e28 0.118s
2025-11-20 23:52:38.637 65743 INFO tempest.lib.common.dynamic_creds [-] Deleting project and security group for project: c0d255ff58db4de7ae51cb11f5d0b1e5
2025-11-20 23:52:38.671 65757 INFO tempest.lib.common.rest_client [req-dd0b1abe-f67e-4223-8995-76716d2818c8 req-dd0b1abe-f67e-4223-8995-76716d2818c8 ] Request (DeleteServersAdminTestJSON:test_admin_delete_servers_of_others): 200 GET http://10.180.1.21/compute/v2.1/servers/13472fa3-d93a-4a7b-8110-69f9c0568930 2.531s
2025-11-20 23:52:38.681 65757 INFO tempest.common.waiters [-] State transition "BUILD/None" ==> "BUILD/spawning" after 15 second wait
2025-11-20 23:52:38.832 65737 INFO tempest.lib.common.rest_client [req-2f747585-483f-4e81-9624-893cf3f84ef1 req-2f747585-483f-4e81-9624-893cf3f84ef1 ] Request (FlavorsAccessTestJSON:tearDownClass): 204 DELETE http://10.180.1.21/networking/v2.0/security-groups/6e108bc4-141d-4775-8c28-39cb7757fd73 0.201s
2025-11-20 23:52:38.862 65743 INFO tempest.lib.common.rest_client [req-0ce79d94-49c1-4e17-a770-28ce165107c8 req-0ce79d94-49c1-4e17-a770-28ce165107c8 ] Request (ComputeTenantNetworksTest:tearDownClass): 200 GET http://10.180.1.21/networking/v2.0/security-groups?tenant_id=c0d255ff58db4de7ae51cb11f5d0b1e5&name=default 0.224s
2025-11-20 23:52:38.913 65755 INFO tempest.lib.common.rest_client [req-92552875-d6fa-475a-8c18-57d35e5c8cfe req-92552875-d6fa-475a-8c18-57d35e5c8cfe ] Request (VolumesAssistedSnapshotsTest:test_volume_assisted_snapshot_create_delete): 200 GET http://10.180.1.21/compute/v2.1/servers/166dcce7-236e-4bbe-a90e-4f5f0c25b581 2.448s
2025-11-20 23:52:38.938 65745 INFO tempest.lib.common.rest_client [req-6b40246a-e0cc-4712-8e74-aac74af99c2a req-6b40246a-e0cc-4712-8e74-aac74af99c2a ] Request (MigrationsAdminTest:test_list_migrations_in_flavor_resize_situation): 200 GET http://10.180.1.21/compute/v2.1/servers/af65a19b-f353-4b9a-b3bf-3c56d1523742 2.625s
2025-11-20 23:52:38.948 65737 INFO tempest.lib.common.rest_client [req-75d1f3e6-766d-49f6-b1d5-17025ca5a5fe req-75d1f3e6-766d-49f6-b1d5-17025ca5a5fe ] Request (FlavorsAccessTestJSON:tearDownClass): 204 DELETE http://10.180.1.21/identity/v3/projects/5fc2c8053e8243a4a25d7420395e5b9d 0.115s
2025-11-20 23:52:38.997 65731 INFO tempest.lib.common.rest_client [req-e312312b-eb3d-4339-ac03-a3e44366e26b req-e312312b-eb3d-4339-ac03-a3e44366e26b ] Request (KeyPairsNegativeTestJSON:test_create_keypair_when_public_key_bits_exceeds_maximum): 400 POST http://10.180.1.21/compute/v2.1/os-keypairs 2.312s
2025-11-20 23:52:39.014 65740 INFO tempest.lib.common.rest_client [req-fb320ec8-b733-4b29-9d1c-713ea292bec7 req-fb320ec8-b733-4b29-9d1c-713ea292bec7 ] Request (FlavorsExtraSpecsTestJSON:test_flavor_set_get_update_show_unset_keys): 200 GET http://10.180.1.21/compute/v2.1/flavors/379830907/os-extra_specs 2.174s
2025-11-20 23:52:39.045 65737 INFO tempest.lib.common.rest_client [req-7af81631-b7af-4d11-b119-5223ae286504 req-7af81631-b7af-4d11-b119-5223ae286504 ] Request (HypervisorAdminV228Test:setUpClass): 201 POST http://10.180.1.21/identity/v3/auth/tokens 0.095s
2025-11-20 23:52:39.050 65743 INFO tempest.lib.common.rest_client [req-08c6faf1-9e4d-49dd-9952-ca6d260298d1 req-08c6faf1-9e4d-49dd-9952-ca6d260298d1 ] Request (ComputeTenantNetworksTest:tearDownClass): 204 DELETE http://10.180.1.21/networking/v2.0/security-groups/56a54b6a-847e-45c1-aef0-b6ba087a6565 0.187s
2025-11-20 23:52:39.082 65715 INFO tempest.lib.common.rest_client [req-23c59b97-72d2-43b4-abd9-40bde7c49851 req-23c59b97-72d2-43b4-abd9-40bde7c49851 ] Request (DeleteServersTestJSON:test_delete_active_server): 200 GET http://10.180.1.21/compute/v2.1/servers/2be1145c-0587-422a-bc6d-05afe53128d7 2.208s
2025-11-20 23:52:39.090 65737 INFO tempest.lib.common.rest_client [req-b240042e-7013-4a70-98c7-b17378c54bcf req-b240042e-7013-4a70-98c7-b17378c54bcf ] Request (HypervisorAdminV228Test:setUpClass): 201 POST http://10.180.1.21/identity/v3/auth/tokens 0.041s
2025-11-20 23:52:39.099 65727 INFO tempest.lib.common.rest_client [req-6547ceab-c9c9-40d8-a58f-5e0803b31b0e req-6547ceab-c9c9-40d8-a58f-5e0803b31b0e ] Request (ImagesMetadataTestJSON:test_delete_image_metadata_item): 204 DELETE http://10.180.1.21/compute/v2.1/images/13f681cd-fe73-4d07-9c93-85d0eeca16b6/metadata/os_version 2.512s
2025-11-20 23:52:39.126 65743 INFO tempest.lib.common.rest_client [req-a4b7ad1e-bddf-4361-ad7a-91b6709d4a11 req-a4b7ad1e-bddf-4361-ad7a-91b6709d4a11 ] Request (ComputeTenantNetworksTest:tearDownClass): 204 DELETE http://10.180.1.21/identity/v3/projects/c0d255ff58db4de7ae51cb11f5d0b1e5 0.075s
2025-11-20 23:52:39.153 65719 INFO tempest.lib.common.rest_client [req-e2e2c87b-5fb0-4b84-930c-01308e18f1a3 req-e2e2c87b-5fb0-4b84-930c-01308e18f1a3 ] Request (SecurityGroupsTestJSON:test_list_security_groups_by_server): 200 GET http://10.180.1.21/compute/v2.1/servers/56803b15-99f9-4958-b381-1088ff86cdbe 2.206s
2025-11-20 23:52:39.172 65737 INFO tempest.lib.common.rest_client [req-b6512444-26a8-4f07-91af-ff848d922495 req-b6512444-26a8-4f07-91af-ff848d922495 ] Request (HypervisorAdminV228Test:setUpClass): 200 GET http://10.180.1.21/identity/v3/domains?name=Default 0.081s
2025-11-20 23:52:39.181 65749 INFO tempest.lib.common.rest_client [req-4454dc3e-398f-4957-9243-1ee36ed6aa96 req-4454dc3e-398f-4957-9243-1ee36ed6aa96 ] Request (ServerDiagnosticsTest:tearDownClass): 204 DELETE http://10.180.1.21/compute/v2.1/servers/418c126f-967d-47d3-9340-95b63cb151cb 2.244s
2025-11-20 23:52:39.189 65705 INFO tempest.lib.common.rest_client [req-82d42f3c-adda-4ef6-babf-1bb4fb3c23b5 req-82d42f3c-adda-4ef6-babf-1bb4fb3c23b5 ] Request (HostsAdminNegativeTestJSON:test_update_host_with_invalid_status): 400 PUT http://10.180.1.21/compute/v2.1/os-hosts/devstack 1.930s
2025-11-20 23:52:39.205 65729 INFO tempest.lib.common.rest_client [req-c6f69d8d-6ff1-42ca-8042-90774449236a req-c6f69d8d-6ff1-42ca-8042-90774449236a ] Request (AggregatesAdminNegativeTestJSON:_run_cleanups): 200 DELETE http://10.180.1.21/compute/v2.1/os-aggregates/3 1.920s
2025-11-20 23:52:39.227 65741 INFO tempest.lib.common.rest_client [req-af7f1a48-8ab3-423d-87f3-3c0fa7f21b8c req-af7f1a48-8ab3-423d-87f3-3c0fa7f21b8c ] Request (FlavorsAdminTestJSON:_run_cleanups): 202 DELETE http://10.180.1.21/compute/v2.1/flavors/63011996-08a0-4008-ace3-7592fa0c6ceb 1.923s
2025-11-20 23:52:39.232 65737 INFO tempest.lib.common.rest_client [req-981f5942-7567-4663-a87d-ee172db92dfb req-981f5942-7567-4663-a87d-ee172db92dfb ] Request (HypervisorAdminV228Test:setUpClass): 201 POST http://10.180.1.21/identity/v3/projects 0.059s
2025-11-20 23:52:39.301 65737 INFO tempest.lib.common.rest_client [req-7b6b18dd-9da0-45c2-b1f1-195b0f09019e req-7b6b18dd-9da0-45c2-b1f1-195b0f09019e ] Request (HypervisorAdminV228Test:setUpClass): 201 POST http://10.180.1.21/identity/v3/users 0.068s
2025-11-20 23:52:39.321 65709 INFO tempest.lib.common.rest_client [req-7700c8c9-42f7-4fe2-a7dc-223e9c672253 req-7700c8c9-42f7-4fe2-a7dc-223e9c672253 ] Request (ListServerFiltersTestJSON:setUpClass): 200 GET http://10.180.1.21/compute/v2.1/servers/5c925661-b7dc-4a24-bc33-860dcc0ed354 2.075s
2025-11-20 23:52:39.335 65737 INFO tempest.lib.common.rest_client [req-517e4e14-be63-4780-bfc6-a1d38b494abd req-517e4e14-be63-4780-bfc6-a1d38b494abd ] Request (HypervisorAdminV228Test:setUpClass): 200 GET http://10.180.1.21/identity/v3/roles 0.033s
2025-11-20 23:52:39.350 65699 INFO tempest.lib.common.rest_client [req-78a464fc-78da-4acf-94c1-fcb5accc2756 req-78a464fc-78da-4acf-94c1-fcb5accc2756 ] Request (FlavorsV2TestJSON:test_list_flavors_detailed_filter_by_min_ram): 200 GET http://10.180.1.21/compute/v2.1/flavors/detail?minRam=193 2.016s
2025-11-20 23:52:39.365 65737 INFO tempest.lib.common.rest_client [req-88bc64fe-096a-45a9-bd2c-80468e8cbe9f req-88bc64fe-096a-45a9-bd2c-80468e8cbe9f ] Request (HypervisorAdminV228Test:setUpClass): 204 PUT http://10.180.1.21/identity/v3/projects/3da324bc8b3c4226817f0aa16a86e0e1/users/1d9099920b204212a41776d06f2830a5/roles/4b019e04c34844a588e30dd68e89db97 0.030s
2025-11-20 23:52:39.366 65737 INFO tempest.lib.common.dynamic_creds [-] Dynamic test user 1d9099920b204212a41776d06f2830a5 is created with scope project and roles: ['member']
2025-11-20 23:52:39.366 65737 INFO tempest.lib.common.dynamic_creds [-] Acquired dynamic creds: credentials: Credentials: {'domain_id': 'default', 'domain_name': 'Default', 'username': 'tempest-HypervisorAdminV228Test-456927165-project-member', 'project_domain_id': 'default', 'project_domain_name': 'Default', 'project_id': '3da324bc8b3c4226817f0aa16a86e0e1', 'project_name': 'tempest-HypervisorAdminV228Test-456927165', 'tenant_id': '3da324bc8b3c4226817f0aa16a86e0e1', 'tenant_name': 'tempest-HypervisorAdminV228Test-456927165', 'user_domain_id': 'default', 'user_domain_name': 'Default', 'user_id': '1d9099920b204212a41776d06f2830a5', 'system': None}, Network: None, Subnet: None, Router: None
2025-11-20 23:52:39.366 65737 INFO tempest.lib.common.dynamic_creds [-] Created isolated network resources for: credentials: Credentials: {'domain_id': 'default', 'domain_name': 'Default', 'username': 'tempest-HypervisorAdminV228Test-456927165-project-member', 'project_domain_id': 'default', 'project_domain_name': 'Default', 'project_id': '3da324bc8b3c4226817f0aa16a86e0e1', 'project_name': 'tempest-HypervisorAdminV228Test-456927165', 'tenant_id': '3da324bc8b3c4226817f0aa16a86e0e1', 'tenant_name': 'tempest-HypervisorAdminV228Test-456927165', 'user_domain_id': 'default', 'user_domain_name': 'Default', 'user_id': '1d9099920b204212a41776d06f2830a5', 'system': None}, Network: None, Subnet: None, Router: None
2025-11-20 23:52:39.395 65711 INFO tempest.lib.common.rest_client [req-454999af-48fd-49a2-b530-369d16d58920 req-454999af-48fd-49a2-b530-369d16d58920 ] Request (FlavorsAccessNegativeTestJSON:test_flavor_non_admin_add): 403 POST http://10.180.1.21/compute/v2.1/flavors/1876016809/action 2.074s
2025-11-20 23:52:39.408 65723 INFO tempest.lib.common.rest_client [req-ec60a923-7e2b-42e2-9847-7c219afe59a9 req-ec60a923-7e2b-42e2-9847-7c219afe59a9 ] Request (QuotaClassesAdmin257Test:_run_cleanups): 200 PUT http://10.180.1.21/compute/v2.1/os-quota-class-sets/default 2.060s
2025-11-20 23:52:39.453 65737 INFO tempest.lib.common.rest_client [req-c56692c0-6592-4a12-a97a-db0415847d16 req-c56692c0-6592-4a12-a97a-db0415847d16 ] Request (HypervisorAdminV228Test:setUpClass): 201 POST http://10.180.1.21/identity/v3/auth/tokens 0.084s
2025-11-20 23:52:39.506 65697 INFO tempest.lib.common.rest_client [req-87a80797-8836-4f25-ad9c-a39f4400e3ce req-87a80797-8836-4f25-ad9c-a39f4400e3ce ] Request (ImagesTestJSON:test_create_image_from_stopped_server): 200 GET http://10.180.1.21/compute/v2.1/servers/9aa7d7a9-6bcb-43a4-9c8c-6f68a34c8363 1.936s
2025-11-20 23:52:39.512 65751 INFO tempest.lib.common.rest_client [req-2fff4bf1-7912-4387-bba6-b7fda66a7d6d req-2fff4bf1-7912-4387-bba6-b7fda66a7d6d ] Request (MultipleCreateNegativeTestJSON:test_min_count_non_integer): 400 POST http://10.180.1.21/compute/v2.1/servers 1.884s
2025-11-20 23:52:39.515 65721 INFO tempest.lib.common.rest_client [req-6f6b668a-755a-498a-9fda-76921efb17de req-6f6b668a-755a-498a-9fda-76921efb17de ] Request (QuotasAdminTestJSON:test_delete_quota): 200 GET http://10.180.1.21/identity/v3/domains?name=Default 0.077s
2025-11-20 23:52:39.536 65723 INFO tempest.lib.common.rest_client [req-b4de5f48-497e-4d36-aea3-479dba30e86d req-b4de5f48-497e-4d36-aea3-479dba30e86d ] Request (QuotaClassesAdmin257Test:tearDownClass): 204 DELETE http://10.180.1.21/identity/v3/users/fdfa7e769d334333a521193cdf6f8956 0.122s
2025-11-20 23:52:39.568 65713 INFO tempest.lib.common.rest_client [req-9528141c-3940-4dd3-822b-e43961c4f9e4 req-9528141c-3940-4dd3-822b-e43961c4f9e4 ] Request (InstanceActionsNegativeTestJSON:setUpClass): 200 GET http://10.180.1.21/compute/v2.1/servers/490b60a8-a41e-4f0e-a810-63fb315dd13a 1.911s
2025-11-20 23:52:39.575 65737 INFO tempest.lib.common.rest_client [req-755aedfe-ffea-4a1a-ae44-ed5af940e860 req-755aedfe-ffea-4a1a-ae44-ed5af940e860 ] Request (HypervisorAdminV228Test:setUpClass): 201 POST http://10.180.1.21/identity/v3/projects 0.121s
2025-11-20 23:52:39.649 65721 INFO tempest.lib.common.rest_client [req-81664d88-73e2-4c41-9f89-e05177d972eb req-81664d88-73e2-4c41-9f89-e05177d972eb ] Request (QuotasAdminTestJSON:test_delete_quota): 201 POST http://10.180.1.21/identity/v3/projects 0.134s
2025-11-20 23:52:39.684 65751 INFO tempest.lib.common.rest_client [req-3fa2e1d4-6372-4a86-87d3-85a85bfe9b18 req-3fa2e1d4-6372-4a86-87d3-85a85bfe9b18 ] Request (MultipleCreateNegativeTestJSON:tearDownClass): 204 DELETE http://10.180.1.21/identity/v3/users/72a7c85abea24fc3ad1ce3623823d425 0.171s
2025-11-20 23:52:39.684 65751 INFO tempest.lib.common.dynamic_creds [-] Deleting project and security group for project: 98f0f5ba1bfb43c9a291dcc6b20f759d
2025-11-20 23:52:39.767 65737 INFO tempest.lib.common.rest_client [req-455d2bf4-98bd-4cc7-b3c9-4a3bc695d6d8 req-455d2bf4-98bd-4cc7-b3c9-4a3bc695d6d8 ] Request (HypervisorAdminV228Test:setUpClass): 201 POST http://10.180.1.21/identity/v3/users 0.191s
2025-11-20 23:52:39.809 65723 INFO tempest.lib.common.rest_client [req-1c4400ef-33aa-401e-98bb-4cd5fe764f3e req-1c4400ef-33aa-401e-98bb-4cd5fe764f3e ] Request (QuotaClassesAdmin257Test:tearDownClass): 204 DELETE http://10.180.1.21/identity/v3/users/22d257e1072044918a52f89203a76ef4 0.272s
2025-11-20 23:52:39.809 65723 INFO tempest.lib.common.dynamic_creds [-] Deleting project and security group for project: 14492af8ec4a4efeb1bcf44c9075bbb6
2025-11-20 23:52:39.844 65707 INFO tempest.lib.common.rest_client [req-c825a3a9-0e03-41fe-8d12-4762f19f9e1c req-c825a3a9-0e03-41fe-8d12-4762f19f9e1c ] Request (FloatingIPDetailsTestJSON:tearDownClass): 202 DELETE http://10.180.1.21/compute/v2.1/os-floating-ips/86259b3e-728e-40b5-8100-11c962a077e3 2.333s
2025-11-20 23:52:39.878 65721 INFO tempest.lib.common.rest_client [req-5f5176fe-1b2f-479c-a434-94add8c471d8 req-5f5176fe-1b2f-479c-a434-94add8c471d8 ] Request (QuotasAdminTestJSON:test_delete_quota): 200 GET http://10.180.1.21/identity/v3/domains?name=Default 0.228s
2025-11-20 23:52:39.884 65751 INFO tempest.lib.common.rest_client [req-97fa79af-d657-4485-9bce-ec13b4563fc8 req-97fa79af-d657-4485-9bce-ec13b4563fc8 ] Request (MultipleCreateNegativeTestJSON:tearDownClass): 201 POST http://10.180.1.21/identity/v3/auth/tokens 0.199s
2025-11-20 23:52:39.907 65747 INFO tempest.lib.common.rest_client [req-9d24b2b5-386c-49d6-ad5f-32717537a5a5 req-9d24b2b5-386c-49d6-ad5f-32717537a5a5 ] Request (AttachInterfacesTestJSON:test_create_list_show_delete_interfaces_by_fixed_ip): 200 GET http://10.180.1.21/compute/v2.1/servers/6fb3540e-dc3d-470f-acc9-363274f651f4 2.093s
2025-11-20 23:52:39.912 65737 INFO tempest.lib.common.rest_client [req-40aade25-ff6e-4b5c-b1b5-d9e8ca3150b1 req-40aade25-ff6e-4b5c-b1b5-d9e8ca3150b1 ] Request (HypervisorAdminV228Test:setUpClass): 200 GET http://10.180.1.21/identity/v3/roles 0.144s
2025-11-20 23:52:39.916 65723 INFO tempest.lib.common.rest_client [req-0491214c-df8e-4f47-92a2-b67ac966b448 req-0491214c-df8e-4f47-92a2-b67ac966b448 ] Request (QuotaClassesAdmin257Test:tearDownClass): 201 POST http://10.180.1.21/identity/v3/auth/tokens 0.106s
2025-11-20 23:52:39.943 65733 INFO tempest.lib.common.rest_client [req-6350db93-dcbe-478b-a417-327caac318e3 req-6350db93-dcbe-478b-a417-327caac318e3 ] Request (ServicesAdminNegativeTestJSON:test_get_service_by_invalid_service_and_valid_host): 200 GET http://10.180.1.21/compute/v2.1/os-services 1.918s
2025-11-20 23:52:39.954 65737 INFO tempest.lib.common.rest_client [req-84864b9a-5094-491d-b687-bf555dd0bdf3 req-84864b9a-5094-491d-b687-bf555dd0bdf3 ] Request (HypervisorAdminV228Test:setUpClass): 204 PUT http://10.180.1.21/identity/v3/projects/b3503468114147bdba2851c54c873455/users/afdd2722789945ecb901792ecb4ff9a4/roles/0649763fcdbf46a1ac3694cd7a0ffde5 0.041s
2025-11-20 23:52:40.063 65737 INFO tempest.lib.common.rest_client [req-d6bfc277-5eaa-4846-a37c-9ac1dc46067e req-d6bfc277-5eaa-4846-a37c-9ac1dc46067e ] Request (HypervisorAdminV228Test:setUpClass): 200 GET http://10.180.1.21/identity/v3/roles 0.108s
2025-11-20 23:52:40.100 65737 INFO tempest.lib.common.rest_client [req-67be5e87-cc75-4a5c-be28-6954f6dc760d req-67be5e87-cc75-4a5c-be28-6954f6dc760d ] Request (HypervisorAdminV228Test:setUpClass): 204 PUT http://10.180.1.21/identity/v3/projects/b3503468114147bdba2851c54c873455/users/afdd2722789945ecb901792ecb4ff9a4/roles/0649763fcdbf46a1ac3694cd7a0ffde5 0.037s
2025-11-20 23:52:40.100 65737 INFO tempest.lib.common.dynamic_creds [-] Dynamic test user afdd2722789945ecb901792ecb4ff9a4 is created with scope project and roles: ['admin']
2025-11-20 23:52:40.100 65737 INFO tempest.lib.common.dynamic_creds [-] Acquired dynamic creds: credentials: Credentials: {'domain_id': 'default', 'domain_name': 'Default', 'username': 'tempest-HypervisorAdminV228Test-2005872617-project-admin', 'project_domain_id': 'default', 'project_domain_name': 'Default', 'project_id': 'b3503468114147bdba2851c54c873455', 'project_name': 'tempest-HypervisorAdminV228Test-2005872617', 'tenant_id': 'b3503468114147bdba2851c54c873455', 'tenant_name': 'tempest-HypervisorAdminV228Test-2005872617', 'user_domain_id': 'default', 'user_domain_name': 'Default', 'user_id': 'afdd2722789945ecb901792ecb4ff9a4', 'system': None}, Network: None, Subnet: None, Router: None
2025-11-20 23:52:40.101 65737 INFO tempest.lib.common.dynamic_creds [-] Created isolated network resources for: credentials: Credentials: {'domain_id': 'default', 'domain_name': 'Default', 'username': 'tempest-HypervisorAdminV228Test-2005872617-project-admin', 'project_domain_id': 'default', 'project_domain_name': 'Default', 'project_id': 'b3503468114147bdba2851c54c873455', 'project_name': 'tempest-HypervisorAdminV228Test-2005872617', 'tenant_id': 'b3503468114147bdba2851c54c873455', 'tenant_name': 'tempest-HypervisorAdminV228Test-2005872617', 'user_domain_id': 'default', 'user_domain_name': 'Default', 'user_id': 'afdd2722789945ecb901792ecb4ff9a4', 'system': None}, Network: None, Subnet: None, Router: None
2025-11-20 23:52:40.189 65751 INFO tempest.lib.common.rest_client [req-47265764-0b0e-4d0d-9a93-6a82995734fa req-47265764-0b0e-4d0d-9a93-6a82995734fa ] Request (MultipleCreateNegativeTestJSON:tearDownClass): 200 GET http://10.180.1.21/networking/v2.0/security-groups?tenant_id=98f0f5ba1bfb43c9a291dcc6b20f759d&name=default 0.305s
2025-11-20 23:52:40.195 65737 INFO tempest.lib.common.rest_client [req-a49fca11-6318-4fce-90ab-85f287f1afb0 req-a49fca11-6318-4fce-90ab-85f287f1afb0 ] Request (HypervisorAdminV228Test:setUpClass): 201 POST http://10.180.1.21/identity/v3/auth/tokens 0.091s
2025-11-20 23:52:40.370 65723 INFO tempest.lib.common.rest_client [req-439c236f-6c65-442c-a62b-c4c66450cc43 req-439c236f-6c65-442c-a62b-c4c66450cc43 ] Request (QuotaClassesAdmin257Test:tearDownClass): 200 GET http://10.180.1.21/networking/v2.0/security-groups?tenant_id=14492af8ec4a4efeb1bcf44c9075bbb6&name=default 0.454s
2025-11-20 23:52:40.399 65759 INFO tempest.lib.common.rest_client [req-d4f37e98-0d30-427b-bf52-01d3a03cf47e req-d4f37e98-0d30-427b-bf52-01d3a03cf47e ] Request (ServersListShow296Test:test_list_show_update_rebuild_server_296): 200 PUT http://10.180.1.21/compute/v2.1/servers/e2545f89-7dc2-4bde-9449-34f546173fb7 2.577s
2025-11-20 23:52:40.549 65751 INFO tempest.lib.common.rest_client [req-e54b1c3a-d8ad-42c8-b488-65da38be182c req-e54b1c3a-d8ad-42c8-b488-65da38be182c ] Request (MultipleCreateNegativeTestJSON:tearDownClass): 204 DELETE http://10.180.1.21/networking/v2.0/security-groups/edc17645-42ef-454f-b70e-fb1cbabf751d 0.359s
2025-11-20 23:52:40.617 65751 INFO tempest.lib.common.rest_client [req-30cd4b0b-7037-4588-8db4-ceb2aff17221 req-30cd4b0b-7037-4588-8db4-ceb2aff17221 ] Request (MultipleCreateNegativeTestJSON:tearDownClass): 204 DELETE http://10.180.1.21/identity/v3/projects/98f0f5ba1bfb43c9a291dcc6b20f759d 0.067s
2025-11-20 23:52:40.619 65723 INFO tempest.lib.common.rest_client [req-cbd7ad4a-45e9-4976-934e-1d9684929d46 req-cbd7ad4a-45e9-4976-934e-1d9684929d46 ] Request (QuotaClassesAdmin257Test:tearDownClass): 204 DELETE http://10.180.1.21/networking/v2.0/security-groups/8a542e9d-c541-4503-bc78-da913daa3dbd 0.248s
2025-11-20 23:52:40.679 65725 INFO tempest.lib.common.rest_client [req-79261848-f6e6-4d9e-8643-e7147c529dbf req-79261848-f6e6-4d9e-8643-e7147c529dbf ] Request (ServersWithSpecificFlavorTestJSON:test_verify_created_server_ephemeral_disk): 200 GET http://10.180.1.21/compute/v2.1/servers/49f7111c-a3f5-4e7d-8eda-41ff9f7043e0 2.458s
2025-11-20 23:52:40.704 65751 INFO tempest.lib.common.rest_client [req-40ab89ed-169c-4b05-8aad-b8f5efd02308 req-40ab89ed-169c-4b05-8aad-b8f5efd02308 ] Request (ServerGroup264TestJSON:setUpClass): 201 POST http://10.180.1.21/identity/v3/auth/tokens 0.085s
2025-11-20 23:52:40.733 65723 INFO tempest.lib.common.rest_client [req-c85a56a3-8bc5-45f3-a457-f5e9c67d3db3 req-c85a56a3-8bc5-45f3-a457-f5e9c67d3db3 ] Request (QuotaClassesAdmin257Test:tearDownClass): 204 DELETE http://10.180.1.21/identity/v3/projects/14492af8ec4a4efeb1bcf44c9075bbb6 0.113s
2025-11-20 23:52:40.733 65723 INFO tempest.lib.common.dynamic_creds [-] Deleting project and security group for project: 72d7048ae68c4ba1932d2b1d256536d6
2025-11-20 23:52:40.776 65751 INFO tempest.lib.common.rest_client [req-97c09432-9697-44e1-a651-5856a0837739 req-97c09432-9697-44e1-a651-5856a0837739 ] Request (ServerGroup264TestJSON:setUpClass): 201 POST http://10.180.1.21/identity/v3/auth/tokens 0.069s
2025-11-20 23:52:40.803 65751 INFO tempest.lib.common.rest_client [req-f176ee91-7b32-46c4-9155-8c4ef5f2447a req-f176ee91-7b32-46c4-9155-8c4ef5f2447a ] Request (ServerGroup264TestJSON:setUpClass): 200 GET http://10.180.1.21/identity/v3/domains?name=Default 0.027s
2025-11-20 23:52:40.832 65751 INFO tempest.lib.common.rest_client [req-0f10e74c-d6a4-47d5-980a-90d79fc6969b req-0f10e74c-d6a4-47d5-980a-90d79fc6969b ] Request (ServerGroup264TestJSON:setUpClass): 201 POST http://10.180.1.21/identity/v3/projects 0.028s
2025-11-20 23:52:40.898 65751 INFO tempest.lib.common.rest_client [req-74b036bb-139e-4a90-918f-5bafce4048f9 req-74b036bb-139e-4a90-918f-5bafce4048f9 ] Request (ServerGroup264TestJSON:setUpClass): 201 POST http://10.180.1.21/identity/v3/users 0.066s
2025-11-20 23:52:40.920 65751 INFO tempest.lib.common.rest_client [req-b186ad9b-2536-44f2-9be4-669e3bd1e287 req-b186ad9b-2536-44f2-9be4-669e3bd1e287 ] Request (ServerGroup264TestJSON:setUpClass): 200 GET http://10.180.1.21/identity/v3/roles 0.021s
2025-11-20 23:52:40.948 65751 INFO tempest.lib.common.rest_client [req-82ecff34-b3ad-4229-b3ec-87439b61e095 req-82ecff34-b3ad-4229-b3ec-87439b61e095 ] Request (ServerGroup264TestJSON:setUpClass): 204 PUT http://10.180.1.21/identity/v3/projects/91d5826e74ac4cd1ba903005dc99893f/users/9331128e78d549fd975d074e0dff48f0/roles/4b019e04c34844a588e30dd68e89db97 0.026s
2025-11-20 23:52:40.948 65751 INFO tempest.lib.common.dynamic_creds [-] Dynamic test user 9331128e78d549fd975d074e0dff48f0 is created with scope project and roles: ['member']
2025-11-20 23:52:40.948 65751 INFO tempest.lib.common.dynamic_creds [-] Acquired dynamic creds: credentials: Credentials: {'domain_id': 'default', 'domain_name': 'Default', 'username': 'tempest-ServerGroup264TestJSON-498864812-project-member', 'project_domain_id': 'default', 'project_domain_name': 'Default', 'project_id': '91d5826e74ac4cd1ba903005dc99893f', 'project_name': 'tempest-ServerGroup264TestJSON-498864812', 'tenant_id': '91d5826e74ac4cd1ba903005dc99893f', 'tenant_name': 'tempest-ServerGroup264TestJSON-498864812', 'user_domain_id': 'default', 'user_domain_name': 'Default', 'user_id': '9331128e78d549fd975d074e0dff48f0', 'system': None}, Network: None, Subnet: None, Router: None
2025-11-20 23:52:40.969 65723 INFO tempest.lib.common.rest_client [req-95314a3c-b88a-4034-88b8-cbdc9c1e4239 req-95314a3c-b88a-4034-88b8-cbdc9c1e4239 ] Request (QuotaClassesAdmin257Test:tearDownClass): 200 GET http://10.180.1.21/networking/v2.0/security-groups?tenant_id=72d7048ae68c4ba1932d2b1d256536d6&name=default 0.235s
2025-11-20 23:52:41.005 65751 INFO tempest.lib.common.rest_client [req-51bc3615-a657-4c80-9757-21492543b4eb req-51bc3615-a657-4c80-9757-21492543b4eb ] Request (ServerGroup264TestJSON:setUpClass): 201 POST http://10.180.1.21/identity/v3/auth/tokens 0.056s
2025-11-20 23:52:41.543 65753 INFO tempest.lib.common.rest_client [req-86221dac-91e0-44eb-99e7-105c589a564e req-86221dac-91e0-44eb-99e7-105c589a564e ] Request (ServerDiagnosticsNegativeTest:tearDownClass): 200 GET http://10.180.1.21/compute/v2.1/servers/03ef6113-83f9-480b-96e5-f200fc2042cc 3.177s
2025-11-20 23:52:41.581 65703 INFO tempest.lib.common.rest_client [req-33ef72ff-fe27-447c-87c3-8f99e53aa8c4 req-33ef72ff-fe27-447c-87c3-8f99e53aa8c4 ] Request (ListImageFiltersTestJSON:setUpClass): 200 GET http://10.180.1.21/compute/v2.1/images/e6d42927-cf46-4e93-8b15-50dd4ae53e2f 3.074s
2025-11-20 23:52:41.614 65723 INFO tempest.lib.common.rest_client [req-bbc69910-d751-4878-b8ad-b113b92b068b req-bbc69910-d751-4878-b8ad-b113b92b068b ] Request (QuotaClassesAdmin257Test:tearDownClass): 204 DELETE http://10.180.1.21/networking/v2.0/security-groups/05395848-362b-4176-bdb8-794a9f0f838f 0.644s
2025-11-20 23:52:41.689 65731 INFO tempest.lib.common.rest_client [req-d5464c5c-3c38-42f1-8f9f-306583e5080c req-d5464c5c-3c38-42f1-8f9f-306583e5080c ] Request (KeyPairsNegativeTestJSON:test_create_keypair_with_duplicate_name): 200 POST http://10.180.1.21/compute/v2.1/os-keypairs 2.689s
2025-11-20 23:52:41.690 65717 INFO tempest.lib.common.rest_client [req-24ea14a6-b5a7-46fe-b66f-300c8b5c338a req-24ea14a6-b5a7-46fe-b66f-300c8b5c338a ] Request (QuotasAdminNegativeTest:test_create_server_when_cpu_quota_is_full): 403 POST http://10.180.1.21/compute/v2.1/servers 3.627s
2025-11-20 23:52:41.712 65723 INFO tempest.lib.common.rest_client [req-158f60a4-1522-43c2-947d-df950c38a034 req-158f60a4-1522-43c2-947d-df950c38a034 ] Request (QuotaClassesAdmin257Test:tearDownClass): 204 DELETE http://10.180.1.21/identity/v3/projects/72d7048ae68c4ba1932d2b1d256536d6 0.098s
2025-11-20 23:52:41.721 65740 INFO tempest.lib.common.rest_client [req-2f36c9f5-c19d-46b1-a5a8-e4f2f18fccfe req-2f36c9f5-c19d-46b1-a5a8-e4f2f18fccfe ] Request (FlavorsExtraSpecsTestJSON:tearDownClass): 202 DELETE http://10.180.1.21/compute/v2.1/flavors/379830907 2.703s
2025-11-20 23:52:41.756 65727 INFO tempest.lib.common.rest_client [req-63128f6b-5e16-4db7-a9a0-200da411d70c req-63128f6b-5e16-4db7-a9a0-200da411d70c ] Request (ImagesMetadataTestJSON:test_delete_image_metadata_item): 200 GET http://10.180.1.21/compute/v2.1/images/13f681cd-fe73-4d07-9c93-85d0eeca16b6/metadata 2.656s
2025-11-20 23:52:41.787 65723 INFO tempest.lib.common.rest_client [req-6e213218-7e08-4aab-98c3-955f951263f7 req-6e213218-7e08-4aab-98c3-955f951263f7 ] Request (ServersTestJSON:setUpClass): 201 POST http://10.180.1.21/identity/v3/auth/tokens 0.073s
2025-11-20 23:52:41.828 65723 INFO tempest.lib.common.rest_client [req-02ba91f3-4dc6-4917-8c86-0cc4a68c9a55 req-02ba91f3-4dc6-4917-8c86-0cc4a68c9a55 ] Request (ServersTestJSON:setUpClass): 201 POST http://10.180.1.21/identity/v3/auth/tokens 0.037s
2025-11-20 23:52:41.853 65723 INFO tempest.lib.common.rest_client [req-92b4943d-8f7e-49c6-8d6e-ad078b1e3375 req-92b4943d-8f7e-49c6-8d6e-ad078b1e3375 ] Request (ServersTestJSON:setUpClass): 200 GET http://10.180.1.21/identity/v3/domains?name=Default 0.025s
2025-11-20 23:52:41.887 65723 INFO tempest.lib.common.rest_client [req-86562809-f2e5-4dd6-94c9-2d2ad9dd9581 req-86562809-f2e5-4dd6-94c9-2d2ad9dd9581 ] Request (ServersTestJSON:setUpClass): 201 POST http://10.180.1.21/identity/v3/projects 0.033s
2025-11-20 23:52:41.950 65723 INFO tempest.lib.common.rest_client [req-8efcbd94-9078-46fd-8223-febc8052d403 req-8efcbd94-9078-46fd-8223-febc8052d403 ] Request (ServersTestJSON:setUpClass): 201 POST http://10.180.1.21/identity/v3/users 0.063s
2025-11-20 23:52:41.980 65723 INFO tempest.lib.common.rest_client [req-02b09898-c907-4414-82be-140d6443616f req-02b09898-c907-4414-82be-140d6443616f ] Request (ServersTestJSON:setUpClass): 200 GET http://10.180.1.21/identity/v3/roles 0.029s
2025-11-20 23:52:42.030 65723 INFO tempest.lib.common.rest_client [req-8a44b4fd-21df-4302-8239-c2a85d55d484 req-8a44b4fd-21df-4302-8239-c2a85d55d484 ] Request (ServersTestJSON:setUpClass): 204 PUT http://10.180.1.21/identity/v3/projects/0fccfcaac6954f238d8ed2e90fd6a4d3/users/8a733ecce98d42aaae285150bbb1ec85/roles/4b019e04c34844a588e30dd68e89db97 0.049s
2025-11-20 23:52:42.030 65723 INFO tempest.lib.common.dynamic_creds [-] Dynamic test user 8a733ecce98d42aaae285150bbb1ec85 is created with scope project and roles: ['member']
2025-11-20 23:52:42.031 65723 INFO tempest.lib.common.dynamic_creds [-] Acquired dynamic creds: credentials: Credentials: {'domain_id': 'default', 'domain_name': 'Default', 'username': 'tempest-ServersTestJSON-1966276220-project-member', 'project_domain_id': 'default', 'project_domain_name': 'Default', 'project_id': '0fccfcaac6954f238d8ed2e90fd6a4d3', 'project_name': 'tempest-ServersTestJSON-1966276220', 'tenant_id': '0fccfcaac6954f238d8ed2e90fd6a4d3', 'tenant_name': 'tempest-ServersTestJSON-1966276220', 'user_domain_id': 'default', 'user_domain_name': 'Default', 'user_id': '8a733ecce98d42aaae285150bbb1ec85', 'system': None}, Network: None, Subnet: None, Router: None
2025-11-20 23:52:42.114 65751 INFO tempest.lib.common.rest_client [req-d4baddd4-254d-4067-8f3a-2545922698a3 req-d4baddd4-254d-4067-8f3a-2545922698a3 ] Request (ServerGroup264TestJSON:setUpClass): 201 POST http://10.180.1.21/networking/v2.0/networks 1.109s
2025-11-20 23:52:42.124 65723 INFO tempest.lib.common.rest_client [req-e8a5e27f-6f34-4a75-96f0-51fecfcc1c5a req-e8a5e27f-6f34-4a75-96f0-51fecfcc1c5a ] Request (ServersTestJSON:setUpClass): 201 POST http://10.180.1.21/identity/v3/auth/tokens 0.093s
2025-11-20 23:52:42.140 65749 INFO tempest.lib.common.rest_client [req-1d13cfe0-988f-4457-8f1d-73adbb9075e3 req-1d13cfe0-988f-4457-8f1d-73adbb9075e3 ] Request (ServerDiagnosticsTest:tearDownClass): 200 GET http://10.180.1.21/compute/v2.1/servers/418c126f-967d-47d3-9340-95b63cb151cb 2.958s
2025-11-20 23:52:42.146 65705 INFO tempest.lib.common.rest_client [req-86d5589f-e677-4bdc-b338-87cfc4aeb4f8 req-86d5589f-e677-4bdc-b338-87cfc4aeb4f8 ] Request (HostsAdminNegativeTestJSON:test_update_host_with_non_admin_user): 403 PUT http://10.180.1.21/compute/v2.1/os-hosts/devstack 2.954s
2025-11-20 23:52:42.153 65729 INFO tempest.lib.common.rest_client [req-c0555462-5fdf-4190-84cd-5b22e22a1b7e req-c0555462-5fdf-4190-84cd-5b22e22a1b7e ] Request (AggregatesAdminNegativeTestJSON:test_aggregate_create_aggregate_name_length_exceeds_255): 400 POST http://10.180.1.21/compute/v2.1/os-aggregates 2.946s
2025-11-20 23:52:42.178 65701 INFO tempest.lib.common.rest_client [req-590ab51e-37b6-47c5-9e9a-341536e9cedf req-590ab51e-37b6-47c5-9e9a-341536e9cedf ] Request (ImagesNegativeTestJSON:test_create_image_from_deleted_server): 200 GET http://10.180.1.21/compute/v2.1/servers/b58e2a9a-60fb-437a-bc10-ce0da7163267 3.174s
2025-11-20 23:52:42.181 65741 INFO tempest.lib.common.rest_client [req-97c60dd0-6c28-4703-b0f7-96214ac93874 req-97c60dd0-6c28-4703-b0f7-96214ac93874 ] Request (FlavorsAdminTestJSON:_run_cleanups): 200 GET http://10.180.1.21/compute/v2.1/flavors/detail 2.954s
2025-11-20 23:52:42.201 65699 INFO tempest.lib.common.rest_client [req-6856def3-1cf9-4a2a-b9af-c3aeb2a03772 req-6856def3-1cf9-4a2a-b9af-c3aeb2a03772 ] Request (FlavorsV2TestJSON:test_list_flavors_detailed_limit_results): 200 GET http://10.180.1.21/compute/v2.1/flavors/detail?limit=1 2.845s
2025-11-20 23:52:42.207 65711 INFO tempest.lib.common.rest_client [req-e6451a34-382f-4413-9771-d9bdd310f72c req-e6451a34-382f-4413-9771-d9bdd310f72c ] Request (FlavorsAccessNegativeTestJSON:_run_cleanups): 202 DELETE http://10.180.1.21/compute/v2.1/flavors/1876016809 2.812s
2025-11-20 23:52:42.384 65751 INFO tempest.lib.common.rest_client [req-74d300b1-4591-4cb8-ba9b-c059a20c8d1f req-74d300b1-4591-4cb8-ba9b-c059a20c8d1f ] Request (ServerGroup264TestJSON:setUpClass): 201 POST http://10.180.1.21/networking/v2.0/subnets 0.269s
2025-11-20 23:52:42.690 65723 INFO tempest.lib.common.rest_client [req-19bdf443-a422-49de-a37c-89052dbee92b req-19bdf443-a422-49de-a37c-89052dbee92b ] Request (ServersTestJSON:setUpClass): 201 POST http://10.180.1.21/networking/v2.0/networks 0.565s
2025-11-20 23:52:43.524 65751 INFO tempest.lib.common.rest_client [req-bb56b0d7-cf9c-4354-b09d-a832c5b71592 req-bb56b0d7-cf9c-4354-b09d-a832c5b71592 ] Request (ServerGroup264TestJSON:setUpClass): 201 POST http://10.180.1.21/networking/v2.0/routers 1.139s
2025-11-20 23:52:43.820 65723 INFO tempest.lib.common.rest_client [req-552f27bb-75f2-458c-a432-85873eb3c141 req-552f27bb-75f2-458c-a432-85873eb3c141 ] Request (ServersTestJSON:setUpClass): 201 POST http://10.180.1.21/networking/v2.0/subnets 1.129s
2025-11-20 23:52:43.890 65757 INFO tempest.lib.common.rest_client [req-71515b3c-31d8-425e-8990-a4d093a1f25d req-71515b3c-31d8-425e-8990-a4d093a1f25d ] Request (DeleteServersAdminTestJSON:test_admin_delete_servers_of_others): 200 GET http://10.180.1.21/compute/v2.1/servers/13472fa3-d93a-4a7b-8110-69f9c0568930 4.208s
2025-11-20 23:52:44.064 65721 INFO tempest.lib.common.rest_client [req-bfa8230c-c782-4046-bbf5-113b8c647352 req-bfa8230c-c782-4046-bbf5-113b8c647352 ] Request (QuotasAdminTestJSON:test_delete_quota): 200 GET http://10.180.1.21/compute/v2.1/os-quota-sets/c904798fc60e44cb8794f740bd250f22 4.186s
2025-11-20 23:52:44.783 65751 INFO tempest.lib.common.rest_client [req-63531328-4dac-464b-b3ca-ce8a75bd4724 req-63531328-4dac-464b-b3ca-ce8a75bd4724 ] Request (ServerGroup264TestJSON:setUpClass): 200 PUT http://10.180.1.21/networking/v2.0/routers/0e8821df-1ca3-4612-9ea6-9314ce9b2f1b/add_router_interface 1.259s
2025-11-20 23:52:44.783 65751 INFO tempest.lib.common.dynamic_creds [-] Created isolated network resources for: credentials: Credentials: {'domain_id': 'default', 'domain_name': 'Default', 'username': 'tempest-ServerGroup264TestJSON-498864812-project-member', 'project_domain_id': 'default', 'project_domain_name': 'Default', 'project_id': '91d5826e74ac4cd1ba903005dc99893f', 'project_name': 'tempest-ServerGroup264TestJSON-498864812', 'tenant_id': '91d5826e74ac4cd1ba903005dc99893f', 'tenant_name': 'tempest-ServerGroup264TestJSON-498864812', 'user_domain_id': 'default', 'user_domain_name': 'Default', 'user_id': '9331128e78d549fd975d074e0dff48f0', 'system': None}, Network: {'id': '60655760-f03d-4f0b-b0cf-f31a2aaa30d7', 'name': 'tempest-ServerGroup264TestJSON-1871644516-network', 'tenant_id': '91d5826e74ac4cd1ba903005dc99893f', 'project_id': '91d5826e74ac4cd1ba903005dc99893f', 'admin_state_up': True, 'mtu': 8950, 'status': 'ACTIVE', 'subnets': [], 'shared': False, 'port_security_enabled': True, 'router:external': False, 'provider:network_type': 'vlan', 'provider:physical_network': 'default', 'provider:segmentation_id': 134, 'availability_zone_hints': [], 'availability_zones': [], 'ipv4_address_scope': None, 'ipv6_address_scope': None, 'description': '', 'tags': [], 'created_at': '2025-11-20T23:52:41Z', 'updated_at': '2025-11-20T23:52:42Z', 'revision_number': 1}, Subnet: {'id': 'e862d7e6-6a61-48b8-8f9f-c5b4d2393357', 'name': 'tempest-ServerGroup264TestJSON-1871644516-subnet', 'tenant_id': '91d5826e74ac4cd1ba903005dc99893f', 'network_id': '60655760-f03d-4f0b-b0cf-f31a2aaa30d7', 'ip_version': 4, 'subnetpool_id': None, 'enable_dhcp': True, 'ipv6_ra_mode': None, 'ipv6_address_mode': None, 'gateway_ip': '192.168.128.1', 'cidr': '192.168.128.0/28', 'allocation_pools': [{'start': '192.168.128.2', 'end': '192.168.128.14'}], 'host_routes': [], 'dns_nameservers': [], 'description': '', 'router:external': False, 'service_types': [], 'tags': [], 'created_at': '2025-11-20T23:52:42Z', 'updated_at': '2025-11-20T23:52:42Z', 'revision_number': 0, 'project_id': '91d5826e74ac4cd1ba903005dc99893f'}, Router: {'id': '0e8821df-1ca3-4612-9ea6-9314ce9b2f1b', 'name': 'tempest-ServerGroup264TestJSON-1871644516-router', 'tenant_id': '91d5826e74ac4cd1ba903005dc99893f', 'admin_state_up': True, 'status': 'ACTIVE', 'external_gateway_info': {'network_id': 'a06b03b3-d848-4d43-bd37-fbe55ebb7fd2', 'external_fixed_ips': [{'subnet_id': '1399d778-726c-40ef-9f9d-49e4370ff46e', 'ip_address': '10.180.180.221'}], 'enable_snat': True}, 'description': '', 'availability_zones': [], 'distributed': False, 'ha': False, 'availability_zone_hints': [], 'routes': [], 'flavor_id': None, 'tags': [], 'created_at': '2025-11-20T23:52:42Z', 'updated_at': '2025-11-20T23:52:43Z', 'revision_number': 2, 'project_id': '91d5826e74ac4cd1ba903005dc99893f'}
2025-11-20 23:52:44.897 65751 INFO tempest.lib.common.rest_client [req-ef2b5cc9-a784-4842-b5b4-ad32b46b99c0 req-ef2b5cc9-a784-4842-b5b4-ad32b46b99c0 ] Request (ServerGroup264TestJSON:setUpClass): 201 POST http://10.180.1.21/identity/v3/auth/tokens 0.110s
2025-11-20 23:52:45.099 65755 INFO tempest.lib.common.rest_client [req-dc4b473a-d119-4b9d-8efd-bf0ddbc75e2a req-dc4b473a-d119-4b9d-8efd-bf0ddbc75e2a ] Request (VolumesAssistedSnapshotsTest:test_volume_assisted_snapshot_create_delete): 200 GET http://10.180.1.21/compute/v2.1/servers/166dcce7-236e-4bbe-a90e-4f5f0c25b581 5.178s
2025-11-20 23:52:45.107 65755 INFO tempest.common.waiters [-] State transition "BUILD/None" ==> "BUILD/spawning" after 21 second wait
2025-11-20 23:52:45.124 65733 INFO tempest.lib.common.rest_client [req-7741fd8a-94ad-40bf-ac09-888956aff197 req-7741fd8a-94ad-40bf-ac09-888956aff197 ] Request (ServicesAdminNegativeTestJSON:test_get_service_by_invalid_service_and_valid_host): 200 GET http://10.180.1.21/compute/v2.1/os-services?host=devstack&binary=xxx 5.179s
