2025-11-20 23:52:10.527 65759 INFO tempest.lib.common.rest_client [req-948d9872-6a53-4157-b001-a1a0ab842c38 req-948d9872-6a53-4157-b001-a1a0ab842c38 ] Request (ServersListShow296Test:test_list_show_update_rebuild_server_296): 202 POST http://10.180.1.21/compute/v2.1/servers 3.878s
2025-11-20 23:52:10.543 65757 INFO tempest.lib.common.rest_client [req-06e30924-ec1f-434b-9410-808445de8f0b req-06e30924-ec1f-434b-9410-808445de8f0b ] Request (AZAdminV2TestJSON:tearDownClass): 204 DELETE http://10.180.1.21/identity/v3/users/b7ab9e95ee134e7abf2e7a88aef73b43 0.223s
2025-11-20 23:52:10.663 65747 INFO tempest.lib.common.rest_client [req-d94f524e-b46c-4b45-a88f-923988a1909c req-d94f524e-b46c-4b45-a88f-923988a1909c ] Request (ValidationResourcesFixture:setUp): 200 POST http://10.180.1.21/compute/v2.1/os-keypairs 3.385s
2025-11-20 23:52:10.695 65751 INFO tempest.lib.common.rest_client [req-200f5e5d-b74e-491f-8d02-afccba6355fd req-200f5e5d-b74e-491f-8d02-afccba6355fd ] Request (HypervisorAdminNegativeUnderV252Test:test_search_hypervisor_with_non_admin_user): 403 GET http://10.180.1.21/compute/v2.1/os-hypervisors/domain-c8.fc996f14-c53b-4953-92e3-bdfa48f5cc28/search 3.314s
2025-11-20 23:52:10.752 65757 INFO tempest.lib.common.rest_client [req-d5033868-9241-4bb3-83d0-282a9e0b95a7 req-d5033868-9241-4bb3-83d0-282a9e0b95a7 ] Request (AZAdminV2TestJSON:tearDownClass): 204 DELETE http://10.180.1.21/identity/v3/users/e305d9aca76f450fbdc4212948b7337e 0.208s
2025-11-20 23:52:10.752 65757 INFO tempest.lib.common.dynamic_creds [-] Deleting project and security group for project: f18ab1476f224fbab434ef430264cff9
2025-11-20 23:52:10.812 65711 INFO tempest.lib.common.rest_client [req-dd10eae0-e96c-4fa2-99b8-2ef717d7b59a req-dd10eae0-e96c-4fa2-99b8-2ef717d7b59a ] Request (FlavorsAccessNegativeTestJSON:test_add_flavor_access_duplicate): 200 POST http://10.180.1.21/compute/v2.1/flavors/1822689283/action 3.298s
2025-11-20 23:52:10.876 65757 INFO tempest.lib.common.rest_client [req-e57adca4-010e-41d9-98a4-1976a3cf08a0 req-e57adca4-010e-41d9-98a4-1976a3cf08a0 ] Request (AZAdminV2TestJSON:tearDownClass): 201 POST http://10.180.1.21/identity/v3/auth/tokens 0.123s
2025-11-20 23:52:11.071 65707 INFO tempest.lib.common.rest_client [req-165b1fa8-b78b-40e1-b749-6bdf93b52e20 req-165b1fa8-b78b-40e1-b749-6bdf93b52e20 ] Request (FloatingIPDetailsTestJSON:setUpClass): 201 POST http://10.180.1.21/networking/v2.0/routers 0.974s
2025-11-20 23:52:11.116 65715 INFO tempest.lib.common.rest_client [req-ac3b993b-2baf-461e-bc73-944f00347255 req-ac3b993b-2baf-461e-bc73-944f00347255 ] Request (FloatingIPsNegativeTestJSON:tearDownClass): 200 PUT http://10.180.1.21/networking/v2.0/routers/b8fc9deb-17e6-469c-993a-df0c7364c73e/remove_router_interface 1.100s
2025-11-20 23:52:11.226 65747 INFO tempest.lib.common.rest_client [req-e76b3157-9ae9-450d-b0cf-2b7a40cd02d3 req-e76b3157-9ae9-450d-b0cf-2b7a40cd02d3 ] Request (ValidationResourcesFixture:setUp): 201 POST http://10.180.1.21/networking/v2.0/security-groups 0.561s
2025-11-20 23:52:11.449 65757 INFO tempest.lib.common.rest_client [req-a733fd71-7a3c-4aef-8e66-83c8cf0b78fe req-a733fd71-7a3c-4aef-8e66-83c8cf0b78fe ] Request (AZAdminV2TestJSON:tearDownClass): 200 GET http://10.180.1.21/networking/v2.0/security-groups?tenant_id=f18ab1476f224fbab434ef430264cff9&name=default 0.572s
2025-11-20 23:52:11.516 65753 INFO tempest.lib.common.rest_client [req-316015e5-7356-4ca1-ad04-eb51b2701945 req-316015e5-7356-4ca1-ad04-eb51b2701945 ] Request (ServerDiagnosticsNegativeTest:test_get_server_diagnostics_by_non_admin): 200 GET http://10.180.1.21/compute/v2.1/servers/03ef6113-83f9-480b-96e5-f200fc2042cc 2.921s
2025-11-20 23:52:11.985 65715 INFO tempest.lib.common.rest_client [req-c9ca3eca-f3b1-4c4f-99ba-d50fc14e9cc0 req-c9ca3eca-f3b1-4c4f-99ba-d50fc14e9cc0 ] Request (FloatingIPsNegativeTestJSON:tearDownClass): 204 DELETE http://10.180.1.21/networking/v2.0/routers/b8fc9deb-17e6-469c-993a-df0c7364c73e 0.869s
2025-11-20 23:52:12.098 65747 INFO tempest.lib.common.rest_client [req-99ee6ece-209d-43a9-83c8-dbd9241daf8a req-99ee6ece-209d-43a9-83c8-dbd9241daf8a ] Request (ValidationResourcesFixture:setUp): 201 POST http://10.180.1.21/networking/v2.0/security-group-rules 0.871s
2025-11-20 23:52:12.177 65757 INFO tempest.lib.common.rest_client [req-56cfe855-a530-46ad-9cb1-c168e7ee91f2 req-56cfe855-a530-46ad-9cb1-c168e7ee91f2 ] Request (AZAdminV2TestJSON:tearDownClass): 204 DELETE http://10.180.1.21/networking/v2.0/security-groups/d528d017-1748-42d8-acb9-74ad69a82ee3 0.727s
2025-11-20 23:52:12.210 65749 INFO tempest.lib.common.rest_client [req-d1418213-4e68-49cb-baf7-3dba74a4c05b req-d1418213-4e68-49cb-baf7-3dba74a4c05b ] Request (ServerDiagnosticsTest:test_get_server_diagnostics): 200 GET http://10.180.1.21/compute/v2.1/servers/418c126f-967d-47d3-9340-95b63cb151cb 3.562s
2025-11-20 23:52:12.276 65757 INFO tempest.lib.common.rest_client [req-a8fe9193-0032-4b46-9415-8c5f2a6f0830 req-a8fe9193-0032-4b46-9415-8c5f2a6f0830 ] Request (AZAdminV2TestJSON:tearDownClass): 204 DELETE http://10.180.1.21/identity/v3/projects/f18ab1476f224fbab434ef430264cff9 0.099s
2025-11-20 23:52:12.276 65757 INFO tempest.lib.common.dynamic_creds [-] Deleting project and security group for project: fccbf35ca8694f6c940dd28594e7c987
2025-11-20 23:52:12.303 65707 INFO tempest.lib.common.rest_client [req-b2812154-02c5-435e-bcc8-1aa67a490def req-b2812154-02c5-435e-bcc8-1aa67a490def ] Request (FloatingIPDetailsTestJSON:setUpClass): 200 PUT http://10.180.1.21/networking/v2.0/routers/0981f45b-d309-4ecd-b104-6c1eaa5c01d5/add_router_interface 1.231s
2025-11-20 23:52:12.304 65707 INFO tempest.lib.common.dynamic_creds [-] Created isolated network resources for: credentials: Credentials: {'domain_id': 'default', 'domain_name': 'Default', 'username': 'tempest-FloatingIPDetailsTestJSON-1362282180-project-member', 'project_domain_id': 'default', 'project_domain_name': 'Default', 'project_id': 'abbc152e8550416d8e157df0687a6640', 'project_name': 'tempest-FloatingIPDetailsTestJSON-1362282180', 'tenant_id': 'abbc152e8550416d8e157df0687a6640', 'tenant_name': 'tempest-FloatingIPDetailsTestJSON-1362282180', 'user_domain_id': 'default', 'user_domain_name': 'Default', 'user_id': 'adcae828a17e4380b426110987ef92ed', 'system': None}, Network: {'id': 'ff9af4bb-906c-42e9-bfbc-93beffbb05cd', 'name': 'tempest-FloatingIPDetailsTestJSON-274036030-network', 'tenant_id': 'abbc152e8550416d8e157df0687a6640', 'project_id': 'abbc152e8550416d8e157df0687a6640', 'admin_state_up': True, 'mtu': 8950, 'status': 'ACTIVE', 'subnets': [], 'shared': False, 'port_security_enabled': True, 'router:external': False, 'provider:network_type': 'vlan', 'provider:physical_network': 'default', 'provider:segmentation_id': 602, 'availability_zone_hints': [], 'availability_zones': [], 'ipv4_address_scope': None, 'ipv6_address_scope': None, 'description': '', 'tags': [], 'created_at': '2025-11-20T23:52:09Z', 'updated_at': '2025-11-20T23:52:09Z', 'revision_number': 1}, Subnet: {'id': '7df18978-9975-4913-81c9-8ae4e5096eab', 'name': 'tempest-FloatingIPDetailsTestJSON-274036030-subnet', 'tenant_id': 'abbc152e8550416d8e157df0687a6640', 'network_id': 'ff9af4bb-906c-42e9-bfbc-93beffbb05cd', 'ip_version': 4, 'subnetpool_id': None, 'enable_dhcp': True, 'ipv6_ra_mode': None, 'ipv6_address_mode': None, 'gateway_ip': '192.168.128.1', 'cidr': '192.168.128.0/28', 'allocation_pools': [{'start': '192.168.128.2', 'end': '192.168.128.14'}], 'host_routes': [], 'dns_nameservers': [], 'description': '', 'router:external': False, 'service_types': [], 'tags': [], 'created_at': '2025-11-20T23:52:09Z', 'updated_at': '2025-11-20T23:52:09Z', 'revision_number': 0, 'project_id': 'abbc152e8550416d8e157df0687a6640'}, Router: {'id': '0981f45b-d309-4ecd-b104-6c1eaa5c01d5', 'name': 'tempest-FloatingIPDetailsTestJSON-274036030-router', 'tenant_id': 'abbc152e8550416d8e157df0687a6640', 'admin_state_up': True, 'status': 'ACTIVE', 'external_gateway_info': {'network_id': 'a06b03b3-d848-4d43-bd37-fbe55ebb7fd2', 'external_fixed_ips': [{'subnet_id': '1399d778-726c-40ef-9f9d-49e4370ff46e', 'ip_address': '10.180.180.239'}], 'enable_snat': True}, 'description': '', 'availability_zones': [], 'distributed': False, 'ha': False, 'availability_zone_hints': [], 'routes': [], 'flavor_id': None, 'tags': [], 'created_at': '2025-11-20T23:52:10Z', 'updated_at': '2025-11-20T23:52:10Z', 'revision_number': 2, 'project_id': 'abbc152e8550416d8e157df0687a6640'}
2025-11-20 23:52:12.377 65715 INFO tempest.lib.common.rest_client [req-dbb1c13c-9795-4a31-89b6-474cc5bdab19 req-dbb1c13c-9795-4a31-89b6-474cc5bdab19 ] Request (FloatingIPsNegativeTestJSON:tearDownClass): 204 DELETE http://10.180.1.21/networking/v2.0/subnets/2ffd94a9-4901-4908-ad66-700865c8727f 0.391s
2025-11-20 23:52:12.413 65747 INFO tempest.lib.common.rest_client [req-3dc25c91-62c5-45e1-9621-25efc5eb9376 req-3dc25c91-62c5-45e1-9621-25efc5eb9376 ] Request (ValidationResourcesFixture:setUp): 201 POST http://10.180.1.21/networking/v2.0/security-group-rules 0.314s
2025-11-20 23:52:12.418 65707 INFO tempest.lib.common.rest_client [req-3c1c27cc-d25b-4b67-9b32-9ab690a46447 req-3c1c27cc-d25b-4b67-9b32-9ab690a46447 ] Request (FloatingIPDetailsTestJSON:setUpClass): 201 POST http://10.180.1.21/identity/v3/auth/tokens 0.111s
2025-11-20 23:52:12.457 65719 INFO tempest.lib.common.rest_client [req-7b554a63-7c49-4a89-827d-155ab651d0e9 req-7b554a63-7c49-4a89-827d-155ab651d0e9 ] Request (NetworksTest:test_get_network): 200 GET http://10.180.1.21/compute/v2.1/os-networks/a06b03b3-d848-4d43-bd37-fbe55ebb7fd2 3.402s
2025-11-20 23:52:12.553 65757 INFO tempest.lib.common.rest_client [req-d33d4b7b-4fc4-4c29-b12a-2047b93cc456 req-d33d4b7b-4fc4-4c29-b12a-2047b93cc456 ] Request (AZAdminV2TestJSON:tearDownClass): 200 GET http://10.180.1.21/networking/v2.0/security-groups?tenant_id=fccbf35ca8694f6c940dd28594e7c987&name=default 0.276s
2025-11-20 23:52:12.931 65715 INFO tempest.lib.common.rest_client [req-99561880-eb74-47b8-a988-ef7e493f0de1 req-99561880-eb74-47b8-a988-ef7e493f0de1 ] Request (FloatingIPsNegativeTestJSON:tearDownClass): 204 DELETE http://10.180.1.21/networking/v2.0/networks/131fd39f-eed5-4926-97f3-d2e9c077f9b4 0.554s
2025-11-20 23:52:13.046 65715 INFO tempest.lib.common.rest_client [req-eef92938-bbb0-49d7-8ac2-00bdf8a79488 req-eef92938-bbb0-49d7-8ac2-00bdf8a79488 ] Request (FloatingIPsNegativeTestJSON:tearDownClass): 204 DELETE http://10.180.1.21/identity/v3/users/dbd5f382fa384c599cc92d26a2484b8d 0.115s
2025-11-20 23:52:13.047 65715 INFO tempest.lib.common.dynamic_creds [-] Deleting project and security group for project: e42e311c2d074c9ba8d8ad5ef596bb1b
2025-11-20 23:52:13.361 65747 INFO tempest.lib.common.rest_client [req-bf0b48c5-06b9-4a34-a94b-39e1d7613169 req-bf0b48c5-06b9-4a34-a94b-39e1d7613169 ] Request (ValidationResourcesFixture:setUp): 201 POST http://10.180.1.21/networking/v2.0/floatingips 0.947s
2025-11-20 23:52:13.424 65747 INFO tempest.lib.common.rest_client [req-e5878d15-31aa-444d-a323-bd812355b14b req-e5878d15-31aa-444d-a323-bd812355b14b ] Request (AttachInterfacesTestJSON:test_create_list_show_delete_interfaces_by_fixed_ip): 201 POST http://10.180.1.21/identity/v3/auth/tokens 0.060s
2025-11-20 23:52:13.425 65747 INFO tempest.lib.common.fixed_network [-] (AttachInterfacesTestJSON:test_create_list_show_delete_interfaces_by_fixed_ip) Found network {'id': '899bd984-fb16-4de0-a047-d65c23d627bc', 'name': 'tempest-AttachInterfacesTestJSON-366007473-network', 'tenant_id': '5abbee6922db4d53b3086a5f8bcf8bd0', 'project_id': '5abbee6922db4d53b3086a5f8bcf8bd0', 'admin_state_up': True, 'mtu': 8950, 'status': 'ACTIVE', 'subnets': [], 'shared': False, 'port_security_enabled': True, 'router:external': False, 'provider:network_type': 'vlan', 'provider:physical_network': 'default', 'provider:segmentation_id': 363, 'availability_zone_hints': [], 'availability_zones': [], 'ipv4_address_scope': None, 'ipv6_address_scope': None, 'description': '', 'tags': [], 'created_at': '2025-11-20T23:52:04Z', 'updated_at': '2025-11-20T23:52:04Z', 'revision_number': 1} available for tenant
2025-11-20 23:52:13.514 65757 INFO tempest.lib.common.rest_client [req-d3897684-2126-4f2d-a9e4-4f4e73d7f6d6 req-d3897684-2126-4f2d-a9e4-4f4e73d7f6d6 ] Request (AZAdminV2TestJSON:tearDownClass): 204 DELETE http://10.180.1.21/networking/v2.0/security-groups/5939dcbf-8656-4997-b210-cab3a49ca5ec 0.961s
2025-11-20 23:52:13.548 65715 INFO tempest.lib.common.rest_client [req-6f4fd729-ec7b-430a-a053-b0794afede6d req-6f4fd729-ec7b-430a-a053-b0794afede6d ] Request (FloatingIPsNegativeTestJSON:tearDownClass): 200 GET http://10.180.1.21/networking/v2.0/security-groups?tenant_id=e42e311c2d074c9ba8d8ad5ef596bb1b&name=default 0.501s
2025-11-20 23:52:13.653 65757 INFO tempest.lib.common.rest_client [req-338ed1d7-5c80-4585-8c66-6fbd220a6df5 req-338ed1d7-5c80-4585-8c66-6fbd220a6df5 ] Request (AZAdminV2TestJSON:tearDownClass): 204 DELETE http://10.180.1.21/identity/v3/projects/fccbf35ca8694f6c940dd28594e7c987 0.138s
2025-11-20 23:52:13.696 65701 INFO tempest.lib.common.rest_client [req-dc9ca18e-2d01-44e6-887f-2d85824da868 req-dc9ca18e-2d01-44e6-887f-2d85824da868 ] Request (ImagesNegativeTestJSON:test_create_image_from_deleted_server): 202 POST http://10.180.1.21/compute/v2.1/servers 5.517s
2025-11-20 23:52:13.733 65757 INFO tempest.lib.common.rest_client [req-83211d89-0c4b-4b1f-a46c-befb500efe85 req-83211d89-0c4b-4b1f-a46c-befb500efe85 ] Request (DeleteServersAdminTestJSON:setUpClass): 201 POST http://10.180.1.21/identity/v3/auth/tokens 0.079s
2025-11-20 23:52:13.745 65715 INFO tempest.lib.common.rest_client [req-9180fb8c-52d8-4f31-9442-5131f931c87b req-9180fb8c-52d8-4f31-9442-5131f931c87b ] Request (FloatingIPsNegativeTestJSON:tearDownClass): 204 DELETE http://10.180.1.21/networking/v2.0/security-groups/c20d1a9b-8dd6-4f7c-8596-8655cb2dc2eb 0.197s
2025-11-20 23:52:13.776 65757 INFO tempest.lib.common.rest_client [req-a75685b9-533e-4b64-a118-e7713aa472f4 req-a75685b9-533e-4b64-a118-e7713aa472f4 ] Request (DeleteServersAdminTestJSON:setUpClass): 201 POST http://10.180.1.21/identity/v3/auth/tokens 0.039s
2025-11-20 23:52:13.849 65715 INFO tempest.lib.common.rest_client [req-c04f8507-b732-43df-ac6a-da558e69b1f3 req-c04f8507-b732-43df-ac6a-da558e69b1f3 ] Request (FloatingIPsNegativeTestJSON:tearDownClass): 204 DELETE http://10.180.1.21/identity/v3/projects/e42e311c2d074c9ba8d8ad5ef596bb1b 0.104s
2025-11-20 23:52:13.906 65743 INFO tempest.lib.common.rest_client [req-b320f9b4-2806-4781-8e90-c80046b328c8 req-b320f9b4-2806-4781-8e90-c80046b328c8 ] Request (QuotasAdminTestV257:test_get_updated_quotas): 200 GET http://10.180.1.21/compute/v2.1/os-quota-sets/e2da065cf6e84bf7b9f79b57501da53e/detail 4.813s
2025-11-20 23:52:13.912 65715 INFO tempest.lib.common.rest_client [req-27f9fa90-8f4a-4a97-abc0-b741dd29f869 req-27f9fa90-8f4a-4a97-abc0-b741dd29f869 ] Request (DeleteServersTestJSON:setUpClass): 201 POST http://10.180.1.21/identity/v3/auth/tokens 0.061s
2025-11-20 23:52:13.916 65757 INFO tempest.lib.common.rest_client [req-f9c672a5-c092-4ee8-a6d9-0e54ba1a75ce req-f9c672a5-c092-4ee8-a6d9-0e54ba1a75ce ] Request (DeleteServersAdminTestJSON:setUpClass): 200 GET http://10.180.1.21/identity/v3/domains?name=Default 0.139s
2025-11-20 23:52:13.946 65743 INFO tempest.lib.common.rest_client [req-329fa0dc-4319-4e7f-86d4-696bb3f60525 req-329fa0dc-4319-4e7f-86d4-696bb3f60525 ] Request (QuotasAdminTestV257:test_get_updated_quotas): 200 GET http://10.180.1.21/identity/v3/domains?name=Default 0.034s
2025-11-20 23:52:13.973 65715 INFO tempest.lib.common.rest_client [req-8c588928-abde-4c10-9f99-93c6b8d6cefb req-8c588928-abde-4c10-9f99-93c6b8d6cefb ] Request (DeleteServersTestJSON:setUpClass): 201 POST http://10.180.1.21/identity/v3/auth/tokens 0.058s
2025-11-20 23:52:14.009 65757 INFO tempest.lib.common.rest_client [req-eb8822cc-5ea5-43bb-b38c-0737b56b82c5 req-eb8822cc-5ea5-43bb-b38c-0737b56b82c5 ] Request (DeleteServersAdminTestJSON:setUpClass): 201 POST http://10.180.1.21/identity/v3/projects 0.093s
2025-11-20 23:52:14.047 65725 INFO tempest.lib.common.rest_client [req-ace0cc9c-d1d5-44ae-ba4e-7bc0903db531 req-ace0cc9c-d1d5-44ae-ba4e-7bc0903db531 ] Request (ServersWithSpecificFlavorTestJSON:test_verify_created_server_ephemeral_disk): 200 POST http://10.180.1.21/compute/v2.1/flavors 4.831s
2025-11-20 23:52:14.072 65743 INFO tempest.lib.common.rest_client [req-61a4e6b4-42e9-468a-b637-cce7bb655d2a req-61a4e6b4-42e9-468a-b637-cce7bb655d2a ] Request (QuotasAdminTestV257:test_get_updated_quotas): 201 POST http://10.180.1.21/identity/v3/users 0.125s
2025-11-20 23:52:14.080 65715 INFO tempest.lib.common.rest_client [req-6c2102c1-e037-4e9d-b35a-a61643724f15 req-6c2102c1-e037-4e9d-b35a-a61643724f15 ] Request (DeleteServersTestJSON:setUpClass): 200 GET http://10.180.1.21/identity/v3/domains?name=Default 0.107s
2025-11-20 23:52:14.099 65743 INFO tempest.lib.common.rest_client [req-15a812b9-8a6d-4161-a85a-da21da887967 req-15a812b9-8a6d-4161-a85a-da21da887967 ] Request (QuotasAdminTestV257:test_get_updated_quotas): 200 GET http://10.180.1.21/identity/v3/domains?name=Default 0.026s
2025-11-20 23:52:14.104 65757 INFO tempest.lib.common.rest_client [req-2773df5a-3e4d-4b91-a69c-aa655d41b5b3 req-2773df5a-3e4d-4b91-a69c-aa655d41b5b3 ] Request (DeleteServersAdminTestJSON:setUpClass): 201 POST http://10.180.1.21/identity/v3/users 0.094s
2025-11-20 23:52:14.105 65699 INFO tempest.lib.common.rest_client [req-7d9b8691-4279-4efb-9f38-d7aa9ec9e755 req-7d9b8691-4279-4efb-9f38-d7aa9ec9e755 ] Request (HypervisorAdminUnderV252Test:test_get_hypervisor_show_servers): 200 GET http://10.180.1.21/compute/v2.1/os-hypervisors/domain-c8.fc996f14-c53b-4953-92e3-bdfa48f5cc28/servers 4.749s
2025-11-20 23:52:14.131 65757 INFO tempest.lib.common.rest_client [req-db532be0-3d52-46e9-90f7-966b51c12a8c req-db532be0-3d52-46e9-90f7-966b51c12a8c ] Request (DeleteServersAdminTestJSON:setUpClass): 200 GET http://10.180.1.21/identity/v3/roles 0.026s
2025-11-20 23:52:14.147 65715 INFO tempest.lib.common.rest_client [req-883f6768-ec59-4fcb-9549-c296b31e0e4d req-883f6768-ec59-4fcb-9549-c296b31e0e4d ] Request (DeleteServersTestJSON:setUpClass): 201 POST http://10.180.1.21/identity/v3/projects 0.066s
2025-11-20 23:52:14.151 65727 INFO tempest.lib.common.rest_client [req-e789e55c-0d3a-4143-8256-8f648dff6db7 req-e789e55c-0d3a-4143-8256-8f648dff6db7 ] Request (FlavorsV261TestJSON:test_crud_flavor): 200 PUT http://10.180.1.21/compute/v2.1/flavors/623863701 4.735s
2025-11-20 23:52:14.166 65757 INFO tempest.lib.common.rest_client [req-d89655f0-a36a-48b0-a9c0-70a8c842d9d0 req-d89655f0-a36a-48b0-a9c0-70a8c842d9d0 ] Request (DeleteServersAdminTestJSON:setUpClass): 204 PUT http://10.180.1.21/identity/v3/projects/5d455e2e54314f378cee0f40d7532f17/users/054ba409bbc2484eb3bad9c0c5fc1986/roles/4b019e04c34844a588e30dd68e89db97 0.030s
2025-11-20 23:52:14.166 65757 INFO tempest.lib.common.dynamic_creds [-] Dynamic test user 054ba409bbc2484eb3bad9c0c5fc1986 is created with scope project and roles: ['member']
2025-11-20 23:52:14.166 65757 INFO tempest.lib.common.dynamic_creds [-] Acquired dynamic creds: credentials: Credentials: {'domain_id': 'default', 'domain_name': 'Default', 'username': 'tempest-DeleteServersAdminTestJSON-1787015591-project-member', 'project_domain_id': 'default', 'project_domain_name': 'Default', 'project_id': '5d455e2e54314f378cee0f40d7532f17', 'project_name': 'tempest-DeleteServersAdminTestJSON-1787015591', 'tenant_id': '5d455e2e54314f378cee0f40d7532f17', 'tenant_name': 'tempest-DeleteServersAdminTestJSON-1787015591', 'user_domain_id': 'default', 'user_domain_name': 'Default', 'user_id': '054ba409bbc2484eb3bad9c0c5fc1986', 'system': None}, Network: None, Subnet: None, Router: None
2025-11-20 23:52:14.166 65757 INFO tempest.lib.common.dynamic_creds [-] Created isolated network resources for: credentials: Credentials: {'domain_id': 'default', 'domain_name': 'Default', 'username': 'tempest-DeleteServersAdminTestJSON-1787015591-project-member', 'project_domain_id': 'default', 'project_domain_name': 'Default', 'project_id': '5d455e2e54314f378cee0f40d7532f17', 'project_name': 'tempest-DeleteServersAdminTestJSON-1787015591', 'tenant_id': '5d455e2e54314f378cee0f40d7532f17', 'tenant_name': 'tempest-DeleteServersAdminTestJSON-1787015591', 'user_domain_id': 'default', 'user_domain_name': 'Default', 'user_id': '054ba409bbc2484eb3bad9c0c5fc1986', 'system': None}, Network: None, Subnet: None, Router: None
2025-11-20 23:52:14.238 65757 INFO tempest.lib.common.rest_client [req-ddbd9d03-69fc-43df-8227-58bfd26bd8ee req-ddbd9d03-69fc-43df-8227-58bfd26bd8ee ] Request (DeleteServersAdminTestJSON:setUpClass): 201 POST http://10.180.1.21/identity/v3/auth/tokens 0.068s
2025-11-20 23:52:14.258 65715 INFO tempest.lib.common.rest_client [req-8759a2b7-fcb3-498f-abe5-8fbfe892a540 req-8759a2b7-fcb3-498f-abe5-8fbfe892a540 ] Request (DeleteServersTestJSON:setUpClass): 201 POST http://10.180.1.21/identity/v3/users 0.110s
2025-11-20 23:52:14.288 65757 INFO tempest.lib.common.rest_client [req-4dde63e3-0198-4f00-a470-6e23f37a325d req-4dde63e3-0198-4f00-a470-6e23f37a325d ] Request (DeleteServersAdminTestJSON:setUpClass): 201 POST http://10.180.1.21/identity/v3/projects 0.049s
2025-11-20 23:52:14.365 65715 INFO tempest.lib.common.rest_client [req-c4dd3660-ec5a-4149-a885-ae69583047fb req-c4dd3660-ec5a-4149-a885-ae69583047fb ] Request (DeleteServersTestJSON:setUpClass): 200 GET http://10.180.1.21/identity/v3/roles 0.106s
2025-11-20 23:52:14.407 65757 INFO tempest.lib.common.rest_client [req-25cdcbb1-f19a-4d62-858e-1dad94401735 req-25cdcbb1-f19a-4d62-858e-1dad94401735 ] Request (DeleteServersAdminTestJSON:setUpClass): 201 POST http://10.180.1.21/identity/v3/users 0.119s
2025-11-20 23:52:14.450 65745 INFO tempest.lib.common.rest_client [req-6e24420b-336c-4325-bf5b-d592d55bfafe req-6e24420b-336c-4325-bf5b-d592d55bfafe ] Request (MigrationsAdminTest:test_list_migrations_in_flavor_resize_situation): 202 POST http://10.180.1.21/compute/v2.1/servers 5.387s
2025-11-20 23:52:14.455 65715 INFO tempest.lib.common.rest_client [req-a3ea68ae-333c-4873-9e78-e1577a86873e req-a3ea68ae-333c-4873-9e78-e1577a86873e ] Request (DeleteServersTestJSON:setUpClass): 204 PUT http://10.180.1.21/identity/v3/projects/0c62ba0cf9ae4a1588a498d9d7e28917/users/6c110fb250624023a0ad0f266b638292/roles/4b019e04c34844a588e30dd68e89db97 0.090s
2025-11-20 23:52:14.456 65715 INFO tempest.lib.common.dynamic_creds [-] Dynamic test user 6c110fb250624023a0ad0f266b638292 is created with scope project and roles: ['member']
2025-11-20 23:52:14.456 65715 INFO tempest.lib.common.dynamic_creds [-] Acquired dynamic creds: credentials: Credentials: {'domain_id': 'default', 'domain_name': 'Default', 'username': 'tempest-DeleteServersTestJSON-522573536-project-member', 'project_domain_id': 'default', 'project_domain_name': 'Default', 'project_id': '0c62ba0cf9ae4a1588a498d9d7e28917', 'project_name': 'tempest-DeleteServersTestJSON-522573536', 'tenant_id': '0c62ba0cf9ae4a1588a498d9d7e28917', 'tenant_name': 'tempest-DeleteServersTestJSON-522573536', 'user_domain_id': 'default', 'user_domain_name': 'Default', 'user_id': '6c110fb250624023a0ad0f266b638292', 'system': None}, Network: None, Subnet: None, Router: None
2025-11-20 23:52:14.528 65757 INFO tempest.lib.common.rest_client [req-7dd70884-5dc3-4a4f-a899-8330082416e0 req-7dd70884-5dc3-4a4f-a899-8330082416e0 ] Request (DeleteServersAdminTestJSON:setUpClass): 200 GET http://10.180.1.21/identity/v3/roles 0.121s
2025-11-20 23:52:14.536 65729 INFO tempest.lib.common.rest_client [req-8548dbd1-97fa-4341-8468-105bb3a06c59 req-8548dbd1-97fa-4341-8468-105bb3a06c59 ] Request (AggregatesAdminNegativeTestJSON:test_aggregate_add_existent_host): 200 POST http://10.180.1.21/compute/v2.1/os-aggregates/1/action 5.055s
2025-11-20 23:52:14.567 65715 INFO tempest.lib.common.rest_client [req-113a22b6-b27b-4be2-aa5e-18b14bc37f11 req-113a22b6-b27b-4be2-aa5e-18b14bc37f11 ] Request (DeleteServersTestJSON:setUpClass): 201 POST http://10.180.1.21/identity/v3/auth/tokens 0.111s
2025-11-20 23:52:14.624 65740 INFO tempest.lib.common.rest_client [req-8d85dcd6-af07-474d-9596-ef00d97e1d32 req-8d85dcd6-af07-474d-9596-ef00d97e1d32 ] Request (FlavorsExtraSpecsTestJSON:test_flavor_non_admin_get_all_keys): 200 GET http://10.180.1.21/compute/v2.1/flavors/379830907/os-extra_specs 5.117s
2025-11-20 23:52:14.647 65757 INFO tempest.lib.common.rest_client [req-fc29fae6-661e-45c8-87b1-394c29084e62 req-fc29fae6-661e-45c8-87b1-394c29084e62 ] Request (DeleteServersAdminTestJSON:setUpClass): 204 PUT http://10.180.1.21/identity/v3/projects/190b1d4a03f640ee9d6c304a5a7fe8e6/users/c535d87a974b416e8342a780f66d519d/roles/0649763fcdbf46a1ac3694cd7a0ffde5 0.117s
2025-11-20 23:52:14.736 65757 INFO tempest.lib.common.rest_client [req-a555690a-32d6-4a8c-ae05-eb406425f8e5 req-a555690a-32d6-4a8c-ae05-eb406425f8e5 ] Request (DeleteServersAdminTestJSON:setUpClass): 200 GET http://10.180.1.21/identity/v3/roles 0.089s
2025-11-20 23:52:14.756 65757 INFO tempest.lib.common.rest_client [req-1257536e-293a-4bc4-8124-33794338eb59 req-1257536e-293a-4bc4-8124-33794338eb59 ] Request (DeleteServersAdminTestJSON:setUpClass): 204 PUT http://10.180.1.21/identity/v3/projects/190b1d4a03f640ee9d6c304a5a7fe8e6/users/c535d87a974b416e8342a780f66d519d/roles/0649763fcdbf46a1ac3694cd7a0ffde5 0.019s
2025-11-20 23:52:14.756 65757 INFO tempest.lib.common.dynamic_creds [-] Dynamic test user c535d87a974b416e8342a780f66d519d is created with scope project and roles: ['admin']
2025-11-20 23:52:14.756 65757 INFO tempest.lib.common.dynamic_creds [-] Acquired dynamic creds: credentials: Credentials: {'domain_id': 'default', 'domain_name': 'Default', 'username': 'tempest-DeleteServersAdminTestJSON-793677786-project-admin', 'project_domain_id': 'default', 'project_domain_name': 'Default', 'project_id': '190b1d4a03f640ee9d6c304a5a7fe8e6', 'project_name': 'tempest-DeleteServersAdminTestJSON-793677786', 'tenant_id': '190b1d4a03f640ee9d6c304a5a7fe8e6', 'tenant_name': 'tempest-DeleteServersAdminTestJSON-793677786', 'user_domain_id': 'default', 'user_domain_name': 'Default', 'user_id': 'c535d87a974b416e8342a780f66d519d', 'system': None}, Network: None, Subnet: None, Router: None
2025-11-20 23:52:14.756 65757 INFO tempest.lib.common.dynamic_creds [-] Created isolated network resources for: credentials: Credentials: {'domain_id': 'default', 'domain_name': 'Default', 'username': 'tempest-DeleteServersAdminTestJSON-793677786-project-admin', 'project_domain_id': 'default', 'project_domain_name': 'Default', 'project_id': '190b1d4a03f640ee9d6c304a5a7fe8e6', 'project_name': 'tempest-DeleteServersAdminTestJSON-793677786', 'tenant_id': '190b1d4a03f640ee9d6c304a5a7fe8e6', 'tenant_name': 'tempest-DeleteServersAdminTestJSON-793677786', 'user_domain_id': 'default', 'user_domain_name': 'Default', 'user_id': 'c535d87a974b416e8342a780f66d519d', 'system': None}, Network: None, Subnet: None, Router: None
2025-11-20 23:52:14.760 65703 INFO tempest.lib.common.rest_client [req-2f1ba99a-55af-4424-a3f6-2f43015d2589 req-2f1ba99a-55af-4424-a3f6-2f43015d2589 ] Request (ServicesAdminTestJSON:test_get_service_by_host_name): 200 GET http://10.180.1.21/compute/v2.1/os-services 4.798s
2025-11-20 23:52:14.837 65757 INFO tempest.lib.common.rest_client [req-18c67001-c73c-4318-95a3-23fa01711c9f req-18c67001-c73c-4318-95a3-23fa01711c9f ] Request (DeleteServersAdminTestJSON:setUpClass): 201 POST http://10.180.1.21/identity/v3/auth/tokens 0.079s
2025-11-20 23:52:14.885 65755 INFO tempest.lib.common.rest_client [req-4e4f913e-92f8-4986-bb1d-7b3c9c126a92 req-4e4f913e-92f8-4986-bb1d-7b3c9c126a92 ] Request (VolumesAssistedSnapshotsTest:test_volume_assisted_snapshot_create_delete): 200 POST http://10.180.1.21/compute/v2.1/os-keypairs 4.786s
2025-11-20 23:52:14.900 65757 INFO tempest.lib.common.rest_client [req-d1d2bb73-23a4-4ebd-a899-3470e95c3aff req-d1d2bb73-23a4-4ebd-a899-3470e95c3aff ] Request (DeleteServersAdminTestJSON:test_admin_delete_servers_of_others): 201 POST http://10.180.1.21/identity/v3/auth/tokens 0.057s
2025-11-20 23:52:14.900 65757 INFO tempest.lib.common.fixed_network [-] (DeleteServersAdminTestJSON:test_admin_delete_servers_of_others) Found network None available for tenant
2025-11-20 23:52:14.902 65715 INFO tempest.lib.common.rest_client [req-5e53e414-8c85-4866-932a-f8f422fd4e63 req-5e53e414-8c85-4866-932a-f8f422fd4e63 ] Request (DeleteServersTestJSON:setUpClass): 201 POST http://10.180.1.21/networking/v2.0/networks 0.334s
2025-11-20 23:52:15.001 65737 INFO tempest.lib.common.rest_client [req-bcce33b3-91d2-46cc-99de-843e0738136a req-bcce33b3-91d2-46cc-99de-843e0738136a ] Request (FlavorsAccessTestJSON:test_flavor_access_add_remove): 200 GET http://10.180.1.21/compute/v2.1/flavors/detail 4.881s
2025-11-20 23:52:15.016 65713 INFO tempest.lib.common.rest_client [req-20e641fe-54f6-42bb-8567-6b8476499a32 req-20e641fe-54f6-42bb-8567-6b8476499a32 ] Request (FlavorMetadataValidation:_run_cleanups): 202 DELETE http://10.180.1.21/compute/v2.1/flavors/512945641 4.785s
2025-11-20 23:52:15.025 65697 INFO tempest.lib.common.rest_client [req-250752ae-66ea-4bf2-aaaa-29074ee68fe3 req-250752ae-66ea-4bf2-aaaa-29074ee68fe3 ] Request (KeyPairsV210TestJSON:test_admin_manage_keypairs_for_other_users): 200 GET http://10.180.1.21/compute/v2.1/os-keypairs/tempest-keypair-1141113936?user_id=c9f363b7d0b8425e8ab352b629253848 4.738s
2025-11-20 23:52:15.053 65755 INFO tempest.lib.common.rest_client [req-1ae06f34-4a80-42c4-b450-0d1f34aad9bd req-1ae06f34-4a80-42c4-b450-0d1f34aad9bd ] Request (VolumesAssistedSnapshotsTest:test_volume_assisted_snapshot_create_delete): 201 POST http://10.180.1.21/networking/v2.0/security-groups 0.166s
2025-11-20 23:52:15.208 65715 INFO tempest.lib.common.rest_client [req-ad9a62a4-3557-4663-b8af-8c6cca1786c7 req-ad9a62a4-3557-4663-b8af-8c6cca1786c7 ] Request (DeleteServersTestJSON:setUpClass): 201 POST http://10.180.1.21/networking/v2.0/subnets 0.305s
2025-11-20 23:52:15.214 65731 INFO tempest.lib.common.rest_client [req-f7177571-8086-4f02-b785-d7d671aa2aec req-f7177571-8086-4f02-b785-d7d671aa2aec ] Request (FloatingIPsTestJSON:test_allocate_floating_ip): 200 GET http://10.180.1.21/compute/v2.1/os-floating-ips 5.284s
2025-11-20 23:52:15.219 65705 INFO tempest.lib.common.rest_client [req-16f92916-7870-457a-bc54-5917b9066131 req-16f92916-7870-457a-bc54-5917b9066131 ] Request (HostsAdminNegativeTestJSON:test_reboot_host_with_non_admin_user): 403 GET http://10.180.1.21/compute/v2.1/os-hosts/devstack/reboot 4.810s
2025-11-20 23:52:15.241 65741 INFO tempest.lib.common.rest_client [req-4ba8545c-b2a6-4de7-8cca-9e65ec9c7e32 req-4ba8545c-b2a6-4de7-8cca-9e65ec9c7e32 ] Request (FlavorsAdminTestJSON:_run_cleanups): 200 GET http://10.180.1.21/compute/v2.1/flavors/detail 4.791s
2025-11-20 23:52:15.290 65755 INFO tempest.lib.common.rest_client [req-2d1a2f41-aafa-4eda-bce3-242753e12a01 req-2d1a2f41-aafa-4eda-bce3-242753e12a01 ] Request (VolumesAssistedSnapshotsTest:test_volume_assisted_snapshot_create_delete): 201 POST http://10.180.1.21/networking/v2.0/security-group-rules 0.236s
2025-11-20 23:52:15.328 65717 INFO tempest.lib.common.rest_client [req-b54d2697-26e6-4804-9079-f42a47bed884 req-b54d2697-26e6-4804-9079-f42a47bed884 ] Request (HypervisorAdminNegativeTestJSON:test_get_hypervisor_uptime_with_non_admin_user): 200 GET http://10.180.1.21/compute/v2.1/os-hypervisors 4.870s
2025-11-20 23:52:15.948 65715 INFO tempest.lib.common.rest_client [req-06176db1-e04b-4dde-8738-4ae3ea3e11d7 req-06176db1-e04b-4dde-8738-4ae3ea3e11d7 ] Request (DeleteServersTestJSON:setUpClass): 201 POST http://10.180.1.21/networking/v2.0/routers 0.740s
2025-11-20 23:52:16.030 65755 INFO tempest.lib.common.rest_client [req-09d21a5b-c9d9-4a3a-9fa7-53d51bff7444 req-09d21a5b-c9d9-4a3a-9fa7-53d51bff7444 ] Request (VolumesAssistedSnapshotsTest:test_volume_assisted_snapshot_create_delete): 201 POST http://10.180.1.21/networking/v2.0/security-group-rules 0.739s
2025-11-20 23:52:16.094 65759 INFO tempest.lib.common.rest_client [req-febb2b34-edf1-4168-b37b-fdd50f2ab0e2 req-febb2b34-edf1-4168-b37b-fdd50f2ab0e2 ] Request (ServersListShow296Test:test_list_show_update_rebuild_server_296): 200 GET http://10.180.1.21/compute/v2.1/servers/e2545f89-7dc2-4bde-9449-34f546173fb7 5.565s
2025-11-20 23:52:16.109 65751 INFO tempest.lib.common.rest_client [req-8b23b313-9fae-4e55-b06e-9af6f0343193 req-8b23b313-9fae-4e55-b06e-9af6f0343193 ] Request (HypervisorAdminNegativeUnderV252Test:test_search_nonexistent_hypervisor): 404 GET http://10.180.1.21/compute/v2.1/os-hypervisors/nonexistent_hypervisor_name/search 5.408s
2025-11-20 23:52:16.210 65711 INFO tempest.lib.common.rest_client [req-b6fbb870-09e8-4807-9158-c50304082250 req-b6fbb870-09e8-4807-9158-c50304082250 ] Request (FlavorsAccessNegativeTestJSON:test_add_flavor_access_duplicate): 409 POST http://10.180.1.21/compute/v2.1/flavors/1822689283/action 5.396s
2025-11-20 23:52:16.488 65755 INFO tempest.lib.common.rest_client [req-bef7d648-ce44-4f04-b8f5-b6c49d39d621 req-bef7d648-ce44-4f04-b8f5-b6c49d39d621 ] Request (VolumesAssistedSnapshotsTest:test_volume_assisted_snapshot_create_delete): 201 POST http://10.180.1.21/networking/v2.0/floatingips 0.458s
2025-11-20 23:52:16.523 65755 INFO tempest.lib.common.rest_client [req-944d9c2b-5c46-401e-85a7-d43e911208fe req-944d9c2b-5c46-401e-85a7-d43e911208fe ] Request (VolumesAssistedSnapshotsTest:test_volume_assisted_snapshot_create_delete): 201 POST http://10.180.1.21/identity/v3/auth/tokens 0.032s
2025-11-20 23:52:16.524 65755 INFO tempest.lib.common.fixed_network [-] (VolumesAssistedSnapshotsTest:test_volume_assisted_snapshot_create_delete) Found network {'id': 'dfa5773c-340b-4042-b8e0-83f7020895c2', 'name': 'tempest-VolumesAssistedSnapshotsTest-1929477469-network', 'tenant_id': '34f5f4820c0f4bf4838e402171967ffd', 'project_id': '34f5f4820c0f4bf4838e402171967ffd', 'admin_state_up': True, 'mtu': 8950, 'status': 'ACTIVE', 'subnets': [], 'shared': False, 'port_security_enabled': True, 'router:external': False, 'provider:network_type': 'vlan', 'provider:physical_network': 'default', 'provider:segmentation_id': 692, 'availability_zone_hints': [], 'availability_zones': [], 'ipv4_address_scope': None, 'ipv6_address_scope': None, 'description': '', 'tags': [], 'created_at': '2025-11-20T23:51:53Z', 'updated_at': '2025-11-20T23:51:53Z', 'revision_number': 1} available for tenant
2025-11-20 23:52:16.858 65715 INFO tempest.lib.common.rest_client [req-1e896bc0-3d06-4317-aff4-f9dcf50a9b0c req-1e896bc0-3d06-4317-aff4-f9dcf50a9b0c ] Request (DeleteServersTestJSON:setUpClass): 200 PUT http://10.180.1.21/networking/v2.0/routers/8467c0df-de53-45e6-a29c-81c8975fd31c/add_router_interface 0.909s
2025-11-20 23:52:16.858 65715 INFO tempest.lib.common.dynamic_creds [-] Created isolated network resources for: credentials: Credentials: {'domain_id': 'default', 'domain_name': 'Default', 'username': 'tempest-DeleteServersTestJSON-522573536-project-member', 'project_domain_id': 'default', 'project_domain_name': 'Default', 'project_id': '0c62ba0cf9ae4a1588a498d9d7e28917', 'project_name': 'tempest-DeleteServersTestJSON-522573536', 'tenant_id': '0c62ba0cf9ae4a1588a498d9d7e28917', 'tenant_name': 'tempest-DeleteServersTestJSON-522573536', 'user_domain_id': 'default', 'user_domain_name': 'Default', 'user_id': '6c110fb250624023a0ad0f266b638292', 'system': None}, Network: {'id': '9f05b95a-d6e8-462e-8838-13a8ad2fb48d', 'name': 'tempest-DeleteServersTestJSON-587622659-network', 'tenant_id': '0c62ba0cf9ae4a1588a498d9d7e28917', 'project_id': '0c62ba0cf9ae4a1588a498d9d7e28917', 'admin_state_up': True, 'mtu': 8950, 'status': 'ACTIVE', 'subnets': [], 'shared': False, 'port_security_enabled': True, 'router:external': False, 'provider:network_type': 'vlan', 'provider:physical_network': 'default', 'provider:segmentation_id': 21, 'availability_zone_hints': [], 'availability_zones': [], 'ipv4_address_scope': None, 'ipv6_address_scope': None, 'description': '', 'tags': [], 'created_at': '2025-11-20T23:52:14Z', 'updated_at': '2025-11-20T23:52:14Z', 'revision_number': 1}, Subnet: {'id': '0d73f39e-b1e1-475b-9d2a-d8ef31f7c8fc', 'name': 'tempest-DeleteServersTestJSON-587622659-subnet', 'tenant_id': '0c62ba0cf9ae4a1588a498d9d7e28917', 'network_id': '9f05b95a-d6e8-462e-8838-13a8ad2fb48d', 'ip_version': 4, 'subnetpool_id': None, 'enable_dhcp': True, 'ipv6_ra_mode': None, 'ipv6_address_mode': None, 'gateway_ip': '192.168.128.1', 'cidr': '192.168.128.0/28', 'allocation_pools': [{'start': '192.168.128.2', 'end': '192.168.128.14'}], 'host_routes': [], 'dns_nameservers': [], 'description': '', 'router:external': False, 'service_types': [], 'tags': [], 'created_at': '2025-11-20T23:52:15Z', 'updated_at': '2025-11-20T23:52:15Z', 'revision_number': 0, 'project_id': '0c62ba0cf9ae4a1588a498d9d7e28917'}, Router: {'id': '8467c0df-de53-45e6-a29c-81c8975fd31c', 'name': 'tempest-DeleteServersTestJSON-587622659-router', 'tenant_id': '0c62ba0cf9ae4a1588a498d9d7e28917', 'admin_state_up': True, 'status': 'ACTIVE', 'external_gateway_info': {'network_id': 'a06b03b3-d848-4d43-bd37-fbe55ebb7fd2', 'external_fixed_ips': [{'subnet_id': '1399d778-726c-40ef-9f9d-49e4370ff46e', 'ip_address': '10.180.180.218'}], 'enable_snat': True}, 'description': '', 'availability_zones': [], 'distributed': False, 'ha': False, 'availability_zone_hints': [], 'routes': [], 'flavor_id': None, 'tags': [], 'created_at': '2025-11-20T23:52:15Z', 'updated_at': '2025-11-20T23:52:15Z', 'revision_number': 2, 'project_id': '0c62ba0cf9ae4a1588a498d9d7e28917'}
2025-11-20 23:52:16.942 65715 INFO tempest.lib.common.rest_client [req-07320155-dde8-49cc-875a-856d83daa772 req-07320155-dde8-49cc-875a-856d83daa772 ] Request (DeleteServersTestJSON:setUpClass): 201 POST http://10.180.1.21/identity/v3/auth/tokens 0.079s
2025-11-20 23:52:16.975 65715 INFO tempest.lib.common.rest_client [req-a2135cb5-1d1e-4afc-95ca-5e6f930ad610 req-a2135cb5-1d1e-4afc-95ca-5e6f930ad610 ] Request (DeleteServersTestJSON:test_delete_active_server): 201 POST http://10.180.1.21/identity/v3/auth/tokens 0.029s
2025-11-20 23:52:16.975 65715 INFO tempest.lib.common.fixed_network [-] (DeleteServersTestJSON:test_delete_active_server) Found network {'id': '9f05b95a-d6e8-462e-8838-13a8ad2fb48d', 'name': 'tempest-DeleteServersTestJSON-587622659-network', 'tenant_id': '0c62ba0cf9ae4a1588a498d9d7e28917', 'project_id': '0c62ba0cf9ae4a1588a498d9d7e28917', 'admin_state_up': True, 'mtu': 8950, 'status': 'ACTIVE', 'subnets': [], 'shared': False, 'port_security_enabled': True, 'router:external': False, 'provider:network_type': 'vlan', 'provider:physical_network': 'default', 'provider:segmentation_id': 21, 'availability_zone_hints': [], 'availability_zones': [], 'ipv4_address_scope': None, 'ipv6_address_scope': None, 'description': '', 'tags': [], 'created_at': '2025-11-20T23:52:14Z', 'updated_at': '2025-11-20T23:52:14Z', 'revision_number': 1} available for tenant
2025-11-20 23:52:17.207 65709 INFO tempest.lib.common.rest_client [req-5adc5620-438e-419d-bdf8-19689eda52d1 req-5adc5620-438e-419d-bdf8-19689eda52d1 ] Request (ListServerFiltersTestJSON:setUpClass): 202 POST http://10.180.1.21/compute/v2.1/servers 6.893s
2025-11-20 23:52:17.544 65719 INFO tempest.lib.common.rest_client [req-7882ac34-d743-4f6e-942c-dae075ed999c req-7882ac34-d743-4f6e-942c-dae075ed999c ] Request (NetworksTest:test_list_all_networks): 200 GET http://10.180.1.21/compute/v2.1/os-networks 5.086s
2025-11-20 23:52:17.656 65707 INFO tempest.lib.common.rest_client [req-bdd8a2cb-6c1e-456f-940b-efbc10b137ac req-bdd8a2cb-6c1e-456f-940b-efbc10b137ac ] Request (FloatingIPDetailsTestJSON:setUpClass): 200 POST http://10.180.1.21/compute/v2.1/os-floating-ips 5.236s
2025-11-20 23:52:17.696 65719 INFO tempest.lib.common.rest_client [req-233a24e8-600e-4422-8407-92623cd2f91a req-233a24e8-600e-4422-8407-92623cd2f91a ] Request (NetworksTest:tearDownClass): 204 DELETE http://10.180.1.21/identity/v3/users/692fa2b8b0784dabb3adced04d816465 0.150s
2025-11-20 23:52:17.803 65719 INFO tempest.lib.common.rest_client [req-584f3162-8da5-46bc-975a-1b784bd43c19 req-584f3162-8da5-46bc-975a-1b784bd43c19 ] Request (NetworksTest:tearDownClass): 204 DELETE http://10.180.1.21/identity/v3/users/f25eb581488b495aa31253c55d41d219 0.107s
2025-11-20 23:52:17.804 65719 INFO tempest.lib.common.dynamic_creds [-] Deleting project and security group for project: c37f7283b43449699c2f10f37e9c9e8d
2025-11-20 23:52:17.890 65719 INFO tempest.lib.common.rest_client [req-e8465121-e8ef-4b95-8079-6e39320299d4 req-e8465121-e8ef-4b95-8079-6e39320299d4 ] Request (NetworksTest:tearDownClass): 201 POST http://10.180.1.21/identity/v3/auth/tokens 0.086s
2025-11-20 23:52:17.976 65753 INFO tempest.lib.common.rest_client [req-da1c5124-31a3-4027-b290-3a1155ad9637 req-da1c5124-31a3-4027-b290-3a1155ad9637 ] Request (ServerDiagnosticsNegativeTest:test_get_server_diagnostics_by_non_admin): 200 GET http://10.180.1.21/compute/v2.1/servers/03ef6113-83f9-480b-96e5-f200fc2042cc 5.450s
2025-11-20 23:52:17.984 65753 INFO tempest.common.waiters [-] State transition "BUILD/None" ==> "BUILD/spawning" after 6 second wait
2025-11-20 23:52:18.223 65719 INFO tempest.lib.common.rest_client [req-e0358696-5f90-4a04-860a-da5624df69a1 req-e0358696-5f90-4a04-860a-da5624df69a1 ] Request (NetworksTest:tearDownClass): 200 GET http://10.180.1.21/networking/v2.0/security-groups?tenant_id=c37f7283b43449699c2f10f37e9c9e8d&name=default 0.332s
2025-11-20 23:52:18.252 65749 INFO tempest.lib.common.rest_client [req-15b7856e-acda-4603-b40c-11f2daf42867 req-15b7856e-acda-4603-b40c-11f2daf42867 ] Request (ServerDiagnosticsTest:test_get_server_diagnostics): 200 GET http://10.180.1.21/compute/v2.1/servers/418c126f-967d-47d3-9340-95b63cb151cb 5.032s
2025-11-20 23:52:18.259 65749 INFO tempest.common.waiters [-] State transition "BUILD/None" ==> "BUILD/spawning" after 6 second wait
2025-11-20 23:52:18.745 65719 INFO tempest.lib.common.rest_client [req-35aa2699-714c-4bf6-b4c3-281ac37ef6f7 req-35aa2699-714c-4bf6-b4c3-281ac37ef6f7 ] Request (NetworksTest:tearDownClass): 204 DELETE http://10.180.1.21/networking/v2.0/security-groups/37e384c3-b3a7-4e44-853d-9777a6eca9b9 0.522s
2025-11-20 23:52:18.771 65701 INFO tempest.lib.common.rest_client [req-d7910b5f-3be4-47c8-bb82-a662ae215195 req-d7910b5f-3be4-47c8-bb82-a662ae215195 ] Request (ImagesNegativeTestJSON:test_create_image_from_deleted_server): 200 GET http://10.180.1.21/compute/v2.1/servers/b58e2a9a-60fb-437a-bc10-ce0da7163267 5.073s
2025-11-20 23:52:18.783 65725 INFO tempest.lib.common.rest_client [req-296b2874-092c-4784-90f3-9167d8e31142 req-296b2874-092c-4784-90f3-9167d8e31142 ] Request (ServersWithSpecificFlavorTestJSON:test_verify_created_server_ephemeral_disk): 200 GET http://10.180.1.21/compute/v2.1/flavors/42/os-extra_specs 4.733s
2025-11-20 23:52:18.824 65719 INFO tempest.lib.common.rest_client [req-191f37b0-e7c5-40e3-9448-7e5a011ce11e req-191f37b0-e7c5-40e3-9448-7e5a011ce11e ] Request (NetworksTest:tearDownClass): 204 DELETE http://10.180.1.21/identity/v3/projects/c37f7283b43449699c2f10f37e9c9e8d 0.078s
2025-11-20 23:52:18.824 65719 INFO tempest.lib.common.dynamic_creds [-] Deleting project and security group for project: 9bc47a5424954ee5844de5c4fd4e7a61
2025-11-20 23:52:18.952 65743 INFO tempest.lib.common.rest_client [req-ee3d2a93-506a-408c-aa3b-af8de14a3b77 req-ee3d2a93-506a-408c-aa3b-af8de14a3b77 ] Request (QuotasAdminTestV257:test_get_updated_quotas): 200 PUT http://10.180.1.21/compute/v2.1/os-quota-sets/e2da065cf6e84bf7b9f79b57501da53e?user_id=6681f61e75764839b007b7f686f7ebf8 4.853s
2025-11-20 23:52:18.976 65699 INFO tempest.lib.common.rest_client [req-f74f24bd-ed27-4783-bb00-1685f7280994 req-f74f24bd-ed27-4783-bb00-1685f7280994 ] Request (HypervisorAdminUnderV252Test:test_search_hypervisor): 200 GET http://10.180.1.21/compute/v2.1/os-hypervisors 4.866s
2025-11-20 23:52:19.005 65727 INFO tempest.lib.common.rest_client [req-5d0e92dc-3ed6-4649-907c-b8206e291c76 req-5d0e92dc-3ed6-4649-907c-b8206e291c76 ] Request (FlavorsV261TestJSON:test_crud_flavor): 200 GET http://10.180.1.21/compute/v2.1/flavors/detail 4.851s
2025-11-20 23:52:19.268 65719 INFO tempest.lib.common.rest_client [req-8ffb9fe2-99f1-496a-9d56-ef0f79b52da3 req-8ffb9fe2-99f1-496a-9d56-ef0f79b52da3 ] Request (NetworksTest:tearDownClass): 200 GET http://10.180.1.21/networking/v2.0/security-groups?tenant_id=9bc47a5424954ee5844de5c4fd4e7a61&name=default 0.444s
2025-11-20 23:52:19.310 65745 INFO tempest.lib.common.rest_client [req-8ce76c21-b3aa-4557-afbe-234114a257f1 req-8ce76c21-b3aa-4557-afbe-234114a257f1 ] Request (MigrationsAdminTest:test_list_migrations_in_flavor_resize_situation): 200 GET http://10.180.1.21/compute/v2.1/servers/af65a19b-f353-4b9a-b3bf-3c56d1523742 4.858s
2025-11-20 23:52:19.371 65729 INFO tempest.lib.common.rest_client [req-1c35e559-948c-47ac-9e4d-64a527160864 req-1c35e559-948c-47ac-9e4d-64a527160864 ] Request (AggregatesAdminNegativeTestJSON:test_aggregate_add_existent_host): 409 POST http://10.180.1.21/compute/v2.1/os-aggregates/1/action 4.832s
2025-11-20 23:52:19.425 65719 INFO tempest.lib.common.rest_client [req-df840e40-5c66-45d2-bb31-3d487a90fcfe req-df840e40-5c66-45d2-bb31-3d487a90fcfe ] Request (NetworksTest:tearDownClass): 204 DELETE http://10.180.1.21/networking/v2.0/security-groups/2d30a813-e4a7-4823-b47b-757e2236b0ad 0.156s
2025-11-20 23:52:19.500 65740 INFO tempest.lib.common.rest_client [req-86772709-83f8-4b34-8287-464faf24ee78 req-86772709-83f8-4b34-8287-464faf24ee78 ] Request (FlavorsExtraSpecsTestJSON:test_flavor_non_admin_get_specific_key): 200 POST http://10.180.1.21/compute/v2.1/flavors/379830907/os-extra_specs 4.870s
2025-11-20 23:52:19.526 65703 INFO tempest.lib.common.rest_client [req-e2cbaf10-41af-4c85-ad6d-0fa04a6a93aa req-e2cbaf10-41af-4c85-ad6d-0fa04a6a93aa ] Request (ServicesAdminTestJSON:test_get_service_by_host_name): 200 GET http://10.180.1.21/compute/v2.1/os-services?host=devstack 4.763s
2025-11-20 23:52:19.557 65719 INFO tempest.lib.common.rest_client [req-7fd3a8b0-42ee-4704-8784-e72a53ed0551 req-7fd3a8b0-42ee-4704-8784-e72a53ed0551 ] Request (NetworksTest:tearDownClass): 204 DELETE http://10.180.1.21/identity/v3/projects/9bc47a5424954ee5844de5c4fd4e7a61 0.131s
2025-11-20 23:52:19.616 65719 INFO tempest.lib.common.rest_client [req-d2600de4-1022-40a3-90c6-b601222e8356 req-d2600de4-1022-40a3-90c6-b601222e8356 ] Request (SecurityGroupsTestJSON:setUpClass): 201 POST http://10.180.1.21/identity/v3/auth/tokens 0.057s
2025-11-20 23:52:19.654 65719 INFO tempest.lib.common.rest_client [req-ea4b2053-739e-4341-bf3a-216734526a72 req-ea4b2053-739e-4341-bf3a-216734526a72 ] Request (SecurityGroupsTestJSON:setUpClass): 201 POST http://10.180.1.21/identity/v3/auth/tokens 0.034s
2025-11-20 23:52:19.662 65747 INFO tempest.lib.common.rest_client [req-6810f084-8ba7-4417-b857-1cbfb652b31d req-6810f084-8ba7-4417-b857-1cbfb652b31d ] Request (AttachInterfacesTestJSON:test_create_list_show_delete_interfaces_by_fixed_ip): 202 POST http://10.180.1.21/compute/v2.1/servers 6.237s
2025-11-20 23:52:19.690 65719 INFO tempest.lib.common.rest_client [req-8a62a670-2bf8-4d4d-bba9-189345050ccd req-8a62a670-2bf8-4d4d-bba9-189345050ccd ] Request (SecurityGroupsTestJSON:setUpClass): 200 GET http://10.180.1.21/identity/v3/domains?name=Default 0.036s
2025-11-20 23:52:19.718 65719 INFO tempest.lib.common.rest_client [req-c9918c50-b018-4bdf-b4bd-6f579d939679 req-c9918c50-b018-4bdf-b4bd-6f579d939679 ] Request (SecurityGroupsTestJSON:setUpClass): 201 POST http://10.180.1.21/identity/v3/projects 0.027s
2025-11-20 23:52:19.783 65719 INFO tempest.lib.common.rest_client [req-5352f403-15f0-48e2-b4c0-2d0c9c9b0d62 req-5352f403-15f0-48e2-b4c0-2d0c9c9b0d62 ] Request (SecurityGroupsTestJSON:setUpClass): 201 POST http://10.180.1.21/identity/v3/users 0.064s
2025-11-20 23:52:19.797 65737 INFO tempest.lib.common.rest_client [req-bd0eb372-1560-4f24-96d2-0a2385ec694b req-bd0eb372-1560-4f24-96d2-0a2385ec694b ] Request (FlavorsAccessTestJSON:test_flavor_access_add_remove): 200 POST http://10.180.1.21/compute/v2.1/flavors/360876360/action 4.790s
2025-11-20 23:52:19.805 65719 INFO tempest.lib.common.rest_client [req-6cf9158b-5562-4bcb-b680-b594791c3924 req-6cf9158b-5562-4bcb-b680-b594791c3924 ] Request (SecurityGroupsTestJSON:setUpClass): 200 GET http://10.180.1.21/identity/v3/roles 0.021s
2025-11-20 23:52:19.820 65713 INFO tempest.lib.common.rest_client [req-56ede91c-bbfc-495e-8e67-7cf78d578797 req-56ede91c-bbfc-495e-8e67-7cf78d578797 ] Request (FlavorMetadataValidation:_run_cleanups): 200 GET http://10.180.1.21/compute/v2.1/flavors/detail 4.804s
2025-11-20 23:52:19.833 65719 INFO tempest.lib.common.rest_client [req-52b5b8c6-e3df-4125-9bb5-bc52cbca89cd req-52b5b8c6-e3df-4125-9bb5-bc52cbca89cd ] Request (SecurityGroupsTestJSON:setUpClass): 204 PUT http://10.180.1.21/identity/v3/projects/a2e2564d438d43e88fbf5008923a34d0/users/f2263e2c35274b9795054b531d63387b/roles/4b019e04c34844a588e30dd68e89db97 0.027s
2025-11-20 23:52:19.833 65719 INFO tempest.lib.common.dynamic_creds [-] Dynamic test user f2263e2c35274b9795054b531d63387b is created with scope project and roles: ['member']
2025-11-20 23:52:19.833 65719 INFO tempest.lib.common.dynamic_creds [-] Acquired dynamic creds: credentials: Credentials: {'domain_id': 'default', 'domain_name': 'Default', 'username': 'tempest-SecurityGroupsTestJSON-1623346103-project-member', 'project_domain_id': 'default', 'project_domain_name': 'Default', 'project_id': 'a2e2564d438d43e88fbf5008923a34d0', 'project_name': 'tempest-SecurityGroupsTestJSON-1623346103', 'tenant_id': 'a2e2564d438d43e88fbf5008923a34d0', 'tenant_name': 'tempest-SecurityGroupsTestJSON-1623346103', 'user_domain_id': 'default', 'user_domain_name': 'Default', 'user_id': 'f2263e2c35274b9795054b531d63387b', 'system': None}, Network: None, Subnet: None, Router: None
2025-11-20 23:52:19.836 65757 INFO tempest.lib.common.rest_client [req-4bce0524-1bac-492c-84af-5a94358e3691 req-4bce0524-1bac-492c-84af-5a94358e3691 ] Request (DeleteServersAdminTestJSON:test_admin_delete_servers_of_others): 202 POST http://10.180.1.21/compute/v2.1/servers 4.935s
