2025-12-12 06:31:33.056 66530 INFO tempest.lib.common.dynamic_creds [-] Created isolated network resources for: credentials: Credentials: {'domain_id': 'default', 'domain_name': 'Default', 'username': 'tempest-HypervisorAdminUnderV252Test-1890844508-project-admin', 'project_domain_id': 'default', 'project_domain_name': 'Default', 'project_id': 'b4b588942cb7454b81a335d41df40add', 'project_name': 'tempest-HypervisorAdminUnderV252Test-1890844508', 'tenant_id': 'b4b588942cb7454b81a335d41df40add', 'tenant_name': 'tempest-HypervisorAdminUnderV252Test-1890844508', 'user_domain_id': 'default', 'user_domain_name': 'Default', 'user_id': '141c344aeff94e5eba4fc565aee13b12', 'system': None}, Network: None, Subnet: None, Router: None
2025-12-12 06:31:33.069 66502 INFO tempest.lib.common.rest_client [req-362d9ea5-1ed9-4837-b083-7aa573904eca req-362d9ea5-1ed9-4837-b083-7aa573904eca ] Request (DeleteServersAdminTestJSON:setUpClass): 200 GET http://10.180.1.21/identity/v3/roles 0.797s
2025-12-12 06:31:33.134 66525 INFO tempest.lib.common.rest_client [req-4c6e2dcb-b309-4d65-b352-1187cb369466 req-4c6e2dcb-b309-4d65-b352-1187cb369466 ] Request (FlavorsExtraSpecsNegativeTestJSON:setUpClass): 200 GET http://10.180.1.21/identity/v3/roles 0.841s
2025-12-12 06:31:33.142 66504 INFO tempest.lib.common.rest_client [req-1ba16049-c785-4284-9781-c04720989c00 req-1ba16049-c785-4284-9781-c04720989c00 ] Request (FloatingIPsTestJSON:setUpClass): 201 POST http://10.180.1.21/identity/v3/auth/tokens 0.862s
2025-12-12 06:31:33.157 66523 INFO tempest.lib.common.rest_client [req-4496b67d-99ae-4fa5-afc6-8954496fecb6 req-4496b67d-99ae-4fa5-afc6-8954496fecb6 ] Request (FlavorsAccessNegativeTestJSON:setUpClass): 204 PUT http://10.180.1.21/identity/v3/projects/ecfff1513e7a4fe082142a64fcc5e86a/users/be5aba8ff52749f0b15174573410e650/roles/f571c3b17f7d4851a2d17a70910ae980 0.799s
2025-12-12 06:31:33.157 66523 INFO tempest.lib.common.dynamic_creds [-] Dynamic test user be5aba8ff52749f0b15174573410e650 is created with scope project and roles: ['admin']
2025-12-12 06:31:33.158 66523 INFO tempest.lib.common.dynamic_creds [-] Acquired dynamic creds: credentials: Credentials: {'domain_id': 'default', 'domain_name': 'Default', 'username': 'tempest-FlavorsAccessNegativeTestJSON-1523874494-project-admin', 'project_domain_id': 'default', 'project_domain_name': 'Default', 'project_id': 'ecfff1513e7a4fe082142a64fcc5e86a', 'project_name': 'tempest-FlavorsAccessNegativeTestJSON-1523874494', 'tenant_id': 'ecfff1513e7a4fe082142a64fcc5e86a', 'tenant_name': 'tempest-FlavorsAccessNegativeTestJSON-1523874494', 'user_domain_id': 'default', 'user_domain_name': 'Default', 'user_id': 'be5aba8ff52749f0b15174573410e650', 'system': None}, Network: None, Subnet: None, Router: None
2025-12-12 06:31:33.158 66523 INFO tempest.lib.common.dynamic_creds [-] Created isolated network resources for: credentials: Credentials: {'domain_id': 'default', 'domain_name': 'Default', 'username': 'tempest-FlavorsAccessNegativeTestJSON-1523874494-project-admin', 'project_domain_id': 'default', 'project_domain_name': 'Default', 'project_id': 'ecfff1513e7a4fe082142a64fcc5e86a', 'project_name': 'tempest-FlavorsAccessNegativeTestJSON-1523874494', 'tenant_id': 'ecfff1513e7a4fe082142a64fcc5e86a', 'tenant_name': 'tempest-FlavorsAccessNegativeTestJSON-1523874494', 'user_domain_id': 'default', 'user_domain_name': 'Default', 'user_id': 'be5aba8ff52749f0b15174573410e650', 'system': None}, Network: None, Subnet: None, Router: None
2025-12-12 06:31:33.212 66492 INFO tempest.lib.common.rest_client [req-9508f826-2a05-4ffe-9eca-728313624856 req-9508f826-2a05-4ffe-9eca-728313624856 ] Request (HostsAdminNegativeTestJSON:setUpClass): 201 POST http://10.180.1.21/identity/v3/auth/tokens 0.865s
2025-12-12 06:31:33.248 66478 INFO tempest.lib.common.rest_client [req-56ecb27e-6fca-4563-9963-c81a1eda34f0 req-56ecb27e-6fca-4563-9963-c81a1eda34f0 ] Request (ListImageFiltersTestJSON:setUpClass): 201 POST http://10.180.1.21/image/v2/images 3.903s
2025-12-12 06:31:33.260 66514 INFO tempest.lib.common.rest_client [req-94b24d3a-d425-49b6-b5b2-e1997c12f442 req-94b24d3a-d425-49b6-b5b2-e1997c12f442 ] Request (ServerDiagnosticsNegativeTest:setUpClass): 200 GET http://10.180.1.21/identity/v3/roles 0.830s
2025-12-12 06:31:33.263 66528 INFO tempest.lib.common.rest_client [req-c0d46097-a126-48dc-a262-aa4f96e6699b req-c0d46097-a126-48dc-a262-aa4f96e6699b ] Request (TenantUsagesNegativeTestJSON:setUpClass): 200 GET http://10.180.1.21/identity/v3/roles 0.823s
2025-12-12 06:31:33.320 66476 INFO tempest.lib.common.rest_client [req-8855a006-0ec6-476d-b95b-a3bdde10dcc5 req-8855a006-0ec6-476d-b95b-a3bdde10dcc5 ] Request (AZAdminV2TestJSON:setUpClass): 201 POST http://10.180.1.21/identity/v3/auth/tokens 0.785s
2025-12-12 06:31:33.330 66498 INFO tempest.lib.common.rest_client [req-b7e2b8d0-51d0-447b-9ffc-3aafbff1c750 req-b7e2b8d0-51d0-447b-9ffc-3aafbff1c750 ] Request (FlavorsAccessTestJSON:tearDownClass): 204 DELETE http://10.180.1.21/identity/v3/projects/b2810b5af70e4e27b6169439bd03d1e6 0.768s
2025-12-12 06:31:33.331 66498 INFO tempest.lib.common.dynamic_creds [-] Deleting project and security group for project: 25fe27c0334f457c8d909138458e31e1
2025-12-12 06:31:33.369 66490 INFO tempest.lib.common.rest_client [req-adb164e6-18e8-423f-905b-38dacbef0326 req-adb164e6-18e8-423f-905b-38dacbef0326 ] Request (VolumesAssistedSnapshotsTest:setUpClass): 201 POST http://10.180.1.21/networking/v2.0/routers 0.667s
2025-12-12 06:31:33.374 66516 INFO tempest.lib.common.rest_client [req-490401c4-2483-4f0c-bcdf-ba2843c860c1 req-490401c4-2483-4f0c-bcdf-ba2843c860c1 ] Request (MigrationsAdminTest:setUpClass): 200 GET http://10.180.1.21/identity/v3/roles 0.784s
2025-12-12 06:31:33.399 66484 INFO tempest.lib.common.rest_client [req-543e1584-fe92-4ce6-9752-60d6a80b8be1 req-543e1584-fe92-4ce6-9752-60d6a80b8be1 ] Request (QuotaClassesAdminTestJSON:setUpClass): 201 POST http://10.180.1.21/identity/v3/users 0.802s
2025-12-12 06:31:33.404 66510 INFO tempest.lib.common.rest_client [req-70f507a9-a2d5-40ef-91dc-a9651b4f1add req-70f507a9-a2d5-40ef-91dc-a9651b4f1add ] Request (ServerDiagnosticsTest:setUpClass): 204 PUT http://10.180.1.21/identity/v3/projects/13db5d54df3a4a3cba069a25ff3c321a/users/d5be327166d442158734d45b94d30369/roles/f571c3b17f7d4851a2d17a70910ae980 0.764s
2025-12-12 06:31:33.405 66510 INFO tempest.lib.common.dynamic_creds [-] Dynamic test user d5be327166d442158734d45b94d30369 is created with scope project and roles: ['admin']
2025-12-12 06:31:33.405 66510 INFO tempest.lib.common.dynamic_creds [-] Acquired dynamic creds: credentials: Credentials: {'domain_id': 'default', 'domain_name': 'Default', 'username': 'tempest-ServerDiagnosticsTest-253998879-project-admin', 'project_domain_id': 'default', 'project_domain_name': 'Default', 'project_id': '13db5d54df3a4a3cba069a25ff3c321a', 'project_name': 'tempest-ServerDiagnosticsTest-253998879', 'tenant_id': '13db5d54df3a4a3cba069a25ff3c321a', 'tenant_name': 'tempest-ServerDiagnosticsTest-253998879', 'user_domain_id': 'default', 'user_domain_name': 'Default', 'user_id': 'd5be327166d442158734d45b94d30369', 'system': None}, Network: None, Subnet: None, Router: None
2025-12-12 06:31:33.405 66510 INFO tempest.lib.common.dynamic_creds [-] Created isolated network resources for: credentials: Credentials: {'domain_id': 'default', 'domain_name': 'Default', 'username': 'tempest-ServerDiagnosticsTest-253998879-project-admin', 'project_domain_id': 'default', 'project_domain_name': 'Default', 'project_id': '13db5d54df3a4a3cba069a25ff3c321a', 'project_name': 'tempest-ServerDiagnosticsTest-253998879', 'tenant_id': '13db5d54df3a4a3cba069a25ff3c321a', 'tenant_name': 'tempest-ServerDiagnosticsTest-253998879', 'user_domain_id': 'default', 'user_domain_name': 'Default', 'user_id': 'd5be327166d442158734d45b94d30369', 'system': None}, Network: None, Subnet: None, Router: None
2025-12-12 06:31:33.448 66498 INFO tempest.lib.common.rest_client [req-8834aef1-bac7-4c7b-98f4-5a02fbdf7bde req-8834aef1-bac7-4c7b-98f4-5a02fbdf7bde ] Request (FlavorsAccessTestJSON:tearDownClass): 200 GET http://10.180.1.21/networking/v2.0/security-groups?tenant_id=25fe27c0334f457c8d909138458e31e1&name=default 0.117s
2025-12-12 06:31:33.453 66532 INFO tempest.lib.common.rest_client [req-b4f8762b-9002-4b1e-8e23-e41a83e11e4f req-b4f8762b-9002-4b1e-8e23-e41a83e11e4f ] Request (FlavorMetadataValidation:setUpClass): 204 PUT http://10.180.1.21/identity/v3/projects/4bc9b2d272784c63b60f2bf042d38e61/users/fb2701a84bda470d876c8b6404fe48e3/roles/f571c3b17f7d4851a2d17a70910ae980 0.799s
2025-12-12 06:31:33.453 66532 INFO tempest.lib.common.dynamic_creds [-] Dynamic test user fb2701a84bda470d876c8b6404fe48e3 is created with scope project and roles: ['admin']
2025-12-12 06:31:33.454 66532 INFO tempest.lib.common.dynamic_creds [-] Acquired dynamic creds: credentials: Credentials: {'domain_id': 'default', 'domain_name': 'Default', 'username': 'tempest-FlavorMetadataValidation-1982879718-project-admin', 'project_domain_id': 'default', 'project_domain_name': 'Default', 'project_id': '4bc9b2d272784c63b60f2bf042d38e61', 'project_name': 'tempest-FlavorMetadataValidation-1982879718', 'tenant_id': '4bc9b2d272784c63b60f2bf042d38e61', 'tenant_name': 'tempest-FlavorMetadataValidation-1982879718', 'user_domain_id': 'default', 'user_domain_name': 'Default', 'user_id': 'fb2701a84bda470d876c8b6404fe48e3', 'system': None}, Network: None, Subnet: None, Router: None
2025-12-12 06:31:33.454 66532 INFO tempest.lib.common.dynamic_creds [-] Created isolated network resources for: credentials: Credentials: {'domain_id': 'default', 'domain_name': 'Default', 'username': 'tempest-FlavorMetadataValidation-1982879718-project-admin', 'project_domain_id': 'default', 'project_domain_name': 'Default', 'project_id': '4bc9b2d272784c63b60f2bf042d38e61', 'project_name': 'tempest-FlavorMetadataValidation-1982879718', 'tenant_id': '4bc9b2d272784c63b60f2bf042d38e61', 'tenant_name': 'tempest-FlavorMetadataValidation-1982879718', 'user_domain_id': 'default', 'user_domain_name': 'Default', 'user_id': 'fb2701a84bda470d876c8b6404fe48e3', 'system': None}, Network: None, Subnet: None, Router: None
2025-12-12 06:31:33.512 66508 INFO tempest.lib.common.rest_client [req-14b73d4a-6ad1-4304-b226-2cd7d8f1f6d7 req-14b73d4a-6ad1-4304-b226-2cd7d8f1f6d7 ] Request (HypervisorAdminV228Test:setUpClass): 200 GET http://10.180.1.21/identity/v3/roles 0.842s
2025-12-12 06:31:33.528 66472 INFO tempest.lib.common.rest_client [req-fd8946ff-9f81-45d1-affa-8b08329b29ca req-fd8946ff-9f81-45d1-affa-8b08329b29ca ] Request (FlavorsV255TestJSON:setUpClass): 200 GET http://10.180.1.21/identity/v3/roles 0.851s
2025-12-12 06:31:33.537 66520 INFO tempest.lib.common.rest_client [req-c844cd58-cfd1-49e1-9c01-d705334258f5 req-c844cd58-cfd1-49e1-9c01-d705334258f5 ] Request (TenantUsagesTestJSON:setUpClass): 204 PUT http://10.180.1.21/identity/v3/projects/23ed5af2b96240358685eeed08bd9ecb/users/03510e19945f4b45ad3e07ea0de215ee/roles/f571c3b17f7d4851a2d17a70910ae980 0.815s
2025-12-12 06:31:33.537 66520 INFO tempest.lib.common.dynamic_creds [-] Dynamic test user 03510e19945f4b45ad3e07ea0de215ee is created with scope project and roles: ['admin']
2025-12-12 06:31:33.537 66520 INFO tempest.lib.common.dynamic_creds [-] Acquired dynamic creds: credentials: Credentials: {'domain_id': 'default', 'domain_name': 'Default', 'username': 'tempest-TenantUsagesTestJSON-1976045002-project-admin', 'project_domain_id': 'default', 'project_domain_name': 'Default', 'project_id': '23ed5af2b96240358685eeed08bd9ecb', 'project_name': 'tempest-TenantUsagesTestJSON-1976045002', 'tenant_id': '23ed5af2b96240358685eeed08bd9ecb', 'tenant_name': 'tempest-TenantUsagesTestJSON-1976045002', 'user_domain_id': 'default', 'user_domain_name': 'Default', 'user_id': '03510e19945f4b45ad3e07ea0de215ee', 'system': None}, Network: None, Subnet: None, Router: None
2025-12-12 06:31:33.537 66520 INFO tempest.lib.common.dynamic_creds [-] Created isolated network resources for: credentials: Credentials: {'domain_id': 'default', 'domain_name': 'Default', 'username': 'tempest-TenantUsagesTestJSON-1976045002-project-admin', 'project_domain_id': 'default', 'project_domain_name': 'Default', 'project_id': '23ed5af2b96240358685eeed08bd9ecb', 'project_name': 'tempest-TenantUsagesTestJSON-1976045002', 'tenant_id': '23ed5af2b96240358685eeed08bd9ecb', 'tenant_name': 'tempest-TenantUsagesTestJSON-1976045002', 'user_domain_id': 'default', 'user_domain_name': 'Default', 'user_id': '03510e19945f4b45ad3e07ea0de215ee', 'system': None}, Network: None, Subnet: None, Router: None
2025-12-12 06:31:33.540 66498 INFO tempest.lib.common.rest_client [req-7b130a27-0180-49df-b895-7f74267961dc req-7b130a27-0180-49df-b895-7f74267961dc ] Request (FlavorsAccessTestJSON:tearDownClass): 204 DELETE http://10.180.1.21/networking/v2.0/security-groups/c1c7ccc5-fd5d-4488-b100-ac196ea069f9 0.091s
2025-12-12 06:31:33.600 66500 INFO tempest.lib.common.rest_client [req-7070cd8c-6fa8-4e57-8085-d5364432a0ad req-7070cd8c-6fa8-4e57-8085-d5364432a0ad ] Request (QuotasAdminTestV236:setUpClass): 204 PUT http://10.180.1.21/identity/v3/projects/192504b304c54cf8a481ef08f4e8f31b/users/8c3cc43cf1fa40d3b1b76d1634a0a186/roles/f571c3b17f7d4851a2d17a70910ae980 0.852s
2025-12-12 06:31:33.600 66500 INFO tempest.lib.common.dynamic_creds [-] Dynamic test user 8c3cc43cf1fa40d3b1b76d1634a0a186 is created with scope project and roles: ['admin']
2025-12-12 06:31:33.601 66500 INFO tempest.lib.common.dynamic_creds [-] Acquired dynamic creds: credentials: Credentials: {'domain_id': 'default', 'domain_name': 'Default', 'username': 'tempest-QuotasAdminTestV236-1500128605-project-admin', 'project_domain_id': 'default', 'project_domain_name': 'Default', 'project_id': '192504b304c54cf8a481ef08f4e8f31b', 'project_name': 'tempest-QuotasAdminTestV236-1500128605', 'tenant_id': '192504b304c54cf8a481ef08f4e8f31b', 'tenant_name': 'tempest-QuotasAdminTestV236-1500128605', 'user_domain_id': 'default', 'user_domain_name': 'Default', 'user_id': '8c3cc43cf1fa40d3b1b76d1634a0a186', 'system': None}, Network: None, Subnet: None, Router: None
2025-12-12 06:31:33.601 66500 INFO tempest.lib.common.dynamic_creds [-] Created isolated network resources for: credentials: Credentials: {'domain_id': 'default', 'domain_name': 'Default', 'username': 'tempest-QuotasAdminTestV236-1500128605-project-admin', 'project_domain_id': 'default', 'project_domain_name': 'Default', 'project_id': '192504b304c54cf8a481ef08f4e8f31b', 'project_name': 'tempest-QuotasAdminTestV236-1500128605', 'tenant_id': '192504b304c54cf8a481ef08f4e8f31b', 'tenant_name': 'tempest-QuotasAdminTestV236-1500128605', 'user_domain_id': 'default', 'user_domain_name': 'Default', 'user_id': '8c3cc43cf1fa40d3b1b76d1634a0a186', 'system': None}, Network: None, Subnet: None, Router: None
2025-12-12 06:31:33.601 66474 INFO tempest.lib.common.rest_client [req-8badbfb4-b792-4141-81c1-c2c86bb9c25c req-8badbfb4-b792-4141-81c1-c2c86bb9c25c ] Request (AZAdminNegativeTestJSON:setUpClass): 201 POST http://10.180.1.21/identity/v3/auth/tokens 0.864s
2025-12-12 06:31:33.659 66526 INFO tempest.lib.common.rest_client [req-b602fb36-75d8-41ba-8afe-2a15a5e2fb59 req-b602fb36-75d8-41ba-8afe-2a15a5e2fb59 ] Request (ServicesAdminNegativeTestJSON:setUpClass): 200 GET http://10.180.1.21/identity/v3/roles 0.847s
2025-12-12 06:31:33.661 66506 INFO tempest.lib.common.rest_client [req-8705b0ff-59b6-4b60-84f3-0d66f84e5a9b req-8705b0ff-59b6-4b60-84f3-0d66f84e5a9b ] Request (ServersWithSpecificFlavorTestJSON:setUpClass): 200 GET http://10.180.1.21/identity/v3/roles 0.868s
2025-12-12 06:31:33.684 66512 INFO tempest.lib.common.rest_client [req-6e2f4b62-1cc6-4caa-ba6a-eaa7931b94ee req-6e2f4b62-1cc6-4caa-ba6a-eaa7931b94ee ] Request (FlavorsAdminTestJSON:setUpClass): 204 PUT http://10.180.1.21/identity/v3/projects/b9aeed20478f4d5992434544ebbac6a8/users/aa75bd5c898c419badb5ad6ab35c740b/roles/f571c3b17f7d4851a2d17a70910ae980 0.793s
2025-12-12 06:31:33.684 66534 INFO tempest.lib.common.rest_client [req-4739b51b-ad42-4aca-9ae2-1be19e649bc5 req-4739b51b-ad42-4aca-9ae2-1be19e649bc5 ] Request (HypervisorAdminNegativeUnderV252Test:setUpClass): 200 GET http://10.180.1.21/identity/v3/roles 0.797s
2025-12-12 06:31:33.684 66512 INFO tempest.lib.common.dynamic_creds [-] Dynamic test user aa75bd5c898c419badb5ad6ab35c740b is created with scope project and roles: ['admin']
2025-12-12 06:31:33.684 66512 INFO tempest.lib.common.dynamic_creds [-] Acquired dynamic creds: credentials: Credentials: {'domain_id': 'default', 'domain_name': 'Default', 'username': 'tempest-FlavorsAdminTestJSON-1291553660-project-admin', 'project_domain_id': 'default', 'project_domain_name': 'Default', 'project_id': 'b9aeed20478f4d5992434544ebbac6a8', 'project_name': 'tempest-FlavorsAdminTestJSON-1291553660', 'tenant_id': 'b9aeed20478f4d5992434544ebbac6a8', 'tenant_name': 'tempest-FlavorsAdminTestJSON-1291553660', 'user_domain_id': 'default', 'user_domain_name': 'Default', 'user_id': 'aa75bd5c898c419badb5ad6ab35c740b', 'system': None}, Network: None, Subnet: None, Router: None
2025-12-12 06:31:33.684 66512 INFO tempest.lib.common.dynamic_creds [-] Created isolated network resources for: credentials: Credentials: {'domain_id': 'default', 'domain_name': 'Default', 'username': 'tempest-FlavorsAdminTestJSON-1291553660-project-admin', 'project_domain_id': 'default', 'project_domain_name': 'Default', 'project_id': 'b9aeed20478f4d5992434544ebbac6a8', 'project_name': 'tempest-FlavorsAdminTestJSON-1291553660', 'tenant_id': 'b9aeed20478f4d5992434544ebbac6a8', 'tenant_name': 'tempest-FlavorsAdminTestJSON-1291553660', 'user_domain_id': 'default', 'user_domain_name': 'Default', 'user_id': 'aa75bd5c898c419badb5ad6ab35c740b', 'system': None}, Network: None, Subnet: None, Router: None
2025-12-12 06:31:33.750 66536 INFO tempest.lib.common.rest_client [req-53c5fccb-f5d3-4b5a-812d-62778572f6b7 req-53c5fccb-f5d3-4b5a-812d-62778572f6b7 ] Request (FloatingIPsAssociationTestJSON:setUpClass): 201 POST http://10.180.1.21/identity/v3/auth/tokens 0.818s
2025-12-12 06:31:33.824 66486 INFO tempest.lib.common.rest_client [req-ada956f7-2c9e-40f8-a9c1-ed18460a4f60 req-ada956f7-2c9e-40f8-a9c1-ed18460a4f60 ] Request (AggregatesAdminNegativeTestJSON:setUpClass): 204 PUT http://10.180.1.21/identity/v3/projects/9f00ccfefca8422a8a58045a35d9fc94/users/25987b723e13430fb2139f36ad3ab324/roles/f571c3b17f7d4851a2d17a70910ae980 0.814s
2025-12-12 06:31:33.824 66486 INFO tempest.lib.common.dynamic_creds [-] Dynamic test user 25987b723e13430fb2139f36ad3ab324 is created with scope project and roles: ['admin']
2025-12-12 06:31:33.825 66486 INFO tempest.lib.common.dynamic_creds [-] Acquired dynamic creds: credentials: Credentials: {'domain_id': 'default', 'domain_name': 'Default', 'username': 'tempest-AggregatesAdminNegativeTestJSON-1200101991-project-admin', 'project_domain_id': 'default', 'project_domain_name': 'Default', 'project_id': '9f00ccfefca8422a8a58045a35d9fc94', 'project_name': 'tempest-AggregatesAdminNegativeTestJSON-1200101991', 'tenant_id': '9f00ccfefca8422a8a58045a35d9fc94', 'tenant_name': 'tempest-AggregatesAdminNegativeTestJSON-1200101991', 'user_domain_id': 'default', 'user_domain_name': 'Default', 'user_id': '25987b723e13430fb2139f36ad3ab324', 'system': None}, Network: None, Subnet: None, Router: None
2025-12-12 06:31:33.825 66486 INFO tempest.lib.common.dynamic_creds [-] Created isolated network resources for: credentials: Credentials: {'domain_id': 'default', 'domain_name': 'Default', 'username': 'tempest-AggregatesAdminNegativeTestJSON-1200101991-project-admin', 'project_domain_id': 'default', 'project_domain_name': 'Default', 'project_id': '9f00ccfefca8422a8a58045a35d9fc94', 'project_name': 'tempest-AggregatesAdminNegativeTestJSON-1200101991', 'tenant_id': '9f00ccfefca8422a8a58045a35d9fc94', 'tenant_name': 'tempest-AggregatesAdminNegativeTestJSON-1200101991', 'user_domain_id': 'default', 'user_domain_name': 'Default', 'user_id': '25987b723e13430fb2139f36ad3ab324', 'system': None}, Network: None, Subnet: None, Router: None
2025-12-12 06:31:33.825 66494 INFO tempest.lib.common.rest_client [req-a23760e7-de02-4a14-b4f9-7c5d4fa685c7 req-a23760e7-de02-4a14-b4f9-7c5d4fa685c7 ] Request (QuotasSecurityGroupAdminNegativeTest:setUpClass): 201 POST http://10.180.1.21/identity/v3/auth/tokens 0.816s
2025-12-12 06:31:33.826 66518 INFO tempest.lib.common.rest_client [req-3b585fea-bc53-4dfe-90d3-31e1959e1214 req-3b585fea-bc53-4dfe-90d3-31e1959e1214 ] Request (ListImagesTestJSON:test_get_image): 200 GET http://10.180.1.21/compute/v2.1/images/a2290a58-e5f5-4f25-901c-488a9847dcf0 4.494s
2025-12-12 06:31:33.826 66494 WARNING tempest.lib.common.rest_client [-] Deprecated: "tenant_id" property is deprecated for removal, use "project_id" instead
2025-12-12 06:31:33.890 66530 INFO tempest.lib.common.rest_client [req-bdc82261-30c7-48a0-adfb-9ce3354cbcf1 req-bdc82261-30c7-48a0-adfb-9ce3354cbcf1 ] Request (HypervisorAdminUnderV252Test:setUpClass): 201 POST http://10.180.1.21/identity/v3/auth/tokens 0.829s
2025-12-12 06:31:33.939 66502 INFO tempest.lib.common.rest_client [req-6dc1f311-428c-4756-a460-023850e5a757 req-6dc1f311-428c-4756-a460-023850e5a757 ] Request (DeleteServersAdminTestJSON:setUpClass): 204 PUT http://10.180.1.21/identity/v3/projects/66e13bb48b3b406aac4f19549524f1fd/users/634c1b3b148c4a20bf6aff2c8931e0c4/roles/f571c3b17f7d4851a2d17a70910ae980 0.870s
2025-12-12 06:31:33.940 66502 INFO tempest.lib.common.dynamic_creds [-] Dynamic test user 634c1b3b148c4a20bf6aff2c8931e0c4 is created with scope project and roles: ['admin']
2025-12-12 06:31:33.940 66502 INFO tempest.lib.common.dynamic_creds [-] Acquired dynamic creds: credentials: Credentials: {'domain_id': 'default', 'domain_name': 'Default', 'username': 'tempest-DeleteServersAdminTestJSON-322000871-project-admin', 'project_domain_id': 'default', 'project_domain_name': 'Default', 'project_id': '66e13bb48b3b406aac4f19549524f1fd', 'project_name': 'tempest-DeleteServersAdminTestJSON-322000871', 'tenant_id': '66e13bb48b3b406aac4f19549524f1fd', 'tenant_name': 'tempest-DeleteServersAdminTestJSON-322000871', 'user_domain_id': 'default', 'user_domain_name': 'Default', 'user_id': '634c1b3b148c4a20bf6aff2c8931e0c4', 'system': None}, Network: None, Subnet: None, Router: None
2025-12-12 06:31:33.940 66502 INFO tempest.lib.common.dynamic_creds [-] Created isolated network resources for: credentials: Credentials: {'domain_id': 'default', 'domain_name': 'Default', 'username': 'tempest-DeleteServersAdminTestJSON-322000871-project-admin', 'project_domain_id': 'default', 'project_domain_name': 'Default', 'project_id': '66e13bb48b3b406aac4f19549524f1fd', 'project_name': 'tempest-DeleteServersAdminTestJSON-322000871', 'tenant_id': '66e13bb48b3b406aac4f19549524f1fd', 'tenant_name': 'tempest-DeleteServersAdminTestJSON-322000871', 'user_domain_id': 'default', 'user_domain_name': 'Default', 'user_id': '634c1b3b148c4a20bf6aff2c8931e0c4', 'system': None}, Network: None, Subnet: None, Router: None
2025-12-12 06:31:33.957 66482 INFO tempest.lib.common.rest_client [req-dbe7fda3-d20b-4a43-b01e-b57468014df8 req-dbe7fda3-d20b-4a43-b01e-b57468014df8 ] Request (HostsAdminTestJSON:test_list_hosts): 200 GET http://10.180.1.21/compute/v2.1/os-hosts 1.743s
2025-12-12 06:31:33.964 66488 INFO tempest.lib.common.rest_client [req-681520bf-38af-4690-9476-a99226b092fd req-681520bf-38af-4690-9476-a99226b092fd ] Request (HypervisorAdminNegativeTestJSON:test_get_hypervisor_uptime_with_non_admin_user): 403 GET http://10.180.1.21/compute/v2.1/os-hypervisors/1/uptime 0.935s
2025-12-12 06:31:34.003 66523 INFO tempest.lib.common.rest_client [req-47f59ad2-d3ee-4357-a4fa-7aab53ce683d req-47f59ad2-d3ee-4357-a4fa-7aab53ce683d ] Request (FlavorsAccessNegativeTestJSON:setUpClass): 201 POST http://10.180.1.21/identity/v3/auth/tokens 0.843s
2025-12-12 06:31:34.013 66525 INFO tempest.lib.common.rest_client [req-72350362-5aea-4d74-bf18-264e4b3f60bf req-72350362-5aea-4d74-bf18-264e4b3f60bf ] Request (FlavorsExtraSpecsNegativeTestJSON:setUpClass): 204 PUT http://10.180.1.21/identity/v3/projects/f2651fc7ee05454e991fb34dbbcf7f63/users/e100826944f14d7488b8a32238e312ad/roles/f571c3b17f7d4851a2d17a70910ae980 0.878s
2025-12-12 06:31:34.013 66525 INFO tempest.lib.common.dynamic_creds [-] Dynamic test user e100826944f14d7488b8a32238e312ad is created with scope project and roles: ['admin']
2025-12-12 06:31:34.013 66525 INFO tempest.lib.common.dynamic_creds [-] Acquired dynamic creds: credentials: Credentials: {'domain_id': 'default', 'domain_name': 'Default', 'username': 'tempest-FlavorsExtraSpecsNegativeTestJSON-1012416609-project-admin', 'project_domain_id': 'default', 'project_domain_name': 'Default', 'project_id': 'f2651fc7ee05454e991fb34dbbcf7f63', 'project_name': 'tempest-FlavorsExtraSpecsNegativeTestJSON-1012416609', 'tenant_id': 'f2651fc7ee05454e991fb34dbbcf7f63', 'tenant_name': 'tempest-FlavorsExtraSpecsNegativeTestJSON-1012416609', 'user_domain_id': 'default', 'user_domain_name': 'Default', 'user_id': 'e100826944f14d7488b8a32238e312ad', 'system': None}, Network: None, Subnet: None, Router: None
2025-12-12 06:31:34.013 66525 INFO tempest.lib.common.dynamic_creds [-] Created isolated network resources for: credentials: Credentials: {'domain_id': 'default', 'domain_name': 'Default', 'username': 'tempest-FlavorsExtraSpecsNegativeTestJSON-1012416609-project-admin', 'project_domain_id': 'default', 'project_domain_name': 'Default', 'project_id': 'f2651fc7ee05454e991fb34dbbcf7f63', 'project_name': 'tempest-FlavorsExtraSpecsNegativeTestJSON-1012416609', 'tenant_id': 'f2651fc7ee05454e991fb34dbbcf7f63', 'tenant_name': 'tempest-FlavorsExtraSpecsNegativeTestJSON-1012416609', 'user_domain_id': 'default', 'user_domain_name': 'Default', 'user_id': 'e100826944f14d7488b8a32238e312ad', 'system': None}, Network: None, Subnet: None, Router: None
2025-12-12 06:31:34.070 66514 INFO tempest.lib.common.rest_client [req-7e6d1e57-5f8d-45c2-9ae9-cbc561e26eda req-7e6d1e57-5f8d-45c2-9ae9-cbc561e26eda ] Request (ServerDiagnosticsNegativeTest:setUpClass): 204 PUT http://10.180.1.21/identity/v3/projects/59f770aeff644fc1b7d112b2ed2d9008/users/3312ef5dacf24a4895463e1810a8246a/roles/f571c3b17f7d4851a2d17a70910ae980 0.808s
2025-12-12 06:31:34.071 66514 INFO tempest.lib.common.dynamic_creds [-] Dynamic test user 3312ef5dacf24a4895463e1810a8246a is created with scope project and roles: ['admin']
2025-12-12 06:31:34.071 66514 INFO tempest.lib.common.dynamic_creds [-] Acquired dynamic creds: credentials: Credentials: {'domain_id': 'default', 'domain_name': 'Default', 'username': 'tempest-ServerDiagnosticsNegativeTest-531940365-project-admin', 'project_domain_id': 'default', 'project_domain_name': 'Default', 'project_id': '59f770aeff644fc1b7d112b2ed2d9008', 'project_name': 'tempest-ServerDiagnosticsNegativeTest-531940365', 'tenant_id': '59f770aeff644fc1b7d112b2ed2d9008', 'tenant_name': 'tempest-ServerDiagnosticsNegativeTest-531940365', 'user_domain_id': 'default', 'user_domain_name': 'Default', 'user_id': '3312ef5dacf24a4895463e1810a8246a', 'system': None}, Network: None, Subnet: None, Router: None
2025-12-12 06:31:34.071 66514 INFO tempest.lib.common.dynamic_creds [-] Created isolated network resources for: credentials: Credentials: {'domain_id': 'default', 'domain_name': 'Default', 'username': 'tempest-ServerDiagnosticsNegativeTest-531940365-project-admin', 'project_domain_id': 'default', 'project_domain_name': 'Default', 'project_id': '59f770aeff644fc1b7d112b2ed2d9008', 'project_name': 'tempest-ServerDiagnosticsNegativeTest-531940365', 'tenant_id': '59f770aeff644fc1b7d112b2ed2d9008', 'tenant_name': 'tempest-ServerDiagnosticsNegativeTest-531940365', 'user_domain_id': 'default', 'user_domain_name': 'Default', 'user_id': '3312ef5dacf24a4895463e1810a8246a', 'system': None}, Network: None, Subnet: None, Router: None
2025-12-12 06:31:34.079 66528 INFO tempest.lib.common.rest_client [req-c7f67877-ff28-4805-8cf5-15b501af941d req-c7f67877-ff28-4805-8cf5-15b501af941d ] Request (TenantUsagesNegativeTestJSON:setUpClass): 204 PUT http://10.180.1.21/identity/v3/projects/d90aac20b5c44b39a90beebb32737e48/users/157b75426bfb44648dbdfd7ed6b73e44/roles/f571c3b17f7d4851a2d17a70910ae980 0.815s
2025-12-12 06:31:34.079 66528 INFO tempest.lib.common.dynamic_creds [-] Dynamic test user 157b75426bfb44648dbdfd7ed6b73e44 is created with scope project and roles: ['admin']
2025-12-12 06:31:34.079 66528 INFO tempest.lib.common.dynamic_creds [-] Acquired dynamic creds: credentials: Credentials: {'domain_id': 'default', 'domain_name': 'Default', 'username': 'tempest-TenantUsagesNegativeTestJSON-1063266390-project-admin', 'project_domain_id': 'default', 'project_domain_name': 'Default', 'project_id': 'd90aac20b5c44b39a90beebb32737e48', 'project_name': 'tempest-TenantUsagesNegativeTestJSON-1063266390', 'tenant_id': 'd90aac20b5c44b39a90beebb32737e48', 'tenant_name': 'tempest-TenantUsagesNegativeTestJSON-1063266390', 'user_domain_id': 'default', 'user_domain_name': 'Default', 'user_id': '157b75426bfb44648dbdfd7ed6b73e44', 'system': None}, Network: None, Subnet: None, Router: None
2025-12-12 06:31:34.079 66528 INFO tempest.lib.common.dynamic_creds [-] Created isolated network resources for: credentials: Credentials: {'domain_id': 'default', 'domain_name': 'Default', 'username': 'tempest-TenantUsagesNegativeTestJSON-1063266390-project-admin', 'project_domain_id': 'default', 'project_domain_name': 'Default', 'project_id': 'd90aac20b5c44b39a90beebb32737e48', 'project_name': 'tempest-TenantUsagesNegativeTestJSON-1063266390', 'tenant_id': 'd90aac20b5c44b39a90beebb32737e48', 'tenant_name': 'tempest-TenantUsagesNegativeTestJSON-1063266390', 'user_domain_id': 'default', 'user_domain_name': 'Default', 'user_id': '157b75426bfb44648dbdfd7ed6b73e44', 'system': None}, Network: None, Subnet: None, Router: None
2025-12-12 06:31:34.132 66484 INFO tempest.lib.common.rest_client [req-4369e929-1527-4df1-bf3c-72c448042a35 req-4369e929-1527-4df1-bf3c-72c448042a35 ] Request (QuotaClassesAdminTestJSON:setUpClass): 200 GET http://10.180.1.21/identity/v3/roles 0.733s
2025-12-12 06:31:34.134 66516 INFO tempest.lib.common.rest_client [req-54e5c8e8-aac6-4924-8ac7-5f108af516e1 req-54e5c8e8-aac6-4924-8ac7-5f108af516e1 ] Request (MigrationsAdminTest:setUpClass): 204 PUT http://10.180.1.21/identity/v3/projects/8a9769174cf342d1ab686e5ad36baa2f/users/5736b254f5754300826bcaf97090a903/roles/f571c3b17f7d4851a2d17a70910ae980 0.759s
2025-12-12 06:31:34.134 66516 INFO tempest.lib.common.dynamic_creds [-] Dynamic test user 5736b254f5754300826bcaf97090a903 is created with scope project and roles: ['admin']
2025-12-12 06:31:34.134 66516 INFO tempest.lib.common.dynamic_creds [-] Acquired dynamic creds: credentials: Credentials: {'domain_id': 'default', 'domain_name': 'Default', 'username': 'tempest-MigrationsAdminTest-309062998-project-admin', 'project_domain_id': 'default', 'project_domain_name': 'Default', 'project_id': '8a9769174cf342d1ab686e5ad36baa2f', 'project_name': 'tempest-MigrationsAdminTest-309062998', 'tenant_id': '8a9769174cf342d1ab686e5ad36baa2f', 'tenant_name': 'tempest-MigrationsAdminTest-309062998', 'user_domain_id': 'default', 'user_domain_name': 'Default', 'user_id': '5736b254f5754300826bcaf97090a903', 'system': None}, Network: None, Subnet: None, Router: None
2025-12-12 06:31:34.135 66516 INFO tempest.lib.common.dynamic_creds [-] Created isolated network resources for: credentials: Credentials: {'domain_id': 'default', 'domain_name': 'Default', 'username': 'tempest-MigrationsAdminTest-309062998-project-admin', 'project_domain_id': 'default', 'project_domain_name': 'Default', 'project_id': '8a9769174cf342d1ab686e5ad36baa2f', 'project_name': 'tempest-MigrationsAdminTest-309062998', 'tenant_id': '8a9769174cf342d1ab686e5ad36baa2f', 'tenant_name': 'tempest-MigrationsAdminTest-309062998', 'user_domain_id': 'default', 'user_domain_name': 'Default', 'user_id': '5736b254f5754300826bcaf97090a903', 'system': None}, Network: None, Subnet: None, Router: None
2025-12-12 06:31:34.155 66490 INFO tempest.lib.common.rest_client [req-b33ba41c-4c6a-4e88-baef-747002c7f155 req-b33ba41c-4c6a-4e88-baef-747002c7f155 ] Request (VolumesAssistedSnapshotsTest:setUpClass): 200 PUT http://10.180.1.21/networking/v2.0/routers/cf50113a-f3a9-4b1b-b994-1fba2aacd3e3/add_router_interface 0.785s
2025-12-12 06:31:34.155 66490 INFO tempest.lib.common.dynamic_creds [-] Created isolated network resources for: credentials: Credentials: {'domain_id': 'default', 'domain_name': 'Default', 'username': 'tempest-VolumesAssistedSnapshotsTest-1669321240-project-admin', 'project_domain_id': 'default', 'project_domain_name': 'Default', 'project_id': '332e93026cd04448a91bf37772418437', 'project_name': 'tempest-VolumesAssistedSnapshotsTest-1669321240', 'tenant_id': '332e93026cd04448a91bf37772418437', 'tenant_name': 'tempest-VolumesAssistedSnapshotsTest-1669321240', 'user_domain_id': 'default', 'user_domain_name': 'Default', 'user_id': 'a91cb15256364a28b3dddea1f6a5eb26', 'system': None}, Network: {'id': '94011b1a-9ce7-41f3-9b50-6118b944418e', 'name': 'tempest-VolumesAssistedSnapshotsTest-1608394215-network', 'tenant_id': '332e93026cd04448a91bf37772418437', 'project_id': '332e93026cd04448a91bf37772418437', 'admin_state_up': True, 'mtu': 8950, 'status': 'ACTIVE', 'subnets': [], 'shared': False, 'port_security_enabled': True, 'router:external': False, 'provider:network_type': 'vlan', 'provider:physical_network': 'default', 'provider:segmentation_id': 190, 'availability_zone_hints': [], 'availability_zones': [], 'ipv4_address_scope': None, 'ipv6_address_scope': None, 'description': '', 'tags': [], 'created_at': '2025-12-12T06:31:32Z', 'updated_at': '2025-12-12T06:31:32Z', 'revision_number': 1}, Subnet: {'id': '67d7b418-144d-4ad1-9dd4-0e079ddf7703', 'name': 'tempest-VolumesAssistedSnapshotsTest-1608394215-subnet', 'tenant_id': '332e93026cd04448a91bf37772418437', 'network_id': '94011b1a-9ce7-41f3-9b50-6118b944418e', 'ip_version': 4, 'subnetpool_id': None, 'enable_dhcp': True, 'ipv6_ra_mode': None, 'ipv6_address_mode': None, 'gateway_ip': '192.168.128.1', 'cidr': '192.168.128.0/28', 'allocation_pools': [{'start': '192.168.128.2', 'end': '192.168.128.14'}], 'host_routes': [], 'dns_nameservers': [], 'description': '', 'router:external': False, 'service_types': [], 'tags': [], 'created_at': '2025-12-12T06:31:32Z', 'updated_at': '2025-12-12T06:31:32Z', 'revision_number': 0, 'project_id': '332e93026cd04448a91bf37772418437'}, Router: {'id': 'cf50113a-f3a9-4b1b-b994-1fba2aacd3e3', 'name': 'tempest-VolumesAssistedSnapshotsTest-1608394215-router', 'tenant_id': '332e93026cd04448a91bf37772418437', 'admin_state_up': True, 'status': 'ACTIVE', 'external_gateway_info': {'network_id': '913cd023-66ed-457f-b83f-483aec08a837', 'external_fixed_ips': [{'subnet_id': 'cf6fe711-a59b-4d1f-b019-443c2f56e39d', 'ip_address': '10.180.180.163'}], 'enable_snat': True}, 'description': '', 'availability_zones': [], 'distributed': False, 'ha': False, 'availability_zone_hints': [], 'routes': [], 'flavor_id': None, 'tags': [], 'created_at': '2025-12-12T06:31:32Z', 'updated_at': '2025-12-12T06:31:33Z', 'revision_number': 2, 'project_id': '332e93026cd04448a91bf37772418437'}
2025-12-12 06:31:34.204 66532 INFO tempest.lib.common.rest_client [req-839e0610-1a92-4974-8588-adff9f9183a3 req-839e0610-1a92-4974-8588-adff9f9183a3 ] Request (FlavorMetadataValidation:setUpClass): 201 POST http://10.180.1.21/identity/v3/auth/tokens 0.747s
2025-12-12 06:31:34.204 66510 INFO tempest.lib.common.rest_client [req-efba165e-7639-4f79-858d-f2a7ad8303d1 req-efba165e-7639-4f79-858d-f2a7ad8303d1 ] Request (ServerDiagnosticsTest:setUpClass): 201 POST http://10.180.1.21/identity/v3/auth/tokens 0.794s
2025-12-12 06:31:34.251 66508 INFO tempest.lib.common.rest_client [req-efc1112f-0003-4d1d-be14-569a40d46015 req-efc1112f-0003-4d1d-be14-569a40d46015 ] Request (HypervisorAdminV228Test:setUpClass): 204 PUT http://10.180.1.21/identity/v3/projects/7d99edf1981442e69a6d7c5a89636ac4/users/ced1afcd546d4cdaa8b4dc2df43220c8/roles/f571c3b17f7d4851a2d17a70910ae980 0.739s
2025-12-12 06:31:34.251 66508 INFO tempest.lib.common.dynamic_creds [-] Dynamic test user ced1afcd546d4cdaa8b4dc2df43220c8 is created with scope project and roles: ['admin']
2025-12-12 06:31:34.252 66508 INFO tempest.lib.common.dynamic_creds [-] Acquired dynamic creds: credentials: Credentials: {'domain_id': 'default', 'domain_name': 'Default', 'username': 'tempest-HypervisorAdminV228Test-998355068-project-admin', 'project_domain_id': 'default', 'project_domain_name': 'Default', 'project_id': '7d99edf1981442e69a6d7c5a89636ac4', 'project_name': 'tempest-HypervisorAdminV228Test-998355068', 'tenant_id': '7d99edf1981442e69a6d7c5a89636ac4', 'tenant_name': 'tempest-HypervisorAdminV228Test-998355068', 'user_domain_id': 'default', 'user_domain_name': 'Default', 'user_id': 'ced1afcd546d4cdaa8b4dc2df43220c8', 'system': None}, Network: None, Subnet: None, Router: None
2025-12-12 06:31:34.252 66508 INFO tempest.lib.common.dynamic_creds [-] Created isolated network resources for: credentials: Credentials: {'domain_id': 'default', 'domain_name': 'Default', 'username': 'tempest-HypervisorAdminV228Test-998355068-project-admin', 'project_domain_id': 'default', 'project_domain_name': 'Default', 'project_id': '7d99edf1981442e69a6d7c5a89636ac4', 'project_name': 'tempest-HypervisorAdminV228Test-998355068', 'tenant_id': '7d99edf1981442e69a6d7c5a89636ac4', 'tenant_name': 'tempest-HypervisorAdminV228Test-998355068', 'user_domain_id': 'default', 'user_domain_name': 'Default', 'user_id': 'ced1afcd546d4cdaa8b4dc2df43220c8', 'system': None}, Network: None, Subnet: None, Router: None
2025-12-12 06:31:34.256 66472 INFO tempest.lib.common.rest_client [req-af29eea9-d524-4314-9d7b-b89426fecb2c req-af29eea9-d524-4314-9d7b-b89426fecb2c ] Request (FlavorsV255TestJSON:setUpClass): 204 PUT http://10.180.1.21/identity/v3/projects/5040707db05247048179660875206160/users/c2b5f58d66264302a41ff4cd01b500a3/roles/f571c3b17f7d4851a2d17a70910ae980 0.728s
2025-12-12 06:31:34.256 66472 INFO tempest.lib.common.dynamic_creds [-] Dynamic test user c2b5f58d66264302a41ff4cd01b500a3 is created with scope project and roles: ['admin']
2025-12-12 06:31:34.257 66472 INFO tempest.lib.common.dynamic_creds [-] Acquired dynamic creds: credentials: Credentials: {'domain_id': 'default', 'domain_name': 'Default', 'username': 'tempest-FlavorsV255TestJSON-529317794-project-admin', 'project_domain_id': 'default', 'project_domain_name': 'Default', 'project_id': '5040707db05247048179660875206160', 'project_name': 'tempest-FlavorsV255TestJSON-529317794', 'tenant_id': '5040707db05247048179660875206160', 'tenant_name': 'tempest-FlavorsV255TestJSON-529317794', 'user_domain_id': 'default', 'user_domain_name': 'Default', 'user_id': 'c2b5f58d66264302a41ff4cd01b500a3', 'system': None}, Network: None, Subnet: None, Router: None
2025-12-12 06:31:34.257 66472 INFO tempest.lib.common.dynamic_creds [-] Created isolated network resources for: credentials: Credentials: {'domain_id': 'default', 'domain_name': 'Default', 'username': 'tempest-FlavorsV255TestJSON-529317794-project-admin', 'project_domain_id': 'default', 'project_domain_name': 'Default', 'project_id': '5040707db05247048179660875206160', 'project_name': 'tempest-FlavorsV255TestJSON-529317794', 'tenant_id': '5040707db05247048179660875206160', 'tenant_name': 'tempest-FlavorsV255TestJSON-529317794', 'user_domain_id': 'default', 'user_domain_name': 'Default', 'user_id': 'c2b5f58d66264302a41ff4cd01b500a3', 'system': None}, Network: None, Subnet: None, Router: None
2025-12-12 06:31:34.315 66520 INFO tempest.lib.common.rest_client [req-4a7d2d76-9a3c-4ba9-ad69-1cd24e8a9b2c req-4a7d2d76-9a3c-4ba9-ad69-1cd24e8a9b2c ] Request (TenantUsagesTestJSON:setUpClass): 201 POST http://10.180.1.21/identity/v3/auth/tokens 0.773s
2025-12-12 06:31:34.316 66520 WARNING tempest.lib.common.rest_client [-] Deprecated: "tenant_id" property is deprecated for removal, use "project_id" instead
2025-12-12 06:31:34.363 66498 INFO tempest.lib.common.rest_client [req-579ddbd4-84cf-4e99-a844-ed46514101b4 req-579ddbd4-84cf-4e99-a844-ed46514101b4 ] Request (FlavorsAccessTestJSON:tearDownClass): 204 DELETE http://10.180.1.21/identity/v3/projects/25fe27c0334f457c8d909138458e31e1 0.822s
2025-12-12 06:31:34.364 66498 INFO tempest.test [-] raised in LiveMigrationRemoteConsolesV26Test.setUpClass. Invoking tearDownClass.
2025-12-12 06:31:34.377 66500 INFO tempest.lib.common.rest_client [req-a6bab7f5-142b-4fcf-b44c-ab553d5253ad req-a6bab7f5-142b-4fcf-b44c-ab553d5253ad ] Request (QuotasAdminTestV236:setUpClass): 201 POST http://10.180.1.21/identity/v3/auth/tokens 0.774s
2025-12-12 06:31:34.378 66500 WARNING tempest.lib.common.rest_client [-] Deprecated: "tenant_id" property is deprecated for removal, use "project_id" instead
2025-12-12 06:31:34.408 66506 INFO tempest.lib.common.rest_client [req-e881ded2-6d57-4f80-91e8-ec1af04daa40 req-e881ded2-6d57-4f80-91e8-ec1af04daa40 ] Request (ServersWithSpecificFlavorTestJSON:setUpClass): 204 PUT http://10.180.1.21/identity/v3/projects/36d2d46c310d46e1808cdc739232300c/users/6cc34fac5cbc44ed91e9d1443d61920e/roles/f571c3b17f7d4851a2d17a70910ae980 0.746s
2025-12-12 06:31:34.408 66506 INFO tempest.lib.common.dynamic_creds [-] Dynamic test user 6cc34fac5cbc44ed91e9d1443d61920e is created with scope project and roles: ['admin']
2025-12-12 06:31:34.408 66506 INFO tempest.lib.common.dynamic_creds [-] Acquired dynamic creds: credentials: Credentials: {'domain_id': 'default', 'domain_name': 'Default', 'username': 'tempest-ServersWithSpecificFlavorTestJSON-351970225-project-admin', 'project_domain_id': 'default', 'project_domain_name': 'Default', 'project_id': '36d2d46c310d46e1808cdc739232300c', 'project_name': 'tempest-ServersWithSpecificFlavorTestJSON-351970225', 'tenant_id': '36d2d46c310d46e1808cdc739232300c', 'tenant_name': 'tempest-ServersWithSpecificFlavorTestJSON-351970225', 'user_domain_id': 'default', 'user_domain_name': 'Default', 'user_id': '6cc34fac5cbc44ed91e9d1443d61920e', 'system': None}, Network: None, Subnet: None, Router: None
2025-12-12 06:31:34.451 66526 INFO tempest.lib.common.rest_client [req-bd2ad355-a39a-497b-a476-96e630e9e557 req-bd2ad355-a39a-497b-a476-96e630e9e557 ] Request (ServicesAdminNegativeTestJSON:setUpClass): 204 PUT http://10.180.1.21/identity/v3/projects/2969a6ae3e114ea9a3dd905821f3ff2d/users/8a2da5768e0d41b0bd036527996da6b1/roles/f571c3b17f7d4851a2d17a70910ae980 0.788s
2025-12-12 06:31:34.452 66526 INFO tempest.lib.common.dynamic_creds [-] Dynamic test user 8a2da5768e0d41b0bd036527996da6b1 is created with scope project and roles: ['admin']
2025-12-12 06:31:34.452 66526 INFO tempest.lib.common.dynamic_creds [-] Acquired dynamic creds: credentials: Credentials: {'domain_id': 'default', 'domain_name': 'Default', 'username': 'tempest-ServicesAdminNegativeTestJSON-1407191798-project-admin', 'project_domain_id': 'default', 'project_domain_name': 'Default', 'project_id': '2969a6ae3e114ea9a3dd905821f3ff2d', 'project_name': 'tempest-ServicesAdminNegativeTestJSON-1407191798', 'tenant_id': '2969a6ae3e114ea9a3dd905821f3ff2d', 'tenant_name': 'tempest-ServicesAdminNegativeTestJSON-1407191798', 'user_domain_id': 'default', 'user_domain_name': 'Default', 'user_id': '8a2da5768e0d41b0bd036527996da6b1', 'system': None}, Network: None, Subnet: None, Router: None
2025-12-12 06:31:34.452 66526 INFO tempest.lib.common.dynamic_creds [-] Created isolated network resources for: credentials: Credentials: {'domain_id': 'default', 'domain_name': 'Default', 'username': 'tempest-ServicesAdminNegativeTestJSON-1407191798-project-admin', 'project_domain_id': 'default', 'project_domain_name': 'Default', 'project_id': '2969a6ae3e114ea9a3dd905821f3ff2d', 'project_name': 'tempest-ServicesAdminNegativeTestJSON-1407191798', 'tenant_id': '2969a6ae3e114ea9a3dd905821f3ff2d', 'tenant_name': 'tempest-ServicesAdminNegativeTestJSON-1407191798', 'user_domain_id': 'default', 'user_domain_name': 'Default', 'user_id': '8a2da5768e0d41b0bd036527996da6b1', 'system': None}, Network: None, Subnet: None, Router: None
2025-12-12 06:31:34.459 66534 INFO tempest.lib.common.rest_client [req-2e2918c3-edbc-4ac0-addc-c6a7c88b55eb req-2e2918c3-edbc-4ac0-addc-c6a7c88b55eb ] Request (HypervisorAdminNegativeUnderV252Test:setUpClass): 204 PUT http://10.180.1.21/identity/v3/projects/272b7158eb874e82ba4010a9d5c71401/users/5c99150c452144b2aeba087fb19cb431/roles/f571c3b17f7d4851a2d17a70910ae980 0.775s
2025-12-12 06:31:34.460 66534 INFO tempest.lib.common.dynamic_creds [-] Dynamic test user 5c99150c452144b2aeba087fb19cb431 is created with scope project and roles: ['admin']
2025-12-12 06:31:34.460 66534 INFO tempest.lib.common.dynamic_creds [-] Acquired dynamic creds: credentials: Credentials: {'domain_id': 'default', 'domain_name': 'Default', 'username': 'tempest-HypervisorAdminNegativeUnderV252Test-605553347-project-admin', 'project_domain_id': 'default', 'project_domain_name': 'Default', 'project_id': '272b7158eb874e82ba4010a9d5c71401', 'project_name': 'tempest-HypervisorAdminNegativeUnderV252Test-605553347', 'tenant_id': '272b7158eb874e82ba4010a9d5c71401', 'tenant_name': 'tempest-HypervisorAdminNegativeUnderV252Test-605553347', 'user_domain_id': 'default', 'user_domain_name': 'Default', 'user_id': '5c99150c452144b2aeba087fb19cb431', 'system': None}, Network: None, Subnet: None, Router: None
2025-12-12 06:31:34.460 66534 INFO tempest.lib.common.dynamic_creds [-] Created isolated network resources for: credentials: Credentials: {'domain_id': 'default', 'domain_name': 'Default', 'username': 'tempest-HypervisorAdminNegativeUnderV252Test-605553347-project-admin', 'project_domain_id': 'default', 'project_domain_name': 'Default', 'project_id': '272b7158eb874e82ba4010a9d5c71401', 'project_name': 'tempest-HypervisorAdminNegativeUnderV252Test-605553347', 'tenant_id': '272b7158eb874e82ba4010a9d5c71401', 'tenant_name': 'tempest-HypervisorAdminNegativeUnderV252Test-605553347', 'user_domain_id': 'default', 'user_domain_name': 'Default', 'user_id': '5c99150c452144b2aeba087fb19cb431', 'system': None}, Network: None, Subnet: None, Router: None
2025-12-12 06:31:34.513 66536 INFO tempest.lib.common.rest_client [req-37331fe3-328c-4c53-bee1-d29e00d51387 req-37331fe3-328c-4c53-bee1-d29e00d51387 ] Request (FloatingIPsAssociationTestJSON:setUpClass): 201 POST http://10.180.1.21/identity/v3/auth/tokens 0.760s
2025-12-12 06:31:34.513 66536 INFO tempest.lib.common.fixed_network [-] (FloatingIPsAssociationTestJSON:setUpClass) Found network {'id': 'd786a3d0-60e9-4e39-819d-5770018f4043', 'name': 'tempest-FloatingIPsAssociationTestJSON-808081929-network', 'tenant_id': 'c9c72f9afbb740bdaccb463ae1e8b4f3', 'project_id': 'c9c72f9afbb740bdaccb463ae1e8b4f3', 'admin_state_up': True, 'mtu': 8950, 'status': 'ACTIVE', 'subnets': [], 'shared': False, 'port_security_enabled': True, 'router:external': False, 'provider:network_type': 'vlan', 'provider:physical_network': 'default', 'provider:segmentation_id': 34, 'availability_zone_hints': [], 'availability_zones': [], 'ipv4_address_scope': None, 'ipv6_address_scope': None, 'description': '', 'tags': [], 'created_at': '2025-12-12T06:31:30Z', 'updated_at': '2025-12-12T06:31:30Z', 'revision_number': 1} available for tenant
2025-12-12 06:31:34.528 66512 INFO tempest.lib.common.rest_client [req-8859d015-1703-4c04-8f5d-3aee874ce4e0 req-8859d015-1703-4c04-8f5d-3aee874ce4e0 ] Request (FlavorsAdminTestJSON:setUpClass): 201 POST http://10.180.1.21/identity/v3/auth/tokens 0.840s
2025-12-12 06:31:34.589 66506 INFO tempest.lib.common.rest_client [req-f2644bc4-e236-44d5-8461-8a7765bcce53 req-f2644bc4-e236-44d5-8461-8a7765bcce53 ] Request (ServersWithSpecificFlavorTestJSON:setUpClass): 201 POST http://10.180.1.21/networking/v2.0/networks 0.181s
2025-12-12 06:31:34.602 66486 INFO tempest.lib.common.rest_client [req-e22cc83f-5c3a-404a-93de-1b345fafbad9 req-e22cc83f-5c3a-404a-93de-1b345fafbad9 ] Request (AggregatesAdminNegativeTestJSON:setUpClass): 201 POST http://10.180.1.21/identity/v3/auth/tokens 0.771s
2025-12-12 06:31:34.627 66496 INFO tempest.lib.common.rest_client [req-3db4ee38-7407-4262-acce-b867fb769423 req-3db4ee38-7407-4262-acce-b867fb769423 ] Request (FlavorsV261TestJSON:test_crud_flavor): 200 POST http://10.180.1.21/compute/v2.1/flavors 2.118s
2025-12-12 06:31:34.683 66502 INFO tempest.lib.common.rest_client [req-155ebc51-1771-4932-bfb5-7388eda661fb req-155ebc51-1771-4932-bfb5-7388eda661fb ] Request (DeleteServersAdminTestJSON:setUpClass): 201 POST http://10.180.1.21/identity/v3/auth/tokens 0.740s
2025-12-12 06:31:34.705 66494 INFO tempest.lib.common.rest_client [req-38f7e80f-0df8-4da1-9744-960bd95f598b req-38f7e80f-0df8-4da1-9744-960bd95f598b ] Request (QuotasSecurityGroupAdminNegativeTest:tearDownClass): 204 DELETE http://10.180.1.21/identity/v3/users/1e0edfc30b44483ba55924b51d76d152 0.869s
2025-12-12 06:31:34.760 66506 INFO tempest.lib.common.rest_client [req-b2f51a57-5c3f-499a-b03e-a60d1d9af4ff req-b2f51a57-5c3f-499a-b03e-a60d1d9af4ff ] Request (ServersWithSpecificFlavorTestJSON:setUpClass): 201 POST http://10.180.1.21/networking/v2.0/subnets 0.170s
2025-12-12 06:31:34.773 66523 INFO tempest.lib.common.rest_client [req-89b59d01-f426-451d-b35e-85389755ead0 req-89b59d01-f426-451d-b35e-85389755ead0 ] Request (FlavorsAccessNegativeTestJSON:setUpClass): 201 POST http://10.180.1.21/identity/v3/projects 0.769s
2025-12-12 06:31:34.838 66525 INFO tempest.lib.common.rest_client [req-5d7d605b-857e-4cdb-a8fb-9335765afa75 req-5d7d605b-857e-4cdb-a8fb-9335765afa75 ] Request (FlavorsExtraSpecsNegativeTestJSON:setUpClass): 201 POST http://10.180.1.21/identity/v3/auth/tokens 0.822s
2025-12-12 06:31:34.855 66514 INFO tempest.lib.common.rest_client [req-5bb8922d-fbfc-4438-b9b2-c95f4585e368 req-5bb8922d-fbfc-4438-b9b2-c95f4585e368 ] Request (ServerDiagnosticsNegativeTest:setUpClass): 201 POST http://10.180.1.21/identity/v3/auth/tokens 0.781s
