2025-12-12 06:32:41.777 66518 INFO tempest.lib.common.fixed_network [-] (ServerDiskConfigTestJSON:test_rebuild_server_with_manual_disk_config) Found network {'id': 'f73cf34b-b457-4000-ac05-b1cb64e36b56', 'name': 'tempest-ServerDiskConfigTestJSON-9947668-network', 'tenant_id': 'd9c627dc9d26461187bc18739c3c2be8', 'project_id': 'd9c627dc9d26461187bc18739c3c2be8', 'admin_state_up': True, 'mtu': 8950, 'status': 'ACTIVE', 'subnets': [], 'shared': False, 'port_security_enabled': True, 'router:external': False, 'provider:network_type': 'vlan', 'provider:physical_network': 'default', 'provider:segmentation_id': 800, 'availability_zone_hints': [], 'availability_zones': [], 'ipv4_address_scope': None, 'ipv6_address_scope': None, 'description': '', 'tags': [], 'created_at': '2025-12-12T06:31:41Z', 'updated_at': '2025-12-12T06:31:41Z', 'revision_number': 1} available for tenant
2025-12-12 06:32:41.833 66476 INFO tempest.lib.common.rest_client [req-08949bfc-d95b-4a51-bfd4-da8ff6d94a35 req-08949bfc-d95b-4a51-bfd4-da8ff6d94a35 ] Request (ServersAdminNegativeTestJSON:setUpClass): 201 POST http://10.180.1.21/identity/v3/auth/tokens 0.203s
2025-12-12 06:32:41.833 66532 INFO tempest.lib.common.rest_client [req-1a6c31b3-da0a-483c-b9b6-22ecb6625a72 req-1a6c31b3-da0a-483c-b9b6-22ecb6625a72 ] Request (ServersListShow2100Test:setUpClass): 200 GET http://10.180.1.21/identity/v3/domains?name=Default 0.117s
2025-12-12 06:32:41.855 66534 INFO tempest.lib.common.rest_client [req-8d40daab-889c-4920-9e2b-71c47724967b req-8d40daab-889c-4920-9e2b-71c47724967b ] Request (ValidationResourcesFixture:setUp): 201 POST http://10.180.1.21/networking/v2.0/security-group-rules 0.144s
2025-12-12 06:32:41.862 66482 INFO tempest.lib.common.rest_client [req-4926fd5e-6b41-40d9-b54c-8cd5493011f7 req-4926fd5e-6b41-40d9-b54c-8cd5493011f7 ] Request (ServerAddressesTestJSON:setUpClass): 201 POST http://10.180.1.21/identity/v3/auth/tokens 0.100s
2025-12-12 06:32:41.874 66532 INFO tempest.lib.common.rest_client [req-f9e06159-1d52-4a06-bb0b-c6cfc49c0917 req-f9e06159-1d52-4a06-bb0b-c6cfc49c0917 ] Request (ServersListShow2100Test:setUpClass): 201 POST http://10.180.1.21/identity/v3/projects 0.040s
2025-12-12 06:32:41.899 66492 INFO tempest.lib.common.rest_client [req-af59e1e1-d391-4084-9b13-26109800e0d4 req-af59e1e1-d391-4084-9b13-26109800e0d4 ] Request (ServersAdmin275Test:test_rebuild_update_server_275): 200 GET http://10.180.1.21/compute/v2.1/servers/9de883b3-c120-4400-b7d6-e6e0ccbfef07 1.142s
2025-12-12 06:32:41.950 66476 INFO tempest.lib.common.rest_client [req-825e01d7-001d-4da5-a789-cc01bd12d67a req-825e01d7-001d-4da5-a789-cc01bd12d67a ] Request (ServersAdminNegativeTestJSON:setUpClass): 201 POST http://10.180.1.21/identity/v3/auth/tokens 0.109s
2025-12-12 06:32:41.950 66476 INFO tempest.lib.common.fixed_network [-] (ServersAdminNegativeTestJSON:setUpClass) Found network None available for tenant
2025-12-12 06:32:41.968 66496 INFO tempest.lib.common.rest_client [req-7103fbf4-688d-4ae5-a090-b8b9553a46e5 req-7103fbf4-688d-4ae5-a090-b8b9553a46e5 ] Request (ServerDiagnosticsV248Test:tearDownClass): 200 GET http://10.180.1.21/compute/v2.1/servers/c8b79828-1b30-43b0-84a7-d1ae73274382 1.126s
2025-12-12 06:32:41.989 66482 INFO tempest.lib.common.rest_client [req-1dcbc30d-36ab-4894-8da3-d00e43ab4dcc req-1dcbc30d-36ab-4894-8da3-d00e43ab4dcc ] Request (ServerAddressesTestJSON:setUpClass): 201 POST http://10.180.1.21/identity/v3/auth/tokens 0.123s
2025-12-12 06:32:42.024 66482 INFO tempest.lib.common.rest_client [req-5baf3c33-47b2-4546-a339-0aaea88614e2 req-5baf3c33-47b2-4546-a339-0aaea88614e2 ] Request (ServerAddressesTestJSON:setUpClass): 200 GET http://10.180.1.21/identity/v3/domains?name=Default 0.034s
2025-12-12 06:32:42.045 66532 INFO tempest.lib.common.rest_client [req-a8b77b3b-e41f-4846-b823-4d367248c4e0 req-a8b77b3b-e41f-4846-b823-4d367248c4e0 ] Request (ServersListShow2100Test:setUpClass): 201 POST http://10.180.1.21/identity/v3/users 0.170s
2025-12-12 06:32:42.059 66534 INFO tempest.lib.common.rest_client [req-906c3b9e-d06f-4a4d-a883-888437835e9d req-906c3b9e-d06f-4a4d-a883-888437835e9d ] Request (ValidationResourcesFixture:setUp): 201 POST http://10.180.1.21/networking/v2.0/security-group-rules 0.203s
2025-12-12 06:32:42.068 66482 INFO tempest.lib.common.rest_client [req-ad46a112-cbfc-4202-85b8-9f80502e4827 req-ad46a112-cbfc-4202-85b8-9f80502e4827 ] Request (ServerAddressesTestJSON:setUpClass): 201 POST http://10.180.1.21/identity/v3/projects 0.043s
2025-12-12 06:32:42.072 66532 INFO tempest.lib.common.rest_client [req-69621b90-2390-4cf7-a952-0a2373f427fe req-69621b90-2390-4cf7-a952-0a2373f427fe ] Request (ServersListShow2100Test:setUpClass): 200 GET http://10.180.1.21/identity/v3/roles 0.025s
2025-12-12 06:32:42.152 66532 INFO tempest.lib.common.rest_client [req-dd9682d2-8188-4858-a111-9b739c23486e req-dd9682d2-8188-4858-a111-9b739c23486e ] Request (ServersListShow2100Test:setUpClass): 204 PUT http://10.180.1.21/identity/v3/projects/c3452c52943e4de6ade3f515793e86cf/users/232b98d6c2f04cec9cfda7a1e36cc075/roles/0f2c187d5d744b0dabd32ee3f4196f35 0.079s
2025-12-12 06:32:42.152 66532 INFO tempest.lib.common.dynamic_creds [-] Dynamic test user 232b98d6c2f04cec9cfda7a1e36cc075 is created with scope project and roles: ['member']
2025-12-12 06:32:42.152 66532 INFO tempest.lib.common.dynamic_creds [-] Acquired dynamic creds: credentials: Credentials: {'domain_id': 'default', 'domain_name': 'Default', 'username': 'tempest-ServersListShow2100Test-782767079-project-member', 'project_domain_id': 'default', 'project_domain_name': 'Default', 'project_id': 'c3452c52943e4de6ade3f515793e86cf', 'project_name': 'tempest-ServersListShow2100Test-782767079', 'tenant_id': 'c3452c52943e4de6ade3f515793e86cf', 'tenant_name': 'tempest-ServersListShow2100Test-782767079', 'user_domain_id': 'default', 'user_domain_name': 'Default', 'user_id': '232b98d6c2f04cec9cfda7a1e36cc075', 'system': None}, Network: None, Subnet: None, Router: None
2025-12-12 06:32:42.152 66532 INFO tempest.lib.common.dynamic_creds [-] Created isolated network resources for: credentials: Credentials: {'domain_id': 'default', 'domain_name': 'Default', 'username': 'tempest-ServersListShow2100Test-782767079-project-member', 'project_domain_id': 'default', 'project_domain_name': 'Default', 'project_id': 'c3452c52943e4de6ade3f515793e86cf', 'project_name': 'tempest-ServersListShow2100Test-782767079', 'tenant_id': 'c3452c52943e4de6ade3f515793e86cf', 'tenant_name': 'tempest-ServersListShow2100Test-782767079', 'user_domain_id': 'default', 'user_domain_name': 'Default', 'user_id': '232b98d6c2f04cec9cfda7a1e36cc075', 'system': None}, Network: None, Subnet: None, Router: None
2025-12-12 06:32:42.153 66482 INFO tempest.lib.common.rest_client [req-62d2b8c7-521e-462c-8dec-2bd8ebb99237 req-62d2b8c7-521e-462c-8dec-2bd8ebb99237 ] Request (ServerAddressesTestJSON:setUpClass): 201 POST http://10.180.1.21/identity/v3/users 0.084s
2025-12-12 06:32:42.235 66482 INFO tempest.lib.common.rest_client [req-cf2accba-d4e9-4450-b4c4-7c8e786cf29b req-cf2accba-d4e9-4450-b4c4-7c8e786cf29b ] Request (ServerAddressesTestJSON:setUpClass): 200 GET http://10.180.1.21/identity/v3/roles 0.081s
2025-12-12 06:32:42.265 66532 INFO tempest.lib.common.rest_client [req-7ad138ec-5f21-4b21-909c-1f94982b170e req-7ad138ec-5f21-4b21-909c-1f94982b170e ] Request (ServersListShow2100Test:setUpClass): 201 POST http://10.180.1.21/identity/v3/auth/tokens 0.109s
2025-12-12 06:32:42.267 66482 INFO tempest.lib.common.rest_client [req-4bea4344-64cb-4ff8-93a4-ea2f661fe275 req-4bea4344-64cb-4ff8-93a4-ea2f661fe275 ] Request (ServerAddressesTestJSON:setUpClass): 204 PUT http://10.180.1.21/identity/v3/projects/7c8fdbf230f447f7b79a4d39e1cf914d/users/8512e0a70991401b940b7728cedffec8/roles/0f2c187d5d744b0dabd32ee3f4196f35 0.031s
2025-12-12 06:32:42.267 66482 INFO tempest.lib.common.dynamic_creds [-] Dynamic test user 8512e0a70991401b940b7728cedffec8 is created with scope project and roles: ['member']
2025-12-12 06:32:42.268 66482 INFO tempest.lib.common.dynamic_creds [-] Acquired dynamic creds: credentials: Credentials: {'domain_id': 'default', 'domain_name': 'Default', 'username': 'tempest-ServerAddressesTestJSON-989537595-project-member', 'project_domain_id': 'default', 'project_domain_name': 'Default', 'project_id': '7c8fdbf230f447f7b79a4d39e1cf914d', 'project_name': 'tempest-ServerAddressesTestJSON-989537595', 'tenant_id': '7c8fdbf230f447f7b79a4d39e1cf914d', 'tenant_name': 'tempest-ServerAddressesTestJSON-989537595', 'user_domain_id': 'default', 'user_domain_name': 'Default', 'user_id': '8512e0a70991401b940b7728cedffec8', 'system': None}, Network: None, Subnet: None, Router: None
2025-12-12 06:32:42.326 66532 INFO tempest.lib.common.rest_client [req-c0213a78-2fae-4f83-aef8-59b58ddb2e99 req-c0213a78-2fae-4f83-aef8-59b58ddb2e99 ] Request (ServersListShow2100Test:test_list_show_rebuild_update_server_2100): 201 POST http://10.180.1.21/identity/v3/auth/tokens 0.057s
2025-12-12 06:32:42.327 66532 INFO tempest.lib.common.fixed_network [-] (ServersListShow2100Test:test_list_show_rebuild_update_server_2100) Found network None available for tenant
2025-12-12 06:32:42.328 66482 INFO tempest.lib.common.rest_client [req-4305ca2d-0bbd-420f-9721-931da7c1e90d req-4305ca2d-0bbd-420f-9721-931da7c1e90d ] Request (ServerAddressesTestJSON:setUpClass): 201 POST http://10.180.1.21/identity/v3/auth/tokens 0.060s
2025-12-12 06:32:42.430 66525 INFO tempest.lib.common.rest_client [req-ba730619-4ef6-43a3-a05c-2ba5af232767 req-ba730619-4ef6-43a3-a05c-2ba5af232767 ] Request (VolumesTestJSON:setUpClass): 200 GET http://10.180.1.21/volume/v3/volumes/0cb3626d-1150-4727-89aa-18b636016e79 0.034s
2025-12-12 06:32:42.438 66525 INFO tempest.common.waiters [-] volume 0cb3626d-1150-4727-89aa-18b636016e79 reached available after waiting for 1.438586 seconds
2025-12-12 06:32:42.597 66534 INFO tempest.lib.common.rest_client [req-a22f4db1-8704-4688-a5a0-3c470699132d req-a22f4db1-8704-4688-a5a0-3c470699132d ] Request (ValidationResourcesFixture:setUp): 201 POST http://10.180.1.21/networking/v2.0/floatingips 0.537s
2025-12-12 06:32:42.598 66490 WARNING tempest.lib.common.ssh [-] Failed to establish authenticated ssh connection to cirros@10.180.180.130 ([Errno None] Unable to connect to port 22 on 10.180.180.130). Number attempts: 5. Retry after 6 seconds.: paramiko.ssh_exception.NoValidConnectionsError: [Errno None] Unable to connect to port 22 on 10.180.180.130
2025-12-12 06:32:42.676 66534 INFO tempest.lib.common.rest_client [req-2d9bf049-df44-49e6-9cab-41c2336ebe95 req-2d9bf049-df44-49e6-9cab-41c2336ebe95 ] Request (AttachVolumeNegativeTest:test_attach_attached_volume_to_different_server): 201 POST http://10.180.1.21/identity/v3/auth/tokens 0.076s
2025-12-12 06:32:42.676 66534 INFO tempest.lib.common.fixed_network [-] (AttachVolumeNegativeTest:test_attach_attached_volume_to_different_server) Found network {'id': 'd26664d8-2af2-44e7-a1e5-1d80a8c6a1ef', 'name': 'tempest-AttachVolumeNegativeTest-867083148-network', 'tenant_id': '7268c8be534f465aa0fafdb89cd26dc2', 'project_id': '7268c8be534f465aa0fafdb89cd26dc2', 'admin_state_up': True, 'mtu': 8950, 'status': 'ACTIVE', 'subnets': [], 'shared': False, 'port_security_enabled': True, 'router:external': False, 'provider:network_type': 'vlan', 'provider:physical_network': 'default', 'provider:segmentation_id': 869, 'availability_zone_hints': [], 'availability_zones': [], 'ipv4_address_scope': None, 'ipv6_address_scope': None, 'description': '', 'tags': [], 'created_at': '2025-12-12T06:32:37Z', 'updated_at': '2025-12-12T06:32:37Z', 'revision_number': 1} available for tenant
2025-12-12 06:32:42.701 66516 INFO tempest.lib.common.rest_client [req-a03e73b7-557a-4e6e-9404-e6d5affaf4ad req-a03e73b7-557a-4e6e-9404-e6d5affaf4ad ] Request (MigrationsAdminTest:test_list_migrations_in_flavor_resize_situation): 200 GET http://10.180.1.21/compute/v2.1/servers/48d60fb7-e0b1-427e-b8b0-65f7f7dd47ec 1.667s
2025-12-12 06:32:42.960 66482 INFO tempest.lib.common.rest_client [req-d775fc74-9a44-498b-991e-3f4fddacfda4 req-d775fc74-9a44-498b-991e-3f4fddacfda4 ] Request (ServerAddressesTestJSON:setUpClass): 201 POST http://10.180.1.21/networking/v2.0/networks 0.632s
2025-12-12 06:32:43.254 66482 INFO tempest.lib.common.rest_client [req-8f644221-6d69-4aca-9a21-209521e84f38 req-8f644221-6d69-4aca-9a21-209521e84f38 ] Request (ServerAddressesTestJSON:setUpClass): 201 POST http://10.180.1.21/networking/v2.0/subnets 0.292s
2025-12-12 06:32:43.353 66506 INFO tempest.lib.common.rest_client [req-49a38281-5d22-4c44-a836-d4267adc74ed req-49a38281-5d22-4c44-a836-d4267adc74ed ] Request (ServersWithSpecificFlavorTestJSON:test_verify_created_server_ephemeral_disk): 200 GET http://10.180.1.21/compute/v2.1/servers/23268e03-3390-4d83-8f7e-2c7275c36ea1 2.249s
2025-12-12 06:32:43.360 66506 INFO tempest.common.waiters [-] State transition "BUILD/spawning" ==> "ACTIVE/None" after 20 second wait
2025-12-12 06:32:43.403 66502 INFO tempest.lib.common.rest_client [req-1eb4156d-18fa-4b76-bf9b-27e33003a873 req-1eb4156d-18fa-4b76-bf9b-27e33003a873 ] Request (DeleteServersAdminTestJSON:test_delete_server_while_in_error_state): 202 POST http://10.180.1.21/compute/v2.1/servers 2.532s
2025-12-12 06:32:43.474 66510 INFO tempest.lib.common.rest_client [req-4e81a19b-cb47-4a74-8846-f369ee77ce69 req-4e81a19b-cb47-4a74-8846-f369ee77ce69 ] Request (ServerDiagnosticsTest:tearDownClass): 200 GET http://10.180.1.21/compute/v2.1/servers/0c8bea71-b9a8-4db9-92d2-d6e7ad1bc208 2.355s
2025-12-12 06:32:43.500 66472 INFO tempest.lib.common.rest_client [req-a6bd3917-be14-4d95-be09-d21d3a58d3b1 req-a6bd3917-be14-4d95-be09-d21d3a58d3b1 ] Request (QuotasAdminTestJSON:test_get_updated_quotas): 200 GET http://10.180.1.21/compute/v2.1/os-quota-sets/6e144ea822bb4e69bc035a1823e2fe87/detail 2.386s
2025-12-12 06:32:43.502 66512 INFO tempest.lib.common.rest_client [req-0bdd3ff8-0d1c-4a16-b80b-8f3087b7aaa5 req-0bdd3ff8-0d1c-4a16-b80b-8f3087b7aaa5 ] Request (FlavorsAdminTestJSON:_run_cleanups): 200 GET http://10.180.1.21/compute/v2.1/flavors/detail 2.306s
2025-12-12 06:32:43.527 66486 INFO tempest.lib.common.rest_client [req-cf6430eb-cc44-4eed-9e3a-8b307ec4058d req-cf6430eb-cc44-4eed-9e3a-8b307ec4058d ] Request (AggregatesAdminNegativeTestJSON:_run_cleanups): 200 DELETE http://10.180.1.21/compute/v2.1/os-aggregates/5 2.326s
2025-12-12 06:32:43.537 66472 INFO tempest.lib.common.rest_client [req-765beb44-69c5-4a4c-ba8f-86d646e1ba0a req-765beb44-69c5-4a4c-ba8f-86d646e1ba0a ] Request (QuotasAdminTestJSON:test_get_updated_quotas): 200 GET http://10.180.1.21/identity/v3/domains?name=Default 0.031s
2025-12-12 06:32:43.557 66523 INFO tempest.lib.common.rest_client [req-9f1457b8-e4b4-47c5-8759-9382b2d6f3db req-9f1457b8-e4b4-47c5-8759-9382b2d6f3db ] Request (FlavorsAccessNegativeTestJSON:_run_cleanups): 200 GET http://10.180.1.21/compute/v2.1/flavors/detail 2.291s
2025-12-12 06:32:43.587 66526 INFO tempest.lib.common.rest_client [req-40865f5c-dee6-4632-b45e-3e8741553342 req-40865f5c-dee6-4632-b45e-3e8741553342 ] Request (KeyPairsV22TestJSON:_run_cleanups): 204 DELETE http://10.180.1.21/compute/v2.1/os-keypairs/tempest-KeyPairsV22TestJSON-keypair-1287440583 2.290s
2025-12-12 06:32:43.594 66472 INFO tempest.lib.common.rest_client [req-501a1743-4a73-4d87-872f-eb6e1e85ec63 req-501a1743-4a73-4d87-872f-eb6e1e85ec63 ] Request (QuotasAdminTestJSON:test_get_updated_quotas): 201 POST http://10.180.1.21/identity/v3/users 0.054s
2025-12-12 06:32:43.625 66472 INFO tempest.lib.common.rest_client [req-12608822-2388-44de-8340-40e698c47210 req-12608822-2388-44de-8340-40e698c47210 ] Request (QuotasAdminTestJSON:test_get_updated_quotas): 200 GET http://10.180.1.21/identity/v3/domains?name=Default 0.031s
2025-12-12 06:32:43.627 66514 INFO tempest.lib.common.rest_client [req-31977096-c1a2-4931-a05c-6d1b36cb447e req-31977096-c1a2-4931-a05c-6d1b36cb447e ] Request (ServerDiagnosticsNegativeTest:tearDownClass): 200 GET http://10.180.1.21/compute/v2.1/servers/5e7338ea-e892-4125-ba38-8baa9da17821 2.406s
2025-12-12 06:32:43.644 66500 INFO tempest.lib.common.rest_client [req-8aa266dc-6d48-4bc4-ae52-c30fcb965887 req-8aa266dc-6d48-4bc4-ae52-c30fcb965887 ] Request (FlavorsV2TestJSON:test_list_flavors_using_marker): 200 GET http://10.180.1.21/compute/v2.1/flavors/42 2.187s
2025-12-12 06:32:44.001 66520 INFO tempest.lib.common.rest_client [req-628f7d16-ed40-4dc3-9284-8f0606e54006 req-628f7d16-ed40-4dc3-9284-8f0606e54006 ] Request (TenantUsagesTestJSON:tearDownClass): 200 GET http://10.180.1.21/compute/v2.1/servers/de2ba044-8b79-4748-964d-ab59fb2a5412 2.647s
2025-12-12 06:32:44.136 66482 INFO tempest.lib.common.rest_client [req-c64bc220-c287-4d2f-b5c8-b02cfce248ab req-c64bc220-c287-4d2f-b5c8-b02cfce248ab ] Request (ServerAddressesTestJSON:setUpClass): 201 POST http://10.180.1.21/networking/v2.0/routers 0.882s
2025-12-12 06:32:44.281 66494 INFO tempest.lib.common.rest_client [req-dff111a0-fdcf-4ce8-b098-c9d9c299e3de req-dff111a0-fdcf-4ce8-b098-c9d9c299e3de ] Request (ServerRescueTestJSON:setUpClass): 200 GET http://10.180.1.21/compute/v2.1/servers/878714d1-81c8-4671-b9be-49f373f3b42a 2.718s
2025-12-12 06:32:44.289 66494 INFO tempest.common.waiters [-] State transition "BUILD/spawning" ==> "ACTIVE/None" after 21 second wait
2025-12-12 06:32:45.113 66482 INFO tempest.lib.common.rest_client [req-625dfdec-52a6-45b6-bfdb-f4d5b354fda2 req-625dfdec-52a6-45b6-bfdb-f4d5b354fda2 ] Request (ServerAddressesTestJSON:setUpClass): 200 PUT http://10.180.1.21/networking/v2.0/routers/804122a5-e401-4e1e-a882-2eafd2e50aae/add_router_interface 0.976s
2025-12-12 06:32:45.113 66482 INFO tempest.lib.common.dynamic_creds [-] Created isolated network resources for: credentials: Credentials: {'domain_id': 'default', 'domain_name': 'Default', 'username': 'tempest-ServerAddressesTestJSON-989537595-project-member', 'project_domain_id': 'default', 'project_domain_name': 'Default', 'project_id': '7c8fdbf230f447f7b79a4d39e1cf914d', 'project_name': 'tempest-ServerAddressesTestJSON-989537595', 'tenant_id': '7c8fdbf230f447f7b79a4d39e1cf914d', 'tenant_name': 'tempest-ServerAddressesTestJSON-989537595', 'user_domain_id': 'default', 'user_domain_name': 'Default', 'user_id': '8512e0a70991401b940b7728cedffec8', 'system': None}, Network: {'id': 'effc2fd8-93f4-47cd-be06-d58619e78cc8', 'name': 'tempest-ServerAddressesTestJSON-123833120-network', 'tenant_id': '7c8fdbf230f447f7b79a4d39e1cf914d', 'project_id': '7c8fdbf230f447f7b79a4d39e1cf914d', 'admin_state_up': True, 'mtu': 8950, 'status': 'ACTIVE', 'subnets': [], 'shared': False, 'port_security_enabled': True, 'router:external': False, 'provider:network_type': 'vlan', 'provider:physical_network': 'default', 'provider:segmentation_id': 361, 'availability_zone_hints': [], 'availability_zones': [], 'ipv4_address_scope': None, 'ipv6_address_scope': None, 'description': '', 'tags': [], 'created_at': '2025-12-12T06:32:42Z', 'updated_at': '2025-12-12T06:32:42Z', 'revision_number': 1}, Subnet: {'id': '8d78a66e-f038-41ec-a47b-d9fc1207e8e4', 'name': 'tempest-ServerAddressesTestJSON-123833120-subnet', 'tenant_id': '7c8fdbf230f447f7b79a4d39e1cf914d', 'network_id': 'effc2fd8-93f4-47cd-be06-d58619e78cc8', 'ip_version': 4, 'subnetpool_id': None, 'enable_dhcp': True, 'ipv6_ra_mode': None, 'ipv6_address_mode': None, 'gateway_ip': '192.168.128.1', 'cidr': '192.168.128.0/28', 'allocation_pools': [{'start': '192.168.128.2', 'end': '192.168.128.14'}], 'host_routes': [], 'dns_nameservers': [], 'description': '', 'router:external': False, 'service_types': [], 'tags': [], 'created_at': '2025-12-12T06:32:43Z', 'updated_at': '2025-12-12T06:32:43Z', 'revision_number': 0, 'project_id': '7c8fdbf230f447f7b79a4d39e1cf914d'}, Router: {'id': '804122a5-e401-4e1e-a882-2eafd2e50aae', 'name': 'tempest-ServerAddressesTestJSON-123833120-router', 'tenant_id': '7c8fdbf230f447f7b79a4d39e1cf914d', 'admin_state_up': True, 'status': 'ACTIVE', 'external_gateway_info': {'network_id': '913cd023-66ed-457f-b83f-483aec08a837', 'external_fixed_ips': [{'subnet_id': 'cf6fe711-a59b-4d1f-b019-443c2f56e39d', 'ip_address': '10.180.180.194'}], 'enable_snat': True}, 'description': '', 'availability_zones': [], 'distributed': False, 'ha': False, 'availability_zone_hints': [], 'routes': [], 'flavor_id': None, 'tags': [], 'created_at': '2025-12-12T06:32:43Z', 'updated_at': '2025-12-12T06:32:43Z', 'revision_number': 2, 'project_id': '7c8fdbf230f447f7b79a4d39e1cf914d'}
2025-12-12 06:32:45.218 66482 INFO tempest.lib.common.rest_client [req-ac8ee9dd-14c6-47c4-acef-c34b359197db req-ac8ee9dd-14c6-47c4-acef-c34b359197db ] Request (ServerAddressesTestJSON:setUpClass): 201 POST http://10.180.1.21/identity/v3/auth/tokens 0.101s
2025-12-12 06:32:45.266 66482 INFO tempest.lib.common.rest_client [req-469395ea-b5d6-404a-b1ab-d962a513f7ac req-469395ea-b5d6-404a-b1ab-d962a513f7ac ] Request (ServerAddressesTestJSON:setUpClass): 201 POST http://10.180.1.21/identity/v3/auth/tokens 0.043s
2025-12-12 06:32:45.267 66482 INFO tempest.lib.common.fixed_network [-] (ServerAddressesTestJSON:setUpClass) Found network {'id': 'effc2fd8-93f4-47cd-be06-d58619e78cc8', 'name': 'tempest-ServerAddressesTestJSON-123833120-network', 'tenant_id': '7c8fdbf230f447f7b79a4d39e1cf914d', 'project_id': '7c8fdbf230f447f7b79a4d39e1cf914d', 'admin_state_up': True, 'mtu': 8950, 'status': 'ACTIVE', 'subnets': [], 'shared': False, 'port_security_enabled': True, 'router:external': False, 'provider:network_type': 'vlan', 'provider:physical_network': 'default', 'provider:segmentation_id': 361, 'availability_zone_hints': [], 'availability_zones': [], 'ipv4_address_scope': None, 'ipv6_address_scope': None, 'description': '', 'tags': [], 'created_at': '2025-12-12T06:32:42Z', 'updated_at': '2025-12-12T06:32:42Z', 'revision_number': 1} available for tenant
2025-12-12 06:32:45.406 66498 INFO tempest.lib.common.rest_client [req-9993b4ca-7815-492a-9df1-cf6f338f095d req-9993b4ca-7815-492a-9df1-cf6f338f095d ] Request (ServersTestJSON:test_create_server_specify_multibyte_character_name): 200 GET http://10.180.1.21/compute/v2.1/servers/d0bab4c1-f198-4b65-957e-ea8042e53f18 3.802s
2025-12-12 06:32:45.550 66504 INFO tempest.lib.common.rest_client [req-e0f4888f-ca96-48fb-b791-ffcdd7c0d7fd req-e0f4888f-ca96-48fb-b791-ffcdd7c0d7fd ] Request (ImagesOneServerTestJSON:setUpClass): 200 GET http://10.180.1.21/compute/v2.1/servers/967c4620-6184-494c-8e30-3732ae621139 3.810s
2025-12-12 06:32:45.767 66478 INFO tempest.lib.common.rest_client [req-1786f1a9-36a9-42ae-8f15-5fbca846ac01 req-1786f1a9-36a9-42ae-8f15-5fbca846ac01 ] Request (ListImageFiltersTestJSON:setUpClass): 200 GET http://10.180.1.21/compute/v2.1/servers/9e044440-4fba-4784-8b04-337e0a9ee824 4.018s
2025-12-12 06:32:45.779 66478 INFO tempest.common.waiters [-] State transition "BUILD/networking" ==> "BUILD/spawning" after 21 second wait
2025-12-12 06:32:45.982 66474 INFO tempest.lib.common.rest_client [req-6b6ecefc-511f-4413-896c-79cad1b03812 req-6b6ecefc-511f-4413-896c-79cad1b03812 ] Request (ServerGroupTestJSON:test_create_server_with_scheduler_hint_group): 202 POST http://10.180.1.21/compute/v2.1/servers 4.298s
2025-12-12 06:32:46.058 66508 INFO tempest.lib.common.rest_client [req-76ad2795-6cd8-43b2-8630-600d9595fb48 req-76ad2795-6cd8-43b2-8630-600d9595fb48 ] Request (ServerExternalEventsTest:tearDownClass): 200 GET http://10.180.1.21/compute/v2.1/servers/05b0c83b-13b6-447a-a431-571bc7580cda 4.198s
2025-12-12 06:32:46.195 66518 INFO tempest.lib.common.rest_client [req-b86a572b-5445-4ef5-a061-4b9858311d65 req-b86a572b-5445-4ef5-a061-4b9858311d65 ] Request (ServerDiskConfigTestJSON:test_rebuild_server_with_manual_disk_config): 202 POST http://10.180.1.21/compute/v2.1/servers 4.417s
2025-12-12 06:32:46.338 66528 INFO tempest.lib.common.rest_client [req-e0b51f89-8071-41b3-8c9d-645f3dab2e67 req-e0b51f89-8071-41b3-8c9d-645f3dab2e67 ] Request (ServersTestMultiNic:_run_cleanups): 200 GET http://10.180.1.21/compute/v2.1/servers/6985c071-296b-4891-b49d-2afa71a16ca4 4.289s
2025-12-12 06:32:46.349 66528 INFO tempest.common.waiters [-] State transition "ACTIVE/deleting" ==> "DELETED/None" after 8 second wait
2025-12-12 06:32:46.412 66488 INFO tempest.lib.common.rest_client [req-406db7c0-6026-41bf-af68-7b10b5112a5f req-406db7c0-6026-41bf-af68-7b10b5112a5f ] Request (ImagesTestJSON:test_create_image_from_stopped_server): 200 GET http://10.180.1.21/compute/v2.1/images/699ae470-2266-4781-96f0-debd0624f78d 4.251s
2025-12-12 06:32:46.477 66476 INFO tempest.lib.common.rest_client [req-a7041fbf-600c-48c1-a396-0f73dc8d5f3d req-a7041fbf-600c-48c1-a396-0f73dc8d5f3d ] Request (ServersAdminNegativeTestJSON:setUpClass): 202 POST http://10.180.1.21/compute/v2.1/servers 4.526s
2025-12-12 06:32:46.557 66525 INFO tempest.lib.common.rest_client [req-e2c56b4e-9b1b-4ab2-84d2-aa38e16b4289 req-e2c56b4e-9b1b-4ab2-84d2-aa38e16b4289 ] Request (VolumesTestJSON:setUpClass): 200 GET http://10.180.1.21/compute/v2.1/os-volumes/0cb3626d-1150-4727-89aa-18b636016e79 4.118s
2025-12-12 06:32:46.655 66484 INFO tempest.lib.common.rest_client [req-f6a8ee64-6a0c-40ec-ba54-823c1cb71502 req-f6a8ee64-6a0c-40ec-ba54-823c1cb71502 ] Request (ServersTestManualDisk:setUpClass): 200 GET http://10.180.1.21/compute/v2.1/servers/bfc0f56a-0fb0-4479-bc16-5ff5e229e165 4.210s
2025-12-12 06:32:46.664 66484 INFO tempest.common.waiters [-] State transition "BUILD/None" ==> "BUILD/networking" after 19 second wait
2025-12-12 06:32:46.669 66532 INFO tempest.lib.common.rest_client [req-85c84258-d239-42b7-8d54-929366207a1c req-85c84258-d239-42b7-8d54-929366207a1c ] Request (ServersListShow2100Test:test_list_show_rebuild_update_server_2100): 202 POST http://10.180.1.21/compute/v2.1/servers 4.341s
2025-12-12 06:32:46.850 66536 INFO tempest.lib.common.rest_client [req-62a1eabf-98b1-45dd-bc36-88c65b36370b req-62a1eabf-98b1-45dd-bc36-88c65b36370b ] Request (FloatingIPsAssociationTestJSON:test_associate_already_associated_floating_ip): 200 GET http://10.180.1.21/compute/v2.1/servers/a9822663-7bff-4d00-9b64-c6ff4dde8ad6 4.180s
2025-12-12 06:32:46.866 66536 INFO tempest.common.waiters [-] State transition "BUILD/None" ==> "BUILD/spawning" after 21 second wait
2025-12-12 06:32:46.927 66530 INFO tempest.lib.common.rest_client [req-254916d6-58e3-4c76-aca5-e014ec1e1615 req-254916d6-58e3-4c76-aca5-e014ec1e1615 ] Request (ServersAdminTestJSON:test_create_server_with_scheduling_hint): 200 GET http://10.180.1.21/compute/v2.1/servers/98478b71-624f-4d13-b18c-95d996774985 4.180s
2025-12-12 06:32:47.061 66492 INFO tempest.lib.common.rest_client [req-0d9345f3-1103-4077-9503-65f1797b5ea1 req-0d9345f3-1103-4077-9503-65f1797b5ea1 ] Request (ServersAdmin275Test:test_rebuild_update_server_275): 200 GET http://10.180.1.21/compute/v2.1/servers/9de883b3-c120-4400-b7d6-e6e0ccbfef07 4.146s
2025-12-12 06:32:47.224 66496 INFO tempest.lib.common.rest_client [req-57d6f7ef-861e-49fb-8b2f-234963204c31 req-57d6f7ef-861e-49fb-8b2f-234963204c31 ] Request (ServerDiagnosticsV248Test:tearDownClass): 200 GET http://10.180.1.21/compute/v2.1/servers/c8b79828-1b30-43b0-84a7-d1ae73274382 4.238s
2025-12-12 06:32:47.236 66496 INFO tempest.common.waiters [-] State transition "ACTIVE/deleting" ==> "DELETED/None" after 6 second wait
2025-12-12 06:32:47.350 66534 INFO tempest.lib.common.rest_client [req-c2bf6c51-b996-4316-9703-0ca27ad575d4 req-c2bf6c51-b996-4316-9703-0ca27ad575d4 ] Request (AttachVolumeNegativeTest:test_attach_attached_volume_to_different_server): 202 POST http://10.180.1.21/compute/v2.1/servers 4.673s
2025-12-12 06:32:47.361 66506 INFO tempest.lib.common.rest_client [req-33359f72-a615-46ec-bc56-c55b0bc373e9 req-33359f72-a615-46ec-bc56-c55b0bc373e9 ] Request (ServersWithSpecificFlavorTestJSON:test_verify_created_server_ephemeral_disk): 200 GET http://10.180.1.21/compute/v2.1/servers/23268e03-3390-4d83-8f7e-2c7275c36ea1/os-interface 4.000s
2025-12-12 06:32:47.383 66512 INFO tempest.lib.common.rest_client [req-7b407dd7-2e48-4ca7-ac23-1c1351806826 req-7b407dd7-2e48-4ca7-ac23-1c1351806826 ] Request (FlavorsAdminTestJSON:test_create_server_with_non_public_flavor): 200 POST http://10.180.1.21/compute/v2.1/flavors 3.873s
2025-12-12 06:32:47.405 66486 INFO tempest.lib.common.rest_client [req-bd7959b6-cc0f-4d55-a375-dbae08fcd876 req-bd7959b6-cc0f-4d55-a375-dbae08fcd876 ] Request (AggregatesAdminNegativeTestJSON:test_aggregate_delete_with_invalid_id): 404 DELETE http://10.180.1.21/compute/v2.1/os-aggregates/-1 3.876s
2025-12-12 06:32:47.423 66523 INFO tempest.lib.common.rest_client [req-0e57d716-96fd-4bba-9ce8-dae8102e48f5 req-0e57d716-96fd-4bba-9ce8-dae8102e48f5 ] Request (FlavorsAccessNegativeTestJSON:test_remove_flavor_access_not_found): 200 POST http://10.180.1.21/compute/v2.1/flavors 3.857s
2025-12-12 06:32:47.441 66526 INFO tempest.lib.common.rest_client [req-083c9e3e-ae54-4f5f-871b-36e47a4a5574 req-083c9e3e-ae54-4f5f-871b-36e47a4a5574 ] Request (KeyPairsV22TestJSON:_run_cleanups): 204 DELETE http://10.180.1.21/compute/v2.1/os-keypairs/tempest-KeyPairsV22TestJSON-keypair-1981670747 3.853s
2025-12-12 06:32:47.548 66472 INFO tempest.lib.common.rest_client [req-29b6bb72-9d2e-45b7-96ea-41e23d4ff9e6 req-29b6bb72-9d2e-45b7-96ea-41e23d4ff9e6 ] Request (QuotasAdminTestJSON:test_get_updated_quotas): 200 PUT http://10.180.1.21/compute/v2.1/os-quota-sets/6e144ea822bb4e69bc035a1823e2fe87?user_id=2a6aa6657a3c4f84992143ca206f15c7 3.921s
2025-12-12 06:32:47.580 66500 INFO tempest.lib.common.rest_client [req-a99fbf61-3c88-490a-9f3b-02fc4918f1cb req-a99fbf61-3c88-490a-9f3b-02fc4918f1cb ] Request (FlavorsV2TestJSON:test_list_flavors_using_marker): 200 GET http://10.180.1.21/compute/v2.1/flavors?marker=42 3.933s
2025-12-12 06:32:47.898 66506 INFO tempest.lib.common.rest_client [req-f0c47a47-09c6-40af-9ee4-76f94623547c req-f0c47a47-09c6-40af-9ee4-76f94623547c ] Request (ServersWithSpecificFlavorTestJSON:test_verify_created_server_ephemeral_disk): 200 PUT http://10.180.1.21/networking/v2.0/floatingips/c86cba4c-e908-487d-a7e7-ce19bbbeb23a 0.534s
2025-12-12 06:32:47.927 66502 INFO tempest.lib.common.rest_client [req-7fe5d8de-db5a-4c6a-8c86-5e8ca776f1c3 req-7fe5d8de-db5a-4c6a-8c86-5e8ca776f1c3 ] Request (DeleteServersAdminTestJSON:test_delete_server_while_in_error_state): 200 GET http://10.180.1.21/compute/v2.1/servers/f1d74cfc-f4b7-401f-aacc-19ca943207bc 4.522s
2025-12-12 06:32:48.098 66516 INFO tempest.lib.common.rest_client [req-64d20dd4-7949-42d6-bda9-51e191e91c49 req-64d20dd4-7949-42d6-bda9-51e191e91c49 ] Request (MigrationsAdminTest:test_list_migrations_in_flavor_resize_situation): 200 GET http://10.180.1.21/compute/v2.1/servers/48d60fb7-e0b1-427e-b8b0-65f7f7dd47ec 4.385s
2025-12-12 06:32:48.106 66516 INFO tempest.common.waiters [-] State transition "RESIZE/resize_migrating" ==> "RESIZE/resize_migrated" after 24 second wait
2025-12-12 06:32:48.190 66510 INFO tempest.lib.common.rest_client [req-60a38897-20b8-4d65-a58b-6d88b7e49035 req-60a38897-20b8-4d65-a58b-6d88b7e49035 ] Request (ServerDiagnosticsTest:tearDownClass): 200 GET http://10.180.1.21/compute/v2.1/servers/0c8bea71-b9a8-4db9-92d2-d6e7ad1bc208 3.705s
2025-12-12 06:32:48.221 66514 INFO tempest.lib.common.rest_client [req-fc5aa831-877c-455f-ac7c-a79bfe996235 req-fc5aa831-877c-455f-ac7c-a79bfe996235 ] Request (ServerDiagnosticsNegativeTest:tearDownClass): 404 GET http://10.180.1.21/compute/v2.1/servers/5e7338ea-e892-4125-ba38-8baa9da17821 3.583s
2025-12-12 06:32:48.291 66494 INFO tempest.lib.common.rest_client [req-11eff851-ae90-49bc-9fa2-e4672bd43905 req-11eff851-ae90-49bc-9fa2-e4672bd43905 ] Request (ServerRescueTestJSON:setUpClass): 200 POST http://10.180.1.21/compute/v2.1/servers/878714d1-81c8-4671-b9be-49f373f3b42a/action 4.002s
2025-12-12 06:32:48.321 66520 INFO tempest.lib.common.rest_client [req-a87d2e41-7c43-4609-a77f-3cd2d7a9d9d5 req-a87d2e41-7c43-4609-a77f-3cd2d7a9d9d5 ] Request (TenantUsagesTestJSON:tearDownClass): 200 GET http://10.180.1.21/compute/v2.1/servers/de2ba044-8b79-4748-964d-ab59fb2a5412 3.311s
2025-12-12 06:32:48.355 66514 INFO tempest.lib.common.rest_client [req-ca45363d-c86d-4700-b076-603b308fed9e req-ca45363d-c86d-4700-b076-603b308fed9e ] Request (ServerDiagnosticsNegativeTest:tearDownClass): 204 DELETE http://10.180.1.21/identity/v3/users/af346cec085345efa7b6b406eeaa6485 0.133s
2025-12-12 06:32:48.436 66474 INFO tempest.lib.common.rest_client [req-27613f91-81ea-4adb-98d3-eff3abb22f84 req-27613f91-81ea-4adb-98d3-eff3abb22f84 ] Request (ServerGroupTestJSON:test_create_server_with_scheduler_hint_group): 200 GET http://10.180.1.21/compute/v2.1/servers/10a76618-91e8-44bb-b4bf-1e48cede567a 2.452s
2025-12-12 06:32:48.494 66514 INFO tempest.lib.common.rest_client [req-894b1684-c0ee-4428-8b98-b79f318c404f req-894b1684-c0ee-4428-8b98-b79f318c404f ] Request (ServerDiagnosticsNegativeTest:tearDownClass): 204 DELETE http://10.180.1.21/identity/v3/users/3312ef5dacf24a4895463e1810a8246a 0.139s
2025-12-12 06:32:48.494 66514 INFO tempest.lib.common.dynamic_creds [-] Deleting project and security group for project: 2a19cb2824a248708a85c59324c5676e
2025-12-12 06:32:48.506 66518 INFO tempest.lib.common.rest_client [req-0cb3bb2b-58d6-49e0-8801-b7f467f32ac6 req-0cb3bb2b-58d6-49e0-8801-b7f467f32ac6 ] Request (ServerDiskConfigTestJSON:test_rebuild_server_with_manual_disk_config): 200 GET http://10.180.1.21/compute/v2.1/servers/2d351bee-48ad-4ddc-a9bb-237675a4f9bf 2.309s
2025-12-12 06:32:48.569 66514 INFO tempest.lib.common.rest_client [req-eb59c66e-2ca2-4986-9227-32308d81fe4b req-eb59c66e-2ca2-4986-9227-32308d81fe4b ] Request (ServerDiagnosticsNegativeTest:tearDownClass): 201 POST http://10.180.1.21/identity/v3/auth/tokens 0.074s
2025-12-12 06:32:48.706 66514 INFO tempest.lib.common.rest_client [req-d7acd690-d744-4111-8c72-f5a878bc2c43 req-d7acd690-d744-4111-8c72-f5a878bc2c43 ] Request (ServerDiagnosticsNegativeTest:tearDownClass): 200 GET http://10.180.1.21/networking/v2.0/security-groups?tenant_id=2a19cb2824a248708a85c59324c5676e&name=default 0.137s
2025-12-12 06:32:48.742 66498 INFO tempest.lib.common.rest_client [req-aa5d49dd-4da4-4f03-a394-b0d5317708b5 req-aa5d49dd-4da4-4f03-a394-b0d5317708b5 ] Request (ServersTestJSON:test_create_server_specify_multibyte_character_name): 200 GET http://10.180.1.21/compute/v2.1/servers/d0bab4c1-f198-4b65-957e-ea8042e53f18 2.327s
2025-12-12 06:32:48.750 66498 INFO tempest.common.waiters [-] State transition "BUILD/spawning" ==> "ACTIVE/None" after 24 second wait
2025-12-12 06:32:48.833 66476 INFO tempest.lib.common.rest_client [req-9cf0bc56-22f3-48a2-ab0f-3a14bbbf9c5f req-9cf0bc56-22f3-48a2-ab0f-3a14bbbf9c5f ] Request (ServersAdminNegativeTestJSON:setUpClass): 200 GET http://10.180.1.21/compute/v2.1/servers/f8fd9cbe-9b5f-44e1-98dc-8d3ae049dea5 2.355s
2025-12-12 06:32:48.837 66498 INFO tempest.lib.common.rest_client [req-87f5136a-fab0-41b8-b9c8-e860b624ded3 req-87f5136a-fab0-41b8-b9c8-e860b624ded3 ] Request (ServersTestJSON:test_create_server_with_admin_password): 201 POST http://10.180.1.21/identity/v3/auth/tokens 0.079s
2025-12-12 06:32:48.837 66498 INFO tempest.lib.common.fixed_network [-] (ServersTestJSON:test_create_server_with_admin_password) Found network {'id': 'fd7c14e6-a3fa-470e-9f26-2111f5130119', 'name': 'tempest-ServersTestJSON-1704320318-network', 'tenant_id': '688f76c8d7e54a6781812dc02dda2689', 'project_id': '688f76c8d7e54a6781812dc02dda2689', 'admin_state_up': True, 'mtu': 8950, 'status': 'ACTIVE', 'subnets': [], 'shared': False, 'port_security_enabled': True, 'router:external': False, 'provider:network_type': 'vlan', 'provider:physical_network': 'default', 'provider:segmentation_id': 955, 'availability_zone_hints': [], 'availability_zones': [], 'ipv4_address_scope': None, 'ipv6_address_scope': None, 'description': '', 'tags': [], 'created_at': '2025-12-12T06:32:09Z', 'updated_at': '2025-12-12T06:32:09Z', 'revision_number': 1} available for tenant
2025-12-12 06:32:48.845 66514 INFO tempest.lib.common.rest_client [req-b3398f8c-eb7b-4c3b-b48e-8bf1681dc9d6 req-b3398f8c-eb7b-4c3b-b48e-8bf1681dc9d6 ] Request (ServerDiagnosticsNegativeTest:tearDownClass): 204 DELETE http://10.180.1.21/networking/v2.0/security-groups/06552dc4-54b0-463a-af1a-33bc39af0c0c 0.138s
2025-12-12 06:32:48.895 66504 INFO tempest.lib.common.rest_client [req-26a467de-5089-4066-8b94-d982c494e1ee req-26a467de-5089-4066-8b94-d982c494e1ee ] Request (ImagesOneServerTestJSON:setUpClass): 200 GET http://10.180.1.21/compute/v2.1/servers/967c4620-6184-494c-8e30-3732ae621139 2.337s
2025-12-12 06:32:48.942 66514 INFO tempest.lib.common.rest_client [req-b73badc3-8ac0-4cfc-85d6-3e62008b0dc6 req-b73badc3-8ac0-4cfc-85d6-3e62008b0dc6 ] Request (ServerDiagnosticsNegativeTest:tearDownClass): 204 DELETE http://10.180.1.21/identity/v3/projects/2a19cb2824a248708a85c59324c5676e 0.097s
2025-12-12 06:32:48.943 66514 INFO tempest.lib.common.dynamic_creds [-] Deleting project and security group for project: 59f770aeff644fc1b7d112b2ed2d9008
2025-12-12 06:32:48.977 66525 INFO tempest.lib.common.rest_client [req-9793716a-7946-4468-9a08-85121503ee46 req-9793716a-7946-4468-9a08-85121503ee46 ] Request (VolumesTestJSON:test_volume_list): 200 GET http://10.180.1.21/compute/v2.1/os-volumes 2.413s
2025-12-12 06:32:49.007 66482 INFO tempest.lib.common.rest_client [req-10be8b63-f771-47a8-91fe-ff99058c5755 req-10be8b63-f771-47a8-91fe-ff99058c5755 ] Request (ServerAddressesTestJSON:setUpClass): 202 POST http://10.180.1.21/compute/v2.1/servers 3.740s
2025-12-12 06:32:49.089 66514 INFO tempest.lib.common.rest_client [req-3ecdbf10-2e86-47ae-9a27-d047a6f0a242 req-3ecdbf10-2e86-47ae-9a27-d047a6f0a242 ] Request (ServerDiagnosticsNegativeTest:tearDownClass): 200 GET http://10.180.1.21/networking/v2.0/security-groups?tenant_id=59f770aeff644fc1b7d112b2ed2d9008&name=default 0.145s
2025-12-12 06:32:49.109 66490 INFO paramiko.transport [-] Connected (version 2.0, client dropbear_2020.81)
2025-12-12 06:32:49.135 66532 INFO tempest.lib.common.rest_client [req-3d5cd28e-7faa-463b-8bd6-d2a734fa1dce req-3d5cd28e-7faa-463b-8bd6-d2a734fa1dce ] Request (ServersListShow2100Test:test_list_show_rebuild_update_server_2100): 200 GET http://10.180.1.21/compute/v2.1/servers/46a3e8ff-dacc-4c26-b3ed-db5b39c02292 2.465s
2025-12-12 06:32:49.176 66490 INFO paramiko.transport [-] Authentication (publickey) successful!
2025-12-12 06:32:49.177 66490 INFO tempest.lib.common.ssh [-] ssh connection to cirros@10.180.180.130 successfully created
2025-12-12 06:32:49.238 66508 INFO tempest.lib.common.rest_client [req-388366ef-215c-4e6e-a49e-ba388daf5f0a req-388366ef-215c-4e6e-a49e-ba388daf5f0a ] Request (ServerExternalEventsTest:tearDownClass): 200 GET http://10.180.1.21/compute/v2.1/servers/05b0c83b-13b6-447a-a431-571bc7580cda 2.170s
2025-12-12 06:32:49.245 66514 INFO tempest.lib.common.rest_client [req-6b658891-4040-4ed8-b534-5ac96a855fa4 req-6b658891-4040-4ed8-b534-5ac96a855fa4 ] Request (ServerDiagnosticsNegativeTest:tearDownClass): 204 DELETE http://10.180.1.21/networking/v2.0/security-groups/ee87fc4a-8bf7-4555-9fc6-ba146698f49b 0.154s
2025-12-12 06:32:49.272 66478 INFO tempest.lib.common.rest_client [req-0c90d11c-491d-47cd-92f5-48fa7368926e req-0c90d11c-491d-47cd-92f5-48fa7368926e ] Request (ListImageFiltersTestJSON:setUpClass): 200 GET http://10.180.1.21/compute/v2.1/servers/9e044440-4fba-4784-8b04-337e0a9ee824 2.490s
2025-12-12 06:32:49.329 66528 INFO tempest.lib.common.rest_client [req-f41fcdbe-2d4f-4a27-a269-6c6e706a5d61 req-f41fcdbe-2d4f-4a27-a269-6c6e706a5d61 ] Request (ServersTestMultiNic:_run_cleanups): 200 GET http://10.180.1.21/compute/v2.1/servers/6985c071-296b-4891-b49d-2afa71a16ca4 1.979s
2025-12-12 06:32:49.342 66512 INFO tempest.lib.common.rest_client [req-071ed1d5-d959-4190-b3f3-d0ec9fa0b223 req-071ed1d5-d959-4190-b3f3-d0ec9fa0b223 ] Request (FlavorsAdminTestJSON:test_create_server_with_non_public_flavor): 400 POST http://10.180.1.21/compute/v2.1/servers 1.948s
2025-12-12 06:32:49.349 66534 INFO tempest.lib.common.rest_client [req-17bbefa6-7c62-46ba-af75-9610c641d16e req-17bbefa6-7c62-46ba-af75-9610c641d16e ] Request (AttachVolumeNegativeTest:test_attach_attached_volume_to_different_server): 200 GET http://10.180.1.21/compute/v2.1/servers/c75a7e50-fa53-4756-b586-18b5c3201b14 1.996s
2025-12-12 06:32:49.365 66486 INFO tempest.lib.common.rest_client [req-ff409595-ee0c-434d-ad7e-aeb56ade1aaf req-ff409595-ee0c-434d-ad7e-aeb56ade1aaf ] Request (AggregatesAdminNegativeTestJSON:test_aggregate_get_details_as_user): 200 POST http://10.180.1.21/compute/v2.1/os-aggregates 1.959s
2025-12-12 06:32:49.392 66514 INFO tempest.lib.common.rest_client [req-c4fe1c87-dc9c-401b-9ac7-ad143d2301f7 req-c4fe1c87-dc9c-401b-9ac7-ad143d2301f7 ] Request (ServerDiagnosticsNegativeTest:tearDownClass): 204 DELETE http://10.180.1.21/identity/v3/projects/59f770aeff644fc1b7d112b2ed2d9008 0.146s
2025-12-12 06:32:49.393 66514 INFO tempest.test [-] raised in UpdateMultiattachVolumeNegativeTest.setUpClass. Invoking tearDownClass.
2025-12-12 06:32:49.397 66488 INFO tempest.lib.common.rest_client [req-797840e5-a9da-47a1-9063-009af4de9dda req-797840e5-a9da-47a1-9063-009af4de9dda ] Request (ImagesTestJSON:test_create_image_from_stopped_server): 200 GET http://10.180.1.21/compute/v2.1/images/699ae470-2266-4781-96f0-debd0624f78d 1.979s
2025-12-12 06:32:49.446 66526 INFO tempest.lib.common.rest_client [req-387d9c69-0e09-456e-acf0-7de075e83685 req-387d9c69-0e09-456e-acf0-7de075e83685 ] Request (KeyPairsV22TestJSON:test_keypairsv22_create_list_show): 201 POST http://10.180.1.21/compute/v2.1/os-keypairs 2.001s
2025-12-12 06:32:49.456 66514 INFO tempest.lib.common.rest_client [req-ecfd6788-561d-4666-bf62-f10c5fbb30c5 req-ecfd6788-561d-4666-bf62-f10c5fbb30c5 ] Request (VolumesAdminNegativeTest:setUpClass): 201 POST http://10.180.1.21/identity/v3/auth/tokens 0.060s
2025-12-12 06:32:49.512 66523 INFO tempest.lib.common.rest_client [req-cb7e1e62-df02-429c-9a64-5ba0a70c8375 req-cb7e1e62-df02-429c-9a64-5ba0a70c8375 ] Request (FlavorsAccessNegativeTestJSON:test_remove_flavor_access_not_found): 404 POST http://10.180.1.21/compute/v2.1/flavors/663596806/action 2.085s
2025-12-12 06:32:49.532 66514 INFO tempest.lib.common.rest_client [req-c3ced014-63a5-4c3e-9c09-3b4643045147 req-c3ced014-63a5-4c3e-9c09-3b4643045147 ] Request (VolumesAdminNegativeTest:setUpClass): 201 POST http://10.180.1.21/identity/v3/auth/tokens 0.073s
2025-12-12 06:32:49.535 66472 INFO tempest.lib.common.rest_client [req-3f5a2308-fe55-447a-88e7-7841511313ca req-3f5a2308-fe55-447a-88e7-7841511313ca ] Request (QuotasAdminTestJSON:test_get_updated_quotas): 200 GET http://10.180.1.21/compute/v2.1/os-quota-sets/6e144ea822bb4e69bc035a1823e2fe87?user_id=2a6aa6657a3c4f84992143ca206f15c7 1.984s
2025-12-12 06:32:49.539 66500 INFO tempest.lib.common.rest_client [req-58b7a98a-de6a-4463-880e-1bbd320515fe req-58b7a98a-de6a-4463-880e-1bbd320515fe ] Request (FlavorsV2TestJSON:test_list_flavors_with_detail): 200 GET http://10.180.1.21/compute/v2.1/flavors/detail 1.956s
2025-12-12 06:32:49.563 66514 INFO tempest.lib.common.rest_client [req-5e489d81-e48b-4496-94aa-f774d2b36ed7 req-5e489d81-e48b-4496-94aa-f774d2b36ed7 ] Request (VolumesAdminNegativeTest:setUpClass): 200 GET http://10.180.1.21/identity/v3/domains?name=Default 0.030s
2025-12-12 06:32:49.614 66514 INFO tempest.lib.common.rest_client [req-7badb700-6f52-4e68-9ac5-9b5220ea276d req-7badb700-6f52-4e68-9ac5-9b5220ea276d ] Request (VolumesAdminNegativeTest:setUpClass): 201 POST http://10.180.1.21/identity/v3/projects 0.051s
2025-12-12 06:32:49.669 66472 INFO tempest.lib.common.rest_client [req-3e60084f-2431-4241-9501-0dd41b6ee2e3 req-3e60084f-2431-4241-9501-0dd41b6ee2e3 ] Request (QuotasAdminTestJSON:_run_cleanups): 204 DELETE http://10.180.1.21/identity/v3/users/2a6aa6657a3c4f84992143ca206f15c7 0.132s
2025-12-12 06:32:49.713 66484 INFO tempest.lib.common.rest_client [req-4b4dfb57-7c15-4614-9cf6-608572be6c32 req-4b4dfb57-7c15-4614-9cf6-608572be6c32 ] Request (ServersTestManualDisk:setUpClass): 200 GET http://10.180.1.21/compute/v2.1/servers/bfc0f56a-0fb0-4479-bc16-5ff5e229e165 2.048s
2025-12-12 06:32:49.726 66484 INFO tempest.common.waiters [-] State transition "BUILD/networking" ==> "BUILD/spawning" after 22 second wait
2025-12-12 06:32:49.729 66536 INFO tempest.lib.common.rest_client [req-3fdf3883-7609-4cc4-a689-bbcbd5ffb65a req-3fdf3883-7609-4cc4-a689-bbcbd5ffb65a ] Request (FloatingIPsAssociationTestJSON:test_associate_already_associated_floating_ip): 200 GET http://10.180.1.21/compute/v2.1/servers/a9822663-7bff-4d00-9b64-c6ff4dde8ad6 1.862s
2025-12-12 06:32:49.748 66514 INFO tempest.lib.common.rest_client [req-a038e6b0-236e-4d84-b4cc-06e6a3fd01a3 req-a038e6b0-236e-4d84-b4cc-06e6a3fd01a3 ] Request (VolumesAdminNegativeTest:setUpClass): 201 POST http://10.180.1.21/identity/v3/users 0.133s
2025-12-12 06:32:49.772 66472 INFO tempest.lib.common.rest_client [req-0ed2e5ad-d25f-40f1-8fe7-93832213f1ec req-0ed2e5ad-d25f-40f1-8fe7-93832213f1ec ] Request (QuotasAdminTestJSON:_run_cleanups): 204 DELETE http://10.180.1.21/identity/v3/projects/6e144ea822bb4e69bc035a1823e2fe87 0.102s
2025-12-12 06:32:49.793 66530 INFO tempest.lib.common.rest_client [req-c3f9ce3d-b55b-4169-93fa-a9a652bf967a req-c3f9ce3d-b55b-4169-93fa-a9a652bf967a ] Request (ServersAdminTestJSON:test_create_server_with_scheduling_hint): 200 GET http://10.180.1.21/compute/v2.1/servers/98478b71-624f-4d13-b18c-95d996774985 1.852s
2025-12-12 06:32:49.822 66514 INFO tempest.lib.common.rest_client [req-0871f842-2a6f-4f43-b1e7-0f7e3c7da8d9 req-0871f842-2a6f-4f43-b1e7-0f7e3c7da8d9 ] Request (VolumesAdminNegativeTest:setUpClass): 200 GET http://10.180.1.21/identity/v3/roles 0.073s
2025-12-12 06:32:49.862 66506 INFO tempest.lib.common.rest_client [req-d40ffc48-3ba7-4827-b857-5f81f9cf4710 req-d40ffc48-3ba7-4827-b857-5f81f9cf4710 ] Request (ServersWithSpecificFlavorTestJSON:test_verify_created_server_ephemeral_disk): 200 GET http://10.180.1.21/compute/v2.1/servers/23268e03-3390-4d83-8f7e-2c7275c36ea1 1.963s
2025-12-12 06:32:49.865 66514 INFO tempest.lib.common.rest_client [req-635019dc-dcbc-4cb5-95b6-776abf947e56 req-635019dc-dcbc-4cb5-95b6-776abf947e56 ] Request (VolumesAdminNegativeTest:setUpClass): 204 PUT http://10.180.1.21/identity/v3/projects/0a244ab55845406f8404cac212fb73f1/users/d56e3399622046c4b3f30a9aefb99a81/roles/0f2c187d5d744b0dabd32ee3f4196f35 0.042s
2025-12-12 06:32:49.865 66514 INFO tempest.lib.common.dynamic_creds [-] Dynamic test user d56e3399622046c4b3f30a9aefb99a81 is created with scope project and roles: ['member']
2025-12-12 06:32:49.865 66514 INFO tempest.lib.common.dynamic_creds [-] Acquired dynamic creds: credentials: Credentials: {'domain_id': 'default', 'domain_name': 'Default', 'username': 'tempest-VolumesAdminNegativeTest-840301258-project-member', 'project_domain_id': 'default', 'project_domain_name': 'Default', 'project_id': '0a244ab55845406f8404cac212fb73f1', 'project_name': 'tempest-VolumesAdminNegativeTest-840301258', 'tenant_id': '0a244ab55845406f8404cac212fb73f1', 'tenant_name': 'tempest-VolumesAdminNegativeTest-840301258', 'user_domain_id': 'default', 'user_domain_name': 'Default', 'user_id': 'd56e3399622046c4b3f30a9aefb99a81', 'system': None}, Network: None, Subnet: None, Router: None
2025-12-12 06:32:49.869 66492 INFO tempest.lib.common.rest_client [req-ceb2774b-3b84-4254-ac64-2836f6efb24b req-ceb2774b-3b84-4254-ac64-2836f6efb24b ] Request (ServersAdmin275Test:test_rebuild_update_server_275): 200 GET http://10.180.1.21/compute/v2.1/servers/9de883b3-c120-4400-b7d6-e6e0ccbfef07 1.794s
2025-12-12 06:32:49.871 66506 INFO tempest.lib.common.ssh [-] Creating ssh connection to '10.180.180.238:22' as 'cirros' with public key authentication
2025-12-12 06:32:49.929 66514 INFO tempest.lib.common.rest_client [req-ea0f7e90-6157-4e4a-96c7-6458dd41901a req-ea0f7e90-6157-4e4a-96c7-6458dd41901a ] Request (VolumesAdminNegativeTest:setUpClass): 201 POST http://10.180.1.21/identity/v3/auth/tokens 0.063s
2025-12-12 06:32:49.931 66496 INFO tempest.lib.common.rest_client [req-9a6b3d24-f355-431d-a1fb-4378615336ec req-9a6b3d24-f355-431d-a1fb-4378615336ec ] Request (ServerDiagnosticsV248Test:tearDownClass): 200 GET http://10.180.1.21/compute/v2.1/servers/c8b79828-1b30-43b0-84a7-d1ae73274382 1.692s
2025-12-12 06:32:50.000 66494 INFO tempest.lib.common.rest_client [req-3b396a5f-86ea-4001-acfb-e5f0751bc943 req-3b396a5f-86ea-4001-acfb-e5f0751bc943 ] Request (ServerRescueTestJSON:setUpClass): 200 GET http://10.180.1.21/compute/v2.1/servers/878714d1-81c8-4671-b9be-49f373f3b42a 1.708s
2025-12-12 06:32:50.053 66502 INFO tempest.lib.common.rest_client [req-2cef0a4a-2998-43d7-9acb-246133b136b5 req-2cef0a4a-2998-43d7-9acb-246133b136b5 ] Request (DeleteServersAdminTestJSON:test_delete_server_while_in_error_state): 200 GET http://10.180.1.21/compute/v2.1/servers/f1d74cfc-f4b7-401f-aacc-19ca943207bc 1.107s
2025-12-12 06:32:50.114 66525 INFO tempest.lib.common.rest_client [req-b5188386-9968-4f4d-b51d-dbb1b9f57a82 req-b5188386-9968-4f4d-b51d-dbb1b9f57a82 ] Request (VolumesTestJSON:test_volume_list_param_limit): 200 GET http://10.180.1.21/compute/v2.1/os-volumes?limit=2 1.131s
2025-12-12 06:32:50.218 66482 INFO tempest.lib.common.rest_client [req-613bd555-4e33-42b9-9c15-1c24d34ca0aa req-613bd555-4e33-42b9-9c15-1c24d34ca0aa ] Request (ServerAddressesTestJSON:setUpClass): 200 GET http://10.180.1.21/compute/v2.1/servers/0f4a33b5-9aec-4724-a3f0-0a3a9f70fd35 1.206s
2025-12-12 06:32:50.255 66514 INFO tempest.lib.common.rest_client [req-8b8784aa-8921-43c0-9812-4cc23208f73b req-8b8784aa-8921-43c0-9812-4cc23208f73b ] Request (VolumesAdminNegativeTest:setUpClass): 201 POST http://10.180.1.21/networking/v2.0/networks 0.325s
2025-12-12 06:32:50.335 66498 INFO tempest.lib.common.rest_client [req-2ef33582-c539-465a-bd16-9c0270ac6576 req-2ef33582-c539-465a-bd16-9c0270ac6576 ] Request (ServersTestJSON:test_create_server_with_admin_password): 202 POST http://10.180.1.21/compute/v2.1/servers 1.495s
