2025-12-12 06:34:19.148 66530 INFO tempest.lib.common.rest_client [req-8f0106f9-590f-4e48-ad23-be5160f23d5c req-8f0106f9-590f-4e48-ad23-be5160f23d5c ] Request (ServersAdminTestJSON:test_inject_network_info): 200 GET http://10.180.1.21/compute/v2.1/servers/c4960eee-ff6b-49ce-9a4d-0b88dd61dd7c 1.470s
2025-12-12 06:34:19.171 66492 INFO tempest.lib.common.rest_client [req-f93e833c-8572-42e7-b05e-dfbe8a05953a req-f93e833c-8572-42e7-b05e-dfbe8a05953a ] Request (ServersAdmin275Test:tearDownClass): 404 GET http://10.180.1.21/compute/v2.1/servers/9de883b3-c120-4400-b7d6-e6e0ccbfef07 1.324s
2025-12-12 06:34:19.171 66486 INFO tempest.lib.common.rest_client [req-911d54dd-a14b-4905-b446-97083e1ae9af req-911d54dd-a14b-4905-b446-97083e1ae9af ] Request (FloatingIPsAssociationNegativeTestJSON:setUpClass): 200 GET http://10.180.1.21/compute/v2.1/servers/7b1d0f54-5271-494e-8347-2063ef4f6884 1.418s
2025-12-12 06:34:19.259 66492 INFO tempest.lib.common.rest_client [req-4fd1c448-2dec-4cd0-b068-8c0cab0dd452 req-4fd1c448-2dec-4cd0-b068-8c0cab0dd452 ] Request (ServersAdmin275Test:tearDownClass): 204 DELETE http://10.180.1.21/identity/v3/users/f2fee2dcd4b24a25809b185bfb2e4d45 0.088s
2025-12-12 06:34:19.367 66490 INFO tempest.lib.common.rest_client [req-40e72da4-61ed-4a50-8b6a-251626ca9465 req-40e72da4-61ed-4a50-8b6a-251626ca9465 ] Request (SecurityGroupRulesNegativeTestJSON:test_create_security_group_rule_with_invalid_to_port): 200 POST http://10.180.1.21/compute/v2.1/os-security-groups 1.128s
2025-12-12 06:34:19.426 66492 INFO tempest.lib.common.rest_client [req-4a11c736-426f-4d97-86b9-960e04806caf req-4a11c736-426f-4d97-86b9-960e04806caf ] Request (ServersAdmin275Test:tearDownClass): 204 DELETE http://10.180.1.21/identity/v3/users/19e7b328b5f24457a9c129532c5debf2 0.167s
2025-12-12 06:34:19.427 66492 INFO tempest.lib.common.dynamic_creds [-] Deleting project and security group for project: 04fc57ed1c334d4aab25f453933a3413
2025-12-12 06:34:19.508 66502 INFO tempest.lib.common.rest_client [req-5fc99192-1062-4629-8d6e-44b38949cea7 req-5fc99192-1062-4629-8d6e-44b38949cea7 ] Request (ServersTestJSON:setUpClass): 201 POST http://10.180.1.21/networking/v2.0/networks 0.370s
2025-12-12 06:34:19.514 66492 INFO tempest.lib.common.rest_client [req-9638b140-90e9-42fe-86e7-de754027d1d9 req-9638b140-90e9-42fe-86e7-de754027d1d9 ] Request (ServersAdmin275Test:tearDownClass): 201 POST http://10.180.1.21/identity/v3/auth/tokens 0.087s
2025-12-12 06:34:19.614 66534 INFO paramiko.transport [-] Connected (version 2.0, client dropbear_2020.81)
2025-12-12 06:34:19.717 66534 INFO paramiko.transport [-] Authentication (publickey) successful!
2025-12-12 06:34:19.717 66534 INFO tempest.lib.common.ssh [-] ssh connection to cirros@10.180.180.149 successfully created
2025-12-12 06:34:19.739 66502 INFO tempest.lib.common.rest_client [req-a50498db-dc45-43ce-87e5-32528b465ce7 req-a50498db-dc45-43ce-87e5-32528b465ce7 ] Request (ServersTestJSON:setUpClass): 201 POST http://10.180.1.21/networking/v2.0/subnets 0.230s
2025-12-12 06:34:19.866 66484 INFO tempest.lib.common.rest_client [req-241ee992-2bbb-4ba2-8ce4-688aa1463fa7 req-241ee992-2bbb-4ba2-8ce4-688aa1463fa7 ] Request (ServersTestManualDisk:tearDownClass): 200 GET http://10.180.1.21/compute/v2.1/servers/bfc0f56a-0fb0-4479-bc16-5ff5e229e165 1.736s
2025-12-12 06:34:19.893 66494 INFO tempest.lib.common.rest_client [req-a0322bf3-7f80-4d47-ae0e-e25d2ae13c75 req-a0322bf3-7f80-4d47-ae0e-e25d2ae13c75 ] Request (ServerRescueTestJSON:test_rescue_unrescue_instance): 200 GET http://10.180.1.21/compute/v2.1/servers/3dad65ae-effe-4fc1-a680-8f994e553613 1.216s
2025-12-12 06:34:19.900 66494 INFO tempest.common.waiters [-] State transition "RESCUE/unrescuing" ==> "ACTIVE/None" after 6 second wait
2025-12-12 06:34:19.915 66474 INFO tempest.lib.common.rest_client [req-b0b97a86-f9d5-4231-b17a-f834a53ecee6 req-b0b97a86-f9d5-4231-b17a-f834a53ecee6 ] Request (ServerGroupTestJSON:test_list_server_groups): 200 GET http://10.180.1.21/compute/v2.1/os-server-groups 0.924s
2025-12-12 06:34:19.918 66492 INFO tempest.lib.common.rest_client [req-f18e27ce-6cfa-481c-9f07-8db19ac6741e req-f18e27ce-6cfa-481c-9f07-8db19ac6741e ] Request (ServersAdmin275Test:tearDownClass): 200 GET http://10.180.1.21/networking/v2.0/security-groups?tenant_id=04fc57ed1c334d4aab25f453933a3413&name=default 0.403s
2025-12-12 06:34:19.959 66520 INFO tempest.lib.common.rest_client [req-870d66fb-3737-45c4-9300-ea70e7083958 req-870d66fb-3737-45c4-9300-ea70e7083958 ] Request (InstanceActionsTestJSON:test_list_instance_actions): 200 GET http://10.180.1.21/compute/v2.1/servers/d287fdcb-3b2f-46ff-9a63-9764cf6e9991/os-instance-actions 0.943s
2025-12-12 06:34:20.357 66508 INFO tempest.lib.common.rest_client [req-1e600084-e8a6-4a62-8076-3fd59ca178f1 req-1e600084-e8a6-4a62-8076-3fd59ca178f1 ] Request (ServerRescueNegativeTestJSON:setUpClass): 200 GET http://10.180.1.21/compute/v2.1/servers/aa14cf1a-6960-42c9-af05-e6949a97d9e0 1.659s
2025-12-12 06:34:20.469 66492 INFO tempest.lib.common.rest_client [req-a680356e-32fc-4897-a1c3-7d35402b5cdd req-a680356e-32fc-4897-a1c3-7d35402b5cdd ] Request (ServersAdmin275Test:tearDownClass): 204 DELETE http://10.180.1.21/networking/v2.0/security-groups/488a8b8a-1acf-4d62-b417-2807237d1c7d 0.551s
2025-12-12 06:34:20.546 66492 INFO tempest.lib.common.rest_client [req-1f8264e4-f16a-40d3-b8d9-32126e43b276 req-1f8264e4-f16a-40d3-b8d9-32126e43b276 ] Request (ServersAdmin275Test:tearDownClass): 204 DELETE http://10.180.1.21/identity/v3/projects/04fc57ed1c334d4aab25f453933a3413 0.076s
2025-12-12 06:34:20.546 66492 INFO tempest.lib.common.dynamic_creds [-] Deleting project and security group for project: c32a3f0c0f1245b781c523b68093a21e
2025-12-12 06:34:20.552 66512 INFO tempest.lib.common.rest_client [req-59704669-086c-4b4e-b83e-865fa9888e04 req-59704669-086c-4b4e-b83e-865fa9888e04 ] Request (ServersAaction247Test:test_create_backup): 200 GET http://10.180.1.21/compute/v2.1/servers/83dcadf1-9653-4252-a6a7-aaedf1bac438 1.460s
2025-12-12 06:34:20.671 66502 INFO tempest.lib.common.rest_client [req-3582a499-2d81-4889-8ccb-ccc98e7e24fd req-3582a499-2d81-4889-8ccb-ccc98e7e24fd ] Request (ServersTestJSON:setUpClass): 201 POST http://10.180.1.21/networking/v2.0/routers 0.932s
2025-12-12 06:34:20.694 66536 INFO tempest.lib.common.rest_client [req-b99b712d-50d6-4ae4-88f1-72bb67d6805e req-b99b712d-50d6-4ae4-88f1-72bb67d6805e ] Request (FloatingIPsAssociationTestJSON:tearDownClass): 200 GET http://10.180.1.21/compute/v2.1/servers/314fd8b6-e6e2-4cc2-850f-09a1ec6ab710 1.582s
2025-12-12 06:34:20.756 66510 WARNING tempest.lib.common.ssh [-] Failed to establish authenticated ssh connection to cirros@10.180.180.144 ([Errno None] Unable to connect to port 22 on 10.180.180.144). Number attempts: 4. Retry after 5 seconds.: paramiko.ssh_exception.NoValidConnectionsError: [Errno None] Unable to connect to port 22 on 10.180.180.144
2025-12-12 06:34:20.828 66492 INFO tempest.lib.common.rest_client [req-73094881-8bc6-4727-adb6-1f63f2f645de req-73094881-8bc6-4727-adb6-1f63f2f645de ] Request (ServersAdmin275Test:tearDownClass): 200 GET http://10.180.1.21/networking/v2.0/security-groups?tenant_id=c32a3f0c0f1245b781c523b68093a21e&name=default 0.282s
2025-12-12 06:34:20.848 66518 INFO tempest.lib.common.rest_client [req-71601ccc-94fb-4f41-bd22-8eed90f4a67c req-71601ccc-94fb-4f41-bd22-8eed90f4a67c ] Request (ServerDiskConfigTestJSON:test_resize_server_from_auto_to_manual): 200 GET http://10.180.1.21/compute/v2.1/servers/c3ed8582-1240-41ad-9180-745890d83caa 1.571s
2025-12-12 06:34:21.665 66502 INFO tempest.lib.common.rest_client [req-3f9ef116-4a7d-4db4-8991-18ef40b3175b req-3f9ef116-4a7d-4db4-8991-18ef40b3175b ] Request (ServersTestJSON:setUpClass): 200 PUT http://10.180.1.21/networking/v2.0/routers/cdb29055-8d7b-4e1e-afec-dd6db6f1fc34/add_router_interface 0.993s
2025-12-12 06:34:21.665 66502 INFO tempest.lib.common.dynamic_creds [-] Created isolated network resources for: credentials: Credentials: {'domain_id': 'default', 'domain_name': 'Default', 'username': 'tempest-ServersTestJSON-688042915-project-member', 'project_domain_id': 'default', 'project_domain_name': 'Default', 'project_id': 'd6390b9db2824255b269f2b2443a50be', 'project_name': 'tempest-ServersTestJSON-688042915', 'tenant_id': 'd6390b9db2824255b269f2b2443a50be', 'tenant_name': 'tempest-ServersTestJSON-688042915', 'user_domain_id': 'default', 'user_domain_name': 'Default', 'user_id': '17ccceebc04f4ebb80b642f1ed0d2a9a', 'system': None}, Network: {'id': '6059df7b-9089-40e3-a207-7b0828532182', 'name': 'tempest-ServersTestJSON-1140236014-network', 'tenant_id': 'd6390b9db2824255b269f2b2443a50be', 'project_id': 'd6390b9db2824255b269f2b2443a50be', 'admin_state_up': True, 'mtu': 8950, 'status': 'ACTIVE', 'subnets': [], 'shared': False, 'port_security_enabled': True, 'router:external': False, 'provider:network_type': 'vlan', 'provider:physical_network': 'default', 'provider:segmentation_id': 791, 'availability_zone_hints': [], 'availability_zones': [], 'ipv4_address_scope': None, 'ipv6_address_scope': None, 'description': '', 'tags': [], 'created_at': '2025-12-12T06:34:19Z', 'updated_at': '2025-12-12T06:34:19Z', 'revision_number': 1}, Subnet: {'id': 'f0e5b507-fc9b-4fff-8ce2-eeb8a8eaa5d3', 'name': 'tempest-ServersTestJSON-1140236014-subnet', 'tenant_id': 'd6390b9db2824255b269f2b2443a50be', 'network_id': '6059df7b-9089-40e3-a207-7b0828532182', 'ip_version': 4, 'subnetpool_id': None, 'enable_dhcp': True, 'ipv6_ra_mode': None, 'ipv6_address_mode': None, 'gateway_ip': '192.168.128.1', 'cidr': '192.168.128.0/28', 'allocation_pools': [{'start': '192.168.128.2', 'end': '192.168.128.14'}], 'host_routes': [], 'dns_nameservers': [], 'description': '', 'router:external': False, 'service_types': [], 'tags': [], 'created_at': '2025-12-12T06:34:19Z', 'updated_at': '2025-12-12T06:34:19Z', 'revision_number': 0, 'project_id': 'd6390b9db2824255b269f2b2443a50be'}, Router: {'id': 'cdb29055-8d7b-4e1e-afec-dd6db6f1fc34', 'name': 'tempest-ServersTestJSON-1140236014-router', 'tenant_id': 'd6390b9db2824255b269f2b2443a50be', 'admin_state_up': True, 'status': 'ACTIVE', 'external_gateway_info': {'network_id': '913cd023-66ed-457f-b83f-483aec08a837', 'external_fixed_ips': [{'subnet_id': 'cf6fe711-a59b-4d1f-b019-443c2f56e39d', 'ip_address': '10.180.180.146'}], 'enable_snat': True}, 'description': '', 'availability_zones': [], 'distributed': False, 'ha': False, 'availability_zone_hints': [], 'routes': [], 'flavor_id': None, 'tags': [], 'created_at': '2025-12-12T06:34:19Z', 'updated_at': '2025-12-12T06:34:20Z', 'revision_number': 2, 'project_id': 'd6390b9db2824255b269f2b2443a50be'}
2025-12-12 06:34:21.692 66490 INFO tempest.lib.common.rest_client [req-27579fd1-ac16-488e-adf4-8bddcb23f7ed req-27579fd1-ac16-488e-adf4-8bddcb23f7ed ] Request (SecurityGroupRulesNegativeTestJSON:test_create_security_group_rule_with_invalid_to_port): 400 POST http://10.180.1.21/compute/v2.1/os-security-group-rules 2.320s
2025-12-12 06:34:21.761 66502 INFO tempest.lib.common.rest_client [req-430905d6-eaad-4104-b779-85628de3efe2 req-430905d6-eaad-4104-b779-85628de3efe2 ] Request (ServersTestJSON:setUpClass): 201 POST http://10.180.1.21/identity/v3/auth/tokens 0.092s
2025-12-12 06:34:21.828 66492 INFO tempest.lib.common.rest_client [req-60205b79-108b-4496-bd78-ca74bef9a362 req-60205b79-108b-4496-bd78-ca74bef9a362 ] Request (ServersAdmin275Test:tearDownClass): 204 DELETE http://10.180.1.21/networking/v2.0/security-groups/247e19aa-dc47-4cb3-8707-442b0ac9e7ff 1.000s
2025-12-12 06:34:21.861 66516 INFO tempest.lib.common.rest_client [req-f84a7b05-d777-4083-aa9a-f9cb8cdabbcc req-f84a7b05-d777-4083-aa9a-f9cb8cdabbcc ] Request (MigrationsAdminTest:test_resize_server_revert_deleted_flavor): 200 GET http://10.180.1.21/compute/v2.1/servers/248f42ee-c97c-454d-80cb-56eb6e3c57a2 2.399s
2025-12-12 06:34:21.874 66523 INFO tempest.lib.common.rest_client [req-de8af6cd-b161-4708-9905-889431c22189 req-de8af6cd-b161-4708-9905-889431c22189 ] Request (ServerPasswordTestJSON:setUpClass): 200 GET http://10.180.1.21/compute/v2.1/servers/ff8d4351-15b0-4e40-a4be-5efee3537c32 2.405s
2025-12-12 06:34:21.963 66492 INFO tempest.lib.common.rest_client [req-991d0aec-fa33-4e5b-aec3-855087fa3f7b req-991d0aec-fa33-4e5b-aec3-855087fa3f7b ] Request (ServersAdmin275Test:tearDownClass): 204 DELETE http://10.180.1.21/identity/v3/projects/c32a3f0c0f1245b781c523b68093a21e 0.134s
2025-12-12 06:34:21.971 66478 INFO tempest.lib.common.rest_client [req-0f397ad0-e36b-4a33-8926-4df10d43ab2b req-0f397ad0-e36b-4a33-8926-4df10d43ab2b ] Request (SecurityGroupsTestJSON:test_list_security_groups_by_server): 200 GET http://10.180.1.21/compute/v2.1/servers/5aa563a7-487e-485b-b8df-f10267872302 2.425s
2025-12-12 06:34:22.004 66534 INFO tempest.lib.common.rest_client [req-0d4f0b08-515b-4896-a322-9d70e2488c13 req-0d4f0b08-515b-4896-a322-9d70e2488c13 ] Request (AttachVolumeNegativeTest:test_attach_attached_volume_to_different_server): 200 GET http://10.180.1.21/compute/v2.1/servers/c75a7e50-fa53-4756-b586-18b5c3201b14/ips 2.287s
2025-12-12 06:34:22.049 66532 INFO tempest.lib.common.rest_client [req-f17927bc-06ce-4031-b35d-b1198c304c04 req-f17927bc-06ce-4031-b35d-b1198c304c04 ] Request (ServersListShow2100Test:tearDownClass): 200 GET http://10.180.1.21/compute/v2.1/servers/46a3e8ff-dacc-4c26-b3ed-db5b39c02292 2.435s
2025-12-12 06:34:22.056 66492 INFO tempest.lib.common.rest_client [req-5f0ffa2e-036a-44ed-b639-0386f8756383 req-5f0ffa2e-036a-44ed-b639-0386f8756383 ] Request (AbsoluteLimitsTestJSON:setUpClass): 201 POST http://10.180.1.21/identity/v3/auth/tokens 0.091s
2025-12-12 06:34:22.097 66492 INFO tempest.lib.common.rest_client [req-60b8276b-c234-457e-a3f9-caa67e14ee9e req-60b8276b-c234-457e-a3f9-caa67e14ee9e ] Request (AbsoluteLimitsTestJSON:setUpClass): 201 POST http://10.180.1.21/identity/v3/auth/tokens 0.036s
2025-12-12 06:34:22.103 66498 INFO tempest.lib.common.rest_client [req-ef8d9867-bc55-4216-83fd-927e54715128 req-ef8d9867-bc55-4216-83fd-927e54715128 ] Request (ServersTestJSON:_run_cleanups): 200 GET http://10.180.1.21/compute/v2.1/servers/fcf062db-420e-45c4-88ba-73c7222ead74 2.352s
2025-12-12 06:34:22.131 66492 INFO tempest.lib.common.rest_client [req-48b81281-3fef-4514-8387-c02ad8e3461b req-48b81281-3fef-4514-8387-c02ad8e3461b ] Request (AbsoluteLimitsTestJSON:setUpClass): 200 GET http://10.180.1.21/identity/v3/domains?name=Default 0.034s
2025-12-12 06:34:22.173 66492 INFO tempest.lib.common.rest_client [req-e9dda6fd-c17f-49c3-8380-fd11cf96e1fd req-e9dda6fd-c17f-49c3-8380-fd11cf96e1fd ] Request (AbsoluteLimitsTestJSON:setUpClass): 201 POST http://10.180.1.21/identity/v3/projects 0.041s
2025-12-12 06:34:22.248 66476 INFO tempest.lib.common.rest_client [req-eddecba0-dfb7-43f5-b17e-c5c7239dcd97 req-eddecba0-dfb7-43f5-b17e-c5c7239dcd97 ] Request (ServersAdminNegativeTestJSON:test_migrate_server_invalid_state): 200 GET http://10.180.1.21/compute/v2.1/servers/a5671ca7-d560-4a1c-a986-d33f3a8eaf19 2.431s
2025-12-12 06:34:22.277 66534 INFO tempest.lib.common.rest_client [req-ca677d1f-31fd-42b4-8723-eac9f8cbe0c0 req-ca677d1f-31fd-42b4-8723-eac9f8cbe0c0 ] Request (AttachVolumeNegativeTest:test_attach_attached_volume_to_different_server): 202 POST http://10.180.1.21/volume/v3/volumes 0.271s
2025-12-12 06:34:22.299 66492 INFO tempest.lib.common.rest_client [req-48afab1f-e859-4440-92e6-350ed6143ac5 req-48afab1f-e859-4440-92e6-350ed6143ac5 ] Request (AbsoluteLimitsTestJSON:setUpClass): 201 POST http://10.180.1.21/identity/v3/users 0.125s
2025-12-12 06:34:22.328 66534 INFO tempest.lib.common.rest_client [req-a461b50c-51e9-4ec1-aac6-34534abe5a8b req-a461b50c-51e9-4ec1-aac6-34534abe5a8b ] Request (AttachVolumeNegativeTest:test_attach_attached_volume_to_different_server): 200 GET http://10.180.1.21/volume/v3/volumes/cec160f1-2dc4-4a4e-b879-eef6196e9815 0.043s
2025-12-12 06:34:22.329 66492 INFO tempest.lib.common.rest_client [req-5166be46-87fb-4f9b-9a74-41e8cffb4e6f req-5166be46-87fb-4f9b-9a74-41e8cffb4e6f ] Request (AbsoluteLimitsTestJSON:setUpClass): 200 GET http://10.180.1.21/identity/v3/roles 0.029s
2025-12-12 06:34:22.370 66492 INFO tempest.lib.common.rest_client [req-02ee40e0-5381-4b1d-b27f-28cade009df4 req-02ee40e0-5381-4b1d-b27f-28cade009df4 ] Request (AbsoluteLimitsTestJSON:setUpClass): 204 PUT http://10.180.1.21/identity/v3/projects/dbfc6986fc974132839564b7fc8c4bbe/users/b14d6e080c7b4dc6856a949276fa4cfd/roles/0f2c187d5d744b0dabd32ee3f4196f35 0.041s
2025-12-12 06:34:22.371 66492 INFO tempest.lib.common.dynamic_creds [-] Dynamic test user b14d6e080c7b4dc6856a949276fa4cfd is created with scope project and roles: ['member']
2025-12-12 06:34:22.371 66492 INFO tempest.lib.common.dynamic_creds [-] Acquired dynamic creds: credentials: Credentials: {'domain_id': 'default', 'domain_name': 'Default', 'username': 'tempest-AbsoluteLimitsTestJSON-2044438954-project-member', 'project_domain_id': 'default', 'project_domain_name': 'Default', 'project_id': 'dbfc6986fc974132839564b7fc8c4bbe', 'project_name': 'tempest-AbsoluteLimitsTestJSON-2044438954', 'tenant_id': 'dbfc6986fc974132839564b7fc8c4bbe', 'tenant_name': 'tempest-AbsoluteLimitsTestJSON-2044438954', 'user_domain_id': 'default', 'user_domain_name': 'Default', 'user_id': 'b14d6e080c7b4dc6856a949276fa4cfd', 'system': None}, Network: None, Subnet: None, Router: None
2025-12-12 06:34:22.371 66492 INFO tempest.lib.common.dynamic_creds [-] Created isolated network resources for: credentials: Credentials: {'domain_id': 'default', 'domain_name': 'Default', 'username': 'tempest-AbsoluteLimitsTestJSON-2044438954-project-member', 'project_domain_id': 'default', 'project_domain_name': 'Default', 'project_id': 'dbfc6986fc974132839564b7fc8c4bbe', 'project_name': 'tempest-AbsoluteLimitsTestJSON-2044438954', 'tenant_id': 'dbfc6986fc974132839564b7fc8c4bbe', 'tenant_name': 'tempest-AbsoluteLimitsTestJSON-2044438954', 'user_domain_id': 'default', 'user_domain_name': 'Default', 'user_id': 'b14d6e080c7b4dc6856a949276fa4cfd', 'system': None}, Network: None, Subnet: None, Router: None
2025-12-12 06:34:22.390 66514 INFO tempest.lib.common.rest_client [req-1f328362-12ec-4273-a097-397bd2d891ff req-1f328362-12ec-4273-a097-397bd2d891ff ] Request (VolumesAdminNegativeTest:test_update_attached_volume_with_nonexistent_volume_in_uri): 200 GET http://10.180.1.21/compute/v2.1/servers/080bbdf0-52cb-48c1-9510-4924c531464e 2.607s
2025-12-12 06:34:22.408 66504 INFO tempest.lib.common.rest_client [req-b3e2ecf1-00b8-42bb-b926-d4b308b06113 req-b3e2ecf1-00b8-42bb-b926-d4b308b06113 ] Request (ImagesOneServerTestJSON:tearDownClass): 200 GET http://10.180.1.21/compute/v2.1/servers/967c4620-6184-494c-8e30-3732ae621139 2.551s
2025-12-12 06:34:22.459 66492 INFO tempest.lib.common.rest_client [req-fa34f9d9-63b3-4f70-add3-e5fd4d012d0c req-fa34f9d9-63b3-4f70-add3-e5fd4d012d0c ] Request (AbsoluteLimitsTestJSON:setUpClass): 201 POST http://10.180.1.21/identity/v3/auth/tokens 0.082s
2025-12-12 06:34:22.466 66482 INFO tempest.lib.common.rest_client [req-95c47b1e-5eec-4303-8a6a-cfecd7d42136 req-95c47b1e-5eec-4303-8a6a-cfecd7d42136 ] Request (ServerAddressesTestJSON:tearDownClass): 200 GET http://10.180.1.21/compute/v2.1/servers/0f4a33b5-9aec-4724-a3f0-0a3a9f70fd35 2.570s
2025-12-12 06:34:22.488 66494 INFO tempest.lib.common.rest_client [req-73b4cd48-b148-46dd-963a-0b2ce9f1c91b req-73b4cd48-b148-46dd-963a-0b2ce9f1c91b ] Request (ServerRescueTestJSON:tearDownClass): 204 DELETE http://10.180.1.21/compute/v2.1/servers/3dad65ae-effe-4fc1-a680-8f994e553613 2.585s
2025-12-12 06:34:22.505 66474 INFO tempest.lib.common.rest_client [req-35b9b67d-415d-4fe9-a392-daba72db2aa5 req-35b9b67d-415d-4fe9-a392-daba72db2aa5 ] Request (ServerGroupTestJSON:test_show_server_group): 200 GET http://10.180.1.21/compute/v2.1/os-server-groups/7eaaff46-4cc2-4e39-9e93-78541b89aa12 2.587s
2025-12-12 06:34:22.550 66500 INFO tempest.lib.common.rest_client [req-8fa21b5d-a1ed-4c09-a8b0-abd95cb8c656 req-8fa21b5d-a1ed-4c09-a8b0-abd95cb8c656 ] Request (ServerRescueTestJSONUnderV235:tearDownClass): 200 GET http://10.180.1.21/compute/v2.1/servers/947fce21-720e-4c92-b500-4e86381057b0 2.622s
2025-12-12 06:34:22.576 66520 INFO tempest.lib.common.rest_client [req-61bf45ac-c3e2-4f2b-a5d5-7dc2d91cec0b req-61bf45ac-c3e2-4f2b-a5d5-7dc2d91cec0b ] Request (InstanceActionsTestJSON:tearDownClass): 204 DELETE http://10.180.1.21/compute/v2.1/servers/d287fdcb-3b2f-46ff-9a63-9764cf6e9991 2.614s
2025-12-12 06:34:22.618 66496 INFO tempest.lib.common.rest_client [req-ba7d2bc7-073d-4cd6-a919-100b1210c067 req-ba7d2bc7-073d-4cd6-a919-100b1210c067 ] Request (ImagesNegativeTestJSON:test_create_image_from_deleted_server): 200 GET http://10.180.1.21/compute/v2.1/servers/7bdd4b31-aedf-4f4e-8441-f654bfdf4a9b 2.639s
2025-12-12 06:34:22.764 66528 INFO tempest.lib.common.rest_client [req-ced4c17f-07f2-4c80-847d-e0cbf469337c req-ced4c17f-07f2-4c80-847d-e0cbf469337c ] Request (ServersTestMultiNic:test_verify_multiple_nics_order): 200 GET http://10.180.1.21/compute/v2.1/servers/6197f16e-95c4-4911-aa80-a82dad0a3b48 2.697s
2025-12-12 06:34:22.775 66528 INFO tempest.common.waiters [-] State transition "BUILD/networking" ==> "BUILD/spawning" after 68 second wait
2025-12-12 06:34:23.362 66534 INFO tempest.lib.common.rest_client [req-d0c98354-0809-4015-81a8-67c58b0aef0f req-d0c98354-0809-4015-81a8-67c58b0aef0f ] Request (AttachVolumeNegativeTest:test_attach_attached_volume_to_different_server): 200 GET http://10.180.1.21/volume/v3/volumes/cec160f1-2dc4-4a4e-b879-eef6196e9815 0.026s
2025-12-12 06:34:23.368 66534 INFO tempest.common.waiters [-] volume cec160f1-2dc4-4a4e-b879-eef6196e9815 reached available after waiting for 1.368820 seconds
2025-12-12 06:34:24.455 66488 INFO tempest.lib.common.rest_client [req-3bdcf4f4-b458-47c4-a9eb-bed856dc9a90 req-3bdcf4f4-b458-47c4-a9eb-bed856dc9a90 ] Request (ImagesTestJSON:test_create_image_from_suspended_server): 200 GET http://10.180.1.21/compute/v2.1/servers/8bb709e3-6793-44f0-bc22-ee60253b99d3 4.357s
2025-12-12 06:34:24.476 66526 INFO tempest.lib.common.rest_client [req-a4e5892e-09bd-48b6-b8bd-4a6c738ea39c req-a4e5892e-09bd-48b6-b8bd-4a6c738ea39c ] Request (AttachInterfacesTestJSON:test_create_list_show_delete_interfaces_by_fixed_ip): 200 GET http://10.180.1.21/compute/v2.1/servers/7ad44406-c62c-4cfb-827f-b50bc9a60162 4.353s
2025-12-12 06:34:24.520 66530 INFO tempest.lib.common.rest_client [req-a7ca5ddb-67c0-4a5c-a172-8097c2ddc91e req-a7ca5ddb-67c0-4a5c-a172-8097c2ddc91e ] Request (ServersAdminTestJSON:test_inject_network_info): 200 GET http://10.180.1.21/compute/v2.1/servers/c4960eee-ff6b-49ce-9a4d-0b88dd61dd7c 4.363s
2025-12-12 06:34:24.534 66530 INFO tempest.common.waiters [-] State transition "BUILD/None" ==> "BUILD/networking" after 60 second wait
2025-12-12 06:34:24.537 66486 INFO tempest.lib.common.rest_client [req-176ba9e5-540b-4ff4-8592-64756f9afba5 req-176ba9e5-540b-4ff4-8592-64756f9afba5 ] Request (FloatingIPsAssociationNegativeTestJSON:setUpClass): 200 GET http://10.180.1.21/compute/v2.1/servers/7b1d0f54-5271-494e-8347-2063ef4f6884 4.357s
2025-12-12 06:34:24.596 66508 INFO tempest.lib.common.rest_client [req-5524c7e2-25bf-4a8f-bd12-af4b2045bf39 req-5524c7e2-25bf-4a8f-bd12-af4b2045bf39 ] Request (ServerRescueNegativeTestJSON:setUpClass): 200 GET http://10.180.1.21/compute/v2.1/servers/aa14cf1a-6960-42c9-af05-e6949a97d9e0 3.230s
2025-12-12 06:34:24.607 66484 INFO tempest.lib.common.rest_client [req-c392422d-a20b-44f9-9032-200bd7cf71d5 req-c392422d-a20b-44f9-9032-200bd7cf71d5 ] Request (ServersTestManualDisk:tearDownClass): 200 GET http://10.180.1.21/compute/v2.1/servers/bfc0f56a-0fb0-4479-bc16-5ff5e229e165 3.730s
2025-12-12 06:34:24.642 66490 INFO tempest.lib.common.rest_client [req-57753e5d-0c3b-4e4d-97a8-4c61fb9d378b req-57753e5d-0c3b-4e4d-97a8-4c61fb9d378b ] Request (SecurityGroupRulesNegativeTestJSON:test_create_security_group_rule_with_non_existent_id): 404 POST http://10.180.1.21/compute/v2.1/os-security-group-rules 2.946s
2025-12-12 06:34:24.730 66512 INFO tempest.lib.common.rest_client [req-91ce1c0f-7ddd-490a-b836-f44d70e32079 req-91ce1c0f-7ddd-490a-b836-f44d70e32079 ] Request (ServersAaction247Test:test_create_backup): 200 GET http://10.180.1.21/compute/v2.1/servers/83dcadf1-9653-4252-a6a7-aaedf1bac438 3.169s
2025-12-12 06:34:24.746 66536 INFO tempest.lib.common.rest_client [req-d67668e2-dba4-4ee4-ae49-37a38921d8f4 req-d67668e2-dba4-4ee4-ae49-37a38921d8f4 ] Request (FloatingIPsAssociationTestJSON:tearDownClass): 200 GET http://10.180.1.21/compute/v2.1/servers/314fd8b6-e6e2-4cc2-850f-09a1ec6ab710 3.043s
2025-12-12 06:34:24.845 66518 INFO tempest.lib.common.rest_client [req-0de2b7a4-ac54-4d82-b310-60cc7d602102 req-0de2b7a4-ac54-4d82-b310-60cc7d602102 ] Request (ServerDiskConfigTestJSON:test_resize_server_from_auto_to_manual): 200 GET http://10.180.1.21/compute/v2.1/servers/c3ed8582-1240-41ad-9180-745890d83caa 2.989s
2025-12-12 06:34:24.874 66502 INFO tempest.lib.common.rest_client [req-3c91e94c-201e-4cb1-ab3b-18e35f24cc59 req-3c91e94c-201e-4cb1-ab3b-18e35f24cc59 ] Request (ServersTestJSON:setUpClass): 200 POST http://10.180.1.21/compute/v2.1/os-keypairs 3.111s
2025-12-12 06:34:24.927 66492 INFO tempest.lib.common.rest_client [req-254b32ce-8ee7-4f5f-a34a-a992adc8c429 req-254b32ce-8ee7-4f5f-a34a-a992adc8c429 ] Request (AbsoluteLimitsTestJSON:test_absLimits_get): 200 GET http://10.180.1.21/compute/v2.1/limits 2.466s
2025-12-12 06:34:24.949 66474 INFO tempest.lib.common.rest_client [req-8c9dcca2-4557-41f8-a91d-b34b49a99a95 req-8c9dcca2-4557-41f8-a91d-b34b49a99a95 ] Request (ServerGroupTestJSON:tearDownClass): 404 DELETE http://10.180.1.21/compute/v2.1/servers/10a76618-91e8-44bb-b4bf-1e48cede567a 2.442s
2025-12-12 06:34:25.051 66502 INFO tempest.lib.common.rest_client [req-bc6184e6-8231-4149-abf3-730ea35705ba req-bc6184e6-8231-4149-abf3-730ea35705ba ] Request (ServersTestJSON:setUpClass): 201 POST http://10.180.1.21/networking/v2.0/security-groups 0.175s
2025-12-12 06:34:25.062 66492 INFO tempest.lib.common.rest_client [req-7f6afef6-8f99-4b91-9bba-0890d5dfaeff req-7f6afef6-8f99-4b91-9bba-0890d5dfaeff ] Request (AbsoluteLimitsTestJSON:tearDownClass): 204 DELETE http://10.180.1.21/identity/v3/users/b14d6e080c7b4dc6856a949276fa4cfd 0.127s
2025-12-12 06:34:25.062 66492 INFO tempest.lib.common.dynamic_creds [-] Deleting project and security group for project: dbfc6986fc974132839564b7fc8c4bbe
2025-12-12 06:34:25.133 66494 INFO tempest.lib.common.rest_client [req-f32791b7-8002-4043-a985-5a9cdda74356 req-f32791b7-8002-4043-a985-5a9cdda74356 ] Request (ServerRescueTestJSON:tearDownClass): 200 GET http://10.180.1.21/compute/v2.1/servers/3dad65ae-effe-4fc1-a680-8f994e553613 2.644s
2025-12-12 06:34:25.139 66520 INFO tempest.lib.common.rest_client [req-45b7189a-4740-4c0a-bef8-648af7e5d733 req-45b7189a-4740-4c0a-bef8-648af7e5d733 ] Request (InstanceActionsTestJSON:tearDownClass): 200 GET http://10.180.1.21/compute/v2.1/servers/d287fdcb-3b2f-46ff-9a63-9764cf6e9991 2.563s
2025-12-12 06:34:25.154 66492 INFO tempest.lib.common.rest_client [req-f13096bc-05f5-429c-8df9-45be2338b5ef req-f13096bc-05f5-429c-8df9-45be2338b5ef ] Request (AbsoluteLimitsTestJSON:tearDownClass): 201 POST http://10.180.1.21/identity/v3/auth/tokens 0.091s
2025-12-12 06:34:25.241 66502 INFO tempest.lib.common.rest_client [req-ae88d1c0-c3b5-422e-9b76-85d210356b7d req-ae88d1c0-c3b5-422e-9b76-85d210356b7d ] Request (ServersTestJSON:setUpClass): 201 POST http://10.180.1.21/networking/v2.0/security-group-rules 0.189s
2025-12-12 06:34:25.492 66516 INFO tempest.lib.common.rest_client [req-f369aaf7-7164-472d-bb84-2898c0b420e7 req-f369aaf7-7164-472d-bb84-2898c0b420e7 ] Request (MigrationsAdminTest:test_resize_server_revert_deleted_flavor): 200 GET http://10.180.1.21/compute/v2.1/servers/248f42ee-c97c-454d-80cb-56eb6e3c57a2 2.617s
2025-12-12 06:34:25.508 66492 INFO tempest.lib.common.rest_client [req-339d2bfd-136d-4600-bf20-a0466b8dc504 req-339d2bfd-136d-4600-bf20-a0466b8dc504 ] Request (AbsoluteLimitsTestJSON:tearDownClass): 200 GET http://10.180.1.21/networking/v2.0/security-groups?tenant_id=dbfc6986fc974132839564b7fc8c4bbe&name=default 0.353s
2025-12-12 06:34:25.515 66523 INFO tempest.lib.common.rest_client [req-39e29d74-d8a0-44a6-8209-ac70b07094b4 req-39e29d74-d8a0-44a6-8209-ac70b07094b4 ] Request (ServerPasswordTestJSON:setUpClass): 200 GET http://10.180.1.21/compute/v2.1/servers/ff8d4351-15b0-4e40-a4be-5efee3537c32 2.627s
2025-12-12 06:34:25.591 66502 INFO tempest.lib.common.rest_client [req-1ab23da7-62a8-49c0-bb7e-4399456796d9 req-1ab23da7-62a8-49c0-bb7e-4399456796d9 ] Request (ServersTestJSON:setUpClass): 201 POST http://10.180.1.21/networking/v2.0/security-group-rules 0.349s
2025-12-12 06:34:25.597 66506 INFO paramiko.transport [-] Connected (version 2.0, client dropbear_2020.81)
2025-12-12 06:34:25.661 66506 INFO paramiko.transport [-] Authentication (publickey) successful!
2025-12-12 06:34:25.661 66506 INFO tempest.lib.common.ssh [-] ssh connection to cirros@10.180.180.238 successfully created
2025-12-12 06:34:25.687 66492 INFO tempest.lib.common.rest_client [req-9ca0ab01-6444-47f6-92ea-9671d0bce29e req-9ca0ab01-6444-47f6-92ea-9671d0bce29e ] Request (AbsoluteLimitsTestJSON:tearDownClass): 204 DELETE http://10.180.1.21/networking/v2.0/security-groups/311fa70a-2db2-47d1-b50b-a78e7fbec62c 0.178s
2025-12-12 06:34:25.710 66478 INFO tempest.lib.common.rest_client [req-f032e326-811b-4aca-a3ae-532076c5537b req-f032e326-811b-4aca-a3ae-532076c5537b ] Request (SecurityGroupsTestJSON:test_list_security_groups_by_server): 200 GET http://10.180.1.21/compute/v2.1/servers/5aa563a7-487e-485b-b8df-f10267872302 2.730s
2025-12-12 06:34:25.747 66532 INFO tempest.lib.common.rest_client [req-1ee91bcd-088d-4833-8d4c-5d9855affc81 req-1ee91bcd-088d-4833-8d4c-5d9855affc81 ] Request (ServersListShow2100Test:tearDownClass): 200 GET http://10.180.1.21/compute/v2.1/servers/46a3e8ff-dacc-4c26-b3ed-db5b39c02292 2.684s
2025-12-12 06:34:25.775 66492 INFO tempest.lib.common.rest_client [req-83d9b3a2-b625-4904-859a-cf0b383c83da req-83d9b3a2-b625-4904-859a-cf0b383c83da ] Request (AbsoluteLimitsTestJSON:tearDownClass): 204 DELETE http://10.180.1.21/identity/v3/projects/dbfc6986fc974132839564b7fc8c4bbe 0.087s
2025-12-12 06:34:25.864 66492 INFO tempest.lib.common.rest_client [req-212f028b-cec5-4ae3-90ae-fc9f409b429f req-212f028b-cec5-4ae3-90ae-fc9f409b429f ] Request (ServersListShow298Test:setUpClass): 201 POST http://10.180.1.21/identity/v3/auth/tokens 0.087s
2025-12-12 06:34:25.897 66492 INFO tempest.lib.common.rest_client [req-22492584-2a26-4194-866a-5a96d7315f4b req-22492584-2a26-4194-866a-5a96d7315f4b ] Request (ServersListShow298Test:setUpClass): 201 POST http://10.180.1.21/identity/v3/auth/tokens 0.030s
2025-12-12 06:34:25.920 66492 INFO tempest.lib.common.rest_client [req-4d0636c9-daa4-47b2-9322-662bf50bdc60 req-4d0636c9-daa4-47b2-9322-662bf50bdc60 ] Request (ServersListShow298Test:setUpClass): 200 GET http://10.180.1.21/identity/v3/domains?name=Default 0.023s
2025-12-12 06:34:25.948 66492 INFO tempest.lib.common.rest_client [req-a7da037a-17f1-4e44-8265-28b1d2f401de req-a7da037a-17f1-4e44-8265-28b1d2f401de ] Request (ServersListShow298Test:setUpClass): 201 POST http://10.180.1.21/identity/v3/projects 0.028s
2025-12-12 06:34:26.008 66492 INFO tempest.lib.common.rest_client [req-29c29d56-336a-4897-a352-39ff910d9230 req-29c29d56-336a-4897-a352-39ff910d9230 ] Request (ServersListShow298Test:setUpClass): 201 POST http://10.180.1.21/identity/v3/users 0.059s
2025-12-12 06:34:26.031 66492 INFO tempest.lib.common.rest_client [req-27b092fa-c562-4f73-a644-97eed1847cc1 req-27b092fa-c562-4f73-a644-97eed1847cc1 ] Request (ServersListShow298Test:setUpClass): 200 GET http://10.180.1.21/identity/v3/roles 0.022s
2025-12-12 06:34:26.065 66492 INFO tempest.lib.common.rest_client [req-e738c743-7b52-425d-b3fb-e48fe3d3c7a2 req-e738c743-7b52-425d-b3fb-e48fe3d3c7a2 ] Request (ServersListShow298Test:setUpClass): 204 PUT http://10.180.1.21/identity/v3/projects/c0696aeab9924f0e94a9c68c6c0bdf59/users/3a6b74a75c6544549c69f2f744110e7f/roles/0f2c187d5d744b0dabd32ee3f4196f35 0.033s
2025-12-12 06:34:26.065 66492 INFO tempest.lib.common.dynamic_creds [-] Dynamic test user 3a6b74a75c6544549c69f2f744110e7f is created with scope project and roles: ['member']
2025-12-12 06:34:26.065 66492 INFO tempest.lib.common.dynamic_creds [-] Acquired dynamic creds: credentials: Credentials: {'domain_id': 'default', 'domain_name': 'Default', 'username': 'tempest-ServersListShow298Test-359330870-project-member', 'project_domain_id': 'default', 'project_domain_name': 'Default', 'project_id': 'c0696aeab9924f0e94a9c68c6c0bdf59', 'project_name': 'tempest-ServersListShow298Test-359330870', 'tenant_id': 'c0696aeab9924f0e94a9c68c6c0bdf59', 'tenant_name': 'tempest-ServersListShow298Test-359330870', 'user_domain_id': 'default', 'user_domain_name': 'Default', 'user_id': '3a6b74a75c6544549c69f2f744110e7f', 'system': None}, Network: None, Subnet: None, Router: None
2025-12-12 06:34:26.065 66492 INFO tempest.lib.common.dynamic_creds [-] Created isolated network resources for: credentials: Credentials: {'domain_id': 'default', 'domain_name': 'Default', 'username': 'tempest-ServersListShow298Test-359330870-project-member', 'project_domain_id': 'default', 'project_domain_name': 'Default', 'project_id': 'c0696aeab9924f0e94a9c68c6c0bdf59', 'project_name': 'tempest-ServersListShow298Test-359330870', 'tenant_id': 'c0696aeab9924f0e94a9c68c6c0bdf59', 'tenant_name': 'tempest-ServersListShow298Test-359330870', 'user_domain_id': 'default', 'user_domain_name': 'Default', 'user_id': '3a6b74a75c6544549c69f2f744110e7f', 'system': None}, Network: None, Subnet: None, Router: None
2025-12-12 06:34:26.116 66502 INFO tempest.lib.common.rest_client [req-1ad41d1e-0ef8-4f1a-8bcb-639e76fd16c8 req-1ad41d1e-0ef8-4f1a-8bcb-639e76fd16c8 ] Request (ServersTestJSON:setUpClass): 201 POST http://10.180.1.21/networking/v2.0/floatingips 0.525s
2025-12-12 06:34:26.161 66492 INFO tempest.lib.common.rest_client [req-49943eb6-5e3f-4c38-bbe9-b9fa14b77769 req-49943eb6-5e3f-4c38-bbe9-b9fa14b77769 ] Request (ServersListShow298Test:setUpClass): 201 POST http://10.180.1.21/identity/v3/auth/tokens 0.093s
2025-12-12 06:34:26.183 66498 INFO tempest.lib.common.rest_client [req-b43988ce-b3e1-408e-967a-e90a902836a7 req-b43988ce-b3e1-408e-967a-e90a902836a7 ] Request (ServersTestJSON:_run_cleanups): 200 GET http://10.180.1.21/compute/v2.1/servers/fcf062db-420e-45c4-88ba-73c7222ead74 3.069s
2025-12-12 06:34:26.183 66502 INFO tempest.lib.common.rest_client [req-8599d861-6ac2-410d-a2cf-a16a47737a43 req-8599d861-6ac2-410d-a2cf-a16a47737a43 ] Request (ServersTestJSON:setUpClass): 201 POST http://10.180.1.21/identity/v3/auth/tokens 0.061s
2025-12-12 06:34:26.184 66502 INFO tempest.lib.common.fixed_network [-] (ServersTestJSON:setUpClass) Found network {'id': '6059df7b-9089-40e3-a207-7b0828532182', 'name': 'tempest-ServersTestJSON-1140236014-network', 'tenant_id': 'd6390b9db2824255b269f2b2443a50be', 'project_id': 'd6390b9db2824255b269f2b2443a50be', 'admin_state_up': True, 'mtu': 8950, 'status': 'ACTIVE', 'subnets': [], 'shared': False, 'port_security_enabled': True, 'router:external': False, 'provider:network_type': 'vlan', 'provider:physical_network': 'default', 'provider:segmentation_id': 791, 'availability_zone_hints': [], 'availability_zones': [], 'ipv4_address_scope': None, 'ipv6_address_scope': None, 'description': '', 'tags': [], 'created_at': '2025-12-12T06:34:19Z', 'updated_at': '2025-12-12T06:34:19Z', 'revision_number': 1} available for tenant
2025-12-12 06:34:26.201 66476 INFO tempest.lib.common.rest_client [req-3c86ec37-3418-4faf-b3da-e6b75807631b req-3c86ec37-3418-4faf-b3da-e6b75807631b ] Request (ServersAdminNegativeTestJSON:test_migrate_server_invalid_state): 200 GET http://10.180.1.21/compute/v2.1/servers/a5671ca7-d560-4a1c-a986-d33f3a8eaf19 2.944s
2025-12-12 06:34:26.207 66492 INFO tempest.lib.common.rest_client [req-57433671-8801-496c-8554-fc7447ad5cbb req-57433671-8801-496c-8554-fc7447ad5cbb ] Request (ServersListShow298Test:test_list_show_update_rebuild_server_298): 201 POST http://10.180.1.21/identity/v3/auth/tokens 0.039s
2025-12-12 06:34:26.207 66492 INFO tempest.lib.common.fixed_network [-] (ServersListShow298Test:test_list_show_update_rebuild_server_298) Found network None available for tenant
2025-12-12 06:34:26.263 66510 WARNING tempest.lib.common.ssh [-] Failed to establish authenticated ssh connection to cirros@10.180.180.144 ([Errno None] Unable to connect to port 22 on 10.180.180.144). Number attempts: 5. Retry after 6 seconds.: paramiko.ssh_exception.NoValidConnectionsError: [Errno None] Unable to connect to port 22 on 10.180.180.144
2025-12-12 06:34:26.506 66514 INFO tempest.lib.common.rest_client [req-3d49fe81-b2d8-4f39-be0e-c2ffc27ff177 req-3d49fe81-b2d8-4f39-be0e-c2ffc27ff177 ] Request (VolumesAdminNegativeTest:test_update_attached_volume_with_nonexistent_volume_in_uri): 200 GET http://10.180.1.21/compute/v2.1/servers/080bbdf0-52cb-48c1-9510-4924c531464e 3.108s
2025-12-12 06:34:26.515 66514 INFO tempest.common.waiters [-] State transition "BUILD/spawning" ==> "ACTIVE/None" after 77 second wait
2025-12-12 06:34:26.686 66504 INFO tempest.lib.common.rest_client [req-aa0e9ee3-209f-41b7-97d4-cdd01e61a5f5 req-aa0e9ee3-209f-41b7-97d4-cdd01e61a5f5 ] Request (ImagesOneServerTestJSON:tearDownClass): 200 GET http://10.180.1.21/compute/v2.1/servers/967c4620-6184-494c-8e30-3732ae621139 3.267s
2025-12-12 06:34:26.694 66514 INFO tempest.lib.common.rest_client [req-cc78cba0-b6ab-4549-a05d-fd767cf937da req-cc78cba0-b6ab-4549-a05d-fd767cf937da ] Request (VolumesAdminNegativeTest:test_update_attached_volume_with_nonexistent_volume_in_uri): 202 POST http://10.180.1.21/volume/v3/volumes 0.178s
2025-12-12 06:34:26.735 66514 INFO tempest.lib.common.rest_client [req-71beedcb-805b-494d-a50e-3fee97a340fb req-71beedcb-805b-494d-a50e-3fee97a340fb ] Request (VolumesAdminNegativeTest:test_update_attached_volume_with_nonexistent_volume_in_uri): 200 GET http://10.180.1.21/volume/v3/volumes/6b2600ec-233b-45e2-8169-0bbddf3ee170 0.036s
2025-12-12 06:34:26.782 66482 INFO tempest.lib.common.rest_client [req-0383ef26-779a-41a6-a058-ed06cf2dcb8a req-0383ef26-779a-41a6-a058-ed06cf2dcb8a ] Request (ServerAddressesTestJSON:tearDownClass): 200 GET http://10.180.1.21/compute/v2.1/servers/0f4a33b5-9aec-4724-a3f0-0a3a9f70fd35 3.308s
2025-12-12 06:34:26.857 66500 INFO tempest.lib.common.rest_client [req-8a05c18a-82c7-4c9c-964d-575d129435e7 req-8a05c18a-82c7-4c9c-964d-575d129435e7 ] Request (ServerRescueTestJSONUnderV235:tearDownClass): 200 GET http://10.180.1.21/compute/v2.1/servers/947fce21-720e-4c92-b500-4e86381057b0 3.297s
2025-12-12 06:34:26.914 66496 INFO tempest.lib.common.rest_client [req-e474171c-a681-4f20-aa5e-1192e180ad63 req-e474171c-a681-4f20-aa5e-1192e180ad63 ] Request (ImagesNegativeTestJSON:test_create_image_from_deleted_server): 200 GET http://10.180.1.21/compute/v2.1/servers/7bdd4b31-aedf-4f4e-8441-f654bfdf4a9b 3.285s
2025-12-12 06:34:27.071 66528 INFO tempest.lib.common.rest_client [req-b8d7d008-af6d-401b-83c8-b5410d51ab2a req-b8d7d008-af6d-401b-83c8-b5410d51ab2a ] Request (ServersTestMultiNic:test_verify_multiple_nics_order): 200 GET http://10.180.1.21/compute/v2.1/servers/6197f16e-95c4-4911-aa80-a82dad0a3b48 3.294s
2025-12-12 06:34:27.088 66490 INFO tempest.lib.common.rest_client [req-c414986b-4f3c-431f-897d-902ea9dfbde0 req-c414986b-4f3c-431f-897d-902ea9dfbde0 ] Request (SecurityGroupRulesNegativeTestJSON:test_delete_security_group_rule_with_non_existent_id): 404 DELETE http://10.180.1.21/compute/v2.1/os-security-group-rules/058d1e97-9720-4ad2-9761-8be88a608784 2.445s
2025-12-12 06:34:27.111 66474 INFO tempest.lib.common.rest_client [req-96ba29f6-8f2d-4d87-bd0c-d1d0d1b0c23b req-96ba29f6-8f2d-4d87-bd0c-d1d0d1b0c23b ] Request (ServerGroupTestJSON:tearDownClass): 404 GET http://10.180.1.21/compute/v2.1/servers/10a76618-91e8-44bb-b4bf-1e48cede567a 2.161s
2025-12-12 06:34:27.205 66488 INFO tempest.lib.common.rest_client [req-20a42b44-918b-48f3-afa5-afaa17f09712 req-20a42b44-918b-48f3-afa5-afaa17f09712 ] Request (ImagesTestJSON:test_create_image_from_suspended_server): 200 GET http://10.180.1.21/compute/v2.1/servers/8bb709e3-6793-44f0-bc22-ee60253b99d3 1.735s
2025-12-12 06:34:27.261 66526 INFO tempest.lib.common.rest_client [req-8d382acd-9d90-4081-b0b3-b29f4c38ddea req-8d382acd-9d90-4081-b0b3-b29f4c38ddea ] Request (AttachInterfacesTestJSON:test_create_list_show_delete_interfaces_by_fixed_ip): 200 GET http://10.180.1.21/compute/v2.1/servers/7ad44406-c62c-4cfb-827f-b50bc9a60162 1.770s
2025-12-12 06:34:27.423 66530 INFO tempest.lib.common.rest_client [req-6bf175d5-d599-493d-af08-9a85d1d8c126 req-6bf175d5-d599-493d-af08-9a85d1d8c126 ] Request (ServersAdminTestJSON:test_inject_network_info): 200 GET http://10.180.1.21/compute/v2.1/servers/c4960eee-ff6b-49ce-9a4d-0b88dd61dd7c 1.888s
2025-12-12 06:34:27.430 66530 INFO tempest.common.waiters [-] State transition "BUILD/networking" ==> "BUILD/spawning" after 63 second wait
2025-12-12 06:34:27.488 66486 INFO tempest.lib.common.rest_client [req-9bfd0276-a5a9-47b1-8c49-4b31e56074e6 req-9bfd0276-a5a9-47b1-8c49-4b31e56074e6 ] Request (FloatingIPsAssociationNegativeTestJSON:setUpClass): 200 GET http://10.180.1.21/compute/v2.1/servers/7b1d0f54-5271-494e-8347-2063ef4f6884 1.943s
2025-12-12 06:34:27.540 66508 INFO tempest.lib.common.rest_client [req-d8879694-f410-4dd9-88c8-6be55d07c9cc req-d8879694-f410-4dd9-88c8-6be55d07c9cc ] Request (ServerRescueNegativeTestJSON:setUpClass): 200 GET http://10.180.1.21/compute/v2.1/servers/aa14cf1a-6960-42c9-af05-e6949a97d9e0 1.933s
2025-12-12 06:34:27.562 66484 INFO tempest.lib.common.rest_client [req-1403940c-7372-4736-b270-64741c167e67 req-1403940c-7372-4736-b270-64741c167e67 ] Request (ServersTestManualDisk:tearDownClass): 404 GET http://10.180.1.21/compute/v2.1/servers/bfc0f56a-0fb0-4479-bc16-5ff5e229e165 1.947s
2025-12-12 06:34:27.664 66506 INFO tempest.lib.common.rest_client [req-32a91234-a047-48f2-8d01-5963b7239ca1 req-32a91234-a047-48f2-8d01-5963b7239ca1 ] Request (ServersWithSpecificFlavorTestJSON:test_verify_created_server_ephemeral_disk): 204 DELETE http://10.180.1.21/compute/v2.1/servers/23268e03-3390-4d83-8f7e-2c7275c36ea1 1.996s
2025-12-12 06:34:27.721 66512 INFO tempest.lib.common.rest_client [req-cc1efe85-6ab1-498c-ab68-70f12b4c5400 req-cc1efe85-6ab1-498c-ab68-70f12b4c5400 ] Request (ServersAaction247Test:test_create_backup): 200 GET http://10.180.1.21/compute/v2.1/servers/83dcadf1-9653-4252-a6a7-aaedf1bac438 1.977s
2025-12-12 06:34:27.738 66506 INFO tempest.lib.common.rest_client [req-ebe9799d-ea42-4905-b0ed-6713bea4cd34 req-ebe9799d-ea42-4905-b0ed-6713bea4cd34 ] Request (ServersWithSpecificFlavorTestJSON:test_verify_created_server_ephemeral_disk): 201 POST http://10.180.1.21/identity/v3/auth/tokens 0.069s
2025-12-12 06:34:27.738 66506 INFO tempest.lib.common.fixed_network [-] (ServersWithSpecificFlavorTestJSON:test_verify_created_server_ephemeral_disk) Found network {'id': '14fe530e-199f-4245-8575-c13fc918dc11', 'name': 'tempest-ServersWithSpecificFlavorTestJSON-931907626-network', 'tenant_id': 'bf5baf5286554297a438c3a75b44049a', 'project_id': 'bf5baf5286554297a438c3a75b44049a', 'admin_state_up': True, 'mtu': 8950, 'status': 'ACTIVE', 'subnets': [], 'shared': False, 'port_security_enabled': True, 'router:external': False, 'provider:network_type': 'vlan', 'provider:physical_network': 'default', 'provider:segmentation_id': 921, 'availability_zone_hints': [], 'availability_zones': [], 'ipv4_address_scope': None, 'ipv6_address_scope': None, 'description': '', 'tags': [], 'created_at': '2025-12-12T06:31:27Z', 'updated_at': '2025-12-12T06:31:27Z', 'revision_number': 1} available for tenant
2025-12-12 06:34:27.772 66514 INFO tempest.lib.common.rest_client [req-9921e1d7-b385-4a24-b71f-6d9b2b1a335f req-9921e1d7-b385-4a24-b71f-6d9b2b1a335f ] Request (VolumesAdminNegativeTest:test_update_attached_volume_with_nonexistent_volume_in_uri): 200 GET http://10.180.1.21/volume/v3/volumes/6b2600ec-233b-45e2-8169-0bbddf3ee170 0.030s
2025-12-12 06:34:27.783 66514 INFO tempest.common.waiters [-] volume 6b2600ec-233b-45e2-8169-0bbddf3ee170 reached available after waiting for 1.783005 seconds
2025-12-12 06:34:27.783 66536 INFO tempest.lib.common.rest_client [req-6db67b5a-a72e-4dba-b535-b91ee70f8e8a req-6db67b5a-a72e-4dba-b535-b91ee70f8e8a ] Request (FloatingIPsAssociationTestJSON:tearDownClass): 200 GET http://10.180.1.21/compute/v2.1/servers/314fd8b6-e6e2-4cc2-850f-09a1ec6ab710 2.029s
2025-12-12 06:34:27.843 66518 INFO tempest.lib.common.rest_client [req-29d0173f-bc03-4e8a-ac3d-3e1c1bbd90cd req-29d0173f-bc03-4e8a-ac3d-3e1c1bbd90cd ] Request (ServerDiskConfigTestJSON:test_resize_server_from_auto_to_manual): 200 GET http://10.180.1.21/compute/v2.1/servers/c3ed8582-1240-41ad-9180-745890d83caa 1.990s
2025-12-12 06:34:27.852 66534 INFO tempest.lib.common.rest_client [req-ab02641e-abc3-499f-9cfe-3b712ccfdac2 req-ab02641e-abc3-499f-9cfe-3b712ccfdac2 ] Request (AttachVolumeNegativeTest:test_attach_attached_volume_to_different_server): 200 POST http://10.180.1.21/compute/v2.1/servers/c75a7e50-fa53-4756-b586-18b5c3201b14/os-volume_attachments 4.483s
2025-12-12 06:34:27.887 66534 INFO tempest.lib.common.rest_client [req-59dda8e3-85fc-4205-9b90-7b744477b551 req-59dda8e3-85fc-4205-9b90-7b744477b551 ] Request (AttachVolumeNegativeTest:test_attach_attached_volume_to_different_server): 200 GET http://10.180.1.21/volume/v3/volumes/cec160f1-2dc4-4a4e-b879-eef6196e9815 0.033s
2025-12-12 06:34:27.911 66494 INFO tempest.lib.common.rest_client [req-53489f01-f8e6-43d5-95f3-235115dc087a req-53489f01-f8e6-43d5-95f3-235115dc087a ] Request (ServerRescueTestJSON:tearDownClass): 200 GET http://10.180.1.21/compute/v2.1/servers/3dad65ae-effe-4fc1-a680-8f994e553613 1.769s
2025-12-12 06:34:27.917 66520 INFO tempest.lib.common.rest_client [req-a0bd79ef-83c9-4660-8db2-c38b6e79582e req-a0bd79ef-83c9-4660-8db2-c38b6e79582e ] Request (InstanceActionsTestJSON:tearDownClass): 200 GET http://10.180.1.21/compute/v2.1/servers/d287fdcb-3b2f-46ff-9a63-9764cf6e9991 1.764s
2025-12-12 06:34:27.917 66494 INFO tempest.common.waiters [-] State transition "ACTIVE/deleting" ==> "DELETED/None" after 2 second wait
2025-12-12 06:34:27.924 66520 INFO tempest.common.waiters [-] State transition "ACTIVE/deleting" ==> "DELETED/None" after 2 second wait
2025-12-12 06:34:28.099 66492 INFO tempest.lib.common.rest_client [req-03587359-306d-4002-a26f-10813fbd5dd8 req-03587359-306d-4002-a26f-10813fbd5dd8 ] Request (ServersListShow298Test:test_list_show_update_rebuild_server_298): 202 POST http://10.180.1.21/compute/v2.1/servers 1.891s
2025-12-12 06:34:28.166 66516 INFO tempest.lib.common.rest_client [req-c448014b-9e1b-432d-a3c8-a7d51578ef9a req-c448014b-9e1b-432d-a3c8-a7d51578ef9a ] Request (MigrationsAdminTest:test_resize_server_revert_deleted_flavor): 200 GET http://10.180.1.21/compute/v2.1/servers/248f42ee-c97c-454d-80cb-56eb6e3c57a2 1.665s
2025-12-12 06:34:28.173 66516 INFO tempest.common.waiters [-] State transition "BUILD/scheduling" ==> "BUILD/None" after 46 second wait
2025-12-12 06:34:28.235 66523 INFO tempest.lib.common.rest_client [req-0afa42b6-fc40-4a0f-924a-3d0e57eb052a req-0afa42b6-fc40-4a0f-924a-3d0e57eb052a ] Request (ServerPasswordTestJSON:setUpClass): 200 GET http://10.180.1.21/compute/v2.1/servers/ff8d4351-15b0-4e40-a4be-5efee3537c32 1.709s
2025-12-12 06:34:28.309 66502 INFO tempest.lib.common.rest_client [req-a58aebe6-9214-4471-bec2-702f5aff197d req-a58aebe6-9214-4471-bec2-702f5aff197d ] Request (ServersTestJSON:setUpClass): 202 POST http://10.180.1.21/compute/v2.1/servers 2.124s
2025-12-12 06:34:28.339 66478 INFO tempest.lib.common.rest_client [req-18e298e8-da58-40bb-aaaa-a76221385438 req-18e298e8-da58-40bb-aaaa-a76221385438 ] Request (SecurityGroupsTestJSON:test_list_security_groups_by_server): 200 GET http://10.180.1.21/compute/v2.1/servers/5aa563a7-487e-485b-b8df-f10267872302 1.619s
2025-12-12 06:34:28.403 66532 INFO tempest.lib.common.rest_client [req-310c5a8a-02cf-40da-8e6b-7e131cb49a6f req-310c5a8a-02cf-40da-8e6b-7e131cb49a6f ] Request (ServersListShow2100Test:tearDownClass): 200 GET http://10.180.1.21/compute/v2.1/servers/46a3e8ff-dacc-4c26-b3ed-db5b39c02292 1.642s
2025-12-12 06:34:28.411 66474 INFO tempest.lib.common.rest_client [req-9017b23a-1df5-48a1-a826-231721bbd7a4 req-9017b23a-1df5-48a1-a826-231721bbd7a4 ] Request (ServerGroupTestJSON:tearDownClass): 404 DELETE http://10.180.1.21/compute/v2.1/os-server-groups/450cef4a-f02c-4608-a45e-0e3043763e79 1.299s
2025-12-12 06:34:28.489 66498 INFO tempest.lib.common.rest_client [req-423f18de-a977-4054-b2af-c019ec799955 req-423f18de-a977-4054-b2af-c019ec799955 ] Request (ServersTestJSON:_run_cleanups): 200 GET http://10.180.1.21/compute/v2.1/servers/fcf062db-420e-45c4-88ba-73c7222ead74 1.298s
2025-12-12 06:34:28.506 66490 INFO tempest.lib.common.rest_client [req-528ca7f9-fbdb-4188-ba1d-6053f25eccd1 req-528ca7f9-fbdb-4188-ba1d-6053f25eccd1 ] Request (SecurityGroupRulesNegativeTestJSON:tearDownClass): 202 DELETE http://10.180.1.21/compute/v2.1/os-security-groups/3db340f3-ac56-4306-8707-0d0139b2beef 1.417s
2025-12-12 06:34:28.526 66484 INFO tempest.lib.common.rest_client [req-8cbbe3f6-e752-4615-a0ae-f942895c029c req-8cbbe3f6-e752-4615-a0ae-f942895c029c ] Request (ServersTestManualDisk:tearDownClass): 202 DELETE http://10.180.1.21/compute/v2.1/os-keypairs/tempest-keypair-714715043 0.963s
2025-12-12 06:34:28.543 66476 INFO tempest.lib.common.rest_client [req-b4bbee0c-3e9b-46df-b8c6-edc7b4393419 req-b4bbee0c-3e9b-46df-b8c6-edc7b4393419 ] Request (ServersAdminNegativeTestJSON:test_migrate_server_invalid_state): 200 GET http://10.180.1.21/compute/v2.1/servers/a5671ca7-d560-4a1c-a986-d33f3a8eaf19 1.334s
2025-12-12 06:34:28.646 66484 INFO tempest.lib.common.rest_client [req-e0b8aade-e40f-4a22-9ee7-d4791ba8e195 req-e0b8aade-e40f-4a22-9ee7-d4791ba8e195 ] Request (ServersTestManualDisk:tearDownClass): 204 DELETE http://10.180.1.21/networking/v2.0/security-groups/3dca9267-bc95-42c2-accb-8a02b78bd970 0.119s
