2025-11-20 20:27:26.071 66069 INFO tempest.lib.common.rest_client [req-1713f032-139f-4217-874c-f2832196ed39 req-1713f032-139f-4217-874c-f2832196ed39 ] Request (ImagesTestJSON:test_create_image_from_suspended_server): 200 GET http://10.180.1.21/compute/v2.1/servers/474f8ea3-8078-4755-8f13-5c16d6feb78d 1.558s
2025-11-20 20:27:26.094 66079 INFO tempest.lib.common.rest_client [req-1b74cb6d-5479-42e0-835f-e1110ae33f28 req-1b74cb6d-5479-42e0-835f-e1110ae33f28 ] Request (KeyPairsV22TestJSON:_run_cleanups): 204 DELETE http://10.180.1.21/compute/v2.1/os-keypairs/tempest-keypair-1496042996 1.566s
2025-11-20 20:27:26.164 66092 INFO tempest.lib.common.rest_client [req-47799c61-c5b1-408f-855d-bb63ccb5173f req-47799c61-c5b1-408f-855d-bb63ccb5173f ] Request (AttachVolumeShelveTestJSON:test_attach_volume_shelved_or_offload_server): 200 GET http://10.180.1.21/compute/v2.1/servers/c1dffb08-8d14-4976-addd-6f563b1f31fb 1.507s
2025-11-20 20:27:26.175 66089 INFO tempest.lib.common.rest_client [req-7de67767-9c25-4ad3-84ac-446b95c1aa67 req-7de67767-9c25-4ad3-84ac-446b95c1aa67 ] Request (SecurityGroupsTestJSON:test_security_group_create_get_delete): 202 DELETE http://10.180.1.21/compute/v2.1/os-security-groups/7af19c53-cf63-414c-b9d7-44d7a086819e 1.677s
2025-11-20 20:27:26.311 66097 INFO tempest.lib.common.rest_client [req-4a0367da-754c-48ca-93c8-af6aa7c3fb88 req-4a0367da-754c-48ca-93c8-af6aa7c3fb88 ] Request (FlavorsV261TestJSON:test_crud_flavor): 200 GET http://10.180.1.21/compute/v2.1/flavors/1749820019 1.341s
2025-11-20 20:27:26.368 66055 INFO tempest.lib.common.rest_client [req-7f68f8e9-2d20-4406-ad8f-f51a176e8699 req-7f68f8e9-2d20-4406-ad8f-f51a176e8699 ] Request (ListServerFiltersTestJSON:test_list_servers_filter_by_shutoff_status): 200 GET http://10.180.1.21/compute/v2.1/servers/9f14574b-6e8e-433e-84c4-9358e60bb7ce 1.307s
2025-11-20 20:27:26.410 66065 INFO tempest.lib.common.rest_client [req-4e160f13-7b99-4cb2-bad0-8d78215ea03c req-4e160f13-7b99-4cb2-bad0-8d78215ea03c ] Request (MigrationsAdminTest:test_resize_server_revert_deleted_flavor): 200 GET http://10.180.1.21/compute/v2.1/servers/02fa8028-04bb-4b33-8931-e7af29af0204 1.309s
2025-11-20 20:27:26.488 66053 INFO tempest.lib.common.rest_client [req-8551811b-20e0-474e-a7bf-3f9c05c49b03 req-8551811b-20e0-474e-a7bf-3f9c05c49b03 ] Request (ServerActionsV293TestJSON:setUpClass): 200 GET http://10.180.1.21/compute/v2.1/servers/1ee31b8f-5bb3-473a-b27f-331a853ed787/os-interface 1.170s
2025-11-20 20:27:26.499 66049 INFO tempest.lib.common.rest_client [req-22dec243-18d9-4202-a279-d325ea6272f1 req-22dec243-18d9-4202-a279-d325ea6272f1 ] Request (MultipleCreateTestJSON:test_multiple_create): 200 GET http://10.180.1.21/compute/v2.1/servers/80e8abe3-552a-42a8-83df-55ea1d2f04c0 1.085s
2025-11-20 20:27:26.586 66039 WARNING tempest.lib.common.ssh [-] Failed to establish authenticated ssh connection to cirros@10.180.180.199 ([Errno None] Unable to connect to port 22 on 10.180.180.199). Number attempts: 2. Retry after 3 seconds.: paramiko.ssh_exception.NoValidConnectionsError: [Errno None] Unable to connect to port 22 on 10.180.180.199
2025-11-20 20:27:26.607 66059 INFO tempest.lib.common.rest_client [req-fb44a3df-8113-4b24-850e-22f28f57180e req-fb44a3df-8113-4b24-850e-22f28f57180e ] Request (ServersTestBootFromVolume:setUpClass): 200 GET http://10.180.1.21/compute/v2.1/servers/651e4382-f857-4e51-be98-7a69232637cb 0.950s
2025-11-20 20:27:26.765 66067 INFO tempest.lib.common.rest_client [req-01e73069-c984-45ae-af20-cf6777dca2a4 req-01e73069-c984-45ae-af20-cf6777dca2a4 ] Request (ServerExternalEventsTest:test_create_server_external_events): 200 GET http://10.180.1.21/compute/v2.1/servers/a4e298d5-1423-4561-b40f-d61ec5e6ba83 1.039s
2025-11-20 20:27:26.773 66067 INFO tempest.common.waiters [-] State transition "BUILD/spawning" ==> "ACTIVE/None" after 15 second wait
2025-11-20 20:27:26.779 66071 INFO tempest.lib.common.rest_client [req-f0e4689d-1396-4fde-b5b7-ce48e449c875 req-f0e4689d-1396-4fde-b5b7-ce48e449c875 ] Request (ServerMetadataNegativeTestJSON:setUpClass): 200 GET http://10.180.1.21/compute/v2.1/servers/89576a50-d305-48e2-89f2-2c5a91e2c204 1.046s
2025-11-20 20:27:26.889 66073 INFO tempest.lib.common.rest_client [req-bebcfb91-6fb5-42d7-8b60-825aee399cd6 req-bebcfb91-6fb5-42d7-8b60-825aee399cd6 ] Request (InstanceActionsV221TestJSON:test_get_list_deleted_instance_actions): 200 GET http://10.180.1.21/compute/v2.1/servers/361105bf-f13c-4c6f-973f-b8e70665f84e 1.097s
2025-11-20 20:27:26.913 66075 INFO tempest.lib.common.rest_client [req-38368ba5-30a1-4ab0-a1f8-416239c8107b req-38368ba5-30a1-4ab0-a1f8-416239c8107b ] Request (FloatingIPsAssociationTestJSON:test_associate_already_associated_floating_ip): 200 GET http://10.180.1.21/compute/v2.1/servers/6889468b-121b-48cb-a32b-c1411750f54f 1.120s
2025-11-20 20:27:26.937 66043 INFO tempest.lib.common.rest_client [req-3d7b2d91-1abc-488f-85ba-bac49d390bbb req-3d7b2d91-1abc-488f-85ba-bac49d390bbb ] Request (VolumesAssistedSnapshotsTest:tearDownClass): 202 DELETE http://10.180.1.21/compute/v2.1/os-keypairs/tempest-keypair-2006233219 1.113s
2025-11-20 20:27:26.976 66083 INFO tempest.lib.common.rest_client [req-1e18f2bb-debb-4a35-a54b-d3d1ccc754dd req-1e18f2bb-debb-4a35-a54b-d3d1ccc754dd ] Request (InstanceActionsTestJSON:test_list_instance_actions): 200 GET http://10.180.1.21/compute/v2.1/servers/c8ea402b-3b65-4b67-ae16-b3ae51a3dc86/os-instance-actions 1.087s
2025-11-20 20:27:27.039 66081 INFO tempest.lib.common.rest_client [req-0943cd22-3239-4327-964a-61bc624d02d8 req-0943cd22-3239-4327-964a-61bc624d02d8 ] Request (ServerActionsTestOtherA:test_rebuild_server_in_stop_state): 202 POST http://10.180.1.21/compute/v2.1/servers/8a169693-eae1-4796-a42b-b7cb2e9aeadb/action 1.053s
2025-11-20 20:27:27.124 66053 INFO tempest.lib.common.rest_client [req-ac71f3b3-329d-4bfb-a4bd-f65c78079b59 req-ac71f3b3-329d-4bfb-a4bd-f65c78079b59 ] Request (ServerActionsV293TestJSON:setUpClass): 200 PUT http://10.180.1.21/networking/v2.0/floatingips/10d8444d-34d3-4351-8501-e6765efa70f5 0.632s
2025-11-20 20:27:27.216 66043 INFO tempest.lib.common.rest_client [req-937ca2e5-01ed-4418-a218-f31e183ab87c req-937ca2e5-01ed-4418-a218-f31e183ab87c ] Request (VolumesAssistedSnapshotsTest:tearDownClass): 204 DELETE http://10.180.1.21/networking/v2.0/security-groups/f46aabcd-aa49-4d08-83be-09f4fac0c223 0.278s
2025-11-20 20:27:27.274 66085 INFO tempest.lib.common.rest_client [req-39be001f-6cea-4536-ab53-a56a93c11126 req-39be001f-6cea-4536-ab53-a56a93c11126 ] Request (ListServersNegativeTestJSON:setUpClass): 200 GET http://10.180.1.21/compute/v2.1/servers/181f94d0-a313-4bc2-91a9-37ba572dc379 1.473s
2025-11-20 20:27:27.366 66043 INFO tempest.lib.common.rest_client [req-8f1225f9-f24a-4466-a6a0-98bcc4d2c32a req-8f1225f9-f24a-4466-a6a0-98bcc4d2c32a ] Request (VolumesAssistedSnapshotsTest:tearDownClass): 404 GET http://10.180.1.21/networking/v2.0/security-groups/f46aabcd-aa49-4d08-83be-09f4fac0c223 0.150s
2025-11-20 20:27:27.560 66101 INFO tempest.lib.common.rest_client [req-1cc6991b-38dd-4de1-b355-86d37277a757 req-1cc6991b-38dd-4de1-b355-86d37277a757 ] Request (ServersTestMultiNic:_run_cleanups): 200 GET http://10.180.1.21/compute/v2.1/servers/bb377ed3-35f4-4001-a73c-45d257bec3f2 1.552s
2025-11-20 20:27:27.614 66079 INFO tempest.lib.common.rest_client [req-1638c313-9a2a-4855-ae51-c556202a2382 req-1638c313-9a2a-4855-ae51-c556202a2382 ] Request (KeyPairsV22TestJSON:test_keypairsv22_create_list_show_with_type): 201 POST http://10.180.1.21/compute/v2.1/os-keypairs 1.518s
2025-11-20 20:27:27.653 66089 INFO tempest.lib.common.rest_client [req-4c61a172-4521-4abb-a93b-e7589e1dc3b3 req-4c61a172-4521-4abb-a93b-e7589e1dc3b3 ] Request (SecurityGroupsTestJSON:test_security_group_create_get_delete): 404 GET http://10.180.1.21/compute/v2.1/os-security-groups/7af19c53-cf63-414c-b9d7-44d7a086819e 1.478s
2025-11-20 20:27:27.695 66097 INFO tempest.lib.common.rest_client [req-72ac942d-2797-473e-aa11-db6bde6fe52c req-72ac942d-2797-473e-aa11-db6bde6fe52c ] Request (FlavorsV261TestJSON:test_crud_flavor): 200 PUT http://10.180.1.21/compute/v2.1/flavors/1749820019 1.381s
2025-11-20 20:27:27.730 66043 INFO tempest.lib.common.rest_client [req-63410277-ed23-49dd-a931-74f13fe4a006 req-63410277-ed23-49dd-a931-74f13fe4a006 ] Request (VolumesAssistedSnapshotsTest:tearDownClass): 204 DELETE http://10.180.1.21/networking/v2.0/floatingips/a73db641-0907-40c9-a813-3aaceece6ff2 0.363s
2025-11-20 20:27:27.752 66043 INFO tempest.lib.common.rest_client [req-f56039b9-b317-44e6-b31f-9ddfe60115e7 req-f56039b9-b317-44e6-b31f-9ddfe60115e7 ] Request (VolumesAssistedSnapshotsTest:tearDownClass): 404 DELETE http://10.180.1.21/volume/v3/volumes/5c623140-2a5f-4c38-9cbd-39a5b2e82500 0.021s
2025-11-20 20:27:27.772 66043 INFO tempest.lib.common.rest_client [req-fe764547-2a61-43ff-8913-a39e59bcb883 req-fe764547-2a61-43ff-8913-a39e59bcb883 ] Request (VolumesAssistedSnapshotsTest:tearDownClass): 404 GET http://10.180.1.21/volume/v3/volumes/5c623140-2a5f-4c38-9cbd-39a5b2e82500 0.020s
2025-11-20 20:27:27.822 66061 INFO tempest.lib.common.rest_client [req-f0d8f0e3-0d9a-4708-8065-6c32751917f6 req-f0d8f0e3-0d9a-4708-8065-6c32751917f6 ] Request (ServerDiskConfigTestJSON:test_rebuild_server_with_manual_disk_config): 200 GET http://10.180.1.21/compute/v2.1/servers/a21615cc-1e3a-494a-ab00-7e4bd8119739 1.482s
2025-11-20 20:27:27.841 66088 INFO tempest.lib.common.rest_client [req-2aa47e8a-2ec4-4cb9-8054-43a7cd974a9d req-2aa47e8a-2ec4-4cb9-8054-43a7cd974a9d ] Request (ListImageFiltersTestJSON:setUpClass): 204 PUT http://10.180.1.21/image/v2/images/def33e3c-e648-498d-8277-0689c16971f8/file 0.946s
2025-11-20 20:27:27.878 66095 INFO tempest.lib.common.rest_client [req-e4a8e94c-9a3d-4fd9-a0ff-1cfc70e16e7f req-e4a8e94c-9a3d-4fd9-a0ff-1cfc70e16e7f ] Request (ImagesOneServerTestJSON:test_create_image_specify_multibyte_character_image_name): 200 GET http://10.180.1.21/compute/v2.1/images/55771506-0667-49e0-a2e9-c4357653b6e1 1.482s
2025-11-20 20:27:27.952 66041 INFO tempest.lib.common.rest_client [req-458fe10d-060b-4022-9f2a-026b2c4fab07 req-458fe10d-060b-4022-9f2a-026b2c4fab07 ] Request (ServerActionsTestOtherB:setUpClass): 200 GET http://10.180.1.21/compute/v2.1/servers/63bdb800-aeda-456e-9acd-afab1096c9d1 1.682s
2025-11-20 20:27:28.016 66047 INFO tempest.lib.common.rest_client [req-6391a56d-d967-400d-9424-3d8e4d4f829c req-6391a56d-d967-400d-9424-3d8e4d4f829c ] Request (ServerAddressesTestJSON:setUpClass): 200 GET http://10.180.1.21/compute/v2.1/servers/f0062382-d9ea-489c-9e51-99b494a435da 1.461s
2025-11-20 20:27:28.102 66099 INFO tempest.lib.common.rest_client [req-b8082b0d-0fb1-4665-b1e0-fda4f877e24b req-b8082b0d-0fb1-4665-b1e0-fda4f877e24b ] Request (ServerRescueNegativeTestJSON:setUpClass): 200 GET http://10.180.1.21/compute/v2.1/servers/89425ade-bec0-4810-8284-ee9dd50a8c06 1.467s
2025-11-20 20:27:28.131 66057 INFO tempest.lib.common.rest_client [req-fbd68839-30ce-4f29-9e9a-4b059ca60464 req-fbd68839-30ce-4f29-9e9a-4b059ca60464 ] Request (ServersNegativeTestJSON:setUpClass): 200 GET http://10.180.1.21/compute/v2.1/servers/c46c1769-6758-4ad1-8768-8579ce514021 1.497s
2025-11-20 20:27:28.152 66077 INFO tempest.lib.common.rest_client [req-722d0f74-d867-442e-9964-fc37bb345289 req-722d0f74-d867-442e-9964-fc37bb345289 ] Request (ServerShowV257Test:tearDownClass): 404 GET http://10.180.1.21/compute/v2.1/servers/ef478472-6a7e-4ae1-97d6-e30e080ecb1b 1.431s
2025-11-20 20:27:28.180 66051 INFO tempest.lib.common.rest_client [req-e134387b-feae-4034-8a83-78f0a0b16aa2 req-e134387b-feae-4034-8a83-78f0a0b16aa2 ] Request (ServersWithSpecificFlavorTestJSON:test_verify_created_server_ephemeral_disk): 200 GET http://10.180.1.21/compute/v2.1/servers/2342f97e-f740-49a0-b3ed-87bcfa9e2fa1 1.474s
2025-11-20 20:27:28.190 66051 INFO tempest.common.waiters [-] State transition "BUILD/scheduling" ==> "BUILD/None" after 9 second wait
2025-11-20 20:27:28.277 66067 INFO tempest.lib.common.rest_client [req-e8ba1be7-52b9-412a-aa42-b53395182583 req-e8ba1be7-52b9-412a-aa42-b53395182583 ] Request (ServerExternalEventsTest:test_create_server_external_events): 200 POST http://10.180.1.21/compute/v2.1/os-server-external-events 1.503s
2025-11-20 20:27:28.291 66083 INFO tempest.lib.common.rest_client [req-3ae92812-6973-43dd-91e4-0cd781c31b00 req-3ae92812-6973-43dd-91e4-0cd781c31b00 ] Request (InstanceActionsTestJSON:tearDownClass): 204 DELETE http://10.180.1.21/compute/v2.1/servers/c8ea402b-3b65-4b67-ae16-b3ae51a3dc86 1.311s
2025-11-20 20:27:28.316 66077 INFO tempest.lib.common.rest_client [req-666fb065-1a55-4e88-8a98-3c4f44f65e3e req-666fb065-1a55-4e88-8a98-3c4f44f65e3e ] Request (ServerShowV257Test:tearDownClass): 204 DELETE http://10.180.1.21/identity/v3/users/c470e2976958481a9ed3d49ed012790d 0.163s
2025-11-20 20:27:28.316 66077 INFO tempest.lib.common.dynamic_creds [-] Deleting project and security group for project: f4e03d853c324e39956bc24dc78b6b94
2025-11-20 20:27:28.405 66069 INFO tempest.lib.common.rest_client [req-5722aeed-3391-48dd-bcbf-b8a64ae9e379 req-5722aeed-3391-48dd-bcbf-b8a64ae9e379 ] Request (ImagesTestJSON:test_create_image_from_suspended_server): 200 GET http://10.180.1.21/compute/v2.1/servers/474f8ea3-8078-4755-8f13-5c16d6feb78d 1.315s
2025-11-20 20:27:28.425 66077 INFO tempest.lib.common.rest_client [req-7b1012e1-8993-4911-9386-fa663a0e357d req-7b1012e1-8993-4911-9386-fa663a0e357d ] Request (ServerShowV257Test:tearDownClass): 201 POST http://10.180.1.21/identity/v3/auth/tokens 0.109s
2025-11-20 20:27:28.452 66081 INFO tempest.lib.common.rest_client [req-963e8cf8-f44b-4244-8d8d-962b49e9adf9 req-963e8cf8-f44b-4244-8d8d-962b49e9adf9 ] Request (ServerActionsTestOtherA:test_rebuild_server_in_stop_state): 200 GET http://10.180.1.21/compute/v2.1/servers/8a169693-eae1-4796-a42b-b7cb2e9aeadb 1.412s
2025-11-20 20:27:28.557 66063 WARNING tempest.lib.common.ssh [-] Failed to establish authenticated ssh connection to cirros@10.180.180.208 ([Errno None] Unable to connect to port 22 on 10.180.180.208). Number attempts: 1. Retry after 2 seconds.: paramiko.ssh_exception.NoValidConnectionsError: [Errno None] Unable to connect to port 22 on 10.180.180.208
2025-11-20 20:27:28.685 66077 INFO tempest.lib.common.rest_client [req-031a8690-3940-4683-938c-166d29886d9b req-031a8690-3940-4683-938c-166d29886d9b ] Request (ServerShowV257Test:tearDownClass): 200 GET http://10.180.1.21/networking/v2.0/security-groups?tenant_id=f4e03d853c324e39956bc24dc78b6b94&name=default 0.258s
2025-11-20 20:27:28.732 66043 INFO tempest.lib.common.rest_client [req-10963b91-d92a-407f-81e6-3b02de4ea800 req-10963b91-d92a-407f-81e6-3b02de4ea800 ] Request (VolumesAssistedSnapshotsTest:tearDownClass): 200 PUT http://10.180.1.21/networking/v2.0/routers/806b4139-3875-483f-b00a-607caa045a47/remove_router_interface 0.958s
2025-11-20 20:27:28.789 66092 INFO tempest.lib.common.rest_client [req-7a9f33c4-5177-4ed7-a6d8-9cff839cd34e req-7a9f33c4-5177-4ed7-a6d8-9cff839cd34e ] Request (AttachVolumeShelveTestJSON:test_attach_volume_shelved_or_offload_server): 200 GET http://10.180.1.21/compute/v2.1/servers/c1dffb08-8d14-4976-addd-6f563b1f31fb 1.608s
2025-11-20 20:27:28.908 66077 INFO tempest.lib.common.rest_client [req-f34fb704-d99d-44a6-80b8-da5c3c2cd710 req-f34fb704-d99d-44a6-80b8-da5c3c2cd710 ] Request (ServerShowV257Test:tearDownClass): 204 DELETE http://10.180.1.21/networking/v2.0/security-groups/8a5a55da-256b-4c63-9e9b-9afc74331d28 0.223s
2025-11-20 20:27:28.945 66053 INFO tempest.lib.common.rest_client [req-1dde5b80-02fa-4561-8787-6f837bb76b7a req-1dde5b80-02fa-4561-8787-6f837bb76b7a ] Request (ServerActionsV293TestJSON:test_rebuild_volume_backed_server): 200 GET http://10.180.1.21/compute/v2.1/servers/1ee31b8f-5bb3-473a-b27f-331a853ed787 1.820s
2025-11-20 20:27:29.014 66053 INFO tempest.lib.common.rest_client [req-7a86701d-35eb-42af-80cd-9794616e93a4 req-7a86701d-35eb-42af-80cd-9794616e93a4 ] Request (ServerActionsV293TestJSON:test_rebuild_volume_backed_server): 200 GET http://10.180.1.21/volume/v3/volumes/31daff33-ed42-496b-b3d1-243c6343e16b 0.049s
2025-11-20 20:27:29.023 66053 INFO tempest.lib.common.ssh [-] Creating ssh connection to '10.180.180.165:22' as 'cirros' with public key authentication
2025-11-20 20:27:29.024 66077 INFO tempest.lib.common.rest_client [req-f8535177-96d3-43f1-92ca-210cd38b1837 req-f8535177-96d3-43f1-92ca-210cd38b1837 ] Request (ServerShowV257Test:tearDownClass): 204 DELETE http://10.180.1.21/identity/v3/projects/f4e03d853c324e39956bc24dc78b6b94 0.116s
2025-11-20 20:27:29.107 66077 INFO tempest.lib.common.rest_client [req-0d202606-fe6b-45a3-8319-edfd4708fe0d req-0d202606-fe6b-45a3-8319-edfd4708fe0d ] Request (AttachVolumeTestJSON:setUpClass): 201 POST http://10.180.1.21/identity/v3/auth/tokens 0.081s
2025-11-20 20:27:29.136 66077 INFO tempest.lib.common.rest_client [req-a438eac4-cab5-4119-af7c-db962f3da1f9 req-a438eac4-cab5-4119-af7c-db962f3da1f9 ] Request (AttachVolumeTestJSON:setUpClass): 201 POST http://10.180.1.21/identity/v3/auth/tokens 0.027s
2025-11-20 20:27:29.165 66077 INFO tempest.lib.common.rest_client [req-3f1ca1ef-3b6f-439d-a9d6-862f00f87615 req-3f1ca1ef-3b6f-439d-a9d6-862f00f87615 ] Request (AttachVolumeTestJSON:setUpClass): 200 GET http://10.180.1.21/identity/v3/domains?name=Default 0.028s
2025-11-20 20:27:29.207 66077 INFO tempest.lib.common.rest_client [req-48539c1e-97db-4254-b857-66fe2a953d83 req-48539c1e-97db-4254-b857-66fe2a953d83 ] Request (AttachVolumeTestJSON:setUpClass): 201 POST http://10.180.1.21/identity/v3/projects 0.039s
2025-11-20 20:27:29.301 66043 INFO tempest.lib.common.rest_client [req-f4ab89e3-d4df-4bcd-82fa-e8f776ac8f5a req-f4ab89e3-d4df-4bcd-82fa-e8f776ac8f5a ] Request (VolumesAssistedSnapshotsTest:tearDownClass): 204 DELETE http://10.180.1.21/networking/v2.0/routers/806b4139-3875-483f-b00a-607caa045a47 0.567s
2025-11-20 20:27:29.329 66077 INFO tempest.lib.common.rest_client [req-64c7c5d5-ab8e-42cc-be44-0f0495365859 req-64c7c5d5-ab8e-42cc-be44-0f0495365859 ] Request (AttachVolumeTestJSON:setUpClass): 201 POST http://10.180.1.21/identity/v3/users 0.121s
2025-11-20 20:27:29.361 66077 INFO tempest.lib.common.rest_client [req-f02dcd2f-bb2a-411f-89a2-bfdb0409fb86 req-f02dcd2f-bb2a-411f-89a2-bfdb0409fb86 ] Request (AttachVolumeTestJSON:setUpClass): 200 GET http://10.180.1.21/identity/v3/roles 0.031s
2025-11-20 20:27:29.387 66065 INFO tempest.lib.common.rest_client [req-d098770f-672a-4401-a0a6-6b185675f7f3 req-d098770f-672a-4401-a0a6-6b185675f7f3 ] Request (MigrationsAdminTest:test_resize_server_revert_deleted_flavor): 200 GET http://10.180.1.21/compute/v2.1/servers/02fa8028-04bb-4b33-8931-e7af29af0204 1.966s
2025-11-20 20:27:29.414 66077 INFO tempest.lib.common.rest_client [req-c3e5f196-5420-438d-859c-69795dcb878f req-c3e5f196-5420-438d-859c-69795dcb878f ] Request (AttachVolumeTestJSON:setUpClass): 204 PUT http://10.180.1.21/identity/v3/projects/44bf2c1a9a904b12a683ebb7b184c7ef/users/f911b88d2080471b8ad8436e56010f15/roles/daa461205a714dd1a3dbe963101ee39e 0.052s
2025-11-20 20:27:29.415 66077 INFO tempest.lib.common.dynamic_creds [-] Dynamic test user f911b88d2080471b8ad8436e56010f15 is created with scope project and roles: ['member']
2025-11-20 20:27:29.415 66077 INFO tempest.lib.common.dynamic_creds [-] Acquired dynamic creds: credentials: Credentials: {'domain_id': 'default', 'domain_name': 'Default', 'username': 'tempest-AttachVolumeTestJSON-1819888781-project-member', 'project_domain_id': 'default', 'project_domain_name': 'Default', 'project_id': '44bf2c1a9a904b12a683ebb7b184c7ef', 'project_name': 'tempest-AttachVolumeTestJSON-1819888781', 'tenant_id': '44bf2c1a9a904b12a683ebb7b184c7ef', 'tenant_name': 'tempest-AttachVolumeTestJSON-1819888781', 'user_domain_id': 'default', 'user_domain_name': 'Default', 'user_id': 'f911b88d2080471b8ad8436e56010f15', 'system': None}, Network: None, Subnet: None, Router: None
2025-11-20 20:27:29.529 66077 INFO tempest.lib.common.rest_client [req-3fe6a191-7ebb-4dcf-80df-4e948379ba31 req-3fe6a191-7ebb-4dcf-80df-4e948379ba31 ] Request (AttachVolumeTestJSON:setUpClass): 201 POST http://10.180.1.21/identity/v3/auth/tokens 0.113s
2025-11-20 20:27:29.532 66055 INFO tempest.lib.common.rest_client [req-708ea2a3-7e59-45b7-83d7-b00a0002ab62 req-708ea2a3-7e59-45b7-83d7-b00a0002ab62 ] Request (ListServerFiltersTestJSON:test_list_servers_filter_by_shutoff_status): 200 GET http://10.180.1.21/compute/v2.1/servers/9f14574b-6e8e-433e-84c4-9358e60bb7ce 2.152s
2025-11-20 20:27:29.626 66043 INFO tempest.lib.common.rest_client [req-e25d697f-3d63-4ad0-984a-364184bcc75d req-e25d697f-3d63-4ad0-984a-364184bcc75d ] Request (VolumesAssistedSnapshotsTest:tearDownClass): 204 DELETE http://10.180.1.21/networking/v2.0/subnets/591d2cd9-3ae6-4572-9125-bfd7a70d7ac9 0.325s
2025-11-20 20:27:29.676 66049 INFO tempest.lib.common.rest_client [req-f79da1a0-8b88-487e-bbeb-13c1c600a537 req-f79da1a0-8b88-487e-bbeb-13c1c600a537 ] Request (MultipleCreateTestJSON:test_multiple_create): 200 GET http://10.180.1.21/compute/v2.1/servers/80e8abe3-552a-42a8-83df-55ea1d2f04c0 2.167s
2025-11-20 20:27:29.688 66079 INFO tempest.lib.common.rest_client [req-5f7cf5c4-9f22-4bc5-9a0c-541c1a5980e6 req-5f7cf5c4-9f22-4bc5-9a0c-541c1a5980e6 ] Request (KeyPairsV22TestJSON:test_keypairsv22_create_list_show_with_type): 200 GET http://10.180.1.21/compute/v2.1/os-keypairs/tempest-keypair-759791527 2.073s
2025-11-20 20:27:29.787 66059 INFO tempest.lib.common.rest_client [req-5af98a4f-bbc8-4cdc-a7ea-33d6c413e4df req-5af98a4f-bbc8-4cdc-a7ea-33d6c413e4df ] Request (ServersTestBootFromVolume:setUpClass): 200 GET http://10.180.1.21/compute/v2.1/servers/651e4382-f857-4e51-be98-7a69232637cb 2.171s
2025-11-20 20:27:29.829 66097 INFO tempest.lib.common.rest_client [req-f3f692c1-129a-48c4-996e-fd4f6b51ed45 req-f3f692c1-129a-48c4-996e-fd4f6b51ed45 ] Request (FlavorsV261TestJSON:test_crud_flavor): 200 GET http://10.180.1.21/compute/v2.1/flavors/detail 2.126s
2025-11-20 20:27:29.986 66077 INFO tempest.lib.common.rest_client [req-cf67318a-f75a-44b9-9760-2bd452448335 req-cf67318a-f75a-44b9-9760-2bd452448335 ] Request (AttachVolumeTestJSON:setUpClass): 201 POST http://10.180.1.21/networking/v2.0/networks 0.456s
2025-11-20 20:27:30.057 66043 INFO tempest.lib.common.rest_client [req-87fc9a4f-5373-47d2-8a1e-7cd978acae6f req-87fc9a4f-5373-47d2-8a1e-7cd978acae6f ] Request (VolumesAssistedSnapshotsTest:tearDownClass): 204 DELETE http://10.180.1.21/networking/v2.0/networks/03167c58-b942-4522-bfec-a2a14727d011 0.430s
2025-11-20 20:27:30.092 66039 WARNING tempest.lib.common.ssh [-] Failed to establish authenticated ssh connection to cirros@10.180.180.199 ([Errno None] Unable to connect to port 22 on 10.180.180.199). Number attempts: 3. Retry after 4 seconds.: paramiko.ssh_exception.NoValidConnectionsError: [Errno None] Unable to connect to port 22 on 10.180.180.199
2025-11-20 20:27:30.154 66089 INFO tempest.lib.common.rest_client [req-be42dfed-0958-4ac0-9262-5ab632611db4 req-be42dfed-0958-4ac0-9262-5ab632611db4 ] Request (SecurityGroupsTestJSON:test_security_groups_create_list_delete): 200 POST http://10.180.1.21/compute/v2.1/os-security-groups 2.496s
2025-11-20 20:27:30.174 66071 INFO tempest.lib.common.rest_client [req-83c8d35a-1fac-40bb-8e3f-5b0ccff63b4f req-83c8d35a-1fac-40bb-8e3f-5b0ccff63b4f ] Request (ServerMetadataNegativeTestJSON:setUpClass): 200 GET http://10.180.1.21/compute/v2.1/servers/89576a50-d305-48e2-89f2-2c5a91e2c204 2.381s
2025-11-20 20:27:30.202 66088 INFO tempest.lib.common.rest_client [req-9964eecf-3007-47a2-b6d9-b1a0c63c661e req-9964eecf-3007-47a2-b6d9-b1a0c63c661e ] Request (ListImageFiltersTestJSON:setUpClass): 200 GET http://10.180.1.21/compute/v2.1/images/def33e3c-e648-498d-8277-0689c16971f8 2.361s
2025-11-20 20:27:30.361 66077 INFO tempest.lib.common.rest_client [req-63249017-0b27-4b94-8674-3ea2d237cdca req-63249017-0b27-4b94-8674-3ea2d237cdca ] Request (AttachVolumeTestJSON:setUpClass): 201 POST http://10.180.1.21/networking/v2.0/subnets 0.374s
2025-11-20 20:27:30.784 66073 INFO tempest.lib.common.rest_client [req-8943e84b-62f6-430b-990e-aacf5136e283 req-8943e84b-62f6-430b-990e-aacf5136e283 ] Request (InstanceActionsV221TestJSON:test_get_list_deleted_instance_actions): 200 GET http://10.180.1.21/compute/v2.1/servers/361105bf-f13c-4c6f-973f-b8e70665f84e 2.884s
2025-11-20 20:27:30.793 66075 INFO tempest.lib.common.rest_client [req-8ba19519-a07b-4509-aab2-efe61ed4d227 req-8ba19519-a07b-4509-aab2-efe61ed4d227 ] Request (FloatingIPsAssociationTestJSON:test_associate_already_associated_floating_ip): 200 GET http://10.180.1.21/compute/v2.1/servers/6889468b-121b-48cb-a32b-c1411750f54f 2.870s
2025-11-20 20:27:30.909 66067 INFO tempest.lib.common.rest_client [req-e204dbe3-df59-4cee-804f-cb61d4bb46ba req-e204dbe3-df59-4cee-804f-cb61d4bb46ba ] Request (ServerExternalEventsTest:tearDownClass): 204 DELETE http://10.180.1.21/compute/v2.1/servers/a4e298d5-1423-4561-b40f-d61ec5e6ba83 2.629s
2025-11-20 20:27:31.338 66043 INFO tempest.lib.common.rest_client [req-231cff90-d230-4a72-bd7d-d52cd7181a22 req-231cff90-d230-4a72-bd7d-d52cd7181a22 ] Request (VolumesAssistedSnapshotsTest:tearDownClass): 200 PUT http://10.180.1.21/networking/v2.0/routers/f352f8c9-6941-42ab-8985-6ff80892408c/remove_router_interface 1.281s
2025-11-20 20:27:31.627 66063 WARNING tempest.lib.common.ssh [-] Failed to establish authenticated ssh connection to cirros@10.180.180.208 ([Errno None] Unable to connect to port 22 on 10.180.180.208). Number attempts: 2. Retry after 3 seconds.: paramiko.ssh_exception.NoValidConnectionsError: [Errno None] Unable to connect to port 22 on 10.180.180.208
2025-11-20 20:27:31.917 66077 INFO tempest.lib.common.rest_client [req-e27d1a9c-f9cc-40f2-bcca-1ff1458d5748 req-e27d1a9c-f9cc-40f2-bcca-1ff1458d5748 ] Request (AttachVolumeTestJSON:setUpClass): 201 POST http://10.180.1.21/networking/v2.0/routers 1.555s
2025-11-20 20:27:31.944 66085 INFO tempest.lib.common.rest_client [req-5c3b290b-5947-4c6e-ad9b-d25c2e8c4fb6 req-5c3b290b-5947-4c6e-ad9b-d25c2e8c4fb6 ] Request (ListServersNegativeTestJSON:setUpClass): 200 GET http://10.180.1.21/compute/v2.1/servers/181f94d0-a313-4bc2-91a9-37ba572dc379 3.659s
2025-11-20 20:27:31.951 66085 INFO tempest.common.waiters [-] State transition "ACTIVE/deleting" ==> "DELETED/None" after 4 second wait
2025-11-20 20:27:32.140 66053 WARNING tempest.lib.common.ssh [-] Failed to establish authenticated ssh connection to cirros@10.180.180.165 ([Errno None] Unable to connect to port 22 on 10.180.180.165). Number attempts: 1. Retry after 2 seconds.: paramiko.ssh_exception.NoValidConnectionsError: [Errno None] Unable to connect to port 22 on 10.180.180.165
2025-11-20 20:27:32.559 66043 INFO tempest.lib.common.rest_client [req-29aa0201-0b2f-4966-8431-1dc9ca3ed8f9 req-29aa0201-0b2f-4966-8431-1dc9ca3ed8f9 ] Request (VolumesAssistedSnapshotsTest:tearDownClass): 204 DELETE http://10.180.1.21/networking/v2.0/routers/f352f8c9-6941-42ab-8985-6ff80892408c 1.220s
2025-11-20 20:27:33.146 66101 INFO tempest.lib.common.rest_client [req-ad9c148a-e5cb-4804-a0d8-8008c233f492 req-ad9c148a-e5cb-4804-a0d8-8008c233f492 ] Request (ServersTestMultiNic:_run_cleanups): 200 GET http://10.180.1.21/compute/v2.1/servers/bb377ed3-35f4-4001-a73c-45d257bec3f2 4.568s
2025-11-20 20:27:33.206 66083 INFO tempest.lib.common.rest_client [req-fd0b06af-1ee2-4bf4-91b3-16b8d9e6a600 req-fd0b06af-1ee2-4bf4-91b3-16b8d9e6a600 ] Request (InstanceActionsTestJSON:tearDownClass): 200 GET http://10.180.1.21/compute/v2.1/servers/c8ea402b-3b65-4b67-ae16-b3ae51a3dc86 4.915s
2025-11-20 20:27:33.264 66095 INFO tempest.lib.common.rest_client [req-9f9eeadf-fa49-4a51-84d3-a9f1c8a89806 req-9f9eeadf-fa49-4a51-84d3-a9f1c8a89806 ] Request (ImagesOneServerTestJSON:test_create_image_specify_multibyte_character_image_name): 200 GET http://10.180.1.21/compute/v2.1/images/55771506-0667-49e0-a2e9-c4357653b6e1 4.381s
2025-11-20 20:27:33.458 66043 INFO tempest.lib.common.rest_client [req-48bad43f-c15f-4213-986b-148cb6b32ff4 req-48bad43f-c15f-4213-986b-148cb6b32ff4 ] Request (VolumesAssistedSnapshotsTest:tearDownClass): 204 DELETE http://10.180.1.21/networking/v2.0/subnets/63e9c2bf-789f-4214-a51f-721af944dab4 0.895s
2025-11-20 20:27:33.535 66061 INFO tempest.lib.common.rest_client [req-1499acd1-d971-4c34-bc3d-223bf36384dd req-1499acd1-d971-4c34-bc3d-223bf36384dd ] Request (ServerDiskConfigTestJSON:test_rebuild_server_with_manual_disk_config): 200 GET http://10.180.1.21/compute/v2.1/servers/a21615cc-1e3a-494a-ab00-7e4bd8119739 4.704s
2025-11-20 20:27:33.734 66077 INFO tempest.lib.common.rest_client [req-1ea1672a-ba55-4ede-8407-88c0bc52de2a req-1ea1672a-ba55-4ede-8407-88c0bc52de2a ] Request (AttachVolumeTestJSON:setUpClass): 200 PUT http://10.180.1.21/networking/v2.0/routers/13d05b1e-e93d-419a-8dae-e0d0afd3c1a2/add_router_interface 1.817s
2025-11-20 20:27:33.734 66077 INFO tempest.lib.common.dynamic_creds [-] Created isolated network resources for: credentials: Credentials: {'domain_id': 'default', 'domain_name': 'Default', 'username': 'tempest-AttachVolumeTestJSON-1819888781-project-member', 'project_domain_id': 'default', 'project_domain_name': 'Default', 'project_id': '44bf2c1a9a904b12a683ebb7b184c7ef', 'project_name': 'tempest-AttachVolumeTestJSON-1819888781', 'tenant_id': '44bf2c1a9a904b12a683ebb7b184c7ef', 'tenant_name': 'tempest-AttachVolumeTestJSON-1819888781', 'user_domain_id': 'default', 'user_domain_name': 'Default', 'user_id': 'f911b88d2080471b8ad8436e56010f15', 'system': None}, Network: {'id': 'e5ad45cb-2943-4e8f-a809-01858ab04ca0', 'name': 'tempest-AttachVolumeTestJSON-571225427-network', 'tenant_id': '44bf2c1a9a904b12a683ebb7b184c7ef', 'project_id': '44bf2c1a9a904b12a683ebb7b184c7ef', 'admin_state_up': True, 'mtu': 8950, 'status': 'ACTIVE', 'subnets': [], 'shared': False, 'port_security_enabled': True, 'router:external': False, 'provider:network_type': 'vlan', 'provider:physical_network': 'default', 'provider:segmentation_id': 119, 'availability_zone_hints': [], 'availability_zones': [], 'ipv4_address_scope': None, 'ipv6_address_scope': None, 'description': '', 'tags': [], 'created_at': '2025-11-20T20:27:29Z', 'updated_at': '2025-11-20T20:27:29Z', 'revision_number': 1}, Subnet: {'id': '9177412f-b5b2-4ee8-b9e4-3a1df55aa1bf', 'name': 'tempest-AttachVolumeTestJSON-571225427-subnet', 'tenant_id': '44bf2c1a9a904b12a683ebb7b184c7ef', 'network_id': 'e5ad45cb-2943-4e8f-a809-01858ab04ca0', 'ip_version': 4, 'subnetpool_id': None, 'enable_dhcp': True, 'ipv6_ra_mode': None, 'ipv6_address_mode': None, 'gateway_ip': '192.168.128.1', 'cidr': '192.168.128.0/28', 'allocation_pools': [{'start': '192.168.128.2', 'end': '192.168.128.14'}], 'host_routes': [], 'dns_nameservers': [], 'description': '', 'router:external': False, 'service_types': [], 'tags': [], 'created_at': '2025-11-20T20:27:30Z', 'updated_at': '2025-11-20T20:27:30Z', 'revision_number': 0, 'project_id': '44bf2c1a9a904b12a683ebb7b184c7ef'}, Router: {'id': '13d05b1e-e93d-419a-8dae-e0d0afd3c1a2', 'name': 'tempest-AttachVolumeTestJSON-571225427-router', 'tenant_id': '44bf2c1a9a904b12a683ebb7b184c7ef', 'admin_state_up': True, 'status': 'ACTIVE', 'external_gateway_info': {'network_id': 'c6444fac-f009-4ad2-ac11-cfe1f6924857', 'external_fixed_ips': [{'subnet_id': 'adf2f831-91f2-496d-80dd-024e428bbe33', 'ip_address': '10.180.180.154'}], 'enable_snat': True}, 'description': '', 'availability_zones': [], 'distributed': False, 'ha': False, 'availability_zone_hints': [], 'routes': [], 'flavor_id': None, 'tags': [], 'created_at': '2025-11-20T20:27:31Z', 'updated_at': '2025-11-20T20:27:31Z', 'revision_number': 2, 'project_id': '44bf2c1a9a904b12a683ebb7b184c7ef'}
2025-11-20 20:27:33.872 66077 INFO tempest.lib.common.rest_client [req-e4ee9efe-c255-4831-a655-a5e8761e2a70 req-e4ee9efe-c255-4831-a655-a5e8761e2a70 ] Request (AttachVolumeTestJSON:setUpClass): 201 POST http://10.180.1.21/identity/v3/auth/tokens 0.134s
2025-11-20 20:27:34.030 66043 INFO tempest.lib.common.rest_client [req-4a0c6c68-8fc0-412b-aff7-da19cbb0e3d4 req-4a0c6c68-8fc0-412b-aff7-da19cbb0e3d4 ] Request (VolumesAssistedSnapshotsTest:tearDownClass): 204 DELETE http://10.180.1.21/networking/v2.0/networks/1a87d98f-58be-4064-abdf-1df1ca8bc755 0.572s
2025-11-20 20:27:34.156 66041 INFO tempest.lib.common.rest_client [req-b7dea4cd-b5c7-40e6-ac66-37ef6ae42e22 req-b7dea4cd-b5c7-40e6-ac66-37ef6ae42e22 ] Request (ServerActionsTestOtherB:setUpClass): 200 GET http://10.180.1.21/compute/v2.1/servers/63bdb800-aeda-456e-9acd-afab1096c9d1 5.184s
2025-11-20 20:27:34.165 66041 INFO tempest.common.waiters [-] State transition "BUILD/spawning" ==> "ACTIVE/None" after 21 second wait
2025-11-20 20:27:34.443 66047 INFO tempest.lib.common.rest_client [req-1b78d3e9-bdd9-41a6-bc17-2c8ee5b061c2 req-1b78d3e9-bdd9-41a6-bc17-2c8ee5b061c2 ] Request (ServerAddressesTestJSON:setUpClass): 200 GET http://10.180.1.21/compute/v2.1/servers/f0062382-d9ea-489c-9e51-99b494a435da 5.415s
2025-11-20 20:27:34.450 66047 INFO tempest.common.waiters [-] State transition "BUILD/None" ==> "BUILD/spawning" after 19 second wait
2025-11-20 20:27:34.598 66039 WARNING tempest.lib.common.ssh [-] Failed to establish authenticated ssh connection to cirros@10.180.180.199 ([Errno None] Unable to connect to port 22 on 10.180.180.199). Number attempts: 4. Retry after 5 seconds.: paramiko.ssh_exception.NoValidConnectionsError: [Errno None] Unable to connect to port 22 on 10.180.180.199
2025-11-20 20:27:34.860 66043 INFO tempest.lib.common.rest_client [req-0ca56478-22ce-450f-b402-3944b896687d req-0ca56478-22ce-450f-b402-3944b896687d ] Request (VolumesAssistedSnapshotsTest:tearDownClass): 200 PUT http://10.180.1.21/networking/v2.0/routers/72da39a4-4a20-4fd4-8dc6-6fcda54a0183/remove_router_interface 0.829s
2025-11-20 20:27:34.914 66099 INFO tempest.lib.common.rest_client [req-6ebeb985-1dea-4bac-8673-52b1ea5cc38f req-6ebeb985-1dea-4bac-8673-52b1ea5cc38f ] Request (ServerRescueNegativeTestJSON:setUpClass): 200 GET http://10.180.1.21/compute/v2.1/servers/89425ade-bec0-4810-8284-ee9dd50a8c06 5.800s
2025-11-20 20:27:35.367 66043 INFO tempest.lib.common.rest_client [req-187b7072-bb7a-40ab-ba99-27c103447112 req-187b7072-bb7a-40ab-ba99-27c103447112 ] Request (VolumesAssistedSnapshotsTest:tearDownClass): 204 DELETE http://10.180.1.21/networking/v2.0/routers/72da39a4-4a20-4fd4-8dc6-6fcda54a0183 0.506s
2025-11-20 20:27:35.457 66051 INFO tempest.lib.common.rest_client [req-f201548c-2695-4988-83d3-d2b49012d2b1 req-f201548c-2695-4988-83d3-d2b49012d2b1 ] Request (ServersWithSpecificFlavorTestJSON:test_verify_created_server_ephemeral_disk): 200 GET http://10.180.1.21/compute/v2.1/servers/2342f97e-f740-49a0-b3ed-87bcfa9e2fa1 6.266s
2025-11-20 20:27:35.487 66057 INFO tempest.lib.common.rest_client [req-7ef24a2b-ee42-45ae-a5ba-cf0a15e73d7f req-7ef24a2b-ee42-45ae-a5ba-cf0a15e73d7f ] Request (ServersNegativeTestJSON:setUpClass): 200 GET http://10.180.1.21/compute/v2.1/servers/c46c1769-6758-4ad1-8768-8579ce514021 6.346s
2025-11-20 20:27:35.496 66057 INFO tempest.common.waiters [-] State transition "BUILD/spawning" ==> "ACTIVE/None" after 21 second wait
2025-11-20 20:27:35.581 66057 INFO tempest.lib.common.rest_client [req-bc94fa80-e129-44fe-adce-ed21e2e42c53 req-bc94fa80-e129-44fe-adce-ed21e2e42c53 ] Request (ServersNegativeTestJSON:setUpClass): 201 POST http://10.180.1.21/identity/v3/auth/tokens 0.078s
2025-11-20 20:27:35.581 66057 INFO tempest.lib.common.fixed_network [-] (ServersNegativeTestJSON:setUpClass) Found network {'id': 'caeb0c63-e524-44d9-a3f3-d330265a2b0e', 'name': 'tempest-ServersNegativeTestJSON-390549341-network', 'tenant_id': 'a8a6ae75473d441688fb59c9c7b328ea', 'project_id': 'a8a6ae75473d441688fb59c9c7b328ea', 'admin_state_up': True, 'mtu': 8950, 'status': 'ACTIVE', 'subnets': [], 'shared': False, 'port_security_enabled': True, 'router:external': False, 'provider:network_type': 'vlan', 'provider:physical_network': 'default', 'provider:segmentation_id': 256, 'availability_zone_hints': [], 'availability_zones': [], 'ipv4_address_scope': None, 'ipv6_address_scope': None, 'description': '', 'tags': [], 'created_at': '2025-11-20T20:26:45Z', 'updated_at': '2025-11-20T20:26:45Z', 'revision_number': 1} available for tenant
2025-11-20 20:27:35.643 66043 INFO tempest.lib.common.rest_client [req-5c79f522-a0f5-4948-aa26-19df7644a65a req-5c79f522-a0f5-4948-aa26-19df7644a65a ] Request (VolumesAssistedSnapshotsTest:tearDownClass): 204 DELETE http://10.180.1.21/networking/v2.0/subnets/feb58f05-ecf0-475c-bbdd-c4a3d0785a05 0.276s
2025-11-20 20:27:35.687 66069 INFO tempest.lib.common.rest_client [req-5e1b579d-b661-4338-ac2d-835796b88d24 req-5e1b579d-b661-4338-ac2d-835796b88d24 ] Request (ImagesTestJSON:test_create_image_from_suspended_server): 200 GET http://10.180.1.21/compute/v2.1/servers/474f8ea3-8078-4755-8f13-5c16d6feb78d 6.269s
2025-11-20 20:27:35.700 66079 INFO tempest.lib.common.rest_client [req-1eb0d29e-d2d5-424f-b45d-1426a0096edb req-1eb0d29e-d2d5-424f-b45d-1426a0096edb ] Request (KeyPairsV22TestJSON:test_keypairsv22_create_list_show_with_type): 200 GET http://10.180.1.21/compute/v2.1/os-keypairs 6.010s
2025-11-20 20:27:35.964 66043 INFO tempest.lib.common.rest_client [req-2e1d9d53-eb84-4513-aec4-f814aa38b9e1 req-2e1d9d53-eb84-4513-aec4-f814aa38b9e1 ] Request (VolumesAssistedSnapshotsTest:tearDownClass): 204 DELETE http://10.180.1.21/networking/v2.0/networks/529df9d7-2fed-4b55-86e0-47b4211200da 0.320s
2025-11-20 20:27:36.020 66081 INFO tempest.lib.common.rest_client [req-ab825284-459c-4991-8a72-6a3ee7ef3957 req-ab825284-459c-4991-8a72-6a3ee7ef3957 ] Request (ServerActionsTestOtherA:test_rebuild_server_in_stop_state): 200 GET http://10.180.1.21/compute/v2.1/servers/8a169693-eae1-4796-a42b-b7cb2e9aeadb 6.558s
2025-11-20 20:27:36.033 66081 INFO tempest.common.waiters [-] State transition "ACTIVE/powering-off" ==> "SHUTOFF/None" after 8 second wait
2025-11-20 20:27:36.039 66092 INFO tempest.lib.common.rest_client [req-391c7be9-5a37-4a22-b542-f27259fcc801 req-391c7be9-5a37-4a22-b542-f27259fcc801 ] Request (AttachVolumeShelveTestJSON:test_attach_volume_shelved_or_offload_server): 200 GET http://10.180.1.21/compute/v2.1/servers/c1dffb08-8d14-4976-addd-6f563b1f31fb 6.236s
2025-11-20 20:27:36.053 66092 INFO tempest.common.waiters [-] State transition "BUILD/scheduling" ==> "BUILD/None" after 16 second wait
2025-11-20 20:27:36.062 66097 INFO tempest.lib.common.rest_client [req-46565495-461f-46f1-b598-a2294f8cc858 req-46565495-461f-46f1-b598-a2294f8cc858 ] Request (FlavorsV261TestJSON:test_crud_flavor): 200 GET http://10.180.1.21/compute/v2.1/flavors 6.226s
2025-11-20 20:27:36.062 66043 INFO tempest.lib.common.rest_client [req-aaba8e1b-4232-4691-affe-56b3024beb23 req-aaba8e1b-4232-4691-affe-56b3024beb23 ] Request (VolumesAssistedSnapshotsTest:tearDownClass): 204 DELETE http://10.180.1.21/identity/v3/users/8f217748e7904c3c98bd1d7119e64abd 0.097s
2025-11-20 20:27:36.106 66088 INFO tempest.lib.common.rest_client [req-4f303d82-0f91-4dd9-952b-e628579a07e1 req-4f303d82-0f91-4dd9-952b-e628579a07e1 ] Request (ListImageFiltersTestJSON:setUpClass): 200 GET http://10.180.1.21/compute/v2.1/images/def33e3c-e648-498d-8277-0689c16971f8 5.898s
2025-11-20 20:27:36.188 66043 INFO tempest.lib.common.rest_client [req-868bd59d-3a8b-4741-abe9-2d837e8fc743 req-868bd59d-3a8b-4741-abe9-2d837e8fc743 ] Request (VolumesAssistedSnapshotsTest:tearDownClass): 204 DELETE http://10.180.1.21/identity/v3/users/9553998fcffe46378cf4cf7cb76cf6d2 0.126s
2025-11-20 20:27:36.189 66089 INFO tempest.lib.common.rest_client [req-eb40afef-e111-4ff0-a26b-0e4b3fcb0b5c req-eb40afef-e111-4ff0-a26b-0e4b3fcb0b5c ] Request (SecurityGroupsTestJSON:test_security_groups_create_list_delete): 200 POST http://10.180.1.21/compute/v2.1/os-security-groups 6.032s
2025-11-20 20:27:36.259 66065 INFO tempest.lib.common.rest_client [req-4c6aff46-0566-408e-b6ef-73fa209e3d66 req-4c6aff46-0566-408e-b6ef-73fa209e3d66 ] Request (MigrationsAdminTest:test_resize_server_revert_deleted_flavor): 200 GET http://10.180.1.21/compute/v2.1/servers/02fa8028-04bb-4b33-8931-e7af29af0204 5.863s
2025-11-20 20:27:36.328 66043 INFO tempest.lib.common.rest_client [req-7ed86d91-1ce5-428e-9856-7259f35b175e req-7ed86d91-1ce5-428e-9856-7259f35b175e ] Request (VolumesAssistedSnapshotsTest:tearDownClass): 204 DELETE http://10.180.1.21/identity/v3/users/d97a3eb37e674a99ada22734988997d5 0.139s
2025-11-20 20:27:36.328 66043 INFO tempest.lib.common.dynamic_creds [-] Deleting project and security group for project: c997f1cdfa614cc081c0a628be3fb05c
2025-11-20 20:27:36.355 66049 INFO tempest.lib.common.rest_client [req-0331091f-c1f5-48c3-93eb-ede8d312ef52 req-0331091f-c1f5-48c3-93eb-ede8d312ef52 ] Request (MultipleCreateTestJSON:test_multiple_create): 200 GET http://10.180.1.21/compute/v2.1/servers/80e8abe3-552a-42a8-83df-55ea1d2f04c0 5.668s
2025-11-20 20:27:36.388 66043 INFO tempest.lib.common.rest_client [req-7a03cd34-b1b7-4ec3-8717-d028796c2d96 req-7a03cd34-b1b7-4ec3-8717-d028796c2d96 ] Request (VolumesAssistedSnapshotsTest:tearDownClass): 200 GET http://10.180.1.21/networking/v2.0/security-groups?tenant_id=c997f1cdfa614cc081c0a628be3fb05c&name=default 0.059s
2025-11-20 20:27:36.422 66055 INFO tempest.lib.common.rest_client [req-ec71ed76-902b-4dc4-819c-b71c3d8c5851 req-ec71ed76-902b-4dc4-819c-b71c3d8c5851 ] Request (ListServerFiltersTestJSON:test_list_servers_filter_by_shutoff_status): 200 GET http://10.180.1.21/compute/v2.1/servers/9f14574b-6e8e-433e-84c4-9358e60bb7ce 5.881s
2025-11-20 20:27:36.431 66055 INFO tempest.common.waiters [-] State transition "SHUTOFF/powering-on" ==> "ACTIVE/None" after 10 second wait
2025-11-20 20:27:36.457 66059 INFO tempest.lib.common.rest_client [req-58e36bad-f4c7-4666-8c1f-f5809ce831ec req-58e36bad-f4c7-4666-8c1f-f5809ce831ec ] Request (ServersTestBootFromVolume:setUpClass): 200 GET http://10.180.1.21/compute/v2.1/servers/651e4382-f857-4e51-be98-7a69232637cb 5.661s
2025-11-20 20:27:36.540 66043 INFO tempest.lib.common.rest_client [req-dd17e0c4-61ee-43d1-8839-3e755ae2ffa6 req-dd17e0c4-61ee-43d1-8839-3e755ae2ffa6 ] Request (VolumesAssistedSnapshotsTest:tearDownClass): 204 DELETE http://10.180.1.21/networking/v2.0/security-groups/99a06467-ab86-4e9b-ba09-8abbc87a9af3 0.151s
2025-11-20 20:27:36.591 66088 INFO tempest.lib.common.rest_client [req-7601f729-a340-494b-9bed-a1d8cb68bb5a req-7601f729-a340-494b-9bed-a1d8cb68bb5a ] Request (ListImageFiltersTestJSON:setUpClass): 201 POST http://10.180.1.21/image/v2/images 0.481s
2025-11-20 20:27:36.691 66043 INFO tempest.lib.common.rest_client [req-000ae9fa-20fe-47c3-ad4b-4e90d74203c3 req-000ae9fa-20fe-47c3-ad4b-4e90d74203c3 ] Request (VolumesAssistedSnapshotsTest:tearDownClass): 204 DELETE http://10.180.1.21/identity/v3/projects/c997f1cdfa614cc081c0a628be3fb05c 0.151s
2025-11-20 20:27:36.692 66043 INFO tempest.lib.common.dynamic_creds [-] Deleting project and security group for project: c118d971fc894034a2c800a2a306e413
2025-11-20 20:27:37.022 66067 INFO tempest.lib.common.rest_client [req-f59e3117-65f5-4a26-8ede-72d8daa9bc72 req-f59e3117-65f5-4a26-8ede-72d8daa9bc72 ] Request (ServerExternalEventsTest:tearDownClass): 200 GET http://10.180.1.21/compute/v2.1/servers/a4e298d5-1423-4561-b40f-d61ec5e6ba83 6.112s
2025-11-20 20:27:37.049 66071 INFO tempest.lib.common.rest_client [req-667fe1a9-463d-4d2b-b3cf-5a2c8720f47e req-667fe1a9-463d-4d2b-b3cf-5a2c8720f47e ] Request (ServerMetadataNegativeTestJSON:setUpClass): 200 GET http://10.180.1.21/compute/v2.1/servers/89576a50-d305-48e2-89f2-2c5a91e2c204 5.867s
2025-11-20 20:27:37.057 66071 INFO tempest.common.waiters [-] State transition "BUILD/None" ==> "BUILD/block_device_mapping" after 20 second wait
2025-11-20 20:27:37.064 66043 INFO tempest.lib.common.rest_client [req-d123bd57-16ab-4c8e-8311-4faeb475c6ab req-d123bd57-16ab-4c8e-8311-4faeb475c6ab ] Request (VolumesAssistedSnapshotsTest:tearDownClass): 200 GET http://10.180.1.21/networking/v2.0/security-groups?tenant_id=c118d971fc894034a2c800a2a306e413&name=default 0.372s
2025-11-20 20:27:37.119 66073 INFO tempest.lib.common.rest_client [req-38c849b6-6dde-4141-977c-06879f0133c6 req-38c849b6-6dde-4141-977c-06879f0133c6 ] Request (InstanceActionsV221TestJSON:test_get_list_deleted_instance_actions): 200 GET http://10.180.1.21/compute/v2.1/servers/361105bf-f13c-4c6f-973f-b8e70665f84e 5.320s
2025-11-20 20:27:37.205 66043 INFO tempest.lib.common.rest_client [req-702caaab-d86f-45c6-9081-391ee2ef8b3e req-702caaab-d86f-45c6-9081-391ee2ef8b3e ] Request (VolumesAssistedSnapshotsTest:tearDownClass): 204 DELETE http://10.180.1.21/networking/v2.0/security-groups/171c7ba6-2ae6-4888-9394-dfdbee0a7d38 0.141s
2025-11-20 20:27:37.230 66075 INFO tempest.lib.common.rest_client [req-8080a4b5-18c3-4808-92cd-8ae5b44431b4 req-8080a4b5-18c3-4808-92cd-8ae5b44431b4 ] Request (FloatingIPsAssociationTestJSON:test_associate_already_associated_floating_ip): 200 GET http://10.180.1.21/compute/v2.1/servers/6889468b-121b-48cb-a32b-c1411750f54f 5.420s
2025-11-20 20:27:37.238 66075 INFO tempest.common.waiters [-] State transition "BUILD/scheduling" ==> "BUILD/None" after 15 second wait
2025-11-20 20:27:37.267 66085 INFO tempest.lib.common.rest_client [req-40a6d027-d654-425f-87c4-53cefed6873f req-40a6d027-d654-425f-87c4-53cefed6873f ] Request (ListServersNegativeTestJSON:setUpClass): 200 GET http://10.180.1.21/compute/v2.1/servers/181f94d0-a313-4bc2-91a9-37ba572dc379 4.315s
2025-11-20 20:27:37.322 66043 INFO tempest.lib.common.rest_client [req-9b9da9dc-5cd7-4da8-984f-a7680484d91a req-9b9da9dc-5cd7-4da8-984f-a7680484d91a ] Request (VolumesAssistedSnapshotsTest:tearDownClass): 204 DELETE http://10.180.1.21/identity/v3/projects/c118d971fc894034a2c800a2a306e413 0.116s
2025-11-20 20:27:37.322 66043 INFO tempest.lib.common.dynamic_creds [-] Deleting project and security group for project: 2c25dbb4533f4204b0ff409e716e4746
2025-11-20 20:27:37.333 66101 INFO tempest.lib.common.rest_client [req-b3cbb80c-d277-4143-bd79-c2470bf5ba61 req-b3cbb80c-d277-4143-bd79-c2470bf5ba61 ] Request (ServersTestMultiNic:_run_cleanups): 200 GET http://10.180.1.21/compute/v2.1/servers/bb377ed3-35f4-4001-a73c-45d257bec3f2 3.179s
2025-11-20 20:27:37.341 66101 INFO tempest.common.waiters [-] State transition "ACTIVE/deleting" ==> "DELETED/None" after 10 second wait
2025-11-20 20:27:37.383 66043 INFO tempest.lib.common.rest_client [req-f2d08792-e570-47ad-85e8-910189d9dbc5 req-f2d08792-e570-47ad-85e8-910189d9dbc5 ] Request (VolumesAssistedSnapshotsTest:tearDownClass): 200 GET http://10.180.1.21/networking/v2.0/security-groups?tenant_id=2c25dbb4533f4204b0ff409e716e4746&name=default 0.060s
2025-11-20 20:27:37.394 66077 INFO tempest.lib.common.rest_client [req-9ae4208d-6fde-4104-996b-468a66df6775 req-9ae4208d-6fde-4104-996b-468a66df6775 ] Request (ValidationResourcesFixture:setUp): 200 POST http://10.180.1.21/compute/v2.1/os-keypairs 3.517s
2025-11-20 20:27:37.469 66041 INFO tempest.lib.common.rest_client [req-8350a9f0-d6f4-4eaf-b404-f6fabd5491c7 req-8350a9f0-d6f4-4eaf-b404-f6fabd5491c7 ] Request (ServerActionsTestOtherB:setUpClass): 200 GET http://10.180.1.21/compute/v2.1/servers/63bdb800-aeda-456e-9acd-afab1096c9d1/os-interface 3.303s
2025-11-20 20:27:37.508 66095 INFO tempest.lib.common.rest_client [req-e462b51a-2b31-420c-ab97-17730d107913 req-e462b51a-2b31-420c-ab97-17730d107913 ] Request (ImagesOneServerTestJSON:test_create_image_specify_multibyte_character_image_name): 200 GET http://10.180.1.21/compute/v2.1/images/55771506-0667-49e0-a2e9-c4357653b6e1 3.239s
2025-11-20 20:27:37.555 66043 INFO tempest.lib.common.rest_client [req-b8090d5e-a3d6-41ed-a68c-ff809935e49a req-b8090d5e-a3d6-41ed-a68c-ff809935e49a ] Request (VolumesAssistedSnapshotsTest:tearDownClass): 204 DELETE http://10.180.1.21/networking/v2.0/security-groups/e58ba7ed-0c47-4881-9acf-dbd472ec2af0 0.172s
2025-11-20 20:27:37.660 66077 INFO tempest.lib.common.rest_client [req-8b522c71-a5da-4408-9924-7ff257e5bf69 req-8b522c71-a5da-4408-9924-7ff257e5bf69 ] Request (ValidationResourcesFixture:setUp): 201 POST http://10.180.1.21/networking/v2.0/security-groups 0.264s
2025-11-20 20:27:37.663 66043 INFO tempest.lib.common.rest_client [req-cafe58bb-687b-46ae-a439-a2ef9ea8b820 req-cafe58bb-687b-46ae-a439-a2ef9ea8b820 ] Request (VolumesAssistedSnapshotsTest:tearDownClass): 204 DELETE http://10.180.1.21/identity/v3/projects/2c25dbb4533f4204b0ff409e716e4746 0.107s
2025-11-20 20:27:37.686 66083 INFO tempest.lib.common.rest_client [req-ed00d7cb-16a1-4c02-b0ea-9dadb635aa73 req-ed00d7cb-16a1-4c02-b0ea-9dadb635aa73 ] Request (InstanceActionsTestJSON:tearDownClass): 200 GET http://10.180.1.21/compute/v2.1/servers/c8ea402b-3b65-4b67-ae16-b3ae51a3dc86 3.470s
2025-11-20 20:27:37.694 66083 INFO tempest.common.waiters [-] State transition "ACTIVE/deleting" ==> "DELETED/None" after 4 second wait
2025-11-20 20:27:37.735 66043 INFO tempest.lib.common.rest_client [req-e0e546ae-580b-47c9-889d-cdb05d2a0496 req-e0e546ae-580b-47c9-889d-cdb05d2a0496 ] Request (AZAdminV2TestJSON:setUpClass): 201 POST http://10.180.1.21/identity/v3/auth/tokens 0.070s
2025-11-20 20:27:37.767 66043 INFO tempest.lib.common.rest_client [req-401b1d98-71dc-45fa-926a-24f1de2c94dc req-401b1d98-71dc-45fa-926a-24f1de2c94dc ] Request (AZAdminV2TestJSON:setUpClass): 201 POST http://10.180.1.21/identity/v3/auth/tokens 0.030s
2025-11-20 20:27:37.792 66043 INFO tempest.lib.common.rest_client [req-31167601-e4f4-408e-b2bc-58042f32c97c req-31167601-e4f4-408e-b2bc-58042f32c97c ] Request (AZAdminV2TestJSON:setUpClass): 200 GET http://10.180.1.21/identity/v3/domains?name=Default 0.024s
2025-11-20 20:27:37.834 66043 INFO tempest.lib.common.rest_client [req-791963df-8af7-4154-a75e-1fc409617d49 req-791963df-8af7-4154-a75e-1fc409617d49 ] Request (AZAdminV2TestJSON:setUpClass): 201 POST http://10.180.1.21/identity/v3/projects 0.041s
2025-11-20 20:27:37.913 66043 INFO tempest.lib.common.rest_client [req-f3ba70a9-49a4-47ea-a7c1-b26f9672be1f req-f3ba70a9-49a4-47ea-a7c1-b26f9672be1f ] Request (AZAdminV2TestJSON:setUpClass): 201 POST http://10.180.1.21/identity/v3/users 0.078s
