2025-11-20 20:26:29.288 66101 INFO tempest.lib.common.dynamic_creds [-] Created isolated network resources for: credentials: Credentials: {'domain_id': 'default', 'domain_name': 'Default', 'username': 'tempest-ServersTestMultiNic-1040982010-project-member', 'project_domain_id': 'default', 'project_domain_name': 'Default', 'project_id': 'f3ce4e16bb234fb3a65623e27db425f5', 'project_name': 'tempest-ServersTestMultiNic-1040982010', 'tenant_id': 'f3ce4e16bb234fb3a65623e27db425f5', 'tenant_name': 'tempest-ServersTestMultiNic-1040982010', 'user_domain_id': 'default', 'user_domain_name': 'Default', 'user_id': '3c51c33fd67744098b02ec038f0d4bf4', 'system': None}, Network: {'id': 'ed066336-1559-433d-aefa-73a063a313c9', 'name': 'tempest-ServersTestMultiNic-1806134930-network', 'tenant_id': 'f3ce4e16bb234fb3a65623e27db425f5', 'project_id': 'f3ce4e16bb234fb3a65623e27db425f5', 'admin_state_up': True, 'mtu': 8950, 'status': 'ACTIVE', 'subnets': [], 'shared': False, 'port_security_enabled': True, 'router:external': False, 'provider:network_type': 'vlan', 'provider:physical_network': 'default', 'provider:segmentation_id': 81, 'availability_zone_hints': [], 'availability_zones': [], 'ipv4_address_scope': None, 'ipv6_address_scope': None, 'description': '', 'tags': [], 'created_at': '2025-11-20T20:26:25Z', 'updated_at': '2025-11-20T20:26:25Z', 'revision_number': 1}, Subnet: {'id': 'eae70663-ff54-4e64-bf59-799bd8b6b7f0', 'name': 'tempest-ServersTestMultiNic-1806134930-subnet', 'tenant_id': 'f3ce4e16bb234fb3a65623e27db425f5', 'network_id': 'ed066336-1559-433d-aefa-73a063a313c9', 'ip_version': 4, 'subnetpool_id': None, 'enable_dhcp': True, 'ipv6_ra_mode': None, 'ipv6_address_mode': None, 'gateway_ip': '192.168.128.1', 'cidr': '192.168.128.0/28', 'allocation_pools': [{'start': '192.168.128.2', 'end': '192.168.128.14'}], 'host_routes': [], 'dns_nameservers': [], 'description': '', 'router:external': False, 'service_types': [], 'tags': [], 'created_at': '2025-11-20T20:26:26Z', 'updated_at': '2025-11-20T20:26:26Z', 'revision_number': 0, 'project_id': 'f3ce4e16bb234fb3a65623e27db425f5'}, Router: {'id': '8f9dd19a-341a-4aaa-859b-b246fbeb61e2', 'name': 'tempest-ServersTestMultiNic-1806134930-router', 'tenant_id': 'f3ce4e16bb234fb3a65623e27db425f5', 'admin_state_up': True, 'status': 'ACTIVE', 'external_gateway_info': {'network_id': 'c6444fac-f009-4ad2-ac11-cfe1f6924857', 'external_fixed_ips': [{'subnet_id': 'adf2f831-91f2-496d-80dd-024e428bbe33', 'ip_address': '10.180.180.212'}], 'enable_snat': True}, 'description': '', 'availability_zones': [], 'distributed': False, 'ha': False, 'availability_zone_hints': [], 'routes': [], 'flavor_id': None, 'tags': [], 'created_at': '2025-11-20T20:26:27Z', 'updated_at': '2025-11-20T20:26:27Z', 'revision_number': 2, 'project_id': 'f3ce4e16bb234fb3a65623e27db425f5'}
2025-11-20 20:26:29.295 66073 INFO tempest.lib.common.rest_client [req-df3d49e8-c50a-457b-b5b0-42f33e0bbdf7 req-df3d49e8-c50a-457b-b5b0-42f33e0bbdf7 ] Request (QuotasAdminTestV257:setUpClass): 200 GET http://10.180.1.21/identity/v3/domains?name=Default 0.027s
2025-11-20 20:26:29.349 66061 INFO tempest.lib.common.rest_client [req-32b3c5ae-e2f1-44b6-89a5-06462543e638 req-32b3c5ae-e2f1-44b6-89a5-06462543e638 ] Request (ServerDiskConfigTestJSON:test_rebuild_server_with_auto_disk_config): 200 GET http://10.180.1.21/compute/v2.1/servers/1e7321e4-9d1b-41c3-becf-7b886b7a27a4 6.536s
2025-11-20 20:26:29.360 66061 INFO tempest.common.waiters [-] State transition "BUILD/None" ==> "BUILD/spawning" after 19 second wait
2025-11-20 20:26:29.370 66073 INFO tempest.lib.common.rest_client [req-6f2d2e53-433f-4a53-8aaa-701ee1c3095e req-6f2d2e53-433f-4a53-8aaa-701ee1c3095e ] Request (QuotasAdminTestV257:setUpClass): 201 POST http://10.180.1.21/identity/v3/projects 0.073s
2025-11-20 20:26:29.415 66079 INFO tempest.lib.common.rest_client [req-77bd2b8f-2706-4b7c-89ad-37248b5144f0 req-77bd2b8f-2706-4b7c-89ad-37248b5144f0 ] Request (KeyPairsV22TestJSON:test_keypair_create_with_pub_key): 201 POST http://10.180.1.21/compute/v2.1/os-keypairs 6.350s
2025-11-20 20:26:29.489 66101 INFO tempest.lib.common.rest_client [req-547ddd3e-460c-4c54-b8a5-5ac642177fbf req-547ddd3e-460c-4c54-b8a5-5ac642177fbf ] Request (ServersTestMultiNic:setUpClass): 201 POST http://10.180.1.21/identity/v3/auth/tokens 0.198s
2025-11-20 20:26:29.530 66073 INFO tempest.lib.common.rest_client [req-437c0ec4-7753-46f2-957a-e2e5febc629f req-437c0ec4-7753-46f2-957a-e2e5febc629f ] Request (QuotasAdminTestV257:setUpClass): 201 POST http://10.180.1.21/identity/v3/users 0.159s
2025-11-20 20:26:29.544 66065 INFO tempest.lib.common.rest_client [req-bbc4f91f-3738-491b-95df-35fb8b290a71 req-bbc4f91f-3738-491b-95df-35fb8b290a71 ] Request (MigrationsAdminTest:test_list_migrations_in_flavor_resize_situation): 200 GET http://10.180.1.21/compute/v2.1/servers/6dc6138b-9a58-44c7-a4bf-890c36ce1197 6.534s
2025-11-20 20:26:29.567 66073 INFO tempest.lib.common.rest_client [req-0426f427-0d98-485d-b14b-b3b54bfcd85d req-0426f427-0d98-485d-b14b-b3b54bfcd85d ] Request (QuotasAdminTestV257:setUpClass): 200 GET http://10.180.1.21/identity/v3/roles 0.036s
2025-11-20 20:26:29.604 66073 INFO tempest.lib.common.rest_client [req-060409f2-aa61-47b9-9315-073c6dd2bdbb req-060409f2-aa61-47b9-9315-073c6dd2bdbb ] Request (QuotasAdminTestV257:setUpClass): 204 PUT http://10.180.1.21/identity/v3/projects/27f4fa39bd714da3aba038a6e8e823d7/users/c11401a34e9b4dfeadc53e907191d436/roles/daa461205a714dd1a3dbe963101ee39e 0.037s
2025-11-20 20:26:29.605 66073 INFO tempest.lib.common.dynamic_creds [-] Dynamic test user c11401a34e9b4dfeadc53e907191d436 is created with scope project and roles: ['member']
2025-11-20 20:26:29.605 66073 INFO tempest.lib.common.dynamic_creds [-] Acquired dynamic creds: credentials: Credentials: {'domain_id': 'default', 'domain_name': 'Default', 'username': 'tempest-QuotasAdminTestV257-930982089-project-member', 'project_domain_id': 'default', 'project_domain_name': 'Default', 'project_id': '27f4fa39bd714da3aba038a6e8e823d7', 'project_name': 'tempest-QuotasAdminTestV257-930982089', 'tenant_id': '27f4fa39bd714da3aba038a6e8e823d7', 'tenant_name': 'tempest-QuotasAdminTestV257-930982089', 'user_domain_id': 'default', 'user_domain_name': 'Default', 'user_id': 'c11401a34e9b4dfeadc53e907191d436', 'system': None}, Network: None, Subnet: None, Router: None
2025-11-20 20:26:29.605 66073 INFO tempest.lib.common.dynamic_creds [-] Created isolated network resources for: credentials: Credentials: {'domain_id': 'default', 'domain_name': 'Default', 'username': 'tempest-QuotasAdminTestV257-930982089-project-member', 'project_domain_id': 'default', 'project_domain_name': 'Default', 'project_id': '27f4fa39bd714da3aba038a6e8e823d7', 'project_name': 'tempest-QuotasAdminTestV257-930982089', 'tenant_id': '27f4fa39bd714da3aba038a6e8e823d7', 'tenant_name': 'tempest-QuotasAdminTestV257-930982089', 'user_domain_id': 'default', 'user_domain_name': 'Default', 'user_id': 'c11401a34e9b4dfeadc53e907191d436', 'system': None}, Network: None, Subnet: None, Router: None
2025-11-20 20:26:29.702 66073 INFO tempest.lib.common.rest_client [req-6427253c-aa52-45d8-8d2f-759756144dc6 req-6427253c-aa52-45d8-8d2f-759756144dc6 ] Request (QuotasAdminTestV257:setUpClass): 201 POST http://10.180.1.21/identity/v3/auth/tokens 0.094s
2025-11-20 20:26:29.776 66073 INFO tempest.lib.common.rest_client [req-45dca04a-c3ff-4bdb-b6f3-22a2fec49211 req-45dca04a-c3ff-4bdb-b6f3-22a2fec49211 ] Request (QuotasAdminTestV257:setUpClass): 201 POST http://10.180.1.21/identity/v3/projects 0.073s
2025-11-20 20:26:29.798 66055 INFO tempest.lib.common.rest_client [req-8a7cf4ce-7ce2-4d20-97a7-bb25feb1f9a9 req-8a7cf4ce-7ce2-4d20-97a7-bb25feb1f9a9 ] Request (ListServerFiltersTestJSON:test_list_servers_detailed_filter_by_server_status): 200 GET http://10.180.1.21/compute/v2.1/servers/detail?status=active 6.604s
2025-11-20 20:26:29.833 66069 INFO tempest.lib.common.rest_client [req-4634a03f-f18b-48db-b4b2-d087b3780f64 req-4634a03f-f18b-48db-b4b2-d087b3780f64 ] Request (ImagesTestJSON:test_create_image_from_stopped_server): 200 GET http://10.180.1.21/compute/v2.1/servers/74045a2c-18fb-4f2f-aa59-d14238c83ea2 6.260s
2025-11-20 20:26:29.841 66069 INFO tempest.common.waiters [-] State transition "BUILD/spawning" ==> "ACTIVE/None" after 33 second wait
2025-11-20 20:26:29.851 66101 INFO tempest.lib.common.rest_client [req-21ae482b-b9f3-4964-b853-5cf5861bdfe4 req-21ae482b-b9f3-4964-b853-5cf5861bdfe4 ] Request (ServersTestMultiNic:test_verify_duplicate_network_nics): 201 POST http://10.180.1.21/networking/v2.0/networks 0.356s
2025-11-20 20:26:29.855 66073 INFO tempest.lib.common.rest_client [req-54ed1f22-750b-47ae-b38c-d2e3fe94ee7b req-54ed1f22-750b-47ae-b38c-d2e3fe94ee7b ] Request (QuotasAdminTestV257:setUpClass): 201 POST http://10.180.1.21/identity/v3/users 0.078s
2025-11-20 20:26:29.878 66073 INFO tempest.lib.common.rest_client [req-00e1c686-ebac-4984-87be-07da2d0f4dcb req-00e1c686-ebac-4984-87be-07da2d0f4dcb ] Request (QuotasAdminTestV257:setUpClass): 200 GET http://10.180.1.21/identity/v3/roles 0.022s
2025-11-20 20:26:29.903 66073 INFO tempest.lib.common.rest_client [req-0c36f676-a9cf-429d-b42b-59d5dc521e4c req-0c36f676-a9cf-429d-b42b-59d5dc521e4c ] Request (QuotasAdminTestV257:setUpClass): 204 PUT http://10.180.1.21/identity/v3/projects/e087514cf0e94cfc8337bb2bb2f958c1/users/b84688ad635649758c5a0ebd1fd37793/roles/f5493f332d924f438191deea1b06acff 0.025s
2025-11-20 20:26:29.956 66073 INFO tempest.lib.common.rest_client [req-db3d1fa5-56e7-43f5-be5c-a9429149e38f req-db3d1fa5-56e7-43f5-be5c-a9429149e38f ] Request (QuotasAdminTestV257:setUpClass): 200 GET http://10.180.1.21/identity/v3/roles 0.052s
2025-11-20 20:26:29.977 66073 INFO tempest.lib.common.rest_client [req-e39146f3-0446-4504-b03f-ee4d624ae8a1 req-e39146f3-0446-4504-b03f-ee4d624ae8a1 ] Request (QuotasAdminTestV257:setUpClass): 204 PUT http://10.180.1.21/identity/v3/projects/e087514cf0e94cfc8337bb2bb2f958c1/users/b84688ad635649758c5a0ebd1fd37793/roles/f5493f332d924f438191deea1b06acff 0.021s
2025-11-20 20:26:29.977 66073 INFO tempest.lib.common.dynamic_creds [-] Dynamic test user b84688ad635649758c5a0ebd1fd37793 is created with scope project and roles: ['admin']
2025-11-20 20:26:29.977 66073 INFO tempest.lib.common.dynamic_creds [-] Acquired dynamic creds: credentials: Credentials: {'domain_id': 'default', 'domain_name': 'Default', 'username': 'tempest-QuotasAdminTestV257-903600502-project-admin', 'project_domain_id': 'default', 'project_domain_name': 'Default', 'project_id': 'e087514cf0e94cfc8337bb2bb2f958c1', 'project_name': 'tempest-QuotasAdminTestV257-903600502', 'tenant_id': 'e087514cf0e94cfc8337bb2bb2f958c1', 'tenant_name': 'tempest-QuotasAdminTestV257-903600502', 'user_domain_id': 'default', 'user_domain_name': 'Default', 'user_id': 'b84688ad635649758c5a0ebd1fd37793', 'system': None}, Network: None, Subnet: None, Router: None
2025-11-20 20:26:29.977 66073 INFO tempest.lib.common.dynamic_creds [-] Created isolated network resources for: credentials: Credentials: {'domain_id': 'default', 'domain_name': 'Default', 'username': 'tempest-QuotasAdminTestV257-903600502-project-admin', 'project_domain_id': 'default', 'project_domain_name': 'Default', 'project_id': 'e087514cf0e94cfc8337bb2bb2f958c1', 'project_name': 'tempest-QuotasAdminTestV257-903600502', 'tenant_id': 'e087514cf0e94cfc8337bb2bb2f958c1', 'tenant_name': 'tempest-QuotasAdminTestV257-903600502', 'user_domain_id': 'default', 'user_domain_name': 'Default', 'user_id': 'b84688ad635649758c5a0ebd1fd37793', 'system': None}, Network: None, Subnet: None, Router: None
2025-11-20 20:26:30.014 66088 INFO tempest.lib.common.rest_client [req-a3648040-5590-42f7-a294-93a5018124e6 req-a3648040-5590-42f7-a294-93a5018124e6 ] Request (DeleteServersAdminTestJSON:test_delete_server_while_in_error_state): 200 GET http://10.180.1.21/compute/v2.1/servers/b84a71cd-3669-49f7-b566-6ff213f14d37 6.422s
2025-11-20 20:26:30.067 66073 INFO tempest.lib.common.rest_client [req-ba312227-ba99-44ad-8747-793dcc52569f req-ba312227-ba99-44ad-8747-793dcc52569f ] Request (QuotasAdminTestV257:setUpClass): 201 POST http://10.180.1.21/identity/v3/auth/tokens 0.086s
2025-11-20 20:26:30.069 66073 WARNING tempest.lib.common.rest_client [-] Deprecated: "tenant_id" property is deprecated for removal, use "project_id" instead
2025-11-20 20:26:30.098 66101 INFO tempest.lib.common.rest_client [req-f8e1fe82-e79b-43c9-bc6b-1415fece6d8b req-f8e1fe82-e79b-43c9-bc6b-1415fece6d8b ] Request (ServersTestMultiNic:test_verify_duplicate_network_nics): 201 POST http://10.180.1.21/networking/v2.0/subnets 0.246s
2025-11-20 20:26:30.109 66059 INFO tempest.lib.common.rest_client [req-c07fd2e2-2fe9-4ca2-badb-bcd3595a1965 req-c07fd2e2-2fe9-4ca2-badb-bcd3595a1965 ] Request (QuotasAdminTestV236:test_get_updated_quotas): 200 PUT http://10.180.1.21/compute/v2.1/os-quota-sets/bb4a941aed9b4b12aa18d08f9a386ee1?user_id=91b38d87127142e4ab4bf26e7039c5ab 6.527s
2025-11-20 20:26:30.167 66092 INFO tempest.lib.common.rest_client [req-89ed5618-7e37-4e6a-af40-d9207bd26504 req-89ed5618-7e37-4e6a-af40-d9207bd26504 ] Request (ServersListShow2100Test:tearDownClass): 200 GET http://10.180.1.21/compute/v2.1/servers/0ae3113b-d090-4a2a-b07f-1f0ec28c078c 6.477s
2025-11-20 20:26:30.233 66057 INFO tempest.lib.common.rest_client [req-52ad7cea-4f7e-4175-a12d-5afa404a561f req-52ad7cea-4f7e-4175-a12d-5afa404a561f ] Request (ServersListShow296Test:tearDownClass): 200 GET http://10.180.1.21/compute/v2.1/servers/7eb4516c-d93c-4be2-9f9a-67a22c300fbc 6.185s
2025-11-20 20:26:30.235 66053 INFO tempest.lib.common.rest_client [req-525d4ee6-8940-4dd2-aed1-71df47ebcd61 req-525d4ee6-8940-4dd2-aed1-71df47ebcd61 ] Request (ServerActionsV293TestJSON:setUpClass): 200 GET http://10.180.1.21/volume/v3/volumes/31daff33-ed42-496b-b3d1-243c6343e16b 0.047s
2025-11-20 20:26:30.243 66057 INFO tempest.common.waiters [-] State transition "ACTIVE/deleting" ==> "DELETED/None" after 7 second wait
2025-11-20 20:26:30.245 66097 INFO tempest.lib.common.rest_client [req-28079021-0546-4981-8073-057245e7bbd1 req-28079021-0546-4981-8073-057245e7bbd1 ] Request (AggregatesAdminNegativeTestJSON:test_aggregate_get_details_with_invalid_id): 404 GET http://10.180.1.21/compute/v2.1/os-aggregates/-1 6.152s
2025-11-20 20:26:30.259 66101 INFO tempest.lib.common.rest_client [req-6d287b03-73a4-4dc1-bbbd-94214e577ffb req-6d287b03-73a4-4dc1-bbbd-94214e577ffb ] Request (ServersTestMultiNic:test_verify_duplicate_network_nics): 201 POST http://10.180.1.21/networking/v2.0/networks 0.160s
2025-11-20 20:26:30.274 66071 INFO tempest.lib.common.rest_client [req-4cd8c909-0669-4b4c-95b2-44cd826798d6 req-4cd8c909-0669-4b4c-95b2-44cd826798d6 ] Request (ServersAaction247Test:tearDownClass): 204 DELETE http://10.180.1.21/compute/v2.1/servers/7b2c4f0b-a03b-4328-a9a8-9e3ce7d9027b 6.207s
2025-11-20 20:26:30.327 66095 INFO tempest.lib.common.rest_client [req-707e5d02-4a78-418f-b87d-db76fca7817d req-707e5d02-4a78-418f-b87d-db76fca7817d ] Request (ImagesOneServerTestJSON:test_create_delete_image): 200 GET http://10.180.1.21/compute/v2.1/images/836153c6-9d32-446b-8a39-cf4fc382e23a 5.819s
2025-11-20 20:26:30.331 66077 INFO tempest.lib.common.rest_client [req-20ef679e-84b1-431b-a68f-3a65a9d450ba req-20ef679e-84b1-431b-a68f-3a65a9d450ba ] Request (ServerShowV257Test:test_rebuild_server): 200 GET http://10.180.1.21/compute/v2.1/servers/ef478472-6a7e-4ae1-97d6-e30e080ecb1b 5.854s
2025-11-20 20:26:30.332 66041 INFO tempest.lib.common.rest_client [req-fdc4be59-449e-4db8-8caf-59c26d0721cb req-fdc4be59-449e-4db8-8caf-59c26d0721cb ] Request (MultipleCreateNegativeTestJSON:test_max_count_non_integer): 400 POST http://10.180.1.21/compute/v2.1/servers 5.737s
2025-11-20 20:26:30.340 66077 INFO tempest.common.waiters [-] State transition "BUILD/spawning" ==> "ACTIVE/None" after 33 second wait
2025-11-20 20:26:30.478 66063 INFO tempest.lib.common.rest_client [req-e59348bf-db17-496c-9f8e-14f1efd2da79 req-e59348bf-db17-496c-9f8e-14f1efd2da79 ] Request (SecurityGroupRulesTestJSON:tearDownClass): 202 DELETE http://10.180.1.21/compute/v2.1/os-security-groups/a08e9efd-ec96-4312-9ac8-a769e0a45b9e 3.940s
2025-11-20 20:26:30.516 66041 INFO tempest.lib.common.rest_client [req-eff19226-9d2b-4a13-ac78-4ec9a3c7870d req-eff19226-9d2b-4a13-ac78-4ec9a3c7870d ] Request (MultipleCreateNegativeTestJSON:test_min_count_less_than_one): 201 POST http://10.180.1.21/identity/v3/auth/tokens 0.178s
2025-11-20 20:26:30.516 66041 INFO tempest.lib.common.fixed_network [-] (MultipleCreateNegativeTestJSON:test_min_count_less_than_one) Found network None available for tenant
2025-11-20 20:26:30.561 66101 INFO tempest.lib.common.rest_client [req-c82a8a13-31bc-4427-9a27-237d45a28e28 req-c82a8a13-31bc-4427-9a27-237d45a28e28 ] Request (ServersTestMultiNic:test_verify_duplicate_network_nics): 201 POST http://10.180.1.21/networking/v2.0/subnets 0.302s
2025-11-20 20:26:30.630 66039 INFO tempest.lib.common.rest_client [req-c63bd930-9693-4119-8a98-1bd2bb09eb1c req-c63bd930-9693-4119-8a98-1bd2bb09eb1c ] Request (ServersTestFqdnHostnames:test_create_server_with_fqdn_name): 200 POST http://10.180.1.21/compute/v2.1/os-keypairs 3.979s
2025-11-20 20:26:30.647 66101 INFO tempest.lib.common.rest_client [req-8a6c9905-d795-41e4-8e46-80aee41c16b5 req-8a6c9905-d795-41e4-8e46-80aee41c16b5 ] Request (ServersTestMultiNic:test_verify_duplicate_network_nics): 201 POST http://10.180.1.21/identity/v3/auth/tokens 0.078s
2025-11-20 20:26:30.648 66101 INFO tempest.lib.common.fixed_network [-] (ServersTestMultiNic:test_verify_duplicate_network_nics) Found network {'id': 'ed066336-1559-433d-aefa-73a063a313c9', 'name': 'tempest-ServersTestMultiNic-1806134930-network', 'tenant_id': 'f3ce4e16bb234fb3a65623e27db425f5', 'project_id': 'f3ce4e16bb234fb3a65623e27db425f5', 'admin_state_up': True, 'mtu': 8950, 'status': 'ACTIVE', 'subnets': [], 'shared': False, 'port_security_enabled': True, 'router:external': False, 'provider:network_type': 'vlan', 'provider:physical_network': 'default', 'provider:segmentation_id': 81, 'availability_zone_hints': [], 'availability_zones': [], 'ipv4_address_scope': None, 'ipv6_address_scope': None, 'description': '', 'tags': [], 'created_at': '2025-11-20T20:26:25Z', 'updated_at': '2025-11-20T20:26:25Z', 'revision_number': 1} available for tenant
2025-11-20 20:26:30.709 66099 INFO tempest.lib.common.rest_client [req-bf9a3d50-d079-485d-8173-7911cc042e77 req-bf9a3d50-d079-485d-8173-7911cc042e77 ] Request (FloatingIPsAssociationNegativeTestJSON:tearDownClass): 200 GET http://10.180.1.21/compute/v2.1/servers/c0a3c88b-35e0-4dd1-813e-e8d2ffbb0d56 4.042s
2025-11-20 20:26:30.747 66039 INFO tempest.lib.common.rest_client [req-769a1d16-0007-4d87-a750-521c2fec1334 req-769a1d16-0007-4d87-a750-521c2fec1334 ] Request (ServersTestFqdnHostnames:test_create_server_with_fqdn_name): 201 POST http://10.180.1.21/networking/v2.0/security-groups 0.115s
2025-11-20 20:26:30.848 66081 WARNING tempest.lib.common.ssh [-] Failed to establish authenticated ssh connection to cirros@10.180.180.185 ([Errno None] Unable to connect to port 22 on 10.180.180.185). Number attempts: 4. Retry after 5 seconds.: paramiko.ssh_exception.NoValidConnectionsError: [Errno None] Unable to connect to port 22 on 10.180.180.185
2025-11-20 20:26:30.858 66083 INFO tempest.lib.common.rest_client [req-90f52e6d-d352-466c-8f77-5a17ccf3b00a req-90f52e6d-d352-466c-8f77-5a17ccf3b00a ] Request (InstanceActionsTestJSON:setUpClass): 202 POST http://10.180.1.21/compute/v2.1/servers 4.262s
2025-11-20 20:26:30.869 66039 INFO tempest.lib.common.rest_client [req-cd388ca9-e329-41c9-b4bd-4689bdd5983c req-cd388ca9-e329-41c9-b4bd-4689bdd5983c ] Request (ServersTestFqdnHostnames:test_create_server_with_fqdn_name): 201 POST http://10.180.1.21/networking/v2.0/security-group-rules 0.120s
2025-11-20 20:26:30.881 66049 INFO tempest.lib.common.rest_client [req-274a4fb3-e21f-47b5-9eb9-190633289c18 req-274a4fb3-e21f-47b5-9eb9-190633289c18 ] Request (KeyPairsNegativeTestJSON:test_create_keypair_with_duplicate_name): 202 DELETE http://10.180.1.21/compute/v2.1/os-keypairs/tempest-keypair-1704849912 3.905s
2025-11-20 20:26:30.954 66045 WARNING tempest.lib.common.ssh [-] Failed to establish authenticated ssh connection to cirros@10.180.180.245 ([Errno None] Unable to connect to port 22 on 10.180.180.245). Number attempts: 6. Retry after 7 seconds.: paramiko.ssh_exception.NoValidConnectionsError: [Errno None] Unable to connect to port 22 on 10.180.180.245
2025-11-20 20:26:30.963 66047 INFO tempest.lib.common.rest_client [req-fc648a50-f512-4c44-a641-c9f17f12cabe req-fc648a50-f512-4c44-a641-c9f17f12cabe ] Request (ImagesMetadataTestJSON:test_set_image_metadata_item): 200 PUT http://10.180.1.21/compute/v2.1/images/30ffec58-dc46-4d5e-8eb5-a964886a8931/metadata/os_version 4.035s
2025-11-20 20:26:31.013 66039 INFO tempest.lib.common.rest_client [req-da24f728-1e66-4b28-9018-f91b0055e277 req-da24f728-1e66-4b28-9018-f91b0055e277 ] Request (ServersTestFqdnHostnames:test_create_server_with_fqdn_name): 201 POST http://10.180.1.21/networking/v2.0/security-group-rules 0.144s
2025-11-20 20:26:31.076 66043 INFO tempest.lib.common.rest_client [req-043f3204-28f3-493b-bc2d-20600edb41a2 req-043f3204-28f3-493b-bc2d-20600edb41a2 ] Request (VolumesAssistedSnapshotsTest:test_volume_assisted_snapshot_create_delete): 200 POST http://10.180.1.21/compute/v2.1/os-assisted-volume-snapshots 4.035s
2025-11-20 20:26:31.150 66085 INFO tempest.lib.common.rest_client [req-ca01a1eb-eb75-4917-9511-6ef8f82c871e req-ca01a1eb-eb75-4917-9511-6ef8f82c871e ] Request (ServersAdmin275Test:tearDownClass): 404 GET http://10.180.1.21/compute/v2.1/servers/100e93f9-0a2c-4301-be84-d163a0ec2cd5 2.207s
2025-11-20 20:26:31.188 66067 INFO tempest.lib.common.rest_client [req-2b184b00-f3d9-46c4-af5f-e7242bae8d7b req-2b184b00-f3d9-46c4-af5f-e7242bae8d7b ] Request (HypervisorAdminV253TestBase:test_list_show_detail_hypervisors): 200 GET http://10.180.1.21/compute/v2.1/os-hypervisors/detail?with_servers=True 3.071s
2025-11-20 20:26:31.208 66079 INFO tempest.lib.common.rest_client [req-fa0a0213-53fc-47e6-ae0d-a62ee429991b req-fa0a0213-53fc-47e6-ae0d-a62ee429991b ] Request (KeyPairsV22TestJSON:_run_cleanups): 204 DELETE http://10.180.1.21/compute/v2.1/os-keypairs/tempest-keypair-1468631362 1.791s
2025-11-20 20:26:31.237 66075 INFO tempest.lib.common.rest_client [req-7d034bd2-8dce-448c-8c16-e738c078afa0 req-7d034bd2-8dce-448c-8c16-e738c078afa0 ] Request (FloatingIPsAssociationTestJSON:setUpClass): 200 GET http://10.180.1.21/compute/v2.1/servers/746a1592-b842-45a5-af76-11161889f176 2.259s
2025-11-20 20:26:31.283 66053 INFO tempest.lib.common.rest_client [req-735adfde-cb4f-48e5-8ec0-ba85bf32f3dc req-735adfde-cb4f-48e5-8ec0-ba85bf32f3dc ] Request (ServerActionsV293TestJSON:setUpClass): 200 GET http://10.180.1.21/volume/v3/volumes/31daff33-ed42-496b-b3d1-243c6343e16b 0.033s
2025-11-20 20:26:31.328 66085 INFO tempest.lib.common.rest_client [req-67a14ae3-f4ff-4d0a-bec3-d6b22fd16c27 req-67a14ae3-f4ff-4d0a-bec3-d6b22fd16c27 ] Request (ServersAdmin275Test:tearDownClass): 204 DELETE http://10.180.1.21/identity/v3/users/a8ba79accc0e41a48346d53c55893321 0.178s
2025-11-20 20:26:31.339 66069 INFO tempest.lib.common.rest_client [req-871ea5b6-1bd4-4836-b595-2ae340a299f7 req-871ea5b6-1bd4-4836-b595-2ae340a299f7 ] Request (ImagesTestJSON:test_create_image_from_stopped_server): 202 POST http://10.180.1.21/compute/v2.1/servers/74045a2c-18fb-4f2f-aa59-d14238c83ea2/action 1.497s
2025-11-20 20:26:31.420 66055 INFO tempest.lib.common.rest_client [req-dd2c0022-81f8-4d2b-b95d-aa2318e6a7d3 req-dd2c0022-81f8-4d2b-b95d-aa2318e6a7d3 ] Request (ListServerFiltersTestJSON:test_list_servers_detailed_limit_results): 200 GET http://10.180.1.21/compute/v2.1/servers/detail?limit=1 1.609s
2025-11-20 20:26:31.546 66093 INFO tempest.lib.common.rest_client [req-e493e2df-465d-447a-a5e6-cb82ae2fbd82 req-e493e2df-465d-447a-a5e6-cb82ae2fbd82 ] Request (AttachInterfacesV270Test:tearDownClass): 200 GET http://10.180.1.21/compute/v2.1/servers/109b91b6-63d6-4fdd-a1f2-a18e41e44ade 1.629s
2025-11-20 20:26:31.602 66085 INFO tempest.lib.common.rest_client [req-1030ac45-3149-453a-925e-5a8d53edc373 req-1030ac45-3149-453a-925e-5a8d53edc373 ] Request (ServersAdmin275Test:tearDownClass): 204 DELETE http://10.180.1.21/identity/v3/users/d664be33107b4d828ee6262fe126070a 0.274s
2025-11-20 20:26:31.602 66085 INFO tempest.lib.common.dynamic_creds [-] Deleting project and security group for project: e279f278283b4bea82c922617b9ba8d8
2025-11-20 20:26:31.644 66039 INFO tempest.lib.common.rest_client [req-7a57d04e-fbd0-4baf-9fe6-444c823b036c req-7a57d04e-fbd0-4baf-9fe6-444c823b036c ] Request (ServersTestFqdnHostnames:test_create_server_with_fqdn_name): 201 POST http://10.180.1.21/networking/v2.0/floatingips 0.629s
2025-11-20 20:26:31.648 66088 INFO tempest.lib.common.rest_client [req-b40968a3-6846-4cd1-b238-51be740dad0a req-b40968a3-6846-4cd1-b238-51be740dad0a ] Request (DeleteServersAdminTestJSON:test_delete_server_while_in_error_state): 204 DELETE http://10.180.1.21/compute/v2.1/servers/b84a71cd-3669-49f7-b566-6ff213f14d37 1.622s
2025-11-20 20:26:31.724 66085 INFO tempest.lib.common.rest_client [req-0cc0ea32-75f7-41c7-b726-1ed7b6afdd3a req-0cc0ea32-75f7-41c7-b726-1ed7b6afdd3a ] Request (ServersAdmin275Test:tearDownClass): 201 POST http://10.180.1.21/identity/v3/auth/tokens 0.121s
2025-11-20 20:26:31.737 66089 INFO tempest.lib.common.rest_client [req-3aabeee9-a201-4bab-ab27-4b2cef60e4c0 req-3aabeee9-a201-4bab-ab27-4b2cef60e4c0 ] Request (SecurityGroupsTestJSON:test_list_security_groups_by_server): 200 GET http://10.180.1.21/compute/v2.1/servers/559700b5-72a1-423d-894c-f191dbb88d03 1.540s
2025-11-20 20:26:31.741 66097 INFO tempest.lib.common.rest_client [req-52ce2ebe-2c68-416e-97cc-553ecd039d89 req-52ce2ebe-2c68-416e-97cc-553ecd039d89 ] Request (AggregatesAdminNegativeTestJSON:test_aggregate_list_as_user): 403 GET http://10.180.1.21/compute/v2.1/os-aggregates 1.495s
2025-11-20 20:26:31.804 66071 INFO tempest.lib.common.rest_client [req-29f8c97e-3cc3-4fca-a823-0fdf6e905982 req-29f8c97e-3cc3-4fca-a823-0fdf6e905982 ] Request (ServersAaction247Test:tearDownClass): 200 GET http://10.180.1.21/compute/v2.1/servers/7b2c4f0b-a03b-4328-a9a8-9e3ce7d9027b 1.529s
2025-11-20 20:26:31.828 66059 INFO tempest.lib.common.rest_client [req-60f40f6f-7ae0-4ad7-892d-037227d5f14b req-60f40f6f-7ae0-4ad7-892d-037227d5f14b ] Request (QuotasAdminTestV236:test_get_updated_quotas): 200 GET http://10.180.1.21/compute/v2.1/os-quota-sets/bb4a941aed9b4b12aa18d08f9a386ee1?user_id=91b38d87127142e4ab4bf26e7039c5ab 1.716s
2025-11-20 20:26:31.866 66039 INFO tempest.lib.common.rest_client [req-49794d53-7bcc-4f1e-b9a6-af846105693b req-49794d53-7bcc-4f1e-b9a6-af846105693b ] Request (ServersTestFqdnHostnames:test_create_server_with_fqdn_name): 201 POST http://10.180.1.21/identity/v3/auth/tokens 0.213s
2025-11-20 20:26:31.867 66039 INFO tempest.lib.common.fixed_network [-] (ServersTestFqdnHostnames:test_create_server_with_fqdn_name) Found network {'id': '00cad830-f617-4287-93c2-29b47cc6ae7b', 'name': 'tempest-ServersTestFqdnHostnames-197692607-network', 'tenant_id': '0867ace4b8ad40dd9634f56d44b7a346', 'project_id': '0867ace4b8ad40dd9634f56d44b7a346', 'admin_state_up': True, 'mtu': 8950, 'status': 'ACTIVE', 'subnets': [], 'shared': False, 'port_security_enabled': True, 'router:external': False, 'provider:network_type': 'vlan', 'provider:physical_network': 'default', 'provider:segmentation_id': 548, 'availability_zone_hints': [], 'availability_zones': [], 'ipv4_address_scope': None, 'ipv6_address_scope': None, 'description': '', 'tags': [], 'created_at': '2025-11-20T20:26:23Z', 'updated_at': '2025-11-20T20:26:23Z', 'revision_number': 1} available for tenant
2025-11-20 20:26:31.971 66059 INFO tempest.lib.common.rest_client [req-8a57708f-dd82-4c87-b770-3b7795505e68 req-8a57708f-dd82-4c87-b770-3b7795505e68 ] Request (QuotasAdminTestV236:_run_cleanups): 204 DELETE http://10.180.1.21/identity/v3/users/91b38d87127142e4ab4bf26e7039c5ab 0.140s
2025-11-20 20:26:32.052 66061 INFO tempest.lib.common.rest_client [req-de5785ac-ae09-411f-8c8c-292924a20eb3 req-de5785ac-ae09-411f-8c8c-292924a20eb3 ] Request (ServerDiskConfigTestJSON:test_rebuild_server_with_auto_disk_config): 200 GET http://10.180.1.21/compute/v2.1/servers/1e7321e4-9d1b-41c3-becf-7b886b7a27a4 1.686s
2025-11-20 20:26:32.089 66085 INFO tempest.lib.common.rest_client [req-c0c90513-fd8c-4323-883b-0cad6caf47d0 req-c0c90513-fd8c-4323-883b-0cad6caf47d0 ] Request (ServersAdmin275Test:tearDownClass): 200 GET http://10.180.1.21/networking/v2.0/security-groups?tenant_id=e279f278283b4bea82c922617b9ba8d8&name=default 0.364s
2025-11-20 20:26:32.108 66059 INFO tempest.lib.common.rest_client [req-6b994f7c-1981-4746-a29a-4c2479b032fe req-6b994f7c-1981-4746-a29a-4c2479b032fe ] Request (QuotasAdminTestV236:_run_cleanups): 204 DELETE http://10.180.1.21/identity/v3/projects/bb4a941aed9b4b12aa18d08f9a386ee1 0.136s
2025-11-20 20:26:32.234 66085 INFO tempest.lib.common.rest_client [req-577ab788-bd91-46ef-b4b3-acafb38308a2 req-577ab788-bd91-46ef-b4b3-acafb38308a2 ] Request (ServersAdmin275Test:tearDownClass): 204 DELETE http://10.180.1.21/networking/v2.0/security-groups/15019a42-99a8-4924-a745-98736798bfad 0.145s
2025-11-20 20:26:32.236 66063 INFO tempest.lib.common.rest_client [req-a550e7f1-70bb-4fc7-8e26-3cdef217dd33 req-a550e7f1-70bb-4fc7-8e26-3cdef217dd33 ] Request (SecurityGroupRulesTestJSON:tearDownClass): 202 DELETE http://10.180.1.21/compute/v2.1/os-security-groups/a7e0f229-9356-4cc9-9cce-ac00777610b8 1.757s
2025-11-20 20:26:32.249 66041 INFO tempest.lib.common.rest_client [req-2b6431c9-8a2c-480b-bb36-bc96f87848e6 req-2b6431c9-8a2c-480b-bb36-bc96f87848e6 ] Request (MultipleCreateNegativeTestJSON:test_min_count_less_than_one): 400 POST http://10.180.1.21/compute/v2.1/servers 1.732s
2025-11-20 20:26:32.257 66073 INFO tempest.lib.common.rest_client [req-ede8c293-8216-4082-9f0e-0b18c1d34038 req-ede8c293-8216-4082-9f0e-0b18c1d34038 ] Request (QuotasAdminTestV257:test_get_updated_quotas): 200 GET http://10.180.1.21/identity/v3/domains?name=Default 0.122s
2025-11-20 20:26:32.273 66059 INFO tempest.lib.common.rest_client [req-a3085816-37d6-4789-b8a3-1814076dbcc7 req-a3085816-37d6-4789-b8a3-1814076dbcc7 ] Request (QuotasAdminTestV236:tearDownClass): 204 DELETE http://10.180.1.21/identity/v3/users/a77d58101b9f4835ac8d8eddc3500c51 0.160s
2025-11-20 20:26:32.331 66053 INFO tempest.lib.common.rest_client [req-632095a3-f7a6-4331-8e79-4bd76299513e req-632095a3-f7a6-4331-8e79-4bd76299513e ] Request (ServerActionsV293TestJSON:setUpClass): 200 GET http://10.180.1.21/volume/v3/volumes/31daff33-ed42-496b-b3d1-243c6343e16b 0.037s
2025-11-20 20:26:32.371 66065 INFO tempest.lib.common.rest_client [req-249cccff-81ba-40f2-91df-3c6c0b4d9445 req-249cccff-81ba-40f2-91df-3c6c0b4d9445 ] Request (MigrationsAdminTest:test_list_migrations_in_flavor_resize_situation): 200 GET http://10.180.1.21/compute/v2.1/servers/6dc6138b-9a58-44c7-a4bf-890c36ce1197 1.818s
2025-11-20 20:26:32.407 66085 INFO tempest.lib.common.rest_client [req-cb457d18-0fcc-4043-9548-525523934f54 req-cb457d18-0fcc-4043-9548-525523934f54 ] Request (ServersAdmin275Test:tearDownClass): 204 DELETE http://10.180.1.21/identity/v3/projects/e279f278283b4bea82c922617b9ba8d8 0.172s
2025-11-20 20:26:32.407 66085 INFO tempest.lib.common.dynamic_creds [-] Deleting project and security group for project: 1b2f695d964741b993b8d2c859a08369
2025-11-20 20:26:32.445 66041 INFO tempest.lib.common.rest_client [req-2d700614-bf2c-4b93-a5a9-2e586e4836ad req-2d700614-bf2c-4b93-a5a9-2e586e4836ad ] Request (MultipleCreateNegativeTestJSON:test_min_count_non_integer): 201 POST http://10.180.1.21/identity/v3/auth/tokens 0.191s
2025-11-20 20:26:32.445 66041 INFO tempest.lib.common.fixed_network [-] (MultipleCreateNegativeTestJSON:test_min_count_non_integer) Found network None available for tenant
2025-11-20 20:26:32.505 66073 INFO tempest.lib.common.rest_client [req-7bb2a19e-5187-4803-a8a5-6435012e44ef req-7bb2a19e-5187-4803-a8a5-6435012e44ef ] Request (QuotasAdminTestV257:test_get_updated_quotas): 201 POST http://10.180.1.21/identity/v3/projects 0.245s
2025-11-20 20:26:32.550 66085 INFO tempest.lib.common.rest_client [req-daf8a7fa-9406-4dc7-b8d2-57b426735a2c req-daf8a7fa-9406-4dc7-b8d2-57b426735a2c ] Request (ServersAdmin275Test:tearDownClass): 200 GET http://10.180.1.21/networking/v2.0/security-groups?tenant_id=1b2f695d964741b993b8d2c859a08369&name=default 0.143s
2025-11-20 20:26:32.630 66059 INFO tempest.lib.common.rest_client [req-4c2457d0-601a-411b-8ff8-bdba755924ff req-4c2457d0-601a-411b-8ff8-bdba755924ff ] Request (QuotasAdminTestV236:tearDownClass): 204 DELETE http://10.180.1.21/identity/v3/users/fa4be8bc206d46f2b34256d87e357891 0.357s
2025-11-20 20:26:32.630 66059 INFO tempest.lib.common.dynamic_creds [-] Deleting project and security group for project: 63b49b64d2aa4122bb46ce98b7f753da
2025-11-20 20:26:32.653 66085 INFO tempest.lib.common.rest_client [req-9a3de38b-8cb4-4d88-9668-cfd47501afd9 req-9a3de38b-8cb4-4d88-9668-cfd47501afd9 ] Request (ServersAdmin275Test:tearDownClass): 204 DELETE http://10.180.1.21/networking/v2.0/security-groups/2faa723e-d9d0-4262-92a5-68e28dd5fd29 0.103s
2025-11-20 20:26:32.745 66073 INFO tempest.lib.common.rest_client [req-3e9fe249-6371-4280-b471-d953b0aad42f req-3e9fe249-6371-4280-b471-d953b0aad42f ] Request (QuotasAdminTestV257:test_get_updated_quotas): 200 GET http://10.180.1.21/identity/v3/domains?name=Default 0.240s
2025-11-20 20:26:32.797 66059 INFO tempest.lib.common.rest_client [req-93bfb37f-d9b5-4618-a0e8-cf94f19c78a4 req-93bfb37f-d9b5-4618-a0e8-cf94f19c78a4 ] Request (QuotasAdminTestV236:tearDownClass): 201 POST http://10.180.1.21/identity/v3/auth/tokens 0.166s
2025-11-20 20:26:32.881 66085 INFO tempest.lib.common.rest_client [req-1053f9ed-2a91-4bc7-8219-6b915c7164e9 req-1053f9ed-2a91-4bc7-8219-6b915c7164e9 ] Request (ServersAdmin275Test:tearDownClass): 204 DELETE http://10.180.1.21/identity/v3/projects/1b2f695d964741b993b8d2c859a08369 0.227s
2025-11-20 20:26:32.990 66085 INFO tempest.lib.common.rest_client [req-40139ac4-f404-4ced-ba8a-1f35bcda8bb4 req-40139ac4-f404-4ced-ba8a-1f35bcda8bb4 ] Request (ListServersNegativeTestJSON:setUpClass): 201 POST http://10.180.1.21/identity/v3/auth/tokens 0.107s
2025-11-20 20:26:33.032 66085 INFO tempest.lib.common.rest_client [req-bb490c57-6fb1-4264-93c5-aa276da5c1a4 req-bb490c57-6fb1-4264-93c5-aa276da5c1a4 ] Request (ListServersNegativeTestJSON:setUpClass): 201 POST http://10.180.1.21/identity/v3/auth/tokens 0.039s
2025-11-20 20:26:33.062 66085 INFO tempest.lib.common.rest_client [req-b533afea-ebf4-4eda-8fea-40a270a8a829 req-b533afea-ebf4-4eda-8fea-40a270a8a829 ] Request (ListServersNegativeTestJSON:setUpClass): 200 GET http://10.180.1.21/identity/v3/domains?name=Default 0.030s
2025-11-20 20:26:33.096 66059 INFO tempest.lib.common.rest_client [req-0426f3bc-4476-4311-a047-0d18d962ffe2 req-0426f3bc-4476-4311-a047-0d18d962ffe2 ] Request (QuotasAdminTestV236:tearDownClass): 200 GET http://10.180.1.21/networking/v2.0/security-groups?tenant_id=63b49b64d2aa4122bb46ce98b7f753da&name=default 0.298s
2025-11-20 20:26:33.097 66085 INFO tempest.lib.common.rest_client [req-81b2c40f-022c-471e-8789-31f6664a4578 req-81b2c40f-022c-471e-8789-31f6664a4578 ] Request (ListServersNegativeTestJSON:setUpClass): 201 POST http://10.180.1.21/identity/v3/projects 0.033s
2025-11-20 20:26:33.201 66063 INFO tempest.lib.common.rest_client [req-5072ed7a-8d27-470d-a8d9-e1b2fc6c4422 req-5072ed7a-8d27-470d-a8d9-e1b2fc6c4422 ] Request (SecurityGroupRulesTestJSON:tearDownClass): 200 PUT http://10.180.1.21/networking/v2.0/routers/ddced00c-bf3c-4060-8596-45f50ba874a6/remove_router_interface 0.964s
2025-11-20 20:26:33.203 66085 INFO tempest.lib.common.rest_client [req-a7bdfda7-2321-4cdc-b7ac-8e21a80ce6df req-a7bdfda7-2321-4cdc-b7ac-8e21a80ce6df ] Request (ListServersNegativeTestJSON:setUpClass): 201 POST http://10.180.1.21/identity/v3/users 0.106s
2025-11-20 20:26:33.230 66059 INFO tempest.lib.common.rest_client [req-face38d2-5d64-4c31-8cd6-9f742bfe1ccc req-face38d2-5d64-4c31-8cd6-9f742bfe1ccc ] Request (QuotasAdminTestV236:tearDownClass): 204 DELETE http://10.180.1.21/networking/v2.0/security-groups/91330b85-1675-48d4-979b-8e378b2f860e 0.133s
2025-11-20 20:26:33.242 66085 INFO tempest.lib.common.rest_client [req-142669f8-fcf4-422b-bc98-e8f04f558276 req-142669f8-fcf4-422b-bc98-e8f04f558276 ] Request (ListServersNegativeTestJSON:setUpClass): 200 GET http://10.180.1.21/identity/v3/roles 0.039s
2025-11-20 20:26:33.282 66085 INFO tempest.lib.common.rest_client [req-5effedaf-7141-4db9-9686-52a5d6cd132a req-5effedaf-7141-4db9-9686-52a5d6cd132a ] Request (ListServersNegativeTestJSON:setUpClass): 204 PUT http://10.180.1.21/identity/v3/projects/b717b357dfcd4266a3687344f05cd8f4/users/4720a1deb07c4aef8de8f75d889ebc07/roles/daa461205a714dd1a3dbe963101ee39e 0.038s
2025-11-20 20:26:33.282 66085 INFO tempest.lib.common.dynamic_creds [-] Dynamic test user 4720a1deb07c4aef8de8f75d889ebc07 is created with scope project and roles: ['member']
2025-11-20 20:26:33.282 66085 INFO tempest.lib.common.dynamic_creds [-] Acquired dynamic creds: credentials: Credentials: {'domain_id': 'default', 'domain_name': 'Default', 'username': 'tempest-ListServersNegativeTestJSON-535515609-project-member', 'project_domain_id': 'default', 'project_domain_name': 'Default', 'project_id': 'b717b357dfcd4266a3687344f05cd8f4', 'project_name': 'tempest-ListServersNegativeTestJSON-535515609', 'tenant_id': 'b717b357dfcd4266a3687344f05cd8f4', 'tenant_name': 'tempest-ListServersNegativeTestJSON-535515609', 'user_domain_id': 'default', 'user_domain_name': 'Default', 'user_id': '4720a1deb07c4aef8de8f75d889ebc07', 'system': None}, Network: None, Subnet: None, Router: None
2025-11-20 20:26:33.333 66059 INFO tempest.lib.common.rest_client [req-242fd132-97bd-4516-8494-f9f98260864d req-242fd132-97bd-4516-8494-f9f98260864d ] Request (QuotasAdminTestV236:tearDownClass): 204 DELETE http://10.180.1.21/identity/v3/projects/63b49b64d2aa4122bb46ce98b7f753da 0.103s
2025-11-20 20:26:33.333 66059 INFO tempest.lib.common.dynamic_creds [-] Deleting project and security group for project: e19d74f905824755b4541a1c43a34e90
2025-11-20 20:26:33.376 66053 INFO tempest.lib.common.rest_client [req-0067adfa-2ec5-4350-9369-1b1e9181e9b0 req-0067adfa-2ec5-4350-9369-1b1e9181e9b0 ] Request (ServerActionsV293TestJSON:setUpClass): 200 GET http://10.180.1.21/volume/v3/volumes/31daff33-ed42-496b-b3d1-243c6343e16b 0.034s
2025-11-20 20:26:33.381 66085 INFO tempest.lib.common.rest_client [req-dcdd3dfa-5ecf-4b1f-9a1d-22293818a089 req-dcdd3dfa-5ecf-4b1f-9a1d-22293818a089 ] Request (ListServersNegativeTestJSON:setUpClass): 201 POST http://10.180.1.21/identity/v3/auth/tokens 0.099s
2025-11-20 20:26:33.510 66059 INFO tempest.lib.common.rest_client [req-ee7a023d-1c57-40fe-b8b5-16291460898c req-ee7a023d-1c57-40fe-b8b5-16291460898c ] Request (QuotasAdminTestV236:tearDownClass): 200 GET http://10.180.1.21/networking/v2.0/security-groups?tenant_id=e19d74f905824755b4541a1c43a34e90&name=default 0.176s
2025-11-20 20:26:33.755 66063 INFO tempest.lib.common.rest_client [req-36d03f56-60eb-4925-9533-19d4029b7177 req-36d03f56-60eb-4925-9533-19d4029b7177 ] Request (SecurityGroupRulesTestJSON:tearDownClass): 204 DELETE http://10.180.1.21/networking/v2.0/routers/ddced00c-bf3c-4060-8596-45f50ba874a6 0.553s
2025-11-20 20:26:33.826 66085 INFO tempest.lib.common.rest_client [req-5d3b8a95-e767-4779-bbf3-80622bff908e req-5d3b8a95-e767-4779-bbf3-80622bff908e ] Request (ListServersNegativeTestJSON:setUpClass): 201 POST http://10.180.1.21/networking/v2.0/networks 0.444s
2025-11-20 20:26:33.877 66059 INFO tempest.lib.common.rest_client [req-eca2d4f9-13b5-4658-b062-2add32c4325a req-eca2d4f9-13b5-4658-b062-2add32c4325a ] Request (QuotasAdminTestV236:tearDownClass): 204 DELETE http://10.180.1.21/networking/v2.0/security-groups/2717f93f-06a1-40b0-be39-9dbc654577f3 0.366s
2025-11-20 20:26:33.966 66059 INFO tempest.lib.common.rest_client [req-148c46ac-9d19-452e-8dd5-c411924188f1 req-148c46ac-9d19-452e-8dd5-c411924188f1 ] Request (QuotasAdminTestV236:tearDownClass): 204 DELETE http://10.180.1.21/identity/v3/projects/e19d74f905824755b4541a1c43a34e90 0.088s
2025-11-20 20:26:33.980 66063 INFO tempest.lib.common.rest_client [req-8db9b9e7-c446-4b22-8c69-5f75668487ef req-8db9b9e7-c446-4b22-8c69-5f75668487ef ] Request (SecurityGroupRulesTestJSON:tearDownClass): 204 DELETE http://10.180.1.21/networking/v2.0/subnets/98c781fc-dfd4-4c34-bc32-575f9f73044f 0.224s
2025-11-20 20:26:34.082 66059 INFO tempest.lib.common.rest_client [req-f7b11971-53d7-4ce1-9456-1d49f632b236 req-f7b11971-53d7-4ce1-9456-1d49f632b236 ] Request (ServersTestBootFromVolume:setUpClass): 201 POST http://10.180.1.21/identity/v3/auth/tokens 0.114s
2025-11-20 20:26:34.117 66085 INFO tempest.lib.common.rest_client [req-9d6dfcd3-12c0-4a6d-9d06-6821c7b373ab req-9d6dfcd3-12c0-4a6d-9d06-6821c7b373ab ] Request (ListServersNegativeTestJSON:setUpClass): 201 POST http://10.180.1.21/networking/v2.0/subnets 0.290s
2025-11-20 20:26:34.117 66059 INFO tempest.lib.common.rest_client [req-13eee757-2532-487b-9dfa-a0161ede4151 req-13eee757-2532-487b-9dfa-a0161ede4151 ] Request (ServersTestBootFromVolume:setUpClass): 201 POST http://10.180.1.21/identity/v3/auth/tokens 0.031s
2025-11-20 20:26:34.143 66059 INFO tempest.lib.common.rest_client [req-70d156a8-104c-4798-80c8-af7fad895f62 req-70d156a8-104c-4798-80c8-af7fad895f62 ] Request (ServersTestBootFromVolume:setUpClass): 200 GET http://10.180.1.21/identity/v3/domains?name=Default 0.025s
2025-11-20 20:26:34.188 66059 INFO tempest.lib.common.rest_client [req-f435d259-13c6-4965-a1f7-538cfb68aa9b req-f435d259-13c6-4965-a1f7-538cfb68aa9b ] Request (ServersTestBootFromVolume:setUpClass): 201 POST http://10.180.1.21/identity/v3/projects 0.044s
2025-11-20 20:26:34.260 66059 INFO tempest.lib.common.rest_client [req-bc243fd0-5b2b-49ee-93d1-182d84017f4b req-bc243fd0-5b2b-49ee-93d1-182d84017f4b ] Request (ServersTestBootFromVolume:setUpClass): 201 POST http://10.180.1.21/identity/v3/users 0.071s
2025-11-20 20:26:34.284 66063 INFO tempest.lib.common.rest_client [req-a084ecd1-4f0d-406d-a26b-77f82adf820d req-a084ecd1-4f0d-406d-a26b-77f82adf820d ] Request (SecurityGroupRulesTestJSON:tearDownClass): 204 DELETE http://10.180.1.21/networking/v2.0/networks/d0f30297-1934-4222-944b-7996217c5ea0 0.303s
2025-11-20 20:26:34.285 66059 INFO tempest.lib.common.rest_client [req-7a044d6b-5b93-4210-bf1f-af59243e2d88 req-7a044d6b-5b93-4210-bf1f-af59243e2d88 ] Request (ServersTestBootFromVolume:setUpClass): 200 GET http://10.180.1.21/identity/v3/roles 0.025s
2025-11-20 20:26:34.324 66059 INFO tempest.lib.common.rest_client [req-194514f5-0b22-47f9-a9d0-44aac98dcf0d req-194514f5-0b22-47f9-a9d0-44aac98dcf0d ] Request (ServersTestBootFromVolume:setUpClass): 204 PUT http://10.180.1.21/identity/v3/projects/67e7b451161545488ddf81e8bcf2e490/users/2e02e79260bd40908ccd78859879bf76/roles/daa461205a714dd1a3dbe963101ee39e 0.038s
2025-11-20 20:26:34.325 66059 INFO tempest.lib.common.dynamic_creds [-] Dynamic test user 2e02e79260bd40908ccd78859879bf76 is created with scope project and roles: ['member']
2025-11-20 20:26:34.325 66059 INFO tempest.lib.common.dynamic_creds [-] Acquired dynamic creds: credentials: Credentials: {'domain_id': 'default', 'domain_name': 'Default', 'username': 'tempest-ServersTestBootFromVolume-973357970-project-member', 'project_domain_id': 'default', 'project_domain_name': 'Default', 'project_id': '67e7b451161545488ddf81e8bcf2e490', 'project_name': 'tempest-ServersTestBootFromVolume-973357970', 'tenant_id': '67e7b451161545488ddf81e8bcf2e490', 'tenant_name': 'tempest-ServersTestBootFromVolume-973357970', 'user_domain_id': 'default', 'user_domain_name': 'Default', 'user_id': '2e02e79260bd40908ccd78859879bf76', 'system': None}, Network: None, Subnet: None, Router: None
2025-11-20 20:26:34.411 66059 INFO tempest.lib.common.rest_client [req-dda7087b-99a1-41a0-a24f-514dc161ddf1 req-dda7087b-99a1-41a0-a24f-514dc161ddf1 ] Request (ServersTestBootFromVolume:setUpClass): 201 POST http://10.180.1.21/identity/v3/auth/tokens 0.086s
2025-11-20 20:26:34.420 66063 INFO tempest.lib.common.rest_client [req-a768a6df-1b31-4e26-9842-e116937154ff req-a768a6df-1b31-4e26-9842-e116937154ff ] Request (SecurityGroupRulesTestJSON:tearDownClass): 204 DELETE http://10.180.1.21/identity/v3/users/cbdf6da594c940edb9919070d8e3d725 0.136s
2025-11-20 20:26:34.421 66063 INFO tempest.lib.common.dynamic_creds [-] Deleting project and security group for project: b9b4ddc0add64d8fba5f103374b14345
2025-11-20 20:26:34.431 66053 INFO tempest.lib.common.rest_client [req-54679864-f163-4985-aa05-f00973a9f6d6 req-54679864-f163-4985-aa05-f00973a9f6d6 ] Request (ServerActionsV293TestJSON:setUpClass): 200 GET http://10.180.1.21/volume/v3/volumes/31daff33-ed42-496b-b3d1-243c6343e16b 0.042s
2025-11-20 20:26:34.818 66059 INFO tempest.lib.common.rest_client [req-6e1557e8-0e12-4667-a5ee-b6ad2d7744c6 req-6e1557e8-0e12-4667-a5ee-b6ad2d7744c6 ] Request (ServersTestBootFromVolume:setUpClass): 201 POST http://10.180.1.21/networking/v2.0/networks 0.406s
2025-11-20 20:26:34.863 66063 INFO tempest.lib.common.rest_client [req-a2397ed4-ff5d-4ed1-8f83-447a30cb487f req-a2397ed4-ff5d-4ed1-8f83-447a30cb487f ] Request (SecurityGroupRulesTestJSON:tearDownClass): 200 GET http://10.180.1.21/networking/v2.0/security-groups?tenant_id=b9b4ddc0add64d8fba5f103374b14345&name=default 0.442s
2025-11-20 20:26:35.108 66059 INFO tempest.lib.common.rest_client [req-049c90b1-332f-4951-b868-4133c8baa725 req-049c90b1-332f-4951-b868-4133c8baa725 ] Request (ServersTestBootFromVolume:setUpClass): 201 POST http://10.180.1.21/networking/v2.0/subnets 0.289s
2025-11-20 20:26:35.168 66085 INFO tempest.lib.common.rest_client [req-d4fde748-05a3-48dc-a0e5-168141b373a9 req-d4fde748-05a3-48dc-a0e5-168141b373a9 ] Request (ListServersNegativeTestJSON:setUpClass): 201 POST http://10.180.1.21/networking/v2.0/routers 1.051s
2025-11-20 20:26:35.245 66063 INFO tempest.lib.common.rest_client [req-55dcd95a-41a7-4d3f-9d8a-83d1980db61a req-55dcd95a-41a7-4d3f-9d8a-83d1980db61a ] Request (SecurityGroupRulesTestJSON:tearDownClass): 204 DELETE http://10.180.1.21/networking/v2.0/security-groups/f57011e6-74c1-4e75-9f2a-32f7a17af767 0.382s
2025-11-20 20:26:35.341 66063 INFO tempest.lib.common.rest_client [req-98f6899d-5af5-473f-9fce-8af2fe1f6c6f req-98f6899d-5af5-473f-9fce-8af2fe1f6c6f ] Request (SecurityGroupRulesTestJSON:tearDownClass): 204 DELETE http://10.180.1.21/identity/v3/projects/b9b4ddc0add64d8fba5f103374b14345 0.095s
2025-11-20 20:26:35.453 66063 INFO tempest.lib.common.rest_client [req-ed74bcd2-cfe4-448d-a8b1-eb6c5f7cf5ed req-ed74bcd2-cfe4-448d-a8b1-eb6c5f7cf5ed ] Request (AttachInterfacesUnderV243Test:setUpClass): 201 POST http://10.180.1.21/identity/v3/auth/tokens 0.110s
2025-11-20 20:26:35.488 66053 INFO tempest.lib.common.rest_client [req-71ff42bb-7c21-4f39-9256-3d19566b01f0 req-71ff42bb-7c21-4f39-9256-3d19566b01f0 ] Request (ServerActionsV293TestJSON:setUpClass): 200 GET http://10.180.1.21/volume/v3/volumes/31daff33-ed42-496b-b3d1-243c6343e16b 0.047s
2025-11-20 20:26:35.506 66063 INFO tempest.lib.common.rest_client [req-428c5bd5-9165-4609-a4cd-5e09ce6b216b req-428c5bd5-9165-4609-a4cd-5e09ce6b216b ] Request (AttachInterfacesUnderV243Test:setUpClass): 201 POST http://10.180.1.21/identity/v3/auth/tokens 0.047s
2025-11-20 20:26:35.548 66063 INFO tempest.lib.common.rest_client [req-9b5d047f-9c21-4dbc-800f-3b7eb1a47244 req-9b5d047f-9c21-4dbc-800f-3b7eb1a47244 ] Request (AttachInterfacesUnderV243Test:setUpClass): 200 GET http://10.180.1.21/identity/v3/domains?name=Default 0.042s
2025-11-20 20:26:35.594 66063 INFO tempest.lib.common.rest_client [req-f28f1909-ea1b-41b1-bc29-48b2aa2f1ed0 req-f28f1909-ea1b-41b1-bc29-48b2aa2f1ed0 ] Request (AttachInterfacesUnderV243Test:setUpClass): 201 POST http://10.180.1.21/identity/v3/projects 0.045s
2025-11-20 20:26:35.626 66051 WARNING tempest.lib.common.ssh [-] Failed to establish authenticated ssh connection to cirros@10.180.180.238 ([Errno None] Unable to connect to port 22 on 10.180.180.238). Number attempts: 5. Retry after 6 seconds.: paramiko.ssh_exception.NoValidConnectionsError: [Errno None] Unable to connect to port 22 on 10.180.180.238
2025-11-20 20:26:35.682 66063 INFO tempest.lib.common.rest_client [req-0f01b50b-b2de-47f7-906b-c2358b3db38a req-0f01b50b-b2de-47f7-906b-c2358b3db38a ] Request (AttachInterfacesUnderV243Test:setUpClass): 201 POST http://10.180.1.21/identity/v3/users 0.087s
2025-11-20 20:26:35.711 66063 INFO tempest.lib.common.rest_client [req-2efa7efe-5e1c-4b15-9a32-f0d903e96459 req-2efa7efe-5e1c-4b15-9a32-f0d903e96459 ] Request (AttachInterfacesUnderV243Test:setUpClass): 200 GET http://10.180.1.21/identity/v3/roles 0.028s
2025-11-20 20:26:35.760 66063 INFO tempest.lib.common.rest_client [req-73914141-6cac-4511-9658-6fdacac650a6 req-73914141-6cac-4511-9658-6fdacac650a6 ] Request (AttachInterfacesUnderV243Test:setUpClass): 204 PUT http://10.180.1.21/identity/v3/projects/c93c1c81794b4994a81d657620864895/users/ee332f68f1514eb79b0359e541dfa0d3/roles/daa461205a714dd1a3dbe963101ee39e 0.048s
2025-11-20 20:26:35.760 66063 INFO tempest.lib.common.dynamic_creds [-] Dynamic test user ee332f68f1514eb79b0359e541dfa0d3 is created with scope project and roles: ['member']
