2025-11-20 20:25:22.166 66081 INFO tempest.lib.common.rest_client [req-db6508f0-168e-4df8-a5cc-0855a58cfff8 req-db6508f0-168e-4df8-a5cc-0855a58cfff8 ] Request (AbsoluteLimitsTestJSON:setUpClass): 201 POST http://10.180.1.21/identity/v3/auth/tokens 0.089s
2025-11-20 20:25:22.176 66073 INFO tempest.lib.common.rest_client [req-282f4971-9182-43ff-b914-8b4aa17308d3 req-282f4971-9182-43ff-b914-8b4aa17308d3 ] Request (HostsAdminTestJSON:test_show_host_detail): 200 GET http://10.180.1.21/compute/v2.1/os-hosts 1.157s
2025-11-20 20:25:22.221 66055 INFO tempest.lib.common.rest_client [req-0bc16fd5-adb6-4332-818c-bea99ab2b4c1 req-0bc16fd5-adb6-4332-818c-bea99ab2b4c1 ] Request (FlavorsV2NegativeTest:_run_cleanups): 204 DELETE http://10.180.1.21/image/v2/images/80f65441-41a6-4a9d-887f-788be70602dc 0.080s
2025-11-20 20:25:22.382 66055 INFO tempest.lib.common.rest_client [req-25745531-6d99-4237-a7db-0a7838939963 req-25745531-6d99-4237-a7db-0a7838939963 ] Request (FlavorsV2NegativeTest:tearDownClass): 204 DELETE http://10.180.1.21/identity/v3/users/a90cf77ed14c4220962003e255f61ba7 0.159s
2025-11-20 20:25:22.383 66055 INFO tempest.lib.common.dynamic_creds [-] Deleting project and security group for project: d270407628734132b4808175a96e8ed7
2025-11-20 20:25:22.458 66055 INFO tempest.lib.common.rest_client [req-cbfc4929-8506-4154-853b-75e9e1f7c304 req-cbfc4929-8506-4154-853b-75e9e1f7c304 ] Request (FlavorsV2NegativeTest:tearDownClass): 201 POST http://10.180.1.21/identity/v3/auth/tokens 0.075s
2025-11-20 20:25:22.544 66047 INFO tempest.lib.common.rest_client [req-afba33bc-e8f1-4628-aa00-03ec0f2e2a9c req-afba33bc-e8f1-4628-aa00-03ec0f2e2a9c ] Request (FloatingIPDetailsTestJSON:test_list_floating_ips): 200 GET http://10.180.1.21/compute/v2.1/os-floating-ips 1.546s
2025-11-20 20:25:22.572 66083 INFO tempest.lib.common.rest_client [req-98e32dae-4a23-470b-83ee-35c289138dc9 req-98e32dae-4a23-470b-83ee-35c289138dc9 ] Request (FlavorsAccessTestJSON:test_flavor_access_list_with_private_flavor): 200 GET http://10.180.1.21/compute/v2.1/flavors/1777698221/os-flavor-access 1.533s
2025-11-20 20:25:22.582 66093 INFO tempest.lib.common.rest_client [req-572ef06a-b17e-478b-b7c6-b93e3afa897f req-572ef06a-b17e-478b-b7c6-b93e3afa897f ] Request (HypervisorAdminNegativeTestJSON:test_show_nonexistent_hypervisor): 404 GET http://10.180.1.21/compute/v2.1/os-hypervisors/92ddc6f7-19b0-4423-b1a3-a5d95d30ad25 1.540s
2025-11-20 20:25:22.585 66085 INFO tempest.lib.common.rest_client [req-5ffd83d1-8e00-4c13-9764-51e22fdd8e6b req-5ffd83d1-8e00-4c13-9764-51e22fdd8e6b ] Request (ServersAdmin275Test:test_rebuild_update_server_275): 200 GET http://10.180.1.21/compute/v2.1/servers/100e93f9-0a2c-4301-be84-d163a0ec2cd5 1.560s
2025-11-20 20:25:22.598 66085 INFO tempest.common.waiters [-] State transition "BUILD/networking" ==> "BUILD/spawning" after 6 second wait
2025-11-20 20:25:22.605 66067 INFO tempest.lib.common.rest_client [req-401ad2d4-f3d8-4656-aba1-4472212c3a49 req-401ad2d4-f3d8-4656-aba1-4472212c3a49 ] Request (FlavorsAccessNegativeTestJSON:_run_cleanups): 202 DELETE http://10.180.1.21/compute/v2.1/flavors/1483440981 1.555s
2025-11-20 20:25:22.616 66097 INFO tempest.lib.common.rest_client [req-45bb6b52-c364-4e3b-8aa2-ebed13a97739 req-45bb6b52-c364-4e3b-8aa2-ebed13a97739 ] Request (AggregatesAdminNegativeTestJSON:_run_cleanups): 200 DELETE http://10.180.1.21/compute/v2.1/os-aggregates/2 1.548s
2025-11-20 20:25:22.672 66093 INFO tempest.lib.common.rest_client [req-a402faac-3dcd-4991-bbed-982f8bd3a273 req-a402faac-3dcd-4991-bbed-982f8bd3a273 ] Request (HypervisorAdminNegativeTestJSON:tearDownClass): 204 DELETE http://10.180.1.21/identity/v3/users/926cdd16de894750b64b2dc00420a6dd 0.088s
2025-11-20 20:25:22.732 66055 INFO tempest.lib.common.rest_client [req-a7f68767-21b9-4635-b3fd-f80c3e4ffaff req-a7f68767-21b9-4635-b3fd-f80c3e4ffaff ] Request (FlavorsV2NegativeTest:tearDownClass): 200 GET http://10.180.1.21/networking/v2.0/security-groups?tenant_id=d270407628734132b4808175a96e8ed7&name=default 0.273s
2025-11-20 20:25:22.744 66095 INFO tempest.lib.common.rest_client [req-2bbc3575-bc90-4010-a100-72cf70208b70 req-2bbc3575-bc90-4010-a100-72cf70208b70 ] Request (ServerDiagnosticsNegativeTest:tearDownClass): 204 DELETE http://10.180.1.21/compute/v2.1/servers/3159800b-627c-490f-bef2-54cde89e2c21 1.248s
2025-11-20 20:25:22.798 66093 INFO tempest.lib.common.rest_client [req-c0574328-b06d-45bb-a243-88605de30c87 req-c0574328-b06d-45bb-a243-88605de30c87 ] Request (HypervisorAdminNegativeTestJSON:tearDownClass): 204 DELETE http://10.180.1.21/identity/v3/users/5faf0ff8909246c493167836b6d2db33 0.125s
2025-11-20 20:25:22.798 66093 INFO tempest.lib.common.dynamic_creds [-] Deleting project and security group for project: fb720c372d83498896953a5e68ee510d
2025-11-20 20:25:22.859 66071 INFO tempest.lib.common.rest_client [req-87e8e7dc-b6a0-4ada-a680-d0e56da8d8c4 req-87e8e7dc-b6a0-4ada-a680-d0e56da8d8c4 ] Request (QuotasAdminNegativeTest:_run_cleanups): 200 PUT http://10.180.1.21/compute/v2.1/os-quota-sets/5b26cbe92375472a97c17372e3e49294 1.425s
2025-11-20 20:25:22.873 66093 INFO tempest.lib.common.rest_client [req-ad740703-0f80-41d6-945f-51ef8c083451 req-ad740703-0f80-41d6-945f-51ef8c083451 ] Request (HypervisorAdminNegativeTestJSON:tearDownClass): 201 POST http://10.180.1.21/identity/v3/auth/tokens 0.075s
2025-11-20 20:25:23.086 66061 INFO tempest.lib.common.rest_client [req-e8b64312-2fad-459d-a9de-06aff34941bb req-e8b64312-2fad-459d-a9de-06aff34941bb ] Request (SecurityGroupsNegativeTestJSON:setUpClass): 201 POST http://10.180.1.21/networking/v2.0/routers 1.147s
2025-11-20 20:25:23.192 66055 INFO tempest.lib.common.rest_client [req-e312947d-4c73-472a-aac3-3ccb8671bb12 req-e312947d-4c73-472a-aac3-3ccb8671bb12 ] Request (FlavorsV2NegativeTest:tearDownClass): 204 DELETE http://10.180.1.21/networking/v2.0/security-groups/b48c2dfb-91dd-4918-80d4-c7572e4bc3d0 0.459s
2025-11-20 20:25:23.268 66055 INFO tempest.lib.common.rest_client [req-e482e559-6cd9-48ad-8817-0f6b8d95786c req-e482e559-6cd9-48ad-8817-0f6b8d95786c ] Request (FlavorsV2NegativeTest:tearDownClass): 204 DELETE http://10.180.1.21/identity/v3/projects/d270407628734132b4808175a96e8ed7 0.075s
2025-11-20 20:25:23.355 66055 INFO tempest.lib.common.rest_client [req-5a06e386-0330-4404-b67e-05a39fd393cc req-5a06e386-0330-4404-b67e-05a39fd393cc ] Request (ListServerFiltersTestJSON:setUpClass): 201 POST http://10.180.1.21/identity/v3/auth/tokens 0.085s
2025-11-20 20:25:23.397 66055 INFO tempest.lib.common.rest_client [req-c80d9b9e-553c-4381-a29e-33195912f39f req-c80d9b9e-553c-4381-a29e-33195912f39f ] Request (ListServerFiltersTestJSON:setUpClass): 201 POST http://10.180.1.21/identity/v3/auth/tokens 0.038s
2025-11-20 20:25:23.430 66055 INFO tempest.lib.common.rest_client [req-f3b9f25d-9ccd-4fb3-9108-3ab88cfea9ed req-f3b9f25d-9ccd-4fb3-9108-3ab88cfea9ed ] Request (ListServerFiltersTestJSON:setUpClass): 200 GET http://10.180.1.21/identity/v3/domains?name=Default 0.032s
2025-11-20 20:25:23.470 66055 INFO tempest.lib.common.rest_client [req-fb44928d-03e8-4dfb-a64c-e6848fd6887b req-fb44928d-03e8-4dfb-a64c-e6848fd6887b ] Request (ListServerFiltersTestJSON:setUpClass): 201 POST http://10.180.1.21/identity/v3/projects 0.039s
2025-11-20 20:25:23.496 66093 INFO tempest.lib.common.rest_client [req-3cc474d8-f8fd-4d1b-bc8a-b854da37db42 req-3cc474d8-f8fd-4d1b-bc8a-b854da37db42 ] Request (HypervisorAdminNegativeTestJSON:tearDownClass): 200 GET http://10.180.1.21/networking/v2.0/security-groups?tenant_id=fb720c372d83498896953a5e68ee510d&name=default 0.622s
2025-11-20 20:25:23.537 66055 INFO tempest.lib.common.rest_client [req-00062177-ec2d-405c-b49c-b4be0a4d2a48 req-00062177-ec2d-405c-b49c-b4be0a4d2a48 ] Request (ListServerFiltersTestJSON:setUpClass): 201 POST http://10.180.1.21/identity/v3/users 0.066s
2025-11-20 20:25:23.558 66055 INFO tempest.lib.common.rest_client [req-0d39c3c1-996b-4c34-9ac1-491fbf01413b req-0d39c3c1-996b-4c34-9ac1-491fbf01413b ] Request (ListServerFiltersTestJSON:setUpClass): 200 GET http://10.180.1.21/identity/v3/roles 0.021s
2025-11-20 20:25:23.596 66055 INFO tempest.lib.common.rest_client [req-00bc33f9-bcfd-4fab-93be-c6fbddfb8441 req-00bc33f9-bcfd-4fab-93be-c6fbddfb8441 ] Request (ListServerFiltersTestJSON:setUpClass): 204 PUT http://10.180.1.21/identity/v3/projects/f89ef8262ca0497eb53f59a9aca1a523/users/201f127a64dd45efb48f53299054efd8/roles/daa461205a714dd1a3dbe963101ee39e 0.037s
2025-11-20 20:25:23.596 66055 INFO tempest.lib.common.dynamic_creds [-] Dynamic test user 201f127a64dd45efb48f53299054efd8 is created with scope project and roles: ['member']
2025-11-20 20:25:23.596 66055 INFO tempest.lib.common.dynamic_creds [-] Acquired dynamic creds: credentials: Credentials: {'domain_id': 'default', 'domain_name': 'Default', 'username': 'tempest-ListServerFiltersTestJSON-476868006-project-member', 'project_domain_id': 'default', 'project_domain_name': 'Default', 'project_id': 'f89ef8262ca0497eb53f59a9aca1a523', 'project_name': 'tempest-ListServerFiltersTestJSON-476868006', 'tenant_id': 'f89ef8262ca0497eb53f59a9aca1a523', 'tenant_name': 'tempest-ListServerFiltersTestJSON-476868006', 'user_domain_id': 'default', 'user_domain_name': 'Default', 'user_id': '201f127a64dd45efb48f53299054efd8', 'system': None}, Network: None, Subnet: None, Router: None
2025-11-20 20:25:23.676 66055 INFO tempest.lib.common.rest_client [req-4f3587c1-93a1-4ef8-bbd9-008f9145b66d req-4f3587c1-93a1-4ef8-bbd9-008f9145b66d ] Request (ListServerFiltersTestJSON:setUpClass): 201 POST http://10.180.1.21/identity/v3/auth/tokens 0.079s
2025-11-20 20:25:24.334 66049 INFO tempest.lib.common.rest_client [req-3019463d-05bd-459e-9615-badab73a1524 req-3019463d-05bd-459e-9615-badab73a1524 ] Request (ImagesNegativeTestJSON:test_create_image_from_deleted_server): 200 GET http://10.180.1.21/compute/v2.1/servers/5b9c6ab2-637a-4a46-bb98-8a177b5fae89 2.784s
2025-11-20 20:25:24.343 66049 INFO tempest.common.waiters [-] State transition "BUILD/spawning" ==> "ACTIVE/None" after 17 second wait
2025-11-20 20:25:24.392 66077 INFO tempest.lib.common.rest_client [req-7e69ae47-dfe0-4667-8e7c-48c39f4f4096 req-7e69ae47-dfe0-4667-8e7c-48c39f4f4096 ] Request (KeyPairsV210TestJSON:test_admin_manage_keypairs_for_other_users): 201 POST http://10.180.1.21/compute/v2.1/os-keypairs 2.650s
2025-11-20 20:25:24.426 66061 INFO tempest.lib.common.rest_client [req-0c093f09-5e84-4b9e-a961-898ee08283f4 req-0c093f09-5e84-4b9e-a961-898ee08283f4 ] Request (SecurityGroupsNegativeTestJSON:setUpClass): 200 PUT http://10.180.1.21/networking/v2.0/routers/1240c1f0-0f45-4cd6-a56c-afbbd0c9486b/add_router_interface 1.339s
2025-11-20 20:25:24.426 66061 INFO tempest.lib.common.dynamic_creds [-] Created isolated network resources for: credentials: Credentials: {'domain_id': 'default', 'domain_name': 'Default', 'username': 'tempest-SecurityGroupsNegativeTestJSON-238853245-project-member', 'project_domain_id': 'default', 'project_domain_name': 'Default', 'project_id': 'd244a0e6398c42a8a468401bfc06b14c', 'project_name': 'tempest-SecurityGroupsNegativeTestJSON-238853245', 'tenant_id': 'd244a0e6398c42a8a468401bfc06b14c', 'tenant_name': 'tempest-SecurityGroupsNegativeTestJSON-238853245', 'user_domain_id': 'default', 'user_domain_name': 'Default', 'user_id': 'cf7b172b54154191bc5422e3104bc68d', 'system': None}, Network: {'id': '68255aa1-3016-410f-922f-05d5bd4ea4ff', 'name': 'tempest-SecurityGroupsNegativeTestJSON-402515770-network', 'tenant_id': 'd244a0e6398c42a8a468401bfc06b14c', 'project_id': 'd244a0e6398c42a8a468401bfc06b14c', 'admin_state_up': True, 'mtu': 8950, 'status': 'ACTIVE', 'subnets': [], 'shared': False, 'port_security_enabled': True, 'router:external': False, 'provider:network_type': 'vlan', 'provider:physical_network': 'default', 'provider:segmentation_id': 654, 'availability_zone_hints': [], 'availability_zones': [], 'ipv4_address_scope': None, 'ipv6_address_scope': None, 'description': '', 'tags': [], 'created_at': '2025-11-20T20:25:21Z', 'updated_at': '2025-11-20T20:25:21Z', 'revision_number': 1}, Subnet: {'id': '5cb1394b-8b39-4b9c-8756-e718fe84ce40', 'name': 'tempest-SecurityGroupsNegativeTestJSON-402515770-subnet', 'tenant_id': 'd244a0e6398c42a8a468401bfc06b14c', 'network_id': '68255aa1-3016-410f-922f-05d5bd4ea4ff', 'ip_version': 4, 'subnetpool_id': None, 'enable_dhcp': True, 'ipv6_ra_mode': None, 'ipv6_address_mode': None, 'gateway_ip': '192.168.128.1', 'cidr': '192.168.128.0/28', 'allocation_pools': [{'start': '192.168.128.2', 'end': '192.168.128.14'}], 'host_routes': [], 'dns_nameservers': [], 'description': '', 'router:external': False, 'service_types': [], 'tags': [], 'created_at': '2025-11-20T20:25:21Z', 'updated_at': '2025-11-20T20:25:21Z', 'revision_number': 0, 'project_id': 'd244a0e6398c42a8a468401bfc06b14c'}, Router: {'id': '1240c1f0-0f45-4cd6-a56c-afbbd0c9486b', 'name': 'tempest-SecurityGroupsNegativeTestJSON-402515770-router', 'tenant_id': 'd244a0e6398c42a8a468401bfc06b14c', 'admin_state_up': True, 'status': 'ACTIVE', 'external_gateway_info': {'network_id': 'c6444fac-f009-4ad2-ac11-cfe1f6924857', 'external_fixed_ips': [{'subnet_id': 'adf2f831-91f2-496d-80dd-024e428bbe33', 'ip_address': '10.180.180.142'}], 'enable_snat': True}, 'description': '', 'availability_zones': [], 'distributed': False, 'ha': False, 'availability_zone_hints': [], 'routes': [], 'flavor_id': None, 'tags': [], 'created_at': '2025-11-20T20:25:21Z', 'updated_at': '2025-11-20T20:25:22Z', 'revision_number': 2, 'project_id': 'd244a0e6398c42a8a468401bfc06b14c'}
2025-11-20 20:25:24.452 66093 INFO tempest.lib.common.rest_client [req-0c1be8bc-bf7e-4c8d-a0be-a0a19be9c31a req-0c1be8bc-bf7e-4c8d-a0be-a0a19be9c31a ] Request (HypervisorAdminNegativeTestJSON:tearDownClass): 204 DELETE http://10.180.1.21/networking/v2.0/security-groups/770b30b0-a8eb-4db1-b2f1-20f8e59a15aa 0.955s
2025-11-20 20:25:24.583 66063 INFO tempest.lib.common.rest_client [req-bd47d092-ecfa-4695-a432-fd495ac1e9cb req-bd47d092-ecfa-4695-a432-fd495ac1e9cb ] Request (SecurityGroupRulesTestJSON:test_security_group_rules_create_with_optional_group_id): 200 POST http://10.180.1.21/compute/v2.1/os-security-group-rules 2.941s
2025-11-20 20:25:24.587 66063 WARNING tempest.lib.common.rest_client [-] Deprecated: "tenant_id" property is deprecated for removal, use "project_id" instead
2025-11-20 20:25:24.589 66061 INFO tempest.lib.common.rest_client [req-01669c52-841a-450e-9d65-745825f445bf req-01669c52-841a-450e-9d65-745825f445bf ] Request (SecurityGroupsNegativeTestJSON:setUpClass): 201 POST http://10.180.1.21/identity/v3/auth/tokens 0.159s
2025-11-20 20:25:24.594 66053 INFO tempest.lib.common.rest_client [req-16af09ce-ada6-4241-a86e-cae805e7d070 req-16af09ce-ada6-4241-a86e-cae805e7d070 ] Request (FlavorsExtraSpecsNegativeTestJSON:test_flavor_update_more_key): 400 PUT http://10.180.1.21/compute/v2.1/flavors/1644215744/os-extra_specs/hw:numa_nodes 2.817s
2025-11-20 20:25:24.602 66093 INFO tempest.lib.common.rest_client [req-f84319b1-5623-4b4b-8489-b3969bd7a4aa req-f84319b1-5623-4b4b-8489-b3969bd7a4aa ] Request (HypervisorAdminNegativeTestJSON:tearDownClass): 204 DELETE http://10.180.1.21/identity/v3/projects/fb720c372d83498896953a5e68ee510d 0.146s
2025-11-20 20:25:24.602 66093 INFO tempest.lib.common.dynamic_creds [-] Deleting project and security group for project: 73e0dd62301343898e21c549743a5870
2025-11-20 20:25:24.612 66069 INFO tempest.lib.common.rest_client [req-1571892d-c823-445d-8b8f-a24e5bcbd376 req-1571892d-c823-445d-8b8f-a24e5bcbd376 ] Request (FlavorsExtraSpecsTestJSON:test_flavor_set_get_update_show_unset_keys): 200 GET http://10.180.1.21/compute/v2.1/flavors/730334838/os-extra_specs 2.830s
2025-11-20 20:25:24.625 66088 INFO tempest.lib.common.rest_client [req-ba400799-8ea3-44ee-b969-7f5eb848bc60 req-ba400799-8ea3-44ee-b969-7f5eb848bc60 ] Request (DeleteServersAdminTestJSON:test_admin_delete_servers_of_others): 204 DELETE http://10.180.1.21/compute/v2.1/servers/4a72cb8f-6b31-445a-b78c-01bd25f6c5d8 2.870s
2025-11-20 20:25:24.716 66055 INFO tempest.lib.common.rest_client [req-1699dbb9-d9db-4c6f-96fc-e7363dd082e2 req-1699dbb9-d9db-4c6f-96fc-e7363dd082e2 ] Request (ListServerFiltersTestJSON:setUpClass): 201 POST http://10.180.1.21/networking/v2.0/networks 1.040s
2025-11-20 20:25:24.746 66093 INFO tempest.lib.common.rest_client [req-04a2c6f5-7b6f-4640-ad27-9213dd2a5ca6 req-04a2c6f5-7b6f-4640-ad27-9213dd2a5ca6 ] Request (HypervisorAdminNegativeTestJSON:tearDownClass): 200 GET http://10.180.1.21/networking/v2.0/security-groups?tenant_id=73e0dd62301343898e21c549743a5870&name=default 0.144s
2025-11-20 20:25:24.751 66075 INFO tempest.lib.common.rest_client [req-a7069aa5-3c54-4b97-87a3-57fb43b92cfe req-a7069aa5-3c54-4b97-87a3-57fb43b92cfe ] Request (QuotasAdminTestJSON:test_delete_quota): 200 GET http://10.180.1.21/compute/v2.1/os-quota-sets/07b5c48f681c4a10b3e218e743e33621 2.963s
2025-11-20 20:25:24.775 66101 INFO tempest.lib.common.rest_client [req-f21225e0-5951-45de-a911-dcdefdc1f4b6 req-f21225e0-5951-45de-a911-dcdefdc1f4b6 ] Request (ServerDiagnosticsTest:test_get_server_diagnostics): 200 GET http://10.180.1.21/compute/v2.1/servers/32387d64-dddb-4042-a697-36df547c59a5 2.991s
2025-11-20 20:25:24.790 66079 INFO tempest.lib.common.rest_client [req-af86777f-8fa2-4c17-b9b2-46966ecc6b1d req-af86777f-8fa2-4c17-b9b2-46966ecc6b1d ] Request (KeyPairsV2TestJSON:test_keypair_create_delete): 200 POST http://10.180.1.21/compute/v2.1/os-keypairs 2.985s
2025-11-20 20:25:24.828 66075 INFO tempest.lib.common.rest_client [req-02ebf973-ae8c-4f39-a7b3-d6b10d8b5c45 req-02ebf973-ae8c-4f39-a7b3-d6b10d8b5c45 ] Request (QuotasAdminTestJSON:_run_cleanups): 204 DELETE http://10.180.1.21/identity/v3/projects/07b5c48f681c4a10b3e218e743e33621 0.074s
2025-11-20 20:25:24.830 66051 INFO tempest.lib.common.rest_client [req-c667fb64-022c-4ed4-826e-689f1a1e6121 req-c667fb64-022c-4ed4-826e-689f1a1e6121 ] Request (ValidationResourcesFixture:setUp): 200 POST http://10.180.1.21/compute/v2.1/os-keypairs 3.018s
2025-11-20 20:25:24.866 66093 INFO tempest.lib.common.rest_client [req-ae94c6b1-4c4b-4109-bc80-bd61a6c2740f req-ae94c6b1-4c4b-4109-bc80-bd61a6c2740f ] Request (HypervisorAdminNegativeTestJSON:tearDownClass): 204 DELETE http://10.180.1.21/networking/v2.0/security-groups/a4b80bdd-b859-4a44-8f5c-babc4a399c62 0.119s
2025-11-20 20:25:24.962 66055 INFO tempest.lib.common.rest_client [req-6cc0fe8c-5e11-48f3-a125-e88d0acb3fd2 req-6cc0fe8c-5e11-48f3-a125-e88d0acb3fd2 ] Request (ListServerFiltersTestJSON:setUpClass): 201 POST http://10.180.1.21/networking/v2.0/subnets 0.245s
2025-11-20 20:25:24.962 66055 INFO tempest.lib.common.dynamic_creds [-] Created isolated network resources for: credentials: Credentials: {'domain_id': 'default', 'domain_name': 'Default', 'username': 'tempest-ListServerFiltersTestJSON-476868006-project-member', 'project_domain_id': 'default', 'project_domain_name': 'Default', 'project_id': 'f89ef8262ca0497eb53f59a9aca1a523', 'project_name': 'tempest-ListServerFiltersTestJSON-476868006', 'tenant_id': 'f89ef8262ca0497eb53f59a9aca1a523', 'tenant_name': 'tempest-ListServerFiltersTestJSON-476868006', 'user_domain_id': 'default', 'user_domain_name': 'Default', 'user_id': '201f127a64dd45efb48f53299054efd8', 'system': None}, Network: {'id': '4325e347-9b47-40dc-aec4-00f1c87e63ee', 'name': 'tempest-ListServerFiltersTestJSON-1942724398-network', 'tenant_id': 'f89ef8262ca0497eb53f59a9aca1a523', 'project_id': 'f89ef8262ca0497eb53f59a9aca1a523', 'admin_state_up': True, 'mtu': 8950, 'status': 'ACTIVE', 'subnets': [], 'shared': False, 'port_security_enabled': True, 'router:external': False, 'provider:network_type': 'vlan', 'provider:physical_network': 'default', 'provider:segmentation_id': 666, 'availability_zone_hints': [], 'availability_zones': [], 'ipv4_address_scope': None, 'ipv6_address_scope': None, 'description': '', 'tags': [], 'created_at': '2025-11-20T20:25:24Z', 'updated_at': '2025-11-20T20:25:24Z', 'revision_number': 1}, Subnet: {'id': '612535f4-5250-4b17-b247-4619f2d9fae1', 'name': 'tempest-ListServerFiltersTestJSON-1942724398-subnet', 'tenant_id': 'f89ef8262ca0497eb53f59a9aca1a523', 'network_id': '4325e347-9b47-40dc-aec4-00f1c87e63ee', 'ip_version': 4, 'subnetpool_id': None, 'enable_dhcp': True, 'ipv6_ra_mode': None, 'ipv6_address_mode': None, 'gateway_ip': '192.168.128.1', 'cidr': '192.168.128.0/28', 'allocation_pools': [{'start': '192.168.128.2', 'end': '192.168.128.14'}], 'host_routes': [], 'dns_nameservers': [], 'description': '', 'router:external': False, 'service_types': [], 'tags': [], 'created_at': '2025-11-20T20:25:24Z', 'updated_at': '2025-11-20T20:25:24Z', 'revision_number': 0, 'project_id': 'f89ef8262ca0497eb53f59a9aca1a523'}, Router: None
2025-11-20 20:25:25.004 66081 INFO tempest.lib.common.rest_client [req-a78bc766-722d-48e0-b959-2c14745eb794 req-a78bc766-722d-48e0-b959-2c14745eb794 ] Request (AbsoluteLimitsTestJSON:test_absLimits_get): 200 GET http://10.180.1.21/compute/v2.1/limits 2.836s
2025-11-20 20:25:25.030 66093 INFO tempest.lib.common.rest_client [req-179f0d2a-3128-49e0-a081-5d3348e36f69 req-179f0d2a-3128-49e0-a081-5d3348e36f69 ] Request (HypervisorAdminNegativeTestJSON:tearDownClass): 204 DELETE http://10.180.1.21/identity/v3/projects/73e0dd62301343898e21c549743a5870 0.164s
2025-11-20 20:25:25.061 66055 INFO tempest.lib.common.rest_client [req-ea4ac813-1a83-43df-9239-0c6f9ad39210 req-ea4ac813-1a83-43df-9239-0c6f9ad39210 ] Request (ListServerFiltersTestJSON:setUpClass): 201 POST http://10.180.1.21/identity/v3/auth/tokens 0.095s
2025-11-20 20:25:25.093 66057 INFO tempest.lib.common.rest_client [req-fa05f0c0-1d1b-4292-a939-d72f007d8f5a req-fa05f0c0-1d1b-4292-a939-d72f007d8f5a ] Request (ServersListShow296Test:test_list_show_update_rebuild_server_296): 202 POST http://10.180.1.21/compute/v2.1/servers 3.254s
2025-11-20 20:25:25.093 66093 INFO tempest.lib.common.rest_client [req-8ccc6953-dece-4286-8305-366b06f425c6 req-8ccc6953-dece-4286-8305-366b06f425c6 ] Request (AttachInterfacesV270Test:setUpClass): 201 POST http://10.180.1.21/identity/v3/auth/tokens 0.060s
2025-11-20 20:25:25.095 66073 INFO tempest.lib.common.rest_client [req-f2d379d3-6c4e-4c3f-bd1c-bd52257d5f4d req-f2d379d3-6c4e-4c3f-bd1c-bd52257d5f4d ] Request (HostsAdminTestJSON:test_show_host_detail): 200 GET http://10.180.1.21/compute/v2.1/os-hosts/cpu-1 2.917s
2025-11-20 20:25:25.121 66055 INFO tempest.lib.common.rest_client [req-c27b00d2-51e7-415e-91de-33e4ff3fa1a0 req-c27b00d2-51e7-415e-91de-33e4ff3fa1a0 ] Request (ListServerFiltersTestJSON:setUpClass): 201 POST http://10.180.1.21/identity/v3/auth/tokens 0.057s
2025-11-20 20:25:25.122 66055 INFO tempest.lib.common.fixed_network [-] (ListServerFiltersTestJSON:setUpClass) Found network {'id': '4325e347-9b47-40dc-aec4-00f1c87e63ee', 'name': 'tempest-ListServerFiltersTestJSON-1942724398-network', 'tenant_id': 'f89ef8262ca0497eb53f59a9aca1a523', 'project_id': 'f89ef8262ca0497eb53f59a9aca1a523', 'admin_state_up': True, 'mtu': 8950, 'status': 'ACTIVE', 'subnets': [], 'shared': False, 'port_security_enabled': True, 'router:external': False, 'provider:network_type': 'vlan', 'provider:physical_network': 'default', 'provider:segmentation_id': 666, 'availability_zone_hints': [], 'availability_zones': [], 'ipv4_address_scope': None, 'ipv6_address_scope': None, 'description': '', 'tags': [], 'created_at': '2025-11-20T20:25:24Z', 'updated_at': '2025-11-20T20:25:24Z', 'revision_number': 1} available for tenant
2025-11-20 20:25:25.129 66051 INFO tempest.lib.common.rest_client [req-f0d785f5-ec3f-4bb9-87e9-50c9d1213026 req-f0d785f5-ec3f-4bb9-87e9-50c9d1213026 ] Request (ValidationResourcesFixture:setUp): 201 POST http://10.180.1.21/networking/v2.0/security-groups 0.298s
2025-11-20 20:25:25.174 66081 INFO tempest.lib.common.rest_client [req-209b5c0c-af52-48f6-b905-758a643b99d0 req-209b5c0c-af52-48f6-b905-758a643b99d0 ] Request (AbsoluteLimitsTestJSON:tearDownClass): 204 DELETE http://10.180.1.21/identity/v3/users/efd1793d4c1d4c9c9f604c06c6cd36f2 0.156s
2025-11-20 20:25:25.174 66081 INFO tempest.lib.common.dynamic_creds [-] Deleting project and security group for project: 7b53d4d1d2944a228cace37aa4213f2d
2025-11-20 20:25:25.194 66073 INFO tempest.lib.common.rest_client [req-05449776-6a20-4774-8ff9-e4bc39ec261c req-05449776-6a20-4774-8ff9-e4bc39ec261c ] Request (HostsAdminTestJSON:tearDownClass): 204 DELETE http://10.180.1.21/identity/v3/users/2d5eedbbc5b64a9ba39d877ebc8ccd29 0.094s
2025-11-20 20:25:25.258 66093 INFO tempest.lib.common.rest_client [req-0821f712-233a-4a20-8119-2a9c07233bea req-0821f712-233a-4a20-8119-2a9c07233bea ] Request (AttachInterfacesV270Test:setUpClass): 201 POST http://10.180.1.21/identity/v3/auth/tokens 0.155s
2025-11-20 20:25:25.258 66055 INFO tempest.lib.common.rest_client [req-c0d94f68-adcc-4669-befe-fa5c3383fcfc req-c0d94f68-adcc-4669-befe-fa5c3383fcfc ] Request (ListServerFiltersTestJSON:setUpClass): 201 POST http://10.180.1.21/identity/v3/auth/tokens 0.130s
2025-11-20 20:25:25.258 66055 INFO tempest.lib.common.fixed_network [-] (ListServerFiltersTestJSON:setUpClass) Found network {'id': '4325e347-9b47-40dc-aec4-00f1c87e63ee', 'name': 'tempest-ListServerFiltersTestJSON-1942724398-network', 'tenant_id': 'f89ef8262ca0497eb53f59a9aca1a523', 'project_id': 'f89ef8262ca0497eb53f59a9aca1a523', 'admin_state_up': True, 'mtu': 8950, 'status': 'ACTIVE', 'subnets': [], 'shared': False, 'port_security_enabled': True, 'router:external': False, 'provider:network_type': 'vlan', 'provider:physical_network': 'default', 'provider:segmentation_id': 666, 'availability_zone_hints': [], 'availability_zones': [], 'ipv4_address_scope': None, 'ipv6_address_scope': None, 'description': '', 'tags': [], 'created_at': '2025-11-20T20:25:24Z', 'updated_at': '2025-11-20T20:25:24Z', 'revision_number': 1} available for tenant
2025-11-20 20:25:25.294 66081 INFO tempest.lib.common.rest_client [req-2e5e8518-53ea-4421-9569-49a8bfa78365 req-2e5e8518-53ea-4421-9569-49a8bfa78365 ] Request (AbsoluteLimitsTestJSON:tearDownClass): 201 POST http://10.180.1.21/identity/v3/auth/tokens 0.120s
2025-11-20 20:25:25.295 66051 INFO tempest.lib.common.rest_client [req-04a87524-1957-4b9a-8485-0af43e1c1953 req-04a87524-1957-4b9a-8485-0af43e1c1953 ] Request (ValidationResourcesFixture:setUp): 201 POST http://10.180.1.21/networking/v2.0/security-group-rules 0.165s
2025-11-20 20:25:25.308 66092 INFO tempest.lib.common.rest_client [req-fe98dc5e-9996-46fb-96de-8a5979a837e9 req-fe98dc5e-9996-46fb-96de-8a5979a837e9 ] Request (ServersListShow2100Test:test_list_show_rebuild_update_server_2100): 200 GET http://10.180.1.21/compute/v2.1/servers/0ae3113b-d090-4a2a-b07f-1f0ec28c078c 2.910s
2025-11-20 20:25:25.336 66093 INFO tempest.lib.common.rest_client [req-ab4fe44a-7b17-4312-8ffa-1d5ab1111874 req-ab4fe44a-7b17-4312-8ffa-1d5ab1111874 ] Request (AttachInterfacesV270Test:setUpClass): 200 GET http://10.180.1.21/identity/v3/domains?name=Default 0.077s
2025-11-20 20:25:25.360 66065 INFO tempest.lib.common.rest_client [req-bc1a0f20-2bc0-47bc-bc86-51073ef8c541 req-bc1a0f20-2bc0-47bc-bc86-51073ef8c541 ] Request (MigrationsAdminTest:test_list_migrations_in_flavor_resize_situation): 200 GET http://10.180.1.21/compute/v2.1/servers/6dc6138b-9a58-44c7-a4bf-890c36ce1197 3.068s
2025-11-20 20:25:25.378 66073 INFO tempest.lib.common.rest_client [req-387802ad-f4ac-4240-8302-7ed14b19d29c req-387802ad-f4ac-4240-8302-7ed14b19d29c ] Request (HostsAdminTestJSON:tearDownClass): 204 DELETE http://10.180.1.21/identity/v3/users/6accf8789ef04da7beeae2a6187afd5e 0.183s
2025-11-20 20:25:25.378 66073 INFO tempest.lib.common.dynamic_creds [-] Deleting project and security group for project: c69f256ca5ee409e8f8b6491c2e90dec
2025-11-20 20:25:25.424 66093 INFO tempest.lib.common.rest_client [req-fc1ac5be-f38e-4d21-9c51-c1c4707f8b67 req-fc1ac5be-f38e-4d21-9c51-c1c4707f8b67 ] Request (AttachInterfacesV270Test:setUpClass): 201 POST http://10.180.1.21/identity/v3/projects 0.088s
2025-11-20 20:25:25.476 66073 INFO tempest.lib.common.rest_client [req-4aa11a3c-e2e2-4332-bacd-7e138fcdfe16 req-4aa11a3c-e2e2-4332-bacd-7e138fcdfe16 ] Request (HostsAdminTestJSON:tearDownClass): 201 POST http://10.180.1.21/identity/v3/auth/tokens 0.098s
2025-11-20 20:25:25.501 66093 INFO tempest.lib.common.rest_client [req-3d9e689d-4867-4a19-9dd1-5ec1c4fce61f req-3d9e689d-4867-4a19-9dd1-5ec1c4fce61f ] Request (AttachInterfacesV270Test:setUpClass): 201 POST http://10.180.1.21/identity/v3/users 0.076s
2025-11-20 20:25:25.526 66093 INFO tempest.lib.common.rest_client [req-35d02112-6c79-4b5b-a14e-21b63f20d5e0 req-35d02112-6c79-4b5b-a14e-21b63f20d5e0 ] Request (AttachInterfacesV270Test:setUpClass): 200 GET http://10.180.1.21/identity/v3/roles 0.025s
2025-11-20 20:25:25.572 66093 INFO tempest.lib.common.rest_client [req-74fe999f-6393-406a-8718-dc7c88adef39 req-74fe999f-6393-406a-8718-dc7c88adef39 ] Request (AttachInterfacesV270Test:setUpClass): 204 PUT http://10.180.1.21/identity/v3/projects/1a4483896247403db2b5e5d08d08bd00/users/bdca56937ecb4ad698231a80c4d0c70d/roles/daa461205a714dd1a3dbe963101ee39e 0.046s
2025-11-20 20:25:25.573 66093 INFO tempest.lib.common.dynamic_creds [-] Dynamic test user bdca56937ecb4ad698231a80c4d0c70d is created with scope project and roles: ['member']
2025-11-20 20:25:25.573 66093 INFO tempest.lib.common.dynamic_creds [-] Acquired dynamic creds: credentials: Credentials: {'domain_id': 'default', 'domain_name': 'Default', 'username': 'tempest-AttachInterfacesV270Test-1358393659-project-member', 'project_domain_id': 'default', 'project_domain_name': 'Default', 'project_id': '1a4483896247403db2b5e5d08d08bd00', 'project_name': 'tempest-AttachInterfacesV270Test-1358393659', 'tenant_id': '1a4483896247403db2b5e5d08d08bd00', 'tenant_name': 'tempest-AttachInterfacesV270Test-1358393659', 'user_domain_id': 'default', 'user_domain_name': 'Default', 'user_id': 'bdca56937ecb4ad698231a80c4d0c70d', 'system': None}, Network: None, Subnet: None, Router: None
2025-11-20 20:25:25.638 66081 INFO tempest.lib.common.rest_client [req-9ea2412e-8288-42c9-913d-8f2a9048144d req-9ea2412e-8288-42c9-913d-8f2a9048144d ] Request (AbsoluteLimitsTestJSON:tearDownClass): 200 GET http://10.180.1.21/networking/v2.0/security-groups?tenant_id=7b53d4d1d2944a228cace37aa4213f2d&name=default 0.343s
2025-11-20 20:25:25.645 66093 INFO tempest.lib.common.rest_client [req-ddfe57f6-857f-4e2a-9267-f537de43ec20 req-ddfe57f6-857f-4e2a-9267-f537de43ec20 ] Request (AttachInterfacesV270Test:setUpClass): 201 POST http://10.180.1.21/identity/v3/auth/tokens 0.072s
2025-11-20 20:25:25.740 66051 INFO tempest.lib.common.rest_client [req-0b06c1b0-7722-4314-a6f4-e0929da270dc req-0b06c1b0-7722-4314-a6f4-e0929da270dc ] Request (ValidationResourcesFixture:setUp): 201 POST http://10.180.1.21/networking/v2.0/security-group-rules 0.445s
2025-11-20 20:25:26.123 66073 INFO tempest.lib.common.rest_client [req-cae8d465-fc49-48aa-b799-1e91307b3f37 req-cae8d465-fc49-48aa-b799-1e91307b3f37 ] Request (HostsAdminTestJSON:tearDownClass): 200 GET http://10.180.1.21/networking/v2.0/security-groups?tenant_id=c69f256ca5ee409e8f8b6491c2e90dec&name=default 0.646s
2025-11-20 20:25:26.200 66081 INFO tempest.lib.common.rest_client [req-34b82667-a476-4b49-9874-db00b6778172 req-34b82667-a476-4b49-9874-db00b6778172 ] Request (AbsoluteLimitsTestJSON:tearDownClass): 204 DELETE http://10.180.1.21/networking/v2.0/security-groups/4fd8824c-635d-429e-b310-b1847790b27c 0.561s
2025-11-20 20:25:26.294 66081 INFO tempest.lib.common.rest_client [req-f88b72b9-352a-4682-a683-b32934c80b77 req-f88b72b9-352a-4682-a683-b32934c80b77 ] Request (AbsoluteLimitsTestJSON:tearDownClass): 204 DELETE http://10.180.1.21/identity/v3/projects/7b53d4d1d2944a228cace37aa4213f2d 0.094s
2025-11-20 20:25:26.374 66081 INFO tempest.lib.common.rest_client [req-da4258b4-d030-4bde-bb99-21742d5c3649 req-da4258b4-d030-4bde-bb99-21742d5c3649 ] Request (ServerActionsTestOtherA:setUpClass): 201 POST http://10.180.1.21/identity/v3/auth/tokens 0.078s
2025-11-20 20:25:26.407 66081 INFO tempest.lib.common.rest_client [req-5c59f33d-fe49-4057-b0e9-030c6e22e945 req-5c59f33d-fe49-4057-b0e9-030c6e22e945 ] Request (ServerActionsTestOtherA:setUpClass): 201 POST http://10.180.1.21/identity/v3/auth/tokens 0.030s
2025-11-20 20:25:26.438 66081 INFO tempest.lib.common.rest_client [req-c64af746-5132-4d4b-94e9-17722d2b378a req-c64af746-5132-4d4b-94e9-17722d2b378a ] Request (ServerActionsTestOtherA:setUpClass): 200 GET http://10.180.1.21/identity/v3/domains?name=Default 0.031s
2025-11-20 20:25:26.464 66081 INFO tempest.lib.common.rest_client [req-e2ee5654-d6c9-461f-bc02-ad5b3a84dc65 req-e2ee5654-d6c9-461f-bc02-ad5b3a84dc65 ] Request (ServerActionsTestOtherA:setUpClass): 201 POST http://10.180.1.21/identity/v3/projects 0.025s
2025-11-20 20:25:26.466 66093 INFO tempest.lib.common.rest_client [req-784d2dc1-5b2f-4a72-8ff0-8768441968bd req-784d2dc1-5b2f-4a72-8ff0-8768441968bd ] Request (AttachInterfacesV270Test:setUpClass): 201 POST http://10.180.1.21/networking/v2.0/networks 0.820s
2025-11-20 20:25:26.525 66081 INFO tempest.lib.common.rest_client [req-a2b2c9f0-29b3-4043-bd2b-a159a7b67b5e req-a2b2c9f0-29b3-4043-bd2b-a159a7b67b5e ] Request (ServerActionsTestOtherA:setUpClass): 201 POST http://10.180.1.21/identity/v3/users 0.060s
2025-11-20 20:25:26.546 66081 INFO tempest.lib.common.rest_client [req-358786d0-1fe2-4100-9f95-988566fe798d req-358786d0-1fe2-4100-9f95-988566fe798d ] Request (ServerActionsTestOtherA:setUpClass): 200 GET http://10.180.1.21/identity/v3/roles 0.021s
2025-11-20 20:25:26.574 66081 INFO tempest.lib.common.rest_client [req-0edad08c-b36d-46e8-81f4-2d7cee97b3bc req-0edad08c-b36d-46e8-81f4-2d7cee97b3bc ] Request (ServerActionsTestOtherA:setUpClass): 204 PUT http://10.180.1.21/identity/v3/projects/8eaca82bae54434ea55d652d06ff4773/users/a6316728f0e84555b2693fc2c5780e38/roles/daa461205a714dd1a3dbe963101ee39e 0.027s
2025-11-20 20:25:26.574 66081 INFO tempest.lib.common.dynamic_creds [-] Dynamic test user a6316728f0e84555b2693fc2c5780e38 is created with scope project and roles: ['member']
2025-11-20 20:25:26.575 66081 INFO tempest.lib.common.dynamic_creds [-] Acquired dynamic creds: credentials: Credentials: {'domain_id': 'default', 'domain_name': 'Default', 'username': 'tempest-ServerActionsTestOtherA-1623571804-project-member', 'project_domain_id': 'default', 'project_domain_name': 'Default', 'project_id': '8eaca82bae54434ea55d652d06ff4773', 'project_name': 'tempest-ServerActionsTestOtherA-1623571804', 'tenant_id': '8eaca82bae54434ea55d652d06ff4773', 'tenant_name': 'tempest-ServerActionsTestOtherA-1623571804', 'user_domain_id': 'default', 'user_domain_name': 'Default', 'user_id': 'a6316728f0e84555b2693fc2c5780e38', 'system': None}, Network: None, Subnet: None, Router: None
2025-11-20 20:25:26.630 66081 INFO tempest.lib.common.rest_client [req-3915934b-a1eb-4dcc-ad0e-09eba4a1ae13 req-3915934b-a1eb-4dcc-ad0e-09eba4a1ae13 ] Request (ServerActionsTestOtherA:setUpClass): 201 POST http://10.180.1.21/identity/v3/auth/tokens 0.055s
2025-11-20 20:25:26.891 66051 INFO tempest.lib.common.rest_client [req-066de17b-23c7-40be-b3db-a536a841c2a6 req-066de17b-23c7-40be-b3db-a536a841c2a6 ] Request (ValidationResourcesFixture:setUp): 201 POST http://10.180.1.21/networking/v2.0/floatingips 1.150s
2025-11-20 20:25:26.986 66043 INFO tempest.lib.common.rest_client [req-1531170b-7e09-4998-997c-079977026b2d req-1531170b-7e09-4998-997c-079977026b2d ] Request (VolumesAssistedSnapshotsTest:test_volume_assisted_snapshot_create_delete): 200 GET http://10.180.1.21/compute/v2.1/servers/8dfedc69-d424-40c8-b383-714719622e52 4.520s
2025-11-20 20:25:26.996 66043 INFO tempest.common.waiters [-] State transition "BUILD/None" ==> "BUILD/block_device_mapping" after 8 second wait
2025-11-20 20:25:27.024 66083 INFO tempest.lib.common.rest_client [req-740abfa6-e98c-491a-9862-9eb33b5086f7 req-740abfa6-e98c-491a-9862-9eb33b5086f7 ] Request (FlavorsAccessTestJSON:_run_cleanups): 202 DELETE http://10.180.1.21/compute/v2.1/flavors/1777698221 4.449s
2025-11-20 20:25:27.028 66051 INFO tempest.lib.common.rest_client [req-80b5b7ba-e92b-48a9-86e1-1e86fe12dd45 req-80b5b7ba-e92b-48a9-86e1-1e86fe12dd45 ] Request (ServersWithSpecificFlavorTestJSON:test_verify_created_server_ephemeral_disk): 201 POST http://10.180.1.21/identity/v3/auth/tokens 0.132s
2025-11-20 20:25:27.028 66051 INFO tempest.lib.common.fixed_network [-] (ServersWithSpecificFlavorTestJSON:test_verify_created_server_ephemeral_disk) Found network {'id': '501ab9a2-37a1-4829-8148-489f2b124a62', 'name': 'tempest-ServersWithSpecificFlavorTestJSON-486556734-network', 'tenant_id': '8c67ea88399448a19182e3a443f4056f', 'project_id': '8c67ea88399448a19182e3a443f4056f', 'admin_state_up': True, 'mtu': 8950, 'status': 'ACTIVE', 'subnets': [], 'shared': False, 'port_security_enabled': True, 'router:external': False, 'provider:network_type': 'vlan', 'provider:physical_network': 'default', 'provider:segmentation_id': 356, 'availability_zone_hints': [], 'availability_zones': [], 'ipv4_address_scope': None, 'ipv6_address_scope': None, 'description': '', 'tags': [], 'created_at': '2025-11-20T20:24:47Z', 'updated_at': '2025-11-20T20:24:47Z', 'revision_number': 1} available for tenant
2025-11-20 20:25:27.050 66067 INFO tempest.lib.common.rest_client [req-08150264-d761-4501-a6ef-55887886e661 req-08150264-d761-4501-a6ef-55887886e661 ] Request (FlavorsAccessNegativeTestJSON:_run_cleanups): 200 GET http://10.180.1.21/compute/v2.1/flavors/detail 4.445s
2025-11-20 20:25:27.083 66097 INFO tempest.lib.common.rest_client [req-808f6097-c3e3-4e68-8bc8-0fe992bd8268 req-808f6097-c3e3-4e68-8bc8-0fe992bd8268 ] Request (AggregatesAdminNegativeTestJSON:test_aggregate_add_non_exist_host): 200 POST http://10.180.1.21/compute/v2.1/os-aggregates 4.464s
2025-11-20 20:25:27.455 66073 INFO tempest.lib.common.rest_client [req-16928e3d-3f72-4767-95d4-35c4fbd41d28 req-16928e3d-3f72-4767-95d4-35c4fbd41d28 ] Request (HostsAdminTestJSON:tearDownClass): 204 DELETE http://10.180.1.21/networking/v2.0/security-groups/f75b8441-9712-4015-aae7-991247c07548 1.332s
2025-11-20 20:25:27.543 66073 INFO tempest.lib.common.rest_client [req-692b77f4-19db-40f3-a95c-884461105ab9 req-692b77f4-19db-40f3-a95c-884461105ab9 ] Request (HostsAdminTestJSON:tearDownClass): 204 DELETE http://10.180.1.21/identity/v3/projects/c69f256ca5ee409e8f8b6491c2e90dec 0.087s
2025-11-20 20:25:27.544 66073 INFO tempest.lib.common.dynamic_creds [-] Deleting project and security group for project: 55f6b4f9ce394336be7686a81171a9ab
2025-11-20 20:25:27.561 66093 INFO tempest.lib.common.rest_client [req-f812a6fc-223f-4572-bd72-8183f2364621 req-f812a6fc-223f-4572-bd72-8183f2364621 ] Request (AttachInterfacesV270Test:setUpClass): 201 POST http://10.180.1.21/networking/v2.0/subnets 1.095s
2025-11-20 20:25:27.704 66095 INFO tempest.lib.common.rest_client [req-743f8a1f-a7eb-4bbc-9c64-e58053db7752 req-743f8a1f-a7eb-4bbc-9c64-e58053db7752 ] Request (ServerDiagnosticsNegativeTest:tearDownClass): 200 GET http://10.180.1.21/compute/v2.1/servers/3159800b-627c-490f-bef2-54cde89e2c21 4.959s
2025-11-20 20:25:27.787 66081 INFO tempest.lib.common.rest_client [req-260b0eaa-3a0d-4332-9d85-f6571fb00e5f req-260b0eaa-3a0d-4332-9d85-f6571fb00e5f ] Request (ServerActionsTestOtherA:setUpClass): 201 POST http://10.180.1.21/networking/v2.0/networks 1.156s
2025-11-20 20:25:27.793 66073 INFO tempest.lib.common.rest_client [req-8fb53b5f-288c-423a-832e-ba45bf719549 req-8fb53b5f-288c-423a-832e-ba45bf719549 ] Request (HostsAdminTestJSON:tearDownClass): 200 GET http://10.180.1.21/networking/v2.0/security-groups?tenant_id=55f6b4f9ce394336be7686a81171a9ab&name=default 0.249s
2025-11-20 20:25:28.280 66081 INFO tempest.lib.common.rest_client [req-2a341bb5-9003-4b39-86c2-2319816d1f7d req-2a341bb5-9003-4b39-86c2-2319816d1f7d ] Request (ServerActionsTestOtherA:setUpClass): 201 POST http://10.180.1.21/networking/v2.0/subnets 0.492s
2025-11-20 20:25:28.379 66073 INFO tempest.lib.common.rest_client [req-7d42665d-b838-49ba-a655-79ad0095c5c4 req-7d42665d-b838-49ba-a655-79ad0095c5c4 ] Request (HostsAdminTestJSON:tearDownClass): 204 DELETE http://10.180.1.21/networking/v2.0/security-groups/900265d5-f359-4242-b004-62751b3f15ba 0.585s
2025-11-20 20:25:28.473 66073 INFO tempest.lib.common.rest_client [req-695e1cac-1728-402a-a7ef-6922104a7020 req-695e1cac-1728-402a-a7ef-6922104a7020 ] Request (HostsAdminTestJSON:tearDownClass): 204 DELETE http://10.180.1.21/identity/v3/projects/55f6b4f9ce394336be7686a81171a9ab 0.093s
2025-11-20 20:25:28.494 66093 INFO tempest.lib.common.rest_client [req-7241b394-9763-499d-bf52-234a71097601 req-7241b394-9763-499d-bf52-234a71097601 ] Request (AttachInterfacesV270Test:setUpClass): 201 POST http://10.180.1.21/networking/v2.0/routers 0.932s
2025-11-20 20:25:28.547 66099 INFO tempest.lib.common.rest_client [req-d0e0f2da-bd71-4e5f-ada6-ca8dc75751db req-d0e0f2da-bd71-4e5f-ada6-ca8dc75751db ] Request (FloatingIPsAssociationNegativeTestJSON:setUpClass): 200 GET http://10.180.1.21/compute/v2.1/servers/c0a3c88b-35e0-4dd1-813e-e8d2ffbb0d56 5.687s
2025-11-20 20:25:28.555 66073 INFO tempest.lib.common.rest_client [req-b5464b18-ee32-4421-9964-9f8772f0c6ae req-b5464b18-ee32-4421-9964-9f8772f0c6ae ] Request (HostsAdminNegativeTestJSON:setUpClass): 201 POST http://10.180.1.21/identity/v3/auth/tokens 0.080s
2025-11-20 20:25:28.556 66099 INFO tempest.common.waiters [-] State transition "BUILD/networking" ==> "BUILD/spawning" after 12 second wait
2025-11-20 20:25:28.589 66073 INFO tempest.lib.common.rest_client [req-c9530556-e390-46bb-b55d-1437f8c7a15b req-c9530556-e390-46bb-b55d-1437f8c7a15b ] Request (HostsAdminNegativeTestJSON:setUpClass): 201 POST http://10.180.1.21/identity/v3/auth/tokens 0.029s
2025-11-20 20:25:28.615 66073 INFO tempest.lib.common.rest_client [req-e04fec0e-8755-40ba-90ff-67b885b4eb65 req-e04fec0e-8755-40ba-90ff-67b885b4eb65 ] Request (HostsAdminNegativeTestJSON:setUpClass): 200 GET http://10.180.1.21/identity/v3/domains?name=Default 0.025s
2025-11-20 20:25:28.649 66073 INFO tempest.lib.common.rest_client [req-38174ef0-ca04-4036-850a-2ed4d7bd577a req-38174ef0-ca04-4036-850a-2ed4d7bd577a ] Request (HostsAdminNegativeTestJSON:setUpClass): 201 POST http://10.180.1.21/identity/v3/projects 0.033s
2025-11-20 20:25:28.721 66073 INFO tempest.lib.common.rest_client [req-bbe01441-e2c4-4a43-a784-2d9c41b3972d req-bbe01441-e2c4-4a43-a784-2d9c41b3972d ] Request (HostsAdminNegativeTestJSON:setUpClass): 201 POST http://10.180.1.21/identity/v3/users 0.072s
2025-11-20 20:25:28.725 66071 INFO tempest.lib.common.rest_client [req-11a4a40a-894b-4115-93a7-cef28e15cbb9 req-11a4a40a-894b-4115-93a7-cef28e15cbb9 ] Request (QuotasAdminNegativeTest:test_create_server_when_memory_quota_is_full): 200 GET http://10.180.1.21/compute/v2.1/os-quota-sets/5b26cbe92375472a97c17372e3e49294 5.858s
2025-11-20 20:25:28.751 66073 INFO tempest.lib.common.rest_client [req-3930550c-7c65-4425-bec9-974ddc119ba9 req-3930550c-7c65-4425-bec9-974ddc119ba9 ] Request (HostsAdminNegativeTestJSON:setUpClass): 200 GET http://10.180.1.21/identity/v3/roles 0.029s
2025-11-20 20:25:28.791 66073 INFO tempest.lib.common.rest_client [req-e364aee7-a106-42e4-9978-73e84d2c7f96 req-e364aee7-a106-42e4-9978-73e84d2c7f96 ] Request (HostsAdminNegativeTestJSON:setUpClass): 204 PUT http://10.180.1.21/identity/v3/projects/39495b7240b74c2999f32989d01aa5e2/users/50257f9f288c40bc92d5a06bc47a5938/roles/daa461205a714dd1a3dbe963101ee39e 0.038s
2025-11-20 20:25:28.791 66073 INFO tempest.lib.common.dynamic_creds [-] Dynamic test user 50257f9f288c40bc92d5a06bc47a5938 is created with scope project and roles: ['member']
2025-11-20 20:25:28.791 66073 INFO tempest.lib.common.dynamic_creds [-] Acquired dynamic creds: credentials: Credentials: {'domain_id': 'default', 'domain_name': 'Default', 'username': 'tempest-HostsAdminNegativeTestJSON-1051917354-project-member', 'project_domain_id': 'default', 'project_domain_name': 'Default', 'project_id': '39495b7240b74c2999f32989d01aa5e2', 'project_name': 'tempest-HostsAdminNegativeTestJSON-1051917354', 'tenant_id': '39495b7240b74c2999f32989d01aa5e2', 'tenant_name': 'tempest-HostsAdminNegativeTestJSON-1051917354', 'user_domain_id': 'default', 'user_domain_name': 'Default', 'user_id': '50257f9f288c40bc92d5a06bc47a5938', 'system': None}, Network: None, Subnet: None, Router: None
2025-11-20 20:25:28.791 66073 INFO tempest.lib.common.dynamic_creds [-] Created isolated network resources for: credentials: Credentials: {'domain_id': 'default', 'domain_name': 'Default', 'username': 'tempest-HostsAdminNegativeTestJSON-1051917354-project-member', 'project_domain_id': 'default', 'project_domain_name': 'Default', 'project_id': '39495b7240b74c2999f32989d01aa5e2', 'project_name': 'tempest-HostsAdminNegativeTestJSON-1051917354', 'tenant_id': '39495b7240b74c2999f32989d01aa5e2', 'tenant_name': 'tempest-HostsAdminNegativeTestJSON-1051917354', 'user_domain_id': 'default', 'user_domain_name': 'Default', 'user_id': '50257f9f288c40bc92d5a06bc47a5938', 'system': None}, Network: None, Subnet: None, Router: None
2025-11-20 20:25:28.888 66073 INFO tempest.lib.common.rest_client [req-81a52fa0-dca5-45a6-acca-737af2031fe1 req-81a52fa0-dca5-45a6-acca-737af2031fe1 ] Request (HostsAdminNegativeTestJSON:setUpClass): 201 POST http://10.180.1.21/identity/v3/auth/tokens 0.092s
2025-11-20 20:25:28.963 66073 INFO tempest.lib.common.rest_client [req-81e3760e-e9de-48f7-9143-ccc5db1e48f7 req-81e3760e-e9de-48f7-9143-ccc5db1e48f7 ] Request (HostsAdminNegativeTestJSON:setUpClass): 201 POST http://10.180.1.21/identity/v3/projects 0.074s
2025-11-20 20:25:29.033 66073 INFO tempest.lib.common.rest_client [req-c323d4ea-11e6-4066-9948-d3b7698a749e req-c323d4ea-11e6-4066-9948-d3b7698a749e ] Request (HostsAdminNegativeTestJSON:setUpClass): 201 POST http://10.180.1.21/identity/v3/users 0.069s
2025-11-20 20:25:29.062 66073 INFO tempest.lib.common.rest_client [req-57c70281-c721-499e-8618-5dce8566d24d req-57c70281-c721-499e-8618-5dce8566d24d ] Request (HostsAdminNegativeTestJSON:setUpClass): 200 GET http://10.180.1.21/identity/v3/roles 0.029s
2025-11-20 20:25:29.099 66047 INFO tempest.lib.common.rest_client [req-498d7a58-b576-4a39-af4e-69c463d20194 req-498d7a58-b576-4a39-af4e-69c463d20194 ] Request (FloatingIPDetailsTestJSON:tearDownClass): 202 DELETE http://10.180.1.21/compute/v2.1/os-floating-ips/c186165e-b346-4550-a867-107738d665b9 6.548s
2025-11-20 20:25:29.101 66073 INFO tempest.lib.common.rest_client [req-6dfbf185-534a-4633-a332-70eeffc16401 req-6dfbf185-534a-4633-a332-70eeffc16401 ] Request (HostsAdminNegativeTestJSON:setUpClass): 204 PUT http://10.180.1.21/identity/v3/projects/661ce174dd844130a742bb08880e1a7f/users/2a65e7503bf94b08ba70bcfbdfc144ed/roles/f5493f332d924f438191deea1b06acff 0.039s
2025-11-20 20:25:29.168 66073 INFO tempest.lib.common.rest_client [req-46f70dd7-d1cd-4d31-a519-947d889c77a9 req-46f70dd7-d1cd-4d31-a519-947d889c77a9 ] Request (HostsAdminNegativeTestJSON:setUpClass): 200 GET http://10.180.1.21/identity/v3/roles 0.066s
2025-11-20 20:25:29.190 66073 INFO tempest.lib.common.rest_client [req-c0ce68da-99e8-47e8-a64c-999afb07104f req-c0ce68da-99e8-47e8-a64c-999afb07104f ] Request (HostsAdminNegativeTestJSON:setUpClass): 204 PUT http://10.180.1.21/identity/v3/projects/661ce174dd844130a742bb08880e1a7f/users/2a65e7503bf94b08ba70bcfbdfc144ed/roles/f5493f332d924f438191deea1b06acff 0.021s
2025-11-20 20:25:29.190 66073 INFO tempest.lib.common.dynamic_creds [-] Dynamic test user 2a65e7503bf94b08ba70bcfbdfc144ed is created with scope project and roles: ['admin']
2025-11-20 20:25:29.190 66073 INFO tempest.lib.common.dynamic_creds [-] Acquired dynamic creds: credentials: Credentials: {'domain_id': 'default', 'domain_name': 'Default', 'username': 'tempest-HostsAdminNegativeTestJSON-516695731-project-admin', 'project_domain_id': 'default', 'project_domain_name': 'Default', 'project_id': '661ce174dd844130a742bb08880e1a7f', 'project_name': 'tempest-HostsAdminNegativeTestJSON-516695731', 'tenant_id': '661ce174dd844130a742bb08880e1a7f', 'tenant_name': 'tempest-HostsAdminNegativeTestJSON-516695731', 'user_domain_id': 'default', 'user_domain_name': 'Default', 'user_id': '2a65e7503bf94b08ba70bcfbdfc144ed', 'system': None}, Network: None, Subnet: None, Router: None
2025-11-20 20:25:29.191 66073 INFO tempest.lib.common.dynamic_creds [-] Created isolated network resources for: credentials: Credentials: {'domain_id': 'default', 'domain_name': 'Default', 'username': 'tempest-HostsAdminNegativeTestJSON-516695731-project-admin', 'project_domain_id': 'default', 'project_domain_name': 'Default', 'project_id': '661ce174dd844130a742bb08880e1a7f', 'project_name': 'tempest-HostsAdminNegativeTestJSON-516695731', 'tenant_id': '661ce174dd844130a742bb08880e1a7f', 'tenant_name': 'tempest-HostsAdminNegativeTestJSON-516695731', 'user_domain_id': 'default', 'user_domain_name': 'Default', 'user_id': '2a65e7503bf94b08ba70bcfbdfc144ed', 'system': None}, Network: None, Subnet: None, Router: None
2025-11-20 20:25:29.281 66073 INFO tempest.lib.common.rest_client [req-71c5f15f-a9a6-4899-870a-379c86309290 req-71c5f15f-a9a6-4899-870a-379c86309290 ] Request (HostsAdminNegativeTestJSON:setUpClass): 201 POST http://10.180.1.21/identity/v3/auth/tokens 0.087s
2025-11-20 20:25:29.295 66081 INFO tempest.lib.common.rest_client [req-b8180fa0-d7c2-4868-8688-2d37da26384b req-b8180fa0-d7c2-4868-8688-2d37da26384b ] Request (ServerActionsTestOtherA:setUpClass): 201 POST http://10.180.1.21/networking/v2.0/routers 1.015s
2025-11-20 20:25:29.997 66093 INFO tempest.lib.common.rest_client [req-feda0220-d28d-4d66-809f-88b8c192f64d req-feda0220-d28d-4d66-809f-88b8c192f64d ] Request (AttachInterfacesV270Test:setUpClass): 200 PUT http://10.180.1.21/networking/v2.0/routers/50af1897-e92c-431e-a186-460f95b0eddc/add_router_interface 1.503s
