2025-11-20 20:28:42.244 66061 INFO tempest.lib.common.rest_client [req-14ce8963-b056-40d9-b8bd-996939dfda7e req-14ce8963-b056-40d9-b8bd-996939dfda7e ] Request (ServerDiskConfigTestJSON:test_resize_server_from_auto_to_manual): 202 POST http://10.180.1.21/compute/v2.1/servers 0.551s
2025-11-20 20:28:42.322 66095 INFO tempest.lib.common.rest_client [req-f42ecd55-0cb0-4121-b595-3927b8a51358 req-f42ecd55-0cb0-4121-b595-3927b8a51358 ] Request (ServersV294TestFqdnHostnames:setUpClass): 200 GET http://10.180.1.21/compute/v2.1/servers/5b0b66e2-1f7d-4f3a-8ddc-748df0994391 0.565s
2025-11-20 20:28:42.349 66071 INFO tempest.lib.common.rest_client [req-ebb97b1b-7300-442b-a854-7758fdf0ac5d req-ebb97b1b-7300-442b-a854-7758fdf0ac5d ] Request (ServerMetadataNegativeTestJSON:tearDownClass): 404 GET http://10.180.1.21/compute/v2.1/servers/89576a50-d305-48e2-89f2-2c5a91e2c204 0.560s
2025-11-20 20:28:42.436 66047 INFO tempest.lib.common.rest_client [req-b2887002-b484-42bd-86af-f8c36c9cdfcf req-b2887002-b484-42bd-86af-f8c36c9cdfcf ] Request (ServerMetadataTestJSON:setUpClass): 200 GET http://10.180.1.21/compute/v2.1/servers/ad2c42c5-114c-476e-a2ec-f6ec714bde3d 0.634s
2025-11-20 20:28:42.729 66069 INFO tempest.lib.common.rest_client [req-61865d3d-9aee-4fab-816b-fa173f511b74 req-61865d3d-9aee-4fab-816b-fa173f511b74 ] Request (ImagesTestJSON:test_create_image_from_suspended_server): 200 GET http://10.180.1.21/compute/v2.1/images/c62367ae-2eba-462a-9808-1a5ebf565ce8 0.900s
2025-11-20 20:28:42.747 66041 INFO tempest.lib.common.rest_client [req-02fad87a-21fa-4952-83e7-4518afb650e5 req-02fad87a-21fa-4952-83e7-4518afb650e5 ] Request (ServerActionsTestOtherB:test_create_backup): 202 POST http://10.180.1.21/compute/v2.1/servers/63bdb800-aeda-456e-9acd-afab1096c9d1/action 0.993s
2025-11-20 20:28:42.761 66041 INFO tempest.lib.common.rest_client [req-0d8fab3c-a4fb-4757-a805-66a58dfe9574 req-0d8fab3c-a4fb-4757-a805-66a58dfe9574 ] Request (ServerActionsTestOtherB:test_create_backup): 200 GET http://10.180.1.21/image/v2/images/e176cc50-9bcd-4051-a2d4-7c7bc70322ab 0.013s
2025-11-20 20:28:42.825 66043 INFO tempest.lib.common.rest_client [req-3679a6e2-d290-466e-9612-082381b336c5 req-3679a6e2-d290-466e-9612-082381b336c5 ] Request (ServersAdminNegativeTestJSON:setUpClass): 200 GET http://10.180.1.21/compute/v2.1/servers/1eafb1a1-d3fd-4599-88ed-b19c77aca8e5 0.987s
2025-11-20 20:28:42.842 66067 INFO tempest.lib.common.rest_client [req-965bbc15-46be-4335-a89a-fb0cbb240bb8 req-965bbc15-46be-4335-a89a-fb0cbb240bb8 ] Request (TenantUsagesTestJSON:setUpClass): 200 GET http://10.180.1.21/compute/v2.1/servers/fbccaee6-8896-431f-9510-1ef10d42abdc 0.736s
2025-11-20 20:28:42.924 66061 INFO tempest.lib.common.rest_client [req-081e8641-1dce-4b83-b9c4-4e71d1ba3e13 req-081e8641-1dce-4b83-b9c4-4e71d1ba3e13 ] Request (ServerDiskConfigTestJSON:test_resize_server_from_auto_to_manual): 200 GET http://10.180.1.21/compute/v2.1/servers/9101a68a-0aab-44de-8739-67096b5c28d9 0.675s
2025-11-20 20:28:42.936 66055 INFO tempest.lib.common.rest_client [req-b55a2358-eec3-4539-af56-2aee7a5b34f5 req-b55a2358-eec3-4539-af56-2aee7a5b34f5 ] Request (ListServerFiltersTestJSON:tearDownClass): 200 GET http://10.180.1.21/compute/v2.1/servers/87083d97-1a46-4535-85fc-4081af4f1d99 0.623s
2025-11-20 20:28:43.015 66077 INFO tempest.lib.common.rest_client [req-507e4dda-16e0-4498-8287-190610781cf7 req-507e4dda-16e0-4498-8287-190610781cf7 ] Request (AttachVolumeTestJSON:test_attach_detach_volume): 200 GET http://10.180.1.21/compute/v2.1/servers/6725e588-0d8f-442d-9158-4049ebeb0262 0.646s
2025-11-20 20:28:43.066 66097 INFO tempest.lib.common.rest_client [req-afe3298d-555e-4aea-8c47-ce1b2b3c281d req-afe3298d-555e-4aea-8c47-ce1b2b3c281d ] Request (ServerTagsTestJSON:setUpClass): 200 GET http://10.180.1.21/compute/v2.1/servers/5c564d55-0071-4ebd-b8ff-c95858ed139d 0.643s
2025-11-20 20:28:43.081 66089 INFO tempest.lib.common.rest_client [req-a8679609-5b06-447e-9559-fbb209e5467a req-a8679609-5b06-447e-9559-fbb209e5467a ] Request (SecurityGroupsTestJSON:test_server_security_groups): 200 GET http://10.180.1.21/compute/v2.1/servers/621d2f7e-ea00-448d-8aca-b9ff72ff432d 0.649s
2025-11-20 20:28:43.137 66085 INFO tempest.lib.common.rest_client [req-cfdc53ae-0c8f-457e-8bb1-8b3b548c9050 req-cfdc53ae-0c8f-457e-8bb1-8b3b548c9050 ] Request (ListServersNegativeTestJSON:tearDownClass): 200 GET http://10.180.1.21/compute/v2.1/servers/f9347764-1fbe-4a3c-8d8b-828bb61b9f25 0.648s
2025-11-20 20:28:43.194 66075 INFO tempest.lib.common.rest_client [req-f84a53a5-6b82-4c73-80c7-a51fed7ec71c req-f84a53a5-6b82-4c73-80c7-a51fed7ec71c ] Request (FloatingIPsAssociationTestJSON:tearDownClass): 200 GET http://10.180.1.21/compute/v2.1/servers/6889468b-121b-48cb-a32b-c1411750f54f 0.679s
2025-11-20 20:28:43.212 66073 INFO tempest.lib.common.rest_client [req-53bc33c7-b832-40a7-a4fa-ec00b9a6e102 req-53bc33c7-b832-40a7-a4fa-ec00b9a6e102 ] Request (InstanceActionsV221TestJSON:test_get_list_deleted_instance_actions): 200 GET http://10.180.1.21/compute/v2.1/servers/361105bf-f13c-4c6f-973f-b8e70665f84e 0.628s
2025-11-20 20:28:43.262 66053 INFO tempest.lib.common.rest_client [req-fb3efa39-de58-43e8-ba30-76df9c0a5b3e req-fb3efa39-de58-43e8-ba30-76df9c0a5b3e ] Request (ServerRescueTestJSONUnderV235:setUpClass): 200 GET http://10.180.1.21/compute/v2.1/servers/970eff7f-0e40-481a-a255-a0b4a4d211d0 0.592s
2025-11-20 20:28:43.291 66088 INFO tempest.lib.common.rest_client [req-b0f3cc06-d3e0-497c-acdb-4e04f3dcfbcd req-b0f3cc06-d3e0-497c-acdb-4e04f3dcfbcd ] Request (ListImageFiltersTestJSON:setUpClass): 200 GET http://10.180.1.21/compute/v2.1/servers/b24ad2eb-af52-4df0-b53f-fcdab3018286 0.485s
2025-11-20 20:28:43.326 66071 INFO tempest.lib.common.rest_client [req-bebb5b31-9566-4d92-8156-4dc49dcdd762 req-bebb5b31-9566-4d92-8156-4dc49dcdd762 ] Request (ServerMetadataNegativeTestJSON:tearDownClass): 200 PUT http://10.180.1.21/networking/v2.0/routers/2aac8deb-91bb-44ec-b7d0-08a044d687cb/remove_router_interface 0.976s
2025-11-20 20:28:43.388 66101 INFO tempest.lib.common.rest_client [req-1860d3c3-ae57-43e8-91d6-de72f5bad67d req-1860d3c3-ae57-43e8-91d6-de72f5bad67d ] Request (ServersTestMultiNic:test_verify_multiple_nics_order): 200 GET http://10.180.1.21/compute/v2.1/servers/8d2ed2f2-6c3f-4cec-acaa-2b3a8b7e9adb 0.491s
2025-11-20 20:28:43.422 66065 INFO tempest.lib.common.rest_client [req-b786c8df-6f2c-4b82-bbf0-f311106853f1 req-b786c8df-6f2c-4b82-bbf0-f311106853f1 ] Request (MigrationsAdminTest:test_resize_server_revert_deleted_flavor): 200 GET http://10.180.1.21/compute/v2.1/servers/02fa8028-04bb-4b33-8931-e7af29af0204 0.581s
2025-11-20 20:28:43.543 66049 INFO tempest.lib.common.rest_client [req-039223b3-b576-4c57-90c7-47da2fea8708 req-039223b3-b576-4c57-90c7-47da2fea8708 ] Request (MultipleCreateTestJSON:_run_cleanups): 200 GET http://10.180.1.21/compute/v2.1/servers/9db826c2-b488-458f-abe7-b5f3cd3b97d5 0.561s
2025-11-20 20:28:43.570 66057 INFO tempest.lib.common.rest_client [req-6fa2c5f4-cfb2-4749-8530-7afe377a9959 req-6fa2c5f4-cfb2-4749-8530-7afe377a9959 ] Request (ServersNegativeTestJSON:setUpClass): 200 GET http://10.180.1.21/compute/v2.1/servers/36eedf5b-de18-4b04-b356-a8391c87bb25 0.664s
2025-11-20 20:28:43.649 66081 INFO tempest.lib.common.rest_client [req-673b7c5f-936d-46f5-8c53-95aa16134694 req-673b7c5f-936d-46f5-8c53-95aa16134694 ] Request (ServerActionsTestOtherA:test_rebuild_server_with_volume_attached): 200 GET http://10.180.1.21/compute/v2.1/servers/7276c80d-0da0-484e-99a2-5d84d8ab6db9 0.450s
2025-11-20 20:28:43.679 66099 INFO tempest.lib.common.rest_client [req-357f32e2-0576-4986-966d-bd91a4446231 req-357f32e2-0576-4986-966d-bd91a4446231 ] Request (ServerRescueNegativeTestJSON:test_rescued_vm_attach_volume): 200 GET http://10.180.1.21/compute/v2.1/servers/8154ab5f-5c86-48ba-a3c0-f4d1ec170d2c 0.541s
2025-11-20 20:28:43.709 66095 INFO tempest.lib.common.rest_client [req-08e4992f-be18-4544-87ee-ff9e4f6320f2 req-08e4992f-be18-4544-87ee-ff9e4f6320f2 ] Request (ServersV294TestFqdnHostnames:setUpClass): 200 GET http://10.180.1.21/compute/v2.1/servers/5b0b66e2-1f7d-4f3a-8ddc-748df0994391 0.376s
2025-11-20 20:28:43.735 66047 INFO tempest.lib.common.rest_client [req-ec3889c9-6fd7-4a97-8742-54a89a62ca83 req-ec3889c9-6fd7-4a97-8742-54a89a62ca83 ] Request (ServerMetadataTestJSON:setUpClass): 200 GET http://10.180.1.21/compute/v2.1/servers/ad2c42c5-114c-476e-a2ec-f6ec714bde3d 0.285s
2025-11-20 20:28:43.771 66069 INFO tempest.lib.common.rest_client [req-3a53b8ad-6295-47e0-bf51-7fce04924dd9 req-3a53b8ad-6295-47e0-bf51-7fce04924dd9 ] Request (ImagesTestJSON:test_create_image_from_suspended_server): 200 GET http://10.180.1.21/compute/v2.1/images/c62367ae-2eba-462a-9808-1a5ebf565ce8 0.038s
2025-11-20 20:28:43.777 66041 INFO tempest.lib.common.rest_client [req-9564c79f-6b1d-4c8c-915b-6a503461c802 req-9564c79f-6b1d-4c8c-915b-6a503461c802 ] Request (ServerActionsTestOtherB:test_create_backup): 200 GET http://10.180.1.21/image/v2/images/e176cc50-9bcd-4051-a2d4-7c7bc70322ab 0.014s
2025-11-20 20:28:43.794 66071 INFO tempest.lib.common.rest_client [req-c4bd9d4f-c881-4fb9-a22b-946262180a6b req-c4bd9d4f-c881-4fb9-a22b-946262180a6b ] Request (ServerMetadataNegativeTestJSON:tearDownClass): 204 DELETE http://10.180.1.21/networking/v2.0/routers/2aac8deb-91bb-44ec-b7d0-08a044d687cb 0.468s
2025-11-20 20:28:43.913 66071 INFO tempest.lib.common.rest_client [req-056ea2f5-b902-4d69-aff4-4ba8ed027874 req-056ea2f5-b902-4d69-aff4-4ba8ed027874 ] Request (ServerMetadataNegativeTestJSON:tearDownClass): 204 DELETE http://10.180.1.21/networking/v2.0/subnets/f8b2c1af-88cc-4801-8fea-125745e5d330 0.118s
2025-11-20 20:28:43.938 66043 INFO tempest.lib.common.rest_client [req-5a1c1b06-f02d-4343-9092-d910e286e039 req-5a1c1b06-f02d-4343-9092-d910e286e039 ] Request (ServersAdminNegativeTestJSON:setUpClass): 200 GET http://10.180.1.21/compute/v2.1/servers/1eafb1a1-d3fd-4599-88ed-b19c77aca8e5 0.098s
2025-11-20 20:28:43.952 66067 INFO tempest.lib.common.rest_client [req-f6280375-23c4-43dc-9e30-0c648d8bbbce req-f6280375-23c4-43dc-9e30-0c648d8bbbce ] Request (TenantUsagesTestJSON:setUpClass): 200 GET http://10.180.1.21/compute/v2.1/servers/fbccaee6-8896-431f-9510-1ef10d42abdc 0.101s
2025-11-20 20:28:44.041 66061 INFO tempest.lib.common.rest_client [req-c7368b39-b4c5-48ff-bcfe-b3593d4eaba8 req-c7368b39-b4c5-48ff-bcfe-b3593d4eaba8 ] Request (ServerDiskConfigTestJSON:test_resize_server_from_auto_to_manual): 200 GET http://10.180.1.21/compute/v2.1/servers/9101a68a-0aab-44de-8739-67096b5c28d9 0.107s
2025-11-20 20:28:44.057 66055 INFO tempest.lib.common.rest_client [req-de97b59b-b88d-48bf-9318-8dfcfa626e22 req-de97b59b-b88d-48bf-9318-8dfcfa626e22 ] Request (ListServerFiltersTestJSON:tearDownClass): 200 GET http://10.180.1.21/compute/v2.1/servers/87083d97-1a46-4535-85fc-4081af4f1d99 0.109s
2025-11-20 20:28:44.063 66055 INFO tempest.common.waiters [-] State transition "ACTIVE/deleting" ==> "DELETED/None" after 4 second wait
2025-11-20 20:28:44.098 66077 INFO tempest.lib.common.rest_client [req-9d2e6bc6-f3f3-435f-b6b0-258102531d9d req-9d2e6bc6-f3f3-435f-b6b0-258102531d9d ] Request (AttachVolumeTestJSON:test_attach_detach_volume): 200 GET http://10.180.1.21/compute/v2.1/servers/6725e588-0d8f-442d-9158-4049ebeb0262 0.075s
2025-11-20 20:28:44.105 66077 INFO tempest.common.waiters [-] State transition "BUILD/None" ==> "BUILD/networking" after 62 second wait
2025-11-20 20:28:44.136 66097 INFO tempest.lib.common.rest_client [req-011799bc-bc32-4f6f-b5e3-ec5948f92077 req-011799bc-bc32-4f6f-b5e3-ec5948f92077 ] Request (ServerTagsTestJSON:setUpClass): 200 GET http://10.180.1.21/compute/v2.1/servers/5c564d55-0071-4ebd-b8ff-c95858ed139d 0.057s
2025-11-20 20:28:44.146 66089 INFO tempest.lib.common.rest_client [req-2e01810a-e4ea-4e65-992d-abf71d8f9623 req-2e01810a-e4ea-4e65-992d-abf71d8f9623 ] Request (SecurityGroupsTestJSON:test_server_security_groups): 200 GET http://10.180.1.21/compute/v2.1/servers/621d2f7e-ea00-448d-8aca-b9ff72ff432d 0.054s
2025-11-20 20:28:44.204 66059 WARNING tempest.lib.common.ssh [-] Failed to establish authenticated ssh connection to cirros@10.180.180.229 ([Errno None] Unable to connect to port 22 on 10.180.180.229). Number attempts: 7. Retry after 8 seconds.: paramiko.ssh_exception.NoValidConnectionsError: [Errno None] Unable to connect to port 22 on 10.180.180.229
2025-11-20 20:28:44.207 66071 INFO tempest.lib.common.rest_client [req-37a87375-8dea-4a15-9a09-4de7e65024ca req-37a87375-8dea-4a15-9a09-4de7e65024ca ] Request (ServerMetadataNegativeTestJSON:tearDownClass): 204 DELETE http://10.180.1.21/networking/v2.0/networks/981d7d0e-7709-49d0-b7ea-27b5e32de4ac 0.293s
2025-11-20 20:28:44.229 66085 INFO tempest.lib.common.rest_client [req-648f2f69-4042-46d4-a7fc-c7a4e3fc0ec1 req-648f2f69-4042-46d4-a7fc-c7a4e3fc0ec1 ] Request (ListServersNegativeTestJSON:tearDownClass): 200 GET http://10.180.1.21/compute/v2.1/servers/f9347764-1fbe-4a3c-8d8b-828bb61b9f25 0.081s
2025-11-20 20:28:44.285 66075 INFO tempest.lib.common.rest_client [req-b3af82ed-03f2-4e33-8f87-1ed516dd2539 req-b3af82ed-03f2-4e33-8f87-1ed516dd2539 ] Request (FloatingIPsAssociationTestJSON:tearDownClass): 200 GET http://10.180.1.21/compute/v2.1/servers/6889468b-121b-48cb-a32b-c1411750f54f 0.080s
2025-11-20 20:28:44.293 66073 INFO tempest.lib.common.rest_client [req-126b017f-caa2-4064-a752-dd85c8245b60 req-126b017f-caa2-4064-a752-dd85c8245b60 ] Request (InstanceActionsV221TestJSON:test_get_list_deleted_instance_actions): 200 GET http://10.180.1.21/compute/v2.1/servers/361105bf-f13c-4c6f-973f-b8e70665f84e 0.070s
2025-11-20 20:28:44.319 66071 INFO tempest.lib.common.rest_client [req-0ac1ce98-3a1b-42aa-a8a7-f23bad9d7e3c req-0ac1ce98-3a1b-42aa-a8a7-f23bad9d7e3c ] Request (ServerMetadataNegativeTestJSON:tearDownClass): 204 DELETE http://10.180.1.21/identity/v3/users/a11c65d037f743998123f480ea9b3dfb 0.111s
2025-11-20 20:28:44.319 66071 INFO tempest.lib.common.dynamic_creds [-] Deleting project and security group for project: e0f79b7b5a53493c80fccb9e8a5703c5
2025-11-20 20:28:44.350 66071 INFO tempest.lib.common.rest_client [req-30694ce8-39e9-4e43-acf2-a78efff5ec94 req-30694ce8-39e9-4e43-acf2-a78efff5ec94 ] Request (ServerMetadataNegativeTestJSON:tearDownClass): 200 GET http://10.180.1.21/networking/v2.0/security-groups?tenant_id=e0f79b7b5a53493c80fccb9e8a5703c5&name=default 0.031s
2025-11-20 20:28:44.360 66053 INFO tempest.lib.common.rest_client [req-24f3cac9-ea85-4baa-8b17-f4e9ce586cef req-24f3cac9-ea85-4baa-8b17-f4e9ce586cef ] Request (ServerRescueTestJSONUnderV235:setUpClass): 200 GET http://10.180.1.21/compute/v2.1/servers/970eff7f-0e40-481a-a255-a0b4a4d211d0 0.090s
2025-11-20 20:28:44.374 66088 INFO tempest.lib.common.rest_client [req-5d8ef3a6-c00d-4e97-ae31-e038ab4ec0b5 req-5d8ef3a6-c00d-4e97-ae31-e038ab4ec0b5 ] Request (ListImageFiltersTestJSON:setUpClass): 200 GET http://10.180.1.21/compute/v2.1/servers/b24ad2eb-af52-4df0-b53f-fcdab3018286 0.074s
2025-11-20 20:28:44.442 66071 INFO tempest.lib.common.rest_client [req-c17ffe1b-c148-4acd-9da2-11656ca5ef5c req-c17ffe1b-c148-4acd-9da2-11656ca5ef5c ] Request (ServerMetadataNegativeTestJSON:tearDownClass): 204 DELETE http://10.180.1.21/networking/v2.0/security-groups/a6f155b9-a4cd-4cf3-9a05-2cde7640cf8a 0.091s
2025-11-20 20:28:44.452 66101 INFO tempest.lib.common.rest_client [req-bf28ec30-70d6-4eb3-8568-f580979f19c3 req-bf28ec30-70d6-4eb3-8568-f580979f19c3 ] Request (ServersTestMultiNic:test_verify_multiple_nics_order): 200 GET http://10.180.1.21/compute/v2.1/servers/8d2ed2f2-6c3f-4cec-acaa-2b3a8b7e9adb 0.056s
2025-11-20 20:28:44.588 66065 INFO tempest.lib.common.rest_client [req-96edd94d-c2f9-4a04-bd13-6056b7a3177d req-96edd94d-c2f9-4a04-bd13-6056b7a3177d ] Request (MigrationsAdminTest:test_resize_server_revert_deleted_flavor): 200 GET http://10.180.1.21/compute/v2.1/servers/02fa8028-04bb-4b33-8931-e7af29af0204 0.151s
2025-11-20 20:28:44.619 66071 INFO tempest.lib.common.rest_client [req-5595fe6b-d9f8-4aae-9e8f-279143508789 req-5595fe6b-d9f8-4aae-9e8f-279143508789 ] Request (ServerMetadataNegativeTestJSON:tearDownClass): 204 DELETE http://10.180.1.21/identity/v3/projects/e0f79b7b5a53493c80fccb9e8a5703c5 0.177s
2025-11-20 20:28:44.639 66049 INFO tempest.lib.common.rest_client [req-81fbf476-af53-48be-810b-86b5a67aca9f req-81fbf476-af53-48be-810b-86b5a67aca9f ] Request (MultipleCreateTestJSON:_run_cleanups): 200 GET http://10.180.1.21/compute/v2.1/servers/9db826c2-b488-458f-abe7-b5f3cd3b97d5 0.088s
2025-11-20 20:28:44.691 66071 INFO tempest.lib.common.rest_client [req-4346f4e0-576c-4991-a37e-c5398e9f6b90 req-4346f4e0-576c-4991-a37e-c5398e9f6b90 ] Request (ServerShowV263Test:setUpClass): 201 POST http://10.180.1.21/identity/v3/auth/tokens 0.069s
2025-11-20 20:28:44.710 66057 INFO tempest.lib.common.rest_client [req-9c873d7e-7d1c-42dd-8a07-2147cd796cf2 req-9c873d7e-7d1c-42dd-8a07-2147cd796cf2 ] Request (ServersNegativeTestJSON:setUpClass): 200 GET http://10.180.1.21/compute/v2.1/servers/36eedf5b-de18-4b04-b356-a8391c87bb25 0.131s
2025-11-20 20:28:44.726 66081 INFO tempest.lib.common.rest_client [req-555176a0-69d1-4aef-abc5-87242f5c383e req-555176a0-69d1-4aef-abc5-87242f5c383e ] Request (ServerActionsTestOtherA:test_rebuild_server_with_volume_attached): 200 GET http://10.180.1.21/compute/v2.1/servers/7276c80d-0da0-484e-99a2-5d84d8ab6db9 0.068s
2025-11-20 20:28:44.727 66071 INFO tempest.lib.common.rest_client [req-cf1cc5af-8ec2-4b41-95b3-fea650a90347 req-cf1cc5af-8ec2-4b41-95b3-fea650a90347 ] Request (ServerShowV263Test:setUpClass): 201 POST http://10.180.1.21/identity/v3/auth/tokens 0.034s
2025-11-20 20:28:44.759 66071 INFO tempest.lib.common.rest_client [req-9dee9718-ccc4-4b4c-9048-50153265892d req-9dee9718-ccc4-4b4c-9048-50153265892d ] Request (ServerShowV263Test:setUpClass): 200 GET http://10.180.1.21/identity/v3/domains?name=Default 0.031s
2025-11-20 20:28:44.797 66071 INFO tempest.lib.common.rest_client [req-4d7855dc-7438-407f-b285-43ce75e27fcd req-4d7855dc-7438-407f-b285-43ce75e27fcd ] Request (ServerShowV263Test:setUpClass): 201 POST http://10.180.1.21/identity/v3/projects 0.037s
2025-11-20 20:28:44.797 66041 INFO tempest.lib.common.rest_client [req-fbaee6e0-88bd-4394-a3c9-015af2e13a40 req-fbaee6e0-88bd-4394-a3c9-015af2e13a40 ] Request (ServerActionsTestOtherB:test_create_backup): 200 GET http://10.180.1.21/image/v2/images/e176cc50-9bcd-4051-a2d4-7c7bc70322ab 0.019s
2025-11-20 20:28:44.807 66095 INFO tempest.lib.common.rest_client [req-4909aabf-8245-45aa-9ca2-c622fafb943a req-4909aabf-8245-45aa-9ca2-c622fafb943a ] Request (ServersV294TestFqdnHostnames:setUpClass): 200 GET http://10.180.1.21/compute/v2.1/servers/5b0b66e2-1f7d-4f3a-8ddc-748df0994391 0.083s
2025-11-20 20:28:44.830 66099 INFO tempest.lib.common.rest_client [req-6532d6fb-ef86-4b03-adc3-285335394238 req-6532d6fb-ef86-4b03-adc3-285335394238 ] Request (ServerRescueNegativeTestJSON:test_rescued_vm_attach_volume): 200 GET http://10.180.1.21/compute/v2.1/servers/8154ab5f-5c86-48ba-a3c0-f4d1ec170d2c 0.142s
2025-11-20 20:28:44.872 66071 INFO tempest.lib.common.rest_client [req-8616be33-c077-4365-826d-1054dc82ebaf req-8616be33-c077-4365-826d-1054dc82ebaf ] Request (ServerShowV263Test:setUpClass): 201 POST http://10.180.1.21/identity/v3/users 0.075s
2025-11-20 20:28:44.874 66047 INFO tempest.lib.common.rest_client [req-de035d21-c8eb-4e64-ba2e-ec4899bd7c2e req-de035d21-c8eb-4e64-ba2e-ec4899bd7c2e ] Request (ServerMetadataTestJSON:setUpClass): 200 GET http://10.180.1.21/compute/v2.1/servers/ad2c42c5-114c-476e-a2ec-f6ec714bde3d 0.130s
2025-11-20 20:28:44.875 66069 INFO tempest.lib.common.rest_client [req-1ca61f59-59b2-4360-9683-4e775c241e0f req-1ca61f59-59b2-4360-9683-4e775c241e0f ] Request (ImagesTestJSON:test_create_image_from_suspended_server): 200 GET http://10.180.1.21/compute/v2.1/images/c62367ae-2eba-462a-9808-1a5ebf565ce8 0.099s
2025-11-20 20:28:44.896 66071 INFO tempest.lib.common.rest_client [req-ac9ec2b7-27be-4cc3-9a57-fcb653574cd4 req-ac9ec2b7-27be-4cc3-9a57-fcb653574cd4 ] Request (ServerShowV263Test:setUpClass): 200 GET http://10.180.1.21/identity/v3/roles 0.023s
2025-11-20 20:28:44.929 66071 INFO tempest.lib.common.rest_client [req-b71d74f9-238c-4fae-a389-3878931bef83 req-b71d74f9-238c-4fae-a389-3878931bef83 ] Request (ServerShowV263Test:setUpClass): 204 PUT http://10.180.1.21/identity/v3/projects/e299cbf9f08042c3b226506da71370b0/users/39e08a12c81547f2bc473eb5d2c82722/roles/daa461205a714dd1a3dbe963101ee39e 0.032s
2025-11-20 20:28:44.929 66071 INFO tempest.lib.common.dynamic_creds [-] Dynamic test user 39e08a12c81547f2bc473eb5d2c82722 is created with scope project and roles: ['member']
2025-11-20 20:28:44.929 66071 INFO tempest.lib.common.dynamic_creds [-] Acquired dynamic creds: credentials: Credentials: {'domain_id': 'default', 'domain_name': 'Default', 'username': 'tempest-ServerShowV263Test-445936107-project-member', 'project_domain_id': 'default', 'project_domain_name': 'Default', 'project_id': 'e299cbf9f08042c3b226506da71370b0', 'project_name': 'tempest-ServerShowV263Test-445936107', 'tenant_id': 'e299cbf9f08042c3b226506da71370b0', 'tenant_name': 'tempest-ServerShowV263Test-445936107', 'user_domain_id': 'default', 'user_domain_name': 'Default', 'user_id': '39e08a12c81547f2bc473eb5d2c82722', 'system': None}, Network: None, Subnet: None, Router: None
2025-11-20 20:28:44.929 66071 INFO tempest.lib.common.dynamic_creds [-] Created isolated network resources for: credentials: Credentials: {'domain_id': 'default', 'domain_name': 'Default', 'username': 'tempest-ServerShowV263Test-445936107-project-member', 'project_domain_id': 'default', 'project_domain_name': 'Default', 'project_id': 'e299cbf9f08042c3b226506da71370b0', 'project_name': 'tempest-ServerShowV263Test-445936107', 'tenant_id': 'e299cbf9f08042c3b226506da71370b0', 'tenant_name': 'tempest-ServerShowV263Test-445936107', 'user_domain_id': 'default', 'user_domain_name': 'Default', 'user_id': '39e08a12c81547f2bc473eb5d2c82722', 'system': None}, Network: None, Subnet: None, Router: None
2025-11-20 20:28:45.010 66043 INFO tempest.lib.common.rest_client [req-90b85185-212c-4e67-aeab-eff5ee9b287b req-90b85185-212c-4e67-aeab-eff5ee9b287b ] Request (ServersAdminNegativeTestJSON:setUpClass): 200 GET http://10.180.1.21/compute/v2.1/servers/1eafb1a1-d3fd-4599-88ed-b19c77aca8e5 0.061s
2025-11-20 20:28:45.012 66071 INFO tempest.lib.common.rest_client [req-250b1c95-165a-4f77-ac1a-5dddf9f7d57b req-250b1c95-165a-4f77-ac1a-5dddf9f7d57b ] Request (ServerShowV263Test:setUpClass): 201 POST http://10.180.1.21/identity/v3/auth/tokens 0.079s
2025-11-20 20:28:45.031 66067 INFO tempest.lib.common.rest_client [req-23ea354e-a6d5-48b4-ab46-aea53c286e93 req-23ea354e-a6d5-48b4-ab46-aea53c286e93 ] Request (TenantUsagesTestJSON:setUpClass): 200 GET http://10.180.1.21/compute/v2.1/servers/fbccaee6-8896-431f-9510-1ef10d42abdc 0.069s
2025-11-20 20:28:45.068 66071 INFO tempest.lib.common.rest_client [req-e3bd6bc5-2f72-4d40-bfd7-a3b5dd6c4c7d req-e3bd6bc5-2f72-4d40-bfd7-a3b5dd6c4c7d ] Request (ServerShowV263Test:setUpClass): 200 GET http://10.180.1.21/identity/v3/projects/e299cbf9f08042c3b226506da71370b0 0.056s
2025-11-20 20:28:45.069 66071 INFO tempest.lib.common.dynamic_creds [-] Using the existing project e299cbf9f08042c3b226506da71370b0 for scope project and roles: ['reader']
2025-11-20 20:28:45.105 66071 INFO tempest.lib.common.rest_client [req-f4c37a76-e0b4-44fc-8c16-adc75f817a15 req-f4c37a76-e0b4-44fc-8c16-adc75f817a15 ] Request (ServerShowV263Test:setUpClass): 201 POST http://10.180.1.21/identity/v3/users 0.036s
2025-11-20 20:28:45.114 66061 INFO tempest.lib.common.rest_client [req-82b591f8-ccd5-485e-b160-9e8512dc0000 req-82b591f8-ccd5-485e-b160-9e8512dc0000 ] Request (ServerDiskConfigTestJSON:test_resize_server_from_auto_to_manual): 200 GET http://10.180.1.21/compute/v2.1/servers/9101a68a-0aab-44de-8739-67096b5c28d9 0.063s
2025-11-20 20:28:45.131 66071 INFO tempest.lib.common.rest_client [req-d58c9ffc-fcad-467e-b838-cf9ffbe84c91 req-d58c9ffc-fcad-467e-b838-cf9ffbe84c91 ] Request (ServerShowV263Test:setUpClass): 200 GET http://10.180.1.21/identity/v3/roles 0.025s
2025-11-20 20:28:45.146 66055 INFO tempest.lib.common.rest_client [req-0f2364b2-cb9a-4d8c-ada1-9c8532081278 req-0f2364b2-cb9a-4d8c-ada1-9c8532081278 ] Request (ListServerFiltersTestJSON:tearDownClass): 200 GET http://10.180.1.21/compute/v2.1/servers/87083d97-1a46-4535-85fc-4081af4f1d99 0.080s
2025-11-20 20:28:45.172 66071 INFO tempest.lib.common.rest_client [req-ac96d6af-2b96-445c-86e6-c211928c7796 req-ac96d6af-2b96-445c-86e6-c211928c7796 ] Request (ServerShowV263Test:setUpClass): 204 PUT http://10.180.1.21/identity/v3/projects/e299cbf9f08042c3b226506da71370b0/users/24d5bce09dfc42279b529fdaaf147d11/roles/3c8fd7e5e1494f9f9c2aad0e722d3540 0.040s
2025-11-20 20:28:45.172 66071 INFO tempest.lib.common.dynamic_creds [-] Dynamic test user 24d5bce09dfc42279b529fdaaf147d11 is created with scope project and roles: ['reader']
2025-11-20 20:28:45.172 66071 INFO tempest.lib.common.dynamic_creds [-] Acquired dynamic creds: credentials: Credentials: {'domain_id': 'default', 'domain_name': 'Default', 'username': 'tempest-ServerShowV263Test-445936107-project-reader', 'project_domain_id': 'default', 'project_domain_name': 'Default', 'project_id': 'e299cbf9f08042c3b226506da71370b0', 'project_name': 'tempest-ServerShowV263Test-445936107', 'tenant_id': 'e299cbf9f08042c3b226506da71370b0', 'tenant_name': 'tempest-ServerShowV263Test-445936107', 'user_domain_id': 'default', 'user_domain_name': 'Default', 'user_id': '24d5bce09dfc42279b529fdaaf147d11', 'system': None}, Network: None, Subnet: None, Router: None
2025-11-20 20:28:45.172 66071 INFO tempest.lib.common.dynamic_creds [-] Network resources are not created for requested scope: project and credentials: Credentials: {'domain_id': 'default', 'domain_name': 'Default', 'username': 'tempest-ServerShowV263Test-445936107-project-reader', 'project_domain_id': 'default', 'project_domain_name': 'Default', 'project_id': 'e299cbf9f08042c3b226506da71370b0', 'project_name': 'tempest-ServerShowV263Test-445936107', 'tenant_id': 'e299cbf9f08042c3b226506da71370b0', 'tenant_name': 'tempest-ServerShowV263Test-445936107', 'user_domain_id': 'default', 'user_domain_name': 'Default', 'user_id': '24d5bce09dfc42279b529fdaaf147d11', 'system': None}, Network: None, Subnet: None, Router: None
2025-11-20 20:28:45.212 66097 INFO tempest.lib.common.rest_client [req-31a5bcc9-ee87-4647-ad46-35d9ff76577e req-31a5bcc9-ee87-4647-ad46-35d9ff76577e ] Request (ServerTagsTestJSON:setUpClass): 200 GET http://10.180.1.21/compute/v2.1/servers/5c564d55-0071-4ebd-b8ff-c95858ed139d 0.063s
2025-11-20 20:28:45.239 66077 INFO tempest.lib.common.rest_client [req-f4b539aa-3a18-4dc1-adb9-64aae1a6a001 req-f4b539aa-3a18-4dc1-adb9-64aae1a6a001 ] Request (AttachVolumeTestJSON:test_attach_detach_volume): 200 GET http://10.180.1.21/compute/v2.1/servers/6725e588-0d8f-442d-9158-4049ebeb0262 0.133s
2025-11-20 20:28:45.254 66077 INFO tempest.common.waiters [-] State transition "BUILD/networking" ==> "BUILD/block_device_mapping" after 63 second wait
2025-11-20 20:28:45.286 66089 INFO tempest.lib.common.rest_client [req-3d75c4b7-366f-4898-91d7-886c331ef3bc req-3d75c4b7-366f-4898-91d7-886c331ef3bc ] Request (SecurityGroupsTestJSON:test_server_security_groups): 200 GET http://10.180.1.21/compute/v2.1/servers/621d2f7e-ea00-448d-8aca-b9ff72ff432d 0.131s
2025-11-20 20:28:45.294 66071 INFO tempest.lib.common.rest_client [req-d36f118c-1f0d-4e1a-874e-79a30117fdf9 req-d36f118c-1f0d-4e1a-874e-79a30117fdf9 ] Request (ServerShowV263Test:setUpClass): 201 POST http://10.180.1.21/identity/v3/auth/tokens 0.119s
2025-11-20 20:28:45.319 66085 INFO tempest.lib.common.rest_client [req-20e461a8-11d8-4d18-8691-c57530f23bde req-20e461a8-11d8-4d18-8691-c57530f23bde ] Request (ListServersNegativeTestJSON:tearDownClass): 200 GET http://10.180.1.21/compute/v2.1/servers/f9347764-1fbe-4a3c-8d8b-828bb61b9f25 0.081s
2025-11-20 20:28:45.366 66075 INFO tempest.lib.common.rest_client [req-c7d31da1-df0c-4c1b-9e93-bb4cade821dd req-c7d31da1-df0c-4c1b-9e93-bb4cade821dd ] Request (FloatingIPsAssociationTestJSON:tearDownClass): 200 GET http://10.180.1.21/compute/v2.1/servers/6889468b-121b-48cb-a32b-c1411750f54f 0.073s
2025-11-20 20:28:45.402 66073 INFO tempest.lib.common.rest_client [req-6055f543-a838-4c08-932f-dde0b3f04ef9 req-6055f543-a838-4c08-932f-dde0b3f04ef9 ] Request (InstanceActionsV221TestJSON:test_get_list_deleted_instance_actions): 200 GET http://10.180.1.21/compute/v2.1/servers/361105bf-f13c-4c6f-973f-b8e70665f84e 0.096s
2025-11-20 20:28:45.428 66071 INFO tempest.lib.common.rest_client [req-b1e24d29-1ceb-4f3d-a01f-cf2880fb3726 req-b1e24d29-1ceb-4f3d-a01f-cf2880fb3726 ] Request (ServerShowV263Test:tearDownClass): 204 DELETE http://10.180.1.21/identity/v3/users/39e08a12c81547f2bc473eb5d2c82722 0.132s
2025-11-20 20:28:45.460 66088 INFO tempest.lib.common.rest_client [req-45b59288-06b3-4f03-91fd-e6b9de3121c2 req-45b59288-06b3-4f03-91fd-e6b9de3121c2 ] Request (ListImageFiltersTestJSON:setUpClass): 200 GET http://10.180.1.21/compute/v2.1/servers/b24ad2eb-af52-4df0-b53f-fcdab3018286 0.075s
2025-11-20 20:28:45.477 66053 INFO tempest.lib.common.rest_client [req-cae561a8-c40c-4234-8ff3-5a28b248e56f req-cae561a8-c40c-4234-8ff3-5a28b248e56f ] Request (ServerRescueTestJSONUnderV235:setUpClass): 200 GET http://10.180.1.21/compute/v2.1/servers/970eff7f-0e40-481a-a255-a0b4a4d211d0 0.109s
2025-11-20 20:28:45.527 66101 INFO tempest.lib.common.rest_client [req-2f6587ae-fc49-4379-9436-36120df5ad87 req-2f6587ae-fc49-4379-9436-36120df5ad87 ] Request (ServersTestMultiNic:test_verify_multiple_nics_order): 200 GET http://10.180.1.21/compute/v2.1/servers/8d2ed2f2-6c3f-4cec-acaa-2b3a8b7e9adb 0.062s
2025-11-20 20:28:45.553 66071 INFO tempest.lib.common.rest_client [req-33d57515-329f-4e3c-b08d-b8da55cd219d req-33d57515-329f-4e3c-b08d-b8da55cd219d ] Request (ServerShowV263Test:tearDownClass): 204 DELETE http://10.180.1.21/identity/v3/users/24d5bce09dfc42279b529fdaaf147d11 0.125s
2025-11-20 20:28:45.554 66071 INFO tempest.lib.common.dynamic_creds [-] Deleting project and security group for project: e299cbf9f08042c3b226506da71370b0
2025-11-20 20:28:45.610 66092 WARNING tempest.lib.common.ssh [-] Failed to establish authenticated ssh connection to cirros@10.180.180.198 ([Errno None] Unable to connect to port 22 on 10.180.180.198). Number attempts: 5. Retry after 6 seconds.: paramiko.ssh_exception.NoValidConnectionsError: [Errno None] Unable to connect to port 22 on 10.180.180.198
2025-11-20 20:28:45.615 66071 INFO tempest.lib.common.rest_client [req-ae31a819-ac8f-4760-9e98-bfa3098ad09c req-ae31a819-ac8f-4760-9e98-bfa3098ad09c ] Request (ServerShowV263Test:tearDownClass): 201 POST http://10.180.1.21/identity/v3/auth/tokens 0.061s
2025-11-20 20:28:45.818 66071 INFO tempest.lib.common.rest_client [req-9488f144-1960-4ec7-a5c9-e397147db074 req-9488f144-1960-4ec7-a5c9-e397147db074 ] Request (ServerShowV263Test:tearDownClass): 200 GET http://10.180.1.21/networking/v2.0/security-groups?tenant_id=e299cbf9f08042c3b226506da71370b0&name=default 0.202s
2025-11-20 20:28:45.818 66041 INFO tempest.lib.common.rest_client [req-0a11dc46-67d9-46ac-8644-b25909f76bf2 req-0a11dc46-67d9-46ac-8644-b25909f76bf2 ] Request (ServerActionsTestOtherB:test_create_backup): 200 GET http://10.180.1.21/image/v2/images/e176cc50-9bcd-4051-a2d4-7c7bc70322ab 0.020s
2025-11-20 20:28:45.889 66049 INFO tempest.lib.common.rest_client [req-8747f63d-56a2-4470-94a7-b9a2d1d130e3 req-8747f63d-56a2-4470-94a7-b9a2d1d130e3 ] Request (MultipleCreateTestJSON:_run_cleanups): 200 GET http://10.180.1.21/compute/v2.1/servers/9db826c2-b488-458f-abe7-b5f3cd3b97d5 0.242s
2025-11-20 20:28:45.984 66071 INFO tempest.lib.common.rest_client [req-8010d363-d4dd-4fbf-87a1-6fe5373e63ad req-8010d363-d4dd-4fbf-87a1-6fe5373e63ad ] Request (ServerShowV263Test:tearDownClass): 204 DELETE http://10.180.1.21/networking/v2.0/security-groups/48d1f794-d274-4bed-8c1e-c2a9d885c6f0 0.166s
2025-11-20 20:28:46.016 66065 INFO tempest.lib.common.rest_client [req-6bb83613-1cec-4e84-98ab-b5168410a337 req-6bb83613-1cec-4e84-98ab-b5168410a337 ] Request (MigrationsAdminTest:test_resize_server_revert_deleted_flavor): 200 GET http://10.180.1.21/compute/v2.1/servers/02fa8028-04bb-4b33-8931-e7af29af0204 0.419s
2025-11-20 20:28:46.065 66071 INFO tempest.lib.common.rest_client [req-039e4fea-17f2-415b-8a9a-dad987c1ca2d req-039e4fea-17f2-415b-8a9a-dad987c1ca2d ] Request (ServerShowV263Test:tearDownClass): 204 DELETE http://10.180.1.21/identity/v3/projects/e299cbf9f08042c3b226506da71370b0 0.080s
2025-11-20 20:28:46.077 66057 INFO tempest.lib.common.rest_client [req-478fa457-56a3-4484-8097-4ae7416fb1ce req-478fa457-56a3-4484-8097-4ae7416fb1ce ] Request (ServersNegativeTestJSON:setUpClass): 200 GET http://10.180.1.21/compute/v2.1/servers/36eedf5b-de18-4b04-b356-a8391c87bb25 0.356s
2025-11-20 20:28:46.091 66081 INFO tempest.lib.common.rest_client [req-cc0f25ea-c25b-4813-be91-d417e4578ed0 req-cc0f25ea-c25b-4813-be91-d417e4578ed0 ] Request (ServerActionsTestOtherA:test_rebuild_server_with_volume_attached): 200 GET http://10.180.1.21/compute/v2.1/servers/7276c80d-0da0-484e-99a2-5d84d8ab6db9 0.356s
2025-11-20 20:28:46.131 66071 INFO tempest.lib.common.rest_client [req-d641cb72-46e9-4552-951b-312bcd2af01a req-d641cb72-46e9-4552-951b-312bcd2af01a ] Request (ServersListShow298Test:setUpClass): 201 POST http://10.180.1.21/identity/v3/auth/tokens 0.064s
2025-11-20 20:28:46.135 66095 INFO tempest.lib.common.rest_client [req-37319bc7-8314-4f67-9b63-0b27818babbf req-37319bc7-8314-4f67-9b63-0b27818babbf ] Request (ServersV294TestFqdnHostnames:setUpClass): 200 GET http://10.180.1.21/compute/v2.1/servers/5b0b66e2-1f7d-4f3a-8ddc-748df0994391 0.313s
2025-11-20 20:28:46.160 66071 INFO tempest.lib.common.rest_client [req-a3c2c367-3c91-490c-b9bc-ca487ea9d6c0 req-a3c2c367-3c91-490c-b9bc-ca487ea9d6c0 ] Request (ServersListShow298Test:setUpClass): 201 POST http://10.180.1.21/identity/v3/auth/tokens 0.026s
2025-11-20 20:28:46.168 66069 INFO tempest.lib.common.rest_client [req-f13cd3e0-93fb-4c09-b220-b714f83614a0 req-f13cd3e0-93fb-4c09-b220-b714f83614a0 ] Request (ImagesTestJSON:test_create_image_from_suspended_server): 200 GET http://10.180.1.21/compute/v2.1/images/c62367ae-2eba-462a-9808-1a5ebf565ce8 0.288s
2025-11-20 20:28:46.179 66063 WARNING tempest.lib.common.ssh [-] Failed to establish authenticated ssh connection to cirros@10.180.180.208 ([Errno None] Unable to connect to port 22 on 10.180.180.208). Number attempts: 10. Retry after 11 seconds.: paramiko.ssh_exception.NoValidConnectionsError: [Errno None] Unable to connect to port 22 on 10.180.180.208
2025-11-20 20:28:46.186 66071 INFO tempest.lib.common.rest_client [req-5124cbd1-6d37-4a03-a8f0-c6f2bd347385 req-5124cbd1-6d37-4a03-a8f0-c6f2bd347385 ] Request (ServersListShow298Test:setUpClass): 200 GET http://10.180.1.21/identity/v3/domains?name=Default 0.026s
2025-11-20 20:28:46.216 66071 INFO tempest.lib.common.rest_client [req-3b3b1d92-67db-4368-9302-67b370843cc5 req-3b3b1d92-67db-4368-9302-67b370843cc5 ] Request (ServersListShow298Test:setUpClass): 201 POST http://10.180.1.21/identity/v3/projects 0.029s
2025-11-20 20:28:46.223 66099 INFO tempest.lib.common.rest_client [req-254278f9-daf0-4b47-88ae-ea0776cb5548 req-254278f9-daf0-4b47-88ae-ea0776cb5548 ] Request (ServerRescueNegativeTestJSON:test_rescued_vm_attach_volume): 200 GET http://10.180.1.21/compute/v2.1/servers/8154ab5f-5c86-48ba-a3c0-f4d1ec170d2c 0.384s
2025-11-20 20:28:46.241 66047 INFO tempest.lib.common.rest_client [req-25fbc1e3-293d-42a1-bde3-7ff4de19d474 req-25fbc1e3-293d-42a1-bde3-7ff4de19d474 ] Request (ServerMetadataTestJSON:setUpClass): 200 GET http://10.180.1.21/compute/v2.1/servers/ad2c42c5-114c-476e-a2ec-f6ec714bde3d 0.359s
2025-11-20 20:28:46.277 66071 INFO tempest.lib.common.rest_client [req-a7b1b649-6df4-438b-8f2a-8fff78976a86 req-a7b1b649-6df4-438b-8f2a-8fff78976a86 ] Request (ServersListShow298Test:setUpClass): 201 POST http://10.180.1.21/identity/v3/users 0.061s
2025-11-20 20:28:46.279 66043 INFO tempest.lib.common.rest_client [req-3cb2ba76-2970-469d-9089-ba775d5b9eee req-3cb2ba76-2970-469d-9089-ba775d5b9eee ] Request (ServersAdminNegativeTestJSON:setUpClass): 200 GET http://10.180.1.21/compute/v2.1/servers/1eafb1a1-d3fd-4599-88ed-b19c77aca8e5 0.253s
2025-11-20 20:28:46.306 66067 INFO tempest.lib.common.rest_client [req-d246b231-43df-4a45-a5c2-674ce8048152 req-d246b231-43df-4a45-a5c2-674ce8048152 ] Request (TenantUsagesTestJSON:setUpClass): 200 GET http://10.180.1.21/compute/v2.1/servers/fbccaee6-8896-431f-9510-1ef10d42abdc 0.265s
2025-11-20 20:28:46.314 66071 INFO tempest.lib.common.rest_client [req-191b4918-ee53-4b8c-b55b-b8d087dfc134 req-191b4918-ee53-4b8c-b55b-b8d087dfc134 ] Request (ServersListShow298Test:setUpClass): 200 GET http://10.180.1.21/identity/v3/roles 0.036s
2025-11-20 20:28:46.345 66061 INFO tempest.lib.common.rest_client [req-df1d6294-ed00-4da7-b8af-4ddcb0f1c177 req-df1d6294-ed00-4da7-b8af-4ddcb0f1c177 ] Request (ServerDiskConfigTestJSON:test_resize_server_from_auto_to_manual): 200 GET http://10.180.1.21/compute/v2.1/servers/9101a68a-0aab-44de-8739-67096b5c28d9 0.223s
2025-11-20 20:28:46.351 66071 INFO tempest.lib.common.rest_client [req-31d56a29-c1c7-4085-9641-fa30945a41ec req-31d56a29-c1c7-4085-9641-fa30945a41ec ] Request (ServersListShow298Test:setUpClass): 204 PUT http://10.180.1.21/identity/v3/projects/8e48646909ac4c2481c7713d00db794e/users/844b5bbb382a4f678d31336520bc5518/roles/daa461205a714dd1a3dbe963101ee39e 0.037s
2025-11-20 20:28:46.351 66071 INFO tempest.lib.common.dynamic_creds [-] Dynamic test user 844b5bbb382a4f678d31336520bc5518 is created with scope project and roles: ['member']
2025-11-20 20:28:46.351 66071 INFO tempest.lib.common.dynamic_creds [-] Acquired dynamic creds: credentials: Credentials: {'domain_id': 'default', 'domain_name': 'Default', 'username': 'tempest-ServersListShow298Test-1610765946-project-member', 'project_domain_id': 'default', 'project_domain_name': 'Default', 'project_id': '8e48646909ac4c2481c7713d00db794e', 'project_name': 'tempest-ServersListShow298Test-1610765946', 'tenant_id': '8e48646909ac4c2481c7713d00db794e', 'tenant_name': 'tempest-ServersListShow298Test-1610765946', 'user_domain_id': 'default', 'user_domain_name': 'Default', 'user_id': '844b5bbb382a4f678d31336520bc5518', 'system': None}, Network: None, Subnet: None, Router: None
2025-11-20 20:28:46.352 66071 INFO tempest.lib.common.dynamic_creds [-] Created isolated network resources for: credentials: Credentials: {'domain_id': 'default', 'domain_name': 'Default', 'username': 'tempest-ServersListShow298Test-1610765946-project-member', 'project_domain_id': 'default', 'project_domain_name': 'Default', 'project_id': '8e48646909ac4c2481c7713d00db794e', 'project_name': 'tempest-ServersListShow298Test-1610765946', 'tenant_id': '8e48646909ac4c2481c7713d00db794e', 'tenant_name': 'tempest-ServersListShow298Test-1610765946', 'user_domain_id': 'default', 'user_domain_name': 'Default', 'user_id': '844b5bbb382a4f678d31336520bc5518', 'system': None}, Network: None, Subnet: None, Router: None
2025-11-20 20:28:46.384 66055 INFO tempest.lib.common.rest_client [req-dec9e0c1-5cc9-4da9-a7fa-b256c98d2169 req-dec9e0c1-5cc9-4da9-a7fa-b256c98d2169 ] Request (ListServerFiltersTestJSON:tearDownClass): 200 GET http://10.180.1.21/compute/v2.1/servers/87083d97-1a46-4535-85fc-4081af4f1d99 0.230s
2025-11-20 20:28:46.420 66097 INFO tempest.lib.common.rest_client [req-bd52779b-fabf-49e2-8f57-b49267c96ea4 req-bd52779b-fabf-49e2-8f57-b49267c96ea4 ] Request (ServerTagsTestJSON:setUpClass): 200 GET http://10.180.1.21/compute/v2.1/servers/5c564d55-0071-4ebd-b8ff-c95858ed139d 0.196s
2025-11-20 20:28:46.453 66071 INFO tempest.lib.common.rest_client [req-f09913b6-289e-4698-8673-1bf98b974252 req-f09913b6-289e-4698-8673-1bf98b974252 ] Request (ServersListShow298Test:setUpClass): 201 POST http://10.180.1.21/identity/v3/auth/tokens 0.098s
2025-11-20 20:28:46.487 66089 INFO tempest.lib.common.rest_client [req-865655b0-3aa4-4efa-a6fe-3496d2045a8f req-865655b0-3aa4-4efa-a6fe-3496d2045a8f ] Request (SecurityGroupsTestJSON:test_server_security_groups): 200 GET http://10.180.1.21/compute/v2.1/servers/621d2f7e-ea00-448d-8aca-b9ff72ff432d 0.191s
2025-11-20 20:28:46.495 66071 INFO tempest.lib.common.rest_client [req-ebc9bb3e-1cc9-4d0c-9f5c-3ade6a17e8a2 req-ebc9bb3e-1cc9-4d0c-9f5c-3ade6a17e8a2 ] Request (ServersListShow298Test:test_list_show_update_rebuild_server_298): 201 POST http://10.180.1.21/identity/v3/auth/tokens 0.038s
2025-11-20 20:28:46.495 66071 INFO tempest.lib.common.fixed_network [-] (ServersListShow298Test:test_list_show_update_rebuild_server_298) Found network None available for tenant
2025-11-20 20:28:46.521 66077 INFO tempest.lib.common.rest_client [req-a205764f-923b-479d-a2aa-28206c124ec3 req-a205764f-923b-479d-a2aa-28206c124ec3 ] Request (AttachVolumeTestJSON:test_attach_detach_volume): 200 GET http://10.180.1.21/compute/v2.1/servers/6725e588-0d8f-442d-9158-4049ebeb0262 0.266s
2025-11-20 20:28:46.529 66077 INFO tempest.common.waiters [-] State transition "BUILD/block_device_mapping" ==> "BUILD/spawning" after 64 second wait
2025-11-20 20:28:46.586 66085 INFO tempest.lib.common.rest_client [req-3ae4b9ab-620f-4c66-87ec-cd2eb79cd592 req-3ae4b9ab-620f-4c66-87ec-cd2eb79cd592 ] Request (ListServersNegativeTestJSON:tearDownClass): 200 GET http://10.180.1.21/compute/v2.1/servers/f9347764-1fbe-4a3c-8d8b-828bb61b9f25 0.259s
2025-11-20 20:28:46.601 66075 INFO tempest.lib.common.rest_client [req-51527107-5ed0-4941-bde8-38110c5d8066 req-51527107-5ed0-4941-bde8-38110c5d8066 ] Request (FloatingIPsAssociationTestJSON:tearDownClass): 200 GET http://10.180.1.21/compute/v2.1/servers/6889468b-121b-48cb-a32b-c1411750f54f 0.221s
2025-11-20 20:28:46.653 66073 INFO tempest.lib.common.rest_client [req-40d3e07d-24c8-4456-b734-d5b7b9176173 req-40d3e07d-24c8-4456-b734-d5b7b9176173 ] Request (InstanceActionsV221TestJSON:test_get_list_deleted_instance_actions): 200 GET http://10.180.1.21/compute/v2.1/servers/361105bf-f13c-4c6f-973f-b8e70665f84e 0.240s
2025-11-20 20:28:46.686 66088 INFO tempest.lib.common.rest_client [req-aeecaeea-c355-4d4a-92aa-cabf64b23797 req-aeecaeea-c355-4d4a-92aa-cabf64b23797 ] Request (ListImageFiltersTestJSON:setUpClass): 200 GET http://10.180.1.21/compute/v2.1/servers/b24ad2eb-af52-4df0-b53f-fcdab3018286 0.217s
2025-11-20 20:28:46.705 66053 INFO tempest.lib.common.rest_client [req-cec37ab0-bad4-4689-8190-d729f7e4241c req-cec37ab0-bad4-4689-8190-d729f7e4241c ] Request (ServerRescueTestJSONUnderV235:setUpClass): 200 GET http://10.180.1.21/compute/v2.1/servers/970eff7f-0e40-481a-a255-a0b4a4d211d0 0.221s
2025-11-20 20:28:46.758 66101 INFO tempest.lib.common.rest_client [req-990640c2-37cb-479c-b7a4-aa929368597f req-990640c2-37cb-479c-b7a4-aa929368597f ] Request (ServersTestMultiNic:test_verify_multiple_nics_order): 200 GET http://10.180.1.21/compute/v2.1/servers/8d2ed2f2-6c3f-4cec-acaa-2b3a8b7e9adb 0.223s
2025-11-20 20:28:46.833 66041 INFO tempest.lib.common.rest_client [req-12d84bf5-3403-4e70-b73a-ceb3e8326b56 req-12d84bf5-3403-4e70-b73a-ceb3e8326b56 ] Request (ServerActionsTestOtherB:test_create_backup): 200 GET http://10.180.1.21/image/v2/images/e176cc50-9bcd-4051-a2d4-7c7bc70322ab 0.013s
2025-11-20 20:28:46.862 66071 INFO tempest.lib.common.rest_client [req-ef1fff6b-be5f-4a2f-bd21-ee968d53df90 req-ef1fff6b-be5f-4a2f-bd21-ee968d53df90 ] Request (ServersListShow298Test:test_list_show_update_rebuild_server_298): 202 POST http://10.180.1.21/compute/v2.1/servers 0.366s
2025-11-20 20:28:46.916 66071 INFO tempest.lib.common.rest_client [req-13918efe-74b0-4169-a5af-076a914dc3d9 req-13918efe-74b0-4169-a5af-076a914dc3d9 ] Request (ServersListShow298Test:test_list_show_update_rebuild_server_298): 200 GET http://10.180.1.21/compute/v2.1/servers/836767a3-4247-454c-bc51-f0be811bb527 0.052s
2025-11-20 20:28:46.974 66049 INFO tempest.lib.common.rest_client [req-b6e67191-3578-4a41-a98f-38376ad1290a req-b6e67191-3578-4a41-a98f-38376ad1290a ] Request (MultipleCreateTestJSON:_run_cleanups): 200 GET http://10.180.1.21/compute/v2.1/servers/9db826c2-b488-458f-abe7-b5f3cd3b97d5 0.076s
2025-11-20 20:28:47.147 66065 INFO tempest.lib.common.rest_client [req-1f37b881-2a11-4d25-a396-50171c85e98b req-1f37b881-2a11-4d25-a396-50171c85e98b ] Request (MigrationsAdminTest:test_resize_server_revert_deleted_flavor): 200 GET http://10.180.1.21/compute/v2.1/servers/02fa8028-04bb-4b33-8931-e7af29af0204 0.122s
2025-11-20 20:28:47.198 66057 INFO tempest.lib.common.rest_client [req-a42b587b-9ffc-4cbc-83e0-dbf45a6b4e4b req-a42b587b-9ffc-4cbc-83e0-dbf45a6b4e4b ] Request (ServersNegativeTestJSON:setUpClass): 200 GET http://10.180.1.21/compute/v2.1/servers/36eedf5b-de18-4b04-b356-a8391c87bb25 0.112s
2025-11-20 20:28:47.202 66081 INFO tempest.lib.common.rest_client [req-dd02d802-e188-46ff-8e94-e5696472b6c6 req-dd02d802-e188-46ff-8e94-e5696472b6c6 ] Request (ServerActionsTestOtherA:test_rebuild_server_with_volume_attached): 200 GET http://10.180.1.21/compute/v2.1/servers/7276c80d-0da0-484e-99a2-5d84d8ab6db9 0.103s
2025-11-20 20:28:47.206 66057 INFO tempest.common.waiters [-] State transition "BUILD/spawning" ==> "ACTIVE/None" after 67 second wait
2025-11-20 20:28:47.237 66069 INFO tempest.lib.common.rest_client [req-a89d285a-fef4-4729-843d-f012c2856aa5 req-a89d285a-fef4-4729-843d-f012c2856aa5 ] Request (ImagesTestJSON:test_create_image_from_suspended_server): 200 GET http://10.180.1.21/compute/v2.1/images/c62367ae-2eba-462a-9808-1a5ebf565ce8 0.065s
2025-11-20 20:28:47.256 66095 INFO tempest.lib.common.rest_client [req-56d97ee4-f8dd-4734-a18b-57a30e83ed10 req-56d97ee4-f8dd-4734-a18b-57a30e83ed10 ] Request (ServersV294TestFqdnHostnames:setUpClass): 200 GET http://10.180.1.21/compute/v2.1/servers/5b0b66e2-1f7d-4f3a-8ddc-748df0994391 0.111s
2025-11-20 20:28:47.328 66057 INFO tempest.lib.common.rest_client [req-47cdf3c4-006e-46cf-8049-b8529e7bc74d req-47cdf3c4-006e-46cf-8049-b8529e7bc74d ] Request (ServersNegativeTestJSON:setUpClass): 204 DELETE http://10.180.1.21/compute/v2.1/servers/36eedf5b-de18-4b04-b356-a8391c87bb25 0.122s
2025-11-20 20:28:47.383 66099 INFO tempest.lib.common.rest_client [req-cad0164f-1cf2-4135-bd5d-2eac20d20ea3 req-cad0164f-1cf2-4135-bd5d-2eac20d20ea3 ] Request (ServerRescueNegativeTestJSON:test_rescued_vm_attach_volume): 200 GET http://10.180.1.21/compute/v2.1/servers/8154ab5f-5c86-48ba-a3c0-f4d1ec170d2c 0.151s
2025-11-20 20:28:47.400 66047 INFO tempest.lib.common.rest_client [req-b3b48ff5-9e5c-4835-b53e-4672119f76ad req-b3b48ff5-9e5c-4835-b53e-4672119f76ad ] Request (ServerMetadataTestJSON:setUpClass): 200 GET http://10.180.1.21/compute/v2.1/servers/ad2c42c5-114c-476e-a2ec-f6ec714bde3d 0.150s
2025-11-20 20:28:47.465 66043 INFO tempest.lib.common.rest_client [req-3d680110-863a-4128-af0f-f8495b0ea616 req-3d680110-863a-4128-af0f-f8495b0ea616 ] Request (ServersAdminNegativeTestJSON:setUpClass): 200 GET http://10.180.1.21/compute/v2.1/servers/1eafb1a1-d3fd-4599-88ed-b19c77aca8e5 0.177s
2025-11-20 20:28:47.472 66043 INFO tempest.common.waiters [-] State transition "BUILD/None" ==> "BUILD/networking" after 60 second wait
2025-11-20 20:28:47.485 66067 INFO tempest.lib.common.rest_client [req-b94db07e-3cb3-4bd5-8d52-7403bd7e358e req-b94db07e-3cb3-4bd5-8d52-7403bd7e358e ] Request (TenantUsagesTestJSON:setUpClass): 200 GET http://10.180.1.21/compute/v2.1/servers/fbccaee6-8896-431f-9510-1ef10d42abdc 0.168s
2025-11-20 20:28:47.610 66061 INFO tempest.lib.common.rest_client [req-1e2c9800-3594-426b-bdeb-a4399030b563 req-1e2c9800-3594-426b-bdeb-a4399030b563 ] Request (ServerDiskConfigTestJSON:test_resize_server_from_auto_to_manual): 200 GET http://10.180.1.21/compute/v2.1/servers/9101a68a-0aab-44de-8739-67096b5c28d9 0.254s
2025-11-20 20:28:47.652 66057 INFO tempest.lib.common.rest_client [req-595c5498-48de-441b-9f44-41a31f77ecce req-595c5498-48de-441b-9f44-41a31f77ecce ] Request (ServersNegativeTestJSON:setUpClass): 200 GET http://10.180.1.21/compute/v2.1/servers/36eedf5b-de18-4b04-b356-a8391c87bb25 0.323s
2025-11-20 20:28:47.709 66055 INFO tempest.lib.common.rest_client [req-a0b45a6d-623c-4048-9f4c-7966abe6cc7b req-a0b45a6d-623c-4048-9f4c-7966abe6cc7b ] Request (ListServerFiltersTestJSON:tearDownClass): 200 GET http://10.180.1.21/compute/v2.1/servers/87083d97-1a46-4535-85fc-4081af4f1d99 0.314s
2025-11-20 20:28:47.751 66097 INFO tempest.lib.common.rest_client [req-ecc50fee-1005-49c9-9fea-1854deb353cf req-ecc50fee-1005-49c9-9fea-1854deb353cf ] Request (ServerTagsTestJSON:setUpClass): 200 GET http://10.180.1.21/compute/v2.1/servers/5c564d55-0071-4ebd-b8ff-c95858ed139d 0.317s
2025-11-20 20:28:47.787 66089 INFO tempest.lib.common.rest_client [req-16c51180-8eb6-40b0-bc5a-ee3dd80317bd req-16c51180-8eb6-40b0-bc5a-ee3dd80317bd ] Request (SecurityGroupsTestJSON:test_server_security_groups): 200 GET http://10.180.1.21/compute/v2.1/servers/621d2f7e-ea00-448d-8aca-b9ff72ff432d 0.290s
2025-11-20 20:28:47.855 66041 INFO tempest.lib.common.rest_client [req-20ebcb5a-0c6e-4961-9e79-f5e1fdfbf8b9 req-20ebcb5a-0c6e-4961-9e79-f5e1fdfbf8b9 ] Request (ServerActionsTestOtherB:test_create_backup): 200 GET http://10.180.1.21/image/v2/images/e176cc50-9bcd-4051-a2d4-7c7bc70322ab 0.021s
2025-11-20 20:28:47.901 66085 INFO tempest.lib.common.rest_client [req-fd7eddd5-a06c-49cf-a681-dc78692b3211 req-fd7eddd5-a06c-49cf-a681-dc78692b3211 ] Request (ListServersNegativeTestJSON:tearDownClass): 200 GET http://10.180.1.21/compute/v2.1/servers/f9347764-1fbe-4a3c-8d8b-828bb61b9f25 0.306s
2025-11-20 20:28:47.927 66077 INFO tempest.lib.common.rest_client [req-2b77505f-83c9-4238-8b8d-94ec2212a4f4 req-2b77505f-83c9-4238-8b8d-94ec2212a4f4 ] Request (AttachVolumeTestJSON:test_attach_detach_volume): 200 GET http://10.180.1.21/compute/v2.1/servers/6725e588-0d8f-442d-9158-4049ebeb0262 0.396s
