2025-11-25 11:23:21.726 63225 INFO tempest.lib.common.dynamic_creds [-] Created isolated network resources for: credentials: Credentials: {'domain_id': 'default', 'domain_name': 'Default', 'username': 'tempest-ServicesAdminTestJSON-1024821091-project-member', 'project_domain_id': 'default', 'project_domain_name': 'Default', 'project_id': 'f7f6e7c858f64026993d0366f5f8a4e2', 'project_name': 'tempest-ServicesAdminTestJSON-1024821091', 'tenant_id': 'f7f6e7c858f64026993d0366f5f8a4e2', 'tenant_name': 'tempest-ServicesAdminTestJSON-1024821091', 'user_domain_id': 'default', 'user_domain_name': 'Default', 'user_id': 'ccc955bb816e401288021e6eaa54bb51', 'system': None}, Network: None, Subnet: None, Router: None
2025-11-25 11:23:21.830 63225 INFO tempest.lib.common.rest_client [req-02815e25-6a1e-48f8-b237-e9043f07bcf4 req-02815e25-6a1e-48f8-b237-e9043f07bcf4 ] Request (ServicesAdminTestJSON:setUpClass): 201 POST http://10.180.1.21/identity/v3/auth/tokens 0.099s
2025-11-25 11:23:21.935 63180 INFO tempest.lib.common.rest_client [req-c81b2a7d-528d-4ab5-a154-671a5b5a7809 req-c81b2a7d-528d-4ab5-a154-671a5b5a7809 ] Request (SecurityGroupsNegativeTestJSON:tearDownClass): 200 PUT http://10.180.1.21:9696/networking/v2.0/routers/e0831e1d-4d1d-48c2-b15a-5f828562dba8/remove_router_interface 4.691s
2025-11-25 11:23:21.951 63200 INFO tempest.lib.common.rest_client [req-2a2557aa-74bd-49d3-a413-cfec4aa8f2ac req-2a2557aa-74bd-49d3-a413-cfec4aa8f2ac ] Request (FlavorsAccessNegativeTestJSON:test_add_flavor_access_duplicate): 409 POST http://10.180.1.21/compute/v2.1/flavors/1215705646/action 5.079s
2025-11-25 11:23:21.960 63172 INFO tempest.lib.common.rest_client [req-1779a5f9-0aaf-4500-bb3d-4e793417da2f req-1779a5f9-0aaf-4500-bb3d-4e793417da2f ] Request (HostsAdminNegativeTestJSON:test_startup_host_with_non_admin_user): 403 GET http://10.180.1.21/compute/v2.1/os-hosts/devstack/startup 5.074s
2025-11-25 11:23:22.050 63225 INFO tempest.lib.common.rest_client [req-f58bf3be-6c04-4233-ac60-91a1f12f4ece req-f58bf3be-6c04-4233-ac60-91a1f12f4ece ] Request (ServicesAdminTestJSON:setUpClass): 201 POST http://10.180.1.21/identity/v3/projects 0.220s
2025-11-25 11:23:22.180 63225 INFO tempest.lib.common.rest_client [req-735f8264-96df-44f7-9105-5a3b4e0056ca req-735f8264-96df-44f7-9105-5a3b4e0056ca ] Request (ServicesAdminTestJSON:setUpClass): 201 POST http://10.180.1.21/identity/v3/users 0.129s
2025-11-25 11:23:22.201 63225 INFO tempest.lib.common.rest_client [req-a53007b7-f77b-488d-b3a1-2d040b4ce9ae req-a53007b7-f77b-488d-b3a1-2d040b4ce9ae ] Request (ServicesAdminTestJSON:setUpClass): 200 GET http://10.180.1.21/identity/v3/roles 0.021s
2025-11-25 11:23:22.259 63225 INFO tempest.lib.common.rest_client [req-f2dbda32-2be4-49b6-bcdd-502f98632fb1 req-f2dbda32-2be4-49b6-bcdd-502f98632fb1 ] Request (ServicesAdminTestJSON:setUpClass): 204 PUT http://10.180.1.21/identity/v3/projects/3ea0fd89683d45ef8f3d8fdb2d340c14/users/5e025401009648dd87595193912bd1a7/roles/b2f282ef9c2a4f0b8c8ec7e3230f3574 0.057s
2025-11-25 11:23:22.333 63225 INFO tempest.lib.common.rest_client [req-61139dc1-094d-468d-8648-a993cfae2193 req-61139dc1-094d-468d-8648-a993cfae2193 ] Request (ServicesAdminTestJSON:setUpClass): 200 GET http://10.180.1.21/identity/v3/roles 0.073s
2025-11-25 11:23:22.355 63225 INFO tempest.lib.common.rest_client [req-562b288f-436d-4956-869a-db824db10a2d req-562b288f-436d-4956-869a-db824db10a2d ] Request (ServicesAdminTestJSON:setUpClass): 204 PUT http://10.180.1.21/identity/v3/projects/3ea0fd89683d45ef8f3d8fdb2d340c14/users/5e025401009648dd87595193912bd1a7/roles/b2f282ef9c2a4f0b8c8ec7e3230f3574 0.022s
2025-11-25 11:23:22.356 63225 INFO tempest.lib.common.dynamic_creds [-] Dynamic test user 5e025401009648dd87595193912bd1a7 is created with scope project and roles: ['admin']
2025-11-25 11:23:22.356 63225 INFO tempest.lib.common.dynamic_creds [-] Acquired dynamic creds: credentials: Credentials: {'domain_id': 'default', 'domain_name': 'Default', 'username': 'tempest-ServicesAdminTestJSON-1690165861-project-admin', 'project_domain_id': 'default', 'project_domain_name': 'Default', 'project_id': '3ea0fd89683d45ef8f3d8fdb2d340c14', 'project_name': 'tempest-ServicesAdminTestJSON-1690165861', 'tenant_id': '3ea0fd89683d45ef8f3d8fdb2d340c14', 'tenant_name': 'tempest-ServicesAdminTestJSON-1690165861', 'user_domain_id': 'default', 'user_domain_name': 'Default', 'user_id': '5e025401009648dd87595193912bd1a7', 'system': None}, Network: None, Subnet: None, Router: None
2025-11-25 11:23:22.356 63225 INFO tempest.lib.common.dynamic_creds [-] Created isolated network resources for: credentials: Credentials: {'domain_id': 'default', 'domain_name': 'Default', 'username': 'tempest-ServicesAdminTestJSON-1690165861-project-admin', 'project_domain_id': 'default', 'project_domain_name': 'Default', 'project_id': '3ea0fd89683d45ef8f3d8fdb2d340c14', 'project_name': 'tempest-ServicesAdminTestJSON-1690165861', 'tenant_id': '3ea0fd89683d45ef8f3d8fdb2d340c14', 'tenant_name': 'tempest-ServicesAdminTestJSON-1690165861', 'user_domain_id': 'default', 'user_domain_name': 'Default', 'user_id': '5e025401009648dd87595193912bd1a7', 'system': None}, Network: None, Subnet: None, Router: None
2025-11-25 11:23:22.382 63166 INFO tempest.lib.common.rest_client [req-24c25337-8e83-41e6-b027-c93830844c75 req-24c25337-8e83-41e6-b027-c93830844c75 ] Request (ServerTagsTestJSON:setUpClass): 201 POST http://10.180.1.21:9696/networking/v2.0/subnets 0.705s
2025-11-25 11:23:22.449 63225 INFO tempest.lib.common.rest_client [req-c96474cc-2a9b-4635-8d7b-2c0f32a1e17b req-c96474cc-2a9b-4635-8d7b-2c0f32a1e17b ] Request (ServicesAdminTestJSON:setUpClass): 201 POST http://10.180.1.21/identity/v3/auth/tokens 0.088s
2025-11-25 11:23:22.681 63190 INFO tempest.lib.common.rest_client [req-58ac5507-06a3-4729-abb6-1d85e4a64a1f req-58ac5507-06a3-4729-abb6-1d85e4a64a1f ] Request (ServerExternalEventsTest:test_create_server_external_events): 202 POST http://10.180.1.21/compute/v2.1/servers 5.705s
2025-11-25 11:23:22.859 63210 INFO tempest.lib.common.rest_client [req-237f365d-6317-4907-80ec-1b3d3d28f186 req-237f365d-6317-4907-80ec-1b3d3d28f186 ] Request (ServersAdminNegativeTestJSON:setUpClass): 200 GET http://10.180.1.21/compute/v2.1/servers/3eff61b1-b09c-4a04-821c-cefdc7be3f64 5.809s
2025-11-25 11:23:22.871 63210 INFO tempest.common.waiters [-] State transition "BUILD/spawning" ==> "ACTIVE/None" after 30 second wait
2025-11-25 11:23:23.129 63164 INFO tempest.lib.common.rest_client [req-7b07cd09-0755-414d-8052-525ca7c79c52 req-7b07cd09-0755-414d-8052-525ca7c79c52 ] Request (ServerDiagnosticsNegativeTest:test_get_server_diagnostics_by_non_admin): 200 GET http://10.180.1.21/compute/v2.1/servers/43edad1f-cff0-4d3c-a721-98277d1cddc2 6.073s
2025-11-25 11:23:23.140 63164 INFO tempest.common.waiters [-] State transition "BUILD/spawning" ==> "ACTIVE/None" after 31 second wait
2025-11-25 11:23:23.172 63180 INFO tempest.lib.common.rest_client [req-03c0fda4-abb4-4dd4-a178-0b8255edbe50 req-03c0fda4-abb4-4dd4-a178-0b8255edbe50 ] Request (SecurityGroupsNegativeTestJSON:tearDownClass): 204 DELETE http://10.180.1.21:9696/networking/v2.0/routers/e0831e1d-4d1d-48c2-b15a-5f828562dba8 1.236s
2025-11-25 11:23:23.506 63178 INFO tempest.lib.common.rest_client [req-61d40440-6305-43b8-8f0f-94efebd765e8 req-61d40440-6305-43b8-8f0f-94efebd765e8 ] Request (ServersWithSpecificFlavorTestJSON:test_verify_created_server_ephemeral_disk): 200 GET http://10.180.1.21/compute/v2.1/servers/e1018767-71e4-49c9-bd4d-02eae39dc26b 5.965s
2025-11-25 11:23:23.513 63178 INFO tempest.common.waiters [-] State transition "BUILD/None" ==> "BUILD/spawning" after 7 second wait
2025-11-25 11:23:23.560 63186 INFO tempest.lib.common.rest_client [req-8ef8e056-c366-449f-9d37-0c35e94ca1f7 req-8ef8e056-c366-449f-9d37-0c35e94ca1f7 ] Request (VolumesGetTestJSON:test_volume_create_get_delete): 200 GET http://10.180.1.21/compute/v2.1/os-volumes/97b61cc1-e278-48bb-be31-89a7517b546f 5.702s
2025-11-25 11:23:23.604 63180 INFO tempest.lib.common.rest_client [req-d1262c27-5d8a-4653-b5f8-b29ad3588af2 req-d1262c27-5d8a-4653-b5f8-b29ad3588af2 ] Request (SecurityGroupsNegativeTestJSON:tearDownClass): 204 DELETE http://10.180.1.21:9696/networking/v2.0/subnets/3e44cb3b-bcbe-4d14-8913-92d7c2b68c21 0.431s
2025-11-25 11:23:23.664 63176 INFO tempest.lib.common.rest_client [req-5824c9b4-3b4f-4d0c-a9f4-4304ee631e0e req-5824c9b4-3b4f-4d0c-a9f4-4304ee631e0e ] Request (ServersTestMultiNic:setUpClass): 200 PUT http://10.180.1.21:9696/networking/v2.0/routers/4b594261-5dda-4b58-8ef1-b0560aa68b75/add_router_interface 2.669s
2025-11-25 11:23:23.665 63176 INFO tempest.lib.common.dynamic_creds [-] Created isolated network resources for: credentials: Credentials: {'domain_id': 'default', 'domain_name': 'Default', 'username': 'tempest-ServersTestMultiNic-523841259-project-member', 'project_domain_id': 'default', 'project_domain_name': 'Default', 'project_id': '7da23e8d3c044f178c224a3e40a346a3', 'project_name': 'tempest-ServersTestMultiNic-523841259', 'tenant_id': '7da23e8d3c044f178c224a3e40a346a3', 'tenant_name': 'tempest-ServersTestMultiNic-523841259', 'user_domain_id': 'default', 'user_domain_name': 'Default', 'user_id': '100272696b464561889b452f7c318a34', 'system': None}, Network: {'id': '1be1c9ce-7718-4a2b-aabd-ae4ad4f26b14', 'name': 'tempest-ServersTestMultiNic-2060385453-network', 'tenant_id': '7da23e8d3c044f178c224a3e40a346a3', 'admin_state_up': True, 'mtu': 8950, 'status': 'ACTIVE', 'subnets': [], 'shared': False, 'project_id': '7da23e8d3c044f178c224a3e40a346a3', 'port_security_enabled': True, 'router:external': False, 'provider:network_type': 'vlan', 'provider:physical_network': 'default', 'provider:segmentation_id': 649, 'is_default': False, 'availability_zone_hints': [], 'availability_zones': [], 'ipv4_address_scope': None, 'ipv6_address_scope': None, 'description': '', 'tags': [], 'created_at': '2025-11-25T11:23:13Z', 'updated_at': '2025-11-25T11:23:13Z', 'revision_number': 1}, Subnet: {'id': '41ab4b30-b373-4723-9d54-27c86bcbd20d', 'name': 'tempest-ServersTestMultiNic-2060385453-subnet', 'tenant_id': '7da23e8d3c044f178c224a3e40a346a3', 'network_id': '1be1c9ce-7718-4a2b-aabd-ae4ad4f26b14', 'ip_version': 4, 'subnetpool_id': None, 'enable_dhcp': True, 'ipv6_ra_mode': None, 'ipv6_address_mode': None, 'gateway_ip': '192.168.128.1', 'cidr': '192.168.128.0/28', 'allocation_pools': [{'start': '192.168.128.2', 'end': '192.168.128.14'}], 'host_routes': [], 'dns_nameservers': [], 'description': '', 'router:external': False, 'service_types': [], 'tags': [], 'created_at': '2025-11-25T11:23:14Z', 'updated_at': '2025-11-25T11:23:14Z', 'revision_number': 0, 'project_id': '7da23e8d3c044f178c224a3e40a346a3'}, Router: {'id': '4b594261-5dda-4b58-8ef1-b0560aa68b75', 'name': 'tempest-ServersTestMultiNic-2060385453-router', 'tenant_id': '7da23e8d3c044f178c224a3e40a346a3', 'admin_state_up': True, 'status': 'ACTIVE', 'external_gateway_info': {'network_id': '430da3f5-1f2d-4e5f-8c28-1a8db62a23d9', 'external_fixed_ips': [{'subnet_id': '3b487bfc-35b7-4f29-b658-b67895dd0782', 'ip_address': '10.180.180.219'}], 'enable_snat': True}, 'description': '', 'availability_zones': [], 'distributed': False, 'ha': False, 'availability_zone_hints': [], 'routes': [], 'flavor_id': None, 'tags': [], 'created_at': '2025-11-25T11:23:16Z', 'updated_at': '2025-11-25T11:23:18Z', 'revision_number': 2, 'project_id': '7da23e8d3c044f178c224a3e40a346a3'}
2025-11-25 11:23:23.758 63168 INFO tempest.lib.common.rest_client [req-c7ff98f7-8ff4-411b-ae66-a495148cc135 req-c7ff98f7-8ff4-411b-ae66-a495148cc135 ] Request (FloatingIPDetailsTestJSON:setUpClass): 200 POST http://10.180.1.21/compute/v2.1/os-floating-ips 7.163s
2025-11-25 11:23:23.791 63176 INFO tempest.lib.common.rest_client [req-a2432c07-7830-45e7-8863-cf5e4f038dd3 req-a2432c07-7830-45e7-8863-cf5e4f038dd3 ] Request (ServersTestMultiNic:setUpClass): 201 POST http://10.180.1.21/identity/v3/auth/tokens 0.120s
2025-11-25 11:23:23.949 63214 INFO tempest.lib.common.rest_client [req-c60f4a0a-4734-4cd0-9f1f-102c0664261a req-c60f4a0a-4734-4cd0-9f1f-102c0664261a ] Request (VolumesAdminNegativeTest:test_update_attached_volume_with_nonexistent_volume_in_uri): 200 GET http://10.180.1.21/compute/v2.1/servers/9e39cfb8-e277-4798-92b0-b54f310ef2f4 5.784s
2025-11-25 11:23:23.974 63166 INFO tempest.lib.common.rest_client [req-584c6105-f721-4957-959f-0214e8a83c4b req-584c6105-f721-4957-959f-0214e8a83c4b ] Request (ServerTagsTestJSON:setUpClass): 201 POST http://10.180.1.21:9696/networking/v2.0/routers 1.592s
2025-11-25 11:23:23.996 63170 INFO tempest.lib.common.rest_client [req-a2289e37-ec65-49ad-a31f-7104a5c13a7f req-a2289e37-ec65-49ad-a31f-7104a5c13a7f ] Request (VolumesTestJSON:test_volume_list_param_limit): 200 GET http://10.180.1.21/compute/v2.1/os-volumes?limit=2 5.591s
2025-11-25 11:23:24.111 63218 INFO tempest.lib.common.rest_client [req-5568a19f-3f67-4293-8d6d-f597c6a13817 req-5568a19f-3f67-4293-8d6d-f597c6a13817 ] Request (DeleteServersAdminTestJSON:test_admin_delete_servers_of_others): 200 GET http://10.180.1.21/compute/v2.1/servers/52097338-887e-4c79-8413-abfd7ea26c96 5.768s
2025-11-25 11:23:24.126 63218 INFO tempest.common.waiters [-] State transition "BUILD/spawning" ==> "ACTIVE/None" after 31 second wait
2025-11-25 11:23:24.335 63208 INFO tempest.lib.common.rest_client [req-ec254655-cc38-40d1-bf75-fc80eead4321 req-ec254655-cc38-40d1-bf75-fc80eead4321 ] Request (MigrationsAdminTest:test_list_migrations_in_flavor_resize_situation): 200 GET http://10.180.1.21/compute/v2.1/servers/aede8da7-8bf2-4963-b08b-6e06007614a5 5.535s
2025-11-25 11:23:24.458 63176 INFO tempest.lib.common.rest_client [req-13d7f6f6-2898-4131-8896-b2db1bfa3827 req-13d7f6f6-2898-4131-8896-b2db1bfa3827 ] Request (ServersTestMultiNic:test_verify_duplicate_network_nics): 201 POST http://10.180.1.21:9696/networking/v2.0/networks 0.665s
2025-11-25 11:23:24.612 63180 INFO tempest.lib.common.rest_client [req-758b8e57-0c05-42e0-9f90-6a5196a83eaf req-758b8e57-0c05-42e0-9f90-6a5196a83eaf ] Request (SecurityGroupsNegativeTestJSON:tearDownClass): 204 DELETE http://10.180.1.21:9696/networking/v2.0/networks/d0d7bf06-b205-451a-a247-212d1ec9ffa8 1.007s
2025-11-25 11:23:24.806 63180 INFO tempest.lib.common.rest_client [req-13851293-2090-4772-97e8-d1a95a1b31ff req-13851293-2090-4772-97e8-d1a95a1b31ff ] Request (SecurityGroupsNegativeTestJSON:tearDownClass): 204 DELETE http://10.180.1.21/identity/v3/users/93f80d4afac646daa025e496c966b1b0 0.193s
2025-11-25 11:23:24.806 63180 INFO tempest.lib.common.dynamic_creds [-] Deleting project and security group for project: 02672d3c212f4d3cbdfe924e1e7efab2
2025-11-25 11:23:24.879 63180 INFO tempest.lib.common.rest_client [req-93ce9d39-a0bf-49c8-9004-39fd38688c16 req-93ce9d39-a0bf-49c8-9004-39fd38688c16 ] Request (SecurityGroupsNegativeTestJSON:tearDownClass): 200 GET http://10.180.1.21:9696/networking/v2.0/security-groups?tenant_id=02672d3c212f4d3cbdfe924e1e7efab2&name=default 0.072s
2025-11-25 11:23:25.004 63216 INFO tempest.lib.common.rest_client [req-813d6923-3374-45b6-920c-91f4e2eb191f req-813d6923-3374-45b6-920c-91f4e2eb191f ] Request (ImagesOneServerTestJSON:test_create_delete_image): 202 POST http://10.180.1.21/compute/v2.1/servers/a4fca617-da38-4913-b2c8-a2921da6db56/action 5.930s
2025-11-25 11:23:25.106 63192 INFO tempest.lib.common.rest_client [req-b6fffb68-43f4-47fe-b4d8-7b58dcd07f98 req-b6fffb68-43f4-47fe-b4d8-7b58dcd07f98 ] Request (FloatingIPsAssociationNegativeTestJSON:setUpClass): 200 GET http://10.180.1.21/compute/v2.1/servers/2927d5a5-ae7f-4c3c-a931-4dca9cedfbeb 5.167s
2025-11-25 11:23:25.111 63176 INFO tempest.lib.common.rest_client [req-3db02843-9f55-4836-9cb3-80ee7c46f539 req-3db02843-9f55-4836-9cb3-80ee7c46f539 ] Request (ServersTestMultiNic:test_verify_duplicate_network_nics): 201 POST http://10.180.1.21:9696/networking/v2.0/subnets 0.653s
2025-11-25 11:23:25.183 63180 INFO tempest.lib.common.rest_client [req-b7f2d612-ce01-488c-9c23-991129fe91f7 req-b7f2d612-ce01-488c-9c23-991129fe91f7 ] Request (SecurityGroupsNegativeTestJSON:tearDownClass): 204 DELETE http://10.180.1.21:9696/networking/v2.0/security-groups/ea977b1f-7224-43db-9a7a-8d8c809b185b 0.304s
2025-11-25 11:23:25.283 63188 INFO tempest.lib.common.rest_client [req-d32333a2-7689-4520-9356-4a10fac92638 req-d32333a2-7689-4520-9356-4a10fac92638 ] Request (AttachInterfacesTestJSON:test_create_list_show_delete_interfaces_by_fixed_ip): 202 POST http://10.180.1.21/compute/v2.1/servers 6.165s
2025-11-25 11:23:25.293 63196 INFO tempest.lib.common.rest_client [req-0cb17645-21cd-46f6-b965-815222600068 req-0cb17645-21cd-46f6-b965-815222600068 ] Request (FlavorsV2TestJSON:test_get_flavor): 200 GET http://10.180.1.21/compute/v2.1/flavors/42 4.578s
2025-11-25 11:23:25.355 63180 INFO tempest.lib.common.rest_client [req-eeac98ba-c75e-45d5-8309-dc9db5c8d9b3 req-eeac98ba-c75e-45d5-8309-dc9db5c8d9b3 ] Request (SecurityGroupsNegativeTestJSON:tearDownClass): 204 DELETE http://10.180.1.21/identity/v3/projects/02672d3c212f4d3cbdfe924e1e7efab2 0.171s
2025-11-25 11:23:25.409 63213 INFO tempest.lib.common.rest_client [req-d60bcca8-77f6-4bee-aeb9-3ad7783bc29e req-d60bcca8-77f6-4bee-aeb9-3ad7783bc29e ] Request (ServersTestBootFromVolume:setUpClass): 200 GET http://10.180.1.21/compute/v2.1/servers/e69c36e9-3c59-48e3-9962-ffe8de10a789 4.129s
2025-11-25 11:23:25.459 63180 INFO tempest.lib.common.rest_client [req-47132dcf-d2a4-4d98-ac65-baeff36bbb9f req-47132dcf-d2a4-4d98-ac65-baeff36bbb9f ] Request (ServerDiskConfigTestJSON:setUpClass): 201 POST http://10.180.1.21/identity/v3/auth/tokens 0.101s
2025-11-25 11:23:25.498 63180 INFO tempest.lib.common.rest_client [req-251c73ca-9e72-4291-8c98-a5db4b485618 req-251c73ca-9e72-4291-8c98-a5db4b485618 ] Request (ServerDiskConfigTestJSON:setUpClass): 201 POST http://10.180.1.21/identity/v3/auth/tokens 0.036s
2025-11-25 11:23:25.518 63176 INFO tempest.lib.common.rest_client [req-b05b16ad-0adb-4819-8ef9-0bafe51d7174 req-b05b16ad-0adb-4819-8ef9-0bafe51d7174 ] Request (ServersTestMultiNic:test_verify_duplicate_network_nics): 201 POST http://10.180.1.21:9696/networking/v2.0/networks 0.406s
2025-11-25 11:23:25.529 63180 INFO tempest.lib.common.rest_client [req-531cd370-6473-4ba8-8ba3-389ab11ea6b1 req-531cd370-6473-4ba8-8ba3-389ab11ea6b1 ] Request (ServerDiskConfigTestJSON:setUpClass): 200 GET http://10.180.1.21/identity/v3/domains?name=Default 0.030s
2025-11-25 11:23:25.566 63180 INFO tempest.lib.common.rest_client [req-e9bba9b6-e6b8-41d6-ae1d-c80a57291740 req-e9bba9b6-e6b8-41d6-ae1d-c80a57291740 ] Request (ServerDiskConfigTestJSON:setUpClass): 201 POST http://10.180.1.21/identity/v3/projects 0.036s
2025-11-25 11:23:25.629 63222 INFO tempest.lib.common.rest_client [req-1b36b173-5966-4ca3-9d5e-9fe078d0e381 req-1b36b173-5966-4ca3-9d5e-9fe078d0e381 ] Request (ServerGroup264TestJSON:test_create_get_server_group): 200 POST http://10.180.1.21/compute/v2.1/os-server-groups 4.321s
2025-11-25 11:23:25.632 63180 INFO tempest.lib.common.rest_client [req-5874b3c2-8a16-404d-ab61-45b516e5947f req-5874b3c2-8a16-404d-ab61-45b516e5947f ] Request (ServerDiskConfigTestJSON:setUpClass): 201 POST http://10.180.1.21/identity/v3/users 0.065s
2025-11-25 11:23:25.653 63180 INFO tempest.lib.common.rest_client [req-05af94cf-8e7b-40fe-bfd4-ecec0158720b req-05af94cf-8e7b-40fe-bfd4-ecec0158720b ] Request (ServerDiskConfigTestJSON:setUpClass): 200 GET http://10.180.1.21/identity/v3/roles 0.021s
2025-11-25 11:23:25.675 63206 INFO tempest.lib.common.rest_client [req-5d64e6ca-a834-4fdc-a983-bf484bb0c888 req-5d64e6ca-a834-4fdc-a983-bf484bb0c888 ] Request (InstanceActionsTestJSON:test_get_instance_action): 200 GET http://10.180.1.21/compute/v2.1/servers/61e36e7b-aaa1-420e-bd43-f0184b56581b/os-instance-actions/req-29faac43-3211-4bcb-822c-810599611adc 4.318s
2025-11-25 11:23:25.685 63180 INFO tempest.lib.common.rest_client [req-02e5fd20-5925-4190-b33b-d29ef6cd9baa req-02e5fd20-5925-4190-b33b-d29ef6cd9baa ] Request (ServerDiskConfigTestJSON:setUpClass): 204 PUT http://10.180.1.21/identity/v3/projects/14ea39ac6e2d400ca89bbffc20d764ef/users/e291489da35649d0a2c69f98714d89ed/roles/1192969ae7e0420aa330e11a1793ffae 0.031s
2025-11-25 11:23:25.685 63180 INFO tempest.lib.common.dynamic_creds [-] Dynamic test user e291489da35649d0a2c69f98714d89ed is created with scope project and roles: ['member']
2025-11-25 11:23:25.686 63180 INFO tempest.lib.common.dynamic_creds [-] Acquired dynamic creds: credentials: Credentials: {'domain_id': 'default', 'domain_name': 'Default', 'username': 'tempest-ServerDiskConfigTestJSON-253234715-project-member', 'project_domain_id': 'default', 'project_domain_name': 'Default', 'project_id': '14ea39ac6e2d400ca89bbffc20d764ef', 'project_name': 'tempest-ServerDiskConfigTestJSON-253234715', 'tenant_id': '14ea39ac6e2d400ca89bbffc20d764ef', 'tenant_name': 'tempest-ServerDiskConfigTestJSON-253234715', 'user_domain_id': 'default', 'user_domain_name': 'Default', 'user_id': 'e291489da35649d0a2c69f98714d89ed', 'system': None}, Network: None, Subnet: None, Router: None
2025-11-25 11:23:25.769 63180 INFO tempest.lib.common.rest_client [req-8c8723ad-8e8b-4f69-acf3-4d2dae1fa797 req-8c8723ad-8e8b-4f69-acf3-4d2dae1fa797 ] Request (ServerDiskConfigTestJSON:setUpClass): 201 POST http://10.180.1.21/identity/v3/auth/tokens 0.082s
2025-11-25 11:23:25.901 63162 INFO tempest.lib.common.rest_client [req-ed411fc4-2526-42ad-b040-74f23e3d9cd9 req-ed411fc4-2526-42ad-b040-74f23e3d9cd9 ] Request (ServerActionsTestOtherB:setUpClass): 200 POST http://10.180.1.21/compute/v2.1/os-keypairs 4.422s
2025-11-25 11:23:25.957 63204 INFO tempest.lib.common.rest_client [req-67b18ff2-7bb7-44da-8647-42405d787541 req-67b18ff2-7bb7-44da-8647-42405d787541 ] Request (ImagesMetadataTestJSON:test_list_image_metadata): 200 GET http://10.180.1.21/compute/v2.1/images/786b2d9c-b52b-4202-97c8-817b95128bfb/metadata 4.358s
2025-11-25 11:23:25.969 63220 INFO tempest.lib.common.rest_client [req-c70a8eab-5f2c-4f28-8094-97ab4923bcf1 req-c70a8eab-5f2c-4f28-8094-97ab4923bcf1 ] Request (AggregatesAdminNegativeTestJSON:test_aggregate_create_as_user): 403 POST http://10.180.1.21/compute/v2.1/os-aggregates 4.361s
2025-11-25 11:23:26.179 63194 INFO tempest.lib.common.rest_client [req-67d76ec2-f5e2-4755-823d-ab7fb8f253ac req-67d76ec2-f5e2-4755-823d-ab7fb8f253ac ] Request (FloatingIPDetailsNegativeTestJSON:test_get_nonexistent_floating_ip_details): 404 GET http://10.180.1.21/compute/v2.1/os-floating-ips/c2e92c1c-3ec4-4e85-993a-dd5df7f5244e 4.567s
2025-11-25 11:23:26.229 63184 INFO tempest.lib.common.rest_client [req-ca8fd23b-0874-4abc-a0f8-dc586b2b144a req-ca8fd23b-0874-4abc-a0f8-dc586b2b144a ] Request (ImagesTestJSON:test_create_image_from_stopped_server): 202 POST http://10.180.1.21/compute/v2.1/servers 5.490s
2025-11-25 11:23:26.300 63202 INFO tempest.lib.common.rest_client [req-d6dc80e3-9cfb-48df-9f44-cdb156b1d22d req-d6dc80e3-9cfb-48df-9f44-cdb156b1d22d ] Request (QuotaClassesAdminTestJSON:_run_cleanups): 200 PUT http://10.180.1.21/compute/v2.1/os-quota-class-sets/default 4.634s
2025-11-25 11:23:26.339 63176 INFO tempest.lib.common.rest_client [req-475eb727-c016-46f6-99dd-01e89ffd6ef1 req-475eb727-c016-46f6-99dd-01e89ffd6ef1 ] Request (ServersTestMultiNic:test_verify_duplicate_network_nics): 201 POST http://10.180.1.21:9696/networking/v2.0/subnets 0.820s
2025-11-25 11:23:26.430 63162 INFO tempest.lib.common.rest_client [req-dcc35a66-dd33-45b3-88b5-925b1e081ff8 req-dcc35a66-dd33-45b3-88b5-925b1e081ff8 ] Request (ServerActionsTestOtherB:setUpClass): 201 POST http://10.180.1.21:9696/networking/v2.0/security-groups 0.527s
2025-11-25 11:23:26.483 63202 INFO tempest.lib.common.rest_client [req-4ab492e0-67f4-400f-a6fa-12c24672bac6 req-4ab492e0-67f4-400f-a6fa-12c24672bac6 ] Request (QuotaClassesAdminTestJSON:tearDownClass): 204 DELETE http://10.180.1.21/identity/v3/users/c5a4f24f81244ffba9dc47002def0027 0.178s
2025-11-25 11:23:26.557 63200 INFO tempest.lib.common.rest_client [req-cfd1a6c4-2ecf-4194-ad1b-17e3cafff34b req-cfd1a6c4-2ecf-4194-ad1b-17e3cafff34b ] Request (FlavorsAccessNegativeTestJSON:_run_cleanups): 200 POST http://10.180.1.21/compute/v2.1/flavors/1215705646/action 4.605s
2025-11-25 11:23:26.569 63172 INFO tempest.lib.common.rest_client [req-f6df5719-f94d-4fbf-9f29-86b20e01b052 req-f6df5719-f94d-4fbf-9f29-86b20e01b052 ] Request (HostsAdminNegativeTestJSON:test_startup_nonexistent_host): 404 GET http://10.180.1.21/compute/v2.1/os-hosts/nonexistent_hostname/startup 4.602s
2025-11-25 11:23:26.596 63176 INFO tempest.lib.common.rest_client [req-0d7ed9ca-0b66-4209-83de-545fc7f161d5 req-0d7ed9ca-0b66-4209-83de-545fc7f161d5 ] Request (ServersTestMultiNic:test_verify_duplicate_network_nics): 201 POST http://10.180.1.21/identity/v3/auth/tokens 0.251s
2025-11-25 11:23:26.596 63176 INFO tempest.lib.common.fixed_network [-] (ServersTestMultiNic:test_verify_duplicate_network_nics) Found network {'id': '1be1c9ce-7718-4a2b-aabd-ae4ad4f26b14', 'name': 'tempest-ServersTestMultiNic-2060385453-network', 'tenant_id': '7da23e8d3c044f178c224a3e40a346a3', 'admin_state_up': True, 'mtu': 8950, 'status': 'ACTIVE', 'subnets': [], 'shared': False, 'project_id': '7da23e8d3c044f178c224a3e40a346a3', 'port_security_enabled': True, 'router:external': False, 'provider:network_type': 'vlan', 'provider:physical_network': 'default', 'provider:segmentation_id': 649, 'is_default': False, 'availability_zone_hints': [], 'availability_zones': [], 'ipv4_address_scope': None, 'ipv6_address_scope': None, 'description': '', 'tags': [], 'created_at': '2025-11-25T11:23:13Z', 'updated_at': '2025-11-25T11:23:13Z', 'revision_number': 1} available for tenant
2025-11-25 11:23:26.673 63182 INFO tempest.lib.common.rest_client [req-a31db55c-c91e-4ef6-9b12-ea7ff368bf26 req-a31db55c-c91e-4ef6-9b12-ea7ff368bf26 ] Request (VolumesAssistedSnapshotsTest:test_volume_assisted_snapshot_create_delete): 200 GET http://10.180.1.21/compute/v2.1/servers/a40c2ecb-918d-44ca-ad4c-d0d3fc4e8494 4.962s
2025-11-25 11:23:26.728 63180 INFO tempest.lib.common.rest_client [req-92d95ca6-e4c7-4a5e-b91b-7a39d8189819 req-92d95ca6-e4c7-4a5e-b91b-7a39d8189819 ] Request (ServerDiskConfigTestJSON:setUpClass): 201 POST http://10.180.1.21:9696/networking/v2.0/networks 0.959s
2025-11-25 11:23:26.800 63202 INFO tempest.lib.common.rest_client [req-d2fe44d7-dcd0-46dc-92b3-9e3177d00864 req-d2fe44d7-dcd0-46dc-92b3-9e3177d00864 ] Request (QuotaClassesAdminTestJSON:tearDownClass): 204 DELETE http://10.180.1.21/identity/v3/users/7b07d9927de245afb3e574cb87da3df2 0.316s
2025-11-25 11:23:26.800 63202 INFO tempest.lib.common.dynamic_creds [-] Deleting project and security group for project: be370ff9083141fc9e933815a9232847
2025-11-25 11:23:26.813 63190 INFO tempest.lib.common.rest_client [req-445dce68-4bcf-4af2-8657-31ce6c7be7b1 req-445dce68-4bcf-4af2-8657-31ce6c7be7b1 ] Request (ServerExternalEventsTest:test_create_server_external_events): 200 GET http://10.180.1.21/compute/v2.1/servers/ea214cc0-0f7a-4aee-9906-8d47e660c8f7 4.129s
2025-11-25 11:23:26.830 63225 INFO tempest.lib.common.rest_client [req-108174dc-e454-4531-850b-390435de8926 req-108174dc-e454-4531-850b-390435de8926 ] Request (ServicesAdminTestJSON:test_get_service_by_host_name): 200 GET http://10.180.1.21/compute/v2.1/os-services 4.380s
2025-11-25 11:23:26.859 63162 INFO tempest.lib.common.rest_client [req-1a6bd96d-4cd1-4b5c-829e-63f154a066ea req-1a6bd96d-4cd1-4b5c-829e-63f154a066ea ] Request (ServerActionsTestOtherB:setUpClass): 201 POST http://10.180.1.21:9696/networking/v2.0/security-group-rules 0.428s
2025-11-25 11:23:26.949 63202 INFO tempest.lib.common.rest_client [req-caa9d27f-c75b-4401-ba28-72eb3a807036 req-caa9d27f-c75b-4401-ba28-72eb3a807036 ] Request (QuotaClassesAdminTestJSON:tearDownClass): 201 POST http://10.180.1.21/identity/v3/auth/tokens 0.149s
2025-11-25 11:23:26.982 63166 INFO tempest.lib.common.rest_client [req-fbda5b4a-874e-4a34-b503-cf2302297ce2 req-fbda5b4a-874e-4a34-b503-cf2302297ce2 ] Request (ServerTagsTestJSON:setUpClass): 200 PUT http://10.180.1.21:9696/networking/v2.0/routers/292f154e-9b1b-4dfd-94ca-e1763da397fe/add_router_interface 3.005s
2025-11-25 11:23:26.983 63166 INFO tempest.lib.common.dynamic_creds [-] Created isolated network resources for: credentials: Credentials: {'domain_id': 'default', 'domain_name': 'Default', 'username': 'tempest-ServerTagsTestJSON-331705066-project-member', 'project_domain_id': 'default', 'project_domain_name': 'Default', 'project_id': '087c2e0c12a8423cace93462477bb622', 'project_name': 'tempest-ServerTagsTestJSON-331705066', 'tenant_id': '087c2e0c12a8423cace93462477bb622', 'tenant_name': 'tempest-ServerTagsTestJSON-331705066', 'user_domain_id': 'default', 'user_domain_name': 'Default', 'user_id': 'f79b04d732dd48d09719d422aa9137d1', 'system': None}, Network: {'id': 'ee66e17c-2591-46b1-8585-3840b7e234ee', 'name': 'tempest-ServerTagsTestJSON-1629786297-network', 'tenant_id': '087c2e0c12a8423cace93462477bb622', 'admin_state_up': True, 'mtu': 8950, 'status': 'ACTIVE', 'subnets': [], 'shared': False, 'project_id': '087c2e0c12a8423cace93462477bb622', 'port_security_enabled': True, 'router:external': False, 'provider:network_type': 'vlan', 'provider:physical_network': 'default', 'provider:segmentation_id': 118, 'is_default': False, 'availability_zone_hints': [], 'availability_zones': [], 'ipv4_address_scope': None, 'ipv6_address_scope': None, 'description': '', 'tags': [], 'created_at': '2025-11-25T11:23:21Z', 'updated_at': '2025-11-25T11:23:21Z', 'revision_number': 1}, Subnet: {'id': '275ad949-ee99-4034-af4f-1be350aafd98', 'name': 'tempest-ServerTagsTestJSON-1629786297-subnet', 'tenant_id': '087c2e0c12a8423cace93462477bb622', 'network_id': 'ee66e17c-2591-46b1-8585-3840b7e234ee', 'ip_version': 4, 'subnetpool_id': None, 'enable_dhcp': True, 'ipv6_ra_mode': None, 'ipv6_address_mode': None, 'gateway_ip': '192.168.128.1', 'cidr': '192.168.128.0/28', 'allocation_pools': [{'start': '192.168.128.2', 'end': '192.168.128.14'}], 'host_routes': [], 'dns_nameservers': [], 'description': '', 'router:external': False, 'service_types': [], 'tags': [], 'created_at': '2025-11-25T11:23:21Z', 'updated_at': '2025-11-25T11:23:21Z', 'revision_number': 0, 'project_id': '087c2e0c12a8423cace93462477bb622'}, Router: {'id': '292f154e-9b1b-4dfd-94ca-e1763da397fe', 'name': 'tempest-ServerTagsTestJSON-1629786297-router', 'tenant_id': '087c2e0c12a8423cace93462477bb622', 'admin_state_up': True, 'status': 'ACTIVE', 'external_gateway_info': {'network_id': '430da3f5-1f2d-4e5f-8c28-1a8db62a23d9', 'external_fixed_ips': [{'subnet_id': '3b487bfc-35b7-4f29-b658-b67895dd0782', 'ip_address': '10.180.180.196'}], 'enable_snat': True}, 'description': '', 'availability_zones': [], 'distributed': False, 'ha': False, 'availability_zone_hints': [], 'routes': [], 'flavor_id': None, 'tags': [], 'created_at': '2025-11-25T11:23:22Z', 'updated_at': '2025-11-25T11:23:23Z', 'revision_number': 2, 'project_id': '087c2e0c12a8423cace93462477bb622'}
2025-11-25 11:23:27.034 63210 INFO tempest.lib.common.rest_client [req-0b44da6c-2d89-4b0b-bf5d-d8a1a0be5594 req-0b44da6c-2d89-4b0b-bf5d-d8a1a0be5594 ] Request (ServersAdminNegativeTestJSON:test_migrate_non_existent_server): 404 POST http://10.180.1.21/compute/v2.1/servers/31a8831e-965b-42e2-b4ba-48119408dbef/action 4.161s
2025-11-25 11:23:27.103 63164 INFO tempest.lib.common.rest_client [req-87f0bd30-1870-4bfa-bfd2-46afd3ee1e34 req-87f0bd30-1870-4bfa-bfd2-46afd3ee1e34 ] Request (ServerDiagnosticsNegativeTest:test_get_server_diagnostics_by_non_admin): 403 GET http://10.180.1.21/compute/v2.1/servers/43edad1f-cff0-4d3c-a721-98277d1cddc2/diagnostics 3.962s
2025-11-25 11:23:27.202 63210 INFO tempest.lib.common.rest_client [req-b5aaf095-c86c-4524-940f-b9fb0e6dc047 req-b5aaf095-c86c-4524-940f-b9fb0e6dc047 ] Request (ServersAdminNegativeTestJSON:test_migrate_server_invalid_state): 201 POST http://10.180.1.21/identity/v3/auth/tokens 0.155s
2025-11-25 11:23:27.203 63210 INFO tempest.lib.common.fixed_network [-] (ServersAdminNegativeTestJSON:test_migrate_server_invalid_state) Found network None available for tenant
2025-11-25 11:23:27.218 63162 INFO tempest.lib.common.rest_client [req-22395099-4936-47e9-9f41-a8c3462c85f3 req-22395099-4936-47e9-9f41-a8c3462c85f3 ] Request (ServerActionsTestOtherB:setUpClass): 201 POST http://10.180.1.21:9696/networking/v2.0/security-group-rules 0.359s
2025-11-25 11:23:27.229 63166 INFO tempest.lib.common.rest_client [req-c5ef12ab-5b0d-4263-9559-47db02b64a29 req-c5ef12ab-5b0d-4263-9559-47db02b64a29 ] Request (ServerTagsTestJSON:setUpClass): 201 POST http://10.180.1.21/identity/v3/auth/tokens 0.241s
2025-11-25 11:23:27.270 63186 INFO tempest.lib.common.rest_client [req-11e877a2-f981-4a90-8360-52b9970176e0 req-11e877a2-f981-4a90-8360-52b9970176e0 ] Request (VolumesGetTestJSON:tearDownClass): 202 DELETE http://10.180.1.21/compute/v2.1/os-volumes/97b61cc1-e278-48bb-be31-89a7517b546f 3.695s
2025-11-25 11:23:27.295 63166 INFO tempest.lib.common.rest_client [req-d1c108cd-ca53-48a8-9327-126191b5f53f req-d1c108cd-ca53-48a8-9327-126191b5f53f ] Request (ServerTagsTestJSON:setUpClass): 201 POST http://10.180.1.21/identity/v3/auth/tokens 0.062s
2025-11-25 11:23:27.296 63166 INFO tempest.lib.common.fixed_network [-] (ServerTagsTestJSON:setUpClass) Found network {'id': 'ee66e17c-2591-46b1-8585-3840b7e234ee', 'name': 'tempest-ServerTagsTestJSON-1629786297-network', 'tenant_id': '087c2e0c12a8423cace93462477bb622', 'admin_state_up': True, 'mtu': 8950, 'status': 'ACTIVE', 'subnets': [], 'shared': False, 'project_id': '087c2e0c12a8423cace93462477bb622', 'port_security_enabled': True, 'router:external': False, 'provider:network_type': 'vlan', 'provider:physical_network': 'default', 'provider:segmentation_id': 118, 'is_default': False, 'availability_zone_hints': [], 'availability_zones': [], 'ipv4_address_scope': None, 'ipv6_address_scope': None, 'description': '', 'tags': [], 'created_at': '2025-11-25T11:23:21Z', 'updated_at': '2025-11-25T11:23:21Z', 'revision_number': 1} available for tenant
2025-11-25 11:23:27.378 63174 INFO tempest.lib.common.rest_client [req-6622e7da-57f7-41f8-bce0-9e1cde21fe91 req-6622e7da-57f7-41f8-bce0-9e1cde21fe91 ] Request (ServerDiagnosticsTest:test_get_server_diagnostics): 200 GET http://10.180.1.21/compute/v2.1/servers/db31a794-3928-41bb-afd8-14fae9357654 4.648s
2025-11-25 11:23:27.391 63174 INFO tempest.common.waiters [-] State transition "BUILD/spawning" ==> "ACTIVE/None" after 32 second wait
2025-11-25 11:23:27.458 63170 INFO tempest.lib.common.rest_client [req-4f6936b2-922b-4d77-a189-a27fed30e04c req-4f6936b2-922b-4d77-a189-a27fed30e04c ] Request (VolumesTestJSON:test_volume_list_param_offset_and_limit): 200 GET http://10.180.1.21/compute/v2.1/os-volumes 3.456s
2025-11-25 11:23:27.492 63180 INFO tempest.lib.common.rest_client [req-f374c2e4-7bb7-413b-adab-94b1ac85900a req-f374c2e4-7bb7-413b-adab-94b1ac85900a ] Request (ServerDiskConfigTestJSON:setUpClass): 201 POST http://10.180.1.21:9696/networking/v2.0/subnets 0.763s
2025-11-25 11:23:27.681 63202 INFO tempest.lib.common.rest_client [req-5ecbc670-9d35-4e5f-9d75-ad7639bd437e req-5ecbc670-9d35-4e5f-9d75-ad7639bd437e ] Request (QuotaClassesAdminTestJSON:tearDownClass): 200 GET http://10.180.1.21:9696/networking/v2.0/security-groups?tenant_id=be370ff9083141fc9e933815a9232847&name=default 0.731s
2025-11-25 11:23:27.749 63218 INFO tempest.lib.common.rest_client [req-9dd46ab1-2a15-4140-bb55-eebf4e50d4a5 req-9dd46ab1-2a15-4140-bb55-eebf4e50d4a5 ] Request (DeleteServersAdminTestJSON:test_admin_delete_servers_of_others): 204 DELETE http://10.180.1.21/compute/v2.1/servers/52097338-887e-4c79-8413-abfd7ea26c96 3.622s
2025-11-25 11:23:28.031 63202 INFO tempest.lib.common.rest_client [req-2ac100f1-7f81-43c4-b5cf-217cd79cc673 req-2ac100f1-7f81-43c4-b5cf-217cd79cc673 ] Request (QuotaClassesAdminTestJSON:tearDownClass): 204 DELETE http://10.180.1.21:9696/networking/v2.0/security-groups/211756a5-4655-4953-a6c8-b14d429ee53b 0.349s
2025-11-25 11:23:28.059 63178 INFO tempest.lib.common.rest_client [req-269d548e-413e-4a68-a9a0-8cc301431d71 req-269d548e-413e-4a68-a9a0-8cc301431d71 ] Request (ServersWithSpecificFlavorTestJSON:test_verify_created_server_ephemeral_disk): 200 GET http://10.180.1.21/compute/v2.1/servers/e1018767-71e4-49c9-bd4d-02eae39dc26b 3.542s
2025-11-25 11:23:28.262 63202 INFO tempest.lib.common.rest_client [req-f3196faa-9fb7-42bb-a169-0aec2497fbdc req-f3196faa-9fb7-42bb-a169-0aec2497fbdc ] Request (QuotaClassesAdminTestJSON:tearDownClass): 204 DELETE http://10.180.1.21/identity/v3/projects/be370ff9083141fc9e933815a9232847 0.230s
2025-11-25 11:23:28.262 63202 INFO tempest.lib.common.dynamic_creds [-] Deleting project and security group for project: d5386f814ac1486db7b2425c050fa497
2025-11-25 11:23:28.444 63214 INFO tempest.lib.common.rest_client [req-94f722f1-703a-4a95-9bc5-b009d47c87a2 req-94f722f1-703a-4a95-9bc5-b009d47c87a2 ] Request (VolumesAdminNegativeTest:test_update_attached_volume_with_nonexistent_volume_in_uri): 200 GET http://10.180.1.21/compute/v2.1/servers/9e39cfb8-e277-4798-92b0-b54f310ef2f4 3.483s
2025-11-25 11:23:28.491 63216 INFO tempest.lib.common.rest_client [req-8ddc39ca-f899-48dd-ab93-c909a88a4b18 req-8ddc39ca-f899-48dd-ab93-c909a88a4b18 ] Request (ImagesOneServerTestJSON:test_create_delete_image): 200 GET http://10.180.1.21/compute/v2.1/images/84649d91-ae10-4d24-9e47-5d49bd26b4b1 3.485s
2025-11-25 11:23:28.572 63188 INFO tempest.lib.common.rest_client [req-a12700ce-0c03-4766-842c-1428cfada529 req-a12700ce-0c03-4766-842c-1428cfada529 ] Request (AttachInterfacesTestJSON:test_create_list_show_delete_interfaces_by_fixed_ip): 200 GET http://10.180.1.21/compute/v2.1/servers/6fd5f3b8-1175-4bd5-b0b4-12517ba65271 3.287s
2025-11-25 11:23:28.594 63196 INFO tempest.lib.common.rest_client [req-41fc9a63-5c6d-480b-9520-164fb484486c req-41fc9a63-5c6d-480b-9520-164fb484486c ] Request (FlavorsV2TestJSON:test_list_flavors): 200 GET http://10.180.1.21/compute/v2.1/flavors 3.297s
2025-11-25 11:23:28.689 63202 INFO tempest.lib.common.rest_client [req-2fa6e4d8-9b01-4560-9f18-2ae78da3785a req-2fa6e4d8-9b01-4560-9f18-2ae78da3785a ] Request (QuotaClassesAdminTestJSON:tearDownClass): 200 GET http://10.180.1.21:9696/networking/v2.0/security-groups?tenant_id=d5386f814ac1486db7b2425c050fa497&name=default 0.426s
2025-11-25 11:23:28.698 63194 INFO tempest.lib.common.rest_client [req-2ff9a21c-da47-490d-af81-2ba6f139e880 req-2ff9a21c-da47-490d-af81-2ba6f139e880 ] Request (FloatingIPDetailsNegativeTestJSON:tearDownClass): 200 PUT http://10.180.1.21:9696/networking/v2.0/routers/58157a5a-57d2-4379-bd8d-eb3d678b63bf/remove_router_interface 2.517s
2025-11-25 11:23:28.804 63208 INFO tempest.lib.common.rest_client [req-dbd4d698-fe7f-4b61-bc82-88d7f5f71337 req-dbd4d698-fe7f-4b61-bc82-88d7f5f71337 ] Request (MigrationsAdminTest:test_list_migrations_in_flavor_resize_situation): 200 GET http://10.180.1.21/compute/v2.1/servers/aede8da7-8bf2-4963-b08b-6e06007614a5 3.457s
2025-11-25 11:23:28.815 63208 INFO tempest.common.waiters [-] State transition "BUILD/spawning" ==> "ACTIVE/None" after 33 second wait
2025-11-25 11:23:28.826 63222 INFO tempest.lib.common.rest_client [req-04fe25e6-d766-4249-8e53-9428119089eb req-04fe25e6-d766-4249-8e53-9428119089eb ] Request (ServerGroup264TestJSON:test_create_get_server_group): 200 GET http://10.180.1.21/compute/v2.1/os-server-groups 3.195s
2025-11-25 11:23:28.910 63162 INFO tempest.lib.common.rest_client [req-0b17688c-2128-45b7-80c0-321c508efe94 req-0b17688c-2128-45b7-80c0-321c508efe94 ] Request (ServerActionsTestOtherB:setUpClass): 201 POST http://10.180.1.21:9696/networking/v2.0/floatingips 1.691s
2025-11-25 11:23:28.953 63206 INFO tempest.lib.common.rest_client [req-8b5e047c-10ae-4383-80b7-f004231270d4 req-8b5e047c-10ae-4383-80b7-f004231270d4 ] Request (InstanceActionsTestJSON:test_list_instance_actions): 202 POST http://10.180.1.21/compute/v2.1/servers/61e36e7b-aaa1-420e-bd43-f0184b56581b/action 3.274s
2025-11-25 11:23:29.012 63162 INFO tempest.lib.common.rest_client [req-7c66780f-8a0c-4a41-a112-c974865ccd47 req-7c66780f-8a0c-4a41-a112-c974865ccd47 ] Request (ServerActionsTestOtherB:setUpClass): 201 POST http://10.180.1.21/identity/v3/auth/tokens 0.097s
2025-11-25 11:23:29.013 63162 INFO tempest.lib.common.fixed_network [-] (ServerActionsTestOtherB:setUpClass) Found network {'id': '291932be-19d4-43a6-92e1-e8716f572f77', 'name': 'tempest-ServerActionsTestOtherB-1340034603-network', 'tenant_id': '894c73ea90624428afeb1165afbbfa9c', 'admin_state_up': True, 'mtu': 8950, 'status': 'ACTIVE', 'subnets': [], 'shared': False, 'project_id': '894c73ea90624428afeb1165afbbfa9c', 'port_security_enabled': True, 'router:external': False, 'provider:network_type': 'vlan', 'provider:physical_network': 'default', 'provider:segmentation_id': 601, 'is_default': False, 'availability_zone_hints': [], 'availability_zones': [], 'ipv4_address_scope': None, 'ipv6_address_scope': None, 'description': '', 'tags': [], 'created_at': '2025-11-25T11:23:10Z', 'updated_at': '2025-11-25T11:23:10Z', 'revision_number': 1} available for tenant
2025-11-25 11:23:29.029 63168 INFO tempest.lib.common.rest_client [req-f85e8156-5287-4b6f-ac72-182bff75cd45 req-f85e8156-5287-4b6f-ac72-182bff75cd45 ] Request (FloatingIPDetailsTestJSON:setUpClass): 200 POST http://10.180.1.21/compute/v2.1/os-floating-ips 5.269s
2025-11-25 11:23:29.033 63202 INFO tempest.lib.common.rest_client [req-3892e770-3484-4582-8cce-828218ad0d1e req-3892e770-3484-4582-8cce-828218ad0d1e ] Request (QuotaClassesAdminTestJSON:tearDownClass): 204 DELETE http://10.180.1.21:9696/networking/v2.0/security-groups/39bd101e-6019-40e8-98de-958f90448fa6 0.343s
2025-11-25 11:23:29.086 63220 INFO tempest.lib.common.rest_client [req-2f1c8ed3-222f-42a6-8b22-02fc0acc5cdb req-2f1c8ed3-222f-42a6-8b22-02fc0acc5cdb ] Request (AggregatesAdminNegativeTestJSON:test_aggregate_create_with_existent_aggregate_name): 200 POST http://10.180.1.21/compute/v2.1/os-aggregates 3.116s
2025-11-25 11:23:29.201 63204 INFO tempest.lib.common.rest_client [req-4d57908b-aaa7-4754-8557-8870792cf221 req-4d57908b-aaa7-4754-8557-8870792cf221 ] Request (ImagesMetadataTestJSON:setUp): 200 PUT http://10.180.1.21/compute/v2.1/images/786b2d9c-b52b-4202-97c8-817b95128bfb/metadata 3.242s
2025-11-25 11:23:29.266 63202 INFO tempest.lib.common.rest_client [req-ccad95cf-3e67-42ff-9666-793f6d9d24cd req-ccad95cf-3e67-42ff-9666-793f6d9d24cd ] Request (QuotaClassesAdminTestJSON:tearDownClass): 204 DELETE http://10.180.1.21/identity/v3/projects/d5386f814ac1486db7b2425c050fa497 0.232s
2025-11-25 11:23:29.302 63184 INFO tempest.lib.common.rest_client [req-c41f9e0c-0529-4217-8c56-d85cf9ccde62 req-c41f9e0c-0529-4217-8c56-d85cf9ccde62 ] Request (ImagesTestJSON:test_create_image_from_stopped_server): 200 GET http://10.180.1.21/compute/v2.1/servers/6a9c973f-8aea-4403-9fa2-d37e5eec1ee1 3.072s
2025-11-25 11:23:29.371 63202 INFO tempest.lib.common.rest_client [req-81ae0cc4-7edd-4550-bcf0-a8dd27376bc4 req-81ae0cc4-7edd-4550-bcf0-a8dd27376bc4 ] Request (QuotasAdminNegativeTest:setUpClass): 201 POST http://10.180.1.21/identity/v3/auth/tokens 0.103s
2025-11-25 11:23:29.402 63192 INFO tempest.lib.common.rest_client [req-7a7b9797-57ce-4b71-918c-145129ceaac6 req-7a7b9797-57ce-4b71-918c-145129ceaac6 ] Request (FloatingIPsAssociationNegativeTestJSON:setUpClass): 200 GET http://10.180.1.21/compute/v2.1/servers/2927d5a5-ae7f-4c3c-a931-4dca9cedfbeb 3.286s
2025-11-25 11:23:29.410 63202 INFO tempest.lib.common.rest_client [req-4bae96b7-3ac9-45c2-8944-cb4c87d1e892 req-4bae96b7-3ac9-45c2-8944-cb4c87d1e892 ] Request (QuotasAdminNegativeTest:setUpClass): 201 POST http://10.180.1.21/identity/v3/auth/tokens 0.034s
2025-11-25 11:23:29.412 63192 INFO tempest.common.waiters [-] State transition "BUILD/networking" ==> "BUILD/spawning" after 4 second wait
2025-11-25 11:23:29.440 63202 INFO tempest.lib.common.rest_client [req-72e6f742-a4f1-439e-bdd5-175f116e05b4 req-72e6f742-a4f1-439e-bdd5-175f116e05b4 ] Request (QuotasAdminNegativeTest:setUpClass): 200 GET http://10.180.1.21/identity/v3/domains?name=Default 0.029s
2025-11-25 11:23:29.447 63198 INFO tempest.lib.common.rest_client [req-6a90b6f4-bdbc-4537-b054-dba36422f9da req-6a90b6f4-bdbc-4537-b054-dba36422f9da ] Request (QuotasAdminTestJSON:test_get_default_quotas): 200 GET http://10.180.1.21/compute/v2.1/os-quota-sets/51d4b3b28e8d4bb4819a47044737f595/defaults 3.076s
2025-11-25 11:23:29.480 63200 INFO tempest.lib.common.rest_client [req-0c5e163f-12ad-44ec-b37f-1904b9b161ac req-0c5e163f-12ad-44ec-b37f-1904b9b161ac ] Request (FlavorsAccessNegativeTestJSON:_run_cleanups): 202 DELETE http://10.180.1.21/compute/v2.1/flavors/1215705646 2.921s
2025-11-25 11:23:29.487 63198 INFO tempest.lib.common.rest_client [req-9827273c-37a1-4030-bf0b-8e69bd41b671 req-9827273c-37a1-4030-bf0b-8e69bd41b671 ] Request (QuotasAdminTestJSON:test_get_updated_quotas): 200 GET http://10.180.1.21/identity/v3/domains?name=Default 0.033s
2025-11-25 11:23:29.489 63172 INFO tempest.lib.common.rest_client [req-496a7f33-56ba-4717-975a-6e3973b7b5e2 req-496a7f33-56ba-4717-975a-6e3973b7b5e2 ] Request (HostsAdminNegativeTestJSON:test_update_host_with_invalid_maintenance_mode): 400 PUT http://10.180.1.21/compute/v2.1/os-hosts/devstack 2.915s
2025-11-25 11:23:29.494 63202 INFO tempest.lib.common.rest_client [req-d7783b7f-3947-4ab0-809a-486303f68cbd req-d7783b7f-3947-4ab0-809a-486303f68cbd ] Request (QuotasAdminNegativeTest:setUpClass): 201 POST http://10.180.1.21/identity/v3/projects 0.054s
2025-11-25 11:23:29.566 63198 INFO tempest.lib.common.rest_client [req-dc7f4717-7de7-4326-80ed-dc68bd8138d7 req-dc7f4717-7de7-4326-80ed-dc68bd8138d7 ] Request (QuotasAdminTestJSON:test_get_updated_quotas): 201 POST http://10.180.1.21/identity/v3/projects 0.079s
2025-11-25 11:23:29.591 63202 INFO tempest.lib.common.rest_client [req-04acd0e9-b9de-4f56-8466-e3b778033e5f req-04acd0e9-b9de-4f56-8466-e3b778033e5f ] Request (QuotasAdminNegativeTest:setUpClass): 201 POST http://10.180.1.21/identity/v3/users 0.096s
2025-11-25 11:23:29.634 63198 INFO tempest.lib.common.rest_client [req-dbe29f44-9595-47c6-a6de-b088b0d524bc req-dbe29f44-9595-47c6-a6de-b088b0d524bc ] Request (QuotasAdminTestJSON:test_get_updated_quotas): 200 GET http://10.180.1.21/identity/v3/domains?name=Default 0.068s
2025-11-25 11:23:29.697 63202 INFO tempest.lib.common.rest_client [req-3a1a4385-4dec-4c63-9710-3fa61b4050e9 req-3a1a4385-4dec-4c63-9710-3fa61b4050e9 ] Request (QuotasAdminNegativeTest:setUpClass): 200 GET http://10.180.1.21/identity/v3/roles 0.105s
2025-11-25 11:23:29.732 63202 INFO tempest.lib.common.rest_client [req-2209f3f8-18b5-4f19-9142-5afcd00b0817 req-2209f3f8-18b5-4f19-9142-5afcd00b0817 ] Request (QuotasAdminNegativeTest:setUpClass): 204 PUT http://10.180.1.21/identity/v3/projects/9902666f4024482a9df1e2ec4eda7b5a/users/523e80e319f9465bae224e42f4a93c68/roles/1192969ae7e0420aa330e11a1793ffae 0.035s
2025-11-25 11:23:29.733 63202 INFO tempest.lib.common.dynamic_creds [-] Dynamic test user 523e80e319f9465bae224e42f4a93c68 is created with scope project and roles: ['member']
2025-11-25 11:23:29.733 63202 INFO tempest.lib.common.dynamic_creds [-] Acquired dynamic creds: credentials: Credentials: {'domain_id': 'default', 'domain_name': 'Default', 'username': 'tempest-QuotasAdminNegativeTest-472633820-project-member', 'project_domain_id': 'default', 'project_domain_name': 'Default', 'project_id': '9902666f4024482a9df1e2ec4eda7b5a', 'project_name': 'tempest-QuotasAdminNegativeTest-472633820', 'tenant_id': '9902666f4024482a9df1e2ec4eda7b5a', 'tenant_name': 'tempest-QuotasAdminNegativeTest-472633820', 'user_domain_id': 'default', 'user_domain_name': 'Default', 'user_id': '523e80e319f9465bae224e42f4a93c68', 'system': None}, Network: None, Subnet: None, Router: None
2025-11-25 11:23:29.733 63202 INFO tempest.lib.common.dynamic_creds [-] Created isolated network resources for: credentials: Credentials: {'domain_id': 'default', 'domain_name': 'Default', 'username': 'tempest-QuotasAdminNegativeTest-472633820-project-member', 'project_domain_id': 'default', 'project_domain_name': 'Default', 'project_id': '9902666f4024482a9df1e2ec4eda7b5a', 'project_name': 'tempest-QuotasAdminNegativeTest-472633820', 'tenant_id': '9902666f4024482a9df1e2ec4eda7b5a', 'tenant_name': 'tempest-QuotasAdminNegativeTest-472633820', 'user_domain_id': 'default', 'user_domain_name': 'Default', 'user_id': '523e80e319f9465bae224e42f4a93c68', 'system': None}, Network: None, Subnet: None, Router: None
2025-11-25 11:23:29.858 63202 INFO tempest.lib.common.rest_client [req-20290485-2289-42f3-a057-6ce97010d0fa req-20290485-2289-42f3-a057-6ce97010d0fa ] Request (QuotasAdminNegativeTest:setUpClass): 201 POST http://10.180.1.21/identity/v3/auth/tokens 0.120s
2025-11-25 11:23:29.954 63202 INFO tempest.lib.common.rest_client [req-fef709ff-cfb4-4764-9b5b-4249894ef8c3 req-fef709ff-cfb4-4764-9b5b-4249894ef8c3 ] Request (QuotasAdminNegativeTest:setUpClass): 201 POST http://10.180.1.21/identity/v3/projects 0.095s
2025-11-25 11:23:29.991 63213 INFO tempest.lib.common.rest_client [req-6a66e67e-6f4d-4e1f-88d5-a6f67969b0a9 req-6a66e67e-6f4d-4e1f-88d5-a6f67969b0a9 ] Request (ServersTestBootFromVolume:setUpClass): 200 GET http://10.180.1.21/compute/v2.1/servers/e69c36e9-3c59-48e3-9962-ffe8de10a789 3.569s
2025-11-25 11:23:30.000 63213 INFO tempest.common.waiters [-] State transition "BUILD/None" ==> "BUILD/block_device_mapping" after 5 second wait
2025-11-25 11:23:30.018 63225 INFO tempest.lib.common.rest_client [req-6a95554e-b3ee-4739-8d96-15f6460b68b4 req-6a95554e-b3ee-4739-8d96-15f6460b68b4 ] Request (ServicesAdminTestJSON:test_get_service_by_host_name): 200 GET http://10.180.1.21/compute/v2.1/os-services?host=devstack 3.181s
2025-11-25 11:23:30.054 63202 INFO tempest.lib.common.rest_client [req-c75afbcc-49d6-430d-900d-994fb3feffb5 req-c75afbcc-49d6-430d-900d-994fb3feffb5 ] Request (QuotasAdminNegativeTest:setUpClass): 201 POST http://10.180.1.21/identity/v3/users 0.099s
