2025-11-25 11:23:10.409 63180 INFO tempest.lib.common.rest_client [req-d4398646-56d6-4768-b6de-464b0e47a6ef req-d4398646-56d6-4768-b6de-464b0e47a6ef ] Request (SecurityGroupsNegativeTestJSON:test_delete_the_default_security_group): 400 DELETE http://10.180.1.21/compute/v2.1/os-security-groups/ea977b1f-7224-43db-9a7a-8d8c809b185b 3.267s
2025-11-25 11:23:10.434 63186 INFO tempest.lib.common.rest_client [req-2ea76a36-45fe-4b36-b639-54a096ee60d0 req-2ea76a36-45fe-4b36-b639-54a096ee60d0 ] Request (InstanceUsageAuditLogTestJSON:tearDownClass): 204 DELETE http://10.180.1.21/identity/v3/projects/87ac545a8cc64ae485ac4f2dfa6e1ef4 0.121s
2025-11-25 11:23:10.435 63186 INFO tempest.test [-] raised in LiveAutoBlockMigrationV225Test.setUpClass. Invoking tearDownClass.
2025-11-25 11:23:10.438 63176 INFO tempest.lib.common.rest_client [req-54201a94-0fef-48ed-a09e-55e39bc0bebd req-54201a94-0fef-48ed-a09e-55e39bc0bebd ] Request (ImagesDeleteNegativeTestJSON:test_delete_non_existent_image): 404 DELETE http://10.180.1.21/compute/v2.1/images/f64eedfe-3a92-4eeb-9c2d-a7e1ba3bc4e8 3.266s
2025-11-25 11:23:10.456 63225 INFO tempest.lib.common.rest_client [req-735350e4-6175-48b0-a16e-e8bd5b405dfb req-735350e4-6175-48b0-a16e-e8bd5b405dfb ] Request (FlavorsExtraSpecsTestJSON:test_flavor_set_get_update_show_unset_keys): 200 GET http://10.180.1.21/compute/v2.1/flavors/1079090131/os-extra_specs 3.253s
2025-11-25 11:23:10.464 63184 INFO tempest.lib.common.rest_client [req-569821d2-e5de-4aa9-ba9f-806b2ee9a2df req-569821d2-e5de-4aa9-ba9f-806b2ee9a2df ] Request (ImagesTestJSON:setUpClass): 201 POST http://10.180.1.21/identity/v3/auth/tokens 0.062s
2025-11-25 11:23:10.474 63186 INFO tempest.lib.common.rest_client [req-6edafc66-216a-469f-bc50-48140b9cfbd8 req-6edafc66-216a-469f-bc50-48140b9cfbd8 ] Request (VolumesGetTestJSON:setUpClass): 201 POST http://10.180.1.21/identity/v3/auth/tokens 0.036s
2025-11-25 11:23:10.503 63184 INFO tempest.lib.common.rest_client [req-0822583d-1a66-4c48-a1e9-dcac4b6e90ef req-0822583d-1a66-4c48-a1e9-dcac4b6e90ef ] Request (ImagesTestJSON:setUpClass): 200 GET http://10.180.1.21/identity/v3/domains?name=Default 0.038s
2025-11-25 11:23:10.530 63170 INFO tempest.lib.common.rest_client [req-8a35299e-5881-479a-a6df-2cdde2214ea0 req-8a35299e-5881-479a-a6df-2cdde2214ea0 ] Request (VolumesTestJSON:setUpClass): 200 GET http://10.180.1.21/compute/v2.1/os-volumes/783aa020-6227-4420-a997-3490148458ae 3.173s
2025-11-25 11:23:10.590 63176 INFO tempest.lib.common.rest_client [req-05b952c7-a221-424e-9f99-0831563b4a15 req-05b952c7-a221-424e-9f99-0831563b4a15 ] Request (ImagesDeleteNegativeTestJSON:tearDownClass): 204 DELETE http://10.180.1.21/identity/v3/users/47e59b50eb234d398f5eb932f670960e 0.149s
2025-11-25 11:23:10.591 63176 INFO tempest.lib.common.dynamic_creds [-] Deleting project and security group for project: a8b914c9712245d9a27b527530553882
2025-11-25 11:23:10.601 63186 INFO tempest.lib.common.rest_client [req-05d591ca-9e00-40f3-9203-a54ca05f5996 req-05d591ca-9e00-40f3-9203-a54ca05f5996 ] Request (VolumesGetTestJSON:setUpClass): 201 POST http://10.180.1.21/identity/v3/auth/tokens 0.120s
2025-11-25 11:23:10.620 63182 INFO tempest.lib.common.rest_client [req-9abe73e5-c7f3-43b0-a8b0-7fc6a004fda5 req-9abe73e5-c7f3-43b0-a8b0-7fc6a004fda5 ] Request (VolumesAssistedSnapshotsTest:test_volume_assisted_snapshot_create_delete): 202 POST http://10.180.1.21/compute/v2.1/servers 3.948s
2025-11-25 11:23:10.643 63176 INFO tempest.lib.common.rest_client [req-cefe0d8e-ad30-466c-8e01-4145caef6d66 req-cefe0d8e-ad30-466c-8e01-4145caef6d66 ] Request (ImagesDeleteNegativeTestJSON:tearDownClass): 201 POST http://10.180.1.21/identity/v3/auth/tokens 0.052s
2025-11-25 11:23:10.671 63186 INFO tempest.lib.common.rest_client [req-0ca3026f-94fb-4323-89a8-bb95d002ae90 req-0ca3026f-94fb-4323-89a8-bb95d002ae90 ] Request (VolumesGetTestJSON:setUpClass): 200 GET http://10.180.1.21/identity/v3/domains?name=Default 0.070s
2025-11-25 11:23:10.687 63184 INFO tempest.lib.common.rest_client [req-d7f63a0e-5f9d-4613-aa9e-f3987ad7ecbe req-d7f63a0e-5f9d-4613-aa9e-f3987ad7ecbe ] Request (ImagesTestJSON:setUpClass): 201 POST http://10.180.1.21/identity/v3/projects 0.184s
2025-11-25 11:23:10.781 63170 INFO tempest.lib.common.rest_client [req-033eda5a-ca61-428e-b898-760a494f8764 req-033eda5a-ca61-428e-b898-760a494f8764 ] Request (VolumesTestJSON:setUpClass): 202 POST http://10.180.1.21/volume/v3/f2aac020251d449abe1f1046979af313/volumes 0.249s
2025-11-25 11:23:10.805 63186 INFO tempest.lib.common.rest_client [req-1d58008d-5e52-430c-bd4e-167f81d9105e req-1d58008d-5e52-430c-bd4e-167f81d9105e ] Request (VolumesGetTestJSON:setUpClass): 201 POST http://10.180.1.21/identity/v3/projects 0.132s
2025-11-25 11:23:10.815 63184 INFO tempest.lib.common.rest_client [req-3e04d272-a0d0-4f32-858d-6922df9d7ba1 req-3e04d272-a0d0-4f32-858d-6922df9d7ba1 ] Request (ImagesTestJSON:setUpClass): 201 POST http://10.180.1.21/identity/v3/users 0.127s
2025-11-25 11:23:10.857 63170 INFO tempest.lib.common.rest_client [req-79c5e702-bf6d-41a1-a721-9ae7d954aea6 req-79c5e702-bf6d-41a1-a721-9ae7d954aea6 ] Request (VolumesTestJSON:setUpClass): 200 GET http://10.180.1.21/volume/v3/f2aac020251d449abe1f1046979af313/volumes/dcda3c5d-7966-4e8e-b540-ae5bb2263010 0.057s
2025-11-25 11:23:10.895 63184 INFO tempest.lib.common.rest_client [req-d5b8b194-ec4a-4af6-9d81-3c1eae37bbbb req-d5b8b194-ec4a-4af6-9d81-3c1eae37bbbb ] Request (ImagesTestJSON:setUpClass): 200 GET http://10.180.1.21/identity/v3/roles 0.079s
2025-11-25 11:23:10.901 63213 INFO tempest.lib.common.rest_client [req-4c8e2f5f-253d-471b-aab1-a41326968812 req-4c8e2f5f-253d-471b-aab1-a41326968812 ] Request (ServersTestBootFromVolume:setUpClass): 200 GET http://10.180.1.21/volume/v3/a83acb637b5c47f395d677ee48e37dae/volumes/713ab20a-101e-495b-8fb5-6ebb8c0e42dd 0.052s
2025-11-25 11:23:10.931 63186 INFO tempest.lib.common.rest_client [req-b3de7fba-751e-4020-b88a-3708d29f294f req-b3de7fba-751e-4020-b88a-3708d29f294f ] Request (VolumesGetTestJSON:setUpClass): 201 POST http://10.180.1.21/identity/v3/users 0.125s
2025-11-25 11:23:10.939 63184 INFO tempest.lib.common.rest_client [req-dfa0d6f9-f7f3-4e6e-8500-34297727d3a8 req-dfa0d6f9-f7f3-4e6e-8500-34297727d3a8 ] Request (ImagesTestJSON:setUpClass): 204 PUT http://10.180.1.21/identity/v3/projects/d271710592bf47b79e16552221fe7107/users/5da18e2dc49746d8a7125efdc106d62b/roles/1192969ae7e0420aa330e11a1793ffae 0.042s
2025-11-25 11:23:10.940 63184 INFO tempest.lib.common.dynamic_creds [-] Dynamic test user 5da18e2dc49746d8a7125efdc106d62b is created with scope project and roles: ['member']
2025-11-25 11:23:10.940 63184 INFO tempest.lib.common.dynamic_creds [-] Acquired dynamic creds: credentials: Credentials: {'domain_id': 'default', 'domain_name': 'Default', 'username': 'tempest-ImagesTestJSON-652168268-project-member', 'project_domain_id': 'default', 'project_domain_name': 'Default', 'project_id': 'd271710592bf47b79e16552221fe7107', 'project_name': 'tempest-ImagesTestJSON-652168268', 'tenant_id': 'd271710592bf47b79e16552221fe7107', 'tenant_name': 'tempest-ImagesTestJSON-652168268', 'user_domain_id': 'default', 'user_domain_name': 'Default', 'user_id': '5da18e2dc49746d8a7125efdc106d62b', 'system': None}, Network: None, Subnet: None, Router: None
2025-11-25 11:23:10.992 63186 INFO tempest.lib.common.rest_client [req-dfb6c3c3-89cc-4748-80d5-f4e2af8570a7 req-dfb6c3c3-89cc-4748-80d5-f4e2af8570a7 ] Request (VolumesGetTestJSON:setUpClass): 200 GET http://10.180.1.21/identity/v3/roles 0.061s
2025-11-25 11:23:11.022 63184 INFO tempest.lib.common.rest_client [req-eac5d420-0f6f-434b-85d0-a1b0f8c66339 req-eac5d420-0f6f-434b-85d0-a1b0f8c66339 ] Request (ImagesTestJSON:setUpClass): 201 POST http://10.180.1.21/identity/v3/auth/tokens 0.081s
2025-11-25 11:23:11.034 63186 INFO tempest.lib.common.rest_client [req-05da48d1-2d33-4682-a5fa-da32d0fbbee0 req-05da48d1-2d33-4682-a5fa-da32d0fbbee0 ] Request (VolumesGetTestJSON:setUpClass): 204 PUT http://10.180.1.21/identity/v3/projects/2daa64a5e1ba410a9fab87a388389d64/users/f88c123ff1f646479a47f7fa3380a4af/roles/1192969ae7e0420aa330e11a1793ffae 0.041s
2025-11-25 11:23:11.034 63186 INFO tempest.lib.common.dynamic_creds [-] Dynamic test user f88c123ff1f646479a47f7fa3380a4af is created with scope project and roles: ['member']
2025-11-25 11:23:11.034 63186 INFO tempest.lib.common.dynamic_creds [-] Acquired dynamic creds: credentials: Credentials: {'domain_id': 'default', 'domain_name': 'Default', 'username': 'tempest-VolumesGetTestJSON-1059100323-project-member', 'project_domain_id': 'default', 'project_domain_name': 'Default', 'project_id': '2daa64a5e1ba410a9fab87a388389d64', 'project_name': 'tempest-VolumesGetTestJSON-1059100323', 'tenant_id': '2daa64a5e1ba410a9fab87a388389d64', 'tenant_name': 'tempest-VolumesGetTestJSON-1059100323', 'user_domain_id': 'default', 'user_domain_name': 'Default', 'user_id': 'f88c123ff1f646479a47f7fa3380a4af', 'system': None}, Network: None, Subnet: None, Router: None
2025-11-25 11:23:11.034 63186 INFO tempest.lib.common.dynamic_creds [-] Created isolated network resources for: credentials: Credentials: {'domain_id': 'default', 'domain_name': 'Default', 'username': 'tempest-VolumesGetTestJSON-1059100323-project-member', 'project_domain_id': 'default', 'project_domain_name': 'Default', 'project_id': '2daa64a5e1ba410a9fab87a388389d64', 'project_name': 'tempest-VolumesGetTestJSON-1059100323', 'tenant_id': '2daa64a5e1ba410a9fab87a388389d64', 'tenant_name': 'tempest-VolumesGetTestJSON-1059100323', 'user_domain_id': 'default', 'user_domain_name': 'Default', 'user_id': 'f88c123ff1f646479a47f7fa3380a4af', 'system': None}, Network: None, Subnet: None, Router: None
2025-11-25 11:23:11.140 63186 INFO tempest.lib.common.rest_client [req-aad4ec35-67e2-474a-a1a9-ff5b595d0aa1 req-aad4ec35-67e2-474a-a1a9-ff5b595d0aa1 ] Request (VolumesGetTestJSON:setUpClass): 201 POST http://10.180.1.21/identity/v3/auth/tokens 0.102s
2025-11-25 11:23:11.156 63164 INFO tempest.lib.common.rest_client [req-71b82d2a-d395-4744-83f8-1bf5991a9f21 req-71b82d2a-d395-4744-83f8-1bf5991a9f21 ] Request (ServerDiagnosticsNegativeTest:test_get_server_diagnostics_by_non_admin): 200 GET http://10.180.1.21/compute/v2.1/servers/43edad1f-cff0-4d3c-a721-98277d1cddc2 3.726s
2025-11-25 11:23:11.239 63210 INFO tempest.lib.common.rest_client [req-c0705b7e-4e37-4879-a33f-d9399a836244 req-c0705b7e-4e37-4879-a33f-d9399a836244 ] Request (ServersAdminNegativeTestJSON:setUpClass): 200 GET http://10.180.1.21/compute/v2.1/servers/3eff61b1-b09c-4a04-821c-cefdc7be3f64 3.422s
2025-11-25 11:23:11.319 63196 INFO tempest.lib.common.rest_client [req-b47364f5-0f7c-4b2e-82e4-a221f9063918 req-b47364f5-0f7c-4b2e-82e4-a221f9063918 ] Request (TenantUsagesNegativeTestJSON:test_get_usage_tenant_with_empty_tenant_id): 404 GET http://10.180.1.21/compute/v2.1/os-simple-tenant-usage/?start=2025-11-24T11%3A23%3A07.971814&end=2025-11-26T11%3A23%3A07.971814 3.346s
2025-11-25 11:23:11.320 63196 WARNING tempest.lib.common.rest_client [-] Deprecated: "tenant_id" property is deprecated for removal, use "project_id" instead
2025-11-25 11:23:11.337 63162 INFO tempest.lib.common.rest_client [req-113380f2-cbca-4200-b9dd-2268b6d8ec0a req-113380f2-cbca-4200-b9dd-2268b6d8ec0a ] Request (ServerActionsTestOtherB:setUpClass): 201 POST http://10.180.1.21:9696/networking/v2.0/networks 1.370s
2025-11-25 11:23:11.343 63214 INFO tempest.lib.common.rest_client [req-8ae6fed4-9ddb-47e1-af97-a8ea3fb28aa2 req-8ae6fed4-9ddb-47e1-af97-a8ea3fb28aa2 ] Request (VolumesAdminNegativeTest:test_update_attached_volume_with_nonexistent_volume_in_uri): 200 GET http://10.180.1.21/compute/v2.1/servers/9e39cfb8-e277-4798-92b0-b54f310ef2f4 3.139s
2025-11-25 11:23:11.367 63188 INFO tempest.lib.common.rest_client [req-63237008-45a6-4118-8222-9669e2337ed8 req-63237008-45a6-4118-8222-9669e2337ed8 ] Request (AttachInterfacesTestJSON:setUpClass): 200 PUT http://10.180.1.21:9696/networking/v2.0/routers/84482de3-f9af-407b-8e58-c5bd580a3f9a/add_router_interface 5.068s
2025-11-25 11:23:11.367 63188 INFO tempest.lib.common.dynamic_creds [-] Created isolated network resources for: credentials: Credentials: {'domain_id': 'default', 'domain_name': 'Default', 'username': 'tempest-AttachInterfacesTestJSON-714396526-project-member', 'project_domain_id': 'default', 'project_domain_name': 'Default', 'project_id': '2562164f04b045a59b3b501d2b0014ec', 'project_name': 'tempest-AttachInterfacesTestJSON-714396526', 'tenant_id': '2562164f04b045a59b3b501d2b0014ec', 'tenant_name': 'tempest-AttachInterfacesTestJSON-714396526', 'user_domain_id': 'default', 'user_domain_name': 'Default', 'user_id': '6f8a3ae8d2204c1d8c3a00c192657973', 'system': None}, Network: {'id': '9be47f79-b984-4fc2-a590-a80f36132ab1', 'name': 'tempest-AttachInterfacesTestJSON-1828291695-network', 'tenant_id': '2562164f04b045a59b3b501d2b0014ec', 'admin_state_up': True, 'mtu': 8950, 'status': 'ACTIVE', 'subnets': [], 'shared': False, 'project_id': '2562164f04b045a59b3b501d2b0014ec', 'port_security_enabled': True, 'router:external': False, 'provider:network_type': 'vlan', 'provider:physical_network': 'default', 'provider:segmentation_id': 126, 'is_default': False, 'availability_zone_hints': [], 'availability_zones': [], 'ipv4_address_scope': None, 'ipv6_address_scope': None, 'description': '', 'tags': [], 'created_at': '2025-11-25T11:23:00Z', 'updated_at': '2025-11-25T11:23:00Z', 'revision_number': 1}, Subnet: {'id': 'b19a9f28-9564-441d-98f9-ca5fcc37a5b6', 'name': 'tempest-AttachInterfacesTestJSON-1828291695-subnet', 'tenant_id': '2562164f04b045a59b3b501d2b0014ec', 'network_id': '9be47f79-b984-4fc2-a590-a80f36132ab1', 'ip_version': 4, 'subnetpool_id': None, 'enable_dhcp': True, 'ipv6_ra_mode': None, 'ipv6_address_mode': None, 'gateway_ip': '192.168.128.1', 'cidr': '192.168.128.0/28', 'allocation_pools': [{'start': '192.168.128.2', 'end': '192.168.128.14'}], 'host_routes': [], 'dns_nameservers': [], 'description': '', 'router:external': False, 'service_types': [], 'tags': [], 'created_at': '2025-11-25T11:23:01Z', 'updated_at': '2025-11-25T11:23:01Z', 'revision_number': 0, 'project_id': '2562164f04b045a59b3b501d2b0014ec'}, Router: {'id': '84482de3-f9af-407b-8e58-c5bd580a3f9a', 'name': 'tempest-AttachInterfacesTestJSON-1828291695-router', 'tenant_id': '2562164f04b045a59b3b501d2b0014ec', 'admin_state_up': True, 'status': 'ACTIVE', 'external_gateway_info': {'network_id': '430da3f5-1f2d-4e5f-8c28-1a8db62a23d9', 'external_fixed_ips': [{'subnet_id': '3b487bfc-35b7-4f29-b658-b67895dd0782', 'ip_address': '10.180.180.182'}], 'enable_snat': True}, 'description': '', 'availability_zones': [], 'distributed': False, 'ha': False, 'availability_zone_hints': [], 'routes': [], 'flavor_id': None, 'tags': [], 'created_at': '2025-11-25T11:23:01Z', 'updated_at': '2025-11-25T11:23:04Z', 'revision_number': 2, 'project_id': '2562164f04b045a59b3b501d2b0014ec'}
2025-11-25 11:23:11.415 63176 INFO tempest.lib.common.rest_client [req-d771480f-9216-49c9-b4ba-a5bb46b39fc2 req-d771480f-9216-49c9-b4ba-a5bb46b39fc2 ] Request (ImagesDeleteNegativeTestJSON:tearDownClass): 200 GET http://10.180.1.21:9696/networking/v2.0/security-groups?tenant_id=a8b914c9712245d9a27b527530553882&name=default 0.771s
2025-11-25 11:23:11.452 63188 INFO tempest.lib.common.rest_client [req-529e361b-0e86-434d-aab4-3202e4b65c27 req-529e361b-0e86-434d-aab4-3202e4b65c27 ] Request (AttachInterfacesTestJSON:setUpClass): 201 POST http://10.180.1.21/identity/v3/auth/tokens 0.081s
2025-11-25 11:23:11.875 63190 INFO tempest.lib.common.rest_client [req-7affd89c-d08d-4e45-9381-7e4f76911582 req-7affd89c-d08d-4e45-9381-7e4f76911582 ] Request (SecurityGroupsTestAdminJSON:_run_cleanups): 202 DELETE http://10.180.1.21/compute/v2.1/os-security-groups/76fa8076-8f4b-4a3f-8fe3-f010bbf895a5 3.334s
2025-11-25 11:23:11.915 63170 INFO tempest.lib.common.rest_client [req-c85b28b9-0730-4da7-9835-5a791971a6d9 req-c85b28b9-0730-4da7-9835-5a791971a6d9 ] Request (VolumesTestJSON:setUpClass): 200 GET http://10.180.1.21/volume/v3/f2aac020251d449abe1f1046979af313/volumes/dcda3c5d-7966-4e8e-b540-ae5bb2263010 0.049s
2025-11-25 11:23:11.921 63176 INFO tempest.lib.common.rest_client [req-133a5b60-cae5-4d5a-83f5-723b29443503 req-133a5b60-cae5-4d5a-83f5-723b29443503 ] Request (ImagesDeleteNegativeTestJSON:tearDownClass): 204 DELETE http://10.180.1.21:9696/networking/v2.0/security-groups/08b42d80-fea8-4fa1-8d39-ab2e8248ad13 0.506s
2025-11-25 11:23:11.933 63170 INFO tempest.common.waiters [-] volume dcda3c5d-7966-4e8e-b540-ae5bb2263010 reached available after waiting for 1.933725 seconds
2025-11-25 11:23:11.945 63168 INFO tempest.lib.common.rest_client [req-4ec07d28-22a2-4767-8f53-54543c8700f2 req-4ec07d28-22a2-4767-8f53-54543c8700f2 ] Request (FloatingIPDetailsTestJSON:setUpClass): 201 POST http://10.180.1.21:9696/networking/v2.0/routers 3.442s
2025-11-25 11:23:11.981 63213 INFO tempest.lib.common.rest_client [req-e77b2a24-ede4-4269-983f-5d7999381dbb req-e77b2a24-ede4-4269-983f-5d7999381dbb ] Request (ServersTestBootFromVolume:setUpClass): 200 GET http://10.180.1.21/volume/v3/a83acb637b5c47f395d677ee48e37dae/volumes/713ab20a-101e-495b-8fb5-6ebb8c0e42dd 0.067s
2025-11-25 11:23:12.148 63190 INFO tempest.lib.common.rest_client [req-b8c7436a-43d7-4184-8dad-5ebc8d72bf7e req-b8c7436a-43d7-4184-8dad-5ebc8d72bf7e ] Request (SecurityGroupsTestAdminJSON:tearDownClass): 204 DELETE http://10.180.1.21/identity/v3/users/91c7f4bd6da04501aea965b227c78c55 0.265s
2025-11-25 11:23:12.190 63176 INFO tempest.lib.common.rest_client [req-2c005529-1964-4dea-b089-03bae53c7344 req-2c005529-1964-4dea-b089-03bae53c7344 ] Request (ImagesDeleteNegativeTestJSON:tearDownClass): 204 DELETE http://10.180.1.21/identity/v3/projects/a8b914c9712245d9a27b527530553882 0.268s
2025-11-25 11:23:12.293 63204 INFO tempest.lib.common.rest_client [req-80a8da70-2b83-4ccf-a558-c5fb9a5c1d2d req-80a8da70-2b83-4ccf-a558-c5fb9a5c1d2d ] Request (ImagesMetadataTestJSON:setUp): 200 PUT http://10.180.1.21/compute/v2.1/images/786b2d9c-b52b-4202-97c8-817b95128bfb/metadata 3.701s
2025-11-25 11:23:12.298 63176 INFO tempest.lib.common.rest_client [req-8a0ab9de-77d3-4862-9862-d8cb07da1690 req-8a0ab9de-77d3-4862-9862-d8cb07da1690 ] Request (ServersTestMultiNic:setUpClass): 201 POST http://10.180.1.21/identity/v3/auth/tokens 0.105s
2025-11-25 11:23:12.345 63162 INFO tempest.lib.common.rest_client [req-5be92ba8-7f18-4e7a-b4e7-8ee04f55cbd5 req-5be92ba8-7f18-4e7a-b4e7-8ee04f55cbd5 ] Request (ServerActionsTestOtherB:setUpClass): 201 POST http://10.180.1.21:9696/networking/v2.0/subnets 1.007s
2025-11-25 11:23:12.363 63190 INFO tempest.lib.common.rest_client [req-8f33e913-45f9-4ee2-9605-f5dbe024b547 req-8f33e913-45f9-4ee2-9605-f5dbe024b547 ] Request (SecurityGroupsTestAdminJSON:tearDownClass): 204 DELETE http://10.180.1.21/identity/v3/users/753985f19d074263a58d29acb7fa5b06 0.214s
2025-11-25 11:23:12.363 63190 INFO tempest.lib.common.dynamic_creds [-] Deleting project and security group for project: 5a95609d142b4c32b2d860d8d33cfd31
2025-11-25 11:23:12.377 63176 INFO tempest.lib.common.rest_client [req-d5de1392-4ac0-4c6e-8e05-8c01f6b0889e req-d5de1392-4ac0-4c6e-8e05-8c01f6b0889e ] Request (ServersTestMultiNic:setUpClass): 201 POST http://10.180.1.21/identity/v3/auth/tokens 0.076s
2025-11-25 11:23:12.437 63176 INFO tempest.lib.common.rest_client [req-1975aa14-9810-43a3-b08c-18e9032f82e9 req-1975aa14-9810-43a3-b08c-18e9032f82e9 ] Request (ServersTestMultiNic:setUpClass): 200 GET http://10.180.1.21/identity/v3/domains?name=Default 0.059s
2025-11-25 11:23:12.442 63190 INFO tempest.lib.common.rest_client [req-ce4b3ee0-99e9-4bc0-b193-2286bd660ddc req-ce4b3ee0-99e9-4bc0-b193-2286bd660ddc ] Request (SecurityGroupsTestAdminJSON:tearDownClass): 201 POST http://10.180.1.21/identity/v3/auth/tokens 0.078s
2025-11-25 11:23:12.453 63184 INFO tempest.lib.common.rest_client [req-f375f630-42df-476f-b882-12b35a61f402 req-f375f630-42df-476f-b882-12b35a61f402 ] Request (ImagesTestJSON:setUpClass): 201 POST http://10.180.1.21:9696/networking/v2.0/networks 1.430s
2025-11-25 11:23:12.482 63176 INFO tempest.lib.common.rest_client [req-295d5365-170d-4c70-b066-3a8d249a4344 req-295d5365-170d-4c70-b066-3a8d249a4344 ] Request (ServersTestMultiNic:setUpClass): 201 POST http://10.180.1.21/identity/v3/projects 0.044s
2025-11-25 11:23:12.566 63176 INFO tempest.lib.common.rest_client [req-69bc4fd4-e142-4ba6-8cdf-13887cd71d38 req-69bc4fd4-e142-4ba6-8cdf-13887cd71d38 ] Request (ServersTestMultiNic:setUpClass): 201 POST http://10.180.1.21/identity/v3/users 0.083s
2025-11-25 11:23:12.588 63176 INFO tempest.lib.common.rest_client [req-2b7560eb-5592-44c6-b301-ddcee3f91dc9 req-2b7560eb-5592-44c6-b301-ddcee3f91dc9 ] Request (ServersTestMultiNic:setUpClass): 200 GET http://10.180.1.21/identity/v3/roles 0.021s
2025-11-25 11:23:12.615 63176 INFO tempest.lib.common.rest_client [req-84b5afbc-ca91-4183-915f-5efd1646cdec req-84b5afbc-ca91-4183-915f-5efd1646cdec ] Request (ServersTestMultiNic:setUpClass): 204 PUT http://10.180.1.21/identity/v3/projects/7da23e8d3c044f178c224a3e40a346a3/users/100272696b464561889b452f7c318a34/roles/1192969ae7e0420aa330e11a1793ffae 0.026s
2025-11-25 11:23:12.615 63176 INFO tempest.lib.common.dynamic_creds [-] Dynamic test user 100272696b464561889b452f7c318a34 is created with scope project and roles: ['member']
2025-11-25 11:23:12.615 63176 INFO tempest.lib.common.dynamic_creds [-] Acquired dynamic creds: credentials: Credentials: {'domain_id': 'default', 'domain_name': 'Default', 'username': 'tempest-ServersTestMultiNic-523841259-project-member', 'project_domain_id': 'default', 'project_domain_name': 'Default', 'project_id': '7da23e8d3c044f178c224a3e40a346a3', 'project_name': 'tempest-ServersTestMultiNic-523841259', 'tenant_id': '7da23e8d3c044f178c224a3e40a346a3', 'tenant_name': 'tempest-ServersTestMultiNic-523841259', 'user_domain_id': 'default', 'user_domain_name': 'Default', 'user_id': '100272696b464561889b452f7c318a34', 'system': None}, Network: None, Subnet: None, Router: None
2025-11-25 11:23:12.645 63218 INFO tempest.lib.common.rest_client [req-6f515856-edb6-420a-a4df-2b02135d7e97 req-6f515856-edb6-420a-a4df-2b02135d7e97 ] Request (DeleteServersAdminTestJSON:test_admin_delete_servers_of_others): 200 GET http://10.180.1.21/compute/v2.1/servers/52097338-887e-4c79-8413-abfd7ea26c96 3.861s
2025-11-25 11:23:12.670 63220 INFO tempest.lib.common.rest_client [req-9e556f3c-0df7-4f48-8bed-9cc882447dbd req-9e556f3c-0df7-4f48-8bed-9cc882447dbd ] Request (AggregatesAdminNegativeTestJSON:_run_cleanups): 200 DELETE http://10.180.1.21/compute/v2.1/os-aggregates/3 3.844s
2025-11-25 11:23:12.678 63176 INFO tempest.lib.common.rest_client [req-b331c760-a07d-419f-9c48-1d7df588fb33 req-b331c760-a07d-419f-9c48-1d7df588fb33 ] Request (ServersTestMultiNic:setUpClass): 201 POST http://10.180.1.21/identity/v3/auth/tokens 0.062s
2025-11-25 11:23:12.695 63190 INFO tempest.lib.common.rest_client [req-c05eaa5a-87bd-490b-920c-bb68fd81a998 req-c05eaa5a-87bd-490b-920c-bb68fd81a998 ] Request (SecurityGroupsTestAdminJSON:tearDownClass): 200 GET http://10.180.1.21:9696/networking/v2.0/security-groups?tenant_id=5a95609d142b4c32b2d860d8d33cfd31&name=default 0.253s
2025-11-25 11:23:12.852 63202 INFO tempest.lib.common.rest_client [req-4bd11878-23ee-4bff-ac96-1f1777a8e4cb req-4bd11878-23ee-4bff-ac96-1f1777a8e4cb ] Request (QuotaClassesAdminTestJSON:test_update_default_quotas): 200 GET http://10.180.1.21/compute/v2.1/os-quota-class-sets/default 3.930s
2025-11-25 11:23:12.899 63178 INFO tempest.lib.common.rest_client [req-216313be-6f1a-4231-b1f5-6119fbf2b400 req-216313be-6f1a-4231-b1f5-6119fbf2b400 ] Request (ServersWithSpecificFlavorTestJSON:test_verify_created_server_ephemeral_disk): 202 POST http://10.180.1.21/compute/v2.1/servers 4.343s
2025-11-25 11:23:12.965 63200 INFO tempest.lib.common.rest_client [req-dc90f5b1-3626-427d-8fb3-ddbcc60b8cee req-dc90f5b1-3626-427d-8fb3-ddbcc60b8cee ] Request (FlavorsAccessNegativeTestJSON:test_add_flavor_access_duplicate): 200 POST http://10.180.1.21/compute/v2.1/flavors 3.695s
2025-11-25 11:23:12.971 63172 INFO tempest.lib.common.rest_client [req-75b73fcf-10fb-42bc-b670-35eb5607f58b req-75b73fcf-10fb-42bc-b670-35eb5607f58b ] Request (HostsAdminNegativeTestJSON:test_shutdown_host_with_non_admin_user): 403 GET http://10.180.1.21/compute/v2.1/os-hosts/devstack/shutdown 3.405s
2025-11-25 11:23:13.050 63213 INFO tempest.lib.common.rest_client [req-29e0301c-02fa-4daf-af71-5f993d6b278a req-29e0301c-02fa-4daf-af71-5f993d6b278a ] Request (ServersTestBootFromVolume:setUpClass): 200 GET http://10.180.1.21/volume/v3/a83acb637b5c47f395d677ee48e37dae/volumes/713ab20a-101e-495b-8fb5-6ebb8c0e42dd 0.055s
2025-11-25 11:23:13.118 63166 INFO tempest.lib.common.rest_client [req-d7254ae3-8bae-4a7e-bf89-e5c6b81454b7 req-d7254ae3-8bae-4a7e-bf89-e5c6b81454b7 ] Request (FlavorsV2NegativeTest:test_boot_with_low_ram): 200 GET http://10.180.1.21/compute/v2.1/flavors/42 3.415s
2025-11-25 11:23:13.468 63190 INFO tempest.lib.common.rest_client [req-13aed256-c671-4684-96ea-28f294e17f4c req-13aed256-c671-4684-96ea-28f294e17f4c ] Request (SecurityGroupsTestAdminJSON:tearDownClass): 204 DELETE http://10.180.1.21:9696/networking/v2.0/security-groups/82c71a72-e419-462f-8e82-04f28a5c9d9a 0.773s
2025-11-25 11:23:13.530 63184 INFO tempest.lib.common.rest_client [req-2d20824e-c9bc-4b65-84ff-9d97e092f2f9 req-2d20824e-c9bc-4b65-84ff-9d97e092f2f9 ] Request (ImagesTestJSON:setUpClass): 201 POST http://10.180.1.21:9696/networking/v2.0/subnets 1.076s
2025-11-25 11:23:13.587 63190 INFO tempest.lib.common.rest_client [req-5242f300-d7fa-4123-bf2d-50516264fc76 req-5242f300-d7fa-4123-bf2d-50516264fc76 ] Request (SecurityGroupsTestAdminJSON:tearDownClass): 204 DELETE http://10.180.1.21/identity/v3/projects/5a95609d142b4c32b2d860d8d33cfd31 0.118s
2025-11-25 11:23:13.588 63190 INFO tempest.lib.common.dynamic_creds [-] Deleting project and security group for project: 92c73db05f764888add1fa955efb960e
2025-11-25 11:23:13.588 63208 INFO tempest.lib.common.rest_client [req-97d3bc01-23c8-420e-b032-bd2a8667ddf8 req-97d3bc01-23c8-420e-b032-bd2a8667ddf8 ] Request (MigrationsAdminTest:test_list_migrations_in_flavor_resize_situation): 200 GET http://10.180.1.21/compute/v2.1/servers/aede8da7-8bf2-4963-b08b-6e06007614a5 4.196s
2025-11-25 11:23:13.601 63208 INFO tempest.common.waiters [-] State transition "BUILD/networking" ==> "BUILD/spawning" after 18 second wait
2025-11-25 11:23:13.722 63166 INFO tempest.lib.common.rest_client [req-eb8d7907-1203-4d4a-a01c-70ebc453d9fe req-eb8d7907-1203-4d4a-a01c-70ebc453d9fe ] Request (FlavorsV2NegativeTest:test_boot_with_low_ram): 201 POST http://10.180.1.21/image/v2/images 0.593s
2025-11-25 11:23:13.765 63180 INFO tempest.lib.common.rest_client [req-07a9ad01-9ee3-48c9-b7d0-c1bea349dac4 req-07a9ad01-9ee3-48c9-b7d0-c1bea349dac4 ] Request (SecurityGroupsNegativeTestJSON:test_security_group_get_nonexistent_group): 404 GET http://10.180.1.21/compute/v2.1/os-security-groups/fa64a017-6f84-4d84-a95d-cf9bfd278805 3.350s
2025-11-25 11:23:13.797 63225 INFO tempest.lib.common.rest_client [req-43da315c-28b4-4327-b30c-530b8069f924 req-43da315c-28b4-4327-b30c-530b8069f924 ] Request (FlavorsExtraSpecsTestJSON:tearDownClass): 202 DELETE http://10.180.1.21/compute/v2.1/flavors/1079090131 3.339s
2025-11-25 11:23:13.882 63222 INFO tempest.lib.common.rest_client [req-e1473637-a5bf-430f-9adc-c5d29c814e7b req-e1473637-a5bf-430f-9adc-c5d29c814e7b ] Request (ServerGroup264TestJSON:setUpClass): 201 POST http://10.180.1.21:9696/networking/v2.0/routers 3.938s
2025-11-25 11:23:13.924 63190 INFO tempest.lib.common.rest_client [req-6bc38eaf-4aa6-42c6-a75d-2c2d54f65378 req-6bc38eaf-4aa6-42c6-a75d-2c2d54f65378 ] Request (SecurityGroupsTestAdminJSON:tearDownClass): 200 GET http://10.180.1.21:9696/networking/v2.0/security-groups?tenant_id=92c73db05f764888add1fa955efb960e&name=default 0.336s
2025-11-25 11:23:14.035 63216 INFO tempest.lib.common.rest_client [req-f2681fe3-ce9c-49bf-8133-8edce13b0136 req-f2681fe3-ce9c-49bf-8133-8edce13b0136 ] Request (ImagesOneServerTestJSON:setUpClass): 200 GET http://10.180.1.21/compute/v2.1/servers/a4fca617-da38-4913-b2c8-a2921da6db56 4.181s
2025-11-25 11:23:14.114 63213 INFO tempest.lib.common.rest_client [req-d3bb0688-f456-49c7-bd3f-25ea54507168 req-d3bb0688-f456-49c7-bd3f-25ea54507168 ] Request (ServersTestBootFromVolume:setUpClass): 200 GET http://10.180.1.21/volume/v3/a83acb637b5c47f395d677ee48e37dae/volumes/713ab20a-101e-495b-8fb5-6ebb8c0e42dd 0.053s
2025-11-25 11:23:14.164 63176 INFO tempest.lib.common.rest_client [req-42c98961-e499-4ef6-8db7-7548b704db78 req-42c98961-e499-4ef6-8db7-7548b704db78 ] Request (ServersTestMultiNic:setUpClass): 201 POST http://10.180.1.21:9696/networking/v2.0/networks 1.486s
2025-11-25 11:23:14.187 63182 INFO tempest.lib.common.rest_client [req-7cc4e769-13ed-44fa-a69f-6efd037dcfbb req-7cc4e769-13ed-44fa-a69f-6efd037dcfbb ] Request (VolumesAssistedSnapshotsTest:test_volume_assisted_snapshot_create_delete): 200 GET http://10.180.1.21/compute/v2.1/servers/a40c2ecb-918d-44ca-ad4c-d0d3fc4e8494 3.565s
2025-11-25 11:23:14.343 63206 INFO tempest.lib.common.rest_client [req-9ee78cfa-a275-411e-a3ac-1d1e05e1bbcd req-9ee78cfa-a275-411e-a3ac-1d1e05e1bbcd ] Request (InstanceActionsTestJSON:setUpClass): 200 GET http://10.180.1.21/compute/v2.1/servers/61e36e7b-aaa1-420e-bd43-f0184b56581b 3.787s
2025-11-25 11:23:14.563 63166 INFO tempest.lib.common.rest_client [req-3a2e2aba-de05-41a6-9988-2ebb21da7d34 req-3a2e2aba-de05-41a6-9988-2ebb21da7d34 ] Request (FlavorsV2NegativeTest:test_boot_with_low_ram): 204 PUT http://10.180.1.21/image/v2/images/488be0dc-bcf9-4477-9216-9157b7a3d9ab/file 0.841s
2025-11-25 11:23:14.615 63194 INFO tempest.lib.common.rest_client [req-ff569e12-f309-4a63-a335-051df5eb54e4 req-ff569e12-f309-4a63-a335-051df5eb54e4 ] Request (FloatingIPDetailsNegativeTestJSON:setUpClass): 201 POST http://10.180.1.21:9696/networking/v2.0/routers 4.274s
2025-11-25 11:23:14.659 63192 INFO tempest.lib.common.rest_client [req-65943219-6385-49c2-a5d5-86f17dd7ca1c req-65943219-6385-49c2-a5d5-86f17dd7ca1c ] Request (FloatingIPsAssociationNegativeTestJSON:setUpClass): 200 PUT http://10.180.1.21:9696/networking/v2.0/routers/0eb4cc1d-3b84-4fe5-82da-943be14412fc/add_router_interface 5.720s
2025-11-25 11:23:14.659 63192 INFO tempest.lib.common.dynamic_creds [-] Created isolated network resources for: credentials: Credentials: {'domain_id': 'default', 'domain_name': 'Default', 'username': 'tempest-FloatingIPsAssociationNegativeTestJSON-815623881-project-member', 'project_domain_id': 'default', 'project_domain_name': 'Default', 'project_id': '33e55050ffe94a588a5db112563b5555', 'project_name': 'tempest-FloatingIPsAssociationNegativeTestJSON-815623881', 'tenant_id': '33e55050ffe94a588a5db112563b5555', 'tenant_name': 'tempest-FloatingIPsAssociationNegativeTestJSON-815623881', 'user_domain_id': 'default', 'user_domain_name': 'Default', 'user_id': 'afa1ce49a8bd4d1a8f3f5ef460a13de5', 'system': None}, Network: {'id': 'ba7c830d-c4a1-418f-a747-d997a634b13f', 'name': 'tempest-FloatingIPsAssociationNegativeTestJSON-1412355570-network', 'tenant_id': '33e55050ffe94a588a5db112563b5555', 'admin_state_up': True, 'mtu': 8950, 'status': 'ACTIVE', 'subnets': [], 'shared': False, 'project_id': '33e55050ffe94a588a5db112563b5555', 'port_security_enabled': True, 'router:external': False, 'provider:network_type': 'vlan', 'provider:physical_network': 'default', 'provider:segmentation_id': 765, 'is_default': False, 'availability_zone_hints': [], 'availability_zones': [], 'ipv4_address_scope': None, 'ipv6_address_scope': None, 'description': '', 'tags': [], 'created_at': '2025-11-25T11:23:03Z', 'updated_at': '2025-11-25T11:23:03Z', 'revision_number': 1}, Subnet: {'id': '5243ea8e-195f-4c5c-81fb-951e89938088', 'name': 'tempest-FloatingIPsAssociationNegativeTestJSON-1412355570-subnet', 'tenant_id': '33e55050ffe94a588a5db112563b5555', 'network_id': 'ba7c830d-c4a1-418f-a747-d997a634b13f', 'ip_version': 4, 'subnetpool_id': None, 'enable_dhcp': True, 'ipv6_ra_mode': None, 'ipv6_address_mode': None, 'gateway_ip': '192.168.128.1', 'cidr': '192.168.128.0/28', 'allocation_pools': [{'start': '192.168.128.2', 'end': '192.168.128.14'}], 'host_routes': [], 'dns_nameservers': [], 'description': '', 'router:external': False, 'service_types': [], 'tags': [], 'created_at': '2025-11-25T11:23:04Z', 'updated_at': '2025-11-25T11:23:04Z', 'revision_number': 0, 'project_id': '33e55050ffe94a588a5db112563b5555'}, Router: {'id': '0eb4cc1d-3b84-4fe5-82da-943be14412fc', 'name': 'tempest-FloatingIPsAssociationNegativeTestJSON-1412355570-router', 'tenant_id': '33e55050ffe94a588a5db112563b5555', 'admin_state_up': True, 'status': 'ACTIVE', 'external_gateway_info': {'network_id': '430da3f5-1f2d-4e5f-8c28-1a8db62a23d9', 'external_fixed_ips': [{'subnet_id': '3b487bfc-35b7-4f29-b658-b67895dd0782', 'ip_address': '10.180.180.163'}], 'enable_snat': True}, 'description': '', 'availability_zones': [], 'distributed': False, 'ha': False, 'availability_zone_hints': [], 'routes': [], 'flavor_id': None, 'tags': [], 'created_at': '2025-11-25T11:23:05Z', 'updated_at': '2025-11-25T11:23:07Z', 'revision_number': 2, 'project_id': '33e55050ffe94a588a5db112563b5555'}
2025-11-25 11:23:14.686 63166 INFO tempest.lib.common.rest_client [req-e063d94d-8472-4a4e-93ba-dbe45b1ce725 req-e063d94d-8472-4a4e-93ba-dbe45b1ce725 ] Request (FlavorsV2NegativeTest:test_boot_with_low_ram): 201 POST http://10.180.1.21/identity/v3/auth/tokens 0.120s
2025-11-25 11:23:14.687 63166 INFO tempest.lib.common.fixed_network [-] (FlavorsV2NegativeTest:test_boot_with_low_ram) Found network None available for tenant
2025-11-25 11:23:14.811 63192 INFO tempest.lib.common.rest_client [req-df83ca7c-c20b-4ff3-b074-fa7b9d1722ef req-df83ca7c-c20b-4ff3-b074-fa7b9d1722ef ] Request (FloatingIPsAssociationNegativeTestJSON:setUpClass): 201 POST http://10.180.1.21/identity/v3/auth/tokens 0.146s
2025-11-25 11:23:14.813 63186 INFO tempest.lib.common.rest_client [req-2a74ca04-2be7-4939-bcb9-65c4eba0b2cb req-2a74ca04-2be7-4939-bcb9-65c4eba0b2cb ] Request (VolumesGetTestJSON:test_volume_create_get_delete): 200 POST http://10.180.1.21/compute/v2.1/os-volumes 3.671s
2025-11-25 11:23:14.821 63196 INFO tempest.lib.common.rest_client [req-d137e456-380a-4abe-b71a-1ee5590f38ec req-d137e456-380a-4abe-b71a-1ee5590f38ec ] Request (TenantUsagesNegativeTestJSON:test_get_usage_tenant_with_invalid_date): 400 GET http://10.180.1.21/compute/v2.1/os-simple-tenant-usage/7bea2a10d9954114a6588e263811d9a6?start=2025-11-26T11%3A23%3A07.971814&end=2025-11-24T11%3A23%3A07.971814 3.500s
2025-11-25 11:23:14.863 63190 INFO tempest.lib.common.rest_client [req-b27df3f6-fcac-4ca0-9a72-5e055cda27b1 req-b27df3f6-fcac-4ca0-9a72-5e055cda27b1 ] Request (SecurityGroupsTestAdminJSON:tearDownClass): 204 DELETE http://10.180.1.21:9696/networking/v2.0/security-groups/849be714-b589-4861-a3b4-c7afb5d19444 0.938s
2025-11-25 11:23:14.873 63192 INFO tempest.lib.common.rest_client [req-b8e6c459-1ece-4916-bc88-0d7514980232 req-b8e6c459-1ece-4916-bc88-0d7514980232 ] Request (FloatingIPsAssociationNegativeTestJSON:setUpClass): 201 POST http://10.180.1.21/identity/v3/auth/tokens 0.058s
2025-11-25 11:23:14.873 63192 INFO tempest.lib.common.fixed_network [-] (FloatingIPsAssociationNegativeTestJSON:setUpClass) Found network {'id': 'ba7c830d-c4a1-418f-a747-d997a634b13f', 'name': 'tempest-FloatingIPsAssociationNegativeTestJSON-1412355570-network', 'tenant_id': '33e55050ffe94a588a5db112563b5555', 'admin_state_up': True, 'mtu': 8950, 'status': 'ACTIVE', 'subnets': [], 'shared': False, 'project_id': '33e55050ffe94a588a5db112563b5555', 'port_security_enabled': True, 'router:external': False, 'provider:network_type': 'vlan', 'provider:physical_network': 'default', 'provider:segmentation_id': 765, 'is_default': False, 'availability_zone_hints': [], 'availability_zones': [], 'ipv4_address_scope': None, 'ipv6_address_scope': None, 'description': '', 'tags': [], 'created_at': '2025-11-25T11:23:03Z', 'updated_at': '2025-11-25T11:23:03Z', 'revision_number': 1} available for tenant
2025-11-25 11:23:14.892 63174 INFO tempest.lib.common.rest_client [req-4edcc9c5-ee40-452f-84d4-185a5c11bb6c req-4edcc9c5-ee40-452f-84d4-185a5c11bb6c ] Request (ServerDiagnosticsTest:test_get_server_diagnostics): 200 GET http://10.180.1.21/compute/v2.1/servers/db31a794-3928-41bb-afd8-14fae9357654 3.758s
2025-11-25 11:23:14.973 63170 INFO tempest.lib.common.rest_client [req-0c43d8fd-cab4-4ee9-a87b-a79ebba0c029 req-0c43d8fd-cab4-4ee9-a87b-a79ebba0c029 ] Request (VolumesTestJSON:setUpClass): 200 GET http://10.180.1.21/compute/v2.1/os-volumes/dcda3c5d-7966-4e8e-b540-ae5bb2263010 3.039s
2025-11-25 11:23:15.030 63188 INFO tempest.lib.common.rest_client [req-a1106d1e-348a-4c65-b1be-e10f3913806a req-a1106d1e-348a-4c65-b1be-e10f3913806a ] Request (ValidationResourcesFixture:setUp): 200 POST http://10.180.1.21/compute/v2.1/os-keypairs 3.575s
2025-11-25 11:23:15.170 63190 INFO tempest.lib.common.rest_client [req-b2addcd2-e1e1-4ae8-b60b-4a50255f39d6 req-b2addcd2-e1e1-4ae8-b60b-4a50255f39d6 ] Request (SecurityGroupsTestAdminJSON:tearDownClass): 204 DELETE http://10.180.1.21/identity/v3/projects/92c73db05f764888add1fa955efb960e 0.306s
2025-11-25 11:23:15.182 63213 INFO tempest.lib.common.rest_client [req-06d5cccd-9f5e-419e-b1fd-dfd149b58a9d req-06d5cccd-9f5e-419e-b1fd-dfd149b58a9d ] Request (ServersTestBootFromVolume:setUpClass): 200 GET http://10.180.1.21/volume/v3/a83acb637b5c47f395d677ee48e37dae/volumes/713ab20a-101e-495b-8fb5-6ebb8c0e42dd 0.057s
2025-11-25 11:23:15.194 63213 INFO tempest.common.waiters [-] volume 713ab20a-101e-495b-8fb5-6ebb8c0e42dd reached available after waiting for 20.194900 seconds
2025-11-25 11:23:15.269 63190 INFO tempest.lib.common.rest_client [req-690cb6cc-826d-461d-86d3-39d434af00da req-690cb6cc-826d-461d-86d3-39d434af00da ] Request (ServerExternalEventsTest:setUpClass): 201 POST http://10.180.1.21/identity/v3/auth/tokens 0.097s
2025-11-25 11:23:15.318 63190 INFO tempest.lib.common.rest_client [req-0a7feb99-dc57-4a1b-942e-6cba1e490b3f req-0a7feb99-dc57-4a1b-942e-6cba1e490b3f ] Request (ServerExternalEventsTest:setUpClass): 201 POST http://10.180.1.21/identity/v3/auth/tokens 0.043s
2025-11-25 11:23:15.347 63190 INFO tempest.lib.common.rest_client [req-51199706-ca74-463b-b738-582aee79cc16 req-51199706-ca74-463b-b738-582aee79cc16 ] Request (ServerExternalEventsTest:setUpClass): 200 GET http://10.180.1.21/identity/v3/domains?name=Default 0.029s
2025-11-25 11:23:15.389 63190 INFO tempest.lib.common.rest_client [req-106dd6a9-c2fc-4557-b687-238953b4dcf4 req-106dd6a9-c2fc-4557-b687-238953b4dcf4 ] Request (ServerExternalEventsTest:setUpClass): 201 POST http://10.180.1.21/identity/v3/projects 0.041s
2025-11-25 11:23:15.501 63190 INFO tempest.lib.common.rest_client [req-f581029b-7ddd-4886-889c-cf35cbb16f5b req-f581029b-7ddd-4886-889c-cf35cbb16f5b ] Request (ServerExternalEventsTest:setUpClass): 201 POST http://10.180.1.21/identity/v3/users 0.111s
2025-11-25 11:23:15.529 63190 INFO tempest.lib.common.rest_client [req-71a63819-b00b-4100-97a6-5eb625f31d52 req-71a63819-b00b-4100-97a6-5eb625f31d52 ] Request (ServerExternalEventsTest:setUpClass): 200 GET http://10.180.1.21/identity/v3/roles 0.026s
2025-11-25 11:23:15.544 63188 INFO tempest.lib.common.rest_client [req-a8dcf7f5-3f01-49f2-b4a2-240554423006 req-a8dcf7f5-3f01-49f2-b4a2-240554423006 ] Request (ValidationResourcesFixture:setUp): 201 POST http://10.180.1.21:9696/networking/v2.0/security-groups 0.511s
2025-11-25 11:23:15.573 63190 INFO tempest.lib.common.rest_client [req-d0885d21-6c06-44be-8840-3467437208d4 req-d0885d21-6c06-44be-8840-3467437208d4 ] Request (ServerExternalEventsTest:setUpClass): 204 PUT http://10.180.1.21/identity/v3/projects/3705e459bbc244e2b1056a8219071ff5/users/16ea3ecf7b2448b2893258b3fa472397/roles/1192969ae7e0420aa330e11a1793ffae 0.043s
2025-11-25 11:23:15.573 63190 INFO tempest.lib.common.dynamic_creds [-] Dynamic test user 16ea3ecf7b2448b2893258b3fa472397 is created with scope project and roles: ['member']
2025-11-25 11:23:15.573 63190 INFO tempest.lib.common.dynamic_creds [-] Acquired dynamic creds: credentials: Credentials: {'domain_id': 'default', 'domain_name': 'Default', 'username': 'tempest-ServerExternalEventsTest-1328511746-project-member', 'project_domain_id': 'default', 'project_domain_name': 'Default', 'project_id': '3705e459bbc244e2b1056a8219071ff5', 'project_name': 'tempest-ServerExternalEventsTest-1328511746', 'tenant_id': '3705e459bbc244e2b1056a8219071ff5', 'tenant_name': 'tempest-ServerExternalEventsTest-1328511746', 'user_domain_id': 'default', 'user_domain_name': 'Default', 'user_id': '16ea3ecf7b2448b2893258b3fa472397', 'system': None}, Network: None, Subnet: None, Router: None
2025-11-25 11:23:15.574 63190 INFO tempest.lib.common.dynamic_creds [-] Created isolated network resources for: credentials: Credentials: {'domain_id': 'default', 'domain_name': 'Default', 'username': 'tempest-ServerExternalEventsTest-1328511746-project-member', 'project_domain_id': 'default', 'project_domain_name': 'Default', 'project_id': '3705e459bbc244e2b1056a8219071ff5', 'project_name': 'tempest-ServerExternalEventsTest-1328511746', 'tenant_id': '3705e459bbc244e2b1056a8219071ff5', 'tenant_name': 'tempest-ServerExternalEventsTest-1328511746', 'user_domain_id': 'default', 'user_domain_name': 'Default', 'user_id': '16ea3ecf7b2448b2893258b3fa472397', 'system': None}, Network: None, Subnet: None, Router: None
2025-11-25 11:23:15.678 63190 INFO tempest.lib.common.rest_client [req-b876764c-62e9-44c7-8b1b-0be4bc7ffda3 req-b876764c-62e9-44c7-8b1b-0be4bc7ffda3 ] Request (ServerExternalEventsTest:setUpClass): 201 POST http://10.180.1.21/identity/v3/auth/tokens 0.101s
2025-11-25 11:23:15.787 63190 INFO tempest.lib.common.rest_client [req-4fb81307-1fe0-4736-bc19-3620f4f2f2af req-4fb81307-1fe0-4736-bc19-3620f4f2f2af ] Request (ServerExternalEventsTest:setUpClass): 201 POST http://10.180.1.21/identity/v3/projects 0.108s
2025-11-25 11:23:15.869 63190 INFO tempest.lib.common.rest_client [req-c10723a0-8bd3-4077-8a78-be5df8e434c9 req-c10723a0-8bd3-4077-8a78-be5df8e434c9 ] Request (ServerExternalEventsTest:setUpClass): 201 POST http://10.180.1.21/identity/v3/users 0.082s
2025-11-25 11:23:15.898 63190 INFO tempest.lib.common.rest_client [req-10d4fa0e-4f32-4007-a41d-f77fcd117ca5 req-10d4fa0e-4f32-4007-a41d-f77fcd117ca5 ] Request (ServerExternalEventsTest:setUpClass): 200 GET http://10.180.1.21/identity/v3/roles 0.029s
2025-11-25 11:23:15.962 63190 INFO tempest.lib.common.rest_client [req-56d5c93b-b573-433f-b95b-ea19f3faad56 req-56d5c93b-b573-433f-b95b-ea19f3faad56 ] Request (ServerExternalEventsTest:setUpClass): 204 PUT http://10.180.1.21/identity/v3/projects/f81e015e12ec494484cf26f549cfb4ef/users/45f2fd78f4594190aaab3f9ea725f5af/roles/b2f282ef9c2a4f0b8c8ec7e3230f3574 0.063s
2025-11-25 11:23:16.004 63176 INFO tempest.lib.common.rest_client [req-d81aa7c6-0ecd-4966-9e7a-5001dc4901cf req-d81aa7c6-0ecd-4966-9e7a-5001dc4901cf ] Request (ServersTestMultiNic:setUpClass): 201 POST http://10.180.1.21:9696/networking/v2.0/subnets 1.839s
2025-11-25 11:23:16.012 63210 INFO tempest.lib.common.rest_client [req-449661cd-4b34-4061-853e-872d957b3cd8 req-449661cd-4b34-4061-853e-872d957b3cd8 ] Request (ServersAdminNegativeTestJSON:setUpClass): 200 GET http://10.180.1.21/compute/v2.1/servers/3eff61b1-b09c-4a04-821c-cefdc7be3f64 3.764s
2025-11-25 11:23:16.022 63164 INFO tempest.lib.common.rest_client [req-44a9191c-d1e0-4afd-9215-656c7aaa2767 req-44a9191c-d1e0-4afd-9215-656c7aaa2767 ] Request (ServerDiagnosticsNegativeTest:test_get_server_diagnostics_by_non_admin): 200 GET http://10.180.1.21/compute/v2.1/servers/43edad1f-cff0-4d3c-a721-98277d1cddc2 3.855s
2025-11-25 11:23:16.091 63204 INFO tempest.lib.common.rest_client [req-b2381e14-0604-477f-99af-e920daef5ce9 req-b2381e14-0604-477f-99af-e920daef5ce9 ] Request (ImagesMetadataTestJSON:test_get_image_metadata_item): 200 GET http://10.180.1.21/compute/v2.1/images/786b2d9c-b52b-4202-97c8-817b95128bfb/metadata/os_distro 3.797s
2025-11-25 11:23:16.091 63190 INFO tempest.lib.common.rest_client [req-269b87f9-417c-4baf-a917-6f68d2eca7f7 req-269b87f9-417c-4baf-a917-6f68d2eca7f7 ] Request (ServerExternalEventsTest:setUpClass): 200 GET http://10.180.1.21/identity/v3/roles 0.128s
2025-11-25 11:23:16.102 63220 INFO tempest.lib.common.rest_client [req-fd5d5805-676b-4017-88c9-f2dbf46c1845 req-fd5d5805-676b-4017-88c9-f2dbf46c1845 ] Request (AggregatesAdminNegativeTestJSON:test_aggregate_create_aggregate_name_length_exceeds_255): 400 POST http://10.180.1.21/compute/v2.1/os-aggregates 3.430s
2025-11-25 11:23:16.150 63190 INFO tempest.lib.common.rest_client [req-9be0beff-7c36-4ae9-b4f3-f46da2cce8be req-9be0beff-7c36-4ae9-b4f3-f46da2cce8be ] Request (ServerExternalEventsTest:setUpClass): 204 PUT http://10.180.1.21/identity/v3/projects/f81e015e12ec494484cf26f549cfb4ef/users/45f2fd78f4594190aaab3f9ea725f5af/roles/b2f282ef9c2a4f0b8c8ec7e3230f3574 0.058s
2025-11-25 11:23:16.150 63190 INFO tempest.lib.common.dynamic_creds [-] Dynamic test user 45f2fd78f4594190aaab3f9ea725f5af is created with scope project and roles: ['admin']
2025-11-25 11:23:16.150 63190 INFO tempest.lib.common.dynamic_creds [-] Acquired dynamic creds: credentials: Credentials: {'domain_id': 'default', 'domain_name': 'Default', 'username': 'tempest-ServerExternalEventsTest-1927289854-project-admin', 'project_domain_id': 'default', 'project_domain_name': 'Default', 'project_id': 'f81e015e12ec494484cf26f549cfb4ef', 'project_name': 'tempest-ServerExternalEventsTest-1927289854', 'tenant_id': 'f81e015e12ec494484cf26f549cfb4ef', 'tenant_name': 'tempest-ServerExternalEventsTest-1927289854', 'user_domain_id': 'default', 'user_domain_name': 'Default', 'user_id': '45f2fd78f4594190aaab3f9ea725f5af', 'system': None}, Network: None, Subnet: None, Router: None
2025-11-25 11:23:16.150 63190 INFO tempest.lib.common.dynamic_creds [-] Created isolated network resources for: credentials: Credentials: {'domain_id': 'default', 'domain_name': 'Default', 'username': 'tempest-ServerExternalEventsTest-1927289854-project-admin', 'project_domain_id': 'default', 'project_domain_name': 'Default', 'project_id': 'f81e015e12ec494484cf26f549cfb4ef', 'project_name': 'tempest-ServerExternalEventsTest-1927289854', 'tenant_id': 'f81e015e12ec494484cf26f549cfb4ef', 'tenant_name': 'tempest-ServerExternalEventsTest-1927289854', 'user_domain_id': 'default', 'user_domain_name': 'Default', 'user_id': '45f2fd78f4594190aaab3f9ea725f5af', 'system': None}, Network: None, Subnet: None, Router: None
2025-11-25 11:23:16.300 63190 INFO tempest.lib.common.rest_client [req-e1855a6c-08bd-4773-8f71-d362321240a4 req-e1855a6c-08bd-4773-8f71-d362321240a4 ] Request (ServerExternalEventsTest:setUpClass): 201 POST http://10.180.1.21/identity/v3/auth/tokens 0.140s
2025-11-25 11:23:16.318 63202 INFO tempest.lib.common.rest_client [req-1c246f0c-7657-4228-9e31-2ad24419567c req-1c246f0c-7657-4228-9e31-2ad24419567c ] Request (QuotaClassesAdminTestJSON:test_update_default_quotas): 200 PUT http://10.180.1.21/compute/v2.1/os-quota-class-sets/default 3.464s
2025-11-25 11:23:16.414 63168 INFO tempest.lib.common.rest_client [req-497625d4-71f2-46a2-aeb2-b24df8fe231d req-497625d4-71f2-46a2-aeb2-b24df8fe231d ] Request (FloatingIPDetailsTestJSON:setUpClass): 200 PUT http://10.180.1.21:9696/networking/v2.0/routers/5a7655a9-525d-4fad-9b7c-8b2f0179dad0/add_router_interface 4.463s
