2025-11-25 11:24:32.554 63200 INFO tempest.lib.common.rest_client [req-80a458b7-d05d-445c-bf21-20e340ee5b70 req-80a458b7-d05d-445c-bf21-20e340ee5b70 ] Request (HypervisorAdminNegativeUnderV252Test:setUpClass): 200 GET http://10.180.1.21/identity/v3/roles 0.062s
2025-11-25 11:24:32.577 63200 INFO tempest.lib.common.rest_client [req-8b826105-2f64-49cb-a7b3-01fdbf21a2ce req-8b826105-2f64-49cb-a7b3-01fdbf21a2ce ] Request (HypervisorAdminNegativeUnderV252Test:setUpClass): 204 PUT http://10.180.1.21/identity/v3/projects/3b92fdfc7c5c4be4847036616462d132/users/649c1624f21d4c948fb9229faaeda392/roles/b2f282ef9c2a4f0b8c8ec7e3230f3574 0.022s
2025-11-25 11:24:32.578 63200 INFO tempest.lib.common.dynamic_creds [-] Dynamic test user 649c1624f21d4c948fb9229faaeda392 is created with scope project and roles: ['admin']
2025-11-25 11:24:32.578 63200 INFO tempest.lib.common.dynamic_creds [-] Acquired dynamic creds: credentials: Credentials: {'domain_id': 'default', 'domain_name': 'Default', 'username': 'tempest-HypervisorAdminNegativeUnderV252Test-1395689189-project-admin', 'project_domain_id': 'default', 'project_domain_name': 'Default', 'project_id': '3b92fdfc7c5c4be4847036616462d132', 'project_name': 'tempest-HypervisorAdminNegativeUnderV252Test-1395689189', 'tenant_id': '3b92fdfc7c5c4be4847036616462d132', 'tenant_name': 'tempest-HypervisorAdminNegativeUnderV252Test-1395689189', 'user_domain_id': 'default', 'user_domain_name': 'Default', 'user_id': '649c1624f21d4c948fb9229faaeda392', 'system': None}, Network: None, Subnet: None, Router: None
2025-11-25 11:24:32.578 63200 INFO tempest.lib.common.dynamic_creds [-] Created isolated network resources for: credentials: Credentials: {'domain_id': 'default', 'domain_name': 'Default', 'username': 'tempest-HypervisorAdminNegativeUnderV252Test-1395689189-project-admin', 'project_domain_id': 'default', 'project_domain_name': 'Default', 'project_id': '3b92fdfc7c5c4be4847036616462d132', 'project_name': 'tempest-HypervisorAdminNegativeUnderV252Test-1395689189', 'tenant_id': '3b92fdfc7c5c4be4847036616462d132', 'tenant_name': 'tempest-HypervisorAdminNegativeUnderV252Test-1395689189', 'user_domain_id': 'default', 'user_domain_name': 'Default', 'user_id': '649c1624f21d4c948fb9229faaeda392', 'system': None}, Network: None, Subnet: None, Router: None
2025-11-25 11:24:32.673 63200 INFO tempest.lib.common.rest_client [req-db17674b-58e6-45b6-aec7-dd7a348112e3 req-db17674b-58e6-45b6-aec7-dd7a348112e3 ] Request (HypervisorAdminNegativeUnderV252Test:setUpClass): 201 POST http://10.180.1.21/identity/v3/auth/tokens 0.091s
2025-11-25 11:24:32.847 63204 INFO tempest.lib.common.rest_client [req-e3051175-63a5-48c6-822b-2a99bb65ba13 req-e3051175-63a5-48c6-822b-2a99bb65ba13 ] Request (ListServersNegativeTestJSON:setUpClass): 200 GET http://10.180.1.21/compute/v2.1/servers/1fa01184-1ed2-43de-bcbf-bd8658acc9f9 2.177s
2025-11-25 11:24:32.866 63166 INFO tempest.lib.common.rest_client [req-35aabe5e-f356-4c47-876c-23e3b3f76cba req-35aabe5e-f356-4c47-876c-23e3b3f76cba ] Request (ServerTagsTestJSON:test_create_delete_tag): 200 GET http://10.180.1.21/compute/v2.1/servers/ff2cff97-1671-4f97-8f69-532253169ff8/tags 2.190s
2025-11-25 11:24:33.111 63225 INFO tempest.lib.common.rest_client [req-bc37c7ff-f2ad-4833-9570-d8cf8d000fd1 req-bc37c7ff-f2ad-4833-9570-d8cf8d000fd1 ] Request (ServersTestFqdnHostnames:test_create_server_with_fqdn_name): 200 GET http://10.180.1.21/compute/v2.1/servers/82aab17d-a6d0-48cf-a59a-fbef7d402894 2.383s
2025-11-25 11:24:33.226 63176 INFO tempest.lib.common.rest_client [req-0020939a-0d74-436a-a116-26b6aaa6565e req-0020939a-0d74-436a-a116-26b6aaa6565e ] Request (ServersTestMultiNic:_run_cleanups): 200 GET http://10.180.1.21/compute/v2.1/servers/ef521e82-38ab-4d62-b434-da7f7fa8c50f 2.145s
2025-11-25 11:24:33.228 63182 INFO tempest.lib.common.rest_client [req-a244288d-a297-4ecb-a274-2432b77c7a96 req-a244288d-a297-4ecb-a274-2432b77c7a96 ] Request (VolumesAssistedSnapshotsTest:test_volume_assisted_snapshot_create_delete): 200 GET http://10.180.1.21/volume/v3/63164e4bd996447b9a33e86a3cfdfda9/volumes/1ee7830b-c356-46cb-bbb5-755b85e54338 0.053s
2025-11-25 11:24:33.325 63216 INFO tempest.lib.common.rest_client [req-156484d4-7265-461e-afa9-8cbb5d19568b req-156484d4-7265-461e-afa9-8cbb5d19568b ] Request (ImagesOneServerTestJSON:tearDownClass): 204 DELETE http://10.180.1.21/compute/v2.1/servers/a4fca617-da38-4913-b2c8-a2921da6db56 2.134s
2025-11-25 11:24:33.430 63202 INFO tempest.lib.common.rest_client [req-5a923a07-4a30-4d6c-b62e-27547f9e335f req-5a923a07-4a30-4d6c-b62e-27547f9e335f ] Request (InstanceActionsNegativeTestJSON:setUpClass): 200 GET http://10.180.1.21/compute/v2.1/servers/567f3d61-ed30-47d9-aebc-77c9392be506 2.224s
2025-11-25 11:24:33.513 63184 INFO tempest.lib.common.rest_client [req-cc1fbb44-de49-4684-9fd7-4fb3599b3b8c req-cc1fbb44-de49-4684-9fd7-4fb3599b3b8c ] Request (ImagesTestJSON:test_create_image_from_suspended_server): 200 GET http://10.180.1.21/compute/v2.1/servers/12aa02f0-a232-427a-80ba-1faa12c4d43a 2.178s
2025-11-25 11:24:33.581 63220 INFO tempest.lib.common.rest_client [req-2c39713e-6546-40e9-a92f-f999043647d6 req-2c39713e-6546-40e9-a92f-f999043647d6 ] Request (ImagesNegativeTestJSON:test_create_image_from_deleted_server): 200 GET http://10.180.1.21/compute/v2.1/servers/bf2e9634-66ee-4b6a-a148-bc77420d793f 2.135s
2025-11-25 11:24:33.683 63174 INFO tempest.lib.common.rest_client [req-cc1de92d-332e-492c-9677-b02fe3361de3 req-cc1de92d-332e-492c-9677-b02fe3361de3 ] Request (ServersTestManualDisk:setUpClass): 200 GET http://10.180.1.21/compute/v2.1/servers/fed831e0-4518-4025-89b1-7f6b644e013d 2.132s
2025-11-25 11:24:33.763 63192 INFO tempest.lib.common.rest_client [req-7852a659-f070-4801-94af-55a9507c491f req-7852a659-f070-4801-94af-55a9507c491f ] Request (FloatingIPsAssociationNegativeTestJSON:tearDownClass): 200 GET http://10.180.1.21/compute/v2.1/servers/2927d5a5-ae7f-4c3c-a931-4dca9cedfbeb 2.200s
2025-11-25 11:24:33.828 63196 INFO tempest.lib.common.rest_client [req-db8a615a-32a6-46c0-9a5b-ed2a9097e46c req-db8a615a-32a6-46c0-9a5b-ed2a9097e46c ] Request (ServerShowV257Test:test_rebuild_server): 200 GET http://10.180.1.21/compute/v2.1/servers/5bba4aa5-2b92-42b4-8516-72298a99f0e6 2.192s
2025-11-25 11:24:33.840 63194 INFO tempest.lib.common.rest_client [req-2d9fd243-271a-43c7-9ccd-e7d264efd0f7 req-2d9fd243-271a-43c7-9ccd-e7d264efd0f7 ] Request (ServersTestJSON:setUpClass): 201 POST http://10.180.1.21:9696/networking/v2.0/routers 2.017s
2025-11-25 11:24:33.865 63172 INFO tempest.lib.common.rest_client [req-5f167fd2-82ba-4a7c-865a-3732c6c8371c req-5f167fd2-82ba-4a7c-865a-3732c6c8371c ] Request (TenantUsagesTestJSON:test_get_usage_tenant_with_non_admin_user): 200 GET http://10.180.1.21/compute/v2.1/os-simple-tenant-usage/5a4197794dad4013b8bca77e74af88f2?start=2025-11-24T11%3A24%3A29.977602&end=2025-11-26T11%3A24%3A29.977602 2.153s
2025-11-25 11:24:34.019 63208 INFO tempest.lib.common.rest_client [req-4431d759-5f72-427a-96b4-049e2aa910db req-4431d759-5f72-427a-96b4-049e2aa910db ] Request (MigrationsAdminTest:test_list_migrations_in_flavor_resize_situation): 200 GET http://10.180.1.21/compute/v2.1/servers/aede8da7-8bf2-4963-b08b-6e06007614a5 2.251s
2025-11-25 11:24:34.106 63210 INFO tempest.lib.common.rest_client [req-56c9c56a-919e-46be-a830-a7b98269269a req-56c9c56a-919e-46be-a830-a7b98269269a ] Request (ServersAdminNegativeTestJSON:test_resize_server_using_overlimit_vcpus): 403 POST http://10.180.1.21/compute/v2.1/servers/3eff61b1-b09c-4a04-821c-cefdc7be3f64/action 2.302s
2025-11-25 11:24:34.275 63182 INFO tempest.lib.common.rest_client [req-b64a9f95-76b9-43b3-8b99-2b42e7e2951a req-b64a9f95-76b9-43b3-8b99-2b42e7e2951a ] Request (VolumesAssistedSnapshotsTest:test_volume_assisted_snapshot_create_delete): 200 GET http://10.180.1.21/volume/v3/63164e4bd996447b9a33e86a3cfdfda9/volumes/1ee7830b-c356-46cb-bbb5-755b85e54338 0.034s
2025-11-25 11:24:34.275 63164 INFO tempest.lib.common.rest_client [req-d08ce9f6-af55-42eb-b482-c20e2f88c21a req-d08ce9f6-af55-42eb-b482-c20e2f88c21a ] Request (AttachInterfacesV270Test:test_create_get_list_interfaces): 200 GET http://10.180.1.21/compute/v2.1/servers/934a0ca3-d879-4b23-90fe-2c190c201a88 2.405s
2025-11-25 11:24:34.282 63182 INFO tempest.common.waiters [-] Attachment c92001e7-dd0a-4d1a-a51b-e1c7b0bed575 created for volume 1ee7830b-c356-46cb-bbb5-755b85e54338 to server a40c2ecb-918d-44ca-ad4c-d0d3fc4e8494 after waiting for 10.282569 seconds
2025-11-25 11:24:34.286 63164 INFO tempest.common.waiters [-] State transition "BUILD/None" ==> "BUILD/spawning" after 29 second wait
2025-11-25 11:24:34.319 63182 INFO tempest.lib.common.rest_client [req-9eacbf23-eb34-472f-bba4-aa0a7f5d7d37 req-9eacbf23-eb34-472f-bba4-aa0a7f5d7d37 ] Request (VolumesAssistedSnapshotsTest:test_volume_assisted_snapshot_create_delete): 200 GET http://10.180.1.21/volume/v3/63164e4bd996447b9a33e86a3cfdfda9/volumes/1ee7830b-c356-46cb-bbb5-755b85e54338 0.036s
2025-11-25 11:24:34.326 63182 INFO tempest.common.waiters [-] volume 1ee7830b-c356-46cb-bbb5-755b85e54338 reached in-use after waiting for 0.326315 seconds
2025-11-25 11:24:34.347 63178 INFO tempest.lib.common.rest_client [req-cc01c1f2-022a-4dde-8406-e5a5cfc812a5 req-cc01c1f2-022a-4dde-8406-e5a5cfc812a5 ] Request (ServersWithSpecificFlavorTestJSON:test_verify_created_server_ephemeral_disk): 200 GET http://10.180.1.21/compute/v2.1/servers/54185b06-7ccb-4740-a6ee-213bbfa6365b 2.397s
2025-11-25 11:24:34.354 63178 INFO tempest.common.waiters [-] State transition "BUILD/scheduling" ==> "BUILD/None" after 13 second wait
2025-11-25 11:24:34.624 63213 INFO tempest.lib.common.rest_client [req-48ed630d-a9fb-4732-a2af-2b9066208cea req-48ed630d-a9fb-4732-a2af-2b9066208cea ] Request (ServersTestBootFromVolume:test_list_servers_with_detail): 200 GET http://10.180.1.21/compute/v2.1/servers/detail 2.666s
2025-11-25 11:24:34.723 63206 INFO tempest.lib.common.rest_client [req-1c48cf42-08ff-403f-9516-ad60e6cb5117 req-1c48cf42-08ff-403f-9516-ad60e6cb5117 ] Request (ServerGroupTestJSON:test_create_delete_multiple_server_groups_with_same_name_policy): 200 POST http://10.180.1.21/compute/v2.1/os-server-groups 2.670s
2025-11-25 11:24:34.798 63218 INFO tempest.lib.common.rest_client [req-11af9874-541b-4f96-8019-ff13e2c8dd9d req-11af9874-541b-4f96-8019-ff13e2c8dd9d ] Request (DeleteServersAdminTestJSON:test_delete_server_while_in_error_state): 200 GET http://10.180.1.21/compute/v2.1/servers/69a9cd15-7d6f-464d-b451-e193179088f7 2.625s
2025-11-25 11:24:34.806 63218 INFO tempest.common.waiters [-] State transition "ERROR/deleting" ==> "DELETED/None" after 3 second wait
2025-11-25 11:24:34.993 63222 INFO tempest.lib.common.rest_client [req-d3101d87-7a9c-419d-809d-50a3e69a5805 req-d3101d87-7a9c-419d-809d-50a3e69a5805 ] Request (ServerRescueTestJSON:setUpClass): 200 GET http://10.180.1.21/compute/v2.1/servers/6bdcd778-0942-41e7-a6fb-7c3413d34ef7 2.439s
2025-11-25 11:24:35.001 63222 INFO tempest.common.waiters [-] State transition "BUILD/spawning" ==> "ACTIVE/None" after 42 second wait
2025-11-25 11:24:35.008 63194 INFO tempest.lib.common.rest_client [req-4566c37e-0736-4349-9f81-d3380cf24752 req-4566c37e-0736-4349-9f81-d3380cf24752 ] Request (ServersTestJSON:setUpClass): 200 PUT http://10.180.1.21:9696/networking/v2.0/routers/34f84dfa-b31b-40a6-92be-29222121d4c8/add_router_interface 1.168s
2025-11-25 11:24:35.008 63194 INFO tempest.lib.common.dynamic_creds [-] Created isolated network resources for: credentials: Credentials: {'domain_id': 'default', 'domain_name': 'Default', 'username': 'tempest-ServersTestJSON-1417391248-project-member', 'project_domain_id': 'default', 'project_domain_name': 'Default', 'project_id': '5214037507114e7eafb35779261bde06', 'project_name': 'tempest-ServersTestJSON-1417391248', 'tenant_id': '5214037507114e7eafb35779261bde06', 'tenant_name': 'tempest-ServersTestJSON-1417391248', 'user_domain_id': 'default', 'user_domain_name': 'Default', 'user_id': '94e903c202234339bea9f5a04cf1a399', 'system': None}, Network: {'id': 'ecf0d16a-6826-48e3-a9ed-8114774cf045', 'name': 'tempest-ServersTestJSON-657617940-network', 'tenant_id': '5214037507114e7eafb35779261bde06', 'admin_state_up': True, 'mtu': 8950, 'status': 'ACTIVE', 'subnets': [], 'shared': False, 'project_id': '5214037507114e7eafb35779261bde06', 'port_security_enabled': True, 'router:external': False, 'provider:network_type': 'vlan', 'provider:physical_network': 'default', 'provider:segmentation_id': 221, 'is_default': False, 'availability_zone_hints': [], 'availability_zones': [], 'ipv4_address_scope': None, 'ipv6_address_scope': None, 'description': '', 'tags': [], 'created_at': '2025-11-25T11:24:31Z', 'updated_at': '2025-11-25T11:24:31Z', 'revision_number': 1}, Subnet: {'id': '2a3b1e92-6c7e-4409-b561-321725ed8b6c', 'name': 'tempest-ServersTestJSON-657617940-subnet', 'tenant_id': '5214037507114e7eafb35779261bde06', 'network_id': 'ecf0d16a-6826-48e3-a9ed-8114774cf045', 'ip_version': 4, 'subnetpool_id': None, 'enable_dhcp': True, 'ipv6_ra_mode': None, 'ipv6_address_mode': None, 'gateway_ip': '192.168.128.1', 'cidr': '192.168.128.0/28', 'allocation_pools': [{'start': '192.168.128.2', 'end': '192.168.128.14'}], 'host_routes': [], 'dns_nameservers': [], 'description': '', 'router:external': False, 'service_types': [], 'tags': [], 'created_at': '2025-11-25T11:24:31Z', 'updated_at': '2025-11-25T11:24:31Z', 'revision_number': 0, 'project_id': '5214037507114e7eafb35779261bde06'}, Router: {'id': '34f84dfa-b31b-40a6-92be-29222121d4c8', 'name': 'tempest-ServersTestJSON-657617940-router', 'tenant_id': '5214037507114e7eafb35779261bde06', 'admin_state_up': True, 'status': 'ACTIVE', 'external_gateway_info': {'network_id': '430da3f5-1f2d-4e5f-8c28-1a8db62a23d9', 'external_fixed_ips': [{'subnet_id': '3b487bfc-35b7-4f29-b658-b67895dd0782', 'ip_address': '10.180.180.202'}], 'enable_snat': True}, 'description': '', 'availability_zones': [], 'distributed': False, 'ha': False, 'availability_zone_hints': [], 'routes': [], 'flavor_id': None, 'tags': [], 'created_at': '2025-11-25T11:24:31Z', 'updated_at': '2025-11-25T11:24:32Z', 'revision_number': 2, 'project_id': '5214037507114e7eafb35779261bde06'}
2025-11-25 11:24:35.133 63200 INFO tempest.lib.common.rest_client [req-760deb50-f771-4961-a8cf-47bef0b560ee req-760deb50-f771-4961-a8cf-47bef0b560ee ] Request (HypervisorAdminNegativeUnderV252Test:test_search_hypervisor_with_non_admin_user): 200 GET http://10.180.1.21/compute/v2.1/os-hypervisors 2.459s
2025-11-25 11:24:35.183 63194 INFO tempest.lib.common.rest_client [req-8e6f3365-39dd-478e-a175-2172c1e4b3cf req-8e6f3365-39dd-478e-a175-2172c1e4b3cf ] Request (ServersTestJSON:setUpClass): 201 POST http://10.180.1.21/identity/v3/auth/tokens 0.170s
2025-11-25 11:24:35.206 63198 INFO tempest.lib.common.rest_client [req-17abc5e1-6af7-48ed-9949-b7ff832ee0e3 req-17abc5e1-6af7-48ed-9949-b7ff832ee0e3 ] Request (ServerAddressesNegativeTestJSON:setUpClass): 200 GET http://10.180.1.21/compute/v2.1/servers/4fbb08f0-6712-4e78-b9da-b33a812ec9b7 2.422s
2025-11-25 11:24:35.217 63198 INFO tempest.common.waiters [-] State transition "BUILD/None" ==> "BUILD/networking" after 27 second wait
2025-11-25 11:24:35.288 63166 INFO tempest.lib.common.rest_client [req-c3cf4cdd-75c7-4841-a5b7-93b4e5762ce2 req-c3cf4cdd-75c7-4841-a5b7-93b4e5762ce2 ] Request (ServerTagsTestJSON:_run_cleanups): 204 DELETE http://10.180.1.21/compute/v2.1/servers/ff2cff97-1671-4f97-8f69-532253169ff8/tags 2.421s
2025-11-25 11:24:35.449 63162 WARNING tempest.lib.common.ssh [-] Failed to establish authenticated ssh connection to cirros@10.180.180.189 ([Errno None] Unable to connect to port 22 on 10.180.180.189). Number attempts: 4. Retry after 5 seconds.: paramiko.ssh_exception.NoValidConnectionsError: [Errno None] Unable to connect to port 22 on 10.180.180.189
2025-11-25 11:24:35.475 63180 INFO tempest.lib.common.rest_client [req-a20ee7c9-0bd1-4832-8e38-1c71872f7a91 req-a20ee7c9-0bd1-4832-8e38-1c71872f7a91 ] Request (ServerDiskConfigTestJSON:test_rebuild_server_with_auto_disk_config): 200 GET http://10.180.1.21/compute/v2.1/servers/70a6d3e7-6928-47a7-9f7f-bd5dad64912f 2.184s
2025-11-25 11:24:35.482 63180 INFO tempest.common.waiters [-] State transition "REBUILD/rebuild_spawning" ==> "ACTIVE/None" after 13 second wait
2025-11-25 11:24:35.540 63216 INFO tempest.lib.common.rest_client [req-042faf3d-bf98-44a2-a246-adba52c4946e req-042faf3d-bf98-44a2-a246-adba52c4946e ] Request (ImagesOneServerTestJSON:tearDownClass): 200 GET http://10.180.1.21/compute/v2.1/servers/a4fca617-da38-4913-b2c8-a2921da6db56 2.214s
2025-11-25 11:24:35.598 63190 INFO tempest.lib.common.rest_client [req-ff7103b5-21fd-4bea-88d5-78c9cd495d56 req-ff7103b5-21fd-4bea-88d5-78c9cd495d56 ] Request (ServersAdmin275Test:test_rebuild_update_server_275): 200 GET http://10.180.1.21/compute/v2.1/servers/cead3557-080d-4956-a957-cac449bb69f6 2.201s
2025-11-25 11:24:35.745 63204 INFO tempest.lib.common.rest_client [req-30b251e3-c237-4d5c-aad3-daaaa1d061fd req-30b251e3-c237-4d5c-aad3-daaaa1d061fd ] Request (ListServersNegativeTestJSON:setUpClass): 200 GET http://10.180.1.21/compute/v2.1/servers/1fa01184-1ed2-43de-bcbf-bd8658acc9f9 1.890s
2025-11-25 11:24:35.822 63172 INFO tempest.lib.common.rest_client [req-4af40ccf-bd34-456c-9729-8519636539b9 req-4af40ccf-bd34-456c-9729-8519636539b9 ] Request (TenantUsagesTestJSON:test_list_usage_all_tenants): 200 GET http://10.180.1.21/compute/v2.1/os-simple-tenant-usage?start=2025-11-24T11%3A24%3A29.977602&end=2025-11-26T11%3A24%3A29.977602&detailed=1 1.948s
2025-11-25 11:24:35.844 63210 INFO tempest.lib.common.rest_client [req-2cf93347-219d-49f8-bcf6-ea6f430a5560 req-2cf93347-219d-49f8-bcf6-ea6f430a5560 ] Request (ServersAdminNegativeTestJSON:_run_cleanups): 202 DELETE http://10.180.1.21/compute/v2.1/flavors/1107025246 1.737s
2025-11-25 11:24:36.011 63225 INFO tempest.lib.common.rest_client [req-27968b27-8cc2-4ac8-9cb5-fbd82eae4d28 req-27968b27-8cc2-4ac8-9cb5-fbd82eae4d28 ] Request (ServersTestFqdnHostnames:test_create_server_with_fqdn_name): 200 GET http://10.180.1.21/compute/v2.1/servers/82aab17d-a6d0-48cf-a59a-fbef7d402894 1.890s
2025-11-25 11:24:36.019 63225 INFO tempest.common.waiters [-] State transition "BUILD/spawning" ==> "ACTIVE/None" after 42 second wait
2025-11-25 11:24:36.076 63176 INFO tempest.lib.common.rest_client [req-3e7821df-991d-4709-b818-114dbb43c202 req-3e7821df-991d-4709-b818-114dbb43c202 ] Request (ServersTestMultiNic:_run_cleanups): 200 GET http://10.180.1.21/compute/v2.1/servers/ef521e82-38ab-4d62-b434-da7f7fa8c50f 1.837s
2025-11-25 11:24:36.256 63182 INFO tempest.lib.common.rest_client [req-5513980d-08a7-4e3a-9b4f-018417c8e627 req-5513980d-08a7-4e3a-9b4f-018417c8e627 ] Request (VolumesAssistedSnapshotsTest:test_volume_assisted_snapshot_create_delete): 200 POST http://10.180.1.21/compute/v2.1/os-assisted-volume-snapshots 1.928s
2025-11-25 11:24:36.333 63202 INFO tempest.lib.common.rest_client [req-118ca2e4-d64a-4056-8b43-33e9ba1ed20c req-118ca2e4-d64a-4056-8b43-33e9ba1ed20c ] Request (InstanceActionsNegativeTestJSON:setUpClass): 200 GET http://10.180.1.21/compute/v2.1/servers/567f3d61-ed30-47d9-aebc-77c9392be506 1.893s
2025-11-25 11:24:36.420 63184 INFO tempest.lib.common.rest_client [req-307631cd-a8ca-4308-98ab-a15c59dec60a req-307631cd-a8ca-4308-98ab-a15c59dec60a ] Request (ImagesTestJSON:test_create_image_from_suspended_server): 200 GET http://10.180.1.21/compute/v2.1/servers/12aa02f0-a232-427a-80ba-1faa12c4d43a 1.897s
2025-11-25 11:24:36.478 63220 INFO tempest.lib.common.rest_client [req-50f4cf4f-474e-4bc8-b791-7385f0a22751 req-50f4cf4f-474e-4bc8-b791-7385f0a22751 ] Request (ImagesNegativeTestJSON:test_create_image_from_deleted_server): 200 GET http://10.180.1.21/compute/v2.1/servers/bf2e9634-66ee-4b6a-a148-bc77420d793f 1.889s
2025-11-25 11:24:36.491 63213 INFO tempest.lib.common.rest_client [req-c3fbc9de-fe2a-4ba1-8778-339558d80d4e req-c3fbc9de-fe2a-4ba1-8778-339558d80d4e ] Request (ServersTestBootFromVolume:test_verify_created_server_vcpus): 200 GET http://10.180.1.21/compute/v2.1/flavors/42 1.855s
2025-11-25 11:24:36.493 63213 INFO tempest.lib.common.ssh [-] Creating ssh connection to '10.180.180.157:22' as 'cirros' with public key authentication
2025-11-25 11:24:36.497 63213 INFO paramiko.transport [-] Connected (version 2.0, client dropbear_2020.81)
2025-11-25 11:24:36.552 63174 INFO tempest.lib.common.rest_client [req-87d37eb4-bb15-4916-bb7f-04187ce8362a req-87d37eb4-bb15-4916-bb7f-04187ce8362a ] Request (ServersTestManualDisk:setUpClass): 200 GET http://10.180.1.21/compute/v2.1/servers/fed831e0-4518-4025-89b1-7f6b644e013d 1.861s
2025-11-25 11:24:36.561 63174 INFO tempest.common.waiters [-] State transition "BUILD/scheduling" ==> "BUILD/None" after 12 second wait
2025-11-25 11:24:36.573 63206 INFO tempest.lib.common.rest_client [req-c35491ca-00a0-4dd9-961b-23aae5612846 req-c35491ca-00a0-4dd9-961b-23aae5612846 ] Request (ServerGroupTestJSON:test_create_delete_multiple_server_groups_with_same_name_policy): 204 DELETE http://10.180.1.21/compute/v2.1/os-server-groups/fc1001bb-526f-4e69-8346-782270cf1349 1.848s
2025-11-25 11:24:36.597 63213 INFO paramiko.transport [-] Authentication (publickey) successful!
2025-11-25 11:24:36.597 63213 INFO tempest.lib.common.ssh [-] ssh connection to cirros@10.180.180.157 successfully created
2025-11-25 11:24:36.644 63192 INFO tempest.lib.common.rest_client [req-1f6b0b85-2533-41e9-92c9-4031fc0ad42b req-1f6b0b85-2533-41e9-92c9-4031fc0ad42b ] Request (FloatingIPsAssociationNegativeTestJSON:tearDownClass): 200 GET http://10.180.1.21/compute/v2.1/servers/2927d5a5-ae7f-4c3c-a931-4dca9cedfbeb 1.869s
2025-11-25 11:24:36.699 63196 INFO tempest.lib.common.rest_client [req-62e79500-8e7c-4cf1-ae30-b5aac01ecaf0 req-62e79500-8e7c-4cf1-ae30-b5aac01ecaf0 ] Request (ServerShowV257Test:test_rebuild_server): 200 GET http://10.180.1.21/compute/v2.1/servers/5bba4aa5-2b92-42b4-8516-72298a99f0e6 1.857s
2025-11-25 11:24:36.780 63222 INFO tempest.lib.common.rest_client [req-9f8c8640-7306-4286-b56a-8e73896366ab req-9f8c8640-7306-4286-b56a-8e73896366ab ] Request (ServerRescueTestJSON:setUpClass): 200 POST http://10.180.1.21/compute/v2.1/servers/6bdcd778-0942-41e7-a6fb-7c3413d34ef7/action 1.778s
2025-11-25 11:24:36.910 63208 INFO tempest.lib.common.rest_client [req-404fd557-7a1d-4a3d-9b5d-8104a013f1d7 req-404fd557-7a1d-4a3d-9b5d-8104a013f1d7 ] Request (MigrationsAdminTest:test_list_migrations_in_flavor_resize_situation): 200 GET http://10.180.1.21/compute/v2.1/servers/aede8da7-8bf2-4963-b08b-6e06007614a5 1.873s
2025-11-25 11:24:37.012 63200 INFO tempest.lib.common.rest_client [req-b7144b2b-ac69-4157-9561-d4ae81e057ad req-b7144b2b-ac69-4157-9561-d4ae81e057ad ] Request (HypervisorAdminNegativeUnderV252Test:test_search_hypervisor_with_non_admin_user): 403 GET http://10.180.1.21/compute/v2.1/os-hypervisors/domain-c8.fc996f14-c53b-4953-92e3-bdfa48f5cc28/search 1.878s
2025-11-25 11:24:37.111 63194 INFO tempest.lib.common.rest_client [req-cdd3caca-8d02-4374-8430-149cef86b600 req-cdd3caca-8d02-4374-8430-149cef86b600 ] Request (ServersTestJSON:setUpClass): 200 POST http://10.180.1.21/compute/v2.1/os-keypairs 1.926s
2025-11-25 11:24:37.356 63164 INFO tempest.lib.common.rest_client [req-f48f3cf0-576c-4497-aa0c-7e6a2eb6b392 req-f48f3cf0-576c-4497-aa0c-7e6a2eb6b392 ] Request (AttachInterfacesV270Test:test_create_get_list_interfaces): 200 GET http://10.180.1.21/compute/v2.1/servers/934a0ca3-d879-4b23-90fe-2c190c201a88 2.067s
2025-11-25 11:24:37.392 63194 INFO tempest.lib.common.rest_client [req-74b6417a-5440-4098-8f03-23d4c7017d67 req-74b6417a-5440-4098-8f03-23d4c7017d67 ] Request (ServersTestJSON:setUpClass): 201 POST http://10.180.1.21:9696/networking/v2.0/security-groups 0.278s
2025-11-25 11:24:37.466 63166 INFO tempest.lib.common.rest_client [req-b89ebd13-1570-4ca3-b3b5-4b7feff4899b req-b89ebd13-1570-4ca3-b3b5-4b7feff4899b ] Request (ServerTagsTestJSON:test_delete_all_tags): 201 PUT http://10.180.1.21/compute/v2.1/servers/ff2cff97-1671-4f97-8f69-532253169ff8/tags/tempest-tag-1671033701 2.176s
2025-11-25 11:24:37.545 63178 INFO tempest.lib.common.rest_client [req-a9b85537-4091-49e3-b704-465eedc0d10a req-a9b85537-4091-49e3-b704-465eedc0d10a ] Request (ServersWithSpecificFlavorTestJSON:test_verify_created_server_ephemeral_disk): 200 GET http://10.180.1.21/compute/v2.1/servers/54185b06-7ccb-4740-a6ee-213bbfa6365b 2.190s
2025-11-25 11:24:37.583 63194 INFO tempest.lib.common.rest_client [req-fdf48ea8-b7e3-48e9-831c-dbb451251a72 req-fdf48ea8-b7e3-48e9-831c-dbb451251a72 ] Request (ServersTestJSON:setUpClass): 201 POST http://10.180.1.21:9696/networking/v2.0/security-group-rules 0.188s
2025-11-25 11:24:37.657 63180 INFO tempest.lib.common.rest_client [req-3359dbe3-1232-4c73-a4c5-58b0f18feaab req-3359dbe3-1232-4c73-a4c5-58b0f18feaab ] Request (ServerDiskConfigTestJSON:test_rebuild_server_with_auto_disk_config): 200 GET http://10.180.1.21/compute/v2.1/servers/70a6d3e7-6928-47a7-9f7f-bd5dad64912f 2.175s
2025-11-25 11:24:37.673 63194 INFO tempest.lib.common.rest_client [req-2b7e08af-76b4-462f-8e2a-90fa0a67497b req-2b7e08af-76b4-462f-8e2a-90fa0a67497b ] Request (ServersTestJSON:setUpClass): 201 POST http://10.180.1.21:9696/networking/v2.0/security-group-rules 0.090s
2025-11-25 11:24:37.747 63218 INFO tempest.lib.common.rest_client [req-9021467c-4a1f-4940-862f-2f2ff0aa5759 req-9021467c-4a1f-4940-862f-2f2ff0aa5759 ] Request (DeleteServersAdminTestJSON:test_delete_server_while_in_error_state): 200 GET http://10.180.1.21/compute/v2.1/servers/69a9cd15-7d6f-464d-b451-e193179088f7 1.940s
2025-11-25 11:24:37.842 63172 INFO tempest.lib.common.rest_client [req-72e9c983-5bb9-47d4-8838-a21284ceeb4d req-72e9c983-5bb9-47d4-8838-a21284ceeb4d ] Request (TenantUsagesTestJSON:tearDownClass): 204 DELETE http://10.180.1.21/compute/v2.1/servers/1ddb6508-d8fb-4ead-bcb0-370c19bb287d 2.004s
2025-11-25 11:24:37.860 63210 INFO tempest.lib.common.rest_client [req-8fa5430f-9611-463e-8afa-57a40e0aaddb req-8fa5430f-9611-463e-8afa-57a40e0aaddb ] Request (ServersAdminNegativeTestJSON:_run_cleanups): 200 GET http://10.180.1.21/compute/v2.1/flavors/detail 2.015s
2025-11-25 11:24:37.944 63225 INFO tempest.lib.common.rest_client [req-67c7813d-2df5-4661-968a-fa62dd991db2 req-67c7813d-2df5-4661-968a-fa62dd991db2 ] Request (ServersTestFqdnHostnames:test_create_server_with_fqdn_name): 200 GET http://10.180.1.21/compute/v2.1/servers/82aab17d-a6d0-48cf-a59a-fbef7d402894/os-interface 1.924s
2025-11-25 11:24:38.119 63194 INFO tempest.lib.common.rest_client [req-cd30976c-b03f-446c-a470-2f1fae7a9a19 req-cd30976c-b03f-446c-a470-2f1fae7a9a19 ] Request (ServersTestJSON:setUpClass): 201 POST http://10.180.1.21:9696/networking/v2.0/floatingips 0.445s
2025-11-25 11:24:38.173 63194 INFO tempest.lib.common.rest_client [req-47e6d824-2dd0-4f21-a401-a8ebd19e0415 req-47e6d824-2dd0-4f21-a401-a8ebd19e0415 ] Request (ServersTestJSON:setUpClass): 201 POST http://10.180.1.21/identity/v3/auth/tokens 0.050s
2025-11-25 11:24:38.173 63194 INFO tempest.lib.common.fixed_network [-] (ServersTestJSON:setUpClass) Found network {'id': 'ecf0d16a-6826-48e3-a9ed-8114774cf045', 'name': 'tempest-ServersTestJSON-657617940-network', 'tenant_id': '5214037507114e7eafb35779261bde06', 'admin_state_up': True, 'mtu': 8950, 'status': 'ACTIVE', 'subnets': [], 'shared': False, 'project_id': '5214037507114e7eafb35779261bde06', 'port_security_enabled': True, 'router:external': False, 'provider:network_type': 'vlan', 'provider:physical_network': 'default', 'provider:segmentation_id': 221, 'is_default': False, 'availability_zone_hints': [], 'availability_zones': [], 'ipv4_address_scope': None, 'ipv6_address_scope': None, 'description': '', 'tags': [], 'created_at': '2025-11-25T11:24:31Z', 'updated_at': '2025-11-25T11:24:31Z', 'revision_number': 1} available for tenant
2025-11-25 11:24:38.280 63198 INFO tempest.lib.common.rest_client [req-af3f55e8-336c-4876-97cd-6e30ad636e21 req-af3f55e8-336c-4876-97cd-6e30ad636e21 ] Request (ServerAddressesNegativeTestJSON:setUpClass): 200 GET http://10.180.1.21/compute/v2.1/servers/4fbb08f0-6712-4e78-b9da-b33a812ec9b7 2.061s
2025-11-25 11:24:38.288 63198 INFO tempest.common.waiters [-] State transition "BUILD/networking" ==> "BUILD/spawning" after 30 second wait
2025-11-25 11:24:38.310 63182 INFO tempest.lib.common.rest_client [req-f725413b-0c95-4dbc-9f97-d4a790a25c1a req-f725413b-0c95-4dbc-9f97-d4a790a25c1a ] Request (VolumesAssistedSnapshotsTest:test_volume_assisted_snapshot_create_delete): 204 DELETE http://10.180.1.21/compute/v2.1/os-assisted-volume-snapshots/None?delete_info=%7B%22volume_id%22%3A+%221ee7830b-c356-46cb-bbb5-755b85e54338%22%7D 2.053s
2025-11-25 11:24:38.360 63182 INFO tempest.lib.common.rest_client [req-30da7914-afb7-4f2a-84dc-935da086ffcf req-30da7914-afb7-4f2a-84dc-935da086ffcf ] Request (VolumesAssistedSnapshotsTest:_run_cleanups): 200 GET http://10.180.1.21/volume/v3/63164e4bd996447b9a33e86a3cfdfda9/volumes/1ee7830b-c356-46cb-bbb5-755b85e54338 0.049s
2025-11-25 11:24:38.414 63216 INFO tempest.lib.common.rest_client [req-74eb78b2-b5ce-4ff8-a0e5-4f998b3ef4a5 req-74eb78b2-b5ce-4ff8-a0e5-4f998b3ef4a5 ] Request (ImagesOneServerTestJSON:tearDownClass): 200 GET http://10.180.1.21/compute/v2.1/servers/a4fca617-da38-4913-b2c8-a2921da6db56 1.866s
2025-11-25 11:24:38.423 63216 INFO tempest.common.waiters [-] State transition "ACTIVE/deleting" ==> "DELETED/None" after 3 second wait
2025-11-25 11:24:38.445 63206 INFO tempest.lib.common.rest_client [req-bf31161b-f154-4ccc-a521-299008a30ee8 req-bf31161b-f154-4ccc-a521-299008a30ee8 ] Request (ServerGroupTestJSON:test_create_delete_multiple_server_groups_with_same_name_policy): 200 GET http://10.180.1.21/compute/v2.1/os-server-groups 1.871s
2025-11-25 11:24:38.538 63213 INFO tempest.lib.common.rest_client [req-b6c33eb6-c4da-420f-8098-fc7432db7d67 req-b6c33eb6-c4da-420f-8098-fc7432db7d67 ] Request (ServersTestBootFromVolume:tearDownClass): 204 DELETE http://10.180.1.21/compute/v2.1/servers/e69c36e9-3c59-48e3-9962-ffe8de10a789 1.933s
2025-11-25 11:24:38.604 63190 INFO tempest.lib.common.rest_client [req-970887de-4e59-424d-a90b-62fbfe4aca26 req-970887de-4e59-424d-a90b-62fbfe4aca26 ] Request (ServersAdmin275Test:test_rebuild_update_server_275): 200 GET http://10.180.1.21/compute/v2.1/servers/cead3557-080d-4956-a957-cac449bb69f6 1.991s
2025-11-25 11:24:38.795 63225 INFO tempest.lib.common.rest_client [req-70ef88cc-33b6-4f68-87be-9c9b975243c8 req-70ef88cc-33b6-4f68-87be-9c9b975243c8 ] Request (ServersTestFqdnHostnames:test_create_server_with_fqdn_name): 200 PUT http://10.180.1.21:9696/networking/v2.0/floatingips/332e4151-ef44-45bb-863c-da4f52e8f819 0.847s
2025-11-25 11:24:38.797 63225 INFO tempest.lib.common.ssh [-] Creating ssh connection to '10.180.180.162:22' as 'cirros' with public key authentication
2025-11-25 11:24:38.802 63204 INFO tempest.lib.common.rest_client [req-8f67944b-128f-45ea-9fde-69a2029fd826 req-8f67944b-128f-45ea-9fde-69a2029fd826 ] Request (ListServersNegativeTestJSON:setUpClass): 200 GET http://10.180.1.21/compute/v2.1/servers/1fa01184-1ed2-43de-bcbf-bd8658acc9f9 2.048s
2025-11-25 11:24:38.812 63204 INFO tempest.common.waiters [-] State transition "BUILD/spawning" ==> "ACTIVE/None" after 32 second wait
2025-11-25 11:24:38.951 63222 INFO tempest.lib.common.rest_client [req-e98bd78e-1369-4fb6-8e33-d1c4494729e4 req-e98bd78e-1369-4fb6-8e33-d1c4494729e4 ] Request (ServerRescueTestJSON:setUpClass): 200 GET http://10.180.1.21/compute/v2.1/servers/6bdcd778-0942-41e7-a6fb-7c3413d34ef7 2.170s
2025-11-25 11:24:38.971 63200 INFO tempest.lib.common.rest_client [req-ef956c14-f59f-4dd7-abc3-cd5529a3a7a1 req-ef956c14-f59f-4dd7-abc3-cd5529a3a7a1 ] Request (HypervisorAdminNegativeUnderV252Test:test_search_nonexistent_hypervisor): 404 GET http://10.180.1.21/compute/v2.1/os-hypervisors/nonexistent_hypervisor_name/search 1.957s
2025-11-25 11:24:39.048 63176 INFO tempest.lib.common.rest_client [req-0e8f98ce-d407-42e5-ae21-ab5a50904f34 req-0e8f98ce-d407-42e5-ae21-ab5a50904f34 ] Request (ServersTestMultiNic:_run_cleanups): 200 GET http://10.180.1.21/compute/v2.1/servers/ef521e82-38ab-4d62-b434-da7f7fa8c50f 1.959s
2025-11-25 11:24:39.103 63202 INFO tempest.lib.common.rest_client [req-a4840b73-5f86-49a1-9762-7b5664d41cda req-a4840b73-5f86-49a1-9762-7b5664d41cda ] Request (InstanceActionsNegativeTestJSON:setUpClass): 200 GET http://10.180.1.21/compute/v2.1/servers/567f3d61-ed30-47d9-aebc-77c9392be506 1.759s
2025-11-25 11:24:39.157 63184 INFO tempest.lib.common.rest_client [req-e7060de9-6e4f-40b2-bfae-e8ca9db7ec10 req-e7060de9-6e4f-40b2-bfae-e8ca9db7ec10 ] Request (ImagesTestJSON:test_create_image_from_suspended_server): 200 GET http://10.180.1.21/compute/v2.1/servers/12aa02f0-a232-427a-80ba-1faa12c4d43a 1.723s
2025-11-25 11:24:39.164 63184 INFO tempest.common.waiters [-] State transition "BUILD/scheduling" ==> "BUILD/None" after 12 second wait
2025-11-25 11:24:39.250 63166 INFO tempest.lib.common.rest_client [req-bc7531c8-1e15-4b5c-a8b3-bdb27db64e35 req-bc7531c8-1e15-4b5c-a8b3-bdb27db64e35 ] Request (ServerTagsTestJSON:test_delete_all_tags): 201 PUT http://10.180.1.21/compute/v2.1/servers/ff2cff97-1671-4f97-8f69-532253169ff8/tags/tempest-tag-432642174 1.783s
2025-11-25 11:24:39.383 63220 INFO tempest.lib.common.rest_client [req-2828ef33-95cd-4933-9b18-5791718a776b req-2828ef33-95cd-4933-9b18-5791718a776b ] Request (ImagesNegativeTestJSON:test_create_image_from_deleted_server): 200 GET http://10.180.1.21/compute/v2.1/servers/bf2e9634-66ee-4b6a-a148-bc77420d793f 1.896s
2025-11-25 11:24:39.460 63174 INFO tempest.lib.common.rest_client [req-79dd5373-230b-4fea-8663-202b7feb05c5 req-79dd5373-230b-4fea-8663-202b7feb05c5 ] Request (ServersTestManualDisk:setUpClass): 200 GET http://10.180.1.21/compute/v2.1/servers/fed831e0-4518-4025-89b1-7f6b644e013d 1.898s
2025-11-25 11:24:39.761 63192 INFO tempest.lib.common.rest_client [req-146af450-cb0b-42ba-b9c4-4aafc991fa70 req-146af450-cb0b-42ba-b9c4-4aafc991fa70 ] Request (FloatingIPsAssociationNegativeTestJSON:tearDownClass): 200 GET http://10.180.1.21/compute/v2.1/servers/2927d5a5-ae7f-4c3c-a931-4dca9cedfbeb 2.109s
2025-11-25 11:24:39.856 63180 INFO tempest.lib.common.rest_client [req-aeeb57b1-c6b7-487f-843a-eaa28fb14284 req-aeeb57b1-c6b7-487f-843a-eaa28fb14284 ] Request (ServerDiskConfigTestJSON:_run_cleanups): 204 DELETE http://10.180.1.21/compute/v2.1/servers/70a6d3e7-6928-47a7-9f7f-bd5dad64912f 2.190s
2025-11-25 11:24:39.926 63196 INFO tempest.lib.common.rest_client [req-785ba762-f59b-4e5b-9af7-a430aff92b8e req-785ba762-f59b-4e5b-9af7-a430aff92b8e ] Request (ServerShowV257Test:test_rebuild_server): 200 GET http://10.180.1.21/compute/v2.1/servers/5bba4aa5-2b92-42b4-8516-72298a99f0e6 2.218s
2025-11-25 11:24:39.934 63180 INFO tempest.lib.common.rest_client [req-6fb37ef2-e300-4153-a72a-f866a7610eee req-6fb37ef2-e300-4153-a72a-f866a7610eee ] Request (ServerDiskConfigTestJSON:test_rebuild_server_with_manual_disk_config): 201 POST http://10.180.1.21/identity/v3/auth/tokens 0.074s
2025-11-25 11:24:39.935 63180 INFO tempest.lib.common.fixed_network [-] (ServerDiskConfigTestJSON:test_rebuild_server_with_manual_disk_config) Found network {'id': '42dfbd96-0a8c-4737-b219-2a891ed87086', 'name': 'tempest-ServerDiskConfigTestJSON-1971436626-network', 'tenant_id': '14ea39ac6e2d400ca89bbffc20d764ef', 'admin_state_up': True, 'mtu': 8950, 'status': 'ACTIVE', 'subnets': [], 'shared': False, 'project_id': '14ea39ac6e2d400ca89bbffc20d764ef', 'port_security_enabled': True, 'router:external': False, 'provider:network_type': 'vlan', 'provider:physical_network': 'default', 'provider:segmentation_id': 624, 'is_default': False, 'availability_zone_hints': [], 'availability_zones': [], 'ipv4_address_scope': None, 'ipv6_address_scope': None, 'description': '', 'tags': [], 'created_at': '2025-11-25T11:23:26Z', 'updated_at': '2025-11-25T11:23:26Z', 'revision_number': 1} available for tenant
2025-11-25 11:24:39.935 63196 INFO tempest.common.waiters [-] State transition "BUILD/None" ==> "BUILD/spawning" after 21 second wait
2025-11-25 11:24:40.094 63172 INFO tempest.lib.common.rest_client [req-2f3f66d9-b2c0-43d4-af03-c4c10e2a5372 req-2f3f66d9-b2c0-43d4-af03-c4c10e2a5372 ] Request (TenantUsagesTestJSON:tearDownClass): 200 GET http://10.180.1.21/compute/v2.1/servers/1ddb6508-d8fb-4ead-bcb0-370c19bb287d 2.251s
2025-11-25 11:24:40.129 63210 INFO tempest.lib.common.rest_client [req-e7cdf2f3-0b29-408a-945b-d46830c2dd7a req-e7cdf2f3-0b29-408a-945b-d46830c2dd7a ] Request (ServersAdminNegativeTestJSON:test_restore_server_invalid_state): 409 POST http://10.180.1.21/compute/v2.1/servers/3eff61b1-b09c-4a04-821c-cefdc7be3f64/action 2.261s
2025-11-25 11:24:40.273 63208 INFO tempest.lib.common.rest_client [req-7fb704a0-c912-4774-93c8-afaefe078e31 req-7fb704a0-c912-4774-93c8-afaefe078e31 ] Request (MigrationsAdminTest:test_list_migrations_in_flavor_resize_situation): 200 GET http://10.180.1.21/compute/v2.1/servers/aede8da7-8bf2-4963-b08b-6e06007614a5 2.353s
2025-11-25 11:24:40.738 63194 INFO tempest.lib.common.rest_client [req-7533229e-56ee-49e7-9ff2-0525b7e80b1d req-7533229e-56ee-49e7-9ff2-0525b7e80b1d ] Request (ServersTestJSON:setUpClass): 202 POST http://10.180.1.21/compute/v2.1/servers 2.563s
2025-11-25 11:24:40.877 63188 INFO tempest.lib.common.rest_client [req-80e0be51-cb4d-430a-8fff-db17373a0b04 req-80e0be51-cb4d-430a-8fff-db17373a0b04 ] Request (AttachInterfacesTestJSON:test_create_list_show_delete_interfaces_by_fixed_ip): 200 POST http://10.180.1.21/compute/v2.1/servers/6fd5f3b8-1175-4bd5-b0b4-12517ba65271/os-interface 11.366s
2025-11-25 11:24:40.906 63182 INFO tempest.lib.common.rest_client [req-1187763a-65ff-442a-928d-265deaa2fe65 req-1187763a-65ff-442a-928d-265deaa2fe65 ] Request (VolumesAssistedSnapshotsTest:_run_cleanups): 202 DELETE http://10.180.1.21/compute/v2.1/servers/a40c2ecb-918d-44ca-ad4c-d0d3fc4e8494/os-volume_attachments/1ee7830b-c356-46cb-bbb5-755b85e54338 2.539s
2025-11-25 11:24:40.934 63206 INFO tempest.lib.common.rest_client [req-c07b3ab4-51a8-4fab-9667-6692578d761a req-c07b3ab4-51a8-4fab-9667-6692578d761a ] Request (ServerGroupTestJSON:test_create_delete_multiple_server_groups_with_same_name_policy): 204 DELETE http://10.180.1.21/compute/v2.1/os-server-groups/4099a517-bfae-451e-abc0-9cdaac4f5da3 2.487s
2025-11-25 11:24:40.952 63162 WARNING tempest.lib.common.ssh [-] Failed to establish authenticated ssh connection to cirros@10.180.180.189 ([Errno None] Unable to connect to port 22 on 10.180.180.189). Number attempts: 5. Retry after 6 seconds.: paramiko.ssh_exception.NoValidConnectionsError: [Errno None] Unable to connect to port 22 on 10.180.180.189
2025-11-25 11:24:41.083 63164 INFO tempest.lib.common.rest_client [req-c018a79c-e833-4c94-bd8d-3d5e2b3a143c req-c018a79c-e833-4c94-bd8d-3d5e2b3a143c ] Request (AttachInterfacesV270Test:test_create_get_list_interfaces): 200 GET http://10.180.1.21/compute/v2.1/servers/934a0ca3-d879-4b23-90fe-2c190c201a88 2.712s
2025-11-25 11:24:41.122 63213 INFO tempest.lib.common.rest_client [req-f330a8a6-0c87-48b7-ad88-f84f8307ca32 req-f330a8a6-0c87-48b7-ad88-f84f8307ca32 ] Request (ServersTestBootFromVolume:tearDownClass): 200 GET http://10.180.1.21/compute/v2.1/servers/e69c36e9-3c59-48e3-9962-ffe8de10a789 2.584s
2025-11-25 11:24:41.167 63178 INFO tempest.lib.common.rest_client [req-eb2c5b2d-321f-4eae-808b-a6a6bfcc5a89 req-eb2c5b2d-321f-4eae-808b-a6a6bfcc5a89 ] Request (ServersWithSpecificFlavorTestJSON:test_verify_created_server_ephemeral_disk): 200 GET http://10.180.1.21/compute/v2.1/servers/54185b06-7ccb-4740-a6ee-213bbfa6365b 2.610s
2025-11-25 11:24:41.209 63218 INFO tempest.lib.common.rest_client [req-0bbe33a1-4622-4f84-abf4-c4f29db7249e req-0bbe33a1-4622-4f84-abf4-c4f29db7249e ] Request (DeleteServersAdminTestJSON:test_delete_server_while_in_error_state): 200 GET http://10.180.1.21/compute/v2.1/servers/69a9cd15-7d6f-464d-b451-e193179088f7 2.453s
2025-11-25 11:24:41.264 63200 INFO tempest.lib.common.rest_client [req-f12b8e63-7afa-4682-95f0-250a8d2b4e76 req-f12b8e63-7afa-4682-95f0-250a8d2b4e76 ] Request (HypervisorAdminNegativeUnderV252Test:test_show_servers_with_non_admin_user): 200 GET http://10.180.1.21/compute/v2.1/os-hypervisors 2.292s
2025-11-25 11:24:41.330 63166 INFO tempest.lib.common.rest_client [req-02fe91d9-9a57-42b6-8a44-930fe8be9a0e req-02fe91d9-9a57-42b6-8a44-930fe8be9a0e ] Request (ServerTagsTestJSON:test_delete_all_tags): 204 DELETE http://10.180.1.21/compute/v2.1/servers/ff2cff97-1671-4f97-8f69-532253169ff8/tags 2.079s
2025-11-25 11:24:41.371 63204 INFO tempest.lib.common.rest_client [req-8168c19e-459d-466e-b2ef-26abdd696775 req-8168c19e-459d-466e-b2ef-26abdd696775 ] Request (ListServersNegativeTestJSON:setUpClass): 200 GET http://10.180.1.21/compute/v2.1/servers/bfdd7711-d081-42cf-9e4a-2df556d1b72e 2.559s
2025-11-25 11:24:41.462 63216 INFO tempest.lib.common.rest_client [req-2cd3ba36-869c-452e-b5ae-ba40768f8955 req-2cd3ba36-869c-452e-b5ae-ba40768f8955 ] Request (ImagesOneServerTestJSON:tearDownClass): 200 GET http://10.180.1.21/compute/v2.1/servers/a4fca617-da38-4913-b2c8-a2921da6db56 2.038s
2025-11-25 11:24:41.479 63198 INFO tempest.lib.common.rest_client [req-d93f9125-f59f-42e0-a039-7ccb593793e1 req-d93f9125-f59f-42e0-a039-7ccb593793e1 ] Request (ServerAddressesNegativeTestJSON:setUpClass): 200 GET http://10.180.1.21/compute/v2.1/servers/4fbb08f0-6712-4e78-b9da-b33a812ec9b7 2.189s
2025-11-25 11:24:41.571 63190 INFO tempest.lib.common.rest_client [req-fc3f3ee7-885a-48bb-beb9-de5961862041 req-fc3f3ee7-885a-48bb-beb9-de5961862041 ] Request (ServersAdmin275Test:test_rebuild_update_server_275): 200 GET http://10.180.1.21/compute/v2.1/servers/cead3557-080d-4956-a957-cac449bb69f6 1.951s
2025-11-25 11:24:41.584 63190 INFO tempest.common.waiters [-] State transition "BUILD/scheduling" ==> "BUILD/None" after 9 second wait
2025-11-25 11:24:41.804 63222 INFO tempest.lib.common.rest_client [req-65376a2f-d17b-48fa-b0b3-c5dad7a2b368 req-65376a2f-d17b-48fa-b0b3-c5dad7a2b368 ] Request (ServerRescueTestJSON:setUpClass): 200 GET http://10.180.1.21/compute/v2.1/servers/6bdcd778-0942-41e7-a6fb-7c3413d34ef7 1.844s
2025-11-25 11:24:41.901 63176 INFO tempest.lib.common.rest_client [req-3ed3849d-ac50-4691-8f2f-1b36e58d6ed8 req-3ed3849d-ac50-4691-8f2f-1b36e58d6ed8 ] Request (ServersTestMultiNic:_run_cleanups): 200 GET http://10.180.1.21/compute/v2.1/servers/ef521e82-38ab-4d62-b434-da7f7fa8c50f 1.843s
2025-11-25 11:24:41.993 63202 INFO tempest.lib.common.rest_client [req-f5bf7969-cfa8-4bf7-97ff-6d4a6712fb76 req-f5bf7969-cfa8-4bf7-97ff-6d4a6712fb76 ] Request (InstanceActionsNegativeTestJSON:setUpClass): 200 GET http://10.180.1.21/compute/v2.1/servers/567f3d61-ed30-47d9-aebc-77c9392be506 1.882s
2025-11-25 11:24:42.108 63210 INFO tempest.lib.common.rest_client [req-da64fea4-ba65-4dc4-848e-cf2394bc5a02 req-da64fea4-ba65-4dc4-848e-cf2394bc5a02 ] Request (ServersAdminNegativeTestJSON:tearDownClass): 204 DELETE http://10.180.1.21/compute/v2.1/servers/9ce44ae9-9369-4c0c-9d14-9c8fde42d612 1.977s
2025-11-25 11:24:42.159 63180 INFO tempest.lib.common.rest_client [req-38084650-faa8-4068-b8b7-78c70fda253b req-38084650-faa8-4068-b8b7-78c70fda253b ] Request (ServerDiskConfigTestJSON:test_rebuild_server_with_manual_disk_config): 202 POST http://10.180.1.21/compute/v2.1/servers 2.224s
2025-11-25 11:24:42.195 63184 INFO tempest.lib.common.rest_client [req-fff99d8d-695e-4cd0-935d-b1effcf309ea req-fff99d8d-695e-4cd0-935d-b1effcf309ea ] Request (ImagesTestJSON:test_create_image_from_suspended_server): 200 GET http://10.180.1.21/compute/v2.1/servers/12aa02f0-a232-427a-80ba-1faa12c4d43a 2.029s
2025-11-25 11:24:42.254 63220 INFO tempest.lib.common.rest_client [req-68fb7d3e-7fe3-44b4-a715-848665ee0640 req-68fb7d3e-7fe3-44b4-a715-848665ee0640 ] Request (ImagesNegativeTestJSON:test_create_image_from_deleted_server): 200 GET http://10.180.1.21/compute/v2.1/servers/bf2e9634-66ee-4b6a-a148-bc77420d793f 1.861s
2025-11-25 11:24:42.268 63220 INFO tempest.common.waiters [-] State transition "BUILD/scheduling" ==> "BUILD/None" after 12 second wait
2025-11-25 11:24:42.293 63174 INFO tempest.lib.common.rest_client [req-a203a29e-a9e7-4110-90b6-3878c18d988b req-a203a29e-a9e7-4110-90b6-3878c18d988b ] Request (ServersTestManualDisk:setUpClass): 200 GET http://10.180.1.21/compute/v2.1/servers/fed831e0-4518-4025-89b1-7f6b644e013d 1.820s
2025-11-25 11:24:42.388 63194 INFO tempest.lib.common.rest_client [req-e4bd0896-438c-4a27-8c56-1daab28d2bca req-e4bd0896-438c-4a27-8c56-1daab28d2bca ] Request (ServersTestJSON:setUpClass): 200 GET http://10.180.1.21/compute/v2.1/servers/4496a977-30b2-4323-a561-884633958cdf 1.648s
2025-11-25 11:24:42.437 63192 INFO tempest.lib.common.rest_client [req-4f1b6ca1-8107-48a0-9e4e-57f1dbcac5cd req-4f1b6ca1-8107-48a0-9e4e-57f1dbcac5cd ] Request (FloatingIPsAssociationNegativeTestJSON:tearDownClass): 200 GET http://10.180.1.21/compute/v2.1/servers/2927d5a5-ae7f-4c3c-a931-4dca9cedfbeb 1.668s
2025-11-25 11:24:42.485 63182 INFO tempest.lib.common.rest_client [req-003a1499-03bd-4258-91c3-ed8f8e71e22f req-003a1499-03bd-4258-91c3-ed8f8e71e22f ] Request (VolumesAssistedSnapshotsTest:_run_cleanups): 200 GET http://10.180.1.21/compute/v2.1/servers/a40c2ecb-918d-44ca-ad4c-d0d3fc4e8494/os-volume_attachments 1.578s
2025-11-25 11:24:42.502 63206 INFO tempest.lib.common.rest_client [req-2f9dcd51-f7d5-475b-906c-c40fdee438f5 req-2f9dcd51-f7d5-475b-906c-c40fdee438f5 ] Request (ServerGroupTestJSON:test_create_delete_multiple_server_groups_with_same_name_policy): 200 GET http://10.180.1.21/compute/v2.1/os-server-groups 1.567s
2025-11-25 11:24:42.505 63188 INFO tempest.lib.common.rest_client [req-f1165223-8175-41ab-a266-6a92c310e5c6 req-f1165223-8175-41ab-a266-6a92c310e5c6 ] Request (AttachInterfacesTestJSON:test_create_list_show_delete_interfaces_by_fixed_ip): 200 GET http://10.180.1.21/compute/v2.1/servers/6fd5f3b8-1175-4bd5-b0b4-12517ba65271/os-interface/ec98f693-b488-485c-8165-c736ecc6b3d7 1.625s
2025-11-25 11:24:42.576 63196 INFO tempest.lib.common.rest_client [req-521af955-9460-4e74-a126-5a617f8b68b1 req-521af955-9460-4e74-a126-5a617f8b68b1 ] Request (ServerShowV257Test:test_rebuild_server): 200 GET http://10.180.1.21/compute/v2.1/servers/5bba4aa5-2b92-42b4-8516-72298a99f0e6 1.640s
2025-11-25 11:24:42.584 63200 INFO tempest.lib.common.rest_client [req-10e1f981-1280-4240-8568-3f1bbce772cb req-10e1f981-1280-4240-8568-3f1bbce772cb ] Request (HypervisorAdminNegativeUnderV252Test:test_show_servers_with_non_admin_user): 403 GET http://10.180.1.21/compute/v2.1/os-hypervisors/1/servers 1.318s
2025-11-25 11:24:42.592 63172 INFO tempest.lib.common.rest_client [req-028db987-c26c-4b7d-a47d-b2bc2187439d req-028db987-c26c-4b7d-a47d-b2bc2187439d ] Request (TenantUsagesTestJSON:tearDownClass): 200 GET http://10.180.1.21/compute/v2.1/servers/1ddb6508-d8fb-4ead-bcb0-370c19bb287d 1.489s
2025-11-25 11:24:42.603 63172 INFO tempest.common.waiters [-] State transition "ACTIVE/deleting" ==> "DELETED/None" after 2 second wait
2025-11-25 11:24:42.612 63166 INFO tempest.lib.common.rest_client [req-7b057e32-8923-41ac-ac50-bb6bb817f370 req-7b057e32-8923-41ac-ac50-bb6bb817f370 ] Request (ServerTagsTestJSON:test_delete_all_tags): 200 GET http://10.180.1.21/compute/v2.1/servers/ff2cff97-1671-4f97-8f69-532253169ff8/tags 1.281s
2025-11-25 11:24:42.769 63208 INFO tempest.lib.common.rest_client [req-a9557e42-9463-411c-aec3-8b0c29ca4abb req-a9557e42-9463-411c-aec3-8b0c29ca4abb ] Request (MigrationsAdminTest:test_list_migrations_in_flavor_resize_situation): 200 GET http://10.180.1.21/compute/v2.1/servers/aede8da7-8bf2-4963-b08b-6e06007614a5 1.486s
2025-11-25 11:24:42.778 63208 INFO tempest.common.waiters [-] State transition "VERIFY_RESIZE/None" ==> "ACTIVE/None" after 25 second wait
2025-11-25 11:24:42.814 63164 INFO tempest.lib.common.rest_client [req-3d200dda-b07d-41c7-86af-67723ec41810 req-3d200dda-b07d-41c7-86af-67723ec41810 ] Request (AttachInterfacesV270Test:test_create_get_list_interfaces): 200 GET http://10.180.1.21/compute/v2.1/servers/934a0ca3-d879-4b23-90fe-2c190c201a88 0.720s
2025-11-25 11:24:42.895 63213 INFO tempest.lib.common.rest_client [req-9bb62504-b8dd-4447-80fa-84e876971987 req-9bb62504-b8dd-4447-80fa-84e876971987 ] Request (ServersTestBootFromVolume:tearDownClass): 200 GET http://10.180.1.21/compute/v2.1/servers/e69c36e9-3c59-48e3-9962-ffe8de10a789 0.764s
2025-11-25 11:24:42.911 63225 WARNING tempest.lib.common.ssh [-] Failed to establish authenticated ssh connection to cirros@10.180.180.162 ([Errno None] Unable to connect to port 22 on 10.180.180.162). Number attempts: 1. Retry after 2 seconds.: paramiko.ssh_exception.NoValidConnectionsError: [Errno None] Unable to connect to port 22 on 10.180.180.162
2025-11-25 11:24:42.929 63210 INFO tempest.lib.common.rest_client [req-b712fd20-e1c0-4a0d-b3a2-d169e79b9ff8 req-b712fd20-e1c0-4a0d-b3a2-d169e79b9ff8 ] Request (ServersAdminNegativeTestJSON:tearDownClass): 200 GET http://10.180.1.21/compute/v2.1/servers/9ce44ae9-9369-4c0c-9d14-9c8fde42d612 0.821s
2025-11-25 11:24:42.976 63180 INFO tempest.lib.common.rest_client [req-9c2dbdaf-4782-4f74-82c8-c101017f6648 req-9c2dbdaf-4782-4f74-82c8-c101017f6648 ] Request (ServerDiskConfigTestJSON:test_rebuild_server_with_manual_disk_config): 200 GET http://10.180.1.21/compute/v2.1/servers/5a704020-921e-4ede-9fd9-b745c027a158 0.813s
2025-11-25 11:24:43.001 63178 INFO tempest.lib.common.rest_client [req-fb695038-ffe8-4086-a65a-35d1abd60895 req-fb695038-ffe8-4086-a65a-35d1abd60895 ] Request (ServersWithSpecificFlavorTestJSON:test_verify_created_server_ephemeral_disk): 200 GET http://10.180.1.21/compute/v2.1/servers/54185b06-7ccb-4740-a6ee-213bbfa6365b 0.825s
2025-11-25 11:24:43.056 63218 INFO tempest.lib.common.rest_client [req-1e0e8d68-2818-4c0a-bd25-d835da03ee63 req-1e0e8d68-2818-4c0a-bd25-d835da03ee63 ] Request (DeleteServersAdminTestJSON:test_delete_server_while_in_error_state): 200 GET http://10.180.1.21/compute/v2.1/servers/69a9cd15-7d6f-464d-b451-e193179088f7 0.834s
