2025-11-25 11:25:25.775 63202 INFO tempest.lib.common.rest_client [req-b6a5d6d6-9afb-4d2e-8d24-bcc9066136cc req-b6a5d6d6-9afb-4d2e-8d24-bcc9066136cc ] Request (InstanceActionsNegativeTestJSON:tearDownClass): 200 GET http://10.180.1.21/compute/v2.1/servers/567f3d61-ed30-47d9-aebc-77c9392be506 1.927s
2025-11-25 11:25:25.856 63218 INFO tempest.lib.common.rest_client [req-2d254859-cf79-4462-9185-3bfdbf081f74 req-2d254859-cf79-4462-9185-3bfdbf081f74 ] Request (ServersV294TestFqdnHostnames:setUpClass): 200 GET http://10.180.1.21/compute/v2.1/servers/76dfbf82-0ed0-4621-890c-060b187b47e0 1.932s
2025-11-25 11:25:25.863 63222 INFO tempest.lib.common.rest_client [req-3dec1268-a8f5-495f-925c-7c3d403d0032 req-3dec1268-a8f5-495f-925c-7c3d403d0032 ] Request (ServerRescueTestJSON:test_rescue_unrescue_instance): 200 GET http://10.180.1.21/compute/v2.1/servers/8b83f82b-42f7-4f33-abc4-ff278d343309 1.910s
2025-11-25 11:25:25.865 63218 INFO tempest.common.waiters [-] State transition "BUILD/scheduling" ==> "BUILD/None" after 4 second wait
2025-11-25 11:25:25.916 63213 INFO tempest.lib.common.rest_client [req-0fd6805f-a41c-4800-a924-da3fa881f397 req-0fd6805f-a41c-4800-a924-da3fa881f397 ] Request (ServersTestBootFromVolume:tearDownClass): 204 DELETE http://10.180.1.21/identity/v3/users/05f7416f7a244ee1b6507b5ac2b64ce0 0.143s
2025-11-25 11:25:25.916 63213 INFO tempest.lib.common.dynamic_creds [-] Deleting project and security group for project: a83acb637b5c47f395d677ee48e37dae
2025-11-25 11:25:25.941 63184 INFO tempest.lib.common.rest_client [req-231b7624-ad4b-4436-a747-e66532532320 req-231b7624-ad4b-4436-a747-e66532532320 ] Request (ImagesTestJSON:test_create_image_from_suspended_server): 202 POST http://10.180.1.21/compute/v2.1/servers/12aa02f0-a232-427a-80ba-1faa12c4d43a/action 1.257s
2025-11-25 11:25:25.947 63210 INFO tempest.lib.common.rest_client [req-9557f973-d475-4bc2-a71e-1fa925bb05e4 req-9557f973-d475-4bc2-a71e-1fa925bb05e4 ] Request (ServersAdminNegativeTestJSON:tearDownClass): 204 DELETE http://10.180.1.21/compute/v2.1/servers/3eff61b1-b09c-4a04-821c-cefdc7be3f64 1.403s
2025-11-25 11:25:25.973 63213 INFO tempest.lib.common.rest_client [req-666ffd0a-1a95-488f-a04f-a3a600964ec3 req-666ffd0a-1a95-488f-a04f-a3a600964ec3 ] Request (ServersTestBootFromVolume:tearDownClass): 200 GET http://10.180.1.21:9696/networking/v2.0/security-groups?tenant_id=a83acb637b5c47f395d677ee48e37dae&name=default 0.056s
2025-11-25 11:25:26.151 63194 INFO tempest.lib.common.rest_client [req-91d5e38a-4593-4073-a6cd-c60c2f02d011 req-91d5e38a-4593-4073-a6cd-c60c2f02d011 ] Request (ServersTestJSON:setUpClass): 200 GET http://10.180.1.21/compute/v2.1/servers/4496a977-30b2-4323-a561-884633958cdf 1.193s
2025-11-25 11:25:26.191 63213 INFO tempest.lib.common.rest_client [req-fca21da8-b250-4bb0-9ee9-1f7286e781ec req-fca21da8-b250-4bb0-9ee9-1f7286e781ec ] Request (ServersTestBootFromVolume:tearDownClass): 204 DELETE http://10.180.1.21:9696/networking/v2.0/security-groups/74e26f45-7f75-4356-8225-0afd31592ff4 0.217s
2025-11-25 11:25:26.213 63220 INFO tempest.lib.common.rest_client [req-a388f92b-b026-4bd2-a239-85c71e477609 req-a388f92b-b026-4bd2-a239-85c71e477609 ] Request (ImagesNegativeTestJSON:test_create_image_from_deleted_server): 200 GET http://10.180.1.21/compute/v2.1/servers/bf2e9634-66ee-4b6a-a148-bc77420d793f 1.312s
2025-11-25 11:25:26.231 63166 INFO tempest.lib.common.rest_client [req-58ca04ce-9bb9-4ff4-86de-7a02738993ca req-58ca04ce-9bb9-4ff4-86de-7a02738993ca ] Request (ServerTagsTestJSON:tearDownClass): 200 GET http://10.180.1.21/compute/v2.1/servers/ff2cff97-1671-4f97-8f69-532253169ff8 1.164s
2025-11-25 11:25:26.292 63176 INFO tempest.lib.common.rest_client [req-7e302b44-3b7d-476d-96f5-5dd5cc06ea87 req-7e302b44-3b7d-476d-96f5-5dd5cc06ea87 ] Request (ServersTestMultiNic:test_verify_multiple_nics_order): 200 GET http://10.180.1.21/compute/v2.1/servers/bc6da94e-4de8-4e56-a071-d04c5e5dad18 1.129s
2025-11-25 11:25:26.381 63213 INFO tempest.lib.common.rest_client [req-495be71b-2e5e-4c28-ab52-1b16b81c5110 req-495be71b-2e5e-4c28-ab52-1b16b81c5110 ] Request (ServersTestBootFromVolume:tearDownClass): 204 DELETE http://10.180.1.21/identity/v3/projects/a83acb637b5c47f395d677ee48e37dae 0.189s
2025-11-25 11:25:26.438 63162 INFO tempest.lib.common.rest_client [req-8d04806a-9833-4cdf-b959-23535f6540e8 req-8d04806a-9833-4cdf-b959-23535f6540e8 ] Request (ServerActionsTestOtherB:test_create_backup): 200 GET http://10.180.1.21/compute/v2.1/servers/2f7bc586-af68-4d9d-81e2-8247371dfa7f 1.050s
2025-11-25 11:25:26.467 63174 INFO tempest.lib.common.rest_client [req-487fe317-226b-4755-b541-eb9b1f3e94ae req-487fe317-226b-4755-b541-eb9b1f3e94ae ] Request (ServersTestManualDisk:setUpClass): 200 GET http://10.180.1.21/compute/v2.1/servers/fed831e0-4518-4025-89b1-7f6b644e013d 1.062s
2025-11-25 11:25:26.487 63174 INFO tempest.lib.common.ssh [-] Creating ssh connection to '10.180.180.227:22' as 'cirros' with public key authentication
2025-11-25 11:25:26.512 63213 INFO tempest.lib.common.rest_client [req-16142673-83af-4868-b6a7-8ca6da402086 req-16142673-83af-4868-b6a7-8ca6da402086 ] Request (DeleteServersTestJSON:setUpClass): 201 POST http://10.180.1.21/identity/v3/auth/tokens 0.129s
2025-11-25 11:25:26.573 63213 INFO tempest.lib.common.rest_client [req-583e2eb3-3688-484a-b3d7-2c48b8b64b30 req-583e2eb3-3688-484a-b3d7-2c48b8b64b30 ] Request (DeleteServersTestJSON:setUpClass): 201 POST http://10.180.1.21/identity/v3/auth/tokens 0.058s
2025-11-25 11:25:26.581 63172 INFO tempest.lib.common.rest_client [req-3c4ba94c-296e-4a63-bf3c-11ff0230b074 req-3c4ba94c-296e-4a63-bf3c-11ff0230b074 ] Request (FloatingIPsAssociationTestJSON:setUpClass): 200 GET http://10.180.1.21/compute/v2.1/servers/7d8287f9-10be-4834-8b7a-1b764145d1c3 1.137s
2025-11-25 11:25:26.608 63213 INFO tempest.lib.common.rest_client [req-27a42cf3-3b71-4ff6-af54-0bb71d627287 req-27a42cf3-3b71-4ff6-af54-0bb71d627287 ] Request (DeleteServersTestJSON:setUpClass): 200 GET http://10.180.1.21/identity/v3/domains?name=Default 0.035s
2025-11-25 11:25:26.660 63213 INFO tempest.lib.common.rest_client [req-b16d0fd1-baf0-4e0a-af5f-0e9cbb3552c9 req-b16d0fd1-baf0-4e0a-af5f-0e9cbb3552c9 ] Request (DeleteServersTestJSON:setUpClass): 201 POST http://10.180.1.21/identity/v3/projects 0.050s
2025-11-25 11:25:26.681 63180 INFO tempest.lib.common.rest_client [req-54026818-7e01-4248-8b18-a7288d1c2f02 req-54026818-7e01-4248-8b18-a7288d1c2f02 ] Request (ServerDiskConfigTestJSON:test_rebuild_server_with_manual_disk_config): 200 GET http://10.180.1.21/compute/v2.1/servers/5a704020-921e-4ede-9fd9-b745c027a158 1.141s
2025-11-25 11:25:26.690 63164 INFO tempest.lib.common.rest_client [req-4b3e2cd5-c4ec-438f-8b28-104775ce2d75 req-4b3e2cd5-c4ec-438f-8b28-104775ce2d75 ] Request (AttachInterfacesV270Test:tearDownClass): 200 GET http://10.180.1.21/compute/v2.1/servers/934a0ca3-d879-4b23-90fe-2c190c201a88 1.024s
2025-11-25 11:25:26.701 63180 INFO tempest.common.waiters [-] State transition "BUILD/block_device_mapping" ==> "BUILD/spawning" after 44 second wait
2025-11-25 11:25:26.759 63204 INFO tempest.lib.common.rest_client [req-73c73ffa-1e7e-4ea4-9e82-fafd5d5122d4 req-73c73ffa-1e7e-4ea4-9e82-fafd5d5122d4 ] Request (ListServersNegativeTestJSON:test_list_servers_by_changes_since_future_date): 200 GET http://10.180.1.21/compute/v2.1/servers?changes-since=2051-01-01T12%3A34%3A00Z&status=ACTIVE 1.061s
2025-11-25 11:25:26.777 63213 INFO tempest.lib.common.rest_client [req-6ef2ab2c-5b40-465b-94d3-cd69948add78 req-6ef2ab2c-5b40-465b-94d3-cd69948add78 ] Request (DeleteServersTestJSON:setUpClass): 201 POST http://10.180.1.21/identity/v3/users 0.117s
2025-11-25 11:25:26.784 63192 INFO tempest.lib.common.rest_client [req-1048a444-6b1c-401b-b61b-32975d36f06d req-1048a444-6b1c-401b-b61b-32975d36f06d ] Request (ServerShowV254Test:test_rebuild_server): 200 GET http://10.180.1.21/compute/v2.1/servers/e6544702-bde7-4056-8a50-adede5c6a9d6 1.045s
2025-11-25 11:25:26.808 63213 INFO tempest.lib.common.rest_client [req-49e6c1c1-14b1-4d0c-832f-2a329bcc3d82 req-49e6c1c1-14b1-4d0c-832f-2a329bcc3d82 ] Request (DeleteServersTestJSON:setUpClass): 200 GET http://10.180.1.21/identity/v3/roles 0.029s
2025-11-25 11:25:26.837 63208 INFO tempest.lib.common.rest_client [req-8ec27980-ebc8-45c9-aa2d-1fc2494cc7ff req-8ec27980-ebc8-45c9-aa2d-1fc2494cc7ff ] Request (MigrationsAdminTest:test_resize_server_revert_deleted_flavor): 200 GET http://10.180.1.21/compute/v2.1/servers/4cea2bd1-a238-4fb6-bc47-719894461228 1.047s
2025-11-25 11:25:26.848 63213 INFO tempest.lib.common.rest_client [req-c21c51c3-9011-4b77-9719-22a1188d8f9a req-c21c51c3-9011-4b77-9719-22a1188d8f9a ] Request (DeleteServersTestJSON:setUpClass): 204 PUT http://10.180.1.21/identity/v3/projects/4860bec4a28e4289b7a508f007fff452/users/ddc9958565c745e488dc7f3b34af9585/roles/1192969ae7e0420aa330e11a1793ffae 0.040s
2025-11-25 11:25:26.848 63213 INFO tempest.lib.common.dynamic_creds [-] Dynamic test user ddc9958565c745e488dc7f3b34af9585 is created with scope project and roles: ['member']
2025-11-25 11:25:26.848 63213 INFO tempest.lib.common.dynamic_creds [-] Acquired dynamic creds: credentials: Credentials: {'domain_id': 'default', 'domain_name': 'Default', 'username': 'tempest-DeleteServersTestJSON-844183300-project-member', 'project_domain_id': 'default', 'project_domain_name': 'Default', 'project_id': '4860bec4a28e4289b7a508f007fff452', 'project_name': 'tempest-DeleteServersTestJSON-844183300', 'tenant_id': '4860bec4a28e4289b7a508f007fff452', 'tenant_name': 'tempest-DeleteServersTestJSON-844183300', 'user_domain_id': 'default', 'user_domain_name': 'Default', 'user_id': 'ddc9958565c745e488dc7f3b34af9585', 'system': None}, Network: None, Subnet: None, Router: None
2025-11-25 11:25:26.918 63213 INFO tempest.lib.common.rest_client [req-48a08188-d330-460d-9161-8cdde337db9d req-48a08188-d330-460d-9161-8cdde337db9d ] Request (DeleteServersTestJSON:setUpClass): 201 POST http://10.180.1.21/identity/v3/auth/tokens 0.069s
2025-11-25 11:25:27.010 63184 INFO tempest.lib.common.rest_client [req-10e39ad5-b340-49e6-a4b3-d39e738f646f req-10e39ad5-b340-49e6-a4b3-d39e738f646f ] Request (ImagesTestJSON:test_create_image_from_suspended_server): 200 GET http://10.180.1.21/compute/v2.1/servers/12aa02f0-a232-427a-80ba-1faa12c4d43a 1.068s
2025-11-25 11:25:27.038 63178 WARNING tempest.lib.common.ssh [-] Failed to establish authenticated ssh connection to cirros@10.180.180.253 ([Errno None] Unable to connect to port 22 on 10.180.180.253). Number attempts: 4. Retry after 5 seconds.: paramiko.ssh_exception.NoValidConnectionsError: [Errno None] Unable to connect to port 22 on 10.180.180.253
2025-11-25 11:25:27.038 63210 INFO tempest.lib.common.rest_client [req-fd7a1622-03f6-4b4a-83bd-4b8bbcc1bc05 req-fd7a1622-03f6-4b4a-83bd-4b8bbcc1bc05 ] Request (ServersAdminNegativeTestJSON:tearDownClass): 200 GET http://10.180.1.21/compute/v2.1/servers/3eff61b1-b09c-4a04-821c-cefdc7be3f64 1.090s
2025-11-25 11:25:27.095 63188 INFO tempest.lib.common.rest_client [req-6e410b49-797d-4aea-967b-e9914413aa76 req-6e410b49-797d-4aea-967b-e9914413aa76 ] Request (AttachInterfacesTestJSON:_run_cleanups): 200 GET http://10.180.1.21/compute/v2.1/servers/6fd5f3b8-1175-4bd5-b0b4-12517ba65271 0.630s
2025-11-25 11:25:27.121 63225 INFO tempest.lib.common.rest_client [req-55559424-84d4-4537-af59-b597bcfc3f99 req-55559424-84d4-4537-af59-b597bcfc3f99 ] Request (ServersTestFqdnHostnames:tearDownClass): 200 GET http://10.180.1.21/compute/v2.1/servers/82aab17d-a6d0-48cf-a59a-fbef7d402894 0.574s
2025-11-25 11:25:27.172 63182 INFO tempest.lib.common.rest_client [req-24ad8caa-eb98-4727-a7bf-29638b7eeca3 req-24ad8caa-eb98-4727-a7bf-29638b7eeca3 ] Request (VolumesAssistedSnapshotsTest:tearDownClass): 200 GET http://10.180.1.21/compute/v2.1/servers/a40c2ecb-918d-44ca-ad4c-d0d3fc4e8494 0.615s
2025-11-25 11:25:27.191 63206 INFO tempest.lib.common.rest_client [req-ef59a707-45f3-4347-a79b-3fd7fc088d2a req-ef59a707-45f3-4347-a79b-3fd7fc088d2a ] Request (ServerGroupTestJSON:test_create_server_with_scheduler_hint_group): 200 GET http://10.180.1.21/compute/v2.1/servers/1342d15d-fbef-4709-adf6-f827bc13d3ca 0.577s
2025-11-25 11:25:27.198 63206 INFO tempest.common.waiters [-] State transition "BUILD/None" ==> "BUILD/networking" after 38 second wait
2025-11-25 11:25:27.244 63190 INFO tempest.lib.common.rest_client [req-6e69cf81-4ed0-4a11-bbbb-5df4c94a412e req-6e69cf81-4ed0-4a11-bbbb-5df4c94a412e ] Request (ServersAdmin275Test:test_rebuild_update_server_275): 200 GET http://10.180.1.21/compute/v2.1/servers/cead3557-080d-4956-a957-cac449bb69f6 0.604s
2025-11-25 11:25:27.254 63190 INFO tempest.common.waiters [-] State transition "REBUILD/rebuilding" ==> "REBUILD/rebuild_spawning" after 2 second wait
2025-11-25 11:25:27.274 63216 INFO tempest.lib.common.rest_client [req-23502ac6-e797-4cfb-837c-5b1fe01e976e req-23502ac6-e797-4cfb-837c-5b1fe01e976e ] Request (SecurityGroupsTestJSON:test_list_security_groups_by_server): 200 GET http://10.180.1.21/compute/v2.1/servers/29a177e4-b5d7-4249-8fc5-2316f6891536 0.585s
2025-11-25 11:25:27.280 63204 INFO tempest.lib.common.rest_client [req-c9e99aef-c6ae-4a5f-8667-3a1f8b1c730b req-c9e99aef-c6ae-4a5f-8667-3a1f8b1c730b ] Request (ListServersNegativeTestJSON:test_list_servers_by_changes_since_invalid_date): 400 GET http://10.180.1.21/compute/v2.1/servers?changes-since=2011%2F01%2F01 0.517s
2025-11-25 11:25:27.351 63196 INFO tempest.lib.common.rest_client [req-21ea2599-88dd-4b21-9e92-e25dcb657f38 req-21ea2599-88dd-4b21-9e92-e25dcb657f38 ] Request (ServerShowV257Test:tearDownClass): 200 GET http://10.180.1.21/compute/v2.1/servers/5bba4aa5-2b92-42b4-8516-72298a99f0e6 0.636s
2025-11-25 11:25:27.376 63198 INFO tempest.lib.common.rest_client [req-03899b12-36c4-45fe-9ee8-51af477930e8 req-03899b12-36c4-45fe-9ee8-51af477930e8 ] Request (ServerAddressesNegativeTestJSON:tearDownClass): 200 GET http://10.180.1.21/compute/v2.1/servers/4fbb08f0-6712-4e78-b9da-b33a812ec9b7 0.601s
2025-11-25 11:25:27.432 63202 INFO tempest.lib.common.rest_client [req-0765b1fe-1458-4f66-a7ab-c1032a777521 req-0765b1fe-1458-4f66-a7ab-c1032a777521 ] Request (InstanceActionsNegativeTestJSON:tearDownClass): 200 GET http://10.180.1.21/compute/v2.1/servers/567f3d61-ed30-47d9-aebc-77c9392be506 0.647s
2025-11-25 11:25:27.435 63213 INFO tempest.lib.common.rest_client [req-7325826e-e579-4ec6-8c61-76e0d990901d req-7325826e-e579-4ec6-8c61-76e0d990901d ] Request (DeleteServersTestJSON:setUpClass): 201 POST http://10.180.1.21:9696/networking/v2.0/networks 0.517s
2025-11-25 11:25:27.483 63218 INFO tempest.lib.common.rest_client [req-d9941c94-707c-4a73-968a-d63072eb19fa req-d9941c94-707c-4a73-968a-d63072eb19fa ] Request (ServersV294TestFqdnHostnames:setUpClass): 200 GET http://10.180.1.21/compute/v2.1/servers/76dfbf82-0ed0-4621-890c-060b187b47e0 0.614s
2025-11-25 11:25:27.505 63222 INFO tempest.lib.common.rest_client [req-b1284691-feac-451d-9164-4e6bf76a433a req-b1284691-feac-451d-9164-4e6bf76a433a ] Request (ServerRescueTestJSON:test_rescue_unrescue_instance): 200 GET http://10.180.1.21/compute/v2.1/servers/8b83f82b-42f7-4f33-abc4-ff278d343309 0.631s
2025-11-25 11:25:27.681 63220 INFO tempest.lib.common.rest_client [req-3ae566c9-d130-4873-b0d8-31947cfc4bc9 req-3ae566c9-d130-4873-b0d8-31947cfc4bc9 ] Request (ImagesNegativeTestJSON:test_create_image_from_deleted_server): 200 GET http://10.180.1.21/compute/v2.1/servers/bf2e9634-66ee-4b6a-a148-bc77420d793f 0.458s
2025-11-25 11:25:27.711 63194 INFO tempest.lib.common.rest_client [req-027d9c3d-67c8-4d6b-939f-6e95f73dbd13 req-027d9c3d-67c8-4d6b-939f-6e95f73dbd13 ] Request (ServersTestJSON:setUpClass): 200 GET http://10.180.1.21/compute/v2.1/servers/4496a977-30b2-4323-a561-884633958cdf 0.551s
2025-11-25 11:25:27.763 63166 INFO tempest.lib.common.rest_client [req-1062e46b-09fe-4a12-9993-a53470a06555 req-1062e46b-09fe-4a12-9993-a53470a06555 ] Request (ServerTagsTestJSON:tearDownClass): 200 GET http://10.180.1.21/compute/v2.1/servers/ff2cff97-1671-4f97-8f69-532253169ff8 0.520s
2025-11-25 11:25:27.767 63213 INFO tempest.lib.common.rest_client [req-6ad74e54-28ff-4c94-adab-684fec3f054c req-6ad74e54-28ff-4c94-adab-684fec3f054c ] Request (DeleteServersTestJSON:setUpClass): 201 POST http://10.180.1.21:9696/networking/v2.0/subnets 0.331s
2025-11-25 11:25:27.771 63204 INFO tempest.lib.common.rest_client [req-96bce807-6f60-4112-a903-f393f5692afb req-96bce807-6f60-4112-a903-f393f5692afb ] Request (ListServersNegativeTestJSON:test_list_servers_by_limits_greater_than_actual_count): 200 GET http://10.180.1.21/compute/v2.1/servers 0.488s
2025-11-25 11:25:27.830 63176 INFO tempest.lib.common.rest_client [req-e8e50655-6495-48de-b10b-87f29df5d7df req-e8e50655-6495-48de-b10b-87f29df5d7df ] Request (ServersTestMultiNic:test_verify_multiple_nics_order): 200 GET http://10.180.1.21/compute/v2.1/servers/bc6da94e-4de8-4e56-a071-d04c5e5dad18 0.529s
2025-11-25 11:25:27.896 63172 INFO tempest.lib.common.rest_client [req-d7a13b1d-243b-4e40-ac35-abf8d853aeee req-d7a13b1d-243b-4e40-ac35-abf8d853aeee ] Request (FloatingIPsAssociationTestJSON:setUpClass): 200 GET http://10.180.1.21/compute/v2.1/servers/7d8287f9-10be-4834-8b7a-1b764145d1c3 0.298s
2025-11-25 11:25:28.016 63162 INFO tempest.lib.common.rest_client [req-0a9c0f52-8bd3-452c-aa22-18605bad178d req-0a9c0f52-8bd3-452c-aa22-18605bad178d ] Request (ServerActionsTestOtherB:test_create_backup): 200 GET http://10.180.1.21/compute/v2.1/servers/2f7bc586-af68-4d9d-81e2-8247371dfa7f 0.561s
2025-11-25 11:25:28.025 63162 INFO tempest.common.waiters [-] State transition "ACTIVE/image_backup" ==> "ACTIVE/image_pending_upload" after 2 second wait
2025-11-25 11:25:28.075 63180 INFO tempest.lib.common.rest_client [req-cc10d78c-9da7-4d39-be2f-563eac8a9ce8 req-cc10d78c-9da7-4d39-be2f-563eac8a9ce8 ] Request (ServerDiskConfigTestJSON:test_rebuild_server_with_manual_disk_config): 200 GET http://10.180.1.21/compute/v2.1/servers/5a704020-921e-4ede-9fd9-b745c027a158 0.371s
2025-11-25 11:25:28.098 63164 INFO tempest.lib.common.rest_client [req-ee20fc57-015f-4492-8ce7-526b98daea0a req-ee20fc57-015f-4492-8ce7-526b98daea0a ] Request (AttachInterfacesV270Test:tearDownClass): 200 GET http://10.180.1.21/compute/v2.1/servers/934a0ca3-d879-4b23-90fe-2c190c201a88 0.387s
2025-11-25 11:25:28.156 63204 INFO tempest.lib.common.rest_client [req-60e9da34-fc8e-4871-94bd-c15ab34057cc req-60e9da34-fc8e-4871-94bd-c15ab34057cc ] Request (ListServersNegativeTestJSON:test_list_servers_by_limits_greater_than_actual_count): 200 GET http://10.180.1.21/compute/v2.1/servers?limit=102 0.378s
2025-11-25 11:25:28.191 63192 INFO tempest.lib.common.rest_client [req-0d0c1efc-0160-4fca-8100-7b882ee62bea req-0d0c1efc-0160-4fca-8100-7b882ee62bea ] Request (ServerShowV254Test:test_rebuild_server): 200 GET http://10.180.1.21/compute/v2.1/servers/e6544702-bde7-4056-8a50-adede5c6a9d6 0.388s
2025-11-25 11:25:28.217 63208 INFO tempest.lib.common.rest_client [req-d14318a6-0024-42f1-96f4-d0f44d9a724a req-d14318a6-0024-42f1-96f4-d0f44d9a724a ] Request (MigrationsAdminTest:test_resize_server_revert_deleted_flavor): 200 GET http://10.180.1.21/compute/v2.1/servers/4cea2bd1-a238-4fb6-bc47-719894461228 0.364s
2025-11-25 11:25:28.325 63210 INFO tempest.lib.common.rest_client [req-eeaede43-41b3-4af7-8b5e-7da73639eed8 req-eeaede43-41b3-4af7-8b5e-7da73639eed8 ] Request (ServersAdminNegativeTestJSON:tearDownClass): 200 GET http://10.180.1.21/compute/v2.1/servers/3eff61b1-b09c-4a04-821c-cefdc7be3f64 0.279s
2025-11-25 11:25:28.356 63184 INFO tempest.lib.common.rest_client [req-8680291d-6e84-4cd2-aa36-2ef9b1965eb9 req-8680291d-6e84-4cd2-aa36-2ef9b1965eb9 ] Request (ImagesTestJSON:test_create_image_from_suspended_server): 200 GET http://10.180.1.21/compute/v2.1/servers/12aa02f0-a232-427a-80ba-1faa12c4d43a 0.337s
2025-11-25 11:25:28.365 63184 INFO tempest.common.waiters [-] State transition "ACTIVE/suspending" ==> "SUSPENDED/None" after 1 second wait
2025-11-25 11:25:28.393 63188 INFO tempest.lib.common.rest_client [req-3403d175-cfd4-4857-bb8e-7fc44e9352e2 req-3403d175-cfd4-4857-bb8e-7fc44e9352e2 ] Request (AttachInterfacesTestJSON:_run_cleanups): 200 GET http://10.180.1.21/compute/v2.1/servers/6fd5f3b8-1175-4bd5-b0b4-12517ba65271 0.288s
2025-11-25 11:25:28.400 63204 INFO tempest.lib.common.rest_client [req-a2c24440-880a-4cd9-bf92-c79d96186e2c req-a2c24440-880a-4cd9-bf92-c79d96186e2c ] Request (ListServersNegativeTestJSON:test_list_servers_by_limits_pass_negative_value): 400 GET http://10.180.1.21/compute/v2.1/servers?limit=-1 0.240s
2025-11-25 11:25:28.422 63225 INFO tempest.lib.common.rest_client [req-5bc9f2ad-43b9-460e-b419-bb156870a64b req-5bc9f2ad-43b9-460e-b419-bb156870a64b ] Request (ServersTestFqdnHostnames:tearDownClass): 200 GET http://10.180.1.21/compute/v2.1/servers/82aab17d-a6d0-48cf-a59a-fbef7d402894 0.292s
2025-11-25 11:25:28.431 63182 INFO tempest.lib.common.rest_client [req-52851c9b-9eb8-4c9e-999e-fb9053e61a17 req-52851c9b-9eb8-4c9e-999e-fb9053e61a17 ] Request (VolumesAssistedSnapshotsTest:tearDownClass): 404 GET http://10.180.1.21/compute/v2.1/servers/a40c2ecb-918d-44ca-ad4c-d0d3fc4e8494 0.251s
2025-11-25 11:25:28.505 63190 INFO tempest.lib.common.rest_client [req-7e69472b-8aba-4d3c-be0f-619571345686 req-7e69472b-8aba-4d3c-be0f-619571345686 ] Request (ServersAdmin275Test:test_rebuild_update_server_275): 200 GET http://10.180.1.21/compute/v2.1/servers/cead3557-080d-4956-a957-cac449bb69f6 0.248s
2025-11-25 11:25:28.564 63216 INFO tempest.lib.common.rest_client [req-b350304e-fd4d-42fe-a95b-065ec94a8b2d req-b350304e-fd4d-42fe-a95b-065ec94a8b2d ] Request (SecurityGroupsTestJSON:test_list_security_groups_by_server): 200 GET http://10.180.1.21/compute/v2.1/servers/29a177e4-b5d7-4249-8fc5-2316f6891536 0.269s
2025-11-25 11:25:28.613 63206 INFO tempest.lib.common.rest_client [req-a99a8d36-10fe-4dcd-b5fb-7d3eda6ac7e3 req-a99a8d36-10fe-4dcd-b5fb-7d3eda6ac7e3 ] Request (ServerGroupTestJSON:test_create_server_with_scheduler_hint_group): 200 GET http://10.180.1.21/compute/v2.1/servers/1342d15d-fbef-4709-adf6-f827bc13d3ca 0.412s
2025-11-25 11:25:28.620 63206 INFO tempest.common.waiters [-] State transition "BUILD/networking" ==> "BUILD/spawning" after 39 second wait
2025-11-25 11:25:28.692 63196 INFO tempest.lib.common.rest_client [req-53c948e7-1e97-4a68-ad68-b7474571a864 req-53c948e7-1e97-4a68-ad68-b7474571a864 ] Request (ServerShowV257Test:tearDownClass): 200 GET http://10.180.1.21/compute/v2.1/servers/5bba4aa5-2b92-42b4-8516-72298a99f0e6 0.325s
2025-11-25 11:25:28.728 63198 INFO tempest.lib.common.rest_client [req-04f114b2-14d0-4759-9574-e0d30feec7d8 req-04f114b2-14d0-4759-9574-e0d30feec7d8 ] Request (ServerAddressesNegativeTestJSON:tearDownClass): 404 GET http://10.180.1.21/compute/v2.1/servers/4fbb08f0-6712-4e78-b9da-b33a812ec9b7 0.344s
2025-11-25 11:25:28.735 63204 INFO tempest.lib.common.rest_client [req-65844c2f-8175-4854-8037-3099b8dbe863 req-65844c2f-8175-4854-8037-3099b8dbe863 ] Request (ListServersNegativeTestJSON:test_list_servers_by_limits_pass_string): 400 GET http://10.180.1.21/compute/v2.1/servers?limit=testing 0.333s
2025-11-25 11:25:28.758 63213 INFO tempest.lib.common.rest_client [req-046ed867-bece-45b6-9510-dbe7ade1fab4 req-046ed867-bece-45b6-9510-dbe7ade1fab4 ] Request (DeleteServersTestJSON:setUpClass): 201 POST http://10.180.1.21:9696/networking/v2.0/routers 0.991s
2025-11-25 11:25:28.761 63182 INFO tempest.lib.common.rest_client [req-b68560c6-1de4-4d9f-ab68-e0082ae13bd4 req-b68560c6-1de4-4d9f-ab68-e0082ae13bd4 ] Request (VolumesAssistedSnapshotsTest:tearDownClass): 202 DELETE http://10.180.1.21/compute/v2.1/os-keypairs/tempest-keypair-2045983192 0.330s
2025-11-25 11:25:28.867 63202 INFO tempest.lib.common.rest_client [req-9bf90ec6-872c-4856-9f4e-54f0f96f01bc req-9bf90ec6-872c-4856-9f4e-54f0f96f01bc ] Request (InstanceActionsNegativeTestJSON:tearDownClass): 200 GET http://10.180.1.21/compute/v2.1/servers/567f3d61-ed30-47d9-aebc-77c9392be506 0.425s
2025-11-25 11:25:28.957 63182 INFO tempest.lib.common.rest_client [req-8b11fd9a-23f8-42e4-9adb-39f5edaf4074 req-8b11fd9a-23f8-42e4-9adb-39f5edaf4074 ] Request (VolumesAssistedSnapshotsTest:tearDownClass): 204 DELETE http://10.180.1.21:9696/networking/v2.0/security-groups/b2821bc4-3047-4598-bd51-10cd2a5b1137 0.195s
2025-11-25 11:25:28.980 63182 INFO tempest.lib.common.rest_client [req-3f3f5df4-1a4b-4cab-901d-4181c6a5716f req-3f3f5df4-1a4b-4cab-901d-4181c6a5716f ] Request (VolumesAssistedSnapshotsTest:tearDownClass): 404 GET http://10.180.1.21:9696/networking/v2.0/security-groups/b2821bc4-3047-4598-bd51-10cd2a5b1137 0.022s
2025-11-25 11:25:29.008 63218 INFO tempest.lib.common.rest_client [req-5df313d1-f9a3-4464-b58d-e1170972bc9f req-5df313d1-f9a3-4464-b58d-e1170972bc9f ] Request (ServersV294TestFqdnHostnames:setUpClass): 200 GET http://10.180.1.21/compute/v2.1/servers/76dfbf82-0ed0-4621-890c-060b187b47e0 0.509s
2025-11-25 11:25:29.177 63184 INFO tempest.lib.common.rest_client [req-b40ae484-b277-4652-9bbc-d0784dbbbcbc req-b40ae484-b277-4652-9bbc-d0784dbbbcbc ] Request (ImagesTestJSON:test_create_image_from_suspended_server): 202 POST http://10.180.1.21/compute/v2.1/servers/12aa02f0-a232-427a-80ba-1faa12c4d43a/action 0.811s
2025-11-25 11:25:29.395 63222 INFO tempest.lib.common.rest_client [req-f25ff006-02ed-4cbf-b3c8-0d6572aa0e56 req-f25ff006-02ed-4cbf-b3c8-0d6572aa0e56 ] Request (ServerRescueTestJSON:test_rescue_unrescue_instance): 200 GET http://10.180.1.21/compute/v2.1/servers/8b83f82b-42f7-4f33-abc4-ff278d343309 0.878s
2025-11-25 11:25:29.404 63222 INFO tempest.common.waiters [-] State transition "BUILD/None" ==> "BUILD/networking" after 39 second wait
2025-11-25 11:25:29.525 63182 INFO tempest.lib.common.rest_client [req-2f54d3bc-4251-4771-b467-c02b88bceb39 req-2f54d3bc-4251-4771-b467-c02b88bceb39 ] Request (VolumesAssistedSnapshotsTest:tearDownClass): 204 DELETE http://10.180.1.21:9696/networking/v2.0/floatingips/a50efeff-260f-4d86-8be5-3e46b2560468 0.544s
2025-11-25 11:25:29.550 63182 INFO tempest.lib.common.rest_client [req-289b161b-918b-4e0e-b8ff-17f57433c340 req-289b161b-918b-4e0e-b8ff-17f57433c340 ] Request (VolumesAssistedSnapshotsTest:tearDownClass): 404 DELETE http://10.180.1.21/volume/v3/63164e4bd996447b9a33e86a3cfdfda9/volumes/1ee7830b-c356-46cb-bbb5-755b85e54338 0.024s
2025-11-25 11:25:29.567 63182 INFO tempest.lib.common.rest_client [req-c78ff671-1b94-494e-b380-2e089fd8f312 req-c78ff671-1b94-494e-b380-2e089fd8f312 ] Request (VolumesAssistedSnapshotsTest:tearDownClass): 404 GET http://10.180.1.21/volume/v3/63164e4bd996447b9a33e86a3cfdfda9/volumes/1ee7830b-c356-46cb-bbb5-755b85e54338 0.016s
2025-11-25 11:25:29.716 63220 INFO tempest.lib.common.rest_client [req-f5ba9607-b9db-4f2b-a8be-6200dd55c19d req-f5ba9607-b9db-4f2b-a8be-6200dd55c19d ] Request (ImagesNegativeTestJSON:test_create_image_from_deleted_server): 200 GET http://10.180.1.21/compute/v2.1/servers/bf2e9634-66ee-4b6a-a148-bc77420d793f 1.022s
2025-11-25 11:25:29.734 63204 INFO tempest.lib.common.rest_client [req-a9f6200a-e3a5-4bc6-94eb-26055fb4d933 req-a9f6200a-e3a5-4bc6-94eb-26055fb4d933 ] Request (ListServersNegativeTestJSON:test_list_servers_by_non_existing_flavor): 200 GET http://10.180.1.21/compute/v2.1/servers?flavor=non_existing_flavor 0.995s
2025-11-25 11:25:29.748 63194 INFO tempest.lib.common.rest_client [req-6b91cf7b-70fb-4176-aa9d-f4f44a2c7105 req-6b91cf7b-70fb-4176-aa9d-f4f44a2c7105 ] Request (ServersTestJSON:setUpClass): 200 GET http://10.180.1.21/compute/v2.1/servers/4496a977-30b2-4323-a561-884633958cdf 1.027s
2025-11-25 11:25:29.762 63166 INFO tempest.lib.common.rest_client [req-696f84ae-92b8-40c8-8449-195474543805 req-696f84ae-92b8-40c8-8449-195474543805 ] Request (ServerTagsTestJSON:tearDownClass): 404 GET http://10.180.1.21/compute/v2.1/servers/ff2cff97-1671-4f97-8f69-532253169ff8 0.988s
2025-11-25 11:25:29.856 63176 INFO tempest.lib.common.rest_client [req-f53864f6-49b9-4498-85fc-159129bd000b req-f53864f6-49b9-4498-85fc-159129bd000b ] Request (ServersTestMultiNic:test_verify_multiple_nics_order): 200 GET http://10.180.1.21/compute/v2.1/servers/bc6da94e-4de8-4e56-a071-d04c5e5dad18 1.018s
2025-11-25 11:25:29.872 63172 INFO tempest.lib.common.rest_client [req-4451c3ba-e0aa-4bc4-a3a6-8fa5cf5cd2e3 req-4451c3ba-e0aa-4bc4-a3a6-8fa5cf5cd2e3 ] Request (FloatingIPsAssociationTestJSON:setUpClass): 200 GET http://10.180.1.21/compute/v2.1/servers/7d8287f9-10be-4834-8b7a-1b764145d1c3 0.965s
2025-11-25 11:25:30.189 63162 INFO tempest.lib.common.rest_client [req-17754a38-207e-421a-a8ba-c6c62a4d3c12 req-17754a38-207e-421a-a8ba-c6c62a4d3c12 ] Request (ServerActionsTestOtherB:test_create_backup): 200 GET http://10.180.1.21/compute/v2.1/servers/2f7bc586-af68-4d9d-81e2-8247371dfa7f 1.163s
2025-11-25 11:25:30.198 63162 INFO tempest.common.waiters [-] State transition "ACTIVE/image_pending_upload" ==> "ACTIVE/image_uploading" after 4 second wait
2025-11-25 11:25:30.213 63164 INFO tempest.lib.common.rest_client [req-3a58dee2-86ed-405b-800c-43fc08a077c2 req-3a58dee2-86ed-405b-800c-43fc08a077c2 ] Request (AttachInterfacesV270Test:tearDownClass): 404 GET http://10.180.1.21/compute/v2.1/servers/934a0ca3-d879-4b23-90fe-2c190c201a88 1.087s
2025-11-25 11:25:30.271 63184 INFO tempest.lib.common.rest_client [req-d175394d-772e-4419-abef-824bbcf74c45 req-d175394d-772e-4419-abef-824bbcf74c45 ] Request (ImagesTestJSON:test_create_image_from_suspended_server): 200 GET http://10.180.1.21/compute/v2.1/images/8a856bbf-685d-4149-8dc7-f87421df1e7b 1.090s
2025-11-25 11:25:30.381 63192 INFO tempest.lib.common.rest_client [req-fc1580bb-5e13-439f-9c65-be690200a1d0 req-fc1580bb-5e13-439f-9c65-be690200a1d0 ] Request (ServerShowV254Test:test_rebuild_server): 200 GET http://10.180.1.21/compute/v2.1/servers/e6544702-bde7-4056-8a50-adede5c6a9d6 1.180s
2025-11-25 11:25:30.394 63180 INFO tempest.lib.common.rest_client [req-ca319c95-3a2a-46ed-b2ab-e14bd76a2247 req-ca319c95-3a2a-46ed-b2ab-e14bd76a2247 ] Request (ServerDiskConfigTestJSON:test_rebuild_server_with_manual_disk_config): 200 GET http://10.180.1.21/compute/v2.1/servers/5a704020-921e-4ede-9fd9-b745c027a158 1.310s
2025-11-25 11:25:30.550 63208 INFO tempest.lib.common.rest_client [req-2475153a-7fdb-4cb7-94b1-3aba52bc09ba req-2475153a-7fdb-4cb7-94b1-3aba52bc09ba ] Request (MigrationsAdminTest:test_resize_server_revert_deleted_flavor): 200 GET http://10.180.1.21/compute/v2.1/servers/4cea2bd1-a238-4fb6-bc47-719894461228 1.323s
2025-11-25 11:25:30.555 63210 INFO tempest.lib.common.rest_client [req-f0d76644-9a16-4fab-bd54-4eafe7df592d req-f0d76644-9a16-4fab-bd54-4eafe7df592d ] Request (ServersAdminNegativeTestJSON:tearDownClass): 200 GET http://10.180.1.21/compute/v2.1/servers/3eff61b1-b09c-4a04-821c-cefdc7be3f64 1.219s
2025-11-25 11:25:30.564 63210 INFO tempest.common.waiters [-] State transition "ACTIVE/deleting" ==> "DELETED/None" after 3 second wait
2025-11-25 11:25:30.584 63188 INFO tempest.lib.common.rest_client [req-339c6234-b1b2-4e72-88b6-fa6a00e5dfd2 req-339c6234-b1b2-4e72-88b6-fa6a00e5dfd2 ] Request (AttachInterfacesTestJSON:_run_cleanups): 404 GET http://10.180.1.21/compute/v2.1/servers/6fd5f3b8-1175-4bd5-b0b4-12517ba65271 1.181s
2025-11-25 11:25:30.592 63174 WARNING tempest.lib.common.ssh [-] Failed to establish authenticated ssh connection to cirros@10.180.180.227 ([Errno None] Unable to connect to port 22 on 10.180.180.227). Number attempts: 1. Retry after 2 seconds.: paramiko.ssh_exception.NoValidConnectionsError: [Errno None] Unable to connect to port 22 on 10.180.180.227
2025-11-25 11:25:30.678 63190 INFO tempest.lib.common.rest_client [req-44eae321-659b-4632-8dfe-edbc65fbba88 req-44eae321-659b-4632-8dfe-edbc65fbba88 ] Request (ServersAdmin275Test:test_rebuild_update_server_275): 200 GET http://10.180.1.21/compute/v2.1/servers/cead3557-080d-4956-a957-cac449bb69f6 1.161s
2025-11-25 11:25:30.681 63225 INFO tempest.lib.common.rest_client [req-2166c7e8-b5cd-4db6-acb4-58fec47b7683 req-2166c7e8-b5cd-4db6-acb4-58fec47b7683 ] Request (ServersTestFqdnHostnames:tearDownClass): 200 GET http://10.180.1.21/compute/v2.1/servers/82aab17d-a6d0-48cf-a59a-fbef7d402894 1.246s
2025-11-25 11:25:30.754 63216 INFO tempest.lib.common.rest_client [req-584340f0-d36d-4d55-89d1-7ec2bcf0f5da req-584340f0-d36d-4d55-89d1-7ec2bcf0f5da ] Request (SecurityGroupsTestJSON:test_list_security_groups_by_server): 200 GET http://10.180.1.21/compute/v2.1/servers/29a177e4-b5d7-4249-8fc5-2316f6891536 1.181s
2025-11-25 11:25:30.852 63196 INFO tempest.lib.common.rest_client [req-d866138f-7847-4dff-ad4d-3175f1d68a66 req-d866138f-7847-4dff-ad4d-3175f1d68a66 ] Request (ServerShowV257Test:tearDownClass): 200 GET http://10.180.1.21/compute/v2.1/servers/5bba4aa5-2b92-42b4-8516-72298a99f0e6 1.148s
2025-11-25 11:25:30.922 63204 INFO tempest.lib.common.rest_client [req-ba6a5a3e-fcc8-4e64-bc7b-95ef0389e42f req-ba6a5a3e-fcc8-4e64-bc7b-95ef0389e42f ] Request (ListServersNegativeTestJSON:test_list_servers_by_non_existing_image): 200 GET http://10.180.1.21/compute/v2.1/servers?image=non_existing_image 1.185s
2025-11-25 11:25:30.938 63206 INFO tempest.lib.common.rest_client [req-0028d42e-43af-4184-8c0d-ae17675ff28a req-0028d42e-43af-4184-8c0d-ae17675ff28a ] Request (ServerGroupTestJSON:test_create_server_with_scheduler_hint_group): 200 GET http://10.180.1.21/compute/v2.1/servers/1342d15d-fbef-4709-adf6-f827bc13d3ca 1.316s
2025-11-25 11:25:31.018 63202 INFO tempest.lib.common.rest_client [req-ce6b377d-918a-4a7b-8e0f-ad5d60f5323e req-ce6b377d-918a-4a7b-8e0f-ad5d60f5323e ] Request (InstanceActionsNegativeTestJSON:tearDownClass): 200 GET http://10.180.1.21/compute/v2.1/servers/567f3d61-ed30-47d9-aebc-77c9392be506 1.142s
2025-11-25 11:25:31.043 63218 INFO tempest.lib.common.rest_client [req-4762e9cd-5e00-4609-aa74-2d98a15005c9 req-4762e9cd-5e00-4609-aa74-2d98a15005c9 ] Request (ServersV294TestFqdnHostnames:setUpClass): 200 GET http://10.180.1.21/compute/v2.1/servers/76dfbf82-0ed0-4621-890c-060b187b47e0 1.021s
2025-11-25 11:25:31.073 63188 INFO tempest.lib.common.rest_client [req-7fc75058-bc53-44de-9887-ae916507608b req-7fc75058-bc53-44de-9887-ae916507608b ] Request (AttachInterfacesTestJSON:_run_cleanups): 202 DELETE http://10.180.1.21/compute/v2.1/os-keypairs/tempest-keypair-2138228268 0.488s
2025-11-25 11:25:31.487 63222 INFO tempest.lib.common.rest_client [req-1ec1440e-7a6b-4e44-846d-1e863ec63a51 req-1ec1440e-7a6b-4e44-846d-1e863ec63a51 ] Request (ServerRescueTestJSON:test_rescue_unrescue_instance): 200 GET http://10.180.1.21/compute/v2.1/servers/8b83f82b-42f7-4f33-abc4-ff278d343309 1.082s
2025-11-25 11:25:31.496 63222 INFO tempest.common.waiters [-] State transition "BUILD/networking" ==> "BUILD/spawning" after 41 second wait
2025-11-25 11:25:31.508 63188 INFO tempest.lib.common.rest_client [req-dcb7ef89-def8-47cf-afff-861d5b9fe640 req-dcb7ef89-def8-47cf-afff-861d5b9fe640 ] Request (AttachInterfacesTestJSON:_run_cleanups): 204 DELETE http://10.180.1.21:9696/networking/v2.0/security-groups/b723f584-c976-4351-bfcd-6ca761e670dd 0.435s
2025-11-25 11:25:31.534 63220 INFO tempest.lib.common.rest_client [req-1b8fc65d-4ceb-4ba2-8b3e-6bf2952efff7 req-1b8fc65d-4ceb-4ba2-8b3e-6bf2952efff7 ] Request (ImagesNegativeTestJSON:test_create_image_from_deleted_server): 200 GET http://10.180.1.21/compute/v2.1/servers/bf2e9634-66ee-4b6a-a148-bc77420d793f 0.810s
2025-11-25 11:25:31.544 63188 INFO tempest.lib.common.rest_client [req-6b2cce2f-8010-41e8-99be-57a37fb0532b req-6b2cce2f-8010-41e8-99be-57a37fb0532b ] Request (AttachInterfacesTestJSON:_run_cleanups): 404 GET http://10.180.1.21:9696/networking/v2.0/security-groups/b723f584-c976-4351-bfcd-6ca761e670dd 0.035s
2025-11-25 11:25:31.650 63176 INFO tempest.lib.common.rest_client [req-90666834-fab7-40fb-abac-cfc0191486ab req-90666834-fab7-40fb-abac-cfc0191486ab ] Request (ServersTestMultiNic:test_verify_multiple_nics_order): 200 GET http://10.180.1.21/compute/v2.1/servers/bc6da94e-4de8-4e56-a071-d04c5e5dad18 0.783s
2025-11-25 11:25:31.866 63166 INFO tempest.lib.common.rest_client [req-cecbc498-4f6d-43c9-a2a1-53aa6ec4a370 req-cecbc498-4f6d-43c9-a2a1-53aa6ec4a370 ] Request (ServerTagsTestJSON:tearDownClass): 200 PUT http://10.180.1.21:9696/networking/v2.0/routers/292f154e-9b1b-4dfd-94ca-e1763da397fe/remove_router_interface 2.101s
2025-11-25 11:25:31.974 63172 INFO tempest.lib.common.rest_client [req-b747847d-8462-4f59-98ca-0ed79407b9b3 req-b747847d-8462-4f59-98ca-0ed79407b9b3 ] Request (FloatingIPsAssociationTestJSON:setUpClass): 200 GET http://10.180.1.21/compute/v2.1/servers/7d8287f9-10be-4834-8b7a-1b764145d1c3 1.089s
2025-11-25 11:25:32.019 63194 INFO tempest.lib.common.rest_client [req-e588b305-d783-4b27-bf28-02e29f50bc06 req-e588b305-d783-4b27-bf28-02e29f50bc06 ] Request (ServersTestJSON:setUpClass): 200 GET http://10.180.1.21/compute/v2.1/servers/4496a977-30b2-4323-a561-884633958cdf 1.264s
2025-11-25 11:25:32.050 63204 INFO tempest.lib.common.rest_client [req-c8115f55-9e17-4e08-bdf6-446c4c216d93 req-c8115f55-9e17-4e08-bdf6-446c4c216d93 ] Request (ListServersNegativeTestJSON:test_list_servers_by_non_existing_server_name): 200 GET http://10.180.1.21/compute/v2.1/servers?name=non_existing_server_name 1.123s
2025-11-25 11:25:32.096 63184 INFO tempest.lib.common.rest_client [req-20e77045-a218-4cf3-81d3-439789a63655 req-20e77045-a218-4cf3-81d3-439789a63655 ] Request (ImagesTestJSON:test_create_image_from_suspended_server): 200 GET http://10.180.1.21/compute/v2.1/images/8a856bbf-685d-4149-8dc7-f87421df1e7b 0.819s
2025-11-25 11:25:32.192 63198 INFO tempest.lib.common.rest_client [req-c00abcab-e609-4381-9473-7342e7bfaedf req-c00abcab-e609-4381-9473-7342e7bfaedf ] Request (ServerAddressesNegativeTestJSON:tearDownClass): 200 PUT http://10.180.1.21:9696/networking/v2.0/routers/b04b2b56-f90b-4cef-9e17-8315fb828476/remove_router_interface 3.463s
2025-11-25 11:25:32.197 63192 INFO tempest.lib.common.rest_client [req-2d40d817-8c1d-4237-b822-17d2e7ce0512 req-2d40d817-8c1d-4237-b822-17d2e7ce0512 ] Request (ServerShowV254Test:test_rebuild_server): 200 GET http://10.180.1.21/compute/v2.1/servers/e6544702-bde7-4056-8a50-adede5c6a9d6 0.804s
2025-11-25 11:25:32.321 63162 INFO tempest.lib.common.rest_client [req-3dabb636-aa97-4750-b124-2b33e370eac9 req-3dabb636-aa97-4750-b124-2b33e370eac9 ] Request (ServerActionsTestOtherB:test_create_backup): 200 GET http://10.180.1.21/compute/v2.1/servers/2f7bc586-af68-4d9d-81e2-8247371dfa7f 1.122s
2025-11-25 11:25:32.335 63188 INFO tempest.lib.common.rest_client [req-fed44632-6bbc-4b1d-8c27-7de967a4bf49 req-fed44632-6bbc-4b1d-8c27-7de967a4bf49 ] Request (AttachInterfacesTestJSON:_run_cleanups): 204 DELETE http://10.180.1.21:9696/networking/v2.0/floatingips/021b5699-d73c-4e4c-ad93-a93d3f71e307 0.790s
2025-11-25 11:25:32.461 63208 INFO tempest.lib.common.rest_client [req-2adef6ff-7a8a-4aaa-9a25-ff1392d51016 req-2adef6ff-7a8a-4aaa-9a25-ff1392d51016 ] Request (MigrationsAdminTest:test_resize_server_revert_deleted_flavor): 200 GET http://10.180.1.21/compute/v2.1/servers/4cea2bd1-a238-4fb6-bc47-719894461228 0.901s
2025-11-25 11:25:32.495 63180 INFO tempest.lib.common.rest_client [req-59d43961-88f0-4c75-96c2-559120b6571f req-59d43961-88f0-4c75-96c2-559120b6571f ] Request (ServerDiskConfigTestJSON:test_rebuild_server_with_manual_disk_config): 200 GET http://10.180.1.21/compute/v2.1/servers/5a704020-921e-4ede-9fd9-b745c027a158 1.092s
2025-11-25 11:25:32.547 63178 WARNING tempest.lib.common.ssh [-] Failed to establish authenticated ssh connection to cirros@10.180.180.253 ([Errno None] Unable to connect to port 22 on 10.180.180.253). Number attempts: 5. Retry after 6 seconds.: paramiko.ssh_exception.NoValidConnectionsError: [Errno None] Unable to connect to port 22 on 10.180.180.253
2025-11-25 11:25:32.580 63210 INFO tempest.lib.common.rest_client [req-f64ec6cb-e55b-448f-8564-decc38b37d37 req-f64ec6cb-e55b-448f-8564-decc38b37d37 ] Request (ServersAdminNegativeTestJSON:tearDownClass): 200 GET http://10.180.1.21/compute/v2.1/servers/3eff61b1-b09c-4a04-821c-cefdc7be3f64 1.014s
2025-11-25 11:25:32.612 63225 INFO tempest.lib.common.rest_client [req-90b9178b-edbd-4269-b920-a31e6e001eef req-90b9178b-edbd-4269-b920-a31e6e001eef ] Request (ServersTestFqdnHostnames:tearDownClass): 200 GET http://10.180.1.21/compute/v2.1/servers/82aab17d-a6d0-48cf-a59a-fbef7d402894 0.914s
2025-11-25 11:25:32.674 63190 INFO tempest.lib.common.rest_client [req-e12a1a28-26cf-4a98-a769-9a3c8eef2f7c req-e12a1a28-26cf-4a98-a769-9a3c8eef2f7c ] Request (ServersAdmin275Test:test_rebuild_update_server_275): 200 GET http://10.180.1.21/compute/v2.1/servers/cead3557-080d-4956-a957-cac449bb69f6 0.974s
2025-11-25 11:25:32.695 63182 INFO tempest.lib.common.rest_client [req-8dbc9b39-2b10-4b4d-b125-4fe6a625aac7 req-8dbc9b39-2b10-4b4d-b125-4fe6a625aac7 ] Request (VolumesAssistedSnapshotsTest:tearDownClass): 200 PUT http://10.180.1.21:9696/networking/v2.0/routers/195f617c-c9c7-4673-ac94-217a9c4048ea/remove_router_interface 3.128s
2025-11-25 11:25:32.707 63216 INFO tempest.lib.common.rest_client [req-c98c0c31-f92c-4356-ac52-0d7bcc20e02b req-c98c0c31-f92c-4356-ac52-0d7bcc20e02b ] Request (SecurityGroupsTestJSON:test_list_security_groups_by_server): 200 GET http://10.180.1.21/compute/v2.1/servers/29a177e4-b5d7-4249-8fc5-2316f6891536 0.942s
2025-11-25 11:25:32.759 63196 INFO tempest.lib.common.rest_client [req-618f1cd8-9cb6-4571-a690-e432173ffc65 req-618f1cd8-9cb6-4571-a690-e432173ffc65 ] Request (ServerShowV257Test:tearDownClass): 200 GET http://10.180.1.21/compute/v2.1/servers/5bba4aa5-2b92-42b4-8516-72298a99f0e6 0.895s
2025-11-25 11:25:32.788 63164 INFO tempest.lib.common.rest_client [req-27222768-20a4-439c-a942-50c47559e1fb req-27222768-20a4-439c-a942-50c47559e1fb ] Request (AttachInterfacesV270Test:tearDownClass): 200 PUT http://10.180.1.21:9696/networking/v2.0/routers/177c6aa7-cdbf-42d8-88dc-58d3173e6c9a/remove_router_interface 2.575s
2025-11-25 11:25:32.865 63202 INFO tempest.lib.common.rest_client [req-42f545af-f4ed-46ef-8ae4-54f92773018f req-42f545af-f4ed-46ef-8ae4-54f92773018f ] Request (InstanceActionsNegativeTestJSON:tearDownClass): 200 GET http://10.180.1.21/compute/v2.1/servers/567f3d61-ed30-47d9-aebc-77c9392be506 0.839s
2025-11-25 11:25:32.925 63213 INFO tempest.lib.common.rest_client [req-7acb5594-5b78-4403-a9c4-4c9886d78691 req-7acb5594-5b78-4403-a9c4-4c9886d78691 ] Request (DeleteServersTestJSON:setUpClass): 200 PUT http://10.180.1.21:9696/networking/v2.0/routers/8eb7e8f5-449f-4e24-b886-00336c2b003b/add_router_interface 4.166s
2025-11-25 11:25:32.925 63213 INFO tempest.lib.common.dynamic_creds [-] Created isolated network resources for: credentials: Credentials: {'domain_id': 'default', 'domain_name': 'Default', 'username': 'tempest-DeleteServersTestJSON-844183300-project-member', 'project_domain_id': 'default', 'project_domain_name': 'Default', 'project_id': '4860bec4a28e4289b7a508f007fff452', 'project_name': 'tempest-DeleteServersTestJSON-844183300', 'tenant_id': '4860bec4a28e4289b7a508f007fff452', 'tenant_name': 'tempest-DeleteServersTestJSON-844183300', 'user_domain_id': 'default', 'user_domain_name': 'Default', 'user_id': 'ddc9958565c745e488dc7f3b34af9585', 'system': None}, Network: {'id': '66a834d1-e7f7-4c84-9280-9c7d12a2ebd4', 'name': 'tempest-DeleteServersTestJSON-894185026-network', 'tenant_id': '4860bec4a28e4289b7a508f007fff452', 'admin_state_up': True, 'mtu': 8950, 'status': 'ACTIVE', 'subnets': [], 'shared': False, 'project_id': '4860bec4a28e4289b7a508f007fff452', 'port_security_enabled': True, 'router:external': False, 'provider:network_type': 'vlan', 'provider:physical_network': 'default', 'provider:segmentation_id': 60, 'is_default': False, 'availability_zone_hints': [], 'availability_zones': [], 'ipv4_address_scope': None, 'ipv6_address_scope': None, 'description': '', 'tags': [], 'created_at': '2025-11-25T11:25:27Z', 'updated_at': '2025-11-25T11:25:27Z', 'revision_number': 1}, Subnet: {'id': '6f7698fe-b094-45e7-9eb5-36da7b6473da', 'name': 'tempest-DeleteServersTestJSON-894185026-subnet', 'tenant_id': '4860bec4a28e4289b7a508f007fff452', 'network_id': '66a834d1-e7f7-4c84-9280-9c7d12a2ebd4', 'ip_version': 4, 'subnetpool_id': None, 'enable_dhcp': True, 'ipv6_ra_mode': None, 'ipv6_address_mode': None, 'gateway_ip': '192.168.128.1', 'cidr': '192.168.128.0/28', 'allocation_pools': [{'start': '192.168.128.2', 'end': '192.168.128.14'}], 'host_routes': [], 'dns_nameservers': [], 'description': '', 'router:external': False, 'service_types': [], 'tags': [], 'created_at': '2025-11-25T11:25:27Z', 'updated_at': '2025-11-25T11:25:27Z', 'revision_number': 0, 'project_id': '4860bec4a28e4289b7a508f007fff452'}, Router: {'id': '8eb7e8f5-449f-4e24-b886-00336c2b003b', 'name': 'tempest-DeleteServersTestJSON-894185026-router', 'tenant_id': '4860bec4a28e4289b7a508f007fff452', 'admin_state_up': True, 'status': 'ACTIVE', 'external_gateway_info': {'network_id': '430da3f5-1f2d-4e5f-8c28-1a8db62a23d9', 'external_fixed_ips': [{'subnet_id': '3b487bfc-35b7-4f29-b658-b67895dd0782', 'ip_address': '10.180.180.164'}], 'enable_snat': True}, 'description': '', 'availability_zones': [], 'distributed': False, 'ha': False, 'availability_zone_hints': [], 'routes': [], 'flavor_id': None, 'tags': [], 'created_at': '2025-11-25T11:25:27Z', 'updated_at': '2025-11-25T11:25:28Z', 'revision_number': 2, 'project_id': '4860bec4a28e4289b7a508f007fff452'}
2025-11-25 11:25:32.998 63206 INFO tempest.lib.common.rest_client [req-cb9358f6-dea4-4b2d-a13a-8366916bcbad req-cb9358f6-dea4-4b2d-a13a-8366916bcbad ] Request (ServerGroupTestJSON:test_create_server_with_scheduler_hint_group): 200 GET http://10.180.1.21/compute/v2.1/servers/1342d15d-fbef-4709-adf6-f827bc13d3ca 1.050s
2025-11-25 11:25:33.017 63213 INFO tempest.lib.common.rest_client [req-eb07be2f-7666-4fa9-b2bc-927d2015feda req-eb07be2f-7666-4fa9-b2bc-927d2015feda ] Request (DeleteServersTestJSON:setUpClass): 201 POST http://10.180.1.21/identity/v3/auth/tokens 0.087s
2025-11-25 11:25:33.092 63213 INFO tempest.lib.common.rest_client [req-82c70850-80e6-4bdd-9e68-eb725cc4e54b req-82c70850-80e6-4bdd-9e68-eb725cc4e54b ] Request (DeleteServersTestJSON:test_delete_active_server): 201 POST http://10.180.1.21/identity/v3/auth/tokens 0.065s
2025-11-25 11:25:33.093 63213 INFO tempest.lib.common.fixed_network [-] (DeleteServersTestJSON:test_delete_active_server) Found network {'id': '66a834d1-e7f7-4c84-9280-9c7d12a2ebd4', 'name': 'tempest-DeleteServersTestJSON-894185026-network', 'tenant_id': '4860bec4a28e4289b7a508f007fff452', 'admin_state_up': True, 'mtu': 8950, 'status': 'ACTIVE', 'subnets': [], 'shared': False, 'project_id': '4860bec4a28e4289b7a508f007fff452', 'port_security_enabled': True, 'router:external': False, 'provider:network_type': 'vlan', 'provider:physical_network': 'default', 'provider:segmentation_id': 60, 'is_default': False, 'availability_zone_hints': [], 'availability_zones': [], 'ipv4_address_scope': None, 'ipv6_address_scope': None, 'description': '', 'tags': [], 'created_at': '2025-11-25T11:25:27Z', 'updated_at': '2025-11-25T11:25:27Z', 'revision_number': 1} available for tenant
2025-11-25 11:25:33.164 63218 INFO tempest.lib.common.rest_client [req-4932670c-03df-484a-96e2-f9126b329915 req-4932670c-03df-484a-96e2-f9126b329915 ] Request (ServersV294TestFqdnHostnames:setUpClass): 200 GET http://10.180.1.21/compute/v2.1/servers/76dfbf82-0ed0-4621-890c-060b187b47e0 1.106s
2025-11-25 11:25:33.219 63188 INFO tempest.lib.common.rest_client [req-0f405f44-b2b7-498c-b536-eccc1de3c50e req-0f405f44-b2b7-498c-b536-eccc1de3c50e ] Request (ValidationResourcesFixture:setUp): 200 POST http://10.180.1.21/compute/v2.1/os-keypairs 0.875s
2025-11-25 11:25:33.464 63204 INFO tempest.lib.common.rest_client [req-4d2c5839-8e5a-4624-9bd0-5328887c8ab2 req-4d2c5839-8e5a-4624-9bd0-5328887c8ab2 ] Request (ListServersNegativeTestJSON:test_list_servers_detail_server_is_deleted): 200 GET http://10.180.1.21/compute/v2.1/servers/detail 1.411s
2025-11-25 11:25:33.536 63222 INFO tempest.lib.common.rest_client [req-8771aefd-e45a-46de-b08d-49879fe3466d req-8771aefd-e45a-46de-b08d-49879fe3466d ] Request (ServerRescueTestJSON:test_rescue_unrescue_instance): 200 GET http://10.180.1.21/compute/v2.1/servers/8b83f82b-42f7-4f33-abc4-ff278d343309 1.039s
2025-11-25 11:25:33.583 63166 INFO tempest.lib.common.rest_client [req-4c86321b-5971-46b3-9e6f-66aa918a6416 req-4c86321b-5971-46b3-9e6f-66aa918a6416 ] Request (ServerTagsTestJSON:tearDownClass): 204 DELETE http://10.180.1.21:9696/networking/v2.0/routers/292f154e-9b1b-4dfd-94ca-e1763da397fe 1.717s
2025-11-25 11:25:33.629 63176 INFO tempest.lib.common.rest_client [req-6b4a6e3a-ab67-4931-8a34-89680ddd46c3 req-6b4a6e3a-ab67-4931-8a34-89680ddd46c3 ] Request (ServersTestMultiNic:test_verify_multiple_nics_order): 200 GET http://10.180.1.21/compute/v2.1/servers/bc6da94e-4de8-4e56-a071-d04c5e5dad18 0.968s
2025-11-25 11:25:33.675 63188 INFO tempest.lib.common.rest_client [req-8fd9cc3a-715b-4d59-bb7f-2ed94ef88578 req-8fd9cc3a-715b-4d59-bb7f-2ed94ef88578 ] Request (ValidationResourcesFixture:setUp): 201 POST http://10.180.1.21:9696/networking/v2.0/security-groups 0.455s
2025-11-25 11:25:33.728 63172 INFO tempest.lib.common.rest_client [req-5411dc8a-795a-4253-914d-4db17bf93848 req-5411dc8a-795a-4253-914d-4db17bf93848 ] Request (FloatingIPsAssociationTestJSON:setUpClass): 200 GET http://10.180.1.21/compute/v2.1/servers/7d8287f9-10be-4834-8b7a-1b764145d1c3 0.739s
2025-11-25 11:25:33.797 63220 INFO tempest.lib.common.rest_client [req-294c1d88-2507-4c4e-b562-c47ad736606d req-294c1d88-2507-4c4e-b562-c47ad736606d ] Request (ImagesNegativeTestJSON:test_create_image_from_deleted_server): 200 GET http://10.180.1.21/compute/v2.1/servers/bf2e9634-66ee-4b6a-a148-bc77420d793f 1.255s
2025-11-25 11:25:33.805 63220 INFO tempest.common.waiters [-] State transition "BUILD/spawning" ==> "ACTIVE/None" after 63 second wait
2025-11-25 11:25:33.938 63198 INFO tempest.lib.common.rest_client [req-2e9a4fee-694f-4762-a152-12e2974f32c9 req-2e9a4fee-694f-4762-a152-12e2974f32c9 ] Request (ServerAddressesNegativeTestJSON:tearDownClass): 204 DELETE http://10.180.1.21:9696/networking/v2.0/routers/b04b2b56-f90b-4cef-9e17-8315fb828476 1.746s
