2025-11-25 11:26:17.200 63220 INFO tempest.lib.common.dynamic_creds [-] Created isolated network resources for: credentials: Credentials: {'domain_id': 'default', 'domain_name': 'Default', 'username': 'tempest-ListImageFiltersTestJSON-1708948366-project-member', 'project_domain_id': 'default', 'project_domain_name': 'Default', 'project_id': 'f4d16d60c1fb4848a299817c62263bf1', 'project_name': 'tempest-ListImageFiltersTestJSON-1708948366', 'tenant_id': 'f4d16d60c1fb4848a299817c62263bf1', 'tenant_name': 'tempest-ListImageFiltersTestJSON-1708948366', 'user_domain_id': 'default', 'user_domain_name': 'Default', 'user_id': 'fbbfc60f75264022a6f9cd5a27d5f65f', 'system': None}, Network: None, Subnet: None, Router: None
2025-11-25 11:26:17.288 63220 INFO tempest.lib.common.rest_client [req-6816882a-0fde-491c-bba9-f7a0a3b16f7d req-6816882a-0fde-491c-bba9-f7a0a3b16f7d ] Request (ListImageFiltersTestJSON:setUpClass): 201 POST http://10.180.1.21/identity/v3/auth/tokens 0.085s
2025-11-25 11:26:17.399 63166 INFO tempest.lib.common.rest_client [req-3e4a0492-95ec-4767-a440-cc25f6331d08 req-3e4a0492-95ec-4767-a440-cc25f6331d08 ] Request (ServersTestJSON:test_create_server_specify_multibyte_character_name): 200 GET http://10.180.1.21/compute/v2.1/servers/e061304c-998b-4331-b60d-809916844a6f 0.790s
2025-11-25 11:26:17.436 63218 WARNING tempest.lib.common.ssh [-] Failed to establish authenticated ssh connection to cirros@10.180.180.144 ([Errno None] Unable to connect to port 22 on 10.180.180.144). Number attempts: 2. Retry after 3 seconds.: paramiko.ssh_exception.NoValidConnectionsError: [Errno None] Unable to connect to port 22 on 10.180.180.144
2025-11-25 11:26:17.481 63198 INFO tempest.lib.common.rest_client [req-cebee87d-7912-4b5f-a8ee-a3c5af7d62d8 req-cebee87d-7912-4b5f-a8ee-a3c5af7d62d8 ] Request (ServerRescueTestJSONUnderV235:setUpClass): 200 GET http://10.180.1.21/compute/v2.1/servers/1d74504f-b641-42c6-a420-c80614d69b23 0.619s
2025-11-25 11:26:17.519 63172 INFO tempest.lib.common.rest_client [req-44fd8089-175b-4929-b3bf-9f79f91ddc38 req-44fd8089-175b-4929-b3bf-9f79f91ddc38 ] Request (FloatingIPsAssociationTestJSON:test_associate_already_associated_floating_ip): 202 POST http://10.180.1.21/compute/v2.1/servers 1.573s
2025-11-25 11:26:17.544 63180 INFO tempest.lib.common.rest_client [req-55d01812-2de4-46fc-b6b4-3d7721083b69 req-55d01812-2de4-46fc-b6b4-3d7721083b69 ] Request (ServerDiskConfigTestJSON:test_resize_server_from_auto_to_manual): 200 GET http://10.180.1.21/compute/v2.1/servers/557c0538-fc4a-403a-a9cb-b706e2260b1c 0.589s
2025-11-25 11:26:17.744 63220 INFO tempest.lib.common.rest_client [req-eb73f68b-c431-438b-bea8-376e8a5f14ce req-eb73f68b-c431-438b-bea8-376e8a5f14ce ] Request (ListImageFiltersTestJSON:setUpClass): 201 POST http://10.180.1.21/image/v2/images 0.455s
2025-11-25 11:26:17.964 63188 INFO tempest.lib.common.rest_client [req-76454221-362d-4726-acf5-21f3e92f1e15 req-76454221-362d-4726-acf5-21f3e92f1e15 ] Request (AttachInterfacesTestJSON:test_create_list_show_delete_interfaces_by_network_port): 200 GET http://10.180.1.21/compute/v2.1/servers/2d48056c-d38f-4be1-b28b-71da14607870 0.922s
2025-11-25 11:26:18.005 63213 INFO tempest.lib.common.rest_client [req-5b36fcbd-2e54-486a-abc1-c5cbb208e681 req-5b36fcbd-2e54-486a-abc1-c5cbb208e681 ] Request (DeleteServersTestJSON:test_delete_active_server): 200 GET http://10.180.1.21/compute/v2.1/servers/968cbfbe-1570-48d6-890d-c7a680855574 1.038s
2025-11-25 11:26:18.044 63174 INFO tempest.lib.common.rest_client [req-89888637-5862-4f7a-a4ca-ccf9b5a2b31d req-89888637-5862-4f7a-a4ca-ccf9b5a2b31d ] Request (ServersTestManualDisk:tearDownClass): 200 GET http://10.180.1.21/compute/v2.1/servers/fed831e0-4518-4025-89b1-7f6b644e013d 0.976s
2025-11-25 11:26:18.114 63164 INFO tempest.lib.common.rest_client [req-b0c40d50-a7c0-4cc5-9e46-ba46d41c9ab5 req-b0c40d50-a7c0-4cc5-9e46-ba46d41c9ab5 ] Request (ListServerFiltersTestJSON:setUpClass): 200 GET http://10.180.1.21/compute/v2.1/servers/baf28ebf-3ab8-465c-a13b-705ccf3510dc 1.001s
2025-11-25 11:26:18.191 63190 INFO tempest.lib.common.rest_client [req-90747138-9223-44e2-bf5e-224c8af001e6 req-90747138-9223-44e2-bf5e-224c8af001e6 ] Request (ServersAdmin275Test:tearDownClass): 200 GET http://10.180.1.21/compute/v2.1/servers/cead3557-080d-4956-a957-cac449bb69f6 1.036s
2025-11-25 11:26:18.274 63202 INFO tempest.lib.common.rest_client [req-92d1e75f-cddd-4b1a-86f2-3d50b4e37da5 req-92d1e75f-cddd-4b1a-86f2-3d50b4e37da5 ] Request (ServerAddressesTestJSON:setUpClass): 200 GET http://10.180.1.21/compute/v2.1/servers/45644d9d-1d7d-4c2c-825d-fb3a2f6f2776 1.052s
2025-11-25 11:26:18.311 63204 INFO tempest.lib.common.rest_client [req-b31bb8c4-e523-4996-a79f-de760db8befc req-b31bb8c4-e523-4996-a79f-de760db8befc ] Request (ListServersNegativeTestJSON:tearDownClass): 404 GET http://10.180.1.21/compute/v2.1/servers/1fa01184-1ed2-43de-bcbf-bd8658acc9f9 1.003s
2025-11-25 11:26:18.344 63210 INFO tempest.lib.common.rest_client [req-b064478d-f45a-4237-b300-ceedaed0ed88 req-b064478d-f45a-4237-b300-ceedaed0ed88 ] Request (FloatingIPsTestJSON:tearDownClass): 200 PUT http://10.180.1.21:9696/networking/v2.0/routers/1b529481-b8cf-4842-a1eb-c129137ffad0/remove_router_interface 1.812s
2025-11-25 11:26:18.419 63194 INFO tempest.lib.common.rest_client [req-7c113f62-0783-4aa5-9937-7d89c5681701 req-7c113f62-0783-4aa5-9937-7d89c5681701 ] Request (ServersTestJSON:tearDownClass): 200 GET http://10.180.1.21/compute/v2.1/servers/4496a977-30b2-4323-a561-884633958cdf 0.909s
2025-11-25 11:26:18.423 63216 INFO tempest.lib.common.rest_client [req-a39d385a-b3fb-4734-8f19-2b6e992edc80 req-a39d385a-b3fb-4734-8f19-2b6e992edc80 ] Request (SecurityGroupsTestJSON:test_security_group_create_get_delete): 202 DELETE http://10.180.1.21/compute/v2.1/os-security-groups/f016bf6b-107c-45e9-b315-0b19d07cac6a 1.225s
2025-11-25 11:26:18.529 63172 INFO tempest.lib.common.rest_client [req-12279a2e-9ed4-4735-8811-0b38c3773938 req-12279a2e-9ed4-4735-8811-0b38c3773938 ] Request (FloatingIPsAssociationTestJSON:test_associate_already_associated_floating_ip): 200 GET http://10.180.1.21/compute/v2.1/servers/397c5401-a435-4170-b07d-a03488c73867 1.007s
2025-11-25 11:26:18.612 63184 INFO tempest.lib.common.rest_client [req-3ff57afe-4842-4869-be23-413f612525e0 req-3ff57afe-4842-4869-be23-413f612525e0 ] Request (ImagesTestJSON:test_create_server_from_snapshot): 200 GET http://10.180.1.21/compute/v2.1/servers/b77a3d27-fe9f-49fc-95d1-15fe82762833 1.009s
2025-11-25 11:26:18.649 63162 INFO tempest.lib.common.rest_client [req-3334a84c-7804-4c71-9fb1-d438ea42d386 req-3334a84c-7804-4c71-9fb1-d438ea42d386 ] Request (ServerActionsTestOtherB:test_resize_server_confirm_from_stopped): 200 GET http://10.180.1.21/compute/v2.1/servers/2f7bc586-af68-4d9d-81e2-8247371dfa7f 1.138s
2025-11-25 11:26:18.676 63196 INFO tempest.lib.common.rest_client [req-06a5b104-75e4-4620-b598-32a63329b7be req-06a5b104-75e4-4620-b598-32a63329b7be ] Request (AttachVolumeShelveTestJSON:test_attach_volume_shelved_or_offload_server): 200 GET http://10.180.1.21/compute/v2.1/servers/dc99b470-4334-408d-8853-d2e9b9204d04 1.055s
2025-11-25 11:26:18.741 63176 INFO tempest.lib.common.rest_client [req-888392b5-4d93-499a-bdbe-7ab041dda973 req-888392b5-4d93-499a-bdbe-7ab041dda973 ] Request (ServersTestMultiNic:_run_cleanups): 200 GET http://10.180.1.21/compute/v2.1/servers/bc6da94e-4de8-4e56-a071-d04c5e5dad18 1.061s
2025-11-25 11:26:18.752 63225 INFO tempest.lib.common.rest_client [req-bd222e41-c4ed-4462-b7f4-336918c3c36e req-bd222e41-c4ed-4462-b7f4-336918c3c36e ] Request (ServerPasswordTestJSON:setUpClass): 200 GET http://10.180.1.21/compute/v2.1/servers/1ec89a28-d4f3-4324-bf14-c99c5ce05950 1.031s
2025-11-25 11:26:18.835 63206 INFO tempest.lib.common.rest_client [req-a6665411-a40c-41fd-b5c6-98f494cbed94 req-a6665411-a40c-41fd-b5c6-98f494cbed94 ] Request (ServerGroupTestJSON:_run_cleanups): 200 GET http://10.180.1.21/compute/v2.1/servers/1342d15d-fbef-4709-adf6-f827bc13d3ca 1.023s
2025-11-25 11:26:18.921 63178 INFO tempest.lib.common.rest_client [req-45991218-1f78-4120-b2ba-e0e9764df24c req-45991218-1f78-4120-b2ba-e0e9764df24c ] Request (ServersWithSpecificFlavorTestJSON:_run_cleanups): 200 GET http://10.180.1.21/compute/v2.1/servers/54185b06-7ccb-4740-a6ee-213bbfa6365b 1.031s
2025-11-25 11:26:18.959 63208 INFO tempest.lib.common.rest_client [req-611659d2-2f11-487d-a85b-907036811efc req-611659d2-2f11-487d-a85b-907036811efc ] Request (MigrationsAdminTest:test_resize_server_revert_deleted_flavor): 200 GET http://10.180.1.21/compute/v2.1/servers/4cea2bd1-a238-4fb6-bc47-719894461228 1.105s
2025-11-25 11:26:19.009 63222 INFO tempest.lib.common.rest_client [req-dae72f3f-8945-43cf-be63-b290b2f551ca req-dae72f3f-8945-43cf-be63-b290b2f551ca ] Request (ServerRescueTestJSON:tearDownClass): 200 GET http://10.180.1.21/compute/v2.1/servers/8b83f82b-42f7-4f33-abc4-ff278d343309 1.011s
2025-11-25 11:26:19.040 63182 INFO tempest.lib.common.rest_client [req-cc687fb0-515f-410e-8d2f-95805a1dd299 req-cc687fb0-515f-410e-8d2f-95805a1dd299 ] Request (ServersAdminTestJSON:setUpClass): 200 GET http://10.180.1.21/compute/v2.1/servers/4911baea-15df-46db-be11-fcf998eb0cb6 0.992s
2025-11-25 11:26:19.092 63192 INFO tempest.lib.common.rest_client [req-66a1fcf2-69bf-4e2a-8877-ea0580cd9b4e req-66a1fcf2-69bf-4e2a-8877-ea0580cd9b4e ] Request (ServerShowV254Test:tearDownClass): 200 GET http://10.180.1.21/compute/v2.1/servers/e6544702-bde7-4056-8a50-adede5c6a9d6 0.948s
2025-11-25 11:26:19.135 63216 INFO tempest.lib.common.rest_client [req-af4d271e-1255-4305-ab1d-cd87103fd720 req-af4d271e-1255-4305-ab1d-cd87103fd720 ] Request (SecurityGroupsTestJSON:test_security_group_create_get_delete): 404 GET http://10.180.1.21/compute/v2.1/os-security-groups/f016bf6b-107c-45e9-b315-0b19d07cac6a 0.711s
2025-11-25 11:26:19.232 63198 INFO tempest.lib.common.rest_client [req-9a90bd48-e57c-4acd-9640-0401df640901 req-9a90bd48-e57c-4acd-9640-0401df640901 ] Request (ServerRescueTestJSONUnderV235:setUpClass): 200 GET http://10.180.1.21/compute/v2.1/servers/1d74504f-b641-42c6-a420-c80614d69b23 0.743s
2025-11-25 11:26:19.243 63198 INFO tempest.common.waiters [-] State transition "BUILD/None" ==> "BUILD/networking" after 33 second wait
2025-11-25 11:26:19.310 63210 INFO tempest.lib.common.rest_client [req-febf1145-755c-4d4e-aeac-9b2acba2852f req-febf1145-755c-4d4e-aeac-9b2acba2852f ] Request (FloatingIPsTestJSON:tearDownClass): 204 DELETE http://10.180.1.21:9696/networking/v2.0/routers/1b529481-b8cf-4842-a1eb-c129137ffad0 0.965s
2025-11-25 11:26:19.324 63180 INFO tempest.lib.common.rest_client [req-355ed0e5-0c05-43bb-92e9-0677b3d06479 req-355ed0e5-0c05-43bb-92e9-0677b3d06479 ] Request (ServerDiskConfigTestJSON:test_resize_server_from_auto_to_manual): 200 GET http://10.180.1.21/compute/v2.1/servers/557c0538-fc4a-403a-a9cb-b706e2260b1c 0.769s
2025-11-25 11:26:19.374 63166 INFO tempest.lib.common.rest_client [req-23192971-5af5-479e-9c11-5146c6ee9507 req-23192971-5af5-479e-9c11-5146c6ee9507 ] Request (ServersTestJSON:test_create_server_specify_multibyte_character_name): 200 GET http://10.180.1.21/compute/v2.1/servers/e061304c-998b-4331-b60d-809916844a6f 0.966s
2025-11-25 11:26:19.450 63213 INFO tempest.lib.common.rest_client [req-389e6d43-d56f-4b0a-a251-465db5f2e532 req-389e6d43-d56f-4b0a-a251-465db5f2e532 ] Request (DeleteServersTestJSON:test_delete_active_server): 200 GET http://10.180.1.21/compute/v2.1/servers/968cbfbe-1570-48d6-890d-c7a680855574 0.436s
2025-11-25 11:26:19.503 63210 INFO tempest.lib.common.rest_client [req-ee4b5f03-0d34-47d2-a27c-d5a96b857eba req-ee4b5f03-0d34-47d2-a27c-d5a96b857eba ] Request (FloatingIPsTestJSON:tearDownClass): 204 DELETE http://10.180.1.21:9696/networking/v2.0/subnets/316d3e9a-6632-4be3-a170-5a4369c2105d 0.193s
2025-11-25 11:26:19.508 63220 INFO tempest.lib.common.rest_client [req-cce4a281-c51c-4439-9331-7fdf16c4f154 req-cce4a281-c51c-4439-9331-7fdf16c4f154 ] Request (ListImageFiltersTestJSON:setUpClass): 204 PUT http://10.180.1.21/image/v2/images/15b4f91d-847d-4ff2-b3e2-8c30c91c4f97/file 0.762s
2025-11-25 11:26:19.567 63174 INFO tempest.lib.common.rest_client [req-c61bd059-0bc7-4f8f-94b9-bd1875c0736b req-c61bd059-0bc7-4f8f-94b9-bd1875c0736b ] Request (ServersTestManualDisk:tearDownClass): 200 GET http://10.180.1.21/compute/v2.1/servers/fed831e0-4518-4025-89b1-7f6b644e013d 0.512s
2025-11-25 11:26:19.653 63164 INFO tempest.lib.common.rest_client [req-f0d4ee31-e2a3-40cc-9440-6f8b3dcae971 req-f0d4ee31-e2a3-40cc-9440-6f8b3dcae971 ] Request (ListServerFiltersTestJSON:setUpClass): 200 GET http://10.180.1.21/compute/v2.1/servers/baf28ebf-3ab8-465c-a13b-705ccf3510dc 0.527s
2025-11-25 11:26:19.671 63188 INFO tempest.lib.common.rest_client [req-d36d453c-0c76-48cf-8bdc-09ca2471ce31 req-d36d453c-0c76-48cf-8bdc-09ca2471ce31 ] Request (AttachInterfacesTestJSON:test_create_list_show_delete_interfaces_by_network_port): 200 GET http://10.180.1.21/compute/v2.1/servers/2d48056c-d38f-4be1-b28b-71da14607870 0.699s
2025-11-25 11:26:19.765 63190 INFO tempest.lib.common.rest_client [req-6194e933-da12-4d9b-bfce-90a5e5469386 req-6194e933-da12-4d9b-bfce-90a5e5469386 ] Request (ServersAdmin275Test:tearDownClass): 200 GET http://10.180.1.21/compute/v2.1/servers/cead3557-080d-4956-a957-cac449bb69f6 0.560s
2025-11-25 11:26:19.843 63202 INFO tempest.lib.common.rest_client [req-e569f804-46ce-4130-a719-a9aa0982d51f req-e569f804-46ce-4130-a719-a9aa0982d51f ] Request (ServerAddressesTestJSON:setUpClass): 200 GET http://10.180.1.21/compute/v2.1/servers/45644d9d-1d7d-4c2c-825d-fb3a2f6f2776 0.561s
2025-11-25 11:26:19.933 63194 INFO tempest.lib.common.rest_client [req-b3cd3e62-51ef-4430-8eeb-70e4c9dc9e0f req-b3cd3e62-51ef-4430-8eeb-70e4c9dc9e0f ] Request (ServersTestJSON:tearDownClass): 200 GET http://10.180.1.21/compute/v2.1/servers/4496a977-30b2-4323-a561-884633958cdf 0.503s
2025-11-25 11:26:19.943 63194 INFO tempest.common.waiters [-] State transition "ACTIVE/deleting" ==> "DELETED/None" after 3 second wait
2025-11-25 11:26:19.974 63220 INFO tempest.lib.common.rest_client [req-0a5d4115-9a0b-44d0-a281-dd8a353eddbf req-0a5d4115-9a0b-44d0-a281-dd8a353eddbf ] Request (ListImageFiltersTestJSON:setUpClass): 200 GET http://10.180.1.21/compute/v2.1/images/15b4f91d-847d-4ff2-b3e2-8c30c91c4f97 0.465s
2025-11-25 11:26:19.980 63216 INFO tempest.lib.common.rest_client [req-78e1614f-b298-4d85-be68-b6a870e1623f req-78e1614f-b298-4d85-be68-b6a870e1623f ] Request (SecurityGroupsTestJSON:test_security_groups_create_list_delete): 200 POST http://10.180.1.21/compute/v2.1/os-security-groups 0.843s
2025-11-25 11:26:20.076 63172 INFO tempest.lib.common.rest_client [req-cfe481a5-a00e-4c66-901e-49d8f7cca97d req-cfe481a5-a00e-4c66-901e-49d8f7cca97d ] Request (FloatingIPsAssociationTestJSON:test_associate_already_associated_floating_ip): 200 GET http://10.180.1.21/compute/v2.1/servers/397c5401-a435-4170-b07d-a03488c73867 0.538s
2025-11-25 11:26:20.084 63184 INFO tempest.lib.common.rest_client [req-343dd10a-21e2-4ec0-88dd-61c0d739fc06 req-343dd10a-21e2-4ec0-88dd-61c0d739fc06 ] Request (ImagesTestJSON:test_create_server_from_snapshot): 200 GET http://10.180.1.21/compute/v2.1/servers/b77a3d27-fe9f-49fc-95d1-15fe82762833 0.463s
2025-11-25 11:26:20.193 63196 INFO tempest.lib.common.rest_client [req-6bdeb421-d5ce-4e8a-aedd-7bf5694f1fef req-6bdeb421-d5ce-4e8a-aedd-7bf5694f1fef ] Request (AttachVolumeShelveTestJSON:test_attach_volume_shelved_or_offload_server): 200 GET http://10.180.1.21/compute/v2.1/servers/dc99b470-4334-408d-8853-d2e9b9204d04 0.507s
2025-11-25 11:26:20.234 63210 INFO tempest.lib.common.rest_client [req-412077d5-ddb1-49bb-ae1a-26cbdc5ed786 req-412077d5-ddb1-49bb-ae1a-26cbdc5ed786 ] Request (FloatingIPsTestJSON:tearDownClass): 204 DELETE http://10.180.1.21:9696/networking/v2.0/networks/e9342342-a50f-4144-912b-2e42ffcb2c32 0.730s
2025-11-25 11:26:20.304 63176 INFO tempest.lib.common.rest_client [req-383629f5-cfe6-4237-a352-0f501aefd46d req-383629f5-cfe6-4237-a352-0f501aefd46d ] Request (ServersTestMultiNic:_run_cleanups): 200 GET http://10.180.1.21/compute/v2.1/servers/bc6da94e-4de8-4e56-a071-d04c5e5dad18 0.550s
2025-11-25 11:26:20.341 63204 INFO tempest.lib.common.rest_client [req-eac985bf-030a-4c5f-81c6-eca59a073402 req-eac985bf-030a-4c5f-81c6-eca59a073402 ] Request (ListServersNegativeTestJSON:tearDownClass): 200 PUT http://10.180.1.21:9696/networking/v2.0/routers/9579af22-bb1a-4f20-b459-251f079740c0/remove_router_interface 2.029s
2025-11-25 11:26:20.377 63162 INFO tempest.lib.common.rest_client [req-a2a48884-bc7e-4044-b9e1-f46ee913f1bc req-a2a48884-bc7e-4044-b9e1-f46ee913f1bc ] Request (ServerActionsTestOtherB:test_resize_server_confirm_from_stopped): 200 GET http://10.180.1.21/compute/v2.1/servers/2f7bc586-af68-4d9d-81e2-8247371dfa7f 0.717s
2025-11-25 11:26:20.394 63225 INFO tempest.lib.common.rest_client [req-eea144f0-e0b6-4de1-a3f9-95314effe2ba req-eea144f0-e0b6-4de1-a3f9-95314effe2ba ] Request (ServerPasswordTestJSON:setUpClass): 200 GET http://10.180.1.21/compute/v2.1/servers/1ec89a28-d4f3-4324-bf14-c99c5ce05950 0.628s
2025-11-25 11:26:20.456 63210 INFO tempest.lib.common.rest_client [req-df6ecc8b-7814-4645-a88b-7d3472d6eee2 req-df6ecc8b-7814-4645-a88b-7d3472d6eee2 ] Request (FloatingIPsTestJSON:tearDownClass): 204 DELETE http://10.180.1.21/identity/v3/users/efed99bd096047bb81fdee8564455dd7 0.222s
2025-11-25 11:26:20.457 63210 INFO tempest.lib.common.dynamic_creds [-] Deleting project and security group for project: fb037d01d6984938a281968e0d051132
2025-11-25 11:26:20.499 63206 INFO tempest.lib.common.rest_client [req-118b332d-8bc2-44ae-b29b-663391688143 req-118b332d-8bc2-44ae-b29b-663391688143 ] Request (ServerGroupTestJSON:_run_cleanups): 200 GET http://10.180.1.21/compute/v2.1/servers/1342d15d-fbef-4709-adf6-f827bc13d3ca 0.652s
2025-11-25 11:26:20.500 63178 INFO tempest.lib.common.rest_client [req-0f57a20c-3ff8-49a9-9018-caf115d765bb req-0f57a20c-3ff8-49a9-9018-caf115d765bb ] Request (ServersWithSpecificFlavorTestJSON:_run_cleanups): 200 GET http://10.180.1.21/compute/v2.1/servers/54185b06-7ccb-4740-a6ee-213bbfa6365b 0.568s
2025-11-25 11:26:20.541 63210 INFO tempest.lib.common.rest_client [req-ed6ff4dd-585f-4a80-a8b9-fd13c3bdf79b req-ed6ff4dd-585f-4a80-a8b9-fd13c3bdf79b ] Request (FloatingIPsTestJSON:tearDownClass): 200 GET http://10.180.1.21:9696/networking/v2.0/security-groups?tenant_id=fb037d01d6984938a281968e0d051132&name=default 0.083s
2025-11-25 11:26:20.552 63220 INFO tempest.lib.common.rest_client [req-c01afd6a-6d07-4062-9f77-677556ef6f76 req-c01afd6a-6d07-4062-9f77-677556ef6f76 ] Request (ListImageFiltersTestJSON:setUpClass): 200 GET http://10.180.1.21/compute/v2.1/images/15b4f91d-847d-4ff2-b3e2-8c30c91c4f97 0.571s
2025-11-25 11:26:20.683 63210 INFO tempest.lib.common.rest_client [req-370c7382-78ad-4494-acb6-025b2c10b65d req-370c7382-78ad-4494-acb6-025b2c10b65d ] Request (FloatingIPsTestJSON:tearDownClass): 204 DELETE http://10.180.1.21:9696/networking/v2.0/security-groups/cda1f373-8cf8-4938-8985-6c6db75d6a42 0.142s
2025-11-25 11:26:20.694 63208 INFO tempest.lib.common.rest_client [req-7a051ca0-b61f-4ae6-ad26-027d31d60d8c req-7a051ca0-b61f-4ae6-ad26-027d31d60d8c ] Request (MigrationsAdminTest:test_resize_server_revert_deleted_flavor): 200 GET http://10.180.1.21/compute/v2.1/servers/4cea2bd1-a238-4fb6-bc47-719894461228 0.719s
2025-11-25 11:26:20.726 63216 INFO tempest.lib.common.rest_client [req-145133a9-6e89-4fbd-b217-30a6aa7b017f req-145133a9-6e89-4fbd-b217-30a6aa7b017f ] Request (SecurityGroupsTestJSON:test_security_groups_create_list_delete): 200 POST http://10.180.1.21/compute/v2.1/os-security-groups 0.743s
2025-11-25 11:26:20.769 63222 INFO tempest.lib.common.rest_client [req-dd48a6a4-227c-4a24-86e6-6d0911ae5147 req-dd48a6a4-227c-4a24-86e6-6d0911ae5147 ] Request (ServerRescueTestJSON:tearDownClass): 200 GET http://10.180.1.21/compute/v2.1/servers/8b83f82b-42f7-4f33-abc4-ff278d343309 0.751s
2025-11-25 11:26:20.789 63182 INFO tempest.lib.common.rest_client [req-7f8d92a2-0568-482c-895a-ddb5da1d5f3d req-7f8d92a2-0568-482c-895a-ddb5da1d5f3d ] Request (ServersAdminTestJSON:setUpClass): 200 GET http://10.180.1.21/compute/v2.1/servers/4911baea-15df-46db-be11-fcf998eb0cb6 0.739s
2025-11-25 11:26:20.820 63210 INFO tempest.lib.common.rest_client [req-1238ea1b-77e9-4c20-b05c-74e6e2603a2a req-1238ea1b-77e9-4c20-b05c-74e6e2603a2a ] Request (FloatingIPsTestJSON:tearDownClass): 204 DELETE http://10.180.1.21/identity/v3/projects/fb037d01d6984938a281968e0d051132 0.137s
2025-11-25 11:26:20.855 63192 INFO tempest.lib.common.rest_client [req-c39651ea-5a3a-4f15-9b47-f7e6b4ff7eec req-c39651ea-5a3a-4f15-9b47-f7e6b4ff7eec ] Request (ServerShowV254Test:tearDownClass): 200 GET http://10.180.1.21/compute/v2.1/servers/e6544702-bde7-4056-8a50-adede5c6a9d6 0.747s
2025-11-25 11:26:20.899 63210 INFO tempest.lib.common.rest_client [req-0111c9c7-59b9-4589-857e-8cf7b3f23101 req-0111c9c7-59b9-4589-857e-8cf7b3f23101 ] Request (ImagesMetadataNegativeTestJSON:setUpClass): 201 POST http://10.180.1.21/identity/v3/auth/tokens 0.078s
2025-11-25 11:26:20.901 63204 INFO tempest.lib.common.rest_client [req-2866e181-a081-4080-901c-a64b67ac6393 req-2866e181-a081-4080-901c-a64b67ac6393 ] Request (ListServersNegativeTestJSON:tearDownClass): 204 DELETE http://10.180.1.21:9696/networking/v2.0/routers/9579af22-bb1a-4f20-b459-251f079740c0 0.559s
2025-11-25 11:26:20.934 63180 INFO tempest.lib.common.rest_client [req-9237cfde-6a38-4ed6-87ed-796c99e1926b req-9237cfde-6a38-4ed6-87ed-796c99e1926b ] Request (ServerDiskConfigTestJSON:test_resize_server_from_auto_to_manual): 200 GET http://10.180.1.21/compute/v2.1/servers/557c0538-fc4a-403a-a9cb-b706e2260b1c 0.601s
2025-11-25 11:26:20.941 63220 INFO tempest.lib.common.rest_client [req-a31c4314-8992-464e-9468-2fe012f7067d req-a31c4314-8992-464e-9468-2fe012f7067d ] Request (ListImageFiltersTestJSON:setUpClass): 201 POST http://10.180.1.21/image/v2/images 0.384s
2025-11-25 11:26:20.942 63218 WARNING tempest.lib.common.ssh [-] Failed to establish authenticated ssh connection to cirros@10.180.180.144 ([Errno None] Unable to connect to port 22 on 10.180.180.144). Number attempts: 3. Retry after 4 seconds.: paramiko.ssh_exception.NoValidConnectionsError: [Errno None] Unable to connect to port 22 on 10.180.180.144
2025-11-25 11:26:20.951 63210 INFO tempest.lib.common.rest_client [req-ca6f6b3e-655e-42ba-8f1d-31c8a25dab44 req-ca6f6b3e-655e-42ba-8f1d-31c8a25dab44 ] Request (ImagesMetadataNegativeTestJSON:setUpClass): 201 POST http://10.180.1.21/identity/v3/auth/tokens 0.048s
2025-11-25 11:26:20.979 63210 INFO tempest.lib.common.rest_client [req-c7f37344-43dc-4321-8b2c-29d2576cafed req-c7f37344-43dc-4321-8b2c-29d2576cafed ] Request (ImagesMetadataNegativeTestJSON:setUpClass): 200 GET http://10.180.1.21/identity/v3/domains?name=Default 0.027s
2025-11-25 11:26:21.015 63210 INFO tempest.lib.common.rest_client [req-8779af3e-88c6-4320-89ed-58868c6a2510 req-8779af3e-88c6-4320-89ed-58868c6a2510 ] Request (ImagesMetadataNegativeTestJSON:setUpClass): 201 POST http://10.180.1.21/identity/v3/projects 0.036s
2025-11-25 11:26:21.036 63198 INFO tempest.lib.common.rest_client [req-62b39d73-eb87-430f-809e-823927b589c7 req-62b39d73-eb87-430f-809e-823927b589c7 ] Request (ServerRescueTestJSONUnderV235:setUpClass): 200 GET http://10.180.1.21/compute/v2.1/servers/1d74504f-b641-42c6-a420-c80614d69b23 0.787s
2025-11-25 11:26:21.045 63198 INFO tempest.common.waiters [-] State transition "BUILD/networking" ==> "BUILD/spawning" after 35 second wait
2025-11-25 11:26:21.085 63210 INFO tempest.lib.common.rest_client [req-3df61d9a-57e3-44f6-b0ab-b2f64a94874a req-3df61d9a-57e3-44f6-b0ab-b2f64a94874a ] Request (ImagesMetadataNegativeTestJSON:setUpClass): 201 POST http://10.180.1.21/identity/v3/users 0.068s
2025-11-25 11:26:21.103 63210 INFO tempest.lib.common.rest_client [req-b89afa43-e86a-420b-9846-540592b0d74f req-b89afa43-e86a-420b-9846-540592b0d74f ] Request (ImagesMetadataNegativeTestJSON:setUpClass): 200 GET http://10.180.1.21/identity/v3/roles 0.018s
2025-11-25 11:26:21.132 63210 INFO tempest.lib.common.rest_client [req-af762e5b-3f6e-4470-b0da-f395fc466da8 req-af762e5b-3f6e-4470-b0da-f395fc466da8 ] Request (ImagesMetadataNegativeTestJSON:setUpClass): 204 PUT http://10.180.1.21/identity/v3/projects/6f1c9fb0a6e7491eace883f967a4157b/users/aa5e5b0399554c60bf05f0a88dcc4cde/roles/1192969ae7e0420aa330e11a1793ffae 0.029s
2025-11-25 11:26:21.132 63210 INFO tempest.lib.common.dynamic_creds [-] Dynamic test user aa5e5b0399554c60bf05f0a88dcc4cde is created with scope project and roles: ['member']
2025-11-25 11:26:21.133 63210 INFO tempest.lib.common.dynamic_creds [-] Acquired dynamic creds: credentials: Credentials: {'domain_id': 'default', 'domain_name': 'Default', 'username': 'tempest-ImagesMetadataNegativeTestJSON-1106119534-project-member', 'project_domain_id': 'default', 'project_domain_name': 'Default', 'project_id': '6f1c9fb0a6e7491eace883f967a4157b', 'project_name': 'tempest-ImagesMetadataNegativeTestJSON-1106119534', 'tenant_id': '6f1c9fb0a6e7491eace883f967a4157b', 'tenant_name': 'tempest-ImagesMetadataNegativeTestJSON-1106119534', 'user_domain_id': 'default', 'user_domain_name': 'Default', 'user_id': 'aa5e5b0399554c60bf05f0a88dcc4cde', 'system': None}, Network: None, Subnet: None, Router: None
2025-11-25 11:26:21.133 63210 INFO tempest.lib.common.dynamic_creds [-] Created isolated network resources for: credentials: Credentials: {'domain_id': 'default', 'domain_name': 'Default', 'username': 'tempest-ImagesMetadataNegativeTestJSON-1106119534-project-member', 'project_domain_id': 'default', 'project_domain_name': 'Default', 'project_id': '6f1c9fb0a6e7491eace883f967a4157b', 'project_name': 'tempest-ImagesMetadataNegativeTestJSON-1106119534', 'tenant_id': '6f1c9fb0a6e7491eace883f967a4157b', 'tenant_name': 'tempest-ImagesMetadataNegativeTestJSON-1106119534', 'user_domain_id': 'default', 'user_domain_name': 'Default', 'user_id': 'aa5e5b0399554c60bf05f0a88dcc4cde', 'system': None}, Network: None, Subnet: None, Router: None
2025-11-25 11:26:21.221 63210 INFO tempest.lib.common.rest_client [req-c7ee9316-d205-4593-857f-6a1e7669a76a req-c7ee9316-d205-4593-857f-6a1e7669a76a ] Request (ImagesMetadataNegativeTestJSON:setUpClass): 201 POST http://10.180.1.21/identity/v3/auth/tokens 0.083s
2025-11-25 11:26:21.336 63213 INFO tempest.lib.common.rest_client [req-0e7d4cc3-c07e-4fc7-a6a4-e0bb37d9d7e5 req-0e7d4cc3-c07e-4fc7-a6a4-e0bb37d9d7e5 ] Request (DeleteServersTestJSON:test_delete_active_server): 200 GET http://10.180.1.21/compute/v2.1/servers/968cbfbe-1570-48d6-890d-c7a680855574 0.879s
2025-11-25 11:26:21.344 63213 INFO tempest.common.waiters [-] State transition "ACTIVE/deleting" ==> "DELETED/None" after 3 second wait
2025-11-25 11:26:21.365 63166 INFO tempest.lib.common.rest_client [req-c5511965-74d9-4d92-9760-ed8c44bb0a78 req-c5511965-74d9-4d92-9760-ed8c44bb0a78 ] Request (ServersTestJSON:test_create_server_specify_multibyte_character_name): 200 GET http://10.180.1.21/compute/v2.1/servers/e061304c-998b-4331-b60d-809916844a6f 0.974s
2025-11-25 11:26:21.417 63204 INFO tempest.lib.common.rest_client [req-150469bf-2943-4c28-bad2-23990ff8d458 req-150469bf-2943-4c28-bad2-23990ff8d458 ] Request (ListServersNegativeTestJSON:tearDownClass): 204 DELETE http://10.180.1.21:9696/networking/v2.0/subnets/29d63137-c141-40e1-b12b-0bc0808267d1 0.516s
2025-11-25 11:26:21.436 63164 INFO tempest.lib.common.rest_client [req-b9479163-40a2-44cd-a31d-733aa306d547 req-b9479163-40a2-44cd-a31d-733aa306d547 ] Request (ListServerFiltersTestJSON:setUpClass): 200 GET http://10.180.1.21/compute/v2.1/servers/baf28ebf-3ab8-465c-a13b-705ccf3510dc 0.771s
2025-11-25 11:26:21.442 63174 INFO tempest.lib.common.rest_client [req-90bdff95-fb4b-4f7b-b6cf-755c687699b1 req-90bdff95-fb4b-4f7b-b6cf-755c687699b1 ] Request (ServersTestManualDisk:tearDownClass): 200 GET http://10.180.1.21/compute/v2.1/servers/fed831e0-4518-4025-89b1-7f6b644e013d 0.864s
2025-11-25 11:26:21.583 63188 INFO tempest.lib.common.rest_client [req-dcf5ecfd-c59e-4013-98af-ccf1461be811 req-dcf5ecfd-c59e-4013-98af-ccf1461be811 ] Request (AttachInterfacesTestJSON:test_create_list_show_delete_interfaces_by_network_port): 200 GET http://10.180.1.21/compute/v2.1/servers/2d48056c-d38f-4be1-b28b-71da14607870 0.898s
2025-11-25 11:26:21.592 63188 INFO tempest.common.waiters [-] State transition "BUILD/spawning" ==> "ACTIVE/None" after 38 second wait
2025-11-25 11:26:21.606 63216 INFO tempest.lib.common.rest_client [req-a3fcb8ee-0267-4b1a-b046-4b9fbc1ba107 req-a3fcb8ee-0267-4b1a-b046-4b9fbc1ba107 ] Request (SecurityGroupsTestJSON:test_security_groups_create_list_delete): 200 POST http://10.180.1.21/compute/v2.1/os-security-groups 0.876s
2025-11-25 11:26:21.669 63190 INFO tempest.lib.common.rest_client [req-8053a167-e0f0-43d4-83a0-af442a256939 req-8053a167-e0f0-43d4-83a0-af442a256939 ] Request (ServersAdmin275Test:tearDownClass): 200 GET http://10.180.1.21/compute/v2.1/servers/cead3557-080d-4956-a957-cac449bb69f6 0.883s
2025-11-25 11:26:21.673 63202 INFO tempest.lib.common.rest_client [req-f8147cce-e2a5-4ff9-8ee8-a702a715b9be req-f8147cce-e2a5-4ff9-8ee8-a702a715b9be ] Request (ServerAddressesTestJSON:setUpClass): 200 GET http://10.180.1.21/compute/v2.1/servers/45644d9d-1d7d-4c2c-825d-fb3a2f6f2776 0.821s
2025-11-25 11:26:21.743 63194 INFO tempest.lib.common.rest_client [req-ec3e3716-af43-4467-a610-a576ac23a4bd req-ec3e3716-af43-4467-a610-a576ac23a4bd ] Request (ServersTestJSON:tearDownClass): 200 GET http://10.180.1.21/compute/v2.1/servers/4496a977-30b2-4323-a561-884633958cdf 0.798s
2025-11-25 11:26:21.745 63172 INFO tempest.lib.common.rest_client [req-ca2608c9-849a-4281-a9da-15743ff52c15 req-ca2608c9-849a-4281-a9da-15743ff52c15 ] Request (FloatingIPsAssociationTestJSON:test_associate_already_associated_floating_ip): 200 GET http://10.180.1.21/compute/v2.1/servers/397c5401-a435-4170-b07d-a03488c73867 0.658s
2025-11-25 11:26:21.823 63196 INFO tempest.lib.common.rest_client [req-3ed7c2c3-2724-4da3-b894-a7eeab37ebbb req-3ed7c2c3-2724-4da3-b894-a7eeab37ebbb ] Request (AttachVolumeShelveTestJSON:test_attach_volume_shelved_or_offload_server): 200 GET http://10.180.1.21/compute/v2.1/servers/dc99b470-4334-408d-8853-d2e9b9204d04 0.618s
2025-11-25 11:26:21.827 63184 INFO tempest.lib.common.rest_client [req-19159d50-b9a8-4dbf-80a9-622751ead880 req-19159d50-b9a8-4dbf-80a9-622751ead880 ] Request (ImagesTestJSON:test_create_server_from_snapshot): 200 GET http://10.180.1.21/compute/v2.1/servers/b77a3d27-fe9f-49fc-95d1-15fe82762833 0.723s
2025-11-25 11:26:21.873 63204 INFO tempest.lib.common.rest_client [req-97b32b03-6e69-4145-8627-b13ea02f6ec2 req-97b32b03-6e69-4145-8627-b13ea02f6ec2 ] Request (ListServersNegativeTestJSON:tearDownClass): 204 DELETE http://10.180.1.21:9696/networking/v2.0/networks/24f7a334-5551-4a4c-9d56-f67e363a98ac 0.456s
2025-11-25 11:26:21.902 63176 INFO tempest.lib.common.rest_client [req-29e12aaf-c01f-40e3-9925-96406795d259 req-29e12aaf-c01f-40e3-9925-96406795d259 ] Request (ServersTestMultiNic:_run_cleanups): 200 GET http://10.180.1.21/compute/v2.1/servers/bc6da94e-4de8-4e56-a071-d04c5e5dad18 0.587s
2025-11-25 11:26:21.940 63210 INFO tempest.lib.common.rest_client [req-9bb69377-3d5f-468b-85ff-206c85314e49 req-9bb69377-3d5f-468b-85ff-206c85314e49 ] Request (ImagesMetadataNegativeTestJSON:test_delete_nonexistent_image_metadata_item): 404 DELETE http://10.180.1.21/compute/v2.1/images/c8984e7e-3ae6-4b2d-a0fd-c0a71a340d44/metadata/os_distro 0.717s
2025-11-25 11:26:21.998 63204 INFO tempest.lib.common.rest_client [req-fcc628db-440c-4af2-ac91-073d138ddd88 req-fcc628db-440c-4af2-ac91-073d138ddd88 ] Request (ListServersNegativeTestJSON:tearDownClass): 204 DELETE http://10.180.1.21/identity/v3/users/b603a1ee50c34178992cdb26f88c3863 0.124s
2025-11-25 11:26:21.998 63204 INFO tempest.lib.common.dynamic_creds [-] Deleting project and security group for project: 7dd71bf518024821931bb9add9996d4e
2025-11-25 11:26:22.017 63225 INFO tempest.lib.common.rest_client [req-c818e13f-9821-4b9e-a283-aec7a1603a3d req-c818e13f-9821-4b9e-a283-aec7a1603a3d ] Request (ServerPasswordTestJSON:setUpClass): 200 GET http://10.180.1.21/compute/v2.1/servers/1ec89a28-d4f3-4324-bf14-c99c5ce05950 0.604s
2025-11-25 11:26:22.033 63204 INFO tempest.lib.common.rest_client [req-98c3ee72-13ee-42c9-b952-8361afb0f6b4 req-98c3ee72-13ee-42c9-b952-8361afb0f6b4 ] Request (ListServersNegativeTestJSON:tearDownClass): 200 GET http://10.180.1.21:9696/networking/v2.0/security-groups?tenant_id=7dd71bf518024821931bb9add9996d4e&name=default 0.035s
2025-11-25 11:26:22.042 63206 INFO tempest.lib.common.rest_client [req-4664dbc9-bbd4-4ba5-a186-d932ff903679 req-4664dbc9-bbd4-4ba5-a186-d932ff903679 ] Request (ServerGroupTestJSON:_run_cleanups): 404 GET http://10.180.1.21/compute/v2.1/servers/1342d15d-fbef-4709-adf6-f827bc13d3ca 0.534s
2025-11-25 11:26:22.062 63162 INFO tempest.lib.common.rest_client [req-0d8844f1-8855-4670-8a96-f1d5026b392a req-0d8844f1-8855-4670-8a96-f1d5026b392a ] Request (ServerActionsTestOtherB:test_resize_server_confirm_from_stopped): 200 GET http://10.180.1.21/compute/v2.1/servers/2f7bc586-af68-4d9d-81e2-8247371dfa7f 0.672s
2025-11-25 11:26:22.121 63178 INFO tempest.lib.common.rest_client [req-5592a3be-342f-4116-80cc-35aca9d1a9b4 req-5592a3be-342f-4116-80cc-35aca9d1a9b4 ] Request (ServersWithSpecificFlavorTestJSON:_run_cleanups): 200 GET http://10.180.1.21/compute/v2.1/servers/54185b06-7ccb-4740-a6ee-213bbfa6365b 0.612s
2025-11-25 11:26:22.129 63204 INFO tempest.lib.common.rest_client [req-4a459504-ccdb-442d-bc9d-1eb68b7874c7 req-4a459504-ccdb-442d-bc9d-1eb68b7874c7 ] Request (ListServersNegativeTestJSON:tearDownClass): 204 DELETE http://10.180.1.21:9696/networking/v2.0/security-groups/037af277-a74d-482c-b3ec-c4b5f5f92980 0.095s
2025-11-25 11:26:22.134 63188 INFO tempest.lib.common.rest_client [req-d4755740-7536-4f43-b2f3-4d0d044dd19a req-d4755740-7536-4f43-b2f3-4d0d044dd19a ] Request (AttachInterfacesTestJSON:test_create_list_show_delete_interfaces_by_network_port): 200 GET http://10.180.1.21/compute/v2.1/servers/2d48056c-d38f-4be1-b28b-71da14607870/os-interface 0.541s
2025-11-25 11:26:22.243 63204 INFO tempest.lib.common.rest_client [req-c060e3a3-5641-4b8d-a742-c056d4c64634 req-c060e3a3-5641-4b8d-a742-c056d4c64634 ] Request (ListServersNegativeTestJSON:tearDownClass): 204 DELETE http://10.180.1.21/identity/v3/projects/7dd71bf518024821931bb9add9996d4e 0.113s
2025-11-25 11:26:22.269 63216 INFO tempest.lib.common.rest_client [req-dbfc10ea-4408-4422-9319-e95569fd493b req-dbfc10ea-4408-4422-9319-e95569fd493b ] Request (SecurityGroupsTestJSON:test_security_groups_create_list_delete): 200 GET http://10.180.1.21/compute/v2.1/os-security-groups 0.654s
2025-11-25 11:26:22.287 63208 INFO tempest.lib.common.rest_client [req-a85d74e2-5174-488a-b0ed-f42b953a1821 req-a85d74e2-5174-488a-b0ed-f42b953a1821 ] Request (MigrationsAdminTest:test_resize_server_revert_deleted_flavor): 200 GET http://10.180.1.21/compute/v2.1/servers/4cea2bd1-a238-4fb6-bc47-719894461228 0.583s
2025-11-25 11:26:22.345 63204 INFO tempest.lib.common.rest_client [req-fdefbea1-7b6b-4baa-9774-4e04ed09cfe6 req-fdefbea1-7b6b-4baa-9774-4e04ed09cfe6 ] Request (MultipleCreateTestJSON:setUpClass): 201 POST http://10.180.1.21/identity/v3/auth/tokens 0.100s
2025-11-25 11:26:22.387 63182 INFO tempest.lib.common.rest_client [req-e98d68c9-3d4d-428d-b7cc-b846ac7c9921 req-e98d68c9-3d4d-428d-b7cc-b846ac7c9921 ] Request (ServersAdminTestJSON:setUpClass): 200 GET http://10.180.1.21/compute/v2.1/servers/4911baea-15df-46db-be11-fcf998eb0cb6 0.590s
2025-11-25 11:26:22.395 63204 INFO tempest.lib.common.rest_client [req-80d67410-54ee-4087-863b-2fab23990ba2 req-80d67410-54ee-4087-863b-2fab23990ba2 ] Request (MultipleCreateTestJSON:setUpClass): 201 POST http://10.180.1.21/identity/v3/auth/tokens 0.045s
2025-11-25 11:26:22.398 63182 INFO tempest.common.waiters [-] State transition "BUILD/scheduling" ==> "BUILD/None" after 17 second wait
2025-11-25 11:26:22.405 63222 INFO tempest.lib.common.rest_client [req-4818b4bb-f39b-4842-a7fe-cf8f9c4104b3 req-4818b4bb-f39b-4842-a7fe-cf8f9c4104b3 ] Request (ServerRescueTestJSON:tearDownClass): 200 GET http://10.180.1.21/compute/v2.1/servers/8b83f82b-42f7-4f33-abc4-ff278d343309 0.627s
2025-11-25 11:26:22.430 63210 INFO tempest.lib.common.rest_client [req-80c5fc14-8102-4200-b2bc-b0f1a84e6568 req-80c5fc14-8102-4200-b2bc-b0f1a84e6568 ] Request (ImagesMetadataNegativeTestJSON:test_get_nonexistent_image_metadata_item): 404 GET http://10.180.1.21/compute/v2.1/images/fcffecdc-a16e-483f-8b5a-ee6a7cd9814d/metadata/os_version 0.489s
2025-11-25 11:26:22.432 63204 INFO tempest.lib.common.rest_client [req-6e83047c-516c-4945-89fc-bce113982d41 req-6e83047c-516c-4945-89fc-bce113982d41 ] Request (MultipleCreateTestJSON:setUpClass): 200 GET http://10.180.1.21/identity/v3/domains?name=Default 0.037s
2025-11-25 11:26:22.474 63204 INFO tempest.lib.common.rest_client [req-eda92e7b-313e-4543-bce0-db8a0f8694e9 req-eda92e7b-313e-4543-bce0-db8a0f8694e9 ] Request (MultipleCreateTestJSON:setUpClass): 201 POST http://10.180.1.21/identity/v3/projects 0.041s
2025-11-25 11:26:22.487 63192 INFO tempest.lib.common.rest_client [req-5a0c1c11-7472-4fbb-9a1d-adae7f8164bb req-5a0c1c11-7472-4fbb-9a1d-adae7f8164bb ] Request (ServerShowV254Test:tearDownClass): 200 GET http://10.180.1.21/compute/v2.1/servers/e6544702-bde7-4056-8a50-adede5c6a9d6 0.618s
2025-11-25 11:26:22.509 63180 INFO tempest.lib.common.rest_client [req-8b945277-ddf3-4992-8063-b2003c23133a req-8b945277-ddf3-4992-8063-b2003c23133a ] Request (ServerDiskConfigTestJSON:test_resize_server_from_auto_to_manual): 200 GET http://10.180.1.21/compute/v2.1/servers/557c0538-fc4a-403a-a9cb-b706e2260b1c 0.561s
2025-11-25 11:26:22.527 63206 INFO tempest.lib.common.rest_client [req-6901e3f1-0d87-450f-81dd-3a56ca6dc4f7 req-6901e3f1-0d87-450f-81dd-3a56ca6dc4f7 ] Request (ServerGroupTestJSON:test_list_server_groups): 200 GET http://10.180.1.21/compute/v2.1/os-server-groups 0.484s
2025-11-25 11:26:22.555 63204 INFO tempest.lib.common.rest_client [req-e634135b-4053-4479-aff4-fb911334f9cc req-e634135b-4053-4479-aff4-fb911334f9cc ] Request (MultipleCreateTestJSON:setUpClass): 201 POST http://10.180.1.21/identity/v3/users 0.080s
2025-11-25 11:26:22.574 63204 INFO tempest.lib.common.rest_client [req-68864ab5-dac1-4e84-9c13-9555dcb2549a req-68864ab5-dac1-4e84-9c13-9555dcb2549a ] Request (MultipleCreateTestJSON:setUpClass): 200 GET http://10.180.1.21/identity/v3/roles 0.019s
2025-11-25 11:26:22.607 63204 INFO tempest.lib.common.rest_client [req-a917e5a3-47d4-451f-bf1f-1b7cd018adeb req-a917e5a3-47d4-451f-bf1f-1b7cd018adeb ] Request (MultipleCreateTestJSON:setUpClass): 204 PUT http://10.180.1.21/identity/v3/projects/1873cee9895d48cb97914fd7ca8392a0/users/3757ee859d1a4cebbcc504c8c92f6489/roles/1192969ae7e0420aa330e11a1793ffae 0.032s
2025-11-25 11:26:22.607 63204 INFO tempest.lib.common.dynamic_creds [-] Dynamic test user 3757ee859d1a4cebbcc504c8c92f6489 is created with scope project and roles: ['member']
2025-11-25 11:26:22.607 63204 INFO tempest.lib.common.dynamic_creds [-] Acquired dynamic creds: credentials: Credentials: {'domain_id': 'default', 'domain_name': 'Default', 'username': 'tempest-MultipleCreateTestJSON-1768884473-project-member', 'project_domain_id': 'default', 'project_domain_name': 'Default', 'project_id': '1873cee9895d48cb97914fd7ca8392a0', 'project_name': 'tempest-MultipleCreateTestJSON-1768884473', 'tenant_id': '1873cee9895d48cb97914fd7ca8392a0', 'tenant_name': 'tempest-MultipleCreateTestJSON-1768884473', 'user_domain_id': 'default', 'user_domain_name': 'Default', 'user_id': '3757ee859d1a4cebbcc504c8c92f6489', 'system': None}, Network: None, Subnet: None, Router: None
2025-11-25 11:26:22.678 63198 INFO tempest.lib.common.rest_client [req-d7c9a194-6a8b-4bf3-b3e5-ecd68d2e0e38 req-d7c9a194-6a8b-4bf3-b3e5-ecd68d2e0e38 ] Request (ServerRescueTestJSONUnderV235:setUpClass): 200 GET http://10.180.1.21/compute/v2.1/servers/1d74504f-b641-42c6-a420-c80614d69b23 0.631s
2025-11-25 11:26:22.682 63204 INFO tempest.lib.common.rest_client [req-16442382-25eb-491c-8133-bab3ce98fea5 req-16442382-25eb-491c-8133-bab3ce98fea5 ] Request (MultipleCreateTestJSON:setUpClass): 201 POST http://10.180.1.21/identity/v3/auth/tokens 0.074s
2025-11-25 11:26:22.722 63216 INFO tempest.lib.common.rest_client [req-2a92aa3b-765f-4ac5-9f86-173757c9c880 req-2a92aa3b-765f-4ac5-9f86-173757c9c880 ] Request (SecurityGroupsTestJSON:test_security_groups_create_list_delete): 202 DELETE http://10.180.1.21/compute/v2.1/os-security-groups/61c1ba25-ad2e-4fbb-acf2-8f389e3cc5eb 0.449s
2025-11-25 11:26:22.737 63220 INFO tempest.lib.common.rest_client [req-9835b691-1ef8-4451-95f7-b9760a60f862 req-9835b691-1ef8-4451-95f7-b9760a60f862 ] Request (ListImageFiltersTestJSON:setUpClass): 204 PUT http://10.180.1.21/image/v2/images/d1f0ed83-acf7-40c5-ae80-a9a671e21f98/file 0.795s
2025-11-25 11:26:22.754 63213 INFO tempest.lib.common.rest_client [req-7fd06632-8077-4248-8433-3e32e74c4ec6 req-7fd06632-8077-4248-8433-3e32e74c4ec6 ] Request (DeleteServersTestJSON:test_delete_active_server): 200 GET http://10.180.1.21/compute/v2.1/servers/968cbfbe-1570-48d6-890d-c7a680855574 0.409s
2025-11-25 11:26:22.773 63210 INFO tempest.lib.common.rest_client [req-905ba921-8a0f-40c9-aae9-62c2826edd0d req-905ba921-8a0f-40c9-aae9-62c2826edd0d ] Request (ImagesMetadataNegativeTestJSON:test_list_nonexistent_image_metadata): 404 GET http://10.180.1.21/compute/v2.1/images/4eb35e6c-690b-4d3c-9c93-95a88b92ccd1/metadata 0.342s
2025-11-25 11:26:22.853 63164 INFO tempest.lib.common.rest_client [req-30474d27-6429-478b-ae3b-b5024fa1bd22 req-30474d27-6429-478b-ae3b-b5024fa1bd22 ] Request (ListServerFiltersTestJSON:setUpClass): 200 GET http://10.180.1.21/compute/v2.1/servers/baf28ebf-3ab8-465c-a13b-705ccf3510dc 0.403s
2025-11-25 11:26:22.872 63166 INFO tempest.lib.common.rest_client [req-9ae85e6a-1cf3-46e0-9c6c-fc8d7335730d req-9ae85e6a-1cf3-46e0-9c6c-fc8d7335730d ] Request (ServersTestJSON:test_create_server_specify_multibyte_character_name): 200 GET http://10.180.1.21/compute/v2.1/servers/e061304c-998b-4331-b60d-809916844a6f 0.499s
2025-11-25 11:26:22.895 63206 INFO tempest.lib.common.rest_client [req-96fc32ca-7c5c-442f-a285-89735cd1bbd4 req-96fc32ca-7c5c-442f-a285-89735cd1bbd4 ] Request (ServerGroupTestJSON:test_show_server_group): 200 GET http://10.180.1.21/compute/v2.1/os-server-groups/624ffc8c-2c06-4d0f-9bed-ed792bb4af00 0.366s
2025-11-25 11:26:22.928 63174 INFO tempest.lib.common.rest_client [req-4acc45a7-83d3-4a89-8df6-3f741f497c00 req-4acc45a7-83d3-4a89-8df6-3f741f497c00 ] Request (ServersTestManualDisk:tearDownClass): 200 GET http://10.180.1.21/compute/v2.1/servers/fed831e0-4518-4025-89b1-7f6b644e013d 0.473s
2025-11-25 11:26:22.989 63190 INFO tempest.lib.common.rest_client [req-48762e08-64a6-43a8-be9d-a774f560d3bb req-48762e08-64a6-43a8-be9d-a774f560d3bb ] Request (ServersAdmin275Test:tearDownClass): 200 GET http://10.180.1.21/compute/v2.1/servers/cead3557-080d-4956-a957-cac449bb69f6 0.305s
2025-11-25 11:26:23.016 63216 INFO tempest.lib.common.rest_client [req-f6746c48-c54c-4a22-b833-b8cb4f68db09 req-f6746c48-c54c-4a22-b833-b8cb4f68db09 ] Request (SecurityGroupsTestJSON:test_security_groups_create_list_delete): 404 GET http://10.180.1.21/compute/v2.1/os-security-groups/61c1ba25-ad2e-4fbb-acf2-8f389e3cc5eb 0.293s
2025-11-25 11:26:23.030 63202 INFO tempest.lib.common.rest_client [req-b2acba54-68d0-4c6c-ba72-02dcd9762b21 req-b2acba54-68d0-4c6c-ba72-02dcd9762b21 ] Request (ServerAddressesTestJSON:setUpClass): 200 GET http://10.180.1.21/compute/v2.1/servers/45644d9d-1d7d-4c2c-825d-fb3a2f6f2776 0.341s
2025-11-25 11:26:23.064 63220 INFO tempest.lib.common.rest_client [req-2573d870-b9fe-49f0-9eae-51647b6100fe req-2573d870-b9fe-49f0-9eae-51647b6100fe ] Request (ListImageFiltersTestJSON:setUpClass): 200 GET http://10.180.1.21/compute/v2.1/images/d1f0ed83-acf7-40c5-ae80-a9a671e21f98 0.327s
2025-11-25 11:26:23.068 63204 INFO tempest.lib.common.rest_client [req-9e33c042-f5c9-4f41-88eb-5758548be5fe req-9e33c042-f5c9-4f41-88eb-5758548be5fe ] Request (MultipleCreateTestJSON:setUpClass): 201 POST http://10.180.1.21:9696/networking/v2.0/networks 0.385s
2025-11-25 11:26:23.104 63194 INFO tempest.lib.common.rest_client [req-cbb3664b-eeec-42f4-b0e3-edc8ce99c554 req-cbb3664b-eeec-42f4-b0e3-edc8ce99c554 ] Request (ServersTestJSON:tearDownClass): 200 GET http://10.180.1.21/compute/v2.1/servers/4496a977-30b2-4323-a561-884633958cdf 0.351s
2025-11-25 11:26:23.127 63172 INFO tempest.lib.common.rest_client [req-1d34e835-c398-4837-986e-5106c77307a7 req-1d34e835-c398-4837-986e-5106c77307a7 ] Request (FloatingIPsAssociationTestJSON:test_associate_already_associated_floating_ip): 200 GET http://10.180.1.21/compute/v2.1/servers/397c5401-a435-4170-b07d-a03488c73867 0.372s
2025-11-25 11:26:23.130 63210 INFO tempest.lib.common.rest_client [req-815592fb-c79a-4887-af64-fb96bbeb0573 req-815592fb-c79a-4887-af64-fb96bbeb0573 ] Request (ImagesMetadataNegativeTestJSON:test_set_nonexistent_image_metadata): 404 PUT http://10.180.1.21/compute/v2.1/images/ebc1ff6a-5fa8-4936-9aac-7001c5a401af/metadata 0.355s
2025-11-25 11:26:23.149 63188 INFO tempest.lib.common.rest_client [req-dd8c72b3-4006-4e9d-9d51-08fd62af035f req-dd8c72b3-4006-4e9d-9d51-08fd62af035f ] Request (AttachInterfacesTestJSON:test_create_list_show_delete_interfaces_by_network_port): 200 PUT http://10.180.1.21:9696/networking/v2.0/floatingips/f44d9e8e-4445-464b-b89e-41f59b933d19 1.013s
2025-11-25 11:26:23.200 63184 INFO tempest.lib.common.rest_client [req-b246c1c2-63d0-4e3d-8297-043d6485ed5a req-b246c1c2-63d0-4e3d-8297-043d6485ed5a ] Request (ImagesTestJSON:test_create_server_from_snapshot): 200 GET http://10.180.1.21/compute/v2.1/servers/b77a3d27-fe9f-49fc-95d1-15fe82762833 0.362s
2025-11-25 11:26:23.202 63196 INFO tempest.lib.common.rest_client [req-f5b57c7c-812c-4321-a6eb-c54b34ec777d req-f5b57c7c-812c-4321-a6eb-c54b34ec777d ] Request (AttachVolumeShelveTestJSON:test_attach_volume_shelved_or_offload_server): 200 GET http://10.180.1.21/compute/v2.1/servers/dc99b470-4334-408d-8853-d2e9b9204d04 0.366s
2025-11-25 11:26:23.222 63206 INFO tempest.lib.common.rest_client [req-a364a036-9bbe-42d6-ac90-7322e70a4d7f req-a364a036-9bbe-42d6-ac90-7322e70a4d7f ] Request (ServerGroupTestJSON:tearDownClass): 404 DELETE http://10.180.1.21/compute/v2.1/servers/1342d15d-fbef-4709-adf6-f827bc13d3ca 0.324s
2025-11-25 11:26:23.278 63176 INFO tempest.lib.common.rest_client [req-680f242f-27f5-4da4-bb43-bc6e9949fc51 req-680f242f-27f5-4da4-bb43-bc6e9949fc51 ] Request (ServersTestMultiNic:_run_cleanups): 200 GET http://10.180.1.21/compute/v2.1/servers/bc6da94e-4de8-4e56-a071-d04c5e5dad18 0.364s
2025-11-25 11:26:23.339 63204 INFO tempest.lib.common.rest_client [req-518e7337-c130-43a4-bd9d-041dbf80f140 req-518e7337-c130-43a4-bd9d-041dbf80f140 ] Request (MultipleCreateTestJSON:setUpClass): 201 POST http://10.180.1.21:9696/networking/v2.0/subnets 0.270s
2025-11-25 11:26:23.397 63225 INFO tempest.lib.common.rest_client [req-ac28aa2b-81d3-4188-a8ad-19d9d8d5ff88 req-ac28aa2b-81d3-4188-a8ad-19d9d8d5ff88 ] Request (ServerPasswordTestJSON:setUpClass): 200 GET http://10.180.1.21/compute/v2.1/servers/1ec89a28-d4f3-4324-bf14-c99c5ce05950 0.372s
2025-11-25 11:26:23.428 63216 INFO tempest.lib.common.rest_client [req-1be5338d-edcb-45cf-9b62-554a6eb568d7 req-1be5338d-edcb-45cf-9b62-554a6eb568d7 ] Request (SecurityGroupsTestJSON:test_security_groups_create_list_delete): 202 DELETE http://10.180.1.21/compute/v2.1/os-security-groups/2cea0da1-4b6d-4607-aac6-20f0d0356986 0.412s
2025-11-25 11:26:23.435 63220 INFO tempest.lib.common.rest_client [req-fba98d2d-742f-4ccc-aab2-9f7f030e72c5 req-fba98d2d-742f-4ccc-aab2-9f7f030e72c5 ] Request (ListImageFiltersTestJSON:setUpClass): 200 GET http://10.180.1.21/compute/v2.1/images/d1f0ed83-acf7-40c5-ae80-a9a671e21f98 0.368s
2025-11-25 11:26:23.456 63210 INFO tempest.lib.common.rest_client [req-28a314b6-0e96-4d3e-8f25-f0fe1813f97c req-28a314b6-0e96-4d3e-8f25-f0fe1813f97c ] Request (ImagesMetadataNegativeTestJSON:test_set_nonexistent_image_metadata_item): 404 PUT http://10.180.1.21/compute/v2.1/images/e8b3e16b-e3a0-415f-b69a-56cb1fa2efad/metadata/os_distro 0.324s
2025-11-25 11:26:23.532 63178 INFO tempest.lib.common.rest_client [req-fea84d15-b2f3-462b-8f04-e4c7a1c2404d req-fea84d15-b2f3-462b-8f04-e4c7a1c2404d ] Request (ServersWithSpecificFlavorTestJSON:_run_cleanups): 200 GET http://10.180.1.21/compute/v2.1/servers/54185b06-7ccb-4740-a6ee-213bbfa6365b 0.400s
2025-11-25 11:26:23.648 63162 INFO tempest.lib.common.rest_client [req-1553e32c-bb0a-4ea1-9710-7d85e07d2598 req-1553e32c-bb0a-4ea1-9710-7d85e07d2598 ] Request (ServerActionsTestOtherB:test_resize_server_confirm_from_stopped): 200 GET http://10.180.1.21/compute/v2.1/servers/2f7bc586-af68-4d9d-81e2-8247371dfa7f 0.574s
2025-11-25 11:26:23.673 63206 INFO tempest.lib.common.rest_client [req-cc235e9e-ca3f-4046-ba9b-e76ee8431c68 req-cc235e9e-ca3f-4046-ba9b-e76ee8431c68 ] Request (ServerGroupTestJSON:tearDownClass): 404 GET http://10.180.1.21/compute/v2.1/servers/1342d15d-fbef-4709-adf6-f827bc13d3ca 0.451s
2025-11-25 11:26:23.689 63188 INFO tempest.lib.common.rest_client [req-0ad14b25-bf7b-429e-af8a-79e33cf72e65 req-0ad14b25-bf7b-429e-af8a-79e33cf72e65 ] Request (AttachInterfacesTestJSON:test_create_list_show_delete_interfaces_by_network_port): 200 GET http://10.180.1.21/compute/v2.1/servers/2d48056c-d38f-4be1-b28b-71da14607870 0.539s
2025-11-25 11:26:23.698 63188 INFO tempest.lib.common.ssh [-] Creating ssh connection to '10.180.180.181:22' as 'cirros' with public key authentication
2025-11-25 11:26:23.758 63182 INFO tempest.lib.common.rest_client [req-5c1ae7c6-ba6a-4f2f-ae6d-11e24a1a3c78 req-5c1ae7c6-ba6a-4f2f-ae6d-11e24a1a3c78 ] Request (ServersAdminTestJSON:setUpClass): 200 GET http://10.180.1.21/compute/v2.1/servers/4911baea-15df-46db-be11-fcf998eb0cb6 0.356s
