2025-11-20 18:02:38.059 66421 INFO tempest.lib.common.fixed_network [-] (AttachVolumeShelveTestJSON:test_attach_volume_shelved_or_offload_server) Found network {'id': 'a806f894-54e0-47b0-803f-8fd4af6544b3', 'name': 'tempest-AttachVolumeShelveTestJSON-649457464-network', 'tenant_id': '1c13801fa7204e90b18d600e0dc0ab5b', 'project_id': '1c13801fa7204e90b18d600e0dc0ab5b', 'admin_state_up': True, 'mtu': 8950, 'status': 'ACTIVE', 'subnets': [], 'shared': False, 'port_security_enabled': True, 'router:external': False, 'provider:network_type': 'vlan', 'provider:physical_network': 'default', 'provider:segmentation_id': 564, 'availability_zone_hints': [], 'availability_zones': [], 'ipv4_address_scope': None, 'ipv6_address_scope': None, 'description': '', 'tags': [], 'created_at': '2025-11-20T18:02:32Z', 'updated_at': '2025-11-20T18:02:32Z', 'revision_number': 1} available for tenant
2025-11-20 18:02:38.061 66375 INFO tempest.lib.common.rest_client [req-e6f80c57-5f32-4eca-9f7e-760c9e906401 req-e6f80c57-5f32-4eca-9f7e-760c9e906401 ] Request (SecurityGroupRulesNegativeTestJSON:tearDownClass): 202 DELETE http://10.180.1.21/compute/v2.1/os-security-groups/8faecdb0-4fbf-4d0f-ac8f-b20fbc027eac 1.364s
2025-11-20 18:02:38.248 66413 INFO tempest.lib.common.rest_client [req-58233f9e-291e-4681-a419-3a3940436dce req-58233f9e-291e-4681-a419-3a3940436dce ] Request (ImagesTestJSON:_run_cleanups): 204 DELETE http://10.180.1.21/compute/v2.1/images/b1a43bd4-c08c-4671-95e7-db20e23a747c 1.010s
2025-11-20 18:02:38.287 66397 INFO tempest.lib.common.rest_client [req-b59f66be-bca5-41f4-b8ef-a94a533bceed req-b59f66be-bca5-41f4-b8ef-a94a533bceed ] Request (FlavorsAdminTestJSON:tearDownClass): 200 GET http://10.180.1.21/networking/v2.0/security-groups?tenant_id=3c28777b322144aead301537142ee938&name=default 0.281s
2025-11-20 18:02:38.656 66427 INFO tempest.lib.common.rest_client [req-a83eae27-d7c9-474c-b9b6-6f992c178b7c req-a83eae27-d7c9-474c-b9b6-6f992c178b7c ] Request (AttachInterfacesTestJSON:test_create_list_show_delete_interfaces_by_fixed_ip): 200 PUT http://10.180.1.21/networking/v2.0/floatingips/3153a841-464f-4f8f-b823-42d358e01c9a 0.667s
2025-11-20 18:02:38.688 66415 INFO tempest.lib.common.rest_client [req-192cdf31-8e70-433a-bd8f-f6966da7acbe req-192cdf31-8e70-433a-bd8f-f6966da7acbe ] Request (ServersAdmin275Test:test_rebuild_update_server_275): 200 GET http://10.180.1.21/compute/v2.1/servers/a1d5cdab-b149-47cf-83e2-93223f3c94b9 1.766s
2025-11-20 18:02:38.806 66397 INFO tempest.lib.common.rest_client [req-a28aaa7d-813b-4249-be83-a8ec90df33fc req-a28aaa7d-813b-4249-be83-a8ec90df33fc ] Request (FlavorsAdminTestJSON:tearDownClass): 204 DELETE http://10.180.1.21/networking/v2.0/security-groups/0c17e640-86e3-46c3-b23a-442946b68573 0.519s
2025-11-20 18:02:38.837 66391 INFO tempest.lib.common.rest_client [req-11ef51c6-fab6-479f-948a-d07c84cfbeb8 req-11ef51c6-fab6-479f-948a-d07c84cfbeb8 ] Request (ServersAdminNegativeTestJSON:tearDownClass): 200 GET http://10.180.1.21/compute/v2.1/servers/a7c3e3c2-1b65-489b-ae75-a547269b8017 1.598s
2025-11-20 18:02:38.904 66397 INFO tempest.lib.common.rest_client [req-ad3ece74-0636-43bf-9708-cef45efe533d req-ad3ece74-0636-43bf-9708-cef45efe533d ] Request (FlavorsAdminTestJSON:tearDownClass): 204 DELETE http://10.180.1.21/identity/v3/projects/3c28777b322144aead301537142ee938 0.097s
2025-11-20 18:02:38.904 66397 INFO tempest.lib.common.dynamic_creds [-] Deleting project and security group for project: 61bd6ce7841d4f6a92fb20ca90a72bbc
2025-11-20 18:02:39.091 66397 INFO tempest.lib.common.rest_client [req-83ce27db-13ee-40ee-bc94-bbff2b61be07 req-83ce27db-13ee-40ee-bc94-bbff2b61be07 ] Request (FlavorsAdminTestJSON:tearDownClass): 200 GET http://10.180.1.21/networking/v2.0/security-groups?tenant_id=61bd6ce7841d4f6a92fb20ca90a72bbc&name=default 0.187s
2025-11-20 18:02:39.122 66409 INFO tempest.lib.common.rest_client [req-bf61afae-6cd9-430d-849e-34964066bda8 req-bf61afae-6cd9-430d-849e-34964066bda8 ] Request (ListServerFiltersTestJSON:test_list_servers_filtered_by_ip_regex): 200 GET http://10.180.1.21/compute/v2.1/servers/33f5c830-5185-4527-b675-7c104ba9fecf 1.852s
2025-11-20 18:02:39.167 66387 INFO tempest.lib.common.rest_client [req-776631df-eba2-4c82-a981-735dc1e0e137 req-776631df-eba2-4c82-a981-735dc1e0e137 ] Request (ServerGroupTestJSON:test_create_server_with_scheduler_hint_group): 200 GET http://10.180.1.21/compute/v2.1/os-server-groups/ac25660d-2cef-4d97-b658-e3a44258a818 1.728s
2025-11-20 18:02:39.177 66375 INFO tempest.lib.common.rest_client [req-9692cce3-d3ef-4250-8230-ce2a6f6a6c80 req-9692cce3-d3ef-4250-8230-ce2a6f6a6c80 ] Request (SecurityGroupRulesNegativeTestJSON:tearDownClass): 200 PUT http://10.180.1.21/networking/v2.0/routers/04866608-efc0-4433-aceb-c67890c25575/remove_router_interface 1.115s
2025-11-20 18:02:39.190 66395 WARNING tempest.lib.common.ssh [-] Failed to establish authenticated ssh connection to cirros@10.180.180.208 ([Errno None] Unable to connect to port 22 on 10.180.180.208). Number attempts: 6. Retry after 7 seconds.: paramiko.ssh_exception.NoValidConnectionsError: [Errno None] Unable to connect to port 22 on 10.180.180.208
2025-11-20 18:02:39.208 66397 INFO tempest.lib.common.rest_client [req-10dd7f4a-14cf-46e4-a329-096e0535b7ff req-10dd7f4a-14cf-46e4-a329-096e0535b7ff ] Request (FlavorsAdminTestJSON:tearDownClass): 204 DELETE http://10.180.1.21/networking/v2.0/security-groups/a91030d7-98c4-4e96-8702-79bd5059e0d9 0.117s
2025-11-20 18:02:39.272 66401 INFO tempest.lib.common.rest_client [req-fc04e431-abb9-4c46-9ea2-ee92c3d0d99e req-fc04e431-abb9-4c46-9ea2-ee92c3d0d99e ] Request (ServerDiagnosticsV248Test:tearDownClass): 200 GET http://10.180.1.21/compute/v2.1/servers/b4c949e5-f25c-4cd8-bec4-6fca7fa28014 1.535s
2025-11-20 18:02:39.310 66397 INFO tempest.lib.common.rest_client [req-cdeeec93-2695-40a1-aef5-9ba2d3cfefcd req-cdeeec93-2695-40a1-aef5-9ba2d3cfefcd ] Request (FlavorsAdminTestJSON:tearDownClass): 204 DELETE http://10.180.1.21/identity/v3/projects/61bd6ce7841d4f6a92fb20ca90a72bbc 0.101s
2025-11-20 18:02:39.368 66373 INFO tempest.lib.common.rest_client [req-1eba68c4-55a3-4e4e-8f09-8e3abecacf7c req-1eba68c4-55a3-4e4e-8f09-8e3abecacf7c ] Request (ServersTestManualDisk:setUpClass): 200 GET http://10.180.1.21/compute/v2.1/servers/72375993-c8d5-405c-928c-53b36576bc9c 1.520s
2025-11-20 18:02:39.417 66397 INFO tempest.lib.common.rest_client [req-6f47d947-7e69-4bf5-9c79-949165ab495a req-6f47d947-7e69-4bf5-9c79-949165ab495a ] Request (QuotaClassesAdminTestJSON:setUpClass): 201 POST http://10.180.1.21/identity/v3/auth/tokens 0.105s
2025-11-20 18:02:39.441 66429 INFO tempest.lib.common.rest_client [req-2408a30d-cd6b-46e7-a015-3e5a907b2d27 req-2408a30d-cd6b-46e7-a015-3e5a907b2d27 ] Request (InstanceActionsTestJSON:setUpClass): 202 POST http://10.180.1.21/compute/v2.1/servers 2.182s
2025-11-20 18:02:39.467 66397 INFO tempest.lib.common.rest_client [req-37788f83-4865-4ce8-94f9-d82f7efd5f5e req-37788f83-4865-4ce8-94f9-d82f7efd5f5e ] Request (QuotaClassesAdminTestJSON:setUpClass): 201 POST http://10.180.1.21/identity/v3/auth/tokens 0.046s
2025-11-20 18:02:39.516 66397 INFO tempest.lib.common.rest_client [req-7fc8f50a-272c-4707-a08b-c2d92500df50 req-7fc8f50a-272c-4707-a08b-c2d92500df50 ] Request (QuotaClassesAdminTestJSON:setUpClass): 200 GET http://10.180.1.21/identity/v3/domains?name=Default 0.048s
2025-11-20 18:02:39.534 66426 INFO tempest.lib.common.rest_client [req-4ef2fe16-9d44-4a3e-abd5-b49731adb5d9 req-4ef2fe16-9d44-4a3e-abd5-b49731adb5d9 ] Request (MigrationsAdminTest:test_list_migrations_in_flavor_resize_situation): 200 GET http://10.180.1.21/compute/v2.1/servers/f3c66429-84cb-4920-8902-298dcaf06de2 1.661s
2025-11-20 18:02:39.541 66403 INFO tempest.lib.common.rest_client [req-733181ff-1b0f-42ea-9220-398efb8a15dd req-733181ff-1b0f-42ea-9220-398efb8a15dd ] Request (ImagesNegativeTestJSON:test_create_image_from_invalid_server): 404 POST http://10.180.1.21/compute/v2.1/servers/tempest-invalid-1492098875/action 1.506s
2025-11-20 18:02:39.552 66397 INFO tempest.lib.common.rest_client [req-c0472ccf-3047-4c22-bc06-90ce9959f950 req-c0472ccf-3047-4c22-bc06-90ce9959f950 ] Request (QuotaClassesAdminTestJSON:setUpClass): 201 POST http://10.180.1.21/identity/v3/projects 0.036s
2025-11-20 18:02:39.556 66405 INFO tempest.lib.common.rest_client [req-f4237693-49f5-42f2-9a10-850b39fa709e req-f4237693-49f5-42f2-9a10-850b39fa709e ] Request (ServersListShow2100Test:tearDownClass): 200 GET http://10.180.1.21/compute/v2.1/servers/fb85089f-203b-4952-b1a8-70c6aac15ce1 1.575s
2025-11-20 18:02:39.613 66377 INFO tempest.lib.common.rest_client [req-3168ee94-1fe4-4887-9bc9-90e261379fe8 req-3168ee94-1fe4-4887-9bc9-90e261379fe8 ] Request (FloatingIPsAssociationTestJSON:tearDownClass): 200 GET http://10.180.1.21/compute/v2.1/servers/81f8f175-f140-4914-a963-79776a3b04c0 1.557s
2025-11-20 18:02:39.664 66397 INFO tempest.lib.common.rest_client [req-0f7be4c9-ad01-42bd-88e4-7df08602da98 req-0f7be4c9-ad01-42bd-88e4-7df08602da98 ] Request (QuotaClassesAdminTestJSON:setUpClass): 201 POST http://10.180.1.21/identity/v3/users 0.111s
2025-11-20 18:02:39.684 66407 INFO tempest.lib.common.rest_client [req-b4105be8-3e3a-4d47-b77b-60e44ce4ca2d req-b4105be8-3e3a-4d47-b77b-60e44ce4ca2d ] Request (SecurityGroupsTestJSON:test_list_security_groups_by_server): 200 GET http://10.180.1.21/compute/v2.1/servers/93450161-c320-4a42-b7e7-843ea7ab1958 1.564s
2025-11-20 18:02:39.688 66397 INFO tempest.lib.common.rest_client [req-73eadf9b-92b7-494e-b396-d4b1127547fb req-73eadf9b-92b7-494e-b396-d4b1127547fb ] Request (QuotaClassesAdminTestJSON:setUpClass): 200 GET http://10.180.1.21/identity/v3/roles 0.023s
2025-11-20 18:02:39.723 66389 INFO tempest.lib.common.rest_client [req-b4d84783-22fb-415b-8ff5-2b54665e0279 req-b4d84783-22fb-415b-8ff5-2b54665e0279 ] Request (ListImageFiltersTestJSON:setUpClass): 200 GET http://10.180.1.21/compute/v2.1/images/50c0eb98-1be1-45c7-a1b5-aa590f25a9bb 1.558s
2025-11-20 18:02:39.726 66397 INFO tempest.lib.common.rest_client [req-9141b830-4f48-40b8-94d4-31827e81a2e8 req-9141b830-4f48-40b8-94d4-31827e81a2e8 ] Request (QuotaClassesAdminTestJSON:setUpClass): 204 PUT http://10.180.1.21/identity/v3/projects/e676803e692f4e56b4d834b054d7402d/users/b2781911f7fd40259725b74dd64c9506/roles/6200a2286eb84998a5117e072264cc33 0.038s
2025-11-20 18:02:39.727 66397 INFO tempest.lib.common.dynamic_creds [-] Dynamic test user b2781911f7fd40259725b74dd64c9506 is created with scope project and roles: ['member']
2025-11-20 18:02:39.727 66397 INFO tempest.lib.common.dynamic_creds [-] Acquired dynamic creds: credentials: Credentials: {'domain_id': 'default', 'domain_name': 'Default', 'username': 'tempest-QuotaClassesAdminTestJSON-1410429231-project-member', 'project_domain_id': 'default', 'project_domain_name': 'Default', 'project_id': 'e676803e692f4e56b4d834b054d7402d', 'project_name': 'tempest-QuotaClassesAdminTestJSON-1410429231', 'tenant_id': 'e676803e692f4e56b4d834b054d7402d', 'tenant_name': 'tempest-QuotaClassesAdminTestJSON-1410429231', 'user_domain_id': 'default', 'user_domain_name': 'Default', 'user_id': 'b2781911f7fd40259725b74dd64c9506', 'system': None}, Network: None, Subnet: None, Router: None
2025-11-20 18:02:39.727 66397 INFO tempest.lib.common.dynamic_creds [-] Created isolated network resources for: credentials: Credentials: {'domain_id': 'default', 'domain_name': 'Default', 'username': 'tempest-QuotaClassesAdminTestJSON-1410429231-project-member', 'project_domain_id': 'default', 'project_domain_name': 'Default', 'project_id': 'e676803e692f4e56b4d834b054d7402d', 'project_name': 'tempest-QuotaClassesAdminTestJSON-1410429231', 'tenant_id': 'e676803e692f4e56b4d834b054d7402d', 'tenant_name': 'tempest-QuotaClassesAdminTestJSON-1410429231', 'user_domain_id': 'default', 'user_domain_name': 'Default', 'user_id': 'b2781911f7fd40259725b74dd64c9506', 'system': None}, Network: None, Subnet: None, Router: None
2025-11-20 18:02:39.771 66375 INFO tempest.lib.common.rest_client [req-0c1586ec-2c15-4628-8ef2-b051c3fd4b41 req-0c1586ec-2c15-4628-8ef2-b051c3fd4b41 ] Request (SecurityGroupRulesNegativeTestJSON:tearDownClass): 204 DELETE http://10.180.1.21/networking/v2.0/routers/04866608-efc0-4433-aceb-c67890c25575 0.593s
2025-11-20 18:02:39.822 66413 INFO tempest.lib.common.rest_client [req-d4c2b985-82d5-4bf6-b04b-2f38fdf1d718 req-d4c2b985-82d5-4bf6-b04b-2f38fdf1d718 ] Request (ImagesTestJSON:_run_cleanups): 204 DELETE http://10.180.1.21/compute/v2.1/servers/e2ce32a7-3547-4bd4-99ae-43f243411d43 1.573s
2025-11-20 18:02:39.862 66397 INFO tempest.lib.common.rest_client [req-b980560c-a3d4-4316-a9a3-54120952d8f9 req-b980560c-a3d4-4316-a9a3-54120952d8f9 ] Request (QuotaClassesAdminTestJSON:setUpClass): 201 POST http://10.180.1.21/identity/v3/auth/tokens 0.131s
2025-11-20 18:02:39.898 66413 INFO tempest.lib.common.rest_client [req-0c4b080d-ba4a-4fbf-8d5c-87c1a29213e6 req-0c4b080d-ba4a-4fbf-8d5c-87c1a29213e6 ] Request (ImagesTestJSON:test_create_image_from_suspended_server): 201 POST http://10.180.1.21/identity/v3/auth/tokens 0.071s
2025-11-20 18:02:39.899 66413 INFO tempest.lib.common.fixed_network [-] (ImagesTestJSON:test_create_image_from_suspended_server) Found network {'id': '2b14fbfb-00da-4afb-9f15-2c88020bda8c', 'name': 'tempest-ImagesTestJSON-252538911-network', 'tenant_id': '792d827ead9d4dacaafc6e8f49627722', 'project_id': '792d827ead9d4dacaafc6e8f49627722', 'admin_state_up': True, 'mtu': 8950, 'status': 'ACTIVE', 'subnets': [], 'shared': False, 'port_security_enabled': True, 'router:external': False, 'provider:network_type': 'vlan', 'provider:physical_network': 'default', 'provider:segmentation_id': 363, 'availability_zone_hints': [], 'availability_zones': [], 'ipv4_address_scope': None, 'ipv6_address_scope': None, 'description': '', 'tags': [], 'created_at': '2025-11-20T18:01:20Z', 'updated_at': '2025-11-20T18:01:20Z', 'revision_number': 1} available for tenant
2025-11-20 18:02:39.918 66375 INFO tempest.lib.common.rest_client [req-7a1a99f0-a3a3-459a-85e1-ff972edb5c0f req-7a1a99f0-a3a3-459a-85e1-ff972edb5c0f ] Request (SecurityGroupRulesNegativeTestJSON:tearDownClass): 204 DELETE http://10.180.1.21/networking/v2.0/subnets/c69efbc5-1cec-44ed-9b25-303ba6e0448c 0.146s
2025-11-20 18:02:39.932 66397 INFO tempest.lib.common.rest_client [req-5f17e9e4-b9c7-4543-936f-dca7048497ee req-5f17e9e4-b9c7-4543-936f-dca7048497ee ] Request (QuotaClassesAdminTestJSON:setUpClass): 201 POST http://10.180.1.21/identity/v3/projects 0.068s
2025-11-20 18:02:39.994 66419 INFO tempest.lib.common.rest_client [req-7d83b070-4922-4854-8655-0f7e2d33e9a8 req-7d83b070-4922-4854-8655-0f7e2d33e9a8 ] Request (ServersAdminTestJSON:setUpClass): 200 GET http://10.180.1.21/compute/v2.1/servers/d5e613b8-85bd-4e7b-b9aa-0e0cd28d572f 1.602s
2025-11-20 18:02:40.051 66421 INFO tempest.lib.common.rest_client [req-4e889ff5-5684-4f2d-989e-41bdf7d9f99d req-4e889ff5-5684-4f2d-989e-41bdf7d9f99d ] Request (AttachVolumeShelveTestJSON:test_attach_volume_shelved_or_offload_server): 202 POST http://10.180.1.21/compute/v2.1/servers 1.991s
2025-11-20 18:02:40.053 66397 INFO tempest.lib.common.rest_client [req-d6b09922-45b4-4949-aef3-77f7521ea965 req-d6b09922-45b4-4949-aef3-77f7521ea965 ] Request (QuotaClassesAdminTestJSON:setUpClass): 201 POST http://10.180.1.21/identity/v3/users 0.121s
2025-11-20 18:02:40.088 66379 INFO tempest.lib.common.rest_client [req-a7532ccb-4ea9-4a7b-83e7-08829cce8575 req-a7532ccb-4ea9-4a7b-83e7-08829cce8575 ] Request (ServerRescueTestJSONUnderV235:setUpClass): 200 GET http://10.180.1.21/compute/v2.1/servers/da23f358-f08f-4b12-92ff-c6f63eee51d2 1.624s
2025-11-20 18:02:40.097 66397 INFO tempest.lib.common.rest_client [req-9b9f17c0-47e8-4a9a-bb70-c9edb3e2eafd req-9b9f17c0-47e8-4a9a-bb70-c9edb3e2eafd ] Request (QuotaClassesAdminTestJSON:setUpClass): 200 GET http://10.180.1.21/identity/v3/roles 0.043s
2025-11-20 18:02:40.135 66383 INFO tempest.lib.common.rest_client [req-79a1e1cb-1fef-4c1a-a118-06d9169e6ea1 req-79a1e1cb-1fef-4c1a-a118-06d9169e6ea1 ] Request (DeleteServersAdminTestJSON:test_delete_server_while_in_error_state): 200 GET http://10.180.1.21/compute/v2.1/servers/9fbaa490-f109-4a0c-88bf-8870966df1e8 1.619s
2025-11-20 18:02:40.145 66375 INFO tempest.lib.common.rest_client [req-03903022-c34e-4f12-b534-5c003a6008b2 req-03903022-c34e-4f12-b534-5c003a6008b2 ] Request (SecurityGroupRulesNegativeTestJSON:tearDownClass): 204 DELETE http://10.180.1.21/networking/v2.0/networks/be889fe6-c558-4dd9-9051-924727ffd402 0.227s
2025-11-20 18:02:40.150 66397 INFO tempest.lib.common.rest_client [req-76d4d5d4-cb14-4867-a678-0f0794dac549 req-76d4d5d4-cb14-4867-a678-0f0794dac549 ] Request (QuotaClassesAdminTestJSON:setUpClass): 204 PUT http://10.180.1.21/identity/v3/projects/b931bd1bd7b840d9a6c032014ce5930f/users/639c52e7eae84ef889ffe3ac0f0f4ae8/roles/ee284365c6944ac4ac06bdc40c2f98bd 0.053s
2025-11-20 18:02:40.171 66411 INFO tempest.lib.common.rest_client [req-b6a503a9-ba96-4eb4-8314-5279ef8a15e9 req-b6a503a9-ba96-4eb4-8314-5279ef8a15e9 ] Request (ServersTestJSON:test_create_server_specify_multibyte_character_name): 200 GET http://10.180.1.21/compute/v2.1/servers/ec5da867-ec5a-4124-b470-6eab5c8fc076 1.638s
2025-11-20 18:02:40.213 66393 INFO tempest.lib.common.rest_client [req-c234bab1-a55c-438a-9f88-c411e70be9e0 req-c234bab1-a55c-438a-9f88-c411e70be9e0 ] Request (FloatingIPsAssociationNegativeTestJSON:tearDownClass): 200 GET http://10.180.1.21/compute/v2.1/servers/f77af9bd-104d-485a-93b0-f75b0dae58b1 1.638s
2025-11-20 18:02:40.231 66397 INFO tempest.lib.common.rest_client [req-f729082f-fb7b-4de4-be45-c154121a6115 req-f729082f-fb7b-4de4-be45-c154121a6115 ] Request (QuotaClassesAdminTestJSON:setUpClass): 200 GET http://10.180.1.21/identity/v3/roles 0.080s
2025-11-20 18:02:40.243 66417 INFO tempest.lib.common.rest_client [req-1c2badb5-2e56-4d20-89c7-ac8051e28a56 req-1c2badb5-2e56-4d20-89c7-ac8051e28a56 ] Request (ServerShowV247Test:tearDownClass): 200 GET http://10.180.1.21/compute/v2.1/servers/f1b5e54d-977f-42ab-b8b1-7e2272112745 1.634s
2025-11-20 18:02:40.273 66375 INFO tempest.lib.common.rest_client [req-bcdaa877-6b61-4382-a99a-7a97a209c803 req-bcdaa877-6b61-4382-a99a-7a97a209c803 ] Request (SecurityGroupRulesNegativeTestJSON:tearDownClass): 204 DELETE http://10.180.1.21/identity/v3/users/b79636eecdf445b3b2bbf15ddd6c4c73 0.127s
2025-11-20 18:02:40.274 66375 INFO tempest.lib.common.dynamic_creds [-] Deleting project and security group for project: 13049dcc75af4b939ee9fcd917f22327
2025-11-20 18:02:40.289 66433 INFO tempest.lib.common.rest_client [req-b1d3531d-a27f-404b-bc01-17ca00b90d0f req-b1d3531d-a27f-404b-bc01-17ca00b90d0f ] Request (ServerActionsTestOtherB:setUpClass): 200 GET http://10.180.1.21/compute/v2.1/servers/1bc586d5-cd79-47d5-b12d-574dcad67296 1.637s
2025-11-20 18:02:40.316 66397 INFO tempest.lib.common.rest_client [req-6a18c8e2-3694-4fa6-a30f-afe05864d4cc req-6a18c8e2-3694-4fa6-a30f-afe05864d4cc ] Request (QuotaClassesAdminTestJSON:setUpClass): 204 PUT http://10.180.1.21/identity/v3/projects/b931bd1bd7b840d9a6c032014ce5930f/users/639c52e7eae84ef889ffe3ac0f0f4ae8/roles/ee284365c6944ac4ac06bdc40c2f98bd 0.084s
2025-11-20 18:02:40.317 66397 INFO tempest.lib.common.dynamic_creds [-] Dynamic test user 639c52e7eae84ef889ffe3ac0f0f4ae8 is created with scope project and roles: ['admin']
2025-11-20 18:02:40.317 66397 INFO tempest.lib.common.dynamic_creds [-] Acquired dynamic creds: credentials: Credentials: {'domain_id': 'default', 'domain_name': 'Default', 'username': 'tempest-QuotaClassesAdminTestJSON-456350983-project-admin', 'project_domain_id': 'default', 'project_domain_name': 'Default', 'project_id': 'b931bd1bd7b840d9a6c032014ce5930f', 'project_name': 'tempest-QuotaClassesAdminTestJSON-456350983', 'tenant_id': 'b931bd1bd7b840d9a6c032014ce5930f', 'tenant_name': 'tempest-QuotaClassesAdminTestJSON-456350983', 'user_domain_id': 'default', 'user_domain_name': 'Default', 'user_id': '639c52e7eae84ef889ffe3ac0f0f4ae8', 'system': None}, Network: None, Subnet: None, Router: None
2025-11-20 18:02:40.317 66397 INFO tempest.lib.common.dynamic_creds [-] Created isolated network resources for: credentials: Credentials: {'domain_id': 'default', 'domain_name': 'Default', 'username': 'tempest-QuotaClassesAdminTestJSON-456350983-project-admin', 'project_domain_id': 'default', 'project_domain_name': 'Default', 'project_id': 'b931bd1bd7b840d9a6c032014ce5930f', 'project_name': 'tempest-QuotaClassesAdminTestJSON-456350983', 'tenant_id': 'b931bd1bd7b840d9a6c032014ce5930f', 'tenant_name': 'tempest-QuotaClassesAdminTestJSON-456350983', 'user_domain_id': 'default', 'user_domain_name': 'Default', 'user_id': '639c52e7eae84ef889ffe3ac0f0f4ae8', 'system': None}, Network: None, Subnet: None, Router: None
2025-11-20 18:02:40.322 66375 INFO tempest.lib.common.rest_client [req-9bf87426-1e4e-4ce6-b04f-a1a8179b2937 req-9bf87426-1e4e-4ce6-b04f-a1a8179b2937 ] Request (SecurityGroupRulesNegativeTestJSON:tearDownClass): 200 GET http://10.180.1.21/networking/v2.0/security-groups?tenant_id=13049dcc75af4b939ee9fcd917f22327&name=default 0.047s
2025-11-20 18:02:40.424 66397 INFO tempest.lib.common.rest_client [req-acac9ca8-a687-481b-a9f2-a6b4ab55cec6 req-acac9ca8-a687-481b-a9f2-a6b4ab55cec6 ] Request (QuotaClassesAdminTestJSON:setUpClass): 201 POST http://10.180.1.21/identity/v3/auth/tokens 0.105s
2025-11-20 18:02:40.502 66375 INFO tempest.lib.common.rest_client [req-a4092253-c909-4743-a232-a694c9b1df45 req-a4092253-c909-4743-a232-a694c9b1df45 ] Request (SecurityGroupRulesNegativeTestJSON:tearDownClass): 204 DELETE http://10.180.1.21/networking/v2.0/security-groups/5fbc4f8a-d4af-4253-9bc7-d94f40440646 0.180s
2025-11-20 18:02:40.526 66385 INFO tempest.lib.common.rest_client [req-4d8dc356-75e4-4a7c-a13f-8d6eeba18fa6 req-4d8dc356-75e4-4a7c-a13f-8d6eeba18fa6 ] Request (InstanceActionsV221TestJSON:test_get_list_deleted_instance_actions): 200 GET http://10.180.1.21/compute/v2.1/servers/f35208a3-f055-4d12-bcd5-ab1a7cffb817 1.834s
2025-11-20 18:02:40.556 66427 INFO tempest.lib.common.rest_client [req-88f6cb8c-1a76-4404-bb8b-6d0b992d04e9 req-88f6cb8c-1a76-4404-bb8b-6d0b992d04e9 ] Request (AttachInterfacesTestJSON:test_create_list_show_delete_interfaces_by_fixed_ip): 200 GET http://10.180.1.21/compute/v2.1/servers/d35f6fb7-d893-4c08-93c4-c7001b1703d8 1.899s
2025-11-20 18:02:40.565 66427 INFO tempest.lib.common.ssh [-] Creating ssh connection to '10.180.180.218:22' as 'cirros' with public key authentication
2025-11-20 18:02:40.599 66431 INFO tempest.lib.common.rest_client [req-99109e13-a5fb-47ef-b3a4-a89c73120ec9 req-99109e13-a5fb-47ef-b3a4-a89c73120ec9 ] Request (ImagesOneServerTestJSON:setUpClass): 200 GET http://10.180.1.21/compute/v2.1/servers/e229a14a-2092-4eb7-9edd-ef1c61f548d6 1.866s
2025-11-20 18:02:40.641 66375 INFO tempest.lib.common.rest_client [req-cce88b71-a4e5-4ee1-ad89-533b23e5cb91 req-cce88b71-a4e5-4ee1-ad89-533b23e5cb91 ] Request (SecurityGroupRulesNegativeTestJSON:tearDownClass): 204 DELETE http://10.180.1.21/identity/v3/projects/13049dcc75af4b939ee9fcd917f22327 0.138s
2025-11-20 18:02:40.658 66435 INFO tempest.lib.common.rest_client [req-927f4fb1-cf97-4d2b-817c-f189097edfeb req-927f4fb1-cf97-4d2b-817c-f189097edfeb ] Request (ServerDiagnosticsNegativeTest:test_get_server_diagnostics_by_non_admin): 200 GET http://10.180.1.21/compute/v2.1/servers/9878c918-9756-4bdb-9246-9c3564a33fe2 1.815s
2025-11-20 18:02:40.678 66399 INFO tempest.lib.common.rest_client [req-64bb4bc9-0b33-4824-b855-02c8dde1e314 req-64bb4bc9-0b33-4824-b855-02c8dde1e314 ] Request (VolumesAssistedSnapshotsTest:tearDownClass): 200 GET http://10.180.1.21/compute/v2.1/servers/7fd9eeb7-2f12-45dc-8499-d44890502122 1.819s
2025-11-20 18:02:40.734 66375 INFO tempest.lib.common.rest_client [req-53f59781-ef36-4535-a311-681f1ad99276 req-53f59781-ef36-4535-a311-681f1ad99276 ] Request (ServersTestFqdnHostnames:setUpClass): 201 POST http://10.180.1.21/identity/v3/auth/tokens 0.091s
2025-11-20 18:02:40.768 66387 INFO tempest.lib.common.rest_client [req-0d5d3412-8797-47d4-815c-b262cd41d8ac req-0d5d3412-8797-47d4-815c-b262cd41d8ac ] Request (ServerGroupTestJSON:_run_cleanups): 204 DELETE http://10.180.1.21/compute/v2.1/servers/67d78522-9c86-4247-a794-300b2e93ff89 1.598s
2025-11-20 18:02:40.769 66375 INFO tempest.lib.common.rest_client [req-71158569-f70d-44aa-8908-afe126596345 req-71158569-f70d-44aa-8908-afe126596345 ] Request (ServersTestFqdnHostnames:setUpClass): 201 POST http://10.180.1.21/identity/v3/auth/tokens 0.032s
2025-11-20 18:02:40.810 66375 INFO tempest.lib.common.rest_client [req-befc4df2-f5ee-4c00-a4d1-8b5d2b3916e7 req-befc4df2-f5ee-4c00-a4d1-8b5d2b3916e7 ] Request (ServersTestFqdnHostnames:setUpClass): 200 GET http://10.180.1.21/identity/v3/domains?name=Default 0.040s
2025-11-20 18:02:40.854 66375 INFO tempest.lib.common.rest_client [req-cc4d2b74-edbd-4095-a823-da974d181893 req-cc4d2b74-edbd-4095-a823-da974d181893 ] Request (ServersTestFqdnHostnames:setUpClass): 201 POST http://10.180.1.21/identity/v3/projects 0.043s
2025-11-20 18:02:40.936 66429 INFO tempest.lib.common.rest_client [req-3dde8c5c-dbb6-4504-a1d1-31dd28d6a6c6 req-3dde8c5c-dbb6-4504-a1d1-31dd28d6a6c6 ] Request (InstanceActionsTestJSON:setUpClass): 200 GET http://10.180.1.21/compute/v2.1/servers/2a8178f4-5c0e-424f-81c2-80bfa3be68e4 1.491s
2025-11-20 18:02:40.942 66403 INFO tempest.lib.common.rest_client [req-7ba93b36-3666-4114-9272-ae00888160ad req-7ba93b36-3666-4114-9272-ae00888160ad ] Request (ImagesNegativeTestJSON:test_create_image_specify_uuid_35_characters_or_less): 404 POST http://10.180.1.21/compute/v2.1/servers/aaaaaaaaaaaaaaaaaaaaaaaaaaaaaaaaaaa/action 1.400s
2025-11-20 18:02:40.945 66375 INFO tempest.lib.common.rest_client [req-221e5cc0-e830-4bf7-966e-7c2725e8351f req-221e5cc0-e830-4bf7-966e-7c2725e8351f ] Request (ServersTestFqdnHostnames:setUpClass): 201 POST http://10.180.1.21/identity/v3/users 0.090s
2025-11-20 18:02:40.957 66409 INFO tempest.lib.common.rest_client [req-481d8b60-c124-4dc2-829e-62df461e7f86 req-481d8b60-c124-4dc2-829e-62df461e7f86 ] Request (ListServerFiltersTestJSON:test_list_servers_filtered_by_ip_regex): 200 GET http://10.180.1.21/compute/v2.1/servers/detail 1.822s
2025-11-20 18:02:40.973 66375 INFO tempest.lib.common.rest_client [req-18a7ba42-eac4-4ae2-b8da-080bc5d9861f req-18a7ba42-eac4-4ae2-b8da-080bc5d9861f ] Request (ServersTestFqdnHostnames:setUpClass): 200 GET http://10.180.1.21/identity/v3/roles 0.028s
2025-11-20 18:02:41.016 66415 INFO tempest.lib.common.rest_client [req-270801bd-8142-4210-a8c9-e66edd60cc6c req-270801bd-8142-4210-a8c9-e66edd60cc6c ] Request (ServersAdmin275Test:test_rebuild_update_server_275): 200 GET http://10.180.1.21/compute/v2.1/servers/a1d5cdab-b149-47cf-83e2-93223f3c94b9 1.309s
2025-11-20 18:02:41.025 66375 INFO tempest.lib.common.rest_client [req-d9ad6953-2219-42c5-8a80-7135e16f0535 req-d9ad6953-2219-42c5-8a80-7135e16f0535 ] Request (ServersTestFqdnHostnames:setUpClass): 204 PUT http://10.180.1.21/identity/v3/projects/bb54e83ef75e4385a49678bd7243e6b2/users/9625e767999e4e3b983a4975f6538037/roles/6200a2286eb84998a5117e072264cc33 0.051s
2025-11-20 18:02:41.025 66375 INFO tempest.lib.common.dynamic_creds [-] Dynamic test user 9625e767999e4e3b983a4975f6538037 is created with scope project and roles: ['member']
2025-11-20 18:02:41.026 66375 INFO tempest.lib.common.dynamic_creds [-] Acquired dynamic creds: credentials: Credentials: {'domain_id': 'default', 'domain_name': 'Default', 'username': 'tempest-ServersTestFqdnHostnames-2085728968-project-member', 'project_domain_id': 'default', 'project_domain_name': 'Default', 'project_id': 'bb54e83ef75e4385a49678bd7243e6b2', 'project_name': 'tempest-ServersTestFqdnHostnames-2085728968', 'tenant_id': 'bb54e83ef75e4385a49678bd7243e6b2', 'tenant_name': 'tempest-ServersTestFqdnHostnames-2085728968', 'user_domain_id': 'default', 'user_domain_name': 'Default', 'user_id': '9625e767999e4e3b983a4975f6538037', 'system': None}, Network: None, Subnet: None, Router: None
2025-11-20 18:02:41.026 66415 INFO tempest.common.waiters [-] State transition "BUILD/scheduling" ==> "BUILD/None" after 3 second wait
2025-11-20 18:02:41.072 66391 INFO tempest.lib.common.rest_client [req-987768b8-f6c4-473f-a7ce-ed703219920e req-987768b8-f6c4-473f-a7ce-ed703219920e ] Request (ServersAdminNegativeTestJSON:tearDownClass): 200 GET http://10.180.1.21/compute/v2.1/servers/a7c3e3c2-1b65-489b-ae75-a547269b8017 1.226s
2025-11-20 18:02:41.099 66375 INFO tempest.lib.common.rest_client [req-5dd1108f-60ea-44b5-ab72-798cabe28d41 req-5dd1108f-60ea-44b5-ab72-798cabe28d41 ] Request (ServersTestFqdnHostnames:setUpClass): 201 POST http://10.180.1.21/identity/v3/auth/tokens 0.073s
2025-11-20 18:02:41.439 66375 INFO tempest.lib.common.rest_client [req-c46997b1-264d-443b-b9d9-c0b593eb34e2 req-c46997b1-264d-443b-b9d9-c0b593eb34e2 ] Request (ServersTestFqdnHostnames:setUpClass): 201 POST http://10.180.1.21/networking/v2.0/networks 0.339s
2025-11-20 18:02:41.465 66421 INFO tempest.lib.common.rest_client [req-c146b420-2949-42ec-b93c-18639e2402c7 req-c146b420-2949-42ec-b93c-18639e2402c7 ] Request (AttachVolumeShelveTestJSON:test_attach_volume_shelved_or_offload_server): 200 GET http://10.180.1.21/compute/v2.1/servers/f18b40f2-c907-4209-a74c-6a057dc696ed 1.412s
2025-11-20 18:02:41.683 66375 INFO tempest.lib.common.rest_client [req-f15cc9fc-e19e-459f-b29a-e8898e73a35e req-f15cc9fc-e19e-459f-b29a-e8898e73a35e ] Request (ServersTestFqdnHostnames:setUpClass): 201 POST http://10.180.1.21/networking/v2.0/subnets 0.243s
2025-11-20 18:02:41.872 66401 INFO tempest.lib.common.rest_client [req-7e92bece-fe56-466d-a158-98268ced707c req-7e92bece-fe56-466d-a158-98268ced707c ] Request (ServerDiagnosticsV248Test:tearDownClass): 200 GET http://10.180.1.21/compute/v2.1/servers/b4c949e5-f25c-4cd8-bec4-6fca7fa28014 1.587s
2025-11-20 18:02:41.942 66381 WARNING tempest.lib.common.ssh [-] Failed to establish authenticated ssh connection to cirros@10.180.180.222 ([Errno None] Unable to connect to port 22 on 10.180.180.222). Number attempts: 3. Retry after 4 seconds.: paramiko.ssh_exception.NoValidConnectionsError: [Errno None] Unable to connect to port 22 on 10.180.180.222
2025-11-20 18:02:42.540 66375 INFO tempest.lib.common.rest_client [req-00836812-442d-49aa-b325-22002c891196 req-00836812-442d-49aa-b325-22002c891196 ] Request (ServersTestFqdnHostnames:setUpClass): 201 POST http://10.180.1.21/networking/v2.0/routers 0.856s
2025-11-20 18:02:42.655 66373 INFO tempest.lib.common.rest_client [req-c909b4ef-56de-4a4f-a24b-393f56471da7 req-c909b4ef-56de-4a4f-a24b-393f56471da7 ] Request (ServersTestManualDisk:setUpClass): 200 GET http://10.180.1.21/compute/v2.1/servers/72375993-c8d5-405c-928c-53b36576bc9c 2.275s
2025-11-20 18:02:42.797 66413 INFO tempest.lib.common.rest_client [req-e15d7fb8-70a5-44e2-a3d8-e6f4a6aeb0e6 req-e15d7fb8-70a5-44e2-a3d8-e6f4a6aeb0e6 ] Request (ImagesTestJSON:test_create_image_from_suspended_server): 202 POST http://10.180.1.21/compute/v2.1/servers 2.898s
2025-11-20 18:02:42.799 66397 INFO tempest.lib.common.rest_client [req-4124232f-ae4c-4aa7-a710-80fe880abc04 req-4124232f-ae4c-4aa7-a710-80fe880abc04 ] Request (QuotaClassesAdminTestJSON:test_update_default_quotas): 200 GET http://10.180.1.21/compute/v2.1/os-quota-class-sets/default 2.373s
2025-11-20 18:02:43.028 66405 INFO tempest.lib.common.rest_client [req-cc1ca4c1-b39a-48a6-9b41-7770911204cf req-cc1ca4c1-b39a-48a6-9b41-7770911204cf ] Request (ServersListShow2100Test:tearDownClass): 200 GET http://10.180.1.21/compute/v2.1/servers/fb85089f-203b-4952-b1a8-70c6aac15ce1 2.458s
2025-11-20 18:02:43.205 66426 INFO tempest.lib.common.rest_client [req-9f4a563e-5f5b-4772-8d38-d040f287f073 req-9f4a563e-5f5b-4772-8d38-d040f287f073 ] Request (MigrationsAdminTest:test_list_migrations_in_flavor_resize_situation): 200 GET http://10.180.1.21/compute/v2.1/servers/f3c66429-84cb-4920-8902-298dcaf06de2 2.657s
2025-11-20 18:02:43.275 66377 INFO tempest.lib.common.rest_client [req-4ef463fe-9f65-43b5-ba3a-82926fea9ade req-4ef463fe-9f65-43b5-ba3a-82926fea9ade ] Request (FloatingIPsAssociationTestJSON:tearDownClass): 200 GET http://10.180.1.21/compute/v2.1/servers/81f8f175-f140-4914-a963-79776a3b04c0 2.650s
2025-11-20 18:02:43.326 66389 INFO tempest.lib.common.rest_client [req-bb42a052-b57d-4036-883a-a412579854e4 req-bb42a052-b57d-4036-883a-a412579854e4 ] Request (ListImageFiltersTestJSON:setUpClass): 200 GET http://10.180.1.21/compute/v2.1/images/50c0eb98-1be1-45c7-a1b5-aa590f25a9bb 2.600s
2025-11-20 18:02:43.651 66387 INFO tempest.lib.common.rest_client [req-50e7080e-8318-4a7c-8b38-9b6a5c2fc3cf req-50e7080e-8318-4a7c-8b38-9b6a5c2fc3cf ] Request (ServerGroupTestJSON:_run_cleanups): 200 GET http://10.180.1.21/compute/v2.1/servers/67d78522-9c86-4247-a794-300b2e93ff89 2.883s
2025-11-20 18:02:43.661 66403 INFO tempest.lib.common.rest_client [req-37dd265a-f56a-48e8-9948-66bb8bafd93f req-37dd265a-f56a-48e8-9948-66bb8bafd93f ] Request (ImagesNegativeTestJSON:test_create_image_specify_uuid_37_characters_or_more): 404 POST http://10.180.1.21/compute/v2.1/servers/aaaaaaaaaaaaaaaaaaaaaaaaaaaaaaaaaaaaa/action 2.713s
2025-11-20 18:02:43.681 66427 WARNING tempest.lib.common.ssh [-] Failed to establish authenticated ssh connection to cirros@10.180.180.218 ([Errno None] Unable to connect to port 22 on 10.180.180.218). Number attempts: 1. Retry after 2 seconds.: paramiko.ssh_exception.NoValidConnectionsError: [Errno None] Unable to connect to port 22 on 10.180.180.218
2025-11-20 18:02:43.685 66375 INFO tempest.lib.common.rest_client [req-09323dc0-8e3c-448d-bd94-e3d21aefaecd req-09323dc0-8e3c-448d-bd94-e3d21aefaecd ] Request (ServersTestFqdnHostnames:setUpClass): 200 PUT http://10.180.1.21/networking/v2.0/routers/f370dbbf-faaa-4904-933c-97b0ccb06e43/add_router_interface 1.142s
2025-11-20 18:02:43.685 66375 INFO tempest.lib.common.dynamic_creds [-] Created isolated network resources for: credentials: Credentials: {'domain_id': 'default', 'domain_name': 'Default', 'username': 'tempest-ServersTestFqdnHostnames-2085728968-project-member', 'project_domain_id': 'default', 'project_domain_name': 'Default', 'project_id': 'bb54e83ef75e4385a49678bd7243e6b2', 'project_name': 'tempest-ServersTestFqdnHostnames-2085728968', 'tenant_id': 'bb54e83ef75e4385a49678bd7243e6b2', 'tenant_name': 'tempest-ServersTestFqdnHostnames-2085728968', 'user_domain_id': 'default', 'user_domain_name': 'Default', 'user_id': '9625e767999e4e3b983a4975f6538037', 'system': None}, Network: {'id': '9b50212b-1177-413f-8a91-241e6e4c49c9', 'name': 'tempest-ServersTestFqdnHostnames-1514208835-network', 'tenant_id': 'bb54e83ef75e4385a49678bd7243e6b2', 'project_id': 'bb54e83ef75e4385a49678bd7243e6b2', 'admin_state_up': True, 'mtu': 8950, 'status': 'ACTIVE', 'subnets': [], 'shared': False, 'port_security_enabled': True, 'router:external': False, 'provider:network_type': 'vlan', 'provider:physical_network': 'default', 'provider:segmentation_id': 252, 'availability_zone_hints': [], 'availability_zones': [], 'ipv4_address_scope': None, 'ipv6_address_scope': None, 'description': '', 'tags': [], 'created_at': '2025-11-20T18:02:41Z', 'updated_at': '2025-11-20T18:02:41Z', 'revision_number': 1}, Subnet: {'id': '49de7e65-e340-4484-941a-84ec87c44794', 'name': 'tempest-ServersTestFqdnHostnames-1514208835-subnet', 'tenant_id': 'bb54e83ef75e4385a49678bd7243e6b2', 'network_id': '9b50212b-1177-413f-8a91-241e6e4c49c9', 'ip_version': 4, 'subnetpool_id': None, 'enable_dhcp': True, 'ipv6_ra_mode': None, 'ipv6_address_mode': None, 'gateway_ip': '192.168.128.1', 'cidr': '192.168.128.0/28', 'allocation_pools': [{'start': '192.168.128.2', 'end': '192.168.128.14'}], 'host_routes': [], 'dns_nameservers': [], 'description': '', 'router:external': False, 'service_types': [], 'tags': [], 'created_at': '2025-11-20T18:02:41Z', 'updated_at': '2025-11-20T18:02:41Z', 'revision_number': 0, 'project_id': 'bb54e83ef75e4385a49678bd7243e6b2'}, Router: {'id': 'f370dbbf-faaa-4904-933c-97b0ccb06e43', 'name': 'tempest-ServersTestFqdnHostnames-1514208835-router', 'tenant_id': 'bb54e83ef75e4385a49678bd7243e6b2', 'admin_state_up': True, 'status': 'ACTIVE', 'external_gateway_info': {'network_id': '4eac6210-8ae5-4f62-8fab-484038b71fa5', 'external_fixed_ips': [{'subnet_id': '72d39469-2c68-4dc9-a021-4d7bc107bf16', 'ip_address': '10.180.180.174'}], 'enable_snat': True}, 'description': '', 'availability_zones': [], 'distributed': False, 'ha': False, 'availability_zone_hints': [], 'routes': [], 'flavor_id': None, 'tags': [], 'created_at': '2025-11-20T18:02:41Z', 'updated_at': '2025-11-20T18:02:42Z', 'revision_number': 2, 'project_id': 'bb54e83ef75e4385a49678bd7243e6b2'}
2025-11-20 18:02:43.706 66407 INFO tempest.lib.common.rest_client [req-464a0cf1-a821-46e6-9177-1c4c69d0c8ef req-464a0cf1-a821-46e6-9177-1c4c69d0c8ef ] Request (SecurityGroupsTestJSON:test_list_security_groups_by_server): 200 GET http://10.180.1.21/compute/v2.1/servers/93450161-c320-4a42-b7e7-843ea7ab1958 3.013s
2025-11-20 18:02:43.721 66407 INFO tempest.common.waiters [-] State transition "BUILD/None" ==> "BUILD/spawning" after 45 second wait
2025-11-20 18:02:43.792 66375 INFO tempest.lib.common.rest_client [req-c7bd961b-eccb-49ba-986a-8fb60bcd682a req-c7bd961b-eccb-49ba-986a-8fb60bcd682a ] Request (ServersTestFqdnHostnames:setUpClass): 201 POST http://10.180.1.21/identity/v3/auth/tokens 0.099s
2025-11-20 18:02:43.802 66409 INFO tempest.lib.common.rest_client [req-ca4eb518-f62e-42b1-a7ab-1852af181a5a req-ca4eb518-f62e-42b1-a7ab-1852af181a5a ] Request (ListServerFiltersTestJSON:test_list_servers_filtered_by_ip_regex): 200 GET http://10.180.1.21/compute/v2.1/servers?ip=192.168.128. 2.836s
2025-11-20 18:02:44.048 66379 INFO tempest.lib.common.rest_client [req-dc12a695-5337-4fc6-8309-9508fec28311 req-dc12a695-5337-4fc6-8309-9508fec28311 ] Request (ServerRescueTestJSONUnderV235:setUpClass): 200 GET http://10.180.1.21/compute/v2.1/servers/da23f358-f08f-4b12-92ff-c6f63eee51d2 2.941s
2025-11-20 18:02:44.312 66383 INFO tempest.lib.common.rest_client [req-ecee5c34-83f6-4ac4-81ee-9ad588510787 req-ecee5c34-83f6-4ac4-81ee-9ad588510787 ] Request (DeleteServersAdminTestJSON:test_delete_server_while_in_error_state): 200 GET http://10.180.1.21/compute/v2.1/servers/9fbaa490-f109-4a0c-88bf-8870966df1e8 3.166s
2025-11-20 18:02:44.339 66419 INFO tempest.lib.common.rest_client [req-9b2a41e1-7fda-4f6f-a5fc-dd25c0bad888 req-9b2a41e1-7fda-4f6f-a5fc-dd25c0bad888 ] Request (ServersAdminTestJSON:setUpClass): 200 GET http://10.180.1.21/compute/v2.1/servers/d5e613b8-85bd-4e7b-b9aa-0e0cd28d572f 3.336s
2025-11-20 18:02:44.403 66411 INFO tempest.lib.common.rest_client [req-c4aa0750-214e-4aef-a6ff-57e1a519ed8f req-c4aa0750-214e-4aef-a6ff-57e1a519ed8f ] Request (ServersTestJSON:test_create_server_specify_multibyte_character_name): 200 GET http://10.180.1.21/compute/v2.1/servers/ec5da867-ec5a-4124-b470-6eab5c8fc076 3.224s
2025-11-20 18:02:44.469 66393 INFO tempest.lib.common.rest_client [req-96705322-9a3b-4bd6-893b-607eec0a9db9 req-96705322-9a3b-4bd6-893b-607eec0a9db9 ] Request (FloatingIPsAssociationNegativeTestJSON:tearDownClass): 200 GET http://10.180.1.21/compute/v2.1/servers/f77af9bd-104d-485a-93b0-f75b0dae58b1 3.248s
2025-11-20 18:02:44.487 66417 INFO tempest.lib.common.rest_client [req-81812d05-b8db-4a4d-96b8-380ef291b06b req-81812d05-b8db-4a4d-96b8-380ef291b06b ] Request (ServerShowV247Test:tearDownClass): 200 GET http://10.180.1.21/compute/v2.1/servers/f1b5e54d-977f-42ab-b8b1-7e2272112745 3.223s
2025-11-20 18:02:44.528 66433 INFO tempest.lib.common.rest_client [req-cbfbd0c9-7aa5-45a2-a354-e2f004c2788b req-cbfbd0c9-7aa5-45a2-a354-e2f004c2788b ] Request (ServerActionsTestOtherB:setUpClass): 200 GET http://10.180.1.21/compute/v2.1/servers/1bc586d5-cd79-47d5-b12d-574dcad67296 3.230s
2025-11-20 18:02:44.545 66385 INFO tempest.lib.common.rest_client [req-0885f656-a914-4490-b56f-144943edaec7 req-0885f656-a914-4490-b56f-144943edaec7 ] Request (InstanceActionsV221TestJSON:test_get_list_deleted_instance_actions): 200 GET http://10.180.1.21/compute/v2.1/servers/f35208a3-f055-4d12-bcd5-ab1a7cffb817 3.006s
2025-11-20 18:02:44.580 66431 INFO tempest.lib.common.rest_client [req-a991a8b8-f456-4a63-9fdc-66851d224e5b req-a991a8b8-f456-4a63-9fdc-66851d224e5b ] Request (ImagesOneServerTestJSON:setUpClass): 200 GET http://10.180.1.21/compute/v2.1/servers/e229a14a-2092-4eb7-9edd-ef1c61f548d6 2.969s
2025-11-20 18:02:44.601 66435 INFO tempest.lib.common.rest_client [req-180d677f-e269-445b-a7ad-85ba5eb18011 req-180d677f-e269-445b-a7ad-85ba5eb18011 ] Request (ServerDiagnosticsNegativeTest:test_get_server_diagnostics_by_non_admin): 200 GET http://10.180.1.21/compute/v2.1/servers/9878c918-9756-4bdb-9246-9c3564a33fe2 2.933s
2025-11-20 18:02:44.647 66399 INFO tempest.lib.common.rest_client [req-41d8e139-a271-413d-a0fe-1ec4c1a623c6 req-41d8e139-a271-413d-a0fe-1ec4c1a623c6 ] Request (VolumesAssistedSnapshotsTest:tearDownClass): 200 GET http://10.180.1.21/compute/v2.1/servers/7fd9eeb7-2f12-45dc-8499-d44890502122 2.960s
2025-11-20 18:02:44.667 66429 INFO tempest.lib.common.rest_client [req-f4b51cda-7817-4ec5-9567-210363b6476d req-f4b51cda-7817-4ec5-9567-210363b6476d ] Request (InstanceActionsTestJSON:setUpClass): 200 GET http://10.180.1.21/compute/v2.1/servers/2a8178f4-5c0e-424f-81c2-80bfa3be68e4 2.716s
2025-11-20 18:02:44.708 66415 INFO tempest.lib.common.rest_client [req-d87ec6e1-fc87-44fa-9ce4-32d7de0c70e4 req-d87ec6e1-fc87-44fa-9ce4-32d7de0c70e4 ] Request (ServersAdmin275Test:test_rebuild_update_server_275): 200 GET http://10.180.1.21/compute/v2.1/servers/a1d5cdab-b149-47cf-83e2-93223f3c94b9 2.681s
2025-11-20 18:02:44.737 66391 INFO tempest.lib.common.rest_client [req-1fa327d6-a8ea-43e2-9842-ec7d47e214c7 req-1fa327d6-a8ea-43e2-9842-ec7d47e214c7 ] Request (ServersAdminNegativeTestJSON:tearDownClass): 200 GET http://10.180.1.21/compute/v2.1/servers/a7c3e3c2-1b65-489b-ae75-a547269b8017 2.653s
2025-11-20 18:02:44.768 66421 INFO tempest.lib.common.rest_client [req-0e97fb1f-2cf3-4db6-8744-cf7b7e50a260 req-0e97fb1f-2cf3-4db6-8744-cf7b7e50a260 ] Request (AttachVolumeShelveTestJSON:test_attach_volume_shelved_or_offload_server): 200 GET http://10.180.1.21/compute/v2.1/servers/f18b40f2-c907-4209-a74c-6a057dc696ed 2.293s
2025-11-20 18:02:44.828 66413 INFO tempest.lib.common.rest_client [req-ba50e9f4-e7ba-4021-936b-02569181134c req-ba50e9f4-e7ba-4021-936b-02569181134c ] Request (ImagesTestJSON:test_create_image_from_suspended_server): 200 GET http://10.180.1.21/compute/v2.1/servers/c97e89cd-9c70-4fd7-aa68-4877f746ff79 2.029s
2025-11-20 18:02:44.890 66401 INFO tempest.lib.common.rest_client [req-3d4d0134-e42f-4f2c-9de7-a87edbb6337b req-3d4d0134-e42f-4f2c-9de7-a87edbb6337b ] Request (ServerDiagnosticsV248Test:tearDownClass): 200 GET http://10.180.1.21/compute/v2.1/servers/b4c949e5-f25c-4cd8-bec4-6fca7fa28014 2.008s
2025-11-20 18:02:44.933 66397 INFO tempest.lib.common.rest_client [req-57ecb9d6-d65e-42d7-966b-01484ca3f01d req-57ecb9d6-d65e-42d7-966b-01484ca3f01d ] Request (QuotaClassesAdminTestJSON:test_update_default_quotas): 200 PUT http://10.180.1.21/compute/v2.1/os-quota-class-sets/default 2.131s
2025-11-20 18:02:44.941 66403 INFO tempest.lib.common.rest_client [req-b2cfeb65-482b-4efe-8ab4-97bd6287cdfc req-b2cfeb65-482b-4efe-8ab4-97bd6287cdfc ] Request (ImagesNegativeTestJSON:tearDownClass): 404 DELETE http://10.180.1.21/compute/v2.1/servers/022b363e-07ca-4957-8996-7ed71a9cb232 1.279s
2025-11-20 18:02:45.010 66375 INFO tempest.lib.common.rest_client [req-22ccdec5-03d5-4151-bb79-c7023a55428e req-22ccdec5-03d5-4151-bb79-c7023a55428e ] Request (ServersTestFqdnHostnames:test_create_server_with_fqdn_name): 200 POST http://10.180.1.21/compute/v2.1/os-keypairs 1.216s
2025-11-20 18:02:45.110 66409 INFO tempest.lib.common.rest_client [req-dce0b492-456e-430d-ad95-84e5dce8adb8 req-dce0b492-456e-430d-ad95-84e5dce8adb8 ] Request (ListServerFiltersTestJSON:test_list_servers_filtered_by_name_regex): 200 GET http://10.180.1.21/compute/v2.1/servers?name=%5E.%2A%5C-instance%5C-%5B0-9%5D%2B%24 1.300s
2025-11-20 18:02:45.181 66375 INFO tempest.lib.common.rest_client [req-c922ec2d-df67-4381-b5c5-adae195c05c3 req-c922ec2d-df67-4381-b5c5-adae195c05c3 ] Request (ServersTestFqdnHostnames:test_create_server_with_fqdn_name): 201 POST http://10.180.1.21/networking/v2.0/security-groups 0.169s
2025-11-20 18:02:45.209 66373 INFO tempest.lib.common.rest_client [req-d5e63fd9-aca7-450e-9147-6a4272b91bb6 req-d5e63fd9-aca7-450e-9147-6a4272b91bb6 ] Request (ServersTestManualDisk:setUpClass): 200 GET http://10.180.1.21/compute/v2.1/servers/72375993-c8d5-405c-928c-53b36576bc9c 1.541s
2025-11-20 18:02:45.216 66373 INFO tempest.common.waiters [-] State transition "BUILD/None" ==> "BUILD/spawning" after 45 second wait
2025-11-20 18:02:45.262 66405 INFO tempest.lib.common.rest_client [req-ca120eb0-ee83-4321-b8db-e2f248c4bdb9 req-ca120eb0-ee83-4321-b8db-e2f248c4bdb9 ] Request (ServersListShow2100Test:tearDownClass): 200 GET http://10.180.1.21/compute/v2.1/servers/fb85089f-203b-4952-b1a8-70c6aac15ce1 1.219s
2025-11-20 18:02:45.348 66375 INFO tempest.lib.common.rest_client [req-ed0a9f8b-0f5a-4725-9ab8-b20c9930e5c2 req-ed0a9f8b-0f5a-4725-9ab8-b20c9930e5c2 ] Request (ServersTestFqdnHostnames:test_create_server_with_fqdn_name): 201 POST http://10.180.1.21/networking/v2.0/security-group-rules 0.165s
2025-11-20 18:02:45.420 66377 INFO tempest.lib.common.rest_client [req-3d68e089-3f48-4168-b8a9-68a01ec14a7e req-3d68e089-3f48-4168-b8a9-68a01ec14a7e ] Request (FloatingIPsAssociationTestJSON:tearDownClass): 200 GET http://10.180.1.21/compute/v2.1/servers/81f8f175-f140-4914-a963-79776a3b04c0 1.135s
2025-11-20 18:02:45.461 66389 INFO tempest.lib.common.rest_client [req-e3a0042f-0c20-4352-b0f7-b42cef5970d8 req-e3a0042f-0c20-4352-b0f7-b42cef5970d8 ] Request (ListImageFiltersTestJSON:setUpClass): 200 GET http://10.180.1.21/compute/v2.1/images/50c0eb98-1be1-45c7-a1b5-aa590f25a9bb 1.131s
2025-11-20 18:02:45.498 66375 INFO tempest.lib.common.rest_client [req-9c0c46fe-bdcc-4587-bafb-8544d16f9c20 req-9c0c46fe-bdcc-4587-bafb-8544d16f9c20 ] Request (ServersTestFqdnHostnames:test_create_server_with_fqdn_name): 201 POST http://10.180.1.21/networking/v2.0/security-group-rules 0.150s
2025-11-20 18:02:45.530 66426 INFO tempest.lib.common.rest_client [req-0ad9aff0-fe12-46c5-9504-8f300e0fefb3 req-0ad9aff0-fe12-46c5-9504-8f300e0fefb3 ] Request (MigrationsAdminTest:test_list_migrations_in_flavor_resize_situation): 200 GET http://10.180.1.21/compute/v2.1/servers/f3c66429-84cb-4920-8902-298dcaf06de2 1.315s
2025-11-20 18:02:45.694 66387 INFO tempest.lib.common.rest_client [req-5e466fb4-45c6-4603-a9ee-79a00e91efa7 req-5e466fb4-45c6-4603-a9ee-79a00e91efa7 ] Request (ServerGroupTestJSON:_run_cleanups): 200 GET http://10.180.1.21/compute/v2.1/servers/67d78522-9c86-4247-a794-300b2e93ff89 1.029s
2025-11-20 18:02:45.701 66387 INFO tempest.common.waiters [-] State transition "ACTIVE/deleting" ==> "DELETED/None" after 2 second wait
2025-11-20 18:02:45.706 66397 INFO tempest.lib.common.rest_client [req-e49be0ce-9331-4279-8c04-1273bb54429a req-e49be0ce-9331-4279-8c04-1273bb54429a ] Request (QuotaClassesAdminTestJSON:test_update_default_quotas): 200 GET http://10.180.1.21/compute/v2.1/os-quota-class-sets/default 0.770s
2025-11-20 18:02:45.730 66403 INFO tempest.lib.common.rest_client [req-87115f25-d1ae-4f17-a8b8-d1a8e65e23df req-87115f25-d1ae-4f17-a8b8-d1a8e65e23df ] Request (ImagesNegativeTestJSON:tearDownClass): 404 GET http://10.180.1.21/compute/v2.1/servers/022b363e-07ca-4957-8996-7ed71a9cb232 0.788s
2025-11-20 18:02:45.931 66375 INFO tempest.lib.common.rest_client [req-4154f366-11fb-4df9-a1ac-c3e538812862 req-4154f366-11fb-4df9-a1ac-c3e538812862 ] Request (ServersTestFqdnHostnames:test_create_server_with_fqdn_name): 201 POST http://10.180.1.21/networking/v2.0/floatingips 0.432s
2025-11-20 18:02:45.955 66379 INFO tempest.lib.common.rest_client [req-43d6c875-dbf2-4622-8c8d-bef3383e780e req-43d6c875-dbf2-4622-8c8d-bef3383e780e ] Request (ServerRescueTestJSONUnderV235:setUpClass): 200 GET http://10.180.1.21/compute/v2.1/servers/da23f358-f08f-4b12-92ff-c6f63eee51d2 0.897s
2025-11-20 18:02:45.977 66407 INFO tempest.lib.common.rest_client [req-a4a545c1-4bab-44fd-a3a8-0bea91c265cc req-a4a545c1-4bab-44fd-a3a8-0bea91c265cc ] Request (SecurityGroupsTestJSON:test_list_security_groups_by_server): 200 GET http://10.180.1.21/compute/v2.1/servers/93450161-c320-4a42-b7e7-843ea7ab1958 1.254s
2025-11-20 18:02:45.987 66375 INFO tempest.lib.common.rest_client [req-4535c45c-3d3d-43a1-8889-e3591d900b30 req-4535c45c-3d3d-43a1-8889-e3591d900b30 ] Request (ServersTestFqdnHostnames:test_create_server_with_fqdn_name): 201 POST http://10.180.1.21/identity/v3/auth/tokens 0.050s
2025-11-20 18:02:45.987 66375 INFO tempest.lib.common.fixed_network [-] (ServersTestFqdnHostnames:test_create_server_with_fqdn_name) Found network {'id': '9b50212b-1177-413f-8a91-241e6e4c49c9', 'name': 'tempest-ServersTestFqdnHostnames-1514208835-network', 'tenant_id': 'bb54e83ef75e4385a49678bd7243e6b2', 'project_id': 'bb54e83ef75e4385a49678bd7243e6b2', 'admin_state_up': True, 'mtu': 8950, 'status': 'ACTIVE', 'subnets': [], 'shared': False, 'port_security_enabled': True, 'router:external': False, 'provider:network_type': 'vlan', 'provider:physical_network': 'default', 'provider:segmentation_id': 252, 'availability_zone_hints': [], 'availability_zones': [], 'ipv4_address_scope': None, 'ipv6_address_scope': None, 'description': '', 'tags': [], 'created_at': '2025-11-20T18:02:41Z', 'updated_at': '2025-11-20T18:02:41Z', 'revision_number': 1} available for tenant
2025-11-20 18:02:46.021 66409 INFO tempest.lib.common.rest_client [req-21f8d28d-a9d0-4b34-807a-fcc363119b96 req-21f8d28d-a9d0-4b34-807a-fcc363119b96 ] Request (ListServerFiltersTestJSON:test_list_servers_filtered_by_name_regex): 200 GET http://10.180.1.21/compute/v2.1/servers?name=%5E.%2A%5C-instance%5C-.%2A%24 0.908s
