2025-11-20 18:03:12.747 66435 INFO tempest.lib.common.rest_client [req-5bf99a0e-bf57-49fc-894c-af18d7dc375b req-5bf99a0e-bf57-49fc-894c-af18d7dc375b ] Request (ServerDiagnosticsNegativeTest:test_get_server_diagnostics_by_non_admin): 200 GET http://10.180.1.21/compute/v2.1/servers/9878c918-9756-4bdb-9246-9c3564a33fe2 1.128s
2025-11-20 18:03:12.756 66435 INFO tempest.common.waiters [-] State transition "BUILD/networking" ==> "BUILD/spawning" after 58 second wait
2025-11-20 18:03:12.766 66375 INFO tempest.lib.common.rest_client [req-c364ce82-9fb6-4a02-9f0d-4fca5354d7be req-c364ce82-9fb6-4a02-9f0d-4fca5354d7be ] Request (ServersTestFqdnHostnames:test_create_server_with_fqdn_name): 200 GET http://10.180.1.21/compute/v2.1/servers/8ef9c33d-1d50-4d8e-8763-aa2365b9c940 1.079s
2025-11-20 18:03:12.831 66393 INFO tempest.lib.common.rest_client [req-8a149ddc-520d-4bec-8bb4-0a6102f8da04 req-8a149ddc-520d-4bec-8bb4-0a6102f8da04 ] Request (ServerMetadataNegativeTestJSON:setUpClass): 200 GET http://10.180.1.21/compute/v2.1/servers/f760fd71-ea97-4988-a833-9f1bda19d948 0.949s
2025-11-20 18:03:12.938 66431 INFO tempest.lib.common.rest_client [req-d83667bf-0a19-4e8c-8c3e-16512bea942a req-d83667bf-0a19-4e8c-8c3e-16512bea942a ] Request (ImagesOneServerTestJSON:setUpClass): 200 GET http://10.180.1.21/compute/v2.1/servers/e229a14a-2092-4eb7-9edd-ef1c61f548d6 1.028s
2025-11-20 18:03:12.997 66399 INFO tempest.lib.common.rest_client [req-abfe24f7-6eb5-4b22-83db-76c87a1e93ea req-abfe24f7-6eb5-4b22-83db-76c87a1e93ea ] Request (VolumesAssistedSnapshotsTest:tearDownClass): 200 GET http://10.180.1.21/compute/v2.1/servers/7fd9eeb7-2f12-45dc-8499-d44890502122 0.988s
2025-11-20 18:03:13.226 66389 INFO tempest.lib.common.rest_client [req-b4d30b3b-c29a-48a9-b0e9-d38f5e330f94 req-b4d30b3b-c29a-48a9-b0e9-d38f5e330f94 ] Request (ListImageFiltersTestJSON:setUpClass): 202 POST http://10.180.1.21/compute/v2.1/servers/02323e1e-643f-4e54-8c69-bd7e52cf2b7e/action 1.397s
2025-11-20 18:03:13.285 66429 INFO tempest.lib.common.rest_client [req-fffa71ee-9934-4320-9ed2-deaa291dcb10 req-fffa71ee-9934-4320-9ed2-deaa291dcb10 ] Request (InstanceActionsTestJSON:setUpClass): 200 GET http://10.180.1.21/compute/v2.1/servers/2a8178f4-5c0e-424f-81c2-80bfa3be68e4 0.381s
2025-11-20 18:03:13.328 66411 INFO tempest.lib.common.rest_client [req-16a157c8-a993-4263-879b-2942e4d03c47 req-16a157c8-a993-4263-879b-2942e4d03c47 ] Request (ServersTestJSON:test_create_server_with_admin_password): 202 POST http://10.180.1.21/compute/v2.1/servers 0.585s
2025-11-20 18:03:13.348 66426 INFO tempest.lib.common.rest_client [req-08fc2fc6-5054-4e30-808d-b85d72b92c65 req-08fc2fc6-5054-4e30-808d-b85d72b92c65 ] Request (MigrationsAdminTest:test_resize_server_revert_deleted_flavor): 200 GET http://10.180.1.21/compute/v2.1/servers/c204a05b-1c9a-4149-b058-4a3f1fc5953a 0.388s
2025-11-20 18:03:13.416 66397 INFO tempest.lib.common.rest_client [req-b2af6985-fa86-4b60-b242-aa1a1fa167b4 req-b2af6985-fa86-4b60-b242-aa1a1fa167b4 ] Request (ServerDiskConfigTestJSON:test_rebuild_server_with_auto_disk_config): 200 GET http://10.180.1.21/compute/v2.1/servers/5e0d6532-86f5-4ff0-8b06-1b49bd2b50dd 0.435s
2025-11-20 18:03:13.430 66413 INFO tempest.lib.common.rest_client [req-359f8373-fb9a-47aa-a383-6b548f775859 req-359f8373-fb9a-47aa-a383-6b548f775859 ] Request (ImagesTestJSON:test_create_image_from_suspended_server): 200 GET http://10.180.1.21/compute/v2.1/servers/c97e89cd-9c70-4fd7-aa68-4877f746ff79 0.404s
2025-11-20 18:03:13.485 66419 INFO tempest.lib.common.rest_client [req-f123f59b-b3c4-418f-a518-8ded5247153c req-f123f59b-b3c4-418f-a518-8ded5247153c ] Request (ServersAdminTestJSON:test_create_server_with_scheduling_hint): 200 GET http://10.180.1.21/compute/v2.1/servers/3e120ff9-fdf5-4559-bd0e-fe7543e6d0e8 0.396s
2025-11-20 18:03:13.491 66415 INFO tempest.lib.common.rest_client [req-c72b758f-b9d7-4f49-aa5f-0ef92c8232e4 req-c72b758f-b9d7-4f49-aa5f-0ef92c8232e4 ] Request (ServersAdmin275Test:test_rebuild_update_server_275): 200 GET http://10.180.1.21/compute/v2.1/servers/a1d5cdab-b149-47cf-83e2-93223f3c94b9 0.443s
2025-11-20 18:03:13.492 66419 INFO tempest.common.waiters [-] State transition "BUILD/scheduling" ==> "BUILD/None" after 24 second wait
2025-11-20 18:03:13.543 66403 INFO tempest.lib.common.rest_client [req-f54cc908-a02a-4222-8cfc-cd87435a9acb req-f54cc908-a02a-4222-8cfc-cd87435a9acb ] Request (ImagesOneServerNegativeTestJSON:setUpClass): 200 GET http://10.180.1.21/compute/v2.1/servers/574a5613-2275-435d-a510-118b2df8871c 0.430s
2025-11-20 18:03:13.557 66421 INFO tempest.lib.common.rest_client [req-ab7b5fa8-9d45-487a-baed-fb1eb80e19f1 req-ab7b5fa8-9d45-487a-baed-fb1eb80e19f1 ] Request (AttachVolumeShelveTestJSON:test_attach_volume_shelved_or_offload_server): 200 GET http://10.180.1.21/compute/v2.1/servers/f18b40f2-c907-4209-a74c-6a057dc696ed 0.377s
2025-11-20 18:03:13.594 66389 INFO tempest.lib.common.rest_client [req-840d55db-5906-43a4-9985-cf0511290ba7 req-840d55db-5906-43a4-9985-cf0511290ba7 ] Request (ListImageFiltersTestJSON:setUpClass): 200 GET http://10.180.1.21/compute/v2.1/images/b3f3b1df-8e34-4538-9086-7ddfaf6b5ec8 0.367s
2025-11-20 18:03:13.614 66409 INFO tempest.lib.common.rest_client [req-b2267983-a490-4708-b93e-a2229640de0e req-b2267983-a490-4708-b93e-a2229640de0e ] Request (ListServerFiltersTestJSON:tearDownClass): 200 GET http://10.180.1.21/compute/v2.1/servers/33f5c830-5185-4527-b675-7c104ba9fecf 0.422s
2025-11-20 18:03:13.656 66379 INFO tempest.lib.common.rest_client [req-9ab40917-8538-4a32-a76d-9675373a74e7 req-9ab40917-8538-4a32-a76d-9675373a74e7 ] Request (ServerRescueTestJSONUnderV235:setUpClass): 200 GET http://10.180.1.21/compute/v2.1/servers/da23f358-f08f-4b12-92ff-c6f63eee51d2 0.410s
2025-11-20 18:03:13.679 66377 INFO tempest.lib.common.rest_client [req-11dfebd9-d6c5-4486-a00b-237e50528824 req-11dfebd9-d6c5-4486-a00b-237e50528824 ] Request (FloatingIPsAssociationTestJSON:tearDownClass): 200 GET http://10.180.1.21/compute/v2.1/servers/b05ce4e5-4737-4429-be8b-102229dd482f 0.415s
2025-11-20 18:03:13.712 66391 INFO tempest.lib.common.rest_client [req-853568f3-ce5e-471d-8b97-18fedc1af495 req-853568f3-ce5e-471d-8b97-18fedc1af495 ] Request (ServersAdminNegativeTestJSON:tearDownClass): 200 GET http://10.180.1.21/compute/v2.1/servers/a7c3e3c2-1b65-489b-ae75-a547269b8017 0.390s
2025-11-20 18:03:13.756 66411 INFO tempest.lib.common.rest_client [req-8f097eb3-0bef-43d7-b0fc-8292dbe4bf35 req-8f097eb3-0bef-43d7-b0fc-8292dbe4bf35 ] Request (ServersTestJSON:_run_cleanups): 204 DELETE http://10.180.1.21/compute/v2.1/servers/f341a0a8-a64b-4e8c-bfae-afef60d10701 0.426s
2025-11-20 18:03:13.780 66387 INFO tempest.lib.common.rest_client [req-154f29bc-3235-403c-9881-7a1e8dea9b34 req-154f29bc-3235-403c-9881-7a1e8dea9b34 ] Request (ServerGroupTestJSON:_run_cleanups): 200 GET http://10.180.1.21/compute/v2.1/servers/67d78522-9c86-4247-a794-300b2e93ff89 0.433s
2025-11-20 18:03:13.807 66407 INFO tempest.lib.common.rest_client [req-b67a85a7-e6cf-4afb-aeaf-9c920b6b888a req-b67a85a7-e6cf-4afb-aeaf-9c920b6b888a ] Request (SecurityGroupsTestJSON:test_server_security_groups): 200 GET http://10.180.1.21/compute/v2.1/servers/2edef218-f860-48a1-bb4f-664e4b63f5d1 0.405s
2025-11-20 18:03:13.842 66383 INFO tempest.lib.common.rest_client [req-1c9394f0-3a2d-444a-85e0-43f549939d7a req-1c9394f0-3a2d-444a-85e0-43f549939d7a ] Request (DeleteServersAdminTestJSON:test_delete_server_while_in_error_state): 200 GET http://10.180.1.21/compute/v2.1/servers/9fbaa490-f109-4a0c-88bf-8870966df1e8 0.429s
2025-11-20 18:03:13.857 66401 INFO tempest.lib.common.rest_client [req-2c7d54e9-a92c-4056-8cd1-da3438770573 req-2c7d54e9-a92c-4056-8cd1-da3438770573 ] Request (InstanceActionsNegativeTestJSON:setUpClass): 200 GET http://10.180.1.21/compute/v2.1/servers/893c7d42-7f64-4d07-b1d9-0e4c035cd3b9 0.391s
2025-11-20 18:03:13.907 66405 INFO tempest.lib.common.rest_client [req-c956259c-5b03-4771-baab-04aa3eea01c9 req-c956259c-5b03-4771-baab-04aa3eea01c9 ] Request (ServersNegativeTestMultiTenantJSON:setUpClass): 200 GET http://10.180.1.21/compute/v2.1/servers/c389da57-aab7-483b-8d97-0ce1ae5e86b0 0.368s
2025-11-20 18:03:13.913 66417 INFO tempest.lib.common.rest_client [req-0aa155a9-ada6-4933-9318-433aa325d73f req-0aa155a9-ada6-4933-9318-433aa325d73f ] Request (ServerShowV247Test:tearDownClass): 200 GET http://10.180.1.21/compute/v2.1/servers/f1b5e54d-977f-42ab-b8b1-7e2272112745 0.415s
2025-11-20 18:03:13.921 66411 INFO tempest.lib.common.rest_client [req-87ee8dcc-f51a-46a9-9c2e-0e75b4fe8b43 req-87ee8dcc-f51a-46a9-9c2e-0e75b4fe8b43 ] Request (ServersTestJSON:_run_cleanups): 404 GET http://10.180.1.21/compute/v2.1/servers/f341a0a8-a64b-4e8c-bfae-afef60d10701 0.165s
2025-11-20 18:03:13.965 66385 INFO tempest.lib.common.rest_client [req-2b12db6e-7157-4342-a7a4-8a9f4cbc3373 req-2b12db6e-7157-4342-a7a4-8a9f4cbc3373 ] Request (InstanceActionsV221TestJSON:test_get_list_deleted_instance_actions): 200 GET http://10.180.1.21/compute/v2.1/servers/f35208a3-f055-4d12-bcd5-ab1a7cffb817 0.329s
2025-11-20 18:03:13.970 66411 INFO tempest.lib.common.rest_client [req-74423435-a2cb-41ca-aa1c-3ef0875adcb9 req-74423435-a2cb-41ca-aa1c-3ef0875adcb9 ] Request (ServersTestJSON:test_create_server_with_ipv6_addr_only): 201 POST http://10.180.1.21/identity/v3/auth/tokens 0.044s
2025-11-20 18:03:13.970 66411 INFO tempest.lib.common.fixed_network [-] (ServersTestJSON:test_create_server_with_ipv6_addr_only) Found network {'id': 'e4a00075-a28f-4f08-af72-cf01e91d7fdf', 'name': 'tempest-ServersTestJSON-2123082663-network', 'tenant_id': '2bf0538fa2b94db1b25b779492b26b2b', 'project_id': '2bf0538fa2b94db1b25b779492b26b2b', 'admin_state_up': True, 'mtu': 8950, 'status': 'ACTIVE', 'subnets': [], 'shared': False, 'port_security_enabled': True, 'router:external': False, 'provider:network_type': 'vlan', 'provider:physical_network': 'default', 'provider:segmentation_id': 375, 'availability_zone_hints': [], 'availability_zones': [], 'ipv4_address_scope': None, 'ipv6_address_scope': None, 'description': '', 'tags': [], 'created_at': '2025-11-20T18:02:01Z', 'updated_at': '2025-11-20T18:02:01Z', 'revision_number': 1} available for tenant
2025-11-20 18:03:14.042 66375 INFO tempest.lib.common.rest_client [req-c52d8721-1a55-4189-9f11-61bf842d3c6d req-c52d8721-1a55-4189-9f11-61bf842d3c6d ] Request (ServersTestFqdnHostnames:test_create_server_with_fqdn_name): 200 GET http://10.180.1.21/compute/v2.1/servers/8ef9c33d-1d50-4d8e-8763-aa2365b9c940 0.266s
2025-11-20 18:03:14.068 66435 INFO tempest.lib.common.rest_client [req-dbf737ee-1cf9-4fb4-a22e-1768c5d92dc3 req-dbf737ee-1cf9-4fb4-a22e-1768c5d92dc3 ] Request (ServerDiagnosticsNegativeTest:test_get_server_diagnostics_by_non_admin): 200 GET http://10.180.1.21/compute/v2.1/servers/9878c918-9756-4bdb-9246-9c3564a33fe2 0.310s
2025-11-20 18:03:14.094 66393 INFO tempest.lib.common.rest_client [req-c6a50dea-c476-4893-a2f3-4a66f0d43591 req-c6a50dea-c476-4893-a2f3-4a66f0d43591 ] Request (ServerMetadataNegativeTestJSON:setUpClass): 200 GET http://10.180.1.21/compute/v2.1/servers/f760fd71-ea97-4988-a833-9f1bda19d948 0.254s
2025-11-20 18:03:14.193 66431 INFO tempest.lib.common.rest_client [req-233e6931-0739-4e87-a15c-2133f38d904f req-233e6931-0739-4e87-a15c-2133f38d904f ] Request (ImagesOneServerTestJSON:setUpClass): 200 GET http://10.180.1.21/compute/v2.1/servers/e229a14a-2092-4eb7-9edd-ef1c61f548d6 0.245s
2025-11-20 18:03:14.252 66399 INFO tempest.lib.common.rest_client [req-4f6d569e-3a25-4175-a298-4c74de87feba req-4f6d569e-3a25-4175-a298-4c74de87feba ] Request (VolumesAssistedSnapshotsTest:tearDownClass): 200 GET http://10.180.1.21/compute/v2.1/servers/7fd9eeb7-2f12-45dc-8499-d44890502122 0.246s
2025-11-20 18:03:14.350 66429 INFO tempest.lib.common.rest_client [req-310a208e-1cb2-4521-9e39-771d5a98813f req-310a208e-1cb2-4521-9e39-771d5a98813f ] Request (InstanceActionsTestJSON:setUpClass): 200 GET http://10.180.1.21/compute/v2.1/servers/2a8178f4-5c0e-424f-81c2-80bfa3be68e4 0.058s
2025-11-20 18:03:14.403 66411 INFO tempest.lib.common.rest_client [req-c3523c94-d620-48fb-82e4-54e10395d4fd req-c3523c94-d620-48fb-82e4-54e10395d4fd ] Request (ServersTestJSON:test_create_server_with_ipv6_addr_only): 202 POST http://10.180.1.21/compute/v2.1/servers 0.431s
2025-11-20 18:03:14.432 66426 INFO tempest.lib.common.rest_client [req-14fa95de-9a5b-4a43-b84d-cf95da68de7f req-14fa95de-9a5b-4a43-b84d-cf95da68de7f ] Request (MigrationsAdminTest:test_resize_server_revert_deleted_flavor): 200 GET http://10.180.1.21/compute/v2.1/servers/c204a05b-1c9a-4149-b058-4a3f1fc5953a 0.075s
2025-11-20 18:03:14.453 66411 INFO tempest.lib.common.rest_client [req-c949d6f2-7618-461e-a6de-39cdf1ac9f57 req-c949d6f2-7618-461e-a6de-39cdf1ac9f57 ] Request (ServersTestJSON:test_create_server_with_ipv6_addr_only): 200 GET http://10.180.1.21/compute/v2.1/servers/7866bffa-b066-4615-b766-1aa84684f80a 0.048s
2025-11-20 18:03:14.490 66397 INFO tempest.lib.common.rest_client [req-eb6c5483-fb1f-43b8-83d8-60c08982d88d req-eb6c5483-fb1f-43b8-83d8-60c08982d88d ] Request (ServerDiskConfigTestJSON:test_rebuild_server_with_auto_disk_config): 200 GET http://10.180.1.21/compute/v2.1/servers/5e0d6532-86f5-4ff0-8b06-1b49bd2b50dd 0.059s
2025-11-20 18:03:14.515 66413 INFO tempest.lib.common.rest_client [req-444715de-5eb7-448f-b464-d363a5d88164 req-444715de-5eb7-448f-b464-d363a5d88164 ] Request (ImagesTestJSON:test_create_image_from_suspended_server): 200 GET http://10.180.1.21/compute/v2.1/servers/c97e89cd-9c70-4fd7-aa68-4877f746ff79 0.076s
2025-11-20 18:03:14.551 66419 INFO tempest.lib.common.rest_client [req-e530b2f0-3035-43d0-adb7-593a48637783 req-e530b2f0-3035-43d0-adb7-593a48637783 ] Request (ServersAdminTestJSON:test_create_server_with_scheduling_hint): 200 GET http://10.180.1.21/compute/v2.1/servers/3e120ff9-fdf5-4559-bd0e-fe7543e6d0e8 0.057s
2025-11-20 18:03:14.595 66415 INFO tempest.lib.common.rest_client [req-5c56373f-ed2b-4085-bdb5-6a672553e9a4 req-5c56373f-ed2b-4085-bdb5-6a672553e9a4 ] Request (ServersAdmin275Test:test_rebuild_update_server_275): 200 GET http://10.180.1.21/compute/v2.1/servers/a1d5cdab-b149-47cf-83e2-93223f3c94b9 0.093s
2025-11-20 18:03:14.615 66403 INFO tempest.lib.common.rest_client [req-f166bbd0-0f99-49ff-8e46-a10af48b04df req-f166bbd0-0f99-49ff-8e46-a10af48b04df ] Request (ImagesOneServerNegativeTestJSON:setUpClass): 200 GET http://10.180.1.21/compute/v2.1/servers/574a5613-2275-435d-a510-118b2df8871c 0.064s
2025-11-20 18:03:14.653 66389 INFO tempest.lib.common.rest_client [req-48b028b6-30fc-4fda-9323-1d2b4094fc66 req-48b028b6-30fc-4fda-9323-1d2b4094fc66 ] Request (ListImageFiltersTestJSON:setUpClass): 200 GET http://10.180.1.21/compute/v2.1/images/b3f3b1df-8e34-4538-9086-7ddfaf6b5ec8 0.055s
2025-11-20 18:03:14.658 66421 INFO tempest.lib.common.rest_client [req-b4deea0f-de06-4218-a814-6f2442a87fc9 req-b4deea0f-de06-4218-a814-6f2442a87fc9 ] Request (AttachVolumeShelveTestJSON:test_attach_volume_shelved_or_offload_server): 200 GET http://10.180.1.21/compute/v2.1/servers/f18b40f2-c907-4209-a74c-6a057dc696ed 0.089s
2025-11-20 18:03:14.715 66379 INFO tempest.lib.common.rest_client [req-cd1b5222-7c64-4a7a-a8ad-506fb8f7e729 req-cd1b5222-7c64-4a7a-a8ad-506fb8f7e729 ] Request (ServerRescueTestJSONUnderV235:setUpClass): 200 GET http://10.180.1.21/compute/v2.1/servers/da23f358-f08f-4b12-92ff-c6f63eee51d2 0.052s
2025-11-20 18:03:14.718 66409 INFO tempest.lib.common.rest_client [req-5517eace-5971-4e24-a9e0-e9243b2292b8 req-5517eace-5971-4e24-a9e0-e9243b2292b8 ] Request (ListServerFiltersTestJSON:tearDownClass): 200 GET http://10.180.1.21/compute/v2.1/servers/33f5c830-5185-4527-b675-7c104ba9fecf 0.097s
2025-11-20 18:03:14.779 66377 INFO tempest.lib.common.rest_client [req-3ca06e05-c0ff-46b9-b54b-0d154ff16d92 req-3ca06e05-c0ff-46b9-b54b-0d154ff16d92 ] Request (FloatingIPsAssociationTestJSON:tearDownClass): 200 GET http://10.180.1.21/compute/v2.1/servers/b05ce4e5-4737-4429-be8b-102229dd482f 0.091s
2025-11-20 18:03:14.789 66391 INFO tempest.lib.common.rest_client [req-de0c7d6e-811c-4a94-9258-55593c73e740 req-de0c7d6e-811c-4a94-9258-55593c73e740 ] Request (ServersAdminNegativeTestJSON:tearDownClass): 200 GET http://10.180.1.21/compute/v2.1/servers/a7c3e3c2-1b65-489b-ae75-a547269b8017 0.066s
2025-11-20 18:03:14.855 66387 INFO tempest.lib.common.rest_client [req-af2cfbf3-95a2-4b7d-ab5b-bf1728c31e65 req-af2cfbf3-95a2-4b7d-ab5b-bf1728c31e65 ] Request (ServerGroupTestJSON:_run_cleanups): 200 GET http://10.180.1.21/compute/v2.1/servers/67d78522-9c86-4247-a794-300b2e93ff89 0.064s
2025-11-20 18:03:14.876 66407 INFO tempest.lib.common.rest_client [req-8a2483f3-7101-43f2-9a53-c5db4818c815 req-8a2483f3-7101-43f2-9a53-c5db4818c815 ] Request (SecurityGroupsTestJSON:test_server_security_groups): 200 GET http://10.180.1.21/compute/v2.1/servers/2edef218-f860-48a1-bb4f-664e4b63f5d1 0.055s
2025-11-20 18:03:14.917 66383 INFO tempest.lib.common.rest_client [req-331e2583-e437-41df-ac97-a6892d315dd2 req-331e2583-e437-41df-ac97-a6892d315dd2 ] Request (DeleteServersAdminTestJSON:test_delete_server_while_in_error_state): 200 GET http://10.180.1.21/compute/v2.1/servers/9fbaa490-f109-4a0c-88bf-8870966df1e8 0.063s
2025-11-20 18:03:14.939 66401 INFO tempest.lib.common.rest_client [req-773ee784-1ffc-4978-9d10-ad7e4fcf1b20 req-773ee784-1ffc-4978-9d10-ad7e4fcf1b20 ] Request (InstanceActionsNegativeTestJSON:setUpClass): 200 GET http://10.180.1.21/compute/v2.1/servers/893c7d42-7f64-4d07-b1d9-0e4c035cd3b9 0.072s
2025-11-20 18:03:14.984 66405 INFO tempest.lib.common.rest_client [req-90563ee3-6804-4cfc-8434-71e505c33940 req-90563ee3-6804-4cfc-8434-71e505c33940 ] Request (ServersNegativeTestMultiTenantJSON:setUpClass): 200 GET http://10.180.1.21/compute/v2.1/servers/c389da57-aab7-483b-8d97-0ce1ae5e86b0 0.066s
2025-11-20 18:03:15.015 66417 INFO tempest.lib.common.rest_client [req-57186455-53fb-47bd-bad4-5a4d91558cfb req-57186455-53fb-47bd-bad4-5a4d91558cfb ] Request (ServerShowV247Test:tearDownClass): 200 GET http://10.180.1.21/compute/v2.1/servers/f1b5e54d-977f-42ab-b8b1-7e2272112745 0.090s
2025-11-20 18:03:15.041 66385 INFO tempest.lib.common.rest_client [req-f885fa9c-9977-4dc5-81fd-461469452513 req-f885fa9c-9977-4dc5-81fd-461469452513 ] Request (InstanceActionsV221TestJSON:test_get_list_deleted_instance_actions): 200 GET http://10.180.1.21/compute/v2.1/servers/f35208a3-f055-4d12-bcd5-ab1a7cffb817 0.066s
2025-11-20 18:03:15.109 66375 INFO tempest.lib.common.rest_client [req-6b23335a-137a-4d9c-9b7d-44d727c4b18f req-6b23335a-137a-4d9c-9b7d-44d727c4b18f ] Request (ServersTestFqdnHostnames:test_create_server_with_fqdn_name): 200 GET http://10.180.1.21/compute/v2.1/servers/8ef9c33d-1d50-4d8e-8763-aa2365b9c940 0.056s
2025-11-20 18:03:15.159 66393 INFO tempest.lib.common.rest_client [req-24f2d2fc-7b83-4735-a046-cfd83173697a req-24f2d2fc-7b83-4735-a046-cfd83173697a ] Request (ServerMetadataNegativeTestJSON:setUpClass): 200 GET http://10.180.1.21/compute/v2.1/servers/f760fd71-ea97-4988-a833-9f1bda19d948 0.057s
2025-11-20 18:03:15.179 66435 INFO tempest.lib.common.rest_client [req-03da9206-95f6-4c38-a31d-95ac50aeb3c4 req-03da9206-95f6-4c38-a31d-95ac50aeb3c4 ] Request (ServerDiagnosticsNegativeTest:test_get_server_diagnostics_by_non_admin): 200 GET http://10.180.1.21/compute/v2.1/servers/9878c918-9756-4bdb-9246-9c3564a33fe2 0.104s
2025-11-20 18:03:15.293 66431 INFO tempest.lib.common.rest_client [req-b4d75f5d-9478-47cd-9b92-f9416afe8fff req-b4d75f5d-9478-47cd-9b92-f9416afe8fff ] Request (ImagesOneServerTestJSON:setUpClass): 200 GET http://10.180.1.21/compute/v2.1/servers/e229a14a-2092-4eb7-9edd-ef1c61f548d6 0.092s
2025-11-20 18:03:15.321 66399 INFO tempest.lib.common.rest_client [req-c61b371f-9e0b-4063-ba8f-4debd5c18a35 req-c61b371f-9e0b-4063-ba8f-4debd5c18a35 ] Request (VolumesAssistedSnapshotsTest:tearDownClass): 200 GET http://10.180.1.21/compute/v2.1/servers/7fd9eeb7-2f12-45dc-8499-d44890502122 0.060s
2025-11-20 18:03:15.418 66429 INFO tempest.lib.common.rest_client [req-5071ff53-5712-4c54-8865-2b1c40af9869 req-5071ff53-5712-4c54-8865-2b1c40af9869 ] Request (InstanceActionsTestJSON:setUpClass): 200 GET http://10.180.1.21/compute/v2.1/servers/2a8178f4-5c0e-424f-81c2-80bfa3be68e4 0.059s
2025-11-20 18:03:15.495 66426 INFO tempest.lib.common.rest_client [req-9770c4f1-c7d1-412b-8fb6-7b5996af5d42 req-9770c4f1-c7d1-412b-8fb6-7b5996af5d42 ] Request (MigrationsAdminTest:test_resize_server_revert_deleted_flavor): 200 GET http://10.180.1.21/compute/v2.1/servers/c204a05b-1c9a-4149-b058-4a3f1fc5953a 0.055s
2025-11-20 18:03:15.520 66411 INFO tempest.lib.common.rest_client [req-acfc7892-a07d-419a-8c35-caabf480bdc2 req-acfc7892-a07d-419a-8c35-caabf480bdc2 ] Request (ServersTestJSON:test_create_server_with_ipv6_addr_only): 200 GET http://10.180.1.21/compute/v2.1/servers/7866bffa-b066-4615-b766-1aa84684f80a 0.057s
2025-11-20 18:03:15.549 66397 INFO tempest.lib.common.rest_client [req-3b1785b4-07b2-4fff-a23d-24a643bbee9e req-3b1785b4-07b2-4fff-a23d-24a643bbee9e ] Request (ServerDiskConfigTestJSON:test_rebuild_server_with_auto_disk_config): 200 GET http://10.180.1.21/compute/v2.1/servers/5e0d6532-86f5-4ff0-8b06-1b49bd2b50dd 0.050s
2025-11-20 18:03:15.577 66413 INFO tempest.lib.common.rest_client [req-8433d1d9-540e-4f5d-92c2-f16fbfb93faf req-8433d1d9-540e-4f5d-92c2-f16fbfb93faf ] Request (ImagesTestJSON:test_create_image_from_suspended_server): 200 GET http://10.180.1.21/compute/v2.1/servers/c97e89cd-9c70-4fd7-aa68-4877f746ff79 0.053s
2025-11-20 18:03:15.609 66419 INFO tempest.lib.common.rest_client [req-8c29c5c1-9625-4672-9849-05fcd46aa78a req-8c29c5c1-9625-4672-9849-05fcd46aa78a ] Request (ServersAdminTestJSON:test_create_server_with_scheduling_hint): 200 GET http://10.180.1.21/compute/v2.1/servers/3e120ff9-fdf5-4559-bd0e-fe7543e6d0e8 0.050s
2025-11-20 18:03:15.663 66415 INFO tempest.lib.common.rest_client [req-374edfab-547a-4efb-9352-c9ea19b70b25 req-374edfab-547a-4efb-9352-c9ea19b70b25 ] Request (ServersAdmin275Test:test_rebuild_update_server_275): 200 GET http://10.180.1.21/compute/v2.1/servers/a1d5cdab-b149-47cf-83e2-93223f3c94b9 0.057s
2025-11-20 18:03:15.706 66403 INFO tempest.lib.common.rest_client [req-0499a50e-1954-4dbe-98c3-4843c759c059 req-0499a50e-1954-4dbe-98c3-4843c759c059 ] Request (ImagesOneServerNegativeTestJSON:setUpClass): 200 GET http://10.180.1.21/compute/v2.1/servers/574a5613-2275-435d-a510-118b2df8871c 0.084s
2025-11-20 18:03:15.752 66389 INFO tempest.lib.common.rest_client [req-27645e8d-980f-4313-a9ce-9de2ebd82267 req-27645e8d-980f-4313-a9ce-9de2ebd82267 ] Request (ListImageFiltersTestJSON:setUpClass): 200 GET http://10.180.1.21/compute/v2.1/images/b3f3b1df-8e34-4538-9086-7ddfaf6b5ec8 0.095s
2025-11-20 18:03:15.829 66379 INFO tempest.lib.common.rest_client [req-7424a2c7-8cd1-4d85-9c8b-17aea6a3232f req-7424a2c7-8cd1-4d85-9c8b-17aea6a3232f ] Request (ServerRescueTestJSONUnderV235:setUpClass): 200 GET http://10.180.1.21/compute/v2.1/servers/da23f358-f08f-4b12-92ff-c6f63eee51d2 0.105s
2025-11-20 18:03:15.849 66421 INFO tempest.lib.common.rest_client [req-ca643672-a54d-46b8-b1cb-4bbf0e6934af req-ca643672-a54d-46b8-b1cb-4bbf0e6934af ] Request (AttachVolumeShelveTestJSON:test_attach_volume_shelved_or_offload_server): 200 GET http://10.180.1.21/compute/v2.1/servers/f18b40f2-c907-4209-a74c-6a057dc696ed 0.182s
2025-11-20 18:03:15.918 66409 INFO tempest.lib.common.rest_client [req-ed4a1ba9-595c-4967-8636-cd561d8ef870 req-ed4a1ba9-595c-4967-8636-cd561d8ef870 ] Request (ListServerFiltersTestJSON:tearDownClass): 200 GET http://10.180.1.21/compute/v2.1/servers/33f5c830-5185-4527-b675-7c104ba9fecf 0.192s
2025-11-20 18:03:15.936 66377 INFO tempest.lib.common.rest_client [req-168b48a8-7b56-4a92-9218-d1ecca034b24 req-168b48a8-7b56-4a92-9218-d1ecca034b24 ] Request (FloatingIPsAssociationTestJSON:tearDownClass): 200 GET http://10.180.1.21/compute/v2.1/servers/b05ce4e5-4737-4429-be8b-102229dd482f 0.149s
2025-11-20 18:03:15.995 66391 INFO tempest.lib.common.rest_client [req-a8104e10-d25a-4dd2-b7a5-5332b28a7a23 req-a8104e10-d25a-4dd2-b7a5-5332b28a7a23 ] Request (ServersAdminNegativeTestJSON:tearDownClass): 200 GET http://10.180.1.21/compute/v2.1/servers/a7c3e3c2-1b65-489b-ae75-a547269b8017 0.198s
2025-11-20 18:03:16.015 66387 INFO tempest.lib.common.rest_client [req-0a4c14dd-9c82-4ebf-9abf-c09fe0e90f58 req-0a4c14dd-9c82-4ebf-9abf-c09fe0e90f58 ] Request (ServerGroupTestJSON:_run_cleanups): 200 GET http://10.180.1.21/compute/v2.1/servers/67d78522-9c86-4247-a794-300b2e93ff89 0.152s
2025-11-20 18:03:16.058 66407 INFO tempest.lib.common.rest_client [req-e074572e-ffe2-4949-b266-3e7389df14de req-e074572e-ffe2-4949-b266-3e7389df14de ] Request (SecurityGroupsTestJSON:test_server_security_groups): 200 GET http://10.180.1.21/compute/v2.1/servers/2edef218-f860-48a1-bb4f-664e4b63f5d1 0.171s
2025-11-20 18:03:16.078 66383 INFO tempest.lib.common.rest_client [req-233e222a-a08b-4cac-8ffd-c4f0a415b1e2 req-233e222a-a08b-4cac-8ffd-c4f0a415b1e2 ] Request (DeleteServersAdminTestJSON:test_delete_server_while_in_error_state): 200 GET http://10.180.1.21/compute/v2.1/servers/9fbaa490-f109-4a0c-88bf-8870966df1e8 0.150s
2025-11-20 18:03:16.114 66401 INFO tempest.lib.common.rest_client [req-b8fc464c-088c-436e-91ea-705d88c3a694 req-b8fc464c-088c-436e-91ea-705d88c3a694 ] Request (InstanceActionsNegativeTestJSON:setUpClass): 200 GET http://10.180.1.21/compute/v2.1/servers/893c7d42-7f64-4d07-b1d9-0e4c035cd3b9 0.165s
2025-11-20 18:03:16.130 66405 INFO tempest.lib.common.rest_client [req-d556d56d-97cb-401d-b518-292b30a9bfb3 req-d556d56d-97cb-401d-b518-292b30a9bfb3 ] Request (ServersNegativeTestMultiTenantJSON:setUpClass): 200 GET http://10.180.1.21/compute/v2.1/servers/c389da57-aab7-483b-8d97-0ce1ae5e86b0 0.135s
2025-11-20 18:03:16.176 66417 INFO tempest.lib.common.rest_client [req-4706c46c-9e49-4b69-8bcd-fc79c45f225a req-4706c46c-9e49-4b69-8bcd-fc79c45f225a ] Request (ServerShowV247Test:tearDownClass): 200 GET http://10.180.1.21/compute/v2.1/servers/f1b5e54d-977f-42ab-b8b1-7e2272112745 0.151s
2025-11-20 18:03:16.188 66385 INFO tempest.lib.common.rest_client [req-4f5710c2-47da-4203-8f56-9f1609e53d55 req-4f5710c2-47da-4203-8f56-9f1609e53d55 ] Request (InstanceActionsV221TestJSON:test_get_list_deleted_instance_actions): 200 GET http://10.180.1.21/compute/v2.1/servers/f35208a3-f055-4d12-bcd5-ab1a7cffb817 0.137s
2025-11-20 18:03:16.228 66375 INFO tempest.lib.common.rest_client [req-a5214887-fa36-459f-b2dd-06066f4d0682 req-a5214887-fa36-459f-b2dd-06066f4d0682 ] Request (ServersTestFqdnHostnames:test_create_server_with_fqdn_name): 200 GET http://10.180.1.21/compute/v2.1/servers/8ef9c33d-1d50-4d8e-8763-aa2365b9c940 0.111s
2025-11-20 18:03:16.244 66393 INFO tempest.lib.common.rest_client [req-e35547ae-5a3a-4dc8-90a3-9597d75da914 req-e35547ae-5a3a-4dc8-90a3-9597d75da914 ] Request (ServerMetadataNegativeTestJSON:setUpClass): 200 GET http://10.180.1.21/compute/v2.1/servers/f760fd71-ea97-4988-a833-9f1bda19d948 0.075s
2025-11-20 18:03:16.375 66435 INFO tempest.lib.common.rest_client [req-33277218-71fd-4c8d-9dbf-e122bcd7c510 req-33277218-71fd-4c8d-9dbf-e122bcd7c510 ] Request (ServerDiagnosticsNegativeTest:test_get_server_diagnostics_by_non_admin): 200 GET http://10.180.1.21/compute/v2.1/servers/9878c918-9756-4bdb-9246-9c3564a33fe2 0.187s
2025-11-20 18:03:16.446 66399 INFO tempest.lib.common.rest_client [req-502cba38-35a3-48aa-9c57-f7ea5f7a251b req-502cba38-35a3-48aa-9c57-f7ea5f7a251b ] Request (VolumesAssistedSnapshotsTest:tearDownClass): 200 GET http://10.180.1.21/compute/v2.1/servers/7fd9eeb7-2f12-45dc-8499-d44890502122 0.117s
2025-11-20 18:03:16.446 66431 INFO tempest.lib.common.rest_client [req-1ca6be30-99b3-4595-b56e-7edf25d097b4 req-1ca6be30-99b3-4595-b56e-7edf25d097b4 ] Request (ImagesOneServerTestJSON:setUpClass): 200 GET http://10.180.1.21/compute/v2.1/servers/e229a14a-2092-4eb7-9edd-ef1c61f548d6 0.145s
2025-11-20 18:03:16.506 66429 INFO tempest.lib.common.rest_client [req-8e73331b-a9c3-4e4c-9d00-d5c57d9a4b91 req-8e73331b-a9c3-4e4c-9d00-d5c57d9a4b91 ] Request (InstanceActionsTestJSON:setUpClass): 200 GET http://10.180.1.21/compute/v2.1/servers/2a8178f4-5c0e-424f-81c2-80bfa3be68e4 0.080s
2025-11-20 18:03:16.556 66426 INFO tempest.lib.common.rest_client [req-d3f22dc8-f801-41b3-a089-6314cf1e31cb req-d3f22dc8-f801-41b3-a089-6314cf1e31cb ] Request (MigrationsAdminTest:test_resize_server_revert_deleted_flavor): 200 GET http://10.180.1.21/compute/v2.1/servers/c204a05b-1c9a-4149-b058-4a3f1fc5953a 0.054s
2025-11-20 18:03:16.582 66411 INFO tempest.lib.common.rest_client [req-78c488dc-9666-4e2f-9cf6-9735bbf3e10a req-78c488dc-9666-4e2f-9cf6-9735bbf3e10a ] Request (ServersTestJSON:test_create_server_with_ipv6_addr_only): 200 GET http://10.180.1.21/compute/v2.1/servers/7866bffa-b066-4615-b766-1aa84684f80a 0.054s
2025-11-20 18:03:16.621 66397 INFO tempest.lib.common.rest_client [req-d3ee8834-4d61-442a-88d8-f7a4d71f5bc2 req-d3ee8834-4d61-442a-88d8-f7a4d71f5bc2 ] Request (ServerDiskConfigTestJSON:test_rebuild_server_with_auto_disk_config): 200 GET http://10.180.1.21/compute/v2.1/servers/5e0d6532-86f5-4ff0-8b06-1b49bd2b50dd 0.063s
2025-11-20 18:03:16.641 66413 INFO tempest.lib.common.rest_client [req-5d35cb0f-993a-4c2d-a4bd-573b0f19e12f req-5d35cb0f-993a-4c2d-a4bd-573b0f19e12f ] Request (ImagesTestJSON:test_create_image_from_suspended_server): 200 GET http://10.180.1.21/compute/v2.1/servers/c97e89cd-9c70-4fd7-aa68-4877f746ff79 0.055s
2025-11-20 18:03:16.669 66419 INFO tempest.lib.common.rest_client [req-dadce4e1-f516-446a-ada7-6ed0dedd1f9c req-dadce4e1-f516-446a-ada7-6ed0dedd1f9c ] Request (ServersAdminTestJSON:test_create_server_with_scheduling_hint): 200 GET http://10.180.1.21/compute/v2.1/servers/3e120ff9-fdf5-4559-bd0e-fe7543e6d0e8 0.052s
2025-11-20 18:03:16.695 66373 WARNING tempest.lib.common.ssh [-] Failed to establish authenticated ssh connection to cirros@10.180.180.179 ([Errno None] Unable to connect to port 22 on 10.180.180.179). Number attempts: 4. Retry after 5 seconds.: paramiko.ssh_exception.NoValidConnectionsError: [Errno None] Unable to connect to port 22 on 10.180.180.179
2025-11-20 18:03:16.735 66415 INFO tempest.lib.common.rest_client [req-0a17bba8-bbe9-419e-8067-081ee9e460e5 req-0a17bba8-bbe9-419e-8067-081ee9e460e5 ] Request (ServersAdmin275Test:test_rebuild_update_server_275): 200 GET http://10.180.1.21/compute/v2.1/servers/a1d5cdab-b149-47cf-83e2-93223f3c94b9 0.062s
2025-11-20 18:03:16.773 66433 WARNING tempest.lib.common.ssh [-] Failed to establish authenticated ssh connection to cirros@10.180.180.210 ([Errno None] Unable to connect to port 22 on 10.180.180.210). Number attempts: 1. Retry after 2 seconds.: paramiko.ssh_exception.NoValidConnectionsError: [Errno None] Unable to connect to port 22 on 10.180.180.210
2025-11-20 18:03:16.784 66403 INFO tempest.lib.common.rest_client [req-17f30570-d621-4085-b3e4-5159564ba8ef req-17f30570-d621-4085-b3e4-5159564ba8ef ] Request (ImagesOneServerNegativeTestJSON:setUpClass): 200 GET http://10.180.1.21/compute/v2.1/servers/574a5613-2275-435d-a510-118b2df8871c 0.061s
2025-11-20 18:03:16.800 66389 INFO tempest.lib.common.rest_client [req-7507c54e-f63a-4823-87e7-8b2bf227489a req-7507c54e-f63a-4823-87e7-8b2bf227489a ] Request (ListImageFiltersTestJSON:setUpClass): 200 GET http://10.180.1.21/compute/v2.1/images/b3f3b1df-8e34-4538-9086-7ddfaf6b5ec8 0.042s
2025-11-20 18:03:16.906 66379 INFO tempest.lib.common.rest_client [req-167fdad8-8ce8-4422-9962-daac9556645e req-167fdad8-8ce8-4422-9962-daac9556645e ] Request (ServerRescueTestJSONUnderV235:setUpClass): 200 GET http://10.180.1.21/compute/v2.1/servers/da23f358-f08f-4b12-92ff-c6f63eee51d2 0.069s
2025-11-20 18:03:16.926 66421 INFO tempest.lib.common.rest_client [req-a5437692-6ca4-4a37-9669-895fab8cef27 req-a5437692-6ca4-4a37-9669-895fab8cef27 ] Request (AttachVolumeShelveTestJSON:test_attach_volume_shelved_or_offload_server): 200 GET http://10.180.1.21/compute/v2.1/servers/f18b40f2-c907-4209-a74c-6a057dc696ed 0.065s
2025-11-20 18:03:16.995 66409 INFO tempest.lib.common.rest_client [req-2a070bba-dec1-48c7-b5ab-ddd9c7eb17cc req-2a070bba-dec1-48c7-b5ab-ddd9c7eb17cc ] Request (ListServerFiltersTestJSON:tearDownClass): 200 GET http://10.180.1.21/compute/v2.1/servers/33f5c830-5185-4527-b675-7c104ba9fecf 0.068s
2025-11-20 18:03:17.011 66377 INFO tempest.lib.common.rest_client [req-2bb22022-f915-4f51-b071-3504117636d2 req-2bb22022-f915-4f51-b071-3504117636d2 ] Request (FloatingIPsAssociationTestJSON:tearDownClass): 200 GET http://10.180.1.21/compute/v2.1/servers/b05ce4e5-4737-4429-be8b-102229dd482f 0.067s
2025-11-20 18:03:17.073 66391 INFO tempest.lib.common.rest_client [req-5861f7c6-8af2-4591-9374-0d0111f635b6 req-5861f7c6-8af2-4591-9374-0d0111f635b6 ] Request (ServersAdminNegativeTestJSON:tearDownClass): 200 GET http://10.180.1.21/compute/v2.1/servers/a7c3e3c2-1b65-489b-ae75-a547269b8017 0.064s
2025-11-20 18:03:17.094 66387 INFO tempest.lib.common.rest_client [req-1f6ced8f-4c1b-43ee-b693-35338dc9633a req-1f6ced8f-4c1b-43ee-b693-35338dc9633a ] Request (ServerGroupTestJSON:_run_cleanups): 200 GET http://10.180.1.21/compute/v2.1/servers/67d78522-9c86-4247-a794-300b2e93ff89 0.071s
2025-11-20 18:03:17.115 66383 INFO tempest.lib.common.rest_client [req-e05b52e0-0f00-4956-94c2-c5fad279bc14 req-e05b52e0-0f00-4956-94c2-c5fad279bc14 ] Request (DeleteServersAdminTestJSON:test_delete_server_while_in_error_state): 404 GET http://10.180.1.21/compute/v2.1/servers/9fbaa490-f109-4a0c-88bf-8870966df1e8 0.026s
2025-11-20 18:03:17.133 66407 INFO tempest.lib.common.rest_client [req-f3f5998c-98e5-447d-83fe-03a68683499b req-f3f5998c-98e5-447d-83fe-03a68683499b ] Request (SecurityGroupsTestJSON:test_server_security_groups): 200 GET http://10.180.1.21/compute/v2.1/servers/2edef218-f860-48a1-bb4f-664e4b63f5d1 0.065s
2025-11-20 18:03:17.139 66383 INFO tempest.lib.common.rest_client [req-0ba3922a-e807-474f-a29f-19e46cdee310 req-0ba3922a-e807-474f-a29f-19e46cdee310 ] Request (DeleteServersAdminTestJSON:tearDownClass): 404 DELETE http://10.180.1.21/compute/v2.1/servers/9fbaa490-f109-4a0c-88bf-8870966df1e8 0.022s
2025-11-20 18:03:17.185 66401 INFO tempest.lib.common.rest_client [req-495070d8-ad4d-4462-af02-d8bf328a8fe9 req-495070d8-ad4d-4462-af02-d8bf328a8fe9 ] Request (InstanceActionsNegativeTestJSON:setUpClass): 200 GET http://10.180.1.21/compute/v2.1/servers/893c7d42-7f64-4d07-b1d9-0e4c035cd3b9 0.062s
2025-11-20 18:03:17.192 66405 INFO tempest.lib.common.rest_client [req-7cb3d3f0-2d30-4d00-9714-2377faf6c88e req-7cb3d3f0-2d30-4d00-9714-2377faf6c88e ] Request (ServersNegativeTestMultiTenantJSON:setUpClass): 200 GET http://10.180.1.21/compute/v2.1/servers/c389da57-aab7-483b-8d97-0ce1ae5e86b0 0.053s
2025-11-20 18:03:17.207 66383 INFO tempest.lib.common.rest_client [req-013d53a3-87b5-4ed5-867a-29332b331f1b req-013d53a3-87b5-4ed5-867a-29332b331f1b ] Request (DeleteServersAdminTestJSON:tearDownClass): 404 GET http://10.180.1.21/compute/v2.1/servers/9fbaa490-f109-4a0c-88bf-8870966df1e8 0.067s
2025-11-20 18:03:17.259 66417 INFO tempest.lib.common.rest_client [req-84e0e858-2fb3-48f3-b86a-143e3e40b5ff req-84e0e858-2fb3-48f3-b86a-143e3e40b5ff ] Request (ServerShowV247Test:tearDownClass): 200 GET http://10.180.1.21/compute/v2.1/servers/f1b5e54d-977f-42ab-b8b1-7e2272112745 0.070s
2025-11-20 18:03:17.268 66385 INFO tempest.lib.common.rest_client [req-e6159131-158a-4568-aa8b-833574a4c0a1 req-e6159131-158a-4568-aa8b-833574a4c0a1 ] Request (InstanceActionsV221TestJSON:test_get_list_deleted_instance_actions): 200 GET http://10.180.1.21/compute/v2.1/servers/f35208a3-f055-4d12-bcd5-ab1a7cffb817 0.071s
2025-11-20 18:03:17.285 66383 INFO tempest.lib.common.rest_client [req-dd42d4aa-efbb-41fd-848b-98595269f867 req-dd42d4aa-efbb-41fd-848b-98595269f867 ] Request (DeleteServersAdminTestJSON:tearDownClass): 404 DELETE http://10.180.1.21/compute/v2.1/servers/4c3f55a3-8cba-44ff-b091-976f55e954e7 0.077s
2025-11-20 18:03:17.330 66375 INFO tempest.lib.common.rest_client [req-85b085c9-e5ff-43b3-8d34-a118e5ff73b3 req-85b085c9-e5ff-43b3-8d34-a118e5ff73b3 ] Request (ServersTestFqdnHostnames:test_create_server_with_fqdn_name): 200 GET http://10.180.1.21/compute/v2.1/servers/8ef9c33d-1d50-4d8e-8763-aa2365b9c940 0.094s
2025-11-20 18:03:17.337 66393 INFO tempest.lib.common.rest_client [req-d5fc7657-9c21-4994-aa85-bda2d1527393 req-d5fc7657-9c21-4994-aa85-bda2d1527393 ] Request (ServerMetadataNegativeTestJSON:setUpClass): 200 GET http://10.180.1.21/compute/v2.1/servers/f760fd71-ea97-4988-a833-9f1bda19d948 0.082s
2025-11-20 18:03:17.352 66383 INFO tempest.lib.common.rest_client [req-bbc70780-a218-4320-b726-d66bdae93012 req-bbc70780-a218-4320-b726-d66bdae93012 ] Request (DeleteServersAdminTestJSON:tearDownClass): 404 GET http://10.180.1.21/compute/v2.1/servers/4c3f55a3-8cba-44ff-b091-976f55e954e7 0.066s
2025-11-20 18:03:17.456 66383 INFO tempest.lib.common.rest_client [req-81f555a5-7cb2-4e87-b803-501863be6da2 req-81f555a5-7cb2-4e87-b803-501863be6da2 ] Request (DeleteServersAdminTestJSON:tearDownClass): 204 DELETE http://10.180.1.21/identity/v3/users/9b172f3b294548feb465cac53f0ac425 0.104s
2025-11-20 18:03:17.549 66435 INFO tempest.lib.common.rest_client [req-6f8a5345-6314-4d8a-9bbb-71782fafb660 req-6f8a5345-6314-4d8a-9bbb-71782fafb660 ] Request (ServerDiagnosticsNegativeTest:test_get_server_diagnostics_by_non_admin): 200 GET http://10.180.1.21/compute/v2.1/servers/9878c918-9756-4bdb-9246-9c3564a33fe2 0.166s
2025-11-20 18:03:17.558 66399 INFO tempest.lib.common.rest_client [req-ce2c3ddc-38c3-42b2-9802-8a6961ade691 req-ce2c3ddc-38c3-42b2-9802-8a6961ade691 ] Request (VolumesAssistedSnapshotsTest:tearDownClass): 200 GET http://10.180.1.21/compute/v2.1/servers/7fd9eeb7-2f12-45dc-8499-d44890502122 0.102s
2025-11-20 18:03:17.610 66383 INFO tempest.lib.common.rest_client [req-e634532a-b1f2-4df7-92b2-fa2cb880198c req-e634532a-b1f2-4df7-92b2-fa2cb880198c ] Request (DeleteServersAdminTestJSON:tearDownClass): 204 DELETE http://10.180.1.21/identity/v3/users/d3277479caf845db891a2828dba45d8e 0.153s
2025-11-20 18:03:17.610 66383 INFO tempest.lib.common.dynamic_creds [-] Deleting project and security group for project: 3def2c0586e14f5e866e6d575e0bcb8f
2025-11-20 18:03:17.626 66429 INFO tempest.lib.common.rest_client [req-b2e0f653-e353-47c0-bc4d-e2225faa753a req-b2e0f653-e353-47c0-bc4d-e2225faa753a ] Request (InstanceActionsTestJSON:setUpClass): 200 GET http://10.180.1.21/compute/v2.1/servers/2a8178f4-5c0e-424f-81c2-80bfa3be68e4 0.112s
2025-11-20 18:03:17.697 66383 INFO tempest.lib.common.rest_client [req-446ea1a4-6922-45b3-8f2f-5c4877a1a113 req-446ea1a4-6922-45b3-8f2f-5c4877a1a113 ] Request (DeleteServersAdminTestJSON:tearDownClass): 201 POST http://10.180.1.21/identity/v3/auth/tokens 0.086s
2025-11-20 18:03:17.699 66426 INFO tempest.lib.common.rest_client [req-61b25e41-6f18-470f-9195-446cc30d8231 req-61b25e41-6f18-470f-9195-446cc30d8231 ] Request (MigrationsAdminTest:test_resize_server_revert_deleted_flavor): 200 GET http://10.180.1.21/compute/v2.1/servers/c204a05b-1c9a-4149-b058-4a3f1fc5953a 0.132s
2025-11-20 18:03:17.916 66383 INFO tempest.lib.common.rest_client [req-23cdb50d-e392-4807-80d8-c012c2f89b48 req-23cdb50d-e392-4807-80d8-c012c2f89b48 ] Request (DeleteServersAdminTestJSON:tearDownClass): 200 GET http://10.180.1.21/networking/v2.0/security-groups?tenant_id=3def2c0586e14f5e866e6d575e0bcb8f&name=default 0.218s
2025-11-20 18:03:17.941 66411 INFO tempest.lib.common.rest_client [req-a2caeb99-8656-49e9-84e6-03233a6cc215 req-a2caeb99-8656-49e9-84e6-03233a6cc215 ] Request (ServersTestJSON:test_create_server_with_ipv6_addr_only): 200 GET http://10.180.1.21/compute/v2.1/servers/7866bffa-b066-4615-b766-1aa84684f80a 0.350s
2025-11-20 18:03:18.033 66383 INFO tempest.lib.common.rest_client [req-a9013d01-0dfd-49ac-9d93-980c882582cc req-a9013d01-0dfd-49ac-9d93-980c882582cc ] Request (DeleteServersAdminTestJSON:tearDownClass): 204 DELETE http://10.180.1.21/networking/v2.0/security-groups/8e76f2d9-1d06-4ece-a6b8-fb1cb5995297 0.117s
2025-11-20 18:03:18.055 66397 INFO tempest.lib.common.rest_client [req-34aeb107-2b40-4214-be3e-41cc396bdf83 req-34aeb107-2b40-4214-be3e-41cc396bdf83 ] Request (ServerDiskConfigTestJSON:test_rebuild_server_with_auto_disk_config): 200 GET http://10.180.1.21/compute/v2.1/servers/5e0d6532-86f5-4ff0-8b06-1b49bd2b50dd 0.425s
2025-11-20 18:03:18.110 66383 INFO tempest.lib.common.rest_client [req-9564ff60-07d1-46fc-836d-46e023661450 req-9564ff60-07d1-46fc-836d-46e023661450 ] Request (DeleteServersAdminTestJSON:tearDownClass): 204 DELETE http://10.180.1.21/identity/v3/projects/3def2c0586e14f5e866e6d575e0bcb8f 0.076s
2025-11-20 18:03:18.110 66383 INFO tempest.lib.common.dynamic_creds [-] Deleting project and security group for project: c140011be7ed4ad187aacfc4ce785177
2025-11-20 18:03:18.114 66413 INFO tempest.lib.common.rest_client [req-871011ce-4b5f-4eea-be8f-e97ae71586c7 req-871011ce-4b5f-4eea-be8f-e97ae71586c7 ] Request (ImagesTestJSON:test_create_image_from_suspended_server): 200 GET http://10.180.1.21/compute/v2.1/servers/c97e89cd-9c70-4fd7-aa68-4877f746ff79 0.465s
2025-11-20 18:03:18.145 66383 INFO tempest.lib.common.rest_client [req-81a32a6e-8d04-4043-a920-9e774efa8092 req-81a32a6e-8d04-4043-a920-9e774efa8092 ] Request (DeleteServersAdminTestJSON:tearDownClass): 200 GET http://10.180.1.21/networking/v2.0/security-groups?tenant_id=c140011be7ed4ad187aacfc4ce785177&name=default 0.034s
2025-11-20 18:03:18.156 66431 INFO tempest.lib.common.rest_client [req-f0b90148-6223-4ab9-a0e0-a1b98855f5a5 req-f0b90148-6223-4ab9-a0e0-a1b98855f5a5 ] Request (ImagesOneServerTestJSON:setUpClass): 200 GET http://10.180.1.21/compute/v2.1/servers/e229a14a-2092-4eb7-9edd-ef1c61f548d6 0.699s
2025-11-20 18:03:18.166 66419 INFO tempest.lib.common.rest_client [req-02e16140-131d-41fd-98f3-86237d484ff3 req-02e16140-131d-41fd-98f3-86237d484ff3 ] Request (ServersAdminTestJSON:test_create_server_with_scheduling_hint): 200 GET http://10.180.1.21/compute/v2.1/servers/3e120ff9-fdf5-4559-bd0e-fe7543e6d0e8 0.489s
2025-11-20 18:03:18.218 66415 INFO tempest.lib.common.rest_client [req-01d250d1-1768-4ed7-b3ff-372403cc36dd req-01d250d1-1768-4ed7-b3ff-372403cc36dd ] Request (ServersAdmin275Test:test_rebuild_update_server_275): 200 GET http://10.180.1.21/compute/v2.1/servers/a1d5cdab-b149-47cf-83e2-93223f3c94b9 0.473s
2025-11-20 18:03:18.223 66383 INFO tempest.lib.common.rest_client [req-904a9ba8-164a-48f2-96ca-aa9626864d5d req-904a9ba8-164a-48f2-96ca-aa9626864d5d ] Request (DeleteServersAdminTestJSON:tearDownClass): 204 DELETE http://10.180.1.21/networking/v2.0/security-groups/8f4d2d82-ab24-4fc0-be14-ef42495e28be 0.078s
2025-11-20 18:03:18.226 66403 INFO tempest.lib.common.rest_client [req-d6076aa2-6acf-4f6f-9f9d-1a0eb4f4a89b req-d6076aa2-6acf-4f6f-9f9d-1a0eb4f4a89b ] Request (ImagesOneServerNegativeTestJSON:setUpClass): 200 GET http://10.180.1.21/compute/v2.1/servers/574a5613-2275-435d-a510-118b2df8871c 0.433s
2025-11-20 18:03:18.262 66389 INFO tempest.lib.common.rest_client [req-83d3f0df-adc3-4903-b133-a90a4f71de08 req-83d3f0df-adc3-4903-b133-a90a4f71de08 ] Request (ListImageFiltersTestJSON:setUpClass): 200 GET http://10.180.1.21/compute/v2.1/images/b3f3b1df-8e34-4538-9086-7ddfaf6b5ec8 0.458s
2025-11-20 18:03:18.283 66379 INFO tempest.lib.common.rest_client [req-8836c967-0ce5-4443-846e-7f954b6af30c req-8836c967-0ce5-4443-846e-7f954b6af30c ] Request (ServerRescueTestJSONUnderV235:setUpClass): 200 GET http://10.180.1.21/compute/v2.1/servers/da23f358-f08f-4b12-92ff-c6f63eee51d2 0.368s
2025-11-20 18:03:18.325 66421 INFO tempest.lib.common.rest_client [req-a57cb48e-d356-460c-a065-b6db84fa8e9b req-a57cb48e-d356-460c-a065-b6db84fa8e9b ] Request (AttachVolumeShelveTestJSON:test_attach_volume_shelved_or_offload_server): 200 GET http://10.180.1.21/compute/v2.1/servers/f18b40f2-c907-4209-a74c-6a057dc696ed 0.390s
2025-11-20 18:03:18.341 66383 INFO tempest.lib.common.rest_client [req-f3f1fadc-529c-43cc-8b8f-7c7a42e012e6 req-f3f1fadc-529c-43cc-8b8f-7c7a42e012e6 ] Request (DeleteServersAdminTestJSON:tearDownClass): 204 DELETE http://10.180.1.21/identity/v3/projects/c140011be7ed4ad187aacfc4ce785177 0.117s
2025-11-20 18:03:18.369 66409 INFO tempest.lib.common.rest_client [req-6a8b5104-e522-42e7-9ce2-33902bf615e3 req-6a8b5104-e522-42e7-9ce2-33902bf615e3 ] Request (ListServerFiltersTestJSON:tearDownClass): 200 GET http://10.180.1.21/compute/v2.1/servers/33f5c830-5185-4527-b675-7c104ba9fecf 0.366s
2025-11-20 18:03:18.388 66377 INFO tempest.lib.common.rest_client [req-3138a41c-24f3-4286-a149-34ba1af28004 req-3138a41c-24f3-4286-a149-34ba1af28004 ] Request (FloatingIPsAssociationTestJSON:tearDownClass): 200 GET http://10.180.1.21/compute/v2.1/servers/b05ce4e5-4737-4429-be8b-102229dd482f 0.369s
2025-11-20 18:03:18.410 66383 INFO tempest.lib.common.rest_client [req-74e395b1-5f7e-402c-bce2-77e909c730c5 req-74e395b1-5f7e-402c-bce2-77e909c730c5 ] Request (ServerExternalEventsTest:setUpClass): 201 POST http://10.180.1.21/identity/v3/auth/tokens 0.067s
2025-11-20 18:03:18.440 66383 INFO tempest.lib.common.rest_client [req-dd58e3de-e698-4c21-b8fb-9e885ffe403f req-dd58e3de-e698-4c21-b8fb-9e885ffe403f ] Request (ServerExternalEventsTest:setUpClass): 201 POST http://10.180.1.21/identity/v3/auth/tokens 0.027s
2025-11-20 18:03:18.444 66391 INFO tempest.lib.common.rest_client [req-50ed217b-e581-4dc8-8759-ec597b31eb58 req-50ed217b-e581-4dc8-8759-ec597b31eb58 ] Request (ServersAdminNegativeTestJSON:tearDownClass): 200 GET http://10.180.1.21/compute/v2.1/servers/a7c3e3c2-1b65-489b-ae75-a547269b8017 0.361s
2025-11-20 18:03:18.457 66387 INFO tempest.lib.common.rest_client [req-95da7676-aaec-4a7c-a248-dcd474372ea3 req-95da7676-aaec-4a7c-a248-dcd474372ea3 ] Request (ServerGroupTestJSON:_run_cleanups): 200 GET http://10.180.1.21/compute/v2.1/servers/67d78522-9c86-4247-a794-300b2e93ff89 0.355s
2025-11-20 18:03:18.467 66383 INFO tempest.lib.common.rest_client [req-c0986ef4-5c3a-4cf5-9c6b-498f67cca2c9 req-c0986ef4-5c3a-4cf5-9c6b-498f67cca2c9 ] Request (ServerExternalEventsTest:setUpClass): 200 GET http://10.180.1.21/identity/v3/domains?name=Default 0.026s
2025-11-20 18:03:18.492 66407 INFO tempest.lib.common.rest_client [req-0f648122-4d0e-4b12-986a-2eb5d740adb0 req-0f648122-4d0e-4b12-986a-2eb5d740adb0 ] Request (SecurityGroupsTestJSON:test_server_security_groups): 200 GET http://10.180.1.21/compute/v2.1/servers/2edef218-f860-48a1-bb4f-664e4b63f5d1 0.345s
2025-11-20 18:03:18.503 66383 INFO tempest.lib.common.rest_client [req-0b9bb62f-981b-4f90-9bae-2c9c5db06c9b req-0b9bb62f-981b-4f90-9bae-2c9c5db06c9b ] Request (ServerExternalEventsTest:setUpClass): 201 POST http://10.180.1.21/identity/v3/projects 0.036s
2025-11-20 18:03:18.513 66401 INFO tempest.lib.common.rest_client [req-03c0b2e9-807c-4dac-bd43-977de62d54db req-03c0b2e9-807c-4dac-bd43-977de62d54db ] Request (InstanceActionsNegativeTestJSON:setUpClass): 200 GET http://10.180.1.21/compute/v2.1/servers/893c7d42-7f64-4d07-b1d9-0e4c035cd3b9 0.315s
2025-11-20 18:03:18.543 66405 INFO tempest.lib.common.rest_client [req-92829392-6e21-4118-b269-aff538945205 req-92829392-6e21-4118-b269-aff538945205 ] Request (ServersNegativeTestMultiTenantJSON:setUpClass): 200 GET http://10.180.1.21/compute/v2.1/servers/c389da57-aab7-483b-8d97-0ce1ae5e86b0 0.343s
2025-11-20 18:03:18.573 66383 INFO tempest.lib.common.rest_client [req-271fdcd8-b921-4eb3-bdff-f1427bc6abf3 req-271fdcd8-b921-4eb3-bdff-f1427bc6abf3 ] Request (ServerExternalEventsTest:setUpClass): 201 POST http://10.180.1.21/identity/v3/users 0.070s
2025-11-20 18:03:18.582 66417 INFO tempest.lib.common.rest_client [req-dc2a963e-ff94-4102-89c4-cb21632a26a2 req-dc2a963e-ff94-4102-89c4-cb21632a26a2 ] Request (ServerShowV247Test:tearDownClass): 200 GET http://10.180.1.21/compute/v2.1/servers/f1b5e54d-977f-42ab-b8b1-7e2272112745 0.313s
2025-11-20 18:03:18.591 66385 INFO tempest.lib.common.rest_client [req-c8d4a78d-a090-44cc-b75d-ba83e9455979 req-c8d4a78d-a090-44cc-b75d-ba83e9455979 ] Request (InstanceActionsV221TestJSON:test_get_list_deleted_instance_actions): 200 GET http://10.180.1.21/compute/v2.1/servers/f35208a3-f055-4d12-bcd5-ab1a7cffb817 0.314s
2025-11-20 18:03:18.595 66383 INFO tempest.lib.common.rest_client [req-23b65245-7b10-466e-b455-da095f6f94a6 req-23b65245-7b10-466e-b455-da095f6f94a6 ] Request (ServerExternalEventsTest:setUpClass): 200 GET http://10.180.1.21/identity/v3/roles 0.021s
2025-11-20 18:03:18.636 66383 INFO tempest.lib.common.rest_client [req-3c5164fb-3a77-4255-ad11-beaa2dc313cf req-3c5164fb-3a77-4255-ad11-beaa2dc313cf ] Request (ServerExternalEventsTest:setUpClass): 204 PUT http://10.180.1.21/identity/v3/projects/b0fd7fefa0a74fb18037b134a601fcde/users/7c1b30c2ec29434fa609394fa7eb1287/roles/6200a2286eb84998a5117e072264cc33 0.040s
2025-11-20 18:03:18.636 66383 INFO tempest.lib.common.dynamic_creds [-] Dynamic test user 7c1b30c2ec29434fa609394fa7eb1287 is created with scope project and roles: ['member']
2025-11-20 18:03:18.637 66383 INFO tempest.lib.common.dynamic_creds [-] Acquired dynamic creds: credentials: Credentials: {'domain_id': 'default', 'domain_name': 'Default', 'username': 'tempest-ServerExternalEventsTest-1789482822-project-member', 'project_domain_id': 'default', 'project_domain_name': 'Default', 'project_id': 'b0fd7fefa0a74fb18037b134a601fcde', 'project_name': 'tempest-ServerExternalEventsTest-1789482822', 'tenant_id': 'b0fd7fefa0a74fb18037b134a601fcde', 'tenant_name': 'tempest-ServerExternalEventsTest-1789482822', 'user_domain_id': 'default', 'user_domain_name': 'Default', 'user_id': '7c1b30c2ec29434fa609394fa7eb1287', 'system': None}, Network: None, Subnet: None, Router: None
