2025-11-20 18:03:31.565 66399 INFO tempest.lib.common.rest_client [req-289416a4-646b-426c-b4ee-ab48cf9efeef req-289416a4-646b-426c-b4ee-ab48cf9efeef ] Request (VolumesAssistedSnapshotsTest:tearDownClass): 204 DELETE http://10.180.1.21/networking/v2.0/security-groups/1396addb-f92c-45c2-b94f-da185172dd8e 0.092s
2025-11-20 18:03:31.597 66407 INFO tempest.lib.common.rest_client [req-f657d32b-787b-4831-a174-55e3ae0a8ea8 req-f657d32b-787b-4831-a174-55e3ae0a8ea8 ] Request (SecurityGroupsTestJSON:test_server_security_groups): 200 GET http://10.180.1.21/compute/v2.1/servers/2edef218-f860-48a1-bb4f-664e4b63f5d1 0.183s
2025-11-20 18:03:31.635 66381 INFO tempest.lib.common.rest_client [req-e70642e2-f13e-4c58-ad33-3172040f1540 req-e70642e2-f13e-4c58-ad33-3172040f1540 ] Request (ServersTestBootFromVolume:tearDownClass): 204 DELETE http://10.180.1.21/compute/v2.1/servers/bb75bf60-026f-4f53-b28a-8fd601891902 0.172s
2025-11-20 18:03:31.648 66401 INFO tempest.lib.common.rest_client [req-d661ecbe-0eef-4ed0-bdce-2901606a56a0 req-d661ecbe-0eef-4ed0-bdce-2901606a56a0 ] Request (InstanceActionsNegativeTestJSON:setUpClass): 200 GET http://10.180.1.21/compute/v2.1/servers/893c7d42-7f64-4d07-b1d9-0e4c035cd3b9 0.155s
2025-11-20 18:03:31.674 66399 INFO tempest.lib.common.rest_client [req-ef193a61-ebaa-4cd4-a59b-425d6380cba0 req-ef193a61-ebaa-4cd4-a59b-425d6380cba0 ] Request (VolumesAssistedSnapshotsTest:tearDownClass): 204 DELETE http://10.180.1.21/identity/v3/projects/c71cf78b841e4679bf4a906a803b6b85 0.109s
2025-11-20 18:03:31.697 66435 INFO tempest.lib.common.rest_client [req-23fbe2fd-3c49-42a6-a6bf-4e38b1d59404 req-23fbe2fd-3c49-42a6-a6bf-4e38b1d59404 ] Request (ServerDiagnosticsNegativeTest:tearDownClass): 200 GET http://10.180.1.21/compute/v2.1/servers/9878c918-9756-4bdb-9246-9c3564a33fe2 0.186s
2025-11-20 18:03:31.697 66405 INFO tempest.lib.common.rest_client [req-28d94bfe-51b1-4f2d-b5b3-5861fff03a4f req-28d94bfe-51b1-4f2d-b5b3-5861fff03a4f ] Request (ServersNegativeTestMultiTenantJSON:setUpClass): 200 GET http://10.180.1.21/compute/v2.1/servers/c389da57-aab7-483b-8d97-0ce1ae5e86b0 0.132s
2025-11-20 18:03:31.742 66399 INFO tempest.lib.common.rest_client [req-a43e35a4-6f34-455a-a466-d2d572dc3384 req-a43e35a4-6f34-455a-a466-d2d572dc3384 ] Request (FlavorsExtraSpecsNegativeTestJSON:setUpClass): 201 POST http://10.180.1.21/identity/v3/auth/tokens 0.066s
2025-11-20 18:03:31.746 66375 INFO tempest.lib.common.rest_client [req-a62617b5-4e6d-41b7-9f09-32c72ceb34d3 req-a62617b5-4e6d-41b7-9f09-32c72ceb34d3 ] Request (ServersTestFqdnHostnames:test_create_server_with_fqdn_name): 200 GET http://10.180.1.21/compute/v2.1/servers/8ef9c33d-1d50-4d8e-8763-aa2365b9c940 0.163s
2025-11-20 18:03:31.771 66399 INFO tempest.lib.common.rest_client [req-8341cbcc-c9ca-4562-9bd9-7d2b56f66f05 req-8341cbcc-c9ca-4562-9bd9-7d2b56f66f05 ] Request (FlavorsExtraSpecsNegativeTestJSON:setUpClass): 201 POST http://10.180.1.21/identity/v3/auth/tokens 0.026s
2025-11-20 18:03:31.798 66399 INFO tempest.lib.common.rest_client [req-f401810c-5022-4ae6-bd01-8a1104295bf0 req-f401810c-5022-4ae6-bd01-8a1104295bf0 ] Request (FlavorsExtraSpecsNegativeTestJSON:setUpClass): 200 GET http://10.180.1.21/identity/v3/domains?name=Default 0.027s
2025-11-20 18:03:31.798 66393 INFO tempest.lib.common.rest_client [req-ee5d42dd-2711-428b-9192-d7f1a782093f req-ee5d42dd-2711-428b-9192-d7f1a782093f ] Request (ServerMetadataNegativeTestJSON:setUpClass): 200 GET http://10.180.1.21/compute/v2.1/servers/f760fd71-ea97-4988-a833-9f1bda19d948 0.160s
2025-11-20 18:03:31.828 66399 INFO tempest.lib.common.rest_client [req-b07287c2-c67a-44f1-bf98-eef148272b91 req-b07287c2-c67a-44f1-bf98-eef148272b91 ] Request (FlavorsExtraSpecsNegativeTestJSON:setUpClass): 201 POST http://10.180.1.21/identity/v3/projects 0.029s
2025-11-20 18:03:31.849 66381 INFO tempest.lib.common.rest_client [req-df2acd0f-c31d-4c21-9fe8-0846fa64b62f req-df2acd0f-c31d-4c21-9fe8-0846fa64b62f ] Request (ServersTestBootFromVolume:tearDownClass): 200 GET http://10.180.1.21/compute/v2.1/servers/bb75bf60-026f-4f53-b28a-8fd601891902 0.213s
2025-11-20 18:03:31.858 66383 INFO tempest.lib.common.rest_client [req-21452fb5-9246-4c3a-86f5-ffbec734c247 req-21452fb5-9246-4c3a-86f5-ffbec734c247 ] Request (ServerExternalEventsTest:test_create_server_external_events): 200 GET http://10.180.1.21/compute/v2.1/servers/13e99286-2256-4064-ac7e-b02f70bc78e5 0.164s
2025-11-20 18:03:31.896 66399 INFO tempest.lib.common.rest_client [req-f6eaeb1d-5d71-4268-a5a6-ca5360e98393 req-f6eaeb1d-5d71-4268-a5a6-ca5360e98393 ] Request (FlavorsExtraSpecsNegativeTestJSON:setUpClass): 201 POST http://10.180.1.21/identity/v3/users 0.067s
2025-11-20 18:03:31.906 66426 INFO tempest.lib.common.rest_client [req-74b25870-8b8b-413a-920f-8cc9cb8729a5 req-74b25870-8b8b-413a-920f-8cc9cb8729a5 ] Request (MigrationsAdminTest:test_resize_server_revert_deleted_flavor): 200 GET http://10.180.1.21/compute/v2.1/servers/c204a05b-1c9a-4149-b058-4a3f1fc5953a 0.121s
2025-11-20 18:03:31.923 66399 INFO tempest.lib.common.rest_client [req-5005294b-75f2-4712-b963-b64aece5fddf req-5005294b-75f2-4712-b963-b64aece5fddf ] Request (FlavorsExtraSpecsNegativeTestJSON:setUpClass): 200 GET http://10.180.1.21/identity/v3/roles 0.026s
2025-11-20 18:03:31.950 66399 INFO tempest.lib.common.rest_client [req-13300712-ec45-41ca-94ba-c15f79240b61 req-13300712-ec45-41ca-94ba-c15f79240b61 ] Request (FlavorsExtraSpecsNegativeTestJSON:setUpClass): 204 PUT http://10.180.1.21/identity/v3/projects/85226c392f2f4f9482c10b641917c5fb/users/a8b5e6cfb3484e5a9ce06ec527e477b0/roles/6200a2286eb84998a5117e072264cc33 0.026s
2025-11-20 18:03:31.950 66399 INFO tempest.lib.common.dynamic_creds [-] Dynamic test user a8b5e6cfb3484e5a9ce06ec527e477b0 is created with scope project and roles: ['member']
2025-11-20 18:03:31.950 66399 INFO tempest.lib.common.dynamic_creds [-] Acquired dynamic creds: credentials: Credentials: {'domain_id': 'default', 'domain_name': 'Default', 'username': 'tempest-FlavorsExtraSpecsNegativeTestJSON-691915560-project-member', 'project_domain_id': 'default', 'project_domain_name': 'Default', 'project_id': '85226c392f2f4f9482c10b641917c5fb', 'project_name': 'tempest-FlavorsExtraSpecsNegativeTestJSON-691915560', 'tenant_id': '85226c392f2f4f9482c10b641917c5fb', 'tenant_name': 'tempest-FlavorsExtraSpecsNegativeTestJSON-691915560', 'user_domain_id': 'default', 'user_domain_name': 'Default', 'user_id': 'a8b5e6cfb3484e5a9ce06ec527e477b0', 'system': None}, Network: None, Subnet: None, Router: None
2025-11-20 18:03:31.950 66399 INFO tempest.lib.common.dynamic_creds [-] Created isolated network resources for: credentials: Credentials: {'domain_id': 'default', 'domain_name': 'Default', 'username': 'tempest-FlavorsExtraSpecsNegativeTestJSON-691915560-project-member', 'project_domain_id': 'default', 'project_domain_name': 'Default', 'project_id': '85226c392f2f4f9482c10b641917c5fb', 'project_name': 'tempest-FlavorsExtraSpecsNegativeTestJSON-691915560', 'tenant_id': '85226c392f2f4f9482c10b641917c5fb', 'tenant_name': 'tempest-FlavorsExtraSpecsNegativeTestJSON-691915560', 'user_domain_id': 'default', 'user_domain_name': 'Default', 'user_id': 'a8b5e6cfb3484e5a9ce06ec527e477b0', 'system': None}, Network: None, Subnet: None, Router: None
2025-11-20 18:03:31.956 66429 INFO tempest.lib.common.rest_client [req-0e0e44f5-b16e-4949-96ae-740375714176 req-0e0e44f5-b16e-4949-96ae-740375714176 ] Request (InstanceActionsTestJSON:setUpClass): 200 GET http://10.180.1.21/compute/v2.1/servers/2a8178f4-5c0e-424f-81c2-80bfa3be68e4 0.162s
2025-11-20 18:03:31.973 66385 INFO tempest.lib.common.rest_client [req-319a3d78-dca5-4ae3-a0d3-951e8aafea92 req-319a3d78-dca5-4ae3-a0d3-951e8aafea92 ] Request (InstanceActionsV221TestJSON:test_get_list_deleted_instance_actions): 200 GET http://10.180.1.21/compute/v2.1/servers/f35208a3-f055-4d12-bcd5-ab1a7cffb817 0.246s
2025-11-20 18:03:31.985 66385 INFO tempest.common.waiters [-] State transition "BUILD/spawning" ==> "ACTIVE/None" after 63 second wait
2025-11-20 18:03:32.030 66411 INFO tempest.lib.common.rest_client [req-22512e08-2ae7-473c-9cc6-735d00a9a903 req-22512e08-2ae7-473c-9cc6-735d00a9a903 ] Request (ServersTestJSON:test_create_server_with_ipv6_addr_only): 200 GET http://10.180.1.21/compute/v2.1/servers/7866bffa-b066-4615-b766-1aa84684f80a 0.178s
2025-11-20 18:03:32.036 66413 INFO tempest.lib.common.rest_client [req-3a9f04f8-23f3-4d10-9663-88fc967ed4a4 req-3a9f04f8-23f3-4d10-9663-88fc967ed4a4 ] Request (ImagesTestJSON:test_create_image_from_suspended_server): 200 GET http://10.180.1.21/compute/v2.1/servers/c97e89cd-9c70-4fd7-aa68-4877f746ff79 0.183s
2025-11-20 18:03:32.048 66399 INFO tempest.lib.common.rest_client [req-547eb3ca-dbf7-458f-8339-3818cbe338b3 req-547eb3ca-dbf7-458f-8339-3818cbe338b3 ] Request (FlavorsExtraSpecsNegativeTestJSON:setUpClass): 201 POST http://10.180.1.21/identity/v3/auth/tokens 0.094s
2025-11-20 18:03:32.123 66385 INFO tempest.lib.common.rest_client [req-8d507cef-4ba8-4824-b6bf-618d3448b2d2 req-8d507cef-4ba8-4824-b6bf-618d3448b2d2 ] Request (InstanceActionsV221TestJSON:test_get_list_deleted_instance_actions): 204 DELETE http://10.180.1.21/compute/v2.1/servers/f35208a3-f055-4d12-bcd5-ab1a7cffb817 0.138s
2025-11-20 18:03:32.135 66399 INFO tempest.lib.common.rest_client [req-24516d6f-5602-4e27-956e-1c19080222ff req-24516d6f-5602-4e27-956e-1c19080222ff ] Request (FlavorsExtraSpecsNegativeTestJSON:setUpClass): 201 POST http://10.180.1.21/identity/v3/projects 0.087s
2025-11-20 18:03:32.213 66399 INFO tempest.lib.common.rest_client [req-a9b2a14e-a16e-4d3d-aae2-1dfcfb54bdad req-a9b2a14e-a16e-4d3d-aae2-1dfcfb54bdad ] Request (FlavorsExtraSpecsNegativeTestJSON:setUpClass): 201 POST http://10.180.1.21/identity/v3/users 0.077s
2025-11-20 18:03:32.240 66399 INFO tempest.lib.common.rest_client [req-6842dc58-b512-4a20-9e88-55739e245171 req-6842dc58-b512-4a20-9e88-55739e245171 ] Request (FlavorsExtraSpecsNegativeTestJSON:setUpClass): 200 GET http://10.180.1.21/identity/v3/roles 0.026s
2025-11-20 18:03:32.248 66385 INFO tempest.lib.common.rest_client [req-c820df73-e415-45b2-b4b9-f0c6ef503a07 req-c820df73-e415-45b2-b4b9-f0c6ef503a07 ] Request (InstanceActionsV221TestJSON:test_get_list_deleted_instance_actions): 200 GET http://10.180.1.21/compute/v2.1/servers/f35208a3-f055-4d12-bcd5-ab1a7cffb817 0.124s
2025-11-20 18:03:32.273 66399 INFO tempest.lib.common.rest_client [req-33f6572e-1e72-4d31-8dca-54999d815d09 req-33f6572e-1e72-4d31-8dca-54999d815d09 ] Request (FlavorsExtraSpecsNegativeTestJSON:setUpClass): 204 PUT http://10.180.1.21/identity/v3/projects/dedf2d35f2424a4c9734afc601668a0d/users/0e11012bdada4de7bbca09734f1b41bb/roles/ee284365c6944ac4ac06bdc40c2f98bd 0.032s
2025-11-20 18:03:32.285 66389 INFO tempest.lib.common.rest_client [req-c8e373e1-2558-46be-97fe-4aea3300abc7 req-c8e373e1-2558-46be-97fe-4aea3300abc7 ] Request (ListImageFiltersTestJSON:setUpClass): 200 GET http://10.180.1.21/compute/v2.1/servers/02323e1e-643f-4e54-8c69-bd7e52cf2b7e 0.166s
2025-11-20 18:03:32.293 66389 INFO tempest.common.waiters [-] State transition "ACTIVE/image_uploading" ==> "ACTIVE/None" after 1 second wait
2025-11-20 18:03:32.296 66431 INFO tempest.lib.common.rest_client [req-c6b2b120-422e-4258-8307-b76b28d7e20a req-c6b2b120-422e-4258-8307-b76b28d7e20a ] Request (ImagesOneServerTestJSON:test_create_delete_image): 200 GET http://10.180.1.21/compute/v2.1/images/c6031cd1-b14f-47f3-b93e-c2382d76d8f9 0.143s
2025-11-20 18:03:32.341 66399 INFO tempest.lib.common.rest_client [req-25ca1890-faca-4256-9fd0-6b086d7d77ac req-25ca1890-faca-4256-9fd0-6b086d7d77ac ] Request (FlavorsExtraSpecsNegativeTestJSON:setUpClass): 200 GET http://10.180.1.21/identity/v3/roles 0.068s
2025-11-20 18:03:32.356 66397 INFO tempest.lib.common.rest_client [req-8ade8cb5-dc3f-4e0c-aef6-20922864fccb req-8ade8cb5-dc3f-4e0c-aef6-20922864fccb ] Request (ServerDiskConfigTestJSON:test_rebuild_server_with_auto_disk_config): 200 GET http://10.180.1.21/compute/v2.1/servers/5e0d6532-86f5-4ff0-8b06-1b49bd2b50dd 0.129s
2025-11-20 18:03:32.362 66399 INFO tempest.lib.common.rest_client [req-b165fb44-dacf-4c71-b81b-7f865426c3e9 req-b165fb44-dacf-4c71-b81b-7f865426c3e9 ] Request (FlavorsExtraSpecsNegativeTestJSON:setUpClass): 204 PUT http://10.180.1.21/identity/v3/projects/dedf2d35f2424a4c9734afc601668a0d/users/0e11012bdada4de7bbca09734f1b41bb/roles/ee284365c6944ac4ac06bdc40c2f98bd 0.019s
2025-11-20 18:03:32.362 66399 INFO tempest.lib.common.dynamic_creds [-] Dynamic test user 0e11012bdada4de7bbca09734f1b41bb is created with scope project and roles: ['admin']
2025-11-20 18:03:32.362 66399 INFO tempest.lib.common.dynamic_creds [-] Acquired dynamic creds: credentials: Credentials: {'domain_id': 'default', 'domain_name': 'Default', 'username': 'tempest-FlavorsExtraSpecsNegativeTestJSON-1697106414-project-admin', 'project_domain_id': 'default', 'project_domain_name': 'Default', 'project_id': 'dedf2d35f2424a4c9734afc601668a0d', 'project_name': 'tempest-FlavorsExtraSpecsNegativeTestJSON-1697106414', 'tenant_id': 'dedf2d35f2424a4c9734afc601668a0d', 'tenant_name': 'tempest-FlavorsExtraSpecsNegativeTestJSON-1697106414', 'user_domain_id': 'default', 'user_domain_name': 'Default', 'user_id': '0e11012bdada4de7bbca09734f1b41bb', 'system': None}, Network: None, Subnet: None, Router: None
2025-11-20 18:03:32.362 66399 INFO tempest.lib.common.dynamic_creds [-] Created isolated network resources for: credentials: Credentials: {'domain_id': 'default', 'domain_name': 'Default', 'username': 'tempest-FlavorsExtraSpecsNegativeTestJSON-1697106414-project-admin', 'project_domain_id': 'default', 'project_domain_name': 'Default', 'project_id': 'dedf2d35f2424a4c9734afc601668a0d', 'project_name': 'tempest-FlavorsExtraSpecsNegativeTestJSON-1697106414', 'tenant_id': 'dedf2d35f2424a4c9734afc601668a0d', 'tenant_name': 'tempest-FlavorsExtraSpecsNegativeTestJSON-1697106414', 'user_domain_id': 'default', 'user_domain_name': 'Default', 'user_id': '0e11012bdada4de7bbca09734f1b41bb', 'system': None}, Network: None, Subnet: None, Router: None
2025-11-20 18:03:32.419 66419 INFO tempest.lib.common.rest_client [req-6a48d880-c898-4adc-a5e0-29de92bf44e5 req-6a48d880-c898-4adc-a5e0-29de92bf44e5 ] Request (ServersAdminTestJSON:test_create_server_with_scheduling_hint): 200 GET http://10.180.1.21/compute/v2.1/servers/3e120ff9-fdf5-4559-bd0e-fe7543e6d0e8 0.126s
2025-11-20 18:03:32.424 66391 INFO tempest.lib.common.rest_client [req-2893328d-d298-423c-a709-823cba71dbec req-2893328d-d298-423c-a709-823cba71dbec ] Request (ServersAdminNegativeTestJSON:tearDownClass): 200 GET http://10.180.1.21/compute/v2.1/servers/cc0eaad4-6387-4698-9fe6-ec79345b2d94 0.147s
2025-11-20 18:03:32.467 66399 INFO tempest.lib.common.rest_client [req-7ccab293-df50-4abd-9008-1d673f43814c req-7ccab293-df50-4abd-9008-1d673f43814c ] Request (FlavorsExtraSpecsNegativeTestJSON:setUpClass): 201 POST http://10.180.1.21/identity/v3/auth/tokens 0.102s
2025-11-20 18:03:32.499 66389 INFO tempest.lib.common.rest_client [req-4746413c-4433-4ce1-97fa-9d71e8bd70e9 req-4746413c-4433-4ce1-97fa-9d71e8bd70e9 ] Request (ListImageFiltersTestJSON:test_list_images_filter_by_changes_since): 200 GET http://10.180.1.21/compute/v2.1/images?changes-since=2025-11-20T18%3A01%3A24Z 0.204s
2025-11-20 18:03:32.503 66403 INFO tempest.lib.common.rest_client [req-b04f3698-1573-4fd9-9d8f-57a53a1b8879 req-b04f3698-1573-4fd9-9d8f-57a53a1b8879 ] Request (ImagesOneServerNegativeTestJSON:setUpClass): 200 GET http://10.180.1.21/compute/v2.1/servers/574a5613-2275-435d-a510-118b2df8871c 0.167s
2025-11-20 18:03:32.571 66409 INFO tempest.lib.common.rest_client [req-11d08329-f115-4a7d-811b-ec29ccf866ac req-11d08329-f115-4a7d-811b-ec29ccf866ac ] Request (ListServerFiltersTestJSON:tearDownClass): 200 GET http://10.180.1.21/compute/v2.1/servers/33f5c830-5185-4527-b675-7c104ba9fecf 0.147s
2025-11-20 18:03:32.571 66415 INFO tempest.lib.common.rest_client [req-f29dc922-85d6-4fd4-baf5-7b8a67ac3dba req-f29dc922-85d6-4fd4-baf5-7b8a67ac3dba ] Request (ServersAdmin275Test:test_rebuild_update_server_275): 200 GET http://10.180.1.21/compute/v2.1/servers/a1d5cdab-b149-47cf-83e2-93223f3c94b9 0.213s
2025-11-20 18:03:32.582 66415 INFO tempest.common.waiters [-] State transition "BUILD/None" ==> "BUILD/networking" after 54 second wait
2025-11-20 18:03:32.658 66399 INFO tempest.lib.common.rest_client [req-3e6053be-7579-49d8-a7b3-4472635a5302 req-3e6053be-7579-49d8-a7b3-4472635a5302 ] Request (FlavorsExtraSpecsNegativeTestJSON:setUpClass): 200 POST http://10.180.1.21/compute/v2.1/flavors 0.189s
2025-11-20 18:03:32.737 66379 INFO tempest.lib.common.rest_client [req-4b0d5799-bd6e-4285-b8c4-584ebd6bb0db req-4b0d5799-bd6e-4285-b8c4-584ebd6bb0db ] Request (ServerRescueTestJSONUnderV235:setUpClass): 200 GET http://10.180.1.21/compute/v2.1/servers/da23f358-f08f-4b12-92ff-c6f63eee51d2 0.258s
2025-11-20 18:03:32.742 66421 INFO tempest.lib.common.rest_client [req-3b9ece09-ea37-4560-9b5b-c28c9caeeeeb req-3b9ece09-ea37-4560-9b5b-c28c9caeeeeb ] Request (AttachVolumeShelveTestJSON:test_attach_volume_shelved_or_offload_server): 200 GET http://10.180.1.21/compute/v2.1/servers/f18b40f2-c907-4209-a74c-6a057dc696ed 0.245s
2025-11-20 18:03:32.801 66389 INFO tempest.lib.common.rest_client [req-6388b8dc-22c7-4e6c-95c9-8b036f55e356 req-6388b8dc-22c7-4e6c-95c9-8b036f55e356 ] Request (ListImageFiltersTestJSON:test_list_images_filter_by_name): 200 GET http://10.180.1.21/compute/v2.1/images?name=tempest-ListImageFiltersTestJSON-image-372764226 0.298s
2025-11-20 18:03:32.819 66377 INFO tempest.lib.common.rest_client [req-a7a0b629-50f9-4e9c-98ad-a6c2bdaa8ca2 req-a7a0b629-50f9-4e9c-98ad-a6c2bdaa8ca2 ] Request (FloatingIPsAssociationTestJSON:tearDownClass): 200 GET http://10.180.1.21/compute/v2.1/servers/b05ce4e5-4737-4429-be8b-102229dd482f 0.269s
2025-11-20 18:03:32.865 66387 INFO tempest.lib.common.rest_client [req-74b3b0b3-d916-493e-880e-a73652a428e8 req-74b3b0b3-d916-493e-880e-a73652a428e8 ] Request (ServerGroupTestJSON:_run_cleanups): 200 GET http://10.180.1.21/compute/v2.1/servers/67d78522-9c86-4247-a794-300b2e93ff89 0.299s
2025-11-20 18:03:32.875 66395 INFO paramiko.transport [-] Connected (version 2.0, client dropbear_2020.81)
2025-11-20 18:03:32.883 66407 INFO tempest.lib.common.rest_client [req-a7592009-27ca-4969-bd14-f0b47f121d3e req-a7592009-27ca-4969-bd14-f0b47f121d3e ] Request (SecurityGroupsTestJSON:test_server_security_groups): 200 GET http://10.180.1.21/compute/v2.1/servers/2edef218-f860-48a1-bb4f-664e4b63f5d1 0.278s
2025-11-20 18:03:32.943 66401 INFO tempest.lib.common.rest_client [req-06cfa9ea-c0f5-4172-b108-93d9acd0c6b3 req-06cfa9ea-c0f5-4172-b108-93d9acd0c6b3 ] Request (InstanceActionsNegativeTestJSON:setUpClass): 200 GET http://10.180.1.21/compute/v2.1/servers/893c7d42-7f64-4d07-b1d9-0e4c035cd3b9 0.285s
2025-11-20 18:03:32.980 66399 INFO tempest.lib.common.rest_client [req-447ab7dc-f655-4e54-957e-9d8134e63863 req-447ab7dc-f655-4e54-957e-9d8134e63863 ] Request (FlavorsExtraSpecsNegativeTestJSON:test_flavor_get_nonexistent_key): 404 GET http://10.180.1.21/compute/v2.1/flavors/2082758901/os-extra_specs/hw:cpu_thread_policy 0.319s
2025-11-20 18:03:32.982 66395 INFO paramiko.transport [-] Authentication (publickey) successful!
2025-11-20 18:03:32.982 66395 INFO tempest.lib.common.ssh [-] ssh connection to cirros@10.180.180.208 successfully created
2025-11-20 18:03:33.005 66435 INFO tempest.lib.common.rest_client [req-0a241a59-829d-4f10-8ab8-c517d09ef6e3 req-0a241a59-829d-4f10-8ab8-c517d09ef6e3 ] Request (ServerDiagnosticsNegativeTest:tearDownClass): 200 GET http://10.180.1.21/compute/v2.1/servers/9878c918-9756-4bdb-9246-9c3564a33fe2 0.299s
2025-11-20 18:03:33.037 66405 INFO tempest.lib.common.rest_client [req-d4ed3e1e-f29e-462a-8ed3-b583b580e44b req-d4ed3e1e-f29e-462a-8ed3-b583b580e44b ] Request (ServersNegativeTestMultiTenantJSON:setUpClass): 200 GET http://10.180.1.21/compute/v2.1/servers/c389da57-aab7-483b-8d97-0ce1ae5e86b0 0.330s
2025-11-20 18:03:33.058 66375 INFO tempest.lib.common.rest_client [req-5177792f-0900-4aae-9ff5-f7f2c7c92434 req-5177792f-0900-4aae-9ff5-f7f2c7c92434 ] Request (ServersTestFqdnHostnames:test_create_server_with_fqdn_name): 200 GET http://10.180.1.21/compute/v2.1/servers/8ef9c33d-1d50-4d8e-8763-aa2365b9c940 0.303s
2025-11-20 18:03:33.106 66389 INFO tempest.lib.common.rest_client [req-b5efd4c3-4784-4707-a65a-7b9a2a13cffe req-b5efd4c3-4784-4707-a65a-7b9a2a13cffe ] Request (ListImageFiltersTestJSON:test_list_images_filter_by_server_id): 200 GET http://10.180.1.21/compute/v2.1/images?server=02323e1e-643f-4e54-8c69-bd7e52cf2b7e 0.301s
2025-11-20 18:03:33.110 66393 INFO tempest.lib.common.rest_client [req-e3d8c30a-089a-496a-875e-725f61fd7f03 req-e3d8c30a-089a-496a-875e-725f61fd7f03 ] Request (ServerMetadataNegativeTestJSON:setUpClass): 200 GET http://10.180.1.21/compute/v2.1/servers/f760fd71-ea97-4988-a833-9f1bda19d948 0.302s
2025-11-20 18:03:33.160 66383 INFO tempest.lib.common.rest_client [req-16cd1cbd-f40b-4bf8-82af-6bf601b1a3c4 req-16cd1cbd-f40b-4bf8-82af-6bf601b1a3c4 ] Request (ServerExternalEventsTest:test_create_server_external_events): 200 GET http://10.180.1.21/compute/v2.1/servers/13e99286-2256-4064-ac7e-b02f70bc78e5 0.295s
2025-11-20 18:03:33.231 66381 INFO tempest.lib.common.rest_client [req-3d1b377d-a5c5-4b99-8d83-e00f73f1a162 req-3d1b377d-a5c5-4b99-8d83-e00f73f1a162 ] Request (ServersTestBootFromVolume:tearDownClass): 200 GET http://10.180.1.21/compute/v2.1/servers/bb75bf60-026f-4f53-b28a-8fd601891902 0.373s
2025-11-20 18:03:33.247 66426 INFO tempest.lib.common.rest_client [req-1435d877-e6fa-4881-b70f-89e579d7e50f req-1435d877-e6fa-4881-b70f-89e579d7e50f ] Request (MigrationsAdminTest:test_resize_server_revert_deleted_flavor): 200 GET http://10.180.1.21/compute/v2.1/servers/c204a05b-1c9a-4149-b058-4a3f1fc5953a 0.333s
2025-11-20 18:03:33.255 66399 INFO tempest.lib.common.rest_client [req-6cd9a91c-79a0-4503-a9e4-01013a49abbf req-6cd9a91c-79a0-4503-a9e4-01013a49abbf ] Request (FlavorsExtraSpecsNegativeTestJSON:test_flavor_non_admin_set_keys): 403 POST http://10.180.1.21/compute/v2.1/flavors/2082758901/os-extra_specs 0.273s
2025-11-20 18:03:33.286 66429 INFO tempest.lib.common.rest_client [req-5f872961-6dfe-47e3-89b8-2bd63dd0130d req-5f872961-6dfe-47e3-89b8-2bd63dd0130d ] Request (InstanceActionsTestJSON:setUpClass): 200 GET http://10.180.1.21/compute/v2.1/servers/2a8178f4-5c0e-424f-81c2-80bfa3be68e4 0.322s
2025-11-20 18:03:33.354 66395 INFO tempest.lib.common.rest_client [req-c7a63a20-a03e-414a-84ed-4bcba34e7745 req-c7a63a20-a03e-414a-84ed-4bcba34e7745 ] Request (ServersWithSpecificFlavorTestJSON:test_verify_created_server_ephemeral_disk): 204 DELETE http://10.180.1.21/compute/v2.1/servers/b62b2e7b-de24-49f0-8a89-b668e4bda3b0 0.364s
2025-11-20 18:03:33.357 66411 INFO tempest.lib.common.rest_client [req-a8b414cb-67f1-4391-9c5a-30c2d317e231 req-a8b414cb-67f1-4391-9c5a-30c2d317e231 ] Request (ServersTestJSON:test_create_server_with_ipv6_addr_only): 200 GET http://10.180.1.21/compute/v2.1/servers/7866bffa-b066-4615-b766-1aa84684f80a 0.315s
2025-11-20 18:03:33.416 66389 INFO tempest.lib.common.rest_client [req-1fb4a341-2d48-4f9c-92bb-58f28608df5a req-1fb4a341-2d48-4f9c-92bb-58f28608df5a ] Request (ListImageFiltersTestJSON:test_list_images_filter_by_server_ref): 200 GET http://10.180.1.21/compute/v2.1/images?server=http%3A%2F%2F10.180.1.21%2Fcompute%2Fv2.1%2Fservers%2Fd8f7a52c-011e-47a7-8048-1256de38bde5 0.306s
2025-11-20 18:03:33.427 66413 INFO tempest.lib.common.rest_client [req-f13c051b-f9aa-4f7e-acf8-9313ddecff04 req-f13c051b-f9aa-4f7e-acf8-9313ddecff04 ] Request (ImagesTestJSON:test_create_image_from_suspended_server): 200 GET http://10.180.1.21/compute/v2.1/servers/c97e89cd-9c70-4fd7-aa68-4877f746ff79 0.380s
2025-11-20 18:03:33.456 66399 INFO tempest.lib.common.rest_client [req-3ceffe6b-0d9f-4ec2-96b2-b39b70c92349 req-3ceffe6b-0d9f-4ec2-96b2-b39b70c92349 ] Request (FlavorsExtraSpecsNegativeTestJSON:test_flavor_non_admin_unset_keys): 200 POST http://10.180.1.21/compute/v2.1/flavors/2082758901/os-extra_specs 0.199s
2025-11-20 18:03:33.460 66395 INFO tempest.lib.common.rest_client [req-dae00e37-145c-4c4a-95b8-0e7112544039 req-dae00e37-145c-4c4a-95b8-0e7112544039 ] Request (ServersWithSpecificFlavorTestJSON:test_verify_created_server_ephemeral_disk): 201 POST http://10.180.1.21/identity/v3/auth/tokens 0.101s
2025-11-20 18:03:33.461 66395 INFO tempest.lib.common.fixed_network [-] (ServersWithSpecificFlavorTestJSON:test_verify_created_server_ephemeral_disk) Found network {'id': '6245eef6-1494-4295-b2e6-c6f3fffe2137', 'name': 'tempest-ServersWithSpecificFlavorTestJSON-846514545-network', 'tenant_id': '433ad3c3ec874b66ac4cd101dd6cc014', 'project_id': '433ad3c3ec874b66ac4cd101dd6cc014', 'admin_state_up': True, 'mtu': 8950, 'status': 'ACTIVE', 'subnets': [], 'shared': False, 'port_security_enabled': True, 'router:external': False, 'provider:network_type': 'vlan', 'provider:physical_network': 'default', 'provider:segmentation_id': 73, 'availability_zone_hints': [], 'availability_zones': [], 'ipv4_address_scope': None, 'ipv6_address_scope': None, 'description': '', 'tags': [], 'created_at': '2025-11-20T18:00:34Z', 'updated_at': '2025-11-20T18:00:34Z', 'revision_number': 1} available for tenant
2025-11-20 18:03:33.510 66431 INFO tempest.lib.common.rest_client [req-5c221096-f695-40f6-beff-438a8d0f33fc req-5c221096-f695-40f6-beff-438a8d0f33fc ] Request (ImagesOneServerTestJSON:test_create_delete_image): 200 GET http://10.180.1.21/compute/v2.1/images/c6031cd1-b14f-47f3-b93e-c2382d76d8f9 0.210s
2025-11-20 18:03:33.585 66397 INFO tempest.lib.common.rest_client [req-221b9cbf-4568-4531-bd82-4dec6a2e69ed req-221b9cbf-4568-4531-bd82-4dec6a2e69ed ] Request (ServerDiskConfigTestJSON:test_rebuild_server_with_auto_disk_config): 200 GET http://10.180.1.21/compute/v2.1/servers/5e0d6532-86f5-4ff0-8b06-1b49bd2b50dd 0.221s
2025-11-20 18:03:33.638 66385 INFO tempest.lib.common.rest_client [req-4b9e79c4-e0a7-4ce6-824d-250a8591e9d1 req-4b9e79c4-e0a7-4ce6-824d-250a8591e9d1 ] Request (InstanceActionsV221TestJSON:test_get_list_deleted_instance_actions): 200 GET http://10.180.1.21/compute/v2.1/servers/f35208a3-f055-4d12-bcd5-ab1a7cffb817 0.381s
2025-11-20 18:03:33.659 66389 INFO tempest.lib.common.rest_client [req-d8b73b23-f41d-428a-aaf2-f218a5d181e0 req-d8b73b23-f41d-428a-aaf2-f218a5d181e0 ] Request (ListImageFiltersTestJSON:test_list_images_filter_by_server_ref): 200 GET http://10.180.1.21/compute/v2.1/images?server=http%3A%2F%2F10.180.1.21%2Fcompute%2Fservers%2Fd8f7a52c-011e-47a7-8048-1256de38bde5 0.240s
2025-11-20 18:03:33.700 66419 INFO tempest.lib.common.rest_client [req-8eab5453-5d41-42f1-9852-7846bc890dea req-8eab5453-5d41-42f1-9852-7846bc890dea ] Request (ServersAdminTestJSON:test_create_server_with_scheduling_hint): 200 GET http://10.180.1.21/compute/v2.1/servers/3e120ff9-fdf5-4559-bd0e-fe7543e6d0e8 0.267s
2025-11-20 18:03:33.706 66399 INFO tempest.lib.common.rest_client [req-92e6cb13-e8d4-4082-8fd3-043cc8206525 req-92e6cb13-e8d4-4082-8fd3-043cc8206525 ] Request (FlavorsExtraSpecsNegativeTestJSON:test_flavor_non_admin_unset_keys): 403 DELETE http://10.180.1.21/compute/v2.1/flavors/2082758901/os-extra_specs/hw:numa_nodes 0.248s
2025-11-20 18:03:33.735 66391 INFO tempest.lib.common.rest_client [req-1cb15b96-9eac-4afb-97c2-c1ba9c329340 req-1cb15b96-9eac-4afb-97c2-c1ba9c329340 ] Request (ServersAdminNegativeTestJSON:tearDownClass): 200 GET http://10.180.1.21/compute/v2.1/servers/cc0eaad4-6387-4698-9fe6-ec79345b2d94 0.299s
2025-11-20 18:03:33.786 66403 INFO tempest.lib.common.rest_client [req-a65408fa-982e-45e8-86a7-6da7c242e72d req-a65408fa-982e-45e8-86a7-6da7c242e72d ] Request (ImagesOneServerNegativeTestJSON:setUpClass): 200 GET http://10.180.1.21/compute/v2.1/servers/574a5613-2275-435d-a510-118b2df8871c 0.274s
2025-11-20 18:03:33.828 66431 INFO tempest.lib.common.rest_client [req-c2bbc5dc-9f5a-4d0e-b340-3347e9dedb5c req-c2bbc5dc-9f5a-4d0e-b340-3347e9dedb5c ] Request (ImagesOneServerTestJSON:test_create_delete_image): 200 GET http://10.180.1.21/compute/v2.1/images/c6031cd1-b14f-47f3-b93e-c2382d76d8f9 0.313s
2025-11-20 18:03:33.916 66409 INFO tempest.lib.common.rest_client [req-7732eaa0-c969-40ef-a7aa-0b2983654f26 req-7732eaa0-c969-40ef-a7aa-0b2983654f26 ] Request (ListServerFiltersTestJSON:tearDownClass): 200 GET http://10.180.1.21/compute/v2.1/servers/33f5c830-5185-4527-b675-7c104ba9fecf 0.337s
2025-11-20 18:03:33.984 66415 INFO tempest.lib.common.rest_client [req-83401f98-f3d7-4e8e-af24-26638e4188d3 req-83401f98-f3d7-4e8e-af24-26638e4188d3 ] Request (ServersAdmin275Test:test_rebuild_update_server_275): 200 GET http://10.180.1.21/compute/v2.1/servers/a1d5cdab-b149-47cf-83e2-93223f3c94b9 0.400s
2025-11-20 18:03:33.997 66415 INFO tempest.common.waiters [-] State transition "BUILD/networking" ==> "BUILD/spawning" after 55 second wait
2025-11-20 18:03:34.069 66389 INFO tempest.lib.common.rest_client [req-d72fa5b0-7034-4fe3-8a13-23c8e96e49c6 req-d72fa5b0-7034-4fe3-8a13-23c8e96e49c6 ] Request (ListImageFiltersTestJSON:test_list_images_filter_by_status): 200 GET http://10.180.1.21/compute/v2.1/images?status=ACTIVE 0.406s
2025-11-20 18:03:34.095 66399 INFO tempest.lib.common.rest_client [req-a63aff8a-a1d7-42ea-8aff-810fff906344 req-a63aff8a-a1d7-42ea-8aff-810fff906344 ] Request (FlavorsExtraSpecsNegativeTestJSON:test_flavor_non_admin_update_specific_key): 200 POST http://10.180.1.21/compute/v2.1/flavors/2082758901/os-extra_specs 0.386s
2025-11-20 18:03:34.106 66395 INFO tempest.lib.common.rest_client [req-d64613e7-81d3-4f07-8a5d-249bf93ce3ec req-d64613e7-81d3-4f07-8a5d-249bf93ce3ec ] Request (ServersWithSpecificFlavorTestJSON:test_verify_created_server_ephemeral_disk): 202 POST http://10.180.1.21/compute/v2.1/servers 0.644s
2025-11-20 18:03:34.173 66421 INFO tempest.lib.common.rest_client [req-ad57012d-b74e-4789-9599-31009d4e59e5 req-ad57012d-b74e-4789-9599-31009d4e59e5 ] Request (AttachVolumeShelveTestJSON:test_attach_volume_shelved_or_offload_server): 200 GET http://10.180.1.21/compute/v2.1/servers/f18b40f2-c907-4209-a74c-6a057dc696ed 0.416s
2025-11-20 18:03:34.230 66379 INFO tempest.lib.common.rest_client [req-df833825-4e7d-42a7-8291-2ac73d5785e4 req-df833825-4e7d-42a7-8291-2ac73d5785e4 ] Request (ServerRescueTestJSONUnderV235:setUpClass): 200 GET http://10.180.1.21/compute/v2.1/servers/da23f358-f08f-4b12-92ff-c6f63eee51d2 0.483s
2025-11-20 18:03:34.255 66377 INFO tempest.lib.common.rest_client [req-a634fd26-9542-44c9-82a7-e7b23a7eb80f req-a634fd26-9542-44c9-82a7-e7b23a7eb80f ] Request (FloatingIPsAssociationTestJSON:tearDownClass): 200 GET http://10.180.1.21/compute/v2.1/servers/b05ce4e5-4737-4429-be8b-102229dd482f 0.427s
2025-11-20 18:03:34.316 66387 INFO tempest.lib.common.rest_client [req-2ee4776e-e1cb-46cb-ab7f-187c7a445418 req-2ee4776e-e1cb-46cb-ab7f-187c7a445418 ] Request (ServerGroupTestJSON:_run_cleanups): 200 GET http://10.180.1.21/compute/v2.1/servers/67d78522-9c86-4247-a794-300b2e93ff89 0.443s
2025-11-20 18:03:34.369 66431 INFO tempest.lib.common.rest_client [req-a135cb7d-0486-4565-be39-a725b375a6de req-a135cb7d-0486-4565-be39-a725b375a6de ] Request (ImagesOneServerTestJSON:test_create_delete_image): 200 GET http://10.180.1.21/compute/v2.1/servers/e229a14a-2092-4eb7-9edd-ef1c61f548d6 0.537s
2025-11-20 18:03:34.379 66407 INFO tempest.lib.common.rest_client [req-a4e019a5-517a-45ac-8529-d372c662f806 req-a4e019a5-517a-45ac-8529-d372c662f806 ] Request (SecurityGroupsTestJSON:test_server_security_groups): 200 GET http://10.180.1.21/compute/v2.1/servers/2edef218-f860-48a1-bb4f-664e4b63f5d1 0.484s
2025-11-20 18:03:34.438 66401 INFO tempest.lib.common.rest_client [req-c115573a-a547-41ad-b860-eee3575f5949 req-c115573a-a547-41ad-b860-eee3575f5949 ] Request (InstanceActionsNegativeTestJSON:setUpClass): 200 GET http://10.180.1.21/compute/v2.1/servers/893c7d42-7f64-4d07-b1d9-0e4c035cd3b9 0.485s
2025-11-20 18:03:34.450 66401 INFO tempest.common.waiters [-] State transition "BUILD/scheduling" ==> "BUILD/None" after 37 second wait
2025-11-20 18:03:34.467 66435 INFO tempest.lib.common.rest_client [req-468e8c66-21e1-4fe3-a332-670bfc79c7f4 req-468e8c66-21e1-4fe3-a332-670bfc79c7f4 ] Request (ServerDiagnosticsNegativeTest:tearDownClass): 200 GET http://10.180.1.21/compute/v2.1/servers/9878c918-9756-4bdb-9246-9c3564a33fe2 0.452s
2025-11-20 18:03:34.515 66405 INFO tempest.lib.common.rest_client [req-c2d78a85-916d-4fa2-9fe5-49250397e87f req-c2d78a85-916d-4fa2-9fe5-49250397e87f ] Request (ServersNegativeTestMultiTenantJSON:setUpClass): 200 GET http://10.180.1.21/compute/v2.1/servers/c389da57-aab7-483b-8d97-0ce1ae5e86b0 0.468s
2025-11-20 18:03:34.543 66375 INFO tempest.lib.common.rest_client [req-7e6d1b35-378b-4a09-9052-02244bd20217 req-7e6d1b35-378b-4a09-9052-02244bd20217 ] Request (ServersTestFqdnHostnames:test_create_server_with_fqdn_name): 200 GET http://10.180.1.21/compute/v2.1/servers/8ef9c33d-1d50-4d8e-8763-aa2365b9c940 0.472s
2025-11-20 18:03:34.550 66399 INFO tempest.lib.common.rest_client [req-661c54e7-98d7-4740-8ed7-c4a0f50a4c56 req-661c54e7-98d7-4740-8ed7-c4a0f50a4c56 ] Request (FlavorsExtraSpecsNegativeTestJSON:test_flavor_non_admin_update_specific_key): 403 PUT http://10.180.1.21/compute/v2.1/flavors/2082758901/os-extra_specs/hw:numa_nodes 0.454s
2025-11-20 18:03:34.573 66389 INFO tempest.lib.common.rest_client [req-cb0ea8dd-0648-47ca-8036-bfd9f87a8518 req-cb0ea8dd-0648-47ca-8036-bfd9f87a8518 ] Request (ListImageFiltersTestJSON:test_list_images_filter_by_type): 200 GET http://10.180.1.21/compute/v2.1/images?type=snapshot 0.500s
2025-11-20 18:03:34.597 66395 INFO tempest.lib.common.rest_client [req-af2b93b9-f9e8-47c1-9c8e-ea93b2cbb2ad req-af2b93b9-f9e8-47c1-9c8e-ea93b2cbb2ad ] Request (ServersWithSpecificFlavorTestJSON:test_verify_created_server_ephemeral_disk): 200 GET http://10.180.1.21/compute/v2.1/servers/18fdc88d-4bc7-45ea-afff-c9109c06fcd1 0.490s
2025-11-20 18:03:34.652 66393 INFO tempest.lib.common.rest_client [req-fe159394-ccb8-41ab-b30f-0d29fc533b41 req-fe159394-ccb8-41ab-b30f-0d29fc533b41 ] Request (ServerMetadataNegativeTestJSON:setUpClass): 200 GET http://10.180.1.21/compute/v2.1/servers/f760fd71-ea97-4988-a833-9f1bda19d948 0.534s
2025-11-20 18:03:34.676 66383 INFO tempest.lib.common.rest_client [req-b874d091-e3af-481c-bd69-31335cb5012e req-b874d091-e3af-481c-bd69-31335cb5012e ] Request (ServerExternalEventsTest:test_create_server_external_events): 200 GET http://10.180.1.21/compute/v2.1/servers/13e99286-2256-4064-ac7e-b02f70bc78e5 0.502s
2025-11-20 18:03:34.763 66426 INFO tempest.lib.common.rest_client [req-f76a12e5-e57c-4b6f-8403-b1d8b6b5871f req-f76a12e5-e57c-4b6f-8403-b1d8b6b5871f ] Request (MigrationsAdminTest:test_resize_server_revert_deleted_flavor): 200 GET http://10.180.1.21/compute/v2.1/servers/c204a05b-1c9a-4149-b058-4a3f1fc5953a 0.506s
2025-11-20 18:03:34.815 66381 INFO tempest.lib.common.rest_client [req-f1c89079-994c-4391-899d-2a5b93b9256e req-f1c89079-994c-4391-899d-2a5b93b9256e ] Request (ServersTestBootFromVolume:tearDownClass): 200 GET http://10.180.1.21/compute/v2.1/servers/bb75bf60-026f-4f53-b28a-8fd601891902 0.570s
2025-11-20 18:03:34.836 66429 INFO tempest.lib.common.rest_client [req-674016ae-726d-4eba-befe-5a5d627b7b25 req-674016ae-726d-4eba-befe-5a5d627b7b25 ] Request (InstanceActionsTestJSON:setUpClass): 200 GET http://10.180.1.21/compute/v2.1/servers/2a8178f4-5c0e-424f-81c2-80bfa3be68e4 0.542s
2025-11-20 18:03:34.871 66373 WARNING tempest.lib.common.ssh [-] Failed to establish authenticated ssh connection to cirros@10.180.180.179 ([Errno None] Unable to connect to port 22 on 10.180.180.179). Number attempts: 6. Retry after 7 seconds.: paramiko.ssh_exception.NoValidConnectionsError: [Errno None] Unable to connect to port 22 on 10.180.180.179
2025-11-20 18:03:34.878 66411 INFO tempest.lib.common.rest_client [req-78baaa3f-4cf4-4b0e-8a77-a396ce819077 req-78baaa3f-4cf4-4b0e-8a77-a396ce819077 ] Request (ServersTestJSON:test_create_server_with_ipv6_addr_only): 200 GET http://10.180.1.21/compute/v2.1/servers/7866bffa-b066-4615-b766-1aa84684f80a 0.513s
2025-11-20 18:03:34.888 66399 INFO tempest.lib.common.rest_client [req-7914f2a0-6673-469e-80a2-7aeccd913cc4 req-7914f2a0-6673-469e-80a2-7aeccd913cc4 ] Request (FlavorsExtraSpecsNegativeTestJSON:test_flavor_unset_nonexistent_key): 404 DELETE http://10.180.1.21/compute/v2.1/flavors/2082758901/os-extra_specs/hw:cpu_thread_policy 0.337s
2025-11-20 18:03:34.893 66413 INFO tempest.lib.common.rest_client [req-c4280c08-b3d0-4eec-b8c1-7dc25a2f3b17 req-c4280c08-b3d0-4eec-b8c1-7dc25a2f3b17 ] Request (ImagesTestJSON:test_create_image_from_suspended_server): 200 GET http://10.180.1.21/compute/v2.1/servers/c97e89cd-9c70-4fd7-aa68-4877f746ff79 0.451s
2025-11-20 18:03:34.945 66389 INFO tempest.lib.common.rest_client [req-44f52468-8f1f-449a-bf60-05d51a320874 req-44f52468-8f1f-449a-bf60-05d51a320874 ] Request (ListImageFiltersTestJSON:test_list_images_limit_results): 200 GET http://10.180.1.21/compute/v2.1/images?limit=1 0.362s
2025-11-20 18:03:34.953 66397 INFO tempest.lib.common.rest_client [req-555d29c6-5ae6-475c-9119-dde772c6ba93 req-555d29c6-5ae6-475c-9119-dde772c6ba93 ] Request (ServerDiskConfigTestJSON:test_rebuild_server_with_auto_disk_config): 200 GET http://10.180.1.21/compute/v2.1/servers/5e0d6532-86f5-4ff0-8b06-1b49bd2b50dd 0.359s
2025-11-20 18:03:35.006 66419 INFO tempest.lib.common.rest_client [req-7d5b0fe2-39d8-4646-9887-1575c70f7297 req-7d5b0fe2-39d8-4646-9887-1575c70f7297 ] Request (ServersAdminTestJSON:test_create_server_with_scheduling_hint): 200 GET http://10.180.1.21/compute/v2.1/servers/3e120ff9-fdf5-4559-bd0e-fe7543e6d0e8 0.297s
2025-11-20 18:03:35.014 66385 INFO tempest.lib.common.rest_client [req-9f30c189-be26-411d-92b8-9a490383d2de req-9f30c189-be26-411d-92b8-9a490383d2de ] Request (InstanceActionsV221TestJSON:test_get_list_deleted_instance_actions): 200 GET http://10.180.1.21/compute/v2.1/servers/f35208a3-f055-4d12-bcd5-ab1a7cffb817 0.362s
2025-11-20 18:03:35.078 66403 INFO tempest.lib.common.rest_client [req-bb8b1cd7-3be6-45d6-8795-9c3f036086c8 req-bb8b1cd7-3be6-45d6-8795-9c3f036086c8 ] Request (ImagesOneServerNegativeTestJSON:setUpClass): 200 GET http://10.180.1.21/compute/v2.1/servers/574a5613-2275-435d-a510-118b2df8871c 0.284s
2025-11-20 18:03:35.085 66391 INFO tempest.lib.common.rest_client [req-545a1845-1a1a-4d44-a0f2-6b9b02a77239 req-545a1845-1a1a-4d44-a0f2-6b9b02a77239 ] Request (ServersAdminNegativeTestJSON:tearDownClass): 200 GET http://10.180.1.21/compute/v2.1/servers/cc0eaad4-6387-4698-9fe6-ec79345b2d94 0.337s
2025-11-20 18:03:35.087 66399 INFO tempest.lib.common.rest_client [req-081448a1-aff1-40d5-9fa0-bc49015eb264 req-081448a1-aff1-40d5-9fa0-bc49015eb264 ] Request (FlavorsExtraSpecsNegativeTestJSON:test_flavor_update_mismatch_key): 400 PUT http://10.180.1.21/compute/v2.1/flavors/2082758901/os-extra_specs/hw:numa_nodes 0.198s
2025-11-20 18:03:35.092 66391 INFO tempest.common.waiters [-] State transition "ACTIVE/deleting" ==> "DELETED/None" after 4 second wait
2025-11-20 18:03:35.158 66409 INFO tempest.lib.common.rest_client [req-68cf02e0-45d6-4cba-b629-aead423d3240 req-68cf02e0-45d6-4cba-b629-aead423d3240 ] Request (ListServerFiltersTestJSON:tearDownClass): 200 GET http://10.180.1.21/compute/v2.1/servers/33f5c830-5185-4527-b675-7c104ba9fecf 0.230s
2025-11-20 18:03:35.184 66389 INFO tempest.lib.common.rest_client [req-4823940b-814b-40dd-92d2-0450c6e1281e req-4823940b-814b-40dd-92d2-0450c6e1281e ] Request (ListImageFiltersTestJSON:test_list_images_with_detail_filter_by_changes_since): 200 GET http://10.180.1.21/compute/v2.1/images/detail?changes-since=2025-11-20T18%3A01%3A07Z 0.236s
2025-11-20 18:03:35.190 66399 INFO tempest.lib.common.rest_client [req-fea1302a-89e0-424d-bc64-bbfcf2918911 req-fea1302a-89e0-424d-bc64-bbfcf2918911 ] Request (FlavorsExtraSpecsNegativeTestJSON:test_flavor_update_more_key): 400 PUT http://10.180.1.21/compute/v2.1/flavors/2082758901/os-extra_specs/hw:numa_nodes 0.101s
2025-11-20 18:03:35.213 66415 INFO tempest.lib.common.rest_client [req-40af1eaf-c268-4d64-9963-d3b97dc26cc0 req-40af1eaf-c268-4d64-9963-d3b97dc26cc0 ] Request (ServersAdmin275Test:test_rebuild_update_server_275): 200 GET http://10.180.1.21/compute/v2.1/servers/a1d5cdab-b149-47cf-83e2-93223f3c94b9 0.214s
2025-11-20 18:03:35.245 66421 INFO tempest.lib.common.rest_client [req-dbb332e1-9011-4580-a2fa-a53ad61a3328 req-dbb332e1-9011-4580-a2fa-a53ad61a3328 ] Request (AttachVolumeShelveTestJSON:test_attach_volume_shelved_or_offload_server): 200 GET http://10.180.1.21/compute/v2.1/servers/f18b40f2-c907-4209-a74c-6a057dc696ed 0.058s
2025-11-20 18:03:35.259 66389 INFO tempest.lib.common.rest_client [req-a45d2165-a0f8-4ec3-abd4-435614d3dc7f req-a45d2165-a0f8-4ec3-abd4-435614d3dc7f ] Request (ListImageFiltersTestJSON:test_list_images_with_detail_filter_by_name): 200 GET http://10.180.1.21/compute/v2.1/images/detail?name=tempest-ListImageFiltersTestJSON-image-372764226 0.068s
2025-11-20 18:03:35.268 66399 INFO tempest.lib.common.rest_client [req-32aaa060-a32a-4d11-b035-57c46f160119 req-32aaa060-a32a-4d11-b035-57c46f160119 ] Request (FlavorsExtraSpecsNegativeTestJSON:tearDownClass): 202 DELETE http://10.180.1.21/compute/v2.1/flavors/2082758901 0.076s
2025-11-20 18:03:35.374 66377 INFO tempest.lib.common.rest_client [req-0b09984b-6ce7-4a38-8ff3-5555e7528326 req-0b09984b-6ce7-4a38-8ff3-5555e7528326 ] Request (FloatingIPsAssociationTestJSON:tearDownClass): 200 GET http://10.180.1.21/compute/v2.1/servers/b05ce4e5-4737-4429-be8b-102229dd482f 0.111s
2025-11-20 18:03:35.411 66379 INFO tempest.lib.common.rest_client [req-3741405f-089c-40e4-a23d-8b7653b1fda7 req-3741405f-089c-40e4-a23d-8b7653b1fda7 ] Request (ServerRescueTestJSONUnderV235:setUpClass): 200 GET http://10.180.1.21/compute/v2.1/servers/da23f358-f08f-4b12-92ff-c6f63eee51d2 0.173s
2025-11-20 18:03:35.420 66389 INFO tempest.lib.common.rest_client [req-cb9d3b20-50ed-4ef7-bb57-e000fe96f332 req-cb9d3b20-50ed-4ef7-bb57-e000fe96f332 ] Request (ListImageFiltersTestJSON:test_list_images_with_detail_filter_by_server_ref): 200 GET http://10.180.1.21/compute/v2.1/images/detail?server=http%3A%2F%2F10.180.1.21%2Fcompute%2Fv2.1%2Fservers%2Fd8f7a52c-011e-47a7-8048-1256de38bde5 0.155s
2025-11-20 18:03:35.451 66399 INFO tempest.lib.common.rest_client [req-58cfeede-da7b-47b3-af39-e7f661e07aee req-58cfeede-da7b-47b3-af39-e7f661e07aee ] Request (FlavorsExtraSpecsNegativeTestJSON:tearDownClass): 200 GET http://10.180.1.21/compute/v2.1/flavors/detail 0.183s
2025-11-20 18:03:35.516 66387 INFO tempest.lib.common.rest_client [req-af60968a-c173-491c-af64-f14c4c8b7110 req-af60968a-c173-491c-af64-f14c4c8b7110 ] Request (ServerGroupTestJSON:_run_cleanups): 200 GET http://10.180.1.21/compute/v2.1/servers/67d78522-9c86-4247-a794-300b2e93ff89 0.191s
2025-11-20 18:03:35.581 66399 INFO tempest.lib.common.rest_client [req-d9b7f749-7495-47e9-b05d-53026b46c0b3 req-d9b7f749-7495-47e9-b05d-53026b46c0b3 ] Request (FlavorsExtraSpecsNegativeTestJSON:tearDownClass): 204 DELETE http://10.180.1.21/identity/v3/users/a8b5e6cfb3484e5a9ce06ec527e477b0 0.123s
2025-11-20 18:03:35.587 66431 INFO tempest.lib.common.rest_client [req-d3021d2f-36b0-458f-9f47-6e8060cb7135 req-d3021d2f-36b0-458f-9f47-6e8060cb7135 ] Request (ImagesOneServerTestJSON:test_create_delete_image): 200 GET http://10.180.1.21/compute/v2.1/servers/e229a14a-2092-4eb7-9edd-ef1c61f548d6 0.209s
2025-11-20 18:03:35.594 66431 INFO tempest.common.waiters [-] State transition "ACTIVE/image_uploading" ==> "ACTIVE/None" after 1 second wait
2025-11-20 18:03:35.634 66407 INFO tempest.lib.common.rest_client [req-1060ec2e-d866-4442-9d90-b4eece1675d2 req-1060ec2e-d866-4442-9d90-b4eece1675d2 ] Request (SecurityGroupsTestJSON:test_server_security_groups): 200 GET http://10.180.1.21/compute/v2.1/servers/2edef218-f860-48a1-bb4f-664e4b63f5d1 0.240s
2025-11-20 18:03:35.655 66389 INFO tempest.lib.common.rest_client [req-b351f3ce-4517-4991-8851-09e28ee6c865 req-b351f3ce-4517-4991-8851-09e28ee6c865 ] Request (ListImageFiltersTestJSON:test_list_images_with_detail_filter_by_server_ref): 200 GET http://10.180.1.21/compute/v2.1/images/detail?server=http%3A%2F%2F10.180.1.21%2Fcompute%2Fservers%2Fd8f7a52c-011e-47a7-8048-1256de38bde5 0.229s
2025-11-20 18:03:35.700 66399 INFO tempest.lib.common.rest_client [req-e4ef8076-e3f5-4baa-be4d-9331be0ffd9e req-e4ef8076-e3f5-4baa-be4d-9331be0ffd9e ] Request (FlavorsExtraSpecsNegativeTestJSON:tearDownClass): 204 DELETE http://10.180.1.21/identity/v3/users/0e11012bdada4de7bbca09734f1b41bb 0.118s
2025-11-20 18:03:35.700 66399 INFO tempest.lib.common.dynamic_creds [-] Deleting project and security group for project: 85226c392f2f4f9482c10b641917c5fb
2025-11-20 18:03:35.706 66401 INFO tempest.lib.common.rest_client [req-4687f925-184f-4ea3-953c-6539a1e0fc69 req-4687f925-184f-4ea3-953c-6539a1e0fc69 ] Request (InstanceActionsNegativeTestJSON:setUpClass): 200 GET http://10.180.1.21/compute/v2.1/servers/893c7d42-7f64-4d07-b1d9-0e4c035cd3b9 0.255s
2025-11-20 18:03:35.730 66435 INFO tempest.lib.common.rest_client [req-0cecc280-ec46-4a0d-92f5-8ba5f9f4ec9f req-0cecc280-ec46-4a0d-92f5-8ba5f9f4ec9f ] Request (ServerDiagnosticsNegativeTest:tearDownClass): 200 GET http://10.180.1.21/compute/v2.1/servers/9878c918-9756-4bdb-9246-9c3564a33fe2 0.252s
2025-11-20 18:03:35.770 66405 INFO tempest.lib.common.rest_client [req-a2036709-ee99-4fcc-82c9-52d01a2aeb4e req-a2036709-ee99-4fcc-82c9-52d01a2aeb4e ] Request (ServersNegativeTestMultiTenantJSON:setUpClass): 200 GET http://10.180.1.21/compute/v2.1/servers/c389da57-aab7-483b-8d97-0ce1ae5e86b0 0.243s
2025-11-20 18:03:35.772 66399 INFO tempest.lib.common.rest_client [req-e193ffdf-d8e8-40f3-a7b7-29184b6fc9f9 req-e193ffdf-d8e8-40f3-a7b7-29184b6fc9f9 ] Request (FlavorsExtraSpecsNegativeTestJSON:tearDownClass): 201 POST http://10.180.1.21/identity/v3/auth/tokens 0.071s
2025-11-20 18:03:35.789 66375 INFO tempest.lib.common.rest_client [req-3077619f-2f9e-4b3d-8932-9d9899e37e62 req-3077619f-2f9e-4b3d-8932-9d9899e37e62 ] Request (ServersTestFqdnHostnames:test_create_server_with_fqdn_name): 200 GET http://10.180.1.21/compute/v2.1/servers/8ef9c33d-1d50-4d8e-8763-aa2365b9c940 0.238s
2025-11-20 18:03:35.814 66431 INFO tempest.lib.common.rest_client [req-101588e7-5a26-4e8a-a419-b60b3519eb10 req-101588e7-5a26-4e8a-a419-b60b3519eb10 ] Request (ImagesOneServerTestJSON:test_create_delete_image): 200 GET http://10.180.1.21/compute/v2.1/images/af8142cc-b1de-4691-9001-9d53129de217 0.219s
2025-11-20 18:03:35.890 66389 INFO tempest.lib.common.rest_client [req-af6116e1-4a71-4937-b59e-811d212c02ad req-af6116e1-4a71-4937-b59e-811d212c02ad ] Request (ListImageFiltersTestJSON:test_list_images_with_detail_filter_by_status): 200 GET http://10.180.1.21/compute/v2.1/images/detail?status=ACTIVE 0.230s
2025-11-20 18:03:35.960 66399 INFO tempest.lib.common.rest_client [req-b3b4a831-dd63-41d8-b3fd-235f1e896f7a req-b3b4a831-dd63-41d8-b3fd-235f1e896f7a ] Request (FlavorsExtraSpecsNegativeTestJSON:tearDownClass): 200 GET http://10.180.1.21/networking/v2.0/security-groups?tenant_id=85226c392f2f4f9482c10b641917c5fb&name=default 0.188s
2025-11-20 18:03:35.985 66395 INFO tempest.lib.common.rest_client [req-814600d6-6a3f-4054-998a-413028c1a30f req-814600d6-6a3f-4054-998a-413028c1a30f ] Request (ServersWithSpecificFlavorTestJSON:test_verify_created_server_ephemeral_disk): 200 GET http://10.180.1.21/compute/v2.1/servers/18fdc88d-4bc7-45ea-afff-c9109c06fcd1 0.377s
2025-11-20 18:03:35.999 66393 INFO tempest.lib.common.rest_client [req-66b02164-8072-4870-bfc4-1614eceacb14 req-66b02164-8072-4870-bfc4-1614eceacb14 ] Request (ServerMetadataNegativeTestJSON:setUpClass): 200 GET http://10.180.1.21/compute/v2.1/servers/f760fd71-ea97-4988-a833-9f1bda19d948 0.336s
2025-11-20 18:03:36.084 66399 INFO tempest.lib.common.rest_client [req-c74c25b9-995c-4364-9a5f-9920152776e2 req-c74c25b9-995c-4364-9a5f-9920152776e2 ] Request (FlavorsExtraSpecsNegativeTestJSON:tearDownClass): 204 DELETE http://10.180.1.21/networking/v2.0/security-groups/142d403e-3cb5-450b-a728-bd312a67ef5f 0.122s
2025-11-20 18:03:36.134 66383 INFO tempest.lib.common.rest_client [req-053907cd-d779-4ccc-ab21-92d10db4054e req-053907cd-d779-4ccc-ab21-92d10db4054e ] Request (ServerExternalEventsTest:test_create_server_external_events): 200 GET http://10.180.1.21/compute/v2.1/servers/13e99286-2256-4064-ac7e-b02f70bc78e5 0.445s
2025-11-20 18:03:36.148 66426 INFO tempest.lib.common.rest_client [req-ed725831-d953-4568-9609-d6cdb9be499a req-ed725831-d953-4568-9609-d6cdb9be499a ] Request (MigrationsAdminTest:test_resize_server_revert_deleted_flavor): 200 GET http://10.180.1.21/compute/v2.1/servers/c204a05b-1c9a-4149-b058-4a3f1fc5953a 0.373s
2025-11-20 18:03:36.152 66399 INFO tempest.lib.common.rest_client [req-1bc62ddc-cffb-425f-a0bc-4d2a9bc8e5c8 req-1bc62ddc-cffb-425f-a0bc-4d2a9bc8e5c8 ] Request (FlavorsExtraSpecsNegativeTestJSON:tearDownClass): 204 DELETE http://10.180.1.21/identity/v3/projects/85226c392f2f4f9482c10b641917c5fb 0.068s
2025-11-20 18:03:36.153 66399 INFO tempest.lib.common.dynamic_creds [-] Deleting project and security group for project: dedf2d35f2424a4c9734afc601668a0d
2025-11-20 18:03:36.153 66431 INFO tempest.lib.common.rest_client [req-bc3727eb-accc-40be-b2b0-0c731c2b562f req-bc3727eb-accc-40be-b2b0-0c731c2b562f ] Request (ImagesOneServerTestJSON:test_create_delete_image): 200 GET http://10.180.1.21/compute/v2.1/flavors/42 0.335s
2025-11-20 18:03:36.257 66429 INFO tempest.lib.common.rest_client [req-f4fcaa00-5700-4d4c-9b85-1984b2e4aac1 req-f4fcaa00-5700-4d4c-9b85-1984b2e4aac1 ] Request (InstanceActionsTestJSON:setUpClass): 200 GET http://10.180.1.21/compute/v2.1/servers/2a8178f4-5c0e-424f-81c2-80bfa3be68e4 0.413s
2025-11-20 18:03:36.265 66381 INFO tempest.lib.common.rest_client [req-7a47bf82-02cc-4a55-b37d-c9d32c0202a0 req-7a47bf82-02cc-4a55-b37d-c9d32c0202a0 ] Request (ServersTestBootFromVolume:tearDownClass): 200 GET http://10.180.1.21/compute/v2.1/servers/bb75bf60-026f-4f53-b28a-8fd601891902 0.438s
