2025-11-20 18:02:00.424 66435 INFO tempest.lib.common.rest_client [req-45a254cb-3f4e-4f1f-b300-6759f0a45137 req-45a254cb-3f4e-4f1f-b300-6759f0a45137 ] Request (InstanceUsageAuditLogNegativeTestJSON:test_get_instance_usage_audit_logs_with_invalid_time): 400 GET http://10.180.1.21/compute/v2.1/os-instance_usage_audit_log/invalid_time 1.734s
2025-11-20 18:02:00.445 66431 INFO tempest.lib.common.rest_client [req-8b3deb3c-41e1-42c8-994c-6553609292ca req-8b3deb3c-41e1-42c8-994c-6553609292ca ] Request (HypervisorAdminNegativeTestJSON:tearDownClass): 204 DELETE http://10.180.1.21/identity/v3/users/efc2b53b2c7d42f3ab4b62d693461054 0.151s
2025-11-20 18:02:00.445 66431 INFO tempest.lib.common.dynamic_creds [-] Deleting project and security group for project: 07c4529f0ee14adf8c588939f346b88b
2025-11-20 18:02:00.453 66405 INFO tempest.lib.common.rest_client [req-52fbea8b-44d8-4887-84e9-6ec9d7addb29 req-52fbea8b-44d8-4887-84e9-6ec9d7addb29 ] Request (ServersListShow2100Test:tearDownClass): 204 DELETE http://10.180.1.21/compute/v2.1/servers/fb85089f-203b-4952-b1a8-70c6aac15ce1 1.730s
2025-11-20 18:02:00.474 66375 INFO tempest.lib.common.rest_client [req-3c99d8a0-d191-428b-8f69-a76ca489ff51 req-3c99d8a0-d191-428b-8f69-a76ca489ff51 ] Request (SecurityGroupRulesNegativeTestJSON:setUpClass): 201 POST http://10.180.1.21/identity/v3/auth/tokens 0.101s
2025-11-20 18:02:00.475 66411 INFO tempest.lib.common.rest_client [req-fb61d96f-f501-4535-a078-8c1780fcff7e req-fb61d96f-f501-4535-a078-8c1780fcff7e ] Request (ServersListShow296Test:tearDownClass): 404 GET http://10.180.1.21/compute/v2.1/servers/b056bee2-103c-4bf4-853b-8be7d81e1cd4 1.553s
2025-11-20 18:02:00.481 66385 INFO tempest.lib.common.rest_client [req-d6543c0d-5fdf-454f-a2ec-b688716771c3 req-d6543c0d-5fdf-454f-a2ec-b688716771c3 ] Request (AggregatesAdminNegativeTestJSON:test_aggregate_list_as_user): 403 GET http://10.180.1.21/compute/v2.1/os-aggregates 1.201s
2025-11-20 18:02:00.501 66397 INFO tempest.lib.common.rest_client [req-1ed4dc0c-8180-41bf-9500-7142439281c6 req-1ed4dc0c-8180-41bf-9500-7142439281c6 ] Request (FlavorsAdminTestJSON:test_is_public_string_variations): 200 POST http://10.180.1.21/compute/v2.1/flavors 1.201s
2025-11-20 18:02:00.509 66431 INFO tempest.lib.common.rest_client [req-dea988fb-f95e-4b46-be27-5c10f67e6a76 req-dea988fb-f95e-4b46-be27-5c10f67e6a76 ] Request (HypervisorAdminNegativeTestJSON:tearDownClass): 201 POST http://10.180.1.21/identity/v3/auth/tokens 0.063s
2025-11-20 18:02:00.522 66409 INFO tempest.lib.common.rest_client [req-2c64f615-1a97-4eaf-8253-98fb5701d236 req-2c64f615-1a97-4eaf-8253-98fb5701d236 ] Request (ListServerFiltersTestJSON:test_list_servers_filter_by_exceed_limit): 200 GET http://10.180.1.21/compute/v2.1/servers?limit=100000 1.621s
2025-11-20 18:02:00.539 66375 INFO tempest.lib.common.rest_client [req-d5aea065-b562-40d0-ace5-b5e9ef0f21b3 req-d5aea065-b562-40d0-ace5-b5e9ef0f21b3 ] Request (SecurityGroupRulesNegativeTestJSON:setUpClass): 200 GET http://10.180.1.21/identity/v3/domains?name=Default 0.064s
2025-11-20 18:02:00.579 66411 INFO tempest.lib.common.rest_client [req-f031f616-393b-4aaa-909e-788641543d38 req-f031f616-393b-4aaa-909e-788641543d38 ] Request (ServersListShow296Test:tearDownClass): 204 DELETE http://10.180.1.21/identity/v3/users/a05963ffd4e649f2b8c09a585fabb8da 0.103s
2025-11-20 18:02:00.580 66411 INFO tempest.lib.common.dynamic_creds [-] Deleting project and security group for project: e2057410f34141ffb07fc57a3a4b1e5f
2025-11-20 18:02:00.638 66395 INFO tempest.lib.common.rest_client [req-5e29a6ed-e3b8-4951-988c-98014654421c req-5e29a6ed-e3b8-4951-988c-98014654421c ] Request (ServersWithSpecificFlavorTestJSON:test_verify_created_server_ephemeral_disk): 200 GET http://10.180.1.21/compute/v2.1/servers/b62b2e7b-de24-49f0-8a89-b668e4bda3b0 1.223s
2025-11-20 18:02:00.641 66375 INFO tempest.lib.common.rest_client [req-b39183ee-0932-4a4a-a081-59d6920151d4 req-b39183ee-0932-4a4a-a081-59d6920151d4 ] Request (SecurityGroupRulesNegativeTestJSON:setUpClass): 201 POST http://10.180.1.21/identity/v3/projects 0.102s
2025-11-20 18:02:00.658 66395 INFO tempest.lib.common.ssh [-] Creating ssh connection to '10.180.180.208:22' as 'cirros' with public key authentication
2025-11-20 18:02:00.697 66411 INFO tempest.lib.common.rest_client [req-3cd3be20-13b4-4fa5-b1e1-bf20b4cacfe7 req-3cd3be20-13b4-4fa5-b1e1-bf20b4cacfe7 ] Request (ServersListShow296Test:tearDownClass): 201 POST http://10.180.1.21/identity/v3/auth/tokens 0.117s
2025-11-20 18:02:00.713 66375 INFO tempest.lib.common.rest_client [req-914f37cb-33f4-4d95-a5d4-2289ff3410ab req-914f37cb-33f4-4d95-a5d4-2289ff3410ab ] Request (SecurityGroupRulesNegativeTestJSON:setUpClass): 201 POST http://10.180.1.21/identity/v3/users 0.071s
2025-11-20 18:02:00.728 66407 INFO tempest.lib.common.rest_client [req-631c574b-031b-4e4c-99dd-c493060365f1 req-631c574b-031b-4e4c-99dd-c493060365f1 ] Request (SecurityGroupsTestJSON:test_list_security_groups_by_server): 200 GET http://10.180.1.21/compute/v2.1/servers/93450161-c320-4a42-b7e7-843ea7ab1958 1.273s
2025-11-20 18:02:00.739 66407 INFO tempest.common.waiters [-] State transition "BUILD/scheduling" ==> "BUILD/None" after 2 second wait
2025-11-20 18:02:00.742 66375 INFO tempest.lib.common.rest_client [req-162ab746-f68b-40f5-bc01-0bb4c6d8d24c req-162ab746-f68b-40f5-bc01-0bb4c6d8d24c ] Request (SecurityGroupRulesNegativeTestJSON:setUpClass): 200 GET http://10.180.1.21/identity/v3/roles 0.028s
2025-11-20 18:02:00.768 66431 INFO tempest.lib.common.rest_client [req-46a4a82f-dd70-4dcf-a516-44e93d220787 req-46a4a82f-dd70-4dcf-a516-44e93d220787 ] Request (HypervisorAdminNegativeTestJSON:tearDownClass): 200 GET http://10.180.1.21/networking/v2.0/security-groups?tenant_id=07c4529f0ee14adf8c588939f346b88b&name=default 0.259s
2025-11-20 18:02:00.772 66375 INFO tempest.lib.common.rest_client [req-896e899b-eeac-4093-98ba-b8f70c60e53f req-896e899b-eeac-4093-98ba-b8f70c60e53f ] Request (SecurityGroupRulesNegativeTestJSON:setUpClass): 204 PUT http://10.180.1.21/identity/v3/projects/13049dcc75af4b939ee9fcd917f22327/users/b79636eecdf445b3b2bbf15ddd6c4c73/roles/6200a2286eb84998a5117e072264cc33 0.029s
2025-11-20 18:02:00.772 66375 INFO tempest.lib.common.dynamic_creds [-] Dynamic test user b79636eecdf445b3b2bbf15ddd6c4c73 is created with scope project and roles: ['member']
2025-11-20 18:02:00.772 66375 INFO tempest.lib.common.dynamic_creds [-] Acquired dynamic creds: credentials: Credentials: {'domain_id': 'default', 'domain_name': 'Default', 'username': 'tempest-SecurityGroupRulesNegativeTestJSON-2063462914-project-member', 'project_domain_id': 'default', 'project_domain_name': 'Default', 'project_id': '13049dcc75af4b939ee9fcd917f22327', 'project_name': 'tempest-SecurityGroupRulesNegativeTestJSON-2063462914', 'tenant_id': '13049dcc75af4b939ee9fcd917f22327', 'tenant_name': 'tempest-SecurityGroupRulesNegativeTestJSON-2063462914', 'user_domain_id': 'default', 'user_domain_name': 'Default', 'user_id': 'b79636eecdf445b3b2bbf15ddd6c4c73', 'system': None}, Network: None, Subnet: None, Router: None
2025-11-20 18:02:00.850 66375 INFO tempest.lib.common.rest_client [req-1ccfbd31-cf90-4826-a222-b0a43bbc2ed8 req-1ccfbd31-cf90-4826-a222-b0a43bbc2ed8 ] Request (SecurityGroupRulesNegativeTestJSON:setUpClass): 201 POST http://10.180.1.21/identity/v3/auth/tokens 0.077s
2025-11-20 18:02:00.901 66411 INFO tempest.lib.common.rest_client [req-088bd8b0-34b5-4997-b774-81312552a645 req-088bd8b0-34b5-4997-b774-81312552a645 ] Request (ServersListShow296Test:tearDownClass): 200 GET http://10.180.1.21/networking/v2.0/security-groups?tenant_id=e2057410f34141ffb07fc57a3a4b1e5f&name=default 0.203s
2025-11-20 18:02:00.924 66419 INFO tempest.lib.common.rest_client [req-1efda204-d36f-4384-bf14-9e561601bba8 req-1efda204-d36f-4384-bf14-9e561601bba8 ] Request (ServersAdminTestJSON:setUpClass): 200 GET http://10.180.1.21/compute/v2.1/servers/d5e613b8-85bd-4e7b-b9aa-0e0cd28d572f 1.522s
2025-11-20 18:02:00.947 66431 INFO tempest.lib.common.rest_client [req-8783bd6d-ede7-4100-b188-71c05e93d30c req-8783bd6d-ede7-4100-b188-71c05e93d30c ] Request (HypervisorAdminNegativeTestJSON:tearDownClass): 204 DELETE http://10.180.1.21/networking/v2.0/security-groups/24d1aa4b-efc0-4458-8740-7c76b138a37e 0.178s
2025-11-20 18:02:00.976 66413 INFO tempest.lib.common.rest_client [req-1ff5c316-b21e-4908-9f4c-533b6b68b8d8 req-1ff5c316-b21e-4908-9f4c-533b6b68b8d8 ] Request (ImagesTestJSON:test_create_image_from_stopped_server): 200 GET http://10.180.1.21/compute/v2.1/servers/e2ce32a7-3547-4bd4-99ae-43f243411d43 1.420s
2025-11-20 18:02:01.011 66431 INFO tempest.lib.common.rest_client [req-a46d5272-59da-4e15-9cf8-a7fc7b9631a7 req-a46d5272-59da-4e15-9cf8-a7fc7b9631a7 ] Request (HypervisorAdminNegativeTestJSON:tearDownClass): 204 DELETE http://10.180.1.21/identity/v3/projects/07c4529f0ee14adf8c588939f346b88b 0.064s
2025-11-20 18:02:01.011 66431 INFO tempest.lib.common.dynamic_creds [-] Deleting project and security group for project: b062327f2f104025b35586b6da2224ac
2025-11-20 18:02:01.045 66411 INFO tempest.lib.common.rest_client [req-121b26c3-ce9a-48b1-ad2f-eb69275824fb req-121b26c3-ce9a-48b1-ad2f-eb69275824fb ] Request (ServersListShow296Test:tearDownClass): 204 DELETE http://10.180.1.21/networking/v2.0/security-groups/f1b494d1-0b79-47e2-ae08-817dbde036fe 0.144s
2025-11-20 18:02:01.070 66381 INFO tempest.lib.common.rest_client [req-eb7a293b-f210-4f6d-b143-241f43e5db66 req-eb7a293b-f210-4f6d-b143-241f43e5db66 ] Request (ServersTestBootFromVolume:setUpClass): 200 GET http://10.180.1.21/compute/v2.1/servers/bb75bf60-026f-4f53-b28a-8fd601891902 1.472s
2025-11-20 18:02:01.140 66411 INFO tempest.lib.common.rest_client [req-cebfaefc-d352-4897-a350-57b8cd0aaf01 req-cebfaefc-d352-4897-a350-57b8cd0aaf01 ] Request (ServersListShow296Test:tearDownClass): 204 DELETE http://10.180.1.21/identity/v3/projects/e2057410f34141ffb07fc57a3a4b1e5f 0.094s
2025-11-20 18:02:01.167 66431 INFO tempest.lib.common.rest_client [req-52d536ed-61c4-4e08-9eb7-96ca43d20488 req-52d536ed-61c4-4e08-9eb7-96ca43d20488 ] Request (HypervisorAdminNegativeTestJSON:tearDownClass): 200 GET http://10.180.1.21/networking/v2.0/security-groups?tenant_id=b062327f2f104025b35586b6da2224ac&name=default 0.155s
2025-11-20 18:02:01.184 66375 INFO tempest.lib.common.rest_client [req-bb7affc2-8e6a-479d-a9c4-ee525081f214 req-bb7affc2-8e6a-479d-a9c4-ee525081f214 ] Request (SecurityGroupRulesNegativeTestJSON:setUpClass): 201 POST http://10.180.1.21/networking/v2.0/networks 0.334s
2025-11-20 18:02:01.190 66417 INFO tempest.lib.common.rest_client [req-f618928d-8baa-431d-8db8-b16014068e32 req-f618928d-8baa-431d-8db8-b16014068e32 ] Request (ServerShowV247Test:tearDownClass): 200 GET http://10.180.1.21/compute/v2.1/servers/4ae2be53-cb71-454a-84a3-3c20b8378d68 1.534s
2025-11-20 18:02:01.205 66389 INFO tempest.lib.common.rest_client [req-4041bdbe-bb29-4f49-8f04-352251c0823a req-4041bdbe-bb29-4f49-8f04-352251c0823a ] Request (ListImageFiltersTestJSON:setUpClass): 200 GET http://10.180.1.21/compute/v2.1/servers/d8f7a52c-011e-47a7-8048-1256de38bde5 1.549s
2025-11-20 18:02:01.219 66411 INFO tempest.lib.common.rest_client [req-d81f368e-ae11-4731-a4e3-47f1d152db77 req-d81f368e-ae11-4731-a4e3-47f1d152db77 ] Request (ServersTestJSON:setUpClass): 201 POST http://10.180.1.21/identity/v3/auth/tokens 0.077s
2025-11-20 18:02:01.259 66411 INFO tempest.lib.common.rest_client [req-f43eb389-feaf-4e6b-b37b-9fad328a48ec req-f43eb389-feaf-4e6b-b37b-9fad328a48ec ] Request (ServersTestJSON:setUpClass): 201 POST http://10.180.1.21/identity/v3/auth/tokens 0.038s
2025-11-20 18:02:01.278 66431 INFO tempest.lib.common.rest_client [req-b4617b8a-8ce8-4175-bb1c-d860def2071c req-b4617b8a-8ce8-4175-bb1c-d860def2071c ] Request (HypervisorAdminNegativeTestJSON:tearDownClass): 204 DELETE http://10.180.1.21/networking/v2.0/security-groups/0e4d5dd6-067f-4aea-bdcd-0f076999eff9 0.111s
2025-11-20 18:02:01.288 66411 INFO tempest.lib.common.rest_client [req-343e2bde-144a-440e-85eb-f750648c0fa9 req-343e2bde-144a-440e-85eb-f750648c0fa9 ] Request (ServersTestJSON:setUpClass): 200 GET http://10.180.1.21/identity/v3/domains?name=Default 0.028s
2025-11-20 18:02:01.320 66411 INFO tempest.lib.common.rest_client [req-2588555a-b96f-4767-afaf-8cee1711a4be req-2588555a-b96f-4767-afaf-8cee1711a4be ] Request (ServersTestJSON:setUpClass): 201 POST http://10.180.1.21/identity/v3/projects 0.031s
2025-11-20 18:02:01.409 66431 INFO tempest.lib.common.rest_client [req-64162725-08e9-4afe-b667-519a16d3612c req-64162725-08e9-4afe-b667-519a16d3612c ] Request (HypervisorAdminNegativeTestJSON:tearDownClass): 204 DELETE http://10.180.1.21/identity/v3/projects/b062327f2f104025b35586b6da2224ac 0.130s
2025-11-20 18:02:01.431 66375 INFO tempest.lib.common.rest_client [req-92a39cc7-942d-43c3-b006-b15401bf41fb req-92a39cc7-942d-43c3-b006-b15401bf41fb ] Request (SecurityGroupRulesNegativeTestJSON:setUpClass): 201 POST http://10.180.1.21/networking/v2.0/subnets 0.246s
2025-11-20 18:02:01.480 66411 INFO tempest.lib.common.rest_client [req-da1197ab-aeaf-44ae-900a-bb544c8ff851 req-da1197ab-aeaf-44ae-900a-bb544c8ff851 ] Request (ServersTestJSON:setUpClass): 201 POST http://10.180.1.21/identity/v3/users 0.159s
2025-11-20 18:02:01.492 66431 INFO tempest.lib.common.rest_client [req-14732339-72ea-4bf4-94dc-0faa4edc6dfc req-14732339-72ea-4bf4-94dc-0faa4edc6dfc ] Request (ImagesOneServerTestJSON:setUpClass): 201 POST http://10.180.1.21/identity/v3/auth/tokens 0.080s
2025-11-20 18:02:01.515 66411 INFO tempest.lib.common.rest_client [req-fbb8bb49-5ca8-4086-adf3-2cb50e11c8e6 req-fbb8bb49-5ca8-4086-adf3-2cb50e11c8e6 ] Request (ServersTestJSON:setUpClass): 200 GET http://10.180.1.21/identity/v3/roles 0.034s
2025-11-20 18:02:01.525 66431 INFO tempest.lib.common.rest_client [req-73ccc237-1e1f-4956-b01e-80d5639db850 req-73ccc237-1e1f-4956-b01e-80d5639db850 ] Request (ImagesOneServerTestJSON:setUpClass): 201 POST http://10.180.1.21/identity/v3/auth/tokens 0.029s
2025-11-20 18:02:01.545 66411 INFO tempest.lib.common.rest_client [req-decdf2ae-5c07-4369-aefa-aff4b5ee8106 req-decdf2ae-5c07-4369-aefa-aff4b5ee8106 ] Request (ServersTestJSON:setUpClass): 204 PUT http://10.180.1.21/identity/v3/projects/2bf0538fa2b94db1b25b779492b26b2b/users/50d33ff8207d462a99de144c54319cce/roles/6200a2286eb84998a5117e072264cc33 0.029s
2025-11-20 18:02:01.546 66411 INFO tempest.lib.common.dynamic_creds [-] Dynamic test user 50d33ff8207d462a99de144c54319cce is created with scope project and roles: ['member']
2025-11-20 18:02:01.546 66411 INFO tempest.lib.common.dynamic_creds [-] Acquired dynamic creds: credentials: Credentials: {'domain_id': 'default', 'domain_name': 'Default', 'username': 'tempest-ServersTestJSON-1115143538-project-member', 'project_domain_id': 'default', 'project_domain_name': 'Default', 'project_id': '2bf0538fa2b94db1b25b779492b26b2b', 'project_name': 'tempest-ServersTestJSON-1115143538', 'tenant_id': '2bf0538fa2b94db1b25b779492b26b2b', 'tenant_name': 'tempest-ServersTestJSON-1115143538', 'user_domain_id': 'default', 'user_domain_name': 'Default', 'user_id': '50d33ff8207d462a99de144c54319cce', 'system': None}, Network: None, Subnet: None, Router: None
2025-11-20 18:02:01.553 66431 INFO tempest.lib.common.rest_client [req-c7a3da71-7552-420c-8558-383f51362cb3 req-c7a3da71-7552-420c-8558-383f51362cb3 ] Request (ImagesOneServerTestJSON:setUpClass): 200 GET http://10.180.1.21/identity/v3/domains?name=Default 0.028s
2025-11-20 18:02:01.573 66429 INFO tempest.lib.common.rest_client [req-a6749fad-135a-4bed-b603-bc0fb6d0183e req-a6749fad-135a-4bed-b603-bc0fb6d0183e ] Request (SecurityGroupRulesTestJSON:test_security_group_rules_create_with_optional_group_id): 200 POST http://10.180.1.21/compute/v2.1/os-security-group-rules 1.616s
2025-11-20 18:02:01.576 66429 WARNING tempest.lib.common.rest_client [-] Deprecated: "tenant_id" property is deprecated for removal, use "project_id" instead
2025-11-20 18:02:01.607 66415 INFO tempest.lib.common.rest_client [req-72649e53-b325-42b9-9286-9cc40526d286 req-72649e53-b325-42b9-9286-9cc40526d286 ] Request (HostsAdminTestJSON:test_list_hosts_with_nonexistent_zone): 200 GET http://10.180.1.21/compute/v2.1/os-hosts?zone=xxx 1.622s
2025-11-20 18:02:01.641 66411 INFO tempest.lib.common.rest_client [req-6807a386-0f87-4c5a-b392-6fcd6bac228f req-6807a386-0f87-4c5a-b392-6fcd6bac228f ] Request (ServersTestJSON:setUpClass): 201 POST http://10.180.1.21/identity/v3/auth/tokens 0.095s
2025-11-20 18:02:01.642 66431 INFO tempest.lib.common.rest_client [req-d63e4b84-776a-4f6c-9347-a2b4f5e8c01b req-d63e4b84-776a-4f6c-9347-a2b4f5e8c01b ] Request (ImagesOneServerTestJSON:setUpClass): 201 POST http://10.180.1.21/identity/v3/projects 0.088s
2025-11-20 18:02:01.708 66431 INFO tempest.lib.common.rest_client [req-9a73053a-c92a-4f0b-a7df-8a24e79e925b req-9a73053a-c92a-4f0b-a7df-8a24e79e925b ] Request (ImagesOneServerTestJSON:setUpClass): 201 POST http://10.180.1.21/identity/v3/users 0.066s
2025-11-20 18:02:01.730 66431 INFO tempest.lib.common.rest_client [req-930621af-43c2-4395-ac88-5099252ba61c req-930621af-43c2-4395-ac88-5099252ba61c ] Request (ImagesOneServerTestJSON:setUpClass): 200 GET http://10.180.1.21/identity/v3/roles 0.021s
2025-11-20 18:02:01.760 66431 INFO tempest.lib.common.rest_client [req-3e14f1d5-24c3-440c-95a9-919ba5971f4b req-3e14f1d5-24c3-440c-95a9-919ba5971f4b ] Request (ImagesOneServerTestJSON:setUpClass): 204 PUT http://10.180.1.21/identity/v3/projects/055ac0dc6734451da920611a4cc5d72c/users/e95cde52c5f9487983dc4b20ef674139/roles/6200a2286eb84998a5117e072264cc33 0.030s
2025-11-20 18:02:01.761 66431 INFO tempest.lib.common.dynamic_creds [-] Dynamic test user e95cde52c5f9487983dc4b20ef674139 is created with scope project and roles: ['member']
2025-11-20 18:02:01.761 66431 INFO tempest.lib.common.dynamic_creds [-] Acquired dynamic creds: credentials: Credentials: {'domain_id': 'default', 'domain_name': 'Default', 'username': 'tempest-ImagesOneServerTestJSON-1354246696-project-member', 'project_domain_id': 'default', 'project_domain_name': 'Default', 'project_id': '055ac0dc6734451da920611a4cc5d72c', 'project_name': 'tempest-ImagesOneServerTestJSON-1354246696', 'tenant_id': '055ac0dc6734451da920611a4cc5d72c', 'tenant_name': 'tempest-ImagesOneServerTestJSON-1354246696', 'user_domain_id': 'default', 'user_domain_name': 'Default', 'user_id': 'e95cde52c5f9487983dc4b20ef674139', 'system': None}, Network: None, Subnet: None, Router: None
2025-11-20 18:02:01.824 66431 INFO tempest.lib.common.rest_client [req-b8e5e010-b3ac-48e3-abb5-39a2aca2003a req-b8e5e010-b3ac-48e3-abb5-39a2aca2003a ] Request (ImagesOneServerTestJSON:setUpClass): 201 POST http://10.180.1.21/identity/v3/auth/tokens 0.063s
2025-11-20 18:02:02.043 66411 INFO tempest.lib.common.rest_client [req-f053b079-ec82-4944-bc20-6aceea1c4382 req-f053b079-ec82-4944-bc20-6aceea1c4382 ] Request (ServersTestJSON:setUpClass): 201 POST http://10.180.1.21/networking/v2.0/networks 0.401s
2025-11-20 18:02:02.205 66375 INFO tempest.lib.common.rest_client [req-92626080-1296-4c21-b32a-63a0bd07d28d req-92626080-1296-4c21-b32a-63a0bd07d28d ] Request (SecurityGroupRulesNegativeTestJSON:setUpClass): 201 POST http://10.180.1.21/networking/v2.0/routers 0.774s
2025-11-20 18:02:02.358 66411 INFO tempest.lib.common.rest_client [req-78716f79-73de-424b-8589-aac931bc31f4 req-78716f79-73de-424b-8589-aac931bc31f4 ] Request (ServersTestJSON:setUpClass): 201 POST http://10.180.1.21/networking/v2.0/subnets 0.313s
2025-11-20 18:02:02.379 66431 INFO tempest.lib.common.rest_client [req-1c1b00d9-c1c7-42f9-8fb8-035b439ea392 req-1c1b00d9-c1c7-42f9-8fb8-035b439ea392 ] Request (ImagesOneServerTestJSON:setUpClass): 201 POST http://10.180.1.21/networking/v2.0/networks 0.554s
2025-11-20 18:02:02.512 66433 INFO tempest.lib.common.rest_client [req-abdd4408-9094-4517-94fd-64253051f1aa req-abdd4408-9094-4517-94fd-64253051f1aa ] Request (ServerActionsTestOtherB:setUpClass): 202 POST http://10.180.1.21/compute/v2.1/servers 2.714s
2025-11-20 18:02:03.140 66411 INFO tempest.lib.common.rest_client [req-404b7536-1087-4a45-b1b4-5231f721b3f3 req-404b7536-1087-4a45-b1b4-5231f721b3f3 ] Request (ServersTestJSON:setUpClass): 201 POST http://10.180.1.21/networking/v2.0/routers 0.781s
2025-11-20 18:02:03.267 66375 INFO tempest.lib.common.rest_client [req-803b732e-a88d-4d77-9869-d4ecf9a9ae20 req-803b732e-a88d-4d77-9869-d4ecf9a9ae20 ] Request (SecurityGroupRulesNegativeTestJSON:setUpClass): 200 PUT http://10.180.1.21/networking/v2.0/routers/04866608-efc0-4433-aceb-c67890c25575/add_router_interface 1.061s
2025-11-20 18:02:03.267 66375 INFO tempest.lib.common.dynamic_creds [-] Created isolated network resources for: credentials: Credentials: {'domain_id': 'default', 'domain_name': 'Default', 'username': 'tempest-SecurityGroupRulesNegativeTestJSON-2063462914-project-member', 'project_domain_id': 'default', 'project_domain_name': 'Default', 'project_id': '13049dcc75af4b939ee9fcd917f22327', 'project_name': 'tempest-SecurityGroupRulesNegativeTestJSON-2063462914', 'tenant_id': '13049dcc75af4b939ee9fcd917f22327', 'tenant_name': 'tempest-SecurityGroupRulesNegativeTestJSON-2063462914', 'user_domain_id': 'default', 'user_domain_name': 'Default', 'user_id': 'b79636eecdf445b3b2bbf15ddd6c4c73', 'system': None}, Network: {'id': 'be889fe6-c558-4dd9-9051-924727ffd402', 'name': 'tempest-SecurityGroupRulesNegativeTestJSON-120672547-network', 'tenant_id': '13049dcc75af4b939ee9fcd917f22327', 'project_id': '13049dcc75af4b939ee9fcd917f22327', 'admin_state_up': True, 'mtu': 8950, 'status': 'ACTIVE', 'subnets': [], 'shared': False, 'port_security_enabled': True, 'router:external': False, 'provider:network_type': 'vlan', 'provider:physical_network': 'default', 'provider:segmentation_id': 285, 'availability_zone_hints': [], 'availability_zones': [], 'ipv4_address_scope': None, 'ipv6_address_scope': None, 'description': '', 'tags': [], 'created_at': '2025-11-20T18:02:01Z', 'updated_at': '2025-11-20T18:02:01Z', 'revision_number': 1}, Subnet: {'id': 'c69efbc5-1cec-44ed-9b25-303ba6e0448c', 'name': 'tempest-SecurityGroupRulesNegativeTestJSON-120672547-subnet', 'tenant_id': '13049dcc75af4b939ee9fcd917f22327', 'network_id': 'be889fe6-c558-4dd9-9051-924727ffd402', 'ip_version': 4, 'subnetpool_id': None, 'enable_dhcp': True, 'ipv6_ra_mode': None, 'ipv6_address_mode': None, 'gateway_ip': '192.168.128.1', 'cidr': '192.168.128.0/28', 'allocation_pools': [{'start': '192.168.128.2', 'end': '192.168.128.14'}], 'host_routes': [], 'dns_nameservers': [], 'description': '', 'router:external': False, 'service_types': [], 'tags': [], 'created_at': '2025-11-20T18:02:01Z', 'updated_at': '2025-11-20T18:02:01Z', 'revision_number': 0, 'project_id': '13049dcc75af4b939ee9fcd917f22327'}, Router: {'id': '04866608-efc0-4433-aceb-c67890c25575', 'name': 'tempest-SecurityGroupRulesNegativeTestJSON-120672547-router', 'tenant_id': '13049dcc75af4b939ee9fcd917f22327', 'admin_state_up': True, 'status': 'ACTIVE', 'external_gateway_info': {'network_id': '4eac6210-8ae5-4f62-8fab-484038b71fa5', 'external_fixed_ips': [{'subnet_id': '72d39469-2c68-4dc9-a021-4d7bc107bf16', 'ip_address': '10.180.180.246'}], 'enable_snat': True}, 'description': '', 'availability_zones': [], 'distributed': False, 'ha': False, 'availability_zone_hints': [], 'routes': [], 'flavor_id': None, 'tags': [], 'created_at': '2025-11-20T18:02:01Z', 'updated_at': '2025-11-20T18:02:01Z', 'revision_number': 2, 'project_id': '13049dcc75af4b939ee9fcd917f22327'}
2025-11-20 18:02:03.345 66431 INFO tempest.lib.common.rest_client [req-20cd7650-c2d3-4e53-b727-3cff7b790be7 req-20cd7650-c2d3-4e53-b727-3cff7b790be7 ] Request (ImagesOneServerTestJSON:setUpClass): 201 POST http://10.180.1.21/networking/v2.0/subnets 0.966s
2025-11-20 18:02:03.405 66375 INFO tempest.lib.common.rest_client [req-8e4e825a-2217-4335-a747-9e3272752345 req-8e4e825a-2217-4335-a747-9e3272752345 ] Request (SecurityGroupRulesNegativeTestJSON:setUpClass): 201 POST http://10.180.1.21/identity/v3/auth/tokens 0.132s
2025-11-20 18:02:03.462 66393 INFO tempest.lib.common.rest_client [req-4a4443d4-9ec9-49aa-9581-d97bd3e366df req-4a4443d4-9ec9-49aa-9581-d97bd3e366df ] Request (FloatingIPsAssociationNegativeTestJSON:test_associate_ip_to_server_with_floating_ip): 400 POST http://10.180.1.21/compute/v2.1/servers/f77af9bd-104d-485a-93b0-f75b0dae58b1/action 3.431s
2025-11-20 18:02:03.738 66395 WARNING tempest.lib.common.ssh [-] Failed to establish authenticated ssh connection to cirros@10.180.180.208 ([Errno None] Unable to connect to port 22 on 10.180.180.208). Number attempts: 1. Retry after 2 seconds.: paramiko.ssh_exception.NoValidConnectionsError: [Errno None] Unable to connect to port 22 on 10.180.180.208
2025-11-20 18:02:04.407 66411 INFO tempest.lib.common.rest_client [req-909bd1b1-ff9c-4624-bb97-19ed8496b7ed req-909bd1b1-ff9c-4624-bb97-19ed8496b7ed ] Request (ServersTestJSON:setUpClass): 200 PUT http://10.180.1.21/networking/v2.0/routers/637fa481-0fa3-4a69-a821-6aa1b842f39a/add_router_interface 1.267s
2025-11-20 18:02:04.407 66411 INFO tempest.lib.common.dynamic_creds [-] Created isolated network resources for: credentials: Credentials: {'domain_id': 'default', 'domain_name': 'Default', 'username': 'tempest-ServersTestJSON-1115143538-project-member', 'project_domain_id': 'default', 'project_domain_name': 'Default', 'project_id': '2bf0538fa2b94db1b25b779492b26b2b', 'project_name': 'tempest-ServersTestJSON-1115143538', 'tenant_id': '2bf0538fa2b94db1b25b779492b26b2b', 'tenant_name': 'tempest-ServersTestJSON-1115143538', 'user_domain_id': 'default', 'user_domain_name': 'Default', 'user_id': '50d33ff8207d462a99de144c54319cce', 'system': None}, Network: {'id': 'e4a00075-a28f-4f08-af72-cf01e91d7fdf', 'name': 'tempest-ServersTestJSON-2123082663-network', 'tenant_id': '2bf0538fa2b94db1b25b779492b26b2b', 'project_id': '2bf0538fa2b94db1b25b779492b26b2b', 'admin_state_up': True, 'mtu': 8950, 'status': 'ACTIVE', 'subnets': [], 'shared': False, 'port_security_enabled': True, 'router:external': False, 'provider:network_type': 'vlan', 'provider:physical_network': 'default', 'provider:segmentation_id': 375, 'availability_zone_hints': [], 'availability_zones': [], 'ipv4_address_scope': None, 'ipv6_address_scope': None, 'description': '', 'tags': [], 'created_at': '2025-11-20T18:02:01Z', 'updated_at': '2025-11-20T18:02:01Z', 'revision_number': 1}, Subnet: {'id': 'cf35051e-74d6-4710-8917-b87cff287bb9', 'name': 'tempest-ServersTestJSON-2123082663-subnet', 'tenant_id': '2bf0538fa2b94db1b25b779492b26b2b', 'network_id': 'e4a00075-a28f-4f08-af72-cf01e91d7fdf', 'ip_version': 4, 'subnetpool_id': None, 'enable_dhcp': True, 'ipv6_ra_mode': None, 'ipv6_address_mode': None, 'gateway_ip': '192.168.128.1', 'cidr': '192.168.128.0/28', 'allocation_pools': [{'start': '192.168.128.2', 'end': '192.168.128.14'}], 'host_routes': [], 'dns_nameservers': [], 'description': '', 'router:external': False, 'service_types': [], 'tags': [], 'created_at': '2025-11-20T18:02:02Z', 'updated_at': '2025-11-20T18:02:02Z', 'revision_number': 0, 'project_id': '2bf0538fa2b94db1b25b779492b26b2b'}, Router: {'id': '637fa481-0fa3-4a69-a821-6aa1b842f39a', 'name': 'tempest-ServersTestJSON-2123082663-router', 'tenant_id': '2bf0538fa2b94db1b25b779492b26b2b', 'admin_state_up': True, 'status': 'ACTIVE', 'external_gateway_info': {'network_id': '4eac6210-8ae5-4f62-8fab-484038b71fa5', 'external_fixed_ips': [{'subnet_id': '72d39469-2c68-4dc9-a021-4d7bc107bf16', 'ip_address': '10.180.180.238'}], 'enable_snat': True}, 'description': '', 'availability_zones': [], 'distributed': False, 'ha': False, 'availability_zone_hints': [], 'routes': [], 'flavor_id': None, 'tags': [], 'created_at': '2025-11-20T18:02:02Z', 'updated_at': '2025-11-20T18:02:02Z', 'revision_number': 2, 'project_id': '2bf0538fa2b94db1b25b779492b26b2b'}
2025-11-20 18:02:04.504 66411 INFO tempest.lib.common.rest_client [req-f0bae1eb-aeb1-4074-a19e-8dacb0f49dec req-f0bae1eb-aeb1-4074-a19e-8dacb0f49dec ] Request (ServersTestJSON:setUpClass): 201 POST http://10.180.1.21/identity/v3/auth/tokens 0.093s
2025-11-20 18:02:04.524 66411 INFO tempest.lib.common.rest_client [req-c3287129-f9d2-4103-b664-48144ba44589 req-c3287129-f9d2-4103-b664-48144ba44589 ] Request (ServersTestJSON:setUpClass): 200 GET http://10.180.1.21/identity/v3/projects/2bf0538fa2b94db1b25b779492b26b2b 0.017s
2025-11-20 18:02:04.524 66411 INFO tempest.lib.common.dynamic_creds [-] Using the existing project 2bf0538fa2b94db1b25b779492b26b2b for scope project and roles: ['reader']
2025-11-20 18:02:04.558 66411 INFO tempest.lib.common.rest_client [req-cf2571f5-1fe3-43ae-a7bb-d7b8d7ed1dc7 req-cf2571f5-1fe3-43ae-a7bb-d7b8d7ed1dc7 ] Request (ServersTestJSON:setUpClass): 201 POST http://10.180.1.21/identity/v3/users 0.033s
2025-11-20 18:02:04.567 66431 INFO tempest.lib.common.rest_client [req-ef3b5095-592d-4140-9f51-9b30415ed158 req-ef3b5095-592d-4140-9f51-9b30415ed158 ] Request (ImagesOneServerTestJSON:setUpClass): 201 POST http://10.180.1.21/networking/v2.0/routers 1.221s
2025-11-20 18:02:04.596 66411 INFO tempest.lib.common.rest_client [req-529ce28e-18e8-4525-ba71-a72b04f2982b req-529ce28e-18e8-4525-ba71-a72b04f2982b ] Request (ServersTestJSON:setUpClass): 200 GET http://10.180.1.21/identity/v3/roles 0.038s
2025-11-20 18:02:04.636 66411 INFO tempest.lib.common.rest_client [req-6df74bad-fca5-4036-b54f-c860225ded11 req-6df74bad-fca5-4036-b54f-c860225ded11 ] Request (ServersTestJSON:setUpClass): 204 PUT http://10.180.1.21/identity/v3/projects/2bf0538fa2b94db1b25b779492b26b2b/users/28b032eadd8b4b5fbe7d200ebaca8372/roles/ed67c05e118b4f4d8d2586ee8c4c969f 0.039s
2025-11-20 18:02:04.636 66411 INFO tempest.lib.common.dynamic_creds [-] Dynamic test user 28b032eadd8b4b5fbe7d200ebaca8372 is created with scope project and roles: ['reader']
2025-11-20 18:02:04.636 66411 INFO tempest.lib.common.dynamic_creds [-] Acquired dynamic creds: credentials: Credentials: {'domain_id': 'default', 'domain_name': 'Default', 'username': 'tempest-ServersTestJSON-1115143538-project-reader', 'project_domain_id': 'default', 'project_domain_name': 'Default', 'project_id': '2bf0538fa2b94db1b25b779492b26b2b', 'project_name': 'tempest-ServersTestJSON-1115143538', 'tenant_id': '2bf0538fa2b94db1b25b779492b26b2b', 'tenant_name': 'tempest-ServersTestJSON-1115143538', 'user_domain_id': 'default', 'user_domain_name': 'Default', 'user_id': '28b032eadd8b4b5fbe7d200ebaca8372', 'system': None}, Network: None, Subnet: None, Router: None
2025-11-20 18:02:04.637 66411 INFO tempest.lib.common.dynamic_creds [-] Network resources are not created for requested scope: project and credentials: Credentials: {'domain_id': 'default', 'domain_name': 'Default', 'username': 'tempest-ServersTestJSON-1115143538-project-reader', 'project_domain_id': 'default', 'project_domain_name': 'Default', 'project_id': '2bf0538fa2b94db1b25b779492b26b2b', 'project_name': 'tempest-ServersTestJSON-1115143538', 'tenant_id': '2bf0538fa2b94db1b25b779492b26b2b', 'tenant_name': 'tempest-ServersTestJSON-1115143538', 'user_domain_id': 'default', 'user_domain_name': 'Default', 'user_id': '28b032eadd8b4b5fbe7d200ebaca8372', 'system': None}, Network: None, Subnet: None, Router: None
2025-11-20 18:02:04.730 66411 INFO tempest.lib.common.rest_client [req-3790472c-b336-4ebf-9599-5e63811c6d10 req-3790472c-b336-4ebf-9599-5e63811c6d10 ] Request (ServersTestJSON:setUpClass): 201 POST http://10.180.1.21/identity/v3/auth/tokens 0.087s
2025-11-20 18:02:04.801 66411 INFO tempest.lib.common.rest_client [req-21625ab5-e4de-4414-ba44-81d9af3c18bf req-21625ab5-e4de-4414-ba44-81d9af3c18bf ] Request (ServersTestJSON:test_create_server_specify_multibyte_character_name): 201 POST http://10.180.1.21/identity/v3/auth/tokens 0.066s
2025-11-20 18:02:04.801 66411 INFO tempest.lib.common.fixed_network [-] (ServersTestJSON:test_create_server_specify_multibyte_character_name) Found network {'id': 'e4a00075-a28f-4f08-af72-cf01e91d7fdf', 'name': 'tempest-ServersTestJSON-2123082663-network', 'tenant_id': '2bf0538fa2b94db1b25b779492b26b2b', 'project_id': '2bf0538fa2b94db1b25b779492b26b2b', 'admin_state_up': True, 'mtu': 8950, 'status': 'ACTIVE', 'subnets': [], 'shared': False, 'port_security_enabled': True, 'router:external': False, 'provider:network_type': 'vlan', 'provider:physical_network': 'default', 'provider:segmentation_id': 375, 'availability_zone_hints': [], 'availability_zones': [], 'ipv4_address_scope': None, 'ipv6_address_scope': None, 'description': '', 'tags': [], 'created_at': '2025-11-20T18:02:01Z', 'updated_at': '2025-11-20T18:02:01Z', 'revision_number': 1} available for tenant
2025-11-20 18:02:05.180 66399 INFO tempest.lib.common.rest_client [req-ff971a45-2ef9-4c4c-b68d-315793c9733f req-ff971a45-2ef9-4c4c-b68d-315793c9733f ] Request (VolumesAssistedSnapshotsTest:test_volume_assisted_snapshot_create_delete): 200 POST http://10.180.1.21/compute/v2.1/servers/7fd9eeb7-2f12-45dc-8499-d44890502122/os-volume_attachments 5.091s
2025-11-20 18:02:05.228 66399 INFO tempest.lib.common.rest_client [req-d53a8e98-15b8-410f-a0cb-a79c2591f85e req-d53a8e98-15b8-410f-a0cb-a79c2591f85e ] Request (VolumesAssistedSnapshotsTest:test_volume_assisted_snapshot_create_delete): 200 GET http://10.180.1.21/volume/v3/volumes/18b75acf-c3ab-4a90-b2cc-8146786adcf9 0.044s
2025-11-20 18:02:06.008 66431 INFO tempest.lib.common.rest_client [req-d4ccb949-7d70-46c9-8c4d-787b3298a27d req-d4ccb949-7d70-46c9-8c4d-787b3298a27d ] Request (ImagesOneServerTestJSON:setUpClass): 200 PUT http://10.180.1.21/networking/v2.0/routers/0a097592-bfda-4bf9-bc84-99ad2c261079/add_router_interface 1.440s
2025-11-20 18:02:06.008 66431 INFO tempest.lib.common.dynamic_creds [-] Created isolated network resources for: credentials: Credentials: {'domain_id': 'default', 'domain_name': 'Default', 'username': 'tempest-ImagesOneServerTestJSON-1354246696-project-member', 'project_domain_id': 'default', 'project_domain_name': 'Default', 'project_id': '055ac0dc6734451da920611a4cc5d72c', 'project_name': 'tempest-ImagesOneServerTestJSON-1354246696', 'tenant_id': '055ac0dc6734451da920611a4cc5d72c', 'tenant_name': 'tempest-ImagesOneServerTestJSON-1354246696', 'user_domain_id': 'default', 'user_domain_name': 'Default', 'user_id': 'e95cde52c5f9487983dc4b20ef674139', 'system': None}, Network: {'id': '2556ad05-4cb4-49e9-94b3-ad0dd5a52a1c', 'name': 'tempest-ImagesOneServerTestJSON-1525773176-network', 'tenant_id': '055ac0dc6734451da920611a4cc5d72c', 'project_id': '055ac0dc6734451da920611a4cc5d72c', 'admin_state_up': True, 'mtu': 8950, 'status': 'ACTIVE', 'subnets': [], 'shared': False, 'port_security_enabled': True, 'router:external': False, 'provider:network_type': 'vlan', 'provider:physical_network': 'default', 'provider:segmentation_id': 656, 'availability_zone_hints': [], 'availability_zones': [], 'ipv4_address_scope': None, 'ipv6_address_scope': None, 'description': '', 'tags': [], 'created_at': '2025-11-20T18:02:02Z', 'updated_at': '2025-11-20T18:02:02Z', 'revision_number': 1}, Subnet: {'id': 'e3acef7c-60eb-4634-9b99-b30c0653825d', 'name': 'tempest-ImagesOneServerTestJSON-1525773176-subnet', 'tenant_id': '055ac0dc6734451da920611a4cc5d72c', 'network_id': '2556ad05-4cb4-49e9-94b3-ad0dd5a52a1c', 'ip_version': 4, 'subnetpool_id': None, 'enable_dhcp': True, 'ipv6_ra_mode': None, 'ipv6_address_mode': None, 'gateway_ip': '192.168.128.1', 'cidr': '192.168.128.0/28', 'allocation_pools': [{'start': '192.168.128.2', 'end': '192.168.128.14'}], 'host_routes': [], 'dns_nameservers': [], 'description': '', 'router:external': False, 'service_types': [], 'tags': [], 'created_at': '2025-11-20T18:02:03Z', 'updated_at': '2025-11-20T18:02:03Z', 'revision_number': 0, 'project_id': '055ac0dc6734451da920611a4cc5d72c'}, Router: {'id': '0a097592-bfda-4bf9-bc84-99ad2c261079', 'name': 'tempest-ImagesOneServerTestJSON-1525773176-router', 'tenant_id': '055ac0dc6734451da920611a4cc5d72c', 'admin_state_up': True, 'status': 'ACTIVE', 'external_gateway_info': {'network_id': '4eac6210-8ae5-4f62-8fab-484038b71fa5', 'external_fixed_ips': [{'subnet_id': '72d39469-2c68-4dc9-a021-4d7bc107bf16', 'ip_address': '10.180.180.136'}], 'enable_snat': True}, 'description': '', 'availability_zones': [], 'distributed': False, 'ha': False, 'availability_zone_hints': [], 'routes': [], 'flavor_id': None, 'tags': [], 'created_at': '2025-11-20T18:02:03Z', 'updated_at': '2025-11-20T18:02:04Z', 'revision_number': 2, 'project_id': '055ac0dc6734451da920611a4cc5d72c'}
2025-11-20 18:02:06.200 66431 INFO tempest.lib.common.rest_client [req-6d7a4b6a-5c66-429e-b20b-2dc58b764d65 req-6d7a4b6a-5c66-429e-b20b-2dc58b764d65 ] Request (ImagesOneServerTestJSON:setUpClass): 201 POST http://10.180.1.21/identity/v3/auth/tokens 0.187s
2025-11-20 18:02:06.252 66431 INFO tempest.lib.common.rest_client [req-7cf471a8-a9f6-43de-9c70-c1f7ac4a5ac5 req-7cf471a8-a9f6-43de-9c70-c1f7ac4a5ac5 ] Request (ImagesOneServerTestJSON:setUpClass): 201 POST http://10.180.1.21/identity/v3/auth/tokens 0.048s
2025-11-20 18:02:06.252 66431 INFO tempest.lib.common.fixed_network [-] (ImagesOneServerTestJSON:setUpClass) Found network {'id': '2556ad05-4cb4-49e9-94b3-ad0dd5a52a1c', 'name': 'tempest-ImagesOneServerTestJSON-1525773176-network', 'tenant_id': '055ac0dc6734451da920611a4cc5d72c', 'project_id': '055ac0dc6734451da920611a4cc5d72c', 'admin_state_up': True, 'mtu': 8950, 'status': 'ACTIVE', 'subnets': [], 'shared': False, 'port_security_enabled': True, 'router:external': False, 'provider:network_type': 'vlan', 'provider:physical_network': 'default', 'provider:segmentation_id': 656, 'availability_zone_hints': [], 'availability_zones': [], 'ipv4_address_scope': None, 'ipv6_address_scope': None, 'description': '', 'tags': [], 'created_at': '2025-11-20T18:02:02Z', 'updated_at': '2025-11-20T18:02:02Z', 'revision_number': 1} available for tenant
2025-11-20 18:02:06.286 66399 INFO tempest.lib.common.rest_client [req-35eef521-b451-432a-9150-136e82dd0d6e req-35eef521-b451-432a-9150-136e82dd0d6e ] Request (VolumesAssistedSnapshotsTest:test_volume_assisted_snapshot_create_delete): 200 GET http://10.180.1.21/volume/v3/volumes/18b75acf-c3ab-4a90-b2cc-8146786adcf9 0.049s
2025-11-20 18:02:06.381 66426 INFO tempest.lib.common.rest_client [req-6ee6cca5-c4ce-4354-b77d-bd005d045d05 req-6ee6cca5-c4ce-4354-b77d-bd005d045d05 ] Request (MigrationsAdminTest:test_list_migrations_in_flavor_resize_situation): 200 GET http://10.180.1.21/compute/v2.1/servers/f3c66429-84cb-4920-8902-298dcaf06de2 6.284s
2025-11-20 18:02:06.389 66426 INFO tempest.common.waiters [-] State transition "RESIZE/resize_migrated" ==> "RESIZE/resize_finish" after 40 second wait
2025-11-20 18:02:06.446 66427 INFO tempest.lib.common.rest_client [req-aef92ac4-f679-49df-8e1c-0dd59e54bb8a req-aef92ac4-f679-49df-8e1c-0dd59e54bb8a ] Request (AttachInterfacesTestJSON:test_create_list_show_delete_interfaces_by_fixed_ip): 200 GET http://10.180.1.21/compute/v2.1/servers/d35f6fb7-d893-4c08-93c4-c7001b1703d8 6.330s
2025-11-20 18:02:06.504 66401 INFO tempest.lib.common.rest_client [req-a983ed8b-2053-4c6d-a30d-832d0bd0e22b req-a983ed8b-2053-4c6d-a30d-832d0bd0e22b ] Request (ServerDiagnosticsV248Test:tearDownClass): 200 GET http://10.180.1.21/compute/v2.1/servers/b4c949e5-f25c-4cd8-bec4-6fca7fa28014 6.300s
2025-11-20 18:02:06.564 66379 INFO tempest.lib.common.rest_client [req-c4fae0d1-ad4f-4460-81a0-81b5366e1d1d req-c4fae0d1-ad4f-4460-81a0-81b5366e1d1d ] Request (ServerAddressesNegativeTestJSON:tearDownClass): 200 GET http://10.180.1.21/compute/v2.1/servers/150b4864-ece2-4ade-ba7d-e574721e973a 6.288s
2025-11-20 18:02:06.605 66377 INFO tempest.lib.common.rest_client [req-57d58121-5560-4069-8233-93b17fb96d22 req-57d58121-5560-4069-8233-93b17fb96d22 ] Request (FloatingIPsAssociationTestJSON:test_associate_disassociate_floating_ip): 202 POST http://10.180.1.21/compute/v2.1/servers/b05ce4e5-4737-4429-be8b-102229dd482f/action 6.522s
2025-11-20 18:02:06.717 66435 INFO tempest.lib.common.rest_client [req-aaf88734-b81f-4ac7-b71d-8dfea15223c2 req-aaf88734-b81f-4ac7-b71d-8dfea15223c2 ] Request (InstanceUsageAuditLogNegativeTestJSON:test_instance_usage_audit_logs_with_nonadmin_user): 403 GET http://10.180.1.21/compute/v2.1/os-instance_usage_audit_log 6.290s
2025-11-20 18:02:06.787 66405 INFO tempest.lib.common.rest_client [req-7da09429-25a7-4eea-83b0-fc71ab85f941 req-7da09429-25a7-4eea-83b0-fc71ab85f941 ] Request (ServersListShow2100Test:tearDownClass): 200 GET http://10.180.1.21/compute/v2.1/servers/fb85089f-203b-4952-b1a8-70c6aac15ce1 6.333s
2025-11-20 18:02:06.794 66391 INFO tempest.lib.common.rest_client [req-e2ce8011-b130-40db-b4f0-ce31692398c0 req-e2ce8011-b130-40db-b4f0-ce31692398c0 ] Request (ServersAdminNegativeTestJSON:test_migrate_server_invalid_state): 200 GET http://10.180.1.21/compute/v2.1/servers/a7c3e3c2-1b65-489b-ae75-a547269b8017 6.453s
2025-11-20 18:02:06.806 66395 WARNING tempest.lib.common.ssh [-] Failed to establish authenticated ssh connection to cirros@10.180.180.208 ([Errno None] Unable to connect to port 22 on 10.180.180.208). Number attempts: 2. Retry after 3 seconds.: paramiko.ssh_exception.NoValidConnectionsError: [Errno None] Unable to connect to port 22 on 10.180.180.208
2025-11-20 18:02:06.817 66397 INFO tempest.lib.common.rest_client [req-b37a09ce-87ea-4990-9bc7-9a339088879d req-b37a09ce-87ea-4990-9bc7-9a339088879d ] Request (FlavorsAdminTestJSON:test_is_public_string_variations): 200 GET http://10.180.1.21/compute/v2.1/flavors/detail?is_public=f 6.312s
2025-11-20 18:02:06.820 66385 INFO tempest.lib.common.rest_client [req-74152cc5-7941-4389-be5d-2182c1e2e0a1 req-74152cc5-7941-4389-be5d-2182c1e2e0a1 ] Request (AggregatesAdminNegativeTestJSON:test_aggregate_remove_host_as_user): 200 POST http://10.180.1.21/compute/v2.1/os-aggregates 6.338s
2025-11-20 18:02:06.918 66409 INFO tempest.lib.common.rest_client [req-35367d68-d889-43cd-a058-5802b6fa66dc req-35367d68-d889-43cd-a058-5802b6fa66dc ] Request (ListServerFiltersTestJSON:test_list_servers_filter_by_exceed_limit): 200 GET http://10.180.1.21/compute/v2.1/servers 6.394s
2025-11-20 18:02:06.924 66383 INFO tempest.lib.common.rest_client [req-10aaf548-add8-4678-8595-9979c4f4a205 req-10aaf548-add8-4678-8595-9979c4f4a205 ] Request (DeleteServersAdminTestJSON:test_delete_server_while_in_error_state): 200 GET http://10.180.1.21/compute/v2.1/servers/9fbaa490-f109-4a0c-88bf-8870966df1e8 6.161s
2025-11-20 18:02:06.931 66383 INFO tempest.common.waiters [-] State transition "BUILD/None" ==> "BUILD/networking" after 27 second wait
2025-11-20 18:02:06.991 66403 INFO tempest.lib.common.rest_client [req-17d80f04-b605-4c06-b253-dc21279b11a3 req-17d80f04-b605-4c06-b253-dc21279b11a3 ] Request (ImagesNegativeTestJSON:test_create_image_from_deleted_server): 200 GET http://10.180.1.21/compute/v2.1/servers/022b363e-07ca-4957-8996-7ed71a9cb232 6.128s
2025-11-20 18:02:07.008 66373 INFO tempest.lib.common.rest_client [req-4557dda8-0f82-48d7-946e-37fe342238c7 req-4557dda8-0f82-48d7-946e-37fe342238c7 ] Request (ServersTestManualDisk:setUpClass): 200 GET http://10.180.1.21/compute/v2.1/servers/72375993-c8d5-405c-928c-53b36576bc9c 5.868s
2025-11-20 18:02:07.018 66373 INFO tempest.common.waiters [-] State transition "BUILD/scheduling" ==> "BUILD/None" after 7 second wait
2025-11-20 18:02:07.060 66421 INFO tempest.lib.common.rest_client [req-80b04c9b-539e-4046-88af-3b4fd5720142 req-80b04c9b-539e-4046-88af-3b4fd5720142 ] Request (ServersListShow298Test:tearDownClass): 200 GET http://10.180.1.21/compute/v2.1/servers/9ccc8ed6-e9e9-4afc-9afd-85151ba4fe35 5.866s
2025-11-20 18:02:07.079 66387 INFO tempest.lib.common.rest_client [req-c7ef5b98-4f41-44dd-ab7f-bd8b06ff90e1 req-c7ef5b98-4f41-44dd-ab7f-bd8b06ff90e1 ] Request (ServerGroupTestJSON:test_create_server_with_scheduler_hint_group): 200 GET http://10.180.1.21/compute/v2.1/servers/67d78522-9c86-4247-a794-300b2e93ff89 5.827s
2025-11-20 18:02:07.209 66429 INFO tempest.lib.common.rest_client [req-b98695f2-090d-471d-bbad-fdb0b10adf38 req-b98695f2-090d-471d-bbad-fdb0b10adf38 ] Request (SecurityGroupRulesTestJSON:test_security_group_rules_delete_when_peer_group_deleted): 200 POST http://10.180.1.21/compute/v2.1/os-security-groups 5.631s
2025-11-20 18:02:07.234 66407 INFO tempest.lib.common.rest_client [req-d6c5cafa-4b81-4643-80fb-7ed189c7f274 req-d6c5cafa-4b81-4643-80fb-7ed189c7f274 ] Request (SecurityGroupsTestJSON:test_list_security_groups_by_server): 200 GET http://10.180.1.21/compute/v2.1/servers/93450161-c320-4a42-b7e7-843ea7ab1958 5.494s
2025-11-20 18:02:07.275 66419 INFO tempest.lib.common.rest_client [req-52195175-a76f-4cca-9766-412f5d1f32bf req-52195175-a76f-4cca-9766-412f5d1f32bf ] Request (ServersAdminTestJSON:setUpClass): 200 GET http://10.180.1.21/compute/v2.1/servers/d5e613b8-85bd-4e7b-b9aa-0e0cd28d572f 5.341s
2025-11-20 18:02:07.334 66399 INFO tempest.lib.common.rest_client [req-82f62d92-b4d2-437b-a97a-48350476008d req-82f62d92-b4d2-437b-a97a-48350476008d ] Request (VolumesAssistedSnapshotsTest:test_volume_assisted_snapshot_create_delete): 200 GET http://10.180.1.21/volume/v3/volumes/18b75acf-c3ab-4a90-b2cc-8146786adcf9 0.038s
2025-11-20 18:02:07.443 66381 INFO tempest.lib.common.rest_client [req-848c4a77-5122-43a4-88cd-bbd28d1d39da req-848c4a77-5122-43a4-88cd-bbd28d1d39da ] Request (ServersTestBootFromVolume:setUpClass): 200 GET http://10.180.1.21/compute/v2.1/servers/bb75bf60-026f-4f53-b28a-8fd601891902 5.361s
2025-11-20 18:02:07.506 66413 INFO tempest.lib.common.rest_client [req-6bc9dcd1-a9a0-4c5b-9a64-3fc7d603bc11 req-6bc9dcd1-a9a0-4c5b-9a64-3fc7d603bc11 ] Request (ImagesTestJSON:test_create_image_from_stopped_server): 200 GET http://10.180.1.21/compute/v2.1/servers/e2ce32a7-3547-4bd4-99ae-43f243411d43 5.521s
2025-11-20 18:02:07.515 66413 INFO tempest.common.waiters [-] State transition "BUILD/spawning" ==> "ACTIVE/None" after 40 second wait
2025-11-20 18:02:07.641 66417 INFO tempest.lib.common.rest_client [req-4d040a09-767e-47a7-a2f8-6dbe88402e02 req-4d040a09-767e-47a7-a2f8-6dbe88402e02 ] Request (ServerShowV247Test:tearDownClass): 200 GET http://10.180.1.21/compute/v2.1/servers/4ae2be53-cb71-454a-84a3-3c20b8378d68 5.437s
2025-11-20 18:02:07.692 66389 INFO tempest.lib.common.rest_client [req-e16b0e9c-b952-44cb-93b3-34355f6b1b19 req-e16b0e9c-b952-44cb-93b3-34355f6b1b19 ] Request (ListImageFiltersTestJSON:setUpClass): 200 GET http://10.180.1.21/compute/v2.1/servers/d8f7a52c-011e-47a7-8048-1256de38bde5 5.475s
2025-11-20 18:02:07.794 66433 INFO tempest.lib.common.rest_client [req-07064303-fe8a-484c-b4f9-d4326022721a req-07064303-fe8a-484c-b4f9-d4326022721a ] Request (ServerActionsTestOtherB:setUpClass): 200 GET http://10.180.1.21/compute/v2.1/servers/1bc586d5-cd79-47d5-b12d-574dcad67296 5.279s
2025-11-20 18:02:07.947 66375 INFO tempest.lib.common.rest_client [req-a13e7b88-3e6b-444c-9a2e-cad1cdde5b43 req-a13e7b88-3e6b-444c-9a2e-cad1cdde5b43 ] Request (SecurityGroupRulesNegativeTestJSON:test_create_security_group_rule_duplicate): 200 POST http://10.180.1.21/compute/v2.1/os-security-groups 4.541s
2025-11-20 18:02:08.377 66399 INFO tempest.lib.common.rest_client [req-2d9490d0-7592-4d59-9068-3f384122239e req-2d9490d0-7592-4d59-9068-3f384122239e ] Request (VolumesAssistedSnapshotsTest:test_volume_assisted_snapshot_create_delete): 200 GET http://10.180.1.21/volume/v3/volumes/18b75acf-c3ab-4a90-b2cc-8146786adcf9 0.036s
2025-11-20 18:02:08.654 66393 INFO tempest.lib.common.rest_client [req-751978f7-94a8-4b84-98c3-978a0a09b8fe req-751978f7-94a8-4b84-98c3-978a0a09b8fe ] Request (FloatingIPsAssociationNegativeTestJSON:_run_cleanups): 202 DELETE http://10.180.1.21/compute/v2.1/os-floating-ips/9df3a1f7-e6af-4f9a-9cc5-278dd9c0caa9 5.191s
2025-11-20 18:02:08.798 66411 INFO tempest.lib.common.rest_client [req-ca7365d4-99a4-4624-9d2c-49e4fc962649 req-ca7365d4-99a4-4624-9d2c-49e4fc962649 ] Request (ServersTestJSON:test_create_server_specify_multibyte_character_name): 202 POST http://10.180.1.21/compute/v2.1/servers 3.996s
2025-11-20 18:02:08.958 66377 INFO tempest.lib.common.rest_client [req-a9a0271c-67af-469f-a84a-8d706899186e req-a9a0271c-67af-469f-a84a-8d706899186e ] Request (FloatingIPsAssociationTestJSON:test_associate_disassociate_floating_ip): 200 GET http://10.180.1.21/compute/v2.1/os-floating-ips/8eaf55f3-c7e7-4022-93ed-7a74a9ff13e2 2.352s
2025-11-20 18:02:08.964 66435 INFO tempest.lib.common.rest_client [req-efc20dd4-5788-49ab-b2d3-733ad98dc764 req-efc20dd4-5788-49ab-b2d3-733ad98dc764 ] Request (InstanceUsageAuditLogNegativeTestJSON:test_instance_usage_audit_logs_with_nonadmin_user): 403 GET http://10.180.1.21/compute/v2.1/os-instance_usage_audit_log/2025-11-20%2018%3A02%3A06 2.247s
2025-11-20 18:02:09.054 66391 INFO tempest.lib.common.rest_client [req-97b28b12-26bc-4d56-b002-33008e44efce req-97b28b12-26bc-4d56-b002-33008e44efce ] Request (ServersAdminNegativeTestJSON:test_migrate_server_invalid_state): 409 POST http://10.180.1.21/compute/v2.1/servers/a7c3e3c2-1b65-489b-ae75-a547269b8017/action 2.248s
2025-11-20 18:02:09.062 66431 INFO tempest.lib.common.rest_client [req-7375ad88-f146-40c5-b095-3489c74fcc9e req-7375ad88-f146-40c5-b095-3489c74fcc9e ] Request (ImagesOneServerTestJSON:setUpClass): 202 POST http://10.180.1.21/compute/v2.1/servers 2.808s
2025-11-20 18:02:09.080 66397 INFO tempest.lib.common.rest_client [req-00ef5530-3e73-484d-95b1-283659498bb5 req-00ef5530-3e73-484d-95b1-283659498bb5 ] Request (FlavorsAdminTestJSON:test_is_public_string_variations): 200 GET http://10.180.1.21/compute/v2.1/flavors/detail?is_public=false 2.260s
2025-11-20 18:02:09.105 66435 INFO tempest.lib.common.rest_client [req-a8480807-5f7d-4339-991d-59030b165c49 req-a8480807-5f7d-4339-991d-59030b165c49 ] Request (InstanceUsageAuditLogNegativeTestJSON:tearDownClass): 204 DELETE http://10.180.1.21/identity/v3/users/bc6cb1854f87403db43ea3c2a4ffa8c5 0.139s
2025-11-20 18:02:09.181 66409 INFO tempest.lib.common.rest_client [req-35b7452d-fc01-4665-a8b1-b3ba082dfa2f req-35b7452d-fc01-4665-a8b1-b3ba082dfa2f ] Request (ListServerFiltersTestJSON:test_list_servers_filter_by_flavor): 200 GET http://10.180.1.21/compute/v2.1/servers?flavor=84 2.259s
