2025-11-20 16:07:31.989 65958 INFO tempest.lib.common.rest_client [req-ad726f63-e058-44bc-ad20-f9aa1a86874e req-ad726f63-e058-44bc-ad20-f9aa1a86874e ] Request (ServerActionsTestJSON:setUpClass): 201 POST http://10.180.1.21/networking/v2.0/security-group-rules 0.475s
2025-11-20 16:07:32.010 65940 INFO tempest.lib.common.rest_client [req-81e3a542-588a-40e5-827a-dfe95133ec35 req-81e3a542-588a-40e5-827a-dfe95133ec35 ] Request (SecurityGroupRulesNegativeTestJSON:test_create_security_group_rule_with_invalid_from_port): 400 POST http://10.180.1.21/compute/v2.1/os-security-group-rules 5.770s
2025-11-20 16:07:32.141 65918 INFO tempest.lib.common.rest_client [req-66939a71-f5ed-49f2-875e-1259efc95b3e req-66939a71-f5ed-49f2-875e-1259efc95b3e ] Request (ListServerFiltersTestJSON:test_list_servers_filter_by_shutoff_status): 202 POST http://10.180.1.21/compute/v2.1/servers/e326e9aa-3fdb-4ad5-8c7a-e49de02c4878/action 5.289s
2025-11-20 16:07:32.198 65956 INFO tempest.lib.common.rest_client [req-94cc09d7-6d4c-49d0-8598-a0039669cb85 req-94cc09d7-6d4c-49d0-8598-a0039669cb85 ] Request (ServerMetadataNegativeTestJSON:test_metadata_items_limit): 403 PUT http://10.180.1.21/compute/v2.1/servers/4e4917cf-de89-4b55-bc73-9c8fc38b826d/metadata 5.335s
2025-11-20 16:07:32.239 65936 INFO tempest.lib.common.rest_client [req-abedce7d-4d8b-45af-a65f-c0323c091399 req-abedce7d-4d8b-45af-a65f-c0323c091399 ] Request (ServerAddressesTestJSON:setUpClass): 201 POST http://10.180.1.21/networking/v2.0/subnets 0.397s
2025-11-20 16:07:32.688 65958 INFO tempest.lib.common.rest_client [req-30b98ba2-b223-49e1-8069-f43d84b61c71 req-30b98ba2-b223-49e1-8069-f43d84b61c71 ] Request (ServerActionsTestJSON:setUpClass): 201 POST http://10.180.1.21/networking/v2.0/floatingips 0.699s
2025-11-20 16:07:32.712 65916 INFO tempest.lib.common.rest_client [req-354020f4-7bad-4996-8329-eb21decd0483 req-354020f4-7bad-4996-8329-eb21decd0483 ] Request (FloatingIPsNegativeTestJSON:setUpClass): 200 GET http://10.180.1.21/compute/v2.1/os-floating-ips 6.364s
2025-11-20 16:07:32.766 65958 INFO tempest.lib.common.rest_client [req-ecfada80-923e-4c53-9fa7-b41f3b628d51 req-ecfada80-923e-4c53-9fa7-b41f3b628d51 ] Request (ServerActionsTestJSON:setUpClass): 201 POST http://10.180.1.21/identity/v3/auth/tokens 0.075s
2025-11-20 16:07:32.767 65958 INFO tempest.lib.common.fixed_network [-] (ServerActionsTestJSON:setUpClass) Found network {'id': 'a18f9e2e-517e-4bc4-8152-496c03fc1672', 'name': 'tempest-ServerActionsTestJSON-567390683-network', 'tenant_id': '4340a31c0aea4f90a10d2aa5c9599ea1', 'project_id': '4340a31c0aea4f90a10d2aa5c9599ea1', 'admin_state_up': True, 'mtu': 8950, 'status': 'ACTIVE', 'subnets': [], 'shared': False, 'port_security_enabled': True, 'router:external': False, 'provider:network_type': 'vlan', 'provider:physical_network': 'default', 'provider:segmentation_id': 692, 'availability_zone_hints': [], 'availability_zones': [], 'ipv4_address_scope': None, 'ipv6_address_scope': None, 'description': '', 'tags': [], 'created_at': '2025-11-20T16:07:21Z', 'updated_at': '2025-11-20T16:07:21Z', 'revision_number': 1} available for tenant
2025-11-20 16:07:32.796 65946 INFO paramiko.transport [-] Connected (version 2.0, client dropbear_2020.81)
2025-11-20 16:07:32.864 65946 INFO paramiko.transport [-] Authentication (publickey) successful!
2025-11-20 16:07:32.864 65946 INFO tempest.lib.common.ssh [-] ssh connection to cirros@10.180.180.194 successfully created
2025-11-20 16:07:33.148 65922 INFO tempest.lib.common.rest_client [req-516fbbfc-8553-4145-ae82-110097c4c4b8 req-516fbbfc-8553-4145-ae82-110097c4c4b8 ] Request (FloatingIPsAssociationTestJSON:setUpClass): 200 GET http://10.180.1.21/compute/v2.1/servers/bc361ab1-7cff-4dde-8fc0-16b24180aba2 5.851s
2025-11-20 16:07:33.157 65922 INFO tempest.common.waiters [-] State transition "BUILD/spawning" ==> "ACTIVE/None" after 18 second wait
2025-11-20 16:07:33.274 65952 INFO tempest.lib.common.rest_client [req-cc1186f2-20d6-4d96-ac20-a4c1948a5c56 req-cc1186f2-20d6-4d96-ac20-a4c1948a5c56 ] Request (SecurityGroupsTestJSON:test_list_security_groups_by_server): 200 POST http://10.180.1.21/compute/v2.1/os-security-groups 5.908s
2025-11-20 16:07:33.284 65948 INFO tempest.lib.common.rest_client [req-cbfbb461-cd98-4627-a756-2ed7ae8ce866 req-cbfbb461-cd98-4627-a756-2ed7ae8ce866 ] Request (AggregatesAdminNegativeTestJSON:test_aggregate_get_details_as_user): 403 GET http://10.180.1.21/compute/v2.1/os-aggregates/6 5.773s
2025-11-20 16:07:33.305 65962 INFO tempest.lib.common.rest_client [req-c2f57ad4-4e22-4561-ba86-fde002a32076 req-c2f57ad4-4e22-4561-ba86-fde002a32076 ] Request (FlavorsAdminTestJSON:test_create_server_with_non_public_flavor): 200 POST http://10.180.1.21/compute/v2.1/flavors 5.759s
2025-11-20 16:07:33.464 65936 INFO tempest.lib.common.rest_client [req-d37bf651-5220-4a75-80e5-39da1473a98a req-d37bf651-5220-4a75-80e5-39da1473a98a ] Request (ServerAddressesTestJSON:setUpClass): 201 POST http://10.180.1.21/networking/v2.0/routers 1.224s
2025-11-20 16:07:33.523 65942 INFO tempest.lib.common.rest_client [req-2d451e33-3dd1-4487-99a2-d2610e514e0e req-2d451e33-3dd1-4487-99a2-d2610e514e0e ] Request (ServerDiagnosticsNegativeTest:tearDownClass): 200 GET http://10.180.1.21/compute/v2.1/servers/3ac8e465-d444-4fbc-84a3-31c24d5aaeba 5.805s
2025-11-20 16:07:33.530 65942 INFO tempest.common.waiters [-] State transition "ACTIVE/deleting" ==> "DELETED/None" after 7 second wait
2025-11-20 16:07:34.363 65936 INFO tempest.lib.common.rest_client [req-f09839d9-e927-4bf3-be5e-dd7f1ecd5a12 req-f09839d9-e927-4bf3-be5e-dd7f1ecd5a12 ] Request (ServerAddressesTestJSON:setUpClass): 200 PUT http://10.180.1.21/networking/v2.0/routers/4e510a10-23cc-4a72-8773-9575f8f0dbce/add_router_interface 0.899s
2025-11-20 16:07:34.364 65936 INFO tempest.lib.common.dynamic_creds [-] Created isolated network resources for: credentials: Credentials: {'domain_id': 'default', 'domain_name': 'Default', 'username': 'tempest-ServerAddressesTestJSON-1715630683-project-member', 'project_domain_id': 'default', 'project_domain_name': 'Default', 'project_id': '8ec4e8d072554e4d985ebf30b33a5d66', 'project_name': 'tempest-ServerAddressesTestJSON-1715630683', 'tenant_id': '8ec4e8d072554e4d985ebf30b33a5d66', 'tenant_name': 'tempest-ServerAddressesTestJSON-1715630683', 'user_domain_id': 'default', 'user_domain_name': 'Default', 'user_id': '9454a5010cae457fa4b956bbdd819ae5', 'system': None}, Network: {'id': '77113fad-744f-4178-a460-88147e5a8aac', 'name': 'tempest-ServerAddressesTestJSON-970786376-network', 'tenant_id': '8ec4e8d072554e4d985ebf30b33a5d66', 'project_id': '8ec4e8d072554e4d985ebf30b33a5d66', 'admin_state_up': True, 'mtu': 8950, 'status': 'ACTIVE', 'subnets': [], 'shared': False, 'port_security_enabled': True, 'router:external': False, 'provider:network_type': 'vlan', 'provider:physical_network': 'default', 'provider:segmentation_id': 619, 'availability_zone_hints': [], 'availability_zones': [], 'ipv4_address_scope': None, 'ipv6_address_scope': None, 'description': '', 'tags': [], 'created_at': '2025-11-20T16:07:31Z', 'updated_at': '2025-11-20T16:07:31Z', 'revision_number': 1}, Subnet: {'id': '0ba60670-6a63-4721-b5e8-49b4f43e878e', 'name': 'tempest-ServerAddressesTestJSON-970786376-subnet', 'tenant_id': '8ec4e8d072554e4d985ebf30b33a5d66', 'network_id': '77113fad-744f-4178-a460-88147e5a8aac', 'ip_version': 4, 'subnetpool_id': None, 'enable_dhcp': True, 'ipv6_ra_mode': None, 'ipv6_address_mode': None, 'gateway_ip': '192.168.128.1', 'cidr': '192.168.128.0/28', 'allocation_pools': [{'start': '192.168.128.2', 'end': '192.168.128.14'}], 'host_routes': [], 'dns_nameservers': [], 'description': '', 'router:external': False, 'service_types': [], 'tags': [], 'created_at': '2025-11-20T16:07:32Z', 'updated_at': '2025-11-20T16:07:32Z', 'revision_number': 0, 'project_id': '8ec4e8d072554e4d985ebf30b33a5d66'}, Router: {'id': '4e510a10-23cc-4a72-8773-9575f8f0dbce', 'name': 'tempest-ServerAddressesTestJSON-970786376-router', 'tenant_id': '8ec4e8d072554e4d985ebf30b33a5d66', 'admin_state_up': True, 'status': 'ACTIVE', 'external_gateway_info': {'network_id': '7808e2ec-3012-4a1a-95dc-b52c41ef22d8', 'external_fixed_ips': [{'subnet_id': '86d2a65d-a96d-405b-aa0d-ae35d2623d3d', 'ip_address': '10.180.180.215'}], 'enable_snat': True}, 'description': '', 'availability_zones': [], 'distributed': False, 'ha': False, 'availability_zone_hints': [], 'routes': [], 'flavor_id': None, 'tags': [], 'created_at': '2025-11-20T16:07:32Z', 'updated_at': '2025-11-20T16:07:33Z', 'revision_number': 2, 'project_id': '8ec4e8d072554e4d985ebf30b33a5d66'}
2025-11-20 16:07:34.441 65936 INFO tempest.lib.common.rest_client [req-6e17f953-d67d-4a98-988a-bed0af3d0bc8 req-6e17f953-d67d-4a98-988a-bed0af3d0bc8 ] Request (ServerAddressesTestJSON:setUpClass): 201 POST http://10.180.1.21/identity/v3/auth/tokens 0.074s
2025-11-20 16:07:34.457 65934 INFO tempest.lib.common.rest_client [req-ab6866b6-1236-439d-91b9-35ed55ab8d0f req-ab6866b6-1236-439d-91b9-35ed55ab8d0f ] Request (ServersAdmin275Test:test_rebuild_update_server_275): 200 GET http://10.180.1.21/compute/v2.1/servers/d5c4e241-14b4-4e3d-a677-708c57459331 6.717s
2025-11-20 16:07:34.469 65934 INFO tempest.common.waiters [-] State transition "REBUILD/rebuild_spawning" ==> "ACTIVE/None" after 15 second wait
2025-11-20 16:07:34.476 65936 INFO tempest.lib.common.rest_client [req-b60ce585-3d4c-4978-86ce-703a6974cfae req-b60ce585-3d4c-4978-86ce-703a6974cfae ] Request (ServerAddressesTestJSON:setUpClass): 201 POST http://10.180.1.21/identity/v3/auth/tokens 0.032s
2025-11-20 16:07:34.477 65936 INFO tempest.lib.common.fixed_network [-] (ServerAddressesTestJSON:setUpClass) Found network {'id': '77113fad-744f-4178-a460-88147e5a8aac', 'name': 'tempest-ServerAddressesTestJSON-970786376-network', 'tenant_id': '8ec4e8d072554e4d985ebf30b33a5d66', 'project_id': '8ec4e8d072554e4d985ebf30b33a5d66', 'admin_state_up': True, 'mtu': 8950, 'status': 'ACTIVE', 'subnets': [], 'shared': False, 'port_security_enabled': True, 'router:external': False, 'provider:network_type': 'vlan', 'provider:physical_network': 'default', 'provider:segmentation_id': 619, 'availability_zone_hints': [], 'availability_zones': [], 'ipv4_address_scope': None, 'ipv6_address_scope': None, 'description': '', 'tags': [], 'created_at': '2025-11-20T16:07:31Z', 'updated_at': '2025-11-20T16:07:31Z', 'revision_number': 1} available for tenant
2025-11-20 16:07:34.668 65928 INFO tempest.lib.common.rest_client [req-935c7690-b363-4a0b-ba5c-df38787d054f req-935c7690-b363-4a0b-ba5c-df38787d054f ] Request (SecurityGroupRulesTestJSON:test_security_group_rules_create_with_optional_group_id): 200 POST http://10.180.1.21/compute/v2.1/os-security-group-rules 7.190s
2025-11-20 16:07:34.670 65928 WARNING tempest.lib.common.rest_client [-] Deprecated: "tenant_id" property is deprecated for removal, use "project_id" instead
2025-11-20 16:07:34.699 65926 INFO tempest.lib.common.rest_client [req-5af3c53e-ec1b-4647-bd3a-8d1e23ed1a3e req-5af3c53e-ec1b-4647-bd3a-8d1e23ed1a3e ] Request (FlavorsAccessNegativeTestJSON:_run_cleanups): 200 GET http://10.180.1.21/compute/v2.1/flavors/detail 5.536s
2025-11-20 16:07:34.814 65926 INFO tempest.lib.common.rest_client [req-ff012438-8d2b-4366-96d8-4dac5af4a283 req-ff012438-8d2b-4366-96d8-4dac5af4a283 ] Request (FlavorsAccessNegativeTestJSON:tearDownClass): 204 DELETE http://10.180.1.21/identity/v3/users/b4369b3554b84684bdbf4e196bb9c244 0.110s
2025-11-20 16:07:34.924 65926 INFO tempest.lib.common.rest_client [req-9cac4149-4f9a-4769-92d0-d046f7405da9 req-9cac4149-4f9a-4769-92d0-d046f7405da9 ] Request (FlavorsAccessNegativeTestJSON:tearDownClass): 204 DELETE http://10.180.1.21/identity/v3/users/f61dcc0b828042fd96a6b6563e7e91f0 0.109s
2025-11-20 16:07:34.969 65974 INFO tempest.lib.common.rest_client [req-a0c632b8-8cc2-4282-8d23-989ea2289e61 req-a0c632b8-8cc2-4282-8d23-989ea2289e61 ] Request (DeleteServersAdminTestJSON:test_delete_server_while_in_error_state): 200 GET http://10.180.1.21/compute/v2.1/servers/d112df1a-2e4b-428b-a00b-342453356e5a 5.750s
2025-11-20 16:07:34.992 65920 INFO tempest.lib.common.rest_client [req-24ab18b7-cb76-41fd-bbce-45746208ff85 req-24ab18b7-cb76-41fd-bbce-45746208ff85 ] Request (MigrationsAdminTest:test_list_migrations_in_flavor_resize_situation): 200 GET http://10.180.1.21/compute/v2.1/servers/579f2cda-dd15-496e-8391-e697a54f1f44 5.852s
2025-11-20 16:07:35.038 65926 INFO tempest.lib.common.rest_client [req-dcf8517e-fc62-4fcd-8b80-1fae2421405e req-dcf8517e-fc62-4fcd-8b80-1fae2421405e ] Request (FlavorsAccessNegativeTestJSON:tearDownClass): 204 DELETE http://10.180.1.21/identity/v3/users/eac8569177ee490e9c702848a7a98b34 0.114s
2025-11-20 16:07:35.038 65926 INFO tempest.lib.common.dynamic_creds [-] Deleting project and security group for project: 4bd0f64b74d745649ad024460f6536be
2025-11-20 16:07:35.220 65926 INFO tempest.lib.common.rest_client [req-655f3b40-8a38-4e8e-949d-90be387663f8 req-655f3b40-8a38-4e8e-949d-90be387663f8 ] Request (FlavorsAccessNegativeTestJSON:tearDownClass): 201 POST http://10.180.1.21/identity/v3/auth/tokens 0.182s
2025-11-20 16:07:35.260 65944 INFO tempest.lib.common.rest_client [req-7874180d-dc6d-4798-a6c0-ffd6be04547b req-7874180d-dc6d-4798-a6c0-ffd6be04547b ] Request (QuotasTestJSON:test_compare_tenant_quotas_with_default_quotas): 200 GET http://10.180.1.21/compute/v2.1/os-quota-sets/5cb49a2188184cde85c4b4e4f3bffedd/defaults 5.105s
2025-11-20 16:07:35.425 65926 INFO tempest.lib.common.rest_client [req-43dd403e-0cf2-4e76-b806-fc3852870a88 req-43dd403e-0cf2-4e76-b806-fc3852870a88 ] Request (FlavorsAccessNegativeTestJSON:tearDownClass): 200 GET http://10.180.1.21/networking/v2.0/security-groups?tenant_id=4bd0f64b74d745649ad024460f6536be&name=default 0.205s
2025-11-20 16:07:35.611 65926 INFO tempest.lib.common.rest_client [req-1de6ae2d-83b7-4b39-b65d-b7895f6634c3 req-1de6ae2d-83b7-4b39-b65d-b7895f6634c3 ] Request (FlavorsAccessNegativeTestJSON:tearDownClass): 204 DELETE http://10.180.1.21/networking/v2.0/security-groups/025635ce-6bd3-40ed-ad89-448fb138386b 0.185s
2025-11-20 16:07:35.696 65926 INFO tempest.lib.common.rest_client [req-afe01791-fa52-4df4-b53b-2705b40cdcd9 req-afe01791-fa52-4df4-b53b-2705b40cdcd9 ] Request (FlavorsAccessNegativeTestJSON:tearDownClass): 204 DELETE http://10.180.1.21/identity/v3/projects/4bd0f64b74d745649ad024460f6536be 0.084s
2025-11-20 16:07:35.697 65926 INFO tempest.lib.common.dynamic_creds [-] Deleting project and security group for project: c81ee531919244f18c30d226428ded66
2025-11-20 16:07:35.831 65926 INFO tempest.lib.common.rest_client [req-e14aa475-3601-4b4c-b93c-9b07dc6db5cf req-e14aa475-3601-4b4c-b93c-9b07dc6db5cf ] Request (FlavorsAccessNegativeTestJSON:tearDownClass): 200 GET http://10.180.1.21/networking/v2.0/security-groups?tenant_id=c81ee531919244f18c30d226428ded66&name=default 0.134s
2025-11-20 16:07:35.850 65976 WARNING tempest.lib.common.ssh [-] Failed to establish authenticated ssh connection to cirros@10.180.180.217 ([Errno None] Unable to connect to port 22 on 10.180.180.217). Number attempts: 7. Retry after 8 seconds.: paramiko.ssh_exception.NoValidConnectionsError: [Errno None] Unable to connect to port 22 on 10.180.180.217
2025-11-20 16:07:36.028 65926 INFO tempest.lib.common.rest_client [req-6451676e-fdc1-47ca-bad2-f0cc8a09ffe0 req-6451676e-fdc1-47ca-bad2-f0cc8a09ffe0 ] Request (FlavorsAccessNegativeTestJSON:tearDownClass): 204 DELETE http://10.180.1.21/networking/v2.0/security-groups/527f3f18-0eff-4a6a-9a1c-0ab560382ef1 0.196s
2025-11-20 16:07:36.154 65926 INFO tempest.lib.common.rest_client [req-53c4c3d7-44b2-4ff3-bf9c-b2f94ef4a0b1 req-53c4c3d7-44b2-4ff3-bf9c-b2f94ef4a0b1 ] Request (FlavorsAccessNegativeTestJSON:tearDownClass): 204 DELETE http://10.180.1.21/identity/v3/projects/c81ee531919244f18c30d226428ded66 0.125s
2025-11-20 16:07:36.155 65926 INFO tempest.lib.common.dynamic_creds [-] Deleting project and security group for project: 0e18fa4ad44d4b8ebafcac27c0ed3012
2025-11-20 16:07:36.252 65950 INFO tempest.lib.common.rest_client [req-6eb28504-fadb-4689-bdfc-5273e0018e48 req-6eb28504-fadb-4689-bdfc-5273e0018e48 ] Request (MultipleCreateTestJSON:test_multiple_create): 202 POST http://10.180.1.21/compute/v2.1/servers 5.985s
2025-11-20 16:07:36.309 65926 INFO tempest.lib.common.rest_client [req-cfae70ab-eb51-4338-8664-7ac395af988d req-cfae70ab-eb51-4338-8664-7ac395af988d ] Request (FlavorsAccessNegativeTestJSON:tearDownClass): 200 GET http://10.180.1.21/networking/v2.0/security-groups?tenant_id=0e18fa4ad44d4b8ebafcac27c0ed3012&name=default 0.153s
2025-11-20 16:07:36.435 65972 INFO tempest.lib.common.rest_client [req-75b77194-d6fc-4def-82c9-7a14098a5b37 req-75b77194-d6fc-4def-82c9-7a14098a5b37 ] Request (AttachInterfacesTestJSON:test_create_list_show_delete_interfaces_by_fixed_ip): 200 GET http://10.180.1.21/compute/v2.1/servers/e1387285-1d7e-44e9-b31d-ee6375d6d699/os-interface 5.740s
2025-11-20 16:07:36.539 65926 INFO tempest.lib.common.rest_client [req-52d95847-bf9b-4ad4-a968-7ad6cddec9af req-52d95847-bf9b-4ad4-a968-7ad6cddec9af ] Request (FlavorsAccessNegativeTestJSON:tearDownClass): 204 DELETE http://10.180.1.21/networking/v2.0/security-groups/03d1a638-1d50-472a-9b33-87801ead55d0 0.229s
2025-11-20 16:07:36.603 65932 INFO tempest.lib.common.rest_client [req-5b331ff8-083c-4995-960b-a83d078a5375 req-5b331ff8-083c-4995-960b-a83d078a5375 ] Request (ServersTestBootFromVolume:setUpClass): 202 POST http://10.180.1.21/compute/v2.1/servers 5.966s
2025-11-20 16:07:36.704 65926 INFO tempest.lib.common.rest_client [req-8f8a9068-b88b-4468-bbf3-41cea55314c7 req-8f8a9068-b88b-4468-bbf3-41cea55314c7 ] Request (FlavorsAccessNegativeTestJSON:tearDownClass): 204 DELETE http://10.180.1.21/identity/v3/projects/0e18fa4ad44d4b8ebafcac27c0ed3012 0.165s
2025-11-20 16:07:36.725 65970 INFO tempest.lib.common.rest_client [req-d11a94f8-c410-4df5-a8bc-185550c34086 req-d11a94f8-c410-4df5-a8bc-185550c34086 ] Request (ServerTagsTestJSON:test_update_all_tags): 201 PUT http://10.180.1.21/compute/v2.1/servers/6053335b-514e-462c-88e7-c95c37cbdcd7/tags/tempest-tag-1373853029 5.723s
2025-11-20 16:07:36.746 65938 INFO tempest.lib.common.rest_client [req-83def8a1-ef37-4cc6-a974-071548fe1846 req-83def8a1-ef37-4cc6-a974-071548fe1846 ] Request (KeyPairsV210TestJSON:test_admin_manage_keypairs_for_other_users): 200 GET http://10.180.1.21/compute/v2.1/os-keypairs/tempest-keypair-553172927?user_id=aabd6ad911dc4c74b31bf8644a4a5c17 5.688s
2025-11-20 16:07:36.755 65966 INFO tempest.lib.common.rest_client [req-195ef2b6-c531-4a35-90b3-71566d2ac08e req-195ef2b6-c531-4a35-90b3-71566d2ac08e ] Request (ServersAdminNegativeTestJSON:setUpClass): 200 GET http://10.180.1.21/compute/v2.1/servers/52b53056-514a-40a0-abb0-9b871b342aff 5.815s
2025-11-20 16:07:36.767 65940 INFO tempest.lib.common.rest_client [req-4dbec147-a8aa-40e7-9d65-2a146f36ece7 req-4dbec147-a8aa-40e7-9d65-2a146f36ece7 ] Request (SecurityGroupRulesNegativeTestJSON:test_create_security_group_rule_with_invalid_id): 400 POST http://10.180.1.21/compute/v2.1/os-security-group-rules 4.756s
2025-11-20 16:07:36.809 65926 INFO tempest.lib.common.rest_client [req-1639700a-3e56-4995-933d-6b50d8914447 req-1639700a-3e56-4995-933d-6b50d8914447 ] Request (HostsAdminNegativeTestJSON:setUpClass): 201 POST http://10.180.1.21/identity/v3/auth/tokens 0.103s
2025-11-20 16:07:36.840 65926 INFO tempest.lib.common.rest_client [req-8afc2ed6-3043-4166-927d-010cb9807f9f req-8afc2ed6-3043-4166-927d-010cb9807f9f ] Request (HostsAdminNegativeTestJSON:setUpClass): 201 POST http://10.180.1.21/identity/v3/auth/tokens 0.028s
2025-11-20 16:07:36.870 65926 INFO tempest.lib.common.rest_client [req-348dc01a-4ee7-44bc-afde-4b56d89c23a4 req-348dc01a-4ee7-44bc-afde-4b56d89c23a4 ] Request (HostsAdminNegativeTestJSON:setUpClass): 200 GET http://10.180.1.21/identity/v3/domains?name=Default 0.030s
2025-11-20 16:07:36.903 65926 INFO tempest.lib.common.rest_client [req-04fc4f45-98a6-4eaa-98ad-d3b618ade052 req-04fc4f45-98a6-4eaa-98ad-d3b618ade052 ] Request (HostsAdminNegativeTestJSON:setUpClass): 201 POST http://10.180.1.21/identity/v3/projects 0.032s
2025-11-20 16:07:36.986 65926 INFO tempest.lib.common.rest_client [req-8c2ce7f7-fc29-40ae-aa61-ace241fc3382 req-8c2ce7f7-fc29-40ae-aa61-ace241fc3382 ] Request (HostsAdminNegativeTestJSON:setUpClass): 201 POST http://10.180.1.21/identity/v3/users 0.083s
2025-11-20 16:07:37.021 65926 INFO tempest.lib.common.rest_client [req-fcae733d-ee64-43b8-9cca-f6a9975ed951 req-fcae733d-ee64-43b8-9cca-f6a9975ed951 ] Request (HostsAdminNegativeTestJSON:setUpClass): 200 GET http://10.180.1.21/identity/v3/roles 0.034s
2025-11-20 16:07:37.054 65926 INFO tempest.lib.common.rest_client [req-754853fc-c805-415e-adcc-ef7c2b6e41bf req-754853fc-c805-415e-adcc-ef7c2b6e41bf ] Request (HostsAdminNegativeTestJSON:setUpClass): 204 PUT http://10.180.1.21/identity/v3/projects/ce73128c680042c093a8407056344455/users/e8edc5f1a11a4bbbb9130801dc684868/roles/e553200e9a924c8696304dfaf2472c3d 0.033s
2025-11-20 16:07:37.054 65926 INFO tempest.lib.common.dynamic_creds [-] Dynamic test user e8edc5f1a11a4bbbb9130801dc684868 is created with scope project and roles: ['member']
2025-11-20 16:07:37.054 65926 INFO tempest.lib.common.dynamic_creds [-] Acquired dynamic creds: credentials: Credentials: {'domain_id': 'default', 'domain_name': 'Default', 'username': 'tempest-HostsAdminNegativeTestJSON-1101496050-project-member', 'project_domain_id': 'default', 'project_domain_name': 'Default', 'project_id': 'ce73128c680042c093a8407056344455', 'project_name': 'tempest-HostsAdminNegativeTestJSON-1101496050', 'tenant_id': 'ce73128c680042c093a8407056344455', 'tenant_name': 'tempest-HostsAdminNegativeTestJSON-1101496050', 'user_domain_id': 'default', 'user_domain_name': 'Default', 'user_id': 'e8edc5f1a11a4bbbb9130801dc684868', 'system': None}, Network: None, Subnet: None, Router: None
2025-11-20 16:07:37.055 65926 INFO tempest.lib.common.dynamic_creds [-] Created isolated network resources for: credentials: Credentials: {'domain_id': 'default', 'domain_name': 'Default', 'username': 'tempest-HostsAdminNegativeTestJSON-1101496050-project-member', 'project_domain_id': 'default', 'project_domain_name': 'Default', 'project_id': 'ce73128c680042c093a8407056344455', 'project_name': 'tempest-HostsAdminNegativeTestJSON-1101496050', 'tenant_id': 'ce73128c680042c093a8407056344455', 'tenant_name': 'tempest-HostsAdminNegativeTestJSON-1101496050', 'user_domain_id': 'default', 'user_domain_name': 'Default', 'user_id': 'e8edc5f1a11a4bbbb9130801dc684868', 'system': None}, Network: None, Subnet: None, Router: None
2025-11-20 16:07:37.055 65924 INFO tempest.lib.common.rest_client [req-5e725c98-dbb7-4de1-891c-326b094beef4 req-5e725c98-dbb7-4de1-891c-326b094beef4 ] Request (ListServersNegativeTestJSON:setUpClass): 200 GET http://10.180.1.21/compute/v2.1/servers/15e27fb7-8046-4368-b3a4-86a556001b6d 5.190s
2025-11-20 16:07:37.063 65924 INFO tempest.common.waiters [-] State transition "BUILD/None" ==> "BUILD/spawning" after 14 second wait
2025-11-20 16:07:37.086 65918 INFO tempest.lib.common.rest_client [req-48ad09b3-a6ba-44a8-8c2e-3b268c36663c req-48ad09b3-a6ba-44a8-8c2e-3b268c36663c ] Request (ListServerFiltersTestJSON:test_list_servers_filter_by_shutoff_status): 200 GET http://10.180.1.21/compute/v2.1/servers/e326e9aa-3fdb-4ad5-8c7a-e49de02c4878 4.945s
2025-11-20 16:07:37.129 65956 INFO tempest.lib.common.rest_client [req-42e9e714-dcb2-4891-a707-0d2c6400f52e req-42e9e714-dcb2-4891-a707-0d2c6400f52e ] Request (ServerMetadataNegativeTestJSON:test_metadata_items_limit): 403 POST http://10.180.1.21/compute/v2.1/servers/4e4917cf-de89-4b55-bc73-9c8fc38b826d/metadata 4.930s
2025-11-20 16:07:37.160 65916 INFO tempest.lib.common.rest_client [req-539e58d0-6e21-4076-a72e-6e71d28f9073 req-539e58d0-6e21-4076-a72e-6e71d28f9073 ] Request (FloatingIPsNegativeTestJSON:test_allocate_floating_ip_from_nonexistent_pool): 404 POST http://10.180.1.21/compute/v2.1/os-floating-ips 4.441s
2025-11-20 16:07:37.191 65926 INFO tempest.lib.common.rest_client [req-7860e27e-806c-47af-818f-3014cd767d40 req-7860e27e-806c-47af-818f-3014cd767d40 ] Request (HostsAdminNegativeTestJSON:setUpClass): 201 POST http://10.180.1.21/identity/v3/auth/tokens 0.133s
2025-11-20 16:07:37.236 65956 INFO tempest.lib.common.rest_client [req-50da423a-e33a-4bbf-84d2-16fb3864ea5c req-50da423a-e33a-4bbf-84d2-16fb3864ea5c ] Request (ServerMetadataNegativeTestJSON:test_server_create_metadata_key_too_long): 201 POST http://10.180.1.21/identity/v3/auth/tokens 0.099s
2025-11-20 16:07:37.238 65956 INFO tempest.lib.common.fixed_network [-] (ServerMetadataNegativeTestJSON:test_server_create_metadata_key_too_long) Found network {'id': '225edd2d-a9e3-452d-93be-399173ade465', 'name': 'tempest-ServerMetadataNegativeTestJSON-2015979532-network', 'tenant_id': '36901db1f0e6477ea79e97859853129c', 'project_id': '36901db1f0e6477ea79e97859853129c', 'admin_state_up': True, 'mtu': 8950, 'status': 'ACTIVE', 'subnets': [], 'shared': False, 'port_security_enabled': True, 'router:external': False, 'provider:network_type': 'vlan', 'provider:physical_network': 'default', 'provider:segmentation_id': 26, 'availability_zone_hints': [], 'availability_zones': [], 'ipv4_address_scope': None, 'ipv6_address_scope': None, 'description': '', 'tags': [], 'created_at': '2025-11-20T16:06:43Z', 'updated_at': '2025-11-20T16:06:43Z', 'revision_number': 1} available for tenant
2025-11-20 16:07:37.309 65926 INFO tempest.lib.common.rest_client [req-709c89a4-d8fa-45ab-a673-e9fd242d199d req-709c89a4-d8fa-45ab-a673-e9fd242d199d ] Request (HostsAdminNegativeTestJSON:setUpClass): 201 POST http://10.180.1.21/identity/v3/projects 0.117s
2025-11-20 16:07:37.378 65972 INFO tempest.lib.common.rest_client [req-00415aec-fa16-40d3-a267-87c067bb985b req-00415aec-fa16-40d3-a267-87c067bb985b ] Request (AttachInterfacesTestJSON:test_create_list_show_delete_interfaces_by_fixed_ip): 200 PUT http://10.180.1.21/networking/v2.0/floatingips/0a4c42ad-4694-446b-9ef5-c9062c0f8abb 0.940s
2025-11-20 16:07:37.413 65926 INFO tempest.lib.common.rest_client [req-ffbaac32-05d9-4c8b-9d45-aa3313a00b22 req-ffbaac32-05d9-4c8b-9d45-aa3313a00b22 ] Request (HostsAdminNegativeTestJSON:setUpClass): 201 POST http://10.180.1.21/identity/v3/users 0.103s
2025-11-20 16:07:37.419 65930 INFO tempest.lib.common.rest_client [req-18ad6538-b991-4d00-87fb-b00267660666 req-18ad6538-b991-4d00-87fb-b00267660666 ] Request (FloatingIPsAssociationNegativeTestJSON:setUpClass): 200 GET http://10.180.1.21/compute/v2.1/servers/3b2967f5-2902-4c1a-9af2-21aa4619281d 4.830s
2025-11-20 16:07:37.441 65926 INFO tempest.lib.common.rest_client [req-43d5df68-a754-40ea-95eb-bfaf5599103f req-43d5df68-a754-40ea-95eb-bfaf5599103f ] Request (HostsAdminNegativeTestJSON:setUpClass): 200 GET http://10.180.1.21/identity/v3/roles 0.028s
2025-11-20 16:07:37.474 65926 INFO tempest.lib.common.rest_client [req-248fb4f2-31b8-413c-99f1-64ccc407bd7c req-248fb4f2-31b8-413c-99f1-64ccc407bd7c ] Request (HostsAdminNegativeTestJSON:setUpClass): 204 PUT http://10.180.1.21/identity/v3/projects/236c4dfdb5cd403aaf7e978c014dcfae/users/b03363d7ce2d4c2985c6ab1461474fa8/roles/02bf511f7b96432e894ea79da40bb36e 0.033s
2025-11-20 16:07:37.545 65926 INFO tempest.lib.common.rest_client [req-25bb9c8d-2cb6-469f-8ac8-1edb2e658a6f req-25bb9c8d-2cb6-469f-8ac8-1edb2e658a6f ] Request (HostsAdminNegativeTestJSON:setUpClass): 200 GET http://10.180.1.21/identity/v3/roles 0.070s
2025-11-20 16:07:37.567 65926 INFO tempest.lib.common.rest_client [req-d6796807-d058-4b31-938b-338501bb48fe req-d6796807-d058-4b31-938b-338501bb48fe ] Request (HostsAdminNegativeTestJSON:setUpClass): 204 PUT http://10.180.1.21/identity/v3/projects/236c4dfdb5cd403aaf7e978c014dcfae/users/b03363d7ce2d4c2985c6ab1461474fa8/roles/02bf511f7b96432e894ea79da40bb36e 0.021s
2025-11-20 16:07:37.567 65926 INFO tempest.lib.common.dynamic_creds [-] Dynamic test user b03363d7ce2d4c2985c6ab1461474fa8 is created with scope project and roles: ['admin']
2025-11-20 16:07:37.567 65926 INFO tempest.lib.common.dynamic_creds [-] Acquired dynamic creds: credentials: Credentials: {'domain_id': 'default', 'domain_name': 'Default', 'username': 'tempest-HostsAdminNegativeTestJSON-561420951-project-admin', 'project_domain_id': 'default', 'project_domain_name': 'Default', 'project_id': '236c4dfdb5cd403aaf7e978c014dcfae', 'project_name': 'tempest-HostsAdminNegativeTestJSON-561420951', 'tenant_id': '236c4dfdb5cd403aaf7e978c014dcfae', 'tenant_name': 'tempest-HostsAdminNegativeTestJSON-561420951', 'user_domain_id': 'default', 'user_domain_name': 'Default', 'user_id': 'b03363d7ce2d4c2985c6ab1461474fa8', 'system': None}, Network: None, Subnet: None, Router: None
2025-11-20 16:07:37.568 65926 INFO tempest.lib.common.dynamic_creds [-] Created isolated network resources for: credentials: Credentials: {'domain_id': 'default', 'domain_name': 'Default', 'username': 'tempest-HostsAdminNegativeTestJSON-561420951-project-admin', 'project_domain_id': 'default', 'project_domain_name': 'Default', 'project_id': '236c4dfdb5cd403aaf7e978c014dcfae', 'project_name': 'tempest-HostsAdminNegativeTestJSON-561420951', 'tenant_id': '236c4dfdb5cd403aaf7e978c014dcfae', 'tenant_name': 'tempest-HostsAdminNegativeTestJSON-561420951', 'user_domain_id': 'default', 'user_domain_name': 'Default', 'user_id': 'b03363d7ce2d4c2985c6ab1461474fa8', 'system': None}, Network: None, Subnet: None, Router: None
2025-11-20 16:07:37.575 65946 INFO tempest.lib.common.rest_client [req-c3cf8a13-4378-41c6-9167-ed51b86ddf01 req-c3cf8a13-4378-41c6-9167-ed51b86ddf01 ] Request (ServerActionsTestOtherA:setUp): 200 GET http://10.180.1.21/compute/v2.1/servers/abc874c9-9036-4343-89da-a3f2f06f31bd 4.709s
2025-11-20 16:07:37.667 65926 INFO tempest.lib.common.rest_client [req-27442ba6-b8a9-44aa-8306-810bf47655f0 req-27442ba6-b8a9-44aa-8306-810bf47655f0 ] Request (HostsAdminNegativeTestJSON:setUpClass): 201 POST http://10.180.1.21/identity/v3/auth/tokens 0.095s
2025-11-20 16:07:37.668 65946 INFO tempest.lib.common.rest_client [req-1d8a22cf-d097-40ff-b57a-41850056907a req-1d8a22cf-d097-40ff-b57a-41850056907a ] Request (ServerActionsTestOtherA:test_rebuild_server_in_stop_state): 201 POST http://10.180.1.21/identity/v3/auth/tokens 0.080s
2025-11-20 16:07:37.669 65946 INFO tempest.lib.common.fixed_network [-] (ServerActionsTestOtherA:test_rebuild_server_in_stop_state) Found network {'id': 'e6932789-2413-4819-aeb6-47b957910be0', 'name': 'tempest-ServerActionsTestOtherA-772575319-network', 'tenant_id': '0423e6eec16e4f39a6fff865a20995ab', 'project_id': '0423e6eec16e4f39a6fff865a20995ab', 'admin_state_up': True, 'mtu': 8950, 'status': 'ACTIVE', 'subnets': [], 'shared': False, 'port_security_enabled': True, 'router:external': False, 'provider:network_type': 'vlan', 'provider:physical_network': 'default', 'provider:segmentation_id': 58, 'availability_zone_hints': [], 'availability_zones': [], 'ipv4_address_scope': None, 'ipv6_address_scope': None, 'description': '', 'tags': [], 'created_at': '2025-11-20T16:06:22Z', 'updated_at': '2025-11-20T16:06:22Z', 'revision_number': 1} available for tenant
2025-11-20 16:07:37.722 65960 INFO tempest.lib.common.rest_client [req-73e5f0b0-8082-42be-9286-7f19562c4e0e req-73e5f0b0-8082-42be-9286-7f19562c4e0e ] Request (ImagesTestJSON:test_create_image_from_suspended_server): 200 GET http://10.180.1.21/compute/v2.1/servers/31c69491-514a-4f5f-8a51-aacb970038a7 4.836s
2025-11-20 16:07:37.722 65958 INFO tempest.lib.common.rest_client [req-2b8bf063-af4f-4a33-8818-4593cdce12e5 req-2b8bf063-af4f-4a33-8818-4593cdce12e5 ] Request (ServerActionsTestJSON:setUpClass): 202 POST http://10.180.1.21/compute/v2.1/servers 4.954s
2025-11-20 16:07:37.731 65960 INFO tempest.common.waiters [-] State transition "BUILD/spawning" ==> "ACTIVE/None" after 19 second wait
2025-11-20 16:07:37.854 65952 INFO tempest.lib.common.rest_client [req-47fb4dd7-e871-4a30-bf39-d14f58476ff9 req-47fb4dd7-e871-4a30-bf39-d14f58476ff9 ] Request (SecurityGroupsTestJSON:test_list_security_groups_by_server): 200 POST http://10.180.1.21/compute/v2.1/os-security-groups 4.577s
2025-11-20 16:07:37.899 65948 INFO tempest.lib.common.rest_client [req-fe9282db-7b01-473b-9b69-f6d06b81602f req-fe9282db-7b01-473b-9b69-f6d06b81602f ] Request (AggregatesAdminNegativeTestJSON:_run_cleanups): 200 DELETE http://10.180.1.21/compute/v2.1/os-aggregates/6 4.614s
2025-11-20 16:07:37.916 65962 INFO tempest.lib.common.rest_client [req-613788f5-e9d6-472c-80d8-35d59e13fa0a req-613788f5-e9d6-472c-80d8-35d59e13fa0a ] Request (FlavorsAdminTestJSON:test_create_server_with_non_public_flavor): 400 POST http://10.180.1.21/compute/v2.1/servers 4.608s
2025-11-20 16:07:37.939 65952 INFO tempest.lib.common.rest_client [req-d16551dc-b44c-4b5f-b68e-314fc8a98272 req-d16551dc-b44c-4b5f-b68e-314fc8a98272 ] Request (SecurityGroupsTestJSON:test_list_security_groups_by_server): 201 POST http://10.180.1.21/identity/v3/auth/tokens 0.080s
2025-11-20 16:07:37.940 65952 INFO tempest.lib.common.fixed_network [-] (SecurityGroupsTestJSON:test_list_security_groups_by_server) Found network {'id': '0980dc47-749b-43c7-8f77-121ed57b1862', 'name': 'tempest-SecurityGroupsTestJSON-38783166-network', 'tenant_id': '443ac4f9f70b42f5b35090ad653ea39e', 'project_id': '443ac4f9f70b42f5b35090ad653ea39e', 'admin_state_up': True, 'mtu': 8950, 'status': 'ACTIVE', 'subnets': [], 'shared': False, 'port_security_enabled': True, 'router:external': False, 'provider:network_type': 'vlan', 'provider:physical_network': 'default', 'provider:segmentation_id': 968, 'availability_zone_hints': [], 'availability_zones': [], 'ipv4_address_scope': None, 'ipv6_address_scope': None, 'description': '', 'tags': [], 'created_at': '2025-11-20T16:07:22Z', 'updated_at': '2025-11-20T16:07:22Z', 'revision_number': 1} available for tenant
2025-11-20 16:07:38.328 65934 INFO tempest.lib.common.rest_client [req-b278c636-31a1-474f-8fe3-fed4f82526b6 req-b278c636-31a1-474f-8fe3-fed4f82526b6 ] Request (ServersAdmin275Test:test_rebuild_update_server_275): 202 POST http://10.180.1.21/compute/v2.1/servers/d5c4e241-14b4-4e3d-a677-708c57459331/action 3.858s
2025-11-20 16:07:38.382 65922 INFO tempest.lib.common.rest_client [req-b9c8ad6d-921a-41bf-be0c-32d410b2305c req-b9c8ad6d-921a-41bf-be0c-32d410b2305c ] Request (FloatingIPsAssociationTestJSON:setUpClass): 200 POST http://10.180.1.21/compute/v2.1/os-floating-ips 5.224s
2025-11-20 16:07:38.447 65942 INFO tempest.lib.common.rest_client [req-c34969bd-2da8-4f57-bc21-66d03eb3ecff req-c34969bd-2da8-4f57-bc21-66d03eb3ecff ] Request (ServerDiagnosticsNegativeTest:tearDownClass): 200 GET http://10.180.1.21/compute/v2.1/servers/3ac8e465-d444-4fbc-84a3-31c24d5aaeba 3.915s
2025-11-20 16:07:38.451 65922 INFO tempest.lib.common.rest_client [req-d30cf77e-8cf3-40b0-b053-e382d0844f0a req-d30cf77e-8cf3-40b0-b053-e382d0844f0a ] Request (FloatingIPsAssociationTestJSON:test_associate_already_associated_floating_ip): 201 POST http://10.180.1.21/identity/v3/auth/tokens 0.064s
2025-11-20 16:07:38.451 65922 INFO tempest.lib.common.fixed_network [-] (FloatingIPsAssociationTestJSON:test_associate_already_associated_floating_ip) Found network {'id': '708729f7-71e7-4365-bf9a-783643646f22', 'name': 'tempest-FloatingIPsAssociationTestJSON-1911220328-network', 'tenant_id': '95ba8927b8a2424b933d9dcddaf11e09', 'project_id': '95ba8927b8a2424b933d9dcddaf11e09', 'admin_state_up': True, 'mtu': 8950, 'status': 'ACTIVE', 'subnets': [], 'shared': False, 'port_security_enabled': True, 'router:external': False, 'provider:network_type': 'vlan', 'provider:physical_network': 'default', 'provider:segmentation_id': 512, 'availability_zone_hints': [], 'availability_zones': [], 'ipv4_address_scope': None, 'ipv6_address_scope': None, 'description': '', 'tags': [], 'created_at': '2025-11-20T16:06:58Z', 'updated_at': '2025-11-20T16:06:58Z', 'revision_number': 1} available for tenant
2025-11-20 16:07:38.567 65928 INFO tempest.lib.common.rest_client [req-372a1298-b518-4018-ab53-8ee86081600d req-372a1298-b518-4018-ab53-8ee86081600d ] Request (SecurityGroupRulesTestJSON:test_security_group_rules_delete_when_peer_group_deleted): 200 POST http://10.180.1.21/compute/v2.1/os-security-groups 3.893s
2025-11-20 16:07:38.661 65944 INFO tempest.lib.common.rest_client [req-a56490f7-4bc7-4935-86c9-029a7a5b8998 req-a56490f7-4bc7-4935-86c9-029a7a5b8998 ] Request (QuotasTestJSON:test_compare_tenant_quotas_with_default_quotas): 200 GET http://10.180.1.21/compute/v2.1/os-quota-sets/5cb49a2188184cde85c4b4e4f3bffedd 3.398s
2025-11-20 16:07:38.685 65974 INFO tempest.lib.common.rest_client [req-8498c773-1bfc-49d0-86d9-8a2020bcada8 req-8498c773-1bfc-49d0-86d9-8a2020bcada8 ] Request (DeleteServersAdminTestJSON:test_delete_server_while_in_error_state): 404 GET http://10.180.1.21/compute/v2.1/servers/d112df1a-2e4b-428b-a00b-342453356e5a 2.708s
2025-11-20 16:07:38.727 65936 INFO tempest.lib.common.rest_client [req-f241f684-480f-445e-8a1a-9ce08475dc5d req-f241f684-480f-445e-8a1a-9ce08475dc5d ] Request (ServerAddressesTestJSON:setUpClass): 202 POST http://10.180.1.21/compute/v2.1/servers 4.250s
2025-11-20 16:07:38.778 65950 INFO tempest.lib.common.rest_client [req-72efec8e-6aed-41c8-90ad-4d0322f73383 req-72efec8e-6aed-41c8-90ad-4d0322f73383 ] Request (MultipleCreateTestJSON:test_multiple_create): 200 GET http://10.180.1.21/compute/v2.1/servers 2.524s
2025-11-20 16:07:38.859 65920 INFO tempest.lib.common.rest_client [req-90765f10-04fe-43d0-916b-07001bd7e239 req-90765f10-04fe-43d0-916b-07001bd7e239 ] Request (MigrationsAdminTest:test_list_migrations_in_flavor_resize_situation): 200 GET http://10.180.1.21/compute/v2.1/servers/579f2cda-dd15-496e-8391-e697a54f1f44 2.856s
2025-11-20 16:07:38.904 65932 INFO tempest.lib.common.rest_client [req-62396264-89c5-4b26-afbc-f397240c6a4f req-62396264-89c5-4b26-afbc-f397240c6a4f ] Request (ServersTestBootFromVolume:setUpClass): 200 GET http://10.180.1.21/compute/v2.1/servers/a9442a9b-1eac-40a6-bd23-9a462cec3e04 2.298s
2025-11-20 16:07:38.948 65938 INFO tempest.lib.common.rest_client [req-f2b7a472-aac4-4d55-b23e-9a64ed5aedf8 req-f2b7a472-aac4-4d55-b23e-9a64ed5aedf8 ] Request (KeyPairsV210TestJSON:test_admin_manage_keypairs_for_other_users): 201 POST http://10.180.1.21/compute/v2.1/os-keypairs 2.195s
2025-11-20 16:07:38.953 65970 INFO tempest.lib.common.rest_client [req-5194f866-c988-4780-aa96-8a43cb974110 req-5194f866-c988-4780-aa96-8a43cb974110 ] Request (ServerTagsTestJSON:test_update_all_tags): 201 PUT http://10.180.1.21/compute/v2.1/servers/6053335b-514e-462c-88e7-c95c37cbdcd7/tags/tempest-tag-2055973968 2.226s
2025-11-20 16:07:39.037 65918 INFO tempest.lib.common.rest_client [req-9c3b5b03-1c69-451b-8eba-9c2372ea4770 req-9c3b5b03-1c69-451b-8eba-9c2372ea4770 ] Request (ListServerFiltersTestJSON:test_list_servers_filter_by_shutoff_status): 200 GET http://10.180.1.21/compute/v2.1/servers?status=shutoff 1.943s
2025-11-20 16:07:39.055 65940 INFO tempest.lib.common.rest_client [req-aa2c2abe-deec-4f5c-9eb0-8ba8102f9f8e req-aa2c2abe-deec-4f5c-9eb0-8ba8102f9f8e ] Request (SecurityGroupRulesNegativeTestJSON:test_create_security_group_rule_with_invalid_ip_protocol): 200 POST http://10.180.1.21/compute/v2.1/os-security-groups 2.283s
2025-11-20 16:07:39.060 65956 INFO tempest.lib.common.rest_client [req-76cef1b2-1c93-44bd-b5b1-bc8170648f55 req-76cef1b2-1c93-44bd-b5b1-bc8170648f55 ] Request (ServerMetadataNegativeTestJSON:test_server_create_metadata_key_too_long): 400 POST http://10.180.1.21/compute/v2.1/servers 1.820s
2025-11-20 16:07:39.062 65916 INFO tempest.lib.common.rest_client [req-ce15b411-1842-4eab-bf56-258b5a4a7c07 req-ce15b411-1842-4eab-bf56-258b5a4a7c07 ] Request (FloatingIPsNegativeTestJSON:test_delete_nonexistent_floating_ip): 404 DELETE http://10.180.1.21/compute/v2.1/os-floating-ips/7071952d-2169-494f-89e9-93a2bf0cb679 1.899s
2025-11-20 16:07:39.112 65926 INFO tempest.lib.common.rest_client [req-737d3657-51f8-4fa9-b8fc-3293941d9f05 req-737d3657-51f8-4fa9-b8fc-3293941d9f05 ] Request (HostsAdminNegativeTestJSON:setUpClass): 200 GET http://10.180.1.21/compute/v2.1/os-hosts 1.444s
2025-11-20 16:07:39.169 65956 INFO tempest.lib.common.rest_client [req-58a5c1a2-a079-4211-a60b-c6dac1ac1a7b req-58a5c1a2-a079-4211-a60b-c6dac1ac1a7b ] Request (ServerMetadataNegativeTestJSON:test_server_create_metadata_key_too_long): 201 POST http://10.180.1.21/identity/v3/auth/tokens 0.106s
2025-11-20 16:07:39.170 65956 INFO tempest.lib.common.fixed_network [-] (ServerMetadataNegativeTestJSON:test_server_create_metadata_key_too_long) Found network {'id': '225edd2d-a9e3-452d-93be-399173ade465', 'name': 'tempest-ServerMetadataNegativeTestJSON-2015979532-network', 'tenant_id': '36901db1f0e6477ea79e97859853129c', 'project_id': '36901db1f0e6477ea79e97859853129c', 'admin_state_up': True, 'mtu': 8950, 'status': 'ACTIVE', 'subnets': [], 'shared': False, 'port_security_enabled': True, 'router:external': False, 'provider:network_type': 'vlan', 'provider:physical_network': 'default', 'provider:segmentation_id': 26, 'availability_zone_hints': [], 'availability_zones': [], 'ipv4_address_scope': None, 'ipv6_address_scope': None, 'description': '', 'tags': [], 'created_at': '2025-11-20T16:06:43Z', 'updated_at': '2025-11-20T16:06:43Z', 'revision_number': 1} available for tenant
2025-11-20 16:07:39.250 65972 INFO tempest.lib.common.rest_client [req-a411d698-317f-4336-963b-219f44a39e2a req-a411d698-317f-4336-963b-219f44a39e2a ] Request (AttachInterfacesTestJSON:test_create_list_show_delete_interfaces_by_fixed_ip): 200 GET http://10.180.1.21/compute/v2.1/servers/e1387285-1d7e-44e9-b31d-ee6375d6d699 1.871s
2025-11-20 16:07:39.258 65972 INFO tempest.lib.common.ssh [-] Creating ssh connection to '10.180.180.130:22' as 'cirros' with public key authentication
2025-11-20 16:07:39.266 65972 WARNING tempest.lib.common.ssh [-] Failed to establish authenticated ssh connection to cirros@10.180.180.130 ([Errno None] Unable to connect to port 22 on 10.180.180.130). Number attempts: 1. Retry after 2 seconds.: paramiko.ssh_exception.NoValidConnectionsError: [Errno None] Unable to connect to port 22 on 10.180.180.130
2025-11-20 16:07:39.311 65958 INFO tempest.lib.common.rest_client [req-5e001e7f-cd2b-4743-9666-f448528725c3 req-5e001e7f-cd2b-4743-9666-f448528725c3 ] Request (ServerActionsTestJSON:setUpClass): 200 GET http://10.180.1.21/compute/v2.1/servers/5623116c-d594-4225-bb3c-c54eccb53281 1.588s
2025-11-20 16:07:39.405 65960 INFO tempest.lib.common.rest_client [req-c16488c0-c706-4e6e-a233-4fc90b77535e req-c16488c0-c706-4e6e-a233-4fc90b77535e ] Request (ImagesTestJSON:test_create_image_from_suspended_server): 202 POST http://10.180.1.21/compute/v2.1/servers/31c69491-514a-4f5f-8a51-aacb970038a7/action 1.674s
2025-11-20 16:07:39.484 65966 INFO tempest.lib.common.rest_client [req-cdaa29d9-4cdb-4c79-b6a1-9f2820e9d311 req-cdaa29d9-4cdb-4c79-b6a1-9f2820e9d311 ] Request (ServersAdminNegativeTestJSON:setUpClass): 200 GET http://10.180.1.21/compute/v2.1/servers/52b53056-514a-40a0-abb0-9b871b342aff 1.719s
2025-11-20 16:07:39.494 65948 INFO tempest.lib.common.rest_client [req-33cf9f63-029f-4498-a5c4-a658988f120d req-33cf9f63-029f-4498-a5c4-a658988f120d ] Request (AggregatesAdminNegativeTestJSON:test_aggregate_get_details_with_invalid_id): 404 GET http://10.180.1.21/compute/v2.1/os-aggregates/-1 1.593s
2025-11-20 16:07:39.499 65946 INFO tempest.lib.common.rest_client [req-fc904dd3-9afd-415c-bb49-5f05d5e327f2 req-fc904dd3-9afd-415c-bb49-5f05d5e327f2 ] Request (ServerActionsTestOtherA:test_rebuild_server_in_stop_state): 202 POST http://10.180.1.21/compute/v2.1/servers 1.829s
2025-11-20 16:07:39.500 65954 WARNING tempest.lib.common.ssh [-] Failed to establish authenticated ssh connection to cirros@10.180.180.149 ([Errno None] Unable to connect to port 22 on 10.180.180.149). Number attempts: 4. Retry after 5 seconds.: paramiko.ssh_exception.NoValidConnectionsError: [Errno None] Unable to connect to port 22 on 10.180.180.149
2025-11-20 16:07:39.514 65962 INFO tempest.lib.common.rest_client [req-75b90dba-e5bb-4dd1-8d77-87cad7f7543d req-75b90dba-e5bb-4dd1-8d77-87cad7f7543d ] Request (FlavorsAdminTestJSON:_run_cleanups): 202 DELETE http://10.180.1.21/compute/v2.1/flavors/1479987087 1.596s
2025-11-20 16:07:39.750 65924 INFO tempest.lib.common.rest_client [req-da5313c4-19fa-4046-946b-d191b5844a0b req-da5313c4-19fa-4046-946b-d191b5844a0b ] Request (ListServersNegativeTestJSON:setUpClass): 200 GET http://10.180.1.21/compute/v2.1/servers/15e27fb7-8046-4368-b3a4-86a556001b6d 1.686s
2025-11-20 16:07:39.869 65934 INFO tempest.lib.common.rest_client [req-646af135-9682-43b4-b3e9-91492f900be5 req-646af135-9682-43b4-b3e9-91492f900be5 ] Request (ServersAdmin275Test:_run_cleanups): 200 GET http://10.180.1.21/compute/v2.1/servers/d5c4e241-14b4-4e3d-a677-708c57459331 1.531s
2025-11-20 16:07:39.900 65916 INFO tempest.lib.common.rest_client [req-d2a18511-f137-4e8c-a481-4b5dc09de50d req-d2a18511-f137-4e8c-a481-4b5dc09de50d ] Request (FloatingIPsNegativeTestJSON:tearDownClass): 200 PUT http://10.180.1.21/networking/v2.0/routers/0171e187-1380-4514-96bf-5bd7412f5a4e/remove_router_interface 0.835s
2025-11-20 16:07:40.052 65930 INFO tempest.lib.common.rest_client [req-53be4ead-1f2d-4f5a-af31-71c34d7bd950 req-53be4ead-1f2d-4f5a-af31-71c34d7bd950 ] Request (FloatingIPsAssociationNegativeTestJSON:setUpClass): 200 GET http://10.180.1.21/compute/v2.1/servers/3b2967f5-2902-4c1a-9af2-21aa4619281d 1.622s
2025-11-20 16:07:40.053 65952 INFO tempest.lib.common.rest_client [req-ff309732-ff31-4e4d-b06f-c1bc8e66e43e req-ff309732-ff31-4e4d-b06f-c1bc8e66e43e ] Request (SecurityGroupsTestJSON:test_list_security_groups_by_server): 202 POST http://10.180.1.21/compute/v2.1/servers 2.112s
2025-11-20 16:07:40.226 65928 INFO tempest.lib.common.rest_client [req-327f5c9e-8325-4c2a-8396-c84ba92da1c3 req-327f5c9e-8325-4c2a-8396-c84ba92da1c3 ] Request (SecurityGroupRulesTestJSON:test_security_group_rules_delete_when_peer_group_deleted): 200 POST http://10.180.1.21/compute/v2.1/os-security-groups 1.656s
2025-11-20 16:07:40.271 65944 INFO tempest.lib.common.rest_client [req-08047078-a8f9-481e-b142-a116f87e1bb7 req-08047078-a8f9-481e-b142-a116f87e1bb7 ] Request (QuotasTestJSON:test_get_default_quotas): 200 GET http://10.180.1.21/compute/v2.1/os-quota-sets/5cb49a2188184cde85c4b4e4f3bffedd/defaults 1.607s
2025-11-20 16:07:40.298 65974 INFO tempest.lib.common.rest_client [req-4f84bf38-d79f-4c14-b054-b54e54aeeb38 req-4f84bf38-d79f-4c14-b054-b54e54aeeb38 ] Request (DeleteServersAdminTestJSON:tearDownClass): 404 DELETE http://10.180.1.21/compute/v2.1/servers/d112df1a-2e4b-428b-a00b-342453356e5a 1.611s
2025-11-20 16:07:40.395 65936 INFO tempest.lib.common.rest_client [req-b56e3d58-45e3-4bf8-a197-4d37c8a4ee16 req-b56e3d58-45e3-4bf8-a197-4d37c8a4ee16 ] Request (ServerAddressesTestJSON:setUpClass): 200 GET http://10.180.1.21/compute/v2.1/servers/7a780dec-124b-4653-ae16-b955ec506eb4 1.665s
2025-11-20 16:07:40.477 65916 INFO tempest.lib.common.rest_client [req-22852bff-1fb1-421f-8875-7f18c9f8588a req-22852bff-1fb1-421f-8875-7f18c9f8588a ] Request (FloatingIPsNegativeTestJSON:tearDownClass): 204 DELETE http://10.180.1.21/networking/v2.0/routers/0171e187-1380-4514-96bf-5bd7412f5a4e 0.576s
2025-11-20 16:07:40.511 65950 INFO tempest.lib.common.rest_client [req-b011183e-81d8-42f1-a16f-b28650b0a70f req-b011183e-81d8-42f1-a16f-b28650b0a70f ] Request (MultipleCreateTestJSON:test_multiple_create): 200 GET http://10.180.1.21/compute/v2.1/servers/a1045782-8b29-4b2e-bade-779bfe0ca935 1.731s
2025-11-20 16:07:40.525 65938 INFO tempest.lib.common.rest_client [req-2e0bcd9a-31e7-41b4-b2ed-d3fb6d1e7af2 req-2e0bcd9a-31e7-41b4-b2ed-d3fb6d1e7af2 ] Request (KeyPairsV210TestJSON:test_admin_manage_keypairs_for_other_users): 200 GET http://10.180.1.21/compute/v2.1/os-keypairs?user_id=aabd6ad911dc4c74b31bf8644a4a5c17 1.575s
2025-11-20 16:07:40.602 65922 INFO tempest.lib.common.rest_client [req-ec323381-1f5a-4004-aa53-24ed06ea75a2 req-ec323381-1f5a-4004-aa53-24ed06ea75a2 ] Request (FloatingIPsAssociationTestJSON:test_associate_already_associated_floating_ip): 202 POST http://10.180.1.21/compute/v2.1/servers 2.150s
2025-11-20 16:07:40.636 65970 INFO tempest.lib.common.rest_client [req-61ba43f7-bed0-4ae9-a1e4-cba2a1bcd034 req-61ba43f7-bed0-4ae9-a1e4-cba2a1bcd034 ] Request (ServerTagsTestJSON:test_update_all_tags): 200 PUT http://10.180.1.21/compute/v2.1/servers/6053335b-514e-462c-88e7-c95c37cbdcd7/tags 1.683s
2025-11-20 16:07:40.673 65916 INFO tempest.lib.common.rest_client [req-45b3ac87-fa25-4c40-a3b3-72885ecf0d1f req-45b3ac87-fa25-4c40-a3b3-72885ecf0d1f ] Request (FloatingIPsNegativeTestJSON:tearDownClass): 204 DELETE http://10.180.1.21/networking/v2.0/subnets/0ab2bee5-6d71-4568-bcfe-0c96980e831b 0.194s
2025-11-20 16:07:40.693 65940 INFO tempest.lib.common.rest_client [req-6dffbba7-2b12-443d-85ef-ca44d19091b7 req-6dffbba7-2b12-443d-85ef-ca44d19091b7 ] Request (SecurityGroupRulesNegativeTestJSON:test_create_security_group_rule_with_invalid_ip_protocol): 400 POST http://10.180.1.21/compute/v2.1/os-security-group-rules 1.635s
2025-11-20 16:07:40.703 65918 INFO tempest.lib.common.rest_client [req-078c1e53-d219-49ef-8d03-c315811714a6 req-078c1e53-d219-49ef-8d03-c315811714a6 ] Request (ListServerFiltersTestJSON:test_list_servers_filter_by_shutoff_status): 202 POST http://10.180.1.21/compute/v2.1/servers/e326e9aa-3fdb-4ad5-8c7a-e49de02c4878/action 1.663s
2025-11-20 16:07:40.709 65956 INFO tempest.lib.common.rest_client [req-5c9c9d0c-1b46-447c-b916-71ec93bba982 req-5c9c9d0c-1b46-447c-b916-71ec93bba982 ] Request (ServerMetadataNegativeTestJSON:test_server_create_metadata_key_too_long): 400 POST http://10.180.1.21/compute/v2.1/servers 1.539s
2025-11-20 16:07:40.787 65956 INFO tempest.lib.common.rest_client [req-7105237e-627a-44cb-a239-f3d9c94e0be4 req-7105237e-627a-44cb-a239-f3d9c94e0be4 ] Request (ServerMetadataNegativeTestJSON:test_server_create_metadata_key_too_long): 201 POST http://10.180.1.21/identity/v3/auth/tokens 0.074s
