2025-11-20 16:06:51.051 65920 INFO tempest.lib.common.dynamic_creds [-] Acquired dynamic creds: credentials: Credentials: {'domain_id': 'default', 'domain_name': 'Default', 'username': 'tempest-MigrationsAdminTest-418950081-project-member', 'project_domain_id': 'default', 'project_domain_name': 'Default', 'project_id': '2a1bffced654415bb080d3841c7da8c0', 'project_name': 'tempest-MigrationsAdminTest-418950081', 'tenant_id': '2a1bffced654415bb080d3841c7da8c0', 'tenant_name': 'tempest-MigrationsAdminTest-418950081', 'user_domain_id': 'default', 'user_domain_name': 'Default', 'user_id': 'e109ed470e62407697d851036091c949', 'system': None}, Network: None, Subnet: None, Router: None
2025-11-20 16:06:51.051 65920 INFO tempest.lib.common.dynamic_creds [-] Created isolated network resources for: credentials: Credentials: {'domain_id': 'default', 'domain_name': 'Default', 'username': 'tempest-MigrationsAdminTest-418950081-project-member', 'project_domain_id': 'default', 'project_domain_name': 'Default', 'project_id': '2a1bffced654415bb080d3841c7da8c0', 'project_name': 'tempest-MigrationsAdminTest-418950081', 'tenant_id': '2a1bffced654415bb080d3841c7da8c0', 'tenant_name': 'tempest-MigrationsAdminTest-418950081', 'user_domain_id': 'default', 'user_domain_name': 'Default', 'user_id': 'e109ed470e62407697d851036091c949', 'system': None}, Network: None, Subnet: None, Router: None
2025-11-20 16:06:51.124 65928 INFO tempest.lib.common.rest_client [req-50d923ec-ef78-4653-b937-e10e1c8ceb5d req-50d923ec-ef78-4653-b937-e10e1c8ceb5d ] Request (HypervisorAdminV228Test:test_get_list_hypervisor_details): 200 GET http://10.180.1.21/compute/v2.1/os-hypervisors 5.403s
2025-11-20 16:06:51.153 65920 INFO tempest.lib.common.rest_client [req-fe877150-76cf-48ca-a05b-58ec30097291 req-fe877150-76cf-48ca-a05b-58ec30097291 ] Request (MigrationsAdminTest:setUpClass): 201 POST http://10.180.1.21/identity/v3/auth/tokens 0.097s
2025-11-20 16:06:51.237 65920 INFO tempest.lib.common.rest_client [req-304db74f-48f9-4e98-b6c7-e041eed367de req-304db74f-48f9-4e98-b6c7-e041eed367de ] Request (MigrationsAdminTest:setUpClass): 201 POST http://10.180.1.21/identity/v3/projects 0.084s
2025-11-20 16:06:51.241 65972 INFO tempest.lib.common.rest_client [req-5fb1e748-0934-4958-b449-7b6fc1096a47 req-5fb1e748-0934-4958-b449-7b6fc1096a47 ] Request (AttachInterfacesTestJSON:setUpClass): 200 PUT http://10.180.1.21/networking/v2.0/routers/393dc629-9c42-42b3-8bb9-4a45016ac3d8/add_router_interface 1.092s
2025-11-20 16:06:51.241 65972 INFO tempest.lib.common.dynamic_creds [-] Created isolated network resources for: credentials: Credentials: {'domain_id': 'default', 'domain_name': 'Default', 'username': 'tempest-AttachInterfacesTestJSON-1030263107-project-member', 'project_domain_id': 'default', 'project_domain_name': 'Default', 'project_id': 'e58497ad27ad405ba77edd30a4823053', 'project_name': 'tempest-AttachInterfacesTestJSON-1030263107', 'tenant_id': 'e58497ad27ad405ba77edd30a4823053', 'tenant_name': 'tempest-AttachInterfacesTestJSON-1030263107', 'user_domain_id': 'default', 'user_domain_name': 'Default', 'user_id': 'a889a4b7478b4ebaae6fbc1d74c9ab56', 'system': None}, Network: {'id': '757eeae8-eae9-45f9-9326-f750f6d086bb', 'name': 'tempest-AttachInterfacesTestJSON-463195643-network', 'tenant_id': 'e58497ad27ad405ba77edd30a4823053', 'project_id': 'e58497ad27ad405ba77edd30a4823053', 'admin_state_up': True, 'mtu': 8950, 'status': 'ACTIVE', 'subnets': [], 'shared': False, 'port_security_enabled': True, 'router:external': False, 'provider:network_type': 'vlan', 'provider:physical_network': 'default', 'provider:segmentation_id': 706, 'availability_zone_hints': [], 'availability_zones': [], 'ipv4_address_scope': None, 'ipv6_address_scope': None, 'description': '', 'tags': [], 'created_at': '2025-11-20T16:06:48Z', 'updated_at': '2025-11-20T16:06:48Z', 'revision_number': 1}, Subnet: {'id': '7bb0c226-d6f0-439e-83ce-85ba318081bb', 'name': 'tempest-AttachInterfacesTestJSON-463195643-subnet', 'tenant_id': 'e58497ad27ad405ba77edd30a4823053', 'network_id': '757eeae8-eae9-45f9-9326-f750f6d086bb', 'ip_version': 4, 'subnetpool_id': None, 'enable_dhcp': True, 'ipv6_ra_mode': None, 'ipv6_address_mode': None, 'gateway_ip': '192.168.128.1', 'cidr': '192.168.128.0/28', 'allocation_pools': [{'start': '192.168.128.2', 'end': '192.168.128.14'}], 'host_routes': [], 'dns_nameservers': [], 'description': '', 'router:external': False, 'service_types': [], 'tags': [], 'created_at': '2025-11-20T16:06:49Z', 'updated_at': '2025-11-20T16:06:49Z', 'revision_number': 0, 'project_id': 'e58497ad27ad405ba77edd30a4823053'}, Router: {'id': '393dc629-9c42-42b3-8bb9-4a45016ac3d8', 'name': 'tempest-AttachInterfacesTestJSON-463195643-router', 'tenant_id': 'e58497ad27ad405ba77edd30a4823053', 'admin_state_up': True, 'status': 'ACTIVE', 'external_gateway_info': {'network_id': '7808e2ec-3012-4a1a-95dc-b52c41ef22d8', 'external_fixed_ips': [{'subnet_id': '86d2a65d-a96d-405b-aa0d-ae35d2623d3d', 'ip_address': '10.180.180.190'}], 'enable_snat': True}, 'description': '', 'availability_zones': [], 'distributed': False, 'ha': False, 'availability_zone_hints': [], 'routes': [], 'flavor_id': None, 'tags': [], 'created_at': '2025-11-20T16:06:49Z', 'updated_at': '2025-11-20T16:06:49Z', 'revision_number': 2, 'project_id': 'e58497ad27ad405ba77edd30a4823053'}
2025-11-20 16:06:51.272 65950 INFO tempest.lib.common.rest_client [req-ef4b7c66-4c71-42a8-aeed-855f81323364 req-ef4b7c66-4c71-42a8-aeed-855f81323364 ] Request (ImagesNegativeTestJSON:test_create_image_from_deleted_server): 200 GET http://10.180.1.21/compute/v2.1/servers/d4cdd6d4-4e1e-4455-83f5-62a00ee90f1f 5.482s
2025-11-20 16:06:51.285 65950 INFO tempest.common.waiters [-] State transition "ACTIVE/deleting" ==> "DELETED/None" after 7 second wait
2025-11-20 16:06:51.319 65920 INFO tempest.lib.common.rest_client [req-03936eef-ea95-4f22-9428-d8dbd2ff7ba9 req-03936eef-ea95-4f22-9428-d8dbd2ff7ba9 ] Request (MigrationsAdminTest:setUpClass): 201 POST http://10.180.1.21/identity/v3/users 0.082s
2025-11-20 16:06:51.325 65972 INFO tempest.lib.common.rest_client [req-20e12a6e-9d9b-4620-98c4-d805a2c39ce4 req-20e12a6e-9d9b-4620-98c4-d805a2c39ce4 ] Request (AttachInterfacesTestJSON:setUpClass): 201 POST http://10.180.1.21/identity/v3/auth/tokens 0.078s
2025-11-20 16:06:51.342 65920 INFO tempest.lib.common.rest_client [req-08e71a4c-174d-48a5-b79d-714096ab2e57 req-08e71a4c-174d-48a5-b79d-714096ab2e57 ] Request (MigrationsAdminTest:setUpClass): 200 GET http://10.180.1.21/identity/v3/roles 0.022s
2025-11-20 16:06:51.375 65920 INFO tempest.lib.common.rest_client [req-87548bac-ada8-4d97-b450-5b468fcc7967 req-87548bac-ada8-4d97-b450-5b468fcc7967 ] Request (MigrationsAdminTest:setUpClass): 204 PUT http://10.180.1.21/identity/v3/projects/d8ffb33d4d084a4bb2f5f4c8c84e2bdc/users/7892be8cfefa444098e978b7cb3e3b5e/roles/02bf511f7b96432e894ea79da40bb36e 0.032s
2025-11-20 16:06:51.411 65932 INFO tempest.lib.common.rest_client [req-52a2269b-2998-4a8c-937a-7b21cd460fe1 req-52a2269b-2998-4a8c-937a-7b21cd460fe1 ] Request (SecurityGroupsTestAdminJSON:_run_cleanups): 202 DELETE http://10.180.1.21/compute/v2.1/os-security-groups/a8149e04-f011-46d5-9eab-c9ed8ff35045 4.874s
2025-11-20 16:06:51.429 65920 INFO tempest.lib.common.rest_client [req-8698fc71-fab3-43e0-81eb-f870930cf88c req-8698fc71-fab3-43e0-81eb-f870930cf88c ] Request (MigrationsAdminTest:setUpClass): 200 GET http://10.180.1.21/identity/v3/roles 0.054s
2025-11-20 16:06:51.449 65922 INFO tempest.lib.common.rest_client [req-88b64094-5c9e-4816-b177-8daf651b4828 req-88b64094-5c9e-4816-b177-8daf651b4828 ] Request (FlavorsV2TestJSON:test_list_flavors_using_marker): 200 GET http://10.180.1.21/compute/v2.1/flavors?marker=42 4.863s
2025-11-20 16:06:51.459 65920 INFO tempest.lib.common.rest_client [req-10dcb041-70da-4b7f-97bf-3c7468230f47 req-10dcb041-70da-4b7f-97bf-3c7468230f47 ] Request (MigrationsAdminTest:setUpClass): 204 PUT http://10.180.1.21/identity/v3/projects/d8ffb33d4d084a4bb2f5f4c8c84e2bdc/users/7892be8cfefa444098e978b7cb3e3b5e/roles/02bf511f7b96432e894ea79da40bb36e 0.029s
2025-11-20 16:06:51.459 65920 INFO tempest.lib.common.dynamic_creds [-] Dynamic test user 7892be8cfefa444098e978b7cb3e3b5e is created with scope project and roles: ['admin']
2025-11-20 16:06:51.459 65920 INFO tempest.lib.common.dynamic_creds [-] Acquired dynamic creds: credentials: Credentials: {'domain_id': 'default', 'domain_name': 'Default', 'username': 'tempest-MigrationsAdminTest-131851068-project-admin', 'project_domain_id': 'default', 'project_domain_name': 'Default', 'project_id': 'd8ffb33d4d084a4bb2f5f4c8c84e2bdc', 'project_name': 'tempest-MigrationsAdminTest-131851068', 'tenant_id': 'd8ffb33d4d084a4bb2f5f4c8c84e2bdc', 'tenant_name': 'tempest-MigrationsAdminTest-131851068', 'user_domain_id': 'default', 'user_domain_name': 'Default', 'user_id': '7892be8cfefa444098e978b7cb3e3b5e', 'system': None}, Network: None, Subnet: None, Router: None
2025-11-20 16:06:51.459 65920 INFO tempest.lib.common.dynamic_creds [-] Created isolated network resources for: credentials: Credentials: {'domain_id': 'default', 'domain_name': 'Default', 'username': 'tempest-MigrationsAdminTest-131851068-project-admin', 'project_domain_id': 'default', 'project_domain_name': 'Default', 'project_id': 'd8ffb33d4d084a4bb2f5f4c8c84e2bdc', 'project_name': 'tempest-MigrationsAdminTest-131851068', 'tenant_id': 'd8ffb33d4d084a4bb2f5f4c8c84e2bdc', 'tenant_name': 'tempest-MigrationsAdminTest-131851068', 'user_domain_id': 'default', 'user_domain_name': 'Default', 'user_id': '7892be8cfefa444098e978b7cb3e3b5e', 'system': None}, Network: None, Subnet: None, Router: None
2025-11-20 16:06:51.462 65958 INFO tempest.lib.common.rest_client [req-fa07d3c3-5eeb-4e43-964e-7cbaee59d654 req-fa07d3c3-5eeb-4e43-964e-7cbaee59d654 ] Request (KeyPairsV22TestJSON:test_keypairsv22_create_list_show): 200 GET http://10.180.1.21/compute/v2.1/os-keypairs/tempest-keypair-1955026879 4.851s
2025-11-20 16:06:51.477 65962 INFO tempest.lib.common.rest_client [req-fc2c9c47-e349-439b-811a-907b6ff98ae2 req-fc2c9c47-e349-439b-811a-907b6ff98ae2 ] Request (FlavorsAdminTestJSON:_run_cleanups): 202 DELETE http://10.180.1.21/compute/v2.1/flavors/f4044d82-6560-4d59-8f2b-0ce276ba57b5 4.857s
2025-11-20 16:06:51.489 65948 INFO tempest.lib.common.rest_client [req-770d2153-ae27-48e4-90c1-e94ca30a9a37 req-770d2153-ae27-48e4-90c1-e94ca30a9a37 ] Request (AggregatesAdminNegativeTestJSON:test_aggregate_create_aggregate_name_length_less_than_1): 400 POST http://10.180.1.21/compute/v2.1/os-aggregates 4.851s
2025-11-20 16:06:51.494 65968 INFO tempest.lib.common.rest_client [-] Request (TestVersions:test_list_api_versions): 200 GET http://10.180.1.21/compute/ 4.851s
2025-11-20 16:06:51.541 65924 INFO tempest.lib.common.rest_client [req-dce69e72-3076-4ba2-8b2a-40a3495a571e req-dce69e72-3076-4ba2-8b2a-40a3495a571e ] Request (ImagesMetadataTestJSON:test_set_image_metadata_item): 200 GET http://10.180.1.21/compute/v2.1/images/5efcce00-5821-4d15-aa7a-409b394840a9/metadata 4.676s
2025-11-20 16:06:51.566 65926 INFO tempest.lib.common.rest_client [req-f1fa6ba1-f65c-4769-9b2d-6d5736a33e16 req-f1fa6ba1-f65c-4769-9b2d-6d5736a33e16 ] Request (FlavorsAccessNegativeTestJSON:_run_cleanups): 200 GET http://10.180.1.21/compute/v2.1/flavors/detail 4.681s
2025-11-20 16:06:51.572 65944 INFO tempest.lib.common.rest_client [req-2b5ed668-44d6-4a1d-bcea-e4f5c87577f9 req-2b5ed668-44d6-4a1d-bcea-e4f5c87577f9 ] Request (AttachInterfacesV270Test:test_create_get_list_interfaces): 400 POST http://10.180.1.21/compute/v2.1/servers/c4694a02-0db7-4266-9e12-75b5bb35794c/os-interface 6.504s
2025-11-20 16:06:51.583 65920 INFO tempest.lib.common.rest_client [req-e2ea158e-c40f-475d-a945-06eec24ad246 req-e2ea158e-c40f-475d-a945-06eec24ad246 ] Request (MigrationsAdminTest:setUpClass): 201 POST http://10.180.1.21/identity/v3/auth/tokens 0.121s
2025-11-20 16:06:51.620 65968 INFO tempest.lib.common.rest_client [req-b0e2e479-070f-4d99-bb85-a5212b29b415 req-b0e2e479-070f-4d99-bb85-a5212b29b415 ] Request (TestVersions:tearDownClass): 204 DELETE http://10.180.1.21/identity/v3/users/4f9ea21da8f9424f8ee312adf9de39a2 0.119s
2025-11-20 16:06:51.620 65968 INFO tempest.lib.common.dynamic_creds [-] Deleting project and security group for project: 4eaaf2d4d1cf4cae91981d3fe0d4a83e
2025-11-20 16:06:51.667 65920 INFO tempest.lib.common.rest_client [req-79729ba4-8571-445e-9c8f-d93b3589ba6f req-79729ba4-8571-445e-9c8f-d93b3589ba6f ] Request (MigrationsAdminTest:setUpClass): 200 GET http://10.180.1.21/identity/v3/projects/2a1bffced654415bb080d3841c7da8c0 0.083s
2025-11-20 16:06:51.667 65920 INFO tempest.lib.common.dynamic_creds [-] Using the existing project 2a1bffced654415bb080d3841c7da8c0 for scope project and roles: ['manager']
2025-11-20 16:06:51.696 65968 INFO tempest.lib.common.rest_client [req-d6c0ec10-edf9-4c09-b2a1-5bad6d0cc422 req-d6c0ec10-edf9-4c09-b2a1-5bad6d0cc422 ] Request (TestVersions:tearDownClass): 201 POST http://10.180.1.21/identity/v3/auth/tokens 0.076s
2025-11-20 16:06:51.720 65954 INFO tempest.lib.common.rest_client [req-34a82e75-884a-4b91-b215-ee143fc52361 req-34a82e75-884a-4b91-b215-ee143fc52361 ] Request (ServersWithSpecificFlavorTestJSON:test_verify_created_server_ephemeral_disk): 200 GET http://10.180.1.21/compute/v2.1/servers/3afa0d7e-db2f-4a83-8f5a-0d8677027d6e 4.153s
2025-11-20 16:06:51.724 65920 INFO tempest.lib.common.rest_client [req-554a1f83-32c7-44f6-bd6f-bdfe1dcf45e4 req-554a1f83-32c7-44f6-bd6f-bdfe1dcf45e4 ] Request (MigrationsAdminTest:setUpClass): 201 POST http://10.180.1.21/identity/v3/users 0.056s
2025-11-20 16:06:51.730 65954 INFO tempest.common.waiters [-] State transition "BUILD/None" ==> "BUILD/spawning" after 10 second wait
2025-11-20 16:06:51.776 65920 INFO tempest.lib.common.rest_client [req-7bddf260-81fd-4d07-ab32-470553e6bd58 req-7bddf260-81fd-4d07-ab32-470553e6bd58 ] Request (MigrationsAdminTest:setUpClass): 200 GET http://10.180.1.21/identity/v3/roles 0.052s
2025-11-20 16:06:51.821 65920 INFO tempest.lib.common.rest_client [req-ea536892-9666-4c14-8586-d2237251595c req-ea536892-9666-4c14-8586-d2237251595c ] Request (MigrationsAdminTest:setUpClass): 204 PUT http://10.180.1.21/identity/v3/projects/2a1bffced654415bb080d3841c7da8c0/users/cc5da2e1d06c4f0d830d0bff2379b3e1/roles/a55e60f521ed41f09ad0630f644467b3 0.044s
2025-11-20 16:06:51.821 65920 INFO tempest.lib.common.dynamic_creds [-] Dynamic test user cc5da2e1d06c4f0d830d0bff2379b3e1 is created with scope project and roles: ['manager']
2025-11-20 16:06:51.821 65920 INFO tempest.lib.common.dynamic_creds [-] Acquired dynamic creds: credentials: Credentials: {'domain_id': 'default', 'domain_name': 'Default', 'username': 'tempest-MigrationsAdminTest-418950081-project-manager', 'project_domain_id': 'default', 'project_domain_name': 'Default', 'project_id': '2a1bffced654415bb080d3841c7da8c0', 'project_name': 'tempest-MigrationsAdminTest-418950081', 'tenant_id': '2a1bffced654415bb080d3841c7da8c0', 'tenant_name': 'tempest-MigrationsAdminTest-418950081', 'user_domain_id': 'default', 'user_domain_name': 'Default', 'user_id': 'cc5da2e1d06c4f0d830d0bff2379b3e1', 'system': None}, Network: None, Subnet: None, Router: None
2025-11-20 16:06:51.821 65920 INFO tempest.lib.common.dynamic_creds [-] Network resources are not created for requested scope: project and credentials: Credentials: {'domain_id': 'default', 'domain_name': 'Default', 'username': 'tempest-MigrationsAdminTest-418950081-project-manager', 'project_domain_id': 'default', 'project_domain_name': 'Default', 'project_id': '2a1bffced654415bb080d3841c7da8c0', 'project_name': 'tempest-MigrationsAdminTest-418950081', 'tenant_id': '2a1bffced654415bb080d3841c7da8c0', 'tenant_name': 'tempest-MigrationsAdminTest-418950081', 'user_domain_id': 'default', 'user_domain_name': 'Default', 'user_id': 'cc5da2e1d06c4f0d830d0bff2379b3e1', 'system': None}, Network: None, Subnet: None, Router: None
2025-11-20 16:06:51.940 65968 INFO tempest.lib.common.rest_client [req-14eb5cbf-ec98-4abd-b7f0-952af6f046cd req-14eb5cbf-ec98-4abd-b7f0-952af6f046cd ] Request (TestVersions:tearDownClass): 200 GET http://10.180.1.21/networking/v2.0/security-groups?tenant_id=4eaaf2d4d1cf4cae91981d3fe0d4a83e&name=default 0.243s
2025-11-20 16:06:52.061 65920 INFO tempest.lib.common.rest_client [req-47a8d223-ee94-4bdb-968c-a7f0afd77a1c req-47a8d223-ee94-4bdb-968c-a7f0afd77a1c ] Request (MigrationsAdminTest:setUpClass): 201 POST http://10.180.1.21/identity/v3/auth/tokens 0.236s
2025-11-20 16:06:52.062 65920 INFO tempest.api.compute.admin.test_migrations [-] Using project manager for migrating servers, project manager user id: cc5da2e1d06c4f0d830d0bff2379b3e1
2025-11-20 16:06:52.235 65968 INFO tempest.lib.common.rest_client [req-975b2139-91e2-48a2-9cb1-f10afd72aecb req-975b2139-91e2-48a2-9cb1-f10afd72aecb ] Request (TestVersions:tearDownClass): 204 DELETE http://10.180.1.21/networking/v2.0/security-groups/867f0b4f-5548-441e-a7c5-fdfd06008e84 0.294s
2025-11-20 16:06:52.358 65968 INFO tempest.lib.common.rest_client [req-f7bbf44b-d0c8-4da6-b0e0-529645f3db0b req-f7bbf44b-d0c8-4da6-b0e0-529645f3db0b ] Request (TestVersions:tearDownClass): 204 DELETE http://10.180.1.21/identity/v3/projects/4eaaf2d4d1cf4cae91981d3fe0d4a83e 0.123s
2025-11-20 16:06:52.431 65968 INFO tempest.lib.common.rest_client [req-78074687-abac-4901-a141-35dc8451fa66 req-78074687-abac-4901-a141-35dc8451fa66 ] Request (VolumesNegativeTest:setUpClass): 201 POST http://10.180.1.21/identity/v3/auth/tokens 0.071s
2025-11-20 16:06:52.467 65968 INFO tempest.lib.common.rest_client [req-cd59ba06-7c67-4381-abbf-6b930c39156c req-cd59ba06-7c67-4381-abbf-6b930c39156c ] Request (VolumesNegativeTest:setUpClass): 201 POST http://10.180.1.21/identity/v3/auth/tokens 0.033s
2025-11-20 16:06:52.508 65968 INFO tempest.lib.common.rest_client [req-aca0ed1f-7685-43f1-bfba-b4b53b304921 req-aca0ed1f-7685-43f1-bfba-b4b53b304921 ] Request (VolumesNegativeTest:setUpClass): 200 GET http://10.180.1.21/identity/v3/domains?name=Default 0.036s
2025-11-20 16:06:52.541 65968 INFO tempest.lib.common.rest_client [req-3c5cff16-72ac-4388-99f3-43b41739794d req-3c5cff16-72ac-4388-99f3-43b41739794d ] Request (VolumesNegativeTest:setUpClass): 201 POST http://10.180.1.21/identity/v3/projects 0.032s
2025-11-20 16:06:52.615 65968 INFO tempest.lib.common.rest_client [req-345c70fa-0fdb-45b9-9797-3d18ad672e19 req-345c70fa-0fdb-45b9-9797-3d18ad672e19 ] Request (VolumesNegativeTest:setUpClass): 201 POST http://10.180.1.21/identity/v3/users 0.074s
2025-11-20 16:06:52.642 65968 INFO tempest.lib.common.rest_client [req-1bc5cc7d-a256-4377-ae71-2aba21c2c958 req-1bc5cc7d-a256-4377-ae71-2aba21c2c958 ] Request (VolumesNegativeTest:setUpClass): 200 GET http://10.180.1.21/identity/v3/roles 0.026s
2025-11-20 16:06:52.681 65968 INFO tempest.lib.common.rest_client [req-596c58ea-8721-4b58-8f94-e831c1dfca0d req-596c58ea-8721-4b58-8f94-e831c1dfca0d ] Request (VolumesNegativeTest:setUpClass): 204 PUT http://10.180.1.21/identity/v3/projects/c1e9f6ceb62841c78d22cdfed9018258/users/c34291599a7d4c58a343e5f3effa2f61/roles/e553200e9a924c8696304dfaf2472c3d 0.039s
2025-11-20 16:06:52.682 65968 INFO tempest.lib.common.dynamic_creds [-] Dynamic test user c34291599a7d4c58a343e5f3effa2f61 is created with scope project and roles: ['member']
2025-11-20 16:06:52.682 65968 INFO tempest.lib.common.dynamic_creds [-] Acquired dynamic creds: credentials: Credentials: {'domain_id': 'default', 'domain_name': 'Default', 'username': 'tempest-VolumesNegativeTest-1957769341-project-member', 'project_domain_id': 'default', 'project_domain_name': 'Default', 'project_id': 'c1e9f6ceb62841c78d22cdfed9018258', 'project_name': 'tempest-VolumesNegativeTest-1957769341', 'tenant_id': 'c1e9f6ceb62841c78d22cdfed9018258', 'tenant_name': 'tempest-VolumesNegativeTest-1957769341', 'user_domain_id': 'default', 'user_domain_name': 'Default', 'user_id': 'c34291599a7d4c58a343e5f3effa2f61', 'system': None}, Network: None, Subnet: None, Router: None
2025-11-20 16:06:52.682 65968 INFO tempest.lib.common.dynamic_creds [-] Created isolated network resources for: credentials: Credentials: {'domain_id': 'default', 'domain_name': 'Default', 'username': 'tempest-VolumesNegativeTest-1957769341-project-member', 'project_domain_id': 'default', 'project_domain_name': 'Default', 'project_id': 'c1e9f6ceb62841c78d22cdfed9018258', 'project_name': 'tempest-VolumesNegativeTest-1957769341', 'tenant_id': 'c1e9f6ceb62841c78d22cdfed9018258', 'tenant_name': 'tempest-VolumesNegativeTest-1957769341', 'user_domain_id': 'default', 'user_domain_name': 'Default', 'user_id': 'c34291599a7d4c58a343e5f3effa2f61', 'system': None}, Network: None, Subnet: None, Router: None
2025-11-20 16:06:52.758 65956 INFO tempest.lib.common.rest_client [req-5442c938-fb21-4923-8126-2502752705d6 req-5442c938-fb21-4923-8126-2502752705d6 ] Request (ServerMetadataNegativeTestJSON:setUpClass): 202 POST http://10.180.1.21/compute/v2.1/servers 5.824s
2025-11-20 16:06:52.778 65968 INFO tempest.lib.common.rest_client [req-e3b4fe57-bffe-43bd-b770-96d6b156c6ca req-e3b4fe57-bffe-43bd-b770-96d6b156c6ca ] Request (VolumesNegativeTest:setUpClass): 201 POST http://10.180.1.21/identity/v3/auth/tokens 0.092s
2025-11-20 16:06:52.834 65940 INFO tempest.lib.common.rest_client [req-9176faab-1cf0-41f7-ad14-860089069e93 req-9176faab-1cf0-41f7-ad14-860089069e93 ] Request (FloatingIPDetailsTestJSON:tearDownClass): 202 DELETE http://10.180.1.21/compute/v2.1/os-floating-ips/21a7b9f8-9be8-4190-ab97-5479efd2d4da 4.860s
2025-11-20 16:06:52.905 65976 WARNING tempest.lib.common.ssh [-] Failed to establish authenticated ssh connection to cirros@10.180.180.217 ([Errno None] Unable to connect to port 22 on 10.180.180.217). Number attempts: 2. Retry after 3 seconds.: paramiko.ssh_exception.NoValidConnectionsError: [Errno None] Unable to connect to port 22 on 10.180.180.217
2025-11-20 16:06:52.909 65970 INFO tempest.lib.common.rest_client [req-78f8439f-2b31-41fc-b5c9-d06d01232361 req-78f8439f-2b31-41fc-b5c9-d06d01232361 ] Request (ServerTagsTestJSON:test_create_delete_tag): 201 PUT http://10.180.1.21/compute/v2.1/servers/6053335b-514e-462c-88e7-c95c37cbdcd7/tags/tempest-tag-1038511923 4.763s
2025-11-20 16:06:52.989 65934 INFO tempest.lib.common.rest_client [req-11139f27-8fd0-4a99-8e6c-71f9f645a71c req-11139f27-8fd0-4a99-8e6c-71f9f645a71c ] Request (ServersAdmin275Test:test_rebuild_update_server_275): 202 POST http://10.180.1.21/compute/v2.1/servers 4.876s
2025-11-20 16:06:53.093 65938 INFO tempest.lib.common.rest_client [req-e7ddb179-e2f8-4f45-8901-231e7514e354 req-e7ddb179-e2f8-4f45-8901-231e7514e354 ] Request (FlavorsV255TestJSON:test_crud_flavor): 200 GET http://10.180.1.21/compute/v2.1/flavors/2005688592 4.649s
2025-11-20 16:06:53.182 65918 INFO tempest.lib.common.rest_client [req-35417a2c-2c37-4437-bc10-ef6a09ba857c req-35417a2c-2c37-4437-bc10-ef6a09ba857c ] Request (ListServerFiltersTestJSON:test_list_servers_detailed_filter_by_server_name): 200 GET http://10.180.1.21/compute/v2.1/servers/detail?name=tempest-ListServerFiltersTestJSON-instance-1602449217 4.911s
2025-11-20 16:06:53.208 65930 INFO tempest.lib.common.rest_client [req-f7d84a5c-7a01-4610-baf3-8dd055484d99 req-f7d84a5c-7a01-4610-baf3-8dd055484d99 ] Request (QuotasAdminTestJSON:test_update_all_quota_resources_for_tenant): 200 GET http://10.180.1.21/compute/v2.1/os-quota-sets/ef0168a8e8dd40b8847dc74388f671ac/defaults 4.307s
2025-11-20 16:06:53.304 65916 INFO tempest.lib.common.rest_client [req-a8446042-91cd-43f0-bfe4-fb495714cd65 req-a8446042-91cd-43f0-bfe4-fb495714cd65 ] Request (TenantUsagesTestJSON:test_get_usage_tenant): 200 GET http://10.180.1.21/compute/v2.1/os-simple-tenant-usage/acab95d8a6064a23b5b242f83b150aa2?start=2025-11-19T16%3A06%3A49.355721&end=2025-11-21T16%3A06%3A49.355721 3.948s
2025-11-20 16:06:53.331 65974 INFO tempest.lib.common.rest_client [req-f663189a-c803-4cb4-9ae4-83a43f694321 req-f663189a-c803-4cb4-9ae4-83a43f694321 ] Request (DeleteServersAdminTestJSON:test_delete_server_while_in_error_state): 200 GET http://10.180.1.21/compute/v2.1/servers/d112df1a-2e4b-428b-a00b-342453356e5a 4.200s
2025-11-20 16:06:53.338 65974 INFO tempest.common.waiters [-] State transition "BUILD/None" ==> "BUILD/spawning" after 5 second wait
2025-11-20 16:06:53.370 65960 INFO tempest.lib.common.rest_client [req-6ff071c1-33d7-4bb1-9924-2ac311409c4c req-6ff071c1-33d7-4bb1-9924-2ac311409c4c ] Request (ImagesTestJSON:test_create_image_from_stopped_server): 200 GET http://10.180.1.21/compute/v2.1/images/6c4406db-7ba2-4570-9bef-50380913de1f 3.840s
2025-11-20 16:06:53.393 65928 INFO tempest.lib.common.rest_client [req-414d19e5-9029-41d8-b192-10459adfc548 req-414d19e5-9029-41d8-b192-10459adfc548 ] Request (HypervisorAdminV228Test:test_get_list_hypervisor_details): 200 GET http://10.180.1.21/compute/v2.1/os-hypervisors/1 2.267s
2025-11-20 16:06:53.430 65952 INFO tempest.lib.common.rest_client [req-69ba7fc9-7d62-4294-ba98-588736e34c0b req-69ba7fc9-7d62-4294-ba98-588736e34c0b ] Request (VolumesAdminNegativeTest:test_update_attached_volume_with_nonexistent_volume_in_uri): 404 PUT http://10.180.1.21/compute/v2.1/servers/05efface-1f89-4b2b-b9cb-a50fb23a4048/os-volume_attachments/2010bcf7-af95-4c73-bd50-67badbfed73b 3.952s
2025-11-20 16:06:53.489 65952 INFO tempest.lib.common.rest_client [req-799c28cf-39d2-4fb1-a466-5cda46944f0d req-799c28cf-39d2-4fb1-a466-5cda46944f0d ] Request (VolumesAdminNegativeTest:tearDownClass): 202 DELETE http://10.180.1.21/volume/v3/volumes/79dafd1c-05c4-45d9-a6bb-8f53925a3f8e 0.057s
2025-11-20 16:06:53.499 65972 INFO tempest.lib.common.rest_client [req-98dd38ce-94b9-4747-ad86-1486162cd34a req-98dd38ce-94b9-4747-ad86-1486162cd34a ] Request (ValidationResourcesFixture:setUp): 200 POST http://10.180.1.21/compute/v2.1/os-keypairs 2.171s
2025-11-20 16:06:53.526 65952 INFO tempest.lib.common.rest_client [req-dad7f035-5ece-4755-9dce-dd1849eaab80 req-dad7f035-5ece-4755-9dce-dd1849eaab80 ] Request (VolumesAdminNegativeTest:tearDownClass): 200 GET http://10.180.1.21/volume/v3/volumes/79dafd1c-05c4-45d9-a6bb-8f53925a3f8e 0.037s
2025-11-20 16:06:53.571 65928 INFO tempest.lib.common.rest_client [req-429f0736-2657-49ad-a47e-cd689d8814d5 req-429f0736-2657-49ad-a47e-cd689d8814d5 ] Request (HypervisorAdminV228Test:tearDownClass): 204 DELETE http://10.180.1.21/identity/v3/users/0442a73af4ba429e956fca33ca0af03b 0.171s
2025-11-20 16:06:53.640 65972 INFO tempest.lib.common.rest_client [req-53cc4364-180a-45d7-9d3f-e021f8f16818 req-53cc4364-180a-45d7-9d3f-e021f8f16818 ] Request (ValidationResourcesFixture:setUp): 201 POST http://10.180.1.21/networking/v2.0/security-groups 0.138s
2025-11-20 16:06:53.679 65932 INFO tempest.lib.common.rest_client [req-cff363b3-45ed-4506-92b1-8d71445491b3 req-cff363b3-45ed-4506-92b1-8d71445491b3 ] Request (SecurityGroupsTestAdminJSON:_run_cleanups): 202 DELETE http://10.180.1.21/compute/v2.1/os-security-groups/374731e4-9ff6-4314-8a19-2ce2cca189ea 2.268s
2025-11-20 16:06:53.748 65928 INFO tempest.lib.common.rest_client [req-65747a52-2a8c-4057-abc7-76ff581b5684 req-65747a52-2a8c-4057-abc7-76ff581b5684 ] Request (HypervisorAdminV228Test:tearDownClass): 204 DELETE http://10.180.1.21/identity/v3/users/a95b285afb5a45d2a6ed16f273bef976 0.177s
2025-11-20 16:06:53.749 65928 INFO tempest.lib.common.dynamic_creds [-] Deleting project and security group for project: dd47900cc3d642c0b610574207fc35ea
2025-11-20 16:06:53.806 65972 INFO tempest.lib.common.rest_client [req-1ad783f3-19d9-45fd-9ea9-0ba7ef211eab req-1ad783f3-19d9-45fd-9ea9-0ba7ef211eab ] Request (ValidationResourcesFixture:setUp): 201 POST http://10.180.1.21/networking/v2.0/security-group-rules 0.165s
2025-11-20 16:06:53.848 65928 INFO tempest.lib.common.rest_client [req-b3b331b8-486a-42a2-9f09-983704f9861e req-b3b331b8-486a-42a2-9f09-983704f9861e ] Request (HypervisorAdminV228Test:tearDownClass): 201 POST http://10.180.1.21/identity/v3/auth/tokens 0.099s
2025-11-20 16:06:53.886 65946 INFO tempest.lib.common.rest_client [req-8d93018a-e05d-467b-b5ce-9db6803c5215 req-8d93018a-e05d-467b-b5ce-9db6803c5215 ] Request (ServerActionsTestOtherA:setUpClass): 200 GET http://10.180.1.21/compute/v2.1/servers/abc874c9-9036-4343-89da-a3f2f06f31bd 2.515s
2025-11-20 16:06:53.899 65958 INFO tempest.lib.common.rest_client [req-676d580d-df9c-4727-a21e-4fd92fa67201 req-676d580d-df9c-4727-a21e-4fd92fa67201 ] Request (KeyPairsV22TestJSON:test_keypairsv22_create_list_show): 200 GET http://10.180.1.21/compute/v2.1/os-keypairs 2.432s
2025-11-20 16:06:53.902 65972 INFO tempest.lib.common.rest_client [req-d1024268-f840-4915-8ef7-663e406f494d req-d1024268-f840-4915-8ef7-663e406f494d ] Request (ValidationResourcesFixture:setUp): 201 POST http://10.180.1.21/networking/v2.0/security-group-rules 0.095s
2025-11-20 16:06:53.923 65922 INFO tempest.lib.common.rest_client [req-4120cc0e-9834-45df-8721-9f15c59f8ca4 req-4120cc0e-9834-45df-8721-9f15c59f8ca4 ] Request (FlavorsV2TestJSON:test_list_flavors_with_detail): 200 GET http://10.180.1.21/compute/v2.1/flavors/detail 2.470s
2025-11-20 16:06:53.934 65962 INFO tempest.lib.common.rest_client [req-e85a0e4d-b6c8-4528-a31d-8827d4ae82c6 req-e85a0e4d-b6c8-4528-a31d-8827d4ae82c6 ] Request (FlavorsAdminTestJSON:_run_cleanups): 200 GET http://10.180.1.21/compute/v2.1/flavors/detail 2.456s
2025-11-20 16:06:53.940 65948 INFO tempest.lib.common.rest_client [req-1eb6298e-d620-4b5e-8876-b7b3cf7e900b req-1eb6298e-d620-4b5e-8876-b7b3cf7e900b ] Request (AggregatesAdminNegativeTestJSON:test_aggregate_create_as_user): 403 POST http://10.180.1.21/compute/v2.1/os-aggregates 2.450s
2025-11-20 16:06:53.965 65926 INFO tempest.lib.common.rest_client [req-5c23c57e-a830-4bed-b9e2-d614541704a5 req-5c23c57e-a830-4bed-b9e2-d614541704a5 ] Request (FlavorsAccessNegativeTestJSON:test_flavor_non_admin_remove): 200 POST http://10.180.1.21/compute/v2.1/flavors 2.392s
2025-11-20 16:06:54.123 65944 INFO tempest.lib.common.rest_client [req-dd325e58-09ff-4850-b739-39e86b282fe6 req-dd325e58-09ff-4850-b739-39e86b282fe6 ] Request (AttachInterfacesV270Test:tearDownClass): 204 DELETE http://10.180.1.21/compute/v2.1/servers/c4694a02-0db7-4266-9e12-75b5bb35794c 2.549s
2025-11-20 16:06:54.205 65928 INFO tempest.lib.common.rest_client [req-11d61854-297b-40d1-8565-6c53c0ebce49 req-11d61854-297b-40d1-8565-6c53c0ebce49 ] Request (HypervisorAdminV228Test:tearDownClass): 200 GET http://10.180.1.21/networking/v2.0/security-groups?tenant_id=dd47900cc3d642c0b610574207fc35ea&name=default 0.356s
2025-11-20 16:06:54.211 65924 INFO tempest.lib.common.rest_client [req-3ac83110-4aa1-47f4-9d96-e65ba6cf0bb1 req-3ac83110-4aa1-47f4-9d96-e65ba6cf0bb1 ] Request (ImagesMetadataTestJSON:setUp): 200 PUT http://10.180.1.21/compute/v2.1/images/5efcce00-5821-4d15-aa7a-409b394840a9/metadata 2.667s
2025-11-20 16:06:54.295 65942 INFO tempest.lib.common.rest_client [req-76a33e05-5eb0-4d1f-8e1e-bc031911d590 req-76a33e05-5eb0-4d1f-8e1e-bc031911d590 ] Request (ServerDiagnosticsNegativeTest:test_get_server_diagnostics_by_non_admin): 200 GET http://10.180.1.21/compute/v2.1/servers/3ac8e465-d444-4fbc-84a3-31c24d5aaeba 2.326s
2025-11-20 16:06:54.302 65942 INFO tempest.common.waiters [-] State transition "BUILD/None" ==> "BUILD/networking" after 4 second wait
2025-11-20 16:06:54.319 65950 INFO tempest.lib.common.rest_client [req-57f98163-72be-4511-9c72-4291de7a6baa req-57f98163-72be-4511-9c72-4291de7a6baa ] Request (ImagesNegativeTestJSON:test_create_image_from_deleted_server): 404 GET http://10.180.1.21/compute/v2.1/servers/d4cdd6d4-4e1e-4455-83f5-62a00ee90f1f 2.033s
2025-11-20 16:06:54.380 65920 INFO tempest.lib.common.rest_client [req-04da074b-a9e1-4320-adcf-69d424812371 req-04da074b-a9e1-4320-adcf-69d424812371 ] Request (MigrationsAdminTest:test_list_migrations): 200 GET http://10.180.1.21/compute/v2.1/os-migrations 2.316s
2025-11-20 16:06:54.406 65928 INFO tempest.lib.common.rest_client [req-e6773b14-3b1b-4a85-a657-ac74bf7a2371 req-e6773b14-3b1b-4a85-a657-ac74bf7a2371 ] Request (HypervisorAdminV228Test:tearDownClass): 204 DELETE http://10.180.1.21/networking/v2.0/security-groups/0344184f-c10a-444c-b374-186c7e97fa10 0.200s
2025-11-20 16:06:54.467 65920 INFO tempest.lib.common.rest_client [req-e69e59b4-d8aa-4b95-ba2c-36b2becf9dbc req-e69e59b4-d8aa-4b95-ba2c-36b2becf9dbc ] Request (MigrationsAdminTest:test_list_migrations_in_flavor_resize_situation): 201 POST http://10.180.1.21/identity/v3/auth/tokens 0.080s
2025-11-20 16:06:54.468 65920 INFO tempest.lib.common.fixed_network [-] (MigrationsAdminTest:test_list_migrations_in_flavor_resize_situation) Found network None available for tenant
2025-11-20 16:06:54.497 65928 INFO tempest.lib.common.rest_client [req-44d1f925-70ff-44db-a5c5-ccffdea7dfd0 req-44d1f925-70ff-44db-a5c5-ccffdea7dfd0 ] Request (HypervisorAdminV228Test:tearDownClass): 204 DELETE http://10.180.1.21/identity/v3/projects/dd47900cc3d642c0b610574207fc35ea 0.091s
2025-11-20 16:06:54.497 65928 INFO tempest.lib.common.dynamic_creds [-] Deleting project and security group for project: 01f71a0870af42619cd3bb690eca352f
2025-11-20 16:06:54.506 65972 INFO tempest.lib.common.rest_client [req-16b33b1d-c55f-4ed4-a73c-78449bdcf3cb req-16b33b1d-c55f-4ed4-a73c-78449bdcf3cb ] Request (ValidationResourcesFixture:setUp): 201 POST http://10.180.1.21/networking/v2.0/floatingips 0.603s
2025-11-20 16:06:54.544 65956 INFO tempest.lib.common.rest_client [req-80342206-1cee-4177-9be5-e985afca5ee0 req-80342206-1cee-4177-9be5-e985afca5ee0 ] Request (ServerMetadataNegativeTestJSON:setUpClass): 200 GET http://10.180.1.21/compute/v2.1/servers/4e4917cf-de89-4b55-bc73-9c8fc38b826d 1.784s
2025-11-20 16:06:54.552 65952 INFO tempest.lib.common.rest_client [req-77934161-fa08-4a4e-9ba8-adc7deb824c5 req-77934161-fa08-4a4e-9ba8-adc7deb824c5 ] Request (VolumesAdminNegativeTest:tearDownClass): 404 GET http://10.180.1.21/volume/v3/volumes/79dafd1c-05c4-45d9-a6bb-8f53925a3f8e 0.018s
2025-11-20 16:06:54.578 65972 INFO tempest.lib.common.rest_client [req-e14ef161-4e47-4ea3-8f8a-07b88b3a6ffa req-e14ef161-4e47-4ea3-8f8a-07b88b3a6ffa ] Request (AttachInterfacesTestJSON:test_create_list_show_delete_interfaces_by_fixed_ip): 201 POST http://10.180.1.21/identity/v3/auth/tokens 0.066s
2025-11-20 16:06:54.578 65972 INFO tempest.lib.common.fixed_network [-] (AttachInterfacesTestJSON:test_create_list_show_delete_interfaces_by_fixed_ip) Found network {'id': '757eeae8-eae9-45f9-9326-f750f6d086bb', 'name': 'tempest-AttachInterfacesTestJSON-463195643-network', 'tenant_id': 'e58497ad27ad405ba77edd30a4823053', 'project_id': 'e58497ad27ad405ba77edd30a4823053', 'admin_state_up': True, 'mtu': 8950, 'status': 'ACTIVE', 'subnets': [], 'shared': False, 'port_security_enabled': True, 'router:external': False, 'provider:network_type': 'vlan', 'provider:physical_network': 'default', 'provider:segmentation_id': 706, 'availability_zone_hints': [], 'availability_zones': [], 'ipv4_address_scope': None, 'ipv6_address_scope': None, 'description': '', 'tags': [], 'created_at': '2025-11-20T16:06:48Z', 'updated_at': '2025-11-20T16:06:48Z', 'revision_number': 1} available for tenant
2025-11-20 16:06:54.657 65968 INFO tempest.lib.common.rest_client [req-ceb42846-b7d5-4cfa-915a-a0b8407bef5e req-ceb42846-b7d5-4cfa-915a-a0b8407bef5e ] Request (VolumesNegativeTest:test_create_volume_with_invalid_size): 400 POST http://10.180.1.21/compute/v2.1/os-volumes 1.877s
2025-11-20 16:06:54.684 65928 INFO tempest.lib.common.rest_client [req-02268bdd-b54a-46d5-8a54-b7823ca13dd7 req-02268bdd-b54a-46d5-8a54-b7823ca13dd7 ] Request (HypervisorAdminV228Test:tearDownClass): 200 GET http://10.180.1.21/networking/v2.0/security-groups?tenant_id=01f71a0870af42619cd3bb690eca352f&name=default 0.186s
2025-11-20 16:06:54.691 65954 INFO tempest.lib.common.rest_client [req-95102baa-d6fa-4bfe-9d83-96c68c4fbee0 req-95102baa-d6fa-4bfe-9d83-96c68c4fbee0 ] Request (ServersWithSpecificFlavorTestJSON:test_verify_created_server_ephemeral_disk): 200 GET http://10.180.1.21/compute/v2.1/servers/3afa0d7e-db2f-4a83-8f5a-0d8677027d6e 1.958s
2025-11-20 16:06:54.704 65970 INFO tempest.lib.common.rest_client [req-ac91e749-cc12-44ef-929c-d3d92c178119 req-ac91e749-cc12-44ef-929c-d3d92c178119 ] Request (ServerTagsTestJSON:test_create_delete_tag): 200 GET http://10.180.1.21/compute/v2.1/servers/6053335b-514e-462c-88e7-c95c37cbdcd7/tags 1.793s
2025-11-20 16:06:54.826 65928 INFO tempest.lib.common.rest_client [req-6c2ca2eb-59fa-495e-b5c6-0f81b29404d6 req-6c2ca2eb-59fa-495e-b5c6-0f81b29404d6 ] Request (HypervisorAdminV228Test:tearDownClass): 204 DELETE http://10.180.1.21/networking/v2.0/security-groups/104f4387-7dc0-42f7-bf22-2692b63e0f5a 0.142s
2025-11-20 16:06:54.910 65934 INFO tempest.lib.common.rest_client [req-ed6323eb-56d0-406c-bea1-a416e69b4be2 req-ed6323eb-56d0-406c-bea1-a416e69b4be2 ] Request (ServersAdmin275Test:test_rebuild_update_server_275): 200 PUT http://10.180.1.21/compute/v2.1/servers/d5c4e241-14b4-4e3d-a677-708c57459331 1.918s
2025-11-20 16:06:54.930 65928 INFO tempest.lib.common.rest_client [req-7a7776e1-27a3-4755-ace8-47af7e677e39 req-7a7776e1-27a3-4755-ace8-47af7e677e39 ] Request (HypervisorAdminV228Test:tearDownClass): 204 DELETE http://10.180.1.21/identity/v3/projects/01f71a0870af42619cd3bb690eca352f 0.103s
2025-11-20 16:06:54.931 65938 INFO tempest.lib.common.rest_client [req-87d00c9d-5405-4811-bd61-edaa14eb6a91 req-87d00c9d-5405-4811-bd61-edaa14eb6a91 ] Request (FlavorsV255TestJSON:test_crud_flavor): 200 PUT http://10.180.1.21/compute/v2.1/flavors/2005688592 1.835s
2025-11-20 16:06:55.006 65928 INFO tempest.lib.common.rest_client [req-6eeb63a0-06c5-4d9d-ba55-bcde1de9958c req-6eeb63a0-06c5-4d9d-ba55-bcde1de9958c ] Request (SecurityGroupRulesTestJSON:setUpClass): 201 POST http://10.180.1.21/identity/v3/auth/tokens 0.074s
2025-11-20 16:06:55.036 65928 INFO tempest.lib.common.rest_client [req-d5f731e0-357a-4c8f-9c23-6346a1926fc9 req-d5f731e0-357a-4c8f-9c23-6346a1926fc9 ] Request (SecurityGroupRulesTestJSON:setUpClass): 201 POST http://10.180.1.21/identity/v3/auth/tokens 0.027s
2025-11-20 16:06:55.065 65928 INFO tempest.lib.common.rest_client [req-c99f95f9-e532-4557-a600-703cae47ec80 req-c99f95f9-e532-4557-a600-703cae47ec80 ] Request (SecurityGroupRulesTestJSON:setUpClass): 200 GET http://10.180.1.21/identity/v3/domains?name=Default 0.029s
2025-11-20 16:06:55.103 65928 INFO tempest.lib.common.rest_client [req-e86a5c0a-e29c-4125-8e84-8061e7a88812 req-e86a5c0a-e29c-4125-8e84-8061e7a88812 ] Request (SecurityGroupRulesTestJSON:setUpClass): 201 POST http://10.180.1.21/identity/v3/projects 0.037s
2025-11-20 16:06:55.200 65928 INFO tempest.lib.common.rest_client [req-82e7caa6-f741-4be4-b029-d077281c0adb req-82e7caa6-f741-4be4-b029-d077281c0adb ] Request (SecurityGroupRulesTestJSON:setUpClass): 201 POST http://10.180.1.21/identity/v3/users 0.097s
2025-11-20 16:06:55.224 65928 INFO tempest.lib.common.rest_client [req-4d55d1b0-1d28-49a2-846e-0f6f9ac9939c req-4d55d1b0-1d28-49a2-846e-0f6f9ac9939c ] Request (SecurityGroupRulesTestJSON:setUpClass): 200 GET http://10.180.1.21/identity/v3/roles 0.023s
2025-11-20 16:06:55.251 65940 INFO tempest.lib.common.rest_client [req-384d2a9d-fbf9-4fe6-b7cd-0e409b4af7c6 req-384d2a9d-fbf9-4fe6-b7cd-0e409b4af7c6 ] Request (FloatingIPDetailsTestJSON:tearDownClass): 202 DELETE http://10.180.1.21/compute/v2.1/os-floating-ips/bdd7cd1c-d58a-47ec-a371-22a68ac1cac6 2.416s
2025-11-20 16:06:55.257 65928 INFO tempest.lib.common.rest_client [req-cc04dd85-e943-4acc-a267-1118f004368b req-cc04dd85-e943-4acc-a267-1118f004368b ] Request (SecurityGroupRulesTestJSON:setUpClass): 204 PUT http://10.180.1.21/identity/v3/projects/6ebc2a67c0724e388e16c04e33597ca8/users/901bb7e7eeec4a1fb7b0e14b51a1bd4b/roles/e553200e9a924c8696304dfaf2472c3d 0.032s
2025-11-20 16:06:55.257 65928 INFO tempest.lib.common.dynamic_creds [-] Dynamic test user 901bb7e7eeec4a1fb7b0e14b51a1bd4b is created with scope project and roles: ['member']
2025-11-20 16:06:55.257 65928 INFO tempest.lib.common.dynamic_creds [-] Acquired dynamic creds: credentials: Credentials: {'domain_id': 'default', 'domain_name': 'Default', 'username': 'tempest-SecurityGroupRulesTestJSON-49115618-project-member', 'project_domain_id': 'default', 'project_domain_name': 'Default', 'project_id': '6ebc2a67c0724e388e16c04e33597ca8', 'project_name': 'tempest-SecurityGroupRulesTestJSON-49115618', 'tenant_id': '6ebc2a67c0724e388e16c04e33597ca8', 'tenant_name': 'tempest-SecurityGroupRulesTestJSON-49115618', 'user_domain_id': 'default', 'user_domain_name': 'Default', 'user_id': '901bb7e7eeec4a1fb7b0e14b51a1bd4b', 'system': None}, Network: None, Subnet: None, Router: None
2025-11-20 16:06:55.289 65918 INFO tempest.lib.common.rest_client [req-6a84cabb-0399-4b98-9604-5f34e402c6ed req-6a84cabb-0399-4b98-9604-5f34e402c6ed ] Request (ListServerFiltersTestJSON:test_list_servers_detailed_filter_by_server_status): 200 GET http://10.180.1.21/compute/v2.1/servers/detail?status=active 2.099s
2025-11-20 16:06:55.330 65928 INFO tempest.lib.common.rest_client [req-3196b3c2-5772-4b46-9504-153bae125ee5 req-3196b3c2-5772-4b46-9504-153bae125ee5 ] Request (SecurityGroupRulesTestJSON:setUpClass): 201 POST http://10.180.1.21/identity/v3/auth/tokens 0.072s
2025-11-20 16:06:55.342 65916 INFO tempest.lib.common.rest_client [req-ce90f743-7a06-4fca-861d-25fcba439485 req-ce90f743-7a06-4fca-861d-25fcba439485 ] Request (TenantUsagesTestJSON:test_get_usage_tenant_with_non_admin_user): 200 GET http://10.180.1.21/compute/v2.1/os-simple-tenant-usage/acab95d8a6064a23b5b242f83b150aa2?start=2025-11-19T16%3A06%3A49.355721&end=2025-11-21T16%3A06%3A49.355721 2.033s
2025-11-20 16:06:55.390 65960 INFO tempest.lib.common.rest_client [req-0df7b211-dc3e-4dfb-bea9-744583ca9c9d req-0df7b211-dc3e-4dfb-bea9-744583ca9c9d ] Request (ImagesTestJSON:test_create_image_from_stopped_server): 200 GET http://10.180.1.21/compute/v2.1/images/6c4406db-7ba2-4570-9bef-50380913de1f 2.013s
2025-11-20 16:06:55.428 65960 INFO tempest.lib.common.rest_client [req-31935480-f203-4f6e-ac34-21fce25645a8 req-31935480-f203-4f6e-ac34-21fce25645a8 ] Request (ImagesTestJSON:test_create_image_from_stopped_server): 200 GET http://10.180.1.21/image/v2/images/6c4406db-7ba2-4570-9bef-50380913de1f/tasks 0.034s
2025-11-20 16:06:55.518 65930 INFO tempest.lib.common.rest_client [req-ea5bb39d-9bba-430e-a828-46421af759f8 req-ea5bb39d-9bba-430e-a828-46421af759f8 ] Request (QuotasAdminTestJSON:test_update_all_quota_resources_for_tenant): 200 PUT http://10.180.1.21/compute/v2.1/os-quota-sets/ef0168a8e8dd40b8847dc74388f671ac 2.307s
2025-11-20 16:06:55.536 65958 INFO tempest.lib.common.rest_client [req-7cb02a23-568f-4b07-b708-dcb256ed392c req-7cb02a23-568f-4b07-b708-dcb256ed392c ] Request (KeyPairsV22TestJSON:_run_cleanups): 204 DELETE http://10.180.1.21/compute/v2.1/os-keypairs/tempest-keypair-1955026879 1.635s
2025-11-20 16:06:55.554 65922 INFO tempest.lib.common.rest_client [req-749a37e0-4648-490f-beb6-0873672632e3 req-749a37e0-4648-490f-beb6-0873672632e3 ] Request (FlavorsV2TestJSON:test_list_flavors_with_detail): 200 GET http://10.180.1.21/compute/v2.1/flavors/42 1.625s
2025-11-20 16:06:55.576 65962 INFO tempest.lib.common.rest_client [req-6118dfe6-2fc6-46dc-9b97-d512350ab27d req-6118dfe6-2fc6-46dc-9b97-d512350ab27d ] Request (FlavorsAdminTestJSON:test_create_flavor_with_uuid_id): 200 POST http://10.180.1.21/compute/v2.1/flavors 1.634s
2025-11-20 16:06:55.603 65948 INFO tempest.lib.common.rest_client [req-b678dff3-2cd1-42b1-9451-58bf299e3c92 req-b678dff3-2cd1-42b1-9451-58bf299e3c92 ] Request (AggregatesAdminNegativeTestJSON:test_aggregate_create_with_existent_aggregate_name): 200 POST http://10.180.1.21/compute/v2.1/os-aggregates 1.661s
2025-11-20 16:06:55.653 65922 INFO tempest.lib.common.rest_client [req-619f061f-55fb-44db-b2f2-a6a21add671c req-619f061f-55fb-44db-b2f2-a6a21add671c ] Request (FlavorsV2TestJSON:tearDownClass): 204 DELETE http://10.180.1.21/identity/v3/users/278b7f32838f4d05b976ec1872663706 0.095s
2025-11-20 16:06:55.654 65922 INFO tempest.lib.common.dynamic_creds [-] Deleting project and security group for project: 6529d185aa7e4c58aa548ea28b2c9aca
2025-11-20 16:06:55.717 65922 INFO tempest.lib.common.rest_client [req-b30a9b29-9eba-41a8-84de-6daafc60209b req-b30a9b29-9eba-41a8-84de-6daafc60209b ] Request (FlavorsV2TestJSON:tearDownClass): 201 POST http://10.180.1.21/identity/v3/auth/tokens 0.063s
2025-11-20 16:06:55.786 65926 INFO tempest.lib.common.rest_client [req-a7b6c2e7-88aa-4d4d-86c6-bcb94f025f4d req-a7b6c2e7-88aa-4d4d-86c6-bcb94f025f4d ] Request (FlavorsAccessNegativeTestJSON:test_flavor_non_admin_remove): 200 POST http://10.180.1.21/compute/v2.1/flavors/501504159/action 1.819s
2025-11-20 16:06:56.040 65940 INFO tempest.lib.common.rest_client [req-bcdc3bdd-2374-44b6-8f28-6ce7fc0349fc req-bcdc3bdd-2374-44b6-8f28-6ce7fc0349fc ] Request (FloatingIPDetailsTestJSON:tearDownClass): 200 PUT http://10.180.1.21/networking/v2.0/routers/c547ca88-c8ba-44ef-98b7-903d8547e4a8/remove_router_interface 0.789s
2025-11-20 16:06:56.308 65928 INFO tempest.lib.common.rest_client [req-19e4ec91-a29f-4670-bc4d-af4338625d1a req-19e4ec91-a29f-4670-bc4d-af4338625d1a ] Request (SecurityGroupRulesTestJSON:setUpClass): 201 POST http://10.180.1.21/networking/v2.0/networks 0.977s
2025-11-20 16:06:56.442 65922 INFO tempest.lib.common.rest_client [req-34d7cc2f-2ead-4168-87c1-e411b8bb8f73 req-34d7cc2f-2ead-4168-87c1-e411b8bb8f73 ] Request (FlavorsV2TestJSON:tearDownClass): 200 GET http://10.180.1.21/networking/v2.0/security-groups?tenant_id=6529d185aa7e4c58aa548ea28b2c9aca&name=default 0.724s
2025-11-20 16:06:56.883 65940 INFO tempest.lib.common.rest_client [req-d71dc628-585a-422c-a7ea-db6d864da8ab req-d71dc628-585a-422c-a7ea-db6d864da8ab ] Request (FloatingIPDetailsTestJSON:tearDownClass): 204 DELETE http://10.180.1.21/networking/v2.0/routers/c547ca88-c8ba-44ef-98b7-903d8547e4a8 0.842s
2025-11-20 16:06:56.968 65932 INFO tempest.lib.common.rest_client [req-5626a1e5-e03e-4946-8e68-d7614982d4da req-5626a1e5-e03e-4946-8e68-d7614982d4da ] Request (SecurityGroupsTestAdminJSON:_run_cleanups): 202 DELETE http://10.180.1.21/compute/v2.1/os-security-groups/7c77186d-6dcd-4e12-a7ac-ade25dc06194 3.288s
2025-11-20 16:06:57.093 65928 INFO tempest.lib.common.rest_client [req-70c920a7-bc8c-4fc6-a37f-4996d8751bf3 req-70c920a7-bc8c-4fc6-a37f-4996d8751bf3 ] Request (SecurityGroupRulesTestJSON:setUpClass): 201 POST http://10.180.1.21/networking/v2.0/subnets 0.784s
2025-11-20 16:06:57.105 65932 INFO tempest.lib.common.rest_client [req-f04d0825-2f07-4aeb-993f-39dcfcd7f5e2 req-f04d0825-2f07-4aeb-993f-39dcfcd7f5e2 ] Request (SecurityGroupsTestAdminJSON:tearDownClass): 204 DELETE http://10.180.1.21/identity/v3/users/5627f15f153d4774833248f2ebad085e 0.134s
2025-11-20 16:06:57.116 65922 INFO tempest.lib.common.rest_client [req-8e166ffb-0fd1-4c82-994b-684d09426c68 req-8e166ffb-0fd1-4c82-994b-684d09426c68 ] Request (FlavorsV2TestJSON:tearDownClass): 204 DELETE http://10.180.1.21/networking/v2.0/security-groups/b3068693-40a5-457d-96e9-bfd6df8c337c 0.674s
2025-11-20 16:06:57.131 65944 INFO tempest.lib.common.rest_client [req-d8129552-c45e-4f40-9103-980c335f6ba7 req-d8129552-c45e-4f40-9103-980c335f6ba7 ] Request (AttachInterfacesV270Test:tearDownClass): 200 GET http://10.180.1.21/compute/v2.1/servers/c4694a02-0db7-4266-9e12-75b5bb35794c 3.006s
2025-11-20 16:06:57.159 65950 INFO tempest.lib.common.rest_client [req-6cbf8469-3b1d-4849-82a9-89affc5b5717 req-6cbf8469-3b1d-4849-82a9-89affc5b5717 ] Request (ImagesNegativeTestJSON:test_create_image_from_deleted_server): 404 POST http://10.180.1.21/compute/v2.1/servers/d4cdd6d4-4e1e-4455-83f5-62a00ee90f1f/action 2.839s
2025-11-20 16:06:57.233 65922 INFO tempest.lib.common.rest_client [req-03bd5244-afca-4b71-b33c-1b3f2eb44809 req-03bd5244-afca-4b71-b33c-1b3f2eb44809 ] Request (FlavorsV2TestJSON:tearDownClass): 204 DELETE http://10.180.1.21/identity/v3/projects/6529d185aa7e4c58aa548ea28b2c9aca 0.116s
2025-11-20 16:06:57.236 65924 INFO tempest.lib.common.rest_client [req-b5a10285-abd9-4e80-bd6d-d96930232194 req-b5a10285-abd9-4e80-bd6d-d96930232194 ] Request (ImagesMetadataTestJSON:test_update_image_metadata): 200 POST http://10.180.1.21/compute/v2.1/images/5efcce00-5821-4d15-aa7a-409b394840a9/metadata 3.024s
2025-11-20 16:06:57.245 65932 INFO tempest.lib.common.rest_client [req-d4e3d145-367b-4694-8731-535eb466a0e2 req-d4e3d145-367b-4694-8731-535eb466a0e2 ] Request (SecurityGroupsTestAdminJSON:tearDownClass): 204 DELETE http://10.180.1.21/identity/v3/users/eb33e1e4388d459dbcc0896422de8af6 0.139s
2025-11-20 16:06:57.245 65932 INFO tempest.lib.common.dynamic_creds [-] Deleting project and security group for project: 67dfcb38fa9844bab3f48c60a16e4333
2025-11-20 16:06:57.273 65940 INFO tempest.lib.common.rest_client [req-dcf7b7e3-c549-46ea-aff7-e1ce6df286c6 req-dcf7b7e3-c549-46ea-aff7-e1ce6df286c6 ] Request (FloatingIPDetailsTestJSON:tearDownClass): 204 DELETE http://10.180.1.21/networking/v2.0/subnets/de40b71d-5421-455f-beff-30eb1f658c5f 0.390s
2025-11-20 16:06:57.294 65922 INFO tempest.lib.common.rest_client [req-23a3d57d-8659-407d-a9b1-ac9b2573571b req-23a3d57d-8659-407d-a9b1-ac9b2573571b ] Request (FloatingIPsAssociationTestJSON:setUpClass): 201 POST http://10.180.1.21/identity/v3/auth/tokens 0.060s
2025-11-20 16:06:57.323 65932 INFO tempest.lib.common.rest_client [req-1115024d-48a2-4870-9085-d9c5d5b3f379 req-1115024d-48a2-4870-9085-d9c5d5b3f379 ] Request (SecurityGroupsTestAdminJSON:tearDownClass): 201 POST http://10.180.1.21/identity/v3/auth/tokens 0.078s
2025-11-20 16:06:57.350 65922 INFO tempest.lib.common.rest_client [req-bb994fdd-1e7d-4706-a9f0-1dda54955066 req-bb994fdd-1e7d-4706-a9f0-1dda54955066 ] Request (FloatingIPsAssociationTestJSON:setUpClass): 201 POST http://10.180.1.21/identity/v3/auth/tokens 0.053s
2025-11-20 16:06:57.391 65922 INFO tempest.lib.common.rest_client [req-91baf946-1f9a-432b-a365-064359c5c4fc req-91baf946-1f9a-432b-a365-064359c5c4fc ] Request (FloatingIPsAssociationTestJSON:setUpClass): 200 GET http://10.180.1.21/identity/v3/domains?name=Default 0.041s
