2025-11-20 16:08:02.494 65970 INFO tempest.lib.common.rest_client [req-eb3296eb-070b-4c79-8833-d6e8e4dec24c req-eb3296eb-070b-4c79-8833-d6e8e4dec24c ] Request (ServerTagsTestJSON:tearDownClass): 200 GET http://10.180.1.21/compute/v2.1/servers/6053335b-514e-462c-88e7-c95c37cbdcd7 2.773s
2025-11-20 16:08:02.522 65966 INFO tempest.lib.common.rest_client [req-a9095755-393c-4191-801e-7ed09c43ea0c req-a9095755-393c-4191-801e-7ed09c43ea0c ] Request (ServersAdminNegativeTestJSON:test_migrate_server_invalid_state): 202 POST http://10.180.1.21/compute/v2.1/servers 3.189s
2025-11-20 16:08:02.523 65914 INFO tempest.lib.common.rest_client [req-56e20c0d-a731-441e-b219-d2d540278699 req-56e20c0d-a731-441e-b219-d2d540278699 ] Request (ListImageFiltersTestJSON:setUpClass): 201 POST http://10.180.1.21/image/v2/images 0.499s
2025-11-20 16:08:02.620 65974 INFO tempest.lib.common.rest_client [req-bc5e9e1c-9d23-4b05-b0ed-92405f9f2de7 req-bc5e9e1c-9d23-4b05-b0ed-92405f9f2de7 ] Request (ServerDiagnosticsV248Test:test_get_server_diagnostics): 200 GET http://10.180.1.21/compute/v2.1/servers/f057b0cf-362e-4919-a105-705ea1224103 2.840s
2025-11-20 16:08:02.630 65916 INFO tempest.lib.common.rest_client [req-dd7cc64e-0cbd-45c7-b20b-a339f8c16c19 req-dd7cc64e-0cbd-45c7-b20b-a339f8c16c19 ] Request (ServerShowV247Test:test_update_rebuild_list_server): 202 POST http://10.180.1.21/compute/v2.1/servers 2.858s
2025-11-20 16:08:02.724 65942 INFO tempest.lib.common.rest_client [req-b87a42d6-bc7e-4b98-98df-fb92b43f9d80 req-b87a42d6-bc7e-4b98-98df-fb92b43f9d80 ] Request (ServersTestFqdnHostnames:test_create_server_with_fqdn_name): 200 GET http://10.180.1.21/compute/v2.1/servers/6a46dd0d-4302-47b2-9a30-76c7616fc775 2.712s
2025-11-20 16:08:02.757 65920 INFO tempest.lib.common.rest_client [req-7662ff74-d796-4fb9-b99d-61b45e047274 req-7662ff74-d796-4fb9-b99d-61b45e047274 ] Request (MigrationsAdminTest:test_list_migrations_in_flavor_resize_situation): 200 GET http://10.180.1.21/compute/v2.1/servers/579f2cda-dd15-496e-8391-e697a54f1f44 2.845s
2025-11-20 16:08:02.765 65920 INFO tempest.common.waiters [-] State transition "RESIZE/resize_migrated" ==> "VERIFY_RESIZE/None" after 27 second wait
2025-11-20 16:08:02.797 65934 INFO tempest.lib.common.rest_client [req-f47bee86-dbed-4b3f-833a-415788bc78c9 req-f47bee86-dbed-4b3f-833a-415788bc78c9 ] Request (ServersAdmin275Test:tearDownClass): 200 GET http://10.180.1.21/compute/v2.1/servers/d5c4e241-14b4-4e3d-a677-708c57459331 2.682s
2025-11-20 16:08:02.814 65944 INFO tempest.lib.common.rest_client [req-02023949-0fb4-4edc-a239-22f5e144483e req-02023949-0fb4-4edc-a239-22f5e144483e ] Request (AttachVolumeNegativeTest:test_attach_attached_volume_to_different_server): 200 GET http://10.180.1.21/compute/v2.1/servers/a1c386dd-5b18-4521-b486-0cfbc484a41b 2.580s
2025-11-20 16:08:02.823 65944 INFO tempest.common.waiters [-] State transition "BUILD/scheduling" ==> "BUILD/None" after 6 second wait
2025-11-20 16:08:02.862 65922 INFO tempest.lib.common.rest_client [req-99f43049-0df7-442a-bb67-e3b7afc4a5ff req-99f43049-0df7-442a-bb67-e3b7afc4a5ff ] Request (FloatingIPsAssociationTestJSON:test_associate_already_associated_floating_ip): 200 GET http://10.180.1.21/compute/v2.1/servers/05eb4127-089a-43dc-b515-96766a4f7651 2.487s
2025-11-20 16:08:02.942 65928 INFO tempest.lib.common.rest_client [req-63f46bbd-4bc4-46fc-9532-f8fd843702d7 req-63f46bbd-4bc4-46fc-9532-f8fd843702d7 ] Request (SecurityGroupRulesTestJSON:tearDownClass): 404 DELETE http://10.180.1.21/compute/v2.1/os-security-groups/547c8414-f445-4e8c-b947-98d633df0de9 1.541s
2025-11-20 16:08:02.972 65946 INFO tempest.lib.common.rest_client [req-1e4d8654-93d4-407b-9606-f184d6cd899d req-1e4d8654-93d4-407b-9606-f184d6cd899d ] Request (ServerActionsTestOtherA:test_rebuild_server_in_stop_state): 200 GET http://10.180.1.21/compute/v2.1/servers/775c327c-96d7-4502-9ea0-c7148af9b5b9 2.019s
2025-11-20 16:08:02.979 65946 INFO tempest.common.waiters [-] State transition "BUILD/None" ==> "BUILD/spawning" after 22 second wait
2025-11-20 16:08:03.067 65958 INFO tempest.lib.common.rest_client [req-43416355-4f40-4ab0-bf00-159dbc4b82ed req-43416355-4f40-4ab0-bf00-159dbc4b82ed ] Request (ServerActionsTestJSON:setUpClass): 200 GET http://10.180.1.21/compute/v2.1/servers/5623116c-d594-4225-bb3c-c54eccb53281 1.531s
2025-11-20 16:08:03.178 65956 INFO tempest.lib.common.rest_client [req-4b87f8ff-eb3d-4913-912d-b81da38db4ac req-4b87f8ff-eb3d-4913-912d-b81da38db4ac ] Request (ServerMetadataNegativeTestJSON:tearDownClass): 204 DELETE http://10.180.1.21/compute/v2.1/servers/4e4917cf-de89-4b55-bc73-9c8fc38b826d 1.590s
2025-11-20 16:08:03.225 65918 INFO tempest.lib.common.rest_client [req-e0c641f4-97f8-468a-bc04-28a406682ddf req-e0c641f4-97f8-468a-bc04-28a406682ddf ] Request (ListServerFiltersTestJSON:test_list_servers_filtered_by_ip): 200 GET http://10.180.1.21/compute/v2.1/servers?ip=192.168.128.10 1.645s
2025-11-20 16:08:03.256 65962 INFO tempest.lib.common.rest_client [req-ec401674-98c3-4867-82e7-18d4d707e4a6 req-ec401674-98c3-4867-82e7-18d4d707e4a6 ] Request (FlavorsAdminTestJSON:test_is_public_string_variations): 200 GET http://10.180.1.21/compute/v2.1/flavors/detail?is_public=1 1.630s
2025-11-20 16:08:03.352 65948 INFO tempest.lib.common.rest_client [req-806e9be3-836c-40ac-a333-69543c5dbb6e req-806e9be3-836c-40ac-a333-69543c5dbb6e ] Request (QuotasAdminTestV236:test_get_updated_quotas): 200 PUT http://10.180.1.21/compute/v2.1/os-quota-sets/09a7550e79a34c3f9fc2d2daf1778a0e 1.640s
2025-11-20 16:08:03.675 65930 INFO tempest.lib.common.rest_client [req-a1a61a62-33d5-4cb1-be12-1483be435f1a req-a1a61a62-33d5-4cb1-be12-1483be435f1a ] Request (FloatingIPsAssociationNegativeTestJSON:_run_cleanups): 202 DELETE http://10.180.1.21/compute/v2.1/os-floating-ips/4f6e5b08-f8be-4497-8368-4eeb317265a5 2.083s
2025-11-20 16:08:03.768 65940 INFO tempest.lib.common.rest_client [req-abf4908e-59f6-4611-8765-df1d1df2bb3a req-abf4908e-59f6-4611-8765-df1d1df2bb3a ] Request (SecurityGroupRulesNegativeTestJSON:tearDownClass): 202 DELETE http://10.180.1.21/compute/v2.1/os-security-groups/87be35b4-7c41-4eeb-b2d9-66497e1090db 2.012s
2025-11-20 16:08:03.781 65938 INFO tempest.lib.common.rest_client [req-03d23112-6123-43d2-90c0-d5aa3955d053 req-03d23112-6123-43d2-90c0-d5aa3955d053 ] Request (QuotasAdminNegativeTest:test_create_server_when_instances_quota_is_full): 200 PUT http://10.180.1.21/compute/v2.1/os-quota-sets/3fdddc09263e413da71ea4e84073f641 1.986s
2025-11-20 16:08:03.787 65926 INFO tempest.lib.common.rest_client [req-e4f3f8f7-fffa-4f06-aece-80c9e8866f4f req-e4f3f8f7-fffa-4f06-aece-80c9e8866f4f ] Request (HostsAdminNegativeTestJSON:test_update_host_with_non_admin_user): 403 PUT http://10.180.1.21/compute/v2.1/os-hosts/devstack 1.767s
2025-11-20 16:08:03.849 65938 INFO tempest.lib.common.rest_client [req-b3afde37-c03a-4565-90b2-aeba6c926934 req-b3afde37-c03a-4565-90b2-aeba6c926934 ] Request (QuotasAdminNegativeTest:test_create_server_when_instances_quota_is_full): 201 POST http://10.180.1.21/identity/v3/auth/tokens 0.063s
2025-11-20 16:08:03.849 65938 INFO tempest.lib.common.fixed_network [-] (QuotasAdminNegativeTest:test_create_server_when_instances_quota_is_full) Found network None available for tenant
2025-11-20 16:08:03.854 65924 INFO tempest.lib.common.rest_client [req-24bd1d8c-c52f-42ba-8e15-5d3810afe467 req-24bd1d8c-c52f-42ba-8e15-5d3810afe467 ] Request (ListServersNegativeTestJSON:setUpClass): 200 GET http://10.180.1.21/compute/v2.1/servers/fba3878c-69df-413f-a614-0d7fe6ed9884 1.753s
2025-11-20 16:08:03.907 65960 INFO tempest.lib.common.rest_client [req-b1ae75d1-7db4-4df8-a6f2-970bafc43328 req-b1ae75d1-7db4-4df8-a6f2-970bafc43328 ] Request (ImagesTestJSON:test_create_image_from_suspended_server): 200 GET http://10.180.1.21/compute/v2.1/images/1a25a9a3-cfc1-4d7d-9218-e8b4aa33168a 1.495s
2025-11-20 16:08:03.943 65972 INFO tempest.lib.common.rest_client [req-e526b2bc-9943-4a62-8eda-95f25eabbb2d req-e526b2bc-9943-4a62-8eda-95f25eabbb2d ] Request (AttachInterfacesTestJSON:test_create_list_show_delete_interfaces_by_fixed_ip): 200 GET http://10.180.1.21/compute/v2.1/servers/e1387285-1d7e-44e9-b31d-ee6375d6d699/os-interface 2.029s
2025-11-20 16:08:03.949 65960 INFO tempest.lib.common.rest_client [req-d28e1307-5bb8-49c5-be44-4c69eb3a5f51 req-d28e1307-5bb8-49c5-be44-4c69eb3a5f51 ] Request (ImagesTestJSON:test_create_image_from_suspended_server): 200 GET http://10.180.1.21/image/v2/images/1a25a9a3-cfc1-4d7d-9218-e8b4aa33168a/tasks 0.038s
2025-11-20 16:08:03.981 65966 INFO tempest.lib.common.rest_client [req-76102f31-ff6d-4dcc-882e-038bd52ad000 req-76102f31-ff6d-4dcc-882e-038bd52ad000 ] Request (ServersAdminNegativeTestJSON:test_migrate_server_invalid_state): 200 GET http://10.180.1.21/compute/v2.1/servers/ac391b9f-e1d9-428b-b09b-8263c6e89449 1.457s
2025-11-20 16:08:04.044 65920 INFO tempest.lib.common.rest_client [req-46ea1350-e26a-4ac3-aafd-9c1825705d45 req-46ea1350-e26a-4ac3-aafd-9c1825705d45 ] Request (MigrationsAdminTest:test_list_migrations_in_flavor_resize_situation): 204 POST http://10.180.1.21/compute/v2.1/servers/579f2cda-dd15-496e-8391-e697a54f1f44/action 1.279s
2025-11-20 16:08:04.209 65928 INFO tempest.lib.common.rest_client [req-0b302009-03d1-4b9e-86de-381078747db6 req-0b302009-03d1-4b9e-86de-381078747db6 ] Request (SecurityGroupRulesTestJSON:tearDownClass): 202 DELETE http://10.180.1.21/compute/v2.1/os-security-groups/4f824ff8-528e-46af-8d3c-06b058183766 1.267s
2025-11-20 16:08:04.298 65916 INFO tempest.lib.common.rest_client [req-096a1f51-76f9-409f-9574-df1401146035 req-096a1f51-76f9-409f-9574-df1401146035 ] Request (ServerShowV247Test:test_update_rebuild_list_server): 200 PUT http://10.180.1.21/compute/v2.1/servers/dac7b45d-3627-4d51-88cf-f435050b8340 1.664s
2025-11-20 16:08:04.360 65914 INFO tempest.lib.common.rest_client [req-d15f7d62-1f01-424a-bb1d-f5ae9c9f72b0 req-d15f7d62-1f01-424a-bb1d-f5ae9c9f72b0 ] Request (ListImageFiltersTestJSON:setUpClass): 204 PUT http://10.180.1.21/image/v2/images/600deb63-68f7-4fe2-81c5-62eea11fa143/file 0.836s
2025-11-20 16:08:04.392 65950 INFO tempest.lib.common.rest_client [req-1ac6fa1a-bf22-436b-82e7-29202cf20d6f req-1ac6fa1a-bf22-436b-82e7-29202cf20d6f ] Request (MultipleCreateTestJSON:test_multiple_create): 200 GET http://10.180.1.21/compute/v2.1/servers/a1045782-8b29-4b2e-bade-779bfe0ca935 1.402s
2025-11-20 16:08:04.400 65950 INFO tempest.common.waiters [-] State transition "BUILD/spawning" ==> "ACTIVE/None" after 24 second wait
2025-11-20 16:08:04.449 65932 INFO tempest.lib.common.rest_client [req-0e6e556d-1aad-4cc4-9ebc-0ba296fb9918 req-0e6e556d-1aad-4cc4-9ebc-0ba296fb9918 ] Request (ServersTestBootFromVolume:setUpClass): 200 GET http://10.180.1.21/compute/v2.1/servers/a9442a9b-1eac-40a6-bd23-9a462cec3e04 1.430s
2025-11-20 16:08:04.597 65956 INFO tempest.lib.common.rest_client [req-c93e7c55-2496-48b4-9c37-53fa8b09cb02 req-c93e7c55-2496-48b4-9c37-53fa8b09cb02 ] Request (ServerMetadataNegativeTestJSON:tearDownClass): 200 GET http://10.180.1.21/compute/v2.1/servers/4e4917cf-de89-4b55-bc73-9c8fc38b826d 1.418s
2025-11-20 16:08:04.618 65918 INFO tempest.lib.common.rest_client [req-fa4fb86b-8c2c-47d2-9b4a-fc12f7ffa05a req-fa4fb86b-8c2c-47d2-9b4a-fc12f7ffa05a ] Request (ListServerFiltersTestJSON:test_list_servers_filtered_by_ip_regex): 200 GET http://10.180.1.21/compute/v2.1/servers/e326e9aa-3fdb-4ad5-8c7a-e49de02c4878 1.386s
2025-11-20 16:08:04.637 65962 INFO tempest.lib.common.rest_client [req-65aba2a0-cd36-4e46-b939-43853d1e4e4b req-65aba2a0-cd36-4e46-b939-43853d1e4e4b ] Request (FlavorsAdminTestJSON:_run_cleanups): 202 DELETE http://10.180.1.21/compute/v2.1/flavors/2103241407 1.375s
2025-11-20 16:08:04.700 65948 INFO tempest.lib.common.rest_client [req-ac5ad688-d0b5-43ea-bc43-55f4880e2465 req-ac5ad688-d0b5-43ea-bc43-55f4880e2465 ] Request (QuotasAdminTestV236:test_get_updated_quotas): 200 GET http://10.180.1.21/compute/v2.1/os-quota-sets/09a7550e79a34c3f9fc2d2daf1778a0e/detail 1.346s
2025-11-20 16:08:04.724 65936 INFO tempest.lib.common.rest_client [req-9876ddf3-bcab-4e77-9985-57b6a385899a req-9876ddf3-bcab-4e77-9985-57b6a385899a ] Request (ServerAddressesTestJSON:setUpClass): 200 GET http://10.180.1.21/compute/v2.1/servers/7a780dec-124b-4653-ae16-b955ec506eb4 1.476s
2025-11-20 16:08:04.742 65948 INFO tempest.lib.common.rest_client [req-9194e028-7ec0-428e-a051-21706cd54ce0 req-9194e028-7ec0-428e-a051-21706cd54ce0 ] Request (QuotasAdminTestV236:test_get_updated_quotas): 200 GET http://10.180.1.21/identity/v3/domains?name=Default 0.035s
2025-11-20 16:08:04.785 65948 INFO tempest.lib.common.rest_client [req-16189b9b-516d-42a3-b8b2-1f8c366baf74 req-16189b9b-516d-42a3-b8b2-1f8c366baf74 ] Request (QuotasAdminTestV236:test_get_updated_quotas): 201 POST http://10.180.1.21/identity/v3/users 0.042s
2025-11-20 16:08:04.819 65948 INFO tempest.lib.common.rest_client [req-7de47ed6-ad1b-4539-bec8-1daa590f4916 req-7de47ed6-ad1b-4539-bec8-1daa590f4916 ] Request (QuotasAdminTestV236:test_get_updated_quotas): 200 GET http://10.180.1.21/identity/v3/domains?name=Default 0.034s
2025-11-20 16:08:04.856 65970 INFO tempest.lib.common.rest_client [req-38a30b0f-b6cf-4647-9af8-1e49242e38ad req-38a30b0f-b6cf-4647-9af8-1e49242e38ad ] Request (ServerTagsTestJSON:tearDownClass): 200 GET http://10.180.1.21/compute/v2.1/servers/6053335b-514e-462c-88e7-c95c37cbdcd7 1.351s
2025-11-20 16:08:04.878 65952 INFO tempest.lib.common.rest_client [req-5c629cb2-9e33-4b49-901e-e2084071a662 req-5c629cb2-9e33-4b49-901e-e2084071a662 ] Request (SecurityGroupsTestJSON:test_list_security_groups_by_server): 200 GET http://10.180.1.21/compute/v2.1/servers/3eaa162b-361d-4904-9379-1511d559c778 1.509s
2025-11-20 16:08:04.885 65930 INFO tempest.lib.common.rest_client [req-7d9fce1b-5f44-4704-b40c-23e706913c50 req-7d9fce1b-5f44-4704-b40c-23e706913c50 ] Request (FloatingIPsAssociationNegativeTestJSON:test_associate_ip_to_server_without_passing_floating_ip): 400 POST http://10.180.1.21/compute/v2.1/servers/3b2967f5-2902-4c1a-9af2-21aa4619281d/action 1.209s
2025-11-20 16:08:04.886 65952 INFO tempest.common.waiters [-] State transition "BUILD/None" ==> "BUILD/networking" after 23 second wait
2025-11-20 16:08:04.986 65974 INFO tempest.lib.common.rest_client [req-b827ea8c-1772-4be9-93b4-41b55f081623 req-b827ea8c-1772-4be9-93b4-41b55f081623 ] Request (ServerDiagnosticsV248Test:test_get_server_diagnostics): 200 GET http://10.180.1.21/compute/v2.1/servers/f057b0cf-362e-4919-a105-705ea1224103 1.356s
2025-11-20 16:08:05.006 65942 INFO tempest.lib.common.rest_client [req-a8e103de-af0f-4793-9ef8-7dbf6bdd660a req-a8e103de-af0f-4793-9ef8-7dbf6bdd660a ] Request (ServersTestFqdnHostnames:test_create_server_with_fqdn_name): 200 GET http://10.180.1.21/compute/v2.1/servers/6a46dd0d-4302-47b2-9a30-76c7616fc775 1.274s
2025-11-20 16:08:05.013 65926 INFO tempest.lib.common.rest_client [req-098f6e40-3f70-4b41-988d-7b287cba3bc6 req-098f6e40-3f70-4b41-988d-7b287cba3bc6 ] Request (HostsAdminNegativeTestJSON:test_update_host_without_param): 400 PUT http://10.180.1.21/compute/v2.1/os-hosts/devstack 1.224s
2025-11-20 16:08:05.297 65934 INFO tempest.lib.common.rest_client [req-8e17659c-4a07-4bf1-b893-c4fe9ea8d5dc req-8e17659c-4a07-4bf1-b893-c4fe9ea8d5dc ] Request (ServersAdmin275Test:tearDownClass): 200 GET http://10.180.1.21/compute/v2.1/servers/d5c4e241-14b4-4e3d-a677-708c57459331 1.488s
2025-11-20 16:08:05.396 65940 INFO tempest.lib.common.rest_client [req-3a3b190f-b153-4c12-90a2-6929d810f9ad req-3a3b190f-b153-4c12-90a2-6929d810f9ad ] Request (SecurityGroupRulesNegativeTestJSON:tearDownClass): 202 DELETE http://10.180.1.21/compute/v2.1/os-security-groups/08ed6a18-afa2-4545-884c-6065de6a6744 1.627s
2025-11-20 16:08:05.486 65944 INFO tempest.lib.common.rest_client [req-967ec914-f2bc-46d0-ad1a-81294493f323 req-967ec914-f2bc-46d0-ad1a-81294493f323 ] Request (AttachVolumeNegativeTest:test_attach_attached_volume_to_different_server): 200 GET http://10.180.1.21/compute/v2.1/servers/a1c386dd-5b18-4521-b486-0cfbc484a41b 1.662s
2025-11-20 16:08:06.266 65940 INFO tempest.lib.common.rest_client [req-8f3ef0bd-9d54-4c6e-a2f8-e41781dc1088 req-8f3ef0bd-9d54-4c6e-a2f8-e41781dc1088 ] Request (SecurityGroupRulesNegativeTestJSON:tearDownClass): 200 PUT http://10.180.1.21/networking/v2.0/routers/fd023f74-dde9-4cd3-aa17-0ed8f8155181/remove_router_interface 0.869s
2025-11-20 16:08:06.327 65922 INFO tempest.lib.common.rest_client [req-a6d8a809-9554-4867-af61-816a0cd01ca3 req-a6d8a809-9554-4867-af61-816a0cd01ca3 ] Request (FloatingIPsAssociationTestJSON:test_associate_already_associated_floating_ip): 200 GET http://10.180.1.21/compute/v2.1/servers/05eb4127-089a-43dc-b515-96766a4f7651 2.456s
2025-11-20 16:08:06.600 65972 INFO tempest.lib.common.rest_client [req-02e8afbe-1b47-4d02-8a41-b7e0b8173f14 req-02e8afbe-1b47-4d02-8a41-b7e0b8173f14 ] Request (AttachInterfacesTestJSON:test_create_list_show_delete_interfaces_by_fixed_ip): 200 GET http://10.180.1.21/compute/v2.1/servers/e1387285-1d7e-44e9-b31d-ee6375d6d699/os-interface/7c6188ae-a5bd-41ba-b0b7-f42fc27af603 2.653s
2025-11-20 16:08:06.722 65960 INFO tempest.lib.common.rest_client [req-9453a6ab-18b0-48b1-afb8-8afee3abdd52 req-9453a6ab-18b0-48b1-afb8-8afee3abdd52 ] Request (ImagesTestJSON:_run_cleanups): 204 DELETE http://10.180.1.21/compute/v2.1/images/1a25a9a3-cfc1-4d7d-9218-e8b4aa33168a 2.773s
2025-11-20 16:08:06.775 65940 INFO tempest.lib.common.rest_client [req-ef9177c7-c651-4e7c-b59e-517591cb55a5 req-ef9177c7-c651-4e7c-b59e-517591cb55a5 ] Request (SecurityGroupRulesNegativeTestJSON:tearDownClass): 204 DELETE http://10.180.1.21/networking/v2.0/routers/fd023f74-dde9-4cd3-aa17-0ed8f8155181 0.508s
2025-11-20 16:08:06.787 65972 INFO tempest.lib.common.rest_client [req-a7258abe-006b-4ce8-9eb7-cc8273eef971 req-a7258abe-006b-4ce8-9eb7-cc8273eef971 ] Request (AttachInterfacesTestJSON:test_create_list_show_delete_interfaces_by_fixed_ip): 200 GET http://10.180.1.21/networking/v2.0/ports?network_id=757eeae8-eae9-45f9-9326-f750f6d086bb 0.184s
2025-11-20 16:08:06.839 65938 INFO tempest.lib.common.rest_client [req-79fe02df-aa50-4658-a206-39df45f69e33 req-79fe02df-aa50-4658-a206-39df45f69e33 ] Request (QuotasAdminNegativeTest:test_create_server_when_instances_quota_is_full): 403 POST http://10.180.1.21/compute/v2.1/servers 2.987s
2025-11-20 16:08:07.018 65972 INFO tempest.lib.common.rest_client [req-97782227-0721-4c00-8f25-ac67174733a0 req-97782227-0721-4c00-8f25-ac67174733a0 ] Request (AttachInterfacesTestJSON:test_create_list_show_delete_interfaces_by_fixed_ip): 200 GET http://10.180.1.21/networking/v2.0/subnets/7bb0c226-d6f0-439e-83ce-85ba318081bb 0.230s
2025-11-20 16:08:07.047 65940 INFO tempest.lib.common.rest_client [req-b97798d7-47d2-4503-a11c-02c0f33f9f69 req-b97798d7-47d2-4503-a11c-02c0f33f9f69 ] Request (SecurityGroupRulesNegativeTestJSON:tearDownClass): 204 DELETE http://10.180.1.21/networking/v2.0/subnets/1fc67ddd-e3f1-423b-8e2a-5cb02ae12e21 0.272s
2025-11-20 16:08:07.152 65946 INFO tempest.lib.common.rest_client [req-bef056c0-1e6d-4ba5-862b-1aebcba6b840 req-bef056c0-1e6d-4ba5-862b-1aebcba6b840 ] Request (ServerActionsTestOtherA:test_rebuild_server_in_stop_state): 200 GET http://10.180.1.21/compute/v2.1/servers/775c327c-96d7-4502-9ea0-c7148af9b5b9 3.172s
2025-11-20 16:08:07.213 65920 INFO tempest.lib.common.rest_client [req-56bfd73c-f264-4ca2-8322-ec2e128a4465 req-56bfd73c-f264-4ca2-8322-ec2e128a4465 ] Request (MigrationsAdminTest:test_list_migrations_in_flavor_resize_situation): 200 GET http://10.180.1.21/compute/v2.1/servers/579f2cda-dd15-496e-8391-e697a54f1f44 3.168s
2025-11-20 16:08:07.303 65940 INFO tempest.lib.common.rest_client [req-cad264c2-6a24-4dea-ad65-4b3673a2c8e9 req-cad264c2-6a24-4dea-ad65-4b3673a2c8e9 ] Request (SecurityGroupRulesNegativeTestJSON:tearDownClass): 204 DELETE http://10.180.1.21/networking/v2.0/networks/89ba3087-069b-49c1-a06b-559c7d8ab2ac 0.256s
2025-11-20 16:08:07.440 65958 INFO tempest.lib.common.rest_client [req-86a4db63-6eed-4d68-9edc-9e00fd6d00f8 req-86a4db63-6eed-4d68-9edc-9e00fd6d00f8 ] Request (ServerActionsTestJSON:setUpClass): 200 GET http://10.180.1.21/compute/v2.1/servers/5623116c-d594-4225-bb3c-c54eccb53281 3.360s
2025-11-20 16:08:07.460 65976 WARNING tempest.lib.common.ssh [-] Failed to establish authenticated ssh connection to cirros@10.180.180.217 ([Errno None] Unable to connect to port 22 on 10.180.180.217). Number attempts: 10. Retry after 11 seconds.: paramiko.ssh_exception.NoValidConnectionsError: [Errno None] Unable to connect to port 22 on 10.180.180.217
2025-11-20 16:08:07.462 65940 INFO tempest.lib.common.rest_client [req-898db3ca-7b11-4a24-966f-d4a7d46ae636 req-898db3ca-7b11-4a24-966f-d4a7d46ae636 ] Request (SecurityGroupRulesNegativeTestJSON:tearDownClass): 204 DELETE http://10.180.1.21/identity/v3/users/a66bafb4f3274538a05ab521fec36f2c 0.156s
2025-11-20 16:08:07.462 65940 INFO tempest.lib.common.dynamic_creds [-] Deleting project and security group for project: 300dbfdb2e3140b99e78338fec21e61f
2025-11-20 16:08:07.532 65928 INFO tempest.lib.common.rest_client [req-74bf77bc-0d05-4ec2-8081-79a13e67c868 req-74bf77bc-0d05-4ec2-8081-79a13e67c868 ] Request (SecurityGroupRulesTestJSON:tearDownClass): 202 DELETE http://10.180.1.21/compute/v2.1/os-security-groups/79857dd2-0f51-4243-a8c7-0ae2db63f5a0 3.322s
2025-11-20 16:08:07.584 65914 INFO tempest.lib.common.rest_client [req-cbe95d5e-28eb-4ef3-a8ce-de65643538e7 req-cbe95d5e-28eb-4ef3-a8ce-de65643538e7 ] Request (ListImageFiltersTestJSON:setUpClass): 200 GET http://10.180.1.21/compute/v2.1/images/600deb63-68f7-4fe2-81c5-62eea11fa143 3.223s
2025-11-20 16:08:07.597 65940 INFO tempest.lib.common.rest_client [req-ccf4623e-747f-412e-9d10-c07349d731b8 req-ccf4623e-747f-412e-9d10-c07349d731b8 ] Request (SecurityGroupRulesNegativeTestJSON:tearDownClass): 200 GET http://10.180.1.21/networking/v2.0/security-groups?tenant_id=300dbfdb2e3140b99e78338fec21e61f&name=default 0.134s
2025-11-20 16:08:07.631 65916 INFO tempest.lib.common.rest_client [req-0f870dd0-4370-478c-940a-9c5820e89c80 req-0f870dd0-4370-478c-940a-9c5820e89c80 ] Request (ServerShowV247Test:test_update_rebuild_list_server): 200 GET http://10.180.1.21/compute/v2.1/servers/dac7b45d-3627-4d51-88cf-f435050b8340 3.324s
2025-11-20 16:08:07.714 65940 INFO tempest.lib.common.rest_client [req-62719d13-c7b0-463d-97dc-a2457e37218c req-62719d13-c7b0-463d-97dc-a2457e37218c ] Request (SecurityGroupRulesNegativeTestJSON:tearDownClass): 204 DELETE http://10.180.1.21/networking/v2.0/security-groups/85f39f71-3b19-4a38-bf54-17023f9d6f09 0.117s
2025-11-20 16:08:07.840 65940 INFO tempest.lib.common.rest_client [req-60993171-3ed1-4fd0-8201-c638491e63b1 req-60993171-3ed1-4fd0-8201-c638491e63b1 ] Request (SecurityGroupRulesNegativeTestJSON:tearDownClass): 204 DELETE http://10.180.1.21/identity/v3/projects/300dbfdb2e3140b99e78338fec21e61f 0.125s
2025-11-20 16:08:07.965 65950 INFO tempest.lib.common.rest_client [req-d4196c44-aad6-4db9-aaa4-c9124a484763 req-d4196c44-aad6-4db9-aaa4-c9124a484763 ] Request (MultipleCreateTestJSON:test_multiple_create): 200 GET http://10.180.1.21/compute/v2.1/servers/ff2fe7f4-67f7-4de9-9c2b-a711dcd9ad8d 3.564s
2025-11-20 16:08:07.989 65918 INFO tempest.lib.common.rest_client [req-ab35def0-8bbe-4ffb-8040-20b9523bf6b9 req-ab35def0-8bbe-4ffb-8040-20b9523bf6b9 ] Request (ListServerFiltersTestJSON:test_list_servers_filtered_by_ip_regex): 200 GET http://10.180.1.21/compute/v2.1/servers/badde44c-0806-4e39-b536-facd240019f9 3.364s
2025-11-20 16:08:07.995 65962 INFO tempest.lib.common.rest_client [req-97e01f75-1407-4275-8da1-da70bb360c50 req-97e01f75-1407-4275-8da1-da70bb360c50 ] Request (FlavorsAdminTestJSON:_run_cleanups): 200 GET http://10.180.1.21/compute/v2.1/flavors/detail 3.357s
2025-11-20 16:08:08.105 65924 INFO tempest.lib.common.rest_client [req-025a6fb1-e5c0-4fc6-9c66-d7421056644c req-025a6fb1-e5c0-4fc6-9c66-d7421056644c ] Request (ListServersNegativeTestJSON:setUpClass): 200 GET http://10.180.1.21/compute/v2.1/servers/fba3878c-69df-413f-a614-0d7fe6ed9884 3.240s
2025-11-20 16:08:08.215 65948 INFO tempest.lib.common.rest_client [req-97c88593-20c4-4284-99f2-90364150cb61 req-97c88593-20c4-4284-99f2-90364150cb61 ] Request (QuotasAdminTestV236:test_get_updated_quotas): 200 PUT http://10.180.1.21/compute/v2.1/os-quota-sets/09a7550e79a34c3f9fc2d2daf1778a0e?user_id=0e9731d64f814fee85952b6b8dc16b7f 3.395s
2025-11-20 16:08:08.234 65954 WARNING tempest.lib.common.ssh [-] Failed to establish authenticated ssh connection to cirros@10.180.180.149 ([Errno None] Unable to connect to port 22 on 10.180.180.149). Number attempts: 7. Retry after 8 seconds.: paramiko.ssh_exception.NoValidConnectionsError: [Errno None] Unable to connect to port 22 on 10.180.180.149
2025-11-20 16:08:08.264 65930 INFO tempest.lib.common.rest_client [req-abca3e1c-4845-4b1d-a6d9-c62e694e0006 req-abca3e1c-4845-4b1d-a6d9-c62e694e0006 ] Request (FloatingIPsAssociationNegativeTestJSON:test_associate_nonexistent_floating_ip): 404 POST http://10.180.1.21/compute/v2.1/servers/3b2967f5-2902-4c1a-9af2-21aa4619281d/action 3.378s
2025-11-20 16:08:08.280 65926 INFO tempest.lib.common.rest_client [req-f9812083-cd66-40dc-87ba-47407ec6ccd2 req-f9812083-cd66-40dc-87ba-47407ec6ccd2 ] Request (HostsAdminNegativeTestJSON:test_update_nonexistent_host): 404 PUT http://10.180.1.21/compute/v2.1/os-hosts/nonexistent_hostname 3.261s
2025-11-20 16:08:08.305 65966 INFO tempest.lib.common.rest_client [req-828b9549-aec0-44bd-a2d0-f186b71e9cf0 req-828b9549-aec0-44bd-a2d0-f186b71e9cf0 ] Request (ServersAdminNegativeTestJSON:test_migrate_server_invalid_state): 200 GET http://10.180.1.21/compute/v2.1/servers/ac391b9f-e1d9-428b-b09b-8263c6e89449 3.311s
2025-11-20 16:08:08.445 65926 INFO tempest.lib.common.rest_client [req-2d26b746-5ebf-4a22-b22b-caf31c182325 req-2d26b746-5ebf-4a22-b22b-caf31c182325 ] Request (HostsAdminNegativeTestJSON:tearDownClass): 204 DELETE http://10.180.1.21/identity/v3/users/e8edc5f1a11a4bbbb9130801dc684868 0.162s
2025-11-20 16:08:08.449 65956 INFO tempest.lib.common.rest_client [req-90d131d2-ca9a-422f-a4fc-cca621382b06 req-90d131d2-ca9a-422f-a4fc-cca621382b06 ] Request (ServerMetadataNegativeTestJSON:tearDownClass): 200 GET http://10.180.1.21/compute/v2.1/servers/4e4917cf-de89-4b55-bc73-9c8fc38b826d 2.844s
2025-11-20 16:08:08.456 65956 INFO tempest.common.waiters [-] State transition "ACTIVE/deleting" ==> "DELETED/None" after 4 second wait
2025-11-20 16:08:08.483 65932 INFO tempest.lib.common.rest_client [req-04960cd1-6977-402a-9d64-a6c21f4e07e2 req-04960cd1-6977-402a-9d64-a6c21f4e07e2 ] Request (ServersTestBootFromVolume:setUpClass): 200 GET http://10.180.1.21/compute/v2.1/servers/a9442a9b-1eac-40a6-bd23-9a462cec3e04 3.026s
2025-11-20 16:08:08.492 65932 INFO tempest.common.waiters [-] State transition "BUILD/spawning" ==> "ACTIVE/None" after 30 second wait
2025-11-20 16:08:08.579 65926 INFO tempest.lib.common.rest_client [req-a18036d2-8c33-4ba3-aa3a-3702152f2bbe req-a18036d2-8c33-4ba3-aa3a-3702152f2bbe ] Request (HostsAdminNegativeTestJSON:tearDownClass): 204 DELETE http://10.180.1.21/identity/v3/users/b03363d7ce2d4c2985c6ab1461474fa8 0.134s
2025-11-20 16:08:08.580 65926 INFO tempest.lib.common.dynamic_creds [-] Deleting project and security group for project: ce73128c680042c093a8407056344455
2025-11-20 16:08:08.606 65970 INFO tempest.lib.common.rest_client [req-3e14eac9-4311-4e3c-889c-c3d9a99f8d2f req-3e14eac9-4311-4e3c-889c-c3d9a99f8d2f ] Request (ServerTagsTestJSON:tearDownClass): 200 GET http://10.180.1.21/compute/v2.1/servers/6053335b-514e-462c-88e7-c95c37cbdcd7 2.737s
2025-11-20 16:08:08.632 65936 INFO tempest.lib.common.rest_client [req-6454172c-577a-4e52-8fe3-087034c89622 req-6454172c-577a-4e52-8fe3-087034c89622 ] Request (ServerAddressesTestJSON:setUpClass): 200 GET http://10.180.1.21/compute/v2.1/servers/7a780dec-124b-4653-ae16-b955ec506eb4 2.897s
2025-11-20 16:08:08.661 65926 INFO tempest.lib.common.rest_client [req-9dad8032-a3d9-4f54-b6a4-cdc25b308e20 req-9dad8032-a3d9-4f54-b6a4-cdc25b308e20 ] Request (HostsAdminNegativeTestJSON:tearDownClass): 201 POST http://10.180.1.21/identity/v3/auth/tokens 0.081s
2025-11-20 16:08:08.881 65926 INFO tempest.lib.common.rest_client [req-dadba9e7-148b-4687-89bb-e03a078c1507 req-dadba9e7-148b-4687-89bb-e03a078c1507 ] Request (HostsAdminNegativeTestJSON:tearDownClass): 200 GET http://10.180.1.21/networking/v2.0/security-groups?tenant_id=ce73128c680042c093a8407056344455&name=default 0.219s
2025-11-20 16:08:08.910 65974 INFO tempest.lib.common.rest_client [req-ada8d57c-e13d-4684-adb7-9d923335abf1 req-ada8d57c-e13d-4684-adb7-9d923335abf1 ] Request (ServerDiagnosticsV248Test:test_get_server_diagnostics): 200 GET http://10.180.1.21/compute/v2.1/servers/f057b0cf-362e-4919-a105-705ea1224103 2.910s
2025-11-20 16:08:08.937 65952 INFO tempest.lib.common.rest_client [req-483647d4-6e0b-4d65-b27f-e55bb86f9be6 req-483647d4-6e0b-4d65-b27f-e55bb86f9be6 ] Request (SecurityGroupsTestJSON:test_list_security_groups_by_server): 200 GET http://10.180.1.21/compute/v2.1/servers/3eaa162b-361d-4904-9379-1511d559c778 3.050s
2025-11-20 16:08:08.943 65952 INFO tempest.common.waiters [-] State transition "BUILD/networking" ==> "BUILD/spawning" after 27 second wait
2025-11-20 16:08:09.050 65926 INFO tempest.lib.common.rest_client [req-90dcb07b-d12c-40f5-b239-8deae19180f2 req-90dcb07b-d12c-40f5-b239-8deae19180f2 ] Request (HostsAdminNegativeTestJSON:tearDownClass): 204 DELETE http://10.180.1.21/networking/v2.0/security-groups/91df16ac-92f8-4a12-964a-0f45e90b5e34 0.168s
2025-11-20 16:08:09.076 65942 INFO tempest.lib.common.rest_client [req-432638f0-03b6-44b7-bc98-4e3bdf20225a req-432638f0-03b6-44b7-bc98-4e3bdf20225a ] Request (ServersTestFqdnHostnames:test_create_server_with_fqdn_name): 200 GET http://10.180.1.21/compute/v2.1/servers/6a46dd0d-4302-47b2-9a30-76c7616fc775 3.057s
2025-11-20 16:08:09.165 65934 INFO tempest.lib.common.rest_client [req-d3d85e66-0d1b-4572-8201-47cab9602f12 req-d3d85e66-0d1b-4572-8201-47cab9602f12 ] Request (ServersAdmin275Test:tearDownClass): 200 GET http://10.180.1.21/compute/v2.1/servers/d5c4e241-14b4-4e3d-a677-708c57459331 2.857s
2025-11-20 16:08:09.170 65926 INFO tempest.lib.common.rest_client [req-f3386e40-f8bb-4350-b764-782b85df1a73 req-f3386e40-f8bb-4350-b764-782b85df1a73 ] Request (HostsAdminNegativeTestJSON:tearDownClass): 204 DELETE http://10.180.1.21/identity/v3/projects/ce73128c680042c093a8407056344455 0.119s
2025-11-20 16:08:09.170 65926 INFO tempest.lib.common.dynamic_creds [-] Deleting project and security group for project: 236c4dfdb5cd403aaf7e978c014dcfae
2025-11-20 16:08:09.172 65944 INFO tempest.lib.common.rest_client [req-0bdf4722-07ef-40ca-8a6e-f4b4f5373eb6 req-0bdf4722-07ef-40ca-8a6e-f4b4f5373eb6 ] Request (AttachVolumeNegativeTest:test_attach_attached_volume_to_different_server): 200 GET http://10.180.1.21/compute/v2.1/servers/a1c386dd-5b18-4521-b486-0cfbc484a41b 2.675s
2025-11-20 16:08:09.291 65960 INFO tempest.lib.common.rest_client [req-8cddb31b-fa8e-4a47-b1e7-1651931b88c6 req-8cddb31b-fa8e-4a47-b1e7-1651931b88c6 ] Request (ImagesTestJSON:_run_cleanups): 204 DELETE http://10.180.1.21/compute/v2.1/servers/31c69491-514a-4f5f-8a51-aacb970038a7 2.569s
2025-11-20 16:08:09.320 65926 INFO tempest.lib.common.rest_client [req-b82d3758-07a2-4eb3-b4bd-2e403c0a03e7 req-b82d3758-07a2-4eb3-b4bd-2e403c0a03e7 ] Request (HostsAdminNegativeTestJSON:tearDownClass): 200 GET http://10.180.1.21/networking/v2.0/security-groups?tenant_id=236c4dfdb5cd403aaf7e978c014dcfae&name=default 0.149s
2025-11-20 16:08:09.399 65960 INFO tempest.lib.common.rest_client [req-336871af-586f-47dd-99af-3bee97d8d1f0 req-336871af-586f-47dd-99af-3bee97d8d1f0 ] Request (ImagesTestJSON:test_create_server_from_snapshot): 201 POST http://10.180.1.21/identity/v3/auth/tokens 0.103s
2025-11-20 16:08:09.399 65960 INFO tempest.lib.common.fixed_network [-] (ImagesTestJSON:test_create_server_from_snapshot) Found network {'id': '9f7d5bb9-3ee7-4c26-97a6-8b1efb291aa1', 'name': 'tempest-ImagesTestJSON-496826967-network', 'tenant_id': 'e3499b5a6de9467eaa5288edd639632f', 'project_id': 'e3499b5a6de9467eaa5288edd639632f', 'admin_state_up': True, 'mtu': 8950, 'status': 'ACTIVE', 'subnets': [], 'shared': False, 'port_security_enabled': True, 'router:external': False, 'provider:network_type': 'vlan', 'provider:physical_network': 'default', 'provider:segmentation_id': 939, 'availability_zone_hints': [], 'availability_zones': [], 'ipv4_address_scope': None, 'ipv6_address_scope': None, 'description': '', 'tags': [], 'created_at': '2025-11-20T16:05:47Z', 'updated_at': '2025-11-20T16:05:47Z', 'revision_number': 1} available for tenant
2025-11-20 16:08:09.405 65938 INFO tempest.lib.common.rest_client [req-5c6261b3-7855-4ba4-a691-966fe0f212c1 req-5c6261b3-7855-4ba4-a691-966fe0f212c1 ] Request (QuotasAdminNegativeTest:_run_cleanups): 200 PUT http://10.180.1.21/compute/v2.1/os-quota-sets/3fdddc09263e413da71ea4e84073f641 2.566s
2025-11-20 16:08:09.451 65926 INFO tempest.lib.common.rest_client [req-fce98acb-ce06-43de-8f1e-d5871eff964f req-fce98acb-ce06-43de-8f1e-d5871eff964f ] Request (HostsAdminNegativeTestJSON:tearDownClass): 204 DELETE http://10.180.1.21/networking/v2.0/security-groups/dfdd7747-6ea9-41c8-babf-fa686466d7be 0.130s
2025-11-20 16:08:09.545 65922 INFO tempest.lib.common.rest_client [req-45991002-5c5f-4596-99fa-af10cd8b6991 req-45991002-5c5f-4596-99fa-af10cd8b6991 ] Request (FloatingIPsAssociationTestJSON:test_associate_already_associated_floating_ip): 200 GET http://10.180.1.21/compute/v2.1/servers/05eb4127-089a-43dc-b515-96766a4f7651 2.208s
2025-11-20 16:08:09.555 65926 INFO tempest.lib.common.rest_client [req-78375130-eeef-4795-ab40-bcc5e251f87d req-78375130-eeef-4795-ab40-bcc5e251f87d ] Request (HostsAdminNegativeTestJSON:tearDownClass): 204 DELETE http://10.180.1.21/identity/v3/projects/236c4dfdb5cd403aaf7e978c014dcfae 0.104s
2025-11-20 16:08:09.555 65922 INFO tempest.common.waiters [-] State transition "BUILD/None" ==> "BUILD/spawning" after 28 second wait
2025-11-20 16:08:09.556 65926 INFO tempest.test [-] raised in TestMultiAttachVolumeSwap.setUpClass. Invoking tearDownClass.
2025-11-20 16:08:09.621 65926 INFO tempest.lib.common.rest_client [req-5b3b8a8f-8cb8-49ac-93b7-6f6e4268d24d req-5b3b8a8f-8cb8-49ac-93b7-6f6e4268d24d ] Request (ImagesMetadataNegativeTestJSON:setUpClass): 201 POST http://10.180.1.21/identity/v3/auth/tokens 0.063s
2025-11-20 16:08:09.645 65928 INFO tempest.lib.common.rest_client [req-87d80958-4a6f-499e-848e-d605124a7fd0 req-87d80958-4a6f-499e-848e-d605124a7fd0 ] Request (SecurityGroupRulesTestJSON:tearDownClass): 202 DELETE http://10.180.1.21/compute/v2.1/os-security-groups/ffc2a28c-eec7-40f5-8a6f-f361579a5635 2.112s
2025-11-20 16:08:09.653 65926 INFO tempest.lib.common.rest_client [req-c96cb24c-16d3-43b9-89dc-9b388d2ca741 req-c96cb24c-16d3-43b9-89dc-9b388d2ca741 ] Request (ImagesMetadataNegativeTestJSON:setUpClass): 201 POST http://10.180.1.21/identity/v3/auth/tokens 0.029s
2025-11-20 16:08:09.678 65914 INFO tempest.lib.common.rest_client [req-2d2ffdc3-7a64-464b-a0b7-c6aa297943d3 req-2d2ffdc3-7a64-464b-a0b7-c6aa297943d3 ] Request (ListImageFiltersTestJSON:setUpClass): 200 GET http://10.180.1.21/compute/v2.1/images/600deb63-68f7-4fe2-81c5-62eea11fa143 2.090s
2025-11-20 16:08:09.680 65926 INFO tempest.lib.common.rest_client [req-3c7d42e7-17ab-45c6-9cdc-3b81da0c8a9a req-3c7d42e7-17ab-45c6-9cdc-3b81da0c8a9a ] Request (ImagesMetadataNegativeTestJSON:setUpClass): 200 GET http://10.180.1.21/identity/v3/domains?name=Default 0.026s
2025-11-20 16:08:09.714 65926 INFO tempest.lib.common.rest_client [req-6390d040-18d8-4bf4-9f43-74c1aa110736 req-6390d040-18d8-4bf4-9f43-74c1aa110736 ] Request (ImagesMetadataNegativeTestJSON:setUpClass): 201 POST http://10.180.1.21/identity/v3/projects 0.034s
2025-11-20 16:08:09.770 65950 INFO tempest.lib.common.rest_client [req-6f9ed2bf-6ab7-41db-8af0-615856b99b55 req-6f9ed2bf-6ab7-41db-8af0-615856b99b55 ] Request (MultipleCreateTestJSON:_run_cleanups): 204 DELETE http://10.180.1.21/compute/v2.1/servers/ff2fe7f4-67f7-4de9-9c2b-a711dcd9ad8d 1.796s
2025-11-20 16:08:09.774 65926 INFO tempest.lib.common.rest_client [req-6f3f7dcf-24f0-4483-b34f-0e31b7995e6a req-6f3f7dcf-24f0-4483-b34f-0e31b7995e6a ] Request (ImagesMetadataNegativeTestJSON:setUpClass): 201 POST http://10.180.1.21/identity/v3/users 0.059s
2025-11-20 16:08:09.796 65926 INFO tempest.lib.common.rest_client [req-95ce7606-3d42-4854-b36f-7faba31be274 req-95ce7606-3d42-4854-b36f-7faba31be274 ] Request (ImagesMetadataNegativeTestJSON:setUpClass): 200 GET http://10.180.1.21/identity/v3/roles 0.021s
2025-11-20 16:08:09.831 65926 INFO tempest.lib.common.rest_client [req-d97bd728-5b7a-4324-938d-2e649a454920 req-d97bd728-5b7a-4324-938d-2e649a454920 ] Request (ImagesMetadataNegativeTestJSON:setUpClass): 204 PUT http://10.180.1.21/identity/v3/projects/23b483b3eb66475c8da4bd25332df50e/users/f48dcb5a4cd841928e3524a933d86a88/roles/e553200e9a924c8696304dfaf2472c3d 0.035s
2025-11-20 16:08:09.832 65926 INFO tempest.lib.common.dynamic_creds [-] Dynamic test user f48dcb5a4cd841928e3524a933d86a88 is created with scope project and roles: ['member']
2025-11-20 16:08:09.832 65926 INFO tempest.lib.common.dynamic_creds [-] Acquired dynamic creds: credentials: Credentials: {'domain_id': 'default', 'domain_name': 'Default', 'username': 'tempest-ImagesMetadataNegativeTestJSON-671819967-project-member', 'project_domain_id': 'default', 'project_domain_name': 'Default', 'project_id': '23b483b3eb66475c8da4bd25332df50e', 'project_name': 'tempest-ImagesMetadataNegativeTestJSON-671819967', 'tenant_id': '23b483b3eb66475c8da4bd25332df50e', 'tenant_name': 'tempest-ImagesMetadataNegativeTestJSON-671819967', 'user_domain_id': 'default', 'user_domain_name': 'Default', 'user_id': 'f48dcb5a4cd841928e3524a933d86a88', 'system': None}, Network: None, Subnet: None, Router: None
2025-11-20 16:08:09.832 65926 INFO tempest.lib.common.dynamic_creds [-] Created isolated network resources for: credentials: Credentials: {'domain_id': 'default', 'domain_name': 'Default', 'username': 'tempest-ImagesMetadataNegativeTestJSON-671819967-project-member', 'project_domain_id': 'default', 'project_domain_name': 'Default', 'project_id': '23b483b3eb66475c8da4bd25332df50e', 'project_name': 'tempest-ImagesMetadataNegativeTestJSON-671819967', 'tenant_id': '23b483b3eb66475c8da4bd25332df50e', 'tenant_name': 'tempest-ImagesMetadataNegativeTestJSON-671819967', 'user_domain_id': 'default', 'user_domain_name': 'Default', 'user_id': 'f48dcb5a4cd841928e3524a933d86a88', 'system': None}, Network: None, Subnet: None, Router: None
2025-11-20 16:08:09.891 65918 INFO tempest.lib.common.rest_client [req-73b432c3-8ffa-40da-aad4-3cab54ad6c17 req-73b432c3-8ffa-40da-aad4-3cab54ad6c17 ] Request (ListServerFiltersTestJSON:test_list_servers_filtered_by_ip_regex): 200 GET http://10.180.1.21/compute/v2.1/servers/c83d1c2b-236b-453b-a174-0519443bfde4 1.884s
2025-11-20 16:08:09.926 65926 INFO tempest.lib.common.rest_client [req-e80ec0d5-4ce5-4823-8a8c-ca2cdfeca9d4 req-e80ec0d5-4ce5-4823-8a8c-ca2cdfeca9d4 ] Request (ImagesMetadataNegativeTestJSON:setUpClass): 201 POST http://10.180.1.21/identity/v3/auth/tokens 0.088s
2025-11-20 16:08:09.932 65962 INFO tempest.lib.common.rest_client [req-4af0f76c-c8ac-40f8-9aea-5d1adf7225f9 req-4af0f76c-c8ac-40f8-9aea-5d1adf7225f9 ] Request (FlavorsAdminTestJSON:_run_cleanups): 202 DELETE http://10.180.1.21/compute/v2.1/flavors/426477949 1.926s
2025-11-20 16:08:10.075 65914 INFO tempest.lib.common.rest_client [req-f8d841c0-d554-4c6f-a0ea-235d7f8537da req-f8d841c0-d554-4c6f-a0ea-235d7f8537da ] Request (ListImageFiltersTestJSON:setUpClass): 201 POST http://10.180.1.21/image/v2/images 0.393s
2025-11-20 16:08:10.119 65946 INFO tempest.lib.common.rest_client [req-36b06486-81c7-4923-839c-709f389b09b3 req-36b06486-81c7-4923-839c-709f389b09b3 ] Request (ServerActionsTestOtherA:test_rebuild_server_in_stop_state): 200 GET http://10.180.1.21/compute/v2.1/servers/775c327c-96d7-4502-9ea0-c7148af9b5b9 1.955s
2025-11-20 16:08:10.267 65948 INFO tempest.lib.common.rest_client [req-8f40e568-f0c7-475a-96f2-5f41db3eff09 req-8f40e568-f0c7-475a-96f2-5f41db3eff09 ] Request (QuotasAdminTestV236:test_get_updated_quotas): 200 GET http://10.180.1.21/compute/v2.1/os-quota-sets/09a7550e79a34c3f9fc2d2daf1778a0e?user_id=0e9731d64f814fee85952b6b8dc16b7f 2.051s
2025-11-20 16:08:10.358 65948 INFO tempest.lib.common.rest_client [req-37b172ac-7966-402b-b20f-11dd17fe7a15 req-37b172ac-7966-402b-b20f-11dd17fe7a15 ] Request (QuotasAdminTestV236:_run_cleanups): 204 DELETE http://10.180.1.21/identity/v3/users/0e9731d64f814fee85952b6b8dc16b7f 0.088s
2025-11-20 16:08:10.443 65920 INFO tempest.lib.common.rest_client [req-1d22a37d-7431-4116-9668-89bbd354ad89 req-1d22a37d-7431-4116-9668-89bbd354ad89 ] Request (MigrationsAdminTest:test_list_migrations_in_flavor_resize_situation): 200 GET http://10.180.1.21/compute/v2.1/servers/579f2cda-dd15-496e-8391-e697a54f1f44 2.222s
2025-11-20 16:08:10.467 65948 INFO tempest.lib.common.rest_client [req-fc30ee30-5624-486e-9463-a87cb247482e req-fc30ee30-5624-486e-9463-a87cb247482e ] Request (QuotasAdminTestV236:_run_cleanups): 204 DELETE http://10.180.1.21/identity/v3/projects/09a7550e79a34c3f9fc2d2daf1778a0e 0.109s
2025-11-20 16:08:10.488 65930 INFO tempest.lib.common.rest_client [req-b9338cc0-549a-43be-b78c-621c686c26af req-b9338cc0-549a-43be-b78c-621c686c26af ] Request (FloatingIPsAssociationNegativeTestJSON:test_dissociate_nonexistent_floating_ip): 404 POST http://10.180.1.21/compute/v2.1/servers/3b2967f5-2902-4c1a-9af2-21aa4619281d/action 2.222s
2025-11-20 16:08:10.621 65948 INFO tempest.lib.common.rest_client [req-f215aebc-970a-48eb-8001-985a6d770282 req-f215aebc-970a-48eb-8001-985a6d770282 ] Request (QuotasAdminTestV236:tearDownClass): 204 DELETE http://10.180.1.21/identity/v3/users/65ac9eb3af084eaf8998f7bb9b7837ca 0.149s
2025-11-20 16:08:10.640 65958 INFO tempest.lib.common.rest_client [req-590c750f-897c-41b2-8ec3-bfe51158756b req-590c750f-897c-41b2-8ec3-bfe51158756b ] Request (ServerActionsTestJSON:setUpClass): 200 GET http://10.180.1.21/compute/v2.1/servers/5623116c-d594-4225-bb3c-c54eccb53281 2.178s
2025-11-20 16:08:10.647 65958 INFO tempest.common.waiters [-] State transition "BUILD/spawning" ==> "ACTIVE/None" after 31 second wait
2025-11-20 16:08:10.703 65932 INFO tempest.lib.common.rest_client [req-79563aff-50ac-44b8-b2ae-2600fa92ebde req-79563aff-50ac-44b8-b2ae-2600fa92ebde ] Request (ServersTestBootFromVolume:setUpClass): 200 GET http://10.180.1.21/compute/v2.1/servers/a9442a9b-1eac-40a6-bd23-9a462cec3e04/os-interface 2.211s
2025-11-20 16:08:10.727 65948 INFO tempest.lib.common.rest_client [req-e6ec1b99-0c37-46ee-b863-221e8ca2778b req-e6ec1b99-0c37-46ee-b863-221e8ca2778b ] Request (QuotasAdminTestV236:tearDownClass): 204 DELETE http://10.180.1.21/identity/v3/users/2bb5590d533844aba791988ce463d6be 0.105s
2025-11-20 16:08:10.727 65948 INFO tempest.lib.common.dynamic_creds [-] Deleting project and security group for project: 75e83bcf7da24c16bfdda36e0cd3505b
2025-11-20 16:08:10.775 65916 INFO tempest.lib.common.rest_client [req-b385cb0e-7c96-4ff8-ace0-9b7d9b21b35e req-b385cb0e-7c96-4ff8-ace0-9b7d9b21b35e ] Request (ServerShowV247Test:test_update_rebuild_list_server): 200 GET http://10.180.1.21/compute/v2.1/servers/dac7b45d-3627-4d51-88cf-f435050b8340 2.133s
2025-11-20 16:08:10.787 65916 INFO tempest.common.waiters [-] State transition "BUILD/scheduling" ==> "BUILD/None" after 3 second wait
2025-11-20 16:08:10.821 65948 INFO tempest.lib.common.rest_client [req-f79bd1bf-a811-49b2-832f-ecb47738a8e7 req-f79bd1bf-a811-49b2-832f-ecb47738a8e7 ] Request (QuotasAdminTestV236:tearDownClass): 201 POST http://10.180.1.21/identity/v3/auth/tokens 0.094s
2025-11-20 16:08:11.041 65948 INFO tempest.lib.common.rest_client [req-02861861-06c5-463a-ab0f-abc80b6e54ca req-02861861-06c5-463a-ab0f-abc80b6e54ca ] Request (QuotasAdminTestV236:tearDownClass): 200 GET http://10.180.1.21/networking/v2.0/security-groups?tenant_id=75e83bcf7da24c16bfdda36e0cd3505b&name=default 0.219s
2025-11-20 16:08:11.073 65924 INFO tempest.lib.common.rest_client [req-6ca353ec-f59d-4a31-a26a-917846b62102 req-6ca353ec-f59d-4a31-a26a-917846b62102 ] Request (ListServersNegativeTestJSON:setUpClass): 200 GET http://10.180.1.21/compute/v2.1/servers/fba3878c-69df-413f-a614-0d7fe6ed9884 1.959s
2025-11-20 16:08:11.264 65948 INFO tempest.lib.common.rest_client [req-816ea1f6-4e18-455f-9eef-db95ac1d3388 req-816ea1f6-4e18-455f-9eef-db95ac1d3388 ] Request (QuotasAdminTestV236:tearDownClass): 204 DELETE http://10.180.1.21/networking/v2.0/security-groups/e1c9570a-d8a5-4269-ae2a-e4b7f0ce9e3b 0.222s
2025-11-20 16:08:11.292 65966 INFO tempest.lib.common.rest_client [req-9e6a4ba4-bada-4853-bb0e-9cd1e4252896 req-9e6a4ba4-bada-4853-bb0e-9cd1e4252896 ] Request (ServersAdminNegativeTestJSON:test_migrate_server_invalid_state): 200 GET http://10.180.1.21/compute/v2.1/servers/ac391b9f-e1d9-428b-b09b-8263c6e89449 1.980s
2025-11-20 16:08:11.305 65966 INFO tempest.common.waiters [-] State transition "BUILD/scheduling" ==> "BUILD/None" after 8 second wait
2025-11-20 16:08:11.405 65948 INFO tempest.lib.common.rest_client [req-5ff5b980-1946-40ff-886f-3a59f4add314 req-5ff5b980-1946-40ff-886f-3a59f4add314 ] Request (QuotasAdminTestV236:tearDownClass): 204 DELETE http://10.180.1.21/identity/v3/projects/75e83bcf7da24c16bfdda36e0cd3505b 0.141s
2025-11-20 16:08:11.405 65948 INFO tempest.lib.common.dynamic_creds [-] Deleting project and security group for project: fc65ce9e635c4aa09bdc6d8974c7966a
2025-11-20 16:08:11.413 65932 INFO tempest.lib.common.rest_client [req-3a11246f-46fe-4041-8325-691846cfbd54 req-3a11246f-46fe-4041-8325-691846cfbd54 ] Request (ServersTestBootFromVolume:setUpClass): 200 PUT http://10.180.1.21/networking/v2.0/floatingips/32898e39-f9f3-4281-bf87-2b04273c257c 0.706s
2025-11-20 16:08:11.590 65948 INFO tempest.lib.common.rest_client [req-535fbb90-686e-47b4-8e05-b5ff0f66e51a req-535fbb90-686e-47b4-8e05-b5ff0f66e51a ] Request (QuotasAdminTestV236:tearDownClass): 200 GET http://10.180.1.21/networking/v2.0/security-groups?tenant_id=fc65ce9e635c4aa09bdc6d8974c7966a&name=default 0.184s
2025-11-20 16:08:11.784 65948 INFO tempest.lib.common.rest_client [req-efe28994-28d5-4012-a28b-1d7c5ed739e1 req-efe28994-28d5-4012-a28b-1d7c5ed739e1 ] Request (QuotasAdminTestV236:tearDownClass): 204 DELETE http://10.180.1.21/networking/v2.0/security-groups/e0e66fff-344d-4df7-bcb3-fc365c56e2d8 0.194s
2025-11-20 16:08:11.918 65948 INFO tempest.lib.common.rest_client [req-549977f7-651b-4ab8-8af3-a8b30540d69b req-549977f7-651b-4ab8-8af3-a8b30540d69b ] Request (QuotasAdminTestV236:tearDownClass): 204 DELETE http://10.180.1.21/identity/v3/projects/fc65ce9e635c4aa09bdc6d8974c7966a 0.133s
2025-11-20 16:08:11.919 65948 INFO tempest.test [-] raised in NoVNCConsoleTestJSON.setUpClass. Invoking tearDownClass.
2025-11-20 16:08:11.934 65914 INFO tempest.lib.common.rest_client [req-f95b1351-9c57-4fab-95ef-ecbaab2fc100 req-f95b1351-9c57-4fab-95ef-ecbaab2fc100 ] Request (ListImageFiltersTestJSON:setUpClass): 204 PUT http://10.180.1.21/image/v2/images/e2239a24-23e1-4368-84dd-37f14dea77e0/file 0.857s
2025-11-20 16:08:11.991 65948 INFO tempest.lib.common.rest_client [req-457c65a4-29d8-411f-97f6-eb797b9d6f99 req-457c65a4-29d8-411f-97f6-eb797b9d6f99 ] Request (ServerGroup264TestJSON:setUpClass): 201 POST http://10.180.1.21/identity/v3/auth/tokens 0.068s
2025-11-20 16:08:12.034 65948 INFO tempest.lib.common.rest_client [req-8c222f2b-c96e-4036-adef-73b27a288cce req-8c222f2b-c96e-4036-adef-73b27a288cce ] Request (ServerGroup264TestJSON:setUpClass): 201 POST http://10.180.1.21/identity/v3/auth/tokens 0.040s
2025-11-20 16:08:12.061 65948 INFO tempest.lib.common.rest_client [req-767ebeeb-f1db-4d70-b591-3d6dc906d865 req-767ebeeb-f1db-4d70-b591-3d6dc906d865 ] Request (ServerGroup264TestJSON:setUpClass): 200 GET http://10.180.1.21/identity/v3/domains?name=Default 0.026s
2025-11-20 16:08:12.091 65948 INFO tempest.lib.common.rest_client [req-b4460dd0-0186-498b-9a65-77bd3fe7b147 req-b4460dd0-0186-498b-9a65-77bd3fe7b147 ] Request (ServerGroup264TestJSON:setUpClass): 201 POST http://10.180.1.21/identity/v3/projects 0.029s
2025-11-20 16:08:12.186 65948 INFO tempest.lib.common.rest_client [req-5d3cef35-a0d9-490e-bb18-505a791b9dd2 req-5d3cef35-a0d9-490e-bb18-505a791b9dd2 ] Request (ServerGroup264TestJSON:setUpClass): 201 POST http://10.180.1.21/identity/v3/users 0.094s
2025-11-20 16:08:12.199 65960 INFO tempest.lib.common.rest_client [req-77dfbba3-20a3-4927-b530-79eccedb6d0e req-77dfbba3-20a3-4927-b530-79eccedb6d0e ] Request (ImagesTestJSON:test_create_server_from_snapshot): 202 POST http://10.180.1.21/compute/v2.1/servers 2.799s
2025-11-20 16:08:12.213 65948 INFO tempest.lib.common.rest_client [req-1f5cd160-c918-461b-9c2e-a391b0ff0374 req-1f5cd160-c918-461b-9c2e-a391b0ff0374 ] Request (ServerGroup264TestJSON:setUpClass): 200 GET http://10.180.1.21/identity/v3/roles 0.026s
2025-11-20 16:08:12.254 65948 INFO tempest.lib.common.rest_client [req-ecdecd2e-68bd-4260-9231-5212292a4b4c req-ecdecd2e-68bd-4260-9231-5212292a4b4c ] Request (ServerGroup264TestJSON:setUpClass): 204 PUT http://10.180.1.21/identity/v3/projects/4f664cd2c8b34bcbaf3793c7e4d07713/users/6cd95eb2e5e8428a9a129595b7ec7ad9/roles/e553200e9a924c8696304dfaf2472c3d 0.040s
2025-11-20 16:08:12.255 65948 INFO tempest.lib.common.dynamic_creds [-] Dynamic test user 6cd95eb2e5e8428a9a129595b7ec7ad9 is created with scope project and roles: ['member']
