2025-11-20 16:09:03.286 65958 INFO paramiko.transport [-] Authentication (publickey) successful!
2025-11-20 16:09:03.286 65958 INFO tempest.lib.common.ssh [-] ssh connection to cirros@10.180.180.245 successfully created
2025-11-20 16:09:03.296 65930 INFO tempest.lib.common.rest_client [req-33413438-21fc-40bb-84fb-db3e4884f0b7 req-33413438-21fc-40bb-84fb-db3e4884f0b7 ] Request (InstanceActionsTestJSON:setUpClass): 200 GET http://10.180.1.21/compute/v2.1/servers/9ba34c7b-0b34-49d2-8f4c-6abfa17b884c 0.781s
2025-11-20 16:09:03.311 65916 INFO tempest.lib.common.rest_client [req-4fbc4af6-2606-40b6-9aab-03797f6a0609 req-4fbc4af6-2606-40b6-9aab-03797f6a0609 ] Request (ServerShowV247Test:tearDownClass): 200 GET http://10.180.1.21/compute/v2.1/servers/dac7b45d-3627-4d51-88cf-f435050b8340 0.772s
2025-11-20 16:09:03.968 65942 WARNING tempest.lib.common.ssh [-] Failed to establish authenticated ssh connection to cirros@10.180.180.146 ([Errno None] Unable to connect to port 22 on 10.180.180.146). Number attempts: 6. Retry after 7 seconds.: paramiko.ssh_exception.NoValidConnectionsError: [Errno None] Unable to connect to port 22 on 10.180.180.146
2025-11-20 16:09:04.134 65936 INFO tempest.lib.common.rest_client [req-cc5ddf00-f3eb-445e-b779-10342cd0113a req-cc5ddf00-f3eb-445e-b779-10342cd0113a ] Request (ServerMetadataTestJSON:setUpClass): 200 PUT http://10.180.1.21/networking/v2.0/routers/f2e766a1-e18b-4e66-9671-a16f51aeff49/add_router_interface 0.866s
2025-11-20 16:09:04.134 65936 INFO tempest.lib.common.dynamic_creds [-] Created isolated network resources for: credentials: Credentials: {'domain_id': 'default', 'domain_name': 'Default', 'username': 'tempest-ServerMetadataTestJSON-1818714194-project-member', 'project_domain_id': 'default', 'project_domain_name': 'Default', 'project_id': 'f3b5d104ec7e4dc58c74a5c67ed1cf4a', 'project_name': 'tempest-ServerMetadataTestJSON-1818714194', 'tenant_id': 'f3b5d104ec7e4dc58c74a5c67ed1cf4a', 'tenant_name': 'tempest-ServerMetadataTestJSON-1818714194', 'user_domain_id': 'default', 'user_domain_name': 'Default', 'user_id': '5efc1911566d494fb89dda94da0f64c8', 'system': None}, Network: {'id': 'f5405d42-b22e-408c-8dfc-7815e0401bb1', 'name': 'tempest-ServerMetadataTestJSON-1792146576-network', 'tenant_id': 'f3b5d104ec7e4dc58c74a5c67ed1cf4a', 'project_id': 'f3b5d104ec7e4dc58c74a5c67ed1cf4a', 'admin_state_up': True, 'mtu': 8950, 'status': 'ACTIVE', 'subnets': [], 'shared': False, 'port_security_enabled': True, 'router:external': False, 'provider:network_type': 'vlan', 'provider:physical_network': 'default', 'provider:segmentation_id': 494, 'availability_zone_hints': [], 'availability_zones': [], 'ipv4_address_scope': None, 'ipv6_address_scope': None, 'description': '', 'tags': [], 'created_at': '2025-11-20T16:09:02Z', 'updated_at': '2025-11-20T16:09:02Z', 'revision_number': 1}, Subnet: {'id': '0e0e0a5f-5a98-41d3-b597-858061efb66f', 'name': 'tempest-ServerMetadataTestJSON-1792146576-subnet', 'tenant_id': 'f3b5d104ec7e4dc58c74a5c67ed1cf4a', 'network_id': 'f5405d42-b22e-408c-8dfc-7815e0401bb1', 'ip_version': 4, 'subnetpool_id': None, 'enable_dhcp': True, 'ipv6_ra_mode': None, 'ipv6_address_mode': None, 'gateway_ip': '192.168.128.1', 'cidr': '192.168.128.0/28', 'allocation_pools': [{'start': '192.168.128.2', 'end': '192.168.128.14'}], 'host_routes': [], 'dns_nameservers': [], 'description': '', 'router:external': False, 'service_types': [], 'tags': [], 'created_at': '2025-11-20T16:09:02Z', 'updated_at': '2025-11-20T16:09:02Z', 'revision_number': 0, 'project_id': 'f3b5d104ec7e4dc58c74a5c67ed1cf4a'}, Router: {'id': 'f2e766a1-e18b-4e66-9671-a16f51aeff49', 'name': 'tempest-ServerMetadataTestJSON-1792146576-router', 'tenant_id': 'f3b5d104ec7e4dc58c74a5c67ed1cf4a', 'admin_state_up': True, 'status': 'ACTIVE', 'external_gateway_info': {'network_id': '7808e2ec-3012-4a1a-95dc-b52c41ef22d8', 'external_fixed_ips': [{'subnet_id': '86d2a65d-a96d-405b-aa0d-ae35d2623d3d', 'ip_address': '10.180.180.243'}], 'enable_snat': True}, 'description': '', 'availability_zones': [], 'distributed': False, 'ha': False, 'availability_zone_hints': [], 'routes': [], 'flavor_id': None, 'tags': [], 'created_at': '2025-11-20T16:09:02Z', 'updated_at': '2025-11-20T16:09:02Z', 'revision_number': 2, 'project_id': 'f3b5d104ec7e4dc58c74a5c67ed1cf4a'}
2025-11-20 16:09:04.182 65948 INFO tempest.lib.common.rest_client [req-9ed109e4-ae4d-4d11-84b5-b95ddabb40ef req-9ed109e4-ae4d-4d11-84b5-b95ddabb40ef ] Request (ServerShowV257Test:test_rebuild_server): 200 GET http://10.180.1.21/compute/v2.1/servers/af1b0d05-fb00-4feb-a67c-82f254462e4d 1.435s
2025-11-20 16:09:04.188 65976 INFO tempest.lib.common.rest_client [req-60792de0-c591-4465-abc7-07bbbb2b3b85 req-60792de0-c591-4465-abc7-07bbbb2b3b85 ] Request (VolumesAssistedSnapshotsTest:tearDownClass): 200 GET http://10.180.1.21/compute/v2.1/servers/878504f1-df19-4c10-9b3f-3dab2d45fcd6 1.611s
2025-11-20 16:09:04.253 65936 INFO tempest.lib.common.rest_client [req-45d12aec-2fd6-4ad9-a7f9-799feb6d1204 req-45d12aec-2fd6-4ad9-a7f9-799feb6d1204 ] Request (ServerMetadataTestJSON:setUpClass): 201 POST http://10.180.1.21/identity/v3/auth/tokens 0.113s
2025-11-20 16:09:04.297 65936 INFO tempest.lib.common.rest_client [req-d997756f-c594-40a7-bb6f-9b11e2dd2342 req-d997756f-c594-40a7-bb6f-9b11e2dd2342 ] Request (ServerMetadataTestJSON:setUpClass): 201 POST http://10.180.1.21/identity/v3/auth/tokens 0.039s
2025-11-20 16:09:04.298 65936 INFO tempest.lib.common.fixed_network [-] (ServerMetadataTestJSON:setUpClass) Found network {'id': 'f5405d42-b22e-408c-8dfc-7815e0401bb1', 'name': 'tempest-ServerMetadataTestJSON-1792146576-network', 'tenant_id': 'f3b5d104ec7e4dc58c74a5c67ed1cf4a', 'project_id': 'f3b5d104ec7e4dc58c74a5c67ed1cf4a', 'admin_state_up': True, 'mtu': 8950, 'status': 'ACTIVE', 'subnets': [], 'shared': False, 'port_security_enabled': True, 'router:external': False, 'provider:network_type': 'vlan', 'provider:physical_network': 'default', 'provider:segmentation_id': 494, 'availability_zone_hints': [], 'availability_zones': [], 'ipv4_address_scope': None, 'ipv6_address_scope': None, 'description': '', 'tags': [], 'created_at': '2025-11-20T16:09:02Z', 'updated_at': '2025-11-20T16:09:02Z', 'revision_number': 1} available for tenant
2025-11-20 16:09:04.342 65922 INFO tempest.lib.common.rest_client [req-3040592f-3907-4807-a99b-20d810a30301 req-3040592f-3907-4807-a99b-20d810a30301 ] Request (FloatingIPsAssociationTestJSON:tearDownClass): 200 GET http://10.180.1.21/compute/v2.1/servers/05eb4127-089a-43dc-b515-96766a4f7651 1.500s
2025-11-20 16:09:04.373 65914 INFO tempest.lib.common.rest_client [req-a980cd26-6fff-46a2-a7a4-8e9dc55f9703 req-a980cd26-6fff-46a2-a7a4-8e9dc55f9703 ] Request (ListImageFiltersTestJSON:setUpClass): 200 GET http://10.180.1.21/compute/v2.1/servers/cdd453ee-deac-4a55-81a8-2d47eb18d870 1.528s
2025-11-20 16:09:04.429 65966 INFO tempest.lib.common.rest_client [req-285541e1-11a1-4fb5-b47c-ab2cde3dee61 req-285541e1-11a1-4fb5-b47c-ab2cde3dee61 ] Request (ServersAdminNegativeTestJSON:tearDownClass): 200 GET http://10.180.1.21/compute/v2.1/servers/ac391b9f-e1d9-428b-b09b-8263c6e89449 1.512s
2025-11-20 16:09:04.440 65918 INFO tempest.lib.common.rest_client [req-d3c1fc41-1577-4300-9109-88057b495ab8 req-d3c1fc41-1577-4300-9109-88057b495ab8 ] Request (ListServerFiltersTestJSON:tearDownClass): 200 GET http://10.180.1.21/compute/v2.1/servers/c83d1c2b-236b-453b-a174-0519443bfde4 1.513s
2025-11-20 16:09:04.498 65974 INFO tempest.lib.common.rest_client [req-61fb6dda-afd3-4f3d-ba86-089e8ea85b04 req-61fb6dda-afd3-4f3d-ba86-089e8ea85b04 ] Request (ServerDiagnosticsV248Test:tearDownClass): 200 GET http://10.180.1.21/compute/v2.1/servers/f057b0cf-362e-4919-a105-705ea1224103 1.503s
2025-11-20 16:09:04.503 65932 INFO tempest.lib.common.rest_client [req-2c9519a8-99dc-4d5b-8b3f-f1ea22157f6c req-2c9519a8-99dc-4d5b-8b3f-f1ea22157f6c ] Request (ServersTestBootFromVolume:tearDownClass): 200 GET http://10.180.1.21/compute/v2.1/servers/a9442a9b-1eac-40a6-bd23-9a462cec3e04 1.497s
2025-11-20 16:09:04.548 65938 INFO tempest.lib.common.rest_client [req-a0a0d043-34f6-425c-8d07-b26f04ad77a1 req-a0a0d043-34f6-425c-8d07-b26f04ad77a1 ] Request (ImagesOneServerNegativeTestJSON:setUpClass): 200 GET http://10.180.1.21/compute/v2.1/servers/54c0ff33-a64c-4326-a275-500771cc6d72 1.469s
2025-11-20 16:09:04.557 65938 INFO tempest.common.waiters [-] State transition "BUILD/None" ==> "BUILD/networking" after 30 second wait
2025-11-20 16:09:04.565 65956 INFO tempest.lib.common.rest_client [req-030791b2-75ed-47b4-8508-ddf959be70e2 req-030791b2-75ed-47b4-8508-ddf959be70e2 ] Request (ServersListShow2100Test:test_list_show_rebuild_update_server_2100): 200 GET http://10.180.1.21/compute/v2.1/servers/5480a25c-3994-47ab-92b4-a85ee95736a6 1.460s
2025-11-20 16:09:04.603 65954 INFO tempest.lib.common.rest_client [req-e2c2f5c9-a922-48b6-a3b9-d8aa52d008f6 req-e2c2f5c9-a922-48b6-a3b9-d8aa52d008f6 ] Request (ServersWithSpecificFlavorTestJSON:test_verify_created_server_ephemeral_disk): 200 GET http://10.180.1.21/compute/v2.1/servers/15244dfd-abd1-45e7-b7d4-283502a590a2 1.457s
2025-11-20 16:09:04.622 65946 INFO tempest.lib.common.rest_client [req-a3b8694a-55c4-4352-8657-144ea18d067c req-a3b8694a-55c4-4352-8657-144ea18d067c ] Request (ServerActionsTestOtherA:_run_cleanups): 200 GET http://10.180.1.21/compute/v2.1/servers/775c327c-96d7-4502-9ea0-c7148af9b5b9 1.415s
2025-11-20 16:09:04.652 65934 INFO tempest.lib.common.rest_client [req-b3219ca5-c4c7-4d98-a4a1-625e522cd261 req-b3219ca5-c4c7-4d98-a4a1-625e522cd261 ] Request (ServersAdminTestJSON:setUpClass): 200 GET http://10.180.1.21/compute/v2.1/servers/4e2f7396-162f-429f-82d2-21a4df21932a 1.416s
2025-11-20 16:09:04.727 65962 INFO tempest.lib.common.rest_client [req-9c74a249-6f46-4f2a-9dfc-e56faf61d0eb req-9c74a249-6f46-4f2a-9dfc-e56faf61d0eb ] Request (InstanceActionsV221TestJSON:test_get_list_deleted_instance_actions): 200 GET http://10.180.1.21/compute/v2.1/servers/ed27ebb9-8902-43d7-9f50-ea6d68162c1d 1.432s
2025-11-20 16:09:04.751 65958 INFO tempest.lib.common.rest_client [req-a2e927bc-9444-473f-83e8-ecf672d8c40d req-a2e927bc-9444-473f-83e8-ecf672d8c40d ] Request (ServerActionsTestJSON:setUp): 200 GET http://10.180.1.21/compute/v2.1/servers/5623116c-d594-4225-bb3c-c54eccb53281 1.463s
2025-11-20 16:09:04.791 65920 INFO tempest.lib.common.rest_client [req-669489b9-da93-401d-b521-e03071b02c23 req-669489b9-da93-401d-b521-e03071b02c23 ] Request (MigrationsAdminTest:test_resize_server_revert_deleted_flavor): 200 GET http://10.180.1.21/compute/v2.1/servers/d3a5f1a6-497b-4def-bf09-6e21b8eff638 1.467s
2025-11-20 16:09:04.812 65952 INFO tempest.lib.common.rest_client [req-72bf2654-e328-418c-a2ac-75e52c6d89e8 req-72bf2654-e328-418c-a2ac-75e52c6d89e8 ] Request (SecurityGroupsTestJSON:test_server_security_groups): 200 GET http://10.180.1.21/compute/v2.1/servers/cf9916d6-9e84-4d85-93f6-f51f2ad189ae 1.293s
2025-11-20 16:09:04.847 65950 INFO tempest.lib.common.rest_client [req-da682941-3cd5-49d2-9860-9823ef4921c8 req-da682941-3cd5-49d2-9860-9823ef4921c8 ] Request (MultipleCreateTestJSON:test_multiple_create_with_reservation_return): 200 GET http://10.180.1.21/compute/v2.1/servers/9c7bf67a-51d6-4302-9fef-870ff6907df7 1.318s
2025-11-20 16:09:04.878 65924 INFO tempest.lib.common.rest_client [req-9b275aaa-9d11-452b-9cb8-3e8bbc7b3fff req-9b275aaa-9d11-452b-9cb8-3e8bbc7b3fff ] Request (ListServersNegativeTestJSON:tearDownClass): 200 GET http://10.180.1.21/compute/v2.1/servers/9f1c547a-f149-49fb-88a7-e2d9e58d857c 1.150s
2025-11-20 16:09:04.919 65972 INFO tempest.lib.common.rest_client [req-a7992c9f-8c46-49cc-8390-dfdf673dfb2d req-a7992c9f-8c46-49cc-8390-dfdf673dfb2d ] Request (AttachInterfacesTestJSON:_run_cleanups): 200 GET http://10.180.1.21/compute/v2.1/servers/e1387285-1d7e-44e9-b31d-ee6375d6d699 1.173s
2025-11-20 16:09:04.920 65960 INFO tempest.lib.common.rest_client [req-9d4b6ff0-a479-4c45-9c7c-4ec4db03eb33 req-9d4b6ff0-a479-4c45-9c7c-4ec4db03eb33 ] Request (ImagesTestJSON:test_create_server_from_snapshot): 200 GET http://10.180.1.21/compute/v2.1/images/8cbe217a-e82d-4af0-9f73-22759cfac303 1.152s
2025-11-20 16:09:05.000 65930 INFO tempest.lib.common.rest_client [req-96552dd7-750e-4f42-b2d1-97ec5979f7ff req-96552dd7-750e-4f42-b2d1-97ec5979f7ff ] Request (InstanceActionsTestJSON:setUpClass): 200 GET http://10.180.1.21/compute/v2.1/servers/9ba34c7b-0b34-49d2-8f4c-6abfa17b884c 0.695s
2025-11-20 16:09:05.066 65916 INFO tempest.lib.common.rest_client [req-922189d2-b2c6-4c23-8a40-291bda6ff405 req-922189d2-b2c6-4c23-8a40-291bda6ff405 ] Request (ServerShowV247Test:tearDownClass): 200 GET http://10.180.1.21/compute/v2.1/servers/dac7b45d-3627-4d51-88cf-f435050b8340 0.743s
2025-11-20 16:09:05.172 65958 INFO tempest.lib.common.rest_client [req-cab75d32-3135-4677-a160-ae98fa32b943 req-cab75d32-3135-4677-a160-ae98fa32b943 ] Request (ServerActionsTestJSON:test_lock_unlock_server): 202 POST http://10.180.1.21/compute/v2.1/servers/5623116c-d594-4225-bb3c-c54eccb53281/action 0.411s
2025-11-20 16:09:05.368 65958 INFO tempest.lib.common.rest_client [req-8a3e2212-5636-4a55-847a-2bf4445a388e req-8a3e2212-5636-4a55-847a-2bf4445a388e ] Request (ServerActionsTestJSON:test_lock_unlock_server): 200 GET http://10.180.1.21/compute/v2.1/servers/5623116c-d594-4225-bb3c-c54eccb53281 0.195s
2025-11-20 16:09:05.420 65936 INFO tempest.lib.common.rest_client [req-22761537-5154-4f60-beee-4f555c05defa req-22761537-5154-4f60-beee-4f555c05defa ] Request (ServerMetadataTestJSON:setUpClass): 202 POST http://10.180.1.21/compute/v2.1/servers 1.122s
2025-11-20 16:09:05.446 65948 INFO tempest.lib.common.rest_client [req-737770b8-8614-485e-a8ad-4497284cb6f3 req-737770b8-8614-485e-a8ad-4497284cb6f3 ] Request (ServerShowV257Test:test_rebuild_server): 200 GET http://10.180.1.21/compute/v2.1/servers/af1b0d05-fb00-4feb-a67c-82f254462e4d 0.253s
2025-11-20 16:09:05.514 65976 INFO tempest.lib.common.rest_client [req-aa0f1373-9449-4b89-b51e-fcd0b0da5bfa req-aa0f1373-9449-4b89-b51e-fcd0b0da5bfa ] Request (VolumesAssistedSnapshotsTest:tearDownClass): 200 GET http://10.180.1.21/compute/v2.1/servers/878504f1-df19-4c10-9b3f-3dab2d45fcd6 0.314s
2025-11-20 16:09:05.532 65922 INFO tempest.lib.common.rest_client [req-2dd3c2a3-3a00-438a-9206-61599ed641d7 req-2dd3c2a3-3a00-438a-9206-61599ed641d7 ] Request (FloatingIPsAssociationTestJSON:tearDownClass): 200 GET http://10.180.1.21/compute/v2.1/servers/05eb4127-089a-43dc-b515-96766a4f7651 0.177s
2025-11-20 16:09:05.547 65958 INFO tempest.lib.common.rest_client [req-ad65214c-e4ef-44a8-9b1e-ded6cf9a04c0 req-ad65214c-e4ef-44a8-9b1e-ded6cf9a04c0 ] Request (ServerActionsTestJSON:test_lock_unlock_server): 409 POST http://10.180.1.21/compute/v2.1/servers/5623116c-d594-4225-bb3c-c54eccb53281/action 0.168s
2025-11-20 16:09:05.589 65936 INFO tempest.lib.common.rest_client [req-ba3ffe0d-7507-4c10-acb7-23cb604a6096 req-ba3ffe0d-7507-4c10-acb7-23cb604a6096 ] Request (ServerMetadataTestJSON:setUpClass): 200 GET http://10.180.1.21/compute/v2.1/servers/a25da05f-1ba7-4b78-b42e-1eb0cc7e9ea0 0.167s
2025-11-20 16:09:05.683 65966 INFO tempest.lib.common.rest_client [req-900970b3-d415-44a5-a41e-5b0948ce0ca6 req-900970b3-d415-44a5-a41e-5b0948ce0ca6 ] Request (ServersAdminNegativeTestJSON:tearDownClass): 200 GET http://10.180.1.21/compute/v2.1/servers/ac391b9f-e1d9-428b-b09b-8263c6e89449 0.245s
2025-11-20 16:09:05.712 65914 INFO tempest.lib.common.rest_client [req-dd731fa4-2eb4-4b32-aa7d-c015cf08682f req-dd731fa4-2eb4-4b32-aa7d-c015cf08682f ] Request (ListImageFiltersTestJSON:setUpClass): 200 GET http://10.180.1.21/compute/v2.1/servers/cdd453ee-deac-4a55-81a8-2d47eb18d870 0.331s
2025-11-20 16:09:05.744 65918 INFO tempest.lib.common.rest_client [req-3326e6c3-da34-4be7-9f12-4f25ef8d5d11 req-3326e6c3-da34-4be7-9f12-4f25ef8d5d11 ] Request (ListServerFiltersTestJSON:tearDownClass): 200 GET http://10.180.1.21/compute/v2.1/servers/c83d1c2b-236b-453b-a174-0519443bfde4 0.295s
2025-11-20 16:09:05.776 65974 INFO tempest.lib.common.rest_client [req-58174cda-ecf9-41c6-abcf-72fcd03fa4ce req-58174cda-ecf9-41c6-abcf-72fcd03fa4ce ] Request (ServerDiagnosticsV248Test:tearDownClass): 200 GET http://10.180.1.21/compute/v2.1/servers/f057b0cf-362e-4919-a105-705ea1224103 0.268s
2025-11-20 16:09:05.812 65932 INFO tempest.lib.common.rest_client [req-c776c836-db67-4ebf-9c6f-3a1bf6ae09be req-c776c836-db67-4ebf-9c6f-3a1bf6ae09be ] Request (ServersTestBootFromVolume:tearDownClass): 200 GET http://10.180.1.21/compute/v2.1/servers/a9442a9b-1eac-40a6-bd23-9a462cec3e04 0.301s
2025-11-20 16:09:05.840 65958 INFO tempest.lib.common.rest_client [req-602a4e4e-70e2-4ad1-83ef-e03715e78700 req-602a4e4e-70e2-4ad1-83ef-e03715e78700 ] Request (ServerActionsTestJSON:test_lock_unlock_server): 202 POST http://10.180.1.21/compute/v2.1/servers/5623116c-d594-4225-bb3c-c54eccb53281/action 0.290s
2025-11-20 16:09:05.952 65956 INFO tempest.lib.common.rest_client [req-9df18545-6520-4f9c-9dbc-9810a23f155c req-9df18545-6520-4f9c-9dbc-9810a23f155c ] Request (ServersListShow2100Test:test_list_show_rebuild_update_server_2100): 200 GET http://10.180.1.21/compute/v2.1/servers/5480a25c-3994-47ab-92b4-a85ee95736a6 0.372s
2025-11-20 16:09:05.977 65938 INFO tempest.lib.common.rest_client [req-b489b759-e91e-4c22-8a3b-6ef803a5e8ee req-b489b759-e91e-4c22-8a3b-6ef803a5e8ee ] Request (ImagesOneServerNegativeTestJSON:setUpClass): 200 GET http://10.180.1.21/compute/v2.1/servers/54c0ff33-a64c-4326-a275-500771cc6d72 0.419s
2025-11-20 16:09:05.988 65938 INFO tempest.common.waiters [-] State transition "BUILD/networking" ==> "BUILD/spawning" after 31 second wait
2025-11-20 16:09:06.022 65954 INFO tempest.lib.common.rest_client [req-0c15aecc-bc8b-4b6f-a0e3-4e505f62c5a8 req-0c15aecc-bc8b-4b6f-a0e3-4e505f62c5a8 ] Request (ServersWithSpecificFlavorTestJSON:test_verify_created_server_ephemeral_disk): 200 GET http://10.180.1.21/compute/v2.1/servers/15244dfd-abd1-45e7-b7d4-283502a590a2 0.407s
2025-11-20 16:09:06.078 65946 INFO tempest.lib.common.rest_client [req-bcbe0038-321a-4663-bff1-91f83dadb4b6 req-bcbe0038-321a-4663-bff1-91f83dadb4b6 ] Request (ServerActionsTestOtherA:_run_cleanups): 200 GET http://10.180.1.21/compute/v2.1/servers/775c327c-96d7-4502-9ea0-c7148af9b5b9 0.444s
2025-11-20 16:09:06.103 65934 INFO tempest.lib.common.rest_client [req-c385d487-d39c-4332-bc23-6759c6615ac9 req-c385d487-d39c-4332-bc23-6759c6615ac9 ] Request (ServersAdminTestJSON:setUpClass): 200 GET http://10.180.1.21/compute/v2.1/servers/4e2f7396-162f-429f-82d2-21a4df21932a 0.441s
2025-11-20 16:09:06.142 65962 INFO tempest.lib.common.rest_client [req-2bd2e473-ebfd-4a9d-aae8-71f11772480f req-2bd2e473-ebfd-4a9d-aae8-71f11772480f ] Request (InstanceActionsV221TestJSON:test_get_list_deleted_instance_actions): 200 GET http://10.180.1.21/compute/v2.1/servers/ed27ebb9-8902-43d7-9f50-ea6d68162c1d 0.405s
2025-11-20 16:09:06.173 65920 INFO tempest.lib.common.rest_client [req-c7df70f0-710f-418e-b38e-204bad6a2d4f req-c7df70f0-710f-418e-b38e-204bad6a2d4f ] Request (MigrationsAdminTest:test_resize_server_revert_deleted_flavor): 200 GET http://10.180.1.21/compute/v2.1/servers/d3a5f1a6-497b-4def-bf09-6e21b8eff638 0.370s
2025-11-20 16:09:06.238 65952 INFO tempest.lib.common.rest_client [req-270a1996-e1f2-49a8-9632-97aa9b017a26 req-270a1996-e1f2-49a8-9632-97aa9b017a26 ] Request (SecurityGroupsTestJSON:test_server_security_groups): 200 GET http://10.180.1.21/compute/v2.1/servers/cf9916d6-9e84-4d85-93f6-f51f2ad189ae 0.418s
2025-11-20 16:09:06.291 65958 INFO tempest.lib.common.rest_client [req-42f8b90b-885c-450c-925b-cb241d788332 req-42f8b90b-885c-450c-925b-cb241d788332 ] Request (ServerActionsTestJSON:test_lock_unlock_server): 202 POST http://10.180.1.21/compute/v2.1/servers/5623116c-d594-4225-bb3c-c54eccb53281/action 0.449s
2025-11-20 16:09:06.317 65950 INFO tempest.lib.common.rest_client [req-7422268a-bc02-426a-8a23-7c6d2eec3346 req-7422268a-bc02-426a-8a23-7c6d2eec3346 ] Request (MultipleCreateTestJSON:test_multiple_create_with_reservation_return): 200 GET http://10.180.1.21/compute/v2.1/servers/9c7bf67a-51d6-4302-9fef-870ff6907df7 0.456s
2025-11-20 16:09:06.359 65960 INFO tempest.lib.common.rest_client [req-372e77df-be3e-4337-ae89-c2403997fbf2 req-372e77df-be3e-4337-ae89-c2403997fbf2 ] Request (ImagesTestJSON:test_create_server_from_snapshot): 200 GET http://10.180.1.21/compute/v2.1/images/8cbe217a-e82d-4af0-9f73-22759cfac303 0.434s
2025-11-20 16:09:06.378 65924 INFO tempest.lib.common.rest_client [req-49de7f4c-3f37-4aa0-8f26-5d6302450b77 req-49de7f4c-3f37-4aa0-8f26-5d6302450b77 ] Request (ListServersNegativeTestJSON:tearDownClass): 200 GET http://10.180.1.21/compute/v2.1/servers/9f1c547a-f149-49fb-88a7-e2d9e58d857c 0.489s
2025-11-20 16:09:06.430 65930 INFO tempest.lib.common.rest_client [req-26539c3e-30e4-4b79-8840-bf6594dac984 req-26539c3e-30e4-4b79-8840-bf6594dac984 ] Request (InstanceActionsTestJSON:setUpClass): 200 GET http://10.180.1.21/compute/v2.1/servers/9ba34c7b-0b34-49d2-8f4c-6abfa17b884c 0.422s
2025-11-20 16:09:06.500 65916 INFO tempest.lib.common.rest_client [req-de48a67a-0476-4d37-838a-c985313c1ece req-de48a67a-0476-4d37-838a-c985313c1ece ] Request (ServerShowV247Test:tearDownClass): 200 GET http://10.180.1.21/compute/v2.1/servers/dac7b45d-3627-4d51-88cf-f435050b8340 0.421s
2025-11-20 16:09:06.629 65958 INFO tempest.lib.common.rest_client [req-4c9e9cbd-c26b-47ba-affd-ba41da3e3519 req-4c9e9cbd-c26b-47ba-affd-ba41da3e3519 ] Request (ServerActionsTestJSON:test_lock_unlock_server): 200 GET http://10.180.1.21/compute/v2.1/servers/5623116c-d594-4225-bb3c-c54eccb53281 0.337s
2025-11-20 16:09:06.693 65948 INFO tempest.lib.common.rest_client [req-ddc043f6-af51-426f-9bbe-92846a7d7b12 req-ddc043f6-af51-426f-9bbe-92846a7d7b12 ] Request (ServerShowV257Test:test_rebuild_server): 200 GET http://10.180.1.21/compute/v2.1/servers/af1b0d05-fb00-4feb-a67c-82f254462e4d 0.236s
2025-11-20 16:09:06.709 65972 INFO tempest.lib.common.rest_client [req-edc3becd-cedc-4148-baea-836333a453e5 req-edc3becd-cedc-4148-baea-836333a453e5 ] Request (AttachInterfacesTestJSON:_run_cleanups): 200 GET http://10.180.1.21/compute/v2.1/servers/e1387285-1d7e-44e9-b31d-ee6375d6d699 0.781s
2025-11-20 16:09:06.755 65976 INFO tempest.lib.common.rest_client [req-3ad117a8-7338-4bad-88b4-02e6a46de470 req-3ad117a8-7338-4bad-88b4-02e6a46de470 ] Request (VolumesAssistedSnapshotsTest:tearDownClass): 200 GET http://10.180.1.21/compute/v2.1/servers/878504f1-df19-4c10-9b3f-3dab2d45fcd6 0.229s
2025-11-20 16:09:06.767 65922 INFO tempest.lib.common.rest_client [req-2f8d9ff6-f9f5-4de6-8d96-08a3f426a1a1 req-2f8d9ff6-f9f5-4de6-8d96-08a3f426a1a1 ] Request (FloatingIPsAssociationTestJSON:tearDownClass): 200 GET http://10.180.1.21/compute/v2.1/servers/05eb4127-089a-43dc-b515-96766a4f7651 0.226s
2025-11-20 16:09:06.809 65936 INFO tempest.lib.common.rest_client [req-a5f0f748-a433-4a62-a8ac-c4b7fe04bb3e req-a5f0f748-a433-4a62-a8ac-c4b7fe04bb3e ] Request (ServerMetadataTestJSON:setUpClass): 200 GET http://10.180.1.21/compute/v2.1/servers/a25da05f-1ba7-4b78-b42e-1eb0cc7e9ea0 0.207s
2025-11-20 16:09:06.830 65966 INFO tempest.lib.common.rest_client [req-be706688-6997-4ee8-be53-d4d66b9330bb req-be706688-6997-4ee8-be53-d4d66b9330bb ] Request (ServersAdminNegativeTestJSON:tearDownClass): 200 GET http://10.180.1.21/compute/v2.1/servers/ac391b9f-e1d9-428b-b09b-8263c6e89449 0.139s
2025-11-20 16:09:06.893 65918 INFO tempest.lib.common.rest_client [req-55cd2e72-9842-40c5-a1d4-8dd1846253e0 req-55cd2e72-9842-40c5-a1d4-8dd1846253e0 ] Request (ListServerFiltersTestJSON:tearDownClass): 200 GET http://10.180.1.21/compute/v2.1/servers/c83d1c2b-236b-453b-a174-0519443bfde4 0.141s
2025-11-20 16:09:06.919 65914 INFO tempest.lib.common.rest_client [req-69fbb7e6-787d-419a-808e-8928c888fcf3 req-69fbb7e6-787d-419a-808e-8928c888fcf3 ] Request (ListImageFiltersTestJSON:setUpClass): 200 GET http://10.180.1.21/compute/v2.1/servers/cdd453ee-deac-4a55-81a8-2d47eb18d870 0.199s
2025-11-20 16:09:06.955 65974 INFO tempest.lib.common.rest_client [req-eff141a0-8b73-4038-87c5-5731a9ced45d req-eff141a0-8b73-4038-87c5-5731a9ced45d ] Request (ServerDiagnosticsV248Test:tearDownClass): 200 GET http://10.180.1.21/compute/v2.1/servers/f057b0cf-362e-4919-a105-705ea1224103 0.169s
2025-11-20 16:09:06.984 65932 INFO tempest.lib.common.rest_client [req-9de7d69d-ec97-4a0d-9a88-397065f4b223 req-9de7d69d-ec97-4a0d-9a88-397065f4b223 ] Request (ServersTestBootFromVolume:tearDownClass): 200 GET http://10.180.1.21/compute/v2.1/servers/a9442a9b-1eac-40a6-bd23-9a462cec3e04 0.164s
2025-11-20 16:09:07.051 65956 INFO tempest.lib.common.rest_client [req-2d148a7d-bad0-4c7f-8df2-0468e45832a8 req-2d148a7d-bad0-4c7f-8df2-0468e45832a8 ] Request (ServersListShow2100Test:test_list_show_rebuild_update_server_2100): 200 GET http://10.180.1.21/compute/v2.1/servers/5480a25c-3994-47ab-92b4-a85ee95736a6 0.071s
2025-11-20 16:09:07.092 65938 INFO tempest.lib.common.rest_client [req-73840371-2cc7-41e7-8d12-db6d4007c0fe req-73840371-2cc7-41e7-8d12-db6d4007c0fe ] Request (ImagesOneServerNegativeTestJSON:setUpClass): 200 GET http://10.180.1.21/compute/v2.1/servers/54c0ff33-a64c-4326-a275-500771cc6d72 0.103s
2025-11-20 16:09:07.112 65954 INFO tempest.lib.common.rest_client [req-b04778bf-f100-4fd4-8bb7-a4e6b9667bf3 req-b04778bf-f100-4fd4-8bb7-a4e6b9667bf3 ] Request (ServersWithSpecificFlavorTestJSON:test_verify_created_server_ephemeral_disk): 200 GET http://10.180.1.21/compute/v2.1/servers/15244dfd-abd1-45e7-b7d4-283502a590a2 0.081s
2025-11-20 16:09:07.153 65946 INFO tempest.lib.common.rest_client [req-fe57c97d-08a2-438a-b0ee-62796d81cbc6 req-fe57c97d-08a2-438a-b0ee-62796d81cbc6 ] Request (ServerActionsTestOtherA:_run_cleanups): 200 GET http://10.180.1.21/compute/v2.1/servers/775c327c-96d7-4502-9ea0-c7148af9b5b9 0.067s
2025-11-20 16:09:07.170 65934 INFO tempest.lib.common.rest_client [req-c2fb4646-7ce8-4c8a-b4ba-be7fcc1b900a req-c2fb4646-7ce8-4c8a-b4ba-be7fcc1b900a ] Request (ServersAdminTestJSON:setUpClass): 200 GET http://10.180.1.21/compute/v2.1/servers/4e2f7396-162f-429f-82d2-21a4df21932a 0.057s
2025-11-20 16:09:07.178 65934 INFO tempest.common.waiters [-] State transition "BUILD/None" ==> "BUILD/networking" after 33 second wait
2025-11-20 16:09:07.223 65962 INFO tempest.lib.common.rest_client [req-193eb841-0d48-49ca-a733-0adf9b55f171 req-193eb841-0d48-49ca-a733-0adf9b55f171 ] Request (InstanceActionsV221TestJSON:test_get_list_deleted_instance_actions): 200 GET http://10.180.1.21/compute/v2.1/servers/ed27ebb9-8902-43d7-9f50-ea6d68162c1d 0.070s
2025-11-20 16:09:07.240 65920 INFO tempest.lib.common.rest_client [req-f07ef95e-038a-4eb4-a331-1784eb54682e req-f07ef95e-038a-4eb4-a331-1784eb54682e ] Request (MigrationsAdminTest:test_resize_server_revert_deleted_flavor): 200 GET http://10.180.1.21/compute/v2.1/servers/d3a5f1a6-497b-4def-bf09-6e21b8eff638 0.054s
2025-11-20 16:09:07.306 65952 INFO tempest.lib.common.rest_client [req-4d855133-3590-41b1-867f-1a092f430c6a req-4d855133-3590-41b1-867f-1a092f430c6a ] Request (SecurityGroupsTestJSON:test_server_security_groups): 200 GET http://10.180.1.21/compute/v2.1/servers/cf9916d6-9e84-4d85-93f6-f51f2ad189ae 0.058s
2025-11-20 16:09:07.378 65950 INFO tempest.lib.common.rest_client [req-c8c9c524-77e2-4d1d-8c4c-3c5a3752e543 req-c8c9c524-77e2-4d1d-8c4c-3c5a3752e543 ] Request (MultipleCreateTestJSON:test_multiple_create_with_reservation_return): 200 GET http://10.180.1.21/compute/v2.1/servers/9c7bf67a-51d6-4302-9fef-870ff6907df7 0.049s
2025-11-20 16:09:07.402 65960 INFO tempest.lib.common.rest_client [req-d7f2df2d-a587-47fc-a315-2fdae99c055d req-d7f2df2d-a587-47fc-a315-2fdae99c055d ] Request (ImagesTestJSON:test_create_server_from_snapshot): 200 GET http://10.180.1.21/compute/v2.1/images/8cbe217a-e82d-4af0-9f73-22759cfac303 0.038s
2025-11-20 16:09:07.451 65924 INFO tempest.lib.common.rest_client [req-f54b9d47-fe7c-4087-9911-c93f5870f703 req-f54b9d47-fe7c-4087-9911-c93f5870f703 ] Request (ListServersNegativeTestJSON:tearDownClass): 200 GET http://10.180.1.21/compute/v2.1/servers/9f1c547a-f149-49fb-88a7-e2d9e58d857c 0.063s
2025-11-20 16:09:07.502 65930 INFO tempest.lib.common.rest_client [req-407884bc-890d-4c29-8487-46e8bd76b764 req-407884bc-890d-4c29-8487-46e8bd76b764 ] Request (InstanceActionsTestJSON:setUpClass): 200 GET http://10.180.1.21/compute/v2.1/servers/9ba34c7b-0b34-49d2-8f4c-6abfa17b884c 0.061s
2025-11-20 16:09:07.597 65916 INFO tempest.lib.common.rest_client [req-60567138-6fa5-40bf-9613-ad5be1cfcbc2 req-60567138-6fa5-40bf-9613-ad5be1cfcbc2 ] Request (ServerShowV247Test:tearDownClass): 200 GET http://10.180.1.21/compute/v2.1/servers/dac7b45d-3627-4d51-88cf-f435050b8340 0.085s
2025-11-20 16:09:07.605 65916 INFO tempest.common.waiters [-] State transition "ACTIVE/deleting" ==> "DELETED/None" after 6 second wait
2025-11-20 16:09:07.816 65958 INFO tempest.lib.common.rest_client [req-9b8f410d-9d36-40df-b1c8-f135e2168b05 req-9b8f410d-9d36-40df-b1c8-f135e2168b05 ] Request (ServerActionsTestJSON:test_lock_unlock_server): 200 GET http://10.180.1.21/compute/v2.1/servers/5623116c-d594-4225-bb3c-c54eccb53281 0.176s
2025-11-20 16:09:07.833 65948 INFO tempest.lib.common.rest_client [req-ed079c02-e585-4c24-bf4c-ef33ba58d49d req-ed079c02-e585-4c24-bf4c-ef33ba58d49d ] Request (ServerShowV257Test:test_rebuild_server): 200 GET http://10.180.1.21/compute/v2.1/servers/af1b0d05-fb00-4feb-a67c-82f254462e4d 0.128s
2025-11-20 16:09:07.881 65944 WARNING tempest.lib.common.ssh [-] Failed to establish authenticated ssh connection to cirros@10.180.180.171 ([Errno None] Unable to connect to port 22 on 10.180.180.171). Number attempts: 5. Retry after 6 seconds.: paramiko.ssh_exception.NoValidConnectionsError: [Errno None] Unable to connect to port 22 on 10.180.180.171
2025-11-20 16:09:07.977 65976 INFO tempest.lib.common.rest_client [req-8b2cf4df-68ae-440a-b7e0-57dc7666d502 req-8b2cf4df-68ae-440a-b7e0-57dc7666d502 ] Request (VolumesAssistedSnapshotsTest:tearDownClass): 200 GET http://10.180.1.21/compute/v2.1/servers/878504f1-df19-4c10-9b3f-3dab2d45fcd6 0.214s
2025-11-20 16:09:07.995 65972 INFO tempest.lib.common.rest_client [req-45b8fb6b-ac96-4750-a7ee-a859ce05c039 req-45b8fb6b-ac96-4750-a7ee-a859ce05c039 ] Request (AttachInterfacesTestJSON:_run_cleanups): 200 GET http://10.180.1.21/compute/v2.1/servers/e1387285-1d7e-44e9-b31d-ee6375d6d699 0.274s
2025-11-20 16:09:08.039 65922 INFO tempest.lib.common.rest_client [req-35f1c8e6-8c4d-4f36-8525-693213a9177a req-35f1c8e6-8c4d-4f36-8525-693213a9177a ] Request (FloatingIPsAssociationTestJSON:tearDownClass): 200 GET http://10.180.1.21/compute/v2.1/servers/05eb4127-089a-43dc-b515-96766a4f7651 0.263s
2025-11-20 16:09:08.060 65936 INFO tempest.lib.common.rest_client [req-872f0469-685d-4c7d-9de3-ac2bca42a516 req-872f0469-685d-4c7d-9de3-ac2bca42a516 ] Request (ServerMetadataTestJSON:setUpClass): 200 GET http://10.180.1.21/compute/v2.1/servers/a25da05f-1ba7-4b78-b42e-1eb0cc7e9ea0 0.240s
2025-11-20 16:09:08.118 65966 INFO tempest.lib.common.rest_client [req-d5f287c3-6ae1-44b9-a131-57c4f5eece6e req-d5f287c3-6ae1-44b9-a131-57c4f5eece6e ] Request (ServersAdminNegativeTestJSON:tearDownClass): 200 GET http://10.180.1.21/compute/v2.1/servers/ac391b9f-e1d9-428b-b09b-8263c6e89449 0.278s
2025-11-20 16:09:08.145 65918 INFO tempest.lib.common.rest_client [req-da11712c-4c47-47f3-8083-848259171e1d req-da11712c-4c47-47f3-8083-848259171e1d ] Request (ListServerFiltersTestJSON:tearDownClass): 200 GET http://10.180.1.21/compute/v2.1/servers/c83d1c2b-236b-453b-a174-0519443bfde4 0.244s
2025-11-20 16:09:08.245 65914 INFO tempest.lib.common.rest_client [req-8ceacff7-7750-4d89-81fd-3c0dadb3ce16 req-8ceacff7-7750-4d89-81fd-3c0dadb3ce16 ] Request (ListImageFiltersTestJSON:setUpClass): 200 GET http://10.180.1.21/compute/v2.1/servers/cdd453ee-deac-4a55-81a8-2d47eb18d870 0.318s
2025-11-20 16:09:08.254 65914 INFO tempest.common.waiters [-] State transition "BUILD/spawning" ==> "ACTIVE/None" after 40 second wait
2025-11-20 16:09:08.258 65974 INFO tempest.lib.common.rest_client [req-066d4d56-6cb1-4f84-8f1b-08aeed6e5581 req-066d4d56-6cb1-4f84-8f1b-08aeed6e5581 ] Request (ServerDiagnosticsV248Test:tearDownClass): 200 GET http://10.180.1.21/compute/v2.1/servers/f057b0cf-362e-4919-a105-705ea1224103 0.294s
2025-11-20 16:09:08.307 65932 INFO tempest.lib.common.rest_client [req-17829eaf-f0fc-4564-bcb8-2fd932dd1eca req-17829eaf-f0fc-4564-bcb8-2fd932dd1eca ] Request (ServersTestBootFromVolume:tearDownClass): 200 GET http://10.180.1.21/compute/v2.1/servers/a9442a9b-1eac-40a6-bd23-9a462cec3e04 0.314s
2025-11-20 16:09:08.327 65956 INFO tempest.lib.common.rest_client [req-e9956fae-e9e1-4943-85eb-880f38b6ce64 req-e9956fae-e9e1-4943-85eb-880f38b6ce64 ] Request (ServersListShow2100Test:test_list_show_rebuild_update_server_2100): 200 GET http://10.180.1.21/compute/v2.1/servers/5480a25c-3994-47ab-92b4-a85ee95736a6 0.261s
2025-11-20 16:09:08.387 65954 INFO tempest.lib.common.rest_client [req-474ffa74-0ea7-4134-99a3-7772668add70 req-474ffa74-0ea7-4134-99a3-7772668add70 ] Request (ServersWithSpecificFlavorTestJSON:test_verify_created_server_ephemeral_disk): 200 GET http://10.180.1.21/compute/v2.1/servers/15244dfd-abd1-45e7-b7d4-283502a590a2 0.268s
2025-11-20 16:09:08.407 65938 INFO tempest.lib.common.rest_client [req-7f277686-18ed-4376-a883-4d399bc57199 req-7f277686-18ed-4376-a883-4d399bc57199 ] Request (ImagesOneServerNegativeTestJSON:setUpClass): 200 GET http://10.180.1.21/compute/v2.1/servers/54c0ff33-a64c-4326-a275-500771cc6d72 0.306s
2025-11-20 16:09:08.442 65946 INFO tempest.lib.common.rest_client [req-78e17ad5-acd3-4531-99a2-61fc52e11f4b req-78e17ad5-acd3-4531-99a2-61fc52e11f4b ] Request (ServerActionsTestOtherA:_run_cleanups): 200 GET http://10.180.1.21/compute/v2.1/servers/775c327c-96d7-4502-9ea0-c7148af9b5b9 0.279s
2025-11-20 16:09:08.502 65934 INFO tempest.lib.common.rest_client [req-c4e13d79-1837-4619-8f5d-2aa445a4aba5 req-c4e13d79-1837-4619-8f5d-2aa445a4aba5 ] Request (ServersAdminTestJSON:setUpClass): 200 GET http://10.180.1.21/compute/v2.1/servers/4e2f7396-162f-429f-82d2-21a4df21932a 0.322s
2025-11-20 16:09:08.508 65934 INFO tempest.common.waiters [-] State transition "BUILD/networking" ==> "BUILD/spawning" after 34 second wait
2025-11-20 16:09:08.517 65962 INFO tempest.lib.common.rest_client [req-a6978306-d386-4ffc-a4cf-68a0a750c2f7 req-a6978306-d386-4ffc-a4cf-68a0a750c2f7 ] Request (InstanceActionsV221TestJSON:test_get_list_deleted_instance_actions): 200 GET http://10.180.1.21/compute/v2.1/servers/ed27ebb9-8902-43d7-9f50-ea6d68162c1d 0.286s
2025-11-20 16:09:08.567 65920 INFO tempest.lib.common.rest_client [req-66ad9591-99b6-4928-9a38-57d086e8dccb req-66ad9591-99b6-4928-9a38-57d086e8dccb ] Request (MigrationsAdminTest:test_resize_server_revert_deleted_flavor): 200 GET http://10.180.1.21/compute/v2.1/servers/d3a5f1a6-497b-4def-bf09-6e21b8eff638 0.319s
2025-11-20 16:09:08.699 65914 INFO tempest.lib.common.rest_client [req-974f3b05-2da4-4421-be8b-0f2fd2a0655d req-974f3b05-2da4-4421-be8b-0f2fd2a0655d ] Request (ListImageFiltersTestJSON:setUpClass): 200 GET http://10.180.1.21/compute/v2.1/servers/b1f52499-c714-409c-b62f-d276dc01f392 0.445s
2025-11-20 16:09:08.713 65952 INFO tempest.lib.common.rest_client [req-66b3439b-e9f3-4989-b67e-328cb7bab789 req-66b3439b-e9f3-4989-b67e-328cb7bab789 ] Request (SecurityGroupsTestJSON:test_server_security_groups): 200 GET http://10.180.1.21/compute/v2.1/servers/cf9916d6-9e84-4d85-93f6-f51f2ad189ae 0.396s
2025-11-20 16:09:08.757 65960 INFO tempest.lib.common.rest_client [req-70fec51a-abda-4123-ad8b-0b8f995b8969 req-70fec51a-abda-4123-ad8b-0b8f995b8969 ] Request (ImagesTestJSON:test_create_server_from_snapshot): 200 GET http://10.180.1.21/compute/v2.1/images/8cbe217a-e82d-4af0-9f73-22759cfac303 0.350s
2025-11-20 16:09:08.767 65950 INFO tempest.lib.common.rest_client [req-eec8526e-3706-4f85-a0dc-1e51af35dd5d req-eec8526e-3706-4f85-a0dc-1e51af35dd5d ] Request (MultipleCreateTestJSON:test_multiple_create_with_reservation_return): 200 GET http://10.180.1.21/compute/v2.1/servers/9c7bf67a-51d6-4302-9fef-870ff6907df7 0.381s
2025-11-20 16:09:08.775 65950 INFO tempest.common.waiters [-] State transition "BUILD/scheduling" ==> "BUILD/None" after 20 second wait
2025-11-20 16:09:08.825 65924 INFO tempest.lib.common.rest_client [req-05504238-7c3c-4451-8803-a69597a1fc70 req-05504238-7c3c-4451-8803-a69597a1fc70 ] Request (ListServersNegativeTestJSON:tearDownClass): 200 GET http://10.180.1.21/compute/v2.1/servers/9f1c547a-f149-49fb-88a7-e2d9e58d857c 0.365s
2025-11-20 16:09:08.879 65930 INFO tempest.lib.common.rest_client [req-ba9a7c81-6689-434f-99a2-f6d7c237df9e req-ba9a7c81-6689-434f-99a2-f6d7c237df9e ] Request (InstanceActionsTestJSON:setUpClass): 200 GET http://10.180.1.21/compute/v2.1/servers/9ba34c7b-0b34-49d2-8f4c-6abfa17b884c 0.363s
2025-11-20 16:09:08.936 65916 INFO tempest.lib.common.rest_client [req-40c24ebc-c4bd-4f0b-9680-e3c0f02b6c26 req-40c24ebc-c4bd-4f0b-9680-e3c0f02b6c26 ] Request (ServerShowV247Test:tearDownClass): 200 GET http://10.180.1.21/compute/v2.1/servers/dac7b45d-3627-4d51-88cf-f435050b8340 0.329s
2025-11-20 16:09:09.043 65958 INFO tempest.lib.common.rest_client [req-b5f17b70-c6ee-45b8-9153-b99d49b23b5f req-b5f17b70-c6ee-45b8-9153-b99d49b23b5f ] Request (ServerActionsTestJSON:test_lock_unlock_server): 200 GET http://10.180.1.21/compute/v2.1/servers/5623116c-d594-4225-bb3c-c54eccb53281 0.208s
2025-11-20 16:09:09.052 65958 INFO tempest.common.waiters [-] State transition "ACTIVE/powering-off" ==> "SHUTOFF/None" after 3 second wait
2025-11-20 16:09:09.105 65948 INFO tempest.lib.common.rest_client [req-3f163dd3-ffa2-4670-ab26-503e9c5bce0b req-3f163dd3-ffa2-4670-ab26-503e9c5bce0b ] Request (ServerShowV257Test:test_rebuild_server): 200 GET http://10.180.1.21/compute/v2.1/servers/af1b0d05-fb00-4feb-a67c-82f254462e4d 0.254s
2025-11-20 16:09:09.177 65976 INFO tempest.lib.common.rest_client [req-b1f2b017-2529-49e3-bad6-b6025d74785e req-b1f2b017-2529-49e3-bad6-b6025d74785e ] Request (VolumesAssistedSnapshotsTest:tearDownClass): 200 GET http://10.180.1.21/compute/v2.1/servers/878504f1-df19-4c10-9b3f-3dab2d45fcd6 0.191s
2025-11-20 16:09:09.249 65972 INFO tempest.lib.common.rest_client [req-0bd0bd9f-0976-4223-8282-5438305a3ad3 req-0bd0bd9f-0976-4223-8282-5438305a3ad3 ] Request (AttachInterfacesTestJSON:_run_cleanups): 200 GET http://10.180.1.21/compute/v2.1/servers/e1387285-1d7e-44e9-b31d-ee6375d6d699 0.242s
2025-11-20 16:09:09.316 65922 INFO tempest.lib.common.rest_client [req-2eaa153d-b2bb-4efa-b259-f4fbb89644b8 req-2eaa153d-b2bb-4efa-b259-f4fbb89644b8 ] Request (FloatingIPsAssociationTestJSON:tearDownClass): 200 GET http://10.180.1.21/compute/v2.1/servers/05eb4127-089a-43dc-b515-96766a4f7651 0.268s
2025-11-20 16:09:09.361 65914 INFO tempest.lib.common.rest_client [req-5a4de6e0-c3e4-48cf-a9ea-ee2c6b610f34 req-5a4de6e0-c3e4-48cf-a9ea-ee2c6b610f34 ] Request (ListImageFiltersTestJSON:setUpClass): 202 POST http://10.180.1.21/compute/v2.1/servers/b1f52499-c714-409c-b62f-d276dc01f392/action 0.653s
2025-11-20 16:09:09.370 65958 INFO tempest.lib.common.rest_client [req-0b9fe4c1-a96b-441a-95ae-19a955384e2f req-0b9fe4c1-a96b-441a-95ae-19a955384e2f ] Request (ServerActionsTestJSON:test_lock_unlock_server): 202 POST http://10.180.1.21/compute/v2.1/servers/5623116c-d594-4225-bb3c-c54eccb53281/action 0.318s
2025-11-20 16:09:09.427 65936 INFO tempest.lib.common.rest_client [req-8a65bbe7-2138-4a9f-a6df-761f982c1e4a req-8a65bbe7-2138-4a9f-a6df-761f982c1e4a ] Request (ServerMetadataTestJSON:setUpClass): 200 GET http://10.180.1.21/compute/v2.1/servers/a25da05f-1ba7-4b78-b42e-1eb0cc7e9ea0 0.355s
2025-11-20 16:09:09.455 65966 INFO tempest.lib.common.rest_client [req-00b24173-fb54-4d41-8111-cb807a145027 req-00b24173-fb54-4d41-8111-cb807a145027 ] Request (ServersAdminNegativeTestJSON:tearDownClass): 200 GET http://10.180.1.21/compute/v2.1/servers/ac391b9f-e1d9-428b-b09b-8263c6e89449 0.322s
2025-11-20 16:09:09.489 65918 INFO tempest.lib.common.rest_client [req-51f9b637-d3e9-4e71-88a6-c3c2f27228e6 req-51f9b637-d3e9-4e71-88a6-c3c2f27228e6 ] Request (ListServerFiltersTestJSON:tearDownClass): 200 GET http://10.180.1.21/compute/v2.1/servers/c83d1c2b-236b-453b-a174-0519443bfde4 0.335s
2025-11-20 16:09:09.521 65974 INFO tempest.lib.common.rest_client [req-adfca2db-2e21-454f-9021-1672055458bc req-adfca2db-2e21-454f-9021-1672055458bc ] Request (ServerDiagnosticsV248Test:tearDownClass): 200 GET http://10.180.1.21/compute/v2.1/servers/f057b0cf-362e-4919-a105-705ea1224103 0.253s
2025-11-20 16:09:09.551 65932 INFO tempest.lib.common.rest_client [req-72c19cd2-40f9-47c3-b65b-ee8d803c1362 req-72c19cd2-40f9-47c3-b65b-ee8d803c1362 ] Request (ServersTestBootFromVolume:tearDownClass): 200 GET http://10.180.1.21/compute/v2.1/servers/a9442a9b-1eac-40a6-bd23-9a462cec3e04 0.236s
2025-11-20 16:09:09.585 65956 INFO tempest.lib.common.rest_client [req-4b7f4fe0-b53e-4e39-b737-d91568d71d36 req-4b7f4fe0-b53e-4e39-b737-d91568d71d36 ] Request (ServersListShow2100Test:test_list_show_rebuild_update_server_2100): 200 GET http://10.180.1.21/compute/v2.1/servers/5480a25c-3994-47ab-92b4-a85ee95736a6 0.245s
2025-11-20 16:09:09.586 65914 INFO tempest.lib.common.rest_client [req-3c1d7337-5de9-4414-926b-f9323f98aa30 req-3c1d7337-5de9-4414-926b-f9323f98aa30 ] Request (ListImageFiltersTestJSON:setUpClass): 200 GET http://10.180.1.21/compute/v2.1/images/57567eb4-587e-4585-9c8d-250ab3aac785 0.224s
2025-11-20 16:09:09.636 65954 INFO tempest.lib.common.rest_client [req-e69111eb-4b62-4ff8-8094-93dc81ad1cea req-e69111eb-4b62-4ff8-8094-93dc81ad1cea ] Request (ServersWithSpecificFlavorTestJSON:test_verify_created_server_ephemeral_disk): 200 GET http://10.180.1.21/compute/v2.1/servers/15244dfd-abd1-45e7-b7d4-283502a590a2 0.241s
2025-11-20 16:09:09.707 65958 INFO tempest.lib.common.rest_client [req-3beac9c7-ae19-478f-9a52-742ec108a2cd req-3beac9c7-ae19-478f-9a52-742ec108a2cd ] Request (ServerActionsTestJSON:test_lock_unlock_server): 200 GET http://10.180.1.21/compute/v2.1/servers/5623116c-d594-4225-bb3c-c54eccb53281 0.336s
2025-11-20 16:09:09.741 65938 INFO tempest.lib.common.rest_client [req-04afd931-16ca-4e14-abc6-d56c55133405 req-04afd931-16ca-4e14-abc6-d56c55133405 ] Request (ImagesOneServerNegativeTestJSON:setUpClass): 200 GET http://10.180.1.21/compute/v2.1/servers/54c0ff33-a64c-4326-a275-500771cc6d72 0.326s
2025-11-20 16:09:09.761 65946 INFO tempest.lib.common.rest_client [req-7141bfc4-3a5b-44b5-a774-9d735a65fb9f req-7141bfc4-3a5b-44b5-a774-9d735a65fb9f ] Request (ServerActionsTestOtherA:_run_cleanups): 200 GET http://10.180.1.21/compute/v2.1/servers/775c327c-96d7-4502-9ea0-c7148af9b5b9 0.310s
2025-11-20 16:09:09.816 65962 INFO tempest.lib.common.rest_client [req-1e0c0ed1-c9c3-4e97-be89-3cb1c4938ec1 req-1e0c0ed1-c9c3-4e97-be89-3cb1c4938ec1 ] Request (InstanceActionsV221TestJSON:test_get_list_deleted_instance_actions): 200 GET http://10.180.1.21/compute/v2.1/servers/ed27ebb9-8902-43d7-9f50-ea6d68162c1d 0.284s
2025-11-20 16:09:09.868 65920 INFO tempest.lib.common.rest_client [req-9fbeb3ab-9b43-4145-bf10-e8984abb7f9b req-9fbeb3ab-9b43-4145-bf10-e8984abb7f9b ] Request (MigrationsAdminTest:test_resize_server_revert_deleted_flavor): 200 GET http://10.180.1.21/compute/v2.1/servers/d3a5f1a6-497b-4def-bf09-6e21b8eff638 0.288s
2025-11-20 16:09:09.876 65934 INFO tempest.lib.common.rest_client [req-f88afeec-b52e-4b0e-aeb7-a0152ecf7e86 req-f88afeec-b52e-4b0e-aeb7-a0152ecf7e86 ] Request (ServersAdminTestJSON:setUpClass): 200 GET http://10.180.1.21/compute/v2.1/servers/4e2f7396-162f-429f-82d2-21a4df21932a 0.366s
2025-11-20 16:09:09.911 65960 INFO tempest.lib.common.rest_client [req-a74f0838-b11d-43b8-9bb0-54e621941865 req-a74f0838-b11d-43b8-9bb0-54e621941865 ] Request (ImagesTestJSON:test_create_server_from_snapshot): 200 GET http://10.180.1.21/compute/v2.1/images/8cbe217a-e82d-4af0-9f73-22759cfac303 0.150s
2025-11-20 16:09:09.927 65952 INFO tempest.lib.common.rest_client [req-9537e813-ca47-40c1-ba4b-0cfbd50902a9 req-9537e813-ca47-40c1-ba4b-0cfbd50902a9 ] Request (SecurityGroupsTestJSON:test_server_security_groups): 200 GET http://10.180.1.21/compute/v2.1/servers/cf9916d6-9e84-4d85-93f6-f51f2ad189ae 0.200s
2025-11-20 16:09:09.967 65950 INFO tempest.lib.common.rest_client [req-87ed5585-7683-4fa0-aa59-adabffadd914 req-87ed5585-7683-4fa0-aa59-adabffadd914 ] Request (MultipleCreateTestJSON:test_multiple_create_with_reservation_return): 200 GET http://10.180.1.21/compute/v2.1/servers/9c7bf67a-51d6-4302-9fef-870ff6907df7 0.190s
2025-11-20 16:09:09.985 65924 INFO tempest.lib.common.rest_client [req-a94b5ed3-6f34-427d-8055-8f0279b4cb51 req-a94b5ed3-6f34-427d-8055-8f0279b4cb51 ] Request (ListServersNegativeTestJSON:tearDownClass): 200 GET http://10.180.1.21/compute/v2.1/servers/9f1c547a-f149-49fb-88a7-e2d9e58d857c 0.149s
2025-11-20 16:09:10.014 65930 INFO tempest.lib.common.rest_client [req-a6bf235c-cd8f-4958-b570-a1f5f22f1e05 req-a6bf235c-cd8f-4958-b570-a1f5f22f1e05 ] Request (InstanceActionsTestJSON:setUpClass): 200 GET http://10.180.1.21/compute/v2.1/servers/9ba34c7b-0b34-49d2-8f4c-6abfa17b884c 0.127s
2025-11-20 16:09:10.046 65916 INFO tempest.lib.common.rest_client [req-a994458b-4bb1-47c2-8650-88381146d558 req-a994458b-4bb1-47c2-8650-88381146d558 ] Request (ServerShowV247Test:tearDownClass): 200 GET http://10.180.1.21/compute/v2.1/servers/dac7b45d-3627-4d51-88cf-f435050b8340 0.098s
2025-11-20 16:09:10.175 65948 INFO tempest.lib.common.rest_client [req-9648bee5-54f3-4b65-8362-e00766134b07 req-9648bee5-54f3-4b65-8362-e00766134b07 ] Request (ServerShowV257Test:test_rebuild_server): 200 GET http://10.180.1.21/compute/v2.1/servers/af1b0d05-fb00-4feb-a67c-82f254462e4d 0.060s
2025-11-20 16:09:10.186 65948 INFO tempest.common.waiters [-] State transition "BUILD/None" ==> "BUILD/networking" after 35 second wait
2025-11-20 16:09:10.265 65976 INFO tempest.lib.common.rest_client [req-a2eba5ad-1980-4afc-9672-5ebaff1347b5 req-a2eba5ad-1980-4afc-9672-5ebaff1347b5 ] Request (VolumesAssistedSnapshotsTest:tearDownClass): 200 GET http://10.180.1.21/compute/v2.1/servers/878504f1-df19-4c10-9b3f-3dab2d45fcd6 0.080s
2025-11-20 16:09:10.318 65972 INFO tempest.lib.common.rest_client [req-8fa49908-9caf-4cf8-8f95-7994ee73294c req-8fa49908-9caf-4cf8-8f95-7994ee73294c ] Request (AttachInterfacesTestJSON:_run_cleanups): 200 GET http://10.180.1.21/compute/v2.1/servers/e1387285-1d7e-44e9-b31d-ee6375d6d699 0.061s
2025-11-20 16:09:10.388 65922 INFO tempest.lib.common.rest_client [req-2d48088b-16f0-4911-a7d0-b2caeb45b0cf req-2d48088b-16f0-4911-a7d0-b2caeb45b0cf ] Request (FloatingIPsAssociationTestJSON:tearDownClass): 200 GET http://10.180.1.21/compute/v2.1/servers/05eb4127-089a-43dc-b515-96766a4f7651 0.064s
2025-11-20 16:09:10.494 65936 INFO tempest.lib.common.rest_client [req-d10a8ade-f7dc-4194-a9d1-d6e130b67267 req-d10a8ade-f7dc-4194-a9d1-d6e130b67267 ] Request (ServerMetadataTestJSON:setUpClass): 200 GET http://10.180.1.21/compute/v2.1/servers/a25da05f-1ba7-4b78-b42e-1eb0cc7e9ea0 0.058s
2025-11-20 16:09:10.527 65966 INFO tempest.lib.common.rest_client [req-86fbfd0b-c0ad-4528-9f94-b3696360551b req-86fbfd0b-c0ad-4528-9f94-b3696360551b ] Request (ServersAdminNegativeTestJSON:tearDownClass): 200 GET http://10.180.1.21/compute/v2.1/servers/ac391b9f-e1d9-428b-b09b-8263c6e89449 0.065s
2025-11-20 16:09:10.562 65918 INFO tempest.lib.common.rest_client [req-07622f36-0fee-4124-abe0-fb0fe4cbe1aa req-07622f36-0fee-4124-abe0-fb0fe4cbe1aa ] Request (ListServerFiltersTestJSON:tearDownClass): 200 GET http://10.180.1.21/compute/v2.1/servers/c83d1c2b-236b-453b-a174-0519443bfde4 0.065s
2025-11-20 16:09:10.603 65974 INFO tempest.lib.common.rest_client [req-6f7dddb4-8dee-43d2-9894-4e18a3035ccc req-6f7dddb4-8dee-43d2-9894-4e18a3035ccc ] Request (ServerDiagnosticsV248Test:tearDownClass): 200 GET http://10.180.1.21/compute/v2.1/servers/f057b0cf-362e-4919-a105-705ea1224103 0.071s
2025-11-20 16:09:10.622 65932 INFO tempest.lib.common.rest_client [req-c3292f0b-cc0f-49f5-aba2-21c0037df7b7 req-c3292f0b-cc0f-49f5-aba2-21c0037df7b7 ] Request (ServersTestBootFromVolume:tearDownClass): 200 GET http://10.180.1.21/compute/v2.1/servers/a9442a9b-1eac-40a6-bd23-9a462cec3e04 0.063s
2025-11-20 16:09:10.641 65914 INFO tempest.lib.common.rest_client [req-742210ea-55f1-4716-a0a7-c15c898271a7 req-742210ea-55f1-4716-a0a7-c15c898271a7 ] Request (ListImageFiltersTestJSON:setUpClass): 200 GET http://10.180.1.21/compute/v2.1/images/57567eb4-587e-4585-9c8d-250ab3aac785 0.049s
2025-11-20 16:09:10.696 65956 INFO tempest.lib.common.rest_client [req-6d04fd88-5c3c-4282-afa4-91348f899308 req-6d04fd88-5c3c-4282-afa4-91348f899308 ] Request (ServersListShow2100Test:test_list_show_rebuild_update_server_2100): 200 GET http://10.180.1.21/compute/v2.1/servers/5480a25c-3994-47ab-92b4-a85ee95736a6 0.099s
2025-11-20 16:09:10.704 65954 INFO tempest.lib.common.rest_client [req-1e69320c-24c4-4c15-8b24-42c208fdfcd9 req-1e69320c-24c4-4c15-8b24-42c208fdfcd9 ] Request (ServersWithSpecificFlavorTestJSON:test_verify_created_server_ephemeral_disk): 200 GET http://10.180.1.21/compute/v2.1/servers/15244dfd-abd1-45e7-b7d4-283502a590a2 0.060s
2025-11-20 16:09:10.845 65958 INFO tempest.lib.common.rest_client [req-12ccfe66-b789-4606-8b32-f91f2da10025 req-12ccfe66-b789-4606-8b32-f91f2da10025 ] Request (ServerActionsTestJSON:test_lock_unlock_server): 200 GET http://10.180.1.21/compute/v2.1/servers/5623116c-d594-4225-bb3c-c54eccb53281 0.130s
2025-11-20 16:09:10.874 65938 INFO tempest.lib.common.rest_client [req-8a77ae60-6fa3-43e5-9bd9-e5060238781f req-8a77ae60-6fa3-43e5-9bd9-e5060238781f ] Request (ImagesOneServerNegativeTestJSON:setUpClass): 200 GET http://10.180.1.21/compute/v2.1/servers/54c0ff33-a64c-4326-a275-500771cc6d72 0.126s
2025-11-20 16:09:10.897 65946 INFO tempest.lib.common.rest_client [req-fa9ac7c4-f730-438c-be57-415a2b791f80 req-fa9ac7c4-f730-438c-be57-415a2b791f80 ] Request (ServerActionsTestOtherA:_run_cleanups): 200 GET http://10.180.1.21/compute/v2.1/servers/775c327c-96d7-4502-9ea0-c7148af9b5b9 0.127s
