2025-12-11 07:31:14.508 66450 INFO tempest.lib.common.dynamic_creds [-] Created isolated network resources for: credentials: Credentials: {'domain_id': 'default', 'domain_name': 'Default', 'username': 'tempest-ServersAdmin275Test-1814337715-project-member', 'project_domain_id': 'default', 'project_domain_name': 'Default', 'project_id': '621758f90e79471c8eb4e8ce35951cf8', 'project_name': 'tempest-ServersAdmin275Test-1814337715', 'tenant_id': '621758f90e79471c8eb4e8ce35951cf8', 'tenant_name': 'tempest-ServersAdmin275Test-1814337715', 'user_domain_id': 'default', 'user_domain_name': 'Default', 'user_id': 'cb9fd737458f40388a97ae4e3b0e7ed5', 'system': None}, Network: None, Subnet: None, Router: None
2025-12-11 07:31:14.567 66430 INFO tempest.lib.common.rest_client [req-a4ca2930-a04c-444c-9c56-3fd5ec2439ea req-a4ca2930-a04c-444c-9c56-3fd5ec2439ea ] Request (HypervisorAdminNegativeUnderV252Test:tearDownClass): 200 GET http://10.180.1.21/networking/v2.0/security-groups?tenant_id=9be9a0ccee4e4619bee0b1c46341583d&name=default 0.926s
2025-12-11 07:31:14.577 66450 INFO tempest.lib.common.rest_client [req-9ac76a4f-0a42-4710-8c05-bfdbecd0412a req-9ac76a4f-0a42-4710-8c05-bfdbecd0412a ] Request (ServersAdmin275Test:setUpClass): 201 POST http://10.180.1.21/identity/v3/auth/tokens 0.066s
2025-12-11 07:31:14.654 66450 INFO tempest.lib.common.rest_client [req-352c7723-8a76-49fa-ad1e-70b8ca8a49c9 req-352c7723-8a76-49fa-ad1e-70b8ca8a49c9 ] Request (ServersAdmin275Test:setUpClass): 201 POST http://10.180.1.21/identity/v3/projects 0.076s
2025-12-11 07:31:14.662 66454 INFO tempest.lib.common.rest_client [req-e01a28a0-bfff-4fac-9d49-045f93a8327e req-e01a28a0-bfff-4fac-9d49-045f93a8327e ] Request (HypervisorAdminTestJSON:tearDownClass): 204 DELETE http://10.180.1.21/networking/v2.0/security-groups/cc84482e-b411-403c-88f9-a830485a5a7b 0.986s
2025-12-11 07:31:14.689 66482 INFO tempest.lib.common.rest_client [req-73299ddc-b737-45d3-a79f-de579e7cd6cf req-73299ddc-b737-45d3-a79f-de579e7cd6cf ] Request (AttachInterfacesTestJSON:setUpClass): 201 POST http://10.180.1.21/networking/v2.0/routers 1.358s
2025-12-11 07:31:14.734 66450 INFO tempest.lib.common.rest_client [req-71e4ab88-44f5-493c-b5f2-29d57db392a4 req-71e4ab88-44f5-493c-b5f2-29d57db392a4 ] Request (ServersAdmin275Test:setUpClass): 201 POST http://10.180.1.21/identity/v3/users 0.080s
2025-12-11 07:31:14.770 66454 INFO tempest.lib.common.rest_client [req-bea74ec5-954a-45c7-8203-640f4d8ff8ca req-bea74ec5-954a-45c7-8203-640f4d8ff8ca ] Request (HypervisorAdminTestJSON:tearDownClass): 204 DELETE http://10.180.1.21/identity/v3/projects/3d516d389ead4d2f9b51fabc54d548a6 0.107s
2025-12-11 07:31:14.770 66454 INFO tempest.lib.common.dynamic_creds [-] Deleting project and security group for project: b64aec94e93d44bf853052124e9d6813
2025-12-11 07:31:14.792 66490 INFO tempest.lib.common.rest_client [req-dcb60ad5-8595-49d4-908f-1160324c5730 req-dcb60ad5-8595-49d4-908f-1160324c5730 ] Request (ServersTestManualDisk:setUpClass): 200 GET http://10.180.1.21/compute/v2.1/servers/bec42e2c-fc2f-4c6b-8228-0befd03de81f 4.254s
2025-12-11 07:31:14.804 66450 INFO tempest.lib.common.rest_client [req-796a9fcd-654f-4904-a623-c92574d2553f req-796a9fcd-654f-4904-a623-c92574d2553f ] Request (ServersAdmin275Test:setUpClass): 200 GET http://10.180.1.21/identity/v3/roles 0.069s
2025-12-11 07:31:14.857 66450 INFO tempest.lib.common.rest_client [req-8b5f6d46-6d94-4f27-ac7e-bb519d2509ca req-8b5f6d46-6d94-4f27-ac7e-bb519d2509ca ] Request (ServersAdmin275Test:setUpClass): 204 PUT http://10.180.1.21/identity/v3/projects/5fe2305c75424f0b9b9028048d50bf70/users/640e9d996ecd413e9f0d4931f4206086/roles/86db040a84e441088de6ca2696d137fc 0.052s
2025-12-11 07:31:14.930 66450 INFO tempest.lib.common.rest_client [req-b03c0901-4a9a-40b6-a816-3815c777f767 req-b03c0901-4a9a-40b6-a816-3815c777f767 ] Request (ServersAdmin275Test:setUpClass): 200 GET http://10.180.1.21/identity/v3/roles 0.073s
2025-12-11 07:31:14.953 66450 INFO tempest.lib.common.rest_client [req-a3eb8253-1689-476e-a452-cdad42052007 req-a3eb8253-1689-476e-a452-cdad42052007 ] Request (ServersAdmin275Test:setUpClass): 204 PUT http://10.180.1.21/identity/v3/projects/5fe2305c75424f0b9b9028048d50bf70/users/640e9d996ecd413e9f0d4931f4206086/roles/86db040a84e441088de6ca2696d137fc 0.023s
2025-12-11 07:31:14.953 66450 INFO tempest.lib.common.dynamic_creds [-] Dynamic test user 640e9d996ecd413e9f0d4931f4206086 is created with scope project and roles: ['admin']
2025-12-11 07:31:14.953 66450 INFO tempest.lib.common.dynamic_creds [-] Acquired dynamic creds: credentials: Credentials: {'domain_id': 'default', 'domain_name': 'Default', 'username': 'tempest-ServersAdmin275Test-851978979-project-admin', 'project_domain_id': 'default', 'project_domain_name': 'Default', 'project_id': '5fe2305c75424f0b9b9028048d50bf70', 'project_name': 'tempest-ServersAdmin275Test-851978979', 'tenant_id': '5fe2305c75424f0b9b9028048d50bf70', 'tenant_name': 'tempest-ServersAdmin275Test-851978979', 'user_domain_id': 'default', 'user_domain_name': 'Default', 'user_id': '640e9d996ecd413e9f0d4931f4206086', 'system': None}, Network: None, Subnet: None, Router: None
2025-12-11 07:31:14.954 66450 INFO tempest.lib.common.dynamic_creds [-] Created isolated network resources for: credentials: Credentials: {'domain_id': 'default', 'domain_name': 'Default', 'username': 'tempest-ServersAdmin275Test-851978979-project-admin', 'project_domain_id': 'default', 'project_domain_name': 'Default', 'project_id': '5fe2305c75424f0b9b9028048d50bf70', 'project_name': 'tempest-ServersAdmin275Test-851978979', 'tenant_id': '5fe2305c75424f0b9b9028048d50bf70', 'tenant_name': 'tempest-ServersAdmin275Test-851978979', 'user_domain_id': 'default', 'user_domain_name': 'Default', 'user_id': '640e9d996ecd413e9f0d4931f4206086', 'system': None}, Network: None, Subnet: None, Router: None
2025-12-11 07:31:14.956 66430 INFO tempest.lib.common.rest_client [req-4f981a7d-14af-44a8-945c-60f72aae3174 req-4f981a7d-14af-44a8-945c-60f72aae3174 ] Request (HypervisorAdminNegativeUnderV252Test:tearDownClass): 204 DELETE http://10.180.1.21/networking/v2.0/security-groups/45a18645-a04d-4689-b6e7-b6c20c137efa 0.389s
2025-12-11 07:31:15.067 66450 INFO tempest.lib.common.rest_client [req-d45e2c06-c62a-440a-a59d-4f382982b7eb req-d45e2c06-c62a-440a-a59d-4f382982b7eb ] Request (ServersAdmin275Test:setUpClass): 201 POST http://10.180.1.21/identity/v3/auth/tokens 0.110s
2025-12-11 07:31:15.091 66430 INFO tempest.lib.common.rest_client [req-80d2d218-5e0b-44b7-a998-01e939ee6f12 req-80d2d218-5e0b-44b7-a998-01e939ee6f12 ] Request (HypervisorAdminNegativeUnderV252Test:tearDownClass): 204 DELETE http://10.180.1.21/identity/v3/projects/9be9a0ccee4e4619bee0b1c46341583d 0.134s
2025-12-11 07:31:15.128 66450 INFO tempest.lib.common.rest_client [req-3d6104f4-9def-4172-84c4-8d8a8ba8cbe0 req-3d6104f4-9def-4172-84c4-8d8a8ba8cbe0 ] Request (ServersAdmin275Test:test_rebuild_update_server_275): 201 POST http://10.180.1.21/identity/v3/auth/tokens 0.056s
2025-12-11 07:31:15.129 66450 INFO tempest.lib.common.fixed_network [-] (ServersAdmin275Test:test_rebuild_update_server_275) Found network None available for tenant
2025-12-11 07:31:15.148 66430 INFO tempest.lib.common.rest_client [req-bdfcd99c-c12a-404f-aa3d-5225ccb8db96 req-bdfcd99c-c12a-404f-aa3d-5225ccb8db96 ] Request (VolumesAdminNegativeTest:setUpClass): 201 POST http://10.180.1.21/identity/v3/auth/tokens 0.056s
2025-12-11 07:31:15.177 66430 INFO tempest.lib.common.rest_client [req-e53750bb-10fe-44fd-85ac-67749ca94c09 req-e53750bb-10fe-44fd-85ac-67749ca94c09 ] Request (VolumesAdminNegativeTest:setUpClass): 201 POST http://10.180.1.21/identity/v3/auth/tokens 0.024s
2025-12-11 07:31:15.208 66430 INFO tempest.lib.common.rest_client [req-917db901-d920-48b8-977c-3cfe14846e31 req-917db901-d920-48b8-977c-3cfe14846e31 ] Request (VolumesAdminNegativeTest:setUpClass): 200 GET http://10.180.1.21/identity/v3/domains?name=Default 0.031s
2025-12-11 07:31:15.242 66430 INFO tempest.lib.common.rest_client [req-d46abada-2d50-4a73-8996-98fd37668f69 req-d46abada-2d50-4a73-8996-98fd37668f69 ] Request (VolumesAdminNegativeTest:setUpClass): 201 POST http://10.180.1.21/identity/v3/projects 0.033s
2025-12-11 07:31:15.324 66430 INFO tempest.lib.common.rest_client [req-3600e065-961d-4230-a68e-6ae7dddc7b41 req-3600e065-961d-4230-a68e-6ae7dddc7b41 ] Request (VolumesAdminNegativeTest:setUpClass): 201 POST http://10.180.1.21/identity/v3/users 0.082s
2025-12-11 07:31:15.358 66430 INFO tempest.lib.common.rest_client [req-3dca83d0-a15d-4e06-9cd0-22527e382b75 req-3dca83d0-a15d-4e06-9cd0-22527e382b75 ] Request (VolumesAdminNegativeTest:setUpClass): 200 GET http://10.180.1.21/identity/v3/roles 0.033s
2025-12-11 07:31:15.388 66430 INFO tempest.lib.common.rest_client [req-974dafb9-9a18-4534-ba15-5695d910db3f req-974dafb9-9a18-4534-ba15-5695d910db3f ] Request (VolumesAdminNegativeTest:setUpClass): 204 PUT http://10.180.1.21/identity/v3/projects/5b9ea622451e403ebfb139cd9ed9758e/users/6d997fa2435741848e3a4738d737b74c/roles/0de9d4e54a874b3aa33e1f31ceeeb36e 0.029s
2025-12-11 07:31:15.388 66430 INFO tempest.lib.common.dynamic_creds [-] Dynamic test user 6d997fa2435741848e3a4738d737b74c is created with scope project and roles: ['member']
2025-12-11 07:31:15.389 66430 INFO tempest.lib.common.dynamic_creds [-] Acquired dynamic creds: credentials: Credentials: {'domain_id': 'default', 'domain_name': 'Default', 'username': 'tempest-VolumesAdminNegativeTest-178636109-project-member', 'project_domain_id': 'default', 'project_domain_name': 'Default', 'project_id': '5b9ea622451e403ebfb139cd9ed9758e', 'project_name': 'tempest-VolumesAdminNegativeTest-178636109', 'tenant_id': '5b9ea622451e403ebfb139cd9ed9758e', 'tenant_name': 'tempest-VolumesAdminNegativeTest-178636109', 'user_domain_id': 'default', 'user_domain_name': 'Default', 'user_id': '6d997fa2435741848e3a4738d737b74c', 'system': None}, Network: None, Subnet: None, Router: None
2025-12-11 07:31:15.452 66430 INFO tempest.lib.common.rest_client [req-f89803c6-459a-4b89-8c19-985a6484cd45 req-f89803c6-459a-4b89-8c19-985a6484cd45 ] Request (VolumesAdminNegativeTest:setUpClass): 201 POST http://10.180.1.21/identity/v3/auth/tokens 0.063s
2025-12-11 07:31:15.778 66482 INFO tempest.lib.common.rest_client [req-c9bd29c3-8bb0-48aa-93af-1efa141ced85 req-c9bd29c3-8bb0-48aa-93af-1efa141ced85 ] Request (AttachInterfacesTestJSON:setUpClass): 200 PUT http://10.180.1.21/networking/v2.0/routers/57e32fbe-0e6a-4712-bf59-39f75534ee07/add_router_interface 1.088s
2025-12-11 07:31:15.779 66482 INFO tempest.lib.common.dynamic_creds [-] Created isolated network resources for: credentials: Credentials: {'domain_id': 'default', 'domain_name': 'Default', 'username': 'tempest-AttachInterfacesTestJSON-614257802-project-member', 'project_domain_id': 'default', 'project_domain_name': 'Default', 'project_id': 'acfdaff2631048338de97b9326cb90d1', 'project_name': 'tempest-AttachInterfacesTestJSON-614257802', 'tenant_id': 'acfdaff2631048338de97b9326cb90d1', 'tenant_name': 'tempest-AttachInterfacesTestJSON-614257802', 'user_domain_id': 'default', 'user_domain_name': 'Default', 'user_id': '6f0b4ee8a15f4a17ab7911a39eea8134', 'system': None}, Network: {'id': '719b12a5-6d15-45ab-9dc0-39a60c0b8d0a', 'name': 'tempest-AttachInterfacesTestJSON-518870925-network', 'tenant_id': 'acfdaff2631048338de97b9326cb90d1', 'project_id': 'acfdaff2631048338de97b9326cb90d1', 'admin_state_up': True, 'mtu': 8950, 'status': 'ACTIVE', 'subnets': [], 'shared': False, 'port_security_enabled': True, 'router:external': False, 'provider:network_type': 'vlan', 'provider:physical_network': 'default', 'provider:segmentation_id': 400, 'availability_zone_hints': [], 'availability_zones': [], 'ipv4_address_scope': None, 'ipv6_address_scope': None, 'description': '', 'tags': [], 'created_at': '2025-12-11T07:31:12Z', 'updated_at': '2025-12-11T07:31:12Z', 'revision_number': 1}, Subnet: {'id': '2d1e97db-bd55-4c2c-82cc-34a27b246b1a', 'name': 'tempest-AttachInterfacesTestJSON-518870925-subnet', 'tenant_id': 'acfdaff2631048338de97b9326cb90d1', 'network_id': '719b12a5-6d15-45ab-9dc0-39a60c0b8d0a', 'ip_version': 4, 'subnetpool_id': None, 'enable_dhcp': True, 'ipv6_ra_mode': None, 'ipv6_address_mode': None, 'gateway_ip': '192.168.128.1', 'cidr': '192.168.128.0/28', 'allocation_pools': [{'start': '192.168.128.2', 'end': '192.168.128.14'}], 'host_routes': [], 'dns_nameservers': [], 'description': '', 'router:external': False, 'service_types': [], 'tags': [], 'created_at': '2025-12-11T07:31:13Z', 'updated_at': '2025-12-11T07:31:13Z', 'revision_number': 0, 'project_id': 'acfdaff2631048338de97b9326cb90d1'}, Router: {'id': '57e32fbe-0e6a-4712-bf59-39f75534ee07', 'name': 'tempest-AttachInterfacesTestJSON-518870925-router', 'tenant_id': 'acfdaff2631048338de97b9326cb90d1', 'admin_state_up': True, 'status': 'ACTIVE', 'external_gateway_info': {'network_id': 'b582ce9c-347e-4166-9062-ecb1e616c60f', 'external_fixed_ips': [{'subnet_id': 'ad34a149-f1c4-4e15-b5fc-6f18721622c5', 'ip_address': '10.180.180.205'}], 'enable_snat': True}, 'description': '', 'availability_zones': [], 'distributed': False, 'ha': False, 'availability_zone_hints': [], 'routes': [], 'flavor_id': None, 'tags': [], 'created_at': '2025-12-11T07:31:13Z', 'updated_at': '2025-12-11T07:31:14Z', 'revision_number': 2, 'project_id': 'acfdaff2631048338de97b9326cb90d1'}
2025-12-11 07:31:15.858 66482 INFO tempest.lib.common.rest_client [req-0756b810-219c-42b3-8369-6009ab15d04c req-0756b810-219c-42b3-8369-6009ab15d04c ] Request (AttachInterfacesTestJSON:setUpClass): 201 POST http://10.180.1.21/identity/v3/auth/tokens 0.075s
2025-12-11 07:31:15.916 66454 INFO tempest.lib.common.rest_client [req-64f2b65c-f031-4b10-800f-d29aaf58b749 req-64f2b65c-f031-4b10-800f-d29aaf58b749 ] Request (HypervisorAdminTestJSON:tearDownClass): 200 GET http://10.180.1.21/networking/v2.0/security-groups?tenant_id=b64aec94e93d44bf853052124e9d6813&name=default 1.146s
2025-12-11 07:31:15.961 66466 INFO tempest.lib.common.rest_client [req-8ee4d1c9-2f53-44bb-bc73-9ab70cefbf64 req-8ee4d1c9-2f53-44bb-bc73-9ab70cefbf64 ] Request (DeleteServersAdminTestJSON:test_admin_delete_servers_of_others): 200 GET http://10.180.1.21/compute/v2.1/servers/408e6290-0ce3-4438-80ef-cdd904002a8a 4.937s
2025-12-11 07:31:15.968 66466 INFO tempest.common.waiters [-] State transition "BUILD/networking" ==> "BUILD/spawning" after 9 second wait
2025-12-11 07:31:16.315 66430 INFO tempest.lib.common.rest_client [req-8cbdf670-178e-480a-8722-cf7493f7e70e req-8cbdf670-178e-480a-8722-cf7493f7e70e ] Request (VolumesAdminNegativeTest:setUpClass): 201 POST http://10.180.1.21/networking/v2.0/networks 0.863s
2025-12-11 07:31:16.330 66454 INFO tempest.lib.common.rest_client [req-63efef4e-ed6f-4918-9bec-e628f74cf47a req-63efef4e-ed6f-4918-9bec-e628f74cf47a ] Request (HypervisorAdminTestJSON:tearDownClass): 204 DELETE http://10.180.1.21/networking/v2.0/security-groups/586341d6-b745-4c82-afb2-3ecf19214429 0.413s
2025-12-11 07:31:16.410 66454 INFO tempest.lib.common.rest_client [req-68944640-92ce-4341-aa70-7258d0458ea9 req-68944640-92ce-4341-aa70-7258d0458ea9 ] Request (HypervisorAdminTestJSON:tearDownClass): 204 DELETE http://10.180.1.21/identity/v3/projects/b64aec94e93d44bf853052124e9d6813 0.080s
2025-12-11 07:31:16.471 66454 INFO tempest.lib.common.rest_client [req-76712e95-9caa-422c-8f0b-96006b97c779 req-76712e95-9caa-422c-8f0b-96006b97c779 ] Request (HypervisorAdminV228Test:setUpClass): 201 POST http://10.180.1.21/identity/v3/auth/tokens 0.060s
2025-12-11 07:31:16.503 66454 INFO tempest.lib.common.rest_client [req-f0b25313-9215-40a7-b95d-60c40019db41 req-f0b25313-9215-40a7-b95d-60c40019db41 ] Request (HypervisorAdminV228Test:setUpClass): 201 POST http://10.180.1.21/identity/v3/auth/tokens 0.028s
2025-12-11 07:31:16.538 66454 INFO tempest.lib.common.rest_client [req-7d5a5437-5997-48bb-8b03-89ed3c2d35f3 req-7d5a5437-5997-48bb-8b03-89ed3c2d35f3 ] Request (HypervisorAdminV228Test:setUpClass): 200 GET http://10.180.1.21/identity/v3/domains?name=Default 0.035s
2025-12-11 07:31:16.572 66454 INFO tempest.lib.common.rest_client [req-ec157fe3-b919-4e47-b476-b95df793400e req-ec157fe3-b919-4e47-b476-b95df793400e ] Request (HypervisorAdminV228Test:setUpClass): 201 POST http://10.180.1.21/identity/v3/projects 0.033s
2025-12-11 07:31:16.596 66430 INFO tempest.lib.common.rest_client [req-9bcff443-f104-4136-95ea-746812e64c03 req-9bcff443-f104-4136-95ea-746812e64c03 ] Request (VolumesAdminNegativeTest:setUpClass): 201 POST http://10.180.1.21/networking/v2.0/subnets 0.281s
2025-12-11 07:31:16.692 66474 INFO tempest.lib.common.rest_client [req-5c75e0fa-aeec-40c3-8d62-554590ee17f2 req-5c75e0fa-aeec-40c3-8d62-554590ee17f2 ] Request (ImagesOneServerTestJSON:setUpClass): 200 GET http://10.180.1.21/compute/v2.1/servers/92b3ba8e-bda9-45fe-b16a-c48fe2addf88 5.407s
2025-12-11 07:31:16.700 66474 INFO tempest.common.waiters [-] State transition "BUILD/None" ==> "BUILD/spawning" after 10 second wait
2025-12-11 07:31:16.759 66454 INFO tempest.lib.common.rest_client [req-55dd39a2-7074-4439-a881-1474ed464a64 req-55dd39a2-7074-4439-a881-1474ed464a64 ] Request (HypervisorAdminV228Test:setUpClass): 201 POST http://10.180.1.21/identity/v3/users 0.186s
2025-12-11 07:31:16.783 66454 INFO tempest.lib.common.rest_client [req-4822986b-dc88-40d2-a000-3c66b714d3de req-4822986b-dc88-40d2-a000-3c66b714d3de ] Request (HypervisorAdminV228Test:setUpClass): 200 GET http://10.180.1.21/identity/v3/roles 0.023s
2025-12-11 07:31:16.814 66454 INFO tempest.lib.common.rest_client [req-9a1aafd6-f928-4063-9cb4-e4232857e934 req-9a1aafd6-f928-4063-9cb4-e4232857e934 ] Request (HypervisorAdminV228Test:setUpClass): 204 PUT http://10.180.1.21/identity/v3/projects/ba53a870c6b2415f91936043942e34f4/users/2da00d51a7784c54835bf90acc863e23/roles/0de9d4e54a874b3aa33e1f31ceeeb36e 0.030s
2025-12-11 07:31:16.814 66454 INFO tempest.lib.common.dynamic_creds [-] Dynamic test user 2da00d51a7784c54835bf90acc863e23 is created with scope project and roles: ['member']
2025-12-11 07:31:16.814 66454 INFO tempest.lib.common.dynamic_creds [-] Acquired dynamic creds: credentials: Credentials: {'domain_id': 'default', 'domain_name': 'Default', 'username': 'tempest-HypervisorAdminV228Test-126362436-project-member', 'project_domain_id': 'default', 'project_domain_name': 'Default', 'project_id': 'ba53a870c6b2415f91936043942e34f4', 'project_name': 'tempest-HypervisorAdminV228Test-126362436', 'tenant_id': 'ba53a870c6b2415f91936043942e34f4', 'tenant_name': 'tempest-HypervisorAdminV228Test-126362436', 'user_domain_id': 'default', 'user_domain_name': 'Default', 'user_id': '2da00d51a7784c54835bf90acc863e23', 'system': None}, Network: None, Subnet: None, Router: None
2025-12-11 07:31:16.815 66454 INFO tempest.lib.common.dynamic_creds [-] Created isolated network resources for: credentials: Credentials: {'domain_id': 'default', 'domain_name': 'Default', 'username': 'tempest-HypervisorAdminV228Test-126362436-project-member', 'project_domain_id': 'default', 'project_domain_name': 'Default', 'project_id': 'ba53a870c6b2415f91936043942e34f4', 'project_name': 'tempest-HypervisorAdminV228Test-126362436', 'tenant_id': 'ba53a870c6b2415f91936043942e34f4', 'tenant_name': 'tempest-HypervisorAdminV228Test-126362436', 'user_domain_id': 'default', 'user_domain_name': 'Default', 'user_id': '2da00d51a7784c54835bf90acc863e23', 'system': None}, Network: None, Subnet: None, Router: None
2025-12-11 07:31:16.890 66454 INFO tempest.lib.common.rest_client [req-34744b1c-d138-46f6-a31a-17e8d93ed9de req-34744b1c-d138-46f6-a31a-17e8d93ed9de ] Request (HypervisorAdminV228Test:setUpClass): 201 POST http://10.180.1.21/identity/v3/auth/tokens 0.071s
2025-12-11 07:31:16.957 66454 INFO tempest.lib.common.rest_client [req-4b65b5df-ce09-4309-afef-3a134d8a9708 req-4b65b5df-ce09-4309-afef-3a134d8a9708 ] Request (HypervisorAdminV228Test:setUpClass): 201 POST http://10.180.1.21/identity/v3/projects 0.067s
2025-12-11 07:31:17.029 66454 INFO tempest.lib.common.rest_client [req-d654da3a-fe8f-46d8-a520-d2e9d28a52c5 req-d654da3a-fe8f-46d8-a520-d2e9d28a52c5 ] Request (HypervisorAdminV228Test:setUpClass): 201 POST http://10.180.1.21/identity/v3/users 0.070s
2025-12-11 07:31:17.057 66454 INFO tempest.lib.common.rest_client [req-33b68ce5-a442-4040-b68b-7977ed840620 req-33b68ce5-a442-4040-b68b-7977ed840620 ] Request (HypervisorAdminV228Test:setUpClass): 200 GET http://10.180.1.21/identity/v3/roles 0.025s
2025-12-11 07:31:17.088 66454 INFO tempest.lib.common.rest_client [req-7cb76c48-89fb-445c-a11a-9263602b3dc0 req-7cb76c48-89fb-445c-a11a-9263602b3dc0 ] Request (HypervisorAdminV228Test:setUpClass): 204 PUT http://10.180.1.21/identity/v3/projects/d438dfa439fe4932bf7ab678308f220a/users/9d3f4c29c03d411b9ac24ab019094c3f/roles/86db040a84e441088de6ca2696d137fc 0.031s
2025-12-11 07:31:17.164 66454 INFO tempest.lib.common.rest_client [req-c6173fc3-1e02-4364-9612-d52524ac8e91 req-c6173fc3-1e02-4364-9612-d52524ac8e91 ] Request (HypervisorAdminV228Test:setUpClass): 200 GET http://10.180.1.21/identity/v3/roles 0.075s
2025-12-11 07:31:17.191 66454 INFO tempest.lib.common.rest_client [req-39f90e35-0096-44a3-859f-982d4a0a7636 req-39f90e35-0096-44a3-859f-982d4a0a7636 ] Request (HypervisorAdminV228Test:setUpClass): 204 PUT http://10.180.1.21/identity/v3/projects/d438dfa439fe4932bf7ab678308f220a/users/9d3f4c29c03d411b9ac24ab019094c3f/roles/86db040a84e441088de6ca2696d137fc 0.027s
2025-12-11 07:31:17.191 66454 INFO tempest.lib.common.dynamic_creds [-] Dynamic test user 9d3f4c29c03d411b9ac24ab019094c3f is created with scope project and roles: ['admin']
2025-12-11 07:31:17.192 66454 INFO tempest.lib.common.dynamic_creds [-] Acquired dynamic creds: credentials: Credentials: {'domain_id': 'default', 'domain_name': 'Default', 'username': 'tempest-HypervisorAdminV228Test-2107827729-project-admin', 'project_domain_id': 'default', 'project_domain_name': 'Default', 'project_id': 'd438dfa439fe4932bf7ab678308f220a', 'project_name': 'tempest-HypervisorAdminV228Test-2107827729', 'tenant_id': 'd438dfa439fe4932bf7ab678308f220a', 'tenant_name': 'tempest-HypervisorAdminV228Test-2107827729', 'user_domain_id': 'default', 'user_domain_name': 'Default', 'user_id': '9d3f4c29c03d411b9ac24ab019094c3f', 'system': None}, Network: None, Subnet: None, Router: None
2025-12-11 07:31:17.192 66454 INFO tempest.lib.common.dynamic_creds [-] Created isolated network resources for: credentials: Credentials: {'domain_id': 'default', 'domain_name': 'Default', 'username': 'tempest-HypervisorAdminV228Test-2107827729-project-admin', 'project_domain_id': 'default', 'project_domain_name': 'Default', 'project_id': 'd438dfa439fe4932bf7ab678308f220a', 'project_name': 'tempest-HypervisorAdminV228Test-2107827729', 'tenant_id': 'd438dfa439fe4932bf7ab678308f220a', 'tenant_name': 'tempest-HypervisorAdminV228Test-2107827729', 'user_domain_id': 'default', 'user_domain_name': 'Default', 'user_id': '9d3f4c29c03d411b9ac24ab019094c3f', 'system': None}, Network: None, Subnet: None, Router: None
2025-12-11 07:31:17.288 66454 INFO tempest.lib.common.rest_client [req-8f36c99e-99af-4dc6-b061-af4a25b49832 req-8f36c99e-99af-4dc6-b061-af4a25b49832 ] Request (HypervisorAdminV228Test:setUpClass): 201 POST http://10.180.1.21/identity/v3/auth/tokens 0.094s
2025-12-11 07:31:17.445 66430 INFO tempest.lib.common.rest_client [req-b450818b-5dd4-4d56-991b-92d23d6126a2 req-b450818b-5dd4-4d56-991b-92d23d6126a2 ] Request (VolumesAdminNegativeTest:setUpClass): 201 POST http://10.180.1.21/networking/v2.0/routers 0.848s
2025-12-11 07:31:18.604 66468 INFO tempest.lib.common.rest_client [req-5328f69b-1281-401a-ae7a-02e8bd990c3c req-5328f69b-1281-401a-ae7a-02e8bd990c3c ] Request (VolumesAssistedSnapshotsTest:test_volume_assisted_snapshot_create_delete): 202 POST http://10.180.1.21/compute/v2.1/servers 7.326s
2025-12-11 07:31:18.609 66452 INFO tempest.lib.common.rest_client [req-c0cdc5bd-dc3e-43fc-bb88-dbabe53beaf2 req-c0cdc5bd-dc3e-43fc-bb88-dbabe53beaf2 ] Request (HypervisorAdminNegativeTestJSON:test_get_nonexistent_hypervisor_uptime): 404 GET http://10.180.1.21/compute/v2.1/os-hypervisors/41299fff-30ea-4521-862b-36528424b3d7/uptime 7.063s
2025-12-11 07:31:18.638 66480 INFO tempest.lib.common.rest_client [req-25ce9093-2f78-4452-846b-8fc58ffa1b77 req-25ce9093-2f78-4452-846b-8fc58ffa1b77 ] Request (ServersWithSpecificFlavorTestJSON:test_verify_created_server_ephemeral_disk): 200 POST http://10.180.1.21/compute/v2.1/flavors/579401205/os-extra_specs 7.078s
2025-12-11 07:31:18.662 66444 INFO tempest.lib.common.rest_client [req-12fdfef6-8bfc-4e84-9737-515eb315d1e7 req-12fdfef6-8bfc-4e84-9737-515eb315d1e7 ] Request (ImagesDeleteNegativeTestJSON:test_delete_image_with_invalid_image_id): 404 DELETE http://10.180.1.21/compute/v2.1/images/tempest-invalid-232773941 7.083s
2025-12-11 07:31:18.716 66430 INFO tempest.lib.common.rest_client [req-0ab30f73-78d0-4439-9469-2ed35cacd4c4 req-0ab30f73-78d0-4439-9469-2ed35cacd4c4 ] Request (VolumesAdminNegativeTest:setUpClass): 200 PUT http://10.180.1.21/networking/v2.0/routers/8bcd6a12-ceb2-48c4-a1fe-c28635755375/add_router_interface 1.271s
2025-12-11 07:31:18.717 66430 INFO tempest.lib.common.dynamic_creds [-] Created isolated network resources for: credentials: Credentials: {'domain_id': 'default', 'domain_name': 'Default', 'username': 'tempest-VolumesAdminNegativeTest-178636109-project-member', 'project_domain_id': 'default', 'project_domain_name': 'Default', 'project_id': '5b9ea622451e403ebfb139cd9ed9758e', 'project_name': 'tempest-VolumesAdminNegativeTest-178636109', 'tenant_id': '5b9ea622451e403ebfb139cd9ed9758e', 'tenant_name': 'tempest-VolumesAdminNegativeTest-178636109', 'user_domain_id': 'default', 'user_domain_name': 'Default', 'user_id': '6d997fa2435741848e3a4738d737b74c', 'system': None}, Network: {'id': '46de263f-fcf3-4bde-a4a6-53d6ce5f707c', 'name': 'tempest-VolumesAdminNegativeTest-531348402-network', 'tenant_id': '5b9ea622451e403ebfb139cd9ed9758e', 'project_id': '5b9ea622451e403ebfb139cd9ed9758e', 'admin_state_up': True, 'mtu': 8950, 'status': 'ACTIVE', 'subnets': [], 'shared': False, 'port_security_enabled': True, 'router:external': False, 'provider:network_type': 'vlan', 'provider:physical_network': 'default', 'provider:segmentation_id': 163, 'availability_zone_hints': [], 'availability_zones': [], 'ipv4_address_scope': None, 'ipv6_address_scope': None, 'description': '', 'tags': [], 'created_at': '2025-12-11T07:31:16Z', 'updated_at': '2025-12-11T07:31:16Z', 'revision_number': 1}, Subnet: {'id': 'b767aaca-d56f-42f8-becf-89dd6efeb5df', 'name': 'tempest-VolumesAdminNegativeTest-531348402-subnet', 'tenant_id': '5b9ea622451e403ebfb139cd9ed9758e', 'network_id': '46de263f-fcf3-4bde-a4a6-53d6ce5f707c', 'ip_version': 4, 'subnetpool_id': None, 'enable_dhcp': True, 'ipv6_ra_mode': None, 'ipv6_address_mode': None, 'gateway_ip': '192.168.128.1', 'cidr': '192.168.128.0/28', 'allocation_pools': [{'start': '192.168.128.2', 'end': '192.168.128.14'}], 'host_routes': [], 'dns_nameservers': [], 'description': '', 'router:external': False, 'service_types': [], 'tags': [], 'created_at': '2025-12-11T07:31:16Z', 'updated_at': '2025-12-11T07:31:16Z', 'revision_number': 0, 'project_id': '5b9ea622451e403ebfb139cd9ed9758e'}, Router: {'id': '8bcd6a12-ceb2-48c4-a1fe-c28635755375', 'name': 'tempest-VolumesAdminNegativeTest-531348402-router', 'tenant_id': '5b9ea622451e403ebfb139cd9ed9758e', 'admin_state_up': True, 'status': 'ACTIVE', 'external_gateway_info': {'network_id': 'b582ce9c-347e-4166-9062-ecb1e616c60f', 'external_fixed_ips': [{'subnet_id': 'ad34a149-f1c4-4e15-b5fc-6f18721622c5', 'ip_address': '10.180.180.242'}], 'enable_snat': True}, 'description': '', 'availability_zones': [], 'distributed': False, 'ha': False, 'availability_zone_hints': [], 'routes': [], 'flavor_id': None, 'tags': [], 'created_at': '2025-12-11T07:31:16Z', 'updated_at': '2025-12-11T07:31:17Z', 'revision_number': 2, 'project_id': '5b9ea622451e403ebfb139cd9ed9758e'}
2025-12-11 07:31:18.816 66438 INFO tempest.lib.common.rest_client [req-f8fe4e69-fdbf-43b9-a525-f872f9f177cd req-f8fe4e69-fdbf-43b9-a525-f872f9f177cd ] Request (KeyPairsV2TestJSON:test_get_keypair_detail): 200 POST http://10.180.1.21/compute/v2.1/os-keypairs 7.234s
2025-12-11 07:31:18.817 66430 INFO tempest.lib.common.rest_client [req-f233501d-20d5-422e-9515-fe03965088b2 req-f233501d-20d5-422e-9515-fe03965088b2 ] Request (VolumesAdminNegativeTest:setUpClass): 201 POST http://10.180.1.21/identity/v3/auth/tokens 0.093s
2025-12-11 07:31:18.888 66430 INFO tempest.lib.common.rest_client [req-e5bb80c9-ef7a-419b-a467-6b5f225534ea req-e5bb80c9-ef7a-419b-a467-6b5f225534ea ] Request (VolumesAdminNegativeTest:setUpClass): 201 POST http://10.180.1.21/identity/v3/projects 0.071s
2025-12-11 07:31:18.968 66430 INFO tempest.lib.common.rest_client [req-2b9b4886-6a24-445d-a2ec-cca55f979f25 req-2b9b4886-6a24-445d-a2ec-cca55f979f25 ] Request (VolumesAdminNegativeTest:setUpClass): 201 POST http://10.180.1.21/identity/v3/users 0.079s
2025-12-11 07:31:18.969 66460 INFO tempest.lib.common.rest_client [req-71686279-be4b-48d1-8097-1d8158d54502 req-71686279-be4b-48d1-8097-1d8158d54502 ] Request (QuotasAdminNegativeTest:test_create_server_when_instances_quota_is_full): 200 GET http://10.180.1.21/compute/v2.1/os-quota-sets/dc7a9be0aaa74afdb4e2fac5e42fff75 7.183s
2025-12-11 07:31:19.000 66430 INFO tempest.lib.common.rest_client [req-993dcfda-e586-495c-b8bb-545d36e9705f req-993dcfda-e586-495c-b8bb-545d36e9705f ] Request (VolumesAdminNegativeTest:setUpClass): 200 GET http://10.180.1.21/identity/v3/roles 0.031s
2025-12-11 07:31:19.044 66430 INFO tempest.lib.common.rest_client [req-be33223e-f508-4941-bcb4-d71e19d3b731 req-be33223e-f508-4941-bcb4-d71e19d3b731 ] Request (VolumesAdminNegativeTest:setUpClass): 204 PUT http://10.180.1.21/identity/v3/projects/dec7b4daa0d74f9f95474fd8c399789e/users/096d5b642b8e4a20a5812f69ed9cef2d/roles/86db040a84e441088de6ca2696d137fc 0.043s
2025-12-11 07:31:19.105 66430 INFO tempest.lib.common.rest_client [req-ff51b17d-826e-4ff7-82d2-7ea15bbe477a req-ff51b17d-826e-4ff7-82d2-7ea15bbe477a ] Request (VolumesAdminNegativeTest:setUpClass): 200 GET http://10.180.1.21/identity/v3/roles 0.061s
2025-12-11 07:31:19.132 66430 INFO tempest.lib.common.rest_client [req-8a85c3e8-73d4-4061-91df-ece3335e4d11 req-8a85c3e8-73d4-4061-91df-ece3335e4d11 ] Request (VolumesAdminNegativeTest:setUpClass): 204 PUT http://10.180.1.21/identity/v3/projects/dec7b4daa0d74f9f95474fd8c399789e/users/096d5b642b8e4a20a5812f69ed9cef2d/roles/86db040a84e441088de6ca2696d137fc 0.027s
2025-12-11 07:31:19.133 66430 INFO tempest.lib.common.dynamic_creds [-] Dynamic test user 096d5b642b8e4a20a5812f69ed9cef2d is created with scope project and roles: ['admin']
2025-12-11 07:31:19.133 66430 INFO tempest.lib.common.dynamic_creds [-] Acquired dynamic creds: credentials: Credentials: {'domain_id': 'default', 'domain_name': 'Default', 'username': 'tempest-VolumesAdminNegativeTest-1892495028-project-admin', 'project_domain_id': 'default', 'project_domain_name': 'Default', 'project_id': 'dec7b4daa0d74f9f95474fd8c399789e', 'project_name': 'tempest-VolumesAdminNegativeTest-1892495028', 'tenant_id': 'dec7b4daa0d74f9f95474fd8c399789e', 'tenant_name': 'tempest-VolumesAdminNegativeTest-1892495028', 'user_domain_id': 'default', 'user_domain_name': 'Default', 'user_id': '096d5b642b8e4a20a5812f69ed9cef2d', 'system': None}, Network: None, Subnet: None, Router: None
2025-12-11 07:31:19.187 66440 INFO tempest.lib.common.rest_client [req-838b88fc-5f57-4af3-9965-07086531fd77 req-838b88fc-5f57-4af3-9965-07086531fd77 ] Request (MigrationsAdminTest:test_list_migrations_in_flavor_resize_situation): 200 GET http://10.180.1.21/compute/v2.1/servers/b73cf97f-e01c-4177-bd20-68238f4aa287 7.399s
2025-12-11 07:31:19.194 66440 INFO tempest.common.waiters [-] State transition "BUILD/None" ==> "BUILD/spawning" after 12 second wait
2025-12-11 07:31:19.294 66428 INFO tempest.lib.common.rest_client [req-71cd18cf-80f0-43c0-8501-216c77e46935 req-71cd18cf-80f0-43c0-8501-216c77e46935 ] Request (QuotaClassesAdminTestJSON:test_update_default_quotas): 200 PUT http://10.180.1.21/compute/v2.1/os-quota-class-sets/default 7.370s
2025-12-11 07:31:19.322 66432 INFO tempest.lib.common.rest_client [req-135b4d1c-f1b5-4769-b730-59860fc2e38f req-135b4d1c-f1b5-4769-b730-59860fc2e38f ] Request (FlavorsV2TestJSON:test_list_flavors_detailed_filter_by_min_disk): 200 GET http://10.180.1.21/compute/v2.1/flavors/detail?minDisk=2 7.082s
2025-12-11 07:31:19.336 66486 INFO tempest.lib.common.rest_client [req-53335f6e-f63c-4907-91cd-4272b901e3b2 req-53335f6e-f63c-4907-91cd-4272b901e3b2 ] Request (FlavorsAccessTestJSON:_run_cleanups): 202 DELETE http://10.180.1.21/compute/v2.1/flavors/284976524 7.062s
2025-12-11 07:31:19.354 66430 INFO tempest.lib.common.rest_client [req-9639494a-4c23-446d-ab3b-ebbc5f8f7f70 req-9639494a-4c23-446d-ab3b-ebbc5f8f7f70 ] Request (VolumesAdminNegativeTest:setUpClass): 201 POST http://10.180.1.21/networking/v2.0/networks 0.221s
2025-12-11 07:31:19.362 66488 INFO tempest.lib.common.rest_client [req-59099064-83a2-47bf-9f84-660ae5a9b14d req-59099064-83a2-47bf-9f84-660ae5a9b14d ] Request (FlavorsAdminTestJSON:_run_cleanups): 200 GET http://10.180.1.21/compute/v2.1/flavors/detail 7.075s
2025-12-11 07:31:19.382 66476 INFO tempest.lib.common.rest_client [req-c6e959be-3834-4ada-9eed-dfe5e3a9ccff req-c6e959be-3834-4ada-9eed-dfe5e3a9ccff ] Request (FlavorsExtraSpecsNegativeTestJSON:test_flavor_non_admin_update_specific_key): 200 POST http://10.180.1.21/compute/v2.1/flavors/323832274/os-extra_specs 7.092s
2025-12-11 07:31:19.398 66446 INFO tempest.lib.common.rest_client [req-729bfee6-8056-4267-a093-7cbdebecaae8 req-729bfee6-8056-4267-a093-7cbdebecaae8 ] Request (ServicesAdminNegativeV253TestJSON:test_enable_service_with_invalid_service_id): 404 PUT http://10.180.1.21/compute/v2.1/os-services/b265d1f2-e597-4df6-83c5-fe6549c7e2ec 7.091s
2025-12-11 07:31:19.418 66458 INFO tempest.lib.common.rest_client [req-43d3a2fa-99af-46e5-86e6-add9d530908d req-43d3a2fa-99af-46e5-86e6-add9d530908d ] Request (FlavorsExtraSpecsTestJSON:test_flavor_set_get_update_show_unset_keys): 200 POST http://10.180.1.21/compute/v2.1/flavors/2131985522/os-extra_specs 7.025s
2025-12-11 07:31:19.426 66472 INFO tempest.lib.common.rest_client [req-d10ff945-9120-478e-bf19-02d7df8c73e9 req-d10ff945-9120-478e-bf19-02d7df8c73e9 ] Request (HostsAdminNegativeTestJSON:test_show_host_detail_with_nonexistent_hostname): 404 GET http://10.180.1.21/compute/v2.1/os-hosts/nonexistent_hostname 7.028s
2025-12-11 07:31:19.454 66470 INFO tempest.lib.common.rest_client [req-9141a5a4-eef8-42ad-980f-dd449f9cc055 req-9141a5a4-eef8-42ad-980f-dd449f9cc055 ] Request (FlavorsV261TestJSON:_run_cleanups): 202 DELETE http://10.180.1.21/compute/v2.1/flavors/810733320 7.033s
2025-12-11 07:31:19.583 66430 INFO tempest.lib.common.rest_client [req-d0635b9a-b17b-4d5e-a17f-0c0ea247ba81 req-d0635b9a-b17b-4d5e-a17f-0c0ea247ba81 ] Request (VolumesAdminNegativeTest:setUpClass): 201 POST http://10.180.1.21/networking/v2.0/subnets 0.228s
2025-12-11 07:31:20.180 66456 INFO tempest.lib.common.rest_client [req-6555278a-806b-4d45-8f68-70d2e234e9f7 req-6555278a-806b-4d45-8f68-70d2e234e9f7 ] Request (ServerDiagnosticsTest:test_get_server_diagnostics): 200 GET http://10.180.1.21/compute/v2.1/servers/1d413498-3749-4052-a9a1-10e356c4eaf2 6.951s
2025-12-11 07:31:20.391 66430 INFO tempest.lib.common.rest_client [req-d1af6f02-7dfe-4093-a9dd-9e55c2784c6f req-d1af6f02-7dfe-4093-a9dd-9e55c2784c6f ] Request (VolumesAdminNegativeTest:setUpClass): 201 POST http://10.180.1.21/networking/v2.0/routers 0.808s
2025-12-11 07:31:20.443 66484 INFO tempest.lib.common.rest_client [req-c0652fda-e536-4b32-97be-205bced9ec6f req-c0652fda-e536-4b32-97be-205bced9ec6f ] Request (FloatingIPDetailsNegativeTestJSON:test_get_nonexistent_floating_ip_details): 404 GET http://10.180.1.21/compute/v2.1/os-floating-ips/a6e851b2-3feb-4419-a001-5848efbfbbbf 6.903s
2025-12-11 07:31:20.464 66442 INFO tempest.lib.common.rest_client [req-9bf9b64b-18e8-43af-a04c-011685134e5e req-9bf9b64b-18e8-43af-a04c-011685134e5e ] Request (AggregatesAdminNegativeTestJSON:_run_cleanups): 200 DELETE http://10.180.1.21/compute/v2.1/os-aggregates/1 6.369s
2025-12-11 07:31:21.241 66430 INFO tempest.lib.common.rest_client [req-30d21c3d-4603-4b54-ba31-a0e5f64b7632 req-30d21c3d-4603-4b54-ba31-a0e5f64b7632 ] Request (VolumesAdminNegativeTest:setUpClass): 200 PUT http://10.180.1.21/networking/v2.0/routers/b51dc861-59ed-4097-9a0d-786e06c766f8/add_router_interface 0.849s
2025-12-11 07:31:21.241 66430 INFO tempest.lib.common.dynamic_creds [-] Created isolated network resources for: credentials: Credentials: {'domain_id': 'default', 'domain_name': 'Default', 'username': 'tempest-VolumesAdminNegativeTest-1892495028-project-admin', 'project_domain_id': 'default', 'project_domain_name': 'Default', 'project_id': 'dec7b4daa0d74f9f95474fd8c399789e', 'project_name': 'tempest-VolumesAdminNegativeTest-1892495028', 'tenant_id': 'dec7b4daa0d74f9f95474fd8c399789e', 'tenant_name': 'tempest-VolumesAdminNegativeTest-1892495028', 'user_domain_id': 'default', 'user_domain_name': 'Default', 'user_id': '096d5b642b8e4a20a5812f69ed9cef2d', 'system': None}, Network: {'id': 'de14f9b5-fd44-456a-8e03-453eeb5586ab', 'name': 'tempest-VolumesAdminNegativeTest-1610968422-network', 'tenant_id': 'dec7b4daa0d74f9f95474fd8c399789e', 'project_id': 'dec7b4daa0d74f9f95474fd8c399789e', 'admin_state_up': True, 'mtu': 8950, 'status': 'ACTIVE', 'subnets': [], 'shared': False, 'port_security_enabled': True, 'router:external': False, 'provider:network_type': 'vlan', 'provider:physical_network': 'default', 'provider:segmentation_id': 715, 'availability_zone_hints': [], 'availability_zones': [], 'ipv4_address_scope': None, 'ipv6_address_scope': None, 'description': '', 'tags': [], 'created_at': '2025-12-11T07:31:19Z', 'updated_at': '2025-12-11T07:31:19Z', 'revision_number': 1}, Subnet: {'id': '811ada52-1f14-4749-a3c3-c29a17801baa', 'name': 'tempest-VolumesAdminNegativeTest-1610968422-subnet', 'tenant_id': 'dec7b4daa0d74f9f95474fd8c399789e', 'network_id': 'de14f9b5-fd44-456a-8e03-453eeb5586ab', 'ip_version': 4, 'subnetpool_id': None, 'enable_dhcp': True, 'ipv6_ra_mode': None, 'ipv6_address_mode': None, 'gateway_ip': '192.168.128.1', 'cidr': '192.168.128.0/28', 'allocation_pools': [{'start': '192.168.128.2', 'end': '192.168.128.14'}], 'host_routes': [], 'dns_nameservers': [], 'description': '', 'router:external': False, 'service_types': [], 'tags': [], 'created_at': '2025-12-11T07:31:19Z', 'updated_at': '2025-12-11T07:31:19Z', 'revision_number': 0, 'project_id': 'dec7b4daa0d74f9f95474fd8c399789e'}, Router: {'id': 'b51dc861-59ed-4097-9a0d-786e06c766f8', 'name': 'tempest-VolumesAdminNegativeTest-1610968422-router', 'tenant_id': 'dec7b4daa0d74f9f95474fd8c399789e', 'admin_state_up': True, 'status': 'ACTIVE', 'external_gateway_info': {'network_id': 'b582ce9c-347e-4166-9062-ecb1e616c60f', 'external_fixed_ips': [{'subnet_id': 'ad34a149-f1c4-4e15-b5fc-6f18721622c5', 'ip_address': '10.180.180.210'}], 'enable_snat': True}, 'description': '', 'availability_zones': [], 'distributed': False, 'ha': False, 'availability_zone_hints': [], 'routes': [], 'flavor_id': None, 'tags': [], 'created_at': '2025-12-11T07:31:19Z', 'updated_at': '2025-12-11T07:31:20Z', 'revision_number': 2, 'project_id': 'dec7b4daa0d74f9f95474fd8c399789e'}
2025-12-11 07:31:21.327 66484 INFO tempest.lib.common.rest_client [req-7bb0e590-81eb-4ad5-9999-e446e06d8a92 req-7bb0e590-81eb-4ad5-9999-e446e06d8a92 ] Request (FloatingIPDetailsNegativeTestJSON:tearDownClass): 200 PUT http://10.180.1.21/networking/v2.0/routers/9bed1591-f9c4-4fda-bfa3-5e3c30c43050/remove_router_interface 0.883s
2025-12-11 07:31:21.339 66430 INFO tempest.lib.common.rest_client [req-253448d0-ebab-423f-94ff-71c3a3485d05 req-253448d0-ebab-423f-94ff-71c3a3485d05 ] Request (VolumesAdminNegativeTest:setUpClass): 201 POST http://10.180.1.21/identity/v3/auth/tokens 0.095s
2025-12-11 07:31:21.351 66448 INFO tempest.lib.common.rest_client [req-c1b06820-c1ca-4734-a8a9-bb6ea45e1fcd req-c1b06820-c1ca-4734-a8a9-bb6ea45e1fcd ] Request (SecurityGroupRulesNegativeTestJSON:test_create_security_group_rule_with_invalid_from_port): 200 POST http://10.180.1.21/compute/v2.1/os-security-groups 7.174s
2025-12-11 07:31:21.414 66430 INFO tempest.lib.common.rest_client [req-eb5492d8-4034-4fe8-bfb6-2dba5d43113f req-eb5492d8-4034-4fe8-bfb6-2dba5d43113f ] Request (VolumesAdminNegativeTest:setUpClass): 201 POST http://10.180.1.21/identity/v3/projects 0.074s
2025-12-11 07:31:21.499 66430 INFO tempest.lib.common.rest_client [req-38f963ae-b4e1-4eef-9980-1ca57f1618ed req-38f963ae-b4e1-4eef-9980-1ca57f1618ed ] Request (VolumesAdminNegativeTest:setUpClass): 201 POST http://10.180.1.21/identity/v3/users 0.084s
2025-12-11 07:31:21.525 66430 INFO tempest.lib.common.rest_client [req-10e5dd86-15c2-43b8-b18d-f6e693b78720 req-10e5dd86-15c2-43b8-b18d-f6e693b78720 ] Request (VolumesAdminNegativeTest:setUpClass): 200 GET http://10.180.1.21/identity/v3/roles 0.025s
2025-12-11 07:31:21.554 66430 INFO tempest.lib.common.rest_client [req-82624d97-3d11-4c33-b97c-f3bf97d0f2c5 req-82624d97-3d11-4c33-b97c-f3bf97d0f2c5 ] Request (VolumesAdminNegativeTest:setUpClass): 204 PUT http://10.180.1.21/identity/v3/projects/cd2c5d2fe7e145899d9884317a94545b/users/51fcb87e9353461cabe75115b80a7d49/roles/1f4560d680a8432290b9b38489df86c1 0.029s
2025-12-11 07:31:21.627 66430 INFO tempest.lib.common.rest_client [req-bdc09a85-5196-49b5-80cc-4b8730e14476 req-bdc09a85-5196-49b5-80cc-4b8730e14476 ] Request (VolumesAdminNegativeTest:setUpClass): 200 GET http://10.180.1.21/identity/v3/roles 0.072s
2025-12-11 07:31:21.652 66430 INFO tempest.lib.common.rest_client [req-46f19a2a-3e9b-43e2-81f6-d53b45e79a31 req-46f19a2a-3e9b-43e2-81f6-d53b45e79a31 ] Request (VolumesAdminNegativeTest:setUpClass): 204 PUT http://10.180.1.21/identity/v3/projects/cd2c5d2fe7e145899d9884317a94545b/users/51fcb87e9353461cabe75115b80a7d49/roles/86db040a84e441088de6ca2696d137fc 0.024s
2025-12-11 07:31:21.652 66430 INFO tempest.lib.common.dynamic_creds [-] Dynamic test user 51fcb87e9353461cabe75115b80a7d49 is created with scope project and roles: ['service', 'admin']
2025-12-11 07:31:21.652 66430 INFO tempest.lib.common.dynamic_creds [-] Acquired dynamic creds: credentials: Credentials: {'domain_id': 'default', 'domain_name': 'Default', 'username': 'tempest-VolumesAdminNegativeTest-1077683291-project', 'project_domain_id': 'default', 'project_domain_name': 'Default', 'project_id': 'cd2c5d2fe7e145899d9884317a94545b', 'project_name': 'tempest-VolumesAdminNegativeTest-1077683291', 'tenant_id': 'cd2c5d2fe7e145899d9884317a94545b', 'tenant_name': 'tempest-VolumesAdminNegativeTest-1077683291', 'user_domain_id': 'default', 'user_domain_name': 'Default', 'user_id': '51fcb87e9353461cabe75115b80a7d49', 'system': None}, Network: None, Subnet: None, Router: None
2025-12-11 07:31:21.694 66434 INFO tempest.lib.common.rest_client [req-955376ab-2397-4614-a800-a11cee75081a req-955376ab-2397-4614-a800-a11cee75081a ] Request (ServerMetadataTestJSON:setUpClass): 200 GET http://10.180.1.21/compute/v2.1/servers/703d74af-261b-4d69-9a08-3b3fffbc49b9 6.745s
2025-12-11 07:31:21.815 66484 INFO tempest.lib.common.rest_client [req-836224a8-0b1b-49d5-bad7-d1bcc34cd70e req-836224a8-0b1b-49d5-bad7-d1bcc34cd70e ] Request (FloatingIPDetailsNegativeTestJSON:tearDownClass): 204 DELETE http://10.180.1.21/networking/v2.0/routers/9bed1591-f9c4-4fda-bfa3-5e3c30c43050 0.488s
2025-12-11 07:31:22.015 66430 INFO tempest.lib.common.rest_client [req-c61c98f8-197c-48a5-82cc-5b8338404683 req-c61c98f8-197c-48a5-82cc-5b8338404683 ] Request (VolumesAdminNegativeTest:setUpClass): 201 POST http://10.180.1.21/networking/v2.0/networks 0.362s
2025-12-11 07:31:22.068 66450 INFO tempest.lib.common.rest_client [req-05881176-a8b1-4d84-bd7c-ba069b1e1006 req-05881176-a8b1-4d84-bd7c-ba069b1e1006 ] Request (ServersAdmin275Test:test_rebuild_update_server_275): 202 POST http://10.180.1.21/compute/v2.1/servers 6.939s
2025-12-11 07:31:22.075 66484 INFO tempest.lib.common.rest_client [req-5608f792-13ac-4a50-a9ea-8e3e8301cd44 req-5608f792-13ac-4a50-a9ea-8e3e8301cd44 ] Request (FloatingIPDetailsNegativeTestJSON:tearDownClass): 204 DELETE http://10.180.1.21/networking/v2.0/subnets/55386927-7316-474a-a0bb-95d62058c858 0.259s
2025-12-11 07:31:22.305 66430 INFO tempest.lib.common.rest_client [req-aaced397-b70d-4aeb-ac7a-f551e1dc299e req-aaced397-b70d-4aeb-ac7a-f551e1dc299e ] Request (VolumesAdminNegativeTest:setUpClass): 201 POST http://10.180.1.21/networking/v2.0/subnets 0.289s
2025-12-11 07:31:22.366 66484 INFO tempest.lib.common.rest_client [req-695d0fd4-4c26-49ad-8f77-623fae342180 req-695d0fd4-4c26-49ad-8f77-623fae342180 ] Request (FloatingIPDetailsNegativeTestJSON:tearDownClass): 204 DELETE http://10.180.1.21/networking/v2.0/networks/caea10c6-88d4-4560-8447-da4d7a6befa3 0.290s
2025-12-11 07:31:22.538 66490 INFO tempest.lib.common.rest_client [req-47f2c13c-3a60-40ae-b777-6b1ca81fc4b5 req-47f2c13c-3a60-40ae-b777-6b1ca81fc4b5 ] Request (ServersTestManualDisk:setUpClass): 200 GET http://10.180.1.21/compute/v2.1/servers/bec42e2c-fc2f-4c6b-8228-0befd03de81f 6.737s
2025-12-11 07:31:22.542 66484 INFO tempest.lib.common.rest_client [req-a9a6b73d-2042-44ed-9c98-0f1bc12e6371 req-a9a6b73d-2042-44ed-9c98-0f1bc12e6371 ] Request (FloatingIPDetailsNegativeTestJSON:tearDownClass): 204 DELETE http://10.180.1.21/identity/v3/users/7d883770a16840cdab8ab91777f47a3a 0.175s
2025-12-11 07:31:22.542 66484 INFO tempest.lib.common.dynamic_creds [-] Deleting project and security group for project: deb883d8e5db46ffbe7258288ad3a923
2025-12-11 07:31:22.550 66490 INFO tempest.common.waiters [-] State transition "BUILD/None" ==> "BUILD/spawning" after 8 second wait
2025-12-11 07:31:22.627 66484 INFO tempest.lib.common.rest_client [req-98ff6010-5eca-44fd-a3e0-668d691b8899 req-98ff6010-5eca-44fd-a3e0-668d691b8899 ] Request (FloatingIPDetailsNegativeTestJSON:tearDownClass): 200 GET http://10.180.1.21/networking/v2.0/security-groups?tenant_id=deb883d8e5db46ffbe7258288ad3a923&name=default 0.084s
2025-12-11 07:31:22.750 66482 INFO tempest.lib.common.rest_client [req-69e363c4-92c3-4f6b-95c0-4bb03e795d74 req-69e363c4-92c3-4f6b-95c0-4bb03e795d74 ] Request (ValidationResourcesFixture:setUp): 200 POST http://10.180.1.21/compute/v2.1/os-keypairs 6.889s
2025-12-11 07:31:22.843 66484 INFO tempest.lib.common.rest_client [req-e3af18df-30d0-4bc8-81b7-e6e4558443df req-e3af18df-30d0-4bc8-81b7-e6e4558443df ] Request (FloatingIPDetailsNegativeTestJSON:tearDownClass): 204 DELETE http://10.180.1.21/networking/v2.0/security-groups/2beba794-1d6d-49a9-83c2-a994e6935943 0.216s
2025-12-11 07:31:22.947 66484 INFO tempest.lib.common.rest_client [req-72aa4021-fe34-4a70-b3be-e78ce468ee92 req-72aa4021-fe34-4a70-b3be-e78ce468ee92 ] Request (FloatingIPDetailsNegativeTestJSON:tearDownClass): 204 DELETE http://10.180.1.21/identity/v3/projects/deb883d8e5db46ffbe7258288ad3a923 0.103s
2025-12-11 07:31:22.987 66482 INFO tempest.lib.common.rest_client [req-4f9e86ba-0823-4f8a-afc0-f581de8c9afa req-4f9e86ba-0823-4f8a-afc0-f581de8c9afa ] Request (ValidationResourcesFixture:setUp): 201 POST http://10.180.1.21/networking/v2.0/security-groups 0.236s
2025-12-11 07:31:23.032 66484 INFO tempest.lib.common.rest_client [req-f1ee9ba1-8a2d-4a4a-8b97-6a5626ce4021 req-f1ee9ba1-8a2d-4a4a-8b97-6a5626ce4021 ] Request (SecurityGroupsTestJSON:setUpClass): 201 POST http://10.180.1.21/identity/v3/auth/tokens 0.083s
2025-12-11 07:31:23.069 66484 INFO tempest.lib.common.rest_client [req-54b68188-96f1-42de-8da9-84db5d72d61e req-54b68188-96f1-42de-8da9-84db5d72d61e ] Request (SecurityGroupsTestJSON:setUpClass): 201 POST http://10.180.1.21/identity/v3/auth/tokens 0.033s
2025-12-11 07:31:23.108 66484 INFO tempest.lib.common.rest_client [req-9b7d192e-ba65-4a97-aab6-57285bd0b7a8 req-9b7d192e-ba65-4a97-aab6-57285bd0b7a8 ] Request (SecurityGroupsTestJSON:setUpClass): 200 GET http://10.180.1.21/identity/v3/domains?name=Default 0.039s
2025-12-11 07:31:23.148 66484 INFO tempest.lib.common.rest_client [req-bfaf7fed-acab-48e1-8af4-dc8be2b28330 req-bfaf7fed-acab-48e1-8af4-dc8be2b28330 ] Request (SecurityGroupsTestJSON:setUpClass): 201 POST http://10.180.1.21/identity/v3/projects 0.038s
2025-12-11 07:31:23.234 66484 INFO tempest.lib.common.rest_client [req-e47ce618-44a5-4794-941f-6574d1af04a5 req-e47ce618-44a5-4794-941f-6574d1af04a5 ] Request (SecurityGroupsTestJSON:setUpClass): 201 POST http://10.180.1.21/identity/v3/users 0.085s
2025-12-11 07:31:23.262 66482 INFO tempest.lib.common.rest_client [req-99f19244-07d8-44e5-9b3d-1dcd6babdbe1 req-99f19244-07d8-44e5-9b3d-1dcd6babdbe1 ] Request (ValidationResourcesFixture:setUp): 201 POST http://10.180.1.21/networking/v2.0/security-group-rules 0.274s
2025-12-11 07:31:23.267 66484 INFO tempest.lib.common.rest_client [req-fa1eb3e5-6453-45c8-bf1a-32ac950a98b0 req-fa1eb3e5-6453-45c8-bf1a-32ac950a98b0 ] Request (SecurityGroupsTestJSON:setUpClass): 200 GET http://10.180.1.21/identity/v3/roles 0.033s
2025-12-11 07:31:23.292 66430 INFO tempest.lib.common.rest_client [req-ba1900a4-a8c9-4042-9dd4-277a284125c0 req-ba1900a4-a8c9-4042-9dd4-277a284125c0 ] Request (VolumesAdminNegativeTest:setUpClass): 201 POST http://10.180.1.21/networking/v2.0/routers 0.987s
2025-12-11 07:31:23.304 66484 INFO tempest.lib.common.rest_client [req-4fa571d4-3994-4f1b-b34b-4f0a17d242e7 req-4fa571d4-3994-4f1b-b34b-4f0a17d242e7 ] Request (SecurityGroupsTestJSON:setUpClass): 204 PUT http://10.180.1.21/identity/v3/projects/01ef9450048c4011a00745dbe21f7ca1/users/e1294d2727a249168f93b048ee8afd2e/roles/0de9d4e54a874b3aa33e1f31ceeeb36e 0.036s
2025-12-11 07:31:23.304 66484 INFO tempest.lib.common.dynamic_creds [-] Dynamic test user e1294d2727a249168f93b048ee8afd2e is created with scope project and roles: ['member']
