2025-12-11 07:33:08.939 66442 INFO tempest.lib.common.rest_client [req-f40acc6c-d758-4276-87f7-fff744cc68eb req-f40acc6c-d758-4276-87f7-fff744cc68eb ] Request (ServerDiagnosticsV248Test:setUpClass): 204 PUT http://10.180.1.21/identity/v3/projects/189966cc6a6d4b1cb119ef90e9b15fd4/users/7c072d0b121d400ab83da8038c13f247/roles/86db040a84e441088de6ca2696d137fc 0.019s
2025-12-11 07:33:08.939 66442 INFO tempest.lib.common.dynamic_creds [-] Dynamic test user 7c072d0b121d400ab83da8038c13f247 is created with scope project and roles: ['admin']
2025-12-11 07:33:08.939 66442 INFO tempest.lib.common.dynamic_creds [-] Acquired dynamic creds: credentials: Credentials: {'domain_id': 'default', 'domain_name': 'Default', 'username': 'tempest-ServerDiagnosticsV248Test-100618372-project-admin', 'project_domain_id': 'default', 'project_domain_name': 'Default', 'project_id': '189966cc6a6d4b1cb119ef90e9b15fd4', 'project_name': 'tempest-ServerDiagnosticsV248Test-100618372', 'tenant_id': '189966cc6a6d4b1cb119ef90e9b15fd4', 'tenant_name': 'tempest-ServerDiagnosticsV248Test-100618372', 'user_domain_id': 'default', 'user_domain_name': 'Default', 'user_id': '7c072d0b121d400ab83da8038c13f247', 'system': None}, Network: None, Subnet: None, Router: None
2025-12-11 07:33:08.939 66442 INFO tempest.lib.common.dynamic_creds [-] Created isolated network resources for: credentials: Credentials: {'domain_id': 'default', 'domain_name': 'Default', 'username': 'tempest-ServerDiagnosticsV248Test-100618372-project-admin', 'project_domain_id': 'default', 'project_domain_name': 'Default', 'project_id': '189966cc6a6d4b1cb119ef90e9b15fd4', 'project_name': 'tempest-ServerDiagnosticsV248Test-100618372', 'tenant_id': '189966cc6a6d4b1cb119ef90e9b15fd4', 'tenant_name': 'tempest-ServerDiagnosticsV248Test-100618372', 'user_domain_id': 'default', 'user_domain_name': 'Default', 'user_id': '7c072d0b121d400ab83da8038c13f247', 'system': None}, Network: None, Subnet: None, Router: None
2025-12-11 07:33:08.954 66490 INFO tempest.lib.common.rest_client [req-5001586a-c86b-40d6-bf95-04486dc355f3 req-5001586a-c86b-40d6-bf95-04486dc355f3 ] Request (ServersTestManualDisk:tearDownClass): 200 GET http://10.180.1.21/compute/v2.1/servers/bec42e2c-fc2f-4c6b-8228-0befd03de81f 2.055s
2025-12-11 07:33:08.995 66430 INFO tempest.lib.common.rest_client [req-7adae65f-01bd-46d5-845f-f9c4ffa63475 req-7adae65f-01bd-46d5-845f-f9c4ffa63475 ] Request (FloatingIPsAssociationTestJSON:setUpClass): 200 POST http://10.180.1.21/compute/v2.1/os-floating-ips 2.115s
2025-12-11 07:33:09.046 66442 INFO tempest.lib.common.rest_client [req-ef6d9e11-437a-4df5-8fc6-cd048e6932a5 req-ef6d9e11-437a-4df5-8fc6-cd048e6932a5 ] Request (ServerDiagnosticsV248Test:setUpClass): 201 POST http://10.180.1.21/identity/v3/auth/tokens 0.104s
2025-12-11 07:33:09.072 66454 INFO tempest.lib.common.rest_client [req-144d87ef-7882-4a25-84a9-3f559c384a28 req-144d87ef-7882-4a25-84a9-3f559c384a28 ] Request (ListImageFiltersTestJSON:setUpClass): 200 GET http://10.180.1.21/compute/v2.1/servers/d071aaff-f499-4619-8b45-626070fa3a63 2.043s
2025-12-11 07:33:09.101 66430 INFO tempest.lib.common.rest_client [req-c35183fd-5b55-4c56-83dc-a50c6143a69f req-c35183fd-5b55-4c56-83dc-a50c6143a69f ] Request (FloatingIPsAssociationTestJSON:test_associate_already_associated_floating_ip): 201 POST http://10.180.1.21/identity/v3/auth/tokens 0.094s
2025-12-11 07:33:09.102 66430 INFO tempest.lib.common.fixed_network [-] (FloatingIPsAssociationTestJSON:test_associate_already_associated_floating_ip) Found network {'id': '4894ccf8-7f57-4bb3-aec6-f2da7cf01b3d', 'name': 'tempest-FloatingIPsAssociationTestJSON-1126608901-network', 'tenant_id': '7dea1a1ea6d84b76880b3f7cc1eede3b', 'project_id': '7dea1a1ea6d84b76880b3f7cc1eede3b', 'admin_state_up': True, 'mtu': 8950, 'status': 'ACTIVE', 'subnets': [], 'shared': False, 'port_security_enabled': True, 'router:external': False, 'provider:network_type': 'vlan', 'provider:physical_network': 'default', 'provider:segmentation_id': 85, 'availability_zone_hints': [], 'availability_zones': [], 'ipv4_address_scope': None, 'ipv6_address_scope': None, 'description': '', 'tags': [], 'created_at': '2025-12-11T07:32:27Z', 'updated_at': '2025-12-11T07:32:27Z', 'revision_number': 1} available for tenant
2025-12-11 07:33:09.102 66462 INFO tempest.lib.common.rest_client [req-99e4c0bc-8a9f-4484-9f43-b25a5ec06128 req-99e4c0bc-8a9f-4484-9f43-b25a5ec06128 ] Request (ServersListShow298Test:test_list_show_update_rebuild_server_298): 200 GET http://10.180.1.21/compute/v2.1/servers/b8b75c36-0ad8-4cba-9727-60e54b3895c9 1.881s
2025-12-11 07:33:09.130 66442 INFO tempest.lib.common.rest_client [req-58342420-7ea8-4027-9982-1dbecede6c1f req-58342420-7ea8-4027-9982-1dbecede6c1f ] Request (ServerDiagnosticsV248Test:test_get_server_diagnostics): 201 POST http://10.180.1.21/identity/v3/auth/tokens 0.079s
2025-12-11 07:33:09.131 66442 INFO tempest.lib.common.fixed_network [-] (ServerDiagnosticsV248Test:test_get_server_diagnostics) Found network None available for tenant
2025-12-11 07:33:09.245 66450 INFO tempest.lib.common.rest_client [req-c81c1a6a-fd6f-45b6-b682-564f2028727a req-c81c1a6a-fd6f-45b6-b682-564f2028727a ] Request (ServersTestBootFromVolume:setUpClass): 200 GET http://10.180.1.21/volume/v3/volumes/08c1ff26-6b28-4282-9efd-666cc03378ec 0.031s
2025-12-11 07:33:09.313 66474 INFO tempest.lib.common.rest_client [req-88872672-94dd-46dd-ac41-e5bb214862c2 req-88872672-94dd-46dd-ac41-e5bb214862c2 ] Request (ImagesOneServerTestJSON:tearDownClass): 200 GET http://10.180.1.21/compute/v2.1/servers/92b3ba8e-bda9-45fe-b16a-c48fe2addf88 2.057s
2025-12-11 07:33:09.400 66482 INFO tempest.lib.common.rest_client [req-6426bf4d-a7a6-483a-b617-1f5b73f9da0f req-6426bf4d-a7a6-483a-b617-1f5b73f9da0f ] Request (AttachInterfacesTestJSON:_run_cleanups): 204 DELETE http://10.180.1.21/compute/v2.1/servers/813ce5dd-b655-4380-80dc-a1462ba990f3 2.016s
2025-12-11 07:33:09.879 66456 INFO tempest.lib.common.rest_client [req-240e778c-75d6-4935-a65d-292df0140d05 req-240e778c-75d6-4935-a65d-292df0140d05 ] Request (FloatingIPsAssociationNegativeTestJSON:tearDownClass): 200 GET http://10.180.1.21/compute/v2.1/servers/27fe703b-c3e1-4fde-b091-f6e838e991d5 2.629s
2025-12-11 07:33:10.104 66486 INFO tempest.lib.common.rest_client [req-1a1d42b9-bde7-4f7b-a4fe-164309512636 req-1a1d42b9-bde7-4f7b-a4fe-164309512636 ] Request (SecurityGroupRulesTestJSON:tearDownClass): 202 DELETE http://10.180.1.21/compute/v2.1/os-security-groups/1ed5f04f-442f-4a4a-9ac1-f3950de48f58 2.487s
2025-12-11 07:33:10.136 66448 INFO tempest.lib.common.rest_client [req-fa91156a-ad28-417e-872b-773e9b3a49c8 req-fa91156a-ad28-417e-872b-773e9b3a49c8 ] Request (MultipleCreateTestJSON:_run_cleanups): 200 GET http://10.180.1.21/compute/v2.1/servers/691a1545-2844-4099-a13f-234728639e46 2.517s
2025-12-11 07:33:10.143 66448 INFO tempest.common.waiters [-] State transition "ACTIVE/deleting" ==> "DELETED/None" after 4 second wait
2025-12-11 07:33:10.287 66450 INFO tempest.lib.common.rest_client [req-44f45c72-2cd7-4cee-863c-a803c9048ba6 req-44f45c72-2cd7-4cee-863c-a803c9048ba6 ] Request (ServersTestBootFromVolume:setUpClass): 200 GET http://10.180.1.21/volume/v3/volumes/08c1ff26-6b28-4282-9efd-666cc03378ec 0.032s
2025-12-11 07:33:10.441 66434 INFO tempest.lib.common.rest_client [req-c87056cb-9858-4a29-9e22-60fc51719c96 req-c87056cb-9858-4a29-9e22-60fc51719c96 ] Request (ServerMetadataTestJSON:tearDownClass): 200 GET http://10.180.1.21/compute/v2.1/servers/703d74af-261b-4d69-9a08-3b3fffbc49b9 2.783s
2025-12-11 07:33:10.453 66440 INFO tempest.lib.common.rest_client [req-bbe2faf6-c940-40bc-a874-69cfc3335414 req-bbe2faf6-c940-40bc-a874-69cfc3335414 ] Request (MigrationsAdminTest:test_resize_server_revert_deleted_flavor): 200 GET http://10.180.1.21/compute/v2.1/servers/72e78777-7542-438c-8317-310d50436f6d 2.713s
2025-12-11 07:33:10.519 66466 INFO tempest.lib.common.rest_client [req-36a5a7dd-e3bd-4398-9e15-d2d6eed75f16 req-36a5a7dd-e3bd-4398-9e15-d2d6eed75f16 ] Request (ServerActionsTestJSON:setUpClass): 200 GET http://10.180.1.21/compute/v2.1/servers/b6670341-8bba-4fa0-bd76-f1a21fd499ce 2.736s
2025-12-11 07:33:10.524 66438 INFO tempest.lib.common.rest_client [req-b46a1347-76db-4947-aef1-2ad669bd4bdf req-b46a1347-76db-4947-aef1-2ad669bd4bdf ] Request (ServersNegativeTestJSON:setUpClass): 200 GET http://10.180.1.21/compute/v2.1/servers/506cddf6-7f7d-4ad9-a80f-9229cd8628eb 2.716s
2025-12-11 07:33:10.529 66460 INFO tempest.lib.common.rest_client [req-7dbc176d-4c6a-4543-af75-3fc3ff74694f req-7dbc176d-4c6a-4543-af75-3fc3ff74694f ] Request (ImagesNegativeTestJSON:test_create_image_specify_uuid_37_characters_or_more): 404 POST http://10.180.1.21/compute/v2.1/servers/aaaaaaaaaaaaaaaaaaaaaaaaaaaaaaaaaaaaa/action 2.697s
2025-12-11 07:33:10.541 66488 INFO tempest.lib.common.rest_client [req-56a71962-e3c5-4580-901e-ab88407659af req-56a71962-e3c5-4580-901e-ab88407659af ] Request (FlavorsAdminTestJSON:_run_cleanups): 202 DELETE http://10.180.1.21/compute/v2.1/flavors/2087389240 2.715s
2025-12-11 07:33:10.621 66480 INFO tempest.lib.common.rest_client [req-5ba4e3f7-290b-469b-9f46-41b3f6729f3a req-5ba4e3f7-290b-469b-9f46-41b3f6729f3a ] Request (ServersWithSpecificFlavorTestJSON:test_verify_created_server_ephemeral_disk): 204 DELETE http://10.180.1.21/compute/v2.1/servers/6dc4dca1-064c-4cd8-a682-36283fbea51b 2.730s
2025-12-11 07:33:10.685 66444 INFO tempest.lib.common.rest_client [req-5ddb5c8f-44bd-4686-8cd1-a0d39b6056ae req-5ddb5c8f-44bd-4686-8cd1-a0d39b6056ae ] Request (ServersTestJSON:setUpClass): 200 GET http://10.180.1.21/compute/v2.1/servers/45e7c966-e5fd-4fd0-894d-725ffa67a3f3 2.679s
2025-12-11 07:33:10.712 66480 INFO tempest.lib.common.rest_client [req-03276b62-009d-48cc-823c-f4cc291beb17 req-03276b62-009d-48cc-823c-f4cc291beb17 ] Request (ServersWithSpecificFlavorTestJSON:test_verify_created_server_ephemeral_disk): 201 POST http://10.180.1.21/identity/v3/auth/tokens 0.086s
2025-12-11 07:33:10.712 66480 INFO tempest.lib.common.fixed_network [-] (ServersWithSpecificFlavorTestJSON:test_verify_created_server_ephemeral_disk) Found network {'id': '42e4dbae-ae45-43a5-bab0-9227104b69ab', 'name': 'tempest-ServersWithSpecificFlavorTestJSON-335620614-network', 'tenant_id': '5a9e936ad998467fbff7e3467333e24c', 'project_id': '5a9e936ad998467fbff7e3467333e24c', 'admin_state_up': True, 'mtu': 8950, 'status': 'ACTIVE', 'subnets': [], 'shared': False, 'port_security_enabled': True, 'router:external': False, 'provider:network_type': 'vlan', 'provider:physical_network': 'default', 'provider:segmentation_id': 317, 'availability_zone_hints': [], 'availability_zones': [], 'ipv4_address_scope': None, 'ipv6_address_scope': None, 'description': '', 'tags': [], 'created_at': '2025-12-11T07:30:54Z', 'updated_at': '2025-12-11T07:30:54Z', 'revision_number': 1} available for tenant
2025-12-11 07:33:10.747 66446 INFO tempest.lib.common.rest_client [req-296ed3b4-64dc-4b9f-ace9-39525c23d579 req-296ed3b4-64dc-4b9f-ace9-39525c23d579 ] Request (ServersTestMultiNic:test_verify_duplicate_network_nics): 200 GET http://10.180.1.21/compute/v2.1/servers/8bb9c114-9dd7-4c49-88e6-2b97adfb2202 2.680s
2025-12-11 07:33:10.748 66484 INFO tempest.lib.common.rest_client [req-a493a015-8bf3-46ae-b909-b1d5d03ca51f req-a493a015-8bf3-46ae-b909-b1d5d03ca51f ] Request (SecurityGroupsTestJSON:test_server_security_groups): 200 POST http://10.180.1.21/compute/v2.1/os-security-groups 2.699s
2025-12-11 07:33:10.805 66465 INFO tempest.lib.common.rest_client [req-3324d3b5-3781-4a41-b1c1-a4c229e16fe2 req-3324d3b5-3781-4a41-b1c1-a4c229e16fe2 ] Request (ImagesTestJSON:test_create_image_from_stopped_server): 200 GET http://10.180.1.21/compute/v2.1/servers/b7850f3a-a0cf-4e32-8d59-d165da812a3d 2.668s
2025-12-11 07:33:10.861 66428 INFO tempest.lib.common.rest_client [req-e840dce5-7e69-4020-8b15-d49c3b05a836 req-e840dce5-7e69-4020-8b15-d49c3b05a836 ] Request (ListServerFiltersTestJSON:setUpClass): 200 GET http://10.180.1.21/compute/v2.1/servers/d6a0c859-24ef-447d-b54d-0d56d53dd120 2.790s
2025-12-11 07:33:10.883 66432 INFO tempest.lib.common.rest_client [req-bdb93f7e-35b3-4d19-8042-0846c5fb305b req-bdb93f7e-35b3-4d19-8042-0846c5fb305b ] Request (ServersListShow296Test:test_list_show_update_rebuild_server_296): 200 GET http://10.180.1.21/compute/v2.1/servers/2c32a922-0853-47fd-9d9e-696b50c66455 2.711s
2025-12-11 07:33:10.944 66458 INFO tempest.lib.common.rest_client [req-a6cde058-2d5f-49f8-94ae-bf7e49dfc73d req-a6cde058-2d5f-49f8-94ae-bf7e49dfc73d ] Request (ListServersNegativeTestJSON:setUpClass): 200 GET http://10.180.1.21/compute/v2.1/servers/89eb045e-1329-4f7a-a3df-534c31cda99d 2.699s
2025-12-11 07:33:10.952 66470 INFO tempest.lib.common.rest_client [req-dbba5450-1c34-4860-a062-7a372b257a87 req-dbba5450-1c34-4860-a062-7a372b257a87 ] Request (ServerShowV254Test:test_rebuild_server): 200 GET http://10.180.1.21/compute/v2.1/servers/bba24532-e7b5-4a30-9977-13637fec7135 2.465s
2025-12-11 07:33:11.030 66478 INFO tempest.lib.common.rest_client [req-b06729d5-e7a2-4aa0-b9a3-09d82cd77b27 req-b06729d5-e7a2-4aa0-b9a3-09d82cd77b27 ] Request (ServersListShow2100Test:tearDownClass): 200 GET http://10.180.1.21/compute/v2.1/servers/acc72715-dc5c-4597-a5f2-97901f1a3d21 2.254s
2025-12-11 07:33:11.042 66478 INFO tempest.common.waiters [-] State transition "ACTIVE/deleting" ==> "DELETED/None" after 6 second wait
2025-12-11 07:33:11.139 66468 INFO tempest.lib.common.rest_client [req-1f8f4b7f-9509-45ed-b7e5-662734ada53f req-1f8f4b7f-9509-45ed-b7e5-662734ada53f ] Request (VolumesAssistedSnapshotsTest:test_volume_assisted_snapshot_create_delete): 200 POST http://10.180.1.21/compute/v2.1/os-assisted-volume-snapshots 2.542s
2025-12-11 07:33:11.308 66442 INFO tempest.lib.common.rest_client [req-9c7f0963-4956-4bd3-9bfb-b8a8334559bb req-9c7f0963-4956-4bd3-9bfb-b8a8334559bb ] Request (ServerDiagnosticsV248Test:test_get_server_diagnostics): 202 POST http://10.180.1.21/compute/v2.1/servers 2.177s
2025-12-11 07:33:11.329 66450 INFO tempest.lib.common.rest_client [req-4f60ae6f-70a4-49ca-bc41-d1e3cbec8009 req-4f60ae6f-70a4-49ca-bc41-d1e3cbec8009 ] Request (ServersTestBootFromVolume:setUpClass): 200 GET http://10.180.1.21/volume/v3/volumes/08c1ff26-6b28-4282-9efd-666cc03378ec 0.031s
2025-12-11 07:33:11.407 66430 INFO tempest.lib.common.rest_client [req-0eea8a0b-cde7-44c5-8d6b-6eef578c3fae req-0eea8a0b-cde7-44c5-8d6b-6eef578c3fae ] Request (FloatingIPsAssociationTestJSON:test_associate_already_associated_floating_ip): 202 POST http://10.180.1.21/compute/v2.1/servers 2.304s
2025-12-11 07:33:11.504 66482 INFO tempest.lib.common.rest_client [req-745be99d-fa98-421b-bd1d-e6d63f50bb86 req-745be99d-fa98-421b-bd1d-e6d63f50bb86 ] Request (AttachInterfacesTestJSON:_run_cleanups): 200 GET http://10.180.1.21/compute/v2.1/servers/813ce5dd-b655-4380-80dc-a1462ba990f3 2.101s
2025-12-11 07:33:11.523 66490 INFO tempest.lib.common.rest_client [req-d9fe7f5b-e95b-4435-8803-d2352f150e80 req-d9fe7f5b-e95b-4435-8803-d2352f150e80 ] Request (ServersTestManualDisk:tearDownClass): 200 GET http://10.180.1.21/compute/v2.1/servers/bec42e2c-fc2f-4c6b-8228-0befd03de81f 1.549s
2025-12-11 07:33:11.534 66490 INFO tempest.common.waiters [-] State transition "ACTIVE/deleting" ==> "DELETED/None" after 3 second wait
2025-12-11 07:33:11.577 66454 INFO tempest.lib.common.rest_client [req-949c40bb-9c1e-4653-85c0-60e8a21eb4f4 req-949c40bb-9c1e-4653-85c0-60e8a21eb4f4 ] Request (ListImageFiltersTestJSON:setUpClass): 200 GET http://10.180.1.21/compute/v2.1/servers/d071aaff-f499-4619-8b45-626070fa3a63 1.490s
2025-12-11 07:33:11.585 66454 INFO tempest.common.waiters [-] State transition "BUILD/None" ==> "BUILD/networking" after 24 second wait
2025-12-11 07:33:11.658 66486 INFO tempest.lib.common.rest_client [req-ff1297ed-24ea-4097-a241-2911569ae206 req-ff1297ed-24ea-4097-a241-2911569ae206 ] Request (SecurityGroupRulesTestJSON:tearDownClass): 202 DELETE http://10.180.1.21/compute/v2.1/os-security-groups/6e8424cb-4170-49d0-907a-b1f103d36c98 1.553s
2025-12-11 07:33:11.679 66462 INFO tempest.lib.common.rest_client [req-4ed186e9-e636-42e9-bf4b-de2f1c617859 req-4ed186e9-e636-42e9-bf4b-de2f1c617859 ] Request (ServersListShow298Test:test_list_show_update_rebuild_server_298): 200 GET http://10.180.1.21/compute/v2.1/servers/b8b75c36-0ad8-4cba-9727-60e54b3895c9 1.563s
2025-12-11 07:33:11.708 66460 INFO tempest.lib.common.rest_client [req-7f938ad6-9267-4a6a-a184-1635f5dc8195 req-7f938ad6-9267-4a6a-a184-1635f5dc8195 ] Request (ImagesNegativeTestJSON:tearDownClass): 404 DELETE http://10.180.1.21/compute/v2.1/servers/0a706616-01fa-4e35-a3ef-f0991982e3d6 1.177s
2025-12-11 07:33:11.735 66488 INFO tempest.lib.common.rest_client [req-39dfc3a4-bb43-4480-ac69-bc9eb0a88bd9 req-39dfc3a4-bb43-4480-ac69-bc9eb0a88bd9 ] Request (FlavorsAdminTestJSON:_run_cleanups): 200 GET http://10.180.1.21/compute/v2.1/flavors/detail 1.193s
2025-12-11 07:33:11.965 66488 INFO tempest.lib.common.rest_client [req-631e36b8-c219-474c-88fb-dc044c75c88f req-631e36b8-c219-474c-88fb-dc044c75c88f ] Request (FlavorsAdminTestJSON:tearDownClass): 204 DELETE http://10.180.1.21/identity/v3/users/41480dabbddb4c92b7b0c04432c2e248 0.218s
2025-12-11 07:33:12.157 66488 INFO tempest.lib.common.rest_client [req-14eb3d13-6780-4f57-8081-f197423c6d0c req-14eb3d13-6780-4f57-8081-f197423c6d0c ] Request (FlavorsAdminTestJSON:tearDownClass): 204 DELETE http://10.180.1.21/identity/v3/users/c39587e4d0f143e88a08e8bfcd8d9507 0.192s
2025-12-11 07:33:12.158 66488 INFO tempest.lib.common.dynamic_creds [-] Deleting project and security group for project: df452f26f4814e47a56164fff9f338f9
2025-12-11 07:33:12.263 66488 INFO tempest.lib.common.rest_client [req-8222facd-e0d8-44ca-9e45-fd3374a72cb9 req-8222facd-e0d8-44ca-9e45-fd3374a72cb9 ] Request (FlavorsAdminTestJSON:tearDownClass): 201 POST http://10.180.1.21/identity/v3/auth/tokens 0.105s
2025-12-11 07:33:12.368 66450 INFO tempest.lib.common.rest_client [req-b61688ac-2774-4011-883e-ee476b03e5c7 req-b61688ac-2774-4011-883e-ee476b03e5c7 ] Request (ServersTestBootFromVolume:setUpClass): 200 GET http://10.180.1.21/volume/v3/volumes/08c1ff26-6b28-4282-9efd-666cc03378ec 0.031s
2025-12-11 07:33:12.451 66474 INFO tempest.lib.common.rest_client [req-d90e47e1-acc9-49df-8e1d-ce6d856dcb76 req-d90e47e1-acc9-49df-8e1d-ce6d856dcb76 ] Request (ImagesOneServerTestJSON:tearDownClass): 200 GET http://10.180.1.21/compute/v2.1/servers/92b3ba8e-bda9-45fe-b16a-c48fe2addf88 2.128s
2025-12-11 07:33:12.678 66486 INFO tempest.lib.common.rest_client [req-bd59e636-d0dd-4c8e-9bd8-982e5fdd8f7c req-bd59e636-d0dd-4c8e-9bd8-982e5fdd8f7c ] Request (SecurityGroupRulesTestJSON:tearDownClass): 200 PUT http://10.180.1.21/networking/v2.0/routers/78fb3534-2f28-4fbb-abf6-0c1cd7435be3/remove_router_interface 1.020s
2025-12-11 07:33:12.726 66488 INFO tempest.lib.common.rest_client [req-9bd69810-76fb-461f-98d0-12414cc6d55e req-9bd69810-76fb-461f-98d0-12414cc6d55e ] Request (FlavorsAdminTestJSON:tearDownClass): 200 GET http://10.180.1.21/networking/v2.0/security-groups?tenant_id=df452f26f4814e47a56164fff9f338f9&name=default 0.463s
2025-12-11 07:33:12.829 66484 INFO tempest.lib.common.rest_client [req-0b760b7f-dea6-44db-b9f9-033da62c1ccd req-0b760b7f-dea6-44db-b9f9-033da62c1ccd ] Request (SecurityGroupsTestJSON:test_server_security_groups): 200 POST http://10.180.1.21/compute/v2.1/os-security-groups 2.078s
2025-12-11 07:33:12.920 66484 INFO tempest.lib.common.rest_client [req-e953e7eb-6d9d-454f-9e22-cb446f736599 req-e953e7eb-6d9d-454f-9e22-cb446f736599 ] Request (SecurityGroupsTestJSON:test_server_security_groups): 201 POST http://10.180.1.21/identity/v3/auth/tokens 0.086s
2025-12-11 07:33:12.921 66484 INFO tempest.lib.common.fixed_network [-] (SecurityGroupsTestJSON:test_server_security_groups) Found network {'id': 'f549ca66-4547-43e4-81f8-140d4f340f9f', 'name': 'tempest-SecurityGroupsTestJSON-2049025113-network', 'tenant_id': '01ef9450048c4011a00745dbe21f7ca1', 'project_id': '01ef9450048c4011a00745dbe21f7ca1', 'admin_state_up': True, 'mtu': 8950, 'status': 'ACTIVE', 'subnets': [], 'shared': False, 'port_security_enabled': True, 'router:external': False, 'provider:network_type': 'vlan', 'provider:physical_network': 'default', 'provider:segmentation_id': 945, 'availability_zone_hints': [], 'availability_zones': [], 'ipv4_address_scope': None, 'ipv6_address_scope': None, 'description': '', 'tags': [], 'created_at': '2025-12-11T07:31:23Z', 'updated_at': '2025-12-11T07:31:23Z', 'revision_number': 1} available for tenant
2025-12-11 07:33:12.950 66488 INFO tempest.lib.common.rest_client [req-91f6ec85-1259-42f1-b425-3d28e0c0b64f req-91f6ec85-1259-42f1-b425-3d28e0c0b64f ] Request (FlavorsAdminTestJSON:tearDownClass): 204 DELETE http://10.180.1.21/networking/v2.0/security-groups/ecb989df-3e94-40b5-ba3e-f9a4f0e515eb 0.222s
2025-12-11 07:33:13.086 66488 INFO tempest.lib.common.rest_client [req-6723eb2f-531d-4372-a714-424298ceb51b req-6723eb2f-531d-4372-a714-424298ceb51b ] Request (FlavorsAdminTestJSON:tearDownClass): 204 DELETE http://10.180.1.21/identity/v3/projects/df452f26f4814e47a56164fff9f338f9 0.135s
2025-12-11 07:33:13.086 66488 INFO tempest.lib.common.dynamic_creds [-] Deleting project and security group for project: 6b8d0a4f0c4147dbab0905bde26ebec8
2025-12-11 07:33:13.098 66476 WARNING tempest.lib.common.ssh [-] Failed to establish authenticated ssh connection to cirros@10.180.180.150 ([Errno None] Unable to connect to port 22 on 10.180.180.150). Number attempts: 4. Retry after 5 seconds.: paramiko.ssh_exception.NoValidConnectionsError: [Errno None] Unable to connect to port 22 on 10.180.180.150
2025-12-11 07:33:13.378 66486 INFO tempest.lib.common.rest_client [req-49bf500f-b2c2-4a71-afda-447203e23973 req-49bf500f-b2c2-4a71-afda-447203e23973 ] Request (SecurityGroupRulesTestJSON:tearDownClass): 204 DELETE http://10.180.1.21/networking/v2.0/routers/78fb3534-2f28-4fbb-abf6-0c1cd7435be3 0.699s
2025-12-11 07:33:13.409 66450 INFO tempest.lib.common.rest_client [req-fdbb197c-a04f-4434-b6a4-8b849d59eb5f req-fdbb197c-a04f-4434-b6a4-8b849d59eb5f ] Request (ServersTestBootFromVolume:setUpClass): 200 GET http://10.180.1.21/volume/v3/volumes/08c1ff26-6b28-4282-9efd-666cc03378ec 0.033s
2025-12-11 07:33:13.410 66456 INFO tempest.lib.common.rest_client [req-c5ca78a8-e0b9-49a4-b7ac-56afc302898e req-c5ca78a8-e0b9-49a4-b7ac-56afc302898e ] Request (FloatingIPsAssociationNegativeTestJSON:tearDownClass): 200 GET http://10.180.1.21/compute/v2.1/servers/27fe703b-c3e1-4fde-b091-f6e838e991d5 2.524s
2025-12-11 07:33:13.417 66456 INFO tempest.common.waiters [-] State transition "ACTIVE/deleting" ==> "DELETED/None" after 4 second wait
2025-12-11 07:33:13.486 66468 INFO tempest.lib.common.rest_client [req-2a90cd81-7372-4fa3-8022-f7cf8be11833 req-2a90cd81-7372-4fa3-8022-f7cf8be11833 ] Request (VolumesAssistedSnapshotsTest:test_volume_assisted_snapshot_create_delete): 204 DELETE http://10.180.1.21/compute/v2.1/os-assisted-volume-snapshots/None?delete_info=%7B%22volume_id%22%3A+%22513353df-0e6a-44cb-9486-ce70a0704b0e%22%7D 2.346s
2025-12-11 07:33:13.524 66468 INFO tempest.lib.common.rest_client [req-d209adb7-46e7-4aae-978e-2e1db25f1fc2 req-d209adb7-46e7-4aae-978e-2e1db25f1fc2 ] Request (VolumesAssistedSnapshotsTest:_run_cleanups): 200 GET http://10.180.1.21/volume/v3/volumes/513353df-0e6a-44cb-9486-ce70a0704b0e 0.037s
2025-12-11 07:33:13.589 66488 INFO tempest.lib.common.rest_client [req-25d32166-e076-4371-86d5-43034dca90bd req-25d32166-e076-4371-86d5-43034dca90bd ] Request (FlavorsAdminTestJSON:tearDownClass): 200 GET http://10.180.1.21/networking/v2.0/security-groups?tenant_id=6b8d0a4f0c4147dbab0905bde26ebec8&name=default 0.502s
2025-12-11 07:33:13.668 66486 INFO tempest.lib.common.rest_client [req-55d12f75-8515-4355-a8e9-6c83a5392dc1 req-55d12f75-8515-4355-a8e9-6c83a5392dc1 ] Request (SecurityGroupRulesTestJSON:tearDownClass): 204 DELETE http://10.180.1.21/networking/v2.0/subnets/1e395108-465d-4906-b65a-f2329d5d8656 0.289s
2025-12-11 07:33:14.169 66448 INFO tempest.lib.common.rest_client [req-f61369db-3348-4625-a71c-235b174e1332 req-f61369db-3348-4625-a71c-235b174e1332 ] Request (MultipleCreateTestJSON:_run_cleanups): 200 GET http://10.180.1.21/compute/v2.1/servers/691a1545-2844-4099-a13f-234728639e46 3.025s
2025-12-11 07:33:14.277 66488 INFO tempest.lib.common.rest_client [req-380f7644-7b08-4492-8b17-ea9341795bfb req-380f7644-7b08-4492-8b17-ea9341795bfb ] Request (FlavorsAdminTestJSON:tearDownClass): 204 DELETE http://10.180.1.21/networking/v2.0/security-groups/96f452a2-62b0-4197-9235-ff9e3aa96f27 0.688s
2025-12-11 07:33:14.382 66488 INFO tempest.lib.common.rest_client [req-c213d13d-b2e2-4389-ac26-c3a0cac4c0fb req-c213d13d-b2e2-4389-ac26-c3a0cac4c0fb ] Request (FlavorsAdminTestJSON:tearDownClass): 204 DELETE http://10.180.1.21/identity/v3/projects/6b8d0a4f0c4147dbab0905bde26ebec8 0.105s
2025-12-11 07:33:14.443 66450 INFO tempest.lib.common.rest_client [req-46250368-cd0a-4140-9bea-ee1a0400baa0 req-46250368-cd0a-4140-9bea-ee1a0400baa0 ] Request (ServersTestBootFromVolume:setUpClass): 200 GET http://10.180.1.21/volume/v3/volumes/08c1ff26-6b28-4282-9efd-666cc03378ec 0.026s
2025-12-11 07:33:14.448 66488 INFO tempest.lib.common.rest_client [req-2d9de075-8068-43fa-aadc-c44b7c2840d1 req-2d9de075-8068-43fa-aadc-c44b7c2840d1 ] Request (HypervisorAdminUnderV252Test:setUpClass): 201 POST http://10.180.1.21/identity/v3/auth/tokens 0.064s
2025-12-11 07:33:14.478 66488 INFO tempest.lib.common.rest_client [req-0b845d47-f184-4e45-acf2-d637ff7d3feb req-0b845d47-f184-4e45-acf2-d637ff7d3feb ] Request (HypervisorAdminUnderV252Test:setUpClass): 201 POST http://10.180.1.21/identity/v3/auth/tokens 0.026s
2025-12-11 07:33:14.503 66486 INFO tempest.lib.common.rest_client [req-615df724-f231-4ce3-86cc-f6eca8e5eef7 req-615df724-f231-4ce3-86cc-f6eca8e5eef7 ] Request (SecurityGroupRulesTestJSON:tearDownClass): 204 DELETE http://10.180.1.21/networking/v2.0/networks/8e33aadd-6b0b-43b9-bfe8-a52e763416e8 0.834s
2025-12-11 07:33:14.504 66488 INFO tempest.lib.common.rest_client [req-52effb34-071e-4a5e-900d-19f0f2b582d7 req-52effb34-071e-4a5e-900d-19f0f2b582d7 ] Request (HypervisorAdminUnderV252Test:setUpClass): 200 GET http://10.180.1.21/identity/v3/domains?name=Default 0.026s
2025-12-11 07:33:14.532 66488 INFO tempest.lib.common.rest_client [req-c7d1eb33-0e49-4e95-8b8e-0ff038902add req-c7d1eb33-0e49-4e95-8b8e-0ff038902add ] Request (HypervisorAdminUnderV252Test:setUpClass): 201 POST http://10.180.1.21/identity/v3/projects 0.027s
2025-12-11 07:33:14.626 66442 INFO tempest.lib.common.rest_client [req-2b744606-ea29-4e42-a603-5beddb41be81 req-2b744606-ea29-4e42-a603-5beddb41be81 ] Request (ServerDiagnosticsV248Test:test_get_server_diagnostics): 200 GET http://10.180.1.21/compute/v2.1/servers/bf444cf8-145a-4ebd-bd07-125932891471 3.315s
2025-12-11 07:33:14.628 66480 INFO tempest.lib.common.rest_client [req-97f96ab9-e112-4419-afdf-5d2d886f30c3 req-97f96ab9-e112-4419-afdf-5d2d886f30c3 ] Request (ServersWithSpecificFlavorTestJSON:test_verify_created_server_ephemeral_disk): 202 POST http://10.180.1.21/compute/v2.1/servers 3.915s
2025-12-11 07:33:14.628 66486 INFO tempest.lib.common.rest_client [req-15750785-97b1-42e8-8055-8607527605be req-15750785-97b1-42e8-8055-8607527605be ] Request (SecurityGroupRulesTestJSON:tearDownClass): 204 DELETE http://10.180.1.21/identity/v3/users/9d09eec3661343f69e15055b95e0507f 0.122s
2025-12-11 07:33:14.628 66486 INFO tempest.lib.common.dynamic_creds [-] Deleting project and security group for project: 9c15ffab6ed444bb8d166d758bc7173d
2025-12-11 07:33:14.656 66488 INFO tempest.lib.common.rest_client [req-95f3303b-7986-46f4-9232-f73b27bc6dc0 req-95f3303b-7986-46f4-9232-f73b27bc6dc0 ] Request (HypervisorAdminUnderV252Test:setUpClass): 201 POST http://10.180.1.21/identity/v3/users 0.123s
2025-12-11 07:33:14.700 66486 INFO tempest.lib.common.rest_client [req-e7826f17-613d-4d95-9b8b-b8be42da9c42 req-e7826f17-613d-4d95-9b8b-b8be42da9c42 ] Request (SecurityGroupRulesTestJSON:tearDownClass): 200 GET http://10.180.1.21/networking/v2.0/security-groups?tenant_id=9c15ffab6ed444bb8d166d758bc7173d&name=default 0.071s
2025-12-11 07:33:14.732 66488 INFO tempest.lib.common.rest_client [req-dcc472b5-96a0-4705-9c87-ff13ff9ee084 req-dcc472b5-96a0-4705-9c87-ff13ff9ee084 ] Request (HypervisorAdminUnderV252Test:setUpClass): 200 GET http://10.180.1.21/identity/v3/roles 0.075s
2025-12-11 07:33:14.737 66430 INFO tempest.lib.common.rest_client [req-e2798447-d7f9-452f-8e29-5951e862d6ef req-e2798447-d7f9-452f-8e29-5951e862d6ef ] Request (FloatingIPsAssociationTestJSON:test_associate_already_associated_floating_ip): 200 GET http://10.180.1.21/compute/v2.1/servers/81d90a31-8d35-4c3c-924b-10a0582092ab 3.327s
2025-12-11 07:33:14.765 66434 INFO tempest.lib.common.rest_client [req-8625de91-f78a-4ba1-bd6c-44cdbc7341f7 req-8625de91-f78a-4ba1-bd6c-44cdbc7341f7 ] Request (ServerMetadataTestJSON:tearDownClass): 200 GET http://10.180.1.21/compute/v2.1/servers/703d74af-261b-4d69-9a08-3b3fffbc49b9 3.312s
2025-12-11 07:33:14.770 66488 INFO tempest.lib.common.rest_client [req-6db479a6-1f26-4b6c-ae64-4649f7fdf306 req-6db479a6-1f26-4b6c-ae64-4649f7fdf306 ] Request (HypervisorAdminUnderV252Test:setUpClass): 204 PUT http://10.180.1.21/identity/v3/projects/14d7669e7b794b418067dea5fb5a8c09/users/57472f00fc95475fa13e29cb74813ed9/roles/0de9d4e54a874b3aa33e1f31ceeeb36e 0.038s
2025-12-11 07:33:14.771 66488 INFO tempest.lib.common.dynamic_creds [-] Dynamic test user 57472f00fc95475fa13e29cb74813ed9 is created with scope project and roles: ['member']
2025-12-11 07:33:14.771 66488 INFO tempest.lib.common.dynamic_creds [-] Acquired dynamic creds: credentials: Credentials: {'domain_id': 'default', 'domain_name': 'Default', 'username': 'tempest-HypervisorAdminUnderV252Test-1567935673-project-member', 'project_domain_id': 'default', 'project_domain_name': 'Default', 'project_id': '14d7669e7b794b418067dea5fb5a8c09', 'project_name': 'tempest-HypervisorAdminUnderV252Test-1567935673', 'tenant_id': '14d7669e7b794b418067dea5fb5a8c09', 'tenant_name': 'tempest-HypervisorAdminUnderV252Test-1567935673', 'user_domain_id': 'default', 'user_domain_name': 'Default', 'user_id': '57472f00fc95475fa13e29cb74813ed9', 'system': None}, Network: None, Subnet: None, Router: None
2025-12-11 07:33:14.771 66488 INFO tempest.lib.common.dynamic_creds [-] Created isolated network resources for: credentials: Credentials: {'domain_id': 'default', 'domain_name': 'Default', 'username': 'tempest-HypervisorAdminUnderV252Test-1567935673-project-member', 'project_domain_id': 'default', 'project_domain_name': 'Default', 'project_id': '14d7669e7b794b418067dea5fb5a8c09', 'project_name': 'tempest-HypervisorAdminUnderV252Test-1567935673', 'tenant_id': '14d7669e7b794b418067dea5fb5a8c09', 'tenant_name': 'tempest-HypervisorAdminUnderV252Test-1567935673', 'user_domain_id': 'default', 'user_domain_name': 'Default', 'user_id': '57472f00fc95475fa13e29cb74813ed9', 'system': None}, Network: None, Subnet: None, Router: None
2025-12-11 07:33:14.858 66486 INFO tempest.lib.common.rest_client [req-3a4f3c39-7fc1-484f-bc0b-6324a755a021 req-3a4f3c39-7fc1-484f-bc0b-6324a755a021 ] Request (SecurityGroupRulesTestJSON:tearDownClass): 204 DELETE http://10.180.1.21/networking/v2.0/security-groups/dad08482-a206-474d-a363-98c2d009336f 0.157s
2025-12-11 07:33:14.874 66488 INFO tempest.lib.common.rest_client [req-92183499-b13f-4626-9401-aaa44f8f8e5e req-92183499-b13f-4626-9401-aaa44f8f8e5e ] Request (HypervisorAdminUnderV252Test:setUpClass): 201 POST http://10.180.1.21/identity/v3/auth/tokens 0.097s
2025-12-11 07:33:14.954 66440 INFO tempest.lib.common.rest_client [req-62553ec7-b721-4aee-a77b-0b8278e20c2e req-62553ec7-b721-4aee-a77b-0b8278e20c2e ] Request (MigrationsAdminTest:test_resize_server_revert_deleted_flavor): 200 GET http://10.180.1.21/compute/v2.1/servers/72e78777-7542-438c-8317-310d50436f6d 3.492s
2025-12-11 07:33:14.963 66488 INFO tempest.lib.common.rest_client [req-9e593f88-3e44-4bca-a7bf-6394686f136c req-9e593f88-3e44-4bca-a7bf-6394686f136c ] Request (HypervisorAdminUnderV252Test:setUpClass): 201 POST http://10.180.1.21/identity/v3/projects 0.088s
2025-12-11 07:33:14.975 66486 INFO tempest.lib.common.rest_client [req-84571f1c-6422-42f8-92d0-5ff1c0ce8528 req-84571f1c-6422-42f8-92d0-5ff1c0ce8528 ] Request (SecurityGroupRulesTestJSON:tearDownClass): 204 DELETE http://10.180.1.21/identity/v3/projects/9c15ffab6ed444bb8d166d758bc7173d 0.117s
2025-12-11 07:33:14.982 66466 INFO tempest.lib.common.rest_client [req-7d625bb7-a6e6-412a-ac02-3bf038624d41 req-7d625bb7-a6e6-412a-ac02-3bf038624d41 ] Request (ServerActionsTestJSON:setUpClass): 200 GET http://10.180.1.21/compute/v2.1/servers/b6670341-8bba-4fa0-bd76-f1a21fd499ce 3.453s
2025-12-11 07:33:14.993 66466 INFO tempest.common.waiters [-] State transition "BUILD/scheduling" ==> "BUILD/None" after 4 second wait
2025-12-11 07:33:15.044 66488 INFO tempest.lib.common.rest_client [req-54e0279f-cc30-4144-9547-7e151a20f344 req-54e0279f-cc30-4144-9547-7e151a20f344 ] Request (HypervisorAdminUnderV252Test:setUpClass): 201 POST http://10.180.1.21/identity/v3/users 0.080s
2025-12-11 07:33:15.046 66486 INFO tempest.lib.common.rest_client [req-06331073-72c6-4f34-83e7-15e60ebc11f1 req-06331073-72c6-4f34-83e7-15e60ebc11f1 ] Request (AttachVolumeNegativeTest:setUpClass): 201 POST http://10.180.1.21/identity/v3/auth/tokens 0.069s
2025-12-11 07:33:15.077 66488 INFO tempest.lib.common.rest_client [req-0dd0d4c0-c135-43ef-939e-3afb7492390a req-0dd0d4c0-c135-43ef-939e-3afb7492390a ] Request (HypervisorAdminUnderV252Test:setUpClass): 200 GET http://10.180.1.21/identity/v3/roles 0.033s
2025-12-11 07:33:15.078 66486 INFO tempest.lib.common.rest_client [req-a3201f1a-c867-4731-8a2c-51c8deebb0dc req-a3201f1a-c867-4731-8a2c-51c8deebb0dc ] Request (AttachVolumeNegativeTest:setUpClass): 201 POST http://10.180.1.21/identity/v3/auth/tokens 0.029s
2025-12-11 07:33:15.109 66486 INFO tempest.lib.common.rest_client [req-ba9492cd-14f7-4235-9e5a-e24ccb126572 req-ba9492cd-14f7-4235-9e5a-e24ccb126572 ] Request (AttachVolumeNegativeTest:setUpClass): 200 GET http://10.180.1.21/identity/v3/domains?name=Default 0.031s
2025-12-11 07:33:15.154 66488 INFO tempest.lib.common.rest_client [req-601636a5-eb85-4979-9942-69ab31139561 req-601636a5-eb85-4979-9942-69ab31139561 ] Request (HypervisorAdminUnderV252Test:setUpClass): 204 PUT http://10.180.1.21/identity/v3/projects/60509d87f66044539777718e0266606f/users/a499a7e8432349e2b867309e0baeb653/roles/86db040a84e441088de6ca2696d137fc 0.074s
2025-12-11 07:33:15.156 66486 INFO tempest.lib.common.rest_client [req-7f886cea-3300-4768-8458-ba2dcb8d27ba req-7f886cea-3300-4768-8458-ba2dcb8d27ba ] Request (AttachVolumeNegativeTest:setUpClass): 201 POST http://10.180.1.21/identity/v3/projects 0.046s
2025-12-11 07:33:15.261 66486 INFO tempest.lib.common.rest_client [req-138fd8ab-e990-46c3-9696-1ab0ff2696b8 req-138fd8ab-e990-46c3-9696-1ab0ff2696b8 ] Request (AttachVolumeNegativeTest:setUpClass): 201 POST http://10.180.1.21/identity/v3/users 0.102s
2025-12-11 07:33:15.292 66488 INFO tempest.lib.common.rest_client [req-01b61ded-b842-4d10-b779-0f86952bc38e req-01b61ded-b842-4d10-b779-0f86952bc38e ] Request (HypervisorAdminUnderV252Test:setUpClass): 200 GET http://10.180.1.21/identity/v3/roles 0.138s
2025-12-11 07:33:15.293 66486 INFO tempest.lib.common.rest_client [req-b10c404a-dc68-4df7-9f75-bf3b6f63b603 req-b10c404a-dc68-4df7-9f75-bf3b6f63b603 ] Request (AttachVolumeNegativeTest:setUpClass): 200 GET http://10.180.1.21/identity/v3/roles 0.031s
2025-12-11 07:33:15.315 66438 INFO tempest.lib.common.rest_client [req-21a16428-a46b-4254-99fb-0e71ff9c5a04 req-21a16428-a46b-4254-99fb-0e71ff9c5a04 ] Request (ServersNegativeTestJSON:setUpClass): 200 GET http://10.180.1.21/compute/v2.1/servers/506cddf6-7f7d-4ad9-a80f-9229cd8628eb 3.781s
2025-12-11 07:33:15.325 66438 INFO tempest.common.waiters [-] State transition "BUILD/None" ==> "BUILD/networking" after 26 second wait
2025-12-11 07:33:15.327 66488 INFO tempest.lib.common.rest_client [req-946680ff-6c16-4822-8b83-4d672b9a3060 req-946680ff-6c16-4822-8b83-4d672b9a3060 ] Request (HypervisorAdminUnderV252Test:setUpClass): 204 PUT http://10.180.1.21/identity/v3/projects/60509d87f66044539777718e0266606f/users/a499a7e8432349e2b867309e0baeb653/roles/86db040a84e441088de6ca2696d137fc 0.033s
2025-12-11 07:33:15.328 66488 INFO tempest.lib.common.dynamic_creds [-] Dynamic test user a499a7e8432349e2b867309e0baeb653 is created with scope project and roles: ['admin']
2025-12-11 07:33:15.328 66488 INFO tempest.lib.common.dynamic_creds [-] Acquired dynamic creds: credentials: Credentials: {'domain_id': 'default', 'domain_name': 'Default', 'username': 'tempest-HypervisorAdminUnderV252Test-1854620349-project-admin', 'project_domain_id': 'default', 'project_domain_name': 'Default', 'project_id': '60509d87f66044539777718e0266606f', 'project_name': 'tempest-HypervisorAdminUnderV252Test-1854620349', 'tenant_id': '60509d87f66044539777718e0266606f', 'tenant_name': 'tempest-HypervisorAdminUnderV252Test-1854620349', 'user_domain_id': 'default', 'user_domain_name': 'Default', 'user_id': 'a499a7e8432349e2b867309e0baeb653', 'system': None}, Network: None, Subnet: None, Router: None
2025-12-11 07:33:15.328 66488 INFO tempest.lib.common.dynamic_creds [-] Created isolated network resources for: credentials: Credentials: {'domain_id': 'default', 'domain_name': 'Default', 'username': 'tempest-HypervisorAdminUnderV252Test-1854620349-project-admin', 'project_domain_id': 'default', 'project_domain_name': 'Default', 'project_id': '60509d87f66044539777718e0266606f', 'project_name': 'tempest-HypervisorAdminUnderV252Test-1854620349', 'tenant_id': '60509d87f66044539777718e0266606f', 'tenant_name': 'tempest-HypervisorAdminUnderV252Test-1854620349', 'user_domain_id': 'default', 'user_domain_name': 'Default', 'user_id': 'a499a7e8432349e2b867309e0baeb653', 'system': None}, Network: None, Subnet: None, Router: None
2025-12-11 07:33:15.339 66486 INFO tempest.lib.common.rest_client [req-df7abe77-cb1b-4449-a72d-340413a0000b req-df7abe77-cb1b-4449-a72d-340413a0000b ] Request (AttachVolumeNegativeTest:setUpClass): 204 PUT http://10.180.1.21/identity/v3/projects/7f781190515a46d194bdf14eb29bcc13/users/21dacc805db249d4b8dd4c8190740f33/roles/0de9d4e54a874b3aa33e1f31ceeeb36e 0.045s
2025-12-11 07:33:15.339 66486 INFO tempest.lib.common.dynamic_creds [-] Dynamic test user 21dacc805db249d4b8dd4c8190740f33 is created with scope project and roles: ['member']
2025-12-11 07:33:15.339 66486 INFO tempest.lib.common.dynamic_creds [-] Acquired dynamic creds: credentials: Credentials: {'domain_id': 'default', 'domain_name': 'Default', 'username': 'tempest-AttachVolumeNegativeTest-606003321-project-member', 'project_domain_id': 'default', 'project_domain_name': 'Default', 'project_id': '7f781190515a46d194bdf14eb29bcc13', 'project_name': 'tempest-AttachVolumeNegativeTest-606003321', 'tenant_id': '7f781190515a46d194bdf14eb29bcc13', 'tenant_name': 'tempest-AttachVolumeNegativeTest-606003321', 'user_domain_id': 'default', 'user_domain_name': 'Default', 'user_id': '21dacc805db249d4b8dd4c8190740f33', 'system': None}, Network: None, Subnet: None, Router: None
2025-12-11 07:33:15.344 66460 INFO tempest.lib.common.rest_client [req-dd861801-8d55-4cc2-b19c-545e1b00bdad req-dd861801-8d55-4cc2-b19c-545e1b00bdad ] Request (ImagesNegativeTestJSON:tearDownClass): 404 GET http://10.180.1.21/compute/v2.1/servers/0a706616-01fa-4e35-a3ef-f0991982e3d6 3.636s
2025-12-11 07:33:15.407 66486 INFO tempest.lib.common.rest_client [req-06c92951-f20d-4a3c-8d1c-4bf91b0e47a5 req-06c92951-f20d-4a3c-8d1c-4bf91b0e47a5 ] Request (AttachVolumeNegativeTest:setUpClass): 201 POST http://10.180.1.21/identity/v3/auth/tokens 0.067s
2025-12-11 07:33:15.443 66488 INFO tempest.lib.common.rest_client [req-a3f6f806-f889-4288-835b-bfa3135c1c5a req-a3f6f806-f889-4288-835b-bfa3135c1c5a ] Request (HypervisorAdminUnderV252Test:setUpClass): 201 POST http://10.180.1.21/identity/v3/auth/tokens 0.111s
2025-12-11 07:33:15.480 66450 INFO tempest.lib.common.rest_client [req-7a829df1-5859-4e45-b1ec-7d4011279815 req-7a829df1-5859-4e45-b1ec-7d4011279815 ] Request (ServersTestBootFromVolume:setUpClass): 200 GET http://10.180.1.21/volume/v3/volumes/08c1ff26-6b28-4282-9efd-666cc03378ec 0.029s
2025-12-11 07:33:15.567 66446 INFO tempest.lib.common.rest_client [req-84f8ce80-a6ac-40bb-b237-7723738a0b7f req-84f8ce80-a6ac-40bb-b237-7723738a0b7f ] Request (ServersTestMultiNic:test_verify_duplicate_network_nics): 200 GET http://10.180.1.21/compute/v2.1/servers/8bb9c114-9dd7-4c49-88e6-2b97adfb2202 3.811s
2025-12-11 07:33:15.808 66486 INFO tempest.lib.common.rest_client [req-14e99b23-87ba-4b79-88ff-449cebee7095 req-14e99b23-87ba-4b79-88ff-449cebee7095 ] Request (AttachVolumeNegativeTest:setUpClass): 201 POST http://10.180.1.21/networking/v2.0/networks 0.401s
2025-12-11 07:33:15.813 66452 WARNING tempest.lib.common.ssh [-] Failed to establish authenticated ssh connection to cirros@10.180.180.165 ([Errno None] Unable to connect to port 22 on 10.180.180.165). Number attempts: 8. Retry after 9 seconds.: paramiko.ssh_exception.NoValidConnectionsError: [Errno None] Unable to connect to port 22 on 10.180.180.165
2025-12-11 07:33:15.857 66444 INFO tempest.lib.common.rest_client [req-096dc42f-3730-4566-a742-f5c0d052f74f req-096dc42f-3730-4566-a742-f5c0d052f74f ] Request (ServersTestJSON:setUpClass): 200 GET http://10.180.1.21/compute/v2.1/servers/45e7c966-e5fd-4fd0-894d-725ffa67a3f3 4.161s
2025-12-11 07:33:15.867 66444 INFO tempest.common.waiters [-] State transition "BUILD/spawning" ==> "ACTIVE/None" after 33 second wait
2025-12-11 07:33:16.256 66436 WARNING tempest.lib.common.ssh [-] Failed to establish authenticated ssh connection to cirros@10.180.180.147 ([Errno None] Unable to connect to port 22 on 10.180.180.147). Number attempts: 8. Retry after 9 seconds.: paramiko.ssh_exception.NoValidConnectionsError: [Errno None] Unable to connect to port 22 on 10.180.180.147
2025-12-11 07:33:16.264 66460 INFO tempest.lib.common.rest_client [req-bd43e00c-a9d6-4b49-9f17-46b81a874125 req-bd43e00c-a9d6-4b49-9f17-46b81a874125 ] Request (ImagesNegativeTestJSON:tearDownClass): 200 PUT http://10.180.1.21/networking/v2.0/routers/aa144000-f1e2-431e-8a4a-aaae0c63216a/remove_router_interface 0.919s
2025-12-11 07:33:16.291 66465 INFO tempest.lib.common.rest_client [req-f86f304e-a686-4d72-8156-82953e8e55d8 req-f86f304e-a686-4d72-8156-82953e8e55d8 ] Request (ImagesTestJSON:test_create_image_from_stopped_server): 200 GET http://10.180.1.21/compute/v2.1/servers/b7850f3a-a0cf-4e32-8d59-d165da812a3d 4.477s
2025-12-11 07:33:16.516 66450 INFO tempest.lib.common.rest_client [req-f2fb745a-4d45-4ba2-a3c9-921dfe21e005 req-f2fb745a-4d45-4ba2-a3c9-921dfe21e005 ] Request (ServersTestBootFromVolume:setUpClass): 200 GET http://10.180.1.21/volume/v3/volumes/08c1ff26-6b28-4282-9efd-666cc03378ec 0.028s
2025-12-11 07:33:16.517 66486 INFO tempest.lib.common.rest_client [req-53377285-327f-4929-af04-87ea8594e826 req-53377285-327f-4929-af04-87ea8594e826 ] Request (AttachVolumeNegativeTest:setUpClass): 201 POST http://10.180.1.21/networking/v2.0/subnets 0.708s
2025-12-11 07:33:16.935 66460 INFO tempest.lib.common.rest_client [req-8090b8ed-1498-48b7-881b-bd0ee3203926 req-8090b8ed-1498-48b7-881b-bd0ee3203926 ] Request (ImagesNegativeTestJSON:tearDownClass): 204 DELETE http://10.180.1.21/networking/v2.0/routers/aa144000-f1e2-431e-8a4a-aaae0c63216a 0.670s
2025-12-11 07:33:16.997 66432 INFO tempest.lib.common.rest_client [req-c9488b12-4f3a-484a-8595-aa81035bfb55 req-c9488b12-4f3a-484a-8595-aa81035bfb55 ] Request (ServersListShow296Test:test_list_show_update_rebuild_server_296): 200 GET http://10.180.1.21/compute/v2.1/servers/2c32a922-0853-47fd-9d9e-696b50c66455 5.102s
2025-12-11 07:33:17.489 66428 INFO tempest.lib.common.rest_client [req-9363eb73-d1f7-46e0-b16f-61b3b907b37c req-9363eb73-d1f7-46e0-b16f-61b3b907b37c ] Request (ListServerFiltersTestJSON:setUpClass): 200 GET http://10.180.1.21/compute/v2.1/servers/d6a0c859-24ef-447d-b54d-0d56d53dd120 5.614s
2025-12-11 07:33:17.499 66428 INFO tempest.common.waiters [-] State transition "BUILD/spawning" ==> "ACTIVE/None" after 36 second wait
2025-12-11 07:33:17.548 66450 INFO tempest.lib.common.rest_client [req-caa2a94c-ce65-45ef-99a8-103e334f47aa req-caa2a94c-ce65-45ef-99a8-103e334f47aa ] Request (ServersTestBootFromVolume:setUpClass): 200 GET http://10.180.1.21/volume/v3/volumes/08c1ff26-6b28-4282-9efd-666cc03378ec 0.026s
2025-12-11 07:33:17.555 66450 INFO tempest.common.waiters [-] volume 08c1ff26-6b28-4282-9efd-666cc03378ec reached available after waiting for 19.555737 seconds
2025-12-11 07:33:17.588 66460 INFO tempest.lib.common.rest_client [req-9876e55c-b557-4277-b029-60240e03bfdf req-9876e55c-b557-4277-b029-60240e03bfdf ] Request (ImagesNegativeTestJSON:tearDownClass): 204 DELETE http://10.180.1.21/networking/v2.0/subnets/63a11059-a780-4e6e-8ecf-22dc0ff6c7a0 0.652s
2025-12-11 07:33:17.625 66458 INFO tempest.lib.common.rest_client [req-80501ceb-9562-4d4a-9a3e-6920d6ca0c20 req-80501ceb-9562-4d4a-9a3e-6920d6ca0c20 ] Request (ListServersNegativeTestJSON:setUpClass): 200 GET http://10.180.1.21/compute/v2.1/servers/89eb045e-1329-4f7a-a3df-534c31cda99d 5.669s
2025-12-11 07:33:17.640 66470 INFO tempest.lib.common.rest_client [req-ceac5a09-dde4-4423-b7a8-b73b727b9887 req-ceac5a09-dde4-4423-b7a8-b73b727b9887 ] Request (ServerShowV254Test:test_rebuild_server): 200 GET http://10.180.1.21/compute/v2.1/servers/bba24532-e7b5-4a30-9977-13637fec7135 5.674s
2025-12-11 07:33:17.705 66486 INFO tempest.lib.common.rest_client [req-cb548f06-04d7-4e4a-986f-697cc4ec44d2 req-cb548f06-04d7-4e4a-986f-697cc4ec44d2 ] Request (AttachVolumeNegativeTest:setUpClass): 201 POST http://10.180.1.21/networking/v2.0/routers 1.187s
2025-12-11 07:33:17.749 66482 INFO tempest.lib.common.rest_client [req-e2929881-30d8-4bbf-9128-953ec932ccdf req-e2929881-30d8-4bbf-9128-953ec932ccdf ] Request (AttachInterfacesTestJSON:_run_cleanups): 200 GET http://10.180.1.21/compute/v2.1/servers/813ce5dd-b655-4380-80dc-a1462ba990f3 5.237s
2025-12-11 07:33:17.757 66482 INFO tempest.common.waiters [-] State transition "ACTIVE/deleting" ==> "DELETED/None" after 6 second wait
2025-12-11 07:33:17.771 66478 INFO tempest.lib.common.rest_client [req-64ad7c3d-73c1-4a2b-a78d-9872e0b678e8 req-64ad7c3d-73c1-4a2b-a78d-9872e0b678e8 ] Request (ServersListShow2100Test:tearDownClass): 200 GET http://10.180.1.21/compute/v2.1/servers/acc72715-dc5c-4597-a5f2-97901f1a3d21 5.727s
2025-12-11 07:33:17.871 66460 INFO tempest.lib.common.rest_client [req-0adb276f-652a-453a-890b-45ca950fe276 req-0adb276f-652a-453a-890b-45ca950fe276 ] Request (ImagesNegativeTestJSON:tearDownClass): 204 DELETE http://10.180.1.21/networking/v2.0/networks/a071f22a-9726-4c9e-9c24-3f9548893bf8 0.283s
2025-12-11 07:33:17.936 66490 INFO tempest.lib.common.rest_client [req-9f74acca-d813-4244-8f46-60ff49008751 req-9f74acca-d813-4244-8f46-60ff49008751 ] Request (ServersTestManualDisk:tearDownClass): 200 GET http://10.180.1.21/compute/v2.1/servers/bec42e2c-fc2f-4c6b-8228-0befd03de81f 5.400s
2025-12-11 07:33:18.009 66460 INFO tempest.lib.common.rest_client [req-fc114c1c-da4f-49e4-a24c-559765cbcbd7 req-fc114c1c-da4f-49e4-a24c-559765cbcbd7 ] Request (ImagesNegativeTestJSON:tearDownClass): 204 DELETE http://10.180.1.21/identity/v3/users/0f55a3ce56d644a29d1763702fb3819a 0.137s
2025-12-11 07:33:18.009 66460 INFO tempest.lib.common.dynamic_creds [-] Deleting project and security group for project: 57985fdc086548398f1f8bfcac0338e2
2025-12-11 07:33:18.057 66454 INFO tempest.lib.common.rest_client [req-1e067f30-b522-41ab-92b1-90e59cf54c61 req-1e067f30-b522-41ab-92b1-90e59cf54c61 ] Request (ListImageFiltersTestJSON:setUpClass): 200 GET http://10.180.1.21/compute/v2.1/servers/d071aaff-f499-4619-8b45-626070fa3a63 5.470s
2025-12-11 07:33:18.065 66454 INFO tempest.common.waiters [-] State transition "BUILD/networking" ==> "BUILD/spawning" after 31 second wait
2025-12-11 07:33:18.080 66462 INFO tempest.lib.common.rest_client [req-64f8c1ef-5fd6-4422-9734-0202cabc042b req-64f8c1ef-5fd6-4422-9734-0202cabc042b ] Request (ServersListShow298Test:test_list_show_update_rebuild_server_298): 200 GET http://10.180.1.21/compute/v2.1/servers/b8b75c36-0ad8-4cba-9727-60e54b3895c9 5.381s
2025-12-11 07:33:18.087 66460 INFO tempest.lib.common.rest_client [req-a2dd88da-693c-4b12-ba6f-9fa5ad0dd810 req-a2dd88da-693c-4b12-ba6f-9fa5ad0dd810 ] Request (ImagesNegativeTestJSON:tearDownClass): 200 GET http://10.180.1.21/networking/v2.0/security-groups?tenant_id=57985fdc086548398f1f8bfcac0338e2&name=default 0.077s
2025-12-11 07:33:18.094 66462 INFO tempest.common.waiters [-] State transition "BUILD/scheduling" ==> "BUILD/None" after 12 second wait
2025-12-11 07:33:18.258 66460 INFO tempest.lib.common.rest_client [req-4fc9d965-2c2f-4de8-bb83-8db835e85005 req-4fc9d965-2c2f-4de8-bb83-8db835e85005 ] Request (ImagesNegativeTestJSON:tearDownClass): 204 DELETE http://10.180.1.21/networking/v2.0/security-groups/adedc2e6-de89-4678-80c3-df97502970e0 0.171s
2025-12-11 07:33:18.325 66474 INFO tempest.lib.common.rest_client [req-354a202f-7050-467c-bfbc-c26e550f17d2 req-354a202f-7050-467c-bfbc-c26e550f17d2 ] Request (ImagesOneServerTestJSON:tearDownClass): 200 GET http://10.180.1.21/compute/v2.1/servers/92b3ba8e-bda9-45fe-b16a-c48fe2addf88 4.864s
2025-12-11 07:33:18.410 66460 INFO tempest.lib.common.rest_client [req-8ef781b2-8cca-4711-8694-113496cc848d req-8ef781b2-8cca-4711-8694-113496cc848d ] Request (ImagesNegativeTestJSON:tearDownClass): 204 DELETE http://10.180.1.21/identity/v3/projects/57985fdc086548398f1f8bfcac0338e2 0.152s
2025-12-11 07:33:18.485 66460 INFO tempest.lib.common.rest_client [req-33683a52-c026-4f18-9992-5e692ed6c61d req-33683a52-c026-4f18-9992-5e692ed6c61d ] Request (AbsoluteLimitsTestJSON:setUpClass): 201 POST http://10.180.1.21/identity/v3/auth/tokens 0.070s
