2025-12-11 07:32:44.464 66446 INFO tempest.lib.common.rest_client [req-6d449ff4-8e18-48a0-adfb-03015478a60f req-6d449ff4-8e18-48a0-adfb-03015478a60f ] Request (ServersTestMultiNic:setUpClass): 201 POST http://10.180.1.21/networking/v2.0/routers 0.871s
2025-12-11 07:32:44.502 66450 INFO tempest.lib.common.rest_client [req-0296c006-0865-47a0-9099-7a0ea1d753ac req-0296c006-0865-47a0-9099-7a0ea1d753ac ] Request (ServersAdmin275Test:tearDownClass): 200 GET http://10.180.1.21/compute/v2.1/servers/0953a8ee-abc3-4267-9082-f16aa97ec1cb 6.517s
2025-12-11 07:32:45.249 66490 WARNING tempest.lib.common.ssh [-] Failed to establish authenticated ssh connection to cirros@10.180.180.184 ([Errno None] Unable to connect to port 22 on 10.180.180.184). Number attempts: 9. Retry after 10 seconds.: paramiko.ssh_exception.NoValidConnectionsError: [Errno None] Unable to connect to port 22 on 10.180.180.184
2025-12-11 07:32:45.370 66446 INFO tempest.lib.common.rest_client [req-65b9eca4-aef3-4890-941b-ae4b9a95d4d2 req-65b9eca4-aef3-4890-941b-ae4b9a95d4d2 ] Request (ServersTestMultiNic:setUpClass): 200 PUT http://10.180.1.21/networking/v2.0/routers/efacd26b-6b74-4734-a743-042001739001/add_router_interface 0.905s
2025-12-11 07:32:45.371 66446 INFO tempest.lib.common.dynamic_creds [-] Created isolated network resources for: credentials: Credentials: {'domain_id': 'default', 'domain_name': 'Default', 'username': 'tempest-ServersTestMultiNic-1771482805-project-member', 'project_domain_id': 'default', 'project_domain_name': 'Default', 'project_id': '622420832ef44a5293b1c971b7545790', 'project_name': 'tempest-ServersTestMultiNic-1771482805', 'tenant_id': '622420832ef44a5293b1c971b7545790', 'tenant_name': 'tempest-ServersTestMultiNic-1771482805', 'user_domain_id': 'default', 'user_domain_name': 'Default', 'user_id': '9c5fb1459eba401bb66ad4f9f6154d40', 'system': None}, Network: {'id': '25269b9e-d72d-4ed0-90eb-1b46c7d7e9ac', 'name': 'tempest-ServersTestMultiNic-1732761204-network', 'tenant_id': '622420832ef44a5293b1c971b7545790', 'project_id': '622420832ef44a5293b1c971b7545790', 'admin_state_up': True, 'mtu': 8950, 'status': 'ACTIVE', 'subnets': [], 'shared': False, 'port_security_enabled': True, 'router:external': False, 'provider:network_type': 'vlan', 'provider:physical_network': 'default', 'provider:segmentation_id': 526, 'availability_zone_hints': [], 'availability_zones': [], 'ipv4_address_scope': None, 'ipv6_address_scope': None, 'description': '', 'tags': [], 'created_at': '2025-12-11T07:32:43Z', 'updated_at': '2025-12-11T07:32:43Z', 'revision_number': 1}, Subnet: {'id': '94df3fdd-eabf-41fe-82b9-91a578b74132', 'name': 'tempest-ServersTestMultiNic-1732761204-subnet', 'tenant_id': '622420832ef44a5293b1c971b7545790', 'network_id': '25269b9e-d72d-4ed0-90eb-1b46c7d7e9ac', 'ip_version': 4, 'subnetpool_id': None, 'enable_dhcp': True, 'ipv6_ra_mode': None, 'ipv6_address_mode': None, 'gateway_ip': '192.168.128.1', 'cidr': '192.168.128.0/28', 'allocation_pools': [{'start': '192.168.128.2', 'end': '192.168.128.14'}], 'host_routes': [], 'dns_nameservers': [], 'description': '', 'router:external': False, 'service_types': [], 'tags': [], 'created_at': '2025-12-11T07:32:43Z', 'updated_at': '2025-12-11T07:32:43Z', 'revision_number': 0, 'project_id': '622420832ef44a5293b1c971b7545790'}, Router: {'id': 'efacd26b-6b74-4734-a743-042001739001', 'name': 'tempest-ServersTestMultiNic-1732761204-router', 'tenant_id': '622420832ef44a5293b1c971b7545790', 'admin_state_up': True, 'status': 'ACTIVE', 'external_gateway_info': {'network_id': 'b582ce9c-347e-4166-9062-ecb1e616c60f', 'external_fixed_ips': [{'subnet_id': 'ad34a149-f1c4-4e15-b5fc-6f18721622c5', 'ip_address': '10.180.180.250'}], 'enable_snat': True}, 'description': '', 'availability_zones': [], 'distributed': False, 'ha': False, 'availability_zone_hints': [], 'routes': [], 'flavor_id': None, 'tags': [], 'created_at': '2025-12-11T07:32:43Z', 'updated_at': '2025-12-11T07:32:44Z', 'revision_number': 2, 'project_id': '622420832ef44a5293b1c971b7545790'}
2025-12-11 07:32:45.475 66446 INFO tempest.lib.common.rest_client [req-6520d27a-da01-4176-be2f-2b851cd1062d req-6520d27a-da01-4176-be2f-2b851cd1062d ] Request (ServersTestMultiNic:setUpClass): 201 POST http://10.180.1.21/identity/v3/auth/tokens 0.100s
2025-12-11 07:32:45.666 66454 INFO tempest.lib.common.rest_client [req-86298ac3-8cad-4aba-a60c-8f000d4da689 req-86298ac3-8cad-4aba-a60c-8f000d4da689 ] Request (ListImageFiltersTestJSON:setUpClass): 202 POST http://10.180.1.21/compute/v2.1/servers 7.641s
2025-12-11 07:32:45.700 66466 INFO tempest.lib.common.rest_client [req-f131bf8b-3a7e-4383-b4f9-3866c43024f7 req-f131bf8b-3a7e-4383-b4f9-3866c43024f7 ] Request (DeleteServersAdminTestJSON:test_delete_server_while_in_error_state): 404 GET http://10.180.1.21/compute/v2.1/servers/5b0e0dcd-b28d-48e7-a5e5-58d295453605 7.659s
2025-12-11 07:32:45.713 66446 INFO tempest.lib.common.rest_client [req-4632ef81-768c-41d1-b7ec-8e6ab96a7f4c req-4632ef81-768c-41d1-b7ec-8e6ab96a7f4c ] Request (ServersTestMultiNic:test_verify_duplicate_network_nics): 201 POST http://10.180.1.21/networking/v2.0/networks 0.237s
2025-12-11 07:32:45.775 66430 INFO tempest.lib.common.rest_client [req-41576153-a62c-4f24-aef2-dffb1eb12817 req-41576153-a62c-4f24-aef2-dffb1eb12817 ] Request (FloatingIPsAssociationTestJSON:setUpClass): 200 GET http://10.180.1.21/compute/v2.1/servers/392c88a6-418d-4229-89fa-08e61d350bf6 7.644s
2025-12-11 07:32:45.873 66460 INFO tempest.lib.common.rest_client [req-63191994-fa1e-4d9a-96a6-2cde86d0e601 req-63191994-fa1e-4d9a-96a6-2cde86d0e601 ] Request (ImagesNegativeTestJSON:test_create_image_from_deleted_server): 200 GET http://10.180.1.21/compute/v2.1/servers/0a706616-01fa-4e35-a3ef-f0991982e3d6 7.649s
2025-12-11 07:32:45.883 66460 INFO tempest.common.waiters [-] State transition "ACTIVE/deleting" ==> "DELETED/None" after 8 second wait
2025-12-11 07:32:45.979 66446 INFO tempest.lib.common.rest_client [req-db70b6d9-c5ec-4033-8b7e-63f3f9f2c539 req-db70b6d9-c5ec-4033-8b7e-63f3f9f2c539 ] Request (ServersTestMultiNic:test_verify_duplicate_network_nics): 201 POST http://10.180.1.21/networking/v2.0/subnets 0.265s
2025-12-11 07:32:45.994 66482 INFO tempest.lib.common.rest_client [req-0af1d9b4-5abf-4f0f-bd65-4c9e7c5587a6 req-0af1d9b4-5abf-4f0f-bd65-4c9e7c5587a6 ] Request (AttachInterfacesTestJSON:test_create_list_show_delete_interfaces_by_fixed_ip): 200 POST http://10.180.1.21/compute/v2.1/servers/813ce5dd-b655-4380-80dc-a1462ba990f3/os-interface 13.001s
2025-12-11 07:32:46.080 66448 INFO tempest.lib.common.rest_client [req-554d836a-00f9-44f2-a5fa-412207b07353 req-554d836a-00f9-44f2-a5fa-412207b07353 ] Request (MultipleCreateTestJSON:test_multiple_create): 200 GET http://10.180.1.21/compute/v2.1/servers/347dfaec-d54e-4c2f-a326-d3a1a5d298b5 7.470s
2025-12-11 07:32:46.088 66448 INFO tempest.common.waiters [-] State transition "BUILD/None" ==> "BUILD/spawning" after 9 second wait
2025-12-11 07:32:46.176 66446 INFO tempest.lib.common.rest_client [req-a3590c12-cf36-4cc8-9f0f-cf9fa75dc875 req-a3590c12-cf36-4cc8-9f0f-cf9fa75dc875 ] Request (ServersTestMultiNic:test_verify_duplicate_network_nics): 201 POST http://10.180.1.21/networking/v2.0/networks 0.196s
2025-12-11 07:32:46.352 66486 INFO tempest.lib.common.rest_client [req-9c21bd4e-bdc9-4830-89f2-9fb643fba309 req-9c21bd4e-bdc9-4830-89f2-9fb643fba309 ] Request (SecurityGroupRulesTestJSON:test_security_group_rules_list): 200 POST http://10.180.1.21/compute/v2.1/os-security-group-rules 7.194s
2025-12-11 07:32:46.376 66440 INFO tempest.lib.common.rest_client [req-63807abe-598a-489f-9902-686f6c4ae0b0 req-63807abe-598a-489f-9902-686f6c4ae0b0 ] Request (MigrationsAdminTest:test_list_migrations_in_flavor_resize_situation): 200 GET http://10.180.1.21/compute/v2.1/os-migrations 6.501s
2025-12-11 07:32:46.464 66446 INFO tempest.lib.common.rest_client [req-6c0b2cc1-8bb8-42e5-944f-d49cf9497f88 req-6c0b2cc1-8bb8-42e5-944f-d49cf9497f88 ] Request (ServersTestMultiNic:test_verify_duplicate_network_nics): 201 POST http://10.180.1.21/networking/v2.0/subnets 0.287s
2025-12-11 07:32:46.501 66446 INFO tempest.lib.common.rest_client [req-563800b5-1c78-4214-9b86-ef03d7c1cc24 req-563800b5-1c78-4214-9b86-ef03d7c1cc24 ] Request (ServersTestMultiNic:test_verify_duplicate_network_nics): 201 POST http://10.180.1.21/identity/v3/auth/tokens 0.034s
2025-12-11 07:32:46.501 66446 INFO tempest.lib.common.fixed_network [-] (ServersTestMultiNic:test_verify_duplicate_network_nics) Found network {'id': '25269b9e-d72d-4ed0-90eb-1b46c7d7e9ac', 'name': 'tempest-ServersTestMultiNic-1732761204-network', 'tenant_id': '622420832ef44a5293b1c971b7545790', 'project_id': '622420832ef44a5293b1c971b7545790', 'admin_state_up': True, 'mtu': 8950, 'status': 'ACTIVE', 'subnets': [], 'shared': False, 'port_security_enabled': True, 'router:external': False, 'provider:network_type': 'vlan', 'provider:physical_network': 'default', 'provider:segmentation_id': 526, 'availability_zone_hints': [], 'availability_zones': [], 'ipv4_address_scope': None, 'ipv6_address_scope': None, 'description': '', 'tags': [], 'created_at': '2025-12-11T07:32:43Z', 'updated_at': '2025-12-11T07:32:43Z', 'revision_number': 1} available for tenant
2025-12-11 07:32:46.502 66456 INFO tempest.lib.common.rest_client [req-228834ba-9998-43a6-97fe-e2e9d3b4538f req-228834ba-9998-43a6-97fe-e2e9d3b4538f ] Request (FloatingIPsAssociationNegativeTestJSON:test_associate_ip_to_server_with_floating_ip): 400 POST http://10.180.1.21/compute/v2.1/servers/27fe703b-c3e1-4fde-b091-f6e838e991d5/action 7.860s
2025-12-11 07:32:46.586 66484 INFO tempest.lib.common.rest_client [req-cc5f5d10-3394-425e-8fac-9f5e8c96c0bb req-cc5f5d10-3394-425e-8fac-9f5e8c96c0bb ] Request (SecurityGroupsTestJSON:test_security_groups_create_list_delete): 200 POST http://10.180.1.21/compute/v2.1/os-security-groups 5.746s
2025-12-11 07:32:46.691 66434 INFO tempest.lib.common.rest_client [req-20d7be0f-4b49-4e39-b998-a56191f25871 req-20d7be0f-4b49-4e39-b998-a56191f25871 ] Request (ServerMetadataTestJSON:tearDownClass): 204 DELETE http://10.180.1.21/compute/v2.1/servers/703d74af-261b-4d69-9a08-3b3fffbc49b9 5.706s
2025-12-11 07:32:46.745 66474 INFO tempest.lib.common.rest_client [req-eca94676-bf57-4e63-8991-b30dac1b5ef6 req-eca94676-bf57-4e63-8991-b30dac1b5ef6 ] Request (ImagesOneServerTestJSON:test_create_image_specify_multibyte_character_image_name): 200 GET http://10.180.1.21/compute/v2.1/images/d0677df1-ad34-4628-82e4-1334c1433b9d 5.285s
2025-12-11 07:32:46.771 66478 INFO tempest.lib.common.rest_client [req-4d625af3-75d1-494a-b854-415be642388f req-4d625af3-75d1-494a-b854-415be642388f ] Request (ServersListShow2100Test:test_list_show_rebuild_update_server_2100): 202 POST http://10.180.1.21/compute/v2.1/servers/acc72715-dc5c-4597-a5f2-97901f1a3d21/action 5.807s
2025-12-11 07:32:46.929 66458 INFO tempest.lib.common.rest_client [req-259dfb8f-b870-45f8-8fd2-1b0a64c25e02 req-259dfb8f-b870-45f8-8fd2-1b0a64c25e02 ] Request (ListServersNegativeTestJSON:setUpClass): 200 GET http://10.180.1.21/compute/v2.1/servers/89eb045e-1329-4f7a-a3df-534c31cda99d 4.747s
2025-12-11 07:32:46.975 66462 INFO tempest.lib.common.rest_client [req-a72130ea-313c-48df-a8d6-b809f1f50d1b req-a72130ea-313c-48df-a8d6-b809f1f50d1b ] Request (QuotasAdminTestV257:test_get_updated_quotas): 200 PUT http://10.180.1.21/compute/v2.1/os-quota-sets/23f0cc0077c6472689d504b81279bffc 4.948s
2025-12-11 07:32:46.980 66428 INFO tempest.lib.common.rest_client [req-1fc9dda5-8ec4-4e0a-9bf7-b4b4e1db5849 req-1fc9dda5-8ec4-4e0a-9bf7-b4b4e1db5849 ] Request (ListServerFiltersTestJSON:setUpClass): 200 GET http://10.180.1.21/compute/v2.1/servers/d6a0c859-24ef-447d-b54d-0d56d53dd120 4.623s
2025-12-11 07:32:47.054 66444 INFO tempest.lib.common.rest_client [req-7a1f9bbb-f31e-42b3-b6a4-4edcc5a795d1 req-7a1f9bbb-f31e-42b3-b6a4-4edcc5a795d1 ] Request (ServersTestJSON:setUpClass): 200 GET http://10.180.1.21/compute/v2.1/servers/45e7c966-e5fd-4fd0-894d-725ffa67a3f3 3.539s
2025-12-11 07:32:47.089 66432 INFO tempest.lib.common.rest_client [req-7cb2fea4-698f-4c58-a527-5e803b9b37dc req-7cb2fea4-698f-4c58-a527-5e803b9b37dc ] Request (FloatingIPsTestJSON:test_delete_floating_ip): 404 GET http://10.180.1.21/compute/v2.1/os-floating-ips/8d8d5f47-64a3-4b9c-bdc8-26a150cfc738 3.561s
2025-12-11 07:32:47.127 66442 INFO tempest.lib.common.rest_client [req-011bd8c0-1883-4906-9383-4ee74ec27a10 req-011bd8c0-1883-4906-9383-4ee74ec27a10 ] Request (AggregatesAdminNegativeTestJSON:test_aggregate_remove_host_as_user): 200 POST http://10.180.1.21/compute/v2.1/os-aggregates 3.591s
2025-12-11 07:32:47.157 66488 INFO tempest.lib.common.rest_client [req-72c53486-5cf8-42a8-9162-9cca174bf8ac req-72c53486-5cf8-42a8-9162-9cca174bf8ac ] Request (FlavorsAdminTestJSON:_run_cleanups): 202 DELETE http://10.180.1.21/compute/v2.1/flavors/1127349360 3.583s
2025-12-11 07:32:47.247 66465 INFO tempest.lib.common.rest_client [req-d7ea3f89-5533-45a3-a7fb-66fd834549e6 req-d7ea3f89-5533-45a3-a7fb-66fd834549e6 ] Request (FlavorsV2NegativeTest:test_boot_with_low_ram): 200 GET http://10.180.1.21/compute/v2.1/flavors/42 3.602s
2025-12-11 07:32:47.294 66470 INFO tempest.lib.common.rest_client [req-bf680d81-a787-432f-90dc-1f5fb2941eed req-bf680d81-a787-432f-90dc-1f5fb2941eed ] Request (ImagesMetadataTestJSON:test_set_image_metadata_item): 200 GET http://10.180.1.21/compute/v2.1/images/dc4161f1-c41f-4d08-ae4c-2e0d5d5140c2/metadata 3.466s
2025-12-11 07:32:47.460 66438 INFO tempest.lib.common.rest_client [req-acd6a508-6e8b-4146-9eae-e4c044f0f778 req-acd6a508-6e8b-4146-9eae-e4c044f0f778 ] Request (ServersNegativeTestJSON:setUpClass): 202 POST http://10.180.1.21/compute/v2.1/servers 4.412s
2025-12-11 07:32:47.464 66476 INFO tempest.lib.common.rest_client [req-3e60296d-9b56-4a9a-8d7b-5750c16972eb req-3e60296d-9b56-4a9a-8d7b-5750c16972eb ] Request (AttachInterfacesUnderV243Test:test_add_remove_fixed_ip): 200 GET http://10.180.1.21/compute/v2.1/servers/d6708537-06d8-4710-a9b0-c8aaf4a975de 3.306s
2025-12-11 07:32:47.490 66450 INFO tempest.lib.common.rest_client [req-a469f11f-cdf3-48eb-b993-a87a450a0e33 req-a469f11f-cdf3-48eb-b993-a87a450a0e33 ] Request (ServersAdmin275Test:tearDownClass): 404 GET http://10.180.1.21/compute/v2.1/servers/0953a8ee-abc3-4267-9082-f16aa97ec1cb 1.969s
2025-12-11 07:32:47.511 66466 INFO tempest.lib.common.rest_client [req-75074ab5-e220-47ba-a0ec-a75238966e72 req-75074ab5-e220-47ba-a0ec-a75238966e72 ] Request (DeleteServersAdminTestJSON:tearDownClass): 404 DELETE http://10.180.1.21/compute/v2.1/servers/5b0e0dcd-b28d-48e7-a5e5-58d295453605 1.807s
2025-12-11 07:32:47.535 66454 INFO tempest.lib.common.rest_client [req-d35cdcdd-5e8f-4857-a2f0-e5eaed7b25e7 req-d35cdcdd-5e8f-4857-a2f0-e5eaed7b25e7 ] Request (ListImageFiltersTestJSON:setUpClass): 200 GET http://10.180.1.21/compute/v2.1/servers/d071aaff-f499-4619-8b45-626070fa3a63 1.867s
2025-12-11 07:32:47.633 66482 INFO tempest.lib.common.rest_client [req-603675b4-0205-482e-a524-ed79cb0b3e87 req-603675b4-0205-482e-a524-ed79cb0b3e87 ] Request (AttachInterfacesTestJSON:test_create_list_show_delete_interfaces_by_fixed_ip): 200 GET http://10.180.1.21/compute/v2.1/servers/813ce5dd-b655-4380-80dc-a1462ba990f3/os-interface/8ad6a7c0-9034-48df-8ac1-9997721dab05 1.636s
2025-12-11 07:32:47.652 66440 INFO tempest.lib.common.rest_client [req-051bff87-007d-412f-952c-5360cf77e551 req-051bff87-007d-412f-952c-5360cf77e551 ] Request (MigrationsAdminTest:test_resize_server_revert_deleted_flavor): 200 GET http://10.180.1.21/compute/v2.1/flavors/42 1.272s
2025-12-11 07:32:47.695 66450 INFO tempest.lib.common.rest_client [req-c57bc7e2-8eec-402d-9f21-3d00116ef606 req-c57bc7e2-8eec-402d-9f21-3d00116ef606 ] Request (ServersAdmin275Test:tearDownClass): 204 DELETE http://10.180.1.21/identity/v3/users/cb9fd737458f40388a97ae4e3b0e7ed5 0.204s
2025-12-11 07:32:47.717 66465 INFO tempest.lib.common.rest_client [req-805a282d-89e3-45af-9f8a-2564cf1eabd6 req-805a282d-89e3-45af-9f8a-2564cf1eabd6 ] Request (FlavorsV2NegativeTest:test_boot_with_low_ram): 201 POST http://10.180.1.21/image/v2/images 0.461s
2025-12-11 07:32:47.745 66486 INFO tempest.lib.common.rest_client [req-3789e50a-20e6-4ce7-959a-28992611f9b3 req-3789e50a-20e6-4ce7-959a-28992611f9b3 ] Request (SecurityGroupRulesTestJSON:test_security_group_rules_list): 200 POST http://10.180.1.21/compute/v2.1/os-security-group-rules 1.391s
2025-12-11 07:32:47.861 66450 INFO tempest.lib.common.rest_client [req-9b0c9286-b2f8-4718-bdd3-8b2f6d8d02e5 req-9b0c9286-b2f8-4718-bdd3-8b2f6d8d02e5 ] Request (ServersAdmin275Test:tearDownClass): 204 DELETE http://10.180.1.21/identity/v3/users/640e9d996ecd413e9f0d4931f4206086 0.165s
2025-12-11 07:32:47.861 66450 INFO tempest.lib.common.dynamic_creds [-] Deleting project and security group for project: 621758f90e79471c8eb4e8ce35951cf8
2025-12-11 07:32:47.947 66450 INFO tempest.lib.common.rest_client [req-5dea9779-bab7-40bd-b244-5e4a2e0fe742 req-5dea9779-bab7-40bd-b244-5e4a2e0fe742 ] Request (ServersAdmin275Test:tearDownClass): 201 POST http://10.180.1.21/identity/v3/auth/tokens 0.085s
2025-12-11 07:32:48.192 66456 INFO tempest.lib.common.rest_client [req-c3015cd4-056b-4481-93fd-a6bb3db62614 req-c3015cd4-056b-4481-93fd-a6bb3db62614 ] Request (FloatingIPsAssociationNegativeTestJSON:_run_cleanups): 202 DELETE http://10.180.1.21/compute/v2.1/os-floating-ips/5f490f59-c2c2-4889-8fa8-38dd813d71df 1.689s
2025-12-11 07:32:48.195 66450 INFO tempest.lib.common.rest_client [req-edc200db-3d98-4e3e-ba10-878faf79ee22 req-edc200db-3d98-4e3e-ba10-878faf79ee22 ] Request (ServersAdmin275Test:tearDownClass): 200 GET http://10.180.1.21/networking/v2.0/security-groups?tenant_id=621758f90e79471c8eb4e8ce35951cf8&name=default 0.248s
2025-12-11 07:32:48.217 66436 WARNING tempest.lib.common.ssh [-] Failed to establish authenticated ssh connection to cirros@10.180.180.147 ([Errno None] Unable to connect to port 22 on 10.180.180.147). Number attempts: 4. Retry after 5 seconds.: paramiko.ssh_exception.NoValidConnectionsError: [Errno None] Unable to connect to port 22 on 10.180.180.147
2025-12-11 07:32:48.314 66450 INFO tempest.lib.common.rest_client [req-236a065d-620e-402c-af7a-43a74eaf248a req-236a065d-620e-402c-af7a-43a74eaf248a ] Request (ServersAdmin275Test:tearDownClass): 204 DELETE http://10.180.1.21/networking/v2.0/security-groups/8f424597-a997-4f09-a5e2-a54784ad9c37 0.118s
2025-12-11 07:32:48.394 66484 INFO tempest.lib.common.rest_client [req-6c6ef7ee-47a1-4db1-a38c-79f55116f356 req-6c6ef7ee-47a1-4db1-a38c-79f55116f356 ] Request (SecurityGroupsTestJSON:test_security_groups_create_list_delete): 200 GET http://10.180.1.21/compute/v2.1/os-security-groups 1.805s
2025-12-11 07:32:48.409 66450 INFO tempest.lib.common.rest_client [req-0d7b9246-ce77-4a9c-99e5-35ccfec00bcf req-0d7b9246-ce77-4a9c-99e5-35ccfec00bcf ] Request (ServersAdmin275Test:tearDownClass): 204 DELETE http://10.180.1.21/identity/v3/projects/621758f90e79471c8eb4e8ce35951cf8 0.095s
2025-12-11 07:32:48.410 66450 INFO tempest.lib.common.dynamic_creds [-] Deleting project and security group for project: 5fe2305c75424f0b9b9028048d50bf70
2025-12-11 07:32:48.539 66446 INFO tempest.lib.common.rest_client [req-ec9cd330-0a93-48f1-918c-06a071334e45 req-ec9cd330-0a93-48f1-918c-06a071334e45 ] Request (ServersTestMultiNic:test_verify_duplicate_network_nics): 202 POST http://10.180.1.21/compute/v2.1/servers 2.037s
2025-12-11 07:32:48.553 66465 INFO tempest.lib.common.rest_client [req-cca6b482-2807-4c30-a2ca-2ffb65fc20b9 req-cca6b482-2807-4c30-a2ca-2ffb65fc20b9 ] Request (FlavorsV2NegativeTest:test_boot_with_low_ram): 204 PUT http://10.180.1.21/image/v2/images/10810bf5-89a5-4e14-b87a-8cdc65b19e09/file 0.836s
2025-12-11 07:32:48.567 66450 INFO tempest.lib.common.rest_client [req-c6199041-daa4-4390-adf6-bd804bf3906a req-c6199041-daa4-4390-adf6-bd804bf3906a ] Request (ServersAdmin275Test:tearDownClass): 200 GET http://10.180.1.21/networking/v2.0/security-groups?tenant_id=5fe2305c75424f0b9b9028048d50bf70&name=default 0.157s
2025-12-11 07:32:48.611 66434 INFO tempest.lib.common.rest_client [req-be1687cd-a41b-4e6b-a7f2-4046f6ca1c00 req-be1687cd-a41b-4e6b-a7f2-4046f6ca1c00 ] Request (ServerMetadataTestJSON:tearDownClass): 200 GET http://10.180.1.21/compute/v2.1/servers/703d74af-261b-4d69-9a08-3b3fffbc49b9 1.919s
2025-12-11 07:32:48.650 66465 INFO tempest.lib.common.rest_client [req-16a000b0-737a-4c0d-8480-b8a3d9bbb495 req-16a000b0-737a-4c0d-8480-b8a3d9bbb495 ] Request (FlavorsV2NegativeTest:test_boot_with_low_ram): 201 POST http://10.180.1.21/identity/v3/auth/tokens 0.091s
2025-12-11 07:32:48.652 66465 INFO tempest.lib.common.fixed_network [-] (FlavorsV2NegativeTest:test_boot_with_low_ram) Found network None available for tenant
2025-12-11 07:32:48.739 66430 INFO tempest.lib.common.rest_client [req-cec4627e-6fab-4dbf-9f63-a4f7f33574fc req-cec4627e-6fab-4dbf-9f63-a4f7f33574fc ] Request (FloatingIPsAssociationTestJSON:setUpClass): 200 GET http://10.180.1.21/compute/v2.1/servers/392c88a6-418d-4229-89fa-08e61d350bf6 1.953s
2025-12-11 07:32:48.772 66474 INFO tempest.lib.common.rest_client [req-d79c2547-5db0-4654-9a49-dc5ca634a7a3 req-d79c2547-5db0-4654-9a49-dc5ca634a7a3 ] Request (ImagesOneServerTestJSON:test_create_image_specify_multibyte_character_image_name): 200 GET http://10.180.1.21/compute/v2.1/servers/92b3ba8e-bda9-45fe-b16a-c48fe2addf88 2.022s
2025-12-11 07:32:48.806 66450 INFO tempest.lib.common.rest_client [req-02fd5a5c-079c-4696-8e53-4f891a66da40 req-02fd5a5c-079c-4696-8e53-4f891a66da40 ] Request (ServersAdmin275Test:tearDownClass): 204 DELETE http://10.180.1.21/networking/v2.0/security-groups/43eb5665-1ae0-40b2-ab0e-330dff6be26d 0.238s
2025-12-11 07:32:48.877 66460 INFO tempest.lib.common.rest_client [req-c9be056d-f0b1-4aad-ac11-f87dfdfec97c req-c9be056d-f0b1-4aad-ac11-f87dfdfec97c ] Request (ImagesNegativeTestJSON:test_create_image_from_deleted_server): 200 GET http://10.180.1.21/compute/v2.1/servers/0a706616-01fa-4e35-a3ef-f0991982e3d6 1.992s
2025-12-11 07:32:48.915 66478 INFO tempest.lib.common.rest_client [req-0cd12b1a-7422-4cc6-959b-0512bb9f9704 req-0cd12b1a-7422-4cc6-959b-0512bb9f9704 ] Request (ServersListShow2100Test:test_list_show_rebuild_update_server_2100): 200 GET http://10.180.1.21/compute/v2.1/servers/acc72715-dc5c-4597-a5f2-97901f1a3d21 2.128s
2025-12-11 07:32:49.002 66450 INFO tempest.lib.common.rest_client [req-5f677f2d-d0de-4e83-8548-6be2ce74fd61 req-5f677f2d-d0de-4e83-8548-6be2ce74fd61 ] Request (ServersAdmin275Test:tearDownClass): 204 DELETE http://10.180.1.21/identity/v3/projects/5fe2305c75424f0b9b9028048d50bf70 0.196s
2025-12-11 07:32:49.005 66458 INFO tempest.lib.common.rest_client [req-d2842de8-6fa6-48ac-a092-a1b067ade00f req-d2842de8-6fa6-48ac-a092-a1b067ade00f ] Request (ListServersNegativeTestJSON:setUpClass): 200 GET http://10.180.1.21/compute/v2.1/servers/c62b3064-809e-4e20-90a4-e3f638d197ac 2.067s
2025-12-11 07:32:49.101 66450 INFO tempest.lib.common.rest_client [req-92591abc-58d1-4584-8ac2-f3bc926ee6d6 req-92591abc-58d1-4584-8ac2-f3bc926ee6d6 ] Request (ServersTestBootFromVolume:setUpClass): 201 POST http://10.180.1.21/identity/v3/auth/tokens 0.097s
2025-12-11 07:32:49.156 66462 INFO tempest.lib.common.rest_client [req-e74be3dd-f507-4d41-b040-5291492b4390 req-e74be3dd-f507-4d41-b040-5291492b4390 ] Request (QuotasAdminTestV257:test_get_updated_quotas): 200 GET http://10.180.1.21/compute/v2.1/os-quota-sets/23f0cc0077c6472689d504b81279bffc/detail 2.178s
2025-12-11 07:32:49.163 66450 INFO tempest.lib.common.rest_client [req-7d5d5e78-9ac0-4f88-8fd8-e2cf05cba71e req-7d5d5e78-9ac0-4f88-8fd8-e2cf05cba71e ] Request (ServersTestBootFromVolume:setUpClass): 201 POST http://10.180.1.21/identity/v3/auth/tokens 0.059s
2025-12-11 07:32:49.198 66448 INFO tempest.lib.common.rest_client [req-43cbedde-3119-4f05-a0ab-59591ffa745b req-43cbedde-3119-4f05-a0ab-59591ffa745b ] Request (MultipleCreateTestJSON:test_multiple_create): 200 GET http://10.180.1.21/compute/v2.1/servers/347dfaec-d54e-4c2f-a326-d3a1a5d298b5 2.109s
2025-12-11 07:32:49.209 66450 INFO tempest.lib.common.rest_client [req-84f978be-b1ea-4272-9767-074daac910ac req-84f978be-b1ea-4272-9767-074daac910ac ] Request (ServersTestBootFromVolume:setUpClass): 200 GET http://10.180.1.21/identity/v3/domains?name=Default 0.046s
2025-12-11 07:32:49.210 66432 INFO tempest.lib.common.rest_client [req-6fb0a06a-4ea6-43c1-bf9c-18aeba16e580 req-6fb0a06a-4ea6-43c1-bf9c-18aeba16e580 ] Request (FloatingIPsTestJSON:_run_cleanups): 404 DELETE http://10.180.1.21/compute/v2.1/os-floating-ips/8d8d5f47-64a3-4b9c-bdc8-26a150cfc738 2.120s
2025-12-11 07:32:49.210 66462 INFO tempest.lib.common.rest_client [req-109435fa-1ad9-4bbc-94fa-cbfbb1d81625 req-109435fa-1ad9-4bbc-94fa-cbfbb1d81625 ] Request (QuotasAdminTestV257:test_get_updated_quotas): 200 GET http://10.180.1.21/identity/v3/domains?name=Default 0.050s
2025-12-11 07:32:49.250 66488 INFO tempest.lib.common.rest_client [req-2d60688c-5b6c-47df-8901-73e204d4e7a5 req-2d60688c-5b6c-47df-8901-73e204d4e7a5 ] Request (FlavorsAdminTestJSON:_run_cleanups): 200 GET http://10.180.1.21/compute/v2.1/flavors/detail 2.092s
2025-12-11 07:32:49.254 66450 INFO tempest.lib.common.rest_client [req-3c9058c5-9163-47c1-87cf-17967da8e57b req-3c9058c5-9163-47c1-87cf-17967da8e57b ] Request (ServersTestBootFromVolume:setUpClass): 201 POST http://10.180.1.21/identity/v3/projects 0.045s
2025-12-11 07:32:49.263 66462 INFO tempest.lib.common.rest_client [req-10c0e64c-c78d-4871-8df6-2de6e2d83f3a req-10c0e64c-c78d-4871-8df6-2de6e2d83f3a ] Request (QuotasAdminTestV257:test_get_updated_quotas): 201 POST http://10.180.1.21/identity/v3/users 0.052s
2025-12-11 07:32:49.339 66462 INFO tempest.lib.common.rest_client [req-7f49ac0a-3887-4b0d-94b7-af66c9a28868 req-7f49ac0a-3887-4b0d-94b7-af66c9a28868 ] Request (QuotasAdminTestV257:test_get_updated_quotas): 200 GET http://10.180.1.21/identity/v3/domains?name=Default 0.075s
2025-12-11 07:32:49.346 66450 INFO tempest.lib.common.rest_client [req-32e65c6e-aa57-4481-aa70-e79efdc34afe req-32e65c6e-aa57-4481-aa70-e79efdc34afe ] Request (ServersTestBootFromVolume:setUpClass): 201 POST http://10.180.1.21/identity/v3/users 0.091s
2025-12-11 07:32:49.366 66442 INFO tempest.lib.common.rest_client [req-4ac2640c-a7b8-42dd-8067-70b6b2e4da7f req-4ac2640c-a7b8-42dd-8067-70b6b2e4da7f ] Request (AggregatesAdminNegativeTestJSON:test_aggregate_remove_host_as_user): 200 POST http://10.180.1.21/compute/v2.1/os-aggregates/7/action 2.236s
2025-12-11 07:32:49.382 66450 INFO tempest.lib.common.rest_client [req-fbb1be06-e8ea-435c-90f3-47b7d584aca5 req-fbb1be06-e8ea-435c-90f3-47b7d584aca5 ] Request (ServersTestBootFromVolume:setUpClass): 200 GET http://10.180.1.21/identity/v3/roles 0.036s
2025-12-11 07:32:49.424 66450 INFO tempest.lib.common.rest_client [req-c7c7eebc-a79e-40c4-a5ea-b2afa67da1cc req-c7c7eebc-a79e-40c4-a5ea-b2afa67da1cc ] Request (ServersTestBootFromVolume:setUpClass): 204 PUT http://10.180.1.21/identity/v3/projects/efa4fec9697c4c5f955668c0cc66dac4/users/4f8c7c225cf7427cb12fad649ca233c2/roles/0de9d4e54a874b3aa33e1f31ceeeb36e 0.041s
2025-12-11 07:32:49.424 66450 INFO tempest.lib.common.dynamic_creds [-] Dynamic test user 4f8c7c225cf7427cb12fad649ca233c2 is created with scope project and roles: ['member']
2025-12-11 07:32:49.425 66450 INFO tempest.lib.common.dynamic_creds [-] Acquired dynamic creds: credentials: Credentials: {'domain_id': 'default', 'domain_name': 'Default', 'username': 'tempest-ServersTestBootFromVolume-1197727256-project-member', 'project_domain_id': 'default', 'project_domain_name': 'Default', 'project_id': 'efa4fec9697c4c5f955668c0cc66dac4', 'project_name': 'tempest-ServersTestBootFromVolume-1197727256', 'tenant_id': 'efa4fec9697c4c5f955668c0cc66dac4', 'tenant_name': 'tempest-ServersTestBootFromVolume-1197727256', 'user_domain_id': 'default', 'user_domain_name': 'Default', 'user_id': '4f8c7c225cf7427cb12fad649ca233c2', 'system': None}, Network: None, Subnet: None, Router: None
2025-12-11 07:32:49.435 66438 INFO tempest.lib.common.rest_client [req-23d883d6-4786-4d97-aea7-25e1df122cbc req-23d883d6-4786-4d97-aea7-25e1df122cbc ] Request (ServersNegativeTestJSON:setUpClass): 200 GET http://10.180.1.21/compute/v2.1/servers/506cddf6-7f7d-4ad9-a80f-9229cd8628eb 1.973s
2025-12-11 07:32:49.459 66466 INFO tempest.lib.common.rest_client [req-568aac5e-7c37-4577-b488-bc7ba99cd70f req-568aac5e-7c37-4577-b488-bc7ba99cd70f ] Request (DeleteServersAdminTestJSON:tearDownClass): 404 GET http://10.180.1.21/compute/v2.1/servers/5b0e0dcd-b28d-48e7-a5e5-58d295453605 1.947s
2025-12-11 07:32:49.497 66470 INFO tempest.lib.common.rest_client [req-d91dfc5e-2587-4d81-973a-b03849505212 req-d91dfc5e-2587-4d81-973a-b03849505212 ] Request (ImagesMetadataTestJSON:setUp): 200 PUT http://10.180.1.21/compute/v2.1/images/dc4161f1-c41f-4d08-ae4c-2e0d5d5140c2/metadata 2.197s
2025-12-11 07:32:49.505 66450 INFO tempest.lib.common.rest_client [req-2d245561-1772-4f0c-afc2-a7a5e9a73c91 req-2d245561-1772-4f0c-afc2-a7a5e9a73c91 ] Request (ServersTestBootFromVolume:setUpClass): 201 POST http://10.180.1.21/identity/v3/auth/tokens 0.080s
2025-12-11 07:32:49.518 66440 INFO tempest.lib.common.rest_client [req-39e1018c-b55d-4222-9464-4640f9f7ef7e req-39e1018c-b55d-4222-9464-4640f9f7ef7e ] Request (MigrationsAdminTest:test_resize_server_revert_deleted_flavor): 200 POST http://10.180.1.21/compute/v2.1/flavors 1.863s
2025-12-11 07:32:49.594 66482 INFO tempest.lib.common.rest_client [req-05f34dd4-0eb2-43da-8e2c-53f7c8a29b4c req-05f34dd4-0eb2-43da-8e2c-53f7c8a29b4c ] Request (AttachInterfacesTestJSON:test_create_list_show_delete_interfaces_by_fixed_ip): 200 GET http://10.180.1.21/compute/v2.1/servers/813ce5dd-b655-4380-80dc-a1462ba990f3/os-interface 1.959s
2025-12-11 07:32:49.718 66480 WARNING tempest.lib.common.ssh [-] Failed to establish authenticated ssh connection to cirros@10.180.180.249 ([Errno None] Unable to connect to port 22 on 10.180.180.249). Number attempts: 7. Retry after 8 seconds.: paramiko.ssh_exception.NoValidConnectionsError: [Errno None] Unable to connect to port 22 on 10.180.180.249
2025-12-11 07:32:49.894 66450 INFO tempest.lib.common.rest_client [req-dddd2f01-bd02-471a-a094-8b5bfa65edb2 req-dddd2f01-bd02-471a-a094-8b5bfa65edb2 ] Request (ServersTestBootFromVolume:setUpClass): 201 POST http://10.180.1.21/networking/v2.0/networks 0.389s
2025-12-11 07:32:49.933 66486 INFO tempest.lib.common.rest_client [req-9795f3e8-bbb0-40bc-ba58-26c122bdf067 req-9795f3e8-bbb0-40bc-ba58-26c122bdf067 ] Request (SecurityGroupRulesTestJSON:test_security_group_rules_list): 200 GET http://10.180.1.21/compute/v2.1/os-security-groups/bf517bad-665c-45bc-8256-ea9b2bba9730 2.186s
2025-12-11 07:32:49.955 66428 INFO tempest.lib.common.rest_client [req-00b8d03c-831f-436f-b838-607b3cf5018c req-00b8d03c-831f-436f-b838-607b3cf5018c ] Request (ListServerFiltersTestJSON:setUpClass): 200 GET http://10.180.1.21/compute/v2.1/servers/d6a0c859-24ef-447d-b54d-0d56d53dd120 1.966s
2025-12-11 07:32:50.062 66432 INFO tempest.lib.common.rest_client [req-87f63fed-0dfb-419a-94e5-523e325deb04 req-87f63fed-0dfb-419a-94e5-523e325deb04 ] Request (FloatingIPsTestJSON:tearDownClass): 200 PUT http://10.180.1.21/networking/v2.0/routers/a79ac32d-962d-40e6-bc7c-73d0d8e92c18/remove_router_interface 0.848s
2025-12-11 07:32:50.092 66444 INFO tempest.lib.common.rest_client [req-0a1955b2-11df-4e94-8ee1-10cda21d9ea2 req-0a1955b2-11df-4e94-8ee1-10cda21d9ea2 ] Request (ServersTestJSON:setUpClass): 200 GET http://10.180.1.21/compute/v2.1/servers/45e7c966-e5fd-4fd0-894d-725ffa67a3f3 2.027s
2025-12-11 07:32:50.191 66450 INFO tempest.lib.common.rest_client [req-2c1aea52-fba5-417b-aaac-022d0e860061 req-2c1aea52-fba5-417b-aaac-022d0e860061 ] Request (ServersTestBootFromVolume:setUpClass): 201 POST http://10.180.1.21/networking/v2.0/subnets 0.296s
2025-12-11 07:32:50.615 66432 INFO tempest.lib.common.rest_client [req-86bf847d-ed82-46db-bf27-86fb9de3694e req-86bf847d-ed82-46db-bf27-86fb9de3694e ] Request (FloatingIPsTestJSON:tearDownClass): 204 DELETE http://10.180.1.21/networking/v2.0/routers/a79ac32d-962d-40e6-bc7c-73d0d8e92c18 0.551s
2025-12-11 07:32:50.709 66484 INFO tempest.lib.common.rest_client [req-41bedf7a-7bba-4b64-acc0-d1209b977ae8 req-41bedf7a-7bba-4b64-acc0-d1209b977ae8 ] Request (SecurityGroupsTestJSON:test_security_groups_create_list_delete): 202 DELETE http://10.180.1.21/compute/v2.1/os-security-groups/032f116a-b352-4b8a-9ddc-d6962f87f789 2.309s
2025-12-11 07:32:50.971 66432 INFO tempest.lib.common.rest_client [req-a3c8f20f-08f5-4ee9-8646-04fe8acca7d9 req-a3c8f20f-08f5-4ee9-8646-04fe8acca7d9 ] Request (FloatingIPsTestJSON:tearDownClass): 204 DELETE http://10.180.1.21/networking/v2.0/subnets/0442e218-fee1-43a4-869c-d6455ab7e9a3 0.355s
2025-12-11 07:32:51.048 66450 INFO tempest.lib.common.rest_client [req-691afad3-dee2-4596-bd8f-3f77cbb1fec6 req-691afad3-dee2-4596-bd8f-3f77cbb1fec6 ] Request (ServersTestBootFromVolume:setUpClass): 201 POST http://10.180.1.21/networking/v2.0/routers 0.856s
2025-12-11 07:32:51.472 66432 INFO tempest.lib.common.rest_client [req-6e0c5ce7-8131-4d31-9249-a82424908793 req-6e0c5ce7-8131-4d31-9249-a82424908793 ] Request (FloatingIPsTestJSON:tearDownClass): 204 DELETE http://10.180.1.21/networking/v2.0/networks/368ef847-164d-4ec6-a6eb-c65721bce46b 0.501s
2025-12-11 07:32:51.510 66476 INFO tempest.lib.common.rest_client [req-280d1115-af43-4804-874a-21b7d8754788 req-280d1115-af43-4804-874a-21b7d8754788 ] Request (AttachInterfacesUnderV243Test:test_add_remove_fixed_ip): 200 GET http://10.180.1.21/compute/v2.1/servers/d6708537-06d8-4710-a9b0-c8aaf4a975de 3.033s
2025-12-11 07:32:51.520 66476 INFO tempest.common.waiters [-] State transition "BUILD/spawning" ==> "ACTIVE/None" after 19 second wait
2025-12-11 07:32:51.584 66432 INFO tempest.lib.common.rest_client [req-cd97021f-449f-4ba1-ae13-06b04996b93c req-cd97021f-449f-4ba1-ae13-06b04996b93c ] Request (FloatingIPsTestJSON:tearDownClass): 204 DELETE http://10.180.1.21/identity/v3/users/3afa7b2865224df9b2277be8515d84e4 0.111s
2025-12-11 07:32:51.584 66432 INFO tempest.lib.common.dynamic_creds [-] Deleting project and security group for project: f85d3206f2d245b1bd0397d1808cfc5b
2025-12-11 07:32:52.432 66450 INFO tempest.lib.common.rest_client [req-edc9c962-34af-4ef6-aff3-16d7fe88a8e7 req-edc9c962-34af-4ef6-aff3-16d7fe88a8e7 ] Request (ServersTestBootFromVolume:setUpClass): 200 PUT http://10.180.1.21/networking/v2.0/routers/00ac5587-e7b7-419c-becc-da85156aaaf0/add_router_interface 1.384s
2025-12-11 07:32:52.433 66450 INFO tempest.lib.common.dynamic_creds [-] Created isolated network resources for: credentials: Credentials: {'domain_id': 'default', 'domain_name': 'Default', 'username': 'tempest-ServersTestBootFromVolume-1197727256-project-member', 'project_domain_id': 'default', 'project_domain_name': 'Default', 'project_id': 'efa4fec9697c4c5f955668c0cc66dac4', 'project_name': 'tempest-ServersTestBootFromVolume-1197727256', 'tenant_id': 'efa4fec9697c4c5f955668c0cc66dac4', 'tenant_name': 'tempest-ServersTestBootFromVolume-1197727256', 'user_domain_id': 'default', 'user_domain_name': 'Default', 'user_id': '4f8c7c225cf7427cb12fad649ca233c2', 'system': None}, Network: {'id': 'd05e0310-c840-4c15-abb1-55fadbea1e29', 'name': 'tempest-ServersTestBootFromVolume-1531942753-network', 'tenant_id': 'efa4fec9697c4c5f955668c0cc66dac4', 'project_id': 'efa4fec9697c4c5f955668c0cc66dac4', 'admin_state_up': True, 'mtu': 8950, 'status': 'ACTIVE', 'subnets': [], 'shared': False, 'port_security_enabled': True, 'router:external': False, 'provider:network_type': 'vlan', 'provider:physical_network': 'default', 'provider:segmentation_id': 458, 'availability_zone_hints': [], 'availability_zones': [], 'ipv4_address_scope': None, 'ipv6_address_scope': None, 'description': '', 'tags': [], 'created_at': '2025-12-11T07:32:49Z', 'updated_at': '2025-12-11T07:32:49Z', 'revision_number': 1}, Subnet: {'id': '140ffc76-257d-4b60-b959-9a2c98bf8edb', 'name': 'tempest-ServersTestBootFromVolume-1531942753-subnet', 'tenant_id': 'efa4fec9697c4c5f955668c0cc66dac4', 'network_id': 'd05e0310-c840-4c15-abb1-55fadbea1e29', 'ip_version': 4, 'subnetpool_id': None, 'enable_dhcp': True, 'ipv6_ra_mode': None, 'ipv6_address_mode': None, 'gateway_ip': '192.168.128.1', 'cidr': '192.168.128.0/28', 'allocation_pools': [{'start': '192.168.128.2', 'end': '192.168.128.14'}], 'host_routes': [], 'dns_nameservers': [], 'description': '', 'router:external': False, 'service_types': [], 'tags': [], 'created_at': '2025-12-11T07:32:50Z', 'updated_at': '2025-12-11T07:32:50Z', 'revision_number': 0, 'project_id': 'efa4fec9697c4c5f955668c0cc66dac4'}, Router: {'id': '00ac5587-e7b7-419c-becc-da85156aaaf0', 'name': 'tempest-ServersTestBootFromVolume-1531942753-router', 'tenant_id': 'efa4fec9697c4c5f955668c0cc66dac4', 'admin_state_up': True, 'status': 'ACTIVE', 'external_gateway_info': {'network_id': 'b582ce9c-347e-4166-9062-ecb1e616c60f', 'external_fixed_ips': [{'subnet_id': 'ad34a149-f1c4-4e15-b5fc-6f18721622c5', 'ip_address': '10.180.180.222'}], 'enable_snat': True}, 'description': '', 'availability_zones': [], 'distributed': False, 'ha': False, 'availability_zone_hints': [], 'routes': [], 'flavor_id': None, 'tags': [], 'created_at': '2025-12-11T07:32:50Z', 'updated_at': '2025-12-11T07:32:50Z', 'revision_number': 2, 'project_id': 'efa4fec9697c4c5f955668c0cc66dac4'}
2025-12-11 07:32:52.551 66450 INFO tempest.lib.common.rest_client [req-e1a5b8f4-0116-4c41-996d-1386f5e78bc7 req-e1a5b8f4-0116-4c41-996d-1386f5e78bc7 ] Request (ServersTestBootFromVolume:setUpClass): 201 POST http://10.180.1.21/identity/v3/auth/tokens 0.115s
2025-12-11 07:32:52.564 66446 INFO tempest.lib.common.rest_client [req-df51ac2f-8788-4228-b8a6-2167545f48be req-df51ac2f-8788-4228-b8a6-2167545f48be ] Request (ServersTestMultiNic:test_verify_duplicate_network_nics): 200 GET http://10.180.1.21/compute/v2.1/servers/8bb9c114-9dd7-4c49-88e6-2b97adfb2202 4.022s
2025-12-11 07:32:52.587 66432 INFO tempest.lib.common.rest_client [req-680050e7-d7e4-4702-a974-92307702c39e req-680050e7-d7e4-4702-a974-92307702c39e ] Request (FloatingIPsTestJSON:tearDownClass): 200 GET http://10.180.1.21/networking/v2.0/security-groups?tenant_id=f85d3206f2d245b1bd0397d1808cfc5b&name=default 1.002s
2025-12-11 07:32:53.064 66432 INFO tempest.lib.common.rest_client [req-9baa7db0-d554-420b-92e8-6fd4fd9ef6b3 req-9baa7db0-d554-420b-92e8-6fd4fd9ef6b3 ] Request (FloatingIPsTestJSON:tearDownClass): 204 DELETE http://10.180.1.21/networking/v2.0/security-groups/e73806f6-1102-4bf0-a078-d590dc6a2b58 0.474s
2025-12-11 07:32:53.095 66454 INFO tempest.lib.common.rest_client [req-e9dcf219-98fb-4342-9257-4ca9a23149f4 req-e9dcf219-98fb-4342-9257-4ca9a23149f4 ] Request (ListImageFiltersTestJSON:setUpClass): 200 GET http://10.180.1.21/compute/v2.1/servers/d071aaff-f499-4619-8b45-626070fa3a63 4.545s
2025-12-11 07:32:53.248 66432 INFO tempest.lib.common.rest_client [req-6b29a27e-7f33-47b4-8f24-66a6aef3723d req-6b29a27e-7f33-47b4-8f24-66a6aef3723d ] Request (FloatingIPsTestJSON:tearDownClass): 204 DELETE http://10.180.1.21/identity/v3/projects/f85d3206f2d245b1bd0397d1808cfc5b 0.184s
2025-12-11 07:32:53.361 66465 INFO tempest.lib.common.rest_client [req-354106db-0b9d-49b6-83d6-74f2d2a3b975 req-354106db-0b9d-49b6-83d6-74f2d2a3b975 ] Request (FlavorsV2NegativeTest:test_boot_with_low_ram): 400 POST http://10.180.1.21/compute/v2.1/servers 4.708s
2025-12-11 07:32:53.371 66432 INFO tempest.lib.common.rest_client [req-a5be032f-445b-4e23-a96e-bf0f6ad73db2 req-a5be032f-445b-4e23-a96e-bf0f6ad73db2 ] Request (ServersListShow296Test:setUpClass): 201 POST http://10.180.1.21/identity/v3/auth/tokens 0.121s
2025-12-11 07:32:53.409 66432 INFO tempest.lib.common.rest_client [req-08deb0a5-abad-499a-bad3-a43f79bdb993 req-08deb0a5-abad-499a-bad3-a43f79bdb993 ] Request (ServersListShow296Test:setUpClass): 201 POST http://10.180.1.21/identity/v3/auth/tokens 0.036s
2025-12-11 07:32:53.424 66465 INFO tempest.lib.common.rest_client [req-80860b77-b185-4f7c-bf18-783ebc511e0f req-80860b77-b185-4f7c-bf18-783ebc511e0f ] Request (FlavorsV2NegativeTest:_run_cleanups): 204 DELETE http://10.180.1.21/image/v2/images/10810bf5-89a5-4e14-b87a-8cdc65b19e09 0.061s
2025-12-11 07:32:53.447 66432 INFO tempest.lib.common.rest_client [req-011a9158-16be-459a-a2f1-bd2fa05decdc req-011a9158-16be-459a-a2f1-bd2fa05decdc ] Request (ServersListShow296Test:setUpClass): 200 GET http://10.180.1.21/identity/v3/domains?name=Default 0.037s
2025-12-11 07:32:53.497 66432 INFO tempest.lib.common.rest_client [req-cbf1c7d7-c105-4b3a-b188-3c0a950afd6f req-cbf1c7d7-c105-4b3a-b188-3c0a950afd6f ] Request (ServersListShow296Test:setUpClass): 201 POST http://10.180.1.21/identity/v3/projects 0.050s
2025-12-11 07:32:53.505 66474 INFO tempest.lib.common.rest_client [req-c735a873-990e-4e5a-bbc8-bff39fb804ed req-c735a873-990e-4e5a-bbc8-bff39fb804ed ] Request (ImagesOneServerTestJSON:tearDownClass): 204 DELETE http://10.180.1.21/compute/v2.1/images/d0677df1-ad34-4628-82e4-1334c1433b9d 4.717s
2025-12-11 07:32:53.509 66456 INFO tempest.lib.common.rest_client [req-5efc4d67-16c7-4c56-9411-b2494da355e6 req-5efc4d67-16c7-4c56-9411-b2494da355e6 ] Request (FloatingIPsAssociationNegativeTestJSON:_run_cleanups): 202 POST http://10.180.1.21/compute/v2.1/servers/27fe703b-c3e1-4fde-b091-f6e838e991d5/action 5.316s
2025-12-11 07:32:53.531 66488 INFO tempest.lib.common.rest_client [req-86dace68-2e08-4686-8e8e-a509e7820412 req-86dace68-2e08-4686-8e8e-a509e7820412 ] Request (FlavorsAdminTestJSON:test_list_non_public_flavor): 200 POST http://10.180.1.21/compute/v2.1/flavors 4.266s
2025-12-11 07:32:53.540 66465 INFO tempest.lib.common.rest_client [req-1aac068f-da5e-48e9-a3f2-de7acdfd6ec1 req-1aac068f-da5e-48e9-a3f2-de7acdfd6ec1 ] Request (FlavorsV2NegativeTest:tearDownClass): 204 DELETE http://10.180.1.21/identity/v3/users/7680e36299de4fa39443aa41a1816229 0.114s
2025-12-11 07:32:53.541 66465 INFO tempest.lib.common.dynamic_creds [-] Deleting project and security group for project: 1498245079ed476a88001663eb7d18be
2025-12-11 07:32:53.632 66465 INFO tempest.lib.common.rest_client [req-d75c4f34-21fa-4c23-8e3d-185d7266dbb8 req-d75c4f34-21fa-4c23-8e3d-185d7266dbb8 ] Request (FlavorsV2NegativeTest:tearDownClass): 201 POST http://10.180.1.21/identity/v3/auth/tokens 0.092s
2025-12-11 07:32:53.647 66458 INFO tempest.lib.common.rest_client [req-5025cecb-3445-46ee-a088-971c47cc9070 req-5025cecb-3445-46ee-a088-971c47cc9070 ] Request (ListServersNegativeTestJSON:setUpClass): 204 DELETE http://10.180.1.21/compute/v2.1/servers/89eb045e-1329-4f7a-a3df-534c31cda99d 4.633s
2025-12-11 07:32:53.656 66442 INFO tempest.lib.common.rest_client [req-ce064a90-025b-47a9-99be-f9fbbc35c078 req-ce064a90-025b-47a9-99be-f9fbbc35c078 ] Request (AggregatesAdminNegativeTestJSON:test_aggregate_remove_host_as_user): 403 POST http://10.180.1.21/compute/v2.1/os-aggregates/7/action 4.287s
2025-12-11 07:32:53.667 66452 WARNING tempest.lib.common.ssh [-] Failed to establish authenticated ssh connection to cirros@10.180.180.165 ([Errno None] Unable to connect to port 22 on 10.180.180.165). Number attempts: 6. Retry after 7 seconds.: paramiko.ssh_exception.NoValidConnectionsError: [Errno None] Unable to connect to port 22 on 10.180.180.165
2025-12-11 07:32:53.670 66432 INFO tempest.lib.common.rest_client [req-eee89656-8fc3-4dd1-88ef-e078e31c81fd req-eee89656-8fc3-4dd1-88ef-e078e31c81fd ] Request (ServersListShow296Test:setUpClass): 201 POST http://10.180.1.21/identity/v3/users 0.172s
2025-12-11 07:32:53.683 66466 INFO tempest.lib.common.rest_client [req-ee59c3f6-4831-48c5-aa47-9998fb50e78b req-ee59c3f6-4831-48c5-aa47-9998fb50e78b ] Request (DeleteServersAdminTestJSON:tearDownClass): 404 DELETE http://10.180.1.21/compute/v2.1/servers/408e6290-0ce3-4438-80ef-cdd904002a8a 4.223s
2025-12-11 07:32:53.725 66436 WARNING tempest.lib.common.ssh [-] Failed to establish authenticated ssh connection to cirros@10.180.180.147 ([Errno None] Unable to connect to port 22 on 10.180.180.147). Number attempts: 5. Retry after 6 seconds.: paramiko.ssh_exception.NoValidConnectionsError: [Errno None] Unable to connect to port 22 on 10.180.180.147
2025-12-11 07:32:53.800 66432 INFO tempest.lib.common.rest_client [req-fbe0d102-ffbe-47c1-91bb-daca16723543 req-fbe0d102-ffbe-47c1-91bb-daca16723543 ] Request (ServersListShow296Test:setUpClass): 200 GET http://10.180.1.21/identity/v3/roles 0.129s
2025-12-11 07:32:53.841 66432 INFO tempest.lib.common.rest_client [req-bd50c107-372a-4465-b03d-7d333e44df92 req-bd50c107-372a-4465-b03d-7d333e44df92 ] Request (ServersListShow296Test:setUpClass): 204 PUT http://10.180.1.21/identity/v3/projects/6e1e5d4408c647a7b1e030f793a1c350/users/7026627dc93b42b8a71a8b32878bfbe3/roles/0de9d4e54a874b3aa33e1f31ceeeb36e 0.040s
2025-12-11 07:32:53.842 66432 INFO tempest.lib.common.dynamic_creds [-] Dynamic test user 7026627dc93b42b8a71a8b32878bfbe3 is created with scope project and roles: ['member']
2025-12-11 07:32:53.842 66432 INFO tempest.lib.common.dynamic_creds [-] Acquired dynamic creds: credentials: Credentials: {'domain_id': 'default', 'domain_name': 'Default', 'username': 'tempest-ServersListShow296Test-297716513-project-member', 'project_domain_id': 'default', 'project_domain_name': 'Default', 'project_id': '6e1e5d4408c647a7b1e030f793a1c350', 'project_name': 'tempest-ServersListShow296Test-297716513', 'tenant_id': '6e1e5d4408c647a7b1e030f793a1c350', 'tenant_name': 'tempest-ServersListShow296Test-297716513', 'user_domain_id': 'default', 'user_domain_name': 'Default', 'user_id': '7026627dc93b42b8a71a8b32878bfbe3', 'system': None}, Network: None, Subnet: None, Router: None
2025-12-11 07:32:53.842 66432 INFO tempest.lib.common.dynamic_creds [-] Created isolated network resources for: credentials: Credentials: {'domain_id': 'default', 'domain_name': 'Default', 'username': 'tempest-ServersListShow296Test-297716513-project-member', 'project_domain_id': 'default', 'project_domain_name': 'Default', 'project_id': '6e1e5d4408c647a7b1e030f793a1c350', 'project_name': 'tempest-ServersListShow296Test-297716513', 'tenant_id': '6e1e5d4408c647a7b1e030f793a1c350', 'tenant_name': 'tempest-ServersListShow296Test-297716513', 'user_domain_id': 'default', 'user_domain_name': 'Default', 'user_id': '7026627dc93b42b8a71a8b32878bfbe3', 'system': None}, Network: None, Subnet: None, Router: None
2025-12-11 07:32:53.893 66462 INFO tempest.lib.common.rest_client [req-672b1b5c-19aa-40ba-af10-22644bacb289 req-672b1b5c-19aa-40ba-af10-22644bacb289 ] Request (QuotasAdminTestV257:test_get_updated_quotas): 200 PUT http://10.180.1.21/compute/v2.1/os-quota-sets/23f0cc0077c6472689d504b81279bffc?user_id=154ea2a76283470aab76885443db7091 4.554s
2025-12-11 07:32:53.913 66440 INFO tempest.lib.common.rest_client [req-85495f51-f9ca-49df-9c8f-d098224fa877 req-85495f51-f9ca-49df-9c8f-d098224fa877 ] Request (MigrationsAdminTest:test_resize_server_revert_deleted_flavor): 200 GET http://10.180.1.21/compute/v2.1/flavors/42/os-extra_specs 4.393s
2025-12-11 07:32:53.938 66432 INFO tempest.lib.common.rest_client [req-609d7efc-47fc-4063-a377-e876c22a902d req-609d7efc-47fc-4063-a377-e876c22a902d ] Request (ServersListShow296Test:setUpClass): 201 POST http://10.180.1.21/identity/v3/auth/tokens 0.092s
2025-12-11 07:32:53.962 66465 INFO tempest.lib.common.rest_client [req-234ea42f-420e-4c97-8db8-9be153699b2f req-234ea42f-420e-4c97-8db8-9be153699b2f ] Request (FlavorsV2NegativeTest:tearDownClass): 200 GET http://10.180.1.21/networking/v2.0/security-groups?tenant_id=1498245079ed476a88001663eb7d18be&name=default 0.329s
2025-12-11 07:32:53.979 66432 INFO tempest.lib.common.rest_client [req-ad54eda0-31b8-4f4c-a328-88e448cbdeb0 req-ad54eda0-31b8-4f4c-a328-88e448cbdeb0 ] Request (ServersListShow296Test:test_list_show_update_rebuild_server_296): 201 POST http://10.180.1.21/identity/v3/auth/tokens 0.035s
2025-12-11 07:32:53.979 66432 INFO tempest.lib.common.fixed_network [-] (ServersListShow296Test:test_list_show_update_rebuild_server_296) Found network None available for tenant
2025-12-11 07:32:53.997 66470 INFO tempest.lib.common.rest_client [req-282b338c-8f98-409f-a666-731d81db2a3d req-282b338c-8f98-409f-a666-731d81db2a3d ] Request (ImagesMetadataTestJSON:test_update_image_metadata): 200 POST http://10.180.1.21/compute/v2.1/images/dc4161f1-c41f-4d08-ae4c-2e0d5d5140c2/metadata 4.499s
2025-12-11 07:32:54.119 66465 INFO tempest.lib.common.rest_client [req-05e5142c-1b4e-43b0-825d-d3fb0fa50061 req-05e5142c-1b4e-43b0-825d-d3fb0fa50061 ] Request (FlavorsV2NegativeTest:tearDownClass): 204 DELETE http://10.180.1.21/networking/v2.0/security-groups/a4e62b5d-18bd-4f72-8ef7-7e0a19d9cc30 0.157s
2025-12-11 07:32:54.212 66482 INFO tempest.lib.common.rest_client [req-6aee358f-ddcf-4193-8a3a-424e1d603cf2 req-6aee358f-ddcf-4193-8a3a-424e1d603cf2 ] Request (AttachInterfacesTestJSON:test_create_list_show_delete_interfaces_by_fixed_ip): 200 GET http://10.180.1.21/compute/v2.1/servers/813ce5dd-b655-4380-80dc-a1462ba990f3/os-interface/93d2a573-08bd-46b0-9666-c635569e0d91 4.614s
2025-12-11 07:32:54.254 66465 INFO tempest.lib.common.rest_client [req-afced91d-e185-4746-986f-9b6643691737 req-afced91d-e185-4746-986f-9b6643691737 ] Request (FlavorsV2NegativeTest:tearDownClass): 204 DELETE http://10.180.1.21/identity/v3/projects/1498245079ed476a88001663eb7d18be 0.135s
2025-12-11 07:32:54.280 66434 INFO tempest.lib.common.rest_client [req-9528aa4e-c2b7-4146-9b6f-50c5ddfb4d0f req-9528aa4e-c2b7-4146-9b6f-50c5ddfb4d0f ] Request (ServerMetadataTestJSON:tearDownClass): 200 GET http://10.180.1.21/compute/v2.1/servers/703d74af-261b-4d69-9a08-3b3fffbc49b9 4.661s
2025-12-11 07:32:54.289 66434 INFO tempest.common.waiters [-] State transition "ACTIVE/deleting" ==> "DELETED/None" after 6 second wait
2025-12-11 07:32:54.342 66465 INFO tempest.lib.common.rest_client [req-fc8975a2-23a6-4769-ae12-12aa0e5147ee req-fc8975a2-23a6-4769-ae12-12aa0e5147ee ] Request (ImagesTestJSON:setUpClass): 201 POST http://10.180.1.21/identity/v3/auth/tokens 0.086s
