2025-12-11 07:31:29.565 66454 INFO tempest.lib.common.rest_client [req-980f7109-e727-4e7d-af0b-f65c3c867108 req-980f7109-e727-4e7d-af0b-f65c3c867108 ] Request (KeyPairsV210TestJSON:setUpClass): 204 PUT http://10.180.1.21/identity/v3/projects/083998ee24f440458f1c81ed0a6cb000/users/31b85cb0b5d44c519d2f639a32a6e778/roles/86db040a84e441088de6ca2696d137fc 0.033s
2025-12-11 07:31:29.618 66454 INFO tempest.lib.common.rest_client [req-117807be-59c6-428e-8c33-434ed7cfadaa req-117807be-59c6-428e-8c33-434ed7cfadaa ] Request (KeyPairsV210TestJSON:setUpClass): 200 GET http://10.180.1.21/identity/v3/roles 0.052s
2025-12-11 07:31:29.637 66454 INFO tempest.lib.common.rest_client [req-587197b8-9740-4f81-90fd-e099370d6064 req-587197b8-9740-4f81-90fd-e099370d6064 ] Request (KeyPairsV210TestJSON:setUpClass): 204 PUT http://10.180.1.21/identity/v3/projects/083998ee24f440458f1c81ed0a6cb000/users/31b85cb0b5d44c519d2f639a32a6e778/roles/86db040a84e441088de6ca2696d137fc 0.019s
2025-12-11 07:31:29.637 66454 INFO tempest.lib.common.dynamic_creds [-] Dynamic test user 31b85cb0b5d44c519d2f639a32a6e778 is created with scope project and roles: ['admin']
2025-12-11 07:31:29.638 66454 INFO tempest.lib.common.dynamic_creds [-] Acquired dynamic creds: credentials: Credentials: {'domain_id': 'default', 'domain_name': 'Default', 'username': 'tempest-KeyPairsV210TestJSON-1619646657-project-admin', 'project_domain_id': 'default', 'project_domain_name': 'Default', 'project_id': '083998ee24f440458f1c81ed0a6cb000', 'project_name': 'tempest-KeyPairsV210TestJSON-1619646657', 'tenant_id': '083998ee24f440458f1c81ed0a6cb000', 'tenant_name': 'tempest-KeyPairsV210TestJSON-1619646657', 'user_domain_id': 'default', 'user_domain_name': 'Default', 'user_id': '31b85cb0b5d44c519d2f639a32a6e778', 'system': None}, Network: None, Subnet: None, Router: None
2025-12-11 07:31:29.638 66454 INFO tempest.lib.common.dynamic_creds [-] Created isolated network resources for: credentials: Credentials: {'domain_id': 'default', 'domain_name': 'Default', 'username': 'tempest-KeyPairsV210TestJSON-1619646657-project-admin', 'project_domain_id': 'default', 'project_domain_name': 'Default', 'project_id': '083998ee24f440458f1c81ed0a6cb000', 'project_name': 'tempest-KeyPairsV210TestJSON-1619646657', 'tenant_id': '083998ee24f440458f1c81ed0a6cb000', 'tenant_name': 'tempest-KeyPairsV210TestJSON-1619646657', 'user_domain_id': 'default', 'user_domain_name': 'Default', 'user_id': '31b85cb0b5d44c519d2f639a32a6e778', 'system': None}, Network: None, Subnet: None, Router: None
2025-12-11 07:31:29.665 66428 INFO tempest.lib.common.rest_client [req-6b6af250-7fc3-4263-97b1-70de90ccc24a req-6b6af250-7fc3-4263-97b1-70de90ccc24a ] Request (QuotaClassesAdminTestJSON:tearDownClass): 200 GET http://10.180.1.21/networking/v2.0/security-groups?tenant_id=aab5c7b7bcf34ac1bdb69923750c9af0&name=default 0.142s
2025-12-11 07:31:29.743 66454 INFO tempest.lib.common.rest_client [req-8de284e8-91eb-4f31-a6d9-c741bfd3d60c req-8de284e8-91eb-4f31-a6d9-c741bfd3d60c ] Request (KeyPairsV210TestJSON:setUpClass): 201 POST http://10.180.1.21/identity/v3/auth/tokens 0.103s
2025-12-11 07:31:29.854 66456 INFO tempest.lib.common.rest_client [req-a834cb4e-bc4e-4f4f-ab9a-d238f4b81979 req-a834cb4e-bc4e-4f4f-ab9a-d238f4b81979 ] Request (ServerDiagnosticsTest:test_get_server_diagnostics): 200 GET http://10.180.1.21/compute/v2.1/servers/1d413498-3749-4052-a9a1-10e356c4eaf2/diagnostics 2.953s
2025-12-11 07:31:29.866 66428 INFO tempest.lib.common.rest_client [req-7399a5da-6b27-4511-9cc2-cbd5aef1e842 req-7399a5da-6b27-4511-9cc2-cbd5aef1e842 ] Request (QuotaClassesAdminTestJSON:tearDownClass): 204 DELETE http://10.180.1.21/networking/v2.0/security-groups/9e9c947a-d8f9-4622-8d63-53c8b401b05d 0.201s
2025-12-11 07:31:29.917 66468 INFO tempest.lib.common.rest_client [req-fc813ca6-ed35-4f88-a871-7667f6531c00 req-fc813ca6-ed35-4f88-a871-7667f6531c00 ] Request (VolumesAssistedSnapshotsTest:test_volume_assisted_snapshot_create_delete): 200 GET http://10.180.1.21/compute/v2.1/servers/b13f80b0-debe-4156-ae63-8802af3cd530 2.551s
2025-12-11 07:31:30.007 66482 INFO tempest.lib.common.rest_client [req-71883d46-641b-4e6f-b9e1-befe20e42e69 req-71883d46-641b-4e6f-b9e1-befe20e42e69 ] Request (AttachInterfacesTestJSON:test_create_list_show_delete_interfaces_by_fixed_ip): 200 GET http://10.180.1.21/compute/v2.1/servers/813ce5dd-b655-4380-80dc-a1462ba990f3 2.269s
2025-12-11 07:31:30.017 66428 INFO tempest.lib.common.rest_client [req-b35e9be8-af56-4b38-8fb9-2a79f02afdc2 req-b35e9be8-af56-4b38-8fb9-2a79f02afdc2 ] Request (QuotaClassesAdminTestJSON:tearDownClass): 204 DELETE http://10.180.1.21/identity/v3/projects/aab5c7b7bcf34ac1bdb69923750c9af0 0.150s
2025-12-11 07:31:30.093 66428 INFO tempest.lib.common.rest_client [req-54abf199-0483-4337-bad7-5d9df643db9f req-54abf199-0483-4337-bad7-5d9df643db9f ] Request (ServerDiagnosticsNegativeTest:setUpClass): 201 POST http://10.180.1.21/identity/v3/auth/tokens 0.074s
2025-12-11 07:31:30.100 66466 INFO tempest.lib.common.rest_client [req-0f4b77f0-bf63-4964-97f5-61d5fe8f355b req-0f4b77f0-bf63-4964-97f5-61d5fe8f355b ] Request (DeleteServersAdminTestJSON:test_admin_delete_servers_of_others): 204 DELETE http://10.180.1.21/compute/v2.1/servers/408e6290-0ce3-4438-80ef-cdd904002a8a 2.690s
2025-12-11 07:31:30.106 66452 INFO tempest.lib.common.rest_client [req-4cd2f9d7-88bb-49ba-aa11-9b1b755202f5 req-4cd2f9d7-88bb-49ba-aa11-9b1b755202f5 ] Request (HypervisorAdminNegativeTestJSON:test_show_nonexistent_hypervisor): 404 GET http://10.180.1.21/compute/v2.1/os-hypervisors/6db1cef4-ba0f-4705-8b1e-6b677d862d2e 1.989s
2025-12-11 07:31:30.129 66428 INFO tempest.lib.common.rest_client [req-d75dc6b0-d0c9-4a50-9b62-321da819b40c req-d75dc6b0-d0c9-4a50-9b62-321da819b40c ] Request (ServerDiagnosticsNegativeTest:setUpClass): 201 POST http://10.180.1.21/identity/v3/auth/tokens 0.032s
2025-12-11 07:31:30.134 66480 INFO tempest.lib.common.rest_client [req-d9761de7-e030-4291-9753-7c497b4397df req-d9761de7-e030-4291-9753-7c497b4397df ] Request (ServersWithSpecificFlavorTestJSON:test_verify_created_server_ephemeral_disk): 200 POST http://10.180.1.21/compute/v2.1/flavors/2063335917/os-extra_specs 1.998s
2025-12-11 07:31:30.160 66428 INFO tempest.lib.common.rest_client [req-d8e87609-7b0b-4ba9-a2ae-01fd6aef9be0 req-d8e87609-7b0b-4ba9-a2ae-01fd6aef9be0 ] Request (ServerDiagnosticsNegativeTest:setUpClass): 200 GET http://10.180.1.21/identity/v3/domains?name=Default 0.030s
2025-12-11 07:31:30.164 66440 INFO tempest.lib.common.rest_client [req-cd7e7641-3d9c-420a-8260-1ccde9e4eb05 req-cd7e7641-3d9c-420a-8260-1ccde9e4eb05 ] Request (MigrationsAdminTest:test_list_migrations_in_flavor_resize_situation): 200 GET http://10.180.1.21/compute/v2.1/servers/b73cf97f-e01c-4177-bd20-68238f4aa287 2.350s
2025-12-11 07:31:30.175 66440 INFO tempest.common.waiters [-] State transition "BUILD/spawning" ==> "ACTIVE/None" after 23 second wait
2025-12-11 07:31:30.178 66438 INFO tempest.lib.common.rest_client [req-cb4eb763-8807-4c24-bf77-b485a6ff4882 req-cb4eb763-8807-4c24-bf77-b485a6ff4882 ] Request (KeyPairsV2TestJSON:test_keypair_create_delete): 200 POST http://10.180.1.21/compute/v2.1/os-keypairs 2.020s
2025-12-11 07:31:30.190 66452 INFO tempest.lib.common.rest_client [req-3a67b490-9d95-4436-bdb5-c453dc432254 req-3a67b490-9d95-4436-bdb5-c453dc432254 ] Request (HypervisorAdminNegativeTestJSON:tearDownClass): 204 DELETE http://10.180.1.21/identity/v3/users/1736952e10ed4dac89707751bc1e791c 0.083s
2025-12-11 07:31:30.238 66428 INFO tempest.lib.common.rest_client [req-6475adcf-1a20-47a7-8a5c-6305df0fa228 req-6475adcf-1a20-47a7-8a5c-6305df0fa228 ] Request (ServerDiagnosticsNegativeTest:setUpClass): 201 POST http://10.180.1.21/identity/v3/projects 0.078s
2025-12-11 07:31:30.288 66452 INFO tempest.lib.common.rest_client [req-5a08603c-fc2d-4ce6-ad74-b699546a88c2 req-5a08603c-fc2d-4ce6-ad74-b699546a88c2 ] Request (HypervisorAdminNegativeTestJSON:tearDownClass): 204 DELETE http://10.180.1.21/identity/v3/users/0a214be142a7496cb9362c323a6ee80f 0.097s
2025-12-11 07:31:30.288 66452 INFO tempest.lib.common.dynamic_creds [-] Deleting project and security group for project: 2a33882bfb744667915ea661c24f60d8
2025-12-11 07:31:30.342 66428 INFO tempest.lib.common.rest_client [req-fe748f8b-36cd-4b7e-aff3-03840f2bba99 req-fe748f8b-36cd-4b7e-aff3-03840f2bba99 ] Request (ServerDiagnosticsNegativeTest:setUpClass): 201 POST http://10.180.1.21/identity/v3/users 0.103s
2025-12-11 07:31:30.346 66452 INFO tempest.lib.common.rest_client [req-2e09f79e-8c75-499c-911e-250869ca35ca req-2e09f79e-8c75-499c-911e-250869ca35ca ] Request (HypervisorAdminNegativeTestJSON:tearDownClass): 201 POST http://10.180.1.21/identity/v3/auth/tokens 0.058s
2025-12-11 07:31:30.370 66428 INFO tempest.lib.common.rest_client [req-7f47207c-7551-4009-b35a-37db64c35a56 req-7f47207c-7551-4009-b35a-37db64c35a56 ] Request (ServerDiagnosticsNegativeTest:setUpClass): 200 GET http://10.180.1.21/identity/v3/roles 0.028s
2025-12-11 07:31:30.377 66436 INFO tempest.lib.common.rest_client [req-a2f196d3-2537-46d3-b748-623b3dfc975c req-a2f196d3-2537-46d3-b748-623b3dfc975c ] Request (SecurityGroupsTestAdminJSON:_run_cleanups): 202 DELETE http://10.180.1.21/compute/v2.1/os-security-groups/88c9b0af-5223-438a-9cc7-b623d4fde8e4 1.890s
2025-12-11 07:31:30.406 66470 INFO tempest.lib.common.rest_client [req-dd806337-aca6-4034-bcd5-5c3741474047 req-dd806337-aca6-4034-bcd5-5c3741474047 ] Request (FloatingIPsNegativeTestJSON:setUpClass): 201 POST http://10.180.1.21/networking/v2.0/routers 1.123s
2025-12-11 07:31:30.414 66428 INFO tempest.lib.common.rest_client [req-b7bc13b1-3f06-440b-a9dd-11a38df6fa07 req-b7bc13b1-3f06-440b-a9dd-11a38df6fa07 ] Request (ServerDiagnosticsNegativeTest:setUpClass): 204 PUT http://10.180.1.21/identity/v3/projects/5289fabd6fe84d3da9f842664bbb95bf/users/b0172b215ca74d3ca98a137001be6b84/roles/0de9d4e54a874b3aa33e1f31ceeeb36e 0.044s
2025-12-11 07:31:30.415 66428 INFO tempest.lib.common.dynamic_creds [-] Dynamic test user b0172b215ca74d3ca98a137001be6b84 is created with scope project and roles: ['member']
2025-12-11 07:31:30.415 66490 INFO tempest.lib.common.rest_client [req-0b6e45f5-3b90-459a-89e4-ed86124277a8 req-0b6e45f5-3b90-459a-89e4-ed86124277a8 ] Request (ServersTestManualDisk:setUpClass): 200 GET http://10.180.1.21/compute/v2.1/servers/bec42e2c-fc2f-4c6b-8228-0befd03de81f 2.206s
2025-12-11 07:31:30.415 66428 INFO tempest.lib.common.dynamic_creds [-] Acquired dynamic creds: credentials: Credentials: {'domain_id': 'default', 'domain_name': 'Default', 'username': 'tempest-ServerDiagnosticsNegativeTest-1790088242-project-member', 'project_domain_id': 'default', 'project_domain_name': 'Default', 'project_id': '5289fabd6fe84d3da9f842664bbb95bf', 'project_name': 'tempest-ServerDiagnosticsNegativeTest-1790088242', 'tenant_id': '5289fabd6fe84d3da9f842664bbb95bf', 'tenant_name': 'tempest-ServerDiagnosticsNegativeTest-1790088242', 'user_domain_id': 'default', 'user_domain_name': 'Default', 'user_id': 'b0172b215ca74d3ca98a137001be6b84', 'system': None}, Network: None, Subnet: None, Router: None
2025-12-11 07:31:30.415 66428 INFO tempest.lib.common.dynamic_creds [-] Created isolated network resources for: credentials: Credentials: {'domain_id': 'default', 'domain_name': 'Default', 'username': 'tempest-ServerDiagnosticsNegativeTest-1790088242-project-member', 'project_domain_id': 'default', 'project_domain_name': 'Default', 'project_id': '5289fabd6fe84d3da9f842664bbb95bf', 'project_name': 'tempest-ServerDiagnosticsNegativeTest-1790088242', 'tenant_id': '5289fabd6fe84d3da9f842664bbb95bf', 'tenant_name': 'tempest-ServerDiagnosticsNegativeTest-1790088242', 'user_domain_id': 'default', 'user_domain_name': 'Default', 'user_id': 'b0172b215ca74d3ca98a137001be6b84', 'system': None}, Network: None, Subnet: None, Router: None
2025-12-11 07:31:30.434 66432 INFO tempest.lib.common.rest_client [req-7afca9ca-ebc8-47c1-99b4-4d051426426f req-7afca9ca-ebc8-47c1-99b4-4d051426426f ] Request (FlavorsV2TestJSON:test_list_flavors_detailed_limit_results): 200 GET http://10.180.1.21/compute/v2.1/flavors/detail?limit=1 1.839s
2025-12-11 07:31:30.449 66486 INFO tempest.lib.common.rest_client [req-155b7439-4d74-4f00-bada-8ae0db6d1ed5 req-155b7439-4d74-4f00-bada-8ae0db6d1ed5 ] Request (FlavorsAccessTestJSON:test_flavor_access_list_with_private_flavor): 200 GET http://10.180.1.21/compute/v2.1/flavors/1503040049/os-flavor-access 1.838s
2025-12-11 07:31:30.455 66476 INFO tempest.lib.common.rest_client [req-6214f715-5102-4ec1-87f3-30701083ea10 req-6214f715-5102-4ec1-87f3-30701083ea10 ] Request (FlavorsExtraSpecsNegativeTestJSON:test_flavor_update_mismatch_key): 400 PUT http://10.180.1.21/compute/v2.1/flavors/323832274/os-extra_specs/hw:numa_nodes 1.836s
2025-12-11 07:31:30.500 66428 INFO tempest.lib.common.rest_client [req-c642f4a0-16a0-4f31-80b4-5aaa6717a8dc req-c642f4a0-16a0-4f31-80b4-5aaa6717a8dc ] Request (ServerDiagnosticsNegativeTest:setUpClass): 201 POST http://10.180.1.21/identity/v3/auth/tokens 0.082s
2025-12-11 07:31:30.567 66428 INFO tempest.lib.common.rest_client [req-d7a48775-de65-4bf7-8397-dae2d878baec req-d7a48775-de65-4bf7-8397-dae2d878baec ] Request (ServerDiagnosticsNegativeTest:setUpClass): 201 POST http://10.180.1.21/identity/v3/projects 0.067s
2025-12-11 07:31:30.628 66488 INFO tempest.lib.common.rest_client [req-72b9cae6-c247-4912-afed-ebe911132281 req-72b9cae6-c247-4912-afed-ebe911132281 ] Request (FlavorsAdminTestJSON:test_create_list_flavor_without_extra_data): 200 GET http://10.180.1.21/compute/v2.1/flavors/detail 1.997s
2025-12-11 07:31:30.644 66458 INFO tempest.lib.common.rest_client [req-e4828c66-fa55-41a4-8b01-66be06859c1e req-e4828c66-fa55-41a4-8b01-66be06859c1e ] Request (FlavorsExtraSpecsTestJSON:test_flavor_set_get_update_show_unset_keys): 200 GET http://10.180.1.21/compute/v2.1/flavors/2131985522/os-extra_specs 1.987s
2025-12-11 07:31:30.644 66428 INFO tempest.lib.common.rest_client [req-d80bf2ca-e3e4-4ff5-b5fe-ef75e78b101d req-d80bf2ca-e3e4-4ff5-b5fe-ef75e78b101d ] Request (ServerDiagnosticsNegativeTest:setUpClass): 201 POST http://10.180.1.21/identity/v3/users 0.076s
2025-12-11 07:31:30.665 66452 INFO tempest.lib.common.rest_client [req-2fcd4b0a-074c-46a8-99a4-60fb9df047c5 req-2fcd4b0a-074c-46a8-99a4-60fb9df047c5 ] Request (HypervisorAdminNegativeTestJSON:tearDownClass): 200 GET http://10.180.1.21/networking/v2.0/security-groups?tenant_id=2a33882bfb744667915ea661c24f60d8&name=default 0.319s
2025-12-11 07:31:30.667 66446 INFO tempest.lib.common.rest_client [req-195a98e3-eaca-49e8-8965-1cface6f81a1 req-195a98e3-eaca-49e8-8965-1cface6f81a1 ] Request (ServicesAdminNegativeV253TestJSON:test_get_service_by_invalid_service_and_valid_host): 200 GET http://10.180.1.21/compute/v2.1/os-services 1.974s
2025-12-11 07:31:30.673 66428 INFO tempest.lib.common.rest_client [req-ed44fba4-6bcc-4088-93cd-d6aa2258ae58 req-ed44fba4-6bcc-4088-93cd-d6aa2258ae58 ] Request (ServerDiagnosticsNegativeTest:setUpClass): 200 GET http://10.180.1.21/identity/v3/roles 0.028s
2025-12-11 07:31:30.674 66472 INFO tempest.lib.common.rest_client [req-69ec857a-b71a-4feb-a348-2a09a085abc0 req-69ec857a-b71a-4feb-a348-2a09a085abc0 ] Request (HostsAdminNegativeTestJSON:test_startup_host_with_non_admin_user): 403 GET http://10.180.1.21/compute/v2.1/os-hosts/devstack/startup 1.962s
2025-12-11 07:31:30.698 66430 INFO tempest.lib.common.rest_client [req-a458fc09-d9c8-44ac-bd1f-c8a7b4ad2312 req-a458fc09-d9c8-44ac-bd1f-c8a7b4ad2312 ] Request (VolumesAdminNegativeTest:test_update_attached_volume_with_nonexistent_volume_in_uri): 200 GET http://10.180.1.21/compute/v2.1/servers/c066610e-8147-45dd-ba45-340f73eb34b7 2.152s
2025-12-11 07:31:30.717 66428 INFO tempest.lib.common.rest_client [req-69af3a59-2f80-442d-a757-28d9f868ff63 req-69af3a59-2f80-442d-a757-28d9f868ff63 ] Request (ServerDiagnosticsNegativeTest:setUpClass): 204 PUT http://10.180.1.21/identity/v3/projects/1bb71194b1ed49fe8790e2970fad6ac7/users/656f8a3d1e204fd2b14aa401e79f4c23/roles/86db040a84e441088de6ca2696d137fc 0.043s
2025-12-11 07:31:30.780 66452 INFO tempest.lib.common.rest_client [req-2435d1bc-a2ab-4a12-a7da-97250845ffe8 req-2435d1bc-a2ab-4a12-a7da-97250845ffe8 ] Request (HypervisorAdminNegativeTestJSON:tearDownClass): 204 DELETE http://10.180.1.21/networking/v2.0/security-groups/6d164861-dd86-4cb2-b8de-7963d06fb84c 0.115s
2025-12-11 07:31:30.791 66428 INFO tempest.lib.common.rest_client [req-da0ff55f-51b6-40bc-b447-f00968239cad req-da0ff55f-51b6-40bc-b447-f00968239cad ] Request (ServerDiagnosticsNegativeTest:setUpClass): 200 GET http://10.180.1.21/identity/v3/roles 0.074s
2025-12-11 07:31:30.861 66452 INFO tempest.lib.common.rest_client [req-e1f7f387-8021-4dfe-92ad-271a5174488f req-e1f7f387-8021-4dfe-92ad-271a5174488f ] Request (HypervisorAdminNegativeTestJSON:tearDownClass): 204 DELETE http://10.180.1.21/identity/v3/projects/2a33882bfb744667915ea661c24f60d8 0.080s
2025-12-11 07:31:30.861 66452 INFO tempest.lib.common.dynamic_creds [-] Deleting project and security group for project: bba2dce0f6494e869f8fff474d9c3e52
2025-12-11 07:31:30.922 66484 INFO tempest.lib.common.rest_client [req-7cdb0801-0296-4370-8e06-1d982559ada5 req-7cdb0801-0296-4370-8e06-1d982559ada5 ] Request (SecurityGroupsTestJSON:test_list_security_groups_by_server): 200 POST http://10.180.1.21/compute/v2.1/os-security-groups 1.988s
2025-12-11 07:31:30.927 66428 INFO tempest.lib.common.rest_client [req-c3ae9fc4-40a2-4c7a-a294-47c98493bda2 req-c3ae9fc4-40a2-4c7a-a294-47c98493bda2 ] Request (ServerDiagnosticsNegativeTest:setUpClass): 204 PUT http://10.180.1.21/identity/v3/projects/1bb71194b1ed49fe8790e2970fad6ac7/users/656f8a3d1e204fd2b14aa401e79f4c23/roles/86db040a84e441088de6ca2696d137fc 0.135s
2025-12-11 07:31:30.927 66428 INFO tempest.lib.common.dynamic_creds [-] Dynamic test user 656f8a3d1e204fd2b14aa401e79f4c23 is created with scope project and roles: ['admin']
2025-12-11 07:31:30.928 66428 INFO tempest.lib.common.dynamic_creds [-] Acquired dynamic creds: credentials: Credentials: {'domain_id': 'default', 'domain_name': 'Default', 'username': 'tempest-ServerDiagnosticsNegativeTest-1672676950-project-admin', 'project_domain_id': 'default', 'project_domain_name': 'Default', 'project_id': '1bb71194b1ed49fe8790e2970fad6ac7', 'project_name': 'tempest-ServerDiagnosticsNegativeTest-1672676950', 'tenant_id': '1bb71194b1ed49fe8790e2970fad6ac7', 'tenant_name': 'tempest-ServerDiagnosticsNegativeTest-1672676950', 'user_domain_id': 'default', 'user_domain_name': 'Default', 'user_id': '656f8a3d1e204fd2b14aa401e79f4c23', 'system': None}, Network: None, Subnet: None, Router: None
2025-12-11 07:31:30.928 66428 INFO tempest.lib.common.dynamic_creds [-] Created isolated network resources for: credentials: Credentials: {'domain_id': 'default', 'domain_name': 'Default', 'username': 'tempest-ServerDiagnosticsNegativeTest-1672676950-project-admin', 'project_domain_id': 'default', 'project_domain_name': 'Default', 'project_id': '1bb71194b1ed49fe8790e2970fad6ac7', 'project_name': 'tempest-ServerDiagnosticsNegativeTest-1672676950', 'tenant_id': '1bb71194b1ed49fe8790e2970fad6ac7', 'tenant_name': 'tempest-ServerDiagnosticsNegativeTest-1672676950', 'user_domain_id': 'default', 'user_domain_name': 'Default', 'user_id': '656f8a3d1e204fd2b14aa401e79f4c23', 'system': None}, Network: None, Subnet: None, Router: None
2025-12-11 07:31:31.002 66484 INFO tempest.lib.common.rest_client [req-c85e5123-fd3f-49f1-9bba-a4608aeede7c req-c85e5123-fd3f-49f1-9bba-a4608aeede7c ] Request (SecurityGroupsTestJSON:test_list_security_groups_by_server): 201 POST http://10.180.1.21/identity/v3/auth/tokens 0.071s
2025-12-11 07:31:31.002 66484 INFO tempest.lib.common.fixed_network [-] (SecurityGroupsTestJSON:test_list_security_groups_by_server) Found network {'id': 'f549ca66-4547-43e4-81f8-140d4f340f9f', 'name': 'tempest-SecurityGroupsTestJSON-2049025113-network', 'tenant_id': '01ef9450048c4011a00745dbe21f7ca1', 'project_id': '01ef9450048c4011a00745dbe21f7ca1', 'admin_state_up': True, 'mtu': 8950, 'status': 'ACTIVE', 'subnets': [], 'shared': False, 'port_security_enabled': True, 'router:external': False, 'provider:network_type': 'vlan', 'provider:physical_network': 'default', 'provider:segmentation_id': 945, 'availability_zone_hints': [], 'availability_zones': [], 'ipv4_address_scope': None, 'ipv6_address_scope': None, 'description': '', 'tags': [], 'created_at': '2025-12-11T07:31:23Z', 'updated_at': '2025-12-11T07:31:23Z', 'revision_number': 1} available for tenant
2025-12-11 07:31:31.058 66452 INFO tempest.lib.common.rest_client [req-d6be9ff6-11c4-45eb-ab84-23cbc2bbeeae req-d6be9ff6-11c4-45eb-ab84-23cbc2bbeeae ] Request (HypervisorAdminNegativeTestJSON:tearDownClass): 200 GET http://10.180.1.21/networking/v2.0/security-groups?tenant_id=bba2dce0f6494e869f8fff474d9c3e52&name=default 0.196s
2025-12-11 07:31:31.069 66462 INFO tempest.lib.common.rest_client [req-80889e9e-6457-41a3-8f87-c5bf0a4c1d12 req-80889e9e-6457-41a3-8f87-c5bf0a4c1d12 ] Request (QuotasAdminTestJSON:test_delete_quota): 200 GET http://10.180.1.21/compute/v2.1/os-quota-sets/2805bb96d0fb49af82965ea49d880243 2.119s
2025-12-11 07:31:31.099 66442 INFO tempest.lib.common.rest_client [req-7ae9f90c-af70-465a-9821-8709e6449319 req-7ae9f90c-af70-465a-9821-8709e6449319 ] Request (AggregatesAdminNegativeTestJSON:_run_cleanups): 200 DELETE http://10.180.1.21/compute/v2.1/os-aggregates/2 1.937s
2025-12-11 07:31:31.131 66478 INFO tempest.lib.common.rest_client [req-21f8b19d-a3f5-4cc6-8775-dc2de56f56a9 req-21f8b19d-a3f5-4cc6-8775-dc2de56f56a9 ] Request (HostsAdminTestJSON:test_show_host_detail): 200 GET http://10.180.1.21/compute/v2.1/os-hosts 1.938s
2025-12-11 07:31:31.146 66428 INFO tempest.lib.common.rest_client [req-c0e0a0cf-9ca6-41f8-903a-0af0b8546f58 req-c0e0a0cf-9ca6-41f8-903a-0af0b8546f58 ] Request (ServerDiagnosticsNegativeTest:setUpClass): 201 POST http://10.180.1.21/identity/v3/auth/tokens 0.214s
2025-12-11 07:31:31.215 66428 INFO tempest.lib.common.rest_client [req-3810d30b-cf55-4457-bab2-b9ec2b934ea0 req-3810d30b-cf55-4457-bab2-b9ec2b934ea0 ] Request (ServerDiagnosticsNegativeTest:test_get_server_diagnostics_by_non_admin): 201 POST http://10.180.1.21/identity/v3/auth/tokens 0.062s
2025-12-11 07:31:31.215 66428 INFO tempest.lib.common.fixed_network [-] (ServerDiagnosticsNegativeTest:test_get_server_diagnostics_by_non_admin) Found network None available for tenant
2025-12-11 07:31:31.237 66452 INFO tempest.lib.common.rest_client [req-44e19aa3-c5e7-4436-8c7c-9a6b5ae8e74d req-44e19aa3-c5e7-4436-8c7c-9a6b5ae8e74d ] Request (HypervisorAdminNegativeTestJSON:tearDownClass): 204 DELETE http://10.180.1.21/networking/v2.0/security-groups/853059b1-fed8-43aa-92a8-f131baa87a43 0.178s
2025-12-11 07:31:31.344 66448 INFO tempest.lib.common.rest_client [req-bc4f69ac-175e-484b-8eb6-a5443de85f21 req-bc4f69ac-175e-484b-8eb6-a5443de85f21 ] Request (SecurityGroupRulesNegativeTestJSON:test_create_security_group_rule_with_invalid_ip_protocol): 200 POST http://10.180.1.21/compute/v2.1/os-security-groups 2.148s
2025-12-11 07:31:31.365 66452 INFO tempest.lib.common.rest_client [req-7c437fcf-334b-4ac6-b6ec-5fd5fc0b5db3 req-7c437fcf-334b-4ac6-b6ec-5fd5fc0b5db3 ] Request (HypervisorAdminNegativeTestJSON:tearDownClass): 204 DELETE http://10.180.1.21/identity/v3/projects/bba2dce0f6494e869f8fff474d9c3e52 0.127s
2025-12-11 07:31:31.376 66474 INFO tempest.lib.common.rest_client [req-66b980bc-a1f7-47ba-9039-4417de33e03c req-66b980bc-a1f7-47ba-9039-4417de33e03c ] Request (ImagesOneServerTestJSON:setUpClass): 200 GET http://10.180.1.21/compute/v2.1/servers/92b3ba8e-bda9-45fe-b16a-c48fe2addf88 2.257s
2025-12-11 07:31:31.386 66474 INFO tempest.common.waiters [-] State transition "BUILD/spawning" ==> "ACTIVE/None" after 25 second wait
2025-12-11 07:31:31.429 66470 INFO tempest.lib.common.rest_client [req-cc464639-cb1e-46f3-8e2d-7a0146fba66f req-cc464639-cb1e-46f3-8e2d-7a0146fba66f ] Request (FloatingIPsNegativeTestJSON:setUpClass): 200 PUT http://10.180.1.21/networking/v2.0/routers/0eae0f3a-f669-4d6f-b9b5-22cbcd060678/add_router_interface 1.022s
2025-12-11 07:31:31.429 66470 INFO tempest.lib.common.dynamic_creds [-] Created isolated network resources for: credentials: Credentials: {'domain_id': 'default', 'domain_name': 'Default', 'username': 'tempest-FloatingIPsNegativeTestJSON-917160512-project-member', 'project_domain_id': 'default', 'project_domain_name': 'Default', 'project_id': '754a4b5d43eb4843b4e4a33b34d0f69e', 'project_name': 'tempest-FloatingIPsNegativeTestJSON-917160512', 'tenant_id': '754a4b5d43eb4843b4e4a33b34d0f69e', 'tenant_name': 'tempest-FloatingIPsNegativeTestJSON-917160512', 'user_domain_id': 'default', 'user_domain_name': 'Default', 'user_id': 'aa165880e9254f8289c5b7ac1aa4bfd7', 'system': None}, Network: {'id': 'c20f42c8-7d75-4529-ba47-38b1196a48a1', 'name': 'tempest-FloatingIPsNegativeTestJSON-1195552803-network', 'tenant_id': '754a4b5d43eb4843b4e4a33b34d0f69e', 'project_id': '754a4b5d43eb4843b4e4a33b34d0f69e', 'admin_state_up': True, 'mtu': 8950, 'status': 'ACTIVE', 'subnets': [], 'shared': False, 'port_security_enabled': True, 'router:external': False, 'provider:network_type': 'vlan', 'provider:physical_network': 'default', 'provider:segmentation_id': 70, 'availability_zone_hints': [], 'availability_zones': [], 'ipv4_address_scope': None, 'ipv6_address_scope': None, 'description': '', 'tags': [], 'created_at': '2025-12-11T07:31:28Z', 'updated_at': '2025-12-11T07:31:28Z', 'revision_number': 1}, Subnet: {'id': '642bd634-ccb9-488c-9847-2471d0bb9205', 'name': 'tempest-FloatingIPsNegativeTestJSON-1195552803-subnet', 'tenant_id': '754a4b5d43eb4843b4e4a33b34d0f69e', 'network_id': 'c20f42c8-7d75-4529-ba47-38b1196a48a1', 'ip_version': 4, 'subnetpool_id': None, 'enable_dhcp': True, 'ipv6_ra_mode': None, 'ipv6_address_mode': None, 'gateway_ip': '192.168.128.1', 'cidr': '192.168.128.0/28', 'allocation_pools': [{'start': '192.168.128.2', 'end': '192.168.128.14'}], 'host_routes': [], 'dns_nameservers': [], 'description': '', 'router:external': False, 'service_types': [], 'tags': [], 'created_at': '2025-12-11T07:31:29Z', 'updated_at': '2025-12-11T07:31:29Z', 'revision_number': 0, 'project_id': '754a4b5d43eb4843b4e4a33b34d0f69e'}, Router: {'id': '0eae0f3a-f669-4d6f-b9b5-22cbcd060678', 'name': 'tempest-FloatingIPsNegativeTestJSON-1195552803-router', 'tenant_id': '754a4b5d43eb4843b4e4a33b34d0f69e', 'admin_state_up': True, 'status': 'ACTIVE', 'external_gateway_info': {'network_id': 'b582ce9c-347e-4166-9062-ecb1e616c60f', 'external_fixed_ips': [{'subnet_id': 'ad34a149-f1c4-4e15-b5fc-6f18721622c5', 'ip_address': '10.180.180.159'}], 'enable_snat': True}, 'description': '', 'availability_zones': [], 'distributed': False, 'ha': False, 'availability_zone_hints': [], 'routes': [], 'flavor_id': None, 'tags': [], 'created_at': '2025-12-11T07:31:29Z', 'updated_at': '2025-12-11T07:31:29Z', 'revision_number': 2, 'project_id': '754a4b5d43eb4843b4e4a33b34d0f69e'}
2025-12-11 07:31:31.447 66434 INFO tempest.lib.common.rest_client [req-3b37e608-817e-451a-a466-df97008cbc1c req-3b37e608-817e-451a-a466-df97008cbc1c ] Request (ServerMetadataTestJSON:test_delete_server_metadata_item): 204 DELETE http://10.180.1.21/compute/v2.1/servers/703d74af-261b-4d69-9a08-3b3fffbc49b9/metadata/key1 1.899s
2025-12-11 07:31:31.450 66452 INFO tempest.lib.common.rest_client [req-cd707129-6507-418a-b656-9b738a668c6e req-cd707129-6507-418a-b656-9b738a668c6e ] Request (QuotasSecurityGroupAdminNegativeTest:setUpClass): 201 POST http://10.180.1.21/identity/v3/auth/tokens 0.082s
2025-12-11 07:31:31.538 66470 INFO tempest.lib.common.rest_client [req-04f2321a-8e9a-4716-a22d-52ee37be432c req-04f2321a-8e9a-4716-a22d-52ee37be432c ] Request (FloatingIPsNegativeTestJSON:setUpClass): 201 POST http://10.180.1.21/identity/v3/auth/tokens 0.104s
2025-12-11 07:31:31.539 66460 INFO tempest.lib.common.rest_client [req-50144df2-607f-424e-afbe-a4ff6be732cc req-50144df2-607f-424e-afbe-a4ff6be732cc ] Request (QuotasAdminNegativeTest:_run_cleanups): 200 PUT http://10.180.1.21/compute/v2.1/os-quota-sets/dc7a9be0aaa74afdb4e2fac5e42fff75 2.196s
2025-12-11 07:31:31.566 66452 INFO tempest.lib.common.rest_client [req-0277a6ac-1ebb-4d29-9d05-db6a6b8b6cef req-0277a6ac-1ebb-4d29-9d05-db6a6b8b6cef ] Request (QuotasSecurityGroupAdminNegativeTest:setUpClass): 201 POST http://10.180.1.21/identity/v3/auth/tokens 0.111s
2025-12-11 07:31:31.595 66452 INFO tempest.lib.common.rest_client [req-fe2486c1-4547-42df-9db5-ddf0001dccc3 req-fe2486c1-4547-42df-9db5-ddf0001dccc3 ] Request (QuotasSecurityGroupAdminNegativeTest:setUpClass): 200 GET http://10.180.1.21/identity/v3/domains?name=Default 0.028s
2025-12-11 07:31:31.596 66454 INFO tempest.lib.common.rest_client [req-590821c6-a05d-4a60-b24d-425910563103 req-590821c6-a05d-4a60-b24d-425910563103 ] Request (KeyPairsV210TestJSON:test_admin_manage_keypairs_for_other_users): 201 POST http://10.180.1.21/compute/v2.1/os-keypairs 1.850s
2025-12-11 07:31:31.626 66452 INFO tempest.lib.common.rest_client [req-7ee388f7-e279-45e6-babe-1ccbd29170b1 req-7ee388f7-e279-45e6-babe-1ccbd29170b1 ] Request (QuotasSecurityGroupAdminNegativeTest:setUpClass): 201 POST http://10.180.1.21/identity/v3/projects 0.031s
2025-12-11 07:31:31.668 66456 INFO tempest.lib.common.rest_client [req-a9d89e31-9b62-4c24-8f14-1a6e4a35066a req-a9d89e31-9b62-4c24-8f14-1a6e4a35066a ] Request (ServerDiagnosticsTest:tearDownClass): 204 DELETE http://10.180.1.21/compute/v2.1/servers/1d413498-3749-4052-a9a1-10e356c4eaf2 1.807s
2025-12-11 07:31:31.690 66452 INFO tempest.lib.common.rest_client [req-bef955d7-2b4a-487b-a791-6b7fcc959d60 req-bef955d7-2b4a-487b-a791-6b7fcc959d60 ] Request (QuotasSecurityGroupAdminNegativeTest:setUpClass): 201 POST http://10.180.1.21/identity/v3/users 0.063s
2025-12-11 07:31:31.697 66480 INFO tempest.lib.common.rest_client [req-ae8ff534-39b1-4d96-bbfb-90c3e658980a req-ae8ff534-39b1-4d96-bbfb-90c3e658980a ] Request (ValidationResourcesFixture:setUp): 200 POST http://10.180.1.21/compute/v2.1/os-keypairs 1.560s
2025-12-11 07:31:31.698 66466 INFO tempest.lib.common.rest_client [req-ad441587-0c53-42b5-8462-a82e676c09c7 req-ad441587-0c53-42b5-8462-a82e676c09c7 ] Request (DeleteServersAdminTestJSON:test_admin_delete_servers_of_others): 200 GET http://10.180.1.21/compute/v2.1/servers/408e6290-0ce3-4438-80ef-cdd904002a8a 1.597s
2025-12-11 07:31:31.713 66452 INFO tempest.lib.common.rest_client [req-a3027b70-2917-45ec-ae18-272609c383b9 req-a3027b70-2917-45ec-ae18-272609c383b9 ] Request (QuotasSecurityGroupAdminNegativeTest:setUpClass): 200 GET http://10.180.1.21/identity/v3/roles 0.023s
2025-12-11 07:31:31.726 66438 INFO tempest.lib.common.rest_client [req-5502b9a3-094d-45a5-9fdf-af34e988d43c req-5502b9a3-094d-45a5-9fdf-af34e988d43c ] Request (KeyPairsV2TestJSON:_run_cleanups): 202 DELETE http://10.180.1.21/compute/v2.1/os-keypairs/tempest-keypair-1782246464 1.545s
2025-12-11 07:31:31.772 66452 INFO tempest.lib.common.rest_client [req-d4c59730-e213-486d-89b2-10493ee58de6 req-d4c59730-e213-486d-89b2-10493ee58de6 ] Request (QuotasSecurityGroupAdminNegativeTest:setUpClass): 204 PUT http://10.180.1.21/identity/v3/projects/3dd6987251a7456989eab2c9d1abde0b/users/2e0880fa3375495889a42d19a93827fd/roles/0de9d4e54a874b3aa33e1f31ceeeb36e 0.058s
2025-12-11 07:31:31.772 66452 INFO tempest.lib.common.dynamic_creds [-] Dynamic test user 2e0880fa3375495889a42d19a93827fd is created with scope project and roles: ['member']
2025-12-11 07:31:31.772 66452 INFO tempest.lib.common.dynamic_creds [-] Acquired dynamic creds: credentials: Credentials: {'domain_id': 'default', 'domain_name': 'Default', 'username': 'tempest-QuotasSecurityGroupAdminNegativeTest-819079071-project-member', 'project_domain_id': 'default', 'project_domain_name': 'Default', 'project_id': '3dd6987251a7456989eab2c9d1abde0b', 'project_name': 'tempest-QuotasSecurityGroupAdminNegativeTest-819079071', 'tenant_id': '3dd6987251a7456989eab2c9d1abde0b', 'tenant_name': 'tempest-QuotasSecurityGroupAdminNegativeTest-819079071', 'user_domain_id': 'default', 'user_domain_name': 'Default', 'user_id': '2e0880fa3375495889a42d19a93827fd', 'system': None}, Network: None, Subnet: None, Router: None
2025-12-11 07:31:31.772 66452 INFO tempest.lib.common.dynamic_creds [-] Created isolated network resources for: credentials: Credentials: {'domain_id': 'default', 'domain_name': 'Default', 'username': 'tempest-QuotasSecurityGroupAdminNegativeTest-819079071-project-member', 'project_domain_id': 'default', 'project_domain_name': 'Default', 'project_id': '3dd6987251a7456989eab2c9d1abde0b', 'project_name': 'tempest-QuotasSecurityGroupAdminNegativeTest-819079071', 'tenant_id': '3dd6987251a7456989eab2c9d1abde0b', 'tenant_name': 'tempest-QuotasSecurityGroupAdminNegativeTest-819079071', 'user_domain_id': 'default', 'user_domain_name': 'Default', 'user_id': '2e0880fa3375495889a42d19a93827fd', 'system': None}, Network: None, Subnet: None, Router: None
2025-12-11 07:31:31.825 66480 INFO tempest.lib.common.rest_client [req-8a922501-de8a-4e2a-b9f0-13783e31aa4d req-8a922501-de8a-4e2a-b9f0-13783e31aa4d ] Request (ValidationResourcesFixture:setUp): 201 POST http://10.180.1.21/networking/v2.0/security-groups 0.126s
2025-12-11 07:31:31.832 66436 INFO tempest.lib.common.rest_client [req-3857646e-8c60-4f99-be05-ff625ec3da4f req-3857646e-8c60-4f99-be05-ff625ec3da4f ] Request (SecurityGroupsTestAdminJSON:_run_cleanups): 202 DELETE http://10.180.1.21/compute/v2.1/os-security-groups/4d5ea480-b769-48d6-ab49-664e1e5b2fdf 1.455s
2025-12-11 07:31:31.849 66432 INFO tempest.lib.common.rest_client [req-e048e298-c636-4105-877e-028f9e29b145 req-e048e298-c636-4105-877e-028f9e29b145 ] Request (FlavorsV2TestJSON:test_list_flavors_detailed_using_marker): 200 GET http://10.180.1.21/compute/v2.1/flavors/42 1.410s
2025-12-11 07:31:31.866 66452 INFO tempest.lib.common.rest_client [req-2f0d07bf-5ee8-4809-9e38-103a40f47af9 req-2f0d07bf-5ee8-4809-9e38-103a40f47af9 ] Request (QuotasSecurityGroupAdminNegativeTest:setUpClass): 201 POST http://10.180.1.21/identity/v3/auth/tokens 0.089s
2025-12-11 07:31:31.869 66486 INFO tempest.lib.common.rest_client [req-48d65e2c-7fc0-4da6-a4b7-0b2d25e55f34 req-48d65e2c-7fc0-4da6-a4b7-0b2d25e55f34 ] Request (FlavorsAccessTestJSON:_run_cleanups): 202 DELETE http://10.180.1.21/compute/v2.1/flavors/1503040049 1.418s
2025-12-11 07:31:31.930 66480 INFO tempest.lib.common.rest_client [req-76f685bb-2fa3-4aaa-825f-cd610e4af49d req-76f685bb-2fa3-4aaa-825f-cd610e4af49d ] Request (ValidationResourcesFixture:setUp): 201 POST http://10.180.1.21/networking/v2.0/security-group-rules 0.104s
2025-12-11 07:31:31.940 66452 INFO tempest.lib.common.rest_client [req-f774c5b4-8698-42b5-86b5-9d88d620e562 req-f774c5b4-8698-42b5-86b5-9d88d620e562 ] Request (QuotasSecurityGroupAdminNegativeTest:setUpClass): 201 POST http://10.180.1.21/identity/v3/projects 0.074s
2025-12-11 07:31:31.967 66450 INFO tempest.lib.common.rest_client [req-1c3b264f-d31b-4cc1-8837-081a38932227 req-1c3b264f-d31b-4cc1-8837-081a38932227 ] Request (ServersAdmin275Test:test_rebuild_update_server_275): 200 GET http://10.180.1.21/compute/v2.1/servers/0953a8ee-abc3-4267-9082-f16aa97ec1cb 1.515s
2025-12-11 07:31:31.972 66476 INFO tempest.lib.common.rest_client [req-dd620204-057e-4c7c-b0bc-206ad71e5aaa req-dd620204-057e-4c7c-b0bc-206ad71e5aaa ] Request (FlavorsExtraSpecsNegativeTestJSON:test_flavor_update_more_key): 400 PUT http://10.180.1.21/compute/v2.1/flavors/323832274/os-extra_specs/hw:numa_nodes 1.516s
2025-12-11 07:31:31.997 66488 INFO tempest.lib.common.rest_client [req-5ba8b17d-dbc6-4122-a82f-f7cc0b93ffd4 req-5ba8b17d-dbc6-4122-a82f-f7cc0b93ffd4 ] Request (FlavorsAdminTestJSON:_run_cleanups): 202 DELETE http://10.180.1.21/compute/v2.1/flavors/486688310 1.358s
2025-12-11 07:31:32.028 66458 INFO tempest.lib.common.rest_client [req-0dcaf62a-c467-4b81-af6e-bbb5bfe3a0c0 req-0dcaf62a-c467-4b81-af6e-bbb5bfe3a0c0 ] Request (FlavorsExtraSpecsTestJSON:test_flavor_set_get_update_show_unset_keys): 200 DELETE http://10.180.1.21/compute/v2.1/flavors/2131985522/os-extra_specs/hw:numa_nodes 1.384s
2025-12-11 07:31:32.037 66452 INFO tempest.lib.common.rest_client [req-ce0c3503-0e11-4599-ac98-19b4fea472ab req-ce0c3503-0e11-4599-ac98-19b4fea472ab ] Request (QuotasSecurityGroupAdminNegativeTest:setUpClass): 201 POST http://10.180.1.21/identity/v3/users 0.096s
2025-12-11 07:31:32.040 66440 INFO tempest.lib.common.rest_client [req-8ff34cf5-d33f-4849-840e-d282cace70f9 req-8ff34cf5-d33f-4849-840e-d282cace70f9 ] Request (MigrationsAdminTest:test_list_migrations_in_flavor_resize_situation): 202 POST http://10.180.1.21/compute/v2.1/servers/b73cf97f-e01c-4177-bd20-68238f4aa287/action 1.864s
2025-12-11 07:31:32.057 66446 INFO tempest.lib.common.rest_client [req-0eda8e28-87fd-4bc9-9bd7-da3f9f5f69b6 req-0eda8e28-87fd-4bc9-9bd7-da3f9f5f69b6 ] Request (ServicesAdminNegativeV253TestJSON:test_get_service_by_invalid_service_and_valid_host): 200 GET http://10.180.1.21/compute/v2.1/os-services?host=devstack&binary=xxx 1.386s
2025-12-11 07:31:32.062 66472 INFO tempest.lib.common.rest_client [req-5c81a6b5-801f-4bc1-8499-010346946278 req-5c81a6b5-801f-4bc1-8499-010346946278 ] Request (HostsAdminNegativeTestJSON:test_startup_nonexistent_host): 404 GET http://10.180.1.21/compute/v2.1/os-hosts/nonexistent_hostname/startup 1.387s
2025-12-11 07:31:32.074 66452 INFO tempest.lib.common.rest_client [req-308beced-cf61-4e94-8f4c-6ce74718502c req-308beced-cf61-4e94-8f4c-6ce74718502c ] Request (QuotasSecurityGroupAdminNegativeTest:setUpClass): 200 GET http://10.180.1.21/identity/v3/roles 0.036s
2025-12-11 07:31:32.099 66480 INFO tempest.lib.common.rest_client [req-0a750873-e6d4-42c6-b949-a878ee93b7b7 req-0a750873-e6d4-42c6-b949-a878ee93b7b7 ] Request (ValidationResourcesFixture:setUp): 201 POST http://10.180.1.21/networking/v2.0/security-group-rules 0.168s
2025-12-11 07:31:32.115 66452 INFO tempest.lib.common.rest_client [req-e1720922-71c1-42b6-b2b8-0f3a5cf759c6 req-e1720922-71c1-42b6-b2b8-0f3a5cf759c6 ] Request (QuotasSecurityGroupAdminNegativeTest:setUpClass): 204 PUT http://10.180.1.21/identity/v3/projects/996cc596282e4efc873b7fbefa0e2f0b/users/7fd02fcc90fd4b949adf359dbeb69efc/roles/86db040a84e441088de6ca2696d137fc 0.039s
2025-12-11 07:31:32.182 66452 INFO tempest.lib.common.rest_client [req-46a7ddfd-6f4c-4028-b40d-4f9bfa0f438d req-46a7ddfd-6f4c-4028-b40d-4f9bfa0f438d ] Request (QuotasSecurityGroupAdminNegativeTest:setUpClass): 200 GET http://10.180.1.21/identity/v3/roles 0.067s
2025-12-11 07:31:32.207 66452 INFO tempest.lib.common.rest_client [req-844c95f5-21e6-4ab5-b6c8-574c46559251 req-844c95f5-21e6-4ab5-b6c8-574c46559251 ] Request (QuotasSecurityGroupAdminNegativeTest:setUpClass): 204 PUT http://10.180.1.21/identity/v3/projects/996cc596282e4efc873b7fbefa0e2f0b/users/7fd02fcc90fd4b949adf359dbeb69efc/roles/86db040a84e441088de6ca2696d137fc 0.024s
2025-12-11 07:31:32.207 66452 INFO tempest.lib.common.dynamic_creds [-] Dynamic test user 7fd02fcc90fd4b949adf359dbeb69efc is created with scope project and roles: ['admin']
2025-12-11 07:31:32.207 66452 INFO tempest.lib.common.dynamic_creds [-] Acquired dynamic creds: credentials: Credentials: {'domain_id': 'default', 'domain_name': 'Default', 'username': 'tempest-QuotasSecurityGroupAdminNegativeTest-146791962-project-admin', 'project_domain_id': 'default', 'project_domain_name': 'Default', 'project_id': '996cc596282e4efc873b7fbefa0e2f0b', 'project_name': 'tempest-QuotasSecurityGroupAdminNegativeTest-146791962', 'tenant_id': '996cc596282e4efc873b7fbefa0e2f0b', 'tenant_name': 'tempest-QuotasSecurityGroupAdminNegativeTest-146791962', 'user_domain_id': 'default', 'user_domain_name': 'Default', 'user_id': '7fd02fcc90fd4b949adf359dbeb69efc', 'system': None}, Network: None, Subnet: None, Router: None
2025-12-11 07:31:32.207 66452 INFO tempest.lib.common.dynamic_creds [-] Created isolated network resources for: credentials: Credentials: {'domain_id': 'default', 'domain_name': 'Default', 'username': 'tempest-QuotasSecurityGroupAdminNegativeTest-146791962-project-admin', 'project_domain_id': 'default', 'project_domain_name': 'Default', 'project_id': '996cc596282e4efc873b7fbefa0e2f0b', 'project_name': 'tempest-QuotasSecurityGroupAdminNegativeTest-146791962', 'tenant_id': '996cc596282e4efc873b7fbefa0e2f0b', 'tenant_name': 'tempest-QuotasSecurityGroupAdminNegativeTest-146791962', 'user_domain_id': 'default', 'user_domain_name': 'Default', 'user_id': '7fd02fcc90fd4b949adf359dbeb69efc', 'system': None}, Network: None, Subnet: None, Router: None
2025-12-11 07:31:32.234 66468 INFO tempest.lib.common.rest_client [req-61803f94-81d0-4745-ac47-dbf0da200d13 req-61803f94-81d0-4745-ac47-dbf0da200d13 ] Request (VolumesAssistedSnapshotsTest:test_volume_assisted_snapshot_create_delete): 200 GET http://10.180.1.21/compute/v2.1/servers/b13f80b0-debe-4156-ae63-8802af3cd530 1.302s
2025-12-11 07:31:32.292 66452 INFO tempest.lib.common.rest_client [req-502416ea-2577-4c66-a79c-6a23dfa5c73e req-502416ea-2577-4c66-a79c-6a23dfa5c73e ] Request (QuotasSecurityGroupAdminNegativeTest:setUpClass): 201 POST http://10.180.1.21/identity/v3/auth/tokens 0.081s
2025-12-11 07:31:32.293 66452 WARNING tempest.lib.common.rest_client [-] Deprecated: "tenant_id" property is deprecated for removal, use "project_id" instead
2025-12-11 07:31:32.427 66452 INFO tempest.lib.common.rest_client [req-824dd3b9-5827-4a1c-a50d-1cea6e717225 req-824dd3b9-5827-4a1c-a50d-1cea6e717225 ] Request (QuotasSecurityGroupAdminNegativeTest:tearDownClass): 204 DELETE http://10.180.1.21/identity/v3/users/2e0880fa3375495889a42d19a93827fd 0.132s
2025-12-11 07:31:32.491 66482 INFO tempest.lib.common.rest_client [req-24a751aa-433d-429c-920b-667d83f86893 req-24a751aa-433d-429c-920b-667d83f86893 ] Request (AttachInterfacesTestJSON:test_create_list_show_delete_interfaces_by_fixed_ip): 200 GET http://10.180.1.21/compute/v2.1/servers/813ce5dd-b655-4380-80dc-a1462ba990f3 1.469s
2025-12-11 07:31:32.499 66482 INFO tempest.common.waiters [-] State transition "BUILD/None" ==> "BUILD/networking" after 2 second wait
2025-12-11 07:31:32.531 66480 INFO tempest.lib.common.rest_client [req-2a634eea-8a52-49da-8f6f-c95add62fa80 req-2a634eea-8a52-49da-8f6f-c95add62fa80 ] Request (ValidationResourcesFixture:setUp): 201 POST http://10.180.1.21/networking/v2.0/floatingips 0.432s
2025-12-11 07:31:32.555 66452 INFO tempest.lib.common.rest_client [req-32d418c9-744a-4cdf-91d7-1b00e85f502c req-32d418c9-744a-4cdf-91d7-1b00e85f502c ] Request (QuotasSecurityGroupAdminNegativeTest:tearDownClass): 204 DELETE http://10.180.1.21/identity/v3/users/7fd02fcc90fd4b949adf359dbeb69efc 0.127s
2025-12-11 07:31:32.556 66452 INFO tempest.lib.common.dynamic_creds [-] Deleting project and security group for project: 996cc596282e4efc873b7fbefa0e2f0b
2025-12-11 07:31:32.614 66480 INFO tempest.lib.common.rest_client [req-0c43e058-5365-4272-a0a6-483cf5eef794 req-0c43e058-5365-4272-a0a6-483cf5eef794 ] Request (ServersWithSpecificFlavorTestJSON:test_verify_created_server_ephemeral_disk): 201 POST http://10.180.1.21/identity/v3/auth/tokens 0.078s
2025-12-11 07:31:32.615 66480 INFO tempest.lib.common.fixed_network [-] (ServersWithSpecificFlavorTestJSON:test_verify_created_server_ephemeral_disk) Found network {'id': '42e4dbae-ae45-43a5-bab0-9227104b69ab', 'name': 'tempest-ServersWithSpecificFlavorTestJSON-335620614-network', 'tenant_id': '5a9e936ad998467fbff7e3467333e24c', 'project_id': '5a9e936ad998467fbff7e3467333e24c', 'admin_state_up': True, 'mtu': 8950, 'status': 'ACTIVE', 'subnets': [], 'shared': False, 'port_security_enabled': True, 'router:external': False, 'provider:network_type': 'vlan', 'provider:physical_network': 'default', 'provider:segmentation_id': 317, 'availability_zone_hints': [], 'availability_zones': [], 'ipv4_address_scope': None, 'ipv6_address_scope': None, 'description': '', 'tags': [], 'created_at': '2025-12-11T07:30:54Z', 'updated_at': '2025-12-11T07:30:54Z', 'revision_number': 1} available for tenant
2025-12-11 07:31:32.676 66452 INFO tempest.lib.common.rest_client [req-9cb06f5d-6c70-4405-9397-aaa24e2231dd req-9cb06f5d-6c70-4405-9397-aaa24e2231dd ] Request (QuotasSecurityGroupAdminNegativeTest:tearDownClass): 201 POST http://10.180.1.21/identity/v3/auth/tokens 0.120s
2025-12-11 07:31:32.723 66462 INFO tempest.lib.common.rest_client [req-f75aa6c7-2d66-4d3d-94ba-234bdde7e9ea req-f75aa6c7-2d66-4d3d-94ba-234bdde7e9ea ] Request (QuotasAdminTestJSON:test_delete_quota): 200 PUT http://10.180.1.21/compute/v2.1/os-quota-sets/2805bb96d0fb49af82965ea49d880243 1.652s
2025-12-11 07:31:32.752 66442 INFO tempest.lib.common.rest_client [req-7c7da295-88bf-413d-829d-deb1198e2ba9 req-7c7da295-88bf-413d-829d-deb1198e2ba9 ] Request (AggregatesAdminNegativeTestJSON:test_aggregate_add_non_exist_host): 200 POST http://10.180.1.21/compute/v2.1/os-aggregates 1.651s
2025-12-11 07:31:32.807 66478 INFO tempest.lib.common.rest_client [req-1d517e8e-24a9-4168-8f85-b87db3be3f88 req-1d517e8e-24a9-4168-8f85-b87db3be3f88 ] Request (HostsAdminTestJSON:test_show_host_detail): 200 GET http://10.180.1.21/compute/v2.1/os-hosts/cpu-1 1.675s
2025-12-11 07:31:32.928 66478 INFO tempest.lib.common.rest_client [req-e6d5a625-57b8-4494-aa52-be2cd6f48380 req-e6d5a625-57b8-4494-aa52-be2cd6f48380 ] Request (HostsAdminTestJSON:tearDownClass): 204 DELETE http://10.180.1.21/identity/v3/users/5f95991c8c55424a9560aacf4e201e59 0.119s
2025-12-11 07:31:32.973 66484 INFO tempest.lib.common.rest_client [req-34e1fc25-c1d5-4476-bf2c-eeb6a19bf305 req-34e1fc25-c1d5-4476-bf2c-eeb6a19bf305 ] Request (SecurityGroupsTestJSON:test_list_security_groups_by_server): 202 POST http://10.180.1.21/compute/v2.1/servers 1.969s
2025-12-11 07:31:33.048 66448 INFO tempest.lib.common.rest_client [req-33b1f270-af0f-4949-b3b5-c9da8e62992e req-33b1f270-af0f-4949-b3b5-c9da8e62992e ] Request (SecurityGroupRulesNegativeTestJSON:test_create_security_group_rule_with_invalid_ip_protocol): 400 POST http://10.180.1.21/compute/v2.1/os-security-group-rules 1.699s
2025-12-11 07:31:33.091 66478 INFO tempest.lib.common.rest_client [req-6c55f2c2-1d98-4ade-a133-a1a50e69cd05 req-6c55f2c2-1d98-4ade-a133-a1a50e69cd05 ] Request (HostsAdminTestJSON:tearDownClass): 204 DELETE http://10.180.1.21/identity/v3/users/34e588d748674f24a2b5c763097be91b 0.163s
2025-12-11 07:31:33.092 66478 INFO tempest.lib.common.dynamic_creds [-] Deleting project and security group for project: bb4fe9e4ea7b47daa351e6f7264168f4
2025-12-11 07:31:33.161 66478 INFO tempest.lib.common.rest_client [req-b6fe6854-87b9-48d7-84d2-d39ff6681d4e req-b6fe6854-87b9-48d7-84d2-d39ff6681d4e ] Request (HostsAdminTestJSON:tearDownClass): 201 POST http://10.180.1.21/identity/v3/auth/tokens 0.069s
2025-12-11 07:31:33.192 66452 INFO tempest.lib.common.rest_client [req-2b5359af-9fe3-4a92-b49a-bc0ed1072718 req-2b5359af-9fe3-4a92-b49a-bc0ed1072718 ] Request (QuotasSecurityGroupAdminNegativeTest:tearDownClass): 200 GET http://10.180.1.21/networking/v2.0/security-groups?tenant_id=996cc596282e4efc873b7fbefa0e2f0b&name=default 0.515s
2025-12-11 07:31:33.509 66478 INFO tempest.lib.common.rest_client [req-b1d49721-6675-436f-9dae-6ef6453501b2 req-b1d49721-6675-436f-9dae-6ef6453501b2 ] Request (HostsAdminTestJSON:tearDownClass): 200 GET http://10.180.1.21/networking/v2.0/security-groups?tenant_id=bb4fe9e4ea7b47daa351e6f7264168f4&name=default 0.347s
2025-12-11 07:31:33.566 66474 INFO tempest.lib.common.rest_client [req-2b85fce2-f9ff-4c69-95dc-b0966d1ae271 req-2b85fce2-f9ff-4c69-95dc-b0966d1ae271 ] Request (ImagesOneServerTestJSON:test_create_delete_image): 202 POST http://10.180.1.21/compute/v2.1/servers/92b3ba8e-bda9-45fe-b16a-c48fe2addf88/action 2.179s
2025-12-11 07:31:33.605 66452 INFO tempest.lib.common.rest_client [req-3a1c8ff6-0933-4a21-a9c9-f7c153863d00 req-3a1c8ff6-0933-4a21-a9c9-f7c153863d00 ] Request (QuotasSecurityGroupAdminNegativeTest:tearDownClass): 204 DELETE http://10.180.1.21/networking/v2.0/security-groups/714cef5b-46d4-49cc-a312-9b8eb0bf3b42 0.413s
2025-12-11 07:31:33.702 66452 INFO tempest.lib.common.rest_client [req-b6221226-a6fc-44bb-8fe5-530968dbd79c req-b6221226-a6fc-44bb-8fe5-530968dbd79c ] Request (QuotasSecurityGroupAdminNegativeTest:tearDownClass): 204 DELETE http://10.180.1.21/identity/v3/projects/996cc596282e4efc873b7fbefa0e2f0b 0.096s
2025-12-11 07:31:33.702 66452 INFO tempest.lib.common.dynamic_creds [-] Deleting project and security group for project: 3dd6987251a7456989eab2c9d1abde0b
2025-12-11 07:31:33.706 66478 INFO tempest.lib.common.rest_client [req-1e964c40-da0a-435c-9697-1b2433f8e341 req-1e964c40-da0a-435c-9697-1b2433f8e341 ] Request (HostsAdminTestJSON:tearDownClass): 204 DELETE http://10.180.1.21/networking/v2.0/security-groups/b5e7ed6a-3415-47d5-a3ae-092ddb2c1c4e 0.196s
2025-12-11 07:31:33.817 66478 INFO tempest.lib.common.rest_client [req-1e440132-d90a-4543-b31e-db3e0a0681ff req-1e440132-d90a-4543-b31e-db3e0a0681ff ] Request (HostsAdminTestJSON:tearDownClass): 204 DELETE http://10.180.1.21/identity/v3/projects/bb4fe9e4ea7b47daa351e6f7264168f4 0.111s
2025-12-11 07:31:33.817 66478 INFO tempest.lib.common.dynamic_creds [-] Deleting project and security group for project: da86fc665e104d769f18752b24ab72f5
2025-12-11 07:31:33.855 66428 INFO tempest.lib.common.rest_client [req-9106f8cc-3b04-4c2b-bd08-e2e1ccfd34a4 req-9106f8cc-3b04-4c2b-bd08-e2e1ccfd34a4 ] Request (ServerDiagnosticsNegativeTest:test_get_server_diagnostics_by_non_admin): 202 POST http://10.180.1.21/compute/v2.1/servers 2.639s
2025-12-11 07:31:33.893 66434 INFO tempest.lib.common.rest_client [req-3fed30e3-5a68-42cd-a7ca-f0738cc53003 req-3fed30e3-5a68-42cd-a7ca-f0738cc53003 ] Request (ServerMetadataTestJSON:test_delete_server_metadata_item): 200 GET http://10.180.1.21/compute/v2.1/servers/703d74af-261b-4d69-9a08-3b3fffbc49b9/metadata 2.444s
2025-12-11 07:31:33.901 66452 INFO tempest.lib.common.rest_client [req-614bf56e-928d-423b-b4cf-4ba85d50e912 req-614bf56e-928d-423b-b4cf-4ba85d50e912 ] Request (QuotasSecurityGroupAdminNegativeTest:tearDownClass): 200 GET http://10.180.1.21/networking/v2.0/security-groups?tenant_id=3dd6987251a7456989eab2c9d1abde0b&name=default 0.199s
