2025-12-11 07:33:01.194 66468 INFO tempest.lib.common.rest_client [req-b2eeb1cd-350d-4b6b-898b-bb312c6118d4 req-b2eeb1cd-350d-4b6b-898b-bb312c6118d4 ] Request (VolumesAssistedSnapshotsTest:test_volume_assisted_snapshot_create_delete): 200 GET http://10.180.1.21/volume/v3/volumes/513353df-0e6a-44cb-9486-ce70a0704b0e 0.036s
2025-12-11 07:33:01.221 66462 INFO tempest.lib.common.rest_client [req-61ccfa2b-5a56-4ccb-93e2-2ee40e6be736 req-61ccfa2b-5a56-4ccb-93e2-2ee40e6be736 ] Request (ServerShowV263Test:tearDownClass): 204 DELETE http://10.180.1.21/identity/v3/users/92998cb14fb945829ddbbe6f7674f435 0.200s
2025-12-11 07:33:01.379 66440 INFO tempest.lib.common.rest_client [req-c3688fbc-cfd8-4371-9c73-daf3c225441d req-c3688fbc-cfd8-4371-9c73-daf3c225441d ] Request (MigrationsAdminTest:test_resize_server_revert_deleted_flavor): 202 POST http://10.180.1.21/compute/v2.1/servers 3.362s
2025-12-11 07:33:01.385 66456 INFO tempest.lib.common.rest_client [req-3fe0a3a3-ec53-4bfb-a99b-b4d50fea2764 req-3fe0a3a3-ec53-4bfb-a99b-b4d50fea2764 ] Request (FloatingIPsAssociationNegativeTestJSON:test_associate_ip_to_server_without_passing_floating_ip): 400 POST http://10.180.1.21/compute/v2.1/servers/27fe703b-c3e1-4fde-b091-f6e838e991d5/action 3.217s
2025-12-11 07:33:01.398 66462 INFO tempest.lib.common.rest_client [req-5b5699d8-563b-4cdd-b3d0-7403cae98ef6 req-5b5699d8-563b-4cdd-b3d0-7403cae98ef6 ] Request (ServerShowV263Test:tearDownClass): 204 DELETE http://10.180.1.21/identity/v3/users/0f79985a6b434e3d9b9c94c87b351a5d 0.176s
2025-12-11 07:33:01.398 66462 INFO tempest.lib.common.dynamic_creds [-] Deleting project and security group for project: 7df85c2f57c94cd2ab298fd58b724864
2025-12-11 07:33:01.502 66462 INFO tempest.lib.common.rest_client [req-175829e4-b5c5-4bcd-ae98-45db86015cc3 req-175829e4-b5c5-4bcd-ae98-45db86015cc3 ] Request (ServerShowV263Test:tearDownClass): 201 POST http://10.180.1.21/identity/v3/auth/tokens 0.101s
2025-12-11 07:33:01.683 66432 INFO tempest.lib.common.rest_client [req-284ebefd-f8d9-45c7-9a3d-1f617063548c req-284ebefd-f8d9-45c7-9a3d-1f617063548c ] Request (ServersListShow296Test:test_list_show_update_rebuild_server_296): 200 GET http://10.180.1.21/compute/v2.1/servers/2c32a922-0853-47fd-9d9e-696b50c66455 3.410s
2025-12-11 07:33:01.894 66450 INFO tempest.lib.common.rest_client [req-da219a80-2da1-4815-8d00-0308a7bd6f6d req-da219a80-2da1-4815-8d00-0308a7bd6f6d ] Request (ServersTestBootFromVolume:setUpClass): 200 GET http://10.180.1.21/volume/v3/volumes/08c1ff26-6b28-4282-9efd-666cc03378ec 0.036s
2025-12-11 07:33:02.011 66462 INFO tempest.lib.common.rest_client [req-f17f9c23-5e60-4f4c-ab30-6e0e9abdbeb2 req-f17f9c23-5e60-4f4c-ab30-6e0e9abdbeb2 ] Request (ServerShowV263Test:tearDownClass): 200 GET http://10.180.1.21/networking/v2.0/security-groups?tenant_id=7df85c2f57c94cd2ab298fd58b724864&name=default 0.509s
2025-12-11 07:33:02.243 66468 INFO tempest.lib.common.rest_client [req-e49af045-a006-4042-849e-dcf017284956 req-e49af045-a006-4042-849e-dcf017284956 ] Request (VolumesAssistedSnapshotsTest:test_volume_assisted_snapshot_create_delete): 200 GET http://10.180.1.21/volume/v3/volumes/513353df-0e6a-44cb-9486-ce70a0704b0e 0.040s
2025-12-11 07:33:02.260 66466 INFO tempest.lib.common.rest_client [req-67f8750c-7350-4f7d-88c6-ad799bd12990 req-67f8750c-7350-4f7d-88c6-ad799bd12990 ] Request (ServerActionsTestJSON:setUpClass): 201 POST http://10.180.1.21/networking/v2.0/routers 1.093s
2025-12-11 07:33:02.401 66458 INFO tempest.lib.common.rest_client [req-517522da-3641-479c-b892-c5269cf4aaa1 req-517522da-3641-479c-b892-c5269cf4aaa1 ] Request (ListServersNegativeTestJSON:setUpClass): 200 GET http://10.180.1.21/compute/v2.1/servers/89eb045e-1329-4f7a-a3df-534c31cda99d 4.098s
2025-12-11 07:33:02.408 66458 INFO tempest.common.waiters [-] State transition "ACTIVE/deleting" ==> "DELETED/None" after 5 second wait
2025-12-11 07:33:02.510 66462 INFO tempest.lib.common.rest_client [req-cf3d1228-ce3a-4be2-a341-3c2b7466e46e req-cf3d1228-ce3a-4be2-a341-3c2b7466e46e ] Request (ServerShowV263Test:tearDownClass): 204 DELETE http://10.180.1.21/networking/v2.0/security-groups/b45cd316-cd92-424e-879e-175f0a499be2 0.499s
2025-12-11 07:33:02.580 66476 WARNING tempest.lib.common.ssh [-] Failed to establish authenticated ssh connection to cirros@10.180.180.150 ([Errno None] Unable to connect to port 22 on 10.180.180.150). Number attempts: 1. Retry after 2 seconds.: paramiko.ssh_exception.NoValidConnectionsError: [Errno None] Unable to connect to port 22 on 10.180.180.150
2025-12-11 07:33:02.621 66462 INFO tempest.lib.common.rest_client [req-35fddc60-1993-4ab7-bb50-f3bbb746409c req-35fddc60-1993-4ab7-bb50-f3bbb746409c ] Request (ServerShowV263Test:tearDownClass): 204 DELETE http://10.180.1.21/identity/v3/projects/7df85c2f57c94cd2ab298fd58b724864 0.110s
2025-12-11 07:33:02.692 66465 INFO tempest.lib.common.rest_client [req-0ecf0893-247d-455e-90c3-73a18a6606e1 req-0ecf0893-247d-455e-90c3-73a18a6606e1 ] Request (ImagesTestJSON:test_create_image_from_stopped_server): 202 POST http://10.180.1.21/compute/v2.1/servers 5.046s
2025-12-11 07:33:02.712 66462 INFO tempest.lib.common.rest_client [req-cc9c9559-8857-4b6c-83c3-5babc66312c3 req-cc9c9559-8857-4b6c-83c3-5babc66312c3 ] Request (ServersListShow298Test:setUpClass): 201 POST http://10.180.1.21/identity/v3/auth/tokens 0.090s
2025-12-11 07:33:02.745 66482 INFO tempest.lib.common.rest_client [req-7b0f5266-f82e-46b8-b552-460d7f205fb8 req-7b0f5266-f82e-46b8-b552-460d7f205fb8 ] Request (AttachInterfacesTestJSON:test_create_list_show_delete_interfaces_by_fixed_ip): 200 GET http://10.180.1.21/compute/v2.1/servers/813ce5dd-b655-4380-80dc-a1462ba990f3/os-interface 4.391s
2025-12-11 07:33:02.758 66462 INFO tempest.lib.common.rest_client [req-a3db9bab-a785-4236-93a1-dbc1481fa113 req-a3db9bab-a785-4236-93a1-dbc1481fa113 ] Request (ServersListShow298Test:setUpClass): 201 POST http://10.180.1.21/identity/v3/auth/tokens 0.042s
2025-12-11 07:33:02.802 66462 INFO tempest.lib.common.rest_client [req-7939c515-e821-4c38-bcec-f4f988249a37 req-7939c515-e821-4c38-bcec-f4f988249a37 ] Request (ServersListShow298Test:setUpClass): 200 GET http://10.180.1.21/identity/v3/domains?name=Default 0.044s
2025-12-11 07:33:02.835 66462 INFO tempest.lib.common.rest_client [req-873bc7c8-54d4-4ee5-bb2e-d7d3ad8ed08b req-873bc7c8-54d4-4ee5-bb2e-d7d3ad8ed08b ] Request (ServersListShow298Test:setUpClass): 201 POST http://10.180.1.21/identity/v3/projects 0.033s
2025-12-11 07:33:02.900 66462 INFO tempest.lib.common.rest_client [req-0b66c7d2-8229-4745-b923-4e86ca77408e req-0b66c7d2-8229-4745-b923-4e86ca77408e ] Request (ServersListShow298Test:setUpClass): 201 POST http://10.180.1.21/identity/v3/users 0.064s
2025-12-11 07:33:02.927 66462 INFO tempest.lib.common.rest_client [req-9faff437-30b9-4371-a6fc-1dfbbcde54e5 req-9faff437-30b9-4371-a6fc-1dfbbcde54e5 ] Request (ServersListShow298Test:setUpClass): 200 GET http://10.180.1.21/identity/v3/roles 0.026s
2025-12-11 07:33:02.950 66450 INFO tempest.lib.common.rest_client [req-f412fce2-077f-4f57-866c-7796567dfb2b req-f412fce2-077f-4f57-866c-7796567dfb2b ] Request (ServersTestBootFromVolume:setUpClass): 200 GET http://10.180.1.21/volume/v3/volumes/08c1ff26-6b28-4282-9efd-666cc03378ec 0.044s
2025-12-11 07:33:02.982 66462 INFO tempest.lib.common.rest_client [req-6e5e4c8d-77fb-4a4b-8485-8b853590c741 req-6e5e4c8d-77fb-4a4b-8485-8b853590c741 ] Request (ServersListShow298Test:setUpClass): 204 PUT http://10.180.1.21/identity/v3/projects/e9100bef872b41369b710eaabcad8ffb/users/b91733b2fc05423296c3c8951ed44e0c/roles/0de9d4e54a874b3aa33e1f31ceeeb36e 0.055s
2025-12-11 07:33:02.982 66462 INFO tempest.lib.common.dynamic_creds [-] Dynamic test user b91733b2fc05423296c3c8951ed44e0c is created with scope project and roles: ['member']
2025-12-11 07:33:02.982 66462 INFO tempest.lib.common.dynamic_creds [-] Acquired dynamic creds: credentials: Credentials: {'domain_id': 'default', 'domain_name': 'Default', 'username': 'tempest-ServersListShow298Test-2119660199-project-member', 'project_domain_id': 'default', 'project_domain_name': 'Default', 'project_id': 'e9100bef872b41369b710eaabcad8ffb', 'project_name': 'tempest-ServersListShow298Test-2119660199', 'tenant_id': 'e9100bef872b41369b710eaabcad8ffb', 'tenant_name': 'tempest-ServersListShow298Test-2119660199', 'user_domain_id': 'default', 'user_domain_name': 'Default', 'user_id': 'b91733b2fc05423296c3c8951ed44e0c', 'system': None}, Network: None, Subnet: None, Router: None
2025-12-11 07:33:02.983 66462 INFO tempest.lib.common.dynamic_creds [-] Created isolated network resources for: credentials: Credentials: {'domain_id': 'default', 'domain_name': 'Default', 'username': 'tempest-ServersListShow298Test-2119660199-project-member', 'project_domain_id': 'default', 'project_domain_name': 'Default', 'project_id': 'e9100bef872b41369b710eaabcad8ffb', 'project_name': 'tempest-ServersListShow298Test-2119660199', 'tenant_id': 'e9100bef872b41369b710eaabcad8ffb', 'tenant_name': 'tempest-ServersListShow298Test-2119660199', 'user_domain_id': 'default', 'user_domain_name': 'Default', 'user_id': 'b91733b2fc05423296c3c8951ed44e0c', 'system': None}, Network: None, Subnet: None, Router: None
2025-12-11 07:33:03.122 66462 INFO tempest.lib.common.rest_client [req-547e3e72-af0b-4eb9-ae3e-239c9dc19bdd req-547e3e72-af0b-4eb9-ae3e-239c9dc19bdd ] Request (ServersListShow298Test:setUpClass): 201 POST http://10.180.1.21/identity/v3/auth/tokens 0.135s
2025-12-11 07:33:03.181 66462 INFO tempest.lib.common.rest_client [req-b6713171-a2dc-4c27-a31d-5f5af9542970 req-b6713171-a2dc-4c27-a31d-5f5af9542970 ] Request (ServersListShow298Test:test_list_show_update_rebuild_server_298): 201 POST http://10.180.1.21/identity/v3/auth/tokens 0.055s
2025-12-11 07:33:03.181 66462 INFO tempest.lib.common.fixed_network [-] (ServersListShow298Test:test_list_show_update_rebuild_server_298) Found network None available for tenant
2025-12-11 07:33:03.283 66468 INFO tempest.lib.common.rest_client [req-6c10d0c4-d8cc-4730-889a-32784c57d1bb req-6c10d0c4-d8cc-4730-889a-32784c57d1bb ] Request (VolumesAssistedSnapshotsTest:test_volume_assisted_snapshot_create_delete): 200 GET http://10.180.1.21/volume/v3/volumes/513353df-0e6a-44cb-9486-ce70a0704b0e 0.031s
2025-12-11 07:33:03.462 66466 INFO tempest.lib.common.rest_client [req-e892b2a7-7701-4e7a-b5d7-dfaa410f90ff req-e892b2a7-7701-4e7a-b5d7-dfaa410f90ff ] Request (ServerActionsTestJSON:setUpClass): 200 PUT http://10.180.1.21/networking/v2.0/routers/eead9acc-1631-485e-91f1-278710bc695c/add_router_interface 1.201s
2025-12-11 07:33:03.463 66466 INFO tempest.lib.common.dynamic_creds [-] Created isolated network resources for: credentials: Credentials: {'domain_id': 'default', 'domain_name': 'Default', 'username': 'tempest-ServerActionsTestJSON-1662855050-project-member', 'project_domain_id': 'default', 'project_domain_name': 'Default', 'project_id': '1bc6e25e641e4f09adad4506e732d2fd', 'project_name': 'tempest-ServerActionsTestJSON-1662855050', 'tenant_id': '1bc6e25e641e4f09adad4506e732d2fd', 'tenant_name': 'tempest-ServerActionsTestJSON-1662855050', 'user_domain_id': 'default', 'user_domain_name': 'Default', 'user_id': '92dc31a1f81d4c88a6075c7991849e72', 'system': None}, Network: {'id': '418ea67f-26fc-48a2-a798-ea996119c3c4', 'name': 'tempest-ServerActionsTestJSON-1535222904-network', 'tenant_id': '1bc6e25e641e4f09adad4506e732d2fd', 'project_id': '1bc6e25e641e4f09adad4506e732d2fd', 'admin_state_up': True, 'mtu': 8950, 'status': 'ACTIVE', 'subnets': [], 'shared': False, 'port_security_enabled': True, 'router:external': False, 'provider:network_type': 'vlan', 'provider:physical_network': 'default', 'provider:segmentation_id': 955, 'availability_zone_hints': [], 'availability_zones': [], 'ipv4_address_scope': None, 'ipv6_address_scope': None, 'description': '', 'tags': [], 'created_at': '2025-12-11T07:33:00Z', 'updated_at': '2025-12-11T07:33:00Z', 'revision_number': 1}, Subnet: {'id': 'f6b01de5-961d-4101-aeb6-02dd4e56ac0b', 'name': 'tempest-ServerActionsTestJSON-1535222904-subnet', 'tenant_id': '1bc6e25e641e4f09adad4506e732d2fd', 'network_id': '418ea67f-26fc-48a2-a798-ea996119c3c4', 'ip_version': 4, 'subnetpool_id': None, 'enable_dhcp': True, 'ipv6_ra_mode': None, 'ipv6_address_mode': None, 'gateway_ip': '192.168.128.1', 'cidr': '192.168.128.0/28', 'allocation_pools': [{'start': '192.168.128.2', 'end': '192.168.128.14'}], 'host_routes': [], 'dns_nameservers': [], 'description': '', 'router:external': False, 'service_types': [], 'tags': [], 'created_at': '2025-12-11T07:33:00Z', 'updated_at': '2025-12-11T07:33:00Z', 'revision_number': 0, 'project_id': '1bc6e25e641e4f09adad4506e732d2fd'}, Router: {'id': 'eead9acc-1631-485e-91f1-278710bc695c', 'name': 'tempest-ServerActionsTestJSON-1535222904-router', 'tenant_id': '1bc6e25e641e4f09adad4506e732d2fd', 'admin_state_up': True, 'status': 'ACTIVE', 'external_gateway_info': {'network_id': 'b582ce9c-347e-4166-9062-ecb1e616c60f', 'external_fixed_ips': [{'subnet_id': 'ad34a149-f1c4-4e15-b5fc-6f18721622c5', 'ip_address': '10.180.180.218'}], 'enable_snat': True}, 'description': '', 'availability_zones': [], 'distributed': False, 'ha': False, 'availability_zone_hints': [], 'routes': [], 'flavor_id': None, 'tags': [], 'created_at': '2025-12-11T07:33:01Z', 'updated_at': '2025-12-11T07:33:01Z', 'revision_number': 2, 'project_id': '1bc6e25e641e4f09adad4506e732d2fd'}
2025-12-11 07:33:03.548 66466 INFO tempest.lib.common.rest_client [req-41bed4dd-2c34-4d4b-ab61-226db7e501c2 req-41bed4dd-2c34-4d4b-ab61-226db7e501c2 ] Request (ServerActionsTestJSON:setUpClass): 201 POST http://10.180.1.21/identity/v3/auth/tokens 0.079s
2025-12-11 07:33:03.589 66486 INFO tempest.lib.common.rest_client [req-7e44bf3b-75ed-400b-9b47-8a2256732920 req-7e44bf3b-75ed-400b-9b47-8a2256732920 ] Request (SecurityGroupRulesTestJSON:tearDownClass): 404 DELETE http://10.180.1.21/compute/v2.1/os-security-groups/3b97286a-22c0-4d82-a998-1d67d5a749a5 3.907s
2025-12-11 07:33:03.607 66454 INFO tempest.lib.common.rest_client [req-0b3006c8-e9c1-407f-adac-0a4c6b5baf23 req-0b3006c8-e9c1-407f-adac-0a4c6b5baf23 ] Request (ListImageFiltersTestJSON:setUpClass): 200 GET http://10.180.1.21/compute/v2.1/servers/d071aaff-f499-4619-8b45-626070fa3a63 3.781s
2025-12-11 07:33:03.684 66448 INFO tempest.lib.common.rest_client [req-eae538b2-d644-438b-88a0-e3b0a4719637 req-eae538b2-d644-438b-88a0-e3b0a4719637 ] Request (MultipleCreateTestJSON:_run_cleanups): 204 DELETE http://10.180.1.21/compute/v2.1/servers/691a1545-2844-4099-a13f-234728639e46 3.472s
2025-12-11 07:33:03.971 66484 INFO tempest.lib.common.rest_client [req-71cf58a0-ad67-434c-91ca-3e0524f64013 req-71cf58a0-ad67-434c-91ca-3e0524f64013 ] Request (SecurityGroupsTestJSON:test_security_groups_create_list_delete): 404 GET http://10.180.1.21/compute/v2.1/os-security-groups/750a9a4f-5dff-41c9-a561-548009f21c81 3.686s
2025-12-11 07:33:03.997 66470 INFO tempest.lib.common.rest_client [req-20caadcb-d863-44b7-a30d-8f7b452894b3 req-20caadcb-d863-44b7-a30d-8f7b452894b3 ] Request (ServerShowV254Test:test_rebuild_server): 202 POST http://10.180.1.21/compute/v2.1/servers 3.635s
2025-12-11 07:33:04.001 66450 INFO tempest.lib.common.rest_client [req-1c2eecc2-b256-4f4d-bcb5-e82afa169ab8 req-1c2eecc2-b256-4f4d-bcb5-e82afa169ab8 ] Request (ServersTestBootFromVolume:setUpClass): 200 GET http://10.180.1.21/volume/v3/volumes/08c1ff26-6b28-4282-9efd-666cc03378ec 0.042s
2025-12-11 07:33:04.023 66488 INFO tempest.lib.common.rest_client [req-70e2836c-b261-46a1-ac9f-dc14180479ea req-70e2836c-b261-46a1-ac9f-dc14180479ea ] Request (FlavorsAdminTestJSON:_run_cleanups): 202 DELETE http://10.180.1.21/compute/v2.1/flavors/2065427160 3.485s
2025-12-11 07:33:04.140 66474 INFO tempest.lib.common.rest_client [req-45005938-e46b-4a92-9506-794643d78e1a req-45005938-e46b-4a92-9506-794643d78e1a ] Request (ImagesOneServerTestJSON:tearDownClass): 200 GET http://10.180.1.21/compute/v2.1/servers/92b3ba8e-bda9-45fe-b16a-c48fe2addf88 3.723s
2025-12-11 07:33:04.181 66478 INFO tempest.lib.common.rest_client [req-1318c59c-d276-448a-a1ee-82214a2c5023 req-1318c59c-d276-448a-a1ee-82214a2c5023 ] Request (ServersListShow2100Test:tearDownClass): 204 DELETE http://10.180.1.21/compute/v2.1/servers/acc72715-dc5c-4597-a5f2-97901f1a3d21 3.639s
2025-12-11 07:33:04.219 66442 INFO tempest.lib.common.rest_client [req-4da9f4dc-7e66-4012-a425-64d604010dc3 req-4da9f4dc-7e66-4012-a425-64d604010dc3 ] Request (AggregatesAdminNegativeTestJSON:test_aggregate_remove_nonexistent_host): 200 POST http://10.180.1.21/compute/v2.1/os-aggregates 3.287s
2025-12-11 07:33:04.226 66452 WARNING tempest.lib.common.ssh [-] Failed to establish authenticated ssh connection to cirros@10.180.180.165 ([Errno None] Unable to connect to port 22 on 10.180.180.165). Number attempts: 7. Retry after 8 seconds.: paramiko.ssh_exception.NoValidConnectionsError: [Errno None] Unable to connect to port 22 on 10.180.180.165
2025-12-11 07:33:04.310 66434 INFO tempest.lib.common.rest_client [req-3c751616-c931-49ae-90c4-cdbcad75f53f req-3c751616-c931-49ae-90c4-cdbcad75f53f ] Request (ServerMetadataTestJSON:tearDownClass): 200 GET http://10.180.1.21/compute/v2.1/servers/703d74af-261b-4d69-9a08-3b3fffbc49b9 3.356s
2025-12-11 07:33:04.324 66468 INFO tempest.lib.common.rest_client [req-744c8f50-97a0-453b-8943-9fa782f10072 req-744c8f50-97a0-453b-8943-9fa782f10072 ] Request (VolumesAssistedSnapshotsTest:test_volume_assisted_snapshot_create_delete): 200 GET http://10.180.1.21/volume/v3/volumes/513353df-0e6a-44cb-9486-ce70a0704b0e 0.033s
2025-12-11 07:33:04.340 66460 INFO tempest.lib.common.rest_client [req-9b6e571a-74fe-48b9-9e61-9c4fa0e719ab req-9b6e571a-74fe-48b9-9e61-9c4fa0e719ab ] Request (ImagesNegativeTestJSON:test_create_image_from_deleted_server): 404 GET http://10.180.1.21/compute/v2.1/servers/0a706616-01fa-4e35-a3ef-f0991982e3d6 3.018s
2025-12-11 07:33:04.496 66440 INFO tempest.lib.common.rest_client [req-e9bc3168-c124-4168-b77e-efc1951806d2 req-e9bc3168-c124-4168-b77e-efc1951806d2 ] Request (MigrationsAdminTest:test_resize_server_revert_deleted_flavor): 200 GET http://10.180.1.21/compute/v2.1/servers/72e78777-7542-438c-8317-310d50436f6d 3.113s
2025-12-11 07:33:04.509 66490 INFO tempest.lib.common.rest_client [req-788bedbb-828f-4b17-8cf1-a30acf720d11 req-788bedbb-828f-4b17-8cf1-a30acf720d11 ] Request (ServersTestManualDisk:test_list_servers_with_detail): 200 GET http://10.180.1.21/compute/v2.1/servers/detail 3.933s
2025-12-11 07:33:04.627 66430 INFO tempest.lib.common.rest_client [req-949b0e78-2625-4c11-bab5-09c89fe9106b req-949b0e78-2625-4c11-bab5-09c89fe9106b ] Request (FloatingIPsAssociationTestJSON:setUpClass): 200 GET http://10.180.1.21/compute/v2.1/servers/392c88a6-418d-4229-89fa-08e61d350bf6 3.117s
2025-12-11 07:33:04.638 66456 INFO tempest.lib.common.rest_client [req-09f46ba2-01a8-4c2d-ba60-65c20763e69d req-09f46ba2-01a8-4c2d-ba60-65c20763e69d ] Request (FloatingIPsAssociationNegativeTestJSON:test_associate_nonexistent_floating_ip): 404 POST http://10.180.1.21/compute/v2.1/servers/27fe703b-c3e1-4fde-b091-f6e838e991d5/action 3.252s
2025-12-11 07:33:04.693 66438 INFO tempest.lib.common.rest_client [req-62df3249-8653-48d6-b3e0-d3564c42231d req-62df3249-8653-48d6-b3e0-d3564c42231d ] Request (ServersNegativeTestJSON:setUpClass): 200 GET http://10.180.1.21/compute/v2.1/servers/506cddf6-7f7d-4ad9-a80f-9229cd8628eb 3.054s
2025-12-11 07:33:04.787 66444 INFO tempest.lib.common.rest_client [req-5a997651-b520-41a8-9b4e-f4112c963f29 req-5a997651-b520-41a8-9b4e-f4112c963f29 ] Request (ServersTestJSON:setUpClass): 200 GET http://10.180.1.21/compute/v2.1/servers/45e7c966-e5fd-4fd0-894d-725ffa67a3f3 3.050s
2025-12-11 07:33:04.795 66444 INFO tempest.common.waiters [-] State transition "BUILD/None" ==> "BUILD/spawning" after 22 second wait
2025-12-11 07:33:04.798 66428 INFO tempest.lib.common.rest_client [req-13345558-ae54-424c-96b3-85c96ca6fcae req-13345558-ae54-424c-96b3-85c96ca6fcae ] Request (ListServerFiltersTestJSON:setUpClass): 200 GET http://10.180.1.21/compute/v2.1/servers/d6a0c859-24ef-447d-b54d-0d56d53dd120 3.030s
2025-12-11 07:33:04.843 66446 INFO tempest.lib.common.rest_client [req-94bf6857-7b6d-417a-a30b-124fb56f18c2 req-94bf6857-7b6d-417a-a30b-124fb56f18c2 ] Request (ServersTestMultiNic:test_verify_duplicate_network_nics): 200 GET http://10.180.1.21/compute/v2.1/servers/8bb9c114-9dd7-4c49-88e6-2b97adfb2202 2.971s
2025-12-11 07:33:04.881 66465 INFO tempest.lib.common.rest_client [req-88b072f6-fb5d-40f0-9c2b-5a074f064e92 req-88b072f6-fb5d-40f0-9c2b-5a074f064e92 ] Request (ImagesTestJSON:test_create_image_from_stopped_server): 200 GET http://10.180.1.21/compute/v2.1/servers/b7850f3a-a0cf-4e32-8d59-d165da812a3d 2.187s
2025-12-11 07:33:04.907 66432 INFO tempest.lib.common.rest_client [req-98cc4935-bd07-49b1-b964-58c83ee970c1 req-98cc4935-bd07-49b1-b964-58c83ee970c1 ] Request (ServersListShow296Test:test_list_show_update_rebuild_server_296): 200 GET http://10.180.1.21/compute/v2.1/servers/2c32a922-0853-47fd-9d9e-696b50c66455 2.199s
2025-12-11 07:33:04.969 66458 INFO tempest.lib.common.rest_client [req-8f448deb-85b3-45fd-8590-8950e6fb5585 req-8f448deb-85b3-45fd-8590-8950e6fb5585 ] Request (ListServersNegativeTestJSON:setUpClass): 200 GET http://10.180.1.21/compute/v2.1/servers/89eb045e-1329-4f7a-a3df-534c31cda99d 1.561s
2025-12-11 07:33:05.040 66450 INFO tempest.lib.common.rest_client [req-82f53893-c5e9-4c0e-8a7e-bbc66e3d7f4d req-82f53893-c5e9-4c0e-8a7e-bbc66e3d7f4d ] Request (ServersTestBootFromVolume:setUpClass): 200 GET http://10.180.1.21/volume/v3/volumes/08c1ff26-6b28-4282-9efd-666cc03378ec 0.031s
2025-12-11 07:33:05.057 66466 INFO tempest.lib.common.rest_client [req-2374dfc5-5c6d-41bf-8a51-536190b56ff0 req-2374dfc5-5c6d-41bf-8a51-536190b56ff0 ] Request (ServerActionsTestJSON:setUpClass): 200 POST http://10.180.1.21/compute/v2.1/os-keypairs 1.506s
2025-12-11 07:33:05.082 66462 INFO tempest.lib.common.rest_client [req-eba17698-55f1-4c6d-a379-8d7ff599285d req-eba17698-55f1-4c6d-a379-8d7ff599285d ] Request (ServersListShow298Test:test_list_show_update_rebuild_server_298): 202 POST http://10.180.1.21/compute/v2.1/servers 1.899s
2025-12-11 07:33:05.086 66476 WARNING tempest.lib.common.ssh [-] Failed to establish authenticated ssh connection to cirros@10.180.180.150 ([Errno None] Unable to connect to port 22 on 10.180.180.150). Number attempts: 2. Retry after 3 seconds.: paramiko.ssh_exception.NoValidConnectionsError: [Errno None] Unable to connect to port 22 on 10.180.180.150
2025-12-11 07:33:05.220 66466 INFO tempest.lib.common.rest_client [req-4e4f39d8-ffdd-4417-ae25-44a32e1856d2 req-4e4f39d8-ffdd-4417-ae25-44a32e1856d2 ] Request (ServerActionsTestJSON:setUpClass): 201 POST http://10.180.1.21/networking/v2.0/security-groups 0.161s
2025-12-11 07:33:05.237 66486 INFO tempest.lib.common.rest_client [req-a98a8c45-ba0a-4767-bdbc-38fa834d4755 req-a98a8c45-ba0a-4767-bdbc-38fa834d4755 ] Request (SecurityGroupRulesTestJSON:tearDownClass): 202 DELETE http://10.180.1.21/compute/v2.1/os-security-groups/742e9da7-d417-4762-accc-13f632296830 1.647s
2025-12-11 07:33:05.241 66448 INFO tempest.lib.common.rest_client [req-6b764c1b-c09a-4c3a-aeba-0b5ccd422250 req-6b764c1b-c09a-4c3a-aeba-0b5ccd422250 ] Request (MultipleCreateTestJSON:_run_cleanups): 204 DELETE http://10.180.1.21/compute/v2.1/servers/347dfaec-d54e-4c2f-a326-d3a1a5d298b5 1.557s
2025-12-11 07:33:05.355 66466 INFO tempest.lib.common.rest_client [req-f22c3b8d-34b6-428c-b4f8-f572d1fda14f req-f22c3b8d-34b6-428c-b4f8-f572d1fda14f ] Request (ServerActionsTestJSON:setUpClass): 201 POST http://10.180.1.21/networking/v2.0/security-group-rules 0.134s
2025-12-11 07:33:05.369 66468 INFO tempest.lib.common.rest_client [req-27730b85-93c6-40cb-95a5-34204a67a85d req-27730b85-93c6-40cb-95a5-34204a67a85d ] Request (VolumesAssistedSnapshotsTest:test_volume_assisted_snapshot_create_delete): 200 GET http://10.180.1.21/volume/v3/volumes/513353df-0e6a-44cb-9486-ce70a0704b0e 0.036s
2025-12-11 07:33:05.386 66484 INFO tempest.lib.common.rest_client [req-1679a037-c887-476f-98de-8d3e5e3fcfbd req-1679a037-c887-476f-98de-8d3e5e3fcfbd ] Request (SecurityGroupsTestJSON:test_security_groups_create_list_delete): 202 DELETE http://10.180.1.21/compute/v2.1/os-security-groups/b3d5ef41-951a-4a16-b7c4-7883a3b86f1e 1.415s
2025-12-11 07:33:05.405 66482 INFO tempest.lib.common.rest_client [req-5dfde495-9008-4430-91df-5258f7bf8588 req-5dfde495-9008-4430-91df-5258f7bf8588 ] Request (AttachInterfacesTestJSON:test_create_list_show_delete_interfaces_by_fixed_ip): 200 GET http://10.180.1.21/compute/v2.1/servers/813ce5dd-b655-4380-80dc-a1462ba990f3/os-interface 1.657s
2025-12-11 07:33:05.436 66488 INFO tempest.lib.common.rest_client [req-59b900ad-f94b-46b9-b854-cb71268c3115 req-59b900ad-f94b-46b9-b854-cb71268c3115 ] Request (FlavorsAdminTestJSON:_run_cleanups): 200 GET http://10.180.1.21/compute/v2.1/flavors/detail 1.412s
2025-12-11 07:33:05.507 66466 INFO tempest.lib.common.rest_client [req-04635ea3-b9c3-4aec-90d8-d8bd0db3c834 req-04635ea3-b9c3-4aec-90d8-d8bd0db3c834 ] Request (ServerActionsTestJSON:setUpClass): 201 POST http://10.180.1.21/networking/v2.0/security-group-rules 0.150s
2025-12-11 07:33:05.549 66470 INFO tempest.lib.common.rest_client [req-d93cd825-78fb-4545-bd0d-f019a3b5b599 req-d93cd825-78fb-4545-bd0d-f019a3b5b599 ] Request (ServerShowV254Test:test_rebuild_server): 200 GET http://10.180.1.21/compute/v2.1/servers/bba24532-e7b5-4a30-9977-13637fec7135 1.551s
2025-12-11 07:33:05.576 66442 INFO tempest.lib.common.rest_client [req-6c1035ba-02ef-4a13-9609-9d18f91cffdc req-6c1035ba-02ef-4a13-9609-9d18f91cffdc ] Request (AggregatesAdminNegativeTestJSON:test_aggregate_remove_nonexistent_host): 404 POST http://10.180.1.21/compute/v2.1/os-aggregates/8/action 1.354s
2025-12-11 07:33:05.598 66460 INFO tempest.lib.common.rest_client [req-4c305011-d1ee-44c3-8f15-c748694f35cc req-4c305011-d1ee-44c3-8f15-c748694f35cc ] Request (ImagesNegativeTestJSON:test_create_image_from_deleted_server): 404 POST http://10.180.1.21/compute/v2.1/servers/0a706616-01fa-4e35-a3ef-f0991982e3d6/action 1.257s
2025-12-11 07:33:05.600 66478 INFO tempest.lib.common.rest_client [req-2288b6df-1647-43d8-905b-bb2a6510ec6b req-2288b6df-1647-43d8-905b-bb2a6510ec6b ] Request (ServersListShow2100Test:tearDownClass): 200 GET http://10.180.1.21/compute/v2.1/servers/acc72715-dc5c-4597-a5f2-97901f1a3d21 1.419s
2025-12-11 07:33:05.615 66490 INFO tempest.lib.common.rest_client [req-e20878cb-1090-492e-ad13-93a8e0477d24 req-e20878cb-1090-492e-ad13-93a8e0477d24 ] Request (ServersTestManualDisk:test_verify_created_server_vcpus): 200 GET http://10.180.1.21/compute/v2.1/flavors/42 1.094s
2025-12-11 07:33:05.618 66490 INFO tempest.lib.common.ssh [-] Creating ssh connection to '10.180.180.184:22' as 'cirros' with public key authentication
2025-12-11 07:33:05.624 66490 INFO paramiko.transport [-] Connected (version 2.0, client dropbear_2020.81)
2025-12-11 07:33:05.727 66490 INFO paramiko.transport [-] Authentication (publickey) successful!
2025-12-11 07:33:05.728 66490 INFO tempest.lib.common.ssh [-] ssh connection to cirros@10.180.180.184 successfully created
2025-12-11 07:33:05.967 66456 INFO tempest.lib.common.rest_client [req-b83ccb62-9563-494f-ba0b-8254f3c1dc49 req-b83ccb62-9563-494f-ba0b-8254f3c1dc49 ] Request (FloatingIPsAssociationNegativeTestJSON:test_dissociate_nonexistent_floating_ip): 404 POST http://10.180.1.21/compute/v2.1/servers/27fe703b-c3e1-4fde-b091-f6e838e991d5/action 1.326s
2025-12-11 07:33:06.018 66454 INFO tempest.lib.common.rest_client [req-b62f2d3f-4c18-46ae-a88e-d39d6d0fbf44 req-b62f2d3f-4c18-46ae-a88e-d39d6d0fbf44 ] Request (ListImageFiltersTestJSON:setUpClass): 200 GET http://10.180.1.21/compute/v2.1/servers/d071aaff-f499-4619-8b45-626070fa3a63 1.399s
2025-12-11 07:33:06.075 66466 INFO tempest.lib.common.rest_client [req-66a85949-b741-4f1b-b0a4-9b052950edd3 req-66a85949-b741-4f1b-b0a4-9b052950edd3 ] Request (ServerActionsTestJSON:setUpClass): 201 POST http://10.180.1.21/networking/v2.0/floatingips 0.566s
2025-12-11 07:33:06.101 66450 INFO tempest.lib.common.rest_client [req-d667a2b7-bf5c-49b1-bf4f-22c26ff8f7e2 req-d667a2b7-bf5c-49b1-bf4f-22c26ff8f7e2 ] Request (ServersTestBootFromVolume:setUpClass): 200 GET http://10.180.1.21/volume/v3/volumes/08c1ff26-6b28-4282-9efd-666cc03378ec 0.052s
2025-12-11 07:33:06.137 66466 INFO tempest.lib.common.rest_client [req-0f7c33f8-2194-4f7d-8723-6ed6218300bc req-0f7c33f8-2194-4f7d-8723-6ed6218300bc ] Request (ServerActionsTestJSON:setUpClass): 201 POST http://10.180.1.21/identity/v3/auth/tokens 0.059s
2025-12-11 07:33:06.137 66466 INFO tempest.lib.common.fixed_network [-] (ServerActionsTestJSON:setUpClass) Found network {'id': '418ea67f-26fc-48a2-a798-ea996119c3c4', 'name': 'tempest-ServerActionsTestJSON-1535222904-network', 'tenant_id': '1bc6e25e641e4f09adad4506e732d2fd', 'project_id': '1bc6e25e641e4f09adad4506e732d2fd', 'admin_state_up': True, 'mtu': 8950, 'status': 'ACTIVE', 'subnets': [], 'shared': False, 'port_security_enabled': True, 'router:external': False, 'provider:network_type': 'vlan', 'provider:physical_network': 'default', 'provider:segmentation_id': 955, 'availability_zone_hints': [], 'availability_zones': [], 'ipv4_address_scope': None, 'ipv6_address_scope': None, 'description': '', 'tags': [], 'created_at': '2025-12-11T07:33:00Z', 'updated_at': '2025-12-11T07:33:00Z', 'revision_number': 1} available for tenant
2025-12-11 07:33:06.210 66462 INFO tempest.lib.common.rest_client [req-0fff4270-00da-4b4a-83d9-b17bb0d49363 req-0fff4270-00da-4b4a-83d9-b17bb0d49363 ] Request (ServersListShow298Test:test_list_show_update_rebuild_server_298): 200 GET http://10.180.1.21/compute/v2.1/servers/b8b75c36-0ad8-4cba-9727-60e54b3895c9 1.124s
2025-12-11 07:33:06.246 66474 INFO tempest.lib.common.rest_client [req-5267a84b-d773-4e2f-99fb-7fdd70c94b01 req-5267a84b-d773-4e2f-99fb-7fdd70c94b01 ] Request (ImagesOneServerTestJSON:tearDownClass): 200 GET http://10.180.1.21/compute/v2.1/servers/92b3ba8e-bda9-45fe-b16a-c48fe2addf88 1.096s
2025-12-11 07:33:06.255 66474 INFO tempest.common.waiters [-] State transition "ACTIVE/deleting" ==> "DELETED/None" after 2 second wait
2025-12-11 07:33:06.419 66468 INFO tempest.lib.common.rest_client [req-dcc65b37-13a4-4f48-9e7f-ef40f169ff47 req-dcc65b37-13a4-4f48-9e7f-ef40f169ff47 ] Request (VolumesAssistedSnapshotsTest:test_volume_assisted_snapshot_create_delete): 200 GET http://10.180.1.21/volume/v3/volumes/513353df-0e6a-44cb-9486-ce70a0704b0e 0.039s
2025-12-11 07:33:06.577 66486 INFO tempest.lib.common.rest_client [req-f9313a61-daec-488b-b92c-59ed8daf9e7e req-f9313a61-daec-488b-b92c-59ed8daf9e7e ] Request (SecurityGroupRulesTestJSON:tearDownClass): 202 DELETE http://10.180.1.21/compute/v2.1/os-security-groups/5d9d8ea6-0284-475d-a52b-3b40e55e22e3 1.339s
2025-12-11 07:33:06.608 66448 INFO tempest.lib.common.rest_client [req-4f4c572e-e0fc-4349-a477-fc5e310b477d req-4f4c572e-e0fc-4349-a477-fc5e310b477d ] Request (MultipleCreateTestJSON:_run_cleanups): 200 GET http://10.180.1.21/compute/v2.1/servers/691a1545-2844-4099-a13f-234728639e46 1.365s
2025-12-11 07:33:06.629 66484 INFO tempest.lib.common.rest_client [req-525dbb4b-b3e9-4b76-920b-0a0fcb189458 req-525dbb4b-b3e9-4b76-920b-0a0fcb189458 ] Request (SecurityGroupsTestJSON:test_security_groups_create_list_delete): 404 GET http://10.180.1.21/compute/v2.1/os-security-groups/b3d5ef41-951a-4a16-b7c4-7883a3b86f1e 1.241s
2025-12-11 07:33:06.649 66488 INFO tempest.lib.common.rest_client [req-71b21506-bcce-4ef1-a10a-cbb37ae4bbc1 req-71b21506-bcce-4ef1-a10a-cbb37ae4bbc1 ] Request (FlavorsAdminTestJSON:test_list_public_flavor_with_other_user): 200 POST http://10.180.1.21/compute/v2.1/flavors 1.202s
2025-12-11 07:33:06.649 66434 INFO tempest.lib.common.rest_client [req-ed3d0294-832a-410d-b9ae-457abda6b081 req-ed3d0294-832a-410d-b9ae-457abda6b081 ] Request (ServerMetadataTestJSON:tearDownClass): 200 GET http://10.180.1.21/compute/v2.1/servers/703d74af-261b-4d69-9a08-3b3fffbc49b9 1.330s
2025-12-11 07:33:06.676 66442 INFO tempest.lib.common.rest_client [req-b5b4d374-246c-4210-94b0-346e1c2b3439 req-b5b4d374-246c-4210-94b0-346e1c2b3439 ] Request (AggregatesAdminNegativeTestJSON:_run_cleanups): 200 DELETE http://10.180.1.21/compute/v2.1/os-aggregates/8 1.100s
2025-12-11 07:33:06.686 66460 INFO tempest.lib.common.rest_client [req-a8abd06a-666d-48ab-9f3b-b7b0130da9a8 req-a8abd06a-666d-48ab-9f3b-b7b0130da9a8 ] Request (ImagesNegativeTestJSON:test_create_image_from_invalid_server): 404 POST http://10.180.1.21/compute/v2.1/servers/tempest-invalid-4677524/action 1.087s
2025-12-11 07:33:06.723 66440 INFO tempest.lib.common.rest_client [req-1abb3b12-f629-4b90-84b0-4aa4179f3ec7 req-1abb3b12-f629-4b90-84b0-4aa4179f3ec7 ] Request (MigrationsAdminTest:test_resize_server_revert_deleted_flavor): 200 GET http://10.180.1.21/compute/v2.1/servers/72e78777-7542-438c-8317-310d50436f6d 1.218s
2025-12-11 07:33:06.799 66438 INFO tempest.lib.common.rest_client [req-ab5d87c4-da44-4b58-8546-8b7a792402af req-ab5d87c4-da44-4b58-8546-8b7a792402af ] Request (ServersNegativeTestJSON:setUpClass): 200 GET http://10.180.1.21/compute/v2.1/servers/506cddf6-7f7d-4ad9-a80f-9229cd8628eb 1.098s
2025-12-11 07:33:06.871 66430 INFO tempest.lib.common.rest_client [req-900276bc-3a33-4821-9723-e1990a776ade req-900276bc-3a33-4821-9723-e1990a776ade ] Request (FloatingIPsAssociationTestJSON:setUpClass): 200 GET http://10.180.1.21/compute/v2.1/servers/392c88a6-418d-4229-89fa-08e61d350bf6 1.234s
2025-12-11 07:33:06.879 66430 INFO tempest.common.waiters [-] State transition "BUILD/spawning" ==> "ACTIVE/None" after 29 second wait
2025-12-11 07:33:06.882 66442 INFO tempest.lib.common.rest_client [req-e29506d4-fe55-4902-9f68-e9e0de8bf5a0 req-e29506d4-fe55-4902-9f68-e9e0de8bf5a0 ] Request (AggregatesAdminNegativeTestJSON:tearDownClass): 204 DELETE http://10.180.1.21/identity/v3/users/25cb2c7ce25a403ea3948425d9220a08 0.204s
2025-12-11 07:33:06.898 66490 INFO tempest.lib.common.rest_client [req-71b837c0-ea7c-4344-a341-8fa50acd069c req-71b837c0-ea7c-4344-a341-8fa50acd069c ] Request (ServersTestManualDisk:tearDownClass): 204 DELETE http://10.180.1.21/compute/v2.1/servers/bec42e2c-fc2f-4c6b-8228-0befd03de81f 1.163s
2025-12-11 07:33:06.996 66444 INFO tempest.lib.common.rest_client [req-c89a01e8-11e3-4c26-b32a-20aad3a5fc73 req-c89a01e8-11e3-4c26-b32a-20aad3a5fc73 ] Request (ServersTestJSON:setUpClass): 200 GET http://10.180.1.21/compute/v2.1/servers/45e7c966-e5fd-4fd0-894d-725ffa67a3f3 1.197s
2025-12-11 07:33:07.008 66442 INFO tempest.lib.common.rest_client [req-aeeb1a9a-7fca-4fa6-882a-2535c9aaf828 req-aeeb1a9a-7fca-4fa6-882a-2535c9aaf828 ] Request (AggregatesAdminNegativeTestJSON:tearDownClass): 204 DELETE http://10.180.1.21/identity/v3/users/9a4d1cf163b64a0b96997f621058ae52 0.126s
2025-12-11 07:33:07.008 66442 INFO tempest.lib.common.dynamic_creds [-] Deleting project and security group for project: a4302377ee5a48ce870bf069e3da1391
2025-12-11 07:33:07.053 66428 INFO tempest.lib.common.rest_client [req-a0e7781d-34a1-48f2-acbe-9dd3e97e6c32 req-a0e7781d-34a1-48f2-acbe-9dd3e97e6c32 ] Request (ListServerFiltersTestJSON:setUpClass): 200 GET http://10.180.1.21/compute/v2.1/servers/d6a0c859-24ef-447d-b54d-0d56d53dd120 1.244s
2025-12-11 07:33:07.058 66446 INFO tempest.lib.common.rest_client [req-5bf1c81f-6099-4ce0-a4b4-65c413ea0f66 req-5bf1c81f-6099-4ce0-a4b4-65c413ea0f66 ] Request (ServersTestMultiNic:test_verify_duplicate_network_nics): 200 GET http://10.180.1.21/compute/v2.1/servers/8bb9c114-9dd7-4c49-88e6-2b97adfb2202 1.204s
2025-12-11 07:33:07.100 66442 INFO tempest.lib.common.rest_client [req-9285c3c4-a924-462a-a355-a3daec38a78c req-9285c3c4-a924-462a-a355-a3daec38a78c ] Request (AggregatesAdminNegativeTestJSON:tearDownClass): 201 POST http://10.180.1.21/identity/v3/auth/tokens 0.091s
2025-12-11 07:33:07.123 66465 INFO tempest.lib.common.rest_client [req-02e867cc-c2dd-4c6d-b49d-6862278a5072 req-02e867cc-c2dd-4c6d-b49d-6862278a5072 ] Request (ImagesTestJSON:test_create_image_from_stopped_server): 200 GET http://10.180.1.21/compute/v2.1/servers/b7850f3a-a0cf-4e32-8d59-d165da812a3d 1.229s
2025-12-11 07:33:07.145 66450 INFO tempest.lib.common.rest_client [req-6d6f0663-0e5d-417f-8c91-1b9253cb1207 req-6d6f0663-0e5d-417f-8c91-1b9253cb1207 ] Request (ServersTestBootFromVolume:setUpClass): 200 GET http://10.180.1.21/volume/v3/volumes/08c1ff26-6b28-4282-9efd-666cc03378ec 0.032s
2025-12-11 07:33:07.154 66432 INFO tempest.lib.common.rest_client [req-274d7840-c5ae-46e5-80f0-e09eee737e3e req-274d7840-c5ae-46e5-80f0-e09eee737e3e ] Request (ServersListShow296Test:test_list_show_update_rebuild_server_296): 200 GET http://10.180.1.21/compute/v2.1/servers/2c32a922-0853-47fd-9d9e-696b50c66455 1.234s
2025-12-11 07:33:07.234 66458 INFO tempest.lib.common.rest_client [req-0805be24-7d21-40f5-93a0-4feb28be4e76 req-0805be24-7d21-40f5-93a0-4feb28be4e76 ] Request (ListServersNegativeTestJSON:setUpClass): 200 GET http://10.180.1.21/compute/v2.1/servers/89eb045e-1329-4f7a-a3df-534c31cda99d 1.255s
2025-12-11 07:33:07.249 66456 INFO tempest.lib.common.rest_client [req-562aa5ec-6484-4db4-8cb7-38634bcbfdbe req-562aa5ec-6484-4db4-8cb7-38634bcbfdbe ] Request (FloatingIPsAssociationNegativeTestJSON:tearDownClass): 204 DELETE http://10.180.1.21/compute/v2.1/servers/27fe703b-c3e1-4fde-b091-f6e838e991d5 1.280s
2025-12-11 07:33:07.342 66442 INFO tempest.lib.common.rest_client [req-68dea081-492e-4905-918c-bc8f35366442 req-68dea081-492e-4905-918c-bc8f35366442 ] Request (AggregatesAdminNegativeTestJSON:tearDownClass): 200 GET http://10.180.1.21/networking/v2.0/security-groups?tenant_id=a4302377ee5a48ce870bf069e3da1391&name=default 0.241s
2025-12-11 07:33:07.344 66482 INFO tempest.lib.common.rest_client [req-81634a5a-7c08-479f-8fe7-d714d6c3ae3d req-81634a5a-7c08-479f-8fe7-d714d6c3ae3d ] Request (AttachInterfacesTestJSON:test_create_list_show_delete_interfaces_by_fixed_ip): 200 GET http://10.180.1.21/compute/v2.1/servers/813ce5dd-b655-4380-80dc-a1462ba990f3/os-interface 0.936s
2025-12-11 07:33:07.384 66482 INFO tempest.lib.common.rest_client [req-eac71630-6f02-4cd9-bbc7-45598550fa07 req-eac71630-6f02-4cd9-bbc7-45598550fa07 ] Request (AttachInterfacesTestJSON:_run_cleanups): 404 DELETE http://10.180.1.21/networking/v2.0/ports/8ad6a7c0-9034-48df-8ac1-9997721dab05 0.035s
2025-12-11 07:33:07.445 66442 INFO tempest.lib.common.rest_client [req-3ab5cc7c-8541-4617-9ec0-4f83a8439bb4 req-3ab5cc7c-8541-4617-9ec0-4f83a8439bb4 ] Request (AggregatesAdminNegativeTestJSON:tearDownClass): 204 DELETE http://10.180.1.21/networking/v2.0/security-groups/0d2b665b-5c59-4ce4-b14e-8dd3aba632d6 0.103s
2025-12-11 07:33:07.473 66470 INFO tempest.lib.common.rest_client [req-62e81549-d15d-4c22-b55e-c094e9116f4e req-62e81549-d15d-4c22-b55e-c094e9116f4e ] Request (ServerShowV254Test:test_rebuild_server): 200 GET http://10.180.1.21/compute/v2.1/servers/bba24532-e7b5-4a30-9977-13637fec7135 0.910s
2025-12-11 07:33:07.478 66468 INFO tempest.lib.common.rest_client [req-cd45eca7-f85a-4dce-9965-db32a5d6a50e req-cd45eca7-f85a-4dce-9965-db32a5d6a50e ] Request (VolumesAssistedSnapshotsTest:test_volume_assisted_snapshot_create_delete): 200 GET http://10.180.1.21/volume/v3/volumes/513353df-0e6a-44cb-9486-ce70a0704b0e 0.049s
2025-12-11 07:33:07.485 66470 INFO tempest.common.waiters [-] State transition "BUILD/scheduling" ==> "BUILD/None" after 2 second wait
2025-12-11 07:33:07.553 66442 INFO tempest.lib.common.rest_client [req-e5e135fb-a996-49c7-b35e-766a999f14cb req-e5e135fb-a996-49c7-b35e-766a999f14cb ] Request (AggregatesAdminNegativeTestJSON:tearDownClass): 204 DELETE http://10.180.1.21/identity/v3/projects/a4302377ee5a48ce870bf069e3da1391 0.107s
2025-12-11 07:33:07.553 66442 INFO tempest.lib.common.dynamic_creds [-] Deleting project and security group for project: 1c98e372c9bc4219bb04ac5234f26504
2025-12-11 07:33:07.616 66486 INFO tempest.lib.common.rest_client [req-cec9c5eb-c235-4776-81be-db74a123f24f req-cec9c5eb-c235-4776-81be-db74a123f24f ] Request (SecurityGroupRulesTestJSON:tearDownClass): 202 DELETE http://10.180.1.21/compute/v2.1/os-security-groups/819db2e3-b9c2-484b-b8ce-259a10c81cb1 1.038s
2025-12-11 07:33:07.718 66442 INFO tempest.lib.common.rest_client [req-09de9b50-080c-45eb-9e93-0d3270a0a119 req-09de9b50-080c-45eb-9e93-0d3270a0a119 ] Request (AggregatesAdminNegativeTestJSON:tearDownClass): 200 GET http://10.180.1.21/networking/v2.0/security-groups?tenant_id=1c98e372c9bc4219bb04ac5234f26504&name=default 0.165s
2025-12-11 07:33:07.745 66436 WARNING tempest.lib.common.ssh [-] Failed to establish authenticated ssh connection to cirros@10.180.180.147 ([Errno None] Unable to connect to port 22 on 10.180.180.147). Number attempts: 7. Retry after 8 seconds.: paramiko.ssh_exception.NoValidConnectionsError: [Errno None] Unable to connect to port 22 on 10.180.180.147
2025-12-11 07:33:07.751 66478 INFO tempest.lib.common.rest_client [req-c1a0e85f-8b04-48c7-8a3e-713871a40887 req-c1a0e85f-8b04-48c7-8a3e-713871a40887 ] Request (ServersListShow2100Test:tearDownClass): 200 GET http://10.180.1.21/compute/v2.1/servers/acc72715-dc5c-4597-a5f2-97901f1a3d21 1.134s
2025-12-11 07:33:07.763 66480 INFO paramiko.transport [-] Connected (version 2.0, client dropbear_2020.81)
2025-12-11 07:33:07.782 66466 INFO tempest.lib.common.rest_client [req-a122344d-8628-4100-a6c7-7d52545838b6 req-a122344d-8628-4100-a6c7-7d52545838b6 ] Request (ServerActionsTestJSON:setUpClass): 202 POST http://10.180.1.21/compute/v2.1/servers 1.644s
2025-12-11 07:33:07.817 66488 INFO tempest.lib.common.rest_client [req-c9ab1601-3d55-4f02-811a-c1987ba27608 req-c9ab1601-3d55-4f02-811a-c1987ba27608 ] Request (FlavorsAdminTestJSON:test_list_public_flavor_with_other_user): 200 GET http://10.180.1.21/compute/v2.1/flavors/detail 1.165s
2025-12-11 07:33:07.831 66460 INFO tempest.lib.common.rest_client [req-8a3df366-8980-4eec-8a0c-fd7b06977437 req-8a3df366-8980-4eec-8a0c-fd7b06977437 ] Request (ImagesNegativeTestJSON:test_create_image_specify_uuid_35_characters_or_less): 404 POST http://10.180.1.21/compute/v2.1/servers/aaaaaaaaaaaaaaaaaaaaaaaaaaaaaaaaaaa/action 1.142s
2025-12-11 07:33:07.872 66442 INFO tempest.lib.common.rest_client [req-741ec3f7-a403-4bb6-b3a8-fbe735a16857 req-741ec3f7-a403-4bb6-b3a8-fbe735a16857 ] Request (AggregatesAdminNegativeTestJSON:tearDownClass): 204 DELETE http://10.180.1.21/networking/v2.0/security-groups/b99c4cc9-2a2f-49af-9529-47e0fcb5b794 0.153s
2025-12-11 07:33:07.873 66480 INFO paramiko.transport [-] Authentication (publickey) successful!
2025-12-11 07:33:07.873 66480 INFO tempest.lib.common.ssh [-] ssh connection to cirros@10.180.180.249 successfully created
2025-12-11 07:33:07.993 66442 INFO tempest.lib.common.rest_client [req-efb79c4d-56a8-41f9-8dfa-e01dd4056b08 req-efb79c4d-56a8-41f9-8dfa-e01dd4056b08 ] Request (AggregatesAdminNegativeTestJSON:tearDownClass): 204 DELETE http://10.180.1.21/identity/v3/projects/1c98e372c9bc4219bb04ac5234f26504 0.120s
2025-12-11 07:33:08.043 66484 INFO tempest.lib.common.rest_client [req-62ca18d6-e73b-4bff-8616-76844d78b19c req-62ca18d6-e73b-4bff-8616-76844d78b19c ] Request (SecurityGroupsTestJSON:test_security_groups_create_list_delete): 200 GET http://10.180.1.21/compute/v2.1/os-security-groups 1.414s
2025-12-11 07:33:08.104 66442 INFO tempest.lib.common.rest_client [req-1cdac4a7-1b3f-49eb-af06-42dd254d3104 req-1cdac4a7-1b3f-49eb-af06-42dd254d3104 ] Request (ServerDiagnosticsV248Test:setUpClass): 201 POST http://10.180.1.21/identity/v3/auth/tokens 0.109s
2025-12-11 07:33:08.155 66442 INFO tempest.lib.common.rest_client [req-d42f68cd-7353-45db-9952-8ee14577ee3f req-d42f68cd-7353-45db-9952-8ee14577ee3f ] Request (ServerDiagnosticsV248Test:setUpClass): 201 POST http://10.180.1.21/identity/v3/auth/tokens 0.048s
2025-12-11 07:33:08.198 66442 INFO tempest.lib.common.rest_client [req-0a9fd10b-a77d-4670-84fc-79921cbf5fbf req-0a9fd10b-a77d-4670-84fc-79921cbf5fbf ] Request (ServerDiagnosticsV248Test:setUpClass): 200 GET http://10.180.1.21/identity/v3/domains?name=Default 0.042s
2025-12-11 07:33:08.202 66450 INFO tempest.lib.common.rest_client [req-cca3c356-2770-4f6c-a338-ca8d7e3abc78 req-cca3c356-2770-4f6c-a338-ca8d7e3abc78 ] Request (ServersTestBootFromVolume:setUpClass): 200 GET http://10.180.1.21/volume/v3/volumes/08c1ff26-6b28-4282-9efd-666cc03378ec 0.047s
2025-12-11 07:33:08.239 66442 INFO tempest.lib.common.rest_client [req-4b20671d-3ed9-404c-80c6-2353320a0db1 req-4b20671d-3ed9-404c-80c6-2353320a0db1 ] Request (ServerDiagnosticsV248Test:setUpClass): 201 POST http://10.180.1.21/identity/v3/projects 0.040s
2025-12-11 07:33:08.329 66442 INFO tempest.lib.common.rest_client [req-20cc294b-1ed0-48ac-9846-c2eb0d5b38b8 req-20cc294b-1ed0-48ac-9846-c2eb0d5b38b8 ] Request (ServerDiagnosticsV248Test:setUpClass): 201 POST http://10.180.1.21/identity/v3/users 0.090s
2025-12-11 07:33:08.369 66442 INFO tempest.lib.common.rest_client [req-5ae32eb2-4616-4fa4-9dc5-1d02affe2acd req-5ae32eb2-4616-4fa4-9dc5-1d02affe2acd ] Request (ServerDiagnosticsV248Test:setUpClass): 200 GET http://10.180.1.21/identity/v3/roles 0.037s
2025-12-11 07:33:08.417 66442 INFO tempest.lib.common.rest_client [req-489d0cd8-985c-4ee1-b491-ef317b2a3e62 req-489d0cd8-985c-4ee1-b491-ef317b2a3e62 ] Request (ServerDiagnosticsV248Test:setUpClass): 204 PUT http://10.180.1.21/identity/v3/projects/913330aa299046b98e3670b8d47e5dc7/users/1070d0ae798f495db1c37801188dd73f/roles/0de9d4e54a874b3aa33e1f31ceeeb36e 0.048s
2025-12-11 07:33:08.418 66442 INFO tempest.lib.common.dynamic_creds [-] Dynamic test user 1070d0ae798f495db1c37801188dd73f is created with scope project and roles: ['member']
2025-12-11 07:33:08.418 66442 INFO tempest.lib.common.dynamic_creds [-] Acquired dynamic creds: credentials: Credentials: {'domain_id': 'default', 'domain_name': 'Default', 'username': 'tempest-ServerDiagnosticsV248Test-1805860951-project-member', 'project_domain_id': 'default', 'project_domain_name': 'Default', 'project_id': '913330aa299046b98e3670b8d47e5dc7', 'project_name': 'tempest-ServerDiagnosticsV248Test-1805860951', 'tenant_id': '913330aa299046b98e3670b8d47e5dc7', 'tenant_name': 'tempest-ServerDiagnosticsV248Test-1805860951', 'user_domain_id': 'default', 'user_domain_name': 'Default', 'user_id': '1070d0ae798f495db1c37801188dd73f', 'system': None}, Network: None, Subnet: None, Router: None
2025-12-11 07:33:08.418 66442 INFO tempest.lib.common.dynamic_creds [-] Created isolated network resources for: credentials: Credentials: {'domain_id': 'default', 'domain_name': 'Default', 'username': 'tempest-ServerDiagnosticsV248Test-1805860951-project-member', 'project_domain_id': 'default', 'project_domain_name': 'Default', 'project_id': '913330aa299046b98e3670b8d47e5dc7', 'project_name': 'tempest-ServerDiagnosticsV248Test-1805860951', 'tenant_id': '913330aa299046b98e3670b8d47e5dc7', 'tenant_name': 'tempest-ServerDiagnosticsV248Test-1805860951', 'user_domain_id': 'default', 'user_domain_name': 'Default', 'user_id': '1070d0ae798f495db1c37801188dd73f', 'system': None}, Network: None, Subnet: None, Router: None
2025-12-11 07:33:08.533 66442 INFO tempest.lib.common.rest_client [req-d4301c85-c3c2-4296-8290-89799babc619 req-d4301c85-c3c2-4296-8290-89799babc619 ] Request (ServerDiagnosticsV248Test:setUpClass): 201 POST http://10.180.1.21/identity/v3/auth/tokens 0.109s
2025-12-11 07:33:08.539 66468 INFO tempest.lib.common.rest_client [req-6ffdf951-4e28-4417-a2cc-e9c10dc91f71 req-6ffdf951-4e28-4417-a2cc-e9c10dc91f71 ] Request (VolumesAssistedSnapshotsTest:test_volume_assisted_snapshot_create_delete): 200 GET http://10.180.1.21/volume/v3/volumes/513353df-0e6a-44cb-9486-ce70a0704b0e 0.050s
2025-12-11 07:33:08.552 66468 INFO tempest.common.waiters [-] Attachment 284b11be-a3f7-4c36-b604-b78561e5c710 created for volume 513353df-0e6a-44cb-9486-ce70a0704b0e to server b13f80b0-debe-4156-ae63-8802af3cd530 after waiting for 8.552056 seconds
2025-12-11 07:33:08.587 66468 INFO tempest.lib.common.rest_client [req-9472c060-7cfa-473f-8e2a-24f83822596c req-9472c060-7cfa-473f-8e2a-24f83822596c ] Request (VolumesAssistedSnapshotsTest:test_volume_assisted_snapshot_create_delete): 200 GET http://10.180.1.21/volume/v3/volumes/513353df-0e6a-44cb-9486-ce70a0704b0e 0.035s
2025-12-11 07:33:08.592 66476 WARNING tempest.lib.common.ssh [-] Failed to establish authenticated ssh connection to cirros@10.180.180.150 ([Errno None] Unable to connect to port 22 on 10.180.180.150). Number attempts: 3. Retry after 4 seconds.: paramiko.ssh_exception.NoValidConnectionsError: [Errno None] Unable to connect to port 22 on 10.180.180.150
2025-12-11 07:33:08.596 66468 INFO tempest.common.waiters [-] volume 513353df-0e6a-44cb-9486-ce70a0704b0e reached in-use after waiting for 0.596748 seconds
2025-12-11 07:33:08.627 66442 INFO tempest.lib.common.rest_client [req-6e88dbf2-ba89-46d7-bd0a-825d51cc62c5 req-6e88dbf2-ba89-46d7-bd0a-825d51cc62c5 ] Request (ServerDiagnosticsV248Test:setUpClass): 201 POST http://10.180.1.21/identity/v3/projects 0.093s
2025-12-11 07:33:08.749 66442 INFO tempest.lib.common.rest_client [req-423d7c40-f7c3-42f1-b683-6ca0392feae8 req-423d7c40-f7c3-42f1-b683-6ca0392feae8 ] Request (ServerDiagnosticsV248Test:setUpClass): 201 POST http://10.180.1.21/identity/v3/users 0.121s
2025-12-11 07:33:08.780 66442 INFO tempest.lib.common.rest_client [req-a2878010-4370-4290-aeb1-32a85f54acab req-a2878010-4370-4290-aeb1-32a85f54acab ] Request (ServerDiagnosticsV248Test:setUpClass): 200 GET http://10.180.1.21/identity/v3/roles 0.031s
2025-12-11 07:33:08.825 66442 INFO tempest.lib.common.rest_client [req-61a38cdd-a942-43df-8962-783524422f94 req-61a38cdd-a942-43df-8962-783524422f94 ] Request (ServerDiagnosticsV248Test:setUpClass): 204 PUT http://10.180.1.21/identity/v3/projects/189966cc6a6d4b1cb119ef90e9b15fd4/users/7c072d0b121d400ab83da8038c13f247/roles/86db040a84e441088de6ca2696d137fc 0.044s
2025-12-11 07:33:08.918 66442 INFO tempest.lib.common.rest_client [req-bacc1951-3171-4045-86e9-ec9fa4554bd1 req-bacc1951-3171-4045-86e9-ec9fa4554bd1 ] Request (ServerDiagnosticsV248Test:setUpClass): 200 GET http://10.180.1.21/identity/v3/roles 0.093s
