2025-12-11 07:32:01.744 66458 INFO tempest.lib.common.rest_client [req-96753077-00a1-4c22-b2d1-958ca22751a1 req-96753077-00a1-4c22-b2d1-958ca22751a1 ] Request (ListServersNegativeTestJSON:setUpClass): 201 POST http://10.180.1.21/identity/v3/auth/tokens 0.081s
2025-12-11 07:32:01.795 66438 INFO tempest.lib.common.rest_client [req-df61875c-dd19-43a5-8d6c-c79fabb29c05 req-df61875c-dd19-43a5-8d6c-c79fabb29c05 ] Request (KeyPairsV2TestJSON:tearDownClass): 201 POST http://10.180.1.21/identity/v3/auth/tokens 0.080s
2025-12-11 07:32:01.955 66468 WARNING tempest.lib.common.ssh [-] Failed to establish authenticated ssh connection to cirros@10.180.180.148 ([Errno None] Unable to connect to port 22 on 10.180.180.148). Number attempts: 3. Retry after 4 seconds.: paramiko.ssh_exception.NoValidConnectionsError: [Errno None] Unable to connect to port 22 on 10.180.180.148
2025-12-11 07:32:02.056 66438 INFO tempest.lib.common.rest_client [req-d6c68749-b746-45e8-815c-9ef60fdac7c9 req-d6c68749-b746-45e8-815c-9ef60fdac7c9 ] Request (KeyPairsV2TestJSON:tearDownClass): 200 GET http://10.180.1.21/networking/v2.0/security-groups?tenant_id=76219b5bd84947ed86c075da0c8db694&name=default 0.261s
2025-12-11 07:32:02.091 66482 WARNING tempest.lib.common.ssh [-] Failed to establish authenticated ssh connection to cirros@10.180.180.154 ([Errno None] Unable to connect to port 22 on 10.180.180.154). Number attempts: 2. Retry after 3 seconds.: paramiko.ssh_exception.NoValidConnectionsError: [Errno None] Unable to connect to port 22 on 10.180.180.154
2025-12-11 07:32:02.151 66458 INFO tempest.lib.common.rest_client [req-4859f9a3-0339-441d-a73f-cd5f32d05f42 req-4859f9a3-0339-441d-a73f-cd5f32d05f42 ] Request (ListServersNegativeTestJSON:setUpClass): 201 POST http://10.180.1.21/networking/v2.0/networks 0.406s
2025-12-11 07:32:02.158 66446 INFO tempest.lib.common.rest_client [req-1c3bd296-e2a8-448a-a8ff-0ede9b810b63 req-1c3bd296-e2a8-448a-a8ff-0ede9b810b63 ] Request (FloatingIPDetailsTestJSON:setUpClass): 200 POST http://10.180.1.21/compute/v2.1/os-floating-ips 2.895s
2025-12-11 07:32:02.166 66430 INFO tempest.lib.common.rest_client [req-a542185a-74dc-42ae-b186-469707e00da3 req-a542185a-74dc-42ae-b186-469707e00da3 ] Request (VolumesAdminNegativeTest:tearDownClass): 200 GET http://10.180.1.21/compute/v2.1/servers/c066610e-8147-45dd-ba45-340f73eb34b7 2.262s
2025-12-11 07:32:02.259 66438 INFO tempest.lib.common.rest_client [req-674b36b0-db1f-45a8-a347-683f84867412 req-674b36b0-db1f-45a8-a347-683f84867412 ] Request (KeyPairsV2TestJSON:tearDownClass): 204 DELETE http://10.180.1.21/networking/v2.0/security-groups/dda1c727-dea3-4ff6-85d9-e3ee86a31588 0.202s
2025-12-11 07:32:02.341 66438 INFO tempest.lib.common.rest_client [req-5453f83f-da9b-4da1-96f2-7726597d2218 req-5453f83f-da9b-4da1-96f2-7726597d2218 ] Request (KeyPairsV2TestJSON:tearDownClass): 204 DELETE http://10.180.1.21/identity/v3/projects/76219b5bd84947ed86c075da0c8db694 0.081s
2025-12-11 07:32:02.342 66438 INFO tempest.test [-] raised in NoVNCConsoleTestJSON.setUpClass. Invoking tearDownClass.
2025-12-11 07:32:02.419 66438 INFO tempest.lib.common.rest_client [req-e7e3129d-361b-4459-8df6-6bba69218791 req-e7e3129d-361b-4459-8df6-6bba69218791 ] Request (ServersNegativeTestJSON:setUpClass): 201 POST http://10.180.1.21/identity/v3/auth/tokens 0.075s
2025-12-11 07:32:02.428 66458 INFO tempest.lib.common.rest_client [req-cc46d603-9ac0-4e72-ad9c-9ccac172fe40 req-cc46d603-9ac0-4e72-ad9c-9ccac172fe40 ] Request (ListServersNegativeTestJSON:setUpClass): 201 POST http://10.180.1.21/networking/v2.0/subnets 0.273s
2025-12-11 07:32:02.452 66438 INFO tempest.lib.common.rest_client [req-443e8cb2-5763-4dc4-aa95-a091ff0894aa req-443e8cb2-5763-4dc4-aa95-a091ff0894aa ] Request (ServersNegativeTestJSON:setUpClass): 201 POST http://10.180.1.21/identity/v3/auth/tokens 0.030s
2025-12-11 07:32:02.453 66456 INFO tempest.lib.common.rest_client [req-382defe5-4e51-4613-bb16-1a99598d2d24 req-382defe5-4e51-4613-bb16-1a99598d2d24 ] Request (FloatingIPsAssociationNegativeTestJSON:setUpClass): 200 GET http://10.180.1.21/compute/v2.1/servers/27fe703b-c3e1-4fde-b091-f6e838e991d5 2.489s
2025-12-11 07:32:02.469 66450 INFO tempest.lib.common.rest_client [req-f6d18c8a-d3b9-4948-9996-94cbd440d0aa req-f6d18c8a-d3b9-4948-9996-94cbd440d0aa ] Request (ServersAdmin275Test:test_rebuild_update_server_275): 200 GET http://10.180.1.21/compute/v2.1/servers/0953a8ee-abc3-4267-9082-f16aa97ec1cb 2.124s
2025-12-11 07:32:02.482 66438 INFO tempest.lib.common.rest_client [req-e80dec7f-1696-4ccd-852c-20c3d196c9fa req-e80dec7f-1696-4ccd-852c-20c3d196c9fa ] Request (ServersNegativeTestJSON:setUpClass): 200 GET http://10.180.1.21/identity/v3/domains?name=Default 0.030s
2025-12-11 07:32:02.483 66450 INFO tempest.common.waiters [-] State transition "REBUILD/rebuild_spawning" ==> "ACTIVE/None" after 8 second wait
2025-12-11 07:32:02.511 66438 INFO tempest.lib.common.rest_client [req-f88182eb-340c-4361-afa0-d3d9567ab8da req-f88182eb-340c-4361-afa0-d3d9567ab8da ] Request (ServersNegativeTestJSON:setUpClass): 201 POST http://10.180.1.21/identity/v3/projects 0.028s
2025-12-11 07:32:02.592 66438 INFO tempest.lib.common.rest_client [req-0f2e9469-9c10-4c59-9191-8e6abed320ea req-0f2e9469-9c10-4c59-9191-8e6abed320ea ] Request (ServersNegativeTestJSON:setUpClass): 201 POST http://10.180.1.21/identity/v3/users 0.080s
2025-12-11 07:32:02.616 66438 INFO tempest.lib.common.rest_client [req-e692626a-2020-40f2-a702-962ba28c7e9e req-e692626a-2020-40f2-a702-962ba28c7e9e ] Request (ServersNegativeTestJSON:setUpClass): 200 GET http://10.180.1.21/identity/v3/roles 0.023s
2025-12-11 07:32:02.638 66460 INFO tempest.lib.common.rest_client [req-042b37e4-5e11-41f8-ae75-e805e5557d21 req-042b37e4-5e11-41f8-ae75-e805e5557d21 ] Request (ImagesNegativeTestJSON:test_create_image_from_deleted_server): 200 GET http://10.180.1.21/compute/v2.1/servers/0a706616-01fa-4e35-a3ef-f0991982e3d6 2.166s
2025-12-11 07:32:02.643 66438 INFO tempest.lib.common.rest_client [req-3eeeaf2f-613f-419d-8e17-4ec2b300efc7 req-3eeeaf2f-613f-419d-8e17-4ec2b300efc7 ] Request (ServersNegativeTestJSON:setUpClass): 204 PUT http://10.180.1.21/identity/v3/projects/0c13026515ed4cffb936e5d9983784dd/users/e2102a3d9b594f239622ea1e3ff60c91/roles/0de9d4e54a874b3aa33e1f31ceeeb36e 0.026s
2025-12-11 07:32:02.643 66438 INFO tempest.lib.common.dynamic_creds [-] Dynamic test user e2102a3d9b594f239622ea1e3ff60c91 is created with scope project and roles: ['member']
2025-12-11 07:32:02.643 66438 INFO tempest.lib.common.dynamic_creds [-] Acquired dynamic creds: credentials: Credentials: {'domain_id': 'default', 'domain_name': 'Default', 'username': 'tempest-ServersNegativeTestJSON-1186084162-project-member', 'project_domain_id': 'default', 'project_domain_name': 'Default', 'project_id': '0c13026515ed4cffb936e5d9983784dd', 'project_name': 'tempest-ServersNegativeTestJSON-1186084162', 'tenant_id': '0c13026515ed4cffb936e5d9983784dd', 'tenant_name': 'tempest-ServersNegativeTestJSON-1186084162', 'user_domain_id': 'default', 'user_domain_name': 'Default', 'user_id': 'e2102a3d9b594f239622ea1e3ff60c91', 'system': None}, Network: None, Subnet: None, Router: None
2025-12-11 07:32:02.653 66488 INFO tempest.lib.common.rest_client [req-25da060a-b3e2-4f4b-b0a5-34b34e5a0938 req-25da060a-b3e2-4f4b-b0a5-34b34e5a0938 ] Request (FlavorsAdminTestJSON:test_is_public_string_variations): 200 GET http://10.180.1.21/compute/v2.1/flavors/detail?is_public=false 2.068s
2025-12-11 07:32:02.703 66466 INFO tempest.lib.common.rest_client [req-d80830d9-6d16-4205-a79d-cafa45028b1b req-d80830d9-6d16-4205-a79d-cafa45028b1b ] Request (DeleteServersAdminTestJSON:test_delete_server_while_in_error_state): 200 GET http://10.180.1.21/compute/v2.1/servers/5b0e0dcd-b28d-48e7-a5e5-58d295453605 2.346s
2025-12-11 07:32:02.716 66438 INFO tempest.lib.common.rest_client [req-37d01b73-26bd-48ad-9265-147e04ab2ed4 req-37d01b73-26bd-48ad-9265-147e04ab2ed4 ] Request (ServersNegativeTestJSON:setUpClass): 201 POST http://10.180.1.21/identity/v3/auth/tokens 0.073s
2025-12-11 07:32:02.723 66476 INFO tempest.lib.common.rest_client [req-60bc9acc-cd34-4ec0-86f4-0e5e2e668da9 req-60bc9acc-cd34-4ec0-86f4-0e5e2e668da9 ] Request (ServicesAdminNegativeTestJSON:test_get_service_with_valid_service_and_invalid_host): 200 GET http://10.180.1.21/compute/v2.1/os-services?host=xxx&binary=nova-scheduler 2.048s
2025-12-11 07:32:02.942 66470 INFO tempest.lib.common.rest_client [req-fd3016d7-d47a-4d6a-945c-ed2afb0c210d req-fd3016d7-d47a-4d6a-945c-ed2afb0c210d ] Request (ImagesMetadataTestJSON:setUp): 200 PUT http://10.180.1.21/compute/v2.1/images/dc4161f1-c41f-4d08-ae4c-2e0d5d5140c2/metadata 2.217s
2025-12-11 07:32:02.973 66472 INFO tempest.lib.common.rest_client [req-de6c4e0c-ed5d-4e6d-8741-3698ff6adeaa req-de6c4e0c-ed5d-4e6d-8741-3698ff6adeaa ] Request (InstanceUsageAuditLogNegativeTestJSON:test_instance_usage_audit_logs_with_nonadmin_user): 403 GET http://10.180.1.21/compute/v2.1/os-instance_usage_audit_log/2025-12-11%2007%3A32%3A00 2.111s
2025-12-11 07:32:03.022 66438 INFO tempest.lib.common.rest_client [req-93cd6fac-00ef-443c-96fe-fd7530e2da54 req-93cd6fac-00ef-443c-96fe-fd7530e2da54 ] Request (ServersNegativeTestJSON:setUpClass): 201 POST http://10.180.1.21/networking/v2.0/networks 0.305s
2025-12-11 07:32:03.106 66472 INFO tempest.lib.common.rest_client [req-caea8e11-0212-4017-9de8-898e372ebb0c req-caea8e11-0212-4017-9de8-898e372ebb0c ] Request (InstanceUsageAuditLogNegativeTestJSON:tearDownClass): 204 DELETE http://10.180.1.21/identity/v3/users/9a9c14c2077044a2a7bd31831938fd40 0.130s
2025-12-11 07:32:03.208 66472 INFO tempest.lib.common.rest_client [req-21f095a7-6f09-4660-a545-d606473f706b req-21f095a7-6f09-4660-a545-d606473f706b ] Request (InstanceUsageAuditLogNegativeTestJSON:tearDownClass): 204 DELETE http://10.180.1.21/identity/v3/users/22c2d6b760a14bf4914a301ee88dd325 0.101s
2025-12-11 07:32:03.208 66472 INFO tempest.lib.common.dynamic_creds [-] Deleting project and security group for project: 69e0508b4fa2494f80ed9f2caa79d148
2025-12-11 07:32:03.235 66458 INFO tempest.lib.common.rest_client [req-e5b4c367-81bf-4812-bcf2-26d08c5749dc req-e5b4c367-81bf-4812-bcf2-26d08c5749dc ] Request (ListServersNegativeTestJSON:setUpClass): 201 POST http://10.180.1.21/networking/v2.0/routers 0.807s
2025-12-11 07:32:03.288 66472 INFO tempest.lib.common.rest_client [req-d4c4fc70-4b28-4990-a755-815c491ccdbf req-d4c4fc70-4b28-4990-a755-815c491ccdbf ] Request (InstanceUsageAuditLogNegativeTestJSON:tearDownClass): 201 POST http://10.180.1.21/identity/v3/auth/tokens 0.079s
2025-12-11 07:32:03.328 66486 INFO tempest.lib.common.rest_client [req-a75a9937-598e-4224-beea-36e0aa3e74e8 req-a75a9937-598e-4224-beea-36e0aa3e74e8 ] Request (SecurityGroupRulesTestJSON:test_security_group_rules_create_with_optional_group_id): 200 POST http://10.180.1.21/compute/v2.1/os-security-groups 2.217s
2025-12-11 07:32:03.348 66442 INFO tempest.lib.common.rest_client [req-5188b861-6ecc-4039-8a10-cc951d9cd870 req-5188b861-6ecc-4039-8a10-cc951d9cd870 ] Request (AggregatesAdminNegativeTestJSON:test_aggregate_delete_as_user): 200 POST http://10.180.1.21/compute/v2.1/os-aggregates 2.211s
2025-12-11 07:32:03.415 66438 INFO tempest.lib.common.rest_client [req-e8cd4792-eb3f-4967-93c1-c7379eba49b6 req-e8cd4792-eb3f-4967-93c1-c7379eba49b6 ] Request (ServersNegativeTestJSON:setUpClass): 201 POST http://10.180.1.21/networking/v2.0/subnets 0.392s
2025-12-11 07:32:03.589 66484 INFO tempest.lib.common.rest_client [req-47e0ee5b-98ff-47dd-bfe7-68f807a0ee30 req-47e0ee5b-98ff-47dd-bfe7-68f807a0ee30 ] Request (SecurityGroupsTestJSON:test_list_security_groups_by_server): 202 POST http://10.180.1.21/compute/v2.1/servers/a138693c-59de-48a5-bef3-972957939d69/action 2.950s
2025-12-11 07:32:03.707 66428 INFO tempest.lib.common.rest_client [req-9471c453-9754-4d9f-9971-0062beccb589 req-9471c453-9754-4d9f-9971-0062beccb589 ] Request (ServerDiagnosticsNegativeTest:tearDownClass): 204 DELETE http://10.180.1.21/compute/v2.1/servers/bf83558f-530f-4cb4-99e2-3031d9fed581 2.527s
2025-12-11 07:32:03.751 66454 INFO tempest.lib.common.rest_client [req-eb2eff00-c067-4faa-8e0c-859abd296062 req-eb2eff00-c067-4faa-8e0c-859abd296062 ] Request (ListImageFiltersTestJSON:setUpClass): 200 GET http://10.180.1.21/compute/v2.1/images/154ed794-d55d-4add-b8b5-869a533b56b1 2.485s
2025-12-11 07:32:03.761 66472 INFO tempest.lib.common.rest_client [req-6f407988-5fa3-4016-b585-25dc034dcca9 req-6f407988-5fa3-4016-b585-25dc034dcca9 ] Request (InstanceUsageAuditLogNegativeTestJSON:tearDownClass): 200 GET http://10.180.1.21/networking/v2.0/security-groups?tenant_id=69e0508b4fa2494f80ed9f2caa79d148&name=default 0.473s
2025-12-11 07:32:04.025 66462 INFO tempest.lib.common.rest_client [req-eff6b177-882d-461b-9217-117296e877a2 req-eff6b177-882d-461b-9217-117296e877a2 ] Request (QuotasAdminTestJSON:test_update_all_quota_resources_for_tenant): 200 PUT http://10.180.1.21/compute/v2.1/os-quota-sets/eb3259dd492e4a7f8eaeeaa3cc9df63f 2.713s
2025-12-11 07:32:04.314 66458 INFO tempest.lib.common.rest_client [req-3e29457b-e5bc-4a61-b2dc-62b0b263627f req-3e29457b-e5bc-4a61-b2dc-62b0b263627f ] Request (ListServersNegativeTestJSON:setUpClass): 200 PUT http://10.180.1.21/networking/v2.0/routers/a9de9317-3414-4ae7-a141-a4c3bb82ff00/add_router_interface 1.078s
2025-12-11 07:32:04.314 66458 INFO tempest.lib.common.dynamic_creds [-] Created isolated network resources for: credentials: Credentials: {'domain_id': 'default', 'domain_name': 'Default', 'username': 'tempest-ListServersNegativeTestJSON-1228553788-project-member', 'project_domain_id': 'default', 'project_domain_name': 'Default', 'project_id': 'bd5601a78d8747ada46bbbea74d5f01e', 'project_name': 'tempest-ListServersNegativeTestJSON-1228553788', 'tenant_id': 'bd5601a78d8747ada46bbbea74d5f01e', 'tenant_name': 'tempest-ListServersNegativeTestJSON-1228553788', 'user_domain_id': 'default', 'user_domain_name': 'Default', 'user_id': '2171d29f2f834dc5b95846853269ac06', 'system': None}, Network: {'id': '3bdb5f57-8b18-4968-8fac-8cb6bd798a6d', 'name': 'tempest-ListServersNegativeTestJSON-1453266356-network', 'tenant_id': 'bd5601a78d8747ada46bbbea74d5f01e', 'project_id': 'bd5601a78d8747ada46bbbea74d5f01e', 'admin_state_up': True, 'mtu': 8950, 'status': 'ACTIVE', 'subnets': [], 'shared': False, 'port_security_enabled': True, 'router:external': False, 'provider:network_type': 'vlan', 'provider:physical_network': 'default', 'provider:segmentation_id': 292, 'availability_zone_hints': [], 'availability_zones': [], 'ipv4_address_scope': None, 'ipv6_address_scope': None, 'description': '', 'tags': [], 'created_at': '2025-12-11T07:32:02Z', 'updated_at': '2025-12-11T07:32:02Z', 'revision_number': 1}, Subnet: {'id': '59cb5af6-ac50-4810-a3d7-948f89e2fe85', 'name': 'tempest-ListServersNegativeTestJSON-1453266356-subnet', 'tenant_id': 'bd5601a78d8747ada46bbbea74d5f01e', 'network_id': '3bdb5f57-8b18-4968-8fac-8cb6bd798a6d', 'ip_version': 4, 'subnetpool_id': None, 'enable_dhcp': True, 'ipv6_ra_mode': None, 'ipv6_address_mode': None, 'gateway_ip': '192.168.128.1', 'cidr': '192.168.128.0/28', 'allocation_pools': [{'start': '192.168.128.2', 'end': '192.168.128.14'}], 'host_routes': [], 'dns_nameservers': [], 'description': '', 'router:external': False, 'service_types': [], 'tags': [], 'created_at': '2025-12-11T07:32:02Z', 'updated_at': '2025-12-11T07:32:02Z', 'revision_number': 0, 'project_id': 'bd5601a78d8747ada46bbbea74d5f01e'}, Router: {'id': 'a9de9317-3414-4ae7-a141-a4c3bb82ff00', 'name': 'tempest-ListServersNegativeTestJSON-1453266356-router', 'tenant_id': 'bd5601a78d8747ada46bbbea74d5f01e', 'admin_state_up': True, 'status': 'ACTIVE', 'external_gateway_info': {'network_id': 'b582ce9c-347e-4166-9062-ecb1e616c60f', 'external_fixed_ips': [{'subnet_id': 'ad34a149-f1c4-4e15-b5fc-6f18721622c5', 'ip_address': '10.180.180.217'}], 'enable_snat': True}, 'description': '', 'availability_zones': [], 'distributed': False, 'ha': False, 'availability_zone_hints': [], 'routes': [], 'flavor_id': None, 'tags': [], 'created_at': '2025-12-11T07:32:02Z', 'updated_at': '2025-12-11T07:32:02Z', 'revision_number': 2, 'project_id': 'bd5601a78d8747ada46bbbea74d5f01e'}
2025-12-11 07:32:04.427 66458 INFO tempest.lib.common.rest_client [req-0733f3b9-ea69-4e37-9a4f-f982cbabbb8d req-0733f3b9-ea69-4e37-9a4f-f982cbabbb8d ] Request (ListServersNegativeTestJSON:setUpClass): 201 POST http://10.180.1.21/identity/v3/auth/tokens 0.108s
2025-12-11 07:32:04.459 66458 INFO tempest.lib.common.rest_client [req-8fb5ec01-5fa9-414c-ac4d-59753839ed4f req-8fb5ec01-5fa9-414c-ac4d-59753839ed4f ] Request (ListServersNegativeTestJSON:setUpClass): 201 POST http://10.180.1.21/identity/v3/auth/tokens 0.028s
2025-12-11 07:32:04.459 66458 INFO tempest.lib.common.fixed_network [-] (ListServersNegativeTestJSON:setUpClass) Found network {'id': '3bdb5f57-8b18-4968-8fac-8cb6bd798a6d', 'name': 'tempest-ListServersNegativeTestJSON-1453266356-network', 'tenant_id': 'bd5601a78d8747ada46bbbea74d5f01e', 'project_id': 'bd5601a78d8747ada46bbbea74d5f01e', 'admin_state_up': True, 'mtu': 8950, 'status': 'ACTIVE', 'subnets': [], 'shared': False, 'port_security_enabled': True, 'router:external': False, 'provider:network_type': 'vlan', 'provider:physical_network': 'default', 'provider:segmentation_id': 292, 'availability_zone_hints': [], 'availability_zones': [], 'ipv4_address_scope': None, 'ipv6_address_scope': None, 'description': '', 'tags': [], 'created_at': '2025-12-11T07:32:02Z', 'updated_at': '2025-12-11T07:32:02Z', 'revision_number': 1} available for tenant
2025-12-11 07:32:04.608 66438 INFO tempest.lib.common.rest_client [req-1605c999-6c9d-4b9f-b3b7-2d9bbd33605f req-1605c999-6c9d-4b9f-b3b7-2d9bbd33605f ] Request (ServersNegativeTestJSON:setUpClass): 201 POST http://10.180.1.21/networking/v2.0/routers 1.192s
2025-12-11 07:32:04.642 66490 WARNING tempest.lib.common.ssh [-] Failed to establish authenticated ssh connection to cirros@10.180.180.184 ([Errno None] Unable to connect to port 22 on 10.180.180.184). Number attempts: 4. Retry after 5 seconds.: paramiko.ssh_exception.NoValidConnectionsError: [Errno None] Unable to connect to port 22 on 10.180.180.184
2025-12-11 07:32:04.678 66480 INFO tempest.lib.common.rest_client [req-352acb10-2652-45bd-a58c-46cb1d9351cc req-352acb10-2652-45bd-a58c-46cb1d9351cc ] Request (ServersWithSpecificFlavorTestJSON:test_verify_created_server_ephemeral_disk): 200 GET http://10.180.1.21/compute/v2.1/servers/6dc4dca1-064c-4cd8-a682-36283fbea51b 3.511s
2025-12-11 07:32:04.689 66480 INFO tempest.common.waiters [-] State transition "BUILD/spawning" ==> "ACTIVE/None" after 25 second wait
2025-12-11 07:32:04.704 66472 INFO tempest.lib.common.rest_client [req-a0c5c49e-f420-469c-a6e2-9fe43da009e9 req-a0c5c49e-f420-469c-a6e2-9fe43da009e9 ] Request (InstanceUsageAuditLogNegativeTestJSON:tearDownClass): 204 DELETE http://10.180.1.21/networking/v2.0/security-groups/17942941-cd32-4ce1-8bb5-f1c7c403072f 0.942s
2025-12-11 07:32:04.767 66434 INFO tempest.lib.common.rest_client [req-21c660d4-c665-4b83-a5e5-ef2b861f4713 req-21c660d4-c665-4b83-a5e5-ef2b861f4713 ] Request (ServerMetadataTestJSON:test_set_server_metadata_item): 200 PUT http://10.180.1.21/compute/v2.1/servers/703d74af-261b-4d69-9a08-3b3fffbc49b9/metadata/nova 3.151s
2025-12-11 07:32:04.785 66432 INFO tempest.lib.common.rest_client [req-7b646b81-e7b1-4857-8b1d-f51dbfa15bda req-7b646b81-e7b1-4857-8b1d-f51dbfa15bda ] Request (FlavorsV2TestJSON:test_list_flavors_with_detail): 200 GET http://10.180.1.21/compute/v2.1/flavors/42 3.121s
2025-12-11 07:32:04.828 66472 INFO tempest.lib.common.rest_client [req-521ca329-5e66-43be-9949-5d7be33f7814 req-521ca329-5e66-43be-9949-5d7be33f7814 ] Request (InstanceUsageAuditLogNegativeTestJSON:tearDownClass): 204 DELETE http://10.180.1.21/identity/v3/projects/69e0508b4fa2494f80ed9f2caa79d148 0.123s
2025-12-11 07:32:04.828 66472 INFO tempest.lib.common.dynamic_creds [-] Deleting project and security group for project: d14fe77e12bc464a9ee9642a53d8b8ee
2025-12-11 07:32:04.982 66432 INFO tempest.lib.common.rest_client [req-1f40391e-8b79-4127-afef-904c3cc506a8 req-1f40391e-8b79-4127-afef-904c3cc506a8 ] Request (FlavorsV2TestJSON:tearDownClass): 204 DELETE http://10.180.1.21/identity/v3/users/97a2e5b6d0314c84a35371836a21eccc 0.191s
2025-12-11 07:32:04.982 66432 INFO tempest.lib.common.dynamic_creds [-] Deleting project and security group for project: 2010f72602a34b829f9e2a98a66a0f98
2025-12-11 07:32:05.074 66432 INFO tempest.lib.common.rest_client [req-9d10e4f7-0b0c-4e6d-8036-b33e47c34a18 req-9d10e4f7-0b0c-4e6d-8036-b33e47c34a18 ] Request (FlavorsV2TestJSON:tearDownClass): 201 POST http://10.180.1.21/identity/v3/auth/tokens 0.091s
2025-12-11 07:32:05.596 66482 WARNING tempest.lib.common.ssh [-] Failed to establish authenticated ssh connection to cirros@10.180.180.154 ([Errno None] Unable to connect to port 22 on 10.180.180.154). Number attempts: 3. Retry after 4 seconds.: paramiko.ssh_exception.NoValidConnectionsError: [Errno None] Unable to connect to port 22 on 10.180.180.154
2025-12-11 07:32:05.715 66438 INFO tempest.lib.common.rest_client [req-daca1ff9-97af-4717-ac52-28ecb08a25d6 req-daca1ff9-97af-4717-ac52-28ecb08a25d6 ] Request (ServersNegativeTestJSON:setUpClass): 200 PUT http://10.180.1.21/networking/v2.0/routers/e091d5f0-369f-4ebf-a5d3-77ffca1bfb22/add_router_interface 1.106s
2025-12-11 07:32:05.715 66438 INFO tempest.lib.common.dynamic_creds [-] Created isolated network resources for: credentials: Credentials: {'domain_id': 'default', 'domain_name': 'Default', 'username': 'tempest-ServersNegativeTestJSON-1186084162-project-member', 'project_domain_id': 'default', 'project_domain_name': 'Default', 'project_id': '0c13026515ed4cffb936e5d9983784dd', 'project_name': 'tempest-ServersNegativeTestJSON-1186084162', 'tenant_id': '0c13026515ed4cffb936e5d9983784dd', 'tenant_name': 'tempest-ServersNegativeTestJSON-1186084162', 'user_domain_id': 'default', 'user_domain_name': 'Default', 'user_id': 'e2102a3d9b594f239622ea1e3ff60c91', 'system': None}, Network: {'id': 'c64bf5fe-3cf5-4b3e-b11f-6e99b3f042f3', 'name': 'tempest-ServersNegativeTestJSON-753956413-network', 'tenant_id': '0c13026515ed4cffb936e5d9983784dd', 'project_id': '0c13026515ed4cffb936e5d9983784dd', 'admin_state_up': True, 'mtu': 8950, 'status': 'ACTIVE', 'subnets': [], 'shared': False, 'port_security_enabled': True, 'router:external': False, 'provider:network_type': 'vlan', 'provider:physical_network': 'default', 'provider:segmentation_id': 888, 'availability_zone_hints': [], 'availability_zones': [], 'ipv4_address_scope': None, 'ipv6_address_scope': None, 'description': '', 'tags': [], 'created_at': '2025-12-11T07:32:02Z', 'updated_at': '2025-12-11T07:32:02Z', 'revision_number': 1}, Subnet: {'id': '7dd632a7-e266-447a-ab5a-71c036ad08bf', 'name': 'tempest-ServersNegativeTestJSON-753956413-subnet', 'tenant_id': '0c13026515ed4cffb936e5d9983784dd', 'network_id': 'c64bf5fe-3cf5-4b3e-b11f-6e99b3f042f3', 'ip_version': 4, 'subnetpool_id': None, 'enable_dhcp': True, 'ipv6_ra_mode': None, 'ipv6_address_mode': None, 'gateway_ip': '192.168.128.1', 'cidr': '192.168.128.0/28', 'allocation_pools': [{'start': '192.168.128.2', 'end': '192.168.128.14'}], 'host_routes': [], 'dns_nameservers': [], 'description': '', 'router:external': False, 'service_types': [], 'tags': [], 'created_at': '2025-12-11T07:32:03Z', 'updated_at': '2025-12-11T07:32:03Z', 'revision_number': 0, 'project_id': '0c13026515ed4cffb936e5d9983784dd'}, Router: {'id': 'e091d5f0-369f-4ebf-a5d3-77ffca1bfb22', 'name': 'tempest-ServersNegativeTestJSON-753956413-router', 'tenant_id': '0c13026515ed4cffb936e5d9983784dd', 'admin_state_up': True, 'status': 'ACTIVE', 'external_gateway_info': {'network_id': 'b582ce9c-347e-4166-9062-ecb1e616c60f', 'external_fixed_ips': [{'subnet_id': 'ad34a149-f1c4-4e15-b5fc-6f18721622c5', 'ip_address': '10.180.180.213'}], 'enable_snat': True}, 'description': '', 'availability_zones': [], 'distributed': False, 'ha': False, 'availability_zone_hints': [], 'routes': [], 'flavor_id': None, 'tags': [], 'created_at': '2025-12-11T07:32:03Z', 'updated_at': '2025-12-11T07:32:04Z', 'revision_number': 2, 'project_id': '0c13026515ed4cffb936e5d9983784dd'}
2025-12-11 07:32:05.837 66438 INFO tempest.lib.common.rest_client [req-bbbb7dcd-b938-4fa2-b029-0d8bfbef755b req-bbbb7dcd-b938-4fa2-b029-0d8bfbef755b ] Request (ServersNegativeTestJSON:setUpClass): 201 POST http://10.180.1.21/identity/v3/auth/tokens 0.116s
2025-12-11 07:32:05.870 66448 INFO tempest.lib.common.rest_client [req-316fae44-330d-4be9-aa5e-9072737d151c req-316fae44-330d-4be9-aa5e-9072737d151c ] Request (SecurityGroupRulesNegativeTestJSON:tearDownClass): 202 DELETE http://10.180.1.21/compute/v2.1/os-security-groups/dfaa6fa7-4dc8-40f1-86a5-206c1addca05 4.453s
2025-12-11 07:32:05.879 66438 INFO tempest.lib.common.rest_client [req-9f2fce41-2770-4130-8234-4048189150ac req-9f2fce41-2770-4130-8234-4048189150ac ] Request (ServersNegativeTestJSON:setUpClass): 201 POST http://10.180.1.21/identity/v3/auth/tokens 0.035s
2025-12-11 07:32:05.880 66438 INFO tempest.lib.common.fixed_network [-] (ServersNegativeTestJSON:setUpClass) Found network {'id': 'c64bf5fe-3cf5-4b3e-b11f-6e99b3f042f3', 'name': 'tempest-ServersNegativeTestJSON-753956413-network', 'tenant_id': '0c13026515ed4cffb936e5d9983784dd', 'project_id': '0c13026515ed4cffb936e5d9983784dd', 'admin_state_up': True, 'mtu': 8950, 'status': 'ACTIVE', 'subnets': [], 'shared': False, 'port_security_enabled': True, 'router:external': False, 'provider:network_type': 'vlan', 'provider:physical_network': 'default', 'provider:segmentation_id': 888, 'availability_zone_hints': [], 'availability_zones': [], 'ipv4_address_scope': None, 'ipv6_address_scope': None, 'description': '', 'tags': [], 'created_at': '2025-12-11T07:32:02Z', 'updated_at': '2025-12-11T07:32:02Z', 'revision_number': 1} available for tenant
2025-12-11 07:32:05.893 66474 INFO tempest.lib.common.rest_client [req-d56f766f-df5e-4fea-949c-9bf1fb258830 req-d56f766f-df5e-4fea-949c-9bf1fb258830 ] Request (ImagesOneServerTestJSON:test_create_delete_image): 200 GET http://10.180.1.21/compute/v2.1/flavors/42 4.188s
2025-12-11 07:32:06.045 66472 INFO tempest.lib.common.rest_client [req-e1b00cf1-8ed4-4872-b9fb-b4a7a3a6e77d req-e1b00cf1-8ed4-4872-b9fb-b4a7a3a6e77d ] Request (InstanceUsageAuditLogNegativeTestJSON:tearDownClass): 200 GET http://10.180.1.21/networking/v2.0/security-groups?tenant_id=d14fe77e12bc464a9ee9642a53d8b8ee&name=default 1.217s
2025-12-11 07:32:06.273 66432 INFO tempest.lib.common.rest_client [req-dd6c6583-7435-4595-8d1f-48da27062f32 req-dd6c6583-7435-4595-8d1f-48da27062f32 ] Request (FlavorsV2TestJSON:tearDownClass): 200 GET http://10.180.1.21/networking/v2.0/security-groups?tenant_id=2010f72602a34b829f9e2a98a66a0f98&name=default 1.198s
2025-12-11 07:32:06.352 66436 INFO tempest.lib.common.rest_client [req-d1415b37-47fd-4c85-88c4-638a654acb52 req-d1415b37-47fd-4c85-88c4-638a654acb52 ] Request (ServersV294TestFqdnHostnames:setUpClass): 200 GET http://10.180.1.21/compute/v2.1/servers/c1d9e6d5-aee3-4667-bf8b-ec308058817c 4.655s
2025-12-11 07:32:06.367 66436 INFO tempest.common.waiters [-] State transition "BUILD/None" ==> "BUILD/spawning" after 6 second wait
2025-12-11 07:32:06.372 66478 INFO tempest.lib.common.rest_client [req-bdb892a1-09f4-483f-9a82-b191953dc7fa req-bdb892a1-09f4-483f-9a82-b191953dc7fa ] Request (ServersListShow2100Test:test_list_show_rebuild_update_server_2100): 200 GET http://10.180.1.21/compute/v2.1/servers/acc72715-dc5c-4597-a5f2-97901f1a3d21 4.543s
2025-12-11 07:32:06.390 66478 INFO tempest.common.waiters [-] State transition "BUILD/None" ==> "BUILD/block_device_mapping" after 6 second wait
2025-12-11 07:32:06.445 66432 INFO tempest.lib.common.rest_client [req-bf258af4-bfa7-4605-a575-2f58b16d1147 req-bf258af4-bfa7-4605-a575-2f58b16d1147 ] Request (FlavorsV2TestJSON:tearDownClass): 204 DELETE http://10.180.1.21/networking/v2.0/security-groups/54d8f63a-be48-4b6e-ba54-77a83298d74e 0.172s
2025-12-11 07:32:06.448 66472 INFO tempest.lib.common.rest_client [req-62d93cf7-3c29-41d6-b55d-66ab91df6ce1 req-62d93cf7-3c29-41d6-b55d-66ab91df6ce1 ] Request (InstanceUsageAuditLogNegativeTestJSON:tearDownClass): 204 DELETE http://10.180.1.21/networking/v2.0/security-groups/e2c696ad-418b-40b3-b969-8d5ed138ad80 0.403s
2025-12-11 07:32:06.464 66468 WARNING tempest.lib.common.ssh [-] Failed to establish authenticated ssh connection to cirros@10.180.180.148 ([Errno None] Unable to connect to port 22 on 10.180.180.148). Number attempts: 4. Retry after 5 seconds.: paramiko.ssh_exception.NoValidConnectionsError: [Errno None] Unable to connect to port 22 on 10.180.180.148
2025-12-11 07:32:06.535 66432 INFO tempest.lib.common.rest_client [req-d58ce882-0917-4dd3-bd0e-83b3019c7f9b req-d58ce882-0917-4dd3-bd0e-83b3019c7f9b ] Request (FlavorsV2TestJSON:tearDownClass): 204 DELETE http://10.180.1.21/identity/v3/projects/2010f72602a34b829f9e2a98a66a0f98 0.089s
2025-12-11 07:32:06.546 66472 INFO tempest.lib.common.rest_client [req-321d459c-90c0-440d-a453-0ad7f1cded86 req-321d459c-90c0-440d-a453-0ad7f1cded86 ] Request (InstanceUsageAuditLogNegativeTestJSON:tearDownClass): 204 DELETE http://10.180.1.21/identity/v3/projects/d14fe77e12bc464a9ee9642a53d8b8ee 0.096s
2025-12-11 07:32:06.546 66472 INFO tempest.test [-] raised in TestMultiAttachVolumeSwap.setUpClass. Invoking tearDownClass.
2025-12-11 07:32:06.552 66472 INFO tempest.test [-] raised in TestVolumeSwap.setUpClass. Invoking tearDownClass.
2025-12-11 07:32:06.617 66432 INFO tempest.lib.common.rest_client [req-0c4ee1d5-8087-4bc9-9937-822525ee6139 req-0c4ee1d5-8087-4bc9-9937-822525ee6139 ] Request (FloatingIPsTestJSON:setUpClass): 201 POST http://10.180.1.21/identity/v3/auth/tokens 0.080s
2025-12-11 07:32:06.653 66432 INFO tempest.lib.common.rest_client [req-12da2571-d67f-45e2-afb9-9c29af0e8242 req-12da2571-d67f-45e2-afb9-9c29af0e8242 ] Request (FloatingIPsTestJSON:setUpClass): 201 POST http://10.180.1.21/identity/v3/auth/tokens 0.033s
2025-12-11 07:32:06.684 66432 INFO tempest.lib.common.rest_client [req-a24a6b61-ee88-4ac3-9a2c-3655e582bd1a req-a24a6b61-ee88-4ac3-9a2c-3655e582bd1a ] Request (FloatingIPsTestJSON:setUpClass): 200 GET http://10.180.1.21/identity/v3/domains?name=Default 0.030s
2025-12-11 07:32:06.734 66432 INFO tempest.lib.common.rest_client [req-73a0fda8-4819-44d2-8f5f-195d3d04fa80 req-73a0fda8-4819-44d2-8f5f-195d3d04fa80 ] Request (FloatingIPsTestJSON:setUpClass): 201 POST http://10.180.1.21/identity/v3/projects 0.049s
2025-12-11 07:32:06.809 66440 INFO tempest.lib.common.rest_client [req-019fc284-8a90-4eae-a8f2-6892fc3f5490 req-019fc284-8a90-4eae-a8f2-6892fc3f5490 ] Request (MigrationsAdminTest:test_list_migrations_in_flavor_resize_situation): 200 GET http://10.180.1.21/compute/v2.1/servers/b73cf97f-e01c-4177-bd20-68238f4aa287 4.650s
2025-12-11 07:32:06.818 66440 INFO tempest.common.waiters [-] State transition "RESIZE/resize_finish" ==> "VERIFY_RESIZE/None" after 31 second wait
2025-12-11 07:32:06.853 66432 INFO tempest.lib.common.rest_client [req-1d590561-6dd6-44a2-8a43-39aa4afe70f3 req-1d590561-6dd6-44a2-8a43-39aa4afe70f3 ] Request (FloatingIPsTestJSON:setUpClass): 201 POST http://10.180.1.21/identity/v3/users 0.117s
2025-12-11 07:32:06.889 66432 INFO tempest.lib.common.rest_client [req-afb6f619-2fc8-481a-9306-9fe74c356a6a req-afb6f619-2fc8-481a-9306-9fe74c356a6a ] Request (FloatingIPsTestJSON:setUpClass): 200 GET http://10.180.1.21/identity/v3/roles 0.036s
2025-12-11 07:32:06.928 66432 INFO tempest.lib.common.rest_client [req-31a4df28-bef6-4a24-a70f-4c8c9633b0f4 req-31a4df28-bef6-4a24-a70f-4c8c9633b0f4 ] Request (FloatingIPsTestJSON:setUpClass): 204 PUT http://10.180.1.21/identity/v3/projects/f85d3206f2d245b1bd0397d1808cfc5b/users/3afa7b2865224df9b2277be8515d84e4/roles/0de9d4e54a874b3aa33e1f31ceeeb36e 0.038s
2025-12-11 07:32:06.928 66432 INFO tempest.lib.common.dynamic_creds [-] Dynamic test user 3afa7b2865224df9b2277be8515d84e4 is created with scope project and roles: ['member']
2025-12-11 07:32:06.929 66432 INFO tempest.lib.common.dynamic_creds [-] Acquired dynamic creds: credentials: Credentials: {'domain_id': 'default', 'domain_name': 'Default', 'username': 'tempest-FloatingIPsTestJSON-878611000-project-member', 'project_domain_id': 'default', 'project_domain_name': 'Default', 'project_id': 'f85d3206f2d245b1bd0397d1808cfc5b', 'project_name': 'tempest-FloatingIPsTestJSON-878611000', 'tenant_id': 'f85d3206f2d245b1bd0397d1808cfc5b', 'tenant_name': 'tempest-FloatingIPsTestJSON-878611000', 'user_domain_id': 'default', 'user_domain_name': 'Default', 'user_id': '3afa7b2865224df9b2277be8515d84e4', 'system': None}, Network: None, Subnet: None, Router: None
2025-12-11 07:32:06.999 66432 INFO tempest.lib.common.rest_client [req-635ca8ff-ab2c-425c-8455-73139265b202 req-635ca8ff-ab2c-425c-8455-73139265b202 ] Request (FloatingIPsTestJSON:setUpClass): 201 POST http://10.180.1.21/identity/v3/auth/tokens 0.070s
2025-12-11 07:32:07.259 66446 INFO tempest.lib.common.rest_client [req-65e96d8f-db8a-469f-9953-24478891a352 req-65e96d8f-db8a-469f-9953-24478891a352 ] Request (FloatingIPDetailsTestJSON:test_get_floating_ip_details): 200 POST http://10.180.1.21/compute/v2.1/os-floating-ips 5.096s
2025-12-11 07:32:07.441 66432 INFO tempest.lib.common.rest_client [req-f28079e6-63ba-4bb3-bf40-77124de4dc17 req-f28079e6-63ba-4bb3-bf40-77124de4dc17 ] Request (FloatingIPsTestJSON:setUpClass): 201 POST http://10.180.1.21/networking/v2.0/networks 0.440s
2025-12-11 07:32:07.524 66452 INFO tempest.lib.common.rest_client [req-a92a9438-5520-43ba-b516-394b30b5bb43 req-a92a9438-5520-43ba-b516-394b30b5bb43 ] Request (ServersTestFqdnHostnames:test_create_server_with_fqdn_name): 200 GET http://10.180.1.21/compute/v2.1/servers/21574a8e-277c-424d-863d-d4ab7714c48d 4.987s
2025-12-11 07:32:07.535 66452 INFO tempest.common.waiters [-] State transition "BUILD/spawning" ==> "ACTIVE/None" after 15 second wait
2025-12-11 07:32:07.536 66450 INFO tempest.lib.common.rest_client [req-634307e8-809b-4215-80ca-2056cff367a4 req-634307e8-809b-4215-80ca-2056cff367a4 ] Request (ServersAdmin275Test:test_rebuild_update_server_275): 202 POST http://10.180.1.21/compute/v2.1/servers/0953a8ee-abc3-4267-9082-f16aa97ec1cb/action 5.051s
2025-12-11 07:32:07.549 66488 INFO tempest.lib.common.rest_client [req-2d96e97e-a8a5-436c-89d8-a7b4d2bc819c req-2d96e97e-a8a5-436c-89d8-a7b4d2bc819c ] Request (FlavorsAdminTestJSON:test_is_public_string_variations): 200 GET http://10.180.1.21/compute/v2.1/flavors/detail?is_public=no 4.893s
2025-12-11 07:32:07.592 66470 INFO tempest.lib.common.rest_client [req-6c053251-f28c-4919-a71f-8b23502ec5f1 req-6c053251-f28c-4919-a71f-8b23502ec5f1 ] Request (ImagesMetadataTestJSON:test_get_image_metadata_item): 200 GET http://10.180.1.21/compute/v2.1/images/dc4161f1-c41f-4d08-ae4c-2e0d5d5140c2/metadata/os_distro 4.649s
2025-12-11 07:32:07.656 66432 INFO tempest.lib.common.rest_client [req-478ed6c5-ea85-4529-a394-b7d75e72fe07 req-478ed6c5-ea85-4529-a394-b7d75e72fe07 ] Request (FloatingIPsTestJSON:setUpClass): 201 POST http://10.180.1.21/networking/v2.0/subnets 0.214s
2025-12-11 07:32:07.663 66476 INFO tempest.lib.common.rest_client [req-8e7df752-b106-41d2-9b2e-9227a1493efb req-8e7df752-b106-41d2-9b2e-9227a1493efb ] Request (ServicesAdminNegativeTestJSON:test_list_services_with_non_admin_user): 403 GET http://10.180.1.21/compute/v2.1/os-services 4.937s
2025-12-11 07:32:07.680 66430 INFO tempest.lib.common.rest_client [req-71706949-62c1-4e73-9a3a-3c1404f54b46 req-71706949-62c1-4e73-9a3a-3c1404f54b46 ] Request (VolumesAdminNegativeTest:tearDownClass): 200 GET http://10.180.1.21/compute/v2.1/servers/c066610e-8147-45dd-ba45-340f73eb34b7 4.500s
2025-12-11 07:32:07.686 66442 INFO tempest.lib.common.rest_client [req-caa227f6-b0c2-4666-9d46-78f142e57da6 req-caa227f6-b0c2-4666-9d46-78f142e57da6 ] Request (AggregatesAdminNegativeTestJSON:test_aggregate_delete_as_user): 403 DELETE http://10.180.1.21/compute/v2.1/os-aggregates/5 4.336s
2025-12-11 07:32:07.691 66430 INFO tempest.common.waiters [-] State transition "ACTIVE/deleting" ==> "DELETED/None" after 5 second wait
2025-12-11 07:32:07.790 66476 INFO tempest.lib.common.rest_client [req-80851d7a-1456-43be-99ed-7c0df634a6de req-80851d7a-1456-43be-99ed-7c0df634a6de ] Request (ServicesAdminNegativeTestJSON:tearDownClass): 204 DELETE http://10.180.1.21/identity/v3/users/997376de5e0345c5b59f1f761b36dddb 0.124s
2025-12-11 07:32:07.909 66486 INFO tempest.lib.common.rest_client [req-19524e75-cde3-464b-893f-f8cb7f8fb7f4 req-19524e75-cde3-464b-893f-f8cb7f8fb7f4 ] Request (SecurityGroupRulesTestJSON:test_security_group_rules_create_with_optional_group_id): 200 POST http://10.180.1.21/compute/v2.1/os-security-group-rules 4.577s
2025-12-11 07:32:07.939 66456 INFO tempest.lib.common.rest_client [req-81fc54d2-5035-4dfc-b61c-ea2adc175073 req-81fc54d2-5035-4dfc-b61c-ea2adc175073 ] Request (FloatingIPsAssociationNegativeTestJSON:setUpClass): 200 GET http://10.180.1.21/compute/v2.1/servers/27fe703b-c3e1-4fde-b091-f6e838e991d5 4.474s
2025-12-11 07:32:07.961 66476 INFO tempest.lib.common.rest_client [req-43b9672d-02c7-4913-8927-3d280dbf9661 req-43b9672d-02c7-4913-8927-3d280dbf9661 ] Request (ServicesAdminNegativeTestJSON:tearDownClass): 204 DELETE http://10.180.1.21/identity/v3/users/0d5d78edf17240e18038df21dc3168ff 0.171s
2025-12-11 07:32:07.962 66476 INFO tempest.lib.common.dynamic_creds [-] Deleting project and security group for project: 5af9d7e7afc94b6d82c65e69773dddc3
2025-12-11 07:32:08.039 66476 INFO tempest.lib.common.rest_client [req-11d10e43-85e9-4bb4-8104-ea87f8b7144e req-11d10e43-85e9-4bb4-8104-ea87f8b7144e ] Request (ServicesAdminNegativeTestJSON:tearDownClass): 201 POST http://10.180.1.21/identity/v3/auth/tokens 0.077s
2025-12-11 07:32:08.054 66460 INFO tempest.lib.common.rest_client [req-8df6a627-2655-460f-976f-fcffcbe4c72c req-8df6a627-2655-460f-976f-fcffcbe4c72c ] Request (ImagesNegativeTestJSON:test_create_image_from_deleted_server): 200 GET http://10.180.1.21/compute/v2.1/servers/0a706616-01fa-4e35-a3ef-f0991982e3d6 4.406s
2025-12-11 07:32:08.085 66484 INFO tempest.lib.common.rest_client [req-598592c1-3562-4d9c-9a3c-42ab7c25f8d3 req-598592c1-3562-4d9c-9a3c-42ab7c25f8d3 ] Request (SecurityGroupsTestJSON:test_list_security_groups_by_server): 200 GET http://10.180.1.21/compute/v2.1/servers/a138693c-59de-48a5-bef3-972957939d69/os-security-groups 4.496s
2025-12-11 07:32:08.290 66476 INFO tempest.lib.common.rest_client [req-a8041208-e11f-428d-9518-801cfb45339b req-a8041208-e11f-428d-9518-801cfb45339b ] Request (ServicesAdminNegativeTestJSON:tearDownClass): 200 GET http://10.180.1.21/networking/v2.0/security-groups?tenant_id=5af9d7e7afc94b6d82c65e69773dddc3&name=default 0.251s
2025-12-11 07:32:08.316 66428 INFO tempest.lib.common.rest_client [req-6357a940-3c0e-4761-8d90-bcc68a52e673 req-6357a940-3c0e-4761-8d90-bcc68a52e673 ] Request (ServerDiagnosticsNegativeTest:tearDownClass): 200 GET http://10.180.1.21/compute/v2.1/servers/bf83558f-530f-4cb4-99e2-3031d9fed581 4.608s
2025-12-11 07:32:08.353 66454 INFO tempest.lib.common.rest_client [req-9cf065c3-34b7-418f-8140-1d8e2b7cc7cd req-9cf065c3-34b7-418f-8140-1d8e2b7cc7cd ] Request (ListImageFiltersTestJSON:setUpClass): 200 GET http://10.180.1.21/compute/v2.1/images/154ed794-d55d-4add-b8b5-869a533b56b1 4.598s
2025-12-11 07:32:08.434 66476 INFO tempest.lib.common.rest_client [req-6640f63a-3b66-4307-ae5e-cdadf3718f1f req-6640f63a-3b66-4307-ae5e-cdadf3718f1f ] Request (ServicesAdminNegativeTestJSON:tearDownClass): 204 DELETE http://10.180.1.21/networking/v2.0/security-groups/7b519456-1cf6-44d0-82fb-a8fd8994e2f9 0.143s
2025-12-11 07:32:08.463 66466 INFO tempest.lib.common.rest_client [req-526f335e-07d7-4ca7-b997-5b527f9bd287 req-526f335e-07d7-4ca7-b997-5b527f9bd287 ] Request (DeleteServersAdminTestJSON:test_delete_server_while_in_error_state): 200 GET http://10.180.1.21/compute/v2.1/servers/5b0e0dcd-b28d-48e7-a5e5-58d295453605 4.750s
2025-12-11 07:32:08.471 66466 INFO tempest.common.waiters [-] State transition "BUILD/spawning" ==> "ACTIVE/None" after 19 second wait
2025-12-11 07:32:08.537 66432 INFO tempest.lib.common.rest_client [req-14bd918c-f5fd-43d4-8c13-fdf5c85e8bae req-14bd918c-f5fd-43d4-8c13-fdf5c85e8bae ] Request (FloatingIPsTestJSON:setUpClass): 201 POST http://10.180.1.21/networking/v2.0/routers 0.881s
2025-12-11 07:32:08.554 66476 INFO tempest.lib.common.rest_client [req-85641813-087e-42e8-b739-8f06261d97fe req-85641813-087e-42e8-b739-8f06261d97fe ] Request (ServicesAdminNegativeTestJSON:tearDownClass): 204 DELETE http://10.180.1.21/identity/v3/projects/5af9d7e7afc94b6d82c65e69773dddc3 0.120s
2025-12-11 07:32:08.554 66476 INFO tempest.lib.common.dynamic_creds [-] Deleting project and security group for project: f2b3113034cd4947b18a59116b98b2a6
2025-12-11 07:32:08.664 66462 INFO tempest.lib.common.rest_client [req-d91afe06-201f-436c-8b27-8feba5f85b32 req-d91afe06-201f-436c-8b27-8feba5f85b32 ] Request (QuotasAdminTestJSON:_run_cleanups): 200 PUT http://10.180.1.21/compute/v2.1/os-quota-sets/eb3259dd492e4a7f8eaeeaa3cc9df63f 4.637s
2025-12-11 07:32:08.665 66476 INFO tempest.lib.common.rest_client [req-f18868fa-7d6b-421b-98f8-fe977a4682e0 req-f18868fa-7d6b-421b-98f8-fe977a4682e0 ] Request (ServicesAdminNegativeTestJSON:tearDownClass): 200 GET http://10.180.1.21/networking/v2.0/security-groups?tenant_id=f2b3113034cd4947b18a59116b98b2a6&name=default 0.110s
2025-12-11 07:32:08.813 66462 INFO tempest.lib.common.rest_client [req-88ddf51b-4984-4f9f-99ee-ea08fb290fe4 req-88ddf51b-4984-4f9f-99ee-ea08fb290fe4 ] Request (QuotasAdminTestJSON:tearDownClass): 204 DELETE http://10.180.1.21/identity/v3/users/f523bbb2fa4f45f584f7c661681e9ce2 0.144s
2025-12-11 07:32:08.824 66476 INFO tempest.lib.common.rest_client [req-d2df6f35-b917-451d-b02b-f0908e45dbbd req-d2df6f35-b917-451d-b02b-f0908e45dbbd ] Request (ServicesAdminNegativeTestJSON:tearDownClass): 204 DELETE http://10.180.1.21/networking/v2.0/security-groups/293ca1cb-6fb9-4adb-a57b-9ee3082824a7 0.159s
2025-12-11 07:32:08.845 66454 INFO tempest.lib.common.rest_client [req-592d6e26-feb1-4eac-a107-00192eaa5f3b req-592d6e26-feb1-4eac-a107-00192eaa5f3b ] Request (ListImageFiltersTestJSON:setUpClass): 201 POST http://10.180.1.21/image/v2/images 0.488s
2025-12-11 07:32:08.899 66480 INFO tempest.lib.common.rest_client [req-5c875e15-562c-4ec1-99ca-585df40f11c1 req-5c875e15-562c-4ec1-99ca-585df40f11c1 ] Request (ServersWithSpecificFlavorTestJSON:test_verify_created_server_ephemeral_disk): 200 GET http://10.180.1.21/compute/v2.1/servers/6dc4dca1-064c-4cd8-a682-36283fbea51b/os-interface 4.208s
2025-12-11 07:32:08.947 66434 INFO tempest.lib.common.rest_client [req-37fd84e8-36c7-49e4-ab0c-3a7b085fddbd req-37fd84e8-36c7-49e4-ab0c-3a7b085fddbd ] Request (ServerMetadataTestJSON:test_set_server_metadata_item): 200 GET http://10.180.1.21/compute/v2.1/servers/703d74af-261b-4d69-9a08-3b3fffbc49b9/metadata 4.178s
2025-12-11 07:32:08.949 66476 INFO tempest.lib.common.rest_client [req-d93b0888-5b6f-4f65-80ad-5a8a9d164ee7 req-d93b0888-5b6f-4f65-80ad-5a8a9d164ee7 ] Request (ServicesAdminNegativeTestJSON:tearDownClass): 204 DELETE http://10.180.1.21/identity/v3/projects/f2b3113034cd4947b18a59116b98b2a6 0.124s
2025-12-11 07:32:09.061 66476 INFO tempest.lib.common.rest_client [req-48dd75df-815a-477c-b80b-e56183175f66 req-48dd75df-815a-477c-b80b-e56183175f66 ] Request (AttachInterfacesUnderV243Test:setUpClass): 201 POST http://10.180.1.21/identity/v3/auth/tokens 0.110s
2025-12-11 07:32:09.118 66476 INFO tempest.lib.common.rest_client [req-7766e085-0ee5-4ce5-ac19-39f8c063fdc2 req-7766e085-0ee5-4ce5-ac19-39f8c063fdc2 ] Request (AttachInterfacesUnderV243Test:setUpClass): 201 POST http://10.180.1.21/identity/v3/auth/tokens 0.053s
2025-12-11 07:32:09.156 66476 INFO tempest.lib.common.rest_client [req-87e1e134-d8b1-4c53-8e7d-1a0a51f636cb req-87e1e134-d8b1-4c53-8e7d-1a0a51f636cb ] Request (AttachInterfacesUnderV243Test:setUpClass): 200 GET http://10.180.1.21/identity/v3/domains?name=Default 0.037s
2025-12-11 07:32:09.202 66462 INFO tempest.lib.common.rest_client [req-284518ca-e0b3-4cb7-9215-13868e227d3a req-284518ca-e0b3-4cb7-9215-13868e227d3a ] Request (QuotasAdminTestJSON:tearDownClass): 204 DELETE http://10.180.1.21/identity/v3/users/7a4e08fb407742cca113d22683962b43 0.388s
2025-12-11 07:32:09.202 66462 INFO tempest.lib.common.dynamic_creds [-] Deleting project and security group for project: eb3259dd492e4a7f8eaeeaa3cc9df63f
2025-12-11 07:32:09.231 66476 INFO tempest.lib.common.rest_client [req-f4acf46c-97b5-430f-8611-1fa4e3417162 req-f4acf46c-97b5-430f-8611-1fa4e3417162 ] Request (AttachInterfacesUnderV243Test:setUpClass): 201 POST http://10.180.1.21/identity/v3/projects 0.073s
2025-12-11 07:32:09.294 66462 INFO tempest.lib.common.rest_client [req-2975e507-7c7a-4847-abf6-1a372bf171c3 req-2975e507-7c7a-4847-abf6-1a372bf171c3 ] Request (QuotasAdminTestJSON:tearDownClass): 201 POST http://10.180.1.21/identity/v3/auth/tokens 0.091s
2025-12-11 07:32:09.324 66476 INFO tempest.lib.common.rest_client [req-c3dfd80d-a3a9-4083-92ec-d4efcaef555a req-c3dfd80d-a3a9-4083-92ec-d4efcaef555a ] Request (AttachInterfacesUnderV243Test:setUpClass): 201 POST http://10.180.1.21/identity/v3/users 0.092s
2025-12-11 07:32:09.348 66476 INFO tempest.lib.common.rest_client [req-dce9ec5f-4a52-40ce-b027-f5d27c3c76b5 req-dce9ec5f-4a52-40ce-b027-f5d27c3c76b5 ] Request (AttachInterfacesUnderV243Test:setUpClass): 200 GET http://10.180.1.21/identity/v3/roles 0.023s
2025-12-11 07:32:09.388 66476 INFO tempest.lib.common.rest_client [req-6d038114-8257-49ec-8e5c-a49ee003ba5f req-6d038114-8257-49ec-8e5c-a49ee003ba5f ] Request (AttachInterfacesUnderV243Test:setUpClass): 204 PUT http://10.180.1.21/identity/v3/projects/6de11643ebe646a794ab4d44ca2032bb/users/a2fdbe0cc55548ba85047b3d198dd246/roles/0de9d4e54a874b3aa33e1f31ceeeb36e 0.040s
2025-12-11 07:32:09.389 66476 INFO tempest.lib.common.dynamic_creds [-] Dynamic test user a2fdbe0cc55548ba85047b3d198dd246 is created with scope project and roles: ['member']
2025-12-11 07:32:09.389 66476 INFO tempest.lib.common.dynamic_creds [-] Acquired dynamic creds: credentials: Credentials: {'domain_id': 'default', 'domain_name': 'Default', 'username': 'tempest-AttachInterfacesUnderV243Test-1925731383-project-member', 'project_domain_id': 'default', 'project_domain_name': 'Default', 'project_id': '6de11643ebe646a794ab4d44ca2032bb', 'project_name': 'tempest-AttachInterfacesUnderV243Test-1925731383', 'tenant_id': '6de11643ebe646a794ab4d44ca2032bb', 'tenant_name': 'tempest-AttachInterfacesUnderV243Test-1925731383', 'user_domain_id': 'default', 'user_domain_name': 'Default', 'user_id': 'a2fdbe0cc55548ba85047b3d198dd246', 'system': None}, Network: None, Subnet: None, Router: None
2025-12-11 07:32:09.461 66476 INFO tempest.lib.common.rest_client [req-d4ed76cf-64b5-4448-87cf-919e8d105f27 req-d4ed76cf-64b5-4448-87cf-919e8d105f27 ] Request (AttachInterfacesUnderV243Test:setUpClass): 201 POST http://10.180.1.21/identity/v3/auth/tokens 0.072s
2025-12-11 07:32:09.535 66432 INFO tempest.lib.common.rest_client [req-10036dce-69e9-4e50-916c-5f38e8deac66 req-10036dce-69e9-4e50-916c-5f38e8deac66 ] Request (FloatingIPsTestJSON:setUpClass): 200 PUT http://10.180.1.21/networking/v2.0/routers/a79ac32d-962d-40e6-bc7c-73d0d8e92c18/add_router_interface 0.997s
