2025-11-21 09:07:33.155 67148 INFO tempest.lib.common.rest_client [req-ed51df18-c57c-4cb1-b80b-2f3bcaf2c727 req-ed51df18-c57c-4cb1-b80b-2f3bcaf2c727 ] Request (KeyPairsV22TestJSON:test_get_keypair_detail): 200 GET http://10.180.1.21/compute/v2.1/os-keypairs/tempest-keypair-1617440871 3.307s
2025-11-21 09:07:33.156 67128 INFO tempest.lib.common.rest_client [req-eabcc6e5-5b02-4071-81ac-bff91e3d25cd req-eabcc6e5-5b02-4071-81ac-bff91e3d25cd ] Request (VolumesAssistedSnapshotsTest:_run_cleanups): 202 DELETE http://10.180.1.21/volume/v3/volumes/fbb42afe-14c5-457a-8a91-94a76fb139ff 0.070s
2025-11-21 09:07:33.205 67128 INFO tempest.lib.common.rest_client [req-0ee935c8-af36-451d-8d0a-012df42b709b req-0ee935c8-af36-451d-8d0a-012df42b709b ] Request (VolumesAssistedSnapshotsTest:_run_cleanups): 200 GET http://10.180.1.21/volume/v3/volumes/fbb42afe-14c5-457a-8a91-94a76fb139ff 0.048s
2025-11-21 09:07:33.214 67152 INFO tempest.lib.common.rest_client [req-bd3cd706-7d7a-4aa5-a8a4-6ebe0ad177a9 req-bd3cd706-7d7a-4aa5-a8a4-6ebe0ad177a9 ] Request (ServerMetadataNegativeTestJSON:setUpClass): 201 POST http://10.180.1.21/identity/v3/auth/tokens 0.057s
2025-11-21 09:07:33.215 67152 INFO tempest.lib.common.fixed_network [-] (ServerMetadataNegativeTestJSON:setUpClass) Found network {'id': '11053a44-cb9e-446c-a084-b9b674903c65', 'name': 'tempest-ServerMetadataNegativeTestJSON-1177809863-network', 'tenant_id': '9d8a2cd75c5f4235bcd4facf0d01afb6', 'project_id': '9d8a2cd75c5f4235bcd4facf0d01afb6', 'admin_state_up': True, 'mtu': 8950, 'status': 'ACTIVE', 'subnets': [], 'shared': False, 'port_security_enabled': True, 'router:external': False, 'provider:network_type': 'vlan', 'provider:physical_network': 'default', 'provider:segmentation_id': 116, 'availability_zone_hints': [], 'availability_zones': [], 'ipv4_address_scope': None, 'ipv6_address_scope': None, 'description': '', 'tags': [], 'created_at': '2025-11-21T09:07:30Z', 'updated_at': '2025-11-21T09:07:30Z', 'revision_number': 1} available for tenant
2025-11-21 09:07:33.647 67132 INFO tempest.lib.common.rest_client [req-c87370d2-cc2d-4bcc-b6a6-f0549a660fd2 req-c87370d2-cc2d-4bcc-b6a6-f0549a660fd2 ] Request (ServerShowV257Test:test_rebuild_server): 200 GET http://10.180.1.21/compute/v2.1/servers/76fa3b09-2896-470a-b907-79801dc12b56 3.971s
2025-11-21 09:07:33.664 67096 INFO tempest.lib.common.rest_client [req-e5f58026-a3ef-40b0-b4ee-7bf64db50fb5 req-e5f58026-a3ef-40b0-b4ee-7bf64db50fb5 ] Request (ServersNegativeTestJSON:setUpClass): 200 GET http://10.180.1.21/compute/v2.1/servers/1b64739b-d3e2-40b2-98b6-231021f4d029 3.727s
2025-11-21 09:07:34.044 67144 INFO tempest.lib.common.rest_client [req-c2215a94-d1ff-4c47-9e42-fba68b59155d req-c2215a94-d1ff-4c47-9e42-fba68b59155d ] Request (ServerActionsTestJSON:setUpClass): 200 PUT http://10.180.1.21/networking/v2.0/routers/1f747c8d-e744-49de-850f-55a39d552057/add_router_interface 1.154s
2025-11-21 09:07:34.044 67144 INFO tempest.lib.common.dynamic_creds [-] Created isolated network resources for: credentials: Credentials: {'domain_id': 'default', 'domain_name': 'Default', 'username': 'tempest-ServerActionsTestJSON-130950099-project-member', 'project_domain_id': 'default', 'project_domain_name': 'Default', 'project_id': '515c2a40834f41c89ee0e020d1d2a2b2', 'project_name': 'tempest-ServerActionsTestJSON-130950099', 'tenant_id': '515c2a40834f41c89ee0e020d1d2a2b2', 'tenant_name': 'tempest-ServerActionsTestJSON-130950099', 'user_domain_id': 'default', 'user_domain_name': 'Default', 'user_id': 'e6ed8b26a61948c395dc7ddc111031ec', 'system': None}, Network: {'id': 'bcc528e2-3a97-48a6-828c-c15f481c3823', 'name': 'tempest-ServerActionsTestJSON-1905613697-network', 'tenant_id': '515c2a40834f41c89ee0e020d1d2a2b2', 'project_id': '515c2a40834f41c89ee0e020d1d2a2b2', 'admin_state_up': True, 'mtu': 8950, 'status': 'ACTIVE', 'subnets': [], 'shared': False, 'port_security_enabled': True, 'router:external': False, 'provider:network_type': 'vlan', 'provider:physical_network': 'default', 'provider:segmentation_id': 523, 'availability_zone_hints': [], 'availability_zones': [], 'ipv4_address_scope': None, 'ipv6_address_scope': None, 'description': '', 'tags': [], 'created_at': '2025-11-21T09:07:31Z', 'updated_at': '2025-11-21T09:07:31Z', 'revision_number': 1}, Subnet: {'id': 'd1783051-bcdf-49d6-b168-b4f77a1f01d1', 'name': 'tempest-ServerActionsTestJSON-1905613697-subnet', 'tenant_id': '515c2a40834f41c89ee0e020d1d2a2b2', 'network_id': 'bcc528e2-3a97-48a6-828c-c15f481c3823', 'ip_version': 4, 'subnetpool_id': None, 'enable_dhcp': True, 'ipv6_ra_mode': None, 'ipv6_address_mode': None, 'gateway_ip': '192.168.128.1', 'cidr': '192.168.128.0/28', 'allocation_pools': [{'start': '192.168.128.2', 'end': '192.168.128.14'}], 'host_routes': [], 'dns_nameservers': [], 'description': '', 'router:external': False, 'service_types': [], 'tags': [], 'created_at': '2025-11-21T09:07:31Z', 'updated_at': '2025-11-21T09:07:31Z', 'revision_number': 0, 'project_id': '515c2a40834f41c89ee0e020d1d2a2b2'}, Router: {'id': '1f747c8d-e744-49de-850f-55a39d552057', 'name': 'tempest-ServerActionsTestJSON-1905613697-router', 'tenant_id': '515c2a40834f41c89ee0e020d1d2a2b2', 'admin_state_up': True, 'status': 'ACTIVE', 'external_gateway_info': {'network_id': '0d7cf624-8353-403e-88d6-8221d91e3277', 'external_fixed_ips': [{'subnet_id': 'a23af705-dec2-49f7-84ec-2b790fc3e521', 'ip_address': '10.180.180.193'}], 'enable_snat': True}, 'description': '', 'availability_zones': [], 'distributed': False, 'ha': False, 'availability_zone_hints': [], 'routes': [], 'flavor_id': None, 'tags': [], 'created_at': '2025-11-21T09:07:32Z', 'updated_at': '2025-11-21T09:07:32Z', 'revision_number': 2, 'project_id': '515c2a40834f41c89ee0e020d1d2a2b2'}
2025-11-21 09:07:34.148 67144 INFO tempest.lib.common.rest_client [req-a534f821-d39c-476a-be71-5d27aebe67b4 req-a534f821-d39c-476a-be71-5d27aebe67b4 ] Request (ServerActionsTestJSON:setUpClass): 201 POST http://10.180.1.21/identity/v3/auth/tokens 0.099s
2025-11-21 09:07:34.256 67128 INFO tempest.lib.common.rest_client [req-fdc0ce1f-ef2c-4ccd-9588-374dfeb754ab req-fdc0ce1f-ef2c-4ccd-9588-374dfeb754ab ] Request (VolumesAssistedSnapshotsTest:_run_cleanups): 200 GET http://10.180.1.21/volume/v3/volumes/fbb42afe-14c5-457a-8a91-94a76fb139ff 0.043s
2025-11-21 09:07:34.274 67146 INFO tempest.lib.common.rest_client [req-d202491b-86d6-4064-b85e-4e4b6ded2a43 req-d202491b-86d6-4064-b85e-4e4b6ded2a43 ] Request (ServerActionsTestOtherA:setUp): 200 GET http://10.180.1.21/compute/v2.1/servers/3d4ac919-d0f3-4310-bed5-785da809fe2d 4.315s
2025-11-21 09:07:34.296 67119 INFO tempest.lib.common.rest_client [req-f3587274-bf8f-4ec9-8bac-0a07d15cec84 req-f3587274-bf8f-4ec9-8bac-0a07d15cec84 ] Request (ListServerFiltersTestJSON:test_list_servers_filtered_by_ip): 200 GET http://10.180.1.21/compute/v2.1/servers/c1152fd1-9900-40e4-a706-e4c9e1329771 4.246s
2025-11-21 09:07:34.362 67140 INFO tempest.lib.common.rest_client [req-52fecd19-e574-4ffb-9a7f-a79d397b2d3a req-52fecd19-e574-4ffb-9a7f-a79d397b2d3a ] Request (ServerTagsTestJSON:setUpClass): 200 GET http://10.180.1.21/compute/v2.1/servers/f9354fd5-4bf2-4da5-8227-621f848ef2b4 4.298s
2025-11-21 09:07:34.378 67146 INFO tempest.lib.common.rest_client [req-bdfb3dfe-51c5-4c4c-9760-89ea3f56bad3 req-bdfb3dfe-51c5-4c4c-9760-89ea3f56bad3 ] Request (ServerActionsTestOtherA:test_rebuild_server_in_stop_state): 201 POST http://10.180.1.21/identity/v3/auth/tokens 0.087s
2025-11-21 09:07:34.379 67146 INFO tempest.lib.common.fixed_network [-] (ServerActionsTestOtherA:test_rebuild_server_in_stop_state) Found network {'id': 'a12622b5-df9c-4e1d-bef3-e1a86e8fe759', 'name': 'tempest-ServerActionsTestOtherA-798068069-network', 'tenant_id': '9a356bd775ea4f14a9935bfd931093b5', 'project_id': '9a356bd775ea4f14a9935bfd931093b5', 'admin_state_up': True, 'mtu': 8950, 'status': 'ACTIVE', 'subnets': [], 'shared': False, 'port_security_enabled': True, 'router:external': False, 'provider:network_type': 'vlan', 'provider:physical_network': 'default', 'provider:segmentation_id': 453, 'availability_zone_hints': [], 'availability_zones': [], 'ipv4_address_scope': None, 'ipv6_address_scope': None, 'description': '', 'tags': [], 'created_at': '2025-11-21T09:05:41Z', 'updated_at': '2025-11-21T09:05:41Z', 'revision_number': 1} available for tenant
2025-11-21 09:07:34.477 67127 INFO tempest.lib.common.rest_client [req-f703edf6-c4e2-4469-9184-7bbed5bc89a0 req-f703edf6-c4e2-4469-9184-7bbed5bc89a0 ] Request (AttachInterfacesV270Test:tearDownClass): 200 GET http://10.180.1.21/compute/v2.1/servers/92272c56-dcfd-47cd-b308-cfdd6c842ab2 3.645s
2025-11-21 09:07:34.499 67104 INFO tempest.lib.common.rest_client [req-4edb1709-94b6-4515-814a-1e921728209c req-4edb1709-94b6-4515-814a-1e921728209c ] Request (ImagesOneServerNegativeTestJSON:tearDown): 200 GET http://10.180.1.21/compute/v2.1/servers/a92bf925-6b26-4139-8712-9866b6cba192 3.894s
2025-11-21 09:07:34.506 67104 INFO tempest.common.waiters [-] State transition "ACTIVE/image_uploading" ==> "ACTIVE/None" after 5 second wait
2025-11-21 09:07:34.566 67138 INFO tempest.lib.common.rest_client [req-ec65d613-6365-48aa-a72a-15f7b89cdeb3 req-ec65d613-6365-48aa-a72a-15f7b89cdeb3 ] Request (ServersWithSpecificFlavorTestJSON:test_verify_created_server_ephemeral_disk): 200 GET http://10.180.1.21/compute/v2.1/servers/0e740911-4848-48aa-a49d-f929be0479b2 3.545s
2025-11-21 09:07:34.594 67112 INFO tempest.lib.common.rest_client [req-ffb20788-3214-457f-a1e7-7fe0156f1926 req-ffb20788-3214-457f-a1e7-7fe0156f1926 ] Request (ServerMetadataTestJSON:setUpClass): 200 GET http://10.180.1.21/compute/v2.1/servers/8b9fb725-dabf-44ae-b778-9aadef50fc59 3.664s
2025-11-21 09:07:34.603 67112 INFO tempest.common.waiters [-] State transition "BUILD/networking" ==> "BUILD/spawning" after 33 second wait
2025-11-21 09:07:34.622 67098 INFO tempest.lib.common.rest_client [req-8242203b-bc58-4c9c-97b0-d4ebf39134e8 req-8242203b-bc58-4c9c-97b0-d4ebf39134e8 ] Request (ServersAdminTestJSON:test_create_server_with_scheduling_hint): 200 GET http://10.180.1.21/compute/v2.1/servers/1bd3edb4-d320-4f71-bbad-d794309bab1f 3.524s
2025-11-21 09:07:34.665 67124 INFO tempest.lib.common.rest_client [req-59cc506e-50d4-4603-ac42-628ced8e3e43 req-59cc506e-50d4-4603-ac42-628ced8e3e43 ] Request (ListServersNegativeTestJSON:tearDownClass): 200 GET http://10.180.1.21/compute/v2.1/servers/f332e0cd-c907-4ed3-992c-a17f51740d59 3.397s
2025-11-21 09:07:34.836 67110 INFO tempest.lib.common.rest_client [req-10e067fe-778f-445a-9a27-c4a7ce6a797c req-10e067fe-778f-445a-9a27-c4a7ce6a797c ] Request (AttachVolumeShelveTestJSON:test_attach_volume_shelved_or_offload_server): 200 GET http://10.180.1.21/compute/v2.1/servers/2cb84984-155b-4ec5-8795-a4dc89cb6eb5 3.317s
2025-11-21 09:07:34.861 67102 INFO tempest.lib.common.rest_client [req-ff469ad3-e5da-4ad4-8327-e3a178259c73 req-ff469ad3-e5da-4ad4-8327-e3a178259c73 ] Request (ServerActionsTestOtherB:setUpClass): 200 GET http://10.180.1.21/compute/v2.1/servers/57417beb-853a-47e3-a79e-f52c00b90c22 3.007s
2025-11-21 09:07:34.870 67102 INFO tempest.common.waiters [-] State transition "BUILD/spawning" ==> "ACTIVE/None" after 35 second wait
2025-11-21 09:07:34.996 67114 INFO tempest.lib.common.rest_client [req-ea4d96c7-cbed-49e9-91d3-fa911ff892fd req-ea4d96c7-cbed-49e9-91d3-fa911ff892fd ] Request (ImagesOneServerTestJSON:tearDownClass): 204 DELETE http://10.180.1.21/compute/v2.1/images/4f767f57-6d7e-4408-9d69-1cb4c199a7ea 2.814s
2025-11-21 09:07:35.085 67130 INFO tempest.lib.common.rest_client [req-08c33976-dfe6-4a08-a6e5-bc0aafb408ed req-08c33976-dfe6-4a08-a6e5-bc0aafb408ed ] Request (AttachInterfacesUnderV243Test:test_add_remove_fixed_ip): 200 GET http://10.180.1.21/compute/v2.1/servers/a3379d52-b15c-488b-a6fc-2efd93105754 2.653s
2025-11-21 09:07:35.102 67148 INFO tempest.lib.common.rest_client [req-d426475a-89d4-4190-9407-24c3861d07b1 req-d426475a-89d4-4190-9407-24c3861d07b1 ] Request (KeyPairsV22TestJSON:_run_cleanups): 204 DELETE http://10.180.1.21/compute/v2.1/os-keypairs/tempest-keypair-1617440871 1.944s
2025-11-21 09:07:35.173 67154 INFO tempest.lib.common.rest_client [req-c4a77bba-b790-4173-8c56-b8e55381bfee req-c4a77bba-b790-4173-8c56-b8e55381bfee ] Request (SecurityGroupsTestAdminJSON:_run_cleanups): 202 DELETE http://10.180.1.21/compute/v2.1/os-security-groups/0efc3bfd-7a96-4f44-9c3b-c424efb5a90e 2.201s
2025-11-21 09:07:35.264 67122 INFO tempest.lib.common.rest_client [req-3c528943-2281-4892-8857-232842b707f3 req-3c528943-2281-4892-8857-232842b707f3 ] Request (ServerShowV254Test:test_rebuild_server): 200 GET http://10.180.1.21/compute/v2.1/servers/79c9b7c8-e5ef-44c6-8fe1-eb907d3577c0 1.251s
2025-11-21 09:07:35.317 67128 INFO tempest.lib.common.rest_client [req-afbc2352-eccd-4dca-9036-b38cdc63d69d req-afbc2352-eccd-4dca-9036-b38cdc63d69d ] Request (VolumesAssistedSnapshotsTest:_run_cleanups): 200 GET http://10.180.1.21/volume/v3/volumes/fbb42afe-14c5-457a-8a91-94a76fb139ff 0.046s
2025-11-21 09:07:35.669 67152 INFO tempest.lib.common.rest_client [req-715d4103-c680-4cc0-9c74-86b26429948e req-715d4103-c680-4cc0-9c74-86b26429948e ] Request (ServerMetadataNegativeTestJSON:setUpClass): 202 POST http://10.180.1.21/compute/v2.1/servers 2.453s
2025-11-21 09:07:35.821 67120 INFO tempest.lib.common.rest_client [req-00a57797-f78e-46ed-a356-43dd11235ae6 req-00a57797-f78e-46ed-a356-43dd11235ae6 ] Request (ServerDiagnosticsV248Test:test_get_server_diagnostics): 200 GET http://10.180.1.21/compute/v2.1/servers/9642edb3-eebe-433e-92d8-55e3c112c063/diagnostics 1.752s
2025-11-21 09:07:35.853 67106 INFO tempest.lib.common.rest_client [req-75aedf28-3d9b-4a56-b3c2-8eda0bef0ad4 req-75aedf28-3d9b-4a56-b3c2-8eda0bef0ad4 ] Request (MigrationsAdminTest:test_resize_server_revert_deleted_flavor): 200 GET http://10.180.1.21/compute/v2.1/servers/0a1e9d66-ea85-474c-9751-120c5438f848 1.716s
2025-11-21 09:07:35.869 67106 INFO tempest.common.waiters [-] State transition "BUILD/networking" ==> "BUILD/spawning" after 30 second wait
2025-11-21 09:07:35.941 67144 INFO tempest.lib.common.rest_client [req-0d4fcb3c-17c6-4739-aa55-aaab8b244426 req-0d4fcb3c-17c6-4739-aa55-aaab8b244426 ] Request (ServerActionsTestJSON:setUpClass): 200 POST http://10.180.1.21/compute/v2.1/os-keypairs 1.790s
2025-11-21 09:07:36.344 67128 INFO tempest.lib.common.rest_client [req-373c8d80-5514-4a36-97b0-df62776363a4 req-373c8d80-5514-4a36-97b0-df62776363a4 ] Request (VolumesAssistedSnapshotsTest:_run_cleanups): 404 GET http://10.180.1.21/volume/v3/volumes/fbb42afe-14c5-457a-8a91-94a76fb139ff 0.016s
2025-11-21 09:07:36.386 67134 INFO tempest.lib.common.rest_client [req-9e56b350-3376-4fcc-b944-3a13dd93509b req-9e56b350-3376-4fcc-b944-3a13dd93509b ] Request (ServersAdminNegativeTestJSON:test_migrate_server_invalid_state): 200 GET http://10.180.1.21/compute/v2.1/servers/3e7ea9cc-28e5-457c-9c6c-dd29094466cd 2.242s
2025-11-21 09:07:36.557 67144 INFO tempest.lib.common.rest_client [req-c2a95a58-ec60-47ae-a675-da40f106f204 req-c2a95a58-ec60-47ae-a675-da40f106f204 ] Request (ServerActionsTestJSON:setUpClass): 201 POST http://10.180.1.21/networking/v2.0/security-groups 0.614s
2025-11-21 09:07:36.790 67144 INFO tempest.lib.common.rest_client [req-bab35f3c-9a3b-494d-a245-015478ef11dc req-bab35f3c-9a3b-494d-a245-015478ef11dc ] Request (ServerActionsTestJSON:setUpClass): 201 POST http://10.180.1.21/networking/v2.0/security-group-rules 0.232s
2025-11-21 09:07:36.821 67119 INFO tempest.lib.common.rest_client [req-8035b5df-e709-45cc-9535-5e055a5b0f6b req-8035b5df-e709-45cc-9535-5e055a5b0f6b ] Request (ListServerFiltersTestJSON:test_list_servers_filtered_by_ip): 200 GET http://10.180.1.21/compute/v2.1/servers/a5e7f2d6-10dc-443d-8466-2c142b68b0a3 2.517s
2025-11-21 09:07:36.924 67144 INFO tempest.lib.common.rest_client [req-8d363591-f72f-42b6-97d7-b2d78e2a7520 req-8d363591-f72f-42b6-97d7-b2d78e2a7520 ] Request (ServerActionsTestJSON:setUpClass): 201 POST http://10.180.1.21/networking/v2.0/security-group-rules 0.133s
2025-11-21 09:07:36.927 67104 INFO tempest.lib.common.rest_client [req-e0ccf8c4-21c4-4ffc-a630-39bbea8c3e37 req-e0ccf8c4-21c4-4ffc-a630-39bbea8c3e37 ] Request (ImagesOneServerNegativeTestJSON:_run_cleanups): 204 DELETE http://10.180.1.21/compute/v2.1/servers/a92bf925-6b26-4139-8712-9866b6cba192 2.420s
2025-11-21 09:07:37.451 67144 INFO tempest.lib.common.rest_client [req-564b1bf0-06be-490b-99c7-619181a95f57 req-564b1bf0-06be-490b-99c7-619181a95f57 ] Request (ServerActionsTestJSON:setUpClass): 201 POST http://10.180.1.21/networking/v2.0/floatingips 0.526s
2025-11-21 09:07:37.481 67132 INFO tempest.lib.common.rest_client [req-01766940-7bc6-4323-86ec-e7e2ed31046b req-01766940-7bc6-4323-86ec-e7e2ed31046b ] Request (ServerShowV257Test:test_rebuild_server): 200 GET http://10.180.1.21/compute/v2.1/servers/76fa3b09-2896-470a-b907-79801dc12b56 2.818s
2025-11-21 09:07:37.493 67144 INFO tempest.lib.common.rest_client [req-a3a85008-3db1-4a3b-aaf9-cd8413c9500f req-a3a85008-3db1-4a3b-aaf9-cd8413c9500f ] Request (ServerActionsTestJSON:setUpClass): 201 POST http://10.180.1.21/identity/v3/auth/tokens 0.039s
2025-11-21 09:07:37.494 67144 INFO tempest.lib.common.fixed_network [-] (ServerActionsTestJSON:setUpClass) Found network {'id': 'bcc528e2-3a97-48a6-828c-c15f481c3823', 'name': 'tempest-ServerActionsTestJSON-1905613697-network', 'tenant_id': '515c2a40834f41c89ee0e020d1d2a2b2', 'project_id': '515c2a40834f41c89ee0e020d1d2a2b2', 'admin_state_up': True, 'mtu': 8950, 'status': 'ACTIVE', 'subnets': [], 'shared': False, 'port_security_enabled': True, 'router:external': False, 'provider:network_type': 'vlan', 'provider:physical_network': 'default', 'provider:segmentation_id': 523, 'availability_zone_hints': [], 'availability_zones': [], 'ipv4_address_scope': None, 'ipv6_address_scope': None, 'description': '', 'tags': [], 'created_at': '2025-11-21T09:07:31Z', 'updated_at': '2025-11-21T09:07:31Z', 'revision_number': 1} available for tenant
2025-11-21 09:07:37.572 67096 INFO tempest.lib.common.rest_client [req-78e7f188-3d31-4356-874a-9b300c3e67af req-78e7f188-3d31-4356-874a-9b300c3e67af ] Request (ServersNegativeTestJSON:setUpClass): 200 GET http://10.180.1.21/compute/v2.1/servers/1b64739b-d3e2-40b2-98b6-231021f4d029 2.895s
2025-11-21 09:07:37.673 67146 INFO tempest.lib.common.rest_client [req-5216514a-83dd-4416-802f-3f7ded2e050d req-5216514a-83dd-4416-802f-3f7ded2e050d ] Request (ServerActionsTestOtherA:test_rebuild_server_in_stop_state): 202 POST http://10.180.1.21/compute/v2.1/servers 3.293s
2025-11-21 09:07:37.676 67102 INFO tempest.lib.common.rest_client [req-467f1e53-f670-4035-96b8-69b392572a89 req-467f1e53-f670-4035-96b8-69b392572a89 ] Request (ServerActionsTestOtherB:setUpClass): 200 GET http://10.180.1.21/compute/v2.1/servers/57417beb-853a-47e3-a79e-f52c00b90c22/os-interface 2.805s
2025-11-21 09:07:37.698 67114 INFO tempest.lib.common.rest_client [req-8159b242-9e48-402f-b366-1eddec57eb72 req-8159b242-9e48-402f-b366-1eddec57eb72 ] Request (ImagesOneServerTestJSON:tearDownClass): 404 DELETE http://10.180.1.21/compute/v2.1/images/7406bd20-8d6d-4c21-93bc-6d383e40839c 2.701s
2025-11-21 09:07:37.724 67148 INFO tempest.lib.common.rest_client [req-5fe54fa9-ad0a-488c-b584-e1f51438d0a3 req-5fe54fa9-ad0a-488c-b584-e1f51438d0a3 ] Request (KeyPairsV22TestJSON:test_keypair_create_delete): 201 POST http://10.180.1.21/compute/v2.1/os-keypairs 2.620s
2025-11-21 09:07:37.860 67154 INFO tempest.lib.common.rest_client [req-b0444c6a-4538-4ce5-a446-377d6dde9a2a req-b0444c6a-4538-4ce5-a446-377d6dde9a2a ] Request (SecurityGroupsTestAdminJSON:_run_cleanups): 202 DELETE http://10.180.1.21/compute/v2.1/os-security-groups/30a788d0-c792-40ee-937d-fde049fb8ef9 2.685s
2025-11-21 09:07:37.893 67140 INFO tempest.lib.common.rest_client [req-133d9b26-cc99-44b2-9bd7-b0126b7897c5 req-133d9b26-cc99-44b2-9bd7-b0126b7897c5 ] Request (ServerTagsTestJSON:setUpClass): 200 GET http://10.180.1.21/compute/v2.1/servers/f9354fd5-4bf2-4da5-8227-621f848ef2b4 2.513s
2025-11-21 09:07:37.902 67140 INFO tempest.common.waiters [-] State transition "BUILD/None" ==> "BUILD/networking" after 25 second wait
2025-11-21 09:07:37.952 67127 INFO tempest.lib.common.rest_client [req-809dc5bc-e140-4011-be6a-6d1cfb382ab3 req-809dc5bc-e140-4011-be6a-6d1cfb382ab3 ] Request (AttachInterfacesV270Test:tearDownClass): 200 GET http://10.180.1.21/compute/v2.1/servers/92272c56-dcfd-47cd-b308-cfdd6c842ab2 2.463s
2025-11-21 09:07:37.969 67138 INFO tempest.lib.common.rest_client [req-4ed8d2cd-ccb4-4832-9267-4e8bb5fbd250 req-4ed8d2cd-ccb4-4832-9267-4e8bb5fbd250 ] Request (ServersWithSpecificFlavorTestJSON:test_verify_created_server_ephemeral_disk): 200 GET http://10.180.1.21/compute/v2.1/servers/0e740911-4848-48aa-a49d-f929be0479b2 2.390s
2025-11-21 09:07:37.992 67142 WARNING tempest.lib.common.ssh [-] Failed to establish authenticated ssh connection to cirros@10.180.180.152 ([Errno None] Unable to connect to port 22 on 10.180.180.152). Number attempts: 5. Retry after 6 seconds.: paramiko.ssh_exception.NoValidConnectionsError: [Errno None] Unable to connect to port 22 on 10.180.180.152
2025-11-21 09:07:38.113 67112 INFO tempest.lib.common.rest_client [req-822378f9-31b0-4d22-9635-78ef5b6f78e4 req-822378f9-31b0-4d22-9635-78ef5b6f78e4 ] Request (ServerMetadataTestJSON:setUpClass): 200 GET http://10.180.1.21/compute/v2.1/servers/8b9fb725-dabf-44ae-b778-9aadef50fc59 2.508s
2025-11-21 09:07:38.140 67098 INFO tempest.lib.common.rest_client [req-ea7db0db-9459-4125-8fa1-f3b7e88e7cba req-ea7db0db-9459-4125-8fa1-f3b7e88e7cba ] Request (ServersAdminTestJSON:test_create_server_with_scheduling_hint): 200 GET http://10.180.1.21/compute/v2.1/servers/1bd3edb4-d320-4f71-bbad-d794309bab1f 2.509s
2025-11-21 09:07:38.151 67098 INFO tempest.common.waiters [-] State transition "BUILD/None" ==> "BUILD/spawning" after 26 second wait
2025-11-21 09:07:38.197 67152 INFO tempest.lib.common.rest_client [req-9c1011f2-8362-4045-b3a6-c7f4606fa764 req-9c1011f2-8362-4045-b3a6-c7f4606fa764 ] Request (ServerMetadataNegativeTestJSON:setUpClass): 200 GET http://10.180.1.21/compute/v2.1/servers/f72d7da4-6940-46c5-86f2-267d446046c4 2.526s
2025-11-21 09:07:38.290 67102 INFO tempest.lib.common.rest_client [req-d083072d-50ca-4838-992c-61a68c5053c9 req-d083072d-50ca-4838-992c-61a68c5053c9 ] Request (ServerActionsTestOtherB:setUpClass): 200 PUT http://10.180.1.21/networking/v2.0/floatingips/8161f467-6b2e-4467-854f-7be241371dc4 0.611s
2025-11-21 09:07:38.291 67102 INFO tempest.lib.common.ssh [-] Creating ssh connection to '10.180.180.132:22' as 'cirros' with public key authentication
2025-11-21 09:07:38.312 67120 INFO tempest.lib.common.rest_client [req-7d13255a-c726-476d-8118-c07c692df086 req-7d13255a-c726-476d-8118-c07c692df086 ] Request (ServerDiagnosticsV248Test:tearDownClass): 204 DELETE http://10.180.1.21/compute/v2.1/servers/9642edb3-eebe-433e-92d8-55e3c112c063 2.476s
2025-11-21 09:07:38.313 67124 INFO tempest.lib.common.rest_client [req-a45ec42c-c347-4e7f-ab19-98ffeaf1c308 req-a45ec42c-c347-4e7f-ab19-98ffeaf1c308 ] Request (ListServersNegativeTestJSON:tearDownClass): 200 GET http://10.180.1.21/compute/v2.1/servers/f332e0cd-c907-4ed3-992c-a17f51740d59 2.638s
2025-11-21 09:07:38.483 67110 INFO tempest.lib.common.rest_client [req-342de5a1-fbec-48e2-a3a4-017522173a00 req-342de5a1-fbec-48e2-a3a4-017522173a00 ] Request (AttachVolumeShelveTestJSON:test_attach_volume_shelved_or_offload_server): 200 GET http://10.180.1.21/compute/v2.1/servers/2cb84984-155b-4ec5-8795-a4dc89cb6eb5 2.628s
2025-11-21 09:07:38.505 67130 INFO tempest.lib.common.rest_client [req-e4804044-d2d4-446e-8ba5-5476c56b6c4b req-e4804044-d2d4-446e-8ba5-5476c56b6c4b ] Request (AttachInterfacesUnderV243Test:test_add_remove_fixed_ip): 200 GET http://10.180.1.21/compute/v2.1/servers/a3379d52-b15c-488b-a6fc-2efd93105754 2.407s
2025-11-21 09:07:38.518 67130 INFO tempest.common.waiters [-] State transition "BUILD/spawning" ==> "ACTIVE/None" after 39 second wait
2025-11-21 09:07:38.601 67122 INFO tempest.lib.common.rest_client [req-56c5d573-d38b-4988-96c1-94107dcbe119 req-56c5d573-d38b-4988-96c1-94107dcbe119 ] Request (ServerShowV254Test:test_rebuild_server): 200 GET http://10.180.1.21/compute/v2.1/servers/79c9b7c8-e5ef-44c6-8fe1-eb907d3577c0 2.321s
2025-11-21 09:07:38.653 67128 INFO tempest.lib.common.rest_client [req-2aa9dbc8-2038-4ac8-90d6-64043fa84143 req-2aa9dbc8-2038-4ac8-90d6-64043fa84143 ] Request (VolumesAssistedSnapshotsTest:tearDownClass): 204 DELETE http://10.180.1.21/compute/v2.1/servers/155797b1-2470-43a6-84f6-39ee2fe1586e 2.300s
2025-11-21 09:07:38.804 67119 INFO tempest.lib.common.rest_client [req-d24271c4-0b0c-43fc-b3bc-7c92953862eb req-d24271c4-0b0c-43fc-b3bc-7c92953862eb ] Request (ListServerFiltersTestJSON:test_list_servers_filtered_by_ip): 200 GET http://10.180.1.21/compute/v2.1/servers?ip=192.168.128.10 1.975s
2025-11-21 09:07:38.928 67106 INFO tempest.lib.common.rest_client [req-b36e7de7-3e29-4da7-9831-bf90092af6dd req-b36e7de7-3e29-4da7-9831-bf90092af6dd ] Request (MigrationsAdminTest:test_resize_server_revert_deleted_flavor): 200 GET http://10.180.1.21/compute/v2.1/servers/0a1e9d66-ea85-474c-9751-120c5438f848 2.056s
2025-11-21 09:07:39.054 67104 INFO tempest.lib.common.rest_client [req-f3bdb138-7ddc-45bc-b255-3f2b52998333 req-f3bdb138-7ddc-45bc-b255-3f2b52998333 ] Request (ImagesOneServerNegativeTestJSON:_run_cleanups): 200 GET http://10.180.1.21/compute/v2.1/servers/a92bf925-6b26-4139-8712-9866b6cba192 2.126s
2025-11-21 09:07:39.077 67134 INFO tempest.lib.common.rest_client [req-3caed3be-892c-4754-bb55-16b88052f13a req-3caed3be-892c-4754-bb55-16b88052f13a ] Request (ServersAdminNegativeTestJSON:test_migrate_server_invalid_state): 200 GET http://10.180.1.21/compute/v2.1/servers/3e7ea9cc-28e5-457c-9c6c-dd29094466cd 1.678s
2025-11-21 09:07:39.139 67146 INFO tempest.lib.common.rest_client [req-8460b7c9-e327-4275-ac97-41ef56e265e3 req-8460b7c9-e327-4275-ac97-41ef56e265e3 ] Request (ServerActionsTestOtherA:test_rebuild_server_in_stop_state): 200 GET http://10.180.1.21/compute/v2.1/servers/5116edb7-de7a-41a5-b6d5-b177efba94e3 1.463s
2025-11-21 09:07:39.213 67114 INFO tempest.lib.common.rest_client [req-81254d28-d21e-45b0-8469-4cfb567faef9 req-81254d28-d21e-45b0-8469-4cfb567faef9 ] Request (ImagesOneServerTestJSON:tearDownClass): 204 DELETE http://10.180.1.21/compute/v2.1/servers/118f9f30-1050-469d-9e5c-d758052b90aa 1.514s
2025-11-21 09:07:39.232 67148 INFO tempest.lib.common.rest_client [req-39881f7a-b684-4e85-817b-ac3b8a1ea13c req-39881f7a-b684-4e85-817b-ac3b8a1ea13c ] Request (KeyPairsV22TestJSON:_run_cleanups): 204 DELETE http://10.180.1.21/compute/v2.1/os-keypairs/tempest-keypair-467375046 1.505s
2025-11-21 09:07:39.487 67154 INFO tempest.lib.common.rest_client [req-574cb0c4-25c6-408e-9611-88372b3ad114 req-574cb0c4-25c6-408e-9611-88372b3ad114 ] Request (SecurityGroupsTestAdminJSON:_run_cleanups): 202 DELETE http://10.180.1.21/compute/v2.1/os-security-groups/71edde0a-1e17-4654-9909-c1e5a42d4aa7 1.626s
2025-11-21 09:07:39.583 67154 INFO tempest.lib.common.rest_client [req-64cb40c8-226a-44c7-90ec-835308c08edb req-64cb40c8-226a-44c7-90ec-835308c08edb ] Request (SecurityGroupsTestAdminJSON:tearDownClass): 204 DELETE http://10.180.1.21/identity/v3/users/cae56977fffa4275aa9f580e96b4954f 0.095s
2025-11-21 09:07:39.584 67120 INFO tempest.lib.common.rest_client [req-24ba5a90-4e4e-4deb-807d-5cd11660d4c7 req-24ba5a90-4e4e-4deb-807d-5cd11660d4c7 ] Request (ServerDiagnosticsV248Test:tearDownClass): 200 GET http://10.180.1.21/compute/v2.1/servers/9642edb3-eebe-433e-92d8-55e3c112c063 1.272s
2025-11-21 09:07:39.649 67132 INFO tempest.lib.common.rest_client [req-ef60550d-1afc-448e-a001-4bb107ea54b7 req-ef60550d-1afc-448e-a001-4bb107ea54b7 ] Request (ServerShowV257Test:test_rebuild_server): 200 GET http://10.180.1.21/compute/v2.1/servers/76fa3b09-2896-470a-b907-79801dc12b56 1.152s
2025-11-21 09:07:39.657 67144 INFO tempest.lib.common.rest_client [req-7541a3b1-8a82-4507-a021-2af0fe2a2375 req-7541a3b1-8a82-4507-a021-2af0fe2a2375 ] Request (ServerActionsTestJSON:setUpClass): 202 POST http://10.180.1.21/compute/v2.1/servers 2.163s
2025-11-21 09:07:39.728 67154 INFO tempest.lib.common.rest_client [req-f32b3ceb-5a37-42a7-9094-698f0fa952cd req-f32b3ceb-5a37-42a7-9094-698f0fa952cd ] Request (SecurityGroupsTestAdminJSON:tearDownClass): 204 DELETE http://10.180.1.21/identity/v3/users/96835226eb9a46fb9b63991a10bbc8d1 0.144s
2025-11-21 09:07:39.728 67154 INFO tempest.lib.common.dynamic_creds [-] Deleting project and security group for project: 4ad39f5c1bba4be7b31921a6b333daf4
2025-11-21 09:07:39.742 67130 INFO tempest.lib.common.rest_client [req-0ddf00e4-49a2-4e88-a1a9-22c1c168938e req-0ddf00e4-49a2-4e88-a1a9-22c1c168938e ] Request (AttachInterfacesUnderV243Test:test_add_remove_fixed_ip): 200 GET http://10.180.1.21/compute/v2.1/servers/a3379d52-b15c-488b-a6fc-2efd93105754/os-interface 1.219s
2025-11-21 09:07:39.766 67096 INFO tempest.lib.common.rest_client [req-fff5e1b1-2df2-4909-8421-0f1e262aeba2 req-fff5e1b1-2df2-4909-8421-0f1e262aeba2 ] Request (ServersNegativeTestJSON:setUpClass): 200 GET http://10.180.1.21/compute/v2.1/servers/1b64739b-d3e2-40b2-98b6-231021f4d029 1.177s
2025-11-21 09:07:39.823 67154 INFO tempest.lib.common.rest_client [req-01e36ed4-0733-4d72-bbcb-de1bcfc9eede req-01e36ed4-0733-4d72-bbcb-de1bcfc9eede ] Request (SecurityGroupsTestAdminJSON:tearDownClass): 201 POST http://10.180.1.21/identity/v3/auth/tokens 0.094s
2025-11-21 09:07:40.035 67160 WARNING tempest.lib.common.ssh [-] Failed to establish authenticated ssh connection to cirros@10.180.180.203 ([Errno None] Unable to connect to port 22 on 10.180.180.203). Number attempts: 6. Retry after 7 seconds.: paramiko.ssh_exception.NoValidConnectionsError: [Errno None] Unable to connect to port 22 on 10.180.180.203
2025-11-21 09:07:40.297 67130 INFO tempest.lib.common.rest_client [req-3ba68f30-5fb8-4f85-98d8-dd600fda8a4a req-3ba68f30-5fb8-4f85-98d8-dd600fda8a4a ] Request (AttachInterfacesUnderV243Test:test_add_remove_fixed_ip): 200 PUT http://10.180.1.21/networking/v2.0/floatingips/232c6f0c-207d-4c65-b708-9eeb5f8a2afb 0.552s
2025-11-21 09:07:40.427 67154 INFO tempest.lib.common.rest_client [req-82f80a60-33e0-43cd-a560-e73cc6097312 req-82f80a60-33e0-43cd-a560-e73cc6097312 ] Request (SecurityGroupsTestAdminJSON:tearDownClass): 200 GET http://10.180.1.21/networking/v2.0/security-groups?tenant_id=4ad39f5c1bba4be7b31921a6b333daf4&name=default 0.604s
2025-11-21 09:07:40.495 67128 INFO tempest.lib.common.rest_client [req-2c81e590-9500-4f9b-ab40-2822c64890ac req-2c81e590-9500-4f9b-ab40-2822c64890ac ] Request (VolumesAssistedSnapshotsTest:tearDownClass): 200 GET http://10.180.1.21/compute/v2.1/servers/155797b1-2470-43a6-84f6-39ee2fe1586e 1.842s
2025-11-21 09:07:40.516 67119 INFO tempest.lib.common.rest_client [req-eaccb7f3-c95a-408d-b804-77c039fd4cab req-eaccb7f3-c95a-408d-b804-77c039fd4cab ] Request (ListServerFiltersTestJSON:test_list_servers_filtered_by_ip_regex): 200 GET http://10.180.1.21/compute/v2.1/servers/b98e8bb7-5bbc-461e-b48d-62bd0d951ec8 1.709s
2025-11-21 09:07:40.632 67154 INFO tempest.lib.common.rest_client [req-ac069de1-d0cf-47e3-8790-c7e73cf4b3a7 req-ac069de1-d0cf-47e3-8790-c7e73cf4b3a7 ] Request (SecurityGroupsTestAdminJSON:tearDownClass): 204 DELETE http://10.180.1.21/networking/v2.0/security-groups/1fe32f20-7977-471d-8973-cbc5ace0d944 0.204s
2025-11-21 09:07:40.711 67154 INFO tempest.lib.common.rest_client [req-ba3edbd3-784a-4ba5-8649-ffb65fdbc2a4 req-ba3edbd3-784a-4ba5-8649-ffb65fdbc2a4 ] Request (SecurityGroupsTestAdminJSON:tearDownClass): 204 DELETE http://10.180.1.21/identity/v3/projects/4ad39f5c1bba4be7b31921a6b333daf4 0.078s
2025-11-21 09:07:40.712 67154 INFO tempest.lib.common.dynamic_creds [-] Deleting project and security group for project: 341d5db7e4c94f0ba7505a12d1227808
2025-11-21 09:07:40.764 67127 INFO tempest.lib.common.rest_client [req-bf9c2c35-4556-44bc-bb8d-bd7d6b1f677a req-bf9c2c35-4556-44bc-bb8d-bd7d6b1f677a ] Request (AttachInterfacesV270Test:tearDownClass): 200 GET http://10.180.1.21/compute/v2.1/servers/92272c56-dcfd-47cd-b308-cfdd6c842ab2 1.800s
2025-11-21 09:07:40.882 67154 INFO tempest.lib.common.rest_client [req-50b75e41-3a3b-4b9d-95cd-9d1e3c8181d7 req-50b75e41-3a3b-4b9d-95cd-9d1e3c8181d7 ] Request (SecurityGroupsTestAdminJSON:tearDownClass): 200 GET http://10.180.1.21/networking/v2.0/security-groups?tenant_id=341d5db7e4c94f0ba7505a12d1227808&name=default 0.169s
2025-11-21 09:07:40.904 67140 INFO tempest.lib.common.rest_client [req-fd381e84-e221-4279-b617-399582d467db req-fd381e84-e221-4279-b617-399582d467db ] Request (ServerTagsTestJSON:setUpClass): 200 GET http://10.180.1.21/compute/v2.1/servers/f9354fd5-4bf2-4da5-8227-621f848ef2b4 2.001s
2025-11-21 09:07:40.907 67138 INFO tempest.lib.common.rest_client [req-8473147c-f45a-4271-b443-54256425e79d req-8473147c-f45a-4271-b443-54256425e79d ] Request (ServersWithSpecificFlavorTestJSON:test_verify_created_server_ephemeral_disk): 200 GET http://10.180.1.21/compute/v2.1/servers/0e740911-4848-48aa-a49d-f929be0479b2 1.927s
2025-11-21 09:07:40.915 67140 INFO tempest.common.waiters [-] State transition "BUILD/networking" ==> "BUILD/spawning" after 28 second wait
2025-11-21 09:07:41.047 67154 INFO tempest.lib.common.rest_client [req-a3e4a657-207a-47f2-b335-d38d7b00cdcd req-a3e4a657-207a-47f2-b335-d38d7b00cdcd ] Request (SecurityGroupsTestAdminJSON:tearDownClass): 204 DELETE http://10.180.1.21/networking/v2.0/security-groups/9a1e5f2c-27b0-4705-ad5b-45106adf108b 0.164s
2025-11-21 09:07:41.201 67112 INFO tempest.lib.common.rest_client [req-f1fcdaed-cdb9-4e1c-926a-84c8bef7ba61 req-f1fcdaed-cdb9-4e1c-926a-84c8bef7ba61 ] Request (ServerMetadataTestJSON:setUpClass): 200 GET http://10.180.1.21/compute/v2.1/servers/8b9fb725-dabf-44ae-b778-9aadef50fc59 2.078s
2025-11-21 09:07:41.205 67098 INFO tempest.lib.common.rest_client [req-efe4072e-3d7f-466d-81f2-4d2905ee2b3b req-efe4072e-3d7f-466d-81f2-4d2905ee2b3b ] Request (ServersAdminTestJSON:test_create_server_with_scheduling_hint): 200 GET http://10.180.1.21/compute/v2.1/servers/1bd3edb4-d320-4f71-bbad-d794309bab1f 2.053s
2025-11-21 09:07:41.209 67154 INFO tempest.lib.common.rest_client [req-a908cc9f-ae99-452d-a74e-9e470a9c90cd req-a908cc9f-ae99-452d-a74e-9e470a9c90cd ] Request (SecurityGroupsTestAdminJSON:tearDownClass): 204 DELETE http://10.180.1.21/identity/v3/projects/341d5db7e4c94f0ba7505a12d1227808 0.161s
2025-11-21 09:07:41.287 67152 INFO tempest.lib.common.rest_client [req-18ef4dc7-2954-4687-be10-d79c10430f04 req-18ef4dc7-2954-4687-be10-d79c10430f04 ] Request (ServerMetadataNegativeTestJSON:setUpClass): 200 GET http://10.180.1.21/compute/v2.1/servers/f72d7da4-6940-46c5-86f2-267d446046c4 2.080s
2025-11-21 09:07:41.306 67154 INFO tempest.lib.common.rest_client [req-4f4e1fb8-f174-4d74-9005-f521c6e48027 req-4f4e1fb8-f174-4d74-9005-f521c6e48027 ] Request (DeleteServersTestJSON:setUpClass): 201 POST http://10.180.1.21/identity/v3/auth/tokens 0.095s
2025-11-21 09:07:41.337 67148 INFO tempest.lib.common.rest_client [req-259a6a3e-3cbe-4b2c-86b6-a784242b0f5e req-259a6a3e-3cbe-4b2c-86b6-a784242b0f5e ] Request (KeyPairsV22TestJSON:test_keypair_create_with_pub_key): 201 POST http://10.180.1.21/compute/v2.1/os-keypairs 2.104s
2025-11-21 09:07:41.357 67154 INFO tempest.lib.common.rest_client [req-343ad4fd-d43c-40f3-84bd-a4373763b12c req-343ad4fd-d43c-40f3-84bd-a4373763b12c ] Request (DeleteServersTestJSON:setUpClass): 201 POST http://10.180.1.21/identity/v3/auth/tokens 0.048s
2025-11-21 09:07:41.406 67114 INFO tempest.lib.common.rest_client [req-f3cd13e2-77b4-437d-b6db-83b7821284b2 req-f3cd13e2-77b4-437d-b6db-83b7821284b2 ] Request (ImagesOneServerTestJSON:tearDownClass): 200 GET http://10.180.1.21/compute/v2.1/servers/118f9f30-1050-469d-9e5c-d758052b90aa 2.192s
2025-11-21 09:07:41.413 67154 INFO tempest.lib.common.rest_client [req-ffcca192-9d5d-447b-afdb-349f19c3d207 req-ffcca192-9d5d-447b-afdb-349f19c3d207 ] Request (DeleteServersTestJSON:setUpClass): 200 GET http://10.180.1.21/identity/v3/domains?name=Default 0.056s
2025-11-21 09:07:41.434 67124 INFO tempest.lib.common.rest_client [req-43b9c304-1fcc-40bc-9188-9b01c23c34c5 req-43b9c304-1fcc-40bc-9188-9b01c23c34c5 ] Request (ListServersNegativeTestJSON:tearDownClass): 200 GET http://10.180.1.21/compute/v2.1/servers/f332e0cd-c907-4ed3-992c-a17f51740d59 2.110s
2025-11-21 09:07:41.474 67154 INFO tempest.lib.common.rest_client [req-b4d3c492-c727-4c32-948f-6664f1512c20 req-b4d3c492-c727-4c32-948f-6664f1512c20 ] Request (DeleteServersTestJSON:setUpClass): 201 POST http://10.180.1.21/identity/v3/projects 0.060s
2025-11-21 09:07:41.581 67122 INFO tempest.lib.common.rest_client [req-e84765e2-fa31-4b50-8742-45662012590d req-e84765e2-fa31-4b50-8742-45662012590d ] Request (ServerShowV254Test:test_rebuild_server): 200 GET http://10.180.1.21/compute/v2.1/servers/79c9b7c8-e5ef-44c6-8fe1-eb907d3577c0 1.968s
2025-11-21 09:07:41.634 67110 INFO tempest.lib.common.rest_client [req-8e47228c-180c-4fd8-a7a6-e9d6af36266b req-8e47228c-180c-4fd8-a7a6-e9d6af36266b ] Request (AttachVolumeShelveTestJSON:test_attach_volume_shelved_or_offload_server): 200 GET http://10.180.1.21/compute/v2.1/servers/2cb84984-155b-4ec5-8795-a4dc89cb6eb5 2.137s
2025-11-21 09:07:41.640 67154 INFO tempest.lib.common.rest_client [req-5c9dfcc7-cfdc-49cb-bcaf-9d0b0e4890a4 req-5c9dfcc7-cfdc-49cb-bcaf-9d0b0e4890a4 ] Request (DeleteServersTestJSON:setUpClass): 201 POST http://10.180.1.21/identity/v3/users 0.165s
2025-11-21 09:07:41.671 67154 INFO tempest.lib.common.rest_client [req-bce341ce-1c99-4327-8563-73d2fb44a94a req-bce341ce-1c99-4327-8563-73d2fb44a94a ] Request (DeleteServersTestJSON:setUpClass): 200 GET http://10.180.1.21/identity/v3/roles 0.030s
2025-11-21 09:07:41.677 67144 INFO tempest.lib.common.rest_client [req-d0f2fc1d-ac3f-41fc-bef2-4157bc3d9968 req-d0f2fc1d-ac3f-41fc-bef2-4157bc3d9968 ] Request (ServerActionsTestJSON:setUpClass): 200 GET http://10.180.1.21/compute/v2.1/servers/106b6931-9631-4c32-ade5-b3ad9384edea 2.011s
2025-11-21 09:07:41.719 67154 INFO tempest.lib.common.rest_client [req-b799a97a-68c6-4a55-9f8f-a226dc7bd99c req-b799a97a-68c6-4a55-9f8f-a226dc7bd99c ] Request (DeleteServersTestJSON:setUpClass): 204 PUT http://10.180.1.21/identity/v3/projects/0caa29743c8246d490a3da9761277853/users/a20fe08833024f38ad0ab096516f2603/roles/cc2b1751e207403495785853c5f7f205 0.047s
2025-11-21 09:07:41.719 67154 INFO tempest.lib.common.dynamic_creds [-] Dynamic test user a20fe08833024f38ad0ab096516f2603 is created with scope project and roles: ['member']
2025-11-21 09:07:41.719 67154 INFO tempest.lib.common.dynamic_creds [-] Acquired dynamic creds: credentials: Credentials: {'domain_id': 'default', 'domain_name': 'Default', 'username': 'tempest-DeleteServersTestJSON-1353383505-project-member', 'project_domain_id': 'default', 'project_domain_name': 'Default', 'project_id': '0caa29743c8246d490a3da9761277853', 'project_name': 'tempest-DeleteServersTestJSON-1353383505', 'tenant_id': '0caa29743c8246d490a3da9761277853', 'tenant_name': 'tempest-DeleteServersTestJSON-1353383505', 'user_domain_id': 'default', 'user_domain_name': 'Default', 'user_id': 'a20fe08833024f38ad0ab096516f2603', 'system': None}, Network: None, Subnet: None, Router: None
2025-11-21 09:07:41.752 67104 INFO tempest.lib.common.rest_client [req-e8539d4f-0ad1-4b0a-ac9e-c01013ee105a req-e8539d4f-0ad1-4b0a-ac9e-c01013ee105a ] Request (ImagesOneServerNegativeTestJSON:_run_cleanups): 200 GET http://10.180.1.21/compute/v2.1/servers/a92bf925-6b26-4139-8712-9866b6cba192 1.683s
2025-11-21 09:07:41.795 67154 INFO tempest.lib.common.rest_client [req-b272df10-c785-47ed-9fa3-3e01f8152724 req-b272df10-c785-47ed-9fa3-3e01f8152724 ] Request (DeleteServersTestJSON:setUpClass): 201 POST http://10.180.1.21/identity/v3/auth/tokens 0.075s
2025-11-21 09:07:41.798 67106 INFO tempest.lib.common.rest_client [req-6f660258-acab-4f51-8255-115f53a61051 req-6f660258-acab-4f51-8255-115f53a61051 ] Request (MigrationsAdminTest:test_resize_server_revert_deleted_flavor): 200 GET http://10.180.1.21/compute/v2.1/servers/0a1e9d66-ea85-474c-9751-120c5438f848 1.863s
2025-11-21 09:07:41.806 67134 INFO tempest.lib.common.rest_client [req-7c299d36-c37d-446a-b618-473c2825b925 req-7c299d36-c37d-446a-b618-473c2825b925 ] Request (ServersAdminNegativeTestJSON:test_migrate_server_invalid_state): 200 GET http://10.180.1.21/compute/v2.1/servers/3e7ea9cc-28e5-457c-9c6c-dd29094466cd 1.721s
2025-11-21 09:07:41.851 67146 INFO tempest.lib.common.rest_client [req-27d2fa31-65a3-40c2-9e6d-a200bd5bc99e req-27d2fa31-65a3-40c2-9e6d-a200bd5bc99e ] Request (ServerActionsTestOtherA:test_rebuild_server_in_stop_state): 200 GET http://10.180.1.21/compute/v2.1/servers/5116edb7-de7a-41a5-b6d5-b177efba94e3 1.705s
2025-11-21 09:07:41.994 67130 INFO tempest.lib.common.rest_client [req-8fef0449-66b7-4567-9784-263f976c4165 req-8fef0449-66b7-4567-9784-263f976c4165 ] Request (AttachInterfacesUnderV243Test:test_add_remove_fixed_ip): 200 GET http://10.180.1.21/compute/v2.1/servers/a3379d52-b15c-488b-a6fc-2efd93105754 1.697s
2025-11-21 09:07:42.012 67130 INFO tempest.lib.common.ssh [-] Creating ssh connection to '10.180.180.229:22' as 'cirros' with public key authentication
2025-11-21 09:07:42.035 67119 INFO tempest.lib.common.rest_client [req-50d60029-8c46-47d1-ad75-ad65396c106b req-50d60029-8c46-47d1-ad75-ad65396c106b ] Request (ListServerFiltersTestJSON:test_list_servers_filtered_by_ip_regex): 200 GET http://10.180.1.21/compute/v2.1/servers/c1152fd1-9900-40e4-a706-e4c9e1329771 1.510s
2025-11-21 09:07:42.103 67154 INFO tempest.lib.common.rest_client [req-bb06a7e4-22c8-48e8-a5ac-4c4a6d6cb99e req-bb06a7e4-22c8-48e8-a5ac-4c4a6d6cb99e ] Request (DeleteServersTestJSON:setUpClass): 201 POST http://10.180.1.21/networking/v2.0/networks 0.307s
2025-11-21 09:07:42.127 67120 INFO tempest.lib.common.rest_client [req-efed0d98-18d1-46f1-8dc0-b7be0cb81b76 req-efed0d98-18d1-46f1-8dc0-b7be0cb81b76 ] Request (ServerDiagnosticsV248Test:tearDownClass): 200 GET http://10.180.1.21/compute/v2.1/servers/9642edb3-eebe-433e-92d8-55e3c112c063 1.532s
2025-11-21 09:07:42.151 67132 INFO tempest.lib.common.rest_client [req-ab0ade8a-e4e9-4eb8-941d-4d58a1113f0d req-ab0ade8a-e4e9-4eb8-941d-4d58a1113f0d ] Request (ServerShowV257Test:test_rebuild_server): 200 GET http://10.180.1.21/compute/v2.1/servers/76fa3b09-2896-470a-b907-79801dc12b56 1.471s
2025-11-21 09:07:42.164 67132 INFO tempest.common.waiters [-] State transition "REBUILD/rebuild_spawning" ==> "ACTIVE/None" after 9 second wait
2025-11-21 09:07:42.177 67148 INFO tempest.lib.common.rest_client [req-911d7894-27b4-4c95-a21a-46240093774f req-911d7894-27b4-4c95-a21a-46240093774f ] Request (KeyPairsV22TestJSON:_run_cleanups): 204 DELETE http://10.180.1.21/compute/v2.1/os-keypairs/tempest-keypair-563475229 0.838s
2025-11-21 09:07:42.280 67096 INFO tempest.lib.common.rest_client [req-745bcb3a-4848-4270-a43b-7c3c8f7985a3 req-745bcb3a-4848-4270-a43b-7c3c8f7985a3 ] Request (ServersNegativeTestJSON:setUpClass): 200 GET http://10.180.1.21/compute/v2.1/servers/1b64739b-d3e2-40b2-98b6-231021f4d029 1.505s
2025-11-21 09:07:42.307 67127 INFO tempest.lib.common.rest_client [req-6da1a75b-22ad-436a-a630-594bef0e5c12 req-6da1a75b-22ad-436a-a630-594bef0e5c12 ] Request (AttachInterfacesV270Test:tearDownClass): 404 GET http://10.180.1.21/compute/v2.1/servers/92272c56-dcfd-47cd-b308-cfdd6c842ab2 0.526s
2025-11-21 09:07:42.318 67154 INFO tempest.lib.common.rest_client [req-bf4b24a9-ec0b-4408-9611-d07545a67c18 req-bf4b24a9-ec0b-4408-9611-d07545a67c18 ] Request (DeleteServersTestJSON:setUpClass): 201 POST http://10.180.1.21/networking/v2.0/subnets 0.214s
2025-11-21 09:07:43.097 67127 INFO tempest.lib.common.rest_client [req-1d7c985a-fc5f-4b7b-91e4-f22cff30f57b req-1d7c985a-fc5f-4b7b-91e4-f22cff30f57b ] Request (AttachInterfacesV270Test:tearDownClass): 200 PUT http://10.180.1.21/networking/v2.0/routers/3a1b685f-9c8a-436d-b5bd-16a4fd389a7d/remove_router_interface 0.789s
2025-11-21 09:07:43.129 67128 INFO tempest.lib.common.rest_client [req-0afce7bb-181e-42ea-8315-df9fe8c022c7 req-0afce7bb-181e-42ea-8315-df9fe8c022c7 ] Request (VolumesAssistedSnapshotsTest:tearDownClass): 200 GET http://10.180.1.21/compute/v2.1/servers/155797b1-2470-43a6-84f6-39ee2fe1586e 1.624s
2025-11-21 09:07:43.264 67154 INFO tempest.lib.common.rest_client [req-a56ffa6e-0583-4172-8c86-c06298127f28 req-a56ffa6e-0583-4172-8c86-c06298127f28 ] Request (DeleteServersTestJSON:setUpClass): 201 POST http://10.180.1.21/networking/v2.0/routers 0.945s
2025-11-21 09:07:43.302 67140 INFO tempest.lib.common.rest_client [req-46c65974-069d-4238-9813-911b12190384 req-46c65974-069d-4238-9813-911b12190384 ] Request (ServerTagsTestJSON:setUpClass): 200 GET http://10.180.1.21/compute/v2.1/servers/f9354fd5-4bf2-4da5-8227-621f848ef2b4 1.384s
2025-11-21 09:07:43.315 67138 INFO tempest.lib.common.rest_client [req-6384a08f-513d-4218-bbd8-54b3d3a8b329 req-6384a08f-513d-4218-bbd8-54b3d3a8b329 ] Request (ServersWithSpecificFlavorTestJSON:test_verify_created_server_ephemeral_disk): 200 GET http://10.180.1.21/compute/v2.1/servers/0e740911-4848-48aa-a49d-f929be0479b2 1.399s
2025-11-21 09:07:43.437 67102 WARNING tempest.lib.common.ssh [-] Failed to establish authenticated ssh connection to cirros@10.180.180.132 ([Errno None] Unable to connect to port 22 on 10.180.180.132). Number attempts: 1. Retry after 2 seconds.: paramiko.ssh_exception.NoValidConnectionsError: [Errno None] Unable to connect to port 22 on 10.180.180.132
2025-11-21 09:07:43.447 67132 INFO tempest.lib.common.rest_client [req-e18a9fd7-84c1-4c28-b082-6ef36e0fff3f req-e18a9fd7-84c1-4c28-b082-6ef36e0fff3f ] Request (ServerShowV257Test:tearDownClass): 204 DELETE http://10.180.1.21/compute/v2.1/servers/76fa3b09-2896-470a-b907-79801dc12b56 1.280s
2025-11-21 09:07:43.500 67148 INFO tempest.lib.common.rest_client [req-a013aa06-815f-4919-9fe6-75ad322ca5f0 req-a013aa06-815f-4919-9fe6-75ad322ca5f0 ] Request (KeyPairsV22TestJSON:test_keypairs_create_list_delete): 201 POST http://10.180.1.21/compute/v2.1/os-keypairs 1.319s
2025-11-21 09:07:43.774 67127 INFO tempest.lib.common.rest_client [req-2883f537-b5fe-49da-9cbd-c7240f635e3d req-2883f537-b5fe-49da-9cbd-c7240f635e3d ] Request (AttachInterfacesV270Test:tearDownClass): 204 DELETE http://10.180.1.21/networking/v2.0/routers/3a1b685f-9c8a-436d-b5bd-16a4fd389a7d 0.676s
2025-11-21 09:07:44.292 67127 INFO tempest.lib.common.rest_client [req-7bf21c68-7245-4222-b319-91b952b86cc5 req-7bf21c68-7245-4222-b319-91b952b86cc5 ] Request (AttachInterfacesV270Test:tearDownClass): 204 DELETE http://10.180.1.21/networking/v2.0/subnets/6f1b2569-7288-4fc6-9d5a-5818941e15d4 0.517s
2025-11-21 09:07:44.343 67119 INFO tempest.lib.common.rest_client [req-1a46eb02-bedc-42f2-86c8-f21fa38913fc req-1a46eb02-bedc-42f2-86c8-f21fa38913fc ] Request (ListServerFiltersTestJSON:test_list_servers_filtered_by_ip_regex): 200 GET http://10.180.1.21/compute/v2.1/servers/a5e7f2d6-10dc-443d-8466-2c142b68b0a3 2.295s
2025-11-21 09:07:44.449 67112 INFO tempest.lib.common.rest_client [req-af3bc816-5197-42ef-86b0-8e496d8808f2 req-af3bc816-5197-42ef-86b0-8e496d8808f2 ] Request (ServerMetadataTestJSON:setUpClass): 200 GET http://10.180.1.21/compute/v2.1/servers/8b9fb725-dabf-44ae-b778-9aadef50fc59 2.238s
2025-11-21 09:07:44.459 67112 INFO tempest.common.waiters [-] State transition "BUILD/spawning" ==> "ACTIVE/None" after 43 second wait
2025-11-21 09:07:44.505 67142 INFO paramiko.transport [-] Connected (version 2.0, client dropbear_2020.81)
2025-11-21 09:07:44.625 67142 INFO paramiko.transport [-] Authentication (publickey) successful!
2025-11-21 09:07:44.625 67142 INFO tempest.lib.common.ssh [-] ssh connection to cirros@10.180.180.152 successfully created
2025-11-21 09:07:44.717 67127 INFO tempest.lib.common.rest_client [req-16b2e63d-6b07-4628-af51-867541140daa req-16b2e63d-6b07-4628-af51-867541140daa ] Request (AttachInterfacesV270Test:tearDownClass): 204 DELETE http://10.180.1.21/networking/v2.0/networks/86171dfc-4302-4d6b-bbae-3495df5550be 0.425s
2025-11-21 09:07:44.816 67152 INFO tempest.lib.common.rest_client [req-354b344c-336b-425a-88a8-1eeddf481d3d req-354b344c-336b-425a-88a8-1eeddf481d3d ] Request (ServerMetadataNegativeTestJSON:setUpClass): 200 GET http://10.180.1.21/compute/v2.1/servers/f72d7da4-6940-46c5-86f2-267d446046c4 2.515s
2025-11-21 09:07:44.817 67127 INFO tempest.lib.common.rest_client [req-ea52b615-c2e6-436a-af7e-663d7095df23 req-ea52b615-c2e6-436a-af7e-663d7095df23 ] Request (AttachInterfacesV270Test:tearDownClass): 204 DELETE http://10.180.1.21/identity/v3/users/4c0843885985477485d5842f48711af4 0.099s
2025-11-21 09:07:44.817 67127 INFO tempest.lib.common.dynamic_creds [-] Deleting project and security group for project: 857ada03fe77415d8e2f485c81951033
2025-11-21 09:07:44.834 67154 INFO tempest.lib.common.rest_client [req-4c45ee41-7d36-4f07-8d03-8feaad4795da req-4c45ee41-7d36-4f07-8d03-8feaad4795da ] Request (DeleteServersTestJSON:setUpClass): 200 PUT http://10.180.1.21/networking/v2.0/routers/20d7ff5b-c761-4b47-9682-3a5af9208a19/add_router_interface 1.570s
