2025-11-20 19:58:43.944 66226 INFO tempest.lib.common.rest_client [req-adb0ec18-df21-40d6-be6d-55b99df453d5 req-adb0ec18-df21-40d6-be6d-55b99df453d5 ] Request (InstanceActionsTestJSON:test_list_instance_actions): 200 GET http://10.180.1.21/compute/v2.1/servers/f541a8e3-9039-4f0c-a5eb-a5a6d0c16004 2.855s
2025-11-20 19:58:43.955 66226 INFO tempest.common.waiters [-] State transition "HARD_REBOOT/rebooting_hard" ==> "HARD_REBOOT/reboot_started_hard" after 3 second wait
2025-11-20 19:58:43.960 66240 INFO tempest.lib.common.rest_client [req-c8943053-f2ee-43fb-8f74-d0bd07b42f98 req-c8943053-f2ee-43fb-8f74-d0bd07b42f98 ] Request (ServerShowV257Test:test_rebuild_server): 200 GET http://10.180.1.21/compute/v2.1/servers/45058fe9-c6da-413a-9378-4a63fa75ea52 2.659s
2025-11-20 19:58:43.979 66240 INFO tempest.common.waiters [-] State transition "BUILD/None" ==> "BUILD/spawning" after 12 second wait
2025-11-20 19:58:44.004 66196 INFO tempest.lib.common.rest_client [req-86c71586-2a68-48d4-a534-901bbf568598 req-86c71586-2a68-48d4-a534-901bbf568598 ] Request (ImagesOneServerTestJSON:test_create_image_specify_multibyte_character_image_name): 200 GET http://10.180.1.21/compute/v2.1/images/5da50b7b-f886-42eb-b71b-2959047fd4d1 2.666s
2025-11-20 19:58:44.021 66234 INFO tempest.lib.common.rest_client [req-a704356d-e10f-4973-86e4-98501bc1071f req-a704356d-e10f-4973-86e4-98501bc1071f ] Request (InstanceActionsNegativeTestJSON:setUpClass): 201 POST http://10.180.1.21/networking/v2.0/subnets 0.432s
2025-11-20 19:58:44.069 66232 INFO tempest.lib.common.rest_client [req-19758265-e974-4025-bbf6-a83a8f45a090 req-19758265-e974-4025-bbf6-a83a8f45a090 ] Request (DeleteServersTestJSON:test_delete_active_server): 200 GET http://10.180.1.21/compute/v2.1/servers/437a1f87-9124-4c1d-b333-49e738fbf217 2.650s
2025-11-20 19:58:44.078 66232 INFO tempest.common.waiters [-] State transition "BUILD/scheduling" ==> "BUILD/None" after 4 second wait
2025-11-20 19:58:44.102 66190 INFO tempest.lib.common.rest_client [req-beb1f454-7a97-4ba2-acd8-85d2e6c5bd9d req-beb1f454-7a97-4ba2-acd8-85d2e6c5bd9d ] Request (ImagesNegativeTestJSON:tearDownClass): 404 DELETE http://10.180.1.21/compute/v2.1/servers/ead5d83b-b5ec-48a6-bffb-22a4718c60e0 2.534s
2025-11-20 19:58:44.134 66210 INFO tempest.lib.common.rest_client [req-82ae2a0c-6100-4c4e-84d1-6bba7b09233d req-82ae2a0c-6100-4c4e-84d1-6bba7b09233d ] Request (FlavorsAdminTestJSON:test_is_public_string_variations): 200 GET http://10.180.1.21/compute/v2.1/flavors/detail?is_public=t 2.530s
2025-11-20 19:58:44.461 66200 INFO tempest.lib.common.rest_client [req-d0816db9-e74c-473a-bdc7-42fd70a836da req-d0816db9-e74c-473a-bdc7-42fd70a836da ] Request (VolumesAdminNegativeTest:tearDownClass): 204 DELETE http://10.180.1.21/networking/v2.0/routers/7f991e8d-a9f4-4e0c-83dd-2a6120fe56c4 0.560s
2025-11-20 19:58:44.782 66200 INFO tempest.lib.common.rest_client [req-e8f7b064-0929-4ed2-b721-9d2eaeb27577 req-e8f7b064-0929-4ed2-b721-9d2eaeb27577 ] Request (VolumesAdminNegativeTest:tearDownClass): 204 DELETE http://10.180.1.21/networking/v2.0/subnets/e1bbc278-0ce7-4a44-a184-647e76b45c5d 0.320s
2025-11-20 19:58:44.834 66212 INFO tempest.lib.common.rest_client [req-8fafec7e-5220-4b5c-99d0-4b048db172de req-8fafec7e-5220-4b5c-99d0-4b048db172de ] Request (ServersTestFqdnHostnames:test_create_server_with_fqdn_name): 200 GET http://10.180.1.21/compute/v2.1/servers/5a6215f3-1030-46c7-8658-83c0d03094ff 3.283s
2025-11-20 19:58:44.842 66212 INFO tempest.common.waiters [-] State transition "BUILD/spawning" ==> "ACTIVE/None" after 17 second wait
2025-11-20 19:58:44.862 66242 INFO tempest.lib.common.rest_client [req-38575395-141c-48e8-9675-d85319e9b5a1 req-38575395-141c-48e8-9675-d85319e9b5a1 ] Request (ImagesOneServerNegativeTestJSON:tearDown): 200 GET http://10.180.1.21/compute/v2.1/servers/db42276d-dba8-4458-8846-ef2a274d2866 3.217s
2025-11-20 19:58:44.874 66242 INFO tempest.common.waiters [-] State transition "ACTIVE/image_uploading" ==> "ACTIVE/None" after 4 second wait
2025-11-20 19:58:45.000 66234 INFO tempest.lib.common.rest_client [req-cfdfdf37-b216-457e-ac02-74a04ed0a8fe req-cfdfdf37-b216-457e-ac02-74a04ed0a8fe ] Request (InstanceActionsNegativeTestJSON:setUpClass): 201 POST http://10.180.1.21/networking/v2.0/routers 0.978s
2025-11-20 19:58:45.132 66218 INFO tempest.lib.common.rest_client [req-db2fac03-ebba-4036-ba9e-13b23e2437bd req-db2fac03-ebba-4036-ba9e-13b23e2437bd ] Request (SecurityGroupsTestJSON:test_server_security_groups): 200 POST http://10.180.1.21/compute/v2.1/os-security-groups 2.800s
2025-11-20 19:58:45.265 66200 INFO tempest.lib.common.rest_client [req-4a99c381-f36e-4150-a802-22b30637726d req-4a99c381-f36e-4150-a802-22b30637726d ] Request (VolumesAdminNegativeTest:tearDownClass): 204 DELETE http://10.180.1.21/networking/v2.0/networks/395b2a13-3152-433a-acb1-bf331eb24a28 0.483s
2025-11-20 19:58:45.464 66238 INFO tempest.lib.common.rest_client [req-3bca435d-5b25-49c5-a74e-011229a462b9 req-3bca435d-5b25-49c5-a74e-011229a462b9 ] Request (ServerMetadataTestJSON:tearDownClass): 200 GET http://10.180.1.21/compute/v2.1/servers/1851f354-1f04-4cc7-860f-c56a6d4c7752 2.897s
2025-11-20 19:58:45.499 66202 INFO tempest.lib.common.rest_client [req-97bc23f5-56a4-4e3b-b2ee-72a97c498474 req-97bc23f5-56a4-4e3b-b2ee-72a97c498474 ] Request (ListServerFiltersTestJSON:test_list_servers_filter_by_shutoff_status): 200 GET http://10.180.1.21/compute/v2.1/servers/a6d9d631-37e6-4881-97d7-971ea5af1d41 3.443s
2025-11-20 19:58:45.522 66237 INFO tempest.lib.common.rest_client [req-c6856412-99d4-440d-98e1-c95af255a838 req-c6856412-99d4-440d-98e1-c95af255a838 ] Request (KeyPairsNegativeTestJSON:test_keypair_delete_nonexistent_key): 404 DELETE http://10.180.1.21/compute/v2.1/os-keypairs/tempest-keypair-non-existent-2103402249 2.906s
2025-11-20 19:58:45.565 66194 INFO tempest.lib.common.rest_client [req-5be0f7fb-f127-4a29-8c98-b2bfbd66d08c req-5be0f7fb-f127-4a29-8c98-b2bfbd66d08c ] Request (FlavorsV255TestJSON:_run_cleanups): 202 DELETE http://10.180.1.21/compute/v2.1/flavors/346542463 2.909s
2025-11-20 19:58:45.573 66222 INFO tempest.lib.common.rest_client [req-b654c9b8-7da6-4d41-87b4-70598fe87d10 req-b654c9b8-7da6-4d41-87b4-70598fe87d10 ] Request (MultipleCreateNegativeTestJSON:test_min_count_non_integer): 400 POST http://10.180.1.21/compute/v2.1/servers 2.905s
2025-11-20 19:58:45.681 66222 INFO tempest.lib.common.rest_client [req-db9b34d0-c4ce-457f-8d20-0fe33b07abc4 req-db9b34d0-c4ce-457f-8d20-0fe33b07abc4 ] Request (MultipleCreateNegativeTestJSON:tearDownClass): 204 DELETE http://10.180.1.21/identity/v3/users/780e617a348749e49136c4f2d72f57e1 0.106s
2025-11-20 19:58:45.681 66222 INFO tempest.lib.common.dynamic_creds [-] Deleting project and security group for project: f49b617b4b4a40668b3855df46d8155d
2025-11-20 19:58:45.691 66237 INFO tempest.lib.common.rest_client [req-6dea8a22-9a81-4d8f-8cc8-0caae8016a52 req-6dea8a22-9a81-4d8f-8cc8-0caae8016a52 ] Request (KeyPairsNegativeTestJSON:tearDownClass): 204 DELETE http://10.180.1.21/identity/v3/users/646460fdc36a4466a15a36a49ee276be 0.167s
2025-11-20 19:58:45.691 66237 INFO tempest.lib.common.dynamic_creds [-] Deleting project and security group for project: 69f8c5d0cbda4c808adad8ec78d86c0b
2025-11-20 19:58:45.796 66237 INFO tempest.lib.common.rest_client [req-f28c9f60-8f36-43d4-b5d9-bd33b509036c req-f28c9f60-8f36-43d4-b5d9-bd33b509036c ] Request (KeyPairsNegativeTestJSON:tearDownClass): 201 POST http://10.180.1.21/identity/v3/auth/tokens 0.104s
2025-11-20 19:58:45.797 66222 INFO tempest.lib.common.rest_client [req-29394f89-0416-425f-8d7c-f5c7b5ca9492 req-29394f89-0416-425f-8d7c-f5c7b5ca9492 ] Request (MultipleCreateNegativeTestJSON:tearDownClass): 201 POST http://10.180.1.21/identity/v3/auth/tokens 0.115s
2025-11-20 19:58:46.325 66234 INFO tempest.lib.common.rest_client [req-674acdfb-ecd5-437c-94e4-8dca06f01b74 req-674acdfb-ecd5-437c-94e4-8dca06f01b74 ] Request (InstanceActionsNegativeTestJSON:setUpClass): 200 PUT http://10.180.1.21/networking/v2.0/routers/4cec14f9-b5aa-4b67-9fcc-01c1f7a7d400/add_router_interface 1.324s
2025-11-20 19:58:46.325 66234 INFO tempest.lib.common.dynamic_creds [-] Created isolated network resources for: credentials: Credentials: {'domain_id': 'default', 'domain_name': 'Default', 'username': 'tempest-InstanceActionsNegativeTestJSON-1641006025-project-member', 'project_domain_id': 'default', 'project_domain_name': 'Default', 'project_id': 'f36b678827f94391b8dd6012bb5eda07', 'project_name': 'tempest-InstanceActionsNegativeTestJSON-1641006025', 'tenant_id': 'f36b678827f94391b8dd6012bb5eda07', 'tenant_name': 'tempest-InstanceActionsNegativeTestJSON-1641006025', 'user_domain_id': 'default', 'user_domain_name': 'Default', 'user_id': 'a77b46a815294f1d90f7a01848c3fe5e', 'system': None}, Network: {'id': '6d8eb54e-e220-40fb-b283-afb0b87bf4fc', 'name': 'tempest-InstanceActionsNegativeTestJSON-1867835865-network', 'tenant_id': 'f36b678827f94391b8dd6012bb5eda07', 'project_id': 'f36b678827f94391b8dd6012bb5eda07', 'admin_state_up': True, 'mtu': 8950, 'status': 'ACTIVE', 'subnets': [], 'shared': False, 'port_security_enabled': True, 'router:external': False, 'provider:network_type': 'vlan', 'provider:physical_network': 'default', 'provider:segmentation_id': 140, 'availability_zone_hints': [], 'availability_zones': [], 'ipv4_address_scope': None, 'ipv6_address_scope': None, 'description': '', 'tags': [], 'created_at': '2025-11-20T19:58:43Z', 'updated_at': '2025-11-20T19:58:43Z', 'revision_number': 1}, Subnet: {'id': '5461027d-3061-4046-859a-6d5cb4ac7489', 'name': 'tempest-InstanceActionsNegativeTestJSON-1867835865-subnet', 'tenant_id': 'f36b678827f94391b8dd6012bb5eda07', 'network_id': '6d8eb54e-e220-40fb-b283-afb0b87bf4fc', 'ip_version': 4, 'subnetpool_id': None, 'enable_dhcp': True, 'ipv6_ra_mode': None, 'ipv6_address_mode': None, 'gateway_ip': '192.168.128.1', 'cidr': '192.168.128.0/28', 'allocation_pools': [{'start': '192.168.128.2', 'end': '192.168.128.14'}], 'host_routes': [], 'dns_nameservers': [], 'description': '', 'router:external': False, 'service_types': [], 'tags': [], 'created_at': '2025-11-20T19:58:43Z', 'updated_at': '2025-11-20T19:58:43Z', 'revision_number': 0, 'project_id': 'f36b678827f94391b8dd6012bb5eda07'}, Router: {'id': '4cec14f9-b5aa-4b67-9fcc-01c1f7a7d400', 'name': 'tempest-InstanceActionsNegativeTestJSON-1867835865-router', 'tenant_id': 'f36b678827f94391b8dd6012bb5eda07', 'admin_state_up': True, 'status': 'ACTIVE', 'external_gateway_info': {'network_id': '3cae500e-d5fa-425c-8c09-53af00ae4fc3', 'external_fixed_ips': [{'subnet_id': '53b282e1-a340-4913-8a2f-60dbe305f8bf', 'ip_address': '10.180.180.202'}], 'enable_snat': True}, 'description': '', 'availability_zones': [], 'distributed': False, 'ha': False, 'availability_zone_hints': [], 'routes': [], 'flavor_id': None, 'tags': [], 'created_at': '2025-11-20T19:58:44Z', 'updated_at': '2025-11-20T19:58:44Z', 'revision_number': 2, 'project_id': 'f36b678827f94391b8dd6012bb5eda07'}
2025-11-20 19:58:46.340 66200 INFO tempest.lib.common.rest_client [req-f03dd2b5-c184-4f7f-8e41-3ea543b5d1f0 req-f03dd2b5-c184-4f7f-8e41-3ea543b5d1f0 ] Request (VolumesAdminNegativeTest:tearDownClass): 200 PUT http://10.180.1.21/networking/v2.0/routers/8af02d85-c984-4a3a-8a28-52c153c6bb78/remove_router_interface 1.074s
2025-11-20 19:58:46.393 66220 INFO tempest.lib.common.rest_client [req-3b414c92-b001-48f1-a04f-fa07fb0b82af req-3b414c92-b001-48f1-a04f-fa07fb0b82af ] Request (ServersAdmin275Test:tearDownClass): 200 GET http://10.180.1.21/compute/v2.1/servers/42cf6404-dd8b-49a6-a85e-038a61e305bb 3.823s
2025-11-20 19:58:46.410 66220 INFO tempest.common.waiters [-] State transition "ACTIVE/deleting" ==> "DELETED/None" after 5 second wait
2025-11-20 19:58:46.423 66234 INFO tempest.lib.common.rest_client [req-72a999d9-2d78-4572-9dea-06a3f5e1ab88 req-72a999d9-2d78-4572-9dea-06a3f5e1ab88 ] Request (InstanceActionsNegativeTestJSON:setUpClass): 201 POST http://10.180.1.21/identity/v3/auth/tokens 0.094s
2025-11-20 19:58:46.461 66234 INFO tempest.lib.common.rest_client [req-6c62bbf3-cda5-40de-93a7-ed1bcd6aa565 req-6c62bbf3-cda5-40de-93a7-ed1bcd6aa565 ] Request (InstanceActionsNegativeTestJSON:setUpClass): 201 POST http://10.180.1.21/identity/v3/auth/tokens 0.033s
2025-11-20 19:58:46.462 66234 INFO tempest.lib.common.fixed_network [-] (InstanceActionsNegativeTestJSON:setUpClass) Found network {'id': '6d8eb54e-e220-40fb-b283-afb0b87bf4fc', 'name': 'tempest-InstanceActionsNegativeTestJSON-1867835865-network', 'tenant_id': 'f36b678827f94391b8dd6012bb5eda07', 'project_id': 'f36b678827f94391b8dd6012bb5eda07', 'admin_state_up': True, 'mtu': 8950, 'status': 'ACTIVE', 'subnets': [], 'shared': False, 'port_security_enabled': True, 'router:external': False, 'provider:network_type': 'vlan', 'provider:physical_network': 'default', 'provider:segmentation_id': 140, 'availability_zone_hints': [], 'availability_zones': [], 'ipv4_address_scope': None, 'ipv6_address_scope': None, 'description': '', 'tags': [], 'created_at': '2025-11-20T19:58:43Z', 'updated_at': '2025-11-20T19:58:43Z', 'revision_number': 1} available for tenant
2025-11-20 19:58:46.557 66222 INFO tempest.lib.common.rest_client [req-43ab7e16-3749-4684-8876-50ac00be0a6c req-43ab7e16-3749-4684-8876-50ac00be0a6c ] Request (MultipleCreateNegativeTestJSON:tearDownClass): 200 GET http://10.180.1.21/networking/v2.0/security-groups?tenant_id=f49b617b4b4a40668b3855df46d8155d&name=default 0.760s
2025-11-20 19:58:46.573 66237 INFO tempest.lib.common.rest_client [req-6b345877-0821-4813-bfb9-6f98ee0de37f req-6b345877-0821-4813-bfb9-6f98ee0de37f ] Request (KeyPairsNegativeTestJSON:tearDownClass): 200 GET http://10.180.1.21/networking/v2.0/security-groups?tenant_id=69f8c5d0cbda4c808adad8ec78d86c0b&name=default 0.775s
2025-11-20 19:58:46.722 66192 INFO tempest.lib.common.rest_client [req-289b13e7-9472-4afe-9286-062f8e91b443 req-289b13e7-9472-4afe-9286-062f8e91b443 ] Request (MultipleCreateTestJSON:test_multiple_create): 200 GET http://10.180.1.21/compute/v2.1/servers/51a5adc8-a1b8-47b5-8834-6268b80f2929 3.770s
2025-11-20 19:58:46.735 66192 INFO tempest.common.waiters [-] State transition "BUILD/spawning" ==> "ACTIVE/None" after 14 second wait
2025-11-20 19:58:46.779 66208 INFO tempest.lib.common.rest_client [req-44e44c80-43da-4752-ab8d-2361f6426e99 req-44e44c80-43da-4752-ab8d-2361f6426e99 ] Request (ImagesMetadataTestJSON:test_set_image_metadata): 200 GET http://10.180.1.21/compute/v2.1/images/04994ad2-e1f6-4ff7-9f55-44fef2e26823/metadata 3.670s
2025-11-20 19:58:46.795 66216 INFO tempest.lib.common.rest_client [req-7394c948-e361-486c-bb5b-0661414d65e3 req-7394c948-e361-486c-bb5b-0661414d65e3 ] Request (ServersAdminTestJSON:test_list_servers_detailed_filter_by_invalid_status): 200 GET http://10.180.1.21/compute/v2.1/servers/detail?status=invalid_status 3.623s
2025-11-20 19:58:46.863 66222 INFO tempest.lib.common.rest_client [req-ffd8bd44-2b65-4de2-9cec-45f69925fcb1 req-ffd8bd44-2b65-4de2-9cec-45f69925fcb1 ] Request (MultipleCreateNegativeTestJSON:tearDownClass): 204 DELETE http://10.180.1.21/networking/v2.0/security-groups/59ac4e9e-d48a-451c-a7ad-a76db21b3277 0.305s
2025-11-20 19:58:47.005 66246 INFO tempest.lib.common.rest_client [req-54df28fe-641d-4a9d-bf4a-91035471e591 req-54df28fe-641d-4a9d-bf4a-91035471e591 ] Request (AggregatesAdminNegativeTestJSON:_run_cleanups): 200 POST http://10.180.1.21/compute/v2.1/os-aggregates/7/action 3.732s
2025-11-20 19:58:47.009 66214 INFO tempest.lib.common.rest_client [req-0e3e52c2-4f71-4a5d-8fd2-7399577010b1 req-0e3e52c2-4f71-4a5d-8fd2-7399577010b1 ] Request (ServersTestJSON:_run_cleanups): 204 DELETE http://10.180.1.21/compute/v2.1/servers/9cea598a-8014-4efc-998b-45a9a8d69b9b 3.935s
2025-11-20 19:58:47.029 66222 INFO tempest.lib.common.rest_client [req-908393e6-81d4-4bf1-a788-d79bdbbdd8d6 req-908393e6-81d4-4bf1-a788-d79bdbbdd8d6 ] Request (MultipleCreateNegativeTestJSON:tearDownClass): 204 DELETE http://10.180.1.21/identity/v3/projects/f49b617b4b4a40668b3855df46d8155d 0.165s
2025-11-20 19:58:47.032 66249 INFO tempest.lib.common.rest_client [req-de08c246-0dfb-4d3d-9758-9f55647ddafc req-de08c246-0dfb-4d3d-9758-9f55647ddafc ] Request (ServersTestManualDisk:tearDownClass): 404 GET http://10.180.1.21/compute/v2.1/servers/99438984-f486-432a-87c6-11192b108594 3.743s
2025-11-20 19:58:47.036 66237 INFO tempest.lib.common.rest_client [req-f9434863-39d4-4a9d-a26a-28c944b27b51 req-f9434863-39d4-4a9d-a26a-28c944b27b51 ] Request (KeyPairsNegativeTestJSON:tearDownClass): 204 DELETE http://10.180.1.21/networking/v2.0/security-groups/2347ed76-cb30-4433-ab8e-1b6c963b2245 0.463s
2025-11-20 19:58:47.075 66224 INFO tempest.lib.common.rest_client [req-9f24eb4b-d8be-41e0-8b6d-e323519aad67 req-9f24eb4b-d8be-41e0-8b6d-e323519aad67 ] Request (AttachInterfacesUnderV243Test:test_add_remove_fixed_ip): 200 GET http://10.180.1.21/compute/v2.1/servers/66ebdab9-d97b-4351-ab30-d366cf98e65d/ips 3.758s
2025-11-20 19:58:47.169 66222 INFO tempest.lib.common.rest_client [req-f007f080-14c1-4f94-9792-885d7eb0ba69 req-f007f080-14c1-4f94-9792-885d7eb0ba69 ] Request (ComputeTenantNetworksTest:setUpClass): 201 POST http://10.180.1.21/identity/v3/auth/tokens 0.138s
2025-11-20 19:58:47.218 66222 INFO tempest.lib.common.rest_client [req-32a40856-a1db-40ea-8a6c-630cea555111 req-32a40856-a1db-40ea-8a6c-630cea555111 ] Request (ComputeTenantNetworksTest:setUpClass): 201 POST http://10.180.1.21/identity/v3/auth/tokens 0.045s
2025-11-20 19:58:47.249 66200 INFO tempest.lib.common.rest_client [req-49016c83-3a69-4211-a622-de6d4e26b953 req-49016c83-3a69-4211-a622-de6d4e26b953 ] Request (VolumesAdminNegativeTest:tearDownClass): 204 DELETE http://10.180.1.21/networking/v2.0/routers/8af02d85-c984-4a3a-8a28-52c153c6bb78 0.908s
2025-11-20 19:58:47.251 66252 INFO tempest.lib.common.rest_client [req-b1436b44-8517-4b8c-9d00-2ae709ac8e2c req-b1436b44-8517-4b8c-9d00-2ae709ac8e2c ] Request (ServersListShow298Test:test_list_show_update_rebuild_server_298): 200 GET http://10.180.1.21/compute/v2.1/servers/d6c8e0b3-8430-4f34-96d5-ec85f88abbe1 3.774s
2025-11-20 19:58:47.273 66237 INFO tempest.lib.common.rest_client [req-fd88dc32-fb5b-4e87-b8da-319a2d4b7839 req-fd88dc32-fb5b-4e87-b8da-319a2d4b7839 ] Request (KeyPairsNegativeTestJSON:tearDownClass): 204 DELETE http://10.180.1.21/identity/v3/projects/69f8c5d0cbda4c808adad8ec78d86c0b 0.237s
2025-11-20 19:58:47.312 66222 INFO tempest.lib.common.rest_client [req-94c98de2-4e72-4b6d-93bc-6780fe9d3e90 req-94c98de2-4e72-4b6d-93bc-6780fe9d3e90 ] Request (ComputeTenantNetworksTest:setUpClass): 200 GET http://10.180.1.21/identity/v3/domains?name=Default 0.093s
2025-11-20 19:58:47.323 66237 INFO tempest.lib.common.rest_client [req-e5fb8cdf-59a4-4588-97b1-fdf08f6681eb req-e5fb8cdf-59a4-4588-97b1-fdf08f6681eb ] Request (ServerAddressesNegativeTestJSON:setUpClass): 201 POST http://10.180.1.21/identity/v3/auth/tokens 0.048s
2025-11-20 19:58:47.345 66228 INFO tempest.lib.common.rest_client [req-70a80a81-3a01-4224-9b64-5f52ee48c8cb req-70a80a81-3a01-4224-9b64-5f52ee48c8cb ] Request (FloatingIPsAssociationTestJSON:test_associate_already_associated_floating_ip): 200 GET http://10.180.1.21/compute/v2.1/servers/cc4d755d-e5a0-4415-a963-761420a936e4 3.508s
2025-11-20 19:58:47.355 66222 INFO tempest.lib.common.rest_client [req-9cd90a99-d6dd-455e-af3e-c570a2eedcc1 req-9cd90a99-d6dd-455e-af3e-c570a2eedcc1 ] Request (ComputeTenantNetworksTest:setUpClass): 201 POST http://10.180.1.21/identity/v3/projects 0.042s
2025-11-20 19:58:47.359 66228 INFO tempest.common.waiters [-] State transition "BUILD/None" ==> "BUILD/networking" after 15 second wait
2025-11-20 19:58:47.382 66190 INFO tempest.lib.common.rest_client [req-cbdcba87-2781-4272-8baa-8263cc15a96b req-cbdcba87-2781-4272-8baa-8263cc15a96b ] Request (ImagesNegativeTestJSON:tearDownClass): 404 GET http://10.180.1.21/compute/v2.1/servers/ead5d83b-b5ec-48a6-bffb-22a4718c60e0 3.280s
2025-11-20 19:58:47.398 66237 INFO tempest.lib.common.rest_client [req-c4c7c68c-bb23-4a77-97bd-6c7ec3fd9d12 req-c4c7c68c-bb23-4a77-97bd-6c7ec3fd9d12 ] Request (ServerAddressesNegativeTestJSON:setUpClass): 201 POST http://10.180.1.21/identity/v3/auth/tokens 0.073s
2025-11-20 19:58:47.423 66210 INFO tempest.lib.common.rest_client [req-4551593a-ead1-42d6-9111-129f2acefde5 req-4551593a-ead1-42d6-9111-129f2acefde5 ] Request (FlavorsAdminTestJSON:test_is_public_string_variations): 200 GET http://10.180.1.21/compute/v2.1/flavors/detail?is_public=true 3.279s
2025-11-20 19:58:47.441 66237 INFO tempest.lib.common.rest_client [req-92b9b27e-0be2-444c-8fc1-eb8b05a072de req-92b9b27e-0be2-444c-8fc1-eb8b05a072de ] Request (ServerAddressesNegativeTestJSON:setUpClass): 200 GET http://10.180.1.21/identity/v3/domains?name=Default 0.042s
2025-11-20 19:58:47.481 66222 INFO tempest.lib.common.rest_client [req-bc7f0d5d-43bb-43fa-b1fa-541f5ddae34d req-bc7f0d5d-43bb-43fa-b1fa-541f5ddae34d ] Request (ComputeTenantNetworksTest:setUpClass): 201 POST http://10.180.1.21/identity/v3/users 0.125s
2025-11-20 19:58:47.491 66250 INFO tempest.lib.common.rest_client [req-f6972285-e168-4c57-9fb5-d9d7738902f7 req-f6972285-e168-4c57-9fb5-d9d7738902f7 ] Request (AbsoluteLimitsNegativeTestJSON:test_max_metadata_exceed_limit): 403 POST http://10.180.1.21/compute/v2.1/servers 4.066s
2025-11-20 19:58:47.496 66237 INFO tempest.lib.common.rest_client [req-5d27726e-7747-4ab7-a14a-b6d1c5fe1c6d req-5d27726e-7747-4ab7-a14a-b6d1c5fe1c6d ] Request (ServerAddressesNegativeTestJSON:setUpClass): 201 POST http://10.180.1.21/identity/v3/projects 0.054s
2025-11-20 19:58:47.507 66222 INFO tempest.lib.common.rest_client [req-eaf637e6-b3eb-4619-bcc6-73208ffea145 req-eaf637e6-b3eb-4619-bcc6-73208ffea145 ] Request (ComputeTenantNetworksTest:setUpClass): 200 GET http://10.180.1.21/identity/v3/roles 0.026s
2025-11-20 19:58:47.513 66200 INFO tempest.lib.common.rest_client [req-39598ded-b739-45a6-b107-ac5879654332 req-39598ded-b739-45a6-b107-ac5879654332 ] Request (VolumesAdminNegativeTest:tearDownClass): 204 DELETE http://10.180.1.21/networking/v2.0/subnets/97851e14-900a-473c-9e67-9d1fdc362107 0.264s
2025-11-20 19:58:47.582 66237 INFO tempest.lib.common.rest_client [req-3c350e55-6b97-4f74-8b7c-8e10d70abd8f req-3c350e55-6b97-4f74-8b7c-8e10d70abd8f ] Request (ServerAddressesNegativeTestJSON:setUpClass): 201 POST http://10.180.1.21/identity/v3/users 0.085s
2025-11-20 19:58:47.617 66222 INFO tempest.lib.common.rest_client [req-207b9f8b-9f49-40f8-8d4f-d21a805ffa7d req-207b9f8b-9f49-40f8-8d4f-d21a805ffa7d ] Request (ComputeTenantNetworksTest:setUpClass): 204 PUT http://10.180.1.21/identity/v3/projects/ca00d86805c846f484ef61bf7ba020aa/users/29be1514e16047c2a43cdc57c70f324a/roles/32ba8d1d0e9d41f284f32e90294f5b11 0.109s
2025-11-20 19:58:47.617 66222 INFO tempest.lib.common.dynamic_creds [-] Dynamic test user 29be1514e16047c2a43cdc57c70f324a is created with scope project and roles: ['member']
2025-11-20 19:58:47.617 66222 INFO tempest.lib.common.dynamic_creds [-] Acquired dynamic creds: credentials: Credentials: {'domain_id': 'default', 'domain_name': 'Default', 'username': 'tempest-ComputeTenantNetworksTest-1269172033-project-member', 'project_domain_id': 'default', 'project_domain_name': 'Default', 'project_id': 'ca00d86805c846f484ef61bf7ba020aa', 'project_name': 'tempest-ComputeTenantNetworksTest-1269172033', 'tenant_id': 'ca00d86805c846f484ef61bf7ba020aa', 'tenant_name': 'tempest-ComputeTenantNetworksTest-1269172033', 'user_domain_id': 'default', 'user_domain_name': 'Default', 'user_id': '29be1514e16047c2a43cdc57c70f324a', 'system': None}, Network: None, Subnet: None, Router: None
2025-11-20 19:58:47.660 66206 WARNING tempest.lib.common.ssh [-] Failed to establish authenticated ssh connection to cirros@10.180.180.182 ([Errno None] Unable to connect to port 22 on 10.180.180.182). Number attempts: 9. Retry after 10 seconds.: paramiko.ssh_exception.NoValidConnectionsError: [Errno None] Unable to connect to port 22 on 10.180.180.182
2025-11-20 19:58:47.670 66250 INFO tempest.lib.common.rest_client [req-3bee6c64-dbc8-43f3-989f-f1037a340c0a req-3bee6c64-dbc8-43f3-989f-f1037a340c0a ] Request (AbsoluteLimitsNegativeTestJSON:tearDownClass): 204 DELETE http://10.180.1.21/identity/v3/users/df575876e3084030a793fd91cf7cb6ad 0.177s
2025-11-20 19:58:47.670 66250 INFO tempest.lib.common.dynamic_creds [-] Deleting project and security group for project: d3c5e57fede24e9383a1a7fdc58c44ec
2025-11-20 19:58:47.755 66237 INFO tempest.lib.common.rest_client [req-d774c993-e669-43a2-a597-9d1e807b688a req-d774c993-e669-43a2-a597-9d1e807b688a ] Request (ServerAddressesNegativeTestJSON:setUpClass): 200 GET http://10.180.1.21/identity/v3/roles 0.173s
2025-11-20 19:58:47.785 66222 INFO tempest.lib.common.rest_client [req-3c621467-8dd6-4d66-8ea2-aafdcb93d38d req-3c621467-8dd6-4d66-8ea2-aafdcb93d38d ] Request (ComputeTenantNetworksTest:setUpClass): 201 POST http://10.180.1.21/identity/v3/auth/tokens 0.167s
2025-11-20 19:58:47.829 66250 INFO tempest.lib.common.rest_client [req-6b644337-9cff-43dd-8a2e-8c57a7c798a8 req-6b644337-9cff-43dd-8a2e-8c57a7c798a8 ] Request (AbsoluteLimitsNegativeTestJSON:tearDownClass): 201 POST http://10.180.1.21/identity/v3/auth/tokens 0.158s
2025-11-20 19:58:47.838 66237 INFO tempest.lib.common.rest_client [req-e27ff902-440e-448e-9fc6-a9b9ad2d5c30 req-e27ff902-440e-448e-9fc6-a9b9ad2d5c30 ] Request (ServerAddressesNegativeTestJSON:setUpClass): 204 PUT http://10.180.1.21/identity/v3/projects/49eee6cd41b14db0b3490b14a663e075/users/bbf3d9b2630d4ee181b3ccccae2543a7/roles/32ba8d1d0e9d41f284f32e90294f5b11 0.082s
2025-11-20 19:58:47.838 66237 INFO tempest.lib.common.dynamic_creds [-] Dynamic test user bbf3d9b2630d4ee181b3ccccae2543a7 is created with scope project and roles: ['member']
2025-11-20 19:58:47.838 66237 INFO tempest.lib.common.dynamic_creds [-] Acquired dynamic creds: credentials: Credentials: {'domain_id': 'default', 'domain_name': 'Default', 'username': 'tempest-ServerAddressesNegativeTestJSON-930185286-project-member', 'project_domain_id': 'default', 'project_domain_name': 'Default', 'project_id': '49eee6cd41b14db0b3490b14a663e075', 'project_name': 'tempest-ServerAddressesNegativeTestJSON-930185286', 'tenant_id': '49eee6cd41b14db0b3490b14a663e075', 'tenant_name': 'tempest-ServerAddressesNegativeTestJSON-930185286', 'user_domain_id': 'default', 'user_domain_name': 'Default', 'user_id': 'bbf3d9b2630d4ee181b3ccccae2543a7', 'system': None}, Network: None, Subnet: None, Router: None
2025-11-20 19:58:47.876 66200 INFO tempest.lib.common.rest_client [req-415e43ef-55ce-4574-9077-2f0385a73df0 req-415e43ef-55ce-4574-9077-2f0385a73df0 ] Request (VolumesAdminNegativeTest:tearDownClass): 204 DELETE http://10.180.1.21/networking/v2.0/networks/3e156f54-aed7-4320-8644-dcfcb745b675 0.363s
2025-11-20 19:58:47.906 66244 INFO tempest.lib.common.rest_client [req-5cba6ea0-312c-4192-a9e0-c62fa1629cbb req-5cba6ea0-312c-4192-a9e0-c62fa1629cbb ] Request (ServersTestMultiNic:_run_cleanups): 200 GET http://10.180.1.21/compute/v2.1/servers/3d496eb2-5dd4-437f-b701-2ee4b0bc45d8 3.220s
2025-11-20 19:58:47.912 66237 INFO tempest.lib.common.rest_client [req-51abb746-8bb7-4ecf-a593-602de40598ac req-51abb746-8bb7-4ecf-a593-602de40598ac ] Request (ServerAddressesNegativeTestJSON:setUpClass): 201 POST http://10.180.1.21/identity/v3/auth/tokens 0.073s
2025-11-20 19:58:47.999 66200 INFO tempest.lib.common.rest_client [req-8ca16a7c-7ac9-429f-a541-7401b0037be3 req-8ca16a7c-7ac9-429f-a541-7401b0037be3 ] Request (VolumesAdminNegativeTest:tearDownClass): 204 DELETE http://10.180.1.21/identity/v3/users/078edf0c1e3943ea8ebac4ffee83a3cb 0.122s
2025-11-20 19:58:48.123 66200 INFO tempest.lib.common.rest_client [req-48f7d8b9-f990-4c85-990e-794ad7b04c9a req-48f7d8b9-f990-4c85-990e-794ad7b04c9a ] Request (VolumesAdminNegativeTest:tearDownClass): 204 DELETE http://10.180.1.21/identity/v3/users/bcc044f269d247c39305f6fc0bea5b90 0.124s
2025-11-20 19:58:48.130 66204 WARNING tempest.lib.common.ssh [-] Failed to establish authenticated ssh connection to cirros@10.180.180.165 ([Errno None] Unable to connect to port 22 on 10.180.180.165). Number attempts: 7. Retry after 8 seconds.: paramiko.ssh_exception.NoValidConnectionsError: [Errno None] Unable to connect to port 22 on 10.180.180.165
2025-11-20 19:58:48.245 66200 INFO tempest.lib.common.rest_client [req-c3f05f57-b8b1-4a52-b12c-0b09d7761fc2 req-c3f05f57-b8b1-4a52-b12c-0b09d7761fc2 ] Request (VolumesAdminNegativeTest:tearDownClass): 204 DELETE http://10.180.1.21/identity/v3/users/8cf5f6f36db84ea3a1445c8ad7abb5ae 0.121s
2025-11-20 19:58:48.245 66200 INFO tempest.lib.common.dynamic_creds [-] Deleting project and security group for project: 02af9880a09d4168a40c06ab7971ba1e
2025-11-20 19:58:48.347 66198 INFO tempest.lib.common.rest_client [req-c3fd716e-af2a-4427-bc5c-c077767aa2b7 req-c3fd716e-af2a-4427-bc5c-c077767aa2b7 ] Request (MigrationsAdminTest:test_list_migrations_in_flavor_resize_situation): 200 GET http://10.180.1.21/compute/v2.1/servers/2c0c41c5-250f-4a8f-be17-32e71dfcb9af 4.073s
2025-11-20 19:58:48.413 66190 INFO tempest.lib.common.rest_client [req-ee823c0f-c4b0-4db2-842a-86304c5acb84 req-ee823c0f-c4b0-4db2-842a-86304c5acb84 ] Request (ImagesNegativeTestJSON:tearDownClass): 200 PUT http://10.180.1.21/networking/v2.0/routers/6dc1fa7a-ef24-4ef9-b60e-2a7150b3cd91/remove_router_interface 1.030s
2025-11-20 19:58:48.435 66242 INFO tempest.lib.common.rest_client [req-13b638b6-4b8a-49b2-94ac-ed47ba3ef709 req-13b638b6-4b8a-49b2-94ac-ed47ba3ef709 ] Request (ImagesOneServerNegativeTestJSON:_run_cleanups): 204 DELETE http://10.180.1.21/compute/v2.1/servers/db42276d-dba8-4458-8846-ef2a274d2866 3.560s
2025-11-20 19:58:48.626 66250 INFO tempest.lib.common.rest_client [req-888e65a0-c8b6-4f6e-a1a8-777b6b080357 req-888e65a0-c8b6-4f6e-a1a8-777b6b080357 ] Request (AbsoluteLimitsNegativeTestJSON:tearDownClass): 200 GET http://10.180.1.21/networking/v2.0/security-groups?tenant_id=d3c5e57fede24e9383a1a7fdc58c44ec&name=default 0.797s
2025-11-20 19:58:48.735 66222 INFO tempest.lib.common.rest_client [req-b878a671-833d-49d2-ade7-9316277d4be3 req-b878a671-833d-49d2-ade7-9316277d4be3 ] Request (ComputeTenantNetworksTest:setUpClass): 201 POST http://10.180.1.21/networking/v2.0/networks 0.949s
2025-11-20 19:58:48.735 66222 INFO tempest.lib.common.dynamic_creds [-] Created isolated network resources for: credentials: Credentials: {'domain_id': 'default', 'domain_name': 'Default', 'username': 'tempest-ComputeTenantNetworksTest-1269172033-project-member', 'project_domain_id': 'default', 'project_domain_name': 'Default', 'project_id': 'ca00d86805c846f484ef61bf7ba020aa', 'project_name': 'tempest-ComputeTenantNetworksTest-1269172033', 'tenant_id': 'ca00d86805c846f484ef61bf7ba020aa', 'tenant_name': 'tempest-ComputeTenantNetworksTest-1269172033', 'user_domain_id': 'default', 'user_domain_name': 'Default', 'user_id': '29be1514e16047c2a43cdc57c70f324a', 'system': None}, Network: {'id': '64f8ac16-cced-4ef0-8d46-7be090338758', 'name': 'tempest-ComputeTenantNetworksTest-1897537216-network', 'tenant_id': 'ca00d86805c846f484ef61bf7ba020aa', 'project_id': 'ca00d86805c846f484ef61bf7ba020aa', 'admin_state_up': True, 'mtu': 8950, 'status': 'ACTIVE', 'subnets': [], 'shared': False, 'port_security_enabled': True, 'router:external': False, 'provider:network_type': 'vlan', 'provider:physical_network': 'default', 'provider:segmentation_id': 749, 'availability_zone_hints': [], 'availability_zones': [], 'ipv4_address_scope': None, 'ipv6_address_scope': None, 'description': '', 'tags': [], 'created_at': '2025-11-20T19:58:48Z', 'updated_at': '2025-11-20T19:58:48Z', 'revision_number': 1}, Subnet: None, Router: None
2025-11-20 19:58:48.817 66212 INFO tempest.lib.common.rest_client [req-11a1b8a1-f127-44dc-849e-5c3bc9b1c587 req-11a1b8a1-f127-44dc-849e-5c3bc9b1c587 ] Request (ServersTestFqdnHostnames:test_create_server_with_fqdn_name): 200 GET http://10.180.1.21/compute/v2.1/servers/5a6215f3-1030-46c7-8658-83c0d03094ff/os-interface 3.974s
2025-11-20 19:58:48.829 66222 INFO tempest.lib.common.rest_client [req-28e0981a-311f-4233-ab26-4be72aa344fd req-28e0981a-311f-4233-ab26-4be72aa344fd ] Request (ComputeTenantNetworksTest:setUpClass): 201 POST http://10.180.1.21/identity/v3/auth/tokens 0.090s
2025-11-20 19:58:48.840 66200 INFO tempest.lib.common.rest_client [req-6b864c67-68b3-4e1e-9af6-fc934ab23b1e req-6b864c67-68b3-4e1e-9af6-fc934ab23b1e ] Request (VolumesAdminNegativeTest:tearDownClass): 200 GET http://10.180.1.21/networking/v2.0/security-groups?tenant_id=02af9880a09d4168a40c06ab7971ba1e&name=default 0.594s
2025-11-20 19:58:48.875 66222 INFO tempest.lib.common.rest_client [req-6ecb0224-fba5-4dcf-a8d5-d33d1f88fa52 req-6ecb0224-fba5-4dcf-a8d5-d33d1f88fa52 ] Request (ComputeTenantNetworksTest:setUpClass): 201 POST http://10.180.1.21/identity/v3/auth/tokens 0.042s
2025-11-20 19:58:48.875 66222 INFO tempest.lib.common.fixed_network [-] (ComputeTenantNetworksTest:setUpClass) Found network {'id': '64f8ac16-cced-4ef0-8d46-7be090338758', 'name': 'tempest-ComputeTenantNetworksTest-1897537216-network', 'tenant_id': 'ca00d86805c846f484ef61bf7ba020aa', 'project_id': 'ca00d86805c846f484ef61bf7ba020aa', 'admin_state_up': True, 'mtu': 8950, 'status': 'ACTIVE', 'subnets': [], 'shared': False, 'port_security_enabled': True, 'router:external': False, 'provider:network_type': 'vlan', 'provider:physical_network': 'default', 'provider:segmentation_id': 749, 'availability_zone_hints': [], 'availability_zones': [], 'ipv4_address_scope': None, 'ipv6_address_scope': None, 'description': '', 'tags': [], 'created_at': '2025-11-20T19:58:48Z', 'updated_at': '2025-11-20T19:58:48Z', 'revision_number': 1} available for tenant
2025-11-20 19:58:48.891 66237 INFO tempest.lib.common.rest_client [req-fec84627-269b-433b-aec3-d3f740c98e7f req-fec84627-269b-433b-aec3-d3f740c98e7f ] Request (ServerAddressesNegativeTestJSON:setUpClass): 201 POST http://10.180.1.21/networking/v2.0/networks 0.979s
2025-11-20 19:58:49.288 66190 INFO tempest.lib.common.rest_client [req-42b1a0b9-fddf-4388-b327-c77ccba6f41e req-42b1a0b9-fddf-4388-b327-c77ccba6f41e ] Request (ImagesNegativeTestJSON:tearDownClass): 204 DELETE http://10.180.1.21/networking/v2.0/routers/6dc1fa7a-ef24-4ef9-b60e-2a7150b3cd91 0.875s
2025-11-20 19:58:49.423 66250 INFO tempest.lib.common.rest_client [req-b541a172-84aa-4dc7-8397-69154d4af168 req-b541a172-84aa-4dc7-8397-69154d4af168 ] Request (AbsoluteLimitsNegativeTestJSON:tearDownClass): 204 DELETE http://10.180.1.21/networking/v2.0/security-groups/947fbe2b-2228-4607-a333-1c3ef4199f12 0.796s
2025-11-20 19:58:49.499 66250 INFO tempest.lib.common.rest_client [req-d99e937e-e12a-4645-967b-bcd1f2671ee8 req-d99e937e-e12a-4645-967b-bcd1f2671ee8 ] Request (AbsoluteLimitsNegativeTestJSON:tearDownClass): 204 DELETE http://10.180.1.21/identity/v3/projects/d3c5e57fede24e9383a1a7fdc58c44ec 0.075s
2025-11-20 19:58:49.571 66250 INFO tempest.lib.common.rest_client [req-64e6f16d-44cc-421e-99da-2bb798e34470 req-64e6f16d-44cc-421e-99da-2bb798e34470 ] Request (TestVersions:setUpClass): 201 POST http://10.180.1.21/identity/v3/auth/tokens 0.070s
2025-11-20 19:58:49.623 66250 INFO tempest.lib.common.rest_client [req-5f3701a2-ce15-4d62-b752-55844e512dd4 req-5f3701a2-ce15-4d62-b752-55844e512dd4 ] Request (TestVersions:setUpClass): 201 POST http://10.180.1.21/identity/v3/auth/tokens 0.048s
2025-11-20 19:58:49.656 66250 INFO tempest.lib.common.rest_client [req-d68fd2d4-b4ed-4e11-b579-d02400eb6b49 req-d68fd2d4-b4ed-4e11-b579-d02400eb6b49 ] Request (TestVersions:setUpClass): 200 GET http://10.180.1.21/identity/v3/domains?name=Default 0.032s
2025-11-20 19:58:49.703 66250 INFO tempest.lib.common.rest_client [req-ad17bedc-ef5e-43fc-b720-e94cb6b520c7 req-ad17bedc-ef5e-43fc-b720-e94cb6b520c7 ] Request (TestVersions:setUpClass): 201 POST http://10.180.1.21/identity/v3/projects 0.046s
2025-11-20 19:58:49.790 66250 INFO tempest.lib.common.rest_client [req-4d3a74ef-87c6-465e-afe2-22d873f4b9fb req-4d3a74ef-87c6-465e-afe2-22d873f4b9fb ] Request (TestVersions:setUpClass): 201 POST http://10.180.1.21/identity/v3/users 0.086s
2025-11-20 19:58:49.812 66250 INFO tempest.lib.common.rest_client [req-f2a1d690-8b17-41ae-980e-d6c7b8a908cf req-f2a1d690-8b17-41ae-980e-d6c7b8a908cf ] Request (TestVersions:setUpClass): 200 GET http://10.180.1.21/identity/v3/roles 0.021s
2025-11-20 19:58:49.851 66250 INFO tempest.lib.common.rest_client [req-9342c1cb-cc75-4fcf-8b6f-28cbb491fe19 req-9342c1cb-cc75-4fcf-8b6f-28cbb491fe19 ] Request (TestVersions:setUpClass): 204 PUT http://10.180.1.21/identity/v3/projects/2b6e482ec41d41899affa5aa00ff8ac2/users/65f2b410e5bd4c55a0c1957a0c22575a/roles/32ba8d1d0e9d41f284f32e90294f5b11 0.038s
2025-11-20 19:58:49.851 66250 INFO tempest.lib.common.dynamic_creds [-] Dynamic test user 65f2b410e5bd4c55a0c1957a0c22575a is created with scope project and roles: ['member']
2025-11-20 19:58:49.851 66250 INFO tempest.lib.common.dynamic_creds [-] Acquired dynamic creds: credentials: Credentials: {'domain_id': 'default', 'domain_name': 'Default', 'username': 'tempest-TestVersions-144396987-project-member', 'project_domain_id': 'default', 'project_domain_name': 'Default', 'project_id': '2b6e482ec41d41899affa5aa00ff8ac2', 'project_name': 'tempest-TestVersions-144396987', 'tenant_id': '2b6e482ec41d41899affa5aa00ff8ac2', 'tenant_name': 'tempest-TestVersions-144396987', 'user_domain_id': 'default', 'user_domain_name': 'Default', 'user_id': '65f2b410e5bd4c55a0c1957a0c22575a', 'system': None}, Network: None, Subnet: None, Router: None
2025-11-20 19:58:49.851 66250 INFO tempest.lib.common.dynamic_creds [-] Created isolated network resources for: credentials: Credentials: {'domain_id': 'default', 'domain_name': 'Default', 'username': 'tempest-TestVersions-144396987-project-member', 'project_domain_id': 'default', 'project_domain_name': 'Default', 'project_id': '2b6e482ec41d41899affa5aa00ff8ac2', 'project_name': 'tempest-TestVersions-144396987', 'tenant_id': '2b6e482ec41d41899affa5aa00ff8ac2', 'tenant_name': 'tempest-TestVersions-144396987', 'user_domain_id': 'default', 'user_domain_name': 'Default', 'user_id': '65f2b410e5bd4c55a0c1957a0c22575a', 'system': None}, Network: None, Subnet: None, Router: None
2025-11-20 19:58:49.937 66250 INFO tempest.lib.common.rest_client [req-40a6479e-7264-4dcc-9014-fa4fa8498509 req-40a6479e-7264-4dcc-9014-fa4fa8498509 ] Request (TestVersions:setUpClass): 201 POST http://10.180.1.21/identity/v3/auth/tokens 0.079s
2025-11-20 19:58:50.031 66212 INFO tempest.lib.common.rest_client [req-e7913a3f-8fa1-4ad2-91be-1c6b93bd54bf req-e7913a3f-8fa1-4ad2-91be-1c6b93bd54bf ] Request (ServersTestFqdnHostnames:test_create_server_with_fqdn_name): 200 PUT http://10.180.1.21/networking/v2.0/floatingips/efc88515-a447-4809-a5a5-4009939ecfac 1.211s
2025-11-20 19:58:50.032 66212 INFO tempest.lib.common.ssh [-] Creating ssh connection to '10.180.180.253:22' as 'cirros' with public key authentication
2025-11-20 19:58:50.158 66200 INFO tempest.lib.common.rest_client [req-d5540233-bf90-4c3c-bc3b-f8307d8aa6a3 req-d5540233-bf90-4c3c-bc3b-f8307d8aa6a3 ] Request (VolumesAdminNegativeTest:tearDownClass): 204 DELETE http://10.180.1.21/networking/v2.0/security-groups/9471e1ea-74c4-4396-8e18-04fea93b7271 1.317s
2025-11-20 19:58:50.191 66240 INFO tempest.lib.common.rest_client [req-71cff4f7-3a2e-412b-9739-65ccdcabee88 req-71cff4f7-3a2e-412b-9739-65ccdcabee88 ] Request (ServerShowV257Test:test_rebuild_server): 200 GET http://10.180.1.21/compute/v2.1/servers/45058fe9-c6da-413a-9378-4a63fa75ea52 5.210s
2025-11-20 19:58:50.244 66196 INFO tempest.lib.common.rest_client [req-f8202009-2097-4aba-b83f-09610529f079 req-f8202009-2097-4aba-b83f-09610529f079 ] Request (ImagesOneServerTestJSON:test_create_image_specify_multibyte_character_image_name): 200 GET http://10.180.1.21/compute/v2.1/images/5da50b7b-f886-42eb-b71b-2959047fd4d1 5.236s
2025-11-20 19:58:50.319 66200 INFO tempest.lib.common.rest_client [req-588004ac-3468-423a-9d0e-1c0731235831 req-588004ac-3468-423a-9d0e-1c0731235831 ] Request (VolumesAdminNegativeTest:tearDownClass): 204 DELETE http://10.180.1.21/identity/v3/projects/02af9880a09d4168a40c06ab7971ba1e 0.160s
2025-11-20 19:58:50.319 66200 INFO tempest.lib.common.dynamic_creds [-] Deleting project and security group for project: 1c25f2111939406fba6923adc7cb2b74
2025-11-20 19:58:50.376 66237 INFO tempest.lib.common.rest_client [req-74057e2b-57da-4811-8e3c-c7eebef68cce req-74057e2b-57da-4811-8e3c-c7eebef68cce ] Request (ServerAddressesNegativeTestJSON:setUpClass): 201 POST http://10.180.1.21/networking/v2.0/subnets 1.484s
2025-11-20 19:58:50.472 66190 INFO tempest.lib.common.rest_client [req-77184983-7cd4-490a-9d7b-9bd9baa6b4e4 req-77184983-7cd4-490a-9d7b-9bd9baa6b4e4 ] Request (ImagesNegativeTestJSON:tearDownClass): 204 DELETE http://10.180.1.21/networking/v2.0/subnets/96065f4b-ec87-4b09-8cfd-6aaf7642dd6a 1.183s
2025-11-20 19:58:50.510 66226 INFO tempest.lib.common.rest_client [req-6fa6e722-dc64-43fd-9512-f37eadad9844 req-6fa6e722-dc64-43fd-9512-f37eadad9844 ] Request (InstanceActionsTestJSON:test_list_instance_actions): 200 GET http://10.180.1.21/compute/v2.1/servers/f541a8e3-9039-4f0c-a5eb-a5a6d0c16004 5.555s
2025-11-20 19:58:50.525 66226 INFO tempest.common.waiters [-] State transition "HARD_REBOOT/reboot_started_hard" ==> "ACTIVE/None" after 10 second wait
2025-11-20 19:58:50.546 66232 INFO tempest.lib.common.rest_client [req-de14494e-0109-4734-9bfa-a2dee11578ce req-de14494e-0109-4734-9bfa-a2dee11578ce ] Request (DeleteServersTestJSON:test_delete_active_server): 200 GET http://10.180.1.21/compute/v2.1/servers/437a1f87-9124-4c1d-b333-49e738fbf217 5.465s
2025-11-20 19:58:50.562 66200 INFO tempest.lib.common.rest_client [req-d20967f0-4a92-4bf2-bd1c-d92206a4f70b req-d20967f0-4a92-4bf2-bd1c-d92206a4f70b ] Request (VolumesAdminNegativeTest:tearDownClass): 200 GET http://10.180.1.21/networking/v2.0/security-groups?tenant_id=1c25f2111939406fba6923adc7cb2b74&name=default 0.242s
2025-11-20 19:58:50.622 66202 INFO tempest.lib.common.rest_client [req-a28c9608-3c4b-41bb-ba54-e14be8709ab1 req-a28c9608-3c4b-41bb-ba54-e14be8709ab1 ] Request (ListServerFiltersTestJSON:test_list_servers_filter_by_shutoff_status): 200 GET http://10.180.1.21/compute/v2.1/servers?status=shutoff 5.113s
2025-11-20 19:58:50.646 66194 INFO tempest.lib.common.rest_client [req-59e8cf69-1e87-4fce-ae26-6b1421d0663a req-59e8cf69-1e87-4fce-ae26-6b1421d0663a ] Request (FlavorsV255TestJSON:_run_cleanups): 200 GET http://10.180.1.21/compute/v2.1/flavors/detail 5.080s
2025-11-20 19:58:50.736 66190 INFO tempest.lib.common.rest_client [req-533adb9a-ae58-4abf-8072-b3b0de47c690 req-533adb9a-ae58-4abf-8072-b3b0de47c690 ] Request (ImagesNegativeTestJSON:tearDownClass): 204 DELETE http://10.180.1.21/networking/v2.0/networks/0fb8a01c-76c1-460d-95ec-6dd050e32135 0.264s
2025-11-20 19:58:50.798 66194 INFO tempest.lib.common.rest_client [req-76bbf164-9cf6-4e48-b1ef-9d8552071e52 req-76bbf164-9cf6-4e48-b1ef-9d8552071e52 ] Request (FlavorsV255TestJSON:tearDownClass): 204 DELETE http://10.180.1.21/identity/v3/users/893685f9fd074b9f8b9d4f8ad8b5d07d 0.144s
2025-11-20 19:58:50.859 66218 INFO tempest.lib.common.rest_client [req-0ab679a9-7d2b-435b-861c-ea3179659813 req-0ab679a9-7d2b-435b-861c-ea3179659813 ] Request (SecurityGroupsTestJSON:test_server_security_groups): 200 POST http://10.180.1.21/compute/v2.1/os-security-groups 5.724s
2025-11-20 19:58:50.946 66194 INFO tempest.lib.common.rest_client [req-b8d20c68-87d5-4c0c-af96-90789a79df12 req-b8d20c68-87d5-4c0c-af96-90789a79df12 ] Request (FlavorsV255TestJSON:tearDownClass): 204 DELETE http://10.180.1.21/identity/v3/users/a47cbd52f6dc471b90977df1e01c33e4 0.148s
2025-11-20 19:58:50.947 66194 INFO tempest.lib.common.dynamic_creds [-] Deleting project and security group for project: 2905957399214123b2e01cab743bed87
2025-11-20 19:58:50.948 66190 INFO tempest.lib.common.rest_client [req-7dca1c2d-2645-4a96-9140-92241092e87d req-7dca1c2d-2645-4a96-9140-92241092e87d ] Request (ImagesNegativeTestJSON:tearDownClass): 204 DELETE http://10.180.1.21/identity/v3/users/9272126917734e7e94b56a1c0aa72151 0.211s
2025-11-20 19:58:50.948 66190 INFO tempest.lib.common.dynamic_creds [-] Deleting project and security group for project: 75b5c3bc685b4fb7b2d6a8d58063aecc
2025-11-20 19:58:50.995 66200 INFO tempest.lib.common.rest_client [req-0d2d5ff5-b563-42be-9679-e672454ff24d req-0d2d5ff5-b563-42be-9679-e672454ff24d ] Request (VolumesAdminNegativeTest:tearDownClass): 204 DELETE http://10.180.1.21/networking/v2.0/security-groups/d7084bea-c57e-42d1-9990-9cb4ec9d0daa 0.433s
2025-11-20 19:58:51.008 66218 INFO tempest.lib.common.rest_client [req-4a3e4aac-911b-4f7f-8bd7-3c0c6e09d9cd req-4a3e4aac-911b-4f7f-8bd7-3c0c6e09d9cd ] Request (SecurityGroupsTestJSON:test_server_security_groups): 201 POST http://10.180.1.21/identity/v3/auth/tokens 0.137s
2025-11-20 19:58:51.008 66218 INFO tempest.lib.common.fixed_network [-] (SecurityGroupsTestJSON:test_server_security_groups) Found network {'id': 'c6f6e1d8-9a49-457b-b449-b5fe2b7785ce', 'name': 'tempest-SecurityGroupsTestJSON-1787981284-network', 'tenant_id': '7a7850ea7827447ca1aff734db9763f7', 'project_id': '7a7850ea7827447ca1aff734db9763f7', 'admin_state_up': True, 'mtu': 8950, 'status': 'ACTIVE', 'subnets': [], 'shared': False, 'port_security_enabled': True, 'router:external': False, 'provider:network_type': 'vlan', 'provider:physical_network': 'default', 'provider:segmentation_id': 344, 'availability_zone_hints': [], 'availability_zones': [], 'ipv4_address_scope': None, 'ipv6_address_scope': None, 'description': '', 'tags': [], 'created_at': '2025-11-20T19:56:58Z', 'updated_at': '2025-11-20T19:56:58Z', 'revision_number': 1} available for tenant
2025-11-20 19:58:51.021 66194 INFO tempest.lib.common.rest_client [req-3cee172c-8188-468f-978c-47a9b79485b6 req-3cee172c-8188-468f-978c-47a9b79485b6 ] Request (FlavorsV255TestJSON:tearDownClass): 201 POST http://10.180.1.21/identity/v3/auth/tokens 0.074s
2025-11-20 19:58:51.123 66200 INFO tempest.lib.common.rest_client [req-4a6fb301-5339-4dce-aa5b-6d8651bf4775 req-4a6fb301-5339-4dce-aa5b-6d8651bf4775 ] Request (VolumesAdminNegativeTest:tearDownClass): 204 DELETE http://10.180.1.21/identity/v3/projects/1c25f2111939406fba6923adc7cb2b74 0.127s
2025-11-20 19:58:51.123 66200 INFO tempest.lib.common.dynamic_creds [-] Deleting project and security group for project: 51b360927e4442a6a2ca74f24bd064f8
2025-11-20 19:58:51.132 66238 INFO tempest.lib.common.rest_client [req-caebb0fd-02ce-4f97-82be-4bae3fa586c3 req-caebb0fd-02ce-4f97-82be-4bae3fa586c3 ] Request (ServerMetadataTestJSON:tearDownClass): 200 GET http://10.180.1.21/compute/v2.1/servers/1851f354-1f04-4cc7-860f-c56a6d4c7752 4.658s
2025-11-20 19:58:51.141 66238 INFO tempest.common.waiters [-] State transition "ACTIVE/deleting" ==> "DELETED/None" after 6 second wait
2025-11-20 19:58:51.141 66190 INFO tempest.lib.common.rest_client [req-9c9b4901-4760-412e-a0f4-313445a7cb9f req-9c9b4901-4760-412e-a0f4-313445a7cb9f ] Request (ImagesNegativeTestJSON:tearDownClass): 200 GET http://10.180.1.21/networking/v2.0/security-groups?tenant_id=75b5c3bc685b4fb7b2d6a8d58063aecc&name=default 0.192s
2025-11-20 19:58:51.377 66194 INFO tempest.lib.common.rest_client [req-07be7e6c-be13-42c7-a6e1-e05e6c657f79 req-07be7e6c-be13-42c7-a6e1-e05e6c657f79 ] Request (FlavorsV255TestJSON:tearDownClass): 200 GET http://10.180.1.21/networking/v2.0/security-groups?tenant_id=2905957399214123b2e01cab743bed87&name=default 0.355s
2025-11-20 19:58:51.393 66237 INFO tempest.lib.common.rest_client [req-6aa59d24-1f97-4c87-a5c2-b0a010c42c66 req-6aa59d24-1f97-4c87-a5c2-b0a010c42c66 ] Request (ServerAddressesNegativeTestJSON:setUpClass): 201 POST http://10.180.1.21/networking/v2.0/routers 1.016s
2025-11-20 19:58:51.448 66200 INFO tempest.lib.common.rest_client [req-56c38e32-5344-442a-af41-6a1efb767b15 req-56c38e32-5344-442a-af41-6a1efb767b15 ] Request (VolumesAdminNegativeTest:tearDownClass): 200 GET http://10.180.1.21/networking/v2.0/security-groups?tenant_id=51b360927e4442a6a2ca74f24bd064f8&name=default 0.325s
2025-11-20 19:58:51.531 66190 INFO tempest.lib.common.rest_client [req-84571e0d-5ef2-4746-ba25-e0ad1d65ba67 req-84571e0d-5ef2-4746-ba25-e0ad1d65ba67 ] Request (ImagesNegativeTestJSON:tearDownClass): 204 DELETE http://10.180.1.21/networking/v2.0/security-groups/5640b4e1-45b6-433e-87d9-8557c8fdd5f7 0.389s
2025-11-20 19:58:51.607 66190 INFO tempest.lib.common.rest_client [req-b8d69a7a-6378-4601-97b0-628fb06e2690 req-b8d69a7a-6378-4601-97b0-628fb06e2690 ] Request (ImagesNegativeTestJSON:tearDownClass): 204 DELETE http://10.180.1.21/identity/v3/projects/75b5c3bc685b4fb7b2d6a8d58063aecc 0.075s
2025-11-20 19:58:51.657 66194 INFO tempest.lib.common.rest_client [req-899e0e8e-d490-432a-a408-aab1543f0930 req-899e0e8e-d490-432a-a408-aab1543f0930 ] Request (FlavorsV255TestJSON:tearDownClass): 204 DELETE http://10.180.1.21/networking/v2.0/security-groups/304aa985-9993-45bf-b031-870418c89701 0.279s
2025-11-20 19:58:51.687 66190 INFO tempest.lib.common.rest_client [req-046b4ff1-4071-46f8-94e9-684666df2ef5 req-046b4ff1-4071-46f8-94e9-684666df2ef5 ] Request (ListServersNegativeTestJSON:setUpClass): 201 POST http://10.180.1.21/identity/v3/auth/tokens 0.079s
2025-11-20 19:58:51.731 66190 INFO tempest.lib.common.rest_client [req-80d904f8-8287-4f34-b480-1338e98751d6 req-80d904f8-8287-4f34-b480-1338e98751d6 ] Request (ListServersNegativeTestJSON:setUpClass): 201 POST http://10.180.1.21/identity/v3/auth/tokens 0.039s
2025-11-20 19:58:51.765 66190 INFO tempest.lib.common.rest_client [req-b4bdf6ca-be9a-40a7-878a-7c5455a1f4fd req-b4bdf6ca-be9a-40a7-878a-7c5455a1f4fd ] Request (ListServersNegativeTestJSON:setUpClass): 200 GET http://10.180.1.21/identity/v3/domains?name=Default 0.033s
2025-11-20 19:58:51.817 66194 INFO tempest.lib.common.rest_client [req-71c14a65-5de9-4dc1-84a4-701b63cba1ce req-71c14a65-5de9-4dc1-84a4-701b63cba1ce ] Request (FlavorsV255TestJSON:tearDownClass): 204 DELETE http://10.180.1.21/identity/v3/projects/2905957399214123b2e01cab743bed87 0.159s
