2025-11-20 19:58:58.765 66226 INFO tempest.lib.common.rest_client [req-e32451be-d83f-42cc-9dd3-572d6387982f req-e32451be-d83f-42cc-9dd3-572d6387982f ] Request (InstanceActionsTestJSON:tearDownClass): 204 DELETE http://10.180.1.21/compute/v2.1/servers/f541a8e3-9039-4f0c-a5eb-a5a6d0c16004 4.769s
2025-11-20 19:58:59.019 66249 INFO tempest.lib.common.rest_client [req-b4680dce-af9f-41f4-a5ee-4e38acf0009c req-b4680dce-af9f-41f4-a5ee-4e38acf0009c ] Request (ServerActionsTestJSON:setUpClass): 201 POST http://10.180.1.21/networking/v2.0/networks 0.366s
2025-11-20 19:58:59.101 66252 INFO tempest.lib.common.rest_client [req-7221ad6e-1aac-4f09-bd78-b3c033c1d5c9 req-7221ad6e-1aac-4f09-bd78-b3c033c1d5c9 ] Request (ServersListShow298Test:test_list_show_update_rebuild_server_298): 200 GET http://10.180.1.21/compute/v2.1/servers/d6c8e0b3-8430-4f34-96d5-ec85f88abbe1 5.070s
2025-11-20 19:58:59.114 66252 INFO tempest.common.waiters [-] State transition "BUILD/None" ==> "BUILD/spawning" after 20 second wait
2025-11-20 19:58:59.195 66222 INFO tempest.lib.common.rest_client [req-bb2b50c3-1121-4173-857a-af121c4dfa2b req-bb2b50c3-1121-4173-857a-af121c4dfa2b ] Request (ComputeTenantNetworksTest:tearDownClass): 204 DELETE http://10.180.1.21/networking/v2.0/networks/64f8ac16-cced-4ef0-8d46-7be090338758 0.536s
2025-11-20 19:58:59.312 66222 INFO tempest.lib.common.rest_client [req-a2424a8b-a343-4a37-a86b-a38a17eadaef req-a2424a8b-a343-4a37-a86b-a38a17eadaef ] Request (ComputeTenantNetworksTest:tearDownClass): 204 DELETE http://10.180.1.21/identity/v3/users/29be1514e16047c2a43cdc57c70f324a 0.116s
2025-11-20 19:58:59.312 66222 INFO tempest.lib.common.dynamic_creds [-] Deleting project and security group for project: ca00d86805c846f484ef61bf7ba020aa
2025-11-20 19:58:59.388 66249 INFO tempest.lib.common.rest_client [req-eea625f0-1c8d-498c-8981-5f3ef1a5e0c7 req-eea625f0-1c8d-498c-8981-5f3ef1a5e0c7 ] Request (ServerActionsTestJSON:setUpClass): 201 POST http://10.180.1.21/networking/v2.0/subnets 0.369s
2025-11-20 19:58:59.425 66242 INFO tempest.lib.common.rest_client [req-2752364c-8e6a-402a-92fd-04b5b203bd7e req-2752364c-8e6a-402a-92fd-04b5b203bd7e ] Request (ImagesOneServerNegativeTestJSON:_run_cleanups): 200 GET http://10.180.1.21/compute/v2.1/servers/db42276d-dba8-4458-8846-ef2a274d2866 5.223s
2025-11-20 19:58:59.457 66202 INFO tempest.lib.common.rest_client [req-1b7a1e78-f840-4799-9d17-d257cbd40ff7 req-1b7a1e78-f840-4799-9d17-d257cbd40ff7 ] Request (ListServerFiltersTestJSON:test_list_servers_filter_by_shutoff_status): 200 GET http://10.180.1.21/compute/v2.1/servers/a6d9d631-37e6-4881-97d7-971ea5af1d41 5.398s
2025-11-20 19:58:59.464 66222 INFO tempest.lib.common.rest_client [req-1996cf56-800b-4ec3-a0a1-d8cc0bc55e4a req-1996cf56-800b-4ec3-a0a1-d8cc0bc55e4a ] Request (ComputeTenantNetworksTest:tearDownClass): 200 GET http://10.180.1.21/networking/v2.0/security-groups?tenant_id=ca00d86805c846f484ef61bf7ba020aa&name=default 0.152s
2025-11-20 19:59:00.324 66249 INFO tempest.lib.common.rest_client [req-88aba864-4a03-4e56-bb88-a6d69062dc19 req-88aba864-4a03-4e56-bb88-a6d69062dc19 ] Request (ServerActionsTestJSON:setUpClass): 201 POST http://10.180.1.21/networking/v2.0/routers 0.935s
2025-11-20 19:59:00.495 66222 INFO tempest.lib.common.rest_client [req-21bbe686-d6cd-4ca7-bb83-13b69bc36820 req-21bbe686-d6cd-4ca7-bb83-13b69bc36820 ] Request (ComputeTenantNetworksTest:tearDownClass): 204 DELETE http://10.180.1.21/networking/v2.0/security-groups/cd8e6b64-2a68-439f-b756-021e7257879f 1.031s
2025-11-20 19:59:00.649 66222 INFO tempest.lib.common.rest_client [req-d8f40188-0ec1-4307-98c3-6961f4a4cb0f req-d8f40188-0ec1-4307-98c3-6961f4a4cb0f ] Request (ComputeTenantNetworksTest:tearDownClass): 204 DELETE http://10.180.1.21/identity/v3/projects/ca00d86805c846f484ef61bf7ba020aa 0.152s
2025-11-20 19:59:00.692 66200 INFO tempest.lib.common.rest_client [req-e5ec7f6d-4e37-4c67-8465-408cabec1225 req-e5ec7f6d-4e37-4c67-8465-408cabec1225 ] Request (FloatingIPsNegativeTestJSON:setUpClass): 200 GET http://10.180.1.21/compute/v2.1/os-floating-ips 4.486s
2025-11-20 19:59:01.125 66228 INFO tempest.lib.common.rest_client [req-c956e1be-5c1f-4982-888e-b6a52c98adc2 req-c956e1be-5c1f-4982-888e-b6a52c98adc2 ] Request (FloatingIPsAssociationTestJSON:test_associate_already_associated_floating_ip): 200 GET http://10.180.1.21/compute/v2.1/servers/cc4d755d-e5a0-4415-a963-761420a936e4 6.397s
2025-11-20 19:59:01.187 66212 WARNING tempest.lib.common.ssh [-] Failed to establish authenticated ssh connection to cirros@10.180.180.253 ([Errno None] Unable to connect to port 22 on 10.180.180.253). Number attempts: 3. Retry after 4 seconds.: paramiko.ssh_exception.NoValidConnectionsError: [Errno None] Unable to connect to port 22 on 10.180.180.253
2025-11-20 19:59:01.342 66240 INFO tempest.lib.common.rest_client [req-467831d0-4b0a-48a7-9b05-bcd0a9892885 req-467831d0-4b0a-48a7-9b05-bcd0a9892885 ] Request (ServerShowV257Test:test_rebuild_server): 202 POST http://10.180.1.21/compute/v2.1/servers/45058fe9-c6da-413a-9378-4a63fa75ea52/action 4.259s
2025-11-20 19:59:01.392 66196 INFO tempest.lib.common.rest_client [req-6814cc4d-1f65-4d3b-85b7-1fd5f662b6dc req-6814cc4d-1f65-4d3b-85b7-1fd5f662b6dc ] Request (ImagesOneServerTestJSON:test_create_image_specify_multibyte_character_image_name): 200 GET http://10.180.1.21/compute/v2.1/images/5da50b7b-f886-42eb-b71b-2959047fd4d1 4.260s
2025-11-20 19:59:01.416 66244 INFO tempest.lib.common.rest_client [req-0a0d9a57-eff1-441d-977f-46ec660606d4 req-0a0d9a57-eff1-441d-977f-46ec660606d4 ] Request (ServersTestMultiNic:tearDownClass): 404 DELETE http://10.180.1.21/compute/v2.1/servers/3d496eb2-5dd4-437f-b701-2ee4b0bc45d8 4.138s
2025-11-20 19:59:01.874 66249 INFO tempest.lib.common.rest_client [req-a4ba23c2-5812-4467-8459-bf6f763534a3 req-a4ba23c2-5812-4467-8459-bf6f763534a3 ] Request (ServerActionsTestJSON:setUpClass): 200 PUT http://10.180.1.21/networking/v2.0/routers/d1da0614-4377-464a-a047-73e46ddc18b2/add_router_interface 1.550s
2025-11-20 19:59:01.874 66249 INFO tempest.lib.common.dynamic_creds [-] Created isolated network resources for: credentials: Credentials: {'domain_id': 'default', 'domain_name': 'Default', 'username': 'tempest-ServerActionsTestJSON-1537680952-project-member', 'project_domain_id': 'default', 'project_domain_name': 'Default', 'project_id': '2c72666c6a2b49668f66ad813f80a027', 'project_name': 'tempest-ServerActionsTestJSON-1537680952', 'tenant_id': '2c72666c6a2b49668f66ad813f80a027', 'tenant_name': 'tempest-ServerActionsTestJSON-1537680952', 'user_domain_id': 'default', 'user_domain_name': 'Default', 'user_id': 'f7dedc17fb4d423e931b190b08739497', 'system': None}, Network: {'id': 'e13fe826-a1dc-4804-aeb8-35a03275e9b3', 'name': 'tempest-ServerActionsTestJSON-330511174-network', 'tenant_id': '2c72666c6a2b49668f66ad813f80a027', 'project_id': '2c72666c6a2b49668f66ad813f80a027', 'admin_state_up': True, 'mtu': 8950, 'status': 'ACTIVE', 'subnets': [], 'shared': False, 'port_security_enabled': True, 'router:external': False, 'provider:network_type': 'vlan', 'provider:physical_network': 'default', 'provider:segmentation_id': 672, 'availability_zone_hints': [], 'availability_zones': [], 'ipv4_address_scope': None, 'ipv6_address_scope': None, 'description': '', 'tags': [], 'created_at': '2025-11-20T19:58:58Z', 'updated_at': '2025-11-20T19:58:58Z', 'revision_number': 1}, Subnet: {'id': '30d63738-ad76-4114-995b-2e5cd2bcd458', 'name': 'tempest-ServerActionsTestJSON-330511174-subnet', 'tenant_id': '2c72666c6a2b49668f66ad813f80a027', 'network_id': 'e13fe826-a1dc-4804-aeb8-35a03275e9b3', 'ip_version': 4, 'subnetpool_id': None, 'enable_dhcp': True, 'ipv6_ra_mode': None, 'ipv6_address_mode': None, 'gateway_ip': '192.168.128.1', 'cidr': '192.168.128.0/28', 'allocation_pools': [{'start': '192.168.128.2', 'end': '192.168.128.14'}], 'host_routes': [], 'dns_nameservers': [], 'description': '', 'router:external': False, 'service_types': [], 'tags': [], 'created_at': '2025-11-20T19:58:59Z', 'updated_at': '2025-11-20T19:58:59Z', 'revision_number': 0, 'project_id': '2c72666c6a2b49668f66ad813f80a027'}, Router: {'id': 'd1da0614-4377-464a-a047-73e46ddc18b2', 'name': 'tempest-ServerActionsTestJSON-330511174-router', 'tenant_id': '2c72666c6a2b49668f66ad813f80a027', 'admin_state_up': True, 'status': 'ACTIVE', 'external_gateway_info': {'network_id': '3cae500e-d5fa-425c-8c09-53af00ae4fc3', 'external_fixed_ips': [{'subnet_id': '53b282e1-a340-4913-8a2f-60dbe305f8bf', 'ip_address': '10.180.180.134'}], 'enable_snat': True}, 'description': '', 'availability_zones': [], 'distributed': False, 'ha': False, 'availability_zone_hints': [], 'routes': [], 'flavor_id': None, 'tags': [], 'created_at': '2025-11-20T19:58:59Z', 'updated_at': '2025-11-20T19:59:00Z', 'revision_number': 2, 'project_id': '2c72666c6a2b49668f66ad813f80a027'}
2025-11-20 19:59:01.932 66198 INFO tempest.lib.common.rest_client [req-5efb4f81-875a-4cbc-8356-0c557a7d92a7 req-5efb4f81-875a-4cbc-8356-0c557a7d92a7 ] Request (MigrationsAdminTest:test_list_migrations_in_flavor_resize_situation): 200 GET http://10.180.1.21/compute/v2.1/servers/2c0c41c5-250f-4a8f-be17-32e71dfcb9af 4.615s
2025-11-20 19:59:01.945 66198 INFO tempest.common.waiters [-] State transition "RESIZE/resize_prep" ==> "RESIZE/resize_migrating" after 28 second wait
2025-11-20 19:59:02.032 66249 INFO tempest.lib.common.rest_client [req-008385b4-c4ee-4cd7-8989-60db0a29299f req-008385b4-c4ee-4cd7-8989-60db0a29299f ] Request (ServerActionsTestJSON:setUpClass): 201 POST http://10.180.1.21/identity/v3/auth/tokens 0.154s
2025-11-20 19:59:02.069 66218 INFO tempest.lib.common.rest_client [req-2633fe7f-1584-4349-8855-6e1f2d31e169 req-2633fe7f-1584-4349-8855-6e1f2d31e169 ] Request (SecurityGroupsTestJSON:test_server_security_groups): 200 GET http://10.180.1.21/compute/v2.1/servers/55c9ff43-167c-4f2b-97f1-dc16cbd45406 4.634s
2025-11-20 19:59:02.162 66192 INFO tempest.lib.common.rest_client [req-4730dde7-854a-4e03-b937-7c6d8ba2f9c8 req-4730dde7-854a-4e03-b937-7c6d8ba2f9c8 ] Request (MultipleCreateTestJSON:_run_cleanups): 204 DELETE http://10.180.1.21/compute/v2.1/servers/51a5adc8-a1b8-47b5-8834-6268b80f2929 4.724s
2025-11-20 19:59:02.205 66208 INFO tempest.lib.common.rest_client [req-69e23453-5f25-4698-b418-20ab6ac03f9f req-69e23453-5f25-4698-b418-20ab6ac03f9f ] Request (ImagesMetadataTestJSON:test_set_image_metadata_item): 200 GET http://10.180.1.21/compute/v2.1/images/04994ad2-e1f6-4ff7-9f55-44fef2e26823/metadata 4.460s
2025-11-20 19:59:02.249 66246 INFO tempest.lib.common.rest_client [req-bd684a3f-d2ff-49b9-8918-eb92b83635a2 req-bd684a3f-d2ff-49b9-8918-eb92b83635a2 ] Request (AggregatesAdminNegativeTestJSON:test_aggregate_remove_nonexistent_host): 404 POST http://10.180.1.21/compute/v2.1/os-aggregates/8/action 4.418s
2025-11-20 19:59:02.371 66216 INFO tempest.lib.common.rest_client [req-90252049-a673-446c-85a4-30a83973b7f4 req-90252049-a673-446c-85a4-30a83973b7f4 ] Request (ServersAdminTestJSON:test_list_servers_filter_by_error_status): 202 POST http://10.180.1.21/compute/v2.1/servers/63b0e22b-38b9-4071-b08b-36494f7dff79/action 4.463s
2025-11-20 19:59:02.391 66210 INFO tempest.lib.common.rest_client [req-ddde89af-bf61-47d9-8733-35d347419bf2 req-ddde89af-bf61-47d9-8733-35d347419bf2 ] Request (FlavorsAdminTestJSON:_run_cleanups): 202 DELETE http://10.180.1.21/compute/v2.1/flavors/2055089675 4.356s
2025-11-20 19:59:02.396 66190 INFO tempest.lib.common.rest_client [req-4faf167e-9adc-43ad-8912-529ba372d068 req-4faf167e-9adc-43ad-8912-529ba372d068 ] Request (ListServersNegativeTestJSON:setUpClass): 202 POST http://10.180.1.21/compute/v2.1/servers 5.947s
2025-11-20 19:59:02.471 66214 INFO tempest.lib.common.rest_client [req-5a03aa82-05e0-4712-9052-c28a32e884d5 req-5a03aa82-05e0-4712-9052-c28a32e884d5 ] Request (ServersTestJSON:test_create_server_with_ipv6_addr_only): 200 GET http://10.180.1.21/compute/v2.1/servers/4400c3f0-d49e-4a19-9a7e-2380d9b3a224 4.148s
2025-11-20 19:59:02.540 66194 INFO tempest.lib.common.rest_client [req-2253b932-f1fb-456d-8e2e-619c82c18b29 req-2253b932-f1fb-456d-8e2e-619c82c18b29 ] Request (HypervisorAdminV253TestBase:test_list_show_detail_hypervisors): 200 GET http://10.180.1.21/compute/v2.1/os-hypervisors?with_servers=True 4.016s
2025-11-20 19:59:02.552 66232 INFO tempest.lib.common.rest_client [req-2b9fdfef-41de-4f34-9bd0-b0804896b0b2 req-2b9fdfef-41de-4f34-9bd0-b0804896b0b2 ] Request (DeleteServersTestJSON:test_delete_active_server): 200 GET http://10.180.1.21/compute/v2.1/servers/437a1f87-9124-4c1d-b333-49e738fbf217 4.233s
2025-11-20 19:59:02.558 66250 INFO tempest.lib.common.rest_client [req-8254367c-2bd0-4411-88f4-336e6326bc13 req-8254367c-2bd0-4411-88f4-336e6326bc13 ] Request (TestVersions:test_get_version_details): 200 GET http://10.180.1.21/compute/v2.1/ 3.911s
2025-11-20 19:59:02.560 66232 INFO tempest.common.waiters [-] State transition "BUILD/None" ==> "BUILD/spawning" after 22 second wait
2025-11-20 19:59:02.610 66237 INFO tempest.lib.common.rest_client [req-913d1196-2538-4617-b8df-688a4d59230c req-913d1196-2538-4617-b8df-688a4d59230c ] Request (ServerAddressesNegativeTestJSON:setUpClass): 200 GET http://10.180.1.21/compute/v2.1/servers/8d354ff8-4d6e-47dd-8898-7ccc01e5e32a 3.973s
2025-11-20 19:59:02.644 66238 INFO tempest.lib.common.rest_client [req-6197d298-19a4-48c2-8e52-1945a60d5e3a req-6197d298-19a4-48c2-8e52-1945a60d5e3a ] Request (ServerMetadataTestJSON:tearDownClass): 200 GET http://10.180.1.21/compute/v2.1/servers/1851f354-1f04-4cc7-860f-c56a6d4c7752 3.990s
2025-11-20 19:59:02.673 66226 INFO tempest.lib.common.rest_client [req-7cec546e-68c6-4bf4-9fec-fe4c3b87edd5 req-7cec546e-68c6-4bf4-9fec-fe4c3b87edd5 ] Request (InstanceActionsTestJSON:tearDownClass): 200 GET http://10.180.1.21/compute/v2.1/servers/f541a8e3-9039-4f0c-a5eb-a5a6d0c16004 3.907s
2025-11-20 19:59:02.704 66234 INFO tempest.lib.common.rest_client [req-20d4c6db-bc9f-4b79-a2d0-f2e7e4032343 req-20d4c6db-bc9f-4b79-a2d0-f2e7e4032343 ] Request (InstanceActionsNegativeTestJSON:setUpClass): 200 GET http://10.180.1.21/compute/v2.1/servers/3a7b4f69-e35a-4616-b60f-e490bd4a3724 3.934s
2025-11-20 19:59:02.737 66220 INFO tempest.lib.common.rest_client [req-a3d5dfe3-2a27-44b7-af0b-7ce1894bb489 req-a3d5dfe3-2a27-44b7-af0b-7ce1894bb489 ] Request (ServersAdmin275Test:tearDownClass): 404 GET http://10.180.1.21/compute/v2.1/servers/42cf6404-dd8b-49a6-a85e-038a61e305bb 3.108s
2025-11-20 19:59:02.750 66224 INFO tempest.lib.common.rest_client [req-180be046-6e36-4bee-b22c-f111d9536d1b req-180be046-6e36-4bee-b22c-f111d9536d1b ] Request (AttachInterfacesUnderV243Test:_run_cleanups): 200 GET http://10.180.1.21/compute/v2.1/servers/66ebdab9-d97b-4351-ab30-d366cf98e65d 3.741s
2025-11-20 19:59:02.757 66224 INFO tempest.common.waiters [-] State transition "ACTIVE/deleting" ==> "DELETED/None" after 4 second wait
2025-11-20 19:59:02.820 66242 INFO tempest.lib.common.rest_client [req-d68fd897-0b9a-425d-9287-19339edfb769 req-d68fd897-0b9a-425d-9287-19339edfb769 ] Request (ImagesOneServerNegativeTestJSON:_run_cleanups): 200 GET http://10.180.1.21/compute/v2.1/servers/db42276d-dba8-4458-8846-ef2a274d2866 2.382s
2025-11-20 19:59:02.825 66252 INFO tempest.lib.common.rest_client [req-7ef5f6fc-4a8f-4878-81d7-946547d2e3ca req-7ef5f6fc-4a8f-4878-81d7-946547d2e3ca ] Request (ServersListShow298Test:test_list_show_update_rebuild_server_298): 200 GET http://10.180.1.21/compute/v2.1/servers/d6c8e0b3-8430-4f34-96d5-ec85f88abbe1 2.710s
2025-11-20 19:59:02.850 66200 INFO tempest.lib.common.rest_client [req-7dce697e-50e7-4161-a128-e7fe72ffee66 req-7dce697e-50e7-4161-a128-e7fe72ffee66 ] Request (FloatingIPsNegativeTestJSON:test_allocate_floating_ip_from_nonexistent_pool): 404 POST http://10.180.1.21/compute/v2.1/os-floating-ips 2.152s
2025-11-20 19:59:02.884 66220 INFO tempest.lib.common.rest_client [req-ae7f16ab-ed4c-435c-bd31-9af527a68c88 req-ae7f16ab-ed4c-435c-bd31-9af527a68c88 ] Request (ServersAdmin275Test:tearDownClass): 204 DELETE http://10.180.1.21/identity/v3/users/6e9c14ed70de4105945dd417759b9084 0.146s
2025-11-20 19:59:02.906 66240 INFO tempest.lib.common.rest_client [req-eb4d2d9a-95a8-4729-bd1b-a528577899a6 req-eb4d2d9a-95a8-4729-bd1b-a528577899a6 ] Request (ServerShowV257Test:test_rebuild_server): 200 GET http://10.180.1.21/compute/v2.1/servers/45058fe9-c6da-413a-9378-4a63fa75ea52 1.551s
2025-11-20 19:59:02.953 66202 INFO tempest.lib.common.rest_client [req-0106353b-8257-41d7-991e-4447ed559e38 req-0106353b-8257-41d7-991e-4447ed559e38 ] Request (ListServerFiltersTestJSON:test_list_servers_filter_by_shutoff_status): 200 GET http://10.180.1.21/compute/v2.1/servers/a6d9d631-37e6-4881-97d7-971ea5af1d41 2.483s
2025-11-20 19:59:02.962 66202 INFO tempest.common.waiters [-] State transition "SHUTOFF/powering-on" ==> "ACTIVE/None" after 3 second wait
2025-11-20 19:59:02.981 66244 INFO tempest.lib.common.rest_client [req-146180b5-d753-4ad0-a4d2-8c196e5c1aab req-146180b5-d753-4ad0-a4d2-8c196e5c1aab ] Request (ServersTestMultiNic:tearDownClass): 404 GET http://10.180.1.21/compute/v2.1/servers/3d496eb2-5dd4-437f-b701-2ee4b0bc45d8 1.564s
2025-11-20 19:59:03.023 66220 INFO tempest.lib.common.rest_client [req-28dfbb14-99b7-4090-beee-18fe9a5ed02a req-28dfbb14-99b7-4090-beee-18fe9a5ed02a ] Request (ServersAdmin275Test:tearDownClass): 204 DELETE http://10.180.1.21/identity/v3/users/daeda7a0bb5648c2adbfc830d6583a17 0.138s
2025-11-20 19:59:03.023 66220 INFO tempest.lib.common.dynamic_creds [-] Deleting project and security group for project: 2faf78375de843299c002ea55c76bed3
2025-11-20 19:59:03.087 66196 INFO tempest.lib.common.rest_client [req-e02958d8-73c0-4332-8276-c51ee5f5ff04 req-e02958d8-73c0-4332-8276-c51ee5f5ff04 ] Request (ImagesOneServerTestJSON:test_create_image_specify_multibyte_character_image_name): 200 GET http://10.180.1.21/compute/v2.1/servers/81046be7-3e28-4db7-abb0-52f071152a06 1.690s
2025-11-20 19:59:03.103 66220 INFO tempest.lib.common.rest_client [req-b02cdfe0-5655-4309-8b23-e2e90173d298 req-b02cdfe0-5655-4309-8b23-e2e90173d298 ] Request (ServersAdmin275Test:tearDownClass): 201 POST http://10.180.1.21/identity/v3/auth/tokens 0.079s
2025-11-20 19:59:03.208 66249 INFO tempest.lib.common.rest_client [req-644721fc-8654-4900-9a5d-f2b4b5127118 req-644721fc-8654-4900-9a5d-f2b4b5127118 ] Request (ServerActionsTestJSON:setUpClass): 200 POST http://10.180.1.21/compute/v2.1/os-keypairs 1.174s
2025-11-20 19:59:03.210 66228 INFO tempest.lib.common.rest_client [req-2185bc18-0bd5-434d-bccd-0cd910e0e1d8 req-2185bc18-0bd5-434d-bccd-0cd910e0e1d8 ] Request (FloatingIPsAssociationTestJSON:test_associate_already_associated_floating_ip): 200 GET http://10.180.1.21/compute/v2.1/servers/cc4d755d-e5a0-4415-a963-761420a936e4 1.076s
2025-11-20 19:59:03.223 66228 INFO tempest.common.waiters [-] State transition "BUILD/spawning" ==> "ACTIVE/None" after 31 second wait
2025-11-20 19:59:03.364 66220 INFO tempest.lib.common.rest_client [req-9b14ab16-b670-4f8e-a8b1-cba191af058f req-9b14ab16-b670-4f8e-a8b1-cba191af058f ] Request (ServersAdmin275Test:tearDownClass): 200 GET http://10.180.1.21/networking/v2.0/security-groups?tenant_id=2faf78375de843299c002ea55c76bed3&name=default 0.261s
2025-11-20 19:59:03.381 66249 INFO tempest.lib.common.rest_client [req-431723d3-595a-41be-bc54-a4a48f00102c req-431723d3-595a-41be-bc54-a4a48f00102c ] Request (ServerActionsTestJSON:setUpClass): 201 POST http://10.180.1.21/networking/v2.0/security-groups 0.170s
2025-11-20 19:59:03.411 66192 INFO tempest.lib.common.rest_client [req-121e50dc-f2b5-44c5-a349-cf8861e38228 req-121e50dc-f2b5-44c5-a349-cf8861e38228 ] Request (MultipleCreateTestJSON:_run_cleanups): 200 GET http://10.180.1.21/compute/v2.1/servers/927d4f4d-283d-4d9e-a9ea-ebfe88cdddab 1.249s
2025-11-20 19:59:03.440 66246 INFO tempest.lib.common.rest_client [req-555f432d-f3d7-4588-9a43-4e712d7ab73f req-555f432d-f3d7-4588-9a43-4e712d7ab73f ] Request (AggregatesAdminNegativeTestJSON:_run_cleanups): 200 DELETE http://10.180.1.21/compute/v2.1/os-aggregates/8 1.191s
2025-11-20 19:59:03.489 66208 INFO tempest.lib.common.rest_client [req-aa23153d-54c5-4fff-9b29-d9e86fb372bf req-aa23153d-54c5-4fff-9b29-d9e86fb372bf ] Request (ImagesMetadataTestJSON:setUp): 200 PUT http://10.180.1.21/compute/v2.1/images/04994ad2-e1f6-4ff7-9f55-44fef2e26823/metadata 1.281s
2025-11-20 19:59:03.516 66220 INFO tempest.lib.common.rest_client [req-57ead708-9666-4a78-9803-dbd370a7790d req-57ead708-9666-4a78-9803-dbd370a7790d ] Request (ServersAdmin275Test:tearDownClass): 204 DELETE http://10.180.1.21/networking/v2.0/security-groups/5672a285-2252-4f1a-a0b7-5e731dc12f11 0.152s
2025-11-20 19:59:03.518 66210 INFO tempest.lib.common.rest_client [req-efcd35ec-3eac-4ec4-a8fe-df9790e851a4 req-efcd35ec-3eac-4ec4-a8fe-df9790e851a4 ] Request (FlavorsAdminTestJSON:_run_cleanups): 200 GET http://10.180.1.21/compute/v2.1/flavors/detail 1.127s
2025-11-20 19:59:03.555 66249 INFO tempest.lib.common.rest_client [req-f4c056de-93bf-43ae-b292-3687b9dbb0ec req-f4c056de-93bf-43ae-b292-3687b9dbb0ec ] Request (ServerActionsTestJSON:setUpClass): 201 POST http://10.180.1.21/networking/v2.0/security-group-rules 0.173s
2025-11-20 19:59:03.584 66246 INFO tempest.lib.common.rest_client [req-10c8529d-5c7a-4919-b6b4-2ac2a0c08388 req-10c8529d-5c7a-4919-b6b4-2ac2a0c08388 ] Request (AggregatesAdminNegativeTestJSON:tearDownClass): 204 DELETE http://10.180.1.21/identity/v3/users/f7f8a3623218442daf3b27fe038cc053 0.140s
2025-11-20 19:59:03.599 66190 INFO tempest.lib.common.rest_client [req-9e7d7784-e5c5-4902-8779-5172dda2d8a9 req-9e7d7784-e5c5-4902-8779-5172dda2d8a9 ] Request (ListServersNegativeTestJSON:setUpClass): 200 GET http://10.180.1.21/compute/v2.1/servers 1.201s
2025-11-20 19:59:03.623 66194 INFO tempest.lib.common.rest_client [req-e6f6cb5d-bb9b-4ba7-a82f-096513dbadda req-e6f6cb5d-bb9b-4ba7-a82f-096513dbadda ] Request (HypervisorAdminV253TestBase:test_list_show_detail_hypervisors): 200 GET http://10.180.1.21/compute/v2.1/os-hypervisors/007b9bda-7062-4f24-9163-c1fc8ac49990 1.080s
2025-11-20 19:59:03.627 66250 INFO tempest.lib.common.rest_client [-] Request (TestVersions:test_list_api_versions): 200 GET http://10.180.1.21/compute/ 1.064s
2025-11-20 19:59:03.632 66216 INFO tempest.lib.common.rest_client [req-76d37516-d2d5-4d04-9032-e1f85b740afd req-76d37516-d2d5-4d04-9032-e1f85b740afd ] Request (ServersAdminTestJSON:test_list_servers_filter_by_error_status): 200 GET http://10.180.1.21/compute/v2.1/servers/63b0e22b-38b9-4071-b08b-36494f7dff79 1.261s
2025-11-20 19:59:03.662 66220 INFO tempest.lib.common.rest_client [req-4ad53a32-fbdc-4992-a54b-0a1122ec0e5a req-4ad53a32-fbdc-4992-a54b-0a1122ec0e5a ] Request (ServersAdmin275Test:tearDownClass): 204 DELETE http://10.180.1.21/identity/v3/projects/2faf78375de843299c002ea55c76bed3 0.145s
2025-11-20 19:59:03.662 66220 INFO tempest.lib.common.dynamic_creds [-] Deleting project and security group for project: 813d607d5c6c4cd9a02f41617e5fe7db
2025-11-20 19:59:03.698 66249 INFO tempest.lib.common.rest_client [req-c8274ba7-0346-413c-9a1b-dbd25a61832f req-c8274ba7-0346-413c-9a1b-dbd25a61832f ] Request (ServerActionsTestJSON:setUpClass): 201 POST http://10.180.1.21/networking/v2.0/security-group-rules 0.142s
2025-11-20 19:59:03.710 66200 INFO tempest.lib.common.rest_client [req-5330c633-a11e-4104-846c-b1c75a21d942 req-5330c633-a11e-4104-846c-b1c75a21d942 ] Request (FloatingIPsNegativeTestJSON:test_delete_nonexistent_floating_ip): 404 DELETE http://10.180.1.21/compute/v2.1/os-floating-ips/adec0432-8950-4216-9115-995640b1265d 0.859s
2025-11-20 19:59:03.747 66246 INFO tempest.lib.common.rest_client [req-682a5cd9-194e-4de6-80fd-a87341343c1e req-682a5cd9-194e-4de6-80fd-a87341343c1e ] Request (AggregatesAdminNegativeTestJSON:tearDownClass): 204 DELETE http://10.180.1.21/identity/v3/users/eacdc727b84f42f0bef8062e8cf313b2 0.163s
2025-11-20 19:59:03.747 66246 INFO tempest.lib.common.dynamic_creds [-] Deleting project and security group for project: 418c063790a14706bf73209444c35ac8
2025-11-20 19:59:03.752 66202 INFO tempest.lib.common.rest_client [req-0b2f94fc-fa9a-44ea-a532-0b0e5ace90d5 req-0b2f94fc-fa9a-44ea-a532-0b0e5ace90d5 ] Request (ListServerFiltersTestJSON:test_list_servers_filter_by_zero_limit): 200 GET http://10.180.1.21/compute/v2.1/servers?limit=0 0.789s
2025-11-20 19:59:03.796 66244 INFO tempest.lib.common.rest_client [req-06dd4c9b-8ca8-4470-a251-42e33e8dbb70 req-06dd4c9b-8ca8-4470-a251-42e33e8dbb70 ] Request (ServersTestMultiNic:tearDownClass): 404 DELETE http://10.180.1.21/compute/v2.1/servers/2d62933e-eb3f-40d4-8509-6d0f61006312 0.814s
2025-11-20 19:59:03.896 66220 INFO tempest.lib.common.rest_client [req-3c0afcb1-1ba6-4d94-921c-e3ea250572ed req-3c0afcb1-1ba6-4d94-921c-e3ea250572ed ] Request (ServersAdmin275Test:tearDownClass): 200 GET http://10.180.1.21/networking/v2.0/security-groups?tenant_id=813d607d5c6c4cd9a02f41617e5fe7db&name=default 0.230s
2025-11-20 19:59:03.910 66250 INFO tempest.lib.common.rest_client [req-8c4543ba-56c1-4af8-9f37-d299358e50b9 req-8c4543ba-56c1-4af8-9f37-d299358e50b9 ] Request (TestVersions:tearDownClass): 204 DELETE http://10.180.1.21/identity/v3/users/65f2b410e5bd4c55a0c1957a0c22575a 0.269s
2025-11-20 19:59:03.910 66250 INFO tempest.lib.common.dynamic_creds [-] Deleting project and security group for project: 2b6e482ec41d41899affa5aa00ff8ac2
2025-11-20 19:59:03.911 66194 INFO tempest.lib.common.rest_client [req-9bc8ecce-ddd9-449f-9850-8d6f9ab3c6b0 req-9bc8ecce-ddd9-449f-9850-8d6f9ab3c6b0 ] Request (HypervisorAdminV253TestBase:tearDownClass): 204 DELETE http://10.180.1.21/identity/v3/users/3140aad710694e08b9925e6b7e459e1a 0.274s
2025-11-20 19:59:03.982 66246 INFO tempest.lib.common.rest_client [req-b81e9c9d-107a-464b-aa37-efd53d124e0a req-b81e9c9d-107a-464b-aa37-efd53d124e0a ] Request (AggregatesAdminNegativeTestJSON:tearDownClass): 201 POST http://10.180.1.21/identity/v3/auth/tokens 0.235s
2025-11-20 19:59:03.998 66250 INFO tempest.lib.common.rest_client [req-fada04c4-c517-446b-b11d-625d6968e12a req-fada04c4-c517-446b-b11d-625d6968e12a ] Request (TestVersions:tearDownClass): 201 POST http://10.180.1.21/identity/v3/auth/tokens 0.088s
2025-11-20 19:59:04.065 66194 INFO tempest.lib.common.rest_client [req-a8842e2b-dddb-4b79-9992-d94a5b5c2db3 req-a8842e2b-dddb-4b79-9992-d94a5b5c2db3 ] Request (HypervisorAdminV253TestBase:tearDownClass): 204 DELETE http://10.180.1.21/identity/v3/users/1f87d8b3cc35487fae614067a9251e9d 0.153s
2025-11-20 19:59:04.065 66194 INFO tempest.lib.common.dynamic_creds [-] Deleting project and security group for project: 9301c14072f24316983c1d49fe3ffddd
2025-11-20 19:59:04.149 66194 INFO tempest.lib.common.rest_client [req-ece96520-845d-42fa-94b6-effc02cbb219 req-ece96520-845d-42fa-94b6-effc02cbb219 ] Request (HypervisorAdminV253TestBase:tearDownClass): 201 POST http://10.180.1.21/identity/v3/auth/tokens 0.083s
2025-11-20 19:59:04.272 66249 INFO tempest.lib.common.rest_client [req-93ea9ccf-1bd6-4458-bca2-9d9dc29a2ebf req-93ea9ccf-1bd6-4458-bca2-9d9dc29a2ebf ] Request (ServerActionsTestJSON:setUpClass): 201 POST http://10.180.1.21/networking/v2.0/floatingips 0.573s
2025-11-20 19:59:04.317 66218 INFO tempest.lib.common.rest_client [req-71a89dd2-f17e-42c8-8d63-431edf6c874f req-71a89dd2-f17e-42c8-8d63-431edf6c874f ] Request (SecurityGroupsTestJSON:test_server_security_groups): 200 GET http://10.180.1.21/compute/v2.1/servers/55c9ff43-167c-4f2b-97f1-dc16cbd45406 1.233s
2025-11-20 19:59:04.342 66249 INFO tempest.lib.common.rest_client [req-43662d06-ec80-4568-bd99-a971a444ba86 req-43662d06-ec80-4568-bd99-a971a444ba86 ] Request (ServerActionsTestJSON:setUpClass): 201 POST http://10.180.1.21/identity/v3/auth/tokens 0.063s
2025-11-20 19:59:04.343 66249 INFO tempest.lib.common.fixed_network [-] (ServerActionsTestJSON:setUpClass) Found network {'id': 'e13fe826-a1dc-4804-aeb8-35a03275e9b3', 'name': 'tempest-ServerActionsTestJSON-330511174-network', 'tenant_id': '2c72666c6a2b49668f66ad813f80a027', 'project_id': '2c72666c6a2b49668f66ad813f80a027', 'admin_state_up': True, 'mtu': 8950, 'status': 'ACTIVE', 'subnets': [], 'shared': False, 'port_security_enabled': True, 'router:external': False, 'provider:network_type': 'vlan', 'provider:physical_network': 'default', 'provider:segmentation_id': 672, 'availability_zone_hints': [], 'availability_zones': [], 'ipv4_address_scope': None, 'ipv6_address_scope': None, 'description': '', 'tags': [], 'created_at': '2025-11-20T19:58:58Z', 'updated_at': '2025-11-20T19:58:58Z', 'revision_number': 1} available for tenant
2025-11-20 19:59:04.422 66220 INFO tempest.lib.common.rest_client [req-696cdec1-7902-495e-bbd2-7a472c5d31c7 req-696cdec1-7902-495e-bbd2-7a472c5d31c7 ] Request (ServersAdmin275Test:tearDownClass): 204 DELETE http://10.180.1.21/networking/v2.0/security-groups/0dc22dc9-c6fb-41b3-84ac-6aca48dda96f 0.525s
2025-11-20 19:59:04.441 66196 INFO tempest.lib.common.rest_client [req-8b9a24ed-0003-4745-8c6c-be5ffee6c557 req-8b9a24ed-0003-4745-8c6c-be5ffee6c557 ] Request (ImagesOneServerTestJSON:tearDownClass): 204 DELETE http://10.180.1.21/compute/v2.1/images/5da50b7b-f886-42eb-b71b-2959047fd4d1 1.343s
2025-11-20 19:59:04.499 66220 INFO tempest.lib.common.rest_client [req-233e561e-3fb2-4df8-9722-b13418e0d003 req-233e561e-3fb2-4df8-9722-b13418e0d003 ] Request (ServersAdmin275Test:tearDownClass): 204 DELETE http://10.180.1.21/identity/v3/projects/813d607d5c6c4cd9a02f41617e5fe7db 0.076s
2025-11-20 19:59:04.558 66220 INFO tempest.lib.common.rest_client [req-7174b984-f057-49f4-be4d-901ffa7743b5 req-7174b984-f057-49f4-be4d-901ffa7743b5 ] Request (ServersAaction247Test:setUpClass): 201 POST http://10.180.1.21/identity/v3/auth/tokens 0.058s
2025-11-20 19:59:04.594 66220 INFO tempest.lib.common.rest_client [req-b3582cb7-72ce-4a27-abf4-fad99ae9464f req-b3582cb7-72ce-4a27-abf4-fad99ae9464f ] Request (ServersAaction247Test:setUpClass): 201 POST http://10.180.1.21/identity/v3/auth/tokens 0.033s
2025-11-20 19:59:04.620 66220 INFO tempest.lib.common.rest_client [req-20e1c3bd-adf7-4024-851d-69c39a865436 req-20e1c3bd-adf7-4024-851d-69c39a865436 ] Request (ServersAaction247Test:setUpClass): 200 GET http://10.180.1.21/identity/v3/domains?name=Default 0.025s
2025-11-20 19:59:04.660 66220 INFO tempest.lib.common.rest_client [req-a542164a-8d50-4e9b-8d41-a717321b4d41 req-a542164a-8d50-4e9b-8d41-a717321b4d41 ] Request (ServersAaction247Test:setUpClass): 201 POST http://10.180.1.21/identity/v3/projects 0.039s
2025-11-20 19:59:04.702 66246 INFO tempest.lib.common.rest_client [req-a873a3f8-8881-4cef-810d-24931091adfc req-a873a3f8-8881-4cef-810d-24931091adfc ] Request (AggregatesAdminNegativeTestJSON:tearDownClass): 200 GET http://10.180.1.21/networking/v2.0/security-groups?tenant_id=418c063790a14706bf73209444c35ac8&name=default 0.719s
2025-11-20 19:59:04.750 66220 INFO tempest.lib.common.rest_client [req-0a7362c3-e17c-4008-a873-f4ff548dcf0a req-0a7362c3-e17c-4008-a873-f4ff548dcf0a ] Request (ServersAaction247Test:setUpClass): 201 POST http://10.180.1.21/identity/v3/users 0.089s
2025-11-20 19:59:04.755 66200 INFO tempest.lib.common.rest_client [req-54981755-3d81-410a-be8d-bbbdbca054c6 req-54981755-3d81-410a-be8d-bbbdbca054c6 ] Request (FloatingIPsNegativeTestJSON:tearDownClass): 200 PUT http://10.180.1.21/networking/v2.0/routers/f27a659b-9801-4542-944f-7e1d65475b4c/remove_router_interface 1.032s
2025-11-20 19:59:04.756 66198 INFO tempest.lib.common.rest_client [req-fa761581-5898-40d0-b7a7-ed34f1d6d464 req-fa761581-5898-40d0-b7a7-ed34f1d6d464 ] Request (MigrationsAdminTest:test_list_migrations_in_flavor_resize_situation): 200 GET http://10.180.1.21/compute/v2.1/servers/2c0c41c5-250f-4a8f-be17-32e71dfcb9af 1.810s
2025-11-20 19:59:04.768 66198 INFO tempest.common.waiters [-] State transition "RESIZE/resize_migrating" ==> "RESIZE/resize_migrated" after 31 second wait
2025-11-20 19:59:04.785 66220 INFO tempest.lib.common.rest_client [req-72f173f7-9c59-47d5-a30d-df94286cc027 req-72f173f7-9c59-47d5-a30d-df94286cc027 ] Request (ServersAaction247Test:setUpClass): 200 GET http://10.180.1.21/identity/v3/roles 0.034s
2025-11-20 19:59:04.866 66220 INFO tempest.lib.common.rest_client [req-bc032477-c026-4fb5-8d77-e79f5e41864f req-bc032477-c026-4fb5-8d77-e79f5e41864f ] Request (ServersAaction247Test:setUpClass): 204 PUT http://10.180.1.21/identity/v3/projects/c5b972ee6dc343f48d4fbe08a4f427fc/users/ccdddfa5972e4db58464c7e85b08eb4a/roles/32ba8d1d0e9d41f284f32e90294f5b11 0.080s
2025-11-20 19:59:04.866 66220 INFO tempest.lib.common.dynamic_creds [-] Dynamic test user ccdddfa5972e4db58464c7e85b08eb4a is created with scope project and roles: ['member']
2025-11-20 19:59:04.866 66220 INFO tempest.lib.common.dynamic_creds [-] Acquired dynamic creds: credentials: Credentials: {'domain_id': 'default', 'domain_name': 'Default', 'username': 'tempest-ServersAaction247Test-1495864705-project-member', 'project_domain_id': 'default', 'project_domain_name': 'Default', 'project_id': 'c5b972ee6dc343f48d4fbe08a4f427fc', 'project_name': 'tempest-ServersAaction247Test-1495864705', 'tenant_id': 'c5b972ee6dc343f48d4fbe08a4f427fc', 'tenant_name': 'tempest-ServersAaction247Test-1495864705', 'user_domain_id': 'default', 'user_domain_name': 'Default', 'user_id': 'ccdddfa5972e4db58464c7e85b08eb4a', 'system': None}, Network: None, Subnet: None, Router: None
2025-11-20 19:59:04.866 66220 INFO tempest.lib.common.dynamic_creds [-] Created isolated network resources for: credentials: Credentials: {'domain_id': 'default', 'domain_name': 'Default', 'username': 'tempest-ServersAaction247Test-1495864705-project-member', 'project_domain_id': 'default', 'project_domain_name': 'Default', 'project_id': 'c5b972ee6dc343f48d4fbe08a4f427fc', 'project_name': 'tempest-ServersAaction247Test-1495864705', 'tenant_id': 'c5b972ee6dc343f48d4fbe08a4f427fc', 'tenant_name': 'tempest-ServersAaction247Test-1495864705', 'user_domain_id': 'default', 'user_domain_name': 'Default', 'user_id': 'ccdddfa5972e4db58464c7e85b08eb4a', 'system': None}, Network: None, Subnet: None, Router: None
2025-11-20 19:59:04.951 66250 INFO tempest.lib.common.rest_client [req-d20537bc-8088-4bff-b93a-f6604d11b26b req-d20537bc-8088-4bff-b93a-f6604d11b26b ] Request (TestVersions:tearDownClass): 200 GET http://10.180.1.21/networking/v2.0/security-groups?tenant_id=2b6e482ec41d41899affa5aa00ff8ac2&name=default 0.952s
2025-11-20 19:59:04.952 66194 INFO tempest.lib.common.rest_client [req-f79beda3-a3f0-4f1a-b38a-e1e8268e2b57 req-f79beda3-a3f0-4f1a-b38a-e1e8268e2b57 ] Request (HypervisorAdminV253TestBase:tearDownClass): 200 GET http://10.180.1.21/networking/v2.0/security-groups?tenant_id=9301c14072f24316983c1d49fe3ffddd&name=default 0.802s
2025-11-20 19:59:04.961 66220 INFO tempest.lib.common.rest_client [req-cd5937d9-e569-4c93-a746-46116038c038 req-cd5937d9-e569-4c93-a746-46116038c038 ] Request (ServersAaction247Test:setUpClass): 201 POST http://10.180.1.21/identity/v3/auth/tokens 0.092s
2025-11-20 19:59:04.993 66220 INFO tempest.lib.common.rest_client [req-71caeeb4-8d3e-48a7-ae5f-6f5ffdc5f155 req-71caeeb4-8d3e-48a7-ae5f-6f5ffdc5f155 ] Request (ServersAaction247Test:test_create_backup): 201 POST http://10.180.1.21/identity/v3/auth/tokens 0.027s
2025-11-20 19:59:04.994 66220 INFO tempest.lib.common.fixed_network [-] (ServersAaction247Test:test_create_backup) Found network None available for tenant
2025-11-20 19:59:05.100 66246 INFO tempest.lib.common.rest_client [req-77557735-1322-4456-b89b-1f21e06e4fb9 req-77557735-1322-4456-b89b-1f21e06e4fb9 ] Request (AggregatesAdminNegativeTestJSON:tearDownClass): 204 DELETE http://10.180.1.21/networking/v2.0/security-groups/3d47ab9b-c6b7-4d08-b896-f1d440c3baaa 0.398s
2025-11-20 19:59:05.127 66214 INFO tempest.lib.common.rest_client [req-b401d299-5ad0-48c7-a63c-e7647405c8cf req-b401d299-5ad0-48c7-a63c-e7647405c8cf ] Request (ServersTestJSON:test_create_server_with_ipv6_addr_only): 200 GET http://10.180.1.21/compute/v2.1/servers/4400c3f0-d49e-4a19-9a7e-2380d9b3a224 1.646s
2025-11-20 19:59:05.202 66246 INFO tempest.lib.common.rest_client [req-2ec3637d-9d39-4f2a-9ec4-a3260ad6297c req-2ec3637d-9d39-4f2a-9ec4-a3260ad6297c ] Request (AggregatesAdminNegativeTestJSON:tearDownClass): 204 DELETE http://10.180.1.21/identity/v3/projects/418c063790a14706bf73209444c35ac8 0.101s
2025-11-20 19:59:05.202 66246 INFO tempest.lib.common.dynamic_creds [-] Deleting project and security group for project: c1a1b2f06ad648fa9641b7a96bd75443
2025-11-20 19:59:05.210 66250 INFO tempest.lib.common.rest_client [req-2c614e40-6aad-49f0-acac-9e71878a0650 req-2c614e40-6aad-49f0-acac-9e71878a0650 ] Request (TestVersions:tearDownClass): 204 DELETE http://10.180.1.21/networking/v2.0/security-groups/ae61fa68-e377-44d4-8664-9275ec1ebfca 0.258s
2025-11-20 19:59:05.307 66194 INFO tempest.lib.common.rest_client [req-42a3f324-3d23-4c72-bd61-b91f46b5d067 req-42a3f324-3d23-4c72-bd61-b91f46b5d067 ] Request (HypervisorAdminV253TestBase:tearDownClass): 204 DELETE http://10.180.1.21/networking/v2.0/security-groups/d048f523-c8e1-4e49-9c7e-afc938c4cc13 0.355s
2025-11-20 19:59:05.332 66250 INFO tempest.lib.common.rest_client [req-017f77f9-09c3-4146-a85b-e15b3c2ded41 req-017f77f9-09c3-4146-a85b-e15b3c2ded41 ] Request (TestVersions:tearDownClass): 204 DELETE http://10.180.1.21/identity/v3/projects/2b6e482ec41d41899affa5aa00ff8ac2 0.122s
2025-11-20 19:59:05.400 66208 INFO tempest.lib.common.rest_client [req-f8eb4fc1-8d1a-4bb0-ac06-984dafb2e58b req-f8eb4fc1-8d1a-4bb0-ac06-984dafb2e58b ] Request (ImagesMetadataTestJSON:test_update_image_metadata): 200 POST http://10.180.1.21/compute/v2.1/images/04994ad2-e1f6-4ff7-9f55-44fef2e26823/metadata 1.910s
2025-11-20 19:59:05.426 66210 INFO tempest.lib.common.rest_client [req-12e6c766-1f51-45c7-a31f-f505796b4347 req-12e6c766-1f51-45c7-a31f-f505796b4347 ] Request (FlavorsAdminTestJSON:_run_cleanups): 202 DELETE http://10.180.1.21/compute/v2.1/flavors/104429246 1.902s
2025-11-20 19:59:05.466 66194 INFO tempest.lib.common.rest_client [req-d3173295-e5d8-458b-8a08-e3eab705c486 req-d3173295-e5d8-458b-8a08-e3eab705c486 ] Request (HypervisorAdminV253TestBase:tearDownClass): 204 DELETE http://10.180.1.21/identity/v3/projects/9301c14072f24316983c1d49fe3ffddd 0.158s
2025-11-20 19:59:05.466 66194 INFO tempest.lib.common.dynamic_creds [-] Deleting project and security group for project: 6a7bd68ee8654600ac950494b871e14f
2025-11-20 19:59:05.528 66200 INFO tempest.lib.common.rest_client [req-4b29b2f2-30a3-4b6c-970f-1a4d31d7d4ef req-4b29b2f2-30a3-4b6c-970f-1a4d31d7d4ef ] Request (FloatingIPsNegativeTestJSON:tearDownClass): 204 DELETE http://10.180.1.21/networking/v2.0/routers/f27a659b-9801-4542-944f-7e1d65475b4c 0.772s
2025-11-20 19:59:05.693 66212 WARNING tempest.lib.common.ssh [-] Failed to establish authenticated ssh connection to cirros@10.180.180.253 ([Errno None] Unable to connect to port 22 on 10.180.180.253). Number attempts: 4. Retry after 5 seconds.: paramiko.ssh_exception.NoValidConnectionsError: [Errno None] Unable to connect to port 22 on 10.180.180.253
2025-11-20 19:59:05.712 66246 INFO tempest.lib.common.rest_client [req-39b229c9-b16c-45b9-bf89-9b0414396911 req-39b229c9-b16c-45b9-bf89-9b0414396911 ] Request (AggregatesAdminNegativeTestJSON:tearDownClass): 200 GET http://10.180.1.21/networking/v2.0/security-groups?tenant_id=c1a1b2f06ad648fa9641b7a96bd75443&name=default 0.510s
2025-11-20 19:59:05.838 66194 INFO tempest.lib.common.rest_client [req-6bf4918d-0e84-46c5-8ae8-def25eb9395e req-6bf4918d-0e84-46c5-8ae8-def25eb9395e ] Request (HypervisorAdminV253TestBase:tearDownClass): 200 GET http://10.180.1.21/networking/v2.0/security-groups?tenant_id=6a7bd68ee8654600ac950494b871e14f&name=default 0.371s
2025-11-20 19:59:05.908 66200 INFO tempest.lib.common.rest_client [req-4f2431ba-e8ed-4d70-88cf-04da25b57271 req-4f2431ba-e8ed-4d70-88cf-04da25b57271 ] Request (FloatingIPsNegativeTestJSON:tearDownClass): 204 DELETE http://10.180.1.21/networking/v2.0/subnets/5b925a11-4d6c-417e-ab21-182722f0023e 0.380s
2025-11-20 19:59:05.975 66246 INFO tempest.lib.common.rest_client [req-e91081d5-7297-464d-ad6d-ddb0fec7d2be req-e91081d5-7297-464d-ad6d-ddb0fec7d2be ] Request (AggregatesAdminNegativeTestJSON:tearDownClass): 204 DELETE http://10.180.1.21/networking/v2.0/security-groups/659d5dc6-3b91-4a97-84ee-d401e4360345 0.261s
2025-11-20 19:59:06.011 66232 INFO tempest.lib.common.rest_client [req-fd6b9ac4-4fba-466f-90d7-17ca979f08e2 req-fd6b9ac4-4fba-466f-90d7-17ca979f08e2 ] Request (DeleteServersTestJSON:test_delete_active_server): 200 GET http://10.180.1.21/compute/v2.1/servers/437a1f87-9124-4c1d-b333-49e738fbf217 2.449s
2025-11-20 19:59:06.083 66194 INFO tempest.lib.common.rest_client [req-8bb28cbf-d889-42b6-8927-91c08c9751ab req-8bb28cbf-d889-42b6-8927-91c08c9751ab ] Request (HypervisorAdminV253TestBase:tearDownClass): 204 DELETE http://10.180.1.21/networking/v2.0/security-groups/c616ec8b-8888-4bbb-bda8-6c257718a55e 0.244s
2025-11-20 19:59:06.087 66246 INFO tempest.lib.common.rest_client [req-a6a1756e-3584-460c-bee0-573da0c32c9e req-a6a1756e-3584-460c-bee0-573da0c32c9e ] Request (AggregatesAdminNegativeTestJSON:tearDownClass): 204 DELETE http://10.180.1.21/identity/v3/projects/c1a1b2f06ad648fa9641b7a96bd75443 0.112s
2025-11-20 19:59:06.088 66246 INFO tempest.test [-] raised in SpiceDirectConsoleTestJSON.setUpClass. Invoking tearDownClass.
2025-11-20 19:59:06.151 66246 INFO tempest.lib.common.rest_client [req-7e13ee2b-4140-4dff-9226-b370ec177910 req-7e13ee2b-4140-4dff-9226-b370ec177910 ] Request (SecurityGroupRulesTestJSON:setUpClass): 201 POST http://10.180.1.21/identity/v3/auth/tokens 0.059s
2025-11-20 19:59:06.170 66204 INFO paramiko.transport [-] Connected (version 2.0, client dropbear_2020.81)
2025-11-20 19:59:06.172 66194 INFO tempest.lib.common.rest_client [req-9a7c96a7-fbef-4eb6-9593-83256bd5e086 req-9a7c96a7-fbef-4eb6-9593-83256bd5e086 ] Request (HypervisorAdminV253TestBase:tearDownClass): 204 DELETE http://10.180.1.21/identity/v3/projects/6a7bd68ee8654600ac950494b871e14f 0.089s
2025-11-20 19:59:06.231 66246 INFO tempest.lib.common.rest_client [req-1d00cb70-e604-4072-bd29-cf7c3213bd33 req-1d00cb70-e604-4072-bd29-cf7c3213bd33 ] Request (SecurityGroupRulesTestJSON:setUpClass): 201 POST http://10.180.1.21/identity/v3/auth/tokens 0.075s
2025-11-20 19:59:06.248 66194 INFO tempest.lib.common.rest_client [req-2cc34c26-c181-4dd5-a6bc-8bbd1875cff9 req-2cc34c26-c181-4dd5-a6bc-8bbd1875cff9 ] Request (AttachInterfacesTestJSON:setUpClass): 201 POST http://10.180.1.21/identity/v3/auth/tokens 0.073s
2025-11-20 19:59:06.249 66200 INFO tempest.lib.common.rest_client [req-f3e1f51e-b275-4977-bbaa-d0d2c5e8e648 req-f3e1f51e-b275-4977-bbaa-d0d2c5e8e648 ] Request (FloatingIPsNegativeTestJSON:tearDownClass): 204 DELETE http://10.180.1.21/networking/v2.0/networks/5fc6addf-8865-422d-aa3a-f72b83778be4 0.340s
2025-11-20 19:59:06.259 66246 INFO tempest.lib.common.rest_client [req-a9c5b56f-3ce7-4966-8a9a-700bba56ae20 req-a9c5b56f-3ce7-4966-8a9a-700bba56ae20 ] Request (SecurityGroupRulesTestJSON:setUpClass): 200 GET http://10.180.1.21/identity/v3/domains?name=Default 0.027s
2025-11-20 19:59:06.284 66204 INFO paramiko.transport [-] Authentication (publickey) successful!
2025-11-20 19:59:06.289 66204 INFO tempest.lib.common.ssh [-] ssh connection to cirros@10.180.180.165 successfully created
2025-11-20 19:59:06.293 66190 INFO tempest.lib.common.rest_client [req-1fbce5a8-e2ef-49ff-9ddd-3160dec65d23 req-1fbce5a8-e2ef-49ff-9ddd-3160dec65d23 ] Request (ListServersNegativeTestJSON:setUpClass): 200 GET http://10.180.1.21/compute/v2.1/servers/2371b815-dd79-4ba3-b688-681edc206c3d 2.689s
2025-11-20 19:59:06.310 66194 INFO tempest.lib.common.rest_client [req-1cc0fd6e-696b-46c9-88d3-9c89dacfb900 req-1cc0fd6e-696b-46c9-88d3-9c89dacfb900 ] Request (AttachInterfacesTestJSON:setUpClass): 201 POST http://10.180.1.21/identity/v3/auth/tokens 0.059s
2025-11-20 19:59:06.348 66246 INFO tempest.lib.common.rest_client [req-9a3f0346-2952-42b2-8371-b1c064c46e4e req-9a3f0346-2952-42b2-8371-b1c064c46e4e ] Request (SecurityGroupRulesTestJSON:setUpClass): 201 POST http://10.180.1.21/identity/v3/projects 0.088s
2025-11-20 19:59:06.407 66200 INFO tempest.lib.common.rest_client [req-594e0d69-68bd-4551-9c23-1d1d5dcdf23c req-594e0d69-68bd-4551-9c23-1d1d5dcdf23c ] Request (FloatingIPsNegativeTestJSON:tearDownClass): 204 DELETE http://10.180.1.21/identity/v3/users/1a243c8fd0054c668308af1ed639fe32 0.158s
2025-11-20 19:59:06.407 66200 INFO tempest.lib.common.dynamic_creds [-] Deleting project and security group for project: 787ec1b0166141d999a16a7f0ef0997f
2025-11-20 19:59:06.448 66194 INFO tempest.lib.common.rest_client [req-7ab6ac7c-52d0-49c6-9055-7795a2e693e1 req-7ab6ac7c-52d0-49c6-9055-7795a2e693e1 ] Request (AttachInterfacesTestJSON:setUpClass): 200 GET http://10.180.1.21/identity/v3/domains?name=Default 0.137s
2025-11-20 19:59:06.459 66237 INFO tempest.lib.common.rest_client [req-01d59d8c-42c5-4c9a-bda3-629ed98296b9 req-01d59d8c-42c5-4c9a-bda3-629ed98296b9 ] Request (ServerAddressesNegativeTestJSON:setUpClass): 200 GET http://10.180.1.21/compute/v2.1/servers/8d354ff8-4d6e-47dd-8898-7ccc01e5e32a 2.837s
2025-11-20 19:59:06.486 66200 INFO tempest.lib.common.rest_client [req-fa538f51-ae18-4473-9466-094a2e23ad0e req-fa538f51-ae18-4473-9466-094a2e23ad0e ] Request (FloatingIPsNegativeTestJSON:tearDownClass): 200 GET http://10.180.1.21/networking/v2.0/security-groups?tenant_id=787ec1b0166141d999a16a7f0ef0997f&name=default 0.079s
2025-11-20 19:59:06.492 66246 INFO tempest.lib.common.rest_client [req-f48afb26-bf60-46d8-94e6-1d54913f665c req-f48afb26-bf60-46d8-94e6-1d54913f665c ] Request (SecurityGroupRulesTestJSON:setUpClass): 201 POST http://10.180.1.21/identity/v3/users 0.143s
2025-11-20 19:59:06.502 66194 INFO tempest.lib.common.rest_client [req-59a146e4-c354-4e36-a481-b50211343576 req-59a146e4-c354-4e36-a481-b50211343576 ] Request (AttachInterfacesTestJSON:setUpClass): 201 POST http://10.180.1.21/identity/v3/projects 0.053s
2025-11-20 19:59:06.556 66246 INFO tempest.lib.common.rest_client [req-525d1f53-26ac-47e5-93dd-6eb85a5a9f87 req-525d1f53-26ac-47e5-93dd-6eb85a5a9f87 ] Request (SecurityGroupRulesTestJSON:setUpClass): 200 GET http://10.180.1.21/identity/v3/roles 0.063s
2025-11-20 19:59:06.562 66194 INFO tempest.lib.common.rest_client [req-d4e42581-a55a-47b6-806b-ff5388de2c0a req-d4e42581-a55a-47b6-806b-ff5388de2c0a ] Request (AttachInterfacesTestJSON:setUpClass): 201 POST http://10.180.1.21/identity/v3/users 0.059s
2025-11-20 19:59:06.578 66200 INFO tempest.lib.common.rest_client [req-f3c50120-0f6a-4792-8991-84877d2b60fc req-f3c50120-0f6a-4792-8991-84877d2b60fc ] Request (FloatingIPsNegativeTestJSON:tearDownClass): 204 DELETE http://10.180.1.21/networking/v2.0/security-groups/a47305e8-ea82-4366-b604-7d9d5ae00a30 0.091s
2025-11-20 19:59:06.581 66194 INFO tempest.lib.common.rest_client [req-34fc9326-5e55-4449-8840-54b9bc37c65f req-34fc9326-5e55-4449-8840-54b9bc37c65f ] Request (AttachInterfacesTestJSON:setUpClass): 200 GET http://10.180.1.21/identity/v3/roles 0.018s
2025-11-20 19:59:06.588 66246 INFO tempest.lib.common.rest_client [req-35fa1004-7167-4d33-a8bf-64c801c48780 req-35fa1004-7167-4d33-a8bf-64c801c48780 ] Request (SecurityGroupRulesTestJSON:setUpClass): 204 PUT http://10.180.1.21/identity/v3/projects/5a64afd2f2e743e9aa4dd6772e5488e7/users/649b6bdb71f74ad8bb49af73485e3336/roles/32ba8d1d0e9d41f284f32e90294f5b11 0.032s
2025-11-20 19:59:06.589 66246 INFO tempest.lib.common.dynamic_creds [-] Dynamic test user 649b6bdb71f74ad8bb49af73485e3336 is created with scope project and roles: ['member']
2025-11-20 19:59:06.589 66246 INFO tempest.lib.common.dynamic_creds [-] Acquired dynamic creds: credentials: Credentials: {'domain_id': 'default', 'domain_name': 'Default', 'username': 'tempest-SecurityGroupRulesTestJSON-1603547391-project-member', 'project_domain_id': 'default', 'project_domain_name': 'Default', 'project_id': '5a64afd2f2e743e9aa4dd6772e5488e7', 'project_name': 'tempest-SecurityGroupRulesTestJSON-1603547391', 'tenant_id': '5a64afd2f2e743e9aa4dd6772e5488e7', 'tenant_name': 'tempest-SecurityGroupRulesTestJSON-1603547391', 'user_domain_id': 'default', 'user_domain_name': 'Default', 'user_id': '649b6bdb71f74ad8bb49af73485e3336', 'system': None}, Network: None, Subnet: None, Router: None
2025-11-20 19:59:06.614 66216 INFO tempest.lib.common.rest_client [req-b65d3ab5-bfa8-4c5e-9a29-af4a88bf6680 req-b65d3ab5-bfa8-4c5e-9a29-af4a88bf6680 ] Request (ServersAdminTestJSON:test_list_servers_filter_by_exist_host): 200 GET http://10.180.1.21/compute/v2.1/servers/63b0e22b-38b9-4071-b08b-36494f7dff79 2.964s
2025-11-20 19:59:06.638 66238 INFO tempest.lib.common.rest_client [req-f12fc3c2-3cc2-42ca-b7bc-fd337bb4c3e7 req-f12fc3c2-3cc2-42ca-b7bc-fd337bb4c3e7 ] Request (ServerMetadataTestJSON:tearDownClass): 404 GET http://10.180.1.21/compute/v2.1/servers/1851f354-1f04-4cc7-860f-c56a6d4c7752 2.983s
2025-11-20 19:59:06.661 66194 INFO tempest.lib.common.rest_client [req-f30a67e9-3104-45a6-b8ef-924cfc03d4dd req-f30a67e9-3104-45a6-b8ef-924cfc03d4dd ] Request (AttachInterfacesTestJSON:setUpClass): 204 PUT http://10.180.1.21/identity/v3/projects/e874e3377ccf4d95a30dd61c8f51756d/users/ee0ee913e06e414fa922178e4aad3e1f/roles/32ba8d1d0e9d41f284f32e90294f5b11 0.079s
2025-11-20 19:59:06.661 66194 INFO tempest.lib.common.dynamic_creds [-] Dynamic test user ee0ee913e06e414fa922178e4aad3e1f is created with scope project and roles: ['member']
2025-11-20 19:59:06.661 66194 INFO tempest.lib.common.dynamic_creds [-] Acquired dynamic creds: credentials: Credentials: {'domain_id': 'default', 'domain_name': 'Default', 'username': 'tempest-AttachInterfacesTestJSON-1132375137-project-member', 'project_domain_id': 'default', 'project_domain_name': 'Default', 'project_id': 'e874e3377ccf4d95a30dd61c8f51756d', 'project_name': 'tempest-AttachInterfacesTestJSON-1132375137', 'tenant_id': 'e874e3377ccf4d95a30dd61c8f51756d', 'tenant_name': 'tempest-AttachInterfacesTestJSON-1132375137', 'user_domain_id': 'default', 'user_domain_name': 'Default', 'user_id': 'ee0ee913e06e414fa922178e4aad3e1f', 'system': None}, Network: None, Subnet: None, Router: None
