2025-11-20 20:01:14.481 66198 INFO tempest.lib.common.rest_client [req-aaf2151e-7d5a-4e48-86d4-1e29d465fe99 req-aaf2151e-7d5a-4e48-86d4-1e29d465fe99 ] Request (MigrationsAdminTest:test_resize_server_revert_deleted_flavor): 200 GET http://10.180.1.21/compute/v2.1/servers/73cad915-1200-4873-8e4d-0dd97b041877 0.742s
2025-11-20 20:01:14.496 66214 INFO tempest.lib.common.rest_client [req-51a928cd-0bae-437c-b282-2f25f4da49e6 req-51a928cd-0bae-437c-b282-2f25f4da49e6 ] Request (ServersTestJSON:_run_cleanups): 200 GET http://10.180.1.21/compute/v2.1/servers/71782b4a-069a-4022-8acb-ab9c7b927281 0.755s
2025-11-20 20:01:14.541 66252 INFO tempest.lib.common.rest_client [req-57df0b48-6541-40ec-9325-a1df3ffd5a44 req-57df0b48-6541-40ec-9325-a1df3ffd5a44 ] Request (ServerShowV254Test:test_rebuild_server): 200 GET http://10.180.1.21/compute/v2.1/servers/5359c6ca-097d-4212-82f7-52dc63920ae7 0.734s
2025-11-20 20:01:14.568 66246 INFO tempest.lib.common.rest_client [req-d1d04a04-6a7b-4fcb-9c99-482b4d1f3778 req-d1d04a04-6a7b-4fcb-9c99-482b4d1f3778 ] Request (ServerRescueTestJSONUnderV235:tearDownClass): 200 GET http://10.180.1.21/compute/v2.1/servers/d0804390-8c6d-456e-bab9-668d5c677e71 0.759s
2025-11-20 20:01:14.615 66232 INFO tempest.lib.common.rest_client [req-b6377f17-b451-4bcd-aac3-d6c3d8e36ae0 req-b6377f17-b451-4bcd-aac3-d6c3d8e36ae0 ] Request (DeleteServersTestJSON:test_delete_server_while_in_attached_volume): 200 GET http://10.180.1.21/compute/v2.1/servers/6497d604-bd58-4ba5-a718-ae430994df25 0.711s
2025-11-20 20:01:14.747 66196 INFO tempest.lib.common.rest_client [req-0221f2e5-20b1-4610-805a-eacccea5b7eb req-0221f2e5-20b1-4610-805a-eacccea5b7eb ] Request (ServersTestBootFromVolume:setUpClass): 200 GET http://10.180.1.21/compute/v2.1/servers/57e6021c-3cbf-4119-8940-4bf16e0f20cc 0.808s
2025-11-20 20:01:14.756 66196 INFO tempest.lib.common.ssh [-] Creating ssh connection to '10.180.180.186:22' as 'cirros' with public key authentication
2025-11-20 20:01:14.773 66190 INFO tempest.lib.common.rest_client [req-0c666715-f861-46b5-afd5-b7cb907af9f3 req-0c666715-f861-46b5-afd5-b7cb907af9f3 ] Request (ListServersNegativeTestJSON:tearDownClass): 404 GET http://10.180.1.21/compute/v2.1/servers/353d822f-b7ed-4ee2-b8e5-7efb0be506ef 0.562s
2025-11-20 20:01:14.778 66234 INFO tempest.lib.common.rest_client [req-d12e4fef-06f0-4aed-8047-603ebecb8cc2 req-d12e4fef-06f0-4aed-8047-603ebecb8cc2 ] Request (ServerActionsTestOtherA:setUpClass): 200 GET http://10.180.1.21/compute/v2.1/servers/ba305761-42e9-4dff-94a1-e14f22ef4549 0.655s
2025-11-20 20:01:14.920 66202 INFO tempest.lib.common.rest_client [req-9b679e00-a800-4143-95db-163103e7344d req-9b679e00-a800-4143-95db-163103e7344d ] Request (ListServerFiltersTestJSON:tearDownClass): 200 GET http://10.180.1.21/compute/v2.1/servers/a6d9d631-37e6-4881-97d7-971ea5af1d41 0.483s
2025-11-20 20:01:15.033 66190 INFO tempest.lib.common.rest_client [req-93a6e83b-e3ec-43e4-bbee-80002825ddcf req-93a6e83b-e3ec-43e4-bbee-80002825ddcf ] Request (ListServersNegativeTestJSON:tearDownClass): 200 GET http://10.180.1.21/compute/v2.1/servers/2371b815-dd79-4ba3-b688-681edc206c3d 0.259s
2025-11-20 20:01:15.155 66224 INFO tempest.lib.common.rest_client [req-d87fb0e5-8d11-4fe8-b703-2bfec3518dc5 req-d87fb0e5-8d11-4fe8-b703-2bfec3518dc5 ] Request (ServerRescueNegativeTestJSON:setUpClass): 202 POST http://10.180.1.21/compute/v2.1/servers 0.859s
2025-11-20 20:01:15.203 66224 INFO tempest.lib.common.rest_client [req-ec340710-9c6f-4a5b-afbd-b95711842554 req-ec340710-9c6f-4a5b-afbd-b95711842554 ] Request (ServerRescueNegativeTestJSON:setUpClass): 200 GET http://10.180.1.21/compute/v2.1/servers/8dba6158-da94-40c5-a8c9-c61c2d25a2c8 0.046s
2025-11-20 20:01:15.288 66220 INFO tempest.lib.common.rest_client [req-3d8e596d-497a-481e-948b-3e91c6871b04 req-3d8e596d-497a-481e-948b-3e91c6871b04 ] Request (ServerMetadataNegativeTestJSON:setUpClass): 200 GET http://10.180.1.21/compute/v2.1/servers/5437309d-939a-42e8-960b-a0a07760392e 0.135s
2025-11-20 20:01:15.320 66206 INFO tempest.lib.common.rest_client [req-4acad9ec-ab7d-4032-8852-896620e7e60a req-4acad9ec-ab7d-4032-8852-896620e7e60a ] Request (TenantUsagesTestJSON:setUpClass): 200 GET http://10.180.1.21/compute/v2.1/servers/3ae5fa27-fbd7-41dd-90d4-b690d24e1c69 0.140s
2025-11-20 20:01:15.329 66206 INFO tempest.common.waiters [-] State transition "BUILD/block_device_mapping" ==> "BUILD/spawning" after 33 second wait
2025-11-20 20:01:15.366 66216 INFO tempest.lib.common.rest_client [req-72ec33f4-4494-457b-b4ba-98725e46852a req-72ec33f4-4494-457b-b4ba-98725e46852a ] Request (ServersAdminTestJSON:tearDownClass): 200 GET http://10.180.1.21/compute/v2.1/servers/b337a113-8f09-41cd-a14c-f7689cecc250 0.131s
2025-11-20 20:01:15.389 66228 INFO tempest.lib.common.rest_client [req-cff5ac54-af16-4ec5-b19c-88bbcd183ef5 req-cff5ac54-af16-4ec5-b19c-88bbcd183ef5 ] Request (FloatingIPsAssociationNegativeTestJSON:setUpClass): 200 GET http://10.180.1.21/compute/v2.1/servers/fb563713-65c8-4572-b8ba-a13475be3bbc 0.099s
2025-11-20 20:01:15.431 66226 INFO tempest.lib.common.rest_client [req-d82f91bb-9805-49d8-8839-45820cac6fe1 req-d82f91bb-9805-49d8-8839-45820cac6fe1 ] Request (ServerRescueTestJSON:test_rescue_unrescue_instance): 200 GET http://10.180.1.21/compute/v2.1/servers/0fc0c07f-4fd1-4e36-8e47-0f96e85a800a 0.126s
2025-11-20 20:01:15.449 66242 INFO tempest.lib.common.rest_client [req-d44a26ec-89db-406f-8a79-346ccf4e0498 req-d44a26ec-89db-406f-8a79-346ccf4e0498 ] Request (ImagesOneServerNegativeTestJSON:_run_cleanups): 200 GET http://10.180.1.21/compute/v2.1/servers/3abd72f2-de62-477e-8411-5d650d4b7ae5 0.111s
2025-11-20 20:01:15.504 66218 INFO tempest.lib.common.rest_client [req-a22de8f8-ebb0-40ac-86ad-63346468d6b5 req-a22de8f8-ebb0-40ac-86ad-63346468d6b5 ] Request (SecurityGroupsTestJSON:tearDownClass): 200 GET http://10.180.1.21/compute/v2.1/servers/b813fea2-8346-4a88-8344-8830c49b3ce0 0.141s
2025-11-20 20:01:15.506 66210 INFO tempest.lib.common.rest_client [req-54f22c13-072d-4b44-99b1-8fcbe9e25dd0 req-54f22c13-072d-4b44-99b1-8fcbe9e25dd0 ] Request (ServersAdminNegativeTestJSON:test_migrate_server_invalid_state): 200 GET http://10.180.1.21/compute/v2.1/servers/f7efcfc8-4c0c-4542-b7e6-843dc9c89b5d 0.118s
2025-11-20 20:01:15.570 66192 INFO tempest.lib.common.rest_client [req-2448ed11-eb37-4122-82e5-afbb0aa778c0 req-2448ed11-eb37-4122-82e5-afbb0aa778c0 ] Request (MultipleCreateTestJSON:tearDownClass): 200 GET http://10.180.1.21/compute/v2.1/servers/d20bbaad-5ca3-48b7-a1f1-f252c93d80d8 0.133s
2025-11-20 20:01:15.612 66198 INFO tempest.lib.common.rest_client [req-491e39ee-a5ce-4cfc-9631-f020db506924 req-491e39ee-a5ce-4cfc-9631-f020db506924 ] Request (MigrationsAdminTest:test_resize_server_revert_deleted_flavor): 200 GET http://10.180.1.21/compute/v2.1/servers/73cad915-1200-4873-8e4d-0dd97b041877 0.118s
2025-11-20 20:01:15.634 66214 INFO tempest.lib.common.rest_client [req-6d8a7b4c-104e-4a77-b8f1-039c12942f2f req-6d8a7b4c-104e-4a77-b8f1-039c12942f2f ] Request (ServersTestJSON:_run_cleanups): 200 GET http://10.180.1.21/compute/v2.1/servers/71782b4a-069a-4022-8acb-ab9c7b927281 0.129s
2025-11-20 20:01:15.672 66252 INFO tempest.lib.common.rest_client [req-34826593-e607-4d5d-90e9-39de26c92b81 req-34826593-e607-4d5d-90e9-39de26c92b81 ] Request (ServerShowV254Test:test_rebuild_server): 200 GET http://10.180.1.21/compute/v2.1/servers/5359c6ca-097d-4212-82f7-52dc63920ae7 0.120s
2025-11-20 20:01:15.693 66246 INFO tempest.lib.common.rest_client [req-4ab3441e-7bec-46d6-be8e-8e845ded35c4 req-4ab3441e-7bec-46d6-be8e-8e845ded35c4 ] Request (ServerRescueTestJSONUnderV235:tearDownClass): 200 GET http://10.180.1.21/compute/v2.1/servers/d0804390-8c6d-456e-bab9-668d5c677e71 0.113s
2025-11-20 20:01:15.732 66232 INFO tempest.lib.common.rest_client [req-b2089dd6-e792-4b85-8be5-8cf279ee3a40 req-b2089dd6-e792-4b85-8be5-8cf279ee3a40 ] Request (DeleteServersTestJSON:test_delete_server_while_in_attached_volume): 200 GET http://10.180.1.21/compute/v2.1/servers/6497d604-bd58-4ba5-a718-ae430994df25 0.109s
2025-11-20 20:01:15.924 66200 WARNING tempest.lib.common.ssh [-] Failed to establish authenticated ssh connection to cirros@10.180.180.136 ([Errno None] Unable to connect to port 22 on 10.180.180.136). Number attempts: 8. Retry after 9 seconds.: paramiko.ssh_exception.NoValidConnectionsError: [Errno None] Unable to connect to port 22 on 10.180.180.136
2025-11-20 20:01:15.934 66234 INFO tempest.lib.common.rest_client [req-f00f09ec-5222-4fbe-bcfd-3179282cb573 req-f00f09ec-5222-4fbe-bcfd-3179282cb573 ] Request (ServerActionsTestOtherA:setUpClass): 200 GET http://10.180.1.21/compute/v2.1/servers/ba305761-42e9-4dff-94a1-e14f22ef4549 0.147s
2025-11-20 20:01:15.997 66202 INFO tempest.lib.common.rest_client [req-98077c97-3f9a-428d-965e-9d783efadded req-98077c97-3f9a-428d-965e-9d783efadded ] Request (ListServerFiltersTestJSON:tearDownClass): 200 GET http://10.180.1.21/compute/v2.1/servers/a6d9d631-37e6-4881-97d7-971ea5af1d41 0.069s
2025-11-20 20:01:16.105 66190 INFO tempest.lib.common.rest_client [req-bc3b8446-2b47-48b1-a3ec-61d4eaa6aec7 req-bc3b8446-2b47-48b1-a3ec-61d4eaa6aec7 ] Request (ListServersNegativeTestJSON:tearDownClass): 200 GET http://10.180.1.21/compute/v2.1/servers/2371b815-dd79-4ba3-b688-681edc206c3d 0.061s
2025-11-20 20:01:16.273 66224 INFO tempest.lib.common.rest_client [req-8cb48771-5fa4-45bb-9378-23c1ff46c359 req-8cb48771-5fa4-45bb-9378-23c1ff46c359 ] Request (ServerRescueNegativeTestJSON:setUpClass): 200 GET http://10.180.1.21/compute/v2.1/servers/8dba6158-da94-40c5-a8c9-c61c2d25a2c8 0.058s
2025-11-20 20:01:16.393 66220 INFO tempest.lib.common.rest_client [req-1e9f79e7-509a-4cdb-9a0d-0b972fc668b2 req-1e9f79e7-509a-4cdb-9a0d-0b972fc668b2 ] Request (ServerMetadataNegativeTestJSON:setUpClass): 200 GET http://10.180.1.21/compute/v2.1/servers/5437309d-939a-42e8-960b-a0a07760392e 0.095s
2025-11-20 20:01:16.454 66216 INFO tempest.lib.common.rest_client [req-c0ad72a5-7644-437d-b11c-64ebe1533c7e req-c0ad72a5-7644-437d-b11c-64ebe1533c7e ] Request (ServersAdminTestJSON:tearDownClass): 200 GET http://10.180.1.21/compute/v2.1/servers/b337a113-8f09-41cd-a14c-f7689cecc250 0.080s
2025-11-20 20:01:16.513 66228 INFO tempest.lib.common.rest_client [req-7871f718-6471-4c8e-89d4-7b67adceb82e req-7871f718-6471-4c8e-89d4-7b67adceb82e ] Request (FloatingIPsAssociationNegativeTestJSON:setUpClass): 200 GET http://10.180.1.21/compute/v2.1/servers/fb563713-65c8-4572-b8ba-a13475be3bbc 0.115s
2025-11-20 20:01:16.564 66226 INFO tempest.lib.common.rest_client [req-2014ab90-9b07-439d-b563-c0abdb48ef8e req-2014ab90-9b07-439d-b563-c0abdb48ef8e ] Request (ServerRescueTestJSON:test_rescue_unrescue_instance): 200 GET http://10.180.1.21/compute/v2.1/servers/0fc0c07f-4fd1-4e36-8e47-0f96e85a800a 0.122s
2025-11-20 20:01:16.622 66242 INFO tempest.lib.common.rest_client [req-cb9774dd-ebd7-4dbf-a4d4-c06a4a18680f req-cb9774dd-ebd7-4dbf-a4d4-c06a4a18680f ] Request (ImagesOneServerNegativeTestJSON:_run_cleanups): 200 GET http://10.180.1.21/compute/v2.1/servers/3abd72f2-de62-477e-8411-5d650d4b7ae5 0.165s
2025-11-20 20:01:16.691 66210 INFO tempest.lib.common.rest_client [req-5f08c770-d2e4-43a4-8e3c-69a0b29a2f10 req-5f08c770-d2e4-43a4-8e3c-69a0b29a2f10 ] Request (ServersAdminNegativeTestJSON:test_migrate_server_invalid_state): 200 GET http://10.180.1.21/compute/v2.1/servers/f7efcfc8-4c0c-4542-b7e6-843dc9c89b5d 0.177s
2025-11-20 20:01:16.771 66218 INFO tempest.lib.common.rest_client [req-a1b38af3-43db-41ca-bf43-0a108fc3f104 req-a1b38af3-43db-41ca-bf43-0a108fc3f104 ] Request (SecurityGroupsTestJSON:tearDownClass): 200 GET http://10.180.1.21/compute/v2.1/servers/b813fea2-8346-4a88-8344-8830c49b3ce0 0.255s
2025-11-20 20:01:16.861 66249 WARNING tempest.lib.common.ssh [-] Failed to establish authenticated ssh connection to cirros@10.180.180.155 ([Errno None] Unable to connect to port 22 on 10.180.180.155). Number attempts: 3. Retry after 4 seconds.: paramiko.ssh_exception.NoValidConnectionsError: [Errno None] Unable to connect to port 22 on 10.180.180.155
2025-11-20 20:01:16.866 66192 INFO tempest.lib.common.rest_client [req-a5bbd9c9-41e0-4c3c-9caf-ab67f3d86da3 req-a5bbd9c9-41e0-4c3c-9caf-ab67f3d86da3 ] Request (MultipleCreateTestJSON:tearDownClass): 200 GET http://10.180.1.21/compute/v2.1/servers/d20bbaad-5ca3-48b7-a1f1-f252c93d80d8 0.285s
2025-11-20 20:01:16.906 66206 INFO tempest.lib.common.rest_client [req-f8161ea9-fa34-4c68-a7df-bd6d93839e22 req-f8161ea9-fa34-4c68-a7df-bd6d93839e22 ] Request (TenantUsagesTestJSON:setUpClass): 200 GET http://10.180.1.21/compute/v2.1/servers/3ae5fa27-fbd7-41dd-90d4-b690d24e1c69 0.575s
2025-11-20 20:01:16.992 66198 INFO tempest.lib.common.rest_client [req-f281ab7d-f7c0-4adb-9461-c775d4587fa2 req-f281ab7d-f7c0-4adb-9461-c775d4587fa2 ] Request (MigrationsAdminTest:test_resize_server_revert_deleted_flavor): 200 GET http://10.180.1.21/compute/v2.1/servers/73cad915-1200-4873-8e4d-0dd97b041877 0.371s
2025-11-20 20:01:17.010 66214 INFO tempest.lib.common.rest_client [req-d7063c30-ea1a-43b7-93a6-00befc58cf94 req-d7063c30-ea1a-43b7-93a6-00befc58cf94 ] Request (ServersTestJSON:_run_cleanups): 200 GET http://10.180.1.21/compute/v2.1/servers/71782b4a-069a-4022-8acb-ab9c7b927281 0.367s
2025-11-20 20:01:17.056 66252 INFO tempest.lib.common.rest_client [req-f78cd313-b866-4602-89dd-d22c20bb357c req-f78cd313-b866-4602-89dd-d22c20bb357c ] Request (ServerShowV254Test:test_rebuild_server): 200 GET http://10.180.1.21/compute/v2.1/servers/5359c6ca-097d-4212-82f7-52dc63920ae7 0.372s
2025-11-20 20:01:17.092 66246 INFO tempest.lib.common.rest_client [req-7fae7edf-f9bd-478e-aa49-80aecaafc7ed req-7fae7edf-f9bd-478e-aa49-80aecaafc7ed ] Request (ServerRescueTestJSONUnderV235:tearDownClass): 200 GET http://10.180.1.21/compute/v2.1/servers/d0804390-8c6d-456e-bab9-668d5c677e71 0.390s
2025-11-20 20:01:17.141 66232 INFO tempest.lib.common.rest_client [req-8f1c6e97-6e4c-46c4-b52d-516df28bc1b8 req-8f1c6e97-6e4c-46c4-b52d-516df28bc1b8 ] Request (DeleteServersTestJSON:test_delete_server_while_in_attached_volume): 200 GET http://10.180.1.21/compute/v2.1/servers/6497d604-bd58-4ba5-a718-ae430994df25 0.400s
2025-11-20 20:01:17.228 66202 INFO tempest.lib.common.rest_client [req-936bb170-5e57-4c2f-942c-c4f4b00881ac req-936bb170-5e57-4c2f-942c-c4f4b00881ac ] Request (ListServerFiltersTestJSON:tearDownClass): 200 GET http://10.180.1.21/compute/v2.1/servers/a6d9d631-37e6-4881-97d7-971ea5af1d41 0.220s
2025-11-20 20:01:17.265 66234 INFO tempest.lib.common.rest_client [req-8841f30e-7446-49fc-93f3-30174d0e44d3 req-8841f30e-7446-49fc-93f3-30174d0e44d3 ] Request (ServerActionsTestOtherA:setUpClass): 200 GET http://10.180.1.21/compute/v2.1/servers/ba305761-42e9-4dff-94a1-e14f22ef4549 0.323s
2025-11-20 20:01:17.331 66190 INFO tempest.lib.common.rest_client [req-4ff669e9-6a75-4592-be26-12bc9543c2fd req-4ff669e9-6a75-4592-be26-12bc9543c2fd ] Request (ListServersNegativeTestJSON:tearDownClass): 200 GET http://10.180.1.21/compute/v2.1/servers/2371b815-dd79-4ba3-b688-681edc206c3d 0.217s
2025-11-20 20:01:17.370 66224 INFO tempest.lib.common.rest_client [req-ed49358f-9d3b-4f2a-8b9d-21b862e53995 req-ed49358f-9d3b-4f2a-8b9d-21b862e53995 ] Request (ServerRescueNegativeTestJSON:setUpClass): 200 GET http://10.180.1.21/compute/v2.1/servers/8dba6158-da94-40c5-a8c9-c61c2d25a2c8 0.090s
2025-11-20 20:01:17.377 66224 INFO tempest.common.waiters [-] State transition "BUILD/scheduling" ==> "BUILD/None" after 2 second wait
2025-11-20 20:01:17.548 66216 INFO tempest.lib.common.rest_client [req-5244ebe8-b5b9-4b45-bdcd-a64e9fdb9bf2 req-5244ebe8-b5b9-4b45-bdcd-a64e9fdb9bf2 ] Request (ServersAdminTestJSON:tearDownClass): 200 GET http://10.180.1.21/compute/v2.1/servers/b337a113-8f09-41cd-a14c-f7689cecc250 0.085s
2025-11-20 20:01:17.568 66220 INFO tempest.lib.common.rest_client [req-37141bd0-8d3b-4f23-ab12-5b659148a171 req-37141bd0-8d3b-4f23-ab12-5b659148a171 ] Request (ServerMetadataNegativeTestJSON:setUpClass): 200 GET http://10.180.1.21/compute/v2.1/servers/5437309d-939a-42e8-960b-a0a07760392e 0.167s
2025-11-20 20:01:17.612 66228 INFO tempest.lib.common.rest_client [req-830ac397-12c8-4143-a91c-5bbd3ed8bf37 req-830ac397-12c8-4143-a91c-5bbd3ed8bf37 ] Request (FloatingIPsAssociationNegativeTestJSON:setUpClass): 200 GET http://10.180.1.21/compute/v2.1/servers/fb563713-65c8-4572-b8ba-a13475be3bbc 0.090s
2025-11-20 20:01:17.630 66226 INFO tempest.lib.common.rest_client [req-3fa16ec5-ef56-4399-b9b2-f66243f6e084 req-3fa16ec5-ef56-4399-b9b2-f66243f6e084 ] Request (ServerRescueTestJSON:test_rescue_unrescue_instance): 200 GET http://10.180.1.21/compute/v2.1/servers/0fc0c07f-4fd1-4e36-8e47-0f96e85a800a 0.055s
2025-11-20 20:01:17.686 66242 INFO tempest.lib.common.rest_client [req-4f7999c5-662c-4dfd-8979-f76c75d641f5 req-4f7999c5-662c-4dfd-8979-f76c75d641f5 ] Request (ImagesOneServerNegativeTestJSON:_run_cleanups): 200 GET http://10.180.1.21/compute/v2.1/servers/3abd72f2-de62-477e-8411-5d650d4b7ae5 0.056s
2025-11-20 20:01:17.756 66210 INFO tempest.lib.common.rest_client [req-10ad7806-2af4-42c0-9b0b-1bc21d33b2ae req-10ad7806-2af4-42c0-9b0b-1bc21d33b2ae ] Request (ServersAdminNegativeTestJSON:test_migrate_server_invalid_state): 200 GET http://10.180.1.21/compute/v2.1/servers/f7efcfc8-4c0c-4542-b7e6-843dc9c89b5d 0.058s
2025-11-20 20:01:17.807 66218 INFO tempest.lib.common.rest_client [req-60b6c258-93b9-4642-b4fa-7f13a4c2a1df req-60b6c258-93b9-4642-b4fa-7f13a4c2a1df ] Request (SecurityGroupsTestJSON:tearDownClass): 404 GET http://10.180.1.21/compute/v2.1/servers/b813fea2-8346-4a88-8344-8830c49b3ce0 0.027s
2025-11-20 20:01:17.827 66196 WARNING tempest.lib.common.ssh [-] Failed to establish authenticated ssh connection to cirros@10.180.180.186 ([Errno None] Unable to connect to port 22 on 10.180.180.186). Number attempts: 1. Retry after 2 seconds.: paramiko.ssh_exception.NoValidConnectionsError: [Errno None] Unable to connect to port 22 on 10.180.180.186
2025-11-20 20:01:17.939 66218 INFO tempest.lib.common.rest_client [req-4e37d9e8-7c5c-4604-8fdc-e3722b7e8b04 req-4e37d9e8-7c5c-4604-8fdc-e3722b7e8b04 ] Request (SecurityGroupsTestJSON:tearDownClass): 202 DELETE http://10.180.1.21/compute/v2.1/os-security-groups/26bbbe90-6cf1-448b-bb10-78493575687d 0.131s
2025-11-20 20:01:17.963 66192 INFO tempest.lib.common.rest_client [req-30fdb364-58b2-47b4-a099-5a5a70b2e9e8 req-30fdb364-58b2-47b4-a099-5a5a70b2e9e8 ] Request (MultipleCreateTestJSON:tearDownClass): 200 GET http://10.180.1.21/compute/v2.1/servers/d20bbaad-5ca3-48b7-a1f1-f252c93d80d8 0.090s
2025-11-20 20:01:18.102 66218 INFO tempest.lib.common.rest_client [req-4d5f19fd-f096-4813-9985-f71986e12696 req-4d5f19fd-f096-4813-9985-f71986e12696 ] Request (SecurityGroupsTestJSON:tearDownClass): 202 DELETE http://10.180.1.21/compute/v2.1/os-security-groups/926843c3-af1c-468e-9cd0-342525e30e97 0.163s
2025-11-20 20:01:18.141 66206 INFO tempest.lib.common.rest_client [req-2b47df92-1391-4fe1-a4f8-8be614449646 req-2b47df92-1391-4fe1-a4f8-8be614449646 ] Request (TenantUsagesTestJSON:setUpClass): 200 GET http://10.180.1.21/compute/v2.1/servers/3ae5fa27-fbd7-41dd-90d4-b690d24e1c69 0.226s
2025-11-20 20:01:18.217 66214 INFO tempest.lib.common.rest_client [req-a3fdb7ee-df7d-40a6-8315-f4b2311c64cc req-a3fdb7ee-df7d-40a6-8315-f4b2311c64cc ] Request (ServersTestJSON:_run_cleanups): 200 GET http://10.180.1.21/compute/v2.1/servers/71782b4a-069a-4022-8acb-ab9c7b927281 0.196s
2025-11-20 20:01:18.243 66198 INFO tempest.lib.common.rest_client [req-48eb6262-df56-460b-a781-e144567b479c req-48eb6262-df56-460b-a781-e144567b479c ] Request (MigrationsAdminTest:test_resize_server_revert_deleted_flavor): 200 GET http://10.180.1.21/compute/v2.1/servers/73cad915-1200-4873-8e4d-0dd97b041877 0.242s
2025-11-20 20:01:18.281 66252 INFO tempest.lib.common.rest_client [req-f6c30207-1ba6-4f3b-bd9d-6ecd9d132a3a req-f6c30207-1ba6-4f3b-bd9d-6ecd9d132a3a ] Request (ServerShowV254Test:test_rebuild_server): 200 GET http://10.180.1.21/compute/v2.1/servers/5359c6ca-097d-4212-82f7-52dc63920ae7 0.209s
2025-11-20 20:01:18.290 66252 INFO tempest.common.waiters [-] State transition "REBUILD/rebuild_spawning" ==> "ACTIVE/None" after 9 second wait
2025-11-20 20:01:18.306 66246 INFO tempest.lib.common.rest_client [req-9c418cc4-70e5-4ae1-9825-cf510455814e req-9c418cc4-70e5-4ae1-9825-cf510455814e ] Request (ServerRescueTestJSONUnderV235:tearDownClass): 200 GET http://10.180.1.21/compute/v2.1/servers/d0804390-8c6d-456e-bab9-668d5c677e71 0.197s
2025-11-20 20:01:18.361 66232 INFO tempest.lib.common.rest_client [req-e54bcb48-0c00-43a1-800a-7ac43090d829 req-e54bcb48-0c00-43a1-800a-7ac43090d829 ] Request (DeleteServersTestJSON:test_delete_server_while_in_attached_volume): 200 GET http://10.180.1.21/compute/v2.1/servers/6497d604-bd58-4ba5-a718-ae430994df25 0.208s
2025-11-20 20:01:18.376 66202 INFO tempest.lib.common.rest_client [req-63a32bc4-11a5-4c68-8e72-ef2784a127fa req-63a32bc4-11a5-4c68-8e72-ef2784a127fa ] Request (ListServerFiltersTestJSON:tearDownClass): 200 GET http://10.180.1.21/compute/v2.1/servers/a6d9d631-37e6-4881-97d7-971ea5af1d41 0.134s
2025-11-20 20:01:18.393 66252 INFO tempest.lib.common.rest_client [req-64ecdbf9-1353-4b4c-8b55-b9c322b363b7 req-64ecdbf9-1353-4b4c-8b55-b9c322b363b7 ] Request (ServerShowV254Test:_run_cleanups): 204 DELETE http://10.180.1.21/compute/v2.1/os-keypairs/tempest-ServerShowV254Test-keypair-86372453 0.102s
2025-11-20 20:01:18.488 66190 INFO tempest.lib.common.rest_client [req-90d3fbb1-b51e-4c28-96d0-4ec9f324b587 req-90d3fbb1-b51e-4c28-96d0-4ec9f324b587 ] Request (ListServersNegativeTestJSON:tearDownClass): 200 GET http://10.180.1.21/compute/v2.1/servers/2371b815-dd79-4ba3-b688-681edc206c3d 0.146s
2025-11-20 20:01:18.525 66234 INFO tempest.lib.common.rest_client [req-847c2663-c692-4d9d-9ac7-d4677d50bf30 req-847c2663-c692-4d9d-9ac7-d4677d50bf30 ] Request (ServerActionsTestOtherA:setUpClass): 200 GET http://10.180.1.21/compute/v2.1/servers/ba305761-42e9-4dff-94a1-e14f22ef4549 0.248s
2025-11-20 20:01:18.541 66234 INFO tempest.common.waiters [-] State transition "BUILD/spawning" ==> "ACTIVE/None" after 40 second wait
2025-11-20 20:01:18.558 66224 INFO tempest.lib.common.rest_client [req-31f39ee2-92eb-423a-b44a-f6da54fb6db3 req-31f39ee2-92eb-423a-b44a-f6da54fb6db3 ] Request (ServerRescueNegativeTestJSON:setUpClass): 200 GET http://10.180.1.21/compute/v2.1/servers/8dba6158-da94-40c5-a8c9-c61c2d25a2c8 0.180s
2025-11-20 20:01:18.611 66252 INFO tempest.lib.common.rest_client [req-0ac8cca7-9184-4e22-b83c-f513a26d2623 req-0ac8cca7-9184-4e22-b83c-f513a26d2623 ] Request (ServerShowV254Test:tearDownClass): 204 DELETE http://10.180.1.21/compute/v2.1/servers/5359c6ca-097d-4212-82f7-52dc63920ae7 0.212s
2025-11-20 20:01:18.618 66234 INFO tempest.lib.common.rest_client [req-84c72ef6-a4e1-4738-b911-02f1bad610a1 req-84c72ef6-a4e1-4738-b911-02f1bad610a1 ] Request (ServerActionsTestOtherA:setUpClass): 200 GET http://10.180.1.21/compute/v2.1/servers/ba305761-42e9-4dff-94a1-e14f22ef4549/os-interface 0.077s
2025-11-20 20:01:18.931 66218 INFO tempest.lib.common.rest_client [req-fa7ea68d-c10e-454f-9fb7-06c86e8dcd58 req-fa7ea68d-c10e-454f-9fb7-06c86e8dcd58 ] Request (SecurityGroupsTestJSON:tearDownClass): 200 PUT http://10.180.1.21/networking/v2.0/routers/831e2784-d508-4382-a02c-d9a6faabddf7/remove_router_interface 0.828s
2025-11-20 20:01:19.035 66216 INFO tempest.lib.common.rest_client [req-4e907900-be7f-46f3-bed3-77f6c3801b69 req-4e907900-be7f-46f3-bed3-77f6c3801b69 ] Request (ServersAdminTestJSON:tearDownClass): 200 GET http://10.180.1.21/compute/v2.1/servers/b337a113-8f09-41cd-a14c-f7689cecc250 0.479s
2025-11-20 20:01:19.150 66234 INFO tempest.lib.common.rest_client [req-dca40111-009c-4ad9-a3f4-9fc44ff69a5b req-dca40111-009c-4ad9-a3f4-9fc44ff69a5b ] Request (ServerActionsTestOtherA:setUpClass): 200 PUT http://10.180.1.21/networking/v2.0/floatingips/4b9fe43e-d19f-4763-9d53-e587b878df1f 0.529s
2025-11-20 20:01:19.152 66234 INFO tempest.lib.common.ssh [-] Creating ssh connection to '10.180.180.217:22' as 'cirros' with public key authentication
2025-11-20 20:01:19.192 66220 INFO tempest.lib.common.rest_client [req-5bd8c840-ffd4-4cc3-b6df-1c0333d4283b req-5bd8c840-ffd4-4cc3-b6df-1c0333d4283b ] Request (ServerMetadataNegativeTestJSON:setUpClass): 200 GET http://10.180.1.21/compute/v2.1/servers/5437309d-939a-42e8-960b-a0a07760392e 0.611s
2025-11-20 20:01:19.194 66244 WARNING tempest.lib.common.ssh [-] Failed to establish authenticated ssh connection to cirros@10.180.180.244 ([Errno None] Unable to connect to port 22 on 10.180.180.244). Number attempts: 8. Retry after 9 seconds.: paramiko.ssh_exception.NoValidConnectionsError: [Errno None] Unable to connect to port 22 on 10.180.180.244
2025-11-20 20:01:19.237 66252 INFO tempest.lib.common.rest_client [req-241eb92b-acc0-48e3-af64-b64de1e04759 req-241eb92b-acc0-48e3-af64-b64de1e04759 ] Request (ServerShowV254Test:tearDownClass): 200 GET http://10.180.1.21/compute/v2.1/servers/5359c6ca-097d-4212-82f7-52dc63920ae7 0.626s
2025-11-20 20:01:19.252 66228 INFO tempest.lib.common.rest_client [req-ee0da1c7-57e5-485e-8df0-f5e55b77524f req-ee0da1c7-57e5-485e-8df0-f5e55b77524f ] Request (FloatingIPsAssociationNegativeTestJSON:setUpClass): 200 GET http://10.180.1.21/compute/v2.1/servers/fb563713-65c8-4572-b8ba-a13475be3bbc 0.631s
2025-11-20 20:01:19.297 66226 INFO tempest.lib.common.rest_client [req-571ee2fe-6b65-4aa5-ac4e-94b7b03c5e5f req-571ee2fe-6b65-4aa5-ac4e-94b7b03c5e5f ] Request (ServerRescueTestJSON:test_rescue_unrescue_instance): 200 GET http://10.180.1.21/compute/v2.1/servers/0fc0c07f-4fd1-4e36-8e47-0f96e85a800a 0.656s
2025-11-20 20:01:19.310 66242 INFO tempest.lib.common.rest_client [req-1352e3c6-56be-4109-b4d5-22f6a914f0a0 req-1352e3c6-56be-4109-b4d5-22f6a914f0a0 ] Request (ImagesOneServerNegativeTestJSON:_run_cleanups): 200 GET http://10.180.1.21/compute/v2.1/servers/3abd72f2-de62-477e-8411-5d650d4b7ae5 0.616s
2025-11-20 20:01:19.352 66210 INFO tempest.lib.common.rest_client [req-796b0d01-718a-4618-a64e-1e780ac2bf89 req-796b0d01-718a-4618-a64e-1e780ac2bf89 ] Request (ServersAdminNegativeTestJSON:test_migrate_server_invalid_state): 200 GET http://10.180.1.21/compute/v2.1/servers/f7efcfc8-4c0c-4542-b7e6-843dc9c89b5d 0.587s
2025-11-20 20:01:19.389 66192 INFO tempest.lib.common.rest_client [req-039f6aaf-9cb4-4316-b401-3ff3d0228dab req-039f6aaf-9cb4-4316-b401-3ff3d0228dab ] Request (MultipleCreateTestJSON:tearDownClass): 200 GET http://10.180.1.21/compute/v2.1/servers/d20bbaad-5ca3-48b7-a1f1-f252c93d80d8 0.417s
2025-11-20 20:01:19.468 66218 INFO tempest.lib.common.rest_client [req-12a598ee-c4ab-4136-91bb-6afc0fb4797e req-12a598ee-c4ab-4136-91bb-6afc0fb4797e ] Request (SecurityGroupsTestJSON:tearDownClass): 204 DELETE http://10.180.1.21/networking/v2.0/routers/831e2784-d508-4382-a02c-d9a6faabddf7 0.536s
2025-11-20 20:01:19.494 66214 INFO tempest.lib.common.rest_client [req-39def65a-9a0c-4bdd-b8a1-5041271f3577 req-39def65a-9a0c-4bdd-b8a1-5041271f3577 ] Request (ServersTestJSON:_run_cleanups): 200 GET http://10.180.1.21/compute/v2.1/servers/71782b4a-069a-4022-8acb-ab9c7b927281 0.270s
2025-11-20 20:01:19.524 66206 INFO tempest.lib.common.rest_client [req-b8fb64d0-98dd-4b11-b881-a6cd226b1de4 req-b8fb64d0-98dd-4b11-b881-a6cd226b1de4 ] Request (TenantUsagesTestJSON:setUpClass): 200 GET http://10.180.1.21/compute/v2.1/servers/3ae5fa27-fbd7-41dd-90d4-b690d24e1c69 0.371s
2025-11-20 20:01:19.614 66218 INFO tempest.lib.common.rest_client [req-ab4487b9-91ee-47ee-8763-8d04d82de3fa req-ab4487b9-91ee-47ee-8763-8d04d82de3fa ] Request (SecurityGroupsTestJSON:tearDownClass): 204 DELETE http://10.180.1.21/networking/v2.0/subnets/51dd07d2-3537-4d5f-b5c8-afae3a54c056 0.145s
2025-11-20 20:01:19.627 66246 INFO tempest.lib.common.rest_client [req-ccfbcaf4-fedb-4c31-9b03-e72881968621 req-ccfbcaf4-fedb-4c31-9b03-e72881968621 ] Request (ServerRescueTestJSONUnderV235:tearDownClass): 200 GET http://10.180.1.21/compute/v2.1/servers/d0804390-8c6d-456e-bab9-668d5c677e71 0.312s
2025-11-20 20:01:19.662 66198 INFO tempest.lib.common.rest_client [req-7ebd4001-3f4e-4458-b5d6-9a296699318a req-7ebd4001-3f4e-4458-b5d6-9a296699318a ] Request (MigrationsAdminTest:test_resize_server_revert_deleted_flavor): 200 GET http://10.180.1.21/compute/v2.1/servers/73cad915-1200-4873-8e4d-0dd97b041877 0.410s
2025-11-20 20:01:19.713 66232 INFO tempest.lib.common.rest_client [req-9cc2debf-53d8-49e6-a619-364f1d460e45 req-9cc2debf-53d8-49e6-a619-364f1d460e45 ] Request (DeleteServersTestJSON:test_delete_server_while_in_attached_volume): 200 GET http://10.180.1.21/compute/v2.1/servers/6497d604-bd58-4ba5-a718-ae430994df25 0.341s
2025-11-20 20:01:19.742 66194 WARNING tempest.lib.common.ssh [-] Failed to establish authenticated ssh connection to cirros@10.180.180.160 ([Errno None] Unable to connect to port 22 on 10.180.180.160). Number attempts: 9. Retry after 10 seconds.: paramiko.ssh_exception.NoValidConnectionsError: [Errno None] Unable to connect to port 22 on 10.180.180.160
2025-11-20 20:01:19.745 66190 INFO tempest.lib.common.rest_client [req-6d60c4d4-4dfb-4db2-aac2-8f798298c1d7 req-6d60c4d4-4dfb-4db2-aac2-8f798298c1d7 ] Request (ListServersNegativeTestJSON:tearDownClass): 404 GET http://10.180.1.21/compute/v2.1/servers/2371b815-dd79-4ba3-b688-681edc206c3d 0.244s
2025-11-20 20:01:19.765 66202 INFO tempest.lib.common.rest_client [req-efb96a4b-69bc-4c06-b8a3-050e0700d163 req-efb96a4b-69bc-4c06-b8a3-050e0700d163 ] Request (ListServerFiltersTestJSON:tearDownClass): 200 GET http://10.180.1.21/compute/v2.1/servers/a6d9d631-37e6-4881-97d7-971ea5af1d41 0.378s
2025-11-20 20:01:19.923 66212 WARNING tempest.lib.common.ssh [-] Failed to establish authenticated ssh connection to cirros@10.180.180.252 ([Errno None] Unable to connect to port 22 on 10.180.180.252). Number attempts: 5. Retry after 6 seconds.: paramiko.ssh_exception.NoValidConnectionsError: [Errno None] Unable to connect to port 22 on 10.180.180.252
2025-11-20 20:01:19.976 66218 INFO tempest.lib.common.rest_client [req-792f7264-0a5e-4844-ba3f-eb0d71d62104 req-792f7264-0a5e-4844-ba3f-eb0d71d62104 ] Request (SecurityGroupsTestJSON:tearDownClass): 204 DELETE http://10.180.1.21/networking/v2.0/networks/c6f6e1d8-9a49-457b-b449-b5fe2b7785ce 0.361s
2025-11-20 20:01:20.015 66224 INFO tempest.lib.common.rest_client [req-b38fe5e7-ae88-4948-8258-80f689180e3e req-b38fe5e7-ae88-4948-8258-80f689180e3e ] Request (ServerRescueNegativeTestJSON:setUpClass): 200 GET http://10.180.1.21/compute/v2.1/servers/8dba6158-da94-40c5-a8c9-c61c2d25a2c8 0.448s
2025-11-20 20:01:20.096 66218 INFO tempest.lib.common.rest_client [req-9848fb44-31c0-454e-afd4-9085068fc635 req-9848fb44-31c0-454e-afd4-9085068fc635 ] Request (SecurityGroupsTestJSON:tearDownClass): 204 DELETE http://10.180.1.21/identity/v3/users/2ea10b7a24984459820fba372fd65815 0.119s
2025-11-20 20:01:20.096 66218 INFO tempest.lib.common.dynamic_creds [-] Deleting project and security group for project: 7a7850ea7827447ca1aff734db9763f7
2025-11-20 20:01:20.172 66218 INFO tempest.lib.common.rest_client [req-cc76348f-35f6-443e-b867-5e39dc8a42ab req-cc76348f-35f6-443e-b867-5e39dc8a42ab ] Request (SecurityGroupsTestJSON:tearDownClass): 200 GET http://10.180.1.21/networking/v2.0/security-groups?tenant_id=7a7850ea7827447ca1aff734db9763f7&name=default 0.076s
2025-11-20 20:01:20.199 66216 INFO tempest.lib.common.rest_client [req-4f6e5ae2-2160-4b3e-93de-7a6fc23cadbd req-4f6e5ae2-2160-4b3e-93de-7a6fc23cadbd ] Request (ServersAdminTestJSON:tearDownClass): 200 GET http://10.180.1.21/compute/v2.1/servers/b337a113-8f09-41cd-a14c-f7689cecc250 0.153s
2025-11-20 20:01:20.350 66218 INFO tempest.lib.common.rest_client [req-6daecfde-6ee2-4e27-a21f-14d0e5866445 req-6daecfde-6ee2-4e27-a21f-14d0e5866445 ] Request (SecurityGroupsTestJSON:tearDownClass): 204 DELETE http://10.180.1.21/networking/v2.0/security-groups/d71d1514-5f61-40c2-bd72-56b14f5fbaf3 0.177s
2025-11-20 20:01:20.452 66252 INFO tempest.lib.common.rest_client [req-57e90024-4605-4f42-abf0-3f178bafcb19 req-57e90024-4605-4f42-abf0-3f178bafcb19 ] Request (ServerShowV254Test:tearDownClass): 200 GET http://10.180.1.21/compute/v2.1/servers/5359c6ca-097d-4212-82f7-52dc63920ae7 0.196s
2025-11-20 20:01:20.465 66218 INFO tempest.lib.common.rest_client [req-0207a6aa-e3f5-47ff-9b1a-f62eeda99fdf req-0207a6aa-e3f5-47ff-9b1a-f62eeda99fdf ] Request (SecurityGroupsTestJSON:tearDownClass): 204 DELETE http://10.180.1.21/identity/v3/projects/7a7850ea7827447ca1aff734db9763f7 0.115s
2025-11-20 20:01:20.539 66218 INFO tempest.lib.common.rest_client [req-47bdb69e-c81c-4603-a9a6-de78c93d996b req-47bdb69e-c81c-4603-a9a6-de78c93d996b ] Request (ServerActionsV293TestJSON:setUpClass): 201 POST http://10.180.1.21/identity/v3/auth/tokens 0.072s
2025-11-20 20:01:20.563 66220 INFO tempest.lib.common.rest_client [req-bec9ee93-9ca7-48a9-a7e1-ce838efd977c req-bec9ee93-9ca7-48a9-a7e1-ce838efd977c ] Request (ServerMetadataNegativeTestJSON:setUpClass): 200 GET http://10.180.1.21/compute/v2.1/servers/5437309d-939a-42e8-960b-a0a07760392e 0.363s
2025-11-20 20:01:20.576 66228 INFO tempest.lib.common.rest_client [req-74d52684-cf7f-470b-9734-1aca1a57f84e req-74d52684-cf7f-470b-9734-1aca1a57f84e ] Request (FloatingIPsAssociationNegativeTestJSON:setUpClass): 200 GET http://10.180.1.21/compute/v2.1/servers/fb563713-65c8-4572-b8ba-a13475be3bbc 0.314s
2025-11-20 20:01:20.585 66190 INFO tempest.lib.common.rest_client [req-29d9dde8-b9d5-47bd-9601-41ca20f7795e req-29d9dde8-b9d5-47bd-9601-41ca20f7795e ] Request (ListServersNegativeTestJSON:tearDownClass): 200 PUT http://10.180.1.21/networking/v2.0/routers/65e40c18-2a7d-4dbb-81a8-ddea5e2173d4/remove_router_interface 0.840s
2025-11-20 20:01:20.588 66218 INFO tempest.lib.common.rest_client [req-8dd2bf9d-7815-46e8-86f0-45085cda4a70 req-8dd2bf9d-7815-46e8-86f0-45085cda4a70 ] Request (ServerActionsV293TestJSON:setUpClass): 201 POST http://10.180.1.21/identity/v3/auth/tokens 0.046s
2025-11-20 20:01:20.635 66218 INFO tempest.lib.common.rest_client [req-e5597a52-44ac-4162-886c-8e8dc084c3bb req-e5597a52-44ac-4162-886c-8e8dc084c3bb ] Request (ServerActionsV293TestJSON:setUpClass): 200 GET http://10.180.1.21/identity/v3/domains?name=Default 0.046s
2025-11-20 20:01:20.642 66226 INFO tempest.lib.common.rest_client [req-3f895bd9-44ba-486c-877f-e9dfa1f8cff5 req-3f895bd9-44ba-486c-877f-e9dfa1f8cff5 ] Request (ServerRescueTestJSON:test_rescue_unrescue_instance): 200 GET http://10.180.1.21/compute/v2.1/servers/0fc0c07f-4fd1-4e36-8e47-0f96e85a800a 0.336s
2025-11-20 20:01:20.658 66242 INFO tempest.lib.common.rest_client [req-cc3a5c7d-ff4a-4d4b-a359-26553216b7b3 req-cc3a5c7d-ff4a-4d4b-a359-26553216b7b3 ] Request (ImagesOneServerNegativeTestJSON:_run_cleanups): 200 GET http://10.180.1.21/compute/v2.1/servers/3abd72f2-de62-477e-8411-5d650d4b7ae5 0.340s
2025-11-20 20:01:20.682 66218 INFO tempest.lib.common.rest_client [req-b6767e81-4f3e-43da-8a35-6783585a42bb req-b6767e81-4f3e-43da-8a35-6783585a42bb ] Request (ServerActionsV293TestJSON:setUpClass): 201 POST http://10.180.1.21/identity/v3/projects 0.046s
2025-11-20 20:01:20.721 66210 INFO tempest.lib.common.rest_client [req-efff0b41-e8db-4813-92ea-c93f1a0e24f6 req-efff0b41-e8db-4813-92ea-c93f1a0e24f6 ] Request (ServersAdminNegativeTestJSON:test_migrate_server_invalid_state): 200 GET http://10.180.1.21/compute/v2.1/servers/f7efcfc8-4c0c-4542-b7e6-843dc9c89b5d 0.356s
2025-11-20 20:01:20.740 66192 INFO tempest.lib.common.rest_client [req-d48af2c0-ea0b-4d5a-946d-2ae0f6cdf044 req-d48af2c0-ea0b-4d5a-946d-2ae0f6cdf044 ] Request (MultipleCreateTestJSON:tearDownClass): 200 GET http://10.180.1.21/compute/v2.1/servers/d20bbaad-5ca3-48b7-a1f1-f252c93d80d8 0.343s
2025-11-20 20:01:20.786 66218 INFO tempest.lib.common.rest_client [req-5ab48da5-b919-4746-a4b8-c4a5f4dc2237 req-5ab48da5-b919-4746-a4b8-c4a5f4dc2237 ] Request (ServerActionsV293TestJSON:setUpClass): 201 POST http://10.180.1.21/identity/v3/users 0.103s
2025-11-20 20:01:20.803 66214 INFO tempest.lib.common.rest_client [req-d7224ee4-baca-4749-800c-ec4ab84d55a8 req-d7224ee4-baca-4749-800c-ec4ab84d55a8 ] Request (ServersTestJSON:_run_cleanups): 200 GET http://10.180.1.21/compute/v2.1/servers/71782b4a-069a-4022-8acb-ab9c7b927281 0.298s
2025-11-20 20:01:20.809 66218 INFO tempest.lib.common.rest_client [req-2aa4524b-4a7a-4688-9bba-5295192e05b3 req-2aa4524b-4a7a-4688-9bba-5295192e05b3 ] Request (ServerActionsV293TestJSON:setUpClass): 200 GET http://10.180.1.21/identity/v3/roles 0.023s
2025-11-20 20:01:20.866 66218 INFO tempest.lib.common.rest_client [req-c5825788-be2f-461f-9b6c-726e6f9f7d0f req-c5825788-be2f-461f-9b6c-726e6f9f7d0f ] Request (ServerActionsV293TestJSON:setUpClass): 204 PUT http://10.180.1.21/identity/v3/projects/c1360d48301b43378725c4be9ea59759/users/ecd4a5f8d1d44b209d4912058f5622b6/roles/32ba8d1d0e9d41f284f32e90294f5b11 0.056s
2025-11-20 20:01:20.866 66218 INFO tempest.lib.common.dynamic_creds [-] Dynamic test user ecd4a5f8d1d44b209d4912058f5622b6 is created with scope project and roles: ['member']
2025-11-20 20:01:20.866 66218 INFO tempest.lib.common.dynamic_creds [-] Acquired dynamic creds: credentials: Credentials: {'domain_id': 'default', 'domain_name': 'Default', 'username': 'tempest-ServerActionsV293TestJSON-197521735-project-member', 'project_domain_id': 'default', 'project_domain_name': 'Default', 'project_id': 'c1360d48301b43378725c4be9ea59759', 'project_name': 'tempest-ServerActionsV293TestJSON-197521735', 'tenant_id': 'c1360d48301b43378725c4be9ea59759', 'tenant_name': 'tempest-ServerActionsV293TestJSON-197521735', 'user_domain_id': 'default', 'user_domain_name': 'Default', 'user_id': 'ecd4a5f8d1d44b209d4912058f5622b6', 'system': None}, Network: None, Subnet: None, Router: None
2025-11-20 20:01:20.885 66206 INFO tempest.lib.common.rest_client [req-9ff8f854-d31c-44e5-ae7d-0849ee5a5161 req-9ff8f854-d31c-44e5-ae7d-0849ee5a5161 ] Request (TenantUsagesTestJSON:setUpClass): 200 GET http://10.180.1.21/compute/v2.1/servers/3ae5fa27-fbd7-41dd-90d4-b690d24e1c69 0.348s
2025-11-20 20:01:20.896 66204 WARNING tempest.lib.common.ssh [-] Failed to establish authenticated ssh connection to cirros@10.180.180.165 ([Errno None] Unable to connect to port 22 on 10.180.180.165). Number attempts: 9. Retry after 10 seconds.: paramiko.ssh_exception.NoValidConnectionsError: [Errno None] Unable to connect to port 22 on 10.180.180.165
2025-11-20 20:01:20.897 66196 WARNING tempest.lib.common.ssh [-] Failed to establish authenticated ssh connection to cirros@10.180.180.186 ([Errno None] Unable to connect to port 22 on 10.180.180.186). Number attempts: 2. Retry after 3 seconds.: paramiko.ssh_exception.NoValidConnectionsError: [Errno None] Unable to connect to port 22 on 10.180.180.186
2025-11-20 20:01:20.925 66246 INFO tempest.lib.common.rest_client [req-87167b17-084f-4cbe-8d2f-c27eae250970 req-87167b17-084f-4cbe-8d2f-c27eae250970 ] Request (ServerRescueTestJSONUnderV235:tearDownClass): 200 GET http://10.180.1.21/compute/v2.1/servers/d0804390-8c6d-456e-bab9-668d5c677e71 0.286s
2025-11-20 20:01:20.976 66218 INFO tempest.lib.common.rest_client [req-0d2f6c62-7abb-4299-ad24-abe3409d155d req-0d2f6c62-7abb-4299-ad24-abe3409d155d ] Request (ServerActionsV293TestJSON:setUpClass): 201 POST http://10.180.1.21/identity/v3/auth/tokens 0.109s
2025-11-20 20:01:21.019 66198 INFO tempest.lib.common.rest_client [req-b22eade0-0e9a-4fec-be0c-92fe1c32f149 req-b22eade0-0e9a-4fec-be0c-92fe1c32f149 ] Request (MigrationsAdminTest:test_resize_server_revert_deleted_flavor): 200 GET http://10.180.1.21/compute/v2.1/servers/73cad915-1200-4873-8e4d-0dd97b041877 0.346s
2025-11-20 20:01:21.110 66190 INFO tempest.lib.common.rest_client [req-9ea1c3ce-5cc9-4a5d-a2fc-33419ef9421f req-9ea1c3ce-5cc9-4a5d-a2fc-33419ef9421f ] Request (ListServersNegativeTestJSON:tearDownClass): 204 DELETE http://10.180.1.21/networking/v2.0/routers/65e40c18-2a7d-4dbb-81a8-ddea5e2173d4 0.524s
2025-11-20 20:01:21.141 66232 INFO tempest.lib.common.rest_client [req-f5e75e93-8ad9-4029-bcfd-ba9e3878ec4a req-f5e75e93-8ad9-4029-bcfd-ba9e3878ec4a ] Request (DeleteServersTestJSON:test_delete_server_while_in_attached_volume): 200 GET http://10.180.1.21/compute/v2.1/servers/6497d604-bd58-4ba5-a718-ae430994df25 0.419s
2025-11-20 20:01:21.167 66202 INFO tempest.lib.common.rest_client [req-23bcc615-1b28-45fe-8e20-ee0d4b287c7a req-23bcc615-1b28-45fe-8e20-ee0d4b287c7a ] Request (ListServerFiltersTestJSON:tearDownClass): 200 GET http://10.180.1.21/compute/v2.1/servers/a6d9d631-37e6-4881-97d7-971ea5af1d41 0.393s
2025-11-20 20:01:21.309 66218 INFO tempest.lib.common.rest_client [req-8659d3ab-ec44-41f3-970a-a5fa69065654 req-8659d3ab-ec44-41f3-970a-a5fa69065654 ] Request (ServerActionsV293TestJSON:setUpClass): 201 POST http://10.180.1.21/networking/v2.0/networks 0.332s
2025-11-20 20:01:21.331 66224 INFO tempest.lib.common.rest_client [req-d8ea8993-be3a-4837-8911-cf024d46f835 req-d8ea8993-be3a-4837-8911-cf024d46f835 ] Request (ServerRescueNegativeTestJSON:setUpClass): 200 GET http://10.180.1.21/compute/v2.1/servers/8dba6158-da94-40c5-a8c9-c61c2d25a2c8 0.305s
2025-11-20 20:01:21.343 66216 INFO tempest.lib.common.rest_client [req-e8be01bc-ae82-4492-94b7-f628d09287f9 req-e8be01bc-ae82-4492-94b7-f628d09287f9 ] Request (ServersAdminTestJSON:tearDownClass): 200 GET http://10.180.1.21/compute/v2.1/servers/b337a113-8f09-41cd-a14c-f7689cecc250 0.136s
2025-11-20 20:01:21.368 66249 WARNING tempest.lib.common.ssh [-] Failed to establish authenticated ssh connection to cirros@10.180.180.155 ([Errno None] Unable to connect to port 22 on 10.180.180.155). Number attempts: 4. Retry after 5 seconds.: paramiko.ssh_exception.NoValidConnectionsError: [Errno None] Unable to connect to port 22 on 10.180.180.155
2025-11-20 20:01:21.373 66190 INFO tempest.lib.common.rest_client [req-2f244216-4fdf-4a9e-ad4e-23498a23f9a4 req-2f244216-4fdf-4a9e-ad4e-23498a23f9a4 ] Request (ListServersNegativeTestJSON:tearDownClass): 204 DELETE http://10.180.1.21/networking/v2.0/subnets/47008dd3-2353-4396-8edb-a84c5a7cee07 0.263s
2025-11-20 20:01:21.485 66218 INFO tempest.lib.common.rest_client [req-f9c1756e-ca45-47e6-93ab-aeadb64cc79e req-f9c1756e-ca45-47e6-93ab-aeadb64cc79e ] Request (ServerActionsV293TestJSON:setUpClass): 201 POST http://10.180.1.21/networking/v2.0/subnets 0.176s
2025-11-20 20:01:21.627 66190 INFO tempest.lib.common.rest_client [req-430e9d6e-48ef-4bb4-b3cb-780c23a9ce8b req-430e9d6e-48ef-4bb4-b3cb-780c23a9ce8b ] Request (ListServersNegativeTestJSON:tearDownClass): 204 DELETE http://10.180.1.21/networking/v2.0/networks/7f4c6fc5-f5f9-44d1-b8f4-c65ce0274db1 0.253s
2025-11-20 20:01:21.654 66252 INFO tempest.lib.common.rest_client [req-82d4b6b4-929f-47b8-9e21-6a83275a1b6e req-82d4b6b4-929f-47b8-9e21-6a83275a1b6e ] Request (ServerShowV254Test:tearDownClass): 200 GET http://10.180.1.21/compute/v2.1/servers/5359c6ca-097d-4212-82f7-52dc63920ae7 0.190s
2025-11-20 20:01:21.718 66190 INFO tempest.lib.common.rest_client [req-fa47b2c3-0115-4f49-8630-afeb445a03ed req-fa47b2c3-0115-4f49-8630-afeb445a03ed ] Request (ListServersNegativeTestJSON:tearDownClass): 204 DELETE http://10.180.1.21/identity/v3/users/9f00148c59d140c3becbd74ff0f8bdfc 0.091s
2025-11-20 20:01:21.719 66190 INFO tempest.lib.common.dynamic_creds [-] Deleting project and security group for project: bbe950b9714148859e05994f017ea5dd
2025-11-20 20:01:21.725 66220 INFO tempest.lib.common.rest_client [req-ac154ae9-ee91-49a9-9edd-7e5042702de5 req-ac154ae9-ee91-49a9-9edd-7e5042702de5 ] Request (ServerMetadataNegativeTestJSON:setUpClass): 200 GET http://10.180.1.21/compute/v2.1/servers/5437309d-939a-42e8-960b-a0a07760392e 0.149s
2025-11-20 20:01:21.736 66228 INFO tempest.lib.common.rest_client [req-ed699804-fb59-43a8-abc1-2f24fbb59fea req-ed699804-fb59-43a8-abc1-2f24fbb59fea ] Request (FloatingIPsAssociationNegativeTestJSON:setUpClass): 200 GET http://10.180.1.21/compute/v2.1/servers/fb563713-65c8-4572-b8ba-a13475be3bbc 0.146s
2025-11-20 20:01:21.738 66220 INFO tempest.common.waiters [-] State transition "BUILD/spawning" ==> "ACTIVE/None" after 41 second wait
2025-11-20 20:01:21.764 66190 INFO tempest.lib.common.rest_client [req-5798a0aa-047f-47a7-adbc-35b1808c17d6 req-5798a0aa-047f-47a7-adbc-35b1808c17d6 ] Request (ListServersNegativeTestJSON:tearDownClass): 200 GET http://10.180.1.21/networking/v2.0/security-groups?tenant_id=bbe950b9714148859e05994f017ea5dd&name=default 0.044s
2025-11-20 20:01:21.820 66220 INFO tempest.lib.common.rest_client [req-924b45d1-6231-44bc-a298-e13b53d3a34d req-924b45d1-6231-44bc-a298-e13b53d3a34d ] Request (ServerMetadataNegativeTestJSON:test_create_server_metadata_blank_key): 201 POST http://10.180.1.21/identity/v3/auth/tokens 0.078s
2025-11-20 20:01:21.821 66220 INFO tempest.lib.common.fixed_network [-] (ServerMetadataNegativeTestJSON:test_create_server_metadata_blank_key) Found network {'id': '5e842526-01fc-4d24-acb7-388869b8f68f', 'name': 'tempest-ServerMetadataNegativeTestJSON-1778977818-network', 'tenant_id': '0ad04c0c3545418891c6b8152bbbec89', 'project_id': '0ad04c0c3545418891c6b8152bbbec89', 'admin_state_up': True, 'mtu': 8950, 'status': 'ACTIVE', 'subnets': [], 'shared': False, 'port_security_enabled': True, 'router:external': False, 'provider:network_type': 'vlan', 'provider:physical_network': 'default', 'provider:segmentation_id': 384, 'availability_zone_hints': [], 'availability_zones': [], 'ipv4_address_scope': None, 'ipv6_address_scope': None, 'description': '', 'tags': [], 'created_at': '2025-11-20T20:00:34Z', 'updated_at': '2025-11-20T20:00:34Z', 'revision_number': 1} available for tenant
2025-11-20 20:01:21.910 66190 INFO tempest.lib.common.rest_client [req-09cd48ca-acb1-4e36-9cdc-baba721b2a16 req-09cd48ca-acb1-4e36-9cdc-baba721b2a16 ] Request (ListServersNegativeTestJSON:tearDownClass): 204 DELETE http://10.180.1.21/networking/v2.0/security-groups/8b1ee109-cb61-450a-8f0a-07076b2d5c77 0.146s
2025-11-20 20:01:21.941 66242 INFO tempest.lib.common.rest_client [req-5355ec83-e775-4c7f-8ec9-97ac6d1a05d0 req-5355ec83-e775-4c7f-8ec9-97ac6d1a05d0 ] Request (ImagesOneServerNegativeTestJSON:_run_cleanups): 200 GET http://10.180.1.21/compute/v2.1/servers/3abd72f2-de62-477e-8411-5d650d4b7ae5 0.269s
2025-11-20 20:01:21.955 66226 INFO tempest.lib.common.rest_client [req-eaeaa851-6102-4e01-9692-b377e0ecb21e req-eaeaa851-6102-4e01-9692-b377e0ecb21e ] Request (ServerRescueTestJSON:test_rescue_unrescue_instance): 200 GET http://10.180.1.21/compute/v2.1/servers/0fc0c07f-4fd1-4e36-8e47-0f96e85a800a 0.303s
2025-11-20 20:01:21.991 66192 INFO tempest.lib.common.rest_client [req-7439ac49-787a-4549-9ecb-3a473ef14f77 req-7439ac49-787a-4549-9ecb-3a473ef14f77 ] Request (MultipleCreateTestJSON:tearDownClass): 404 GET http://10.180.1.21/compute/v2.1/servers/d20bbaad-5ca3-48b7-a1f1-f252c93d80d8 0.243s
2025-11-20 20:01:22.022 66210 INFO tempest.lib.common.rest_client [req-c1d1c6bd-74e0-4f26-8e7f-c609b72fde32 req-c1d1c6bd-74e0-4f26-8e7f-c609b72fde32 ] Request (ServersAdminNegativeTestJSON:test_migrate_server_invalid_state): 200 GET http://10.180.1.21/compute/v2.1/servers/f7efcfc8-4c0c-4542-b7e6-843dc9c89b5d 0.292s
2025-11-20 20:01:22.024 66220 INFO tempest.lib.common.rest_client [req-025ea8d2-4094-41dc-8f19-a6595f085af4 req-025ea8d2-4094-41dc-8f19-a6595f085af4 ] Request (ServerMetadataNegativeTestJSON:test_create_server_metadata_blank_key): 400 POST http://10.180.1.21/compute/v2.1/servers 0.202s
2025-11-20 20:01:22.050 66190 INFO tempest.lib.common.rest_client [req-f6775d17-3334-4919-8c0f-e05b10287198 req-f6775d17-3334-4919-8c0f-e05b10287198 ] Request (ListServersNegativeTestJSON:tearDownClass): 204 DELETE http://10.180.1.21/identity/v3/projects/bbe950b9714148859e05994f017ea5dd 0.139s
2025-11-20 20:01:22.068 66214 INFO tempest.lib.common.rest_client [req-84e50c7e-5f83-4176-97c0-b0cdfd59048b req-84e50c7e-5f83-4176-97c0-b0cdfd59048b ] Request (ServersTestJSON:_run_cleanups): 200 GET http://10.180.1.21/compute/v2.1/servers/71782b4a-069a-4022-8acb-ab9c7b927281 0.254s
2025-11-20 20:01:22.156 66206 INFO tempest.lib.common.rest_client [req-0debfe36-2ed4-44ef-b4ef-30e8d742606c req-0debfe36-2ed4-44ef-b4ef-30e8d742606c ] Request (TenantUsagesTestJSON:setUpClass): 200 GET http://10.180.1.21/compute/v2.1/servers/3ae5fa27-fbd7-41dd-90d4-b690d24e1c69 0.262s
2025-11-20 20:01:22.177 66246 INFO tempest.lib.common.rest_client [req-d29c389f-5355-4dc6-856d-560b6547b6f4 req-d29c389f-5355-4dc6-856d-560b6547b6f4 ] Request (ServerRescueTestJSONUnderV235:tearDownClass): 200 GET http://10.180.1.21/compute/v2.1/servers/d0804390-8c6d-456e-bab9-668d5c677e71 0.242s
2025-11-20 20:01:22.226 66192 INFO tempest.lib.common.rest_client [req-efc472c8-07e4-48a7-93a0-b4bd66b14ed6 req-efc472c8-07e4-48a7-93a0-b4bd66b14ed6 ] Request (MultipleCreateTestJSON:tearDownClass): 200 GET http://10.180.1.21/compute/v2.1/servers/35792305-d9fd-46c6-8db3-4009d612b3b0 0.234s
2025-11-20 20:01:22.232 66220 INFO tempest.lib.common.rest_client [req-22f0400d-f13b-46c4-8ab3-2e57972adc00 req-22f0400d-f13b-46c4-8ab3-2e57972adc00 ] Request (ServerMetadataNegativeTestJSON:test_delete_metadata_non_existent_server): 404 DELETE http://10.180.1.21/compute/v2.1/servers/4701f070-e41d-4299-9876-f163543e2a8b/metadata/d 0.202s
2025-11-20 20:01:22.281 66198 INFO tempest.lib.common.rest_client [req-2e670c45-5c5a-40ee-a20d-df2ce9dccbda req-2e670c45-5c5a-40ee-a20d-df2ce9dccbda ] Request (MigrationsAdminTest:test_resize_server_revert_deleted_flavor): 200 GET http://10.180.1.21/compute/v2.1/servers/73cad915-1200-4873-8e4d-0dd97b041877 0.254s
2025-11-20 20:01:22.285 66218 INFO tempest.lib.common.rest_client [req-dffa6571-8944-4a61-8170-9800263e4f20 req-dffa6571-8944-4a61-8170-9800263e4f20 ] Request (ServerActionsV293TestJSON:setUpClass): 201 POST http://10.180.1.21/networking/v2.0/routers 0.799s
2025-11-20 20:01:22.293 66232 INFO tempest.lib.common.rest_client [req-6908dbdc-0eaf-4cc5-9392-254b026da044 req-6908dbdc-0eaf-4cc5-9392-254b026da044 ] Request (DeleteServersTestJSON:test_delete_server_while_in_attached_volume): 200 GET http://10.180.1.21/compute/v2.1/servers/6497d604-bd58-4ba5-a718-ae430994df25 0.135s
