2025-11-20 19:57:56.185 66214 INFO tempest.lib.common.rest_client [req-5dc023f0-716f-4e45-b658-b50cf2660b9d req-5dc023f0-716f-4e45-b658-b50cf2660b9d ] Request (ListImagesTestJSON:setUpClass): 204 PUT http://10.180.1.21/identity/v3/projects/bfb69fca5eb6408da0511b47bddf36eb/users/b4c7e7184d064ff5bdcdc49157f168c1/roles/32ba8d1d0e9d41f284f32e90294f5b11 0.179s
2025-11-20 19:57:56.185 66214 INFO tempest.lib.common.dynamic_creds [-] Dynamic test user b4c7e7184d064ff5bdcdc49157f168c1 is created with scope project and roles: ['member']
2025-11-20 19:57:56.185 66214 INFO tempest.lib.common.dynamic_creds [-] Acquired dynamic creds: credentials: Credentials: {'domain_id': 'default', 'domain_name': 'Default', 'username': 'tempest-ListImagesTestJSON-1953811888-project-member', 'project_domain_id': 'default', 'project_domain_name': 'Default', 'project_id': 'bfb69fca5eb6408da0511b47bddf36eb', 'project_name': 'tempest-ListImagesTestJSON-1953811888', 'tenant_id': 'bfb69fca5eb6408da0511b47bddf36eb', 'tenant_name': 'tempest-ListImagesTestJSON-1953811888', 'user_domain_id': 'default', 'user_domain_name': 'Default', 'user_id': 'b4c7e7184d064ff5bdcdc49157f168c1', 'system': None}, Network: None, Subnet: None, Router: None
2025-11-20 19:57:56.186 66214 INFO tempest.lib.common.dynamic_creds [-] Created isolated network resources for: credentials: Credentials: {'domain_id': 'default', 'domain_name': 'Default', 'username': 'tempest-ListImagesTestJSON-1953811888-project-member', 'project_domain_id': 'default', 'project_domain_name': 'Default', 'project_id': 'bfb69fca5eb6408da0511b47bddf36eb', 'project_name': 'tempest-ListImagesTestJSON-1953811888', 'tenant_id': 'bfb69fca5eb6408da0511b47bddf36eb', 'tenant_name': 'tempest-ListImagesTestJSON-1953811888', 'user_domain_id': 'default', 'user_domain_name': 'Default', 'user_id': 'b4c7e7184d064ff5bdcdc49157f168c1', 'system': None}, Network: None, Subnet: None, Router: None
2025-11-20 19:57:56.223 66228 INFO tempest.lib.common.rest_client [req-e3415d7a-e8e2-43d1-a461-b24676340556 req-e3415d7a-e8e2-43d1-a461-b24676340556 ] Request (FloatingIPsAssociationTestJSON:setUpClass): 201 POST http://10.180.1.21/networking/v2.0/networks 0.486s
2025-11-20 19:57:56.232 66192 INFO tempest.lib.common.rest_client [req-e2edf7d0-8959-4df2-ae14-22558cb5f158 req-e2edf7d0-8959-4df2-ae14-22558cb5f158 ] Request (SecurityGroupRulesNegativeTestJSON:test_delete_security_group_rule_with_non_existent_id): 404 DELETE http://10.180.1.21/compute/v2.1/os-security-group-rules/1fbb67c6-082e-4ed8-9b9d-831a8ff9345d 3.029s
2025-11-20 19:57:56.239 66234 INFO tempest.lib.common.rest_client [req-54952e98-d3db-4b84-bd66-a2268af9f510 req-54952e98-d3db-4b84-bd66-a2268af9f510 ] Request (HostsAdminNegativeTestJSON:tearDownClass): 204 DELETE http://10.180.1.21/identity/v3/users/1532546122be4a7f80d555e80a4f4563 0.178s
2025-11-20 19:57:56.240 66234 INFO tempest.lib.common.dynamic_creds [-] Deleting project and security group for project: ee5b40918e144b90af9e5cfe774d12f6
2025-11-20 19:57:56.260 66226 INFO tempest.lib.common.rest_client [req-a2dfc3ee-5e60-4faa-a573-29117828d298 req-a2dfc3ee-5e60-4faa-a573-29117828d298 ] Request (InstanceUsageAuditLogTestJSON:setUpClass): 200 GET http://10.180.1.21/identity/v3/roles 0.164s
2025-11-20 19:57:56.274 66210 INFO tempest.lib.common.rest_client [req-5ae46807-405d-467e-8029-eba10e36e994 req-5ae46807-405d-467e-8029-eba10e36e994 ] Request (FlavorsAdminTestJSON:_run_cleanups): 200 GET http://10.180.1.21/compute/v2.1/flavors/detail 3.046s
2025-11-20 19:57:56.301 66252 INFO tempest.lib.common.rest_client [req-fb601877-8197-47b5-8f7f-14a7f65795a1 req-fb601877-8197-47b5-8f7f-14a7f65795a1 ] Request (KeyPairsV22TestJSON:_run_cleanups): 204 DELETE http://10.180.1.21/compute/v2.1/os-keypairs/tempest-KeyPairsV22TestJSON-keypair-887438748 3.059s
2025-11-20 19:57:56.303 66216 INFO tempest.lib.common.rest_client [req-6ae73f54-5343-4763-ab7f-2a7b22a4fb18 req-6ae73f54-5343-4763-ab7f-2a7b22a4fb18 ] Request (ServersAdminTestJSON:test_create_server_with_scheduling_hint): 200 GET http://10.180.1.21/compute/v2.1/servers/f682d347-4a89-41b7-8f60-c2083359e842 3.265s
2025-11-20 19:57:56.317 66216 INFO tempest.common.waiters [-] State transition "BUILD/networking" ==> "BUILD/spawning" after 9 second wait
2025-11-20 19:57:56.337 66212 INFO tempest.lib.common.rest_client [req-f4f7a9aa-dcb2-476b-967b-9a311e76ac2d req-f4f7a9aa-dcb2-476b-967b-9a311e76ac2d ] Request (ServicesAdminNegativeTestJSON:test_get_service_by_invalid_service_and_valid_host): 200 GET http://10.180.1.21/compute/v2.1/os-services?host=devstack&binary=xxx 2.999s
2025-11-20 19:57:56.392 66214 INFO tempest.lib.common.rest_client [req-ea8b8540-15cf-4b33-b59b-9920c42b1049 req-ea8b8540-15cf-4b33-b59b-9920c42b1049 ] Request (ListImagesTestJSON:setUpClass): 201 POST http://10.180.1.21/identity/v3/auth/tokens 0.204s
2025-11-20 19:57:56.398 66238 INFO tempest.lib.common.rest_client [req-d8cb4f93-9f42-4143-8334-fa182b464a77 req-d8cb4f93-9f42-4143-8334-fa182b464a77 ] Request (ServerMetadataTestJSON:test_get_server_metadata_item): 200 GET http://10.180.1.21/compute/v2.1/servers/1851f354-1f04-4cc7-860f-c56a6d4c7752/metadata/key2 2.559s
2025-11-20 19:57:56.430 66198 INFO tempest.lib.common.rest_client [req-2b1b19bc-cd64-4bd4-8d83-ff70ef0c58a7 req-2b1b19bc-cd64-4bd4-8d83-ff70ef0c58a7 ] Request (HypervisorAdminUnderV252Test:tearDownClass): 204 DELETE http://10.180.1.21/identity/v3/users/01cf5c9d8c914039be0a8659fafdeb49 0.264s
2025-11-20 19:57:56.469 66228 INFO tempest.lib.common.rest_client [req-e9fd8270-51da-43e0-a663-86855026a483 req-e9fd8270-51da-43e0-a663-86855026a483 ] Request (FloatingIPsAssociationTestJSON:setUpClass): 201 POST http://10.180.1.21/networking/v2.0/subnets 0.245s
2025-11-20 19:57:56.471 66234 INFO tempest.lib.common.rest_client [req-1a8d0151-587e-48fd-8894-98e2fe0adcbb req-1a8d0151-587e-48fd-8894-98e2fe0adcbb ] Request (HostsAdminNegativeTestJSON:tearDownClass): 201 POST http://10.180.1.21/identity/v3/auth/tokens 0.230s
2025-11-20 19:57:56.521 66200 INFO tempest.lib.common.rest_client [req-883ed8a1-6f84-426b-a9d2-6cb883234b26 req-883ed8a1-6f84-426b-a9d2-6cb883234b26 ] Request (VolumesAdminNegativeTest:test_update_attached_volume_with_nonexistent_volume_in_uri): 200 GET http://10.180.1.21/compute/v2.1/servers/c62a0f7c-6f9f-41cb-a30a-18bc240808e7 2.474s
2025-11-20 19:57:56.528 66226 INFO tempest.lib.common.rest_client [req-f8cbca25-84e4-40f1-b0e5-976259bfe262 req-f8cbca25-84e4-40f1-b0e5-976259bfe262 ] Request (InstanceUsageAuditLogTestJSON:setUpClass): 204 PUT http://10.180.1.21/identity/v3/projects/9ff402c9b723494c8ef5c84da7f4cf12/users/6737ecc999f948a0a055c29eb5659bb4/roles/2dceb812a7ec4ca4b080cc30a9da652f 0.267s
2025-11-20 19:57:56.529 66226 INFO tempest.lib.common.dynamic_creds [-] Dynamic test user 6737ecc999f948a0a055c29eb5659bb4 is created with scope project and roles: ['admin']
2025-11-20 19:57:56.529 66226 INFO tempest.lib.common.dynamic_creds [-] Acquired dynamic creds: credentials: Credentials: {'domain_id': 'default', 'domain_name': 'Default', 'username': 'tempest-InstanceUsageAuditLogTestJSON-1250976937-project-admin', 'project_domain_id': 'default', 'project_domain_name': 'Default', 'project_id': '9ff402c9b723494c8ef5c84da7f4cf12', 'project_name': 'tempest-InstanceUsageAuditLogTestJSON-1250976937', 'tenant_id': '9ff402c9b723494c8ef5c84da7f4cf12', 'tenant_name': 'tempest-InstanceUsageAuditLogTestJSON-1250976937', 'user_domain_id': 'default', 'user_domain_name': 'Default', 'user_id': '6737ecc999f948a0a055c29eb5659bb4', 'system': None}, Network: None, Subnet: None, Router: None
2025-11-20 19:57:56.529 66226 INFO tempest.lib.common.dynamic_creds [-] Created isolated network resources for: credentials: Credentials: {'domain_id': 'default', 'domain_name': 'Default', 'username': 'tempest-InstanceUsageAuditLogTestJSON-1250976937-project-admin', 'project_domain_id': 'default', 'project_domain_name': 'Default', 'project_id': '9ff402c9b723494c8ef5c84da7f4cf12', 'project_name': 'tempest-InstanceUsageAuditLogTestJSON-1250976937', 'tenant_id': '9ff402c9b723494c8ef5c84da7f4cf12', 'tenant_name': 'tempest-InstanceUsageAuditLogTestJSON-1250976937', 'user_domain_id': 'default', 'user_domain_name': 'Default', 'user_id': '6737ecc999f948a0a055c29eb5659bb4', 'system': None}, Network: None, Subnet: None, Router: None
2025-11-20 19:57:56.583 66196 INFO tempest.lib.common.rest_client [req-ad942ab7-5800-4cdc-8bf2-bd0dcc90ed56 req-ad942ab7-5800-4cdc-8bf2-bd0dcc90ed56 ] Request (ImagesOneServerTestJSON:test_create_delete_image): 200 GET http://10.180.1.21/compute/v2.1/images/74311130-1ffc-4d0c-a309-a72c63e6f135 2.430s
2025-11-20 19:57:56.646 66226 INFO tempest.lib.common.rest_client [req-b78e2ba5-f54f-4d4b-9dfa-7e6e6c223483 req-b78e2ba5-f54f-4d4b-9dfa-7e6e6c223483 ] Request (InstanceUsageAuditLogTestJSON:setUpClass): 201 POST http://10.180.1.21/identity/v3/auth/tokens 0.113s
2025-11-20 19:57:56.649 66198 INFO tempest.lib.common.rest_client [req-26020c27-f8a5-47f6-bb97-a2982c12d60d req-26020c27-f8a5-47f6-bb97-a2982c12d60d ] Request (HypervisorAdminUnderV252Test:tearDownClass): 204 DELETE http://10.180.1.21/identity/v3/users/19a49449a06140c597231120cd023140 0.219s
2025-11-20 19:57:56.650 66198 INFO tempest.lib.common.dynamic_creds [-] Deleting project and security group for project: f22f55734910494c801222f123ed0b46
2025-11-20 19:57:56.723 66198 INFO tempest.lib.common.rest_client [req-de1dd1eb-081f-47f2-b2a2-c360aa3813ec req-de1dd1eb-081f-47f2-b2a2-c360aa3813ec ] Request (HypervisorAdminUnderV252Test:tearDownClass): 201 POST http://10.180.1.21/identity/v3/auth/tokens 0.073s
2025-11-20 19:57:56.890 66234 INFO tempest.lib.common.rest_client [req-5010493b-75ac-43ec-9ade-45e4fa98db44 req-5010493b-75ac-43ec-9ade-45e4fa98db44 ] Request (HostsAdminNegativeTestJSON:tearDownClass): 200 GET http://10.180.1.21/networking/v2.0/security-groups?tenant_id=ee5b40918e144b90af9e5cfe774d12f6&name=default 0.418s
2025-11-20 19:57:57.184 66198 INFO tempest.lib.common.rest_client [req-5ef85157-21f3-4e0d-b73a-d3a5c03a2596 req-5ef85157-21f3-4e0d-b73a-d3a5c03a2596 ] Request (HypervisorAdminUnderV252Test:tearDownClass): 200 GET http://10.180.1.21/networking/v2.0/security-groups?tenant_id=f22f55734910494c801222f123ed0b46&name=default 0.460s
2025-11-20 19:57:57.278 66234 INFO tempest.lib.common.rest_client [req-7286526e-a4bb-46d8-b01c-7e59f75cc6c1 req-7286526e-a4bb-46d8-b01c-7e59f75cc6c1 ] Request (HostsAdminNegativeTestJSON:tearDownClass): 204 DELETE http://10.180.1.21/networking/v2.0/security-groups/14c6b73e-80a2-4b0e-a9e6-770c472bd206 0.388s
2025-11-20 19:57:57.380 66234 INFO tempest.lib.common.rest_client [req-821461db-a0ed-4fef-9978-f65671c52414 req-821461db-a0ed-4fef-9978-f65671c52414 ] Request (HostsAdminNegativeTestJSON:tearDownClass): 204 DELETE http://10.180.1.21/identity/v3/projects/ee5b40918e144b90af9e5cfe774d12f6 0.101s
2025-11-20 19:57:57.380 66234 INFO tempest.lib.common.dynamic_creds [-] Deleting project and security group for project: 5128a727b2df41518961d5890cc97cf0
2025-11-20 19:57:57.383 66202 INFO tempest.lib.common.rest_client [req-aa85d2fa-bae1-46b8-8b9f-84c111312b61 req-aa85d2fa-bae1-46b8-8b9f-84c111312b61 ] Request (ListServerFiltersTestJSON:setUpClass): 200 GET http://10.180.1.21/compute/v2.1/servers/4342c2d1-68da-4aec-be93-8e7e55494c5b 2.676s
2025-11-20 19:57:57.426 66228 INFO tempest.lib.common.rest_client [req-593f2059-1270-4eaa-b866-0f88ed1d712e req-593f2059-1270-4eaa-b866-0f88ed1d712e ] Request (FloatingIPsAssociationTestJSON:setUpClass): 201 POST http://10.180.1.21/networking/v2.0/routers 0.957s
2025-11-20 19:57:57.493 66198 INFO tempest.lib.common.rest_client [req-dcbdd9e9-8b34-478f-ba9e-93401fac376a req-dcbdd9e9-8b34-478f-ba9e-93401fac376a ] Request (HypervisorAdminUnderV252Test:tearDownClass): 204 DELETE http://10.180.1.21/networking/v2.0/security-groups/a4135925-a58f-4168-a778-6381a6410e69 0.308s
2025-11-20 19:57:57.569 66240 INFO tempest.lib.common.rest_client [req-0562407d-d198-4ebe-9603-d9e3ad9d5664 req-0562407d-d198-4ebe-9603-d9e3ad9d5664 ] Request (QuotasAdminNegativeTest:test_create_server_when_instances_quota_is_full): 403 POST http://10.180.1.21/compute/v2.1/servers 4.185s
2025-11-20 19:57:57.579 66222 INFO tempest.lib.common.rest_client [req-65653c78-6e54-40bd-9ce1-172e027ac19a req-65653c78-6e54-40bd-9ce1-172e027ac19a ] Request (QuotasAdminTestJSON:test_delete_quota): 202 DELETE http://10.180.1.21/compute/v2.1/os-quota-sets/2e8c12ee57f14f6f8c595902519d9c23 2.771s
2025-11-20 19:57:57.687 66198 INFO tempest.lib.common.rest_client [req-591c3281-d2a3-4383-b143-da17c296d8dc req-591c3281-d2a3-4383-b143-da17c296d8dc ] Request (HypervisorAdminUnderV252Test:tearDownClass): 204 DELETE http://10.180.1.21/identity/v3/projects/f22f55734910494c801222f123ed0b46 0.193s
2025-11-20 19:57:57.687 66198 INFO tempest.lib.common.dynamic_creds [-] Deleting project and security group for project: ff06ac50cad541dfbb7f536d618d6f69
2025-11-20 19:57:57.717 66234 INFO tempest.lib.common.rest_client [req-3c32dcd4-4af6-4ede-b0ea-779a51e32481 req-3c32dcd4-4af6-4ede-b0ea-779a51e32481 ] Request (HostsAdminNegativeTestJSON:tearDownClass): 200 GET http://10.180.1.21/networking/v2.0/security-groups?tenant_id=5128a727b2df41518961d5890cc97cf0&name=default 0.337s
2025-11-20 19:57:57.761 66220 INFO tempest.lib.common.rest_client [req-c3e93326-fb25-46ac-adb4-0a0e6ae1ac38 req-c3e93326-fb25-46ac-adb4-0a0e6ae1ac38 ] Request (ServersAdmin275Test:test_rebuild_update_server_275): 200 GET http://10.180.1.21/compute/v2.1/servers/42cf6404-dd8b-49a6-a85e-038a61e305bb 3.025s
2025-11-20 19:57:57.777 66220 INFO tempest.common.waiters [-] State transition "BUILD/None" ==> "BUILD/spawning" after 4 second wait
2025-11-20 19:57:57.824 66206 WARNING tempest.lib.common.ssh [-] Failed to establish authenticated ssh connection to cirros@10.180.180.182 ([Errno None] Unable to connect to port 22 on 10.180.180.182). Number attempts: 4. Retry after 5 seconds.: paramiko.ssh_exception.NoValidConnectionsError: [Errno None] Unable to connect to port 22 on 10.180.180.182
2025-11-20 19:57:58.696 66228 INFO tempest.lib.common.rest_client [req-5343c36f-6c9b-410e-981d-688141673dd6 req-5343c36f-6c9b-410e-981d-688141673dd6 ] Request (FloatingIPsAssociationTestJSON:setUpClass): 200 PUT http://10.180.1.21/networking/v2.0/routers/574faaa8-82ec-4b38-be45-6003a3c69b15/add_router_interface 1.269s
2025-11-20 19:57:58.697 66228 INFO tempest.lib.common.dynamic_creds [-] Created isolated network resources for: credentials: Credentials: {'domain_id': 'default', 'domain_name': 'Default', 'username': 'tempest-FloatingIPsAssociationTestJSON-1524089514-project-member', 'project_domain_id': 'default', 'project_domain_name': 'Default', 'project_id': '7b54f5797a8f431e94beeecc52cbbc70', 'project_name': 'tempest-FloatingIPsAssociationTestJSON-1524089514', 'tenant_id': '7b54f5797a8f431e94beeecc52cbbc70', 'tenant_name': 'tempest-FloatingIPsAssociationTestJSON-1524089514', 'user_domain_id': 'default', 'user_domain_name': 'Default', 'user_id': '74674df4d3bb4f06a6af5a45af1b79fb', 'system': None}, Network: {'id': 'ec9cf163-a101-4b0c-ac98-1a7876505e12', 'name': 'tempest-FloatingIPsAssociationTestJSON-762193624-network', 'tenant_id': '7b54f5797a8f431e94beeecc52cbbc70', 'project_id': '7b54f5797a8f431e94beeecc52cbbc70', 'admin_state_up': True, 'mtu': 8950, 'status': 'ACTIVE', 'subnets': [], 'shared': False, 'port_security_enabled': True, 'router:external': False, 'provider:network_type': 'vlan', 'provider:physical_network': 'default', 'provider:segmentation_id': 500, 'availability_zone_hints': [], 'availability_zones': [], 'ipv4_address_scope': None, 'ipv6_address_scope': None, 'description': '', 'tags': [], 'created_at': '2025-11-20T19:57:56Z', 'updated_at': '2025-11-20T19:57:56Z', 'revision_number': 1}, Subnet: {'id': 'cf02dbcc-d865-4aac-87ce-3edc889c3577', 'name': 'tempest-FloatingIPsAssociationTestJSON-762193624-subnet', 'tenant_id': '7b54f5797a8f431e94beeecc52cbbc70', 'network_id': 'ec9cf163-a101-4b0c-ac98-1a7876505e12', 'ip_version': 4, 'subnetpool_id': None, 'enable_dhcp': True, 'ipv6_ra_mode': None, 'ipv6_address_mode': None, 'gateway_ip': '192.168.128.1', 'cidr': '192.168.128.0/28', 'allocation_pools': [{'start': '192.168.128.2', 'end': '192.168.128.14'}], 'host_routes': [], 'dns_nameservers': [], 'description': '', 'router:external': False, 'service_types': [], 'tags': [], 'created_at': '2025-11-20T19:57:56Z', 'updated_at': '2025-11-20T19:57:56Z', 'revision_number': 0, 'project_id': '7b54f5797a8f431e94beeecc52cbbc70'}, Router: {'id': '574faaa8-82ec-4b38-be45-6003a3c69b15', 'name': 'tempest-FloatingIPsAssociationTestJSON-762193624-router', 'tenant_id': '7b54f5797a8f431e94beeecc52cbbc70', 'admin_state_up': True, 'status': 'ACTIVE', 'external_gateway_info': {'network_id': '3cae500e-d5fa-425c-8c09-53af00ae4fc3', 'external_fixed_ips': [{'subnet_id': '53b282e1-a340-4913-8a2f-60dbe305f8bf', 'ip_address': '10.180.180.235'}], 'enable_snat': True}, 'description': '', 'availability_zones': [], 'distributed': False, 'ha': False, 'availability_zone_hints': [], 'routes': [], 'flavor_id': None, 'tags': [], 'created_at': '2025-11-20T19:57:56Z', 'updated_at': '2025-11-20T19:57:57Z', 'revision_number': 2, 'project_id': '7b54f5797a8f431e94beeecc52cbbc70'}
2025-11-20 19:57:58.831 66228 INFO tempest.lib.common.rest_client [req-3e13b2ee-476f-4b69-be45-34c30240aea0 req-3e13b2ee-476f-4b69-be45-34c30240aea0 ] Request (FloatingIPsAssociationTestJSON:setUpClass): 201 POST http://10.180.1.21/identity/v3/auth/tokens 0.129s
2025-11-20 19:57:58.887 66228 INFO tempest.lib.common.rest_client [req-c0290ce0-1e4b-4fc1-afdd-1ceea88fe136 req-c0290ce0-1e4b-4fc1-afdd-1ceea88fe136 ] Request (FloatingIPsAssociationTestJSON:setUpClass): 201 POST http://10.180.1.21/identity/v3/auth/tokens 0.050s
2025-11-20 19:57:58.888 66228 INFO tempest.lib.common.fixed_network [-] (FloatingIPsAssociationTestJSON:setUpClass) Found network {'id': 'ec9cf163-a101-4b0c-ac98-1a7876505e12', 'name': 'tempest-FloatingIPsAssociationTestJSON-762193624-network', 'tenant_id': '7b54f5797a8f431e94beeecc52cbbc70', 'project_id': '7b54f5797a8f431e94beeecc52cbbc70', 'admin_state_up': True, 'mtu': 8950, 'status': 'ACTIVE', 'subnets': [], 'shared': False, 'port_security_enabled': True, 'router:external': False, 'provider:network_type': 'vlan', 'provider:physical_network': 'default', 'provider:segmentation_id': 500, 'availability_zone_hints': [], 'availability_zones': [], 'ipv4_address_scope': None, 'ipv6_address_scope': None, 'description': '', 'tags': [], 'created_at': '2025-11-20T19:57:56Z', 'updated_at': '2025-11-20T19:57:56Z', 'revision_number': 1} available for tenant
2025-11-20 19:57:58.914 66198 INFO tempest.lib.common.rest_client [req-ac166cdd-510c-4dcb-9809-c28efa851fb9 req-ac166cdd-510c-4dcb-9809-c28efa851fb9 ] Request (HypervisorAdminUnderV252Test:tearDownClass): 200 GET http://10.180.1.21/networking/v2.0/security-groups?tenant_id=ff06ac50cad541dfbb7f536d618d6f69&name=default 1.226s
2025-11-20 19:57:58.928 66234 INFO tempest.lib.common.rest_client [req-67d8a826-001f-40d6-8e75-dff153c076df req-67d8a826-001f-40d6-8e75-dff153c076df ] Request (HostsAdminNegativeTestJSON:tearDownClass): 204 DELETE http://10.180.1.21/networking/v2.0/security-groups/788f7cb4-6c58-419e-ad0c-876aa41f3e1f 1.210s
2025-11-20 19:57:59.048 66242 INFO tempest.lib.common.rest_client [req-9e9148c9-cc67-4190-9b4e-cf52ae37b07f req-9e9148c9-cc67-4190-9b4e-cf52ae37b07f ] Request (ImagesOneServerNegativeTestJSON:setUp): 200 GET http://10.180.1.21/compute/v2.1/servers/db42276d-dba8-4458-8846-ef2a274d2866 3.829s
2025-11-20 19:57:59.065 66234 INFO tempest.lib.common.rest_client [req-86e196af-d23e-47e7-8376-70e0b56aecfb req-86e196af-d23e-47e7-8376-70e0b56aecfb ] Request (HostsAdminNegativeTestJSON:tearDownClass): 204 DELETE http://10.180.1.21/identity/v3/projects/5128a727b2df41518961d5890cc97cf0 0.136s
2025-11-20 19:57:59.121 66198 INFO tempest.lib.common.rest_client [req-d95cf462-cb3a-4d3a-853f-d3523735c153 req-d95cf462-cb3a-4d3a-853f-d3523735c153 ] Request (HypervisorAdminUnderV252Test:tearDownClass): 204 DELETE http://10.180.1.21/networking/v2.0/security-groups/8ba1a60b-2d87-493e-855b-cf76311140d6 0.207s
2025-11-20 19:57:59.155 66234 INFO tempest.lib.common.rest_client [req-b61515c8-b6d1-42a1-86f5-d2e5dc9980e2 req-b61515c8-b6d1-42a1-86f5-d2e5dc9980e2 ] Request (QuotasAdminTestV257:setUpClass): 201 POST http://10.180.1.21/identity/v3/auth/tokens 0.087s
2025-11-20 19:57:59.190 66234 INFO tempest.lib.common.rest_client [req-73663b96-e163-4b4e-9a1a-5550345905a6 req-73663b96-e163-4b4e-9a1a-5550345905a6 ] Request (QuotasAdminTestV257:setUpClass): 201 POST http://10.180.1.21/identity/v3/auth/tokens 0.030s
2025-11-20 19:57:59.220 66234 INFO tempest.lib.common.rest_client [req-1ad996ce-7009-469b-aa4a-ad71a1c99c64 req-1ad996ce-7009-469b-aa4a-ad71a1c99c64 ] Request (QuotasAdminTestV257:setUpClass): 200 GET http://10.180.1.21/identity/v3/domains?name=Default 0.029s
2025-11-20 19:57:59.238 66198 INFO tempest.lib.common.rest_client [req-f3863283-0aab-464f-9d9b-e6978d0e29df req-f3863283-0aab-464f-9d9b-e6978d0e29df ] Request (HypervisorAdminUnderV252Test:tearDownClass): 204 DELETE http://10.180.1.21/identity/v3/projects/ff06ac50cad541dfbb7f536d618d6f69 0.116s
2025-11-20 19:57:59.276 66198 INFO tempest.lib.common.rest_client [req-ad8f21af-02d5-449a-8c95-04a32eaf8754 req-ad8f21af-02d5-449a-8c95-04a32eaf8754 ] Request (MigrationsAdminTest:setUpClass): 201 POST http://10.180.1.21/identity/v3/auth/tokens 0.036s
2025-11-20 19:57:59.289 66234 INFO tempest.lib.common.rest_client [req-073c4e75-7f79-44e8-9dbd-26d9958fe66e req-073c4e75-7f79-44e8-9dbd-26d9958fe66e ] Request (QuotasAdminTestV257:setUpClass): 201 POST http://10.180.1.21/identity/v3/projects 0.067s
2025-11-20 19:57:59.357 66234 INFO tempest.lib.common.rest_client [req-74731bba-f26f-418a-9d7f-f61f68d437b2 req-74731bba-f26f-418a-9d7f-f61f68d437b2 ] Request (QuotasAdminTestV257:setUpClass): 201 POST http://10.180.1.21/identity/v3/users 0.067s
2025-11-20 19:57:59.369 66198 INFO tempest.lib.common.rest_client [req-358e5efd-c6b5-4a73-9e5e-46e2b422220b req-358e5efd-c6b5-4a73-9e5e-46e2b422220b ] Request (MigrationsAdminTest:setUpClass): 201 POST http://10.180.1.21/identity/v3/auth/tokens 0.090s
2025-11-20 19:57:59.388 66234 INFO tempest.lib.common.rest_client [req-e6ef3bf4-c2a7-45c0-b0fb-6258691ddec0 req-e6ef3bf4-c2a7-45c0-b0fb-6258691ddec0 ] Request (QuotasAdminTestV257:setUpClass): 200 GET http://10.180.1.21/identity/v3/roles 0.030s
2025-11-20 19:57:59.406 66198 INFO tempest.lib.common.rest_client [req-896f281a-9c79-4968-8564-3226d0836f0e req-896f281a-9c79-4968-8564-3226d0836f0e ] Request (MigrationsAdminTest:setUpClass): 200 GET http://10.180.1.21/identity/v3/domains?name=Default 0.036s
2025-11-20 19:57:59.427 66234 INFO tempest.lib.common.rest_client [req-cb591768-a372-4b37-83a5-5a48955fcd68 req-cb591768-a372-4b37-83a5-5a48955fcd68 ] Request (QuotasAdminTestV257:setUpClass): 204 PUT http://10.180.1.21/identity/v3/projects/af813659e6c245f0917f22eb2c4a53d8/users/62a5631b0e274aa2819a9d2ff6033878/roles/32ba8d1d0e9d41f284f32e90294f5b11 0.039s
2025-11-20 19:57:59.427 66234 INFO tempest.lib.common.dynamic_creds [-] Dynamic test user 62a5631b0e274aa2819a9d2ff6033878 is created with scope project and roles: ['member']
2025-11-20 19:57:59.428 66234 INFO tempest.lib.common.dynamic_creds [-] Acquired dynamic creds: credentials: Credentials: {'domain_id': 'default', 'domain_name': 'Default', 'username': 'tempest-QuotasAdminTestV257-1987424721-project-member', 'project_domain_id': 'default', 'project_domain_name': 'Default', 'project_id': 'af813659e6c245f0917f22eb2c4a53d8', 'project_name': 'tempest-QuotasAdminTestV257-1987424721', 'tenant_id': 'af813659e6c245f0917f22eb2c4a53d8', 'tenant_name': 'tempest-QuotasAdminTestV257-1987424721', 'user_domain_id': 'default', 'user_domain_name': 'Default', 'user_id': '62a5631b0e274aa2819a9d2ff6033878', 'system': None}, Network: None, Subnet: None, Router: None
2025-11-20 19:57:59.428 66234 INFO tempest.lib.common.dynamic_creds [-] Created isolated network resources for: credentials: Credentials: {'domain_id': 'default', 'domain_name': 'Default', 'username': 'tempest-QuotasAdminTestV257-1987424721-project-member', 'project_domain_id': 'default', 'project_domain_name': 'Default', 'project_id': 'af813659e6c245f0917f22eb2c4a53d8', 'project_name': 'tempest-QuotasAdminTestV257-1987424721', 'tenant_id': 'af813659e6c245f0917f22eb2c4a53d8', 'tenant_name': 'tempest-QuotasAdminTestV257-1987424721', 'user_domain_id': 'default', 'user_domain_name': 'Default', 'user_id': '62a5631b0e274aa2819a9d2ff6033878', 'system': None}, Network: None, Subnet: None, Router: None
2025-11-20 19:57:59.444 66198 INFO tempest.lib.common.rest_client [req-16da2901-2b9d-433b-9348-3fb727f6eac8 req-16da2901-2b9d-433b-9348-3fb727f6eac8 ] Request (MigrationsAdminTest:setUpClass): 201 POST http://10.180.1.21/identity/v3/projects 0.037s
2025-11-20 19:57:59.526 66234 INFO tempest.lib.common.rest_client [req-26e851a3-1402-49b5-a776-e02c21dadf72 req-26e851a3-1402-49b5-a776-e02c21dadf72 ] Request (QuotasAdminTestV257:setUpClass): 201 POST http://10.180.1.21/identity/v3/auth/tokens 0.095s
2025-11-20 19:57:59.544 66198 INFO tempest.lib.common.rest_client [req-11c0878f-9f63-4bff-976c-f53fa7987a86 req-11c0878f-9f63-4bff-976c-f53fa7987a86 ] Request (MigrationsAdminTest:setUpClass): 201 POST http://10.180.1.21/identity/v3/users 0.100s
2025-11-20 19:57:59.564 66234 INFO tempest.lib.common.rest_client [req-cac0c90f-f530-4bee-88c0-f26fb69c774c req-cac0c90f-f530-4bee-88c0-f26fb69c774c ] Request (QuotasAdminTestV257:setUpClass): 201 POST http://10.180.1.21/identity/v3/projects 0.037s
2025-11-20 19:57:59.565 66249 WARNING tempest.lib.common.ssh [-] Failed to establish authenticated ssh connection to cirros@10.180.180.233 ([Errno None] Unable to connect to port 22 on 10.180.180.233). Number attempts: 5. Retry after 6 seconds.: paramiko.ssh_exception.NoValidConnectionsError: [Errno None] Unable to connect to port 22 on 10.180.180.233
2025-11-20 19:57:59.581 66198 INFO tempest.lib.common.rest_client [req-00b0bf76-ba5e-4a50-b5a5-44b9f060290c req-00b0bf76-ba5e-4a50-b5a5-44b9f060290c ] Request (MigrationsAdminTest:setUpClass): 200 GET http://10.180.1.21/identity/v3/roles 0.036s
2025-11-20 19:57:59.665 66234 INFO tempest.lib.common.rest_client [req-fb9f16cd-728f-4630-8ba1-312f3fff9721 req-fb9f16cd-728f-4630-8ba1-312f3fff9721 ] Request (QuotasAdminTestV257:setUpClass): 201 POST http://10.180.1.21/identity/v3/users 0.100s
2025-11-20 19:57:59.673 66198 INFO tempest.lib.common.rest_client [req-4ddc9bf2-4a24-4a32-ae6a-17eb6f0f362e req-4ddc9bf2-4a24-4a32-ae6a-17eb6f0f362e ] Request (MigrationsAdminTest:setUpClass): 204 PUT http://10.180.1.21/identity/v3/projects/3812d458cc7046b7bebc0c225c3677d2/users/96c8955e3f6e4070a39922ada2096efb/roles/32ba8d1d0e9d41f284f32e90294f5b11 0.091s
2025-11-20 19:57:59.673 66198 INFO tempest.lib.common.dynamic_creds [-] Dynamic test user 96c8955e3f6e4070a39922ada2096efb is created with scope project and roles: ['member']
2025-11-20 19:57:59.673 66198 INFO tempest.lib.common.dynamic_creds [-] Acquired dynamic creds: credentials: Credentials: {'domain_id': 'default', 'domain_name': 'Default', 'username': 'tempest-MigrationsAdminTest-681095415-project-member', 'project_domain_id': 'default', 'project_domain_name': 'Default', 'project_id': '3812d458cc7046b7bebc0c225c3677d2', 'project_name': 'tempest-MigrationsAdminTest-681095415', 'tenant_id': '3812d458cc7046b7bebc0c225c3677d2', 'tenant_name': 'tempest-MigrationsAdminTest-681095415', 'user_domain_id': 'default', 'user_domain_name': 'Default', 'user_id': '96c8955e3f6e4070a39922ada2096efb', 'system': None}, Network: None, Subnet: None, Router: None
2025-11-20 19:57:59.673 66198 INFO tempest.lib.common.dynamic_creds [-] Created isolated network resources for: credentials: Credentials: {'domain_id': 'default', 'domain_name': 'Default', 'username': 'tempest-MigrationsAdminTest-681095415-project-member', 'project_domain_id': 'default', 'project_domain_name': 'Default', 'project_id': '3812d458cc7046b7bebc0c225c3677d2', 'project_name': 'tempest-MigrationsAdminTest-681095415', 'tenant_id': '3812d458cc7046b7bebc0c225c3677d2', 'tenant_name': 'tempest-MigrationsAdminTest-681095415', 'user_domain_id': 'default', 'user_domain_name': 'Default', 'user_id': '96c8955e3f6e4070a39922ada2096efb', 'system': None}, Network: None, Subnet: None, Router: None
2025-11-20 19:57:59.736 66234 INFO tempest.lib.common.rest_client [req-632388ca-6d7d-4527-b394-186590378def req-632388ca-6d7d-4527-b394-186590378def ] Request (QuotasAdminTestV257:setUpClass): 200 GET http://10.180.1.21/identity/v3/roles 0.070s
2025-11-20 19:57:59.768 66234 INFO tempest.lib.common.rest_client [req-706f69d2-a32a-4ffe-aa0a-5c87ede26aa7 req-706f69d2-a32a-4ffe-aa0a-5c87ede26aa7 ] Request (QuotasAdminTestV257:setUpClass): 204 PUT http://10.180.1.21/identity/v3/projects/efc0df72012a40c68fd4466349dce6f4/users/d5fbdc224ea14051bf5fea2b3ca595d3/roles/2dceb812a7ec4ca4b080cc30a9da652f 0.031s
2025-11-20 19:57:59.781 66198 INFO tempest.lib.common.rest_client [req-2b3c34cc-7b3b-481d-9063-bef90be309a6 req-2b3c34cc-7b3b-481d-9063-bef90be309a6 ] Request (MigrationsAdminTest:setUpClass): 201 POST http://10.180.1.21/identity/v3/auth/tokens 0.103s
2025-11-20 19:57:59.830 66234 INFO tempest.lib.common.rest_client [req-e6d97f6b-10dd-49e0-a538-917f384af169 req-e6d97f6b-10dd-49e0-a538-917f384af169 ] Request (QuotasAdminTestV257:setUpClass): 200 GET http://10.180.1.21/identity/v3/roles 0.061s
2025-11-20 19:57:59.853 66234 INFO tempest.lib.common.rest_client [req-ac7573ad-6df9-4deb-9a1e-f8ad05057ae4 req-ac7573ad-6df9-4deb-9a1e-f8ad05057ae4 ] Request (QuotasAdminTestV257:setUpClass): 204 PUT http://10.180.1.21/identity/v3/projects/efc0df72012a40c68fd4466349dce6f4/users/d5fbdc224ea14051bf5fea2b3ca595d3/roles/2dceb812a7ec4ca4b080cc30a9da652f 0.022s
2025-11-20 19:57:59.853 66234 INFO tempest.lib.common.dynamic_creds [-] Dynamic test user d5fbdc224ea14051bf5fea2b3ca595d3 is created with scope project and roles: ['admin']
2025-11-20 19:57:59.853 66234 INFO tempest.lib.common.dynamic_creds [-] Acquired dynamic creds: credentials: Credentials: {'domain_id': 'default', 'domain_name': 'Default', 'username': 'tempest-QuotasAdminTestV257-677506241-project-admin', 'project_domain_id': 'default', 'project_domain_name': 'Default', 'project_id': 'efc0df72012a40c68fd4466349dce6f4', 'project_name': 'tempest-QuotasAdminTestV257-677506241', 'tenant_id': 'efc0df72012a40c68fd4466349dce6f4', 'tenant_name': 'tempest-QuotasAdminTestV257-677506241', 'user_domain_id': 'default', 'user_domain_name': 'Default', 'user_id': 'd5fbdc224ea14051bf5fea2b3ca595d3', 'system': None}, Network: None, Subnet: None, Router: None
2025-11-20 19:57:59.853 66234 INFO tempest.lib.common.dynamic_creds [-] Created isolated network resources for: credentials: Credentials: {'domain_id': 'default', 'domain_name': 'Default', 'username': 'tempest-QuotasAdminTestV257-677506241-project-admin', 'project_domain_id': 'default', 'project_domain_name': 'Default', 'project_id': 'efc0df72012a40c68fd4466349dce6f4', 'project_name': 'tempest-QuotasAdminTestV257-677506241', 'tenant_id': 'efc0df72012a40c68fd4466349dce6f4', 'tenant_name': 'tempest-QuotasAdminTestV257-677506241', 'user_domain_id': 'default', 'user_domain_name': 'Default', 'user_id': 'd5fbdc224ea14051bf5fea2b3ca595d3', 'system': None}, Network: None, Subnet: None, Router: None
2025-11-20 19:57:59.863 66204 INFO tempest.lib.common.rest_client [req-14bb0f06-ed43-46e7-bfea-c2a45ab0d736 req-14bb0f06-ed43-46e7-bfea-c2a45ab0d736 ] Request (ServersWithSpecificFlavorTestJSON:test_verify_created_server_ephemeral_disk): 200 GET http://10.180.1.21/compute/v2.1/servers/a275e6ff-b905-4a82-b420-f7d12347ecec 4.297s
2025-11-20 19:57:59.871 66198 INFO tempest.lib.common.rest_client [req-f3fec574-6473-4bd3-a29f-3a4c9cea117f req-f3fec574-6473-4bd3-a29f-3a4c9cea117f ] Request (MigrationsAdminTest:setUpClass): 201 POST http://10.180.1.21/identity/v3/projects 0.089s
2025-11-20 19:57:59.873 66204 INFO tempest.common.waiters [-] State transition "BUILD/spawning" ==> "ACTIVE/None" after 17 second wait
2025-11-20 19:57:59.911 66208 INFO tempest.lib.common.rest_client [req-55a7b8af-50b9-4c3a-bf3d-8d130dec5dca req-55a7b8af-50b9-4c3a-bf3d-8d130dec5dca ] Request (FloatingIPsTestJSON:test_delete_floating_ip): 200 POST http://10.180.1.21/compute/v2.1/os-floating-ips 4.551s
2025-11-20 19:57:59.933 66234 INFO tempest.lib.common.rest_client [req-05c3e0aa-fb69-4d14-8e63-cf2a3cbf4121 req-05c3e0aa-fb69-4d14-8e63-cf2a3cbf4121 ] Request (QuotasAdminTestV257:setUpClass): 201 POST http://10.180.1.21/identity/v3/auth/tokens 0.076s
2025-11-20 19:57:59.934 66234 WARNING tempest.lib.common.rest_client [-] Deprecated: "tenant_id" property is deprecated for removal, use "project_id" instead
2025-11-20 19:57:59.953 66198 INFO tempest.lib.common.rest_client [req-6a53d9e8-0531-42df-9d61-77ce038caedb req-6a53d9e8-0531-42df-9d61-77ce038caedb ] Request (MigrationsAdminTest:setUpClass): 201 POST http://10.180.1.21/identity/v3/users 0.081s
2025-11-20 19:57:59.974 66198 INFO tempest.lib.common.rest_client [req-a98dc419-8552-4cb7-af59-92628767c1d0 req-a98dc419-8552-4cb7-af59-92628767c1d0 ] Request (MigrationsAdminTest:setUpClass): 200 GET http://10.180.1.21/identity/v3/roles 0.020s
2025-11-20 19:58:00.006 66198 INFO tempest.lib.common.rest_client [req-73067a06-f028-4b51-88fe-cdbc84dad696 req-73067a06-f028-4b51-88fe-cdbc84dad696 ] Request (MigrationsAdminTest:setUpClass): 204 PUT http://10.180.1.21/identity/v3/projects/3ab22155cdb54b30be51db71f7958a26/users/8d8697853cfe4f60b6a83e9dc11c5f26/roles/2dceb812a7ec4ca4b080cc30a9da652f 0.032s
2025-11-20 19:58:00.059 66198 INFO tempest.lib.common.rest_client [req-662585fb-147b-49dc-b867-da0353626e0b req-662585fb-147b-49dc-b867-da0353626e0b ] Request (MigrationsAdminTest:setUpClass): 200 GET http://10.180.1.21/identity/v3/roles 0.052s
2025-11-20 19:58:00.081 66198 INFO tempest.lib.common.rest_client [req-02b0715f-36d6-47de-b5fd-886323ca86b3 req-02b0715f-36d6-47de-b5fd-886323ca86b3 ] Request (MigrationsAdminTest:setUpClass): 204 PUT http://10.180.1.21/identity/v3/projects/3ab22155cdb54b30be51db71f7958a26/users/8d8697853cfe4f60b6a83e9dc11c5f26/roles/2dceb812a7ec4ca4b080cc30a9da652f 0.020s
2025-11-20 19:58:00.081 66198 INFO tempest.lib.common.dynamic_creds [-] Dynamic test user 8d8697853cfe4f60b6a83e9dc11c5f26 is created with scope project and roles: ['admin']
2025-11-20 19:58:00.081 66198 INFO tempest.lib.common.dynamic_creds [-] Acquired dynamic creds: credentials: Credentials: {'domain_id': 'default', 'domain_name': 'Default', 'username': 'tempest-MigrationsAdminTest-2037299973-project-admin', 'project_domain_id': 'default', 'project_domain_name': 'Default', 'project_id': '3ab22155cdb54b30be51db71f7958a26', 'project_name': 'tempest-MigrationsAdminTest-2037299973', 'tenant_id': '3ab22155cdb54b30be51db71f7958a26', 'tenant_name': 'tempest-MigrationsAdminTest-2037299973', 'user_domain_id': 'default', 'user_domain_name': 'Default', 'user_id': '8d8697853cfe4f60b6a83e9dc11c5f26', 'system': None}, Network: None, Subnet: None, Router: None
2025-11-20 19:58:00.081 66198 INFO tempest.lib.common.dynamic_creds [-] Created isolated network resources for: credentials: Credentials: {'domain_id': 'default', 'domain_name': 'Default', 'username': 'tempest-MigrationsAdminTest-2037299973-project-admin', 'project_domain_id': 'default', 'project_domain_name': 'Default', 'project_id': '3ab22155cdb54b30be51db71f7958a26', 'project_name': 'tempest-MigrationsAdminTest-2037299973', 'tenant_id': '3ab22155cdb54b30be51db71f7958a26', 'tenant_name': 'tempest-MigrationsAdminTest-2037299973', 'user_domain_id': 'default', 'user_domain_name': 'Default', 'user_id': '8d8697853cfe4f60b6a83e9dc11c5f26', 'system': None}, Network: None, Subnet: None, Router: None
2025-11-20 19:58:00.103 66218 INFO tempest.lib.common.rest_client [req-2c33c84d-bf21-4170-8904-15c937550b84 req-2c33c84d-bf21-4170-8904-15c937550b84 ] Request (SecurityGroupsTestJSON:test_security_group_create_get_delete): 200 POST http://10.180.1.21/compute/v2.1/os-security-groups 4.483s
2025-11-20 19:58:00.133 66230 INFO tempest.lib.common.rest_client [req-aa22bbbb-e087-4a38-ade4-1556e021dace req-aa22bbbb-e087-4a38-ade4-1556e021dace ] Request (ServerDiagnosticsNegativeTest:test_get_server_diagnostics_by_non_admin): 403 GET http://10.180.1.21/compute/v2.1/servers/57fb3848-9a00-4bc7-a2f9-3da6ea308197/diagnostics 4.232s
2025-11-20 19:58:00.143 66246 INFO tempest.lib.common.rest_client [req-4eed34d8-0298-4e88-b6d4-613e38bb16e9 req-4eed34d8-0298-4e88-b6d4-613e38bb16e9 ] Request (AggregatesAdminNegativeTestJSON:test_aggregate_create_as_user): 403 POST http://10.180.1.21/compute/v2.1/os-aggregates 4.237s
2025-11-20 19:58:00.166 66244 INFO tempest.lib.common.rest_client [req-b11d6dc3-f4be-4cf2-b69b-a1cf4e53c7f2 req-b11d6dc3-f4be-4cf2-b69b-a1cf4e53c7f2 ] Request (ServersTestMultiNic:test_verify_multiple_nics_order): 200 GET http://10.180.1.21/compute/v2.1/servers/3d496eb2-5dd4-437f-b701-2ee4b0bc45d8 4.267s
2025-11-20 19:58:00.170 66198 INFO tempest.lib.common.rest_client [req-f84cf9f5-86c9-41cb-93d0-d2df9ad7ec48 req-f84cf9f5-86c9-41cb-93d0-d2df9ad7ec48 ] Request (MigrationsAdminTest:setUpClass): 201 POST http://10.180.1.21/identity/v3/auth/tokens 0.086s
2025-11-20 19:58:00.191 66237 INFO tempest.lib.common.rest_client [req-d4ebab74-5f05-424e-a2bf-e279fda07374 req-d4ebab74-5f05-424e-a2bf-e279fda07374 ] Request (FlavorsV2TestJSON:test_list_flavors_filter_by_min_ram): 200 GET http://10.180.1.21/compute/v2.1/flavors?minRam=193 4.056s
2025-11-20 19:58:00.222 66198 INFO tempest.lib.common.rest_client [req-e1ef985a-cd8f-421d-a477-0ebf5e471a11 req-e1ef985a-cd8f-421d-a477-0ebf5e471a11 ] Request (MigrationsAdminTest:setUpClass): 200 GET http://10.180.1.21/identity/v3/projects/3812d458cc7046b7bebc0c225c3677d2 0.051s
2025-11-20 19:58:00.222 66198 INFO tempest.lib.common.dynamic_creds [-] Using the existing project 3812d458cc7046b7bebc0c225c3677d2 for scope project and roles: ['manager']
2025-11-20 19:58:00.257 66198 INFO tempest.lib.common.rest_client [req-c2026d60-8fcd-4a08-8695-b30501c18110 req-c2026d60-8fcd-4a08-8695-b30501c18110 ] Request (MigrationsAdminTest:setUpClass): 201 POST http://10.180.1.21/identity/v3/users 0.035s
2025-11-20 19:58:00.287 66198 INFO tempest.lib.common.rest_client [req-a053e0d2-ce28-49dd-afca-cfef4682c54f req-a053e0d2-ce28-49dd-afca-cfef4682c54f ] Request (MigrationsAdminTest:setUpClass): 200 GET http://10.180.1.21/identity/v3/roles 0.029s
2025-11-20 19:58:00.316 66194 INFO tempest.lib.common.rest_client [req-1b051b05-66dc-460b-89c1-98586b035305 req-1b051b05-66dc-460b-89c1-98586b035305 ] Request (FlavorsAccessNegativeTestJSON:test_flavor_non_admin_remove): 200 POST http://10.180.1.21/compute/v2.1/flavors/1657097256/action 4.197s
2025-11-20 19:58:00.317 66198 INFO tempest.lib.common.rest_client [req-715b971a-eb85-49ab-8a9d-0f9792d92ea5 req-715b971a-eb85-49ab-8a9d-0f9792d92ea5 ] Request (MigrationsAdminTest:setUpClass): 204 PUT http://10.180.1.21/identity/v3/projects/3812d458cc7046b7bebc0c225c3677d2/users/b5f416eff5084620866b598895384f00/roles/159b2a970b9e46a696fc72757cd6e83a 0.029s
2025-11-20 19:58:00.317 66198 INFO tempest.lib.common.dynamic_creds [-] Dynamic test user b5f416eff5084620866b598895384f00 is created with scope project and roles: ['manager']
2025-11-20 19:58:00.317 66198 INFO tempest.lib.common.dynamic_creds [-] Acquired dynamic creds: credentials: Credentials: {'domain_id': 'default', 'domain_name': 'Default', 'username': 'tempest-MigrationsAdminTest-681095415-project-manager', 'project_domain_id': 'default', 'project_domain_name': 'Default', 'project_id': '3812d458cc7046b7bebc0c225c3677d2', 'project_name': 'tempest-MigrationsAdminTest-681095415', 'tenant_id': '3812d458cc7046b7bebc0c225c3677d2', 'tenant_name': 'tempest-MigrationsAdminTest-681095415', 'user_domain_id': 'default', 'user_domain_name': 'Default', 'user_id': 'b5f416eff5084620866b598895384f00', 'system': None}, Network: None, Subnet: None, Router: None
2025-11-20 19:58:00.317 66198 INFO tempest.lib.common.dynamic_creds [-] Network resources are not created for requested scope: project and credentials: Credentials: {'domain_id': 'default', 'domain_name': 'Default', 'username': 'tempest-MigrationsAdminTest-681095415-project-manager', 'project_domain_id': 'default', 'project_domain_name': 'Default', 'project_id': '3812d458cc7046b7bebc0c225c3677d2', 'project_name': 'tempest-MigrationsAdminTest-681095415', 'tenant_id': '3812d458cc7046b7bebc0c225c3677d2', 'tenant_name': 'tempest-MigrationsAdminTest-681095415', 'user_domain_id': 'default', 'user_domain_name': 'Default', 'user_id': 'b5f416eff5084620866b598895384f00', 'system': None}, Network: None, Subnet: None, Router: None
2025-11-20 19:58:00.332 66210 INFO tempest.lib.common.rest_client [req-8f0dc878-7c72-4a96-b85a-a824cbe41e6c req-8f0dc878-7c72-4a96-b85a-a824cbe41e6c ] Request (FlavorsAdminTestJSON:test_create_list_flavor_without_extra_data): 200 POST http://10.180.1.21/compute/v2.1/flavors 4.047s
2025-11-20 19:58:00.356 66252 INFO tempest.lib.common.rest_client [req-699681f3-3b34-43e8-8099-a084ef908f21 req-699681f3-3b34-43e8-8099-a084ef908f21 ] Request (KeyPairsV22TestJSON:_run_cleanups): 204 DELETE http://10.180.1.21/compute/v2.1/os-keypairs/tempest-KeyPairsV22TestJSON-keypair-2143806732 4.054s
2025-11-20 19:58:00.382 66212 INFO tempest.lib.common.rest_client [req-a2eb49fc-6890-490f-b03c-1fb3eff362a1 req-a2eb49fc-6890-490f-b03c-1fb3eff362a1 ] Request (ServicesAdminNegativeTestJSON:test_get_service_with_valid_service_and_invalid_host): 200 GET http://10.180.1.21/compute/v2.1/os-services 4.041s
2025-11-20 19:58:00.404 66224 WARNING tempest.lib.common.ssh [-] Failed to establish authenticated ssh connection to cirros@10.180.180.226 ([Errno None] Unable to connect to port 22 on 10.180.180.226). Number attempts: 4. Retry after 5 seconds.: paramiko.ssh_exception.NoValidConnectionsError: [Errno None] Unable to connect to port 22 on 10.180.180.226
2025-11-20 19:58:00.441 66198 INFO tempest.lib.common.rest_client [req-665d6319-4d73-45bf-a54f-17a992c2ef3b req-665d6319-4d73-45bf-a54f-17a992c2ef3b ] Request (MigrationsAdminTest:setUpClass): 201 POST http://10.180.1.21/identity/v3/auth/tokens 0.120s
2025-11-20 19:58:00.442 66198 INFO tempest.api.compute.admin.test_migrations [-] Using project manager for migrating servers, project manager user id: b5f416eff5084620866b598895384f00
2025-11-20 19:58:00.604 66214 INFO tempest.lib.common.rest_client [req-eb070671-58bc-4ea9-91d8-6e39e3db7a38 req-eb070671-58bc-4ea9-91d8-6e39e3db7a38 ] Request (ListImagesTestJSON:test_get_image): 200 GET http://10.180.1.21/compute/v2.1/images/68984d9f-c97b-43ae-a6d8-5f30bcc7bc00 4.208s
2025-11-20 19:58:00.714 66238 INFO tempest.lib.common.rest_client [req-dd6765d0-2a81-4592-bc31-72f9d7373d17 req-dd6765d0-2a81-4592-bc31-72f9d7373d17 ] Request (ServerMetadataTestJSON:setUp): 200 PUT http://10.180.1.21/compute/v2.1/servers/1851f354-1f04-4cc7-860f-c56a6d4c7752/metadata 4.315s
2025-11-20 19:58:00.766 66192 INFO tempest.lib.common.rest_client [req-b8216177-a6c2-4e85-9bdf-64af75daad23 req-b8216177-a6c2-4e85-9bdf-64af75daad23 ] Request (SecurityGroupRulesNegativeTestJSON:tearDownClass): 202 DELETE http://10.180.1.21/compute/v2.1/os-security-groups/aac062a3-0d49-4d35-baaf-6e90cedcd87a 4.532s
2025-11-20 19:58:00.841 66226 INFO tempest.lib.common.rest_client [req-248c54a0-1c14-4f1a-b452-1fcad2b806c4 req-248c54a0-1c14-4f1a-b452-1fcad2b806c4 ] Request (InstanceUsageAuditLogTestJSON:test_get_instance_usage_audit_log): 200 GET http://10.180.1.21/compute/v2.1/os-instance_usage_audit_log/2025-11-20%2019%3A57%3A56 4.193s
2025-11-20 19:58:01.029 66190 INFO tempest.lib.common.rest_client [req-1b03c9b9-c929-47d4-b249-ac2ff89dc184 req-1b03c9b9-c929-47d4-b249-ac2ff89dc184 ] Request (ImagesNegativeTestJSON:test_create_image_from_deleted_server): 200 GET http://10.180.1.21/compute/v2.1/servers/ead5d83b-b5ec-48a6-bffb-22a4718c60e0 3.967s
2025-11-20 19:58:01.038 66190 INFO tempest.common.waiters [-] State transition "BUILD/None" ==> "BUILD/block_device_mapping" after 5 second wait
2025-11-20 19:58:01.090 66232 INFO tempest.lib.common.rest_client [req-4419d2d5-3517-4b41-ba25-52fc54ef20c9 req-4419d2d5-3517-4b41-ba25-52fc54ef20c9 ] Request (DeleteServersAdminTestJSON:test_delete_server_while_in_error_state): 200 GET http://10.180.1.21/compute/v2.1/servers/659ad946-d2da-44d2-88f4-ed995cdea6e4 3.996s
2025-11-20 19:58:01.098 66232 INFO tempest.common.waiters [-] State transition "BUILD/spawning" ==> "ACTIVE/None" after 15 second wait
2025-11-20 19:58:01.173 66216 INFO tempest.lib.common.rest_client [req-197c7bf7-dce5-4835-90bc-59616f641f62 req-197c7bf7-dce5-4835-90bc-59616f641f62 ] Request (ServersAdminTestJSON:test_create_server_with_scheduling_hint): 200 GET http://10.180.1.21/compute/v2.1/servers/f682d347-4a89-41b7-8f60-c2083359e842 3.855s
2025-11-20 19:58:01.278 66200 INFO tempest.lib.common.rest_client [req-f949b5a7-13a5-49d5-b80c-99b025e2d642 req-f949b5a7-13a5-49d5-b80c-99b025e2d642 ] Request (VolumesAdminNegativeTest:test_update_attached_volume_with_nonexistent_volume_in_uri): 200 GET http://10.180.1.21/compute/v2.1/servers/c62a0f7c-6f9f-41cb-a30a-18bc240808e7 3.748s
2025-11-20 19:58:01.293 66200 INFO tempest.common.waiters [-] State transition "BUILD/None" ==> "BUILD/spawning" after 8 second wait
2025-11-20 19:58:01.355 66240 INFO tempest.lib.common.rest_client [req-3fcd4478-36f8-419f-b870-acaf5e33b5c0 req-3fcd4478-36f8-419f-b870-acaf5e33b5c0 ] Request (QuotasAdminNegativeTest:_run_cleanups): 200 PUT http://10.180.1.21/compute/v2.1/os-quota-sets/7599a0e2815b4567b7b23a905851a0ad 3.785s
2025-11-20 19:58:01.375 66222 INFO tempest.lib.common.rest_client [req-a7cd099d-512c-43e7-9b21-65980f5c7a31 req-a7cd099d-512c-43e7-9b21-65980f5c7a31 ] Request (QuotasAdminTestJSON:test_delete_quota): 200 GET http://10.180.1.21/compute/v2.1/os-quota-sets/2e8c12ee57f14f6f8c595902519d9c23 3.796s
2025-11-20 19:58:01.410 66196 INFO tempest.lib.common.rest_client [req-a11ca1ac-31b2-4fd8-a2b5-9f4288a6b9ce req-a11ca1ac-31b2-4fd8-a2b5-9f4288a6b9ce ] Request (ImagesOneServerTestJSON:test_create_delete_image): 200 GET http://10.180.1.21/compute/v2.1/images/74311130-1ffc-4d0c-a309-a72c63e6f135 3.816s
2025-11-20 19:58:01.473 66222 INFO tempest.lib.common.rest_client [req-32bfd8c0-b001-42dd-bb90-a01457ea27b0 req-32bfd8c0-b001-42dd-bb90-a01457ea27b0 ] Request (QuotasAdminTestJSON:_run_cleanups): 204 DELETE http://10.180.1.21/identity/v3/projects/2e8c12ee57f14f6f8c595902519d9c23 0.095s
2025-11-20 19:58:01.548 66220 INFO tempest.lib.common.rest_client [req-af64bf82-1dbf-48ae-b4d6-0adf14077732 req-af64bf82-1dbf-48ae-b4d6-0adf14077732 ] Request (ServersAdmin275Test:test_rebuild_update_server_275): 200 GET http://10.180.1.21/compute/v2.1/servers/42cf6404-dd8b-49a6-a85e-038a61e305bb 2.770s
2025-11-20 19:58:01.577 66202 INFO tempest.lib.common.rest_client [req-40da0ce6-ea8f-4eac-b05a-3f23a8ef67ba req-40da0ce6-ea8f-4eac-b05a-3f23a8ef67ba ] Request (ListServerFiltersTestJSON:setUpClass): 200 GET http://10.180.1.21/compute/v2.1/servers/4342c2d1-68da-4aec-be93-8e7e55494c5b 3.185s
2025-11-20 19:58:01.582 66242 INFO tempest.lib.common.rest_client [req-46563e0c-7de6-420f-a529-3ffd8ecce14e req-46563e0c-7de6-420f-a529-3ffd8ecce14e ] Request (ImagesOneServerNegativeTestJSON:test_create_image_specify_invalid_metadata): 400 POST http://10.180.1.21/compute/v2.1/servers/db42276d-dba8-4458-8846-ef2a274d2866/action 2.525s
2025-11-20 19:58:01.587 66202 INFO tempest.common.waiters [-] State transition "BUILD/spawning" ==> "ACTIVE/None" after 20 second wait
2025-11-20 19:58:01.732 66204 INFO tempest.lib.common.rest_client [req-332b71f7-5e9b-41ba-8765-f6f9adc7960b req-332b71f7-5e9b-41ba-8765-f6f9adc7960b ] Request (ServersWithSpecificFlavorTestJSON:test_verify_created_server_ephemeral_disk): 200 GET http://10.180.1.21/compute/v2.1/servers/a275e6ff-b905-4a82-b420-f7d12347ecec/os-interface 1.858s
2025-11-20 19:58:02.371 66204 INFO tempest.lib.common.rest_client [req-a6786a66-4d12-4e59-835f-55f2d211b224 req-a6786a66-4d12-4e59-835f-55f2d211b224 ] Request (ServersWithSpecificFlavorTestJSON:test_verify_created_server_ephemeral_disk): 200 PUT http://10.180.1.21/networking/v2.0/floatingips/8b71bd0a-8646-4e50-afd0-e6ac5abacbad 0.635s
2025-11-20 19:58:03.051 66228 INFO tempest.lib.common.rest_client [req-e43ae654-273e-4444-bbac-175baa094b8d req-e43ae654-273e-4444-bbac-175baa094b8d ] Request (FloatingIPsAssociationTestJSON:setUpClass): 202 POST http://10.180.1.21/compute/v2.1/servers 4.161s
2025-11-20 19:58:03.161 66208 INFO tempest.lib.common.rest_client [req-8f52ec59-6a1d-406c-a4a3-5de612b14777 req-8f52ec59-6a1d-406c-a4a3-5de612b14777 ] Request (FloatingIPsTestJSON:test_delete_floating_ip): 202 DELETE http://10.180.1.21/compute/v2.1/os-floating-ips/6c5df874-dd98-4b00-9840-eefcdcb6eaa0 3.247s
2025-11-20 19:58:03.222 66218 INFO tempest.lib.common.rest_client [req-f002cf78-6531-4600-a540-574397b38210 req-f002cf78-6531-4600-a540-574397b38210 ] Request (SecurityGroupsTestJSON:test_security_group_create_get_delete): 200 GET http://10.180.1.21/compute/v2.1/os-security-groups/09b25450-7420-4534-842e-345489a01d1f 3.115s
2025-11-20 19:58:03.250 66246 INFO tempest.lib.common.rest_client [req-32d2b458-b3a7-4ae0-b9d9-3e6849b98fb4 req-32d2b458-b3a7-4ae0-b9d9-3e6849b98fb4 ] Request (AggregatesAdminNegativeTestJSON:test_aggregate_create_with_existent_aggregate_name): 200 POST http://10.180.1.21/compute/v2.1/os-aggregates 3.105s
2025-11-20 19:58:03.267 66237 INFO tempest.lib.common.rest_client [req-d9928ee6-60e9-4659-bb63-f12d56ad0e63 req-d9928ee6-60e9-4659-bb63-f12d56ad0e63 ] Request (FlavorsV2TestJSON:test_list_flavors_limit_results): 200 GET http://10.180.1.21/compute/v2.1/flavors?limit=1 3.071s
