2025-11-20 18:56:57.526 66493 INFO tempest.lib.common.rest_client [req-5a740eae-45a7-41a2-b28d-33ec6854e0e8 req-5a740eae-45a7-41a2-b28d-33ec6854e0e8 ] Request (ServersTestMultiNic:test_verify_duplicate_network_nics): 200 GET http://10.180.1.21/compute/v2.1/servers/9a05a9cd-fd23-4dfb-bb0c-9de6724afdb2 3.761s
2025-11-20 18:56:57.534 66493 INFO tempest.common.waiters [-] State transition "BUILD/None" ==> "BUILD/networking" after 5 second wait
2025-11-20 18:56:57.570 66527 INFO tempest.lib.common.rest_client [req-e7f09831-acb6-4e98-9f3c-4982238b5b4a req-e7f09831-acb6-4e98-9f3c-4982238b5b4a ] Request (ServicesAdminNegativeTestJSON:tearDownClass): 201 POST http://10.180.1.21/identity/v3/auth/tokens 0.066s
2025-11-20 18:56:57.661 66522 INFO tempest.lib.common.rest_client [req-3d1f4284-c37f-4545-8386-cd0c9b038f5d req-3d1f4284-c37f-4545-8386-cd0c9b038f5d ] Request (HypervisorAdminNegativeUnderV252Test:test_search_hypervisor_with_non_admin_user): 403 GET http://10.180.1.21/compute/v2.1/os-hypervisors/domain-c8.fc996f14-c53b-4953-92e3-bdfa48f5cc28/search 3.184s
2025-11-20 18:56:57.665 66495 INFO tempest.lib.common.rest_client [req-92e16578-c392-47c5-ab99-b24cb121f898 req-92e16578-c392-47c5-ab99-b24cb121f898 ] Request (HostsAdminNegativeTestJSON:test_shutdown_host_with_non_admin_user): 403 GET http://10.180.1.21/compute/v2.1/os-hosts/devstack/shutdown 3.174s
2025-11-20 18:56:57.683 66513 INFO tempest.lib.common.rest_client [req-ba2b909f-a909-41d3-9d20-8fd88e533105 req-ba2b909f-a909-41d3-9d20-8fd88e533105 ] Request (ServicesAdminNegativeV253TestJSON:test_get_service_by_invalid_service_and_valid_host): 200 GET http://10.180.1.21/compute/v2.1/os-services?host=devstack&binary=xxx 2.894s
2025-11-20 18:56:57.702 66509 INFO tempest.lib.common.rest_client [req-ebb1b143-afe3-4a97-9421-0f1f6f1ec015 req-ebb1b143-afe3-4a97-9421-0f1f6f1ec015 ] Request (KeyPairsV210TestJSON:_run_cleanups): 204 DELETE http://10.180.1.21/compute/v2.1/os-keypairs/tempest-keypair-1750952205?user_id=2776fe9a40c44e4d837190662d29913b 2.889s
2025-11-20 18:56:57.728 66515 INFO tempest.lib.common.rest_client [req-9c06f97a-b670-4c83-9d6c-bc19466839eb req-9c06f97a-b670-4c83-9d6c-bc19466839eb ] Request (HostsAdminTestJSON:test_list_hosts_with_zone): 200 GET http://10.180.1.21/compute/v2.1/os-hosts 2.886s
2025-11-20 18:56:57.768 66529 INFO tempest.lib.common.rest_client [req-a8db88a1-6cd4-44a7-a1e4-6ff254eba47d req-a8db88a1-6cd4-44a7-a1e4-6ff254eba47d ] Request (AggregatesAdminNegativeTestJSON:test_aggregate_add_host_as_user): 200 POST http://10.180.1.21/compute/v2.1/os-aggregates 2.918s
2025-11-20 18:56:57.813 66497 INFO tempest.lib.common.rest_client [req-f780e155-bc51-4cf5-9c91-1c54e48b3d38 req-f780e155-bc51-4cf5-9c91-1c54e48b3d38 ] Request (ServerGroupTestJSON:test_create_delete_multiple_server_groups_with_same_name_policy): 204 DELETE http://10.180.1.21/compute/v2.1/os-server-groups/c4820b63-92e4-4c2e-be39-78c999b6c855 2.868s
2025-11-20 18:56:57.838 66527 INFO tempest.lib.common.rest_client [req-5b4893ca-d2aa-4650-8703-be38fd8dc269 req-5b4893ca-d2aa-4650-8703-be38fd8dc269 ] Request (ServicesAdminNegativeTestJSON:tearDownClass): 200 GET http://10.180.1.21/networking/v2.0/security-groups?tenant_id=17a518bd31964c2cbb377f50b770fd69&name=default 0.268s
2025-11-20 18:56:57.845 66533 INFO tempest.lib.common.rest_client [req-85245e1a-9df2-4021-a41b-67de6799a71b req-85245e1a-9df2-4021-a41b-67de6799a71b ] Request (HypervisorAdminNegativeTestJSON:test_show_hypervisor_with_non_admin_user): 200 GET http://10.180.1.21/compute/v2.1/os-hypervisors 2.890s
2025-11-20 18:56:57.872 66505 INFO tempest.lib.common.rest_client [req-99dedf8e-5d78-40e6-91d3-55ecce9ac848 req-99dedf8e-5d78-40e6-91d3-55ecce9ac848 ] Request (FlavorsAccessTestJSON:_run_cleanups): 200 GET http://10.180.1.21/compute/v2.1/flavors/detail 2.904s
2025-11-20 18:56:57.890 66503 INFO tempest.lib.common.rest_client [req-299e8552-d3ef-4f0e-86c2-115dcd99fb91 req-299e8552-d3ef-4f0e-86c2-115dcd99fb91 ] Request (ServerActionsV293TestJSON:setUpClass): 200 GET http://10.180.1.21/volume/v3/volumes/af182d1b-01c5-4ba5-95d5-8b657ba222cb 0.041s
2025-11-20 18:56:57.900 66523 INFO tempest.lib.common.rest_client [req-d92bc123-2df4-4213-b195-713995149868 req-d92bc123-2df4-4213-b195-713995149868 ] Request (FlavorsV255TestJSON:_run_cleanups): 200 GET http://10.180.1.21/compute/v2.1/flavors/detail 2.919s
2025-11-20 18:56:58.021 66523 INFO tempest.lib.common.rest_client [req-4fec320c-f6c6-4343-9108-84bdc2bd5a42 req-4fec320c-f6c6-4343-9108-84bdc2bd5a42 ] Request (FlavorsV255TestJSON:tearDownClass): 204 DELETE http://10.180.1.21/identity/v3/users/a8b49f2f578c4e6b9106eaeacfb5cdb0 0.103s
2025-11-20 18:56:58.075 66527 INFO tempest.lib.common.rest_client [req-e1d3d436-7fee-4597-a6bc-d259b19c7906 req-e1d3d436-7fee-4597-a6bc-d259b19c7906 ] Request (ServicesAdminNegativeTestJSON:tearDownClass): 204 DELETE http://10.180.1.21/networking/v2.0/security-groups/94d81fab-8e0d-4804-936d-ea1ae8f4f477 0.236s
2025-11-20 18:56:58.127 66491 INFO tempest.lib.common.rest_client [req-7570bef4-79cd-420c-bc49-227346f812dd req-7570bef4-79cd-420c-bc49-227346f812dd ] Request (ServersTestBootFromVolume:setUpClass): 200 GET http://10.180.1.21/volume/v3/volumes/b6b8360c-bbc3-44a9-ae07-cfefd1513ba5 0.044s
2025-11-20 18:56:58.134 66523 INFO tempest.lib.common.rest_client [req-af27ff5a-0c7d-4394-a512-75d4986bd07b req-af27ff5a-0c7d-4394-a512-75d4986bd07b ] Request (FlavorsV255TestJSON:tearDownClass): 204 DELETE http://10.180.1.21/identity/v3/users/f318271966254811b320128303e1cf68 0.113s
2025-11-20 18:56:58.135 66523 INFO tempest.lib.common.dynamic_creds [-] Deleting project and security group for project: 93817cfd486f4d4aa745d9c4a1cf35b4
2025-11-20 18:56:58.187 66527 INFO tempest.lib.common.rest_client [req-2e411d79-c0d3-42aa-bb66-e7060c32922c req-2e411d79-c0d3-42aa-bb66-e7060c32922c ] Request (ServicesAdminNegativeTestJSON:tearDownClass): 204 DELETE http://10.180.1.21/identity/v3/projects/17a518bd31964c2cbb377f50b770fd69 0.112s
2025-11-20 18:56:58.187 66527 INFO tempest.lib.common.dynamic_creds [-] Deleting project and security group for project: cbad8131d2f54e318328eab9476721f9
2025-11-20 18:56:58.204 66523 INFO tempest.lib.common.rest_client [req-c0355d43-a231-4a25-9669-bfba5385855e req-c0355d43-a231-4a25-9669-bfba5385855e ] Request (FlavorsV255TestJSON:tearDownClass): 201 POST http://10.180.1.21/identity/v3/auth/tokens 0.069s
2025-11-20 18:56:58.837 66527 INFO tempest.lib.common.rest_client [req-1d4a3807-cdbd-44e2-98f3-b37c83d511f8 req-1d4a3807-cdbd-44e2-98f3-b37c83d511f8 ] Request (ServicesAdminNegativeTestJSON:tearDownClass): 200 GET http://10.180.1.21/networking/v2.0/security-groups?tenant_id=cbad8131d2f54e318328eab9476721f9&name=default 0.649s
2025-11-20 18:56:58.944 66503 INFO tempest.lib.common.rest_client [req-bbc73b51-34f3-4801-b284-710c975b6252 req-bbc73b51-34f3-4801-b284-710c975b6252 ] Request (ServerActionsV293TestJSON:setUpClass): 200 GET http://10.180.1.21/volume/v3/volumes/af182d1b-01c5-4ba5-95d5-8b657ba222cb 0.043s
2025-11-20 18:56:58.975 66537 INFO tempest.lib.common.rest_client [req-e40a9498-3348-42e1-9002-cb9e8ed49601 req-e40a9498-3348-42e1-9002-cb9e8ed49601 ] Request (TenantUsagesTestJSON:setUpClass): 200 GET http://10.180.1.21/compute/v2.1/servers/4b4b5386-d224-4e4b-a493-910122837697 3.641s
2025-11-20 18:56:58.988 66537 INFO tempest.common.waiters [-] State transition "BUILD/None" ==> "BUILD/spawning" after 8 second wait
2025-11-20 18:56:59.047 66523 INFO tempest.lib.common.rest_client [req-c37e5f71-a33d-4a98-a8f9-2aa8f4bd2464 req-c37e5f71-a33d-4a98-a8f9-2aa8f4bd2464 ] Request (FlavorsV255TestJSON:tearDownClass): 200 GET http://10.180.1.21/networking/v2.0/security-groups?tenant_id=93817cfd486f4d4aa745d9c4a1cf35b4&name=default 0.842s
2025-11-20 18:56:59.151 66527 INFO tempest.lib.common.rest_client [req-e9e4f9ac-b196-4c32-ba0a-fc3ba969f63c req-e9e4f9ac-b196-4c32-ba0a-fc3ba969f63c ] Request (ServicesAdminNegativeTestJSON:tearDownClass): 204 DELETE http://10.180.1.21/networking/v2.0/security-groups/18ccaa64-3621-4474-a543-3e7228e21344 0.313s
2025-11-20 18:56:59.174 66491 INFO tempest.lib.common.rest_client [req-0dba9dd0-1a5b-4cdb-a41c-db5352c12059 req-0dba9dd0-1a5b-4cdb-a41c-db5352c12059 ] Request (ServersTestBootFromVolume:setUpClass): 200 GET http://10.180.1.21/volume/v3/volumes/b6b8360c-bbc3-44a9-ae07-cfefd1513ba5 0.034s
2025-11-20 18:56:59.184 66491 INFO tempest.common.waiters [-] volume b6b8360c-bbc3-44a9-ae07-cfefd1513ba5 reached available after waiting for 19.184736 seconds
2025-11-20 18:56:59.234 66527 INFO tempest.lib.common.rest_client [req-68aa9c1a-67eb-4041-a1dc-95de9aabe70f req-68aa9c1a-67eb-4041-a1dc-95de9aabe70f ] Request (ServicesAdminNegativeTestJSON:tearDownClass): 204 DELETE http://10.180.1.21/identity/v3/projects/cbad8131d2f54e318328eab9476721f9 0.083s
2025-11-20 18:56:59.306 66523 INFO tempest.lib.common.rest_client [req-0af647bc-cd49-4765-a07b-f0dc285c1bfd req-0af647bc-cd49-4765-a07b-f0dc285c1bfd ] Request (FlavorsV255TestJSON:tearDownClass): 204 DELETE http://10.180.1.21/networking/v2.0/security-groups/5a58b23a-aa38-434d-9a3b-805467440ed8 0.259s
2025-11-20 18:56:59.327 66527 INFO tempest.lib.common.rest_client [req-85a4aab0-1292-4612-8eb0-19bf4563bce2 req-85a4aab0-1292-4612-8eb0-19bf4563bce2 ] Request (SecurityGroupRulesNegativeTestJSON:setUpClass): 201 POST http://10.180.1.21/identity/v3/auth/tokens 0.090s
2025-11-20 18:56:59.351 66487 INFO tempest.lib.common.rest_client [req-c3e5b27d-6d2b-4ffb-8f91-92029c9a5592 req-c3e5b27d-6d2b-4ffb-8f91-92029c9a5592 ] Request (MigrationsAdminTest:test_list_migrations_in_flavor_resize_situation): 200 GET http://10.180.1.21/compute/v2.1/servers/c3243a4f-d546-4063-bf31-803aba754e6d 3.977s
2025-11-20 18:56:59.374 66527 INFO tempest.lib.common.rest_client [req-9c463163-3b12-46ca-aac1-612f7ad5eb60 req-9c463163-3b12-46ca-aac1-612f7ad5eb60 ] Request (SecurityGroupRulesNegativeTestJSON:setUpClass): 201 POST http://10.180.1.21/identity/v3/auth/tokens 0.042s
2025-11-20 18:56:59.407 66527 INFO tempest.lib.common.rest_client [req-b9de07c4-dc34-4ef6-8816-e522599615b7 req-b9de07c4-dc34-4ef6-8816-e522599615b7 ] Request (SecurityGroupRulesNegativeTestJSON:setUpClass): 200 GET http://10.180.1.21/identity/v3/domains?name=Default 0.033s
2025-11-20 18:56:59.423 66535 INFO tempest.lib.common.rest_client [req-c897592c-52f8-4604-893d-a24610f4097a req-c897592c-52f8-4604-893d-a24610f4097a ] Request (ServerDiagnosticsTest:test_get_server_diagnostics): 202 POST http://10.180.1.21/compute/v2.1/servers 5.477s
2025-11-20 18:56:59.449 66501 INFO tempest.lib.common.rest_client [req-b5c23060-3e40-4ab1-af7d-c13654ba1cac req-b5c23060-3e40-4ab1-af7d-c13654ba1cac ] Request (ServersAdminTestJSON:setUpClass): 200 GET http://10.180.1.21/compute/v2.1/servers/f6d5cf60-7717-410b-ae07-a60888b1c2f1 3.678s
2025-11-20 18:56:59.495 66523 INFO tempest.lib.common.rest_client [req-4463c220-2cdf-4f03-9c17-438c58c78635 req-4463c220-2cdf-4f03-9c17-438c58c78635 ] Request (FlavorsV255TestJSON:tearDownClass): 204 DELETE http://10.180.1.21/identity/v3/projects/93817cfd486f4d4aa745d9c4a1cf35b4 0.188s
2025-11-20 18:56:59.495 66523 INFO tempest.lib.common.dynamic_creds [-] Deleting project and security group for project: 259eb476ee8241b8bac53c497270b646
2025-11-20 18:56:59.513 66499 INFO tempest.lib.common.rest_client [req-03b26ac0-c5d8-4d07-a5dd-6fe335138b15 req-03b26ac0-c5d8-4d07-a5dd-6fe335138b15 ] Request (FlavorsExtraSpecsTestJSON:test_flavor_non_admin_get_all_keys): 200 POST http://10.180.1.21/compute/v2.1/flavors/1871034227/os-extra_specs 2.803s
2025-11-20 18:56:59.515 66527 INFO tempest.lib.common.rest_client [req-06d6bd65-f227-44f9-9a0d-9d368575ef1c req-06d6bd65-f227-44f9-9a0d-9d368575ef1c ] Request (SecurityGroupRulesNegativeTestJSON:setUpClass): 201 POST http://10.180.1.21/identity/v3/projects 0.107s
2025-11-20 18:56:59.555 66511 INFO tempest.lib.common.rest_client [req-9f1908d9-1e4b-4682-87e5-2c5ab5db8980 req-9f1908d9-1e4b-4682-87e5-2c5ab5db8980 ] Request (FlavorsAccessNegativeTestJSON:test_flavor_access_list_with_public_flavor): 200 POST http://10.180.1.21/compute/v2.1/flavors 2.807s
2025-11-20 18:56:59.582 66517 INFO tempest.lib.common.rest_client [req-03d2e18e-1e5f-4ec0-a26d-c528753457fd req-03d2e18e-1e5f-4ec0-a26d-c528753457fd ] Request (FlavorsAdminTestJSON:test_create_flavor_verify_entry_in_list_details): 200 GET http://10.180.1.21/compute/v2.1/flavors/detail 2.826s
2025-11-20 18:56:59.617 66527 INFO tempest.lib.common.rest_client [req-b184dfda-2548-47d8-99fd-396a41e2a45c req-b184dfda-2548-47d8-99fd-396a41e2a45c ] Request (SecurityGroupRulesNegativeTestJSON:setUpClass): 201 POST http://10.180.1.21/identity/v3/users 0.101s
2025-11-20 18:56:59.626 66485 INFO tempest.lib.common.rest_client [req-f60d00c8-4292-4e69-865d-5b0490bfe917 req-f60d00c8-4292-4e69-865d-5b0490bfe917 ] Request (ImagesMetadataTestJSON:test_get_image_metadata_item): 200 GET http://10.180.1.21/compute/v2.1/images/1973c3ea-7876-47b1-9f3a-c8441230e70d/metadata/os_distro 2.634s
2025-11-20 18:56:59.639 66543 INFO tempest.lib.common.rest_client [req-2d8528b5-911e-48b7-80e3-2164ab09c15f req-2d8528b5-911e-48b7-80e3-2164ab09c15f ] Request (ServersWithSpecificFlavorTestJSON:test_verify_created_server_ephemeral_disk): 200 GET http://10.180.1.21/compute/v2.1/flavors/42/os-extra_specs 2.626s
2025-11-20 18:56:59.642 66527 INFO tempest.lib.common.rest_client [req-a5e5a2ef-26e5-476b-9fb7-bb367730534f req-a5e5a2ef-26e5-476b-9fb7-bb367730534f ] Request (SecurityGroupRulesNegativeTestJSON:setUpClass): 200 GET http://10.180.1.21/identity/v3/roles 0.024s
2025-11-20 18:56:59.651 66526 INFO tempest.lib.common.rest_client [req-2b39f69c-1c6d-4bcc-9b70-835c40437c5c req-2b39f69c-1c6d-4bcc-9b70-835c40437c5c ] Request (FlavorsExtraSpecsNegativeTestJSON:test_flavor_unset_nonexistent_key): 404 DELETE http://10.180.1.21/compute/v2.1/flavors/884545037/os-extra_specs/hw:cpu_thread_policy 2.633s
2025-11-20 18:56:59.670 66527 INFO tempest.lib.common.rest_client [req-4b2c877e-2ceb-4986-b189-52a49b5e09f2 req-4b2c877e-2ceb-4986-b189-52a49b5e09f2 ] Request (SecurityGroupRulesNegativeTestJSON:setUpClass): 204 PUT http://10.180.1.21/identity/v3/projects/2839581bc28f4179a0c9e29c37260090/users/ea02620698b54cca867330a87b2fa36b/roles/ff744261f82f4e3ba5d3266d6dd44b54 0.027s
2025-11-20 18:56:59.670 66527 INFO tempest.lib.common.dynamic_creds [-] Dynamic test user ea02620698b54cca867330a87b2fa36b is created with scope project and roles: ['member']
2025-11-20 18:56:59.671 66527 INFO tempest.lib.common.dynamic_creds [-] Acquired dynamic creds: credentials: Credentials: {'domain_id': 'default', 'domain_name': 'Default', 'username': 'tempest-SecurityGroupRulesNegativeTestJSON-1906833283-project-member', 'project_domain_id': 'default', 'project_domain_name': 'Default', 'project_id': '2839581bc28f4179a0c9e29c37260090', 'project_name': 'tempest-SecurityGroupRulesNegativeTestJSON-1906833283', 'tenant_id': '2839581bc28f4179a0c9e29c37260090', 'tenant_name': 'tempest-SecurityGroupRulesNegativeTestJSON-1906833283', 'user_domain_id': 'default', 'user_domain_name': 'Default', 'user_id': 'ea02620698b54cca867330a87b2fa36b', 'system': None}, Network: None, Subnet: None, Router: None
2025-11-20 18:56:59.673 66523 INFO tempest.lib.common.rest_client [req-b1ba2cf1-3c04-4e6b-aa3b-d73ad789aa50 req-b1ba2cf1-3c04-4e6b-aa3b-d73ad789aa50 ] Request (FlavorsV255TestJSON:tearDownClass): 200 GET http://10.180.1.21/networking/v2.0/security-groups?tenant_id=259eb476ee8241b8bac53c497270b646&name=default 0.177s
2025-11-20 18:56:59.737 66527 INFO tempest.lib.common.rest_client [req-d640f04e-6337-4327-87e9-1054b306a266 req-d640f04e-6337-4327-87e9-1054b306a266 ] Request (SecurityGroupRulesNegativeTestJSON:setUpClass): 201 POST http://10.180.1.21/identity/v3/auth/tokens 0.066s
2025-11-20 18:56:59.787 66523 INFO tempest.lib.common.rest_client [req-4fdc3d70-b95e-4a57-9a18-06ae785e4667 req-4fdc3d70-b95e-4a57-9a18-06ae785e4667 ] Request (FlavorsV255TestJSON:tearDownClass): 204 DELETE http://10.180.1.21/networking/v2.0/security-groups/06357775-9564-4849-a700-4aac7d499395 0.113s
2025-11-20 18:56:59.820 66483 INFO tempest.lib.common.rest_client [req-712469d7-43e9-4e6e-86d6-b6b10a2697ce req-712469d7-43e9-4e6e-86d6-b6b10a2697ce ] Request (DeleteServersAdminTestJSON:test_admin_delete_servers_of_others): 204 DELETE http://10.180.1.21/compute/v2.1/servers/155b246e-e0fd-4c7b-b069-3756964f2bb1 3.269s
2025-11-20 18:56:59.905 66523 INFO tempest.lib.common.rest_client [req-3330025c-67a8-4cf6-a9b9-35c7c0ca01bd req-3330025c-67a8-4cf6-a9b9-35c7c0ca01bd ] Request (FlavorsV255TestJSON:tearDownClass): 204 DELETE http://10.180.1.21/identity/v3/projects/259eb476ee8241b8bac53c497270b646 0.118s
2025-11-20 18:56:59.999 66503 INFO tempest.lib.common.rest_client [req-b73150c0-2760-498c-9f78-1cb01df581aa req-b73150c0-2760-498c-9f78-1cb01df581aa ] Request (ServerActionsV293TestJSON:setUpClass): 200 GET http://10.180.1.21/volume/v3/volumes/af182d1b-01c5-4ba5-95d5-8b657ba222cb 0.043s
2025-11-20 18:57:00.017 66523 INFO tempest.lib.common.rest_client [req-3160f0f1-eebd-45de-b526-9555e0c12291 req-3160f0f1-eebd-45de-b526-9555e0c12291 ] Request (ImagesOneServerNegativeTestJSON:setUpClass): 201 POST http://10.180.1.21/identity/v3/auth/tokens 0.110s
2025-11-20 18:57:00.053 66523 INFO tempest.lib.common.rest_client [req-3704b87c-e81d-4b4f-b8b1-6572e792b759 req-3704b87c-e81d-4b4f-b8b1-6572e792b759 ] Request (ImagesOneServerNegativeTestJSON:setUpClass): 201 POST http://10.180.1.21/identity/v3/auth/tokens 0.032s
2025-11-20 18:57:00.088 66523 INFO tempest.lib.common.rest_client [req-04b74bd2-a4ea-49c9-9ee9-9acf3b8e77d8 req-04b74bd2-a4ea-49c9-9ee9-9acf3b8e77d8 ] Request (ImagesOneServerNegativeTestJSON:setUpClass): 200 GET http://10.180.1.21/identity/v3/domains?name=Default 0.034s
2025-11-20 18:57:00.123 66523 INFO tempest.lib.common.rest_client [req-db5fe7a2-ead6-4638-b323-31cb7d6e2e50 req-db5fe7a2-ead6-4638-b323-31cb7d6e2e50 ] Request (ImagesOneServerNegativeTestJSON:setUpClass): 201 POST http://10.180.1.21/identity/v3/projects 0.034s
2025-11-20 18:57:00.150 66527 INFO tempest.lib.common.rest_client [req-4c7e8a2b-3f04-4997-bff1-327fbb1deef5 req-4c7e8a2b-3f04-4997-bff1-327fbb1deef5 ] Request (SecurityGroupRulesNegativeTestJSON:setUpClass): 201 POST http://10.180.1.21/networking/v2.0/networks 0.412s
2025-11-20 18:57:00.193 66523 INFO tempest.lib.common.rest_client [req-be9e2ed8-4491-4f82-b900-d4ac453bc03c req-be9e2ed8-4491-4f82-b900-d4ac453bc03c ] Request (ImagesOneServerNegativeTestJSON:setUpClass): 201 POST http://10.180.1.21/identity/v3/users 0.069s
2025-11-20 18:57:00.211 66523 INFO tempest.lib.common.rest_client [req-7b1ce40a-6c6d-426a-95e2-a9da5268b13e req-7b1ce40a-6c6d-426a-95e2-a9da5268b13e ] Request (ImagesOneServerNegativeTestJSON:setUpClass): 200 GET http://10.180.1.21/identity/v3/roles 0.018s
2025-11-20 18:57:00.214 66507 INFO tempest.lib.common.rest_client [req-3606076b-e765-432c-b278-24acd2db5aa0 req-3606076b-e765-432c-b278-24acd2db5aa0 ] Request (VolumesAssistedSnapshotsTest:test_volume_assisted_snapshot_create_delete): 200 GET http://10.180.1.21/compute/v2.1/servers/4f7977f4-1eeb-479d-9be9-832267dacca0 3.021s
2025-11-20 18:57:00.237 66523 INFO tempest.lib.common.rest_client [req-9f62d323-231d-4513-8d67-16ef263617d2 req-9f62d323-231d-4513-8d67-16ef263617d2 ] Request (ImagesOneServerNegativeTestJSON:setUpClass): 204 PUT http://10.180.1.21/identity/v3/projects/f5756262a9524f119ee1c96f0fe4f710/users/b417f5f5b059464382f8a8d0ef9dd86e/roles/ff744261f82f4e3ba5d3266d6dd44b54 0.025s
2025-11-20 18:57:00.237 66523 INFO tempest.lib.common.dynamic_creds [-] Dynamic test user b417f5f5b059464382f8a8d0ef9dd86e is created with scope project and roles: ['member']
2025-11-20 18:57:00.237 66523 INFO tempest.lib.common.dynamic_creds [-] Acquired dynamic creds: credentials: Credentials: {'domain_id': 'default', 'domain_name': 'Default', 'username': 'tempest-ImagesOneServerNegativeTestJSON-1403779228-project-member', 'project_domain_id': 'default', 'project_domain_name': 'Default', 'project_id': 'f5756262a9524f119ee1c96f0fe4f710', 'project_name': 'tempest-ImagesOneServerNegativeTestJSON-1403779228', 'tenant_id': 'f5756262a9524f119ee1c96f0fe4f710', 'tenant_name': 'tempest-ImagesOneServerNegativeTestJSON-1403779228', 'user_domain_id': 'default', 'user_domain_name': 'Default', 'user_id': 'b417f5f5b059464382f8a8d0ef9dd86e', 'system': None}, Network: None, Subnet: None, Router: None
2025-11-20 18:57:00.293 66523 INFO tempest.lib.common.rest_client [req-fd401140-a8ea-4238-85ea-0c8d022e57fe req-fd401140-a8ea-4238-85ea-0c8d022e57fe ] Request (ImagesOneServerNegativeTestJSON:setUpClass): 201 POST http://10.180.1.21/identity/v3/auth/tokens 0.056s
2025-11-20 18:57:00.522 66527 INFO tempest.lib.common.rest_client [req-89fb277a-c766-4ac2-bedc-97fef9ca9638 req-89fb277a-c766-4ac2-bedc-97fef9ca9638 ] Request (SecurityGroupRulesNegativeTestJSON:setUpClass): 201 POST http://10.180.1.21/networking/v2.0/subnets 0.371s
2025-11-20 18:57:00.860 66523 INFO tempest.lib.common.rest_client [req-156a290c-40be-4667-888d-a70308b4582e req-156a290c-40be-4667-888d-a70308b4582e ] Request (ImagesOneServerNegativeTestJSON:setUpClass): 201 POST http://10.180.1.21/networking/v2.0/networks 0.566s
2025-11-20 18:57:00.899 66519 INFO tempest.lib.common.rest_client [req-fe08a006-2399-406b-8c58-ea75323aaa20 req-fe08a006-2399-406b-8c58-ea75323aaa20 ] Request (ServerDiagnosticsV248Test:test_get_server_diagnostics): 200 GET http://10.180.1.21/compute/v2.1/servers/feab56ea-2a71-4cfb-9f4d-d90f4f19eb8d/diagnostics 3.603s
2025-11-20 18:57:00.911 66489 INFO tempest.lib.common.rest_client [req-a7058552-6f19-42dc-ab27-1d307058eb19 req-a7058552-6f19-42dc-ab27-1d307058eb19 ] Request (QuotasAdminTestJSON:test_delete_quota): 202 DELETE http://10.180.1.21/compute/v2.1/os-quota-sets/ed752e8142844ec8bd1de73c5da94ea9 3.492s
2025-11-20 18:57:00.922 66522 INFO tempest.lib.common.rest_client [req-4bad1b24-1f4a-4d12-b0fb-8848029398b5 req-4bad1b24-1f4a-4d12-b0fb-8848029398b5 ] Request (HypervisorAdminNegativeUnderV252Test:test_search_nonexistent_hypervisor): 404 GET http://10.180.1.21/compute/v2.1/os-hypervisors/nonexistent_hypervisor_name/search 3.258s
2025-11-20 18:57:00.933 66495 INFO tempest.lib.common.rest_client [req-34853454-8712-4086-add2-d3ed63ad6dd0 req-34853454-8712-4086-add2-d3ed63ad6dd0 ] Request (HostsAdminNegativeTestJSON:test_shutdown_nonexistent_host): 404 GET http://10.180.1.21/compute/v2.1/os-hosts/nonexistent_hostname/shutdown 3.266s
2025-11-20 18:57:00.955 66513 INFO tempest.lib.common.rest_client [req-4d9d0f05-4293-4eb5-9920-b7248eecb50e req-4d9d0f05-4293-4eb5-9920-b7248eecb50e ] Request (ServicesAdminNegativeV253TestJSON:test_get_service_with_valid_service_and_invalid_host): 200 GET http://10.180.1.21/compute/v2.1/os-services 3.269s
2025-11-20 18:57:00.973 66509 INFO tempest.lib.common.rest_client [req-7d39affc-59c9-444c-9814-215434ceb2a6 req-7d39affc-59c9-444c-9814-215434ceb2a6 ] Request (KeyPairsV210TestJSON:_run_cleanups): 204 DELETE http://10.180.1.21/compute/v2.1/os-keypairs/tempest-keypair-1935422422?user_id=2776fe9a40c44e4d837190662d29913b 3.271s
2025-11-20 18:57:00.995 66515 INFO tempest.lib.common.rest_client [req-0fdb117c-e9bd-413d-8c9d-00e11faa42a1 req-0fdb117c-e9bd-413d-8c9d-00e11faa42a1 ] Request (HostsAdminTestJSON:test_list_hosts_with_zone): 200 GET http://10.180.1.21/compute/v2.1/os-hosts?zone=internal 3.265s
2025-11-20 18:57:01.050 66503 INFO tempest.lib.common.rest_client [req-ef5a56f9-c978-4e70-a686-015718d3509f req-ef5a56f9-c978-4e70-a686-015718d3509f ] Request (ServerActionsV293TestJSON:setUpClass): 200 GET http://10.180.1.21/volume/v3/volumes/af182d1b-01c5-4ba5-95d5-8b657ba222cb 0.037s
2025-11-20 18:57:01.060 66529 INFO tempest.lib.common.rest_client [req-19a97e03-d8f1-4228-8887-77ad98a4963d req-19a97e03-d8f1-4228-8887-77ad98a4963d ] Request (AggregatesAdminNegativeTestJSON:test_aggregate_add_host_as_user): 403 POST http://10.180.1.21/compute/v2.1/os-aggregates/2/action 3.291s
2025-11-20 18:57:01.073 66509 INFO tempest.lib.common.rest_client [req-06e3ae40-cb7c-4bfa-ae35-a9cd4593de56 req-06e3ae40-cb7c-4bfa-ae35-a9cd4593de56 ] Request (KeyPairsV210TestJSON:tearDownClass): 204 DELETE http://10.180.1.21/identity/v3/users/2776fe9a40c44e4d837190662d29913b 0.095s
2025-11-20 18:57:01.082 66497 INFO tempest.lib.common.rest_client [req-95309d8e-d55f-4793-9471-f5a27f4e8b48 req-95309d8e-d55f-4793-9471-f5a27f4e8b48 ] Request (ServerGroupTestJSON:test_create_delete_multiple_server_groups_with_same_name_policy): 200 GET http://10.180.1.21/compute/v2.1/os-server-groups 3.269s
2025-11-20 18:57:01.088 66533 INFO tempest.lib.common.rest_client [req-cd127a99-8a0c-48fb-ac3b-933c001ae23a req-cd127a99-8a0c-48fb-ac3b-933c001ae23a ] Request (HypervisorAdminNegativeTestJSON:test_show_hypervisor_with_non_admin_user): 403 GET http://10.180.1.21/compute/v2.1/os-hypervisors/1 3.240s
2025-11-20 18:57:01.105 66505 INFO tempest.lib.common.rest_client [req-9a1640b0-7c87-467c-a5da-3d55caff5346 req-9a1640b0-7c87-467c-a5da-3d55caff5346 ] Request (FlavorsAccessTestJSON:test_flavor_access_list_with_private_flavor): 200 POST http://10.180.1.21/compute/v2.1/flavors 3.221s
2025-11-20 18:57:01.186 66509 INFO tempest.lib.common.rest_client [req-0b4b9eac-0f1b-4cfd-a8dd-32c28b3c3b00 req-0b4b9eac-0f1b-4cfd-a8dd-32c28b3c3b00 ] Request (KeyPairsV210TestJSON:tearDownClass): 204 DELETE http://10.180.1.21/identity/v3/users/404dd3f4826442b3b08716a0ea5465f6 0.112s
2025-11-20 18:57:01.186 66509 INFO tempest.lib.common.dynamic_creds [-] Deleting project and security group for project: eade211998534e06a70b8cd3406901ab
2025-11-20 18:57:01.249 66509 INFO tempest.lib.common.rest_client [req-5f4fa78a-6e9b-474d-a7df-6e47fa8963a7 req-5f4fa78a-6e9b-474d-a7df-6e47fa8963a7 ] Request (KeyPairsV210TestJSON:tearDownClass): 201 POST http://10.180.1.21/identity/v3/auth/tokens 0.063s
2025-11-20 18:57:01.753 66523 INFO tempest.lib.common.rest_client [req-d0cab6fa-d87e-4d50-a225-5683497393f9 req-d0cab6fa-d87e-4d50-a225-5683497393f9 ] Request (ImagesOneServerNegativeTestJSON:setUpClass): 201 POST http://10.180.1.21/networking/v2.0/subnets 0.892s
2025-11-20 18:57:01.915 66527 INFO tempest.lib.common.rest_client [req-e91d4150-7f0d-4e5e-b253-61276ec74f98 req-e91d4150-7f0d-4e5e-b253-61276ec74f98 ] Request (SecurityGroupRulesNegativeTestJSON:setUpClass): 201 POST http://10.180.1.21/networking/v2.0/routers 1.393s
2025-11-20 18:57:02.092 66509 INFO tempest.lib.common.rest_client [req-d90cf349-2687-4895-8ebc-2fd1fcc89917 req-d90cf349-2687-4895-8ebc-2fd1fcc89917 ] Request (KeyPairsV210TestJSON:tearDownClass): 200 GET http://10.180.1.21/networking/v2.0/security-groups?tenant_id=eade211998534e06a70b8cd3406901ab&name=default 0.842s
2025-11-20 18:57:02.101 66503 INFO tempest.lib.common.rest_client [req-4ca93354-7b1e-45d3-86ec-e147c4726e46 req-4ca93354-7b1e-45d3-86ec-e147c4726e46 ] Request (ServerActionsV293TestJSON:setUpClass): 200 GET http://10.180.1.21/volume/v3/volumes/af182d1b-01c5-4ba5-95d5-8b657ba222cb 0.041s
2025-11-20 18:57:02.830 66523 INFO tempest.lib.common.rest_client [req-d7ef32d6-b1e1-4eae-9205-f25a3153da4e req-d7ef32d6-b1e1-4eae-9205-f25a3153da4e ] Request (ImagesOneServerNegativeTestJSON:setUpClass): 201 POST http://10.180.1.21/networking/v2.0/routers 1.076s
2025-11-20 18:57:02.863 66541 INFO tempest.lib.common.rest_client [req-68c0efbc-e53c-4542-8b94-61c673b1b4ac req-68c0efbc-e53c-4542-8b94-61c673b1b4ac ] Request (FloatingIPsAssociationTestJSON:setUpClass): 200 GET http://10.180.1.21/compute/v2.1/servers/18b6a435-777d-4c99-b14e-ca7b1e739683 4.366s
2025-11-20 18:57:03.165 66503 INFO tempest.lib.common.rest_client [req-0a08abdc-bc79-45a4-b470-9a0ec191bf35 req-0a08abdc-bc79-45a4-b470-9a0ec191bf35 ] Request (ServerActionsV293TestJSON:setUpClass): 200 GET http://10.180.1.21/volume/v3/volumes/af182d1b-01c5-4ba5-95d5-8b657ba222cb 0.053s
2025-11-20 18:57:03.722 66527 INFO tempest.lib.common.rest_client [req-8e62b350-44d4-4d12-a285-dc06aee56fed req-8e62b350-44d4-4d12-a285-dc06aee56fed ] Request (SecurityGroupRulesNegativeTestJSON:setUpClass): 200 PUT http://10.180.1.21/networking/v2.0/routers/7016e488-c890-49a3-848f-2ad0a8278e03/add_router_interface 1.806s
2025-11-20 18:57:03.722 66527 INFO tempest.lib.common.dynamic_creds [-] Created isolated network resources for: credentials: Credentials: {'domain_id': 'default', 'domain_name': 'Default', 'username': 'tempest-SecurityGroupRulesNegativeTestJSON-1906833283-project-member', 'project_domain_id': 'default', 'project_domain_name': 'Default', 'project_id': '2839581bc28f4179a0c9e29c37260090', 'project_name': 'tempest-SecurityGroupRulesNegativeTestJSON-1906833283', 'tenant_id': '2839581bc28f4179a0c9e29c37260090', 'tenant_name': 'tempest-SecurityGroupRulesNegativeTestJSON-1906833283', 'user_domain_id': 'default', 'user_domain_name': 'Default', 'user_id': 'ea02620698b54cca867330a87b2fa36b', 'system': None}, Network: {'id': 'c0217903-96d7-42c2-ab87-0468096eb9b9', 'name': 'tempest-SecurityGroupRulesNegativeTestJSON-1091126523-network', 'tenant_id': '2839581bc28f4179a0c9e29c37260090', 'project_id': '2839581bc28f4179a0c9e29c37260090', 'admin_state_up': True, 'mtu': 8950, 'status': 'ACTIVE', 'subnets': [], 'shared': False, 'port_security_enabled': True, 'router:external': False, 'provider:network_type': 'vlan', 'provider:physical_network': 'default', 'provider:segmentation_id': 293, 'availability_zone_hints': [], 'availability_zones': [], 'ipv4_address_scope': None, 'ipv6_address_scope': None, 'description': '', 'tags': [], 'created_at': '2025-11-20T18:57:00Z', 'updated_at': '2025-11-20T18:57:00Z', 'revision_number': 1}, Subnet: {'id': 'd0b8b4c4-0996-45a2-8b3d-5a657c79ad7a', 'name': 'tempest-SecurityGroupRulesNegativeTestJSON-1091126523-subnet', 'tenant_id': '2839581bc28f4179a0c9e29c37260090', 'network_id': 'c0217903-96d7-42c2-ab87-0468096eb9b9', 'ip_version': 4, 'subnetpool_id': None, 'enable_dhcp': True, 'ipv6_ra_mode': None, 'ipv6_address_mode': None, 'gateway_ip': '192.168.128.1', 'cidr': '192.168.128.0/28', 'allocation_pools': [{'start': '192.168.128.2', 'end': '192.168.128.14'}], 'host_routes': [], 'dns_nameservers': [], 'description': '', 'router:external': False, 'service_types': [], 'tags': [], 'created_at': '2025-11-20T18:57:00Z', 'updated_at': '2025-11-20T18:57:00Z', 'revision_number': 0, 'project_id': '2839581bc28f4179a0c9e29c37260090'}, Router: {'id': '7016e488-c890-49a3-848f-2ad0a8278e03', 'name': 'tempest-SecurityGroupRulesNegativeTestJSON-1091126523-router', 'tenant_id': '2839581bc28f4179a0c9e29c37260090', 'admin_state_up': True, 'status': 'ACTIVE', 'external_gateway_info': {'network_id': 'a390ba00-d4b5-41f2-93e4-2147b5b0f12c', 'external_fixed_ips': [{'subnet_id': '61e4f80a-0409-477c-a43b-3192ee33929f', 'ip_address': '10.180.180.208'}], 'enable_snat': True}, 'description': '', 'availability_zones': [], 'distributed': False, 'ha': False, 'availability_zone_hints': [], 'routes': [], 'flavor_id': None, 'tags': [], 'created_at': '2025-11-20T18:57:01Z', 'updated_at': '2025-11-20T18:57:01Z', 'revision_number': 2, 'project_id': '2839581bc28f4179a0c9e29c37260090'}
2025-11-20 18:57:03.805 66527 INFO tempest.lib.common.rest_client [req-c2af4de6-8f62-4422-978c-2e39944047bd req-c2af4de6-8f62-4422-978c-2e39944047bd ] Request (SecurityGroupRulesNegativeTestJSON:setUpClass): 201 POST http://10.180.1.21/identity/v3/auth/tokens 0.078s
2025-11-20 18:57:03.818 66509 INFO tempest.lib.common.rest_client [req-3a91f529-8f91-4c2f-871a-0c16c7b3deab req-3a91f529-8f91-4c2f-871a-0c16c7b3deab ] Request (KeyPairsV210TestJSON:tearDownClass): 204 DELETE http://10.180.1.21/networking/v2.0/security-groups/226069ea-1292-420c-a7fa-cb967f67132b 1.725s
2025-11-20 18:57:03.892 66509 INFO tempest.lib.common.rest_client [req-874d94c4-c0db-4f51-874e-bada76596e22 req-874d94c4-c0db-4f51-874e-bada76596e22 ] Request (KeyPairsV210TestJSON:tearDownClass): 204 DELETE http://10.180.1.21/identity/v3/projects/eade211998534e06a70b8cd3406901ab 0.073s
2025-11-20 18:57:03.892 66509 INFO tempest.lib.common.dynamic_creds [-] Deleting project and security group for project: ee5636979bd14b329d2584ac6e4b8bb8
2025-11-20 18:57:03.960 66545 INFO tempest.lib.common.rest_client [req-6befa3eb-82a7-4961-913a-5a1de6515b56 req-6befa3eb-82a7-4961-913a-5a1de6515b56 ] Request (ServersNegativeTestMultiTenantJSON:setUpClass): 202 POST http://10.180.1.21/compute/v2.1/servers 6.769s
2025-11-20 18:57:04.206 66503 INFO tempest.lib.common.rest_client [req-3465ab86-bdc6-486f-942a-e4846b075e8a req-3465ab86-bdc6-486f-942a-e4846b075e8a ] Request (ServerActionsV293TestJSON:setUpClass): 200 GET http://10.180.1.21/volume/v3/volumes/af182d1b-01c5-4ba5-95d5-8b657ba222cb 0.032s
2025-11-20 18:57:04.863 66523 INFO tempest.lib.common.rest_client [req-4c4dcc66-1c26-443a-8b0c-cdecab2766b8 req-4c4dcc66-1c26-443a-8b0c-cdecab2766b8 ] Request (ImagesOneServerNegativeTestJSON:setUpClass): 200 PUT http://10.180.1.21/networking/v2.0/routers/14d7871f-3a84-41d2-b06b-b0bafae55c51/add_router_interface 2.033s
2025-11-20 18:57:04.864 66523 INFO tempest.lib.common.dynamic_creds [-] Created isolated network resources for: credentials: Credentials: {'domain_id': 'default', 'domain_name': 'Default', 'username': 'tempest-ImagesOneServerNegativeTestJSON-1403779228-project-member', 'project_domain_id': 'default', 'project_domain_name': 'Default', 'project_id': 'f5756262a9524f119ee1c96f0fe4f710', 'project_name': 'tempest-ImagesOneServerNegativeTestJSON-1403779228', 'tenant_id': 'f5756262a9524f119ee1c96f0fe4f710', 'tenant_name': 'tempest-ImagesOneServerNegativeTestJSON-1403779228', 'user_domain_id': 'default', 'user_domain_name': 'Default', 'user_id': 'b417f5f5b059464382f8a8d0ef9dd86e', 'system': None}, Network: {'id': '7e0a6f25-fbfa-4b69-ba4a-1333e77b0f68', 'name': 'tempest-ImagesOneServerNegativeTestJSON-348163002-network', 'tenant_id': 'f5756262a9524f119ee1c96f0fe4f710', 'project_id': 'f5756262a9524f119ee1c96f0fe4f710', 'admin_state_up': True, 'mtu': 8950, 'status': 'ACTIVE', 'subnets': [], 'shared': False, 'port_security_enabled': True, 'router:external': False, 'provider:network_type': 'vlan', 'provider:physical_network': 'default', 'provider:segmentation_id': 264, 'availability_zone_hints': [], 'availability_zones': [], 'ipv4_address_scope': None, 'ipv6_address_scope': None, 'description': '', 'tags': [], 'created_at': '2025-11-20T18:57:00Z', 'updated_at': '2025-11-20T18:57:00Z', 'revision_number': 1}, Subnet: {'id': 'ba78bd0a-9a3e-4cc7-838e-ab731db72ab2', 'name': 'tempest-ImagesOneServerNegativeTestJSON-348163002-subnet', 'tenant_id': 'f5756262a9524f119ee1c96f0fe4f710', 'network_id': '7e0a6f25-fbfa-4b69-ba4a-1333e77b0f68', 'ip_version': 4, 'subnetpool_id': None, 'enable_dhcp': True, 'ipv6_ra_mode': None, 'ipv6_address_mode': None, 'gateway_ip': '192.168.128.1', 'cidr': '192.168.128.0/28', 'allocation_pools': [{'start': '192.168.128.2', 'end': '192.168.128.14'}], 'host_routes': [], 'dns_nameservers': [], 'description': '', 'router:external': False, 'service_types': [], 'tags': [], 'created_at': '2025-11-20T18:57:01Z', 'updated_at': '2025-11-20T18:57:01Z', 'revision_number': 0, 'project_id': 'f5756262a9524f119ee1c96f0fe4f710'}, Router: {'id': '14d7871f-3a84-41d2-b06b-b0bafae55c51', 'name': 'tempest-ImagesOneServerNegativeTestJSON-348163002-router', 'tenant_id': 'f5756262a9524f119ee1c96f0fe4f710', 'admin_state_up': True, 'status': 'ACTIVE', 'external_gateway_info': {'network_id': 'a390ba00-d4b5-41f2-93e4-2147b5b0f12c', 'external_fixed_ips': [{'subnet_id': '61e4f80a-0409-477c-a43b-3192ee33929f', 'ip_address': '10.180.180.140'}], 'enable_snat': True}, 'description': '', 'availability_zones': [], 'distributed': False, 'ha': False, 'availability_zone_hints': [], 'routes': [], 'flavor_id': None, 'tags': [], 'created_at': '2025-11-20T18:57:02Z', 'updated_at': '2025-11-20T18:57:02Z', 'revision_number': 2, 'project_id': 'f5756262a9524f119ee1c96f0fe4f710'}
2025-11-20 18:57:04.949 66523 INFO tempest.lib.common.rest_client [req-6ef14f0a-52cd-4626-be51-f63b6f993bc0 req-6ef14f0a-52cd-4626-be51-f63b6f993bc0 ] Request (ImagesOneServerNegativeTestJSON:setUpClass): 201 POST http://10.180.1.21/identity/v3/auth/tokens 0.081s
2025-11-20 18:57:04.985 66523 INFO tempest.lib.common.rest_client [req-485f33c5-fad9-4baa-8517-198a92af70ef req-485f33c5-fad9-4baa-8517-198a92af70ef ] Request (ImagesOneServerNegativeTestJSON:setUpClass): 201 POST http://10.180.1.21/identity/v3/auth/tokens 0.032s
2025-11-20 18:57:04.986 66523 INFO tempest.lib.common.fixed_network [-] (ImagesOneServerNegativeTestJSON:setUpClass) Found network {'id': '7e0a6f25-fbfa-4b69-ba4a-1333e77b0f68', 'name': 'tempest-ImagesOneServerNegativeTestJSON-348163002-network', 'tenant_id': 'f5756262a9524f119ee1c96f0fe4f710', 'project_id': 'f5756262a9524f119ee1c96f0fe4f710', 'admin_state_up': True, 'mtu': 8950, 'status': 'ACTIVE', 'subnets': [], 'shared': False, 'port_security_enabled': True, 'router:external': False, 'provider:network_type': 'vlan', 'provider:physical_network': 'default', 'provider:segmentation_id': 264, 'availability_zone_hints': [], 'availability_zones': [], 'ipv4_address_scope': None, 'ipv6_address_scope': None, 'description': '', 'tags': [], 'created_at': '2025-11-20T18:57:00Z', 'updated_at': '2025-11-20T18:57:00Z', 'revision_number': 1} available for tenant
2025-11-20 18:57:05.089 66509 INFO tempest.lib.common.rest_client [req-a9c341d2-9603-4e87-ac2b-6d825424b4a3 req-a9c341d2-9603-4e87-ac2b-6d825424b4a3 ] Request (KeyPairsV210TestJSON:tearDownClass): 200 GET http://10.180.1.21/networking/v2.0/security-groups?tenant_id=ee5636979bd14b329d2584ac6e4b8bb8&name=default 1.196s
2025-11-20 18:57:05.258 66503 INFO tempest.lib.common.rest_client [req-dd937dcc-f807-425a-a4e1-0a2119e4b0c2 req-dd937dcc-f807-425a-a4e1-0a2119e4b0c2 ] Request (ServerActionsV293TestJSON:setUpClass): 200 GET http://10.180.1.21/volume/v3/volumes/af182d1b-01c5-4ba5-95d5-8b657ba222cb 0.043s
2025-11-20 18:57:05.267 66493 INFO tempest.lib.common.rest_client [req-70dbff99-b523-42c9-9d5c-df648af94ab6 req-70dbff99-b523-42c9-9d5c-df648af94ab6 ] Request (ServersTestMultiNic:test_verify_duplicate_network_nics): 200 GET http://10.180.1.21/compute/v2.1/servers/9a05a9cd-fd23-4dfb-bb0c-9de6724afdb2 6.730s
2025-11-20 18:57:05.276 66493 INFO tempest.common.waiters [-] State transition "BUILD/networking" ==> "BUILD/spawning" after 13 second wait
2025-11-20 18:57:05.320 66509 INFO tempest.lib.common.rest_client [req-a74e61a3-1474-47e8-a16f-760e5c9ee257 req-a74e61a3-1474-47e8-a16f-760e5c9ee257 ] Request (KeyPairsV210TestJSON:tearDownClass): 204 DELETE http://10.180.1.21/networking/v2.0/security-groups/cf1effc8-c0b1-453e-b999-52a640646091 0.231s
2025-11-20 18:57:05.491 66509 INFO tempest.lib.common.rest_client [req-1df1ddad-9905-40db-859b-2aefb029cb3d req-1df1ddad-9905-40db-859b-2aefb029cb3d ] Request (KeyPairsV210TestJSON:tearDownClass): 204 DELETE http://10.180.1.21/identity/v3/projects/ee5636979bd14b329d2584ac6e4b8bb8 0.170s
2025-11-20 18:57:05.497 66535 INFO tempest.lib.common.rest_client [req-21eb33f1-bffe-4358-a937-ded2401bab8b req-21eb33f1-bffe-4358-a937-ded2401bab8b ] Request (ServerDiagnosticsTest:test_get_server_diagnostics): 200 GET http://10.180.1.21/compute/v2.1/servers/7507e037-d76e-4c21-bb7b-1922f00aadb4 6.071s
2025-11-20 18:57:05.581 66509 INFO tempest.lib.common.rest_client [req-38d60fdc-f515-4f60-8128-ae6c24aa2a69 req-38d60fdc-f515-4f60-8128-ae6c24aa2a69 ] Request (VolumesAdminNegativeTest:setUpClass): 201 POST http://10.180.1.21/identity/v3/auth/tokens 0.088s
2025-11-20 18:57:05.629 66509 INFO tempest.lib.common.rest_client [req-6432cdc0-635b-4b62-a2d8-5669ca04ced0 req-6432cdc0-635b-4b62-a2d8-5669ca04ced0 ] Request (VolumesAdminNegativeTest:setUpClass): 201 POST http://10.180.1.21/identity/v3/auth/tokens 0.042s
2025-11-20 18:57:05.641 66499 INFO tempest.lib.common.rest_client [req-e2d23498-2085-4377-8843-12403fd56ee4 req-e2d23498-2085-4377-8843-12403fd56ee4 ] Request (FlavorsExtraSpecsTestJSON:test_flavor_non_admin_get_all_keys): 200 GET http://10.180.1.21/compute/v2.1/flavors/1871034227/os-extra_specs 6.126s
2025-11-20 18:57:05.651 66511 INFO tempest.lib.common.rest_client [req-e7a94345-df04-42c8-9dc3-eb547e8dbb01 req-e7a94345-df04-42c8-9dc3-eb547e8dbb01 ] Request (FlavorsAccessNegativeTestJSON:test_flavor_access_list_with_public_flavor): 404 GET http://10.180.1.21/compute/v2.1/flavors/497052094/os-flavor-access 6.093s
2025-11-20 18:57:05.664 66509 INFO tempest.lib.common.rest_client [req-ddec193d-9a6a-487f-8a28-7d4307da1c0b req-ddec193d-9a6a-487f-8a28-7d4307da1c0b ] Request (VolumesAdminNegativeTest:setUpClass): 200 GET http://10.180.1.21/identity/v3/domains?name=Default 0.034s
2025-11-20 18:57:05.674 66517 INFO tempest.lib.common.rest_client [req-f9d1491c-3737-44f9-9694-823dc4abbac1 req-f9d1491c-3737-44f9-9694-823dc4abbac1 ] Request (FlavorsAdminTestJSON:_run_cleanups): 202 DELETE http://10.180.1.21/compute/v2.1/flavors/805598590 6.083s
2025-11-20 18:57:05.718 66509 INFO tempest.lib.common.rest_client [req-56d733e5-12c9-4263-9af1-3eb7f6d51d1d req-56d733e5-12c9-4263-9af1-3eb7f6d51d1d ] Request (VolumesAdminNegativeTest:setUpClass): 201 POST http://10.180.1.21/identity/v3/projects 0.053s
2025-11-20 18:57:05.830 66509 INFO tempest.lib.common.rest_client [req-5aaf4ff4-d646-40fd-9a72-4dd50c6d5c8a req-5aaf4ff4-d646-40fd-9a72-4dd50c6d5c8a ] Request (VolumesAdminNegativeTest:setUpClass): 201 POST http://10.180.1.21/identity/v3/users 0.112s
2025-11-20 18:57:05.869 66509 INFO tempest.lib.common.rest_client [req-e86c23e9-c00e-4f68-88bd-800f772c3ff1 req-e86c23e9-c00e-4f68-88bd-800f772c3ff1 ] Request (VolumesAdminNegativeTest:setUpClass): 200 GET http://10.180.1.21/identity/v3/roles 0.038s
2025-11-20 18:57:05.907 66485 INFO tempest.lib.common.rest_client [req-c84cab1f-fb37-4dc0-bbac-3672d26104d0 req-c84cab1f-fb37-4dc0-bbac-3672d26104d0 ] Request (ImagesMetadataTestJSON:setUp): 200 PUT http://10.180.1.21/compute/v2.1/images/1973c3ea-7876-47b1-9f3a-c8441230e70d/metadata 6.279s
2025-11-20 18:57:05.908 66509 INFO tempest.lib.common.rest_client [req-80ee1d8d-3d71-4309-930e-6c3152aedda2 req-80ee1d8d-3d71-4309-930e-6c3152aedda2 ] Request (VolumesAdminNegativeTest:setUpClass): 204 PUT http://10.180.1.21/identity/v3/projects/a73734408fad44d9aa3bc344cb05268c/users/cefc283c35104cb98b3b253f84505a21/roles/ff744261f82f4e3ba5d3266d6dd44b54 0.039s
2025-11-20 18:57:05.909 66509 INFO tempest.lib.common.dynamic_creds [-] Dynamic test user cefc283c35104cb98b3b253f84505a21 is created with scope project and roles: ['member']
2025-11-20 18:57:05.909 66509 INFO tempest.lib.common.dynamic_creds [-] Acquired dynamic creds: credentials: Credentials: {'domain_id': 'default', 'domain_name': 'Default', 'username': 'tempest-VolumesAdminNegativeTest-530114969-project-member', 'project_domain_id': 'default', 'project_domain_name': 'Default', 'project_id': 'a73734408fad44d9aa3bc344cb05268c', 'project_name': 'tempest-VolumesAdminNegativeTest-530114969', 'tenant_id': 'a73734408fad44d9aa3bc344cb05268c', 'tenant_name': 'tempest-VolumesAdminNegativeTest-530114969', 'user_domain_id': 'default', 'user_domain_name': 'Default', 'user_id': 'cefc283c35104cb98b3b253f84505a21', 'system': None}, Network: None, Subnet: None, Router: None
2025-11-20 18:57:05.928 66543 INFO tempest.lib.common.rest_client [req-98a76750-2ab1-4e4c-b497-0866d8220cbf req-98a76750-2ab1-4e4c-b497-0866d8220cbf ] Request (ServersWithSpecificFlavorTestJSON:test_verify_created_server_ephemeral_disk): 200 POST http://10.180.1.21/compute/v2.1/flavors/755998457/os-extra_specs 6.288s
2025-11-20 18:57:05.935 66526 INFO tempest.lib.common.rest_client [req-17c54dd6-9535-4717-a452-946c07495f15 req-17c54dd6-9535-4717-a452-946c07495f15 ] Request (FlavorsExtraSpecsNegativeTestJSON:test_flavor_update_mismatch_key): 400 PUT http://10.180.1.21/compute/v2.1/flavors/884545037/os-extra_specs/hw:numa_nodes 6.282s
2025-11-20 18:57:05.973 66509 INFO tempest.lib.common.rest_client [req-91abea38-57d2-4d1b-9dcd-26f66168ba96 req-91abea38-57d2-4d1b-9dcd-26f66168ba96 ] Request (VolumesAdminNegativeTest:setUpClass): 201 POST http://10.180.1.21/identity/v3/auth/tokens 0.064s
2025-11-20 18:57:06.304 66503 INFO tempest.lib.common.rest_client [req-62d75339-8a92-462b-a579-dff2b59f1d9f req-62d75339-8a92-462b-a579-dff2b59f1d9f ] Request (ServerActionsV293TestJSON:setUpClass): 200 GET http://10.180.1.21/volume/v3/volumes/af182d1b-01c5-4ba5-95d5-8b657ba222cb 0.034s
2025-11-20 18:57:06.311 66503 INFO tempest.common.waiters [-] volume af182d1b-01c5-4ba5-95d5-8b657ba222cb reached available after waiting for 19.311413 seconds
2025-11-20 18:57:07.148 66483 INFO tempest.lib.common.rest_client [req-401d95e9-7f9b-4057-9b76-4435f56498d4 req-401d95e9-7f9b-4057-9b76-4435f56498d4 ] Request (DeleteServersAdminTestJSON:test_admin_delete_servers_of_others): 200 GET http://10.180.1.21/compute/v2.1/servers/155b246e-e0fd-4c7b-b069-3756964f2bb1 7.327s
2025-11-20 18:57:07.434 66509 INFO tempest.lib.common.rest_client [req-2b1baa2f-de71-4771-b9b7-b8a919ed5cfe req-2b1baa2f-de71-4771-b9b7-b8a919ed5cfe ] Request (VolumesAdminNegativeTest:setUpClass): 201 POST http://10.180.1.21/networking/v2.0/networks 1.461s
2025-11-20 18:57:08.160 66509 INFO tempest.lib.common.rest_client [req-2acc5697-7e13-4cdf-b77c-453754fb2fcd req-2acc5697-7e13-4cdf-b77c-453754fb2fcd ] Request (VolumesAdminNegativeTest:setUpClass): 201 POST http://10.180.1.21/networking/v2.0/subnets 0.725s
2025-11-20 18:57:08.291 66537 INFO tempest.lib.common.rest_client [req-1838c8f3-ba26-4680-bfa5-59cf7f489893 req-1838c8f3-ba26-4680-bfa5-59cf7f489893 ] Request (TenantUsagesTestJSON:setUpClass): 200 GET http://10.180.1.21/compute/v2.1/servers/4b4b5386-d224-4e4b-a493-910122837697 8.300s
2025-11-20 18:57:08.489 66491 INFO tempest.lib.common.rest_client [req-81144cc0-5221-455a-b14d-015373b1f892 req-81144cc0-5221-455a-b14d-015373b1f892 ] Request (ServersTestBootFromVolume:setUpClass): 202 POST http://10.180.1.21/compute/v2.1/servers 9.304s
2025-11-20 18:57:09.059 66509 INFO tempest.lib.common.rest_client [req-af5289d4-842d-4e93-bad4-9bd39512dbde req-af5289d4-842d-4e93-bad4-9bd39512dbde ] Request (VolumesAdminNegativeTest:setUpClass): 201 POST http://10.180.1.21/networking/v2.0/routers 0.898s
2025-11-20 18:57:09.193 66487 INFO tempest.lib.common.rest_client [req-1efcf548-53f1-4b91-a709-47c3ecea5319 req-1efcf548-53f1-4b91-a709-47c3ecea5319 ] Request (MigrationsAdminTest:test_list_migrations_in_flavor_resize_situation): 200 GET http://10.180.1.21/compute/v2.1/servers/c3243a4f-d546-4063-bf31-803aba754e6d 8.833s
2025-11-20 18:57:09.200 66487 INFO tempest.common.waiters [-] State transition "BUILD/spawning" ==> "ACTIVE/None" after 22 second wait
2025-11-20 18:57:09.355 66489 INFO tempest.lib.common.rest_client [req-11dd832f-6bbc-425f-8618-8dbaf05f8fad req-11dd832f-6bbc-425f-8618-8dbaf05f8fad ] Request (QuotasAdminTestJSON:test_delete_quota): 200 GET http://10.180.1.21/compute/v2.1/os-quota-sets/ed752e8142844ec8bd1de73c5da94ea9 8.443s
2025-11-20 18:57:09.382 66522 INFO tempest.lib.common.rest_client [req-b35a168c-5aa0-4163-b91a-6b179e4468bb req-b35a168c-5aa0-4163-b91a-6b179e4468bb ] Request (HypervisorAdminNegativeUnderV252Test:test_show_servers_with_non_admin_user): 200 GET http://10.180.1.21/compute/v2.1/os-hypervisors 8.459s
2025-11-20 18:57:09.391 66495 INFO tempest.lib.common.rest_client [req-5536ed57-b0c1-4bd7-ad70-ea10e536f9d2 req-5536ed57-b0c1-4bd7-ad70-ea10e536f9d2 ] Request (HostsAdminNegativeTestJSON:test_startup_host_with_non_admin_user): 403 GET http://10.180.1.21/compute/v2.1/os-hosts/devstack/startup 8.457s
2025-11-20 18:57:09.431 66513 INFO tempest.lib.common.rest_client [req-7e2c33e2-f84d-4dc3-a907-5df8b3002887 req-7e2c33e2-f84d-4dc3-a907-5df8b3002887 ] Request (ServicesAdminNegativeV253TestJSON:test_get_service_with_valid_service_and_invalid_host): 200 GET http://10.180.1.21/compute/v2.1/os-services?host=xxx&binary=nova-scheduler 8.474s
2025-11-20 18:57:09.473 66515 INFO tempest.lib.common.rest_client [req-0883f169-b3de-4daa-8a42-caa64efdb6e0 req-0883f169-b3de-4daa-8a42-caa64efdb6e0 ] Request (HostsAdminTestJSON:test_show_host_detail): 200 GET http://10.180.1.21/compute/v2.1/os-hosts 8.476s
2025-11-20 18:57:09.489 66489 INFO tempest.lib.common.rest_client [req-4369aa30-ae92-42cb-819f-a861e9a59ec3 req-4369aa30-ae92-42cb-819f-a861e9a59ec3 ] Request (QuotasAdminTestJSON:_run_cleanups): 204 DELETE http://10.180.1.21/identity/v3/projects/ed752e8142844ec8bd1de73c5da94ea9 0.131s
2025-11-20 18:57:09.503 66529 INFO tempest.lib.common.rest_client [req-b2f61559-6ecf-4989-9103-99c25eb483e8 req-b2f61559-6ecf-4989-9103-99c25eb483e8 ] Request (AggregatesAdminNegativeTestJSON:_run_cleanups): 200 DELETE http://10.180.1.21/compute/v2.1/os-aggregates/2 8.442s
2025-11-20 18:57:09.533 66497 INFO tempest.lib.common.rest_client [req-f5b8602b-b440-457b-84e6-9d44c334bc5e req-f5b8602b-b440-457b-84e6-9d44c334bc5e ] Request (ServerGroupTestJSON:test_create_delete_multiple_server_groups_with_same_name_policy): 204 DELETE http://10.180.1.21/compute/v2.1/os-server-groups/3804704b-eb46-4a32-8649-8bf7b243a9e2 8.448s
2025-11-20 18:57:09.543 66533 INFO tempest.lib.common.rest_client [req-69377a7d-98ba-4586-a0e5-41ca5406eb79 req-69377a7d-98ba-4586-a0e5-41ca5406eb79 ] Request (HypervisorAdminNegativeTestJSON:test_show_nonexistent_hypervisor): 404 GET http://10.180.1.21/compute/v2.1/os-hypervisors/fc124ba1-1d25-4cb6-9502-4ace87a32460 8.452s
2025-11-20 18:57:09.565 66505 INFO tempest.lib.common.rest_client [req-1347254f-b725-498d-8d28-55956fd73306 req-1347254f-b725-498d-8d28-55956fd73306 ] Request (FlavorsAccessTestJSON:test_flavor_access_list_with_private_flavor): 200 GET http://10.180.1.21/compute/v2.1/flavors/1763764067/os-flavor-access 8.457s
2025-11-20 18:57:09.686 66533 INFO tempest.lib.common.rest_client [req-0fe69592-0dfd-4f7e-ae20-5a37d5f29b08 req-0fe69592-0dfd-4f7e-ae20-5a37d5f29b08 ] Request (HypervisorAdminNegativeTestJSON:tearDownClass): 204 DELETE http://10.180.1.21/identity/v3/users/2618be83b6d94e42835ff19385ef5521 0.141s
