2025-11-20 18:57:50.074 66529 INFO tempest.lib.common.rest_client [req-3e6c7209-1fa4-459c-bb12-3ea27d61c4dc req-3e6c7209-1fa4-459c-bb12-3ea27d61c4dc ] Request (AggregatesAdminNegativeTestJSON:test_aggregate_delete_as_user): 403 DELETE http://10.180.1.21/compute/v2.1/os-aggregates/5 3.141s
2025-11-20 18:57:50.084 66527 INFO tempest.lib.common.rest_client [req-911887df-a359-4844-91ab-1f06ea6a35a0 req-911887df-a359-4844-91ab-1f06ea6a35a0 ] Request (SecurityGroupRulesNegativeTestJSON:test_create_security_group_rule_with_invalid_port_range): 400 POST http://10.180.1.21/compute/v2.1/os-security-group-rules 3.185s
2025-11-20 18:57:50.130 66535 INFO tempest.lib.common.rest_client [req-1a693554-74f6-4531-9783-6d5b2da88db8 req-1a693554-74f6-4531-9783-6d5b2da88db8 ] Request (ServerDiagnosticsTest:tearDownClass): 204 DELETE http://10.180.1.21/identity/v3/projects/a7a37f91f2b747ffb26f2c81d72b42ad 0.123s
2025-11-20 18:57:50.142 66511 INFO tempest.lib.common.rest_client [req-aff837c2-76f0-4f5f-924d-1b4602bb7dc9 req-aff837c2-76f0-4f5f-924d-1b4602bb7dc9 ] Request (FlavorsAccessNegativeTestJSON:_run_cleanups): 200 GET http://10.180.1.21/compute/v2.1/flavors/detail 2.540s
2025-11-20 18:57:50.156 66517 INFO tempest.lib.common.rest_client [req-3a3866ae-6420-4ccb-93bd-9efc05aa1013 req-3a3866ae-6420-4ccb-93bd-9efc05aa1013 ] Request (FlavorsAdminTestJSON:test_create_list_flavor_without_extra_data): 200 GET http://10.180.1.21/compute/v2.1/flavors/1926668043 2.459s
2025-11-20 18:57:50.176 66503 WARNING tempest.lib.common.ssh [-] Failed to establish authenticated ssh connection to cirros@10.180.180.219 ([Errno None] Unable to connect to port 22 on 10.180.180.219). Number attempts: 2. Retry after 3 seconds.: paramiko.ssh_exception.NoValidConnectionsError: [Errno None] Unable to connect to port 22 on 10.180.180.219
2025-11-20 18:57:50.237 66535 INFO tempest.lib.common.rest_client [req-87bb2122-6869-420b-979a-ef5b3ba1056d req-87bb2122-6869-420b-979a-ef5b3ba1056d ] Request (ServicesAdminTestJSON:setUpClass): 201 POST http://10.180.1.21/identity/v3/auth/tokens 0.105s
2025-11-20 18:57:50.240 66499 INFO tempest.lib.common.rest_client [req-9f3a9edb-1c77-4c77-ba77-e81939b89eb7 req-9f3a9edb-1c77-4c77-ba77-e81939b89eb7 ] Request (FlavorsExtraSpecsTestJSON:tearDownClass): 200 GET http://10.180.1.21/networking/v2.0/security-groups?tenant_id=c22800ce2ae344fbb6100637cf395157&name=default 0.342s
2025-11-20 18:57:50.279 66535 INFO tempest.lib.common.rest_client [req-b05eaaa1-5c0f-4227-a10b-61e8e99498b7 req-b05eaaa1-5c0f-4227-a10b-61e8e99498b7 ] Request (ServicesAdminTestJSON:setUpClass): 201 POST http://10.180.1.21/identity/v3/auth/tokens 0.039s
2025-11-20 18:57:50.307 66535 INFO tempest.lib.common.rest_client [req-563b1029-9dec-4933-a749-92830175a0b9 req-563b1029-9dec-4933-a749-92830175a0b9 ] Request (ServicesAdminTestJSON:setUpClass): 200 GET http://10.180.1.21/identity/v3/domains?name=Default 0.028s
2025-11-20 18:57:50.340 66535 INFO tempest.lib.common.rest_client [req-9b3791e2-feff-47ea-892e-ab11154eb2ea req-9b3791e2-feff-47ea-892e-ab11154eb2ea ] Request (ServicesAdminTestJSON:setUpClass): 201 POST http://10.180.1.21/identity/v3/projects 0.032s
2025-11-20 18:57:50.343 66526 INFO tempest.lib.common.rest_client [req-fab7e338-f058-4d45-8383-2a5adc4b9a6b req-fab7e338-f058-4d45-8383-2a5adc4b9a6b ] Request (FlavorsV261TestJSON:tearDownClass): 204 DELETE http://10.180.1.21/networking/v2.0/security-groups/277c7d2e-c8b0-4c53-9695-44fb188203cf 0.417s
2025-11-20 18:57:50.419 66535 INFO tempest.lib.common.rest_client [req-af042e57-8932-4fa7-a5ea-132bbda99811 req-af042e57-8932-4fa7-a5ea-132bbda99811 ] Request (ServicesAdminTestJSON:setUpClass): 201 POST http://10.180.1.21/identity/v3/users 0.078s
2025-11-20 18:57:50.432 66513 INFO tempest.lib.common.rest_client [req-6ced2c0f-c2ec-4bbf-9471-1edcdeea6883 req-6ced2c0f-c2ec-4bbf-9471-1edcdeea6883 ] Request (FloatingIPsTestJSON:_run_cleanups): 404 DELETE http://10.180.1.21/compute/v2.1/os-floating-ips/1227eea3-94ba-4ee1-82c3-8cdde79d7e3b 2.854s
2025-11-20 18:57:50.464 66535 INFO tempest.lib.common.rest_client [req-dab6bcba-399f-48a8-8360-c2edeb1d1471 req-dab6bcba-399f-48a8-8360-c2edeb1d1471 ] Request (ServicesAdminTestJSON:setUpClass): 200 GET http://10.180.1.21/identity/v3/roles 0.044s
2025-11-20 18:57:50.512 66526 INFO tempest.lib.common.rest_client [req-6d8e1d95-de40-4877-b52d-2cb0700baf34 req-6d8e1d95-de40-4877-b52d-2cb0700baf34 ] Request (FlavorsV261TestJSON:tearDownClass): 204 DELETE http://10.180.1.21/identity/v3/projects/b805ca4efdf14e8dabc28adcaf92f01a 0.169s
2025-11-20 18:57:50.555 66526 INFO tempest.lib.common.rest_client [req-41a78b95-60a3-4c73-82a6-02a4cc28ca70 req-41a78b95-60a3-4c73-82a6-02a4cc28ca70 ] Request (FloatingIPDetailsTestJSON:setUpClass): 201 POST http://10.180.1.21/identity/v3/auth/tokens 0.040s
2025-11-20 18:57:50.567 66535 INFO tempest.lib.common.rest_client [req-8a5f8f14-53e0-4be3-a3e5-a3d48426bdf6 req-8a5f8f14-53e0-4be3-a3e5-a3d48426bdf6 ] Request (ServicesAdminTestJSON:setUpClass): 204 PUT http://10.180.1.21/identity/v3/projects/f93a78aeaf5747769e9c5fc5091cca50/users/462982357c854e17b41009f0b123fdc3/roles/ff744261f82f4e3ba5d3266d6dd44b54 0.102s
2025-11-20 18:57:50.567 66535 INFO tempest.lib.common.dynamic_creds [-] Dynamic test user 462982357c854e17b41009f0b123fdc3 is created with scope project and roles: ['member']
2025-11-20 18:57:50.567 66535 INFO tempest.lib.common.dynamic_creds [-] Acquired dynamic creds: credentials: Credentials: {'domain_id': 'default', 'domain_name': 'Default', 'username': 'tempest-ServicesAdminTestJSON-1833151615-project-member', 'project_domain_id': 'default', 'project_domain_name': 'Default', 'project_id': 'f93a78aeaf5747769e9c5fc5091cca50', 'project_name': 'tempest-ServicesAdminTestJSON-1833151615', 'tenant_id': 'f93a78aeaf5747769e9c5fc5091cca50', 'tenant_name': 'tempest-ServicesAdminTestJSON-1833151615', 'user_domain_id': 'default', 'user_domain_name': 'Default', 'user_id': '462982357c854e17b41009f0b123fdc3', 'system': None}, Network: None, Subnet: None, Router: None
2025-11-20 18:57:50.567 66535 INFO tempest.lib.common.dynamic_creds [-] Created isolated network resources for: credentials: Credentials: {'domain_id': 'default', 'domain_name': 'Default', 'username': 'tempest-ServicesAdminTestJSON-1833151615-project-member', 'project_domain_id': 'default', 'project_domain_name': 'Default', 'project_id': 'f93a78aeaf5747769e9c5fc5091cca50', 'project_name': 'tempest-ServicesAdminTestJSON-1833151615', 'tenant_id': 'f93a78aeaf5747769e9c5fc5091cca50', 'tenant_name': 'tempest-ServicesAdminTestJSON-1833151615', 'user_domain_id': 'default', 'user_domain_name': 'Default', 'user_id': '462982357c854e17b41009f0b123fdc3', 'system': None}, Network: None, Subnet: None, Router: None
2025-11-20 18:57:50.639 66526 INFO tempest.lib.common.rest_client [req-1f9bbaf6-b541-404e-a9ac-4d1787a15a2d req-1f9bbaf6-b541-404e-a9ac-4d1787a15a2d ] Request (FloatingIPDetailsTestJSON:setUpClass): 201 POST http://10.180.1.21/identity/v3/auth/tokens 0.080s
2025-11-20 18:57:50.651 66499 INFO tempest.lib.common.rest_client [req-854a7fff-57b0-4ec7-8478-c14876db8504 req-854a7fff-57b0-4ec7-8478-c14876db8504 ] Request (FlavorsExtraSpecsTestJSON:tearDownClass): 204 DELETE http://10.180.1.21/networking/v2.0/security-groups/b8e14fdb-4bbd-4828-8be9-284ef92ed880 0.410s
2025-11-20 18:57:50.666 66535 INFO tempest.lib.common.rest_client [req-955e4049-949f-4358-9f5f-5dbc8aa934c8 req-955e4049-949f-4358-9f5f-5dbc8aa934c8 ] Request (ServicesAdminTestJSON:setUpClass): 201 POST http://10.180.1.21/identity/v3/auth/tokens 0.096s
2025-11-20 18:57:50.670 66526 INFO tempest.lib.common.rest_client [req-ebd07bf4-08ff-44aa-815f-7d045dcdde70 req-ebd07bf4-08ff-44aa-815f-7d045dcdde70 ] Request (FloatingIPDetailsTestJSON:setUpClass): 200 GET http://10.180.1.21/identity/v3/domains?name=Default 0.030s
2025-11-20 18:57:50.708 66489 INFO tempest.lib.common.rest_client [req-e9aa835c-32c8-4c49-bfae-e1af5ccc3a1a req-e9aa835c-32c8-4c49-bfae-e1af5ccc3a1a ] Request (FloatingIPDetailsNegativeTestJSON:setUpClass): 201 POST http://10.180.1.21/networking/v2.0/routers 1.350s
2025-11-20 18:57:50.717 66535 INFO tempest.lib.common.rest_client [req-fdf621fe-2663-4290-9e80-e689d19a8b75 req-fdf621fe-2663-4290-9e80-e689d19a8b75 ] Request (ServicesAdminTestJSON:setUpClass): 201 POST http://10.180.1.21/identity/v3/projects 0.049s
2025-11-20 18:57:50.760 66499 INFO tempest.lib.common.rest_client [req-a9e3066f-2f48-4d62-a4c1-61c425f1a8c5 req-a9e3066f-2f48-4d62-a4c1-61c425f1a8c5 ] Request (FlavorsExtraSpecsTestJSON:tearDownClass): 204 DELETE http://10.180.1.21/identity/v3/projects/c22800ce2ae344fbb6100637cf395157 0.109s
2025-11-20 18:57:50.810 66526 INFO tempest.lib.common.rest_client [req-bcc1b5cd-7b1c-4d9d-acf1-5fdfa707098a req-bcc1b5cd-7b1c-4d9d-acf1-5fdfa707098a ] Request (FloatingIPDetailsTestJSON:setUpClass): 201 POST http://10.180.1.21/identity/v3/projects 0.139s
2025-11-20 18:57:50.823 66535 INFO tempest.lib.common.rest_client [req-e43cc3fb-040f-4441-bfd1-7c7aa2ed7c6b req-e43cc3fb-040f-4441-bfd1-7c7aa2ed7c6b ] Request (ServicesAdminTestJSON:setUpClass): 201 POST http://10.180.1.21/identity/v3/users 0.106s
2025-11-20 18:57:50.866 66499 INFO tempest.lib.common.rest_client [req-6ebef239-f395-4908-b8c9-41c86b72e3c3 req-6ebef239-f395-4908-b8c9-41c86b72e3c3 ] Request (QuotasAdminNegativeTest:setUpClass): 201 POST http://10.180.1.21/identity/v3/auth/tokens 0.104s
2025-11-20 18:57:50.883 66526 INFO tempest.lib.common.rest_client [req-f8de42bd-e043-4e9c-99ae-830c70941f18 req-f8de42bd-e043-4e9c-99ae-830c70941f18 ] Request (FloatingIPDetailsTestJSON:setUpClass): 201 POST http://10.180.1.21/identity/v3/users 0.073s
2025-11-20 18:57:50.886 66535 INFO tempest.lib.common.rest_client [req-cad56bb7-0108-4f30-ae8e-cac517bebf4e req-cad56bb7-0108-4f30-ae8e-cac517bebf4e ] Request (ServicesAdminTestJSON:setUpClass): 200 GET http://10.180.1.21/identity/v3/roles 0.062s
2025-11-20 18:57:50.903 66526 INFO tempest.lib.common.rest_client [req-a64e2e03-39fb-4b68-9be6-ff8914839486 req-a64e2e03-39fb-4b68-9be6-ff8914839486 ] Request (FloatingIPDetailsTestJSON:setUpClass): 200 GET http://10.180.1.21/identity/v3/roles 0.018s
2025-11-20 18:57:50.908 66499 INFO tempest.lib.common.rest_client [req-acc03dcd-c2a0-4789-95d4-98bbbf13f7d1 req-acc03dcd-c2a0-4789-95d4-98bbbf13f7d1 ] Request (QuotasAdminNegativeTest:setUpClass): 201 POST http://10.180.1.21/identity/v3/auth/tokens 0.036s
2025-11-20 18:57:50.926 66535 INFO tempest.lib.common.rest_client [req-8e03477f-3bad-4738-9dc2-300079a7d3bc req-8e03477f-3bad-4738-9dc2-300079a7d3bc ] Request (ServicesAdminTestJSON:setUpClass): 204 PUT http://10.180.1.21/identity/v3/projects/ab343f5e4ade41bd934d09f7c6b0d3f5/users/989bfd6361b54c9089c55b683c54af30/roles/f5b36ec7022e427e8a84a42efcd40379 0.039s
2025-11-20 18:57:50.932 66526 INFO tempest.lib.common.rest_client [req-595be4bf-e465-4bc6-8d93-d393037a6973 req-595be4bf-e465-4bc6-8d93-d393037a6973 ] Request (FloatingIPDetailsTestJSON:setUpClass): 204 PUT http://10.180.1.21/identity/v3/projects/ab2d53b1761743f383ada2940c3888c4/users/7867aa583fb3401b9a06974ea41c4a89/roles/ff744261f82f4e3ba5d3266d6dd44b54 0.028s
2025-11-20 18:57:50.932 66526 INFO tempest.lib.common.dynamic_creds [-] Dynamic test user 7867aa583fb3401b9a06974ea41c4a89 is created with scope project and roles: ['member']
2025-11-20 18:57:50.932 66526 INFO tempest.lib.common.dynamic_creds [-] Acquired dynamic creds: credentials: Credentials: {'domain_id': 'default', 'domain_name': 'Default', 'username': 'tempest-FloatingIPDetailsTestJSON-88526705-project-member', 'project_domain_id': 'default', 'project_domain_name': 'Default', 'project_id': 'ab2d53b1761743f383ada2940c3888c4', 'project_name': 'tempest-FloatingIPDetailsTestJSON-88526705', 'tenant_id': 'ab2d53b1761743f383ada2940c3888c4', 'tenant_name': 'tempest-FloatingIPDetailsTestJSON-88526705', 'user_domain_id': 'default', 'user_domain_name': 'Default', 'user_id': '7867aa583fb3401b9a06974ea41c4a89', 'system': None}, Network: None, Subnet: None, Router: None
2025-11-20 18:57:50.983 66535 INFO tempest.lib.common.rest_client [req-4470e6dc-b111-4e1d-8ef6-91c9424810ef req-4470e6dc-b111-4e1d-8ef6-91c9424810ef ] Request (ServicesAdminTestJSON:setUpClass): 200 GET http://10.180.1.21/identity/v3/roles 0.056s
2025-11-20 18:57:50.989 66499 INFO tempest.lib.common.rest_client [req-c3320961-29ba-443b-954a-2a5d5b1a1822 req-c3320961-29ba-443b-954a-2a5d5b1a1822 ] Request (QuotasAdminNegativeTest:setUpClass): 200 GET http://10.180.1.21/identity/v3/domains?name=Default 0.081s
2025-11-20 18:57:51.012 66526 INFO tempest.lib.common.rest_client [req-3141f534-2016-450a-8822-227f2f9a2251 req-3141f534-2016-450a-8822-227f2f9a2251 ] Request (FloatingIPDetailsTestJSON:setUpClass): 201 POST http://10.180.1.21/identity/v3/auth/tokens 0.079s
2025-11-20 18:57:51.014 66535 INFO tempest.lib.common.rest_client [req-2bb3cd6e-1b82-4804-bbff-0a6c4d19f596 req-2bb3cd6e-1b82-4804-bbff-0a6c4d19f596 ] Request (ServicesAdminTestJSON:setUpClass): 204 PUT http://10.180.1.21/identity/v3/projects/ab343f5e4ade41bd934d09f7c6b0d3f5/users/989bfd6361b54c9089c55b683c54af30/roles/f5b36ec7022e427e8a84a42efcd40379 0.031s
2025-11-20 18:57:51.014 66535 INFO tempest.lib.common.dynamic_creds [-] Dynamic test user 989bfd6361b54c9089c55b683c54af30 is created with scope project and roles: ['admin']
2025-11-20 18:57:51.015 66535 INFO tempest.lib.common.dynamic_creds [-] Acquired dynamic creds: credentials: Credentials: {'domain_id': 'default', 'domain_name': 'Default', 'username': 'tempest-ServicesAdminTestJSON-1320261887-project-admin', 'project_domain_id': 'default', 'project_domain_name': 'Default', 'project_id': 'ab343f5e4ade41bd934d09f7c6b0d3f5', 'project_name': 'tempest-ServicesAdminTestJSON-1320261887', 'tenant_id': 'ab343f5e4ade41bd934d09f7c6b0d3f5', 'tenant_name': 'tempest-ServicesAdminTestJSON-1320261887', 'user_domain_id': 'default', 'user_domain_name': 'Default', 'user_id': '989bfd6361b54c9089c55b683c54af30', 'system': None}, Network: None, Subnet: None, Router: None
2025-11-20 18:57:51.015 66535 INFO tempest.lib.common.dynamic_creds [-] Created isolated network resources for: credentials: Credentials: {'domain_id': 'default', 'domain_name': 'Default', 'username': 'tempest-ServicesAdminTestJSON-1320261887-project-admin', 'project_domain_id': 'default', 'project_domain_name': 'Default', 'project_id': 'ab343f5e4ade41bd934d09f7c6b0d3f5', 'project_name': 'tempest-ServicesAdminTestJSON-1320261887', 'tenant_id': 'ab343f5e4ade41bd934d09f7c6b0d3f5', 'tenant_name': 'tempest-ServicesAdminTestJSON-1320261887', 'user_domain_id': 'default', 'user_domain_name': 'Default', 'user_id': '989bfd6361b54c9089c55b683c54af30', 'system': None}, Network: None, Subnet: None, Router: None
2025-11-20 18:57:51.077 66499 INFO tempest.lib.common.rest_client [req-9eae3bc7-9821-44b7-bb5b-6913747c76a5 req-9eae3bc7-9821-44b7-bb5b-6913747c76a5 ] Request (QuotasAdminNegativeTest:setUpClass): 201 POST http://10.180.1.21/identity/v3/projects 0.086s
2025-11-20 18:57:51.105 66535 INFO tempest.lib.common.rest_client [req-1f650bfb-5bc9-4aff-8f1e-1ba9a75f2f1f req-1f650bfb-5bc9-4aff-8f1e-1ba9a75f2f1f ] Request (ServicesAdminTestJSON:setUpClass): 201 POST http://10.180.1.21/identity/v3/auth/tokens 0.086s
2025-11-20 18:57:51.137 66541 INFO tempest.lib.common.rest_client [req-24e02938-529a-4388-a0a8-432a14d48676 req-24e02938-529a-4388-a0a8-432a14d48676 ] Request (FloatingIPsAssociationTestJSON:test_associate_already_associated_floating_ip): 200 GET http://10.180.1.21/compute/v2.1/servers/4e59bfd9-aa85-45a4-b5da-724331fe7da9 3.425s
2025-11-20 18:57:51.145 66541 INFO tempest.common.waiters [-] State transition "BUILD/spawning" ==> "ACTIVE/None" after 23 second wait
2025-11-20 18:57:51.148 66499 INFO tempest.lib.common.rest_client [req-e3870b43-3af3-4f3b-9893-36e8708589ff req-e3870b43-3af3-4f3b-9893-36e8708589ff ] Request (QuotasAdminNegativeTest:setUpClass): 201 POST http://10.180.1.21/identity/v3/users 0.069s
2025-11-20 18:57:51.171 66499 INFO tempest.lib.common.rest_client [req-784632ca-1899-4a61-b93e-a6a6a8fde81e req-784632ca-1899-4a61-b93e-a6a6a8fde81e ] Request (QuotasAdminNegativeTest:setUpClass): 200 GET http://10.180.1.21/identity/v3/roles 0.022s
2025-11-20 18:57:51.201 66499 INFO tempest.lib.common.rest_client [req-fd65e77b-8677-4c31-901c-d2b94cdd8a37 req-fd65e77b-8677-4c31-901c-d2b94cdd8a37 ] Request (QuotasAdminNegativeTest:setUpClass): 204 PUT http://10.180.1.21/identity/v3/projects/e059277f57bb4eada5d5470f3de2f9e6/users/03151e272ec548dcaa96c1fa97123687/roles/ff744261f82f4e3ba5d3266d6dd44b54 0.029s
2025-11-20 18:57:51.201 66499 INFO tempest.lib.common.dynamic_creds [-] Dynamic test user 03151e272ec548dcaa96c1fa97123687 is created with scope project and roles: ['member']
2025-11-20 18:57:51.201 66499 INFO tempest.lib.common.dynamic_creds [-] Acquired dynamic creds: credentials: Credentials: {'domain_id': 'default', 'domain_name': 'Default', 'username': 'tempest-QuotasAdminNegativeTest-1465015830-project-member', 'project_domain_id': 'default', 'project_domain_name': 'Default', 'project_id': 'e059277f57bb4eada5d5470f3de2f9e6', 'project_name': 'tempest-QuotasAdminNegativeTest-1465015830', 'tenant_id': 'e059277f57bb4eada5d5470f3de2f9e6', 'tenant_name': 'tempest-QuotasAdminNegativeTest-1465015830', 'user_domain_id': 'default', 'user_domain_name': 'Default', 'user_id': '03151e272ec548dcaa96c1fa97123687', 'system': None}, Network: None, Subnet: None, Router: None
2025-11-20 18:57:51.201 66499 INFO tempest.lib.common.dynamic_creds [-] Created isolated network resources for: credentials: Credentials: {'domain_id': 'default', 'domain_name': 'Default', 'username': 'tempest-QuotasAdminNegativeTest-1465015830-project-member', 'project_domain_id': 'default', 'project_domain_name': 'Default', 'project_id': 'e059277f57bb4eada5d5470f3de2f9e6', 'project_name': 'tempest-QuotasAdminNegativeTest-1465015830', 'tenant_id': 'e059277f57bb4eada5d5470f3de2f9e6', 'tenant_name': 'tempest-QuotasAdminNegativeTest-1465015830', 'user_domain_id': 'default', 'user_domain_name': 'Default', 'user_id': '03151e272ec548dcaa96c1fa97123687', 'system': None}, Network: None, Subnet: None, Router: None
2025-11-20 18:57:51.301 66499 INFO tempest.lib.common.rest_client [req-491a01dc-3f23-4385-bd30-d14d48d5e0df req-491a01dc-3f23-4385-bd30-d14d48d5e0df ] Request (QuotasAdminNegativeTest:setUpClass): 201 POST http://10.180.1.21/identity/v3/auth/tokens 0.096s
2025-11-20 18:57:51.357 66499 INFO tempest.lib.common.rest_client [req-026217f7-fbae-4702-b7bb-80a7e3382978 req-026217f7-fbae-4702-b7bb-80a7e3382978 ] Request (QuotasAdminNegativeTest:setUpClass): 201 POST http://10.180.1.21/identity/v3/projects 0.056s
2025-11-20 18:57:51.431 66499 INFO tempest.lib.common.rest_client [req-b7abe58f-96e5-419d-a211-401f1b1841d6 req-b7abe58f-96e5-419d-a211-401f1b1841d6 ] Request (QuotasAdminNegativeTest:setUpClass): 201 POST http://10.180.1.21/identity/v3/users 0.073s
2025-11-20 18:57:51.456 66499 INFO tempest.lib.common.rest_client [req-36615521-de14-4510-b7f1-948c78fcfbd9 req-36615521-de14-4510-b7f1-948c78fcfbd9 ] Request (QuotasAdminNegativeTest:setUpClass): 200 GET http://10.180.1.21/identity/v3/roles 0.025s
2025-11-20 18:57:51.494 66499 INFO tempest.lib.common.rest_client [req-b71c963d-f6a9-45e4-b9c6-87b86a85bac6 req-b71c963d-f6a9-45e4-b9c6-87b86a85bac6 ] Request (QuotasAdminNegativeTest:setUpClass): 204 PUT http://10.180.1.21/identity/v3/projects/5d6800f2e003476883afc31bef850df0/users/7f662c40d79544fb8d881c864757dde5/roles/f5b36ec7022e427e8a84a42efcd40379 0.037s
2025-11-20 18:57:51.558 66499 INFO tempest.lib.common.rest_client [req-75764fd1-4c64-421e-b635-ec32e9526fa0 req-75764fd1-4c64-421e-b635-ec32e9526fa0 ] Request (QuotasAdminNegativeTest:setUpClass): 200 GET http://10.180.1.21/identity/v3/roles 0.063s
2025-11-20 18:57:51.583 66499 INFO tempest.lib.common.rest_client [req-7cf336ca-aacf-4645-b862-df0338b314d3 req-7cf336ca-aacf-4645-b862-df0338b314d3 ] Request (QuotasAdminNegativeTest:setUpClass): 204 PUT http://10.180.1.21/identity/v3/projects/5d6800f2e003476883afc31bef850df0/users/7f662c40d79544fb8d881c864757dde5/roles/f5b36ec7022e427e8a84a42efcd40379 0.024s
2025-11-20 18:57:51.583 66499 INFO tempest.lib.common.dynamic_creds [-] Dynamic test user 7f662c40d79544fb8d881c864757dde5 is created with scope project and roles: ['admin']
2025-11-20 18:57:51.584 66499 INFO tempest.lib.common.dynamic_creds [-] Acquired dynamic creds: credentials: Credentials: {'domain_id': 'default', 'domain_name': 'Default', 'username': 'tempest-QuotasAdminNegativeTest-1956022195-project-admin', 'project_domain_id': 'default', 'project_domain_name': 'Default', 'project_id': '5d6800f2e003476883afc31bef850df0', 'project_name': 'tempest-QuotasAdminNegativeTest-1956022195', 'tenant_id': '5d6800f2e003476883afc31bef850df0', 'tenant_name': 'tempest-QuotasAdminNegativeTest-1956022195', 'user_domain_id': 'default', 'user_domain_name': 'Default', 'user_id': '7f662c40d79544fb8d881c864757dde5', 'system': None}, Network: None, Subnet: None, Router: None
2025-11-20 18:57:51.584 66499 INFO tempest.lib.common.dynamic_creds [-] Created isolated network resources for: credentials: Credentials: {'domain_id': 'default', 'domain_name': 'Default', 'username': 'tempest-QuotasAdminNegativeTest-1956022195-project-admin', 'project_domain_id': 'default', 'project_domain_name': 'Default', 'project_id': '5d6800f2e003476883afc31bef850df0', 'project_name': 'tempest-QuotasAdminNegativeTest-1956022195', 'tenant_id': '5d6800f2e003476883afc31bef850df0', 'tenant_name': 'tempest-QuotasAdminNegativeTest-1956022195', 'user_domain_id': 'default', 'user_domain_name': 'Default', 'user_id': '7f662c40d79544fb8d881c864757dde5', 'system': None}, Network: None, Subnet: None, Router: None
2025-11-20 18:57:51.591 66513 INFO tempest.lib.common.rest_client [req-c2497f31-2fb4-492c-ad6c-0298e6b1f57a req-c2497f31-2fb4-492c-ad6c-0298e6b1f57a ] Request (FloatingIPsTestJSON:tearDownClass): 200 PUT http://10.180.1.21/networking/v2.0/routers/e488386f-18f3-4d8a-8a79-39f929200e93/remove_router_interface 1.157s
2025-11-20 18:57:51.685 66499 INFO tempest.lib.common.rest_client [req-4b26f890-52c9-4e3e-be4e-b34691647d39 req-4b26f890-52c9-4e3e-be4e-b34691647d39 ] Request (QuotasAdminNegativeTest:setUpClass): 201 POST http://10.180.1.21/identity/v3/auth/tokens 0.098s
2025-11-20 18:57:51.686 66499 WARNING tempest.lib.common.rest_client [-] Deprecated: "tenant_id" property is deprecated for removal, use "project_id" instead
2025-11-20 18:57:52.085 66489 INFO tempest.lib.common.rest_client [req-7c1f9144-0dda-4f08-b446-abbbbe01f1f8 req-7c1f9144-0dda-4f08-b446-abbbbe01f1f8 ] Request (FloatingIPDetailsNegativeTestJSON:setUpClass): 200 PUT http://10.180.1.21/networking/v2.0/routers/751e47a2-75c6-4ba9-ad20-23d1c613187b/add_router_interface 1.377s
2025-11-20 18:57:52.085 66489 INFO tempest.lib.common.dynamic_creds [-] Created isolated network resources for: credentials: Credentials: {'domain_id': 'default', 'domain_name': 'Default', 'username': 'tempest-FloatingIPDetailsNegativeTestJSON-967326114-project-member', 'project_domain_id': 'default', 'project_domain_name': 'Default', 'project_id': 'dc8e1de78f3e4d1594911c8fea8e2327', 'project_name': 'tempest-FloatingIPDetailsNegativeTestJSON-967326114', 'tenant_id': 'dc8e1de78f3e4d1594911c8fea8e2327', 'tenant_name': 'tempest-FloatingIPDetailsNegativeTestJSON-967326114', 'user_domain_id': 'default', 'user_domain_name': 'Default', 'user_id': '663ce4d6f63c48f2a9ea2aead7f04f71', 'system': None}, Network: {'id': 'f67320ea-ff56-490e-94ab-0e4e61fbcde8', 'name': 'tempest-FloatingIPDetailsNegativeTestJSON-1013156921-network', 'tenant_id': 'dc8e1de78f3e4d1594911c8fea8e2327', 'project_id': 'dc8e1de78f3e4d1594911c8fea8e2327', 'admin_state_up': True, 'mtu': 8950, 'status': 'ACTIVE', 'subnets': [], 'shared': False, 'port_security_enabled': True, 'router:external': False, 'provider:network_type': 'vlan', 'provider:physical_network': 'default', 'provider:segmentation_id': 33, 'availability_zone_hints': [], 'availability_zones': [], 'ipv4_address_scope': None, 'ipv6_address_scope': None, 'description': '', 'tags': [], 'created_at': '2025-11-20T18:57:48Z', 'updated_at': '2025-11-20T18:57:48Z', 'revision_number': 1}, Subnet: {'id': '3a574031-938b-41eb-818a-2c61de7f0d52', 'name': 'tempest-FloatingIPDetailsNegativeTestJSON-1013156921-subnet', 'tenant_id': 'dc8e1de78f3e4d1594911c8fea8e2327', 'network_id': 'f67320ea-ff56-490e-94ab-0e4e61fbcde8', 'ip_version': 4, 'subnetpool_id': None, 'enable_dhcp': True, 'ipv6_ra_mode': None, 'ipv6_address_mode': None, 'gateway_ip': '192.168.128.1', 'cidr': '192.168.128.0/28', 'allocation_pools': [{'start': '192.168.128.2', 'end': '192.168.128.14'}], 'host_routes': [], 'dns_nameservers': [], 'description': '', 'router:external': False, 'service_types': [], 'tags': [], 'created_at': '2025-11-20T18:57:49Z', 'updated_at': '2025-11-20T18:57:49Z', 'revision_number': 0, 'project_id': 'dc8e1de78f3e4d1594911c8fea8e2327'}, Router: {'id': '751e47a2-75c6-4ba9-ad20-23d1c613187b', 'name': 'tempest-FloatingIPDetailsNegativeTestJSON-1013156921-router', 'tenant_id': 'dc8e1de78f3e4d1594911c8fea8e2327', 'admin_state_up': True, 'status': 'ACTIVE', 'external_gateway_info': {'network_id': 'a390ba00-d4b5-41f2-93e4-2147b5b0f12c', 'external_fixed_ips': [{'subnet_id': '61e4f80a-0409-477c-a43b-3192ee33929f', 'ip_address': '10.180.180.130'}], 'enable_snat': True}, 'description': '', 'availability_zones': [], 'distributed': False, 'ha': False, 'availability_zone_hints': [], 'routes': [], 'flavor_id': None, 'tags': [], 'created_at': '2025-11-20T18:57:49Z', 'updated_at': '2025-11-20T18:57:50Z', 'revision_number': 2, 'project_id': 'dc8e1de78f3e4d1594911c8fea8e2327'}
2025-11-20 18:57:52.156 66489 INFO tempest.lib.common.rest_client [req-e2dbf575-435c-48b4-88d7-6073ff94ca96 req-e2dbf575-435c-48b4-88d7-6073ff94ca96 ] Request (FloatingIPDetailsNegativeTestJSON:setUpClass): 201 POST http://10.180.1.21/identity/v3/auth/tokens 0.067s
2025-11-20 18:57:52.396 66526 INFO tempest.lib.common.rest_client [req-3fb11db6-4f18-4ede-b344-4c2eb5b37230 req-3fb11db6-4f18-4ede-b344-4c2eb5b37230 ] Request (FloatingIPDetailsTestJSON:setUpClass): 201 POST http://10.180.1.21/networking/v2.0/networks 1.384s
2025-11-20 18:57:52.489 66487 INFO tempest.lib.common.rest_client [req-1bec42a8-f34b-47cf-bd20-5daf543efe2f req-1bec42a8-f34b-47cf-bd20-5daf543efe2f ] Request (MigrationsAdminTest:test_list_migrations_in_flavor_resize_situation): 200 GET http://10.180.1.21/compute/v2.1/servers/c3243a4f-d546-4063-bf31-803aba754e6d 4.727s
2025-11-20 18:57:52.504 66519 INFO tempest.lib.common.rest_client [req-e93bfc58-d9cc-41ac-95c5-3e8373ad5d46 req-e93bfc58-d9cc-41ac-95c5-3e8373ad5d46 ] Request (ServersAdminNegativeTestJSON:setUpClass): 200 GET http://10.180.1.21/compute/v2.1/servers/fe220116-09a9-4d41-924f-b76ba380c50d 4.603s
2025-11-20 18:57:52.670 66531 INFO tempest.lib.common.rest_client [req-d54c3aa8-70b0-4333-ba0c-1d3a45c4f935 req-d54c3aa8-70b0-4333-ba0c-1d3a45c4f935 ] Request (QuotasAdminTestV236:test_get_updated_quotas): 200 GET http://10.180.1.21/compute/v2.1/os-quota-sets/3730e05f5fb74e50837b8cefed11a862/detail 4.476s
2025-11-20 18:57:52.695 66531 INFO tempest.lib.common.rest_client [req-28f2e98f-3edb-4cb1-bcec-99833f5889d7 req-28f2e98f-3edb-4cb1-bcec-99833f5889d7 ] Request (QuotasAdminTestV236:test_get_updated_quotas): 200 GET http://10.180.1.21/identity/v3/domains?name=Default 0.021s
2025-11-20 18:57:52.722 66531 INFO tempest.lib.common.rest_client [req-8b06b07d-10e0-4072-a553-60e9e364df84 req-8b06b07d-10e0-4072-a553-60e9e364df84 ] Request (QuotasAdminTestV236:test_get_updated_quotas): 201 POST http://10.180.1.21/identity/v3/users 0.026s
2025-11-20 18:57:52.743 66531 INFO tempest.lib.common.rest_client [req-e7070c56-074b-4889-9d30-2804f3638f7d req-e7070c56-074b-4889-9d30-2804f3638f7d ] Request (QuotasAdminTestV236:test_get_updated_quotas): 200 GET http://10.180.1.21/identity/v3/domains?name=Default 0.020s
2025-11-20 18:57:52.971 66543 WARNING tempest.lib.common.ssh [-] Failed to establish authenticated ssh connection to cirros@10.180.180.161 ([Errno None] Unable to connect to port 22 on 10.180.180.161). Number attempts: 1. Retry after 2 seconds.: paramiko.ssh_exception.NoValidConnectionsError: [Errno None] Unable to connect to port 22 on 10.180.180.161
2025-11-20 18:57:53.443 66513 INFO tempest.lib.common.rest_client [req-c30db6fb-9bc5-48fe-b57d-1b077ec40070 req-c30db6fb-9bc5-48fe-b57d-1b077ec40070 ] Request (FloatingIPsTestJSON:tearDownClass): 204 DELETE http://10.180.1.21/networking/v2.0/routers/e488386f-18f3-4d8a-8a79-39f929200e93 1.852s
2025-11-20 18:57:53.483 66526 INFO tempest.lib.common.rest_client [req-f80c6c4a-ad24-4f9b-9730-948d97cbef5a req-f80c6c4a-ad24-4f9b-9730-948d97cbef5a ] Request (FloatingIPDetailsTestJSON:setUpClass): 201 POST http://10.180.1.21/networking/v2.0/subnets 1.086s
2025-11-20 18:57:53.687 66513 INFO tempest.lib.common.rest_client [req-356a3c8c-2d3a-491d-bb51-cd828b1b8345 req-356a3c8c-2d3a-491d-bb51-cd828b1b8345 ] Request (FloatingIPsTestJSON:tearDownClass): 204 DELETE http://10.180.1.21/networking/v2.0/subnets/6bcf3058-b738-4d09-91a4-7602a723a11f 0.243s
2025-11-20 18:57:53.741 66522 INFO tempest.lib.common.rest_client [req-add0de41-b0b0-4728-ae20-eb6e256f54a3 req-add0de41-b0b0-4728-ae20-eb6e256f54a3 ] Request (ServerExternalEventsTest:test_create_server_external_events): 200 GET http://10.180.1.21/compute/v2.1/servers/85acdc62-295c-4822-b784-89211a9c8e58 5.634s
2025-11-20 18:57:54.177 66515 INFO tempest.lib.common.rest_client [req-05ccf3b0-d765-44e2-9f40-be389a2de484 req-05ccf3b0-d765-44e2-9f40-be389a2de484 ] Request (AttachInterfacesTestJSON:test_create_list_show_delete_interfaces_by_fixed_ip): 200 GET http://10.180.1.21/compute/v2.1/servers/20f595ce-6281-46b7-bcab-c88e800951ef 5.872s
2025-11-20 18:57:54.185 66515 INFO tempest.common.waiters [-] State transition "BUILD/spawning" ==> "ACTIVE/None" after 19 second wait
2025-11-20 18:57:54.352 66526 INFO tempest.lib.common.rest_client [req-9ff23826-27a7-4db6-8f0c-c01c62b11cb8 req-9ff23826-27a7-4db6-8f0c-c01c62b11cb8 ] Request (FloatingIPDetailsTestJSON:setUpClass): 201 POST http://10.180.1.21/networking/v2.0/routers 0.868s
2025-11-20 18:57:54.352 66509 INFO tempest.lib.common.rest_client [req-72791c55-a5af-4b60-8c9d-f415b2ed9721 req-72791c55-a5af-4b60-8c9d-f415b2ed9721 ] Request (VolumesAdminNegativeTest:test_update_attached_volume_with_nonexistent_volume_in_uri): 404 PUT http://10.180.1.21/compute/v2.1/servers/48ec069d-8823-4e35-87db-332cbb8cddc2/os-volume_attachments/d0a20a4a-29a4-4cd1-b862-7d7f054c868d 6.000s
2025-11-20 18:57:54.380 66493 INFO tempest.lib.common.rest_client [req-9d6dd446-4db3-40c0-aa1e-e3291a115bd6 req-9d6dd446-4db3-40c0-aa1e-e3291a115bd6 ] Request (ServersTestMultiNic:_run_cleanups): 404 GET http://10.180.1.21/compute/v2.1/servers/9a05a9cd-fd23-4dfb-bb0c-9de6724afdb2 5.983s
2025-11-20 18:57:54.463 66509 INFO tempest.lib.common.rest_client [req-9780e021-7f29-4657-b773-55931e694d9e req-9780e021-7f29-4657-b773-55931e694d9e ] Request (VolumesAdminNegativeTest:tearDownClass): 202 DELETE http://10.180.1.21/volume/v3/volumes/a4c4822c-4e5c-4547-adb8-35b281935ad9 0.109s
2025-11-20 18:57:54.511 66509 INFO tempest.lib.common.rest_client [req-66267df4-15f1-45e1-827a-65aede4144d3 req-66267df4-15f1-45e1-827a-65aede4144d3 ] Request (VolumesAdminNegativeTest:tearDownClass): 200 GET http://10.180.1.21/volume/v3/volumes/a4c4822c-4e5c-4547-adb8-35b281935ad9 0.047s
2025-11-20 18:57:54.554 66513 INFO tempest.lib.common.rest_client [req-40673746-5615-4b9a-a792-888721148bd6 req-40673746-5615-4b9a-a792-888721148bd6 ] Request (FloatingIPsTestJSON:tearDownClass): 204 DELETE http://10.180.1.21/networking/v2.0/networks/a6a2a814-0ffc-444c-95d8-2520ab9da428 0.866s
2025-11-20 18:57:54.721 66513 INFO tempest.lib.common.rest_client [req-8cd803df-7911-4ae2-ac4a-7e5516b4b956 req-8cd803df-7911-4ae2-ac4a-7e5516b4b956 ] Request (FloatingIPsTestJSON:tearDownClass): 204 DELETE http://10.180.1.21/identity/v3/users/8fe12b8558304e449bb60fe880f1d841 0.166s
2025-11-20 18:57:54.721 66513 INFO tempest.lib.common.dynamic_creds [-] Deleting project and security group for project: 22d02008d33c4a47851c5f25314adb35
2025-11-20 18:57:54.784 66491 WARNING tempest.lib.common.ssh [-] Failed to establish authenticated ssh connection to cirros@10.180.180.204 ([Errno None] Unable to connect to port 22 on 10.180.180.204). Number attempts: 3. Retry after 4 seconds.: paramiko.ssh_exception.NoValidConnectionsError: [Errno None] Unable to connect to port 22 on 10.180.180.204
2025-11-20 18:57:54.828 66493 INFO tempest.lib.common.rest_client [req-19b6e174-4f14-4217-8175-99e5915dec40 req-19b6e174-4f14-4217-8175-99e5915dec40 ] Request (ServersTestMultiNic:_run_cleanups): 204 DELETE http://10.180.1.21/networking/v2.0/subnets/fd828a11-2a8c-41cf-b7b1-6bdd7a33dfa3 0.447s
2025-11-20 18:57:55.037 66523 INFO tempest.lib.common.rest_client [req-7cc102c3-82e1-4a6f-b596-bef640397234 req-7cc102c3-82e1-4a6f-b596-bef640397234 ] Request (ImagesOneServerNegativeTestJSON:tearDown): 200 GET http://10.180.1.21/compute/v2.1/servers/130260ad-9a8e-4ab8-acfc-768180fc7963 6.698s
2025-11-20 18:57:55.071 66513 INFO tempest.lib.common.rest_client [req-321a1613-b9e7-4c51-8dfb-7d4012bbb695 req-321a1613-b9e7-4c51-8dfb-7d4012bbb695 ] Request (FloatingIPsTestJSON:tearDownClass): 200 GET http://10.180.1.21/networking/v2.0/security-groups?tenant_id=22d02008d33c4a47851c5f25314adb35&name=default 0.349s
2025-11-20 18:57:55.305 66493 INFO tempest.lib.common.rest_client [req-60237e7e-9760-4c55-be3d-52c83d4767cb req-60237e7e-9760-4c55-be3d-52c83d4767cb ] Request (ServersTestMultiNic:_run_cleanups): 204 DELETE http://10.180.1.21/networking/v2.0/networks/e6eab0f8-4621-464a-a9b4-4d1a6a2ac1a9 0.477s
2025-11-20 18:57:55.369 66501 INFO tempest.lib.common.rest_client [req-8a0803dd-2e27-4fbf-ad65-e274c7a63c78 req-8a0803dd-2e27-4fbf-ad65-e274c7a63c78 ] Request (ServersAdminTestJSON:test_create_server_with_scheduling_hint): 200 GET http://10.180.1.21/compute/v2.1/servers/95561dee-2c93-4b2a-953d-601d6d5f51bb 6.896s
2025-11-20 18:57:55.377 66501 INFO tempest.common.waiters [-] State transition "BUILD/networking" ==> "BUILD/spawning" after 17 second wait
2025-11-20 18:57:55.439 66507 INFO paramiko.transport [-] Connected (version 2.0, client dropbear_2020.81)
2025-11-20 18:57:55.538 66509 INFO tempest.lib.common.rest_client [req-f385a611-7998-44f5-ba20-4640f83f68b6 req-f385a611-7998-44f5-ba20-4640f83f68b6 ] Request (VolumesAdminNegativeTest:tearDownClass): 404 GET http://10.180.1.21/volume/v3/volumes/a4c4822c-4e5c-4547-adb8-35b281935ad9 0.016s
2025-11-20 18:57:55.550 66513 INFO tempest.lib.common.rest_client [req-241abd58-8a67-4b88-9c4e-6700bae59b2b req-241abd58-8a67-4b88-9c4e-6700bae59b2b ] Request (FloatingIPsTestJSON:tearDownClass): 204 DELETE http://10.180.1.21/networking/v2.0/security-groups/a28edbf1-7801-413e-b947-ec058dbd1228 0.478s
2025-11-20 18:57:55.550 66507 INFO paramiko.transport [-] Authentication (publickey) successful!
2025-11-20 18:57:55.550 66507 INFO tempest.lib.common.ssh [-] ssh connection to cirros@10.180.180.171 successfully created
2025-11-20 18:57:55.578 66533 INFO tempest.lib.common.rest_client [req-089d1e63-41a7-4150-8bda-1975d14e4380 req-089d1e63-41a7-4150-8bda-1975d14e4380 ] Request (AttachVolumeShelveTestJSON:test_attach_volume_shelved_or_offload_server): 200 GET http://10.180.1.21/compute/v2.1/servers/2a28de71-d4b0-4aa1-9f51-6eff7311edbc 7.027s
2025-11-20 18:57:55.587 66526 INFO tempest.lib.common.rest_client [req-e1f81c7a-7ffd-4a90-b5d3-eba18dc914b0 req-e1f81c7a-7ffd-4a90-b5d3-eba18dc914b0 ] Request (FloatingIPDetailsTestJSON:setUpClass): 200 PUT http://10.180.1.21/networking/v2.0/routers/debe91aa-3281-4840-8a60-4ac0271f21a2/add_router_interface 1.234s
2025-11-20 18:57:55.587 66526 INFO tempest.lib.common.dynamic_creds [-] Created isolated network resources for: credentials: Credentials: {'domain_id': 'default', 'domain_name': 'Default', 'username': 'tempest-FloatingIPDetailsTestJSON-88526705-project-member', 'project_domain_id': 'default', 'project_domain_name': 'Default', 'project_id': 'ab2d53b1761743f383ada2940c3888c4', 'project_name': 'tempest-FloatingIPDetailsTestJSON-88526705', 'tenant_id': 'ab2d53b1761743f383ada2940c3888c4', 'tenant_name': 'tempest-FloatingIPDetailsTestJSON-88526705', 'user_domain_id': 'default', 'user_domain_name': 'Default', 'user_id': '7867aa583fb3401b9a06974ea41c4a89', 'system': None}, Network: {'id': '49cd8ecf-7770-4e37-b230-575677b09319', 'name': 'tempest-FloatingIPDetailsTestJSON-977176607-network', 'tenant_id': 'ab2d53b1761743f383ada2940c3888c4', 'project_id': 'ab2d53b1761743f383ada2940c3888c4', 'admin_state_up': True, 'mtu': 8950, 'status': 'ACTIVE', 'subnets': [], 'shared': False, 'port_security_enabled': True, 'router:external': False, 'provider:network_type': 'vlan', 'provider:physical_network': 'default', 'provider:segmentation_id': 687, 'availability_zone_hints': [], 'availability_zones': [], 'ipv4_address_scope': None, 'ipv6_address_scope': None, 'description': '', 'tags': [], 'created_at': '2025-11-20T18:57:52Z', 'updated_at': '2025-11-20T18:57:52Z', 'revision_number': 1}, Subnet: {'id': 'cc9a1bd0-caf3-4341-8a06-c62d6c0761e9', 'name': 'tempest-FloatingIPDetailsTestJSON-977176607-subnet', 'tenant_id': 'ab2d53b1761743f383ada2940c3888c4', 'network_id': '49cd8ecf-7770-4e37-b230-575677b09319', 'ip_version': 4, 'subnetpool_id': None, 'enable_dhcp': True, 'ipv6_ra_mode': None, 'ipv6_address_mode': None, 'gateway_ip': '192.168.128.1', 'cidr': '192.168.128.0/28', 'allocation_pools': [{'start': '192.168.128.2', 'end': '192.168.128.14'}], 'host_routes': [], 'dns_nameservers': [], 'description': '', 'router:external': False, 'service_types': [], 'tags': [], 'created_at': '2025-11-20T18:57:53Z', 'updated_at': '2025-11-20T18:57:53Z', 'revision_number': 0, 'project_id': 'ab2d53b1761743f383ada2940c3888c4'}, Router: {'id': 'debe91aa-3281-4840-8a60-4ac0271f21a2', 'name': 'tempest-FloatingIPDetailsTestJSON-977176607-router', 'tenant_id': 'ab2d53b1761743f383ada2940c3888c4', 'admin_state_up': True, 'status': 'ACTIVE', 'external_gateway_info': {'network_id': 'a390ba00-d4b5-41f2-93e4-2147b5b0f12c', 'external_fixed_ips': [{'subnet_id': '61e4f80a-0409-477c-a43b-3192ee33929f', 'ip_address': '10.180.180.129'}], 'enable_snat': True}, 'description': '', 'availability_zones': [], 'distributed': False, 'ha': False, 'availability_zone_hints': [], 'routes': [], 'flavor_id': None, 'tags': [], 'created_at': '2025-11-20T18:57:53Z', 'updated_at': '2025-11-20T18:57:54Z', 'revision_number': 2, 'project_id': 'ab2d53b1761743f383ada2940c3888c4'}
2025-11-20 18:57:55.694 66526 INFO tempest.lib.common.rest_client [req-c955d0d3-98f4-4a48-a5eb-cb2dc8698f33 req-c955d0d3-98f4-4a48-a5eb-cb2dc8698f33 ] Request (FloatingIPDetailsTestJSON:setUpClass): 201 POST http://10.180.1.21/identity/v3/auth/tokens 0.103s
2025-11-20 18:57:55.699 66513 INFO tempest.lib.common.rest_client [req-40000b5e-f7f3-4c53-8251-81964ee3b718 req-40000b5e-f7f3-4c53-8251-81964ee3b718 ] Request (FloatingIPsTestJSON:tearDownClass): 204 DELETE http://10.180.1.21/identity/v3/projects/22d02008d33c4a47851c5f25314adb35 0.148s
2025-11-20 18:57:55.727 66545 INFO tempest.lib.common.rest_client [req-ede115e2-3f0a-4dd3-8f58-dcb23f3406da req-ede115e2-3f0a-4dd3-8f58-dcb23f3406da ] Request (ServersNegativeTestMultiTenantJSON:tearDownClass): 200 GET http://10.180.1.21/compute/v2.1/servers/7a21ebeb-f589-40d5-b6fa-a0e006a91d61 6.774s
2025-11-20 18:57:55.749 66537 INFO tempest.lib.common.rest_client [req-2a2b32c3-d622-41c5-9a65-a93e292aa69d req-2a2b32c3-d622-41c5-9a65-a93e292aa69d ] Request (TenantUsagesTestJSON:tearDownClass): 404 GET http://10.180.1.21/compute/v2.1/servers/4b4b5386-d224-4e4b-a493-910122837697 6.404s
2025-11-20 18:57:55.749 66493 INFO tempest.lib.common.rest_client [req-384b6adb-1d3a-4891-8dab-1d1234a1bdae req-384b6adb-1d3a-4891-8dab-1d1234a1bdae ] Request (ServersTestMultiNic:_run_cleanups): 204 DELETE http://10.180.1.21/networking/v2.0/subnets/67df0728-0818-4e8a-b0b9-40c7be92bf68 0.440s
2025-11-20 18:57:55.761 66505 INFO tempest.lib.common.rest_client [req-a530c2be-f526-4b5b-b619-506b1e6f73b4 req-a530c2be-f526-4b5b-b619-506b1e6f73b4 ] Request (FloatingIPsAssociationNegativeTestJSON:setUpClass): 200 GET http://10.180.1.21/compute/v2.1/servers/afbec60a-7ea8-4d53-9f15-e296c7a1b101 7.074s
2025-11-20 18:57:55.765 66513 INFO tempest.lib.common.rest_client [req-5f201725-ed49-4e03-9486-be644dad5137 req-5f201725-ed49-4e03-9486-be644dad5137 ] Request (ImagesDeleteNegativeTestJSON:setUpClass): 201 POST http://10.180.1.21/identity/v3/auth/tokens 0.065s
2025-11-20 18:57:55.774 66505 INFO tempest.common.waiters [-] State transition "BUILD/None" ==> "BUILD/spawning" after 17 second wait
2025-11-20 18:57:55.839 66537 INFO tempest.lib.common.rest_client [req-70fd7fc3-d89d-4da8-becf-9e33aa054b0d req-70fd7fc3-d89d-4da8-becf-9e33aa054b0d ] Request (TenantUsagesTestJSON:tearDownClass): 204 DELETE http://10.180.1.21/identity/v3/users/bf69c4dab4ad4508ba6d3e7fe7e0faa7 0.090s
2025-11-20 18:57:55.898 66513 INFO tempest.lib.common.rest_client [req-e1a1ee3c-077c-411f-9b92-e56e9cf8c747 req-e1a1ee3c-077c-411f-9b92-e56e9cf8c747 ] Request (ImagesDeleteNegativeTestJSON:setUpClass): 201 POST http://10.180.1.21/identity/v3/auth/tokens 0.130s
2025-11-20 18:57:55.960 66537 INFO tempest.lib.common.rest_client [req-c8ac3dd4-fabd-4393-98db-12f4ab1dd55b req-c8ac3dd4-fabd-4393-98db-12f4ab1dd55b ] Request (TenantUsagesTestJSON:tearDownClass): 204 DELETE http://10.180.1.21/identity/v3/users/4ee70b6e65e44d788e1e175879bd0bd9 0.120s
2025-11-20 18:57:55.960 66537 INFO tempest.lib.common.dynamic_creds [-] Deleting project and security group for project: c7463db25504463e9e3d55ba63cabea1
2025-11-20 18:57:55.977 66485 INFO tempest.lib.common.rest_client [req-e4d92273-23a3-46d9-ba6c-d7a96e7b83c0 req-e4d92273-23a3-46d9-ba6c-d7a96e7b83c0 ] Request (ListImagesTestJSON:test_get_image): 200 GET http://10.180.1.21/compute/v2.1/images/4bb14e00-ca83-43f1-89de-8250a211194c 6.290s
2025-11-20 18:57:56.001 66543 WARNING tempest.lib.common.ssh [-] Failed to establish authenticated ssh connection to cirros@10.180.180.161 ([Errno None] Unable to connect to port 22 on 10.180.180.161). Number attempts: 2. Retry after 3 seconds.: paramiko.ssh_exception.NoValidConnectionsError: [Errno None] Unable to connect to port 22 on 10.180.180.161
2025-11-20 18:57:56.005 66529 INFO tempest.lib.common.rest_client [req-a85c1cae-a85c-47d2-aa05-1eef25b5e5f4 req-a85c1cae-a85c-47d2-aa05-1eef25b5e5f4 ] Request (AggregatesAdminNegativeTestJSON:_run_cleanups): 200 DELETE http://10.180.1.21/compute/v2.1/os-aggregates/5 5.930s
2025-11-20 18:57:56.055 66513 INFO tempest.lib.common.rest_client [req-778faea3-b771-4c10-ab2e-c960fe451ebf req-778faea3-b771-4c10-ab2e-c960fe451ebf ] Request (ImagesDeleteNegativeTestJSON:setUpClass): 200 GET http://10.180.1.21/identity/v3/domains?name=Default 0.157s
2025-11-20 18:57:56.064 66537 INFO tempest.lib.common.rest_client [req-b7cbc7eb-d995-4845-8f41-66ab757a237d req-b7cbc7eb-d995-4845-8f41-66ab757a237d ] Request (TenantUsagesTestJSON:tearDownClass): 201 POST http://10.180.1.21/identity/v3/auth/tokens 0.104s
2025-11-20 18:57:56.107 66513 INFO tempest.lib.common.rest_client [req-735d4406-1d1a-4ca3-8ea5-c21f8025877b req-735d4406-1d1a-4ca3-8ea5-c21f8025877b ] Request (ImagesDeleteNegativeTestJSON:setUpClass): 201 POST http://10.180.1.21/identity/v3/projects 0.052s
2025-11-20 18:57:56.146 66483 INFO tempest.lib.common.rest_client [req-1ab22827-0a72-4f2c-859b-b8635976e12d req-1ab22827-0a72-4f2c-859b-b8635976e12d ] Request (DeleteServersAdminTestJSON:test_delete_server_while_in_error_state): 204 DELETE http://10.180.1.21/compute/v2.1/servers/8f04e2a9-5313-4cad-9109-2ac4c299feed 6.297s
2025-11-20 18:57:56.175 66511 INFO tempest.lib.common.rest_client [req-0e363ea9-ae26-44ed-8645-833b6de6edb5 req-0e363ea9-ae26-44ed-8645-833b6de6edb5 ] Request (FlavorsAccessNegativeTestJSON:test_remove_flavor_access_not_found): 200 POST http://10.180.1.21/compute/v2.1/flavors 6.024s
2025-11-20 18:57:56.180 66493 INFO tempest.lib.common.rest_client [req-f59812f4-8748-4413-b2f4-4de35c7c7b6d req-f59812f4-8748-4413-b2f4-4de35c7c7b6d ] Request (ServersTestMultiNic:_run_cleanups): 204 DELETE http://10.180.1.21/networking/v2.0/networks/a31460ee-b7e5-4deb-9f4c-af906ef02496 0.431s
2025-11-20 18:57:56.206 66513 INFO tempest.lib.common.rest_client [req-c2f1a987-3397-42b7-bad3-ecd4000a5dcb req-c2f1a987-3397-42b7-bad3-ecd4000a5dcb ] Request (ImagesDeleteNegativeTestJSON:setUpClass): 201 POST http://10.180.1.21/identity/v3/users 0.097s
2025-11-20 18:57:56.247 66527 INFO tempest.lib.common.rest_client [req-b83380b9-9c36-435f-8a84-9236750ac51c req-b83380b9-9c36-435f-8a84-9236750ac51c ] Request (SecurityGroupRulesNegativeTestJSON:test_create_security_group_rule_with_invalid_to_port): 200 POST http://10.180.1.21/compute/v2.1/os-security-groups 6.162s
2025-11-20 18:57:56.305 66513 INFO tempest.lib.common.rest_client [req-d4f1b125-d04a-46e5-a1f4-f0e99fd6686d req-d4f1b125-d04a-46e5-a1f4-f0e99fd6686d ] Request (ImagesDeleteNegativeTestJSON:setUpClass): 200 GET http://10.180.1.21/identity/v3/roles 0.095s
2025-11-20 18:57:56.333 66517 INFO tempest.lib.common.rest_client [req-168a62cb-7e05-48e5-9c30-7981a5b31f64 req-168a62cb-7e05-48e5-9c30-7981a5b31f64 ] Request (FlavorsAdminTestJSON:test_create_list_flavor_without_extra_data): 200 GET http://10.180.1.21/compute/v2.1/flavors/detail 6.173s
2025-11-20 18:57:56.338 66513 INFO tempest.lib.common.rest_client [req-55c52c6a-4194-425f-942e-fabc9effe98e req-55c52c6a-4194-425f-942e-fabc9effe98e ] Request (ImagesDeleteNegativeTestJSON:setUpClass): 204 PUT http://10.180.1.21/identity/v3/projects/2670eb46a6e64fb7b9a838567d48f73a/users/05cc83c27863403fb6c733a8ff44f0ab/roles/ff744261f82f4e3ba5d3266d6dd44b54 0.032s
2025-11-20 18:57:56.338 66513 INFO tempest.lib.common.dynamic_creds [-] Dynamic test user 05cc83c27863403fb6c733a8ff44f0ab is created with scope project and roles: ['member']
2025-11-20 18:57:56.339 66513 INFO tempest.lib.common.dynamic_creds [-] Acquired dynamic creds: credentials: Credentials: {'domain_id': 'default', 'domain_name': 'Default', 'username': 'tempest-ImagesDeleteNegativeTestJSON-657582593-project-member', 'project_domain_id': 'default', 'project_domain_name': 'Default', 'project_id': '2670eb46a6e64fb7b9a838567d48f73a', 'project_name': 'tempest-ImagesDeleteNegativeTestJSON-657582593', 'tenant_id': '2670eb46a6e64fb7b9a838567d48f73a', 'tenant_name': 'tempest-ImagesDeleteNegativeTestJSON-657582593', 'user_domain_id': 'default', 'user_domain_name': 'Default', 'user_id': '05cc83c27863403fb6c733a8ff44f0ab', 'system': None}, Network: None, Subnet: None, Router: None
2025-11-20 18:57:56.339 66513 INFO tempest.lib.common.dynamic_creds [-] Created isolated network resources for: credentials: Credentials: {'domain_id': 'default', 'domain_name': 'Default', 'username': 'tempest-ImagesDeleteNegativeTestJSON-657582593-project-member', 'project_domain_id': 'default', 'project_domain_name': 'Default', 'project_id': '2670eb46a6e64fb7b9a838567d48f73a', 'project_name': 'tempest-ImagesDeleteNegativeTestJSON-657582593', 'tenant_id': '2670eb46a6e64fb7b9a838567d48f73a', 'tenant_name': 'tempest-ImagesDeleteNegativeTestJSON-657582593', 'user_domain_id': 'default', 'user_domain_name': 'Default', 'user_id': '05cc83c27863403fb6c733a8ff44f0ab', 'system': None}, Network: None, Subnet: None, Router: None
2025-11-20 18:57:56.399 66493 INFO tempest.lib.common.rest_client [req-f7fd5faa-6939-4673-ace8-1a286913cd46 req-f7fd5faa-6939-4673-ace8-1a286913cd46 ] Request (ServersTestMultiNic:test_verify_multiple_nics_order): 201 POST http://10.180.1.21/networking/v2.0/networks 0.217s
2025-11-20 18:57:56.435 66497 INFO tempest.lib.common.rest_client [req-03ba75e6-10ef-4eba-9234-60a4647e43cb req-03ba75e6-10ef-4eba-9234-60a4647e43cb ] Request (ServerGroupTestJSON:test_create_server_with_scheduler_hint_group): 200 GET http://10.180.1.21/compute/v2.1/servers/25806387-7a16-4f23-8dd8-53aea33db2c9 5.358s
2025-11-20 18:57:56.454 66513 INFO tempest.lib.common.rest_client [req-d772becc-9f44-4c67-b05a-7f1fa508cfa9 req-d772becc-9f44-4c67-b05a-7f1fa508cfa9 ] Request (ImagesDeleteNegativeTestJSON:setUpClass): 201 POST http://10.180.1.21/identity/v3/auth/tokens 0.110s
2025-11-20 18:57:56.470 66537 INFO tempest.lib.common.rest_client [req-76f1700c-871c-4dbf-948e-19384a23d77e req-76f1700c-871c-4dbf-948e-19384a23d77e ] Request (TenantUsagesTestJSON:tearDownClass): 200 GET http://10.180.1.21/networking/v2.0/security-groups?tenant_id=c7463db25504463e9e3d55ba63cabea1&name=default 0.405s
2025-11-20 18:57:56.485 66535 INFO tempest.lib.common.rest_client [req-2769c1c4-28e2-40d9-a19f-6e1e1c705c6b req-2769c1c4-28e2-40d9-a19f-6e1e1c705c6b ] Request (ServicesAdminTestJSON:test_get_service_by_host_name): 200 GET http://10.180.1.21/compute/v2.1/os-services 5.377s
2025-11-20 18:57:56.604 66537 INFO tempest.lib.common.rest_client [req-34b8e51e-7ef4-4860-b7a9-fd637d6b8a54 req-34b8e51e-7ef4-4860-b7a9-fd637d6b8a54 ] Request (TenantUsagesTestJSON:tearDownClass): 204 DELETE http://10.180.1.21/networking/v2.0/security-groups/6b206f26-b982-481c-94b6-8385e0cd7d97 0.133s
2025-11-20 18:57:56.613 66499 INFO tempest.lib.common.rest_client [req-3c92b3ab-f5e8-4508-89e0-27ab80787ae2 req-3c92b3ab-f5e8-4508-89e0-27ab80787ae2 ] Request (QuotasAdminNegativeTest:test_create_server_when_cpu_quota_is_full): 200 GET http://10.180.1.21/compute/v2.1/os-quota-sets/e059277f57bb4eada5d5470f3de2f9e6 4.927s
2025-11-20 18:57:56.719 66493 INFO tempest.lib.common.rest_client [req-0660a3b3-6829-459c-8477-1a6319625f71 req-0660a3b3-6829-459c-8477-1a6319625f71 ] Request (ServersTestMultiNic:test_verify_multiple_nics_order): 201 POST http://10.180.1.21/networking/v2.0/subnets 0.320s
