2025-11-20 19:00:08.876 66513 INFO tempest.lib.common.rest_client [req-bd8acfd1-d30d-4636-88b0-186fe0425a5b req-bd8acfd1-d30d-4636-88b0-186fe0425a5b ] Request (ServersNegativeTestJSON:tearDown): 200 GET http://10.180.1.21/compute/v2.1/servers/66833a86-1677-4b06-88a3-80b4bd55b280 0.196s
2025-11-20 19:00:08.890 66523 INFO tempest.lib.common.rest_client [req-65fe446c-a9b9-4927-b42d-2d29f5674e74 req-65fe446c-a9b9-4927-b42d-2d29f5674e74 ] Request (ImagesOneServerNegativeTestJSON:_run_cleanups): 200 GET http://10.180.1.21/compute/v2.1/servers/4cbae877-7390-47c2-a8d3-bbfde911b1b9 0.157s
2025-11-20 19:00:08.895 66507 INFO tempest.lib.common.rest_client [req-8466bf4b-7f25-464a-88af-a17d6c9601ee req-8466bf4b-7f25-464a-88af-a17d6c9601ee ] Request (FlavorsV2TestJSON:test_list_flavors_using_marker): 200 GET http://10.180.1.21/compute/v2.1/flavors?marker=42 0.132s
2025-11-20 19:00:08.925 66489 INFO tempest.lib.common.rest_client [req-58492396-c736-494c-8e75-0c12763df7ae req-58492396-c736-494c-8e75-0c12763df7ae ] Request (ServerTagsTestJSON:tearDownClass): 204 DELETE http://10.180.1.21/networking/v2.0/subnets/d30aa020-d0cf-462c-a3f1-4426f38bcf8e 0.112s
2025-11-20 19:00:08.950 66499 INFO tempest.lib.common.rest_client [req-76cbd371-33a5-4006-955f-34f8fb74d0f4 req-76cbd371-33a5-4006-955f-34f8fb74d0f4 ] Request (ServersAdmin275Test:test_rebuild_update_server_275): 200 GET http://10.180.1.21/compute/v2.1/servers/27bff516-7731-4de4-b7c8-f771bde69c71 0.102s
2025-11-20 19:00:08.980 66507 INFO tempest.lib.common.rest_client [req-95102d53-178a-4e75-96b4-75ee063a458f req-95102d53-178a-4e75-96b4-75ee063a458f ] Request (FlavorsV2TestJSON:test_list_flavors_with_detail): 200 GET http://10.180.1.21/compute/v2.1/flavors/detail 0.079s
2025-11-20 19:00:09.006 66513 INFO tempest.lib.common.rest_client [req-71f0f2e1-95e8-4c45-8f78-85280ffe257c req-71f0f2e1-95e8-4c45-8f78-85280ffe257c ] Request (ServersNegativeTestJSON:setUp): 200 GET http://10.180.1.21/compute/v2.1/servers/66833a86-1677-4b06-88a3-80b4bd55b280 0.121s
2025-11-20 19:00:09.017 66507 INFO tempest.lib.common.rest_client [req-16fac0cb-ca6a-4749-9f7e-6e15c022590f req-16fac0cb-ca6a-4749-9f7e-6e15c022590f ] Request (FlavorsV2TestJSON:test_list_flavors_with_detail): 200 GET http://10.180.1.21/compute/v2.1/flavors/42 0.032s
2025-11-20 19:00:09.049 66497 INFO tempest.lib.common.rest_client [req-2718979b-2b7e-4d72-b068-b277c994e34e req-2718979b-2b7e-4d72-b068-b277c994e34e ] Request (ServersTestJSON:test_create_server_with_ipv6_addr_only): 200 GET http://10.180.1.21/compute/v2.1/servers/68b862cf-7c9f-4b39-b67b-b8eac3071ea6 0.078s
2025-11-20 19:00:09.054 66513 INFO tempest.lib.common.rest_client [req-3d0f85e8-9acb-489f-9278-53f856a72b8b req-3d0f85e8-9acb-489f-9278-53f856a72b8b ] Request (ServersNegativeTestJSON:test_create_with_invalid_network_uuid): 201 POST http://10.180.1.21/identity/v3/auth/tokens 0.038s
2025-11-20 19:00:09.054 66513 INFO tempest.lib.common.fixed_network [-] (ServersNegativeTestJSON:test_create_with_invalid_network_uuid) Found network {'id': '915c4f43-2ee6-427f-80d2-30c4d4a67903', 'name': 'tempest-ServersNegativeTestJSON-665242601-network', 'tenant_id': '6b2642f060f8465c9fee6e48b65e39a0', 'project_id': '6b2642f060f8465c9fee6e48b65e39a0', 'admin_state_up': True, 'mtu': 8950, 'status': 'ACTIVE', 'subnets': [], 'shared': False, 'port_security_enabled': True, 'router:external': False, 'provider:network_type': 'vlan', 'provider:physical_network': 'default', 'provider:segmentation_id': 761, 'availability_zone_hints': [], 'availability_zones': [], 'ipv4_address_scope': None, 'ipv6_address_scope': None, 'description': '', 'tags': [], 'created_at': '2025-11-20T18:58:28Z', 'updated_at': '2025-11-20T18:58:28Z', 'revision_number': 1} available for tenant
2025-11-20 19:00:09.072 66509 INFO tempest.lib.common.rest_client [req-003787ee-8ca6-40dc-8886-a3949eddda26 req-003787ee-8ca6-40dc-8886-a3949eddda26 ] Request (ServerMetadataNegativeTestJSON:tearDownClass): 404 GET http://10.180.1.21/compute/v2.1/servers/d0557810-bacb-409b-8f89-682237255ffe 0.037s
2025-11-20 19:00:09.079 66513 INFO tempest.lib.common.rest_client [req-307167fd-6af3-4f05-9d19-2e52cc3c4394 req-307167fd-6af3-4f05-9d19-2e52cc3c4394 ] Request (ServersNegativeTestJSON:test_create_with_invalid_network_uuid): 400 POST http://10.180.1.21/compute/v2.1/servers 0.023s
2025-11-20 19:00:09.131 66503 WARNING tempest.lib.common.ssh [-] Failed to establish authenticated ssh connection to cirros@10.180.180.219 ([Errno None] Unable to connect to port 22 on 10.180.180.219). Number attempts: 14. Retry after 15 seconds.: paramiko.ssh_exception.NoValidConnectionsError: [Errno None] Unable to connect to port 22 on 10.180.180.219
2025-11-20 19:00:09.185 66507 INFO tempest.lib.common.rest_client [req-7408b483-52b9-4dfd-b6c3-971d12bda5b2 req-7408b483-52b9-4dfd-b6c3-971d12bda5b2 ] Request (FlavorsV2TestJSON:tearDownClass): 204 DELETE http://10.180.1.21/identity/v3/users/e70bac5adf764125b991d62ef325b261 0.163s
2025-11-20 19:00:09.185 66507 INFO tempest.lib.common.dynamic_creds [-] Deleting project and security group for project: 1740a23b39674a918c27cad6d834ad97
2025-11-20 19:00:09.231 66489 INFO tempest.lib.common.rest_client [req-47f81bd3-5626-4b1f-ab37-11dc0e6a72c6 req-47f81bd3-5626-4b1f-ab37-11dc0e6a72c6 ] Request (ServerTagsTestJSON:tearDownClass): 204 DELETE http://10.180.1.21/networking/v2.0/networks/011b4ee4-ff47-46ea-bf7d-022b8e022304 0.305s
2025-11-20 19:00:09.269 66507 INFO tempest.lib.common.rest_client [req-1f4bdd3d-6e79-4788-973e-080350b45f74 req-1f4bdd3d-6e79-4788-973e-080350b45f74 ] Request (FlavorsV2TestJSON:tearDownClass): 201 POST http://10.180.1.21/identity/v3/auth/tokens 0.084s
2025-11-20 19:00:09.294 66487 INFO tempest.lib.common.rest_client [req-8d2a9b98-82d5-4bb0-9748-bf6fd6f5c891 req-8d2a9b98-82d5-4bb0-9748-bf6fd6f5c891 ] Request (MigrationsAdminTest:test_resize_server_revert_deleted_flavor): 200 GET http://10.180.1.21/compute/v2.1/servers/218561c3-29b9-4341-abf6-99f4d65e38a6 0.296s
2025-11-20 19:00:09.304 66487 INFO tempest.common.waiters [-] State transition "RESIZE/resize_finish" ==> "VERIFY_RESIZE/None" after 37 second wait
2025-11-20 19:00:09.307 66495 INFO tempest.lib.common.rest_client [req-b9c23cef-a2a5-494b-80fc-d696c4d9e240 req-b9c23cef-a2a5-494b-80fc-d696c4d9e240 ] Request (ServersTestManualDisk:tearDownClass): 200 GET http://10.180.1.21/compute/v2.1/servers/0b5f5f31-7d76-4113-b6b8-2b43192dc699 0.244s
2025-11-20 19:00:09.315 66493 WARNING tempest.lib.common.ssh [-] Failed to establish authenticated ssh connection to cirros@10.180.180.248 ([Errno None] Unable to connect to port 22 on 10.180.180.248). Number attempts: 1. Retry after 2 seconds.: paramiko.ssh_exception.NoValidConnectionsError: [Errno None] Unable to connect to port 22 on 10.180.180.248
2025-11-20 19:00:09.362 66489 INFO tempest.lib.common.rest_client [req-f71f0d42-74aa-4b48-8c9e-9db95e16e64a req-f71f0d42-74aa-4b48-8c9e-9db95e16e64a ] Request (ServerTagsTestJSON:tearDownClass): 204 DELETE http://10.180.1.21/identity/v3/users/d748a8783f844426af9684ac44bccf40 0.130s
2025-11-20 19:00:09.362 66489 INFO tempest.lib.common.dynamic_creds [-] Deleting project and security group for project: 01a77d6d214146e49e0cc1a44269ba25
2025-11-20 19:00:09.553 66507 INFO tempest.lib.common.rest_client [req-8b672fc0-0c3f-4300-9b05-286a8ad2508e req-8b672fc0-0c3f-4300-9b05-286a8ad2508e ] Request (FlavorsV2TestJSON:tearDownClass): 200 GET http://10.180.1.21/networking/v2.0/security-groups?tenant_id=1740a23b39674a918c27cad6d834ad97&name=default 0.284s
2025-11-20 19:00:09.577 66511 INFO tempest.lib.common.rest_client [req-9bf74a81-50f2-4c53-a186-a6b881ea25d1 req-9bf74a81-50f2-4c53-a186-a6b881ea25d1 ] Request (ServerRescueNegativeTestJSON:setUpClass): 200 GET http://10.180.1.21/compute/v2.1/servers/05d8697f-92d7-4250-b20d-813e17e8be10 0.467s
2025-11-20 19:00:09.643 66489 INFO tempest.lib.common.rest_client [req-18400719-f389-467e-a2ac-767c279ec38d req-18400719-f389-467e-a2ac-767c279ec38d ] Request (ServerTagsTestJSON:tearDownClass): 200 GET http://10.180.1.21/networking/v2.0/security-groups?tenant_id=01a77d6d214146e49e0cc1a44269ba25&name=default 0.280s
2025-11-20 19:00:09.728 66507 INFO tempest.lib.common.rest_client [req-c9ae165d-0528-464c-af33-0a9f23060323 req-c9ae165d-0528-464c-af33-0a9f23060323 ] Request (FlavorsV2TestJSON:tearDownClass): 204 DELETE http://10.180.1.21/networking/v2.0/security-groups/4f46df5c-801f-4fbc-bd94-86fdc1bc21ac 0.174s
2025-11-20 19:00:09.763 66513 INFO tempest.lib.common.rest_client [req-22cb6ef5-f943-438b-bc73-8fddc8b6da34 req-22cb6ef5-f943-438b-bc73-8fddc8b6da34 ] Request (ServersNegativeTestJSON:tearDown): 200 GET http://10.180.1.21/compute/v2.1/servers/66833a86-1677-4b06-88a3-80b4bd55b280 0.683s
2025-11-20 19:00:09.785 66526 INFO tempest.lib.common.rest_client [req-af8cc56f-a30b-4242-ab8d-f212f9e1f7dc req-af8cc56f-a30b-4242-ab8d-f212f9e1f7dc ] Request (DeleteServersTestJSON:test_delete_server_while_in_attached_volume): 200 GET http://10.180.1.21/compute/v2.1/servers/6910f350-39b8-49fb-8c7e-3b0001ac15d2 0.576s
2025-11-20 19:00:09.854 66507 INFO tempest.lib.common.rest_client [req-d1c63a1e-0b1d-4148-98a9-13a4b691305b req-d1c63a1e-0b1d-4148-98a9-13a4b691305b ] Request (FlavorsV2TestJSON:tearDownClass): 204 DELETE http://10.180.1.21/identity/v3/projects/1740a23b39674a918c27cad6d834ad97 0.125s
2025-11-20 19:00:09.882 66489 INFO tempest.lib.common.rest_client [req-ea46fc60-1c67-4404-a890-9def41db4cf0 req-ea46fc60-1c67-4404-a890-9def41db4cf0 ] Request (ServerTagsTestJSON:tearDownClass): 204 DELETE http://10.180.1.21/networking/v2.0/security-groups/fc1efda8-467e-44a4-8d86-5f1d56a91f3c 0.238s
2025-11-20 19:00:09.909 66541 INFO tempest.lib.common.rest_client [req-8b2ace21-082a-4f40-9d17-a4f33835e1f5 req-8b2ace21-082a-4f40-9d17-a4f33835e1f5 ] Request (ListImageFiltersTestJSON:setUpClass): 200 GET http://10.180.1.21/compute/v2.1/servers/b3f4aa8f-ac3c-46c3-a956-c31e71072237 0.653s
2025-11-20 19:00:09.915 66507 INFO tempest.lib.common.rest_client [req-838f29d8-f28c-49d6-94c3-b86054d108c4 req-838f29d8-f28c-49d6-94c3-b86054d108c4 ] Request (ImagesOneServerTestJSON:setUpClass): 201 POST http://10.180.1.21/identity/v3/auth/tokens 0.059s
2025-11-20 19:00:09.931 66501 INFO tempest.lib.common.rest_client [req-e48ead40-e4b8-4f80-8b2c-7876f6d0c7c6 req-e48ead40-e4b8-4f80-8b2c-7876f6d0c7c6 ] Request (ServersAdminTestJSON:tearDownClass): 200 GET http://10.180.1.21/compute/v2.1/servers/d931f5cd-82e4-4518-84b7-5526d5299e38 0.646s
2025-11-20 19:00:09.947 66507 INFO tempest.lib.common.rest_client [req-ebfb7a79-d665-4dae-9883-73a48cb20c5b req-ebfb7a79-d665-4dae-9883-73a48cb20c5b ] Request (ImagesOneServerTestJSON:setUpClass): 201 POST http://10.180.1.21/identity/v3/auth/tokens 0.029s
2025-11-20 19:00:09.952 66509 INFO tempest.lib.common.rest_client [req-a11b3e06-fead-4240-841c-d3c3d4102582 req-a11b3e06-fead-4240-841c-d3c3d4102582 ] Request (ServerMetadataNegativeTestJSON:tearDownClass): 200 PUT http://10.180.1.21/networking/v2.0/routers/a84fabcf-18af-4091-a908-2b4e45b9238c/remove_router_interface 0.879s
2025-11-20 19:00:09.984 66489 INFO tempest.lib.common.rest_client [req-af32e12e-9506-4a99-a719-d1f4a734f4c5 req-af32e12e-9506-4a99-a719-d1f4a734f4c5 ] Request (ServerTagsTestJSON:tearDownClass): 204 DELETE http://10.180.1.21/identity/v3/projects/01a77d6d214146e49e0cc1a44269ba25 0.101s
2025-11-20 19:00:10.005 66507 INFO tempest.lib.common.rest_client [req-ae327bd6-4857-4714-b918-c2301c0f83a0 req-ae327bd6-4857-4714-b918-c2301c0f83a0 ] Request (ImagesOneServerTestJSON:setUpClass): 200 GET http://10.180.1.21/identity/v3/domains?name=Default 0.057s
2025-11-20 19:00:10.014 66489 INFO tempest.lib.common.rest_client [req-045b2bf9-a0fd-4d18-a912-f925f093a5af req-045b2bf9-a0fd-4d18-a912-f925f093a5af ] Request (QuotasTestJSON:setUpClass): 201 POST http://10.180.1.21/identity/v3/auth/tokens 0.029s
2025-11-20 19:00:10.021 66485 INFO tempest.lib.common.rest_client [req-9abba83d-a754-42fe-802d-70b5ad55a3d4 req-9abba83d-a754-42fe-802d-70b5ad55a3d4 ] Request (ServerMetadataTestJSON:tearDownClass): 200 GET http://10.180.1.21/compute/v2.1/servers/55bfae04-de63-40f2-8ac2-7ee7294b7be4 0.664s
2025-11-20 19:00:10.058 66489 INFO tempest.lib.common.rest_client [req-87d0b1ed-31a8-4f11-bf21-2a93c3d6cc7d req-87d0b1ed-31a8-4f11-bf21-2a93c3d6cc7d ] Request (QuotasTestJSON:setUpClass): 201 POST http://10.180.1.21/identity/v3/auth/tokens 0.040s
2025-11-20 19:00:10.060 66507 INFO tempest.lib.common.rest_client [req-2fbe291f-9d92-4a70-82b7-faa41b5a455e req-2fbe291f-9d92-4a70-82b7-faa41b5a455e ] Request (ImagesOneServerTestJSON:setUpClass): 201 POST http://10.180.1.21/identity/v3/projects 0.055s
2025-11-20 19:00:10.070 66487 INFO tempest.lib.common.rest_client [req-836d2c56-b73b-48d6-abec-e7070a4a06e9 req-836d2c56-b73b-48d6-abec-e7070a4a06e9 ] Request (MigrationsAdminTest:test_resize_server_revert_deleted_flavor): 202 POST http://10.180.1.21/compute/v2.1/servers/218561c3-29b9-4341-abf6-99f4d65e38a6/action 0.765s
2025-11-20 19:00:10.097 66527 INFO tempest.lib.common.rest_client [req-129e957c-af3d-4935-8f74-423223c2bead req-129e957c-af3d-4935-8f74-423223c2bead ] Request (ServerRescueTestJSONUnderV235:setUpClass): 200 GET http://10.180.1.21/compute/v2.1/servers/e02c3c31-0f05-412a-a0ee-0d3297b4ae23 0.565s
2025-11-20 19:00:10.106 66527 INFO tempest.common.waiters [-] State transition "BUILD/scheduling" ==> "BUILD/None" after 3 second wait
2025-11-20 19:00:10.145 66489 INFO tempest.lib.common.rest_client [req-b99a9853-7661-4a70-96e8-59a3d8e73b4c req-b99a9853-7661-4a70-96e8-59a3d8e73b4c ] Request (QuotasTestJSON:setUpClass): 200 GET http://10.180.1.21/identity/v3/domains?name=Default 0.087s
2025-11-20 19:00:10.145 66507 INFO tempest.lib.common.rest_client [req-a6acb6ef-be61-4b8d-ba18-16192b0cedd1 req-a6acb6ef-be61-4b8d-ba18-16192b0cedd1 ] Request (ImagesOneServerTestJSON:setUpClass): 201 POST http://10.180.1.21/identity/v3/users 0.084s
2025-11-20 19:00:10.154 66517 INFO tempest.lib.common.rest_client [req-7e917a24-21f9-41c4-a9bb-ed4760a2dfb8 req-7e917a24-21f9-41c4-a9bb-ed4760a2dfb8 ] Request (ImagesTestJSON:test_create_image_from_stopped_server): 200 GET http://10.180.1.21/compute/v2.1/servers/43038c5a-5665-44b9-a40b-16ac7e767cbb 0.488s
2025-11-20 19:00:10.182 66507 INFO tempest.lib.common.rest_client [req-253d0e07-2b99-4ffe-91d6-1b34b2c64da9 req-253d0e07-2b99-4ffe-91d6-1b34b2c64da9 ] Request (ImagesOneServerTestJSON:setUpClass): 200 GET http://10.180.1.21/identity/v3/roles 0.036s
2025-11-20 19:00:10.197 66489 INFO tempest.lib.common.rest_client [req-bca3d241-6b09-4362-b429-c54465dc1649 req-bca3d241-6b09-4362-b429-c54465dc1649 ] Request (QuotasTestJSON:setUpClass): 201 POST http://10.180.1.21/identity/v3/projects 0.051s
2025-11-20 19:00:10.218 66507 INFO tempest.lib.common.rest_client [req-5cdefde4-5cc6-4007-8377-d6eccd21955a req-5cdefde4-5cc6-4007-8377-d6eccd21955a ] Request (ImagesOneServerTestJSON:setUpClass): 204 PUT http://10.180.1.21/identity/v3/projects/7dd0604e50da43538cc1966e4516336e/users/e06a0c12efe5450fa8be006727584b51/roles/ff744261f82f4e3ba5d3266d6dd44b54 0.035s
2025-11-20 19:00:10.218 66507 INFO tempest.lib.common.dynamic_creds [-] Dynamic test user e06a0c12efe5450fa8be006727584b51 is created with scope project and roles: ['member']
2025-11-20 19:00:10.218 66507 INFO tempest.lib.common.dynamic_creds [-] Acquired dynamic creds: credentials: Credentials: {'domain_id': 'default', 'domain_name': 'Default', 'username': 'tempest-ImagesOneServerTestJSON-1373675140-project-member', 'project_domain_id': 'default', 'project_domain_name': 'Default', 'project_id': '7dd0604e50da43538cc1966e4516336e', 'project_name': 'tempest-ImagesOneServerTestJSON-1373675140', 'tenant_id': '7dd0604e50da43538cc1966e4516336e', 'tenant_name': 'tempest-ImagesOneServerTestJSON-1373675140', 'user_domain_id': 'default', 'user_domain_name': 'Default', 'user_id': 'e06a0c12efe5450fa8be006727584b51', 'system': None}, Network: None, Subnet: None, Router: None
2025-11-20 19:00:10.269 66519 INFO tempest.lib.common.rest_client [req-004f64e2-ca27-4992-8843-03038c75c78d req-004f64e2-ca27-4992-8843-03038c75c78d ] Request (ServersAdminNegativeTestJSON:tearDownClass): 200 GET http://10.180.1.21/compute/v2.1/servers/7dfc5f22-8492-46ef-a16a-1ac7de5d6df0 0.513s
2025-11-20 19:00:10.273 66507 INFO tempest.lib.common.rest_client [req-f2689390-10f1-4a5e-bdfd-3862f600fd56 req-f2689390-10f1-4a5e-bdfd-3862f600fd56 ] Request (ImagesOneServerTestJSON:setUpClass): 201 POST http://10.180.1.21/identity/v3/auth/tokens 0.054s
2025-11-20 19:00:10.297 66489 INFO tempest.lib.common.rest_client [req-215235ea-6787-465d-b845-e824c20c3afe req-215235ea-6787-465d-b845-e824c20c3afe ] Request (QuotasTestJSON:setUpClass): 201 POST http://10.180.1.21/identity/v3/users 0.100s
2025-11-20 19:00:10.299 66533 INFO tempest.lib.common.rest_client [req-e0e4ebfe-a2f5-4132-90f4-8b12c7e7b2c5 req-e0e4ebfe-a2f5-4132-90f4-8b12c7e7b2c5 ] Request (AttachVolumeShelveTestJSON:test_attach_volume_shelved_or_offload_server): 200 GET http://10.180.1.21/compute/v2.1/servers/2a28de71-d4b0-4aa1-9f51-6eff7311edbc 0.599s
2025-11-20 19:00:10.320 66489 INFO tempest.lib.common.rest_client [req-b1bca5dc-f137-4ead-a509-b922b3f21c29 req-b1bca5dc-f137-4ead-a509-b922b3f21c29 ] Request (QuotasTestJSON:setUpClass): 200 GET http://10.180.1.21/identity/v3/roles 0.022s
2025-11-20 19:00:10.346 66489 INFO tempest.lib.common.rest_client [req-dc85cd5a-1055-4c01-9f78-25d063d2e91d req-dc85cd5a-1055-4c01-9f78-25d063d2e91d ] Request (QuotasTestJSON:setUpClass): 204 PUT http://10.180.1.21/identity/v3/projects/6d3da4e1499840ed9dadb966c38287a6/users/e664a2bf1cce486c99cd84298c3c0cbe/roles/ff744261f82f4e3ba5d3266d6dd44b54 0.025s
2025-11-20 19:00:10.346 66489 INFO tempest.lib.common.dynamic_creds [-] Dynamic test user e664a2bf1cce486c99cd84298c3c0cbe is created with scope project and roles: ['member']
2025-11-20 19:00:10.346 66489 INFO tempest.lib.common.dynamic_creds [-] Acquired dynamic creds: credentials: Credentials: {'domain_id': 'default', 'domain_name': 'Default', 'username': 'tempest-QuotasTestJSON-2061238858-project-member', 'project_domain_id': 'default', 'project_domain_name': 'Default', 'project_id': '6d3da4e1499840ed9dadb966c38287a6', 'project_name': 'tempest-QuotasTestJSON-2061238858', 'tenant_id': '6d3da4e1499840ed9dadb966c38287a6', 'tenant_name': 'tempest-QuotasTestJSON-2061238858', 'user_domain_id': 'default', 'user_domain_name': 'Default', 'user_id': 'e664a2bf1cce486c99cd84298c3c0cbe', 'system': None}, Network: None, Subnet: None, Router: None
2025-11-20 19:00:10.346 66489 INFO tempest.lib.common.dynamic_creds [-] Created isolated network resources for: credentials: Credentials: {'domain_id': 'default', 'domain_name': 'Default', 'username': 'tempest-QuotasTestJSON-2061238858-project-member', 'project_domain_id': 'default', 'project_domain_name': 'Default', 'project_id': '6d3da4e1499840ed9dadb966c38287a6', 'project_name': 'tempest-QuotasTestJSON-2061238858', 'tenant_id': '6d3da4e1499840ed9dadb966c38287a6', 'tenant_name': 'tempest-QuotasTestJSON-2061238858', 'user_domain_id': 'default', 'user_domain_name': 'Default', 'user_id': 'e664a2bf1cce486c99cd84298c3c0cbe', 'system': None}, Network: None, Subnet: None, Router: None
2025-11-20 19:00:10.427 66489 INFO tempest.lib.common.rest_client [req-4095e648-4f2a-4845-b380-f0ff8615ad5e req-4095e648-4f2a-4845-b380-f0ff8615ad5e ] Request (QuotasTestJSON:setUpClass): 201 POST http://10.180.1.21/identity/v3/auth/tokens 0.076s
2025-11-20 19:00:10.438 66509 INFO tempest.lib.common.rest_client [req-882aecce-dba3-4a4c-934b-8faa5b2f1f2e req-882aecce-dba3-4a4c-934b-8faa5b2f1f2e ] Request (ServerMetadataNegativeTestJSON:tearDownClass): 204 DELETE http://10.180.1.21/networking/v2.0/routers/a84fabcf-18af-4091-a908-2b4e45b9238c 0.485s
2025-11-20 19:00:10.457 66522 INFO tempest.lib.common.rest_client [req-0b3dd86a-75f2-45c3-870f-7bae809d2acf req-0b3dd86a-75f2-45c3-870f-7bae809d2acf ] Request (MultipleCreateTestJSON:_run_cleanups): 200 GET http://10.180.1.21/compute/v2.1/servers/f382534a-c184-4e96-8b15-b31ff0014a57 0.685s
2025-11-20 19:00:10.580 66507 INFO tempest.lib.common.rest_client [req-3025855c-4ee5-42f1-8a93-935f20208277 req-3025855c-4ee5-42f1-8a93-935f20208277 ] Request (ImagesOneServerTestJSON:setUpClass): 201 POST http://10.180.1.21/networking/v2.0/networks 0.307s
2025-11-20 19:00:10.618 66513 INFO tempest.lib.common.rest_client [req-eeda3f31-eb9d-4a3a-b226-896f67ad3e6a req-eeda3f31-eb9d-4a3a-b226-896f67ad3e6a ] Request (ServersNegativeTestJSON:setUp): 200 GET http://10.180.1.21/compute/v2.1/servers/66833a86-1677-4b06-88a3-80b4bd55b280 0.837s
2025-11-20 19:00:10.630 66515 INFO tempest.lib.common.rest_client [req-a5f4b75f-1e6c-4b01-ae3d-2852950ea19b req-a5f4b75f-1e6c-4b01-ae3d-2852950ea19b ] Request (AttachInterfacesTestJSON:test_create_list_show_delete_interfaces_by_network_port): 200 GET http://10.180.1.21/compute/v2.1/servers/7b38f564-ec67-4bcd-b642-1f3f442e2f63 0.805s
2025-11-20 19:00:10.704 66509 INFO tempest.lib.common.rest_client [req-b7a62c13-711c-4a11-9643-1a30fb63364e req-b7a62c13-711c-4a11-9643-1a30fb63364e ] Request (ServerMetadataNegativeTestJSON:tearDownClass): 204 DELETE http://10.180.1.21/networking/v2.0/subnets/2229ecff-2400-48e7-8d95-a46e40ce5328 0.266s
2025-11-20 19:00:10.714 66513 INFO tempest.lib.common.rest_client [req-ffdd64e6-bf60-4b56-a931-58a5ecc94254 req-ffdd64e6-bf60-4b56-a931-58a5ecc94254 ] Request (ServersNegativeTestJSON:test_create_with_non_existent_keypair): 201 POST http://10.180.1.21/identity/v3/auth/tokens 0.085s
2025-11-20 19:00:10.714 66513 INFO tempest.lib.common.fixed_network [-] (ServersNegativeTestJSON:test_create_with_non_existent_keypair) Found network {'id': '915c4f43-2ee6-427f-80d2-30c4d4a67903', 'name': 'tempest-ServersNegativeTestJSON-665242601-network', 'tenant_id': '6b2642f060f8465c9fee6e48b65e39a0', 'project_id': '6b2642f060f8465c9fee6e48b65e39a0', 'admin_state_up': True, 'mtu': 8950, 'status': 'ACTIVE', 'subnets': [], 'shared': False, 'port_security_enabled': True, 'router:external': False, 'provider:network_type': 'vlan', 'provider:physical_network': 'default', 'provider:segmentation_id': 761, 'availability_zone_hints': [], 'availability_zones': [], 'ipv4_address_scope': None, 'ipv6_address_scope': None, 'description': '', 'tags': [], 'created_at': '2025-11-20T18:58:28Z', 'updated_at': '2025-11-20T18:58:28Z', 'revision_number': 1} available for tenant
2025-11-20 19:00:10.737 66499 INFO tempest.lib.common.rest_client [req-5d36dd6f-446a-46c1-a425-8e60749d533b req-5d36dd6f-446a-46c1-a425-8e60749d533b ] Request (ServersAdmin275Test:test_rebuild_update_server_275): 200 GET http://10.180.1.21/compute/v2.1/servers/27bff516-7731-4de4-b7c8-f771bde69c71 0.770s
2025-11-20 19:00:10.743 66523 INFO tempest.lib.common.rest_client [req-5860d6ef-3c20-4e2d-b267-a33fd044df16 req-5860d6ef-3c20-4e2d-b267-a33fd044df16 ] Request (ImagesOneServerNegativeTestJSON:_run_cleanups): 200 GET http://10.180.1.21/compute/v2.1/servers/4cbae877-7390-47c2-a8d3-bbfde911b1b9 0.844s
2025-11-20 19:00:10.892 66507 INFO tempest.lib.common.rest_client [req-db7016cd-24fc-4961-8abc-361fcc085268 req-db7016cd-24fc-4961-8abc-361fcc085268 ] Request (ImagesOneServerTestJSON:setUpClass): 201 POST http://10.180.1.21/networking/v2.0/subnets 0.311s
2025-11-20 19:00:10.943 66497 INFO tempest.lib.common.rest_client [req-7df517e6-be22-4d37-ae93-fd0f771484ff req-7df517e6-be22-4d37-ae93-fd0f771484ff ] Request (ServersTestJSON:test_create_server_with_ipv6_addr_only): 200 GET http://10.180.1.21/compute/v2.1/servers/68b862cf-7c9f-4b39-b67b-b8eac3071ea6 0.883s
2025-11-20 19:00:11.014 66509 INFO tempest.lib.common.rest_client [req-1e29d261-33d0-40a3-96e9-5deeeae56b81 req-1e29d261-33d0-40a3-96e9-5deeeae56b81 ] Request (ServerMetadataNegativeTestJSON:tearDownClass): 204 DELETE http://10.180.1.21/networking/v2.0/networks/a036d926-78b1-450a-8c3b-098992de8da8 0.309s
2025-11-20 19:00:11.037 66495 INFO tempest.lib.common.rest_client [req-0e84eb3b-0e0a-4acf-ab05-3422a3f3bc9f req-0e84eb3b-0e0a-4acf-ab05-3422a3f3bc9f ] Request (ServersTestManualDisk:tearDownClass): 200 GET http://10.180.1.21/compute/v2.1/servers/0b5f5f31-7d76-4113-b6b8-2b43192dc699 0.717s
2025-11-20 19:00:11.062 66487 INFO tempest.lib.common.rest_client [req-d1b37130-3bbc-49c3-ad47-09eb8557e62d req-d1b37130-3bbc-49c3-ad47-09eb8557e62d ] Request (MigrationsAdminTest:test_resize_server_revert_deleted_flavor): 200 GET http://10.180.1.21/compute/v2.1/servers/218561c3-29b9-4341-abf6-99f4d65e38a6 0.992s
2025-11-20 19:00:11.118 66511 INFO tempest.lib.common.rest_client [req-7bb76ca3-338d-4733-bab4-b695c7e9bbf7 req-7bb76ca3-338d-4733-bab4-b695c7e9bbf7 ] Request (ServerRescueNegativeTestJSON:setUpClass): 200 GET http://10.180.1.21/compute/v2.1/servers/05d8697f-92d7-4250-b20d-813e17e8be10 0.532s
2025-11-20 19:00:11.194 66509 INFO tempest.lib.common.rest_client [req-90addfcb-ec83-420c-9781-fa102ae767f7 req-90addfcb-ec83-420c-9781-fa102ae767f7 ] Request (ServerMetadataNegativeTestJSON:tearDownClass): 204 DELETE http://10.180.1.21/identity/v3/users/8da1666da7c54947adeb0f1b0528ba4e 0.179s
2025-11-20 19:00:11.194 66509 INFO tempest.lib.common.dynamic_creds [-] Deleting project and security group for project: 20b44e553cb64257a9983f63de514df5
2025-11-20 19:00:11.221 66489 INFO tempest.lib.common.rest_client [req-323a314b-b165-4cd5-83e3-ff9b9db0ca69 req-323a314b-b165-4cd5-83e3-ff9b9db0ca69 ] Request (QuotasTestJSON:test_compare_tenant_quotas_with_default_quotas): 200 GET http://10.180.1.21/compute/v2.1/os-quota-sets/6d3da4e1499840ed9dadb966c38287a6/defaults 0.791s
2025-11-20 19:00:11.256 66509 INFO tempest.lib.common.rest_client [req-52786e6b-37b1-4431-908f-3679c099f9ba req-52786e6b-37b1-4431-908f-3679c099f9ba ] Request (ServerMetadataNegativeTestJSON:tearDownClass): 200 GET http://10.180.1.21/networking/v2.0/security-groups?tenant_id=20b44e553cb64257a9983f63de514df5&name=default 0.062s
2025-11-20 19:00:11.323 66483 INFO paramiko.transport [-] Connected (version 2.0, client dropbear_2020.81)
2025-11-20 19:00:11.366 66509 INFO tempest.lib.common.rest_client [req-ca13a87e-bb6a-41d3-b996-4f3bfe97abdf req-ca13a87e-bb6a-41d3-b996-4f3bfe97abdf ] Request (ServerMetadataNegativeTestJSON:tearDownClass): 204 DELETE http://10.180.1.21/networking/v2.0/security-groups/f8bef11c-ef0e-4ed1-b9a3-f27537962a61 0.109s
2025-11-20 19:00:11.430 66483 INFO paramiko.transport [-] Authentication (publickey) successful!
2025-11-20 19:00:11.431 66483 INFO tempest.lib.common.ssh [-] ssh connection to cirros@10.180.180.200 successfully created
2025-11-20 19:00:11.438 66513 INFO tempest.lib.common.rest_client [req-fece5300-c144-4c3b-baff-51ebbde0f5db req-fece5300-c144-4c3b-baff-51ebbde0f5db ] Request (ServersNegativeTestJSON:test_create_with_non_existent_keypair): 400 POST http://10.180.1.21/compute/v2.1/servers 0.723s
2025-11-20 19:00:11.453 66526 INFO tempest.lib.common.rest_client [req-228adc3a-1436-4195-af33-d64b50b87b7e req-228adc3a-1436-4195-af33-d64b50b87b7e ] Request (DeleteServersTestJSON:test_delete_server_while_in_attached_volume): 200 GET http://10.180.1.21/compute/v2.1/servers/6910f350-39b8-49fb-8c7e-3b0001ac15d2 0.656s
2025-11-20 19:00:11.487 66509 INFO tempest.lib.common.rest_client [req-260ae5e4-4c3b-45ff-b241-6448682c6d09 req-260ae5e4-4c3b-45ff-b241-6448682c6d09 ] Request (ServerMetadataNegativeTestJSON:tearDownClass): 204 DELETE http://10.180.1.21/identity/v3/projects/20b44e553cb64257a9983f63de514df5 0.120s
2025-11-20 19:00:11.528 66541 INFO tempest.lib.common.rest_client [req-7d6f96d3-0057-4112-bb0d-4c69164273af req-7d6f96d3-0057-4112-bb0d-4c69164273af ] Request (ListImageFiltersTestJSON:setUpClass): 200 GET http://10.180.1.21/compute/v2.1/servers/b3f4aa8f-ac3c-46c3-a956-c31e71072237 0.605s
2025-11-20 19:00:11.570 66501 INFO tempest.lib.common.rest_client [req-ec2b6a7a-e9ac-4c83-8cc4-27e34baeb6d5 req-ec2b6a7a-e9ac-4c83-8cc4-27e34baeb6d5 ] Request (ServersAdminTestJSON:tearDownClass): 200 GET http://10.180.1.21/compute/v2.1/servers/d931f5cd-82e4-4518-84b7-5526d5299e38 0.627s
2025-11-20 19:00:11.582 66509 INFO tempest.lib.common.rest_client [req-662887ec-9706-4b7a-8a1b-2ce7c94b0bad req-662887ec-9706-4b7a-8a1b-2ce7c94b0bad ] Request (ServerPasswordTestJSON:setUpClass): 201 POST http://10.180.1.21/identity/v3/auth/tokens 0.093s
2025-11-20 19:00:11.622 66509 INFO tempest.lib.common.rest_client [req-51a426a7-61b9-4351-8e4d-1421595ad9de req-51a426a7-61b9-4351-8e4d-1421595ad9de ] Request (ServerPasswordTestJSON:setUpClass): 201 POST http://10.180.1.21/identity/v3/auth/tokens 0.038s
2025-11-20 19:00:11.649 66527 INFO tempest.lib.common.rest_client [req-d320dc81-b1f3-4d3c-b180-4965e9b54de4 req-d320dc81-b1f3-4d3c-b180-4965e9b54de4 ] Request (ServerRescueTestJSONUnderV235:setUpClass): 200 GET http://10.180.1.21/compute/v2.1/servers/e02c3c31-0f05-412a-a0ee-0d3297b4ae23 0.541s
2025-11-20 19:00:11.652 66509 INFO tempest.lib.common.rest_client [req-e56b8462-d732-42e6-8ddf-2a306e004b3d req-e56b8462-d732-42e6-8ddf-2a306e004b3d ] Request (ServerPasswordTestJSON:setUpClass): 200 GET http://10.180.1.21/identity/v3/domains?name=Default 0.029s
2025-11-20 19:00:11.664 66485 INFO tempest.lib.common.rest_client [req-11cff3e6-5224-422d-a985-fbe8ec6c32e2 req-11cff3e6-5224-422d-a985-fbe8ec6c32e2 ] Request (ServerMetadataTestJSON:tearDownClass): 200 GET http://10.180.1.21/compute/v2.1/servers/55bfae04-de63-40f2-8ac2-7ee7294b7be4 0.630s
2025-11-20 19:00:11.688 66509 INFO tempest.lib.common.rest_client [req-399f1c50-4f00-4365-9c58-95de2aa4e5eb req-399f1c50-4f00-4365-9c58-95de2aa4e5eb ] Request (ServerPasswordTestJSON:setUpClass): 201 POST http://10.180.1.21/identity/v3/projects 0.035s
2025-11-20 19:00:11.723 66517 INFO tempest.lib.common.rest_client [req-be9edd6c-fab6-43ee-9dab-5b42a76af7e1 req-be9edd6c-fab6-43ee-9dab-5b42a76af7e1 ] Request (ImagesTestJSON:test_create_image_from_stopped_server): 200 GET http://10.180.1.21/compute/v2.1/servers/43038c5a-5665-44b9-a40b-16ac7e767cbb 0.560s
2025-11-20 19:00:11.760 66509 INFO tempest.lib.common.rest_client [req-67161b1c-4d5d-430d-861c-aa89af153304 req-67161b1c-4d5d-430d-861c-aa89af153304 ] Request (ServerPasswordTestJSON:setUpClass): 201 POST http://10.180.1.21/identity/v3/users 0.070s
2025-11-20 19:00:11.784 66507 INFO tempest.lib.common.rest_client [req-5bfc13ff-36ad-4a4d-aaab-3b9fed90e308 req-5bfc13ff-36ad-4a4d-aaab-3b9fed90e308 ] Request (ImagesOneServerTestJSON:setUpClass): 201 POST http://10.180.1.21/networking/v2.0/routers 0.891s
2025-11-20 19:00:11.785 66509 INFO tempest.lib.common.rest_client [req-9a193257-76a9-4b2e-89e7-206cf27a0b7d req-9a193257-76a9-4b2e-89e7-206cf27a0b7d ] Request (ServerPasswordTestJSON:setUpClass): 200 GET http://10.180.1.21/identity/v3/roles 0.025s
2025-11-20 19:00:11.806 66519 INFO tempest.lib.common.rest_client [req-5d4efc28-18a9-438c-886a-7738bfc3b5a8 req-5d4efc28-18a9-438c-886a-7738bfc3b5a8 ] Request (ServersAdminNegativeTestJSON:tearDownClass): 200 GET http://10.180.1.21/compute/v2.1/servers/7dfc5f22-8492-46ef-a16a-1ac7de5d6df0 0.519s
2025-11-20 19:00:11.820 66489 INFO tempest.lib.common.rest_client [req-5abdeb38-897b-4572-9ef3-de1c9a24e074 req-5abdeb38-897b-4572-9ef3-de1c9a24e074 ] Request (QuotasTestJSON:test_compare_tenant_quotas_with_default_quotas): 200 GET http://10.180.1.21/compute/v2.1/os-quota-sets/6d3da4e1499840ed9dadb966c38287a6 0.597s
2025-11-20 19:00:11.820 66509 INFO tempest.lib.common.rest_client [req-5249ce14-5803-43ea-84fe-c28eb043b1c9 req-5249ce14-5803-43ea-84fe-c28eb043b1c9 ] Request (ServerPasswordTestJSON:setUpClass): 204 PUT http://10.180.1.21/identity/v3/projects/019e1a7bdb3d4a1192dfee2fe3f3aa8d/users/0dba5a4131464ccf89c77c4924487cdf/roles/ff744261f82f4e3ba5d3266d6dd44b54 0.034s
2025-11-20 19:00:11.820 66509 INFO tempest.lib.common.dynamic_creds [-] Dynamic test user 0dba5a4131464ccf89c77c4924487cdf is created with scope project and roles: ['member']
2025-11-20 19:00:11.821 66509 INFO tempest.lib.common.dynamic_creds [-] Acquired dynamic creds: credentials: Credentials: {'domain_id': 'default', 'domain_name': 'Default', 'username': 'tempest-ServerPasswordTestJSON-568184293-project-member', 'project_domain_id': 'default', 'project_domain_name': 'Default', 'project_id': '019e1a7bdb3d4a1192dfee2fe3f3aa8d', 'project_name': 'tempest-ServerPasswordTestJSON-568184293', 'tenant_id': '019e1a7bdb3d4a1192dfee2fe3f3aa8d', 'tenant_name': 'tempest-ServerPasswordTestJSON-568184293', 'user_domain_id': 'default', 'user_domain_name': 'Default', 'user_id': '0dba5a4131464ccf89c77c4924487cdf', 'system': None}, Network: None, Subnet: None, Router: None
2025-11-20 19:00:11.884 66509 INFO tempest.lib.common.rest_client [req-07a09e93-3603-4f1d-a761-6c9cebce5d16 req-07a09e93-3603-4f1d-a761-6c9cebce5d16 ] Request (ServerPasswordTestJSON:setUpClass): 201 POST http://10.180.1.21/identity/v3/auth/tokens 0.063s
2025-11-20 19:00:12.202 66509 INFO tempest.lib.common.rest_client [req-ef089a6a-bb33-4964-b382-daa6483d759f req-ef089a6a-bb33-4964-b382-daa6483d759f ] Request (ServerPasswordTestJSON:setUpClass): 201 POST http://10.180.1.21/networking/v2.0/networks 0.317s
2025-11-20 19:00:12.260 66533 INFO tempest.lib.common.rest_client [req-6e6738b0-696c-4320-93c6-5b5fc628105c req-6e6738b0-696c-4320-93c6-5b5fc628105c ] Request (AttachVolumeShelveTestJSON:test_attach_volume_shelved_or_offload_server): 200 GET http://10.180.1.21/compute/v2.1/servers/2a28de71-d4b0-4aa1-9f51-6eff7311edbc 0.950s
2025-11-20 19:00:12.266 66483 INFO tempest.lib.common.rest_client [req-7468014a-5426-4f34-9837-055f5f05d376 req-7468014a-5426-4f34-9837-055f5f05d376 ] Request (ServerActionsTestOtherA:setUp): 200 GET http://10.180.1.21/compute/v2.1/servers/1b37c4ad-25eb-420c-90ca-848093a066d9 0.834s
2025-11-20 19:00:12.355 66483 INFO tempest.lib.common.rest_client [req-35ea206a-e50b-4317-86d3-225e254306df req-35ea206a-e50b-4317-86d3-225e254306df ] Request (ServerActionsTestOtherA:test_rebuild_server_in_stop_state): 201 POST http://10.180.1.21/identity/v3/auth/tokens 0.079s
2025-11-20 19:00:12.355 66483 INFO tempest.lib.common.fixed_network [-] (ServerActionsTestOtherA:test_rebuild_server_in_stop_state) Found network {'id': '5cfeee0c-8bde-4b40-b495-998538f5edaa', 'name': 'tempest-ServerActionsTestOtherA-1125126533-network', 'tenant_id': 'e3a676821075485d8017c12b0468a463', 'project_id': 'e3a676821075485d8017c12b0468a463', 'admin_state_up': True, 'mtu': 8950, 'status': 'ACTIVE', 'subnets': [], 'shared': False, 'port_security_enabled': True, 'router:external': False, 'provider:network_type': 'vlan', 'provider:physical_network': 'default', 'provider:segmentation_id': 846, 'availability_zone_hints': [], 'availability_zones': [], 'ipv4_address_scope': None, 'ipv6_address_scope': None, 'description': '', 'tags': [], 'created_at': '2025-11-20T18:58:56Z', 'updated_at': '2025-11-20T18:58:56Z', 'revision_number': 1} available for tenant
2025-11-20 19:00:12.437 66509 INFO tempest.lib.common.rest_client [req-06e4a052-e58a-4423-8391-711760b4800a req-06e4a052-e58a-4423-8391-711760b4800a ] Request (ServerPasswordTestJSON:setUpClass): 201 POST http://10.180.1.21/networking/v2.0/subnets 0.235s
2025-11-20 19:00:12.525 66522 INFO tempest.lib.common.rest_client [req-76c36d37-b455-4712-86cb-6fe0305ec268 req-76c36d37-b455-4712-86cb-6fe0305ec268 ] Request (MultipleCreateTestJSON:_run_cleanups): 200 GET http://10.180.1.21/compute/v2.1/servers/f382534a-c184-4e96-8b15-b31ff0014a57 1.060s
2025-11-20 19:00:12.648 66507 INFO tempest.lib.common.rest_client [req-9a0d8ec5-1919-4007-960d-fba0bdee5628 req-9a0d8ec5-1919-4007-960d-fba0bdee5628 ] Request (ImagesOneServerTestJSON:setUpClass): 200 PUT http://10.180.1.21/networking/v2.0/routers/e362852c-ad72-45a4-82a0-1e3ef332ab5e/add_router_interface 0.863s
2025-11-20 19:00:12.648 66507 INFO tempest.lib.common.dynamic_creds [-] Created isolated network resources for: credentials: Credentials: {'domain_id': 'default', 'domain_name': 'Default', 'username': 'tempest-ImagesOneServerTestJSON-1373675140-project-member', 'project_domain_id': 'default', 'project_domain_name': 'Default', 'project_id': '7dd0604e50da43538cc1966e4516336e', 'project_name': 'tempest-ImagesOneServerTestJSON-1373675140', 'tenant_id': '7dd0604e50da43538cc1966e4516336e', 'tenant_name': 'tempest-ImagesOneServerTestJSON-1373675140', 'user_domain_id': 'default', 'user_domain_name': 'Default', 'user_id': 'e06a0c12efe5450fa8be006727584b51', 'system': None}, Network: {'id': '99652f7b-97eb-4403-a9ad-01248485c812', 'name': 'tempest-ImagesOneServerTestJSON-347254270-network', 'tenant_id': '7dd0604e50da43538cc1966e4516336e', 'project_id': '7dd0604e50da43538cc1966e4516336e', 'admin_state_up': True, 'mtu': 8950, 'status': 'ACTIVE', 'subnets': [], 'shared': False, 'port_security_enabled': True, 'router:external': False, 'provider:network_type': 'vlan', 'provider:physical_network': 'default', 'provider:segmentation_id': 7, 'availability_zone_hints': [], 'availability_zones': [], 'ipv4_address_scope': None, 'ipv6_address_scope': None, 'description': '', 'tags': [], 'created_at': '2025-11-20T19:00:10Z', 'updated_at': '2025-11-20T19:00:10Z', 'revision_number': 1}, Subnet: {'id': '78064a16-1136-40de-a277-1886021a1493', 'name': 'tempest-ImagesOneServerTestJSON-347254270-subnet', 'tenant_id': '7dd0604e50da43538cc1966e4516336e', 'network_id': '99652f7b-97eb-4403-a9ad-01248485c812', 'ip_version': 4, 'subnetpool_id': None, 'enable_dhcp': True, 'ipv6_ra_mode': None, 'ipv6_address_mode': None, 'gateway_ip': '192.168.128.1', 'cidr': '192.168.128.0/28', 'allocation_pools': [{'start': '192.168.128.2', 'end': '192.168.128.14'}], 'host_routes': [], 'dns_nameservers': [], 'description': '', 'router:external': False, 'service_types': [], 'tags': [], 'created_at': '2025-11-20T19:00:10Z', 'updated_at': '2025-11-20T19:00:10Z', 'revision_number': 0, 'project_id': '7dd0604e50da43538cc1966e4516336e'}, Router: {'id': 'e362852c-ad72-45a4-82a0-1e3ef332ab5e', 'name': 'tempest-ImagesOneServerTestJSON-347254270-router', 'tenant_id': '7dd0604e50da43538cc1966e4516336e', 'admin_state_up': True, 'status': 'ACTIVE', 'external_gateway_info': {'network_id': 'a390ba00-d4b5-41f2-93e4-2147b5b0f12c', 'external_fixed_ips': [{'subnet_id': '61e4f80a-0409-477c-a43b-3192ee33929f', 'ip_address': '10.180.180.236'}], 'enable_snat': True}, 'description': '', 'availability_zones': [], 'distributed': False, 'ha': False, 'availability_zone_hints': [], 'routes': [], 'flavor_id': None, 'tags': [], 'created_at': '2025-11-20T19:00:11Z', 'updated_at': '2025-11-20T19:00:11Z', 'revision_number': 2, 'project_id': '7dd0604e50da43538cc1966e4516336e'}
2025-11-20 19:00:12.688 66513 INFO tempest.lib.common.rest_client [req-7e48ae3f-95f4-46b8-a280-859249b8af1f req-7e48ae3f-95f4-46b8-a280-859249b8af1f ] Request (ServersNegativeTestJSON:tearDown): 200 GET http://10.180.1.21/compute/v2.1/servers/66833a86-1677-4b06-88a3-80b4bd55b280 1.248s
2025-11-20 19:00:12.703 66515 INFO tempest.lib.common.rest_client [req-ce811dd9-e93f-4379-93d1-43437c9c1bb2 req-ce811dd9-e93f-4379-93d1-43437c9c1bb2 ] Request (AttachInterfacesTestJSON:test_create_list_show_delete_interfaces_by_network_port): 200 GET http://10.180.1.21/compute/v2.1/servers/7b38f564-ec67-4bcd-b642-1f3f442e2f63 1.062s
2025-11-20 19:00:12.764 66499 INFO tempest.lib.common.rest_client [req-ff15f370-b13d-4587-86a6-3f7f5623c61f req-ff15f370-b13d-4587-86a6-3f7f5623c61f ] Request (ServersAdmin275Test:test_rebuild_update_server_275): 200 GET http://10.180.1.21/compute/v2.1/servers/27bff516-7731-4de4-b7c8-f771bde69c71 1.017s
2025-11-20 19:00:12.788 66507 INFO tempest.lib.common.rest_client [req-5581ac1c-deb8-4fcd-a78e-0e019a363aa6 req-5581ac1c-deb8-4fcd-a78e-0e019a363aa6 ] Request (ImagesOneServerTestJSON:setUpClass): 201 POST http://10.180.1.21/identity/v3/auth/tokens 0.136s
2025-11-20 19:00:12.827 66507 INFO tempest.lib.common.rest_client [req-904e9194-f765-4af4-b9ee-6b98049c7b35 req-904e9194-f765-4af4-b9ee-6b98049c7b35 ] Request (ImagesOneServerTestJSON:setUpClass): 201 POST http://10.180.1.21/identity/v3/auth/tokens 0.034s
2025-11-20 19:00:12.827 66507 INFO tempest.lib.common.fixed_network [-] (ImagesOneServerTestJSON:setUpClass) Found network {'id': '99652f7b-97eb-4403-a9ad-01248485c812', 'name': 'tempest-ImagesOneServerTestJSON-347254270-network', 'tenant_id': '7dd0604e50da43538cc1966e4516336e', 'project_id': '7dd0604e50da43538cc1966e4516336e', 'admin_state_up': True, 'mtu': 8950, 'status': 'ACTIVE', 'subnets': [], 'shared': False, 'port_security_enabled': True, 'router:external': False, 'provider:network_type': 'vlan', 'provider:physical_network': 'default', 'provider:segmentation_id': 7, 'availability_zone_hints': [], 'availability_zones': [], 'ipv4_address_scope': None, 'ipv6_address_scope': None, 'description': '', 'tags': [], 'created_at': '2025-11-20T19:00:10Z', 'updated_at': '2025-11-20T19:00:10Z', 'revision_number': 1} available for tenant
2025-11-20 19:00:12.872 66489 INFO tempest.lib.common.rest_client [req-f0fb88e6-58b7-4956-94e1-a1220f98a74a req-f0fb88e6-58b7-4956-94e1-a1220f98a74a ] Request (QuotasTestJSON:test_get_default_quotas): 200 GET http://10.180.1.21/compute/v2.1/os-quota-sets/6d3da4e1499840ed9dadb966c38287a6/defaults 1.047s
2025-11-20 19:00:13.207 66509 INFO tempest.lib.common.rest_client [req-716e7200-124e-4f46-a8ef-be62a20b856b req-716e7200-124e-4f46-a8ef-be62a20b856b ] Request (ServerPasswordTestJSON:setUpClass): 201 POST http://10.180.1.21/networking/v2.0/routers 0.768s
2025-11-20 19:00:13.228 66523 INFO tempest.lib.common.rest_client [req-dde47de5-ea33-4904-a39e-90e97229a10e req-dde47de5-ea33-4904-a39e-90e97229a10e ] Request (ImagesOneServerNegativeTestJSON:_run_cleanups): 200 GET http://10.180.1.21/compute/v2.1/servers/4cbae877-7390-47c2-a8d3-bbfde911b1b9 1.475s
2025-11-20 19:00:13.242 66497 INFO tempest.lib.common.rest_client [req-e3092f98-f587-40ec-9ef8-0c982c1afba8 req-e3092f98-f587-40ec-9ef8-0c982c1afba8 ] Request (ServersTestJSON:test_create_server_with_ipv6_addr_only): 200 GET http://10.180.1.21/compute/v2.1/servers/68b862cf-7c9f-4b39-b67b-b8eac3071ea6 1.289s
2025-11-20 19:00:14.324 66495 INFO tempest.lib.common.rest_client [req-c7d13c49-f093-4f8d-8fb9-42c762a91319 req-c7d13c49-f093-4f8d-8fb9-42c762a91319 ] Request (ServersTestManualDisk:tearDownClass): 200 GET http://10.180.1.21/compute/v2.1/servers/0b5f5f31-7d76-4113-b6b8-2b43192dc699 2.279s
2025-11-20 19:00:14.434 66511 INFO tempest.lib.common.rest_client [req-1935d6ac-d0d3-4251-9ad4-8ec2014bee4e req-1935d6ac-d0d3-4251-9ad4-8ec2014bee4e ] Request (ServerRescueNegativeTestJSON:setUpClass): 200 GET http://10.180.1.21/compute/v2.1/servers/05d8697f-92d7-4250-b20d-813e17e8be10 2.307s
2025-11-20 19:00:14.465 66487 INFO tempest.lib.common.rest_client [req-7477edc4-bc88-4b90-a888-eb6ec993d1e6 req-7477edc4-bc88-4b90-a888-eb6ec993d1e6 ] Request (MigrationsAdminTest:test_resize_server_revert_deleted_flavor): 200 GET http://10.180.1.21/compute/v2.1/servers/218561c3-29b9-4341-abf6-99f4d65e38a6 2.393s
2025-11-20 19:00:14.496 66509 INFO tempest.lib.common.rest_client [req-80e4d7cb-7aa2-4a09-813f-35783e6e8f95 req-80e4d7cb-7aa2-4a09-813f-35783e6e8f95 ] Request (ServerPasswordTestJSON:setUpClass): 200 PUT http://10.180.1.21/networking/v2.0/routers/7de91e0a-06b7-44e1-bbe2-e5a6777b42d8/add_router_interface 1.289s
2025-11-20 19:00:14.496 66509 INFO tempest.lib.common.dynamic_creds [-] Created isolated network resources for: credentials: Credentials: {'domain_id': 'default', 'domain_name': 'Default', 'username': 'tempest-ServerPasswordTestJSON-568184293-project-member', 'project_domain_id': 'default', 'project_domain_name': 'Default', 'project_id': '019e1a7bdb3d4a1192dfee2fe3f3aa8d', 'project_name': 'tempest-ServerPasswordTestJSON-568184293', 'tenant_id': '019e1a7bdb3d4a1192dfee2fe3f3aa8d', 'tenant_name': 'tempest-ServerPasswordTestJSON-568184293', 'user_domain_id': 'default', 'user_domain_name': 'Default', 'user_id': '0dba5a4131464ccf89c77c4924487cdf', 'system': None}, Network: {'id': '21276f96-973c-47df-a2bd-fe3ba61176f2', 'name': 'tempest-ServerPasswordTestJSON-1608418712-network', 'tenant_id': '019e1a7bdb3d4a1192dfee2fe3f3aa8d', 'project_id': '019e1a7bdb3d4a1192dfee2fe3f3aa8d', 'admin_state_up': True, 'mtu': 8950, 'status': 'ACTIVE', 'subnets': [], 'shared': False, 'port_security_enabled': True, 'router:external': False, 'provider:network_type': 'vlan', 'provider:physical_network': 'default', 'provider:segmentation_id': 286, 'availability_zone_hints': [], 'availability_zones': [], 'ipv4_address_scope': None, 'ipv6_address_scope': None, 'description': '', 'tags': [], 'created_at': '2025-11-20T19:00:12Z', 'updated_at': '2025-11-20T19:00:12Z', 'revision_number': 1}, Subnet: {'id': '19040a23-0f37-4529-9d95-249ebf3403b0', 'name': 'tempest-ServerPasswordTestJSON-1608418712-subnet', 'tenant_id': '019e1a7bdb3d4a1192dfee2fe3f3aa8d', 'network_id': '21276f96-973c-47df-a2bd-fe3ba61176f2', 'ip_version': 4, 'subnetpool_id': None, 'enable_dhcp': True, 'ipv6_ra_mode': None, 'ipv6_address_mode': None, 'gateway_ip': '192.168.128.1', 'cidr': '192.168.128.0/28', 'allocation_pools': [{'start': '192.168.128.2', 'end': '192.168.128.14'}], 'host_routes': [], 'dns_nameservers': [], 'description': '', 'router:external': False, 'service_types': [], 'tags': [], 'created_at': '2025-11-20T19:00:12Z', 'updated_at': '2025-11-20T19:00:12Z', 'revision_number': 0, 'project_id': '019e1a7bdb3d4a1192dfee2fe3f3aa8d'}, Router: {'id': '7de91e0a-06b7-44e1-bbe2-e5a6777b42d8', 'name': 'tempest-ServerPasswordTestJSON-1608418712-router', 'tenant_id': '019e1a7bdb3d4a1192dfee2fe3f3aa8d', 'admin_state_up': True, 'status': 'ACTIVE', 'external_gateway_info': {'network_id': 'a390ba00-d4b5-41f2-93e4-2147b5b0f12c', 'external_fixed_ips': [{'subnet_id': '61e4f80a-0409-477c-a43b-3192ee33929f', 'ip_address': '10.180.180.238'}], 'enable_snat': True}, 'description': '', 'availability_zones': [], 'distributed': False, 'ha': False, 'availability_zone_hints': [], 'routes': [], 'flavor_id': None, 'tags': [], 'created_at': '2025-11-20T19:00:12Z', 'updated_at': '2025-11-20T19:00:12Z', 'revision_number': 2, 'project_id': '019e1a7bdb3d4a1192dfee2fe3f3aa8d'}
2025-11-20 19:00:14.542 66526 INFO tempest.lib.common.rest_client [req-28138fc7-46ca-46c9-8746-d3e052a6b717 req-28138fc7-46ca-46c9-8746-d3e052a6b717 ] Request (DeleteServersTestJSON:test_delete_server_while_in_attached_volume): 200 GET http://10.180.1.21/compute/v2.1/servers/6910f350-39b8-49fb-8c7e-3b0001ac15d2 2.076s
2025-11-20 19:00:14.606 66509 INFO tempest.lib.common.rest_client [req-3d736951-027e-434a-9363-20ba7c6e68af req-3d736951-027e-434a-9363-20ba7c6e68af ] Request (ServerPasswordTestJSON:setUpClass): 201 POST http://10.180.1.21/identity/v3/auth/tokens 0.106s
2025-11-20 19:00:14.615 66541 INFO tempest.lib.common.rest_client [req-9643589d-67b2-42ed-9bff-ca9c1e32500f req-9643589d-67b2-42ed-9bff-ca9c1e32500f ] Request (ListImageFiltersTestJSON:setUpClass): 200 GET http://10.180.1.21/compute/v2.1/servers/b3f4aa8f-ac3c-46c3-a956-c31e71072237 2.078s
2025-11-20 19:00:14.647 66509 INFO tempest.lib.common.rest_client [req-d23b6e30-8430-4888-a560-cda696c802f9 req-d23b6e30-8430-4888-a560-cda696c802f9 ] Request (ServerPasswordTestJSON:setUpClass): 201 POST http://10.180.1.21/identity/v3/auth/tokens 0.037s
2025-11-20 19:00:14.647 66509 INFO tempest.lib.common.fixed_network [-] (ServerPasswordTestJSON:setUpClass) Found network {'id': '21276f96-973c-47df-a2bd-fe3ba61176f2', 'name': 'tempest-ServerPasswordTestJSON-1608418712-network', 'tenant_id': '019e1a7bdb3d4a1192dfee2fe3f3aa8d', 'project_id': '019e1a7bdb3d4a1192dfee2fe3f3aa8d', 'admin_state_up': True, 'mtu': 8950, 'status': 'ACTIVE', 'subnets': [], 'shared': False, 'port_security_enabled': True, 'router:external': False, 'provider:network_type': 'vlan', 'provider:physical_network': 'default', 'provider:segmentation_id': 286, 'availability_zone_hints': [], 'availability_zones': [], 'ipv4_address_scope': None, 'ipv6_address_scope': None, 'description': '', 'tags': [], 'created_at': '2025-11-20T19:00:12Z', 'updated_at': '2025-11-20T19:00:12Z', 'revision_number': 1} available for tenant
2025-11-20 19:00:14.698 66501 INFO tempest.lib.common.rest_client [req-434c4eb9-3aec-4c42-943f-cb3e753d883a req-434c4eb9-3aec-4c42-943f-cb3e753d883a ] Request (ServersAdminTestJSON:tearDownClass): 200 GET http://10.180.1.21/compute/v2.1/servers/d931f5cd-82e4-4518-84b7-5526d5299e38 2.121s
2025-11-20 19:00:14.758 66527 INFO tempest.lib.common.rest_client [req-4037ca8f-b617-4d64-820e-fc249992df40 req-4037ca8f-b617-4d64-820e-fc249992df40 ] Request (ServerRescueTestJSONUnderV235:setUpClass): 200 GET http://10.180.1.21/compute/v2.1/servers/e02c3c31-0f05-412a-a0ee-0d3297b4ae23 2.099s
2025-11-20 19:00:14.808 66483 INFO tempest.lib.common.rest_client [req-0ab84752-282a-4576-a250-b1627d40cb70 req-0ab84752-282a-4576-a250-b1627d40cb70 ] Request (ServerActionsTestOtherA:test_rebuild_server_in_stop_state): 202 POST http://10.180.1.21/compute/v2.1/servers 2.451s
2025-11-20 19:00:14.829 66485 INFO tempest.lib.common.rest_client [req-7861bb8e-53a4-4822-9d12-e74978729432 req-7861bb8e-53a4-4822-9d12-e74978729432 ] Request (ServerMetadataTestJSON:tearDownClass): 200 GET http://10.180.1.21/compute/v2.1/servers/55bfae04-de63-40f2-8ac2-7ee7294b7be4 2.158s
2025-11-20 19:00:14.880 66493 WARNING tempest.lib.common.ssh [-] Failed to establish authenticated ssh connection to cirros@10.180.180.248 ([Errno None] Unable to connect to port 22 on 10.180.180.248). Number attempts: 2. Retry after 3 seconds.: paramiko.ssh_exception.NoValidConnectionsError: [Errno None] Unable to connect to port 22 on 10.180.180.248
2025-11-20 19:00:14.919 66517 INFO tempest.lib.common.rest_client [req-fd3b6297-f078-41e8-83fd-5668a8136bc8 req-fd3b6297-f078-41e8-83fd-5668a8136bc8 ] Request (ImagesTestJSON:test_create_image_from_stopped_server): 200 GET http://10.180.1.21/compute/v2.1/servers/43038c5a-5665-44b9-a40b-16ac7e767cbb 2.186s
2025-11-20 19:00:14.935 66513 INFO tempest.lib.common.rest_client [req-645c0c09-4017-4d7c-9565-975d3dadc72e req-645c0c09-4017-4d7c-9565-975d3dadc72e ] Request (ServersNegativeTestJSON:setUp): 200 GET http://10.180.1.21/compute/v2.1/servers/66833a86-1677-4b06-88a3-80b4bd55b280 2.235s
