2025-11-20 19:00:14.952 66543 WARNING tempest.lib.common.ssh [-] Failed to establish authenticated ssh connection to cirros@10.180.180.161 ([Errno None] Unable to connect to port 22 on 10.180.180.161). Number attempts: 14. Retry after 15 seconds.: paramiko.ssh_exception.NoValidConnectionsError: [Errno None] Unable to connect to port 22 on 10.180.180.161
2025-11-20 19:00:15.004 66519 INFO tempest.lib.common.rest_client [req-2d517017-7302-47b9-a2c0-cf18bad65d3e req-2d517017-7302-47b9-a2c0-cf18bad65d3e ] Request (ServersAdminNegativeTestJSON:tearDownClass): 200 GET http://10.180.1.21/compute/v2.1/servers/7dfc5f22-8492-46ef-a16a-1ac7de5d6df0 2.188s
2025-11-20 19:00:15.046 66513 INFO tempest.lib.common.rest_client [req-79f955d2-5ce0-427c-9c05-6d47b92ffcd5 req-79f955d2-5ce0-427c-9c05-6d47b92ffcd5 ] Request (ServersNegativeTestJSON:test_create_with_nonexistent_security_group): 201 POST http://10.180.1.21/identity/v3/auth/tokens 0.092s
2025-11-20 19:00:15.046 66513 INFO tempest.lib.common.fixed_network [-] (ServersNegativeTestJSON:test_create_with_nonexistent_security_group) Found network {'id': '915c4f43-2ee6-427f-80d2-30c4d4a67903', 'name': 'tempest-ServersNegativeTestJSON-665242601-network', 'tenant_id': '6b2642f060f8465c9fee6e48b65e39a0', 'project_id': '6b2642f060f8465c9fee6e48b65e39a0', 'admin_state_up': True, 'mtu': 8950, 'status': 'ACTIVE', 'subnets': [], 'shared': False, 'port_security_enabled': True, 'router:external': False, 'provider:network_type': 'vlan', 'provider:physical_network': 'default', 'provider:segmentation_id': 761, 'availability_zone_hints': [], 'availability_zones': [], 'ipv4_address_scope': None, 'ipv6_address_scope': None, 'description': '', 'tags': [], 'created_at': '2025-11-20T18:58:28Z', 'updated_at': '2025-11-20T18:58:28Z', 'revision_number': 1} available for tenant
2025-11-20 19:00:15.057 66489 INFO tempest.lib.common.rest_client [req-6953539f-461d-467b-a86b-1c824dc1ab74 req-6953539f-461d-467b-a86b-1c824dc1ab74 ] Request (QuotasTestJSON:test_get_quotas): 200 GET http://10.180.1.21/compute/v2.1/os-quota-sets/6d3da4e1499840ed9dadb966c38287a6 2.182s
2025-11-20 19:00:15.177 66533 INFO tempest.lib.common.rest_client [req-bec1eeef-0b74-4d83-9884-fcf164b8f72b req-bec1eeef-0b74-4d83-9884-fcf164b8f72b ] Request (AttachVolumeShelveTestJSON:test_attach_volume_shelved_or_offload_server): 200 GET http://10.180.1.21/compute/v2.1/servers/2a28de71-d4b0-4aa1-9f51-6eff7311edbc 1.905s
2025-11-20 19:00:15.252 66522 INFO tempest.lib.common.rest_client [req-4adb285c-ead5-4924-abf6-6b1c37345a2a req-4adb285c-ead5-4924-abf6-6b1c37345a2a ] Request (MultipleCreateTestJSON:_run_cleanups): 200 GET http://10.180.1.21/compute/v2.1/servers/f382534a-c184-4e96-8b15-b31ff0014a57 1.716s
2025-11-20 19:00:15.298 66515 INFO tempest.lib.common.rest_client [req-d19fbaea-4df8-4d4e-bf96-9fb2c9a83c99 req-d19fbaea-4df8-4d4e-bf96-9fb2c9a83c99 ] Request (AttachInterfacesTestJSON:test_create_list_show_delete_interfaces_by_network_port): 200 GET http://10.180.1.21/compute/v2.1/servers/7b38f564-ec67-4bcd-b642-1f3f442e2f63 1.582s
2025-11-20 19:00:15.344 66507 INFO tempest.lib.common.rest_client [req-caa3ae61-8a21-4a3f-9415-91ca7545afc2 req-caa3ae61-8a21-4a3f-9415-91ca7545afc2 ] Request (ImagesOneServerTestJSON:setUpClass): 202 POST http://10.180.1.21/compute/v2.1/servers 2.516s
2025-11-20 19:00:15.355 66499 INFO tempest.lib.common.rest_client [req-36647fc9-88c9-478a-ab3a-8df88152e579 req-36647fc9-88c9-478a-ab3a-8df88152e579 ] Request (ServersAdmin275Test:test_rebuild_update_server_275): 200 GET http://10.180.1.21/compute/v2.1/servers/27bff516-7731-4de4-b7c8-f771bde69c71 1.570s
2025-11-20 19:00:15.426 66523 INFO tempest.lib.common.rest_client [req-a9e9f8d0-2483-4445-9985-e01037922a0b req-a9e9f8d0-2483-4445-9985-e01037922a0b ] Request (ImagesOneServerNegativeTestJSON:_run_cleanups): 200 GET http://10.180.1.21/compute/v2.1/servers/4cbae877-7390-47c2-a8d3-bbfde911b1b9 1.187s
2025-11-20 19:00:15.443 66497 INFO tempest.lib.common.rest_client [req-2758025e-7205-45c9-8be8-3cc79789a2e6 req-2758025e-7205-45c9-8be8-3cc79789a2e6 ] Request (ServersTestJSON:test_create_server_with_ipv6_addr_only): 200 GET http://10.180.1.21/compute/v2.1/servers/68b862cf-7c9f-4b39-b67b-b8eac3071ea6 1.183s
2025-11-20 19:00:15.477 66483 INFO tempest.lib.common.rest_client [req-226dfe4c-ab8f-45b6-ad1b-db6942e147b1 req-226dfe4c-ab8f-45b6-ad1b-db6942e147b1 ] Request (ServerActionsTestOtherA:test_rebuild_server_in_stop_state): 200 GET http://10.180.1.21/compute/v2.1/servers/159cfee9-19cc-4c7e-98ad-8cdbdc4e4275 0.668s
2025-11-20 19:00:15.565 66513 INFO tempest.lib.common.rest_client [req-691d803e-f857-40c8-85fa-e499b67f0c21 req-691d803e-f857-40c8-85fa-e499b67f0c21 ] Request (ServersNegativeTestJSON:test_create_with_nonexistent_security_group): 400 POST http://10.180.1.21/compute/v2.1/servers 0.518s
2025-11-20 19:00:15.607 66489 INFO tempest.lib.common.rest_client [req-c4e2d0a7-b08e-4031-b8c0-31b9ea7f6eb3 req-c4e2d0a7-b08e-4031-b8c0-31b9ea7f6eb3 ] Request (QuotasTestJSON:test_get_quotas): 200 GET http://10.180.1.21/compute/v2.1/os-quota-sets/6d3da4e1499840ed9dadb966c38287a6?user_id=e664a2bf1cce486c99cd84298c3c0cbe 0.547s
2025-11-20 19:00:15.697 66495 INFO tempest.lib.common.rest_client [req-ac4a338f-3e33-4aef-8b5a-cf53aba1b6a0 req-ac4a338f-3e33-4aef-8b5a-cf53aba1b6a0 ] Request (ServersTestManualDisk:tearDownClass): 200 GET http://10.180.1.21/compute/v2.1/servers/0b5f5f31-7d76-4113-b6b8-2b43192dc699 0.361s
2025-11-20 19:00:15.712 66505 WARNING tempest.lib.common.ssh [-] Failed to establish authenticated ssh connection to cirros@10.180.180.148 ([Errno None] Unable to connect to port 22 on 10.180.180.148). Number attempts: 4. Retry after 5 seconds.: paramiko.ssh_exception.NoValidConnectionsError: [Errno None] Unable to connect to port 22 on 10.180.180.148
2025-11-20 19:00:15.723 66489 INFO tempest.lib.common.rest_client [req-a3d70215-7edb-42f0-b40b-0ccbdd5bf862 req-a3d70215-7edb-42f0-b40b-0ccbdd5bf862 ] Request (QuotasTestJSON:tearDownClass): 204 DELETE http://10.180.1.21/identity/v3/users/e664a2bf1cce486c99cd84298c3c0cbe 0.114s
2025-11-20 19:00:15.723 66489 INFO tempest.lib.common.dynamic_creds [-] Deleting project and security group for project: 6d3da4e1499840ed9dadb966c38287a6
2025-11-20 19:00:15.757 66507 INFO tempest.lib.common.rest_client [req-93bee2ca-3f5f-4a82-b854-df39ad7432c2 req-93bee2ca-3f5f-4a82-b854-df39ad7432c2 ] Request (ImagesOneServerTestJSON:setUpClass): 200 GET http://10.180.1.21/compute/v2.1/servers/fe776af3-cba3-4cab-bf44-d9792fddfe2d 0.411s
2025-11-20 19:00:15.810 66489 INFO tempest.lib.common.rest_client [req-f786c964-bddd-4b53-b5ea-34537843ec0b req-f786c964-bddd-4b53-b5ea-34537843ec0b ] Request (QuotasTestJSON:tearDownClass): 201 POST http://10.180.1.21/identity/v3/auth/tokens 0.086s
2025-11-20 19:00:15.840 66511 INFO tempest.lib.common.rest_client [req-fcbd17c9-cf18-48f9-907e-c585ce7d15bd req-fcbd17c9-cf18-48f9-907e-c585ce7d15bd ] Request (ServerRescueNegativeTestJSON:setUpClass): 200 GET http://10.180.1.21/compute/v2.1/servers/05d8697f-92d7-4250-b20d-813e17e8be10 0.398s
2025-11-20 19:00:15.897 66509 INFO tempest.lib.common.rest_client [req-86cb34e0-15ba-4b78-a989-97aba08cea5e req-86cb34e0-15ba-4b78-a989-97aba08cea5e ] Request (ServerPasswordTestJSON:setUpClass): 202 POST http://10.180.1.21/compute/v2.1/servers 1.246s
2025-11-20 19:00:15.990 66526 INFO tempest.lib.common.rest_client [req-70fefaf9-436f-4b0f-b098-164542b1086b req-70fefaf9-436f-4b0f-b098-164542b1086b ] Request (DeleteServersTestJSON:test_delete_server_while_in_attached_volume): 200 GET http://10.180.1.21/compute/v2.1/servers/6910f350-39b8-49fb-8c7e-3b0001ac15d2 0.435s
2025-11-20 19:00:16.029 66487 INFO tempest.lib.common.rest_client [req-9e719f19-3c76-454a-8696-233c78b02476 req-9e719f19-3c76-454a-8696-233c78b02476 ] Request (MigrationsAdminTest:test_resize_server_revert_deleted_flavor): 200 GET http://10.180.1.21/compute/v2.1/servers/218561c3-29b9-4341-abf6-99f4d65e38a6 0.554s
2025-11-20 19:00:16.091 66489 INFO tempest.lib.common.rest_client [req-0a4d6269-3144-439f-b4d9-90cb67e9c177 req-0a4d6269-3144-439f-b4d9-90cb67e9c177 ] Request (QuotasTestJSON:tearDownClass): 200 GET http://10.180.1.21/networking/v2.0/security-groups?tenant_id=6d3da4e1499840ed9dadb966c38287a6&name=default 0.281s
2025-11-20 19:00:16.114 66541 INFO tempest.lib.common.rest_client [req-69c2df77-8a9e-4e44-8efd-71dd76382653 req-69c2df77-8a9e-4e44-8efd-71dd76382653 ] Request (ListImageFiltersTestJSON:setUpClass): 200 GET http://10.180.1.21/compute/v2.1/servers/b3f4aa8f-ac3c-46c3-a956-c31e71072237 0.491s
2025-11-20 19:00:16.138 66513 INFO tempest.lib.common.rest_client [req-29824fee-aad5-444d-9d07-da233acd5a5c req-29824fee-aad5-444d-9d07-da233acd5a5c ] Request (ServersNegativeTestJSON:tearDown): 200 GET http://10.180.1.21/compute/v2.1/servers/66833a86-1677-4b06-88a3-80b4bd55b280 0.573s
2025-11-20 19:00:16.208 66527 INFO tempest.lib.common.rest_client [req-5aebbad6-b389-4797-84b7-b407afe3eb44 req-5aebbad6-b389-4797-84b7-b407afe3eb44 ] Request (ServerRescueTestJSONUnderV235:setUpClass): 200 GET http://10.180.1.21/compute/v2.1/servers/e02c3c31-0f05-412a-a0ee-0d3297b4ae23 0.442s
2025-11-20 19:00:16.229 66501 INFO tempest.lib.common.rest_client [req-1f91e491-420e-4bc8-b444-c7325ba966d1 req-1f91e491-420e-4bc8-b444-c7325ba966d1 ] Request (ServersAdminTestJSON:tearDownClass): 200 GET http://10.180.1.21/compute/v2.1/servers/d931f5cd-82e4-4518-84b7-5526d5299e38 0.522s
2025-11-20 19:00:16.240 66489 INFO tempest.lib.common.rest_client [req-b106d194-7b98-43d2-ad3f-5d00ba4c2625 req-b106d194-7b98-43d2-ad3f-5d00ba4c2625 ] Request (QuotasTestJSON:tearDownClass): 204 DELETE http://10.180.1.21/networking/v2.0/security-groups/1bf0dfb0-6860-4f9a-8aba-7834af1be438 0.148s
2025-11-20 19:00:16.279 66485 INFO tempest.lib.common.rest_client [req-d936aa46-0db2-42b2-8088-ab2828f34dc3 req-d936aa46-0db2-42b2-8088-ab2828f34dc3 ] Request (ServerMetadataTestJSON:tearDownClass): 200 GET http://10.180.1.21/compute/v2.1/servers/55bfae04-de63-40f2-8ac2-7ee7294b7be4 0.433s
2025-11-20 19:00:16.287 66509 INFO tempest.lib.common.rest_client [req-610ed07e-0d22-4aaa-9ee8-ce7b10371c7a req-610ed07e-0d22-4aaa-9ee8-ce7b10371c7a ] Request (ServerPasswordTestJSON:setUpClass): 200 GET http://10.180.1.21/compute/v2.1/servers/44d45dc8-174a-4478-af78-4d60057683c3 0.389s
2025-11-20 19:00:16.342 66489 INFO tempest.lib.common.rest_client [req-23104cf0-5fd1-411b-a5fc-f0db838e359c req-23104cf0-5fd1-411b-a5fc-f0db838e359c ] Request (QuotasTestJSON:tearDownClass): 204 DELETE http://10.180.1.21/identity/v3/projects/6d3da4e1499840ed9dadb966c38287a6 0.101s
2025-11-20 19:00:16.343 66489 INFO tempest.test [-] raised in AttachVolumeMultiAttachTest.setUpClass. Invoking tearDownClass.
2025-11-20 19:00:16.347 66517 INFO tempest.lib.common.rest_client [req-08babe41-bdb2-4a76-8c33-8b2c8b9ee217 req-08babe41-bdb2-4a76-8c33-8b2c8b9ee217 ] Request (ImagesTestJSON:test_create_image_from_stopped_server): 200 GET http://10.180.1.21/compute/v2.1/servers/43038c5a-5665-44b9-a40b-16ac7e767cbb 0.419s
2025-11-20 19:00:16.401 66519 INFO tempest.lib.common.rest_client [req-aad635d8-4f53-4867-ac8c-01cdce7984ea req-aad635d8-4f53-4867-ac8c-01cdce7984ea ] Request (ServersAdminNegativeTestJSON:tearDownClass): 200 GET http://10.180.1.21/compute/v2.1/servers/7dfc5f22-8492-46ef-a16a-1ac7de5d6df0 0.382s
2025-11-20 19:00:16.562 66513 INFO tempest.lib.common.rest_client [req-7a5b0f6d-3755-4613-b103-a9396eb0afd0 req-7a5b0f6d-3755-4613-b103-a9396eb0afd0 ] Request (ServersNegativeTestJSON:setUp): 200 GET http://10.180.1.21/compute/v2.1/servers/66833a86-1677-4b06-88a3-80b4bd55b280 0.412s
2025-11-20 19:00:16.588 66533 INFO tempest.lib.common.rest_client [req-a79ca9e9-5c62-4741-87dd-03cb0c1f3e5f req-a79ca9e9-5c62-4741-87dd-03cb0c1f3e5f ] Request (AttachVolumeShelveTestJSON:test_attach_volume_shelved_or_offload_server): 200 GET http://10.180.1.21/compute/v2.1/servers/2a28de71-d4b0-4aa1-9f51-6eff7311edbc 0.400s
2025-11-20 19:00:16.664 66522 INFO tempest.lib.common.rest_client [req-2dfc871c-4a58-49bb-8559-23cdfa8a70a0 req-2dfc871c-4a58-49bb-8559-23cdfa8a70a0 ] Request (MultipleCreateTestJSON:_run_cleanups): 200 GET http://10.180.1.21/compute/v2.1/servers/f382534a-c184-4e96-8b15-b31ff0014a57 0.403s
2025-11-20 19:00:16.672 66515 INFO tempest.lib.common.rest_client [req-a122e53f-a733-46c1-9610-4836a99daaba req-a122e53f-a733-46c1-9610-4836a99daaba ] Request (AttachInterfacesTestJSON:test_create_list_show_delete_interfaces_by_network_port): 200 GET http://10.180.1.21/compute/v2.1/servers/7b38f564-ec67-4bcd-b642-1f3f442e2f63 0.366s
2025-11-20 19:00:16.752 66499 INFO tempest.lib.common.rest_client [req-0cf1e267-f8ff-4988-8449-e302d5230b2b req-0cf1e267-f8ff-4988-8449-e302d5230b2b ] Request (ServersAdmin275Test:test_rebuild_update_server_275): 200 GET http://10.180.1.21/compute/v2.1/servers/27bff516-7731-4de4-b7c8-f771bde69c71 0.384s
2025-11-20 19:00:16.765 66523 INFO tempest.lib.common.rest_client [req-c5e91994-d572-4166-a8ce-371c8b13090a req-c5e91994-d572-4166-a8ce-371c8b13090a ] Request (ImagesOneServerNegativeTestJSON:_run_cleanups): 200 GET http://10.180.1.21/compute/v2.1/servers/4cbae877-7390-47c2-a8d3-bbfde911b1b9 0.326s
2025-11-20 19:00:16.765 66499 INFO tempest.common.waiters [-] State transition "BUILD/None" ==> "BUILD/block_device_mapping" after 34 second wait
2025-11-20 19:00:16.822 66497 INFO tempest.lib.common.rest_client [req-03a5ea86-29c6-4a33-8602-3827c1453691 req-03a5ea86-29c6-4a33-8602-3827c1453691 ] Request (ServersTestJSON:test_create_server_with_ipv6_addr_only): 200 GET http://10.180.1.21/compute/v2.1/servers/68b862cf-7c9f-4b39-b67b-b8eac3071ea6 0.367s
2025-11-20 19:00:16.829 66483 INFO tempest.lib.common.rest_client [req-28d2ba5d-271c-4404-83c4-b73f9ab7fad2 req-28d2ba5d-271c-4404-83c4-b73f9ab7fad2 ] Request (ServerActionsTestOtherA:test_rebuild_server_in_stop_state): 200 GET http://10.180.1.21/compute/v2.1/servers/159cfee9-19cc-4c7e-98ad-8cdbdc4e4275 0.339s
2025-11-20 19:00:16.830 66513 INFO tempest.lib.common.rest_client [req-f99eece2-fcfd-4e3e-86ea-906a379b9c39 req-f99eece2-fcfd-4e3e-86ea-906a379b9c39 ] Request (ServersNegativeTestJSON:test_delete_non_existent_server): 404 DELETE http://10.180.1.21/compute/v2.1/servers/8ed89936-15b3-4bb0-a1d9-b2d77720d9ed 0.258s
2025-11-20 19:00:16.895 66507 INFO tempest.lib.common.rest_client [req-047b9007-5bc5-49d0-949d-6e81bb0b52e2 req-047b9007-5bc5-49d0-949d-6e81bb0b52e2 ] Request (ImagesOneServerTestJSON:setUpClass): 200 GET http://10.180.1.21/compute/v2.1/servers/fe776af3-cba3-4cab-bf44-d9792fddfe2d 0.129s
2025-11-20 19:00:16.907 66495 INFO tempest.lib.common.rest_client [req-5650b2e4-4510-4409-bf24-c0ea4107a252 req-5650b2e4-4510-4409-bf24-c0ea4107a252 ] Request (ServersTestManualDisk:tearDownClass): 200 GET http://10.180.1.21/compute/v2.1/servers/0b5f5f31-7d76-4113-b6b8-2b43192dc699 0.199s
2025-11-20 19:00:16.967 66511 INFO tempest.lib.common.rest_client [req-94128ef5-54c7-402e-8fe0-1778f0cabbca req-94128ef5-54c7-402e-8fe0-1778f0cabbca ] Request (ServerRescueNegativeTestJSON:setUpClass): 200 GET http://10.180.1.21/compute/v2.1/servers/05d8697f-92d7-4250-b20d-813e17e8be10 0.110s
2025-11-20 19:00:17.014 66513 INFO tempest.lib.common.rest_client [req-e7777135-edef-424c-872e-5a6c581aac9a req-e7777135-edef-424c-872e-5a6c581aac9a ] Request (ServersNegativeTestJSON:tearDown): 200 GET http://10.180.1.21/compute/v2.1/servers/66833a86-1677-4b06-88a3-80b4bd55b280 0.184s
2025-11-20 19:00:17.065 66526 INFO tempest.lib.common.rest_client [req-817f145d-373f-4c8f-8410-6d75cbaf8295 req-817f145d-373f-4c8f-8410-6d75cbaf8295 ] Request (DeleteServersTestJSON:test_delete_server_while_in_attached_volume): 200 GET http://10.180.1.21/compute/v2.1/servers/6910f350-39b8-49fb-8c7e-3b0001ac15d2 0.061s
2025-11-20 19:00:17.132 66513 INFO tempest.lib.common.rest_client [req-58a95918-47ee-49bf-baee-8990441d14c5 req-58a95918-47ee-49bf-baee-8990441d14c5 ] Request (ServersNegativeTestJSON:setUp): 200 GET http://10.180.1.21/compute/v2.1/servers/66833a86-1677-4b06-88a3-80b4bd55b280 0.109s
2025-11-20 19:00:17.186 66487 INFO tempest.lib.common.rest_client [req-39e9cd0d-1866-49bd-88c1-2a416a29b690 req-39e9cd0d-1866-49bd-88c1-2a416a29b690 ] Request (MigrationsAdminTest:test_resize_server_revert_deleted_flavor): 200 GET http://10.180.1.21/compute/v2.1/servers/218561c3-29b9-4341-abf6-99f4d65e38a6 0.144s
2025-11-20 19:00:17.192 66513 INFO tempest.lib.common.rest_client [req-6ce4a5b7-621b-49a9-8b47-6ad47eddfcfb req-6ce4a5b7-621b-49a9-8b47-6ad47eddfcfb ] Request (ServersNegativeTestJSON:test_delete_server_pass_id_exceeding_length_limit): 404 DELETE http://10.180.1.21/compute/v2.1/servers/9223372036854775808 0.051s
2025-11-20 19:00:17.202 66541 INFO tempest.lib.common.rest_client [req-5bf04e4a-2737-42d1-930b-cbccfa4a0ea2 req-5bf04e4a-2737-42d1-930b-cbccfa4a0ea2 ] Request (ListImageFiltersTestJSON:setUpClass): 200 GET http://10.180.1.21/compute/v2.1/servers/b3f4aa8f-ac3c-46c3-a956-c31e71072237 0.073s
2025-11-20 19:00:17.295 66527 INFO tempest.lib.common.rest_client [req-14021260-77c7-4b2c-866e-bb180415fa49 req-14021260-77c7-4b2c-866e-bb180415fa49 ] Request (ServerRescueTestJSONUnderV235:setUpClass): 200 GET http://10.180.1.21/compute/v2.1/servers/e02c3c31-0f05-412a-a0ee-0d3297b4ae23 0.079s
2025-11-20 19:00:17.314 66513 INFO tempest.lib.common.rest_client [req-e3d5bb58-7062-490f-a1ae-95cb2d235f46 req-e3d5bb58-7062-490f-a1ae-95cb2d235f46 ] Request (ServersNegativeTestJSON:tearDown): 200 GET http://10.180.1.21/compute/v2.1/servers/66833a86-1677-4b06-88a3-80b4bd55b280 0.122s
2025-11-20 19:00:17.361 66501 INFO tempest.lib.common.rest_client [req-4ff20096-2ada-475e-bef6-59b0ecc7f9c0 req-4ff20096-2ada-475e-bef6-59b0ecc7f9c0 ] Request (ServersAdminTestJSON:tearDownClass): 200 GET http://10.180.1.21/compute/v2.1/servers/d931f5cd-82e4-4518-84b7-5526d5299e38 0.114s
2025-11-20 19:00:17.388 66485 INFO tempest.lib.common.rest_client [req-7065500e-8c05-4685-aa47-931d9b9a11f3 req-7065500e-8c05-4685-aa47-931d9b9a11f3 ] Request (ServerMetadataTestJSON:tearDownClass): 200 GET http://10.180.1.21/compute/v2.1/servers/55bfae04-de63-40f2-8ac2-7ee7294b7be4 0.100s
2025-11-20 19:00:17.428 66509 INFO tempest.lib.common.rest_client [req-2de58587-7006-42e2-8d42-db90ab73aa5c req-2de58587-7006-42e2-8d42-db90ab73aa5c ] Request (ServerPasswordTestJSON:setUpClass): 200 GET http://10.180.1.21/compute/v2.1/servers/44d45dc8-174a-4478-af78-4d60057683c3 0.128s
2025-11-20 19:00:17.486 66517 INFO tempest.lib.common.rest_client [req-94d1585e-03d1-4cd0-a26e-d724fbe1e394 req-94d1585e-03d1-4cd0-a26e-d724fbe1e394 ] Request (ImagesTestJSON:test_create_image_from_stopped_server): 200 GET http://10.180.1.21/compute/v2.1/servers/43038c5a-5665-44b9-a40b-16ac7e767cbb 0.119s
2025-11-20 19:00:17.508 66513 INFO tempest.lib.common.rest_client [req-87e6dfe7-ef4b-4db1-8d6b-570433546132 req-87e6dfe7-ef4b-4db1-8d6b-570433546132 ] Request (ServersNegativeTestJSON:setUp): 200 GET http://10.180.1.21/compute/v2.1/servers/66833a86-1677-4b06-88a3-80b4bd55b280 0.185s
2025-11-20 19:00:17.525 66513 INFO tempest.lib.common.rest_client [req-292aa5f3-80f3-41f0-b3cb-414c4912befd req-292aa5f3-80f3-41f0-b3cb-414c4912befd ] Request (ServersNegativeTestJSON:test_delete_server_pass_negative_id): 404 DELETE http://10.180.1.21/compute/v2.1/servers/-1 0.008s
2025-11-20 19:00:17.603 66519 INFO tempest.lib.common.rest_client [req-116c891a-a6ba-493e-9e05-3b42497ff4a5 req-116c891a-a6ba-493e-9e05-3b42497ff4a5 ] Request (ServersAdminNegativeTestJSON:tearDownClass): 200 GET http://10.180.1.21/compute/v2.1/servers/7dfc5f22-8492-46ef-a16a-1ac7de5d6df0 0.193s
2025-11-20 19:00:17.652 66513 INFO tempest.lib.common.rest_client [req-d6cb0ebf-e0da-47aa-a5d4-c9e4b27eaef8 req-d6cb0ebf-e0da-47aa-a5d4-c9e4b27eaef8 ] Request (ServersNegativeTestJSON:tearDown): 200 GET http://10.180.1.21/compute/v2.1/servers/66833a86-1677-4b06-88a3-80b4bd55b280 0.127s
2025-11-20 19:00:17.784 66533 INFO tempest.lib.common.rest_client [req-9d296848-ca84-47ab-b127-4870b63bf639 req-9d296848-ca84-47ab-b127-4870b63bf639 ] Request (AttachVolumeShelveTestJSON:test_attach_volume_shelved_or_offload_server): 200 GET http://10.180.1.21/compute/v2.1/servers/2a28de71-d4b0-4aa1-9f51-6eff7311edbc 0.187s
2025-11-20 19:00:17.814 66513 INFO tempest.lib.common.rest_client [req-341cc0aa-a50d-4f6d-aa61-df705ff37328 req-341cc0aa-a50d-4f6d-aa61-df705ff37328 ] Request (ServersNegativeTestJSON:setUp): 200 GET http://10.180.1.21/compute/v2.1/servers/66833a86-1677-4b06-88a3-80b4bd55b280 0.152s
2025-11-20 19:00:17.851 66522 INFO tempest.lib.common.rest_client [req-7cdf3713-6002-4166-98a7-7cda7b03a887 req-7cdf3713-6002-4166-98a7-7cda7b03a887 ] Request (MultipleCreateTestJSON:_run_cleanups): 200 GET http://10.180.1.21/compute/v2.1/servers/f382534a-c184-4e96-8b15-b31ff0014a57 0.176s
2025-11-20 19:00:17.871 66515 INFO tempest.lib.common.rest_client [req-0a73d9ee-8fe1-4316-a25e-1b296fa5a06c req-0a73d9ee-8fe1-4316-a25e-1b296fa5a06c ] Request (AttachInterfacesTestJSON:test_create_list_show_delete_interfaces_by_network_port): 200 GET http://10.180.1.21/compute/v2.1/servers/7b38f564-ec67-4bcd-b642-1f3f442e2f63 0.189s
2025-11-20 19:00:17.920 66499 INFO tempest.lib.common.rest_client [req-0f87ead5-7e63-4367-abed-aedf3b8db58d req-0f87ead5-7e63-4367-abed-aedf3b8db58d ] Request (ServersAdmin275Test:test_rebuild_update_server_275): 200 GET http://10.180.1.21/compute/v2.1/servers/27bff516-7731-4de4-b7c8-f771bde69c71 0.154s
2025-11-20 19:00:17.932 66499 INFO tempest.common.waiters [-] State transition "BUILD/block_device_mapping" ==> "BUILD/spawning" after 35 second wait
2025-11-20 19:00:17.934 66513 INFO tempest.lib.common.rest_client [req-44e33e0e-67b2-4aab-a8f8-ee56a0281fcb req-44e33e0e-67b2-4aab-a8f8-ee56a0281fcb ] Request (ServersNegativeTestJSON:test_force_delete_nonexistent_server_id): 404 POST http://10.180.1.21/compute/v2.1/servers/bf8a8ff0-9000-447f-bdc8-601b8615c5ea/action 0.111s
2025-11-20 19:00:17.939 66523 INFO tempest.lib.common.rest_client [req-5e05b161-0cd3-4086-bb34-b1f706eeb60c req-5e05b161-0cd3-4086-bb34-b1f706eeb60c ] Request (ImagesOneServerNegativeTestJSON:_run_cleanups): 200 GET http://10.180.1.21/compute/v2.1/servers/4cbae877-7390-47c2-a8d3-bbfde911b1b9 0.165s
2025-11-20 19:00:17.996 66497 INFO tempest.lib.common.rest_client [req-ea932753-7370-4b10-9a14-df0b9a632ad0 req-ea932753-7370-4b10-9a14-df0b9a632ad0 ] Request (ServersTestJSON:test_create_server_with_ipv6_addr_only): 200 GET http://10.180.1.21/compute/v2.1/servers/68b862cf-7c9f-4b39-b67b-b8eac3071ea6 0.164s
2025-11-20 19:00:18.005 66483 INFO tempest.lib.common.rest_client [req-a9594440-d48d-4bc0-a3f3-d7546ff7b6ff req-a9594440-d48d-4bc0-a3f3-d7546ff7b6ff ] Request (ServerActionsTestOtherA:test_rebuild_server_in_stop_state): 200 GET http://10.180.1.21/compute/v2.1/servers/159cfee9-19cc-4c7e-98ad-8cdbdc4e4275 0.162s
2025-11-20 19:00:18.064 66507 INFO tempest.lib.common.rest_client [req-21f61aa0-99ef-4ea3-a774-2ebdb54f4b8b req-21f61aa0-99ef-4ea3-a774-2ebdb54f4b8b ] Request (ImagesOneServerTestJSON:setUpClass): 200 GET http://10.180.1.21/compute/v2.1/servers/fe776af3-cba3-4cab-bf44-d9792fddfe2d 0.157s
2025-11-20 19:00:18.075 66495 INFO tempest.lib.common.rest_client [req-d1a7e5dd-ae3e-4ceb-8b22-6dcd5d35d11d req-d1a7e5dd-ae3e-4ceb-8b22-6dcd5d35d11d ] Request (ServersTestManualDisk:tearDownClass): 200 GET http://10.180.1.21/compute/v2.1/servers/0b5f5f31-7d76-4113-b6b8-2b43192dc699 0.161s
2025-11-20 19:00:18.172 66511 INFO tempest.lib.common.rest_client [req-c8ccf6f2-f843-4ac8-a458-26177f437893 req-c8ccf6f2-f843-4ac8-a458-26177f437893 ] Request (ServerRescueNegativeTestJSON:setUpClass): 200 GET http://10.180.1.21/compute/v2.1/servers/05d8697f-92d7-4250-b20d-813e17e8be10 0.196s
2025-11-20 19:00:18.185 66513 INFO tempest.lib.common.rest_client [req-9c51e217-782b-4024-9831-beb58f9fb9b8 req-9c51e217-782b-4024-9831-beb58f9fb9b8 ] Request (ServersNegativeTestJSON:tearDown): 200 GET http://10.180.1.21/compute/v2.1/servers/66833a86-1677-4b06-88a3-80b4bd55b280 0.251s
2025-11-20 19:00:18.236 66526 INFO tempest.lib.common.rest_client [req-b7a34998-5777-477e-9570-4c1dcc46c633 req-b7a34998-5777-477e-9570-4c1dcc46c633 ] Request (DeleteServersTestJSON:test_delete_server_while_in_attached_volume): 200 GET http://10.180.1.21/compute/v2.1/servers/6910f350-39b8-49fb-8c7e-3b0001ac15d2 0.164s
2025-11-20 19:00:18.321 66513 INFO tempest.lib.common.rest_client [req-8e515f19-21c8-4a06-94c8-0d733b6096de req-8e515f19-21c8-4a06-94c8-0d733b6096de ] Request (ServersNegativeTestJSON:setUp): 200 GET http://10.180.1.21/compute/v2.1/servers/66833a86-1677-4b06-88a3-80b4bd55b280 0.127s
2025-11-20 19:00:18.359 66487 INFO tempest.lib.common.rest_client [req-d09a09ed-1a24-40e0-8156-28d96df045c4 req-d09a09ed-1a24-40e0-8156-28d96df045c4 ] Request (MigrationsAdminTest:test_resize_server_revert_deleted_flavor): 200 GET http://10.180.1.21/compute/v2.1/servers/218561c3-29b9-4341-abf6-99f4d65e38a6 0.163s
2025-11-20 19:00:18.369 66541 INFO tempest.lib.common.rest_client [req-30932877-163c-48ff-a1ff-356942c7e309 req-30932877-163c-48ff-a1ff-356942c7e309 ] Request (ListImageFiltersTestJSON:setUpClass): 200 GET http://10.180.1.21/compute/v2.1/servers/b3f4aa8f-ac3c-46c3-a956-c31e71072237 0.160s
2025-11-20 19:00:18.378 66513 INFO tempest.lib.common.rest_client [req-094ea214-82f3-4f43-a4cf-cc082cb0b4c6 req-094ea214-82f3-4f43-a4cf-cc082cb0b4c6 ] Request (ServersNegativeTestJSON:test_get_console_output_of_non_existent_server): 404 POST http://10.180.1.21/compute/v2.1/servers/120c76b8-af31-45bb-9812-ffb2d84ae2ec/action 0.049s
2025-11-20 19:00:18.406 66527 INFO tempest.lib.common.rest_client [req-39fa8a3a-8bb0-413b-ac6f-ad9fd3837615 req-39fa8a3a-8bb0-413b-ac6f-ad9fd3837615 ] Request (ServerRescueTestJSONUnderV235:setUpClass): 200 GET http://10.180.1.21/compute/v2.1/servers/e02c3c31-0f05-412a-a0ee-0d3297b4ae23 0.099s
2025-11-20 19:00:18.430 66501 INFO tempest.lib.common.rest_client [req-9d705c9d-078f-42dd-8c59-6f979553c4c5 req-9d705c9d-078f-42dd-8c59-6f979553c4c5 ] Request (ServersAdminTestJSON:tearDownClass): 200 GET http://10.180.1.21/compute/v2.1/servers/d931f5cd-82e4-4518-84b7-5526d5299e38 0.061s
2025-11-20 19:00:18.486 66485 INFO tempest.lib.common.rest_client [req-aced790f-c9d1-4640-9fec-3feb0b05262e req-aced790f-c9d1-4640-9fec-3feb0b05262e ] Request (ServerMetadataTestJSON:tearDownClass): 200 GET http://10.180.1.21/compute/v2.1/servers/55bfae04-de63-40f2-8ac2-7ee7294b7be4 0.083s
2025-11-20 19:00:18.507 66513 INFO tempest.lib.common.rest_client [req-64e29e42-6f10-4d6a-940f-215753804b92 req-64e29e42-6f10-4d6a-940f-215753804b92 ] Request (ServersNegativeTestJSON:tearDown): 200 GET http://10.180.1.21/compute/v2.1/servers/66833a86-1677-4b06-88a3-80b4bd55b280 0.128s
2025-11-20 19:00:18.538 66509 INFO tempest.lib.common.rest_client [req-e1796169-f0b5-498d-b4fa-ff5ef237dcba req-e1796169-f0b5-498d-b4fa-ff5ef237dcba ] Request (ServerPasswordTestJSON:setUpClass): 200 GET http://10.180.1.21/compute/v2.1/servers/44d45dc8-174a-4478-af78-4d60057683c3 0.102s
2025-11-20 19:00:18.576 66517 INFO tempest.lib.common.rest_client [req-566a96c1-2ee7-4e22-b4eb-31471489c01e req-566a96c1-2ee7-4e22-b4eb-31471489c01e ] Request (ImagesTestJSON:test_create_image_from_stopped_server): 200 GET http://10.180.1.21/compute/v2.1/servers/43038c5a-5665-44b9-a40b-16ac7e767cbb 0.081s
2025-11-20 19:00:18.640 66519 INFO tempest.lib.common.rest_client [req-2007cb6d-260e-4edf-860b-9a38ce649d0e req-2007cb6d-260e-4edf-860b-9a38ce649d0e ] Request (ServersAdminNegativeTestJSON:tearDownClass): 404 GET http://10.180.1.21/compute/v2.1/servers/7dfc5f22-8492-46ef-a16a-1ac7de5d6df0 0.026s
2025-11-20 19:00:18.683 66513 INFO tempest.lib.common.rest_client [req-91b32f8a-b3e5-4236-98ec-99a66b1a2c1d req-91b32f8a-b3e5-4236-98ec-99a66b1a2c1d ] Request (ServersNegativeTestJSON:setUp): 200 GET http://10.180.1.21/compute/v2.1/servers/66833a86-1677-4b06-88a3-80b4bd55b280 0.167s
2025-11-20 19:00:18.702 66513 INFO tempest.lib.common.rest_client [req-2c4b9646-c5b0-4b90-b363-a6345e83dfe9 req-2c4b9646-c5b0-4b90-b363-a6345e83dfe9 ] Request (ServersNegativeTestJSON:test_get_non_existent_server): 404 GET http://10.180.1.21/compute/v2.1/servers/f92e36a7-2bcb-4985-9c12-880ebcdddb21 0.010s
2025-11-20 19:00:18.719 66519 INFO tempest.lib.common.rest_client [req-aac9b322-3c9c-48b8-bdf5-f7975cb8b898 req-aac9b322-3c9c-48b8-bdf5-f7975cb8b898 ] Request (ServersAdminNegativeTestJSON:tearDownClass): 204 DELETE http://10.180.1.21/compute/v2.1/servers/fe220116-09a9-4d41-924f-b76ba380c50d 0.078s
2025-11-20 19:00:18.793 66513 INFO tempest.lib.common.rest_client [req-58b8d048-751d-46f4-8f68-1f56745da762 req-58b8d048-751d-46f4-8f68-1f56745da762 ] Request (ServersNegativeTestJSON:tearDown): 200 GET http://10.180.1.21/compute/v2.1/servers/66833a86-1677-4b06-88a3-80b4bd55b280 0.090s
2025-11-20 19:00:18.814 66519 INFO tempest.lib.common.rest_client [req-f63dc0fa-cc6e-4309-bda6-658af7941637 req-f63dc0fa-cc6e-4309-bda6-658af7941637 ] Request (ServersAdminNegativeTestJSON:tearDownClass): 200 GET http://10.180.1.21/compute/v2.1/servers/fe220116-09a9-4d41-924f-b76ba380c50d 0.095s
2025-11-20 19:00:18.918 66513 INFO tempest.lib.common.rest_client [req-4a2928ad-bf20-4173-8b96-3e3ead2429c9 req-4a2928ad-bf20-4173-8b96-3e3ead2429c9 ] Request (ServersNegativeTestJSON:setUp): 200 GET http://10.180.1.21/compute/v2.1/servers/66833a86-1677-4b06-88a3-80b4bd55b280 0.117s
2025-11-20 19:00:18.927 66533 INFO tempest.lib.common.rest_client [req-38a8ea41-ba40-40e2-932a-2b46d64f5e25 req-38a8ea41-ba40-40e2-932a-2b46d64f5e25 ] Request (AttachVolumeShelveTestJSON:test_attach_volume_shelved_or_offload_server): 200 GET http://10.180.1.21/compute/v2.1/servers/2a28de71-d4b0-4aa1-9f51-6eff7311edbc 0.132s
2025-11-20 19:00:18.985 66515 INFO tempest.lib.common.rest_client [req-eee80467-d613-411f-b734-c72e5cabb90e req-eee80467-d613-411f-b734-c72e5cabb90e ] Request (AttachInterfacesTestJSON:test_create_list_show_delete_interfaces_by_network_port): 200 GET http://10.180.1.21/compute/v2.1/servers/7b38f564-ec67-4bcd-b642-1f3f442e2f63 0.101s
2025-11-20 19:00:18.986 66522 INFO tempest.lib.common.rest_client [req-8469fde5-2450-46aa-a2f0-8af6dd233644 req-8469fde5-2450-46aa-a2f0-8af6dd233644 ] Request (MultipleCreateTestJSON:_run_cleanups): 200 GET http://10.180.1.21/compute/v2.1/servers/f382534a-c184-4e96-8b15-b31ff0014a57 0.127s
2025-11-20 19:00:19.009 66513 INFO tempest.lib.common.rest_client [req-8e78aa22-a954-40bb-9315-915ba5fe6b4c req-8e78aa22-a954-40bb-9315-915ba5fe6b4c ] Request (ServersNegativeTestJSON:test_invalid_access_ip_v4_address): 201 POST http://10.180.1.21/identity/v3/auth/tokens 0.077s
2025-11-20 19:00:19.009 66513 INFO tempest.lib.common.fixed_network [-] (ServersNegativeTestJSON:test_invalid_access_ip_v4_address) Found network {'id': '915c4f43-2ee6-427f-80d2-30c4d4a67903', 'name': 'tempest-ServersNegativeTestJSON-665242601-network', 'tenant_id': '6b2642f060f8465c9fee6e48b65e39a0', 'project_id': '6b2642f060f8465c9fee6e48b65e39a0', 'admin_state_up': True, 'mtu': 8950, 'status': 'ACTIVE', 'subnets': [], 'shared': False, 'port_security_enabled': True, 'router:external': False, 'provider:network_type': 'vlan', 'provider:physical_network': 'default', 'provider:segmentation_id': 761, 'availability_zone_hints': [], 'availability_zones': [], 'ipv4_address_scope': None, 'ipv6_address_scope': None, 'description': '', 'tags': [], 'created_at': '2025-11-20T18:58:28Z', 'updated_at': '2025-11-20T18:58:28Z', 'revision_number': 1} available for tenant
2025-11-20 19:00:19.047 66523 INFO tempest.lib.common.rest_client [req-1ac7283e-19a6-43d8-840d-0739760b98b2 req-1ac7283e-19a6-43d8-840d-0739760b98b2 ] Request (ImagesOneServerNegativeTestJSON:_run_cleanups): 200 GET http://10.180.1.21/compute/v2.1/servers/4cbae877-7390-47c2-a8d3-bbfde911b1b9 0.096s
2025-11-20 19:00:19.047 66499 INFO tempest.lib.common.rest_client [req-1dbbf0a9-cc8e-4da5-b709-e65b21d9587f req-1dbbf0a9-cc8e-4da5-b709-e65b21d9587f ] Request (ServersAdmin275Test:test_rebuild_update_server_275): 200 GET http://10.180.1.21/compute/v2.1/servers/27bff516-7731-4de4-b7c8-f771bde69c71 0.114s
2025-11-20 19:00:19.053 66513 INFO tempest.lib.common.rest_client [req-b6e11778-c263-4e42-a881-8bff1610150c req-b6e11778-c263-4e42-a881-8bff1610150c ] Request (ServersNegativeTestJSON:test_invalid_access_ip_v4_address): 400 POST http://10.180.1.21/compute/v2.1/servers 0.042s
2025-11-20 19:00:19.100 66497 INFO tempest.lib.common.rest_client [req-a3b119c6-4d00-4840-9c7e-df91178d34c7 req-a3b119c6-4d00-4840-9c7e-df91178d34c7 ] Request (ServersTestJSON:test_create_server_with_ipv6_addr_only): 200 GET http://10.180.1.21/compute/v2.1/servers/68b862cf-7c9f-4b39-b67b-b8eac3071ea6 0.095s
2025-11-20 19:00:19.111 66483 INFO tempest.lib.common.rest_client [req-bc6f886f-9dc8-4f56-a15a-2d4490c200fa req-bc6f886f-9dc8-4f56-a15a-2d4490c200fa ] Request (ServerActionsTestOtherA:test_rebuild_server_in_stop_state): 200 GET http://10.180.1.21/compute/v2.1/servers/159cfee9-19cc-4c7e-98ad-8cdbdc4e4275 0.097s
2025-11-20 19:00:19.170 66507 INFO tempest.lib.common.rest_client [req-42daae5a-a5da-4178-90e1-070849e9f9b8 req-42daae5a-a5da-4178-90e1-070849e9f9b8 ] Request (ImagesOneServerTestJSON:setUpClass): 200 GET http://10.180.1.21/compute/v2.1/servers/fe776af3-cba3-4cab-bf44-d9792fddfe2d 0.095s
2025-11-20 19:00:19.208 66513 INFO tempest.lib.common.rest_client [req-3147d77c-57bc-40e5-8a7f-3cea0239d68e req-3147d77c-57bc-40e5-8a7f-3cea0239d68e ] Request (ServersNegativeTestJSON:tearDown): 200 GET http://10.180.1.21/compute/v2.1/servers/66833a86-1677-4b06-88a3-80b4bd55b280 0.154s
2025-11-20 19:00:19.235 66495 INFO tempest.lib.common.rest_client [req-d8f0535e-31c4-41ca-954e-02b6db636fc8 req-d8f0535e-31c4-41ca-954e-02b6db636fc8 ] Request (ServersTestManualDisk:tearDownClass): 200 GET http://10.180.1.21/compute/v2.1/servers/0b5f5f31-7d76-4113-b6b8-2b43192dc699 0.153s
2025-11-20 19:00:19.262 66511 INFO tempest.lib.common.rest_client [req-e2bb0b58-3267-49eb-8166-dfb874deed33 req-e2bb0b58-3267-49eb-8166-dfb874deed33 ] Request (ServerRescueNegativeTestJSON:setUpClass): 200 GET http://10.180.1.21/compute/v2.1/servers/05d8697f-92d7-4250-b20d-813e17e8be10 0.080s
2025-11-20 19:00:19.310 66526 INFO tempest.lib.common.rest_client [req-4bc883c6-de6d-47b8-b74b-2de52c3fc215 req-4bc883c6-de6d-47b8-b74b-2de52c3fc215 ] Request (DeleteServersTestJSON:test_delete_server_while_in_attached_volume): 200 GET http://10.180.1.21/compute/v2.1/servers/6910f350-39b8-49fb-8c7e-3b0001ac15d2 0.065s
2025-11-20 19:00:19.336 66513 INFO tempest.lib.common.rest_client [req-298c8a3b-3649-467e-adbe-76b96efee55d req-298c8a3b-3649-467e-adbe-76b96efee55d ] Request (ServersNegativeTestJSON:setUp): 200 GET http://10.180.1.21/compute/v2.1/servers/66833a86-1677-4b06-88a3-80b4bd55b280 0.120s
2025-11-20 19:00:19.382 66513 INFO tempest.lib.common.rest_client [req-8c0b2a30-1081-4b9f-bdae-94427f92ee37 req-8c0b2a30-1081-4b9f-bdae-94427f92ee37 ] Request (ServersNegativeTestJSON:test_invalid_ip_v6_address): 201 POST http://10.180.1.21/identity/v3/auth/tokens 0.036s
2025-11-20 19:00:19.382 66513 INFO tempest.lib.common.fixed_network [-] (ServersNegativeTestJSON:test_invalid_ip_v6_address) Found network {'id': '915c4f43-2ee6-427f-80d2-30c4d4a67903', 'name': 'tempest-ServersNegativeTestJSON-665242601-network', 'tenant_id': '6b2642f060f8465c9fee6e48b65e39a0', 'project_id': '6b2642f060f8465c9fee6e48b65e39a0', 'admin_state_up': True, 'mtu': 8950, 'status': 'ACTIVE', 'subnets': [], 'shared': False, 'port_security_enabled': True, 'router:external': False, 'provider:network_type': 'vlan', 'provider:physical_network': 'default', 'provider:segmentation_id': 761, 'availability_zone_hints': [], 'availability_zones': [], 'ipv4_address_scope': None, 'ipv6_address_scope': None, 'description': '', 'tags': [], 'created_at': '2025-11-20T18:58:28Z', 'updated_at': '2025-11-20T18:58:28Z', 'revision_number': 1} available for tenant
2025-11-20 19:00:19.427 66541 INFO tempest.lib.common.rest_client [req-56a3500b-dea5-43d4-974a-cee102f70430 req-56a3500b-dea5-43d4-974a-cee102f70430 ] Request (ListImageFiltersTestJSON:setUpClass): 200 GET http://10.180.1.21/compute/v2.1/servers/b3f4aa8f-ac3c-46c3-a956-c31e71072237 0.050s
2025-11-20 19:00:19.431 66513 INFO tempest.lib.common.rest_client [req-c78d8626-bd48-488b-8e30-e07e6e4a4fc9 req-c78d8626-bd48-488b-8e30-e07e6e4a4fc9 ] Request (ServersNegativeTestJSON:test_invalid_ip_v6_address): 400 POST http://10.180.1.21/compute/v2.1/servers 0.049s
2025-11-20 19:00:19.460 66487 INFO tempest.lib.common.rest_client [req-c151086d-b814-4e9f-a5b6-1df2f15aa7e3 req-c151086d-b814-4e9f-a5b6-1df2f15aa7e3 ] Request (MigrationsAdminTest:test_resize_server_revert_deleted_flavor): 200 GET http://10.180.1.21/compute/v2.1/servers/218561c3-29b9-4341-abf6-99f4d65e38a6 0.093s
2025-11-20 19:00:19.482 66527 INFO tempest.lib.common.rest_client [req-284f162d-dcc5-4345-bef3-a411cad72917 req-284f162d-dcc5-4345-bef3-a411cad72917 ] Request (ServerRescueTestJSONUnderV235:setUpClass): 200 GET http://10.180.1.21/compute/v2.1/servers/e02c3c31-0f05-412a-a0ee-0d3297b4ae23 0.069s
2025-11-20 19:00:19.539 66501 INFO tempest.lib.common.rest_client [req-010a84db-b684-48d7-ab4e-f6c7791f9d7e req-010a84db-b684-48d7-ab4e-f6c7791f9d7e ] Request (ServersAdminTestJSON:tearDownClass): 200 GET http://10.180.1.21/compute/v2.1/servers/d931f5cd-82e4-4518-84b7-5526d5299e38 0.099s
2025-11-20 19:00:19.572 66513 INFO tempest.lib.common.rest_client [req-b4618c0a-b14e-470d-9909-3d1252a4bd6f req-b4618c0a-b14e-470d-9909-3d1252a4bd6f ] Request (ServersNegativeTestJSON:tearDown): 200 GET http://10.180.1.21/compute/v2.1/servers/66833a86-1677-4b06-88a3-80b4bd55b280 0.140s
2025-11-20 19:00:19.613 66485 INFO tempest.lib.common.rest_client [req-4a6b5e4f-d750-4c27-a5ec-91cab4c0aa9a req-4a6b5e4f-d750-4c27-a5ec-91cab4c0aa9a ] Request (ServerMetadataTestJSON:tearDownClass): 200 GET http://10.180.1.21/compute/v2.1/servers/55bfae04-de63-40f2-8ac2-7ee7294b7be4 0.118s
2025-11-20 19:00:19.628 66509 INFO tempest.lib.common.rest_client [req-b0dbb322-b0ec-447d-a24e-4919f63f1ff5 req-b0dbb322-b0ec-447d-a24e-4919f63f1ff5 ] Request (ServerPasswordTestJSON:setUpClass): 200 GET http://10.180.1.21/compute/v2.1/servers/44d45dc8-174a-4478-af78-4d60057683c3 0.080s
2025-11-20 19:00:19.683 66517 INFO tempest.lib.common.rest_client [req-5fc85987-bec7-4794-8f3f-e9c6130ebdac req-5fc85987-bec7-4794-8f3f-e9c6130ebdac ] Request (ImagesTestJSON:test_create_image_from_stopped_server): 200 GET http://10.180.1.21/compute/v2.1/servers/43038c5a-5665-44b9-a40b-16ac7e767cbb 0.096s
2025-11-20 19:00:19.718 66513 INFO tempest.lib.common.rest_client [req-8249aa14-287e-4ab4-8592-22905971963d req-8249aa14-287e-4ab4-8592-22905971963d ] Request (ServersNegativeTestJSON:setUp): 200 GET http://10.180.1.21/compute/v2.1/servers/66833a86-1677-4b06-88a3-80b4bd55b280 0.137s
2025-11-20 19:00:19.748 66513 INFO tempest.lib.common.rest_client [req-954de1fa-a92b-4ff1-9b44-43fbc45c380e req-954de1fa-a92b-4ff1-9b44-43fbc45c380e ] Request (ServersNegativeTestJSON:test_reboot_deleted_server): 404 POST http://10.180.1.21/compute/v2.1/servers/59e9b4ff-4450-4934-ad98-83d66bbbc31f/action 0.022s
2025-11-20 19:00:19.851 66513 INFO tempest.lib.common.rest_client [req-68bfe6a5-477f-4244-9be3-75abb0fee417 req-68bfe6a5-477f-4244-9be3-75abb0fee417 ] Request (ServersNegativeTestJSON:tearDown): 200 GET http://10.180.1.21/compute/v2.1/servers/66833a86-1677-4b06-88a3-80b4bd55b280 0.102s
2025-11-20 19:00:19.929 66519 INFO tempest.lib.common.rest_client [req-61ecd815-5feb-4eb3-95ab-f380dce151b8 req-61ecd815-5feb-4eb3-95ab-f380dce151b8 ] Request (ServersAdminNegativeTestJSON:tearDownClass): 200 GET http://10.180.1.21/compute/v2.1/servers/fe220116-09a9-4d41-924f-b76ba380c50d 0.106s
2025-11-20 19:00:19.962 66513 INFO tempest.lib.common.rest_client [req-50869ece-b7f2-4e82-8dac-94aea6ebaeff req-50869ece-b7f2-4e82-8dac-94aea6ebaeff ] Request (ServersNegativeTestJSON:setUp): 200 GET http://10.180.1.21/compute/v2.1/servers/66833a86-1677-4b06-88a3-80b4bd55b280 0.102s
2025-11-20 19:00:19.979 66513 INFO tempest.lib.common.rest_client [req-88eb9d1d-8203-4216-a08f-edbb716db17c req-88eb9d1d-8203-4216-a08f-edbb716db17c ] Request (ServersNegativeTestJSON:test_reboot_non_existent_server): 404 POST http://10.180.1.21/compute/v2.1/servers/57f1452d-45da-4d06-9d50-61c5f57e9b6c/action 0.010s
2025-11-20 19:00:20.041 66533 INFO tempest.lib.common.rest_client [req-39a1428c-03cd-4d88-a82e-faba9ca38be1 req-39a1428c-03cd-4d88-a82e-faba9ca38be1 ] Request (AttachVolumeShelveTestJSON:test_attach_volume_shelved_or_offload_server): 200 GET http://10.180.1.21/compute/v2.1/servers/2a28de71-d4b0-4aa1-9f51-6eff7311edbc 0.104s
2025-11-20 19:00:20.080 66513 INFO tempest.lib.common.rest_client [req-0abf201e-a569-44ae-8faa-8dc7a641da34 req-0abf201e-a569-44ae-8faa-8dc7a641da34 ] Request (ServersNegativeTestJSON:tearDown): 200 GET http://10.180.1.21/compute/v2.1/servers/66833a86-1677-4b06-88a3-80b4bd55b280 0.100s
2025-11-20 19:00:20.095 66515 INFO tempest.lib.common.rest_client [req-c86d1b4d-63bb-4eb0-a0c5-37e72c0dc382 req-c86d1b4d-63bb-4eb0-a0c5-37e72c0dc382 ] Request (AttachInterfacesTestJSON:test_create_list_show_delete_interfaces_by_network_port): 200 GET http://10.180.1.21/compute/v2.1/servers/7b38f564-ec67-4bcd-b642-1f3f442e2f63 0.103s
2025-11-20 19:00:20.158 66523 INFO tempest.lib.common.rest_client [req-34225b2f-edcf-4b17-a5ee-95663a92b5a9 req-34225b2f-edcf-4b17-a5ee-95663a92b5a9 ] Request (ImagesOneServerNegativeTestJSON:_run_cleanups): 200 GET http://10.180.1.21/compute/v2.1/servers/4cbae877-7390-47c2-a8d3-bbfde911b1b9 0.103s
2025-11-20 19:00:20.160 66522 INFO tempest.lib.common.rest_client [req-338fe6e5-2a0b-4d27-a0b1-4f066735e5ac req-338fe6e5-2a0b-4d27-a0b1-4f066735e5ac ] Request (MultipleCreateTestJSON:_run_cleanups): 200 GET http://10.180.1.21/compute/v2.1/servers/f382534a-c184-4e96-8b15-b31ff0014a57 0.165s
2025-11-20 19:00:20.234 66499 INFO tempest.lib.common.rest_client [req-800cd5ec-5026-4b45-b235-31a34247c489 req-800cd5ec-5026-4b45-b235-31a34247c489 ] Request (ServersAdmin275Test:test_rebuild_update_server_275): 200 GET http://10.180.1.21/compute/v2.1/servers/27bff516-7731-4de4-b7c8-f771bde69c71 0.174s
2025-11-20 19:00:20.287 66513 INFO tempest.lib.common.rest_client [req-134a1165-5274-4e39-995f-8edff21369a8 req-134a1165-5274-4e39-995f-8edff21369a8 ] Request (ServersNegativeTestJSON:setUp): 200 GET http://10.180.1.21/compute/v2.1/servers/66833a86-1677-4b06-88a3-80b4bd55b280 0.197s
2025-11-20 19:00:20.290 66497 INFO tempest.lib.common.rest_client [req-7c8c9865-cad4-4356-a239-06078e131016 req-7c8c9865-cad4-4356-a239-06078e131016 ] Request (ServersTestJSON:test_create_server_with_ipv6_addr_only): 200 GET http://10.180.1.21/compute/v2.1/servers/68b862cf-7c9f-4b39-b67b-b8eac3071ea6 0.182s
2025-11-20 19:00:20.347 66483 INFO tempest.lib.common.rest_client [req-260ee1a0-5a5f-4c3c-a111-a37b88a2a8b6 req-260ee1a0-5a5f-4c3c-a111-a37b88a2a8b6 ] Request (ServerActionsTestOtherA:test_rebuild_server_in_stop_state): 200 GET http://10.180.1.21/compute/v2.1/servers/159cfee9-19cc-4c7e-98ad-8cdbdc4e4275 0.227s
2025-11-20 19:00:20.348 66507 INFO tempest.lib.common.rest_client [req-bb4791dc-8609-4ea6-9475-c7557dfa1a20 req-bb4791dc-8609-4ea6-9475-c7557dfa1a20 ] Request (ImagesOneServerTestJSON:setUpClass): 200 GET http://10.180.1.21/compute/v2.1/servers/fe776af3-cba3-4cab-bf44-d9792fddfe2d 0.171s
2025-11-20 19:00:20.408 66511 INFO tempest.lib.common.rest_client [req-04eafb86-089e-4938-9352-3f579a1bbc74 req-04eafb86-089e-4938-9352-3f579a1bbc74 ] Request (ServerRescueNegativeTestJSON:setUpClass): 200 GET http://10.180.1.21/compute/v2.1/servers/05d8697f-92d7-4250-b20d-813e17e8be10 0.133s
2025-11-20 19:00:20.419 66495 INFO tempest.lib.common.rest_client [req-6f046588-527e-4129-8335-6c4e5c93d481 req-6f046588-527e-4129-8335-6c4e5c93d481 ] Request (ServersTestManualDisk:tearDownClass): 200 GET http://10.180.1.21/compute/v2.1/servers/0b5f5f31-7d76-4113-b6b8-2b43192dc699 0.172s
2025-11-20 19:00:20.429 66513 INFO tempest.lib.common.rest_client [req-8c1131b5-956c-4e5a-93d4-5681c612f0f4 req-8c1131b5-956c-4e5a-93d4-5681c612f0f4 ] Request (ServersNegativeTestJSON:test_rebuild_deleted_server): 404 POST http://10.180.1.21/compute/v2.1/servers/59e9b4ff-4450-4934-ad98-83d66bbbc31f/action 0.135s
2025-11-20 19:00:20.480 66526 INFO tempest.lib.common.rest_client [req-fe9016ef-80e2-48fd-875e-d1e32dfd483b req-fe9016ef-80e2-48fd-875e-d1e32dfd483b ] Request (DeleteServersTestJSON:test_delete_server_while_in_attached_volume): 200 GET http://10.180.1.21/compute/v2.1/servers/6910f350-39b8-49fb-8c7e-3b0001ac15d2 0.163s
2025-11-20 19:00:20.533 66541 INFO tempest.lib.common.rest_client [req-ac69de5b-01c4-462c-8bc0-377506aafecc req-ac69de5b-01c4-462c-8bc0-377506aafecc ] Request (ListImageFiltersTestJSON:setUpClass): 200 GET http://10.180.1.21/compute/v2.1/servers/b3f4aa8f-ac3c-46c3-a956-c31e71072237 0.098s
2025-11-20 19:00:20.541 66513 INFO tempest.lib.common.rest_client [req-6b6d69ca-063e-4048-8a08-c3e551b6753d req-6b6d69ca-063e-4048-8a08-c3e551b6753d ] Request (ServersNegativeTestJSON:tearDown): 200 GET http://10.180.1.21/compute/v2.1/servers/66833a86-1677-4b06-88a3-80b4bd55b280 0.111s
2025-11-20 19:00:20.602 66527 INFO tempest.lib.common.rest_client [req-3057c5e1-ed4f-46d3-b82c-7d085bd3ef76 req-3057c5e1-ed4f-46d3-b82c-7d085bd3ef76 ] Request (ServerRescueTestJSONUnderV235:setUpClass): 200 GET http://10.180.1.21/compute/v2.1/servers/e02c3c31-0f05-412a-a0ee-0d3297b4ae23 0.112s
2025-11-20 19:00:20.662 66501 INFO tempest.lib.common.rest_client [req-07d32805-71d3-4756-920d-f71086a5dd35 req-07d32805-71d3-4756-920d-f71086a5dd35 ] Request (ServersAdminTestJSON:tearDownClass): 200 GET http://10.180.1.21/compute/v2.1/servers/d931f5cd-82e4-4518-84b7-5526d5299e38 0.115s
2025-11-20 19:00:20.699 66487 INFO tempest.lib.common.rest_client [req-dfdfd3a3-b0c8-4667-818d-97a87d44dc62 req-dfdfd3a3-b0c8-4667-818d-97a87d44dc62 ] Request (MigrationsAdminTest:test_resize_server_revert_deleted_flavor): 200 GET http://10.180.1.21/compute/v2.1/servers/218561c3-29b9-4341-abf6-99f4d65e38a6 0.231s
2025-11-20 19:00:20.761 66513 INFO tempest.lib.common.rest_client [req-7e678afb-59fb-40a0-99c1-0433e48bcb88 req-7e678afb-59fb-40a0-99c1-0433e48bcb88 ] Request (ServersNegativeTestJSON:setUp): 200 GET http://10.180.1.21/compute/v2.1/servers/66833a86-1677-4b06-88a3-80b4bd55b280 0.208s
2025-11-20 19:00:20.762 66485 INFO tempest.lib.common.rest_client [req-bf4aaf7f-10d7-4224-bfdb-00e8aef13ea4 req-bf4aaf7f-10d7-4224-bfdb-00e8aef13ea4 ] Request (ServerMetadataTestJSON:tearDownClass): 200 GET http://10.180.1.21/compute/v2.1/servers/55bfae04-de63-40f2-8ac2-7ee7294b7be4 0.139s
2025-11-20 19:00:20.817 66509 INFO tempest.lib.common.rest_client [req-8376167e-c3a2-4dc1-8ad3-8a5e490e4162 req-8376167e-c3a2-4dc1-8ad3-8a5e490e4162 ] Request (ServerPasswordTestJSON:setUpClass): 200 GET http://10.180.1.21/compute/v2.1/servers/44d45dc8-174a-4478-af78-4d60057683c3 0.181s
2025-11-20 19:00:20.818 66517 INFO tempest.lib.common.rest_client [req-f5500482-51a3-481f-ba02-8cf6690ee34a req-f5500482-51a3-481f-ba02-8cf6690ee34a ] Request (ImagesTestJSON:test_create_image_from_stopped_server): 200 GET http://10.180.1.21/compute/v2.1/servers/43038c5a-5665-44b9-a40b-16ac7e767cbb 0.126s
2025-11-20 19:00:20.827 66513 INFO tempest.lib.common.rest_client [req-327afb02-4926-4d9e-bb63-8075764fe3ce req-327afb02-4926-4d9e-bb63-8075764fe3ce ] Request (ServersNegativeTestJSON:test_rebuild_non_existent_server): 404 POST http://10.180.1.21/compute/v2.1/servers/9e23c688-5fff-4082-a49a-5b58221c190d/action 0.056s
2025-11-20 19:00:20.951 66513 INFO tempest.lib.common.rest_client [req-ee600354-aa57-45d2-961c-18addf7a4e51 req-ee600354-aa57-45d2-961c-18addf7a4e51 ] Request (ServersNegativeTestJSON:tearDown): 200 GET http://10.180.1.21/compute/v2.1/servers/66833a86-1677-4b06-88a3-80b4bd55b280 0.123s
2025-11-20 19:00:21.062 66519 INFO tempest.lib.common.rest_client [req-2767cc14-2f75-4721-bcb6-67b74f08d4a1 req-2767cc14-2f75-4721-bcb6-67b74f08d4a1 ] Request (ServersAdminNegativeTestJSON:tearDownClass): 200 GET http://10.180.1.21/compute/v2.1/servers/fe220116-09a9-4d41-924f-b76ba380c50d 0.125s
2025-11-20 19:00:21.082 66513 INFO tempest.lib.common.rest_client [req-fcce8bad-300e-41fa-90a6-d0d5db3a90d4 req-fcce8bad-300e-41fa-90a6-d0d5db3a90d4 ] Request (ServersNegativeTestJSON:setUp): 200 GET http://10.180.1.21/compute/v2.1/servers/66833a86-1677-4b06-88a3-80b4bd55b280 0.122s
2025-11-20 19:00:21.099 66513 INFO tempest.lib.common.rest_client [req-f5ef60df-db08-41d4-866c-f6e6de786f0f req-f5ef60df-db08-41d4-866c-f6e6de786f0f ] Request (ServersNegativeTestJSON:test_resize_nonexistent_server): 404 POST http://10.180.1.21/compute/v2.1/servers/7bcf7e75-9404-41bd-8e6e-d1978ad7b95e/action 0.010s
2025-11-20 19:00:21.151 66533 INFO tempest.lib.common.rest_client [req-df6e55fd-54f2-48b7-8dba-0884d352e221 req-df6e55fd-54f2-48b7-8dba-0884d352e221 ] Request (AttachVolumeShelveTestJSON:test_attach_volume_shelved_or_offload_server): 200 GET http://10.180.1.21/compute/v2.1/servers/2a28de71-d4b0-4aa1-9f51-6eff7311edbc 0.098s
2025-11-20 19:00:21.206 66513 INFO tempest.lib.common.rest_client [req-2344a0e2-dddf-4179-8dca-9e2c13fc89df req-2344a0e2-dddf-4179-8dca-9e2c13fc89df ] Request (ServersNegativeTestJSON:tearDown): 200 GET http://10.180.1.21/compute/v2.1/servers/66833a86-1677-4b06-88a3-80b4bd55b280 0.107s
2025-11-20 19:00:21.221 66515 INFO tempest.lib.common.rest_client [req-5135862d-a518-4826-8d3f-4bcaa2ac8ee8 req-5135862d-a518-4826-8d3f-4bcaa2ac8ee8 ] Request (AttachInterfacesTestJSON:test_create_list_show_delete_interfaces_by_network_port): 200 GET http://10.180.1.21/compute/v2.1/servers/7b38f564-ec67-4bcd-b642-1f3f442e2f63 0.119s
2025-11-20 19:00:21.281 66523 INFO tempest.lib.common.rest_client [req-9e1e48d0-2ead-4b5c-861f-7de083a16e36 req-9e1e48d0-2ead-4b5c-861f-7de083a16e36 ] Request (ImagesOneServerNegativeTestJSON:_run_cleanups): 200 GET http://10.180.1.21/compute/v2.1/servers/4cbae877-7390-47c2-a8d3-bbfde911b1b9 0.116s
