2025-11-20 18:59:22.156 66485 INFO tempest.lib.common.rest_client [req-25e75424-5b11-4ca6-862f-6ec4d7821aaa req-25e75424-5b11-4ca6-862f-6ec4d7821aaa ] Request (ServerMetadataTestJSON:setUpClass): 200 GET http://10.180.1.21/compute/v2.1/servers/55bfae04-de63-40f2-8ac2-7ee7294b7be4 11.328s
2025-11-20 18:59:22.169 66485 INFO tempest.common.waiters [-] State transition "BUILD/spawning" ==> "ACTIVE/None" after 30 second wait
2025-11-20 18:59:22.201 66497 INFO tempest.lib.common.rest_client [req-9727a619-e2b8-4f5d-ba5d-e54d012800e4 req-9727a619-e2b8-4f5d-ba5d-e54d012800e4 ] Request (ServersTestJSON:test_create_server_specify_multibyte_character_name): 201 POST http://10.180.1.21/identity/v3/auth/tokens 0.077s
2025-11-20 18:59:22.201 66497 INFO tempest.lib.common.fixed_network [-] (ServersTestJSON:test_create_server_specify_multibyte_character_name) Found network {'id': '56374a0d-ca81-4d39-9ca4-9c08dfe1bd6b', 'name': 'tempest-ServersTestJSON-162195425-network', 'tenant_id': 'c89e15acffd64da8802947a5a6196a9c', 'project_id': 'c89e15acffd64da8802947a5a6196a9c', 'admin_state_up': True, 'mtu': 8950, 'status': 'ACTIVE', 'subnets': [], 'shared': False, 'port_security_enabled': True, 'router:external': False, 'provider:network_type': 'vlan', 'provider:physical_network': 'default', 'provider:segmentation_id': 666, 'availability_zone_hints': [], 'availability_zones': [], 'ipv4_address_scope': None, 'ipv6_address_scope': None, 'description': '', 'tags': [], 'created_at': '2025-11-20T18:59:17Z', 'updated_at': '2025-11-20T18:59:17Z', 'revision_number': 1} available for tenant
2025-11-20 18:59:22.765 66522 INFO tempest.lib.common.rest_client [req-ac87ef0d-a131-410c-8699-b470d6412767 req-ac87ef0d-a131-410c-8699-b470d6412767 ] Request (MultipleCreateTestJSON:setUpClass): 201 POST http://10.180.1.21/networking/v2.0/subnets 0.715s
2025-11-20 18:59:22.774 66495 WARNING tempest.lib.common.ssh [-] Failed to establish authenticated ssh connection to cirros@10.180.180.242 ([Errno None] Unable to connect to port 22 on 10.180.180.242). Number attempts: 4. Retry after 5 seconds.: paramiko.ssh_exception.NoValidConnectionsError: [Errno None] Unable to connect to port 22 on 10.180.180.242
2025-11-20 18:59:23.488 66491 WARNING tempest.lib.common.ssh [-] Failed to establish authenticated ssh connection to cirros@10.180.180.204 ([Errno None] Unable to connect to port 22 on 10.180.180.204). Number attempts: 11. Retry after 12 seconds.: paramiko.ssh_exception.NoValidConnectionsError: [Errno None] Unable to connect to port 22 on 10.180.180.204
2025-11-20 18:59:24.171 66522 INFO tempest.lib.common.rest_client [req-7e3b488a-3441-463f-bcd5-95c76ceb904a req-7e3b488a-3441-463f-bcd5-95c76ceb904a ] Request (MultipleCreateTestJSON:setUpClass): 201 POST http://10.180.1.21/networking/v2.0/routers 1.405s
2025-11-20 18:59:24.259 66507 INFO tempest.lib.common.rest_client [req-8e33da12-33d2-4a9d-8550-0923ab78a10e req-8e33da12-33d2-4a9d-8550-0923ab78a10e ] Request (ServerDiagnosticsNegativeTest:test_get_server_diagnostics_by_non_admin): 200 GET http://10.180.1.21/compute/v2.1/servers/3b768923-b3d7-43fa-9655-352daaf4a43a 13.331s
2025-11-20 18:59:24.269 66507 INFO tempest.common.waiters [-] State transition "BUILD/scheduling" ==> "BUILD/spawning" after 15 second wait
2025-11-20 18:59:24.729 66483 INFO tempest.lib.common.rest_client [req-3a2b8920-a221-47bb-8ddf-f73bbcd17054 req-3a2b8920-a221-47bb-8ddf-f73bbcd17054 ] Request (ServerActionsTestOtherA:setUpClass): 200 GET http://10.180.1.21/compute/v2.1/servers/1b37c4ad-25eb-420c-90ca-848093a066d9 13.731s
2025-11-20 18:59:24.739 66483 INFO tempest.common.waiters [-] State transition "BUILD/None" ==> "BUILD/spawning" after 15 second wait
2025-11-20 18:59:24.762 66531 INFO tempest.lib.common.rest_client [req-afa45269-7a50-42f8-b2ba-d012a640bdad req-afa45269-7a50-42f8-b2ba-d012a640bdad ] Request (ServersAaction247Test:tearDownClass): 404 GET http://10.180.1.21/compute/v2.1/servers/5babc2cf-0e70-4d5b-a155-2be7f552f8c9 13.751s
2025-11-20 18:59:24.769 66509 INFO tempest.lib.common.rest_client [req-94c422d8-95a1-44e0-80c0-e54b0d2f9c98 req-94c422d8-95a1-44e0-80c0-e54b0d2f9c98 ] Request (ServerMetadataNegativeTestJSON:test_server_create_metadata_key_too_long): 400 POST http://10.180.1.21/compute/v2.1/servers 12.374s
2025-11-20 18:59:24.891 66531 INFO tempest.lib.common.rest_client [req-2fabd894-3d9d-4078-9231-81c07bee075b req-2fabd894-3d9d-4078-9231-81c07bee075b ] Request (ServersAaction247Test:tearDownClass): 204 DELETE http://10.180.1.21/identity/v3/users/41fe30ea3c6744c7a82be82c9d9e2d44 0.128s
2025-11-20 18:59:24.891 66531 INFO tempest.lib.common.dynamic_creds [-] Deleting project and security group for project: d6d416167b8f448eb05fd952a1d6078d
2025-11-20 18:59:24.962 66531 INFO tempest.lib.common.rest_client [req-c508ff75-02cf-445c-8742-ac9b96f30974 req-c508ff75-02cf-445c-8742-ac9b96f30974 ] Request (ServersAaction247Test:tearDownClass): 201 POST http://10.180.1.21/identity/v3/auth/tokens 0.070s
2025-11-20 18:59:25.056 66511 INFO tempest.lib.common.rest_client [req-ed4c9ec1-bfe8-43d1-b940-ed32f8b9e759 req-ed4c9ec1-bfe8-43d1-b940-ed32f8b9e759 ] Request (InstanceActionsTestJSON:test_list_instance_actions): 200 GET http://10.180.1.21/compute/v2.1/servers/69f5b405-7f73-43aa-8fef-25c049dbd074 11.906s
2025-11-20 18:59:25.066 66511 INFO tempest.common.waiters [-] State transition "HARD_REBOOT/reboot_started_hard" ==> "ACTIVE/None" after 18 second wait
2025-11-20 18:59:25.150 66522 INFO tempest.lib.common.rest_client [req-c3608bc0-1cf0-4bc4-8606-4054e51fa48e req-c3608bc0-1cf0-4bc4-8606-4054e51fa48e ] Request (MultipleCreateTestJSON:setUpClass): 200 PUT http://10.180.1.21/networking/v2.0/routers/d8cff777-b9eb-4174-852f-705800c07f4b/add_router_interface 0.978s
2025-11-20 18:59:25.150 66522 INFO tempest.lib.common.dynamic_creds [-] Created isolated network resources for: credentials: Credentials: {'domain_id': 'default', 'domain_name': 'Default', 'username': 'tempest-MultipleCreateTestJSON-832057247-project-member', 'project_domain_id': 'default', 'project_domain_name': 'Default', 'project_id': '64bea454a8eb48d3bcd05dbf4b133347', 'project_name': 'tempest-MultipleCreateTestJSON-832057247', 'tenant_id': '64bea454a8eb48d3bcd05dbf4b133347', 'tenant_name': 'tempest-MultipleCreateTestJSON-832057247', 'user_domain_id': 'default', 'user_domain_name': 'Default', 'user_id': '97dd3564aadd4ffbbdad6452434b6036', 'system': None}, Network: {'id': '152640b7-dcf2-4e8a-994d-e0633d389e06', 'name': 'tempest-MultipleCreateTestJSON-661944249-network', 'tenant_id': '64bea454a8eb48d3bcd05dbf4b133347', 'project_id': '64bea454a8eb48d3bcd05dbf4b133347', 'admin_state_up': True, 'mtu': 8950, 'status': 'ACTIVE', 'subnets': [], 'shared': False, 'port_security_enabled': True, 'router:external': False, 'provider:network_type': 'vlan', 'provider:physical_network': 'default', 'provider:segmentation_id': 457, 'availability_zone_hints': [], 'availability_zones': [], 'ipv4_address_scope': None, 'ipv6_address_scope': None, 'description': '', 'tags': [], 'created_at': '2025-11-20T18:59:21Z', 'updated_at': '2025-11-20T18:59:21Z', 'revision_number': 1}, Subnet: {'id': '8af174a6-a50a-483a-993e-55d17c074ed5', 'name': 'tempest-MultipleCreateTestJSON-661944249-subnet', 'tenant_id': '64bea454a8eb48d3bcd05dbf4b133347', 'network_id': '152640b7-dcf2-4e8a-994d-e0633d389e06', 'ip_version': 4, 'subnetpool_id': None, 'enable_dhcp': True, 'ipv6_ra_mode': None, 'ipv6_address_mode': None, 'gateway_ip': '192.168.128.1', 'cidr': '192.168.128.0/28', 'allocation_pools': [{'start': '192.168.128.2', 'end': '192.168.128.14'}], 'host_routes': [], 'dns_nameservers': [], 'description': '', 'router:external': False, 'service_types': [], 'tags': [], 'created_at': '2025-11-20T18:59:22Z', 'updated_at': '2025-11-20T18:59:22Z', 'revision_number': 0, 'project_id': '64bea454a8eb48d3bcd05dbf4b133347'}, Router: {'id': 'd8cff777-b9eb-4174-852f-705800c07f4b', 'name': 'tempest-MultipleCreateTestJSON-661944249-router', 'tenant_id': '64bea454a8eb48d3bcd05dbf4b133347', 'admin_state_up': True, 'status': 'ACTIVE', 'external_gateway_info': {'network_id': 'a390ba00-d4b5-41f2-93e4-2147b5b0f12c', 'external_fixed_ips': [{'subnet_id': '61e4f80a-0409-477c-a43b-3192ee33929f', 'ip_address': '10.180.180.241'}], 'enable_snat': True}, 'description': '', 'availability_zones': [], 'distributed': False, 'ha': False, 'availability_zone_hints': [], 'routes': [], 'flavor_id': None, 'tags': [], 'created_at': '2025-11-20T18:59:23Z', 'updated_at': '2025-11-20T18:59:23Z', 'revision_number': 2, 'project_id': '64bea454a8eb48d3bcd05dbf4b133347'}
2025-11-20 18:59:25.223 66531 INFO tempest.lib.common.rest_client [req-60cb82ea-11eb-480b-afe4-49df803ffe3e req-60cb82ea-11eb-480b-afe4-49df803ffe3e ] Request (ServersAaction247Test:tearDownClass): 200 GET http://10.180.1.21/networking/v2.0/security-groups?tenant_id=d6d416167b8f448eb05fd952a1d6078d&name=default 0.260s
2025-11-20 18:59:25.236 66522 INFO tempest.lib.common.rest_client [req-4d9366b7-b0c9-47aa-b894-5fe0945f2bbf req-4d9366b7-b0c9-47aa-b894-5fe0945f2bbf ] Request (MultipleCreateTestJSON:setUpClass): 201 POST http://10.180.1.21/identity/v3/auth/tokens 0.082s
2025-11-20 18:59:25.267 66522 INFO tempest.lib.common.rest_client [req-2dfe58a3-3d2a-49c6-9222-029d2c67b544 req-2dfe58a3-3d2a-49c6-9222-029d2c67b544 ] Request (MultipleCreateTestJSON:test_multiple_create): 201 POST http://10.180.1.21/identity/v3/auth/tokens 0.027s
2025-11-20 18:59:25.268 66522 INFO tempest.lib.common.fixed_network [-] (MultipleCreateTestJSON:test_multiple_create) Found network {'id': '152640b7-dcf2-4e8a-994d-e0633d389e06', 'name': 'tempest-MultipleCreateTestJSON-661944249-network', 'tenant_id': '64bea454a8eb48d3bcd05dbf4b133347', 'project_id': '64bea454a8eb48d3bcd05dbf4b133347', 'admin_state_up': True, 'mtu': 8950, 'status': 'ACTIVE', 'subnets': [], 'shared': False, 'port_security_enabled': True, 'router:external': False, 'provider:network_type': 'vlan', 'provider:physical_network': 'default', 'provider:segmentation_id': 457, 'availability_zone_hints': [], 'availability_zones': [], 'ipv4_address_scope': None, 'ipv6_address_scope': None, 'description': '', 'tags': [], 'created_at': '2025-11-20T18:59:21Z', 'updated_at': '2025-11-20T18:59:21Z', 'revision_number': 1} available for tenant
2025-11-20 18:59:25.449 66531 INFO tempest.lib.common.rest_client [req-a4cec7d1-28ab-4b19-8f8f-0f9f43f20520 req-a4cec7d1-28ab-4b19-8f8f-0f9f43f20520 ] Request (ServersAaction247Test:tearDownClass): 204 DELETE http://10.180.1.21/networking/v2.0/security-groups/a9900ff2-c814-4a77-b2c5-66684f2d55fd 0.226s
2025-11-20 18:59:25.471 66503 WARNING tempest.lib.common.ssh [-] Failed to establish authenticated ssh connection to cirros@10.180.180.219 ([Errno None] Unable to connect to port 22 on 10.180.180.219). Number attempts: 11. Retry after 12 seconds.: paramiko.ssh_exception.NoValidConnectionsError: [Errno None] Unable to connect to port 22 on 10.180.180.219
2025-11-20 18:59:25.542 66487 INFO tempest.lib.common.rest_client [req-7fef5efa-fb60-43dc-8452-3d1dfc2b23e3 req-7fef5efa-fb60-43dc-8452-3d1dfc2b23e3 ] Request (MigrationsAdminTest:test_resize_server_revert_deleted_flavor): 200 GET http://10.180.1.21/compute/v2.1/servers/218561c3-29b9-4341-abf6-99f4d65e38a6 12.270s
2025-11-20 18:59:25.551 66531 INFO tempest.lib.common.rest_client [req-3e435f33-58c2-4b86-91d0-303d82af40b7 req-3e435f33-58c2-4b86-91d0-303d82af40b7 ] Request (ServersAaction247Test:tearDownClass): 204 DELETE http://10.180.1.21/identity/v3/projects/d6d416167b8f448eb05fd952a1d6078d 0.101s
2025-11-20 18:59:25.552 66487 INFO tempest.common.waiters [-] State transition "BUILD/spawning" ==> "ACTIVE/None" after 32 second wait
2025-11-20 18:59:25.789 66523 INFO tempest.lib.common.rest_client [req-fb068f17-6104-4cd2-9800-e28b3664148d req-fb068f17-6104-4cd2-9800-e28b3664148d ] Request (ImagesOneServerNegativeTestJSON:_run_cleanups): 200 GET http://10.180.1.21/compute/v2.1/servers/4cbae877-7390-47c2-a8d3-bbfde911b1b9 11.761s
2025-11-20 18:59:25.799 66523 INFO tempest.common.waiters [-] State transition "BUILD/None" ==> "BUILD/spawning" after 12 second wait
2025-11-20 18:59:25.832 66529 INFO tempest.lib.common.rest_client [req-3b713c9f-45f1-41ba-8d70-1dc8c70f9e29 req-3b713c9f-45f1-41ba-8d70-1dc8c70f9e29 ] Request (InstanceUsageAuditLogNegativeTestJSON:test_instance_usage_audit_logs_with_nonadmin_user): 403 GET http://10.180.1.21/compute/v2.1/os-instance_usage_audit_log/2025-11-20%2018%3A59%3A14 10.847s
2025-11-20 18:59:25.854 66517 INFO tempest.lib.common.rest_client [req-931fe2ff-d9ce-4ab5-bedd-71c2471a7e2f req-931fe2ff-d9ce-4ab5-bedd-71c2471a7e2f ] Request (FlavorsAdminTestJSON:_run_cleanups): 200 GET http://10.180.1.21/compute/v2.1/flavors/detail 10.834s
2025-11-20 18:59:25.982 66529 INFO tempest.lib.common.rest_client [req-8ba58df9-a31c-462b-9533-e11c58b17588 req-8ba58df9-a31c-462b-9533-e11c58b17588 ] Request (InstanceUsageAuditLogNegativeTestJSON:tearDownClass): 204 DELETE http://10.180.1.21/identity/v3/users/9477c2ea46c8467091871aec01221e28 0.149s
2025-11-20 18:59:26.003 66513 INFO tempest.lib.common.rest_client [req-d89436ea-f5d3-48cf-9aba-b36d8d6d1420 req-d89436ea-f5d3-48cf-9aba-b36d8d6d1420 ] Request (ServersNegativeTestJSON:setUpClass): 200 GET http://10.180.1.21/compute/v2.1/servers/59e9b4ff-4450-4934-ad98-83d66bbbc31f 10.169s
2025-11-20 18:59:26.098 66529 INFO tempest.lib.common.rest_client [req-141bd7ce-f407-44b9-9e5f-320b5a381e8a req-141bd7ce-f407-44b9-9e5f-320b5a381e8a ] Request (InstanceUsageAuditLogNegativeTestJSON:tearDownClass): 204 DELETE http://10.180.1.21/identity/v3/users/b453d31c98524de983982c589ef48887 0.115s
2025-11-20 18:59:26.098 66529 INFO tempest.lib.common.dynamic_creds [-] Deleting project and security group for project: 351ae75fb27e4548a07dd106f1d1a8e7
2025-11-20 18:59:26.132 66519 INFO tempest.lib.common.rest_client [req-0bb28a8a-121e-43de-8432-5625215178d7 req-0bb28a8a-121e-43de-8432-5625215178d7 ] Request (ServersAdminNegativeTestJSON:test_resize_server_using_overlimit_ram): 403 POST http://10.180.1.21/compute/v2.1/servers/fe220116-09a9-4d41-924f-b76ba380c50d/action 9.272s
2025-11-20 18:59:26.179 66529 INFO tempest.lib.common.rest_client [req-0f37202e-64c7-4645-9801-f4b1621ea235 req-0f37202e-64c7-4645-9801-f4b1621ea235 ] Request (InstanceUsageAuditLogNegativeTestJSON:tearDownClass): 201 POST http://10.180.1.21/identity/v3/auth/tokens 0.080s
2025-11-20 18:59:26.284 66505 INFO tempest.lib.common.rest_client [req-9fd637b0-cd31-466f-ab61-7f6c6074c5d8 req-9fd637b0-cd31-466f-ab61-7f6c6074c5d8 ] Request (ServersTestFqdnHostnames:test_create_server_with_fqdn_name): 200 POST http://10.180.1.21/compute/v2.1/os-keypairs 9.419s
2025-11-20 18:59:26.304 66489 INFO tempest.lib.common.rest_client [req-d1884ecc-ae12-41f7-8cc9-ddc92ed382a4 req-d1884ecc-ae12-41f7-8cc9-ddc92ed382a4 ] Request (ServerTagsTestJSON:test_delete_all_tags): 200 GET http://10.180.1.21/compute/v2.1/servers/e5a79cdc-bec4-41da-9812-001532168126/tags 8.488s
2025-11-20 18:59:26.365 66529 INFO tempest.lib.common.rest_client [req-32aada54-4b5e-4dca-998d-8ff42533888b req-32aada54-4b5e-4dca-998d-8ff42533888b ] Request (InstanceUsageAuditLogNegativeTestJSON:tearDownClass): 200 GET http://10.180.1.21/networking/v2.0/security-groups?tenant_id=351ae75fb27e4548a07dd106f1d1a8e7&name=default 0.185s
2025-11-20 18:59:26.447 66505 INFO tempest.lib.common.rest_client [req-63044862-8fe7-4297-b0eb-9f99d7bb05ee req-63044862-8fe7-4297-b0eb-9f99d7bb05ee ] Request (ServersTestFqdnHostnames:test_create_server_with_fqdn_name): 201 POST http://10.180.1.21/networking/v2.0/security-groups 0.161s
2025-11-20 18:59:26.534 66526 INFO tempest.lib.common.rest_client [req-8fd56d66-4474-45f6-9a4e-09afe6ae2dac req-8fd56d66-4474-45f6-9a4e-09afe6ae2dac ] Request (DeleteServersTestJSON:test_delete_active_server): 200 GET http://10.180.1.21/compute/v2.1/servers/3c0405f5-f94e-48e2-b1e7-ac76fd248176 8.686s
2025-11-20 18:59:26.602 66529 INFO tempest.lib.common.rest_client [req-bc890486-a659-4f8e-9678-6e9a6fadfad7 req-bc890486-a659-4f8e-9678-6e9a6fadfad7 ] Request (InstanceUsageAuditLogNegativeTestJSON:tearDownClass): 204 DELETE http://10.180.1.21/networking/v2.0/security-groups/8f47b010-efa8-4b4d-8c47-edb663f8ca4c 0.237s
2025-11-20 18:59:26.682 66505 INFO tempest.lib.common.rest_client [req-d307147c-80a7-4556-af9f-49e2d3c34921 req-d307147c-80a7-4556-af9f-49e2d3c34921 ] Request (ServersTestFqdnHostnames:test_create_server_with_fqdn_name): 201 POST http://10.180.1.21/networking/v2.0/security-group-rules 0.234s
2025-11-20 18:59:26.709 66529 INFO tempest.lib.common.rest_client [req-faaa402a-5242-4625-a3c0-f4ef705c2d07 req-faaa402a-5242-4625-a3c0-f4ef705c2d07 ] Request (InstanceUsageAuditLogNegativeTestJSON:tearDownClass): 204 DELETE http://10.180.1.21/identity/v3/projects/351ae75fb27e4548a07dd106f1d1a8e7 0.107s
2025-11-20 18:59:26.710 66529 INFO tempest.lib.common.dynamic_creds [-] Deleting project and security group for project: 0b0dc3f6466f476cb860f620bfa5b9ed
2025-11-20 18:59:26.754 66501 INFO tempest.lib.common.rest_client [req-d3fee885-2271-430c-a6cb-aea0c54a9c20 req-d3fee885-2271-430c-a6cb-aea0c54a9c20 ] Request (ServersAdminTestJSON:test_list_servers_filter_by_error_status): 200 GET http://10.180.1.21/compute/v2.1/servers/2a0a060f-fd12-4cc4-b4c5-7bb1d672dff7 8.807s
2025-11-20 18:59:26.789 66505 INFO tempest.lib.common.rest_client [req-13d83961-7bcf-4792-af58-cfee1779bd7e req-13d83961-7bcf-4792-af58-cfee1779bd7e ] Request (ServersTestFqdnHostnames:test_create_server_with_fqdn_name): 201 POST http://10.180.1.21/networking/v2.0/security-group-rules 0.107s
2025-11-20 18:59:26.801 66541 INFO tempest.lib.common.rest_client [req-2d659950-bdb4-4b5b-a767-544e43b0a953 req-2d659950-bdb4-4b5b-a767-544e43b0a953 ] Request (ListImageFiltersTestJSON:setUpClass): 200 GET http://10.180.1.21/compute/v2.1/images/8690596a-ea41-4df8-85d0-981f564d3160 8.325s
2025-11-20 18:59:26.868 66529 INFO tempest.lib.common.rest_client [req-7e9a74fc-aa18-4759-9c58-14b71e0b6a09 req-7e9a74fc-aa18-4759-9c58-14b71e0b6a09 ] Request (InstanceUsageAuditLogNegativeTestJSON:tearDownClass): 200 GET http://10.180.1.21/networking/v2.0/security-groups?tenant_id=0b0dc3f6466f476cb860f620bfa5b9ed&name=default 0.157s
2025-11-20 18:59:27.045 66529 INFO tempest.lib.common.rest_client [req-92435e21-a529-4e8a-b76e-21a634181a70 req-92435e21-a529-4e8a-b76e-21a634181a70 ] Request (InstanceUsageAuditLogNegativeTestJSON:tearDownClass): 204 DELETE http://10.180.1.21/networking/v2.0/security-groups/821096e6-b801-4ac8-9ad8-e92cbf79366a 0.177s
2025-11-20 18:59:27.105 66533 INFO tempest.lib.common.rest_client [req-a9de947c-c8c8-41d2-8b20-b2235edb584a req-a9de947c-c8c8-41d2-8b20-b2235edb584a ] Request (AttachVolumeShelveTestJSON:test_attach_volume_shelved_or_offload_server): 200 GET http://10.180.1.21/compute/v2.1/servers/2a28de71-d4b0-4aa1-9f51-6eff7311edbc 8.340s
2025-11-20 18:59:27.121 66533 INFO tempest.common.waiters [-] State transition "ACTIVE/shelving_image_uploading" ==> "SHELVED_OFFLOADED/None" after 23 second wait
2025-11-20 18:59:27.179 66529 INFO tempest.lib.common.rest_client [req-9a2749f9-b999-4020-8d37-a5eab6b31ad6 req-9a2749f9-b999-4020-8d37-a5eab6b31ad6 ] Request (InstanceUsageAuditLogNegativeTestJSON:tearDownClass): 204 DELETE http://10.180.1.21/identity/v3/projects/0b0dc3f6466f476cb860f620bfa5b9ed 0.133s
2025-11-20 18:59:27.180 66529 INFO tempest.test [-] raised in LiveMigrationNegativeTest.setUpClass. Invoking tearDownClass.
2025-11-20 18:59:27.310 66505 INFO tempest.lib.common.rest_client [req-ca621564-c983-462c-9156-bca35e8b5b63 req-ca621564-c983-462c-9156-bca35e8b5b63 ] Request (ServersTestFqdnHostnames:test_create_server_with_fqdn_name): 201 POST http://10.180.1.21/networking/v2.0/floatingips 0.520s
2025-11-20 18:59:27.314 66493 INFO tempest.lib.common.rest_client [req-ea4eb5bb-6533-412e-903b-2f4c926aba87 req-ea4eb5bb-6533-412e-903b-2f4c926aba87 ] Request (ServerActionsTestOtherB:setUpClass): 200 POST http://10.180.1.21/compute/v2.1/os-keypairs 6.641s
2025-11-20 18:59:27.369 66499 INFO tempest.lib.common.rest_client [req-2d5a69d5-39b0-4567-9e35-427e3b83cdcf req-2d5a69d5-39b0-4567-9e35-427e3b83cdcf ] Request (SecurityGroupsTestAdminJSON:test_list_security_groups_list_all_tenants_filter): 200 GET http://10.180.1.21/compute/v2.1/os-security-groups?all_tenants=true 18.381s
2025-11-20 18:59:27.370 66527 INFO tempest.lib.common.rest_client [req-e580c24a-dca1-47f8-9e70-256fb9a0750a req-e580c24a-dca1-47f8-9e70-256fb9a0750a ] Request (ServerAddressesTestJSON:test_list_server_addresses): 200 GET http://10.180.1.21/compute/v2.1/servers/59d5d042-2111-465d-b26f-441efb23793e/ips 6.652s
2025-11-20 18:59:27.391 66505 INFO tempest.lib.common.rest_client [req-da165673-64da-4c10-bb61-5c98b33ec43d req-da165673-64da-4c10-bb61-5c98b33ec43d ] Request (ServersTestFqdnHostnames:test_create_server_with_fqdn_name): 201 POST http://10.180.1.21/identity/v3/auth/tokens 0.079s
2025-11-20 18:59:27.392 66505 INFO tempest.lib.common.fixed_network [-] (ServersTestFqdnHostnames:test_create_server_with_fqdn_name) Found network {'id': 'ee5c2432-c1ff-4e79-8a35-72f0a4b68556', 'name': 'tempest-ServersTestFqdnHostnames-718409729-network', 'tenant_id': 'dce79ba2d33349b5a8281093b38e7206', 'project_id': 'dce79ba2d33349b5a8281093b38e7206', 'admin_state_up': True, 'mtu': 8950, 'status': 'ACTIVE', 'subnets': [], 'shared': False, 'port_security_enabled': True, 'router:external': False, 'provider:network_type': 'vlan', 'provider:physical_network': 'default', 'provider:segmentation_id': 638, 'availability_zone_hints': [], 'availability_zones': [], 'ipv4_address_scope': None, 'ipv6_address_scope': None, 'description': '', 'tags': [], 'created_at': '2025-11-20T18:59:13Z', 'updated_at': '2025-11-20T18:59:13Z', 'revision_number': 1} available for tenant
2025-11-20 18:59:27.451 66493 INFO tempest.lib.common.rest_client [req-9aa61a7b-b000-4efb-9a5a-d384afa4116e req-9aa61a7b-b000-4efb-9a5a-d384afa4116e ] Request (ServerActionsTestOtherB:setUpClass): 201 POST http://10.180.1.21/networking/v2.0/security-groups 0.133s
2025-11-20 18:59:27.455 66485 INFO tempest.lib.common.rest_client [req-998ac832-1207-4559-920a-1505b432cebf req-998ac832-1207-4559-920a-1505b432cebf ] Request (ServerMetadataTestJSON:setUp): 200 PUT http://10.180.1.21/compute/v2.1/servers/55bfae04-de63-40f2-8ac2-7ee7294b7be4/metadata 5.285s
2025-11-20 18:59:27.529 66515 INFO tempest.lib.common.rest_client [req-0eef00f9-af7b-4466-8512-b70e4e8a37bd req-0eef00f9-af7b-4466-8512-b70e4e8a37bd ] Request (AttachInterfacesTestJSON:_run_cleanups): 204 DELETE http://10.180.1.21/compute/v2.1/servers/20f595ce-6281-46b7-bcab-c88e800951ef 5.924s
2025-11-20 18:59:27.544 66509 INFO tempest.lib.common.rest_client [req-49374864-729a-46ae-aeab-7a5604636c26 req-49374864-729a-46ae-aeab-7a5604636c26 ] Request (ServerMetadataNegativeTestJSON:test_server_metadata_non_existent_server): 404 GET http://10.180.1.21/compute/v2.1/servers/37b99e06-6783-484e-bccb-8794e3692a72/metadata/test2 2.774s
2025-11-20 18:59:27.595 66511 INFO tempest.lib.common.rest_client [req-74667b10-7d65-4cca-955b-cdc6d1a71bad req-74667b10-7d65-4cca-955b-cdc6d1a71bad ] Request (InstanceActionsTestJSON:test_list_instance_actions): 200 GET http://10.180.1.21/compute/v2.1/servers/69f5b405-7f73-43aa-8fef-25c049dbd074/os-instance-actions 2.529s
2025-11-20 18:59:27.627 66493 INFO tempest.lib.common.rest_client [req-c62e6410-d448-40fc-a432-dd2d9d5997b5 req-c62e6410-d448-40fc-a432-dd2d9d5997b5 ] Request (ServerActionsTestOtherB:setUpClass): 201 POST http://10.180.1.21/networking/v2.0/security-group-rules 0.175s
2025-11-20 18:59:27.734 66493 INFO tempest.lib.common.rest_client [req-10210358-8cd8-4953-82d6-8f47d5b40e34 req-10210358-8cd8-4953-82d6-8f47d5b40e34 ] Request (ServerActionsTestOtherB:setUpClass): 201 POST http://10.180.1.21/networking/v2.0/security-group-rules 0.107s
2025-11-20 18:59:28.012 66497 INFO tempest.lib.common.rest_client [req-641f6f74-feeb-415a-8a13-a67b43df2b53 req-641f6f74-feeb-415a-8a13-a67b43df2b53 ] Request (ServersTestJSON:test_create_server_specify_multibyte_character_name): 202 POST http://10.180.1.21/compute/v2.1/servers 5.810s
2025-11-20 18:59:28.211 66507 INFO tempest.lib.common.rest_client [req-2185decb-ad1e-4604-97fa-7dc4c3ac0f7e req-2185decb-ad1e-4604-97fa-7dc4c3ac0f7e ] Request (ServerDiagnosticsNegativeTest:test_get_server_diagnostics_by_non_admin): 200 GET http://10.180.1.21/compute/v2.1/servers/3b768923-b3d7-43fa-9655-352daaf4a43a 2.941s
2025-11-20 18:59:28.226 66522 INFO tempest.lib.common.rest_client [req-8fdffc9f-b8bf-4b74-b113-33ae340e1994 req-8fdffc9f-b8bf-4b74-b113-33ae340e1994 ] Request (MultipleCreateTestJSON:test_multiple_create): 202 POST http://10.180.1.21/compute/v2.1/servers 2.958s
2025-11-20 18:59:28.258 66493 INFO tempest.lib.common.rest_client [req-ccbb2ffd-5fde-4fae-8f08-659e46a0158f req-ccbb2ffd-5fde-4fae-8f08-659e46a0158f ] Request (ServerActionsTestOtherB:setUpClass): 201 POST http://10.180.1.21/networking/v2.0/floatingips 0.524s
2025-11-20 18:59:28.283 66495 WARNING tempest.lib.common.ssh [-] Failed to establish authenticated ssh connection to cirros@10.180.180.242 ([Errno None] Unable to connect to port 22 on 10.180.180.242). Number attempts: 5. Retry after 6 seconds.: paramiko.ssh_exception.NoValidConnectionsError: [Errno None] Unable to connect to port 22 on 10.180.180.242
2025-11-20 18:59:28.300 66493 INFO tempest.lib.common.rest_client [req-d0302115-4e65-4148-b75c-4532dc691058 req-d0302115-4e65-4148-b75c-4532dc691058 ] Request (ServerActionsTestOtherB:setUpClass): 201 POST http://10.180.1.21/identity/v3/auth/tokens 0.037s
2025-11-20 18:59:28.300 66493 INFO tempest.lib.common.fixed_network [-] (ServerActionsTestOtherB:setUpClass) Found network {'id': 'e65c70e4-cd2b-4266-a0e2-e9a95cfe3eae', 'name': 'tempest-ServerActionsTestOtherB-1412589378-network', 'tenant_id': '88df4d44a58c4725a7dd1cd51ef848bd', 'project_id': '88df4d44a58c4725a7dd1cd51ef848bd', 'admin_state_up': True, 'mtu': 8950, 'status': 'ACTIVE', 'subnets': [], 'shared': False, 'port_security_enabled': True, 'router:external': False, 'provider:network_type': 'vlan', 'provider:physical_network': 'default', 'provider:segmentation_id': 602, 'availability_zone_hints': [], 'availability_zones': [], 'ipv4_address_scope': None, 'ipv6_address_scope': None, 'description': '', 'tags': [], 'created_at': '2025-11-20T18:59:17Z', 'updated_at': '2025-11-20T18:59:17Z', 'revision_number': 1} available for tenant
2025-11-20 18:59:28.338 66487 INFO tempest.lib.common.rest_client [req-736193ca-4c28-47af-82d9-3fe9e5faee0a req-736193ca-4c28-47af-82d9-3fe9e5faee0a ] Request (MigrationsAdminTest:test_resize_server_revert_deleted_flavor): 200 GET http://10.180.1.21/compute/v2.1/servers/218561c3-29b9-4341-abf6-99f4d65e38a6 2.785s
2025-11-20 18:59:28.357 66517 INFO tempest.lib.common.rest_client [req-6494258d-d214-4cb9-a5df-7ee93f00e6bb req-6494258d-d214-4cb9-a5df-7ee93f00e6bb ] Request (FlavorsAdminTestJSON:test_list_non_public_flavor): 200 POST http://10.180.1.21/compute/v2.1/flavors 2.496s
2025-11-20 18:59:28.373 66519 INFO tempest.lib.common.rest_client [req-63b495c2-de15-4c8f-a0fd-e579e2c1fce1 req-63b495c2-de15-4c8f-a0fd-e579e2c1fce1 ] Request (ServersAdminNegativeTestJSON:_run_cleanups): 202 DELETE http://10.180.1.21/compute/v2.1/flavors/663649317 2.240s
2025-11-20 18:59:28.430 66489 INFO tempest.lib.common.rest_client [req-e7c3b789-fc57-4620-8cd6-9f88724a4c49 req-e7c3b789-fc57-4620-8cd6-9f88724a4c49 ] Request (ServerTagsTestJSON:_run_cleanups): 204 DELETE http://10.180.1.21/compute/v2.1/servers/e5a79cdc-bec4-41da-9812-001532168126/tags 2.125s
2025-11-20 18:59:28.602 66501 INFO tempest.lib.common.rest_client [req-fb578255-b0a0-4b09-8b6a-67a2e42fc353 req-fb578255-b0a0-4b09-8b6a-67a2e42fc353 ] Request (ServersAdminTestJSON:test_list_servers_filter_by_exist_host): 200 GET http://10.180.1.21/compute/v2.1/servers/2a0a060f-fd12-4cc4-b4c5-7bb1d672dff7 1.837s
2025-11-20 18:59:28.669 66483 INFO tempest.lib.common.rest_client [req-3e2d7151-580d-4b67-a351-e073b4b7a5cd req-3e2d7151-580d-4b67-a351-e073b4b7a5cd ] Request (ServerActionsTestOtherA:setUpClass): 200 GET http://10.180.1.21/compute/v2.1/servers/1b37c4ad-25eb-420c-90ca-848093a066d9 2.928s
2025-11-20 18:59:28.713 66541 INFO tempest.lib.common.rest_client [req-6ea2f303-ea06-4585-bf18-4087437fa50a req-6ea2f303-ea06-4585-bf18-4087437fa50a ] Request (ListImageFiltersTestJSON:setUpClass): 200 GET http://10.180.1.21/compute/v2.1/images/8690596a-ea41-4df8-85d0-981f564d3160 1.908s
2025-11-20 18:59:28.747 66523 INFO tempest.lib.common.rest_client [req-571e89e4-f6c1-4078-a982-b4652653d412 req-571e89e4-f6c1-4078-a982-b4652653d412 ] Request (ImagesOneServerNegativeTestJSON:_run_cleanups): 200 GET http://10.180.1.21/compute/v2.1/servers/4cbae877-7390-47c2-a8d3-bbfde911b1b9 1.947s
2025-11-20 18:59:28.838 66513 INFO tempest.lib.common.rest_client [req-b3154408-7df3-4243-abc9-d278457d776c req-b3154408-7df3-4243-abc9-d278457d776c ] Request (ServersNegativeTestJSON:setUpClass): 200 GET http://10.180.1.21/compute/v2.1/servers/59e9b4ff-4450-4934-ad98-83d66bbbc31f 1.827s
2025-11-20 18:59:28.846 66513 INFO tempest.common.waiters [-] State transition "BUILD/spawning" ==> "ACTIVE/None" after 22 second wait
2025-11-20 18:59:28.876 66527 INFO tempest.lib.common.rest_client [req-cf534bc9-58b0-4a3d-b74c-2d23adad0c3a req-cf534bc9-58b0-4a3d-b74c-2d23adad0c3a ] Request (ServerAddressesTestJSON:test_list_server_addresses_by_network): 200 GET http://10.180.1.21/compute/v2.1/servers/59d5d042-2111-465d-b26f-441efb23793e/ips 1.501s
2025-11-20 18:59:28.998 66499 INFO tempest.lib.common.rest_client [req-f698300e-f4c8-495c-b27a-f40f725c4001 req-f698300e-f4c8-495c-b27a-f40f725c4001 ] Request (SecurityGroupsTestAdminJSON:test_list_security_groups_list_all_tenants_filter): 200 GET http://10.180.1.21/compute/v2.1/os-security-groups?all_tenants=true 1.618s
2025-11-20 18:59:29.006 66533 INFO tempest.lib.common.rest_client [req-99f2cb37-aec7-42ef-86b7-c48538bb2a94 req-99f2cb37-aec7-42ef-86b7-c48538bb2a94 ] Request (AttachVolumeShelveTestJSON:test_attach_volume_shelved_or_offload_server): 200 POST http://10.180.1.21/compute/v2.1/servers/2a28de71-d4b0-4aa1-9f51-6eff7311edbc/os-volume_attachments 1.884s
2025-11-20 18:59:29.035 66533 INFO tempest.lib.common.rest_client [req-0c6d8186-cb6b-4b18-bc4b-ce71201f01b8 req-0c6d8186-cb6b-4b18-bc4b-ce71201f01b8 ] Request (AttachVolumeShelveTestJSON:test_attach_volume_shelved_or_offload_server): 200 GET http://10.180.1.21/volume/v3/volumes/30b2d0a7-0f34-43f8-9e1f-2b37c837ede1 0.027s
2025-11-20 18:59:29.042 66533 INFO tempest.common.waiters [-] Attachment 4508cd2c-7e11-40a2-942d-a7ca48eecd4c created for volume 30b2d0a7-0f34-43f8-9e1f-2b37c837ede1 to server 2a28de71-d4b0-4aa1-9f51-6eff7311edbc after waiting for 0.042688 seconds
2025-11-20 18:59:29.049 66485 INFO tempest.lib.common.rest_client [req-194328ff-8819-479f-8755-b8a877bcbad1 req-194328ff-8819-479f-8755-b8a877bcbad1 ] Request (ServerMetadataTestJSON:test_delete_server_metadata_item): 204 DELETE http://10.180.1.21/compute/v2.1/servers/55bfae04-de63-40f2-8ac2-7ee7294b7be4/metadata/key1 1.592s
2025-11-20 18:59:29.078 66533 INFO tempest.lib.common.rest_client [req-56671f0c-1116-4b5b-a8e7-f7414bcdfeb2 req-56671f0c-1116-4b5b-a8e7-f7414bcdfeb2 ] Request (AttachVolumeShelveTestJSON:test_attach_volume_shelved_or_offload_server): 200 GET http://10.180.1.21/volume/v3/volumes/30b2d0a7-0f34-43f8-9e1f-2b37c837ede1 0.035s
2025-11-20 18:59:29.085 66533 INFO tempest.common.waiters [-] volume 30b2d0a7-0f34-43f8-9e1f-2b37c837ede1 reached in-use after waiting for 0.084971 seconds
2025-11-20 18:59:29.155 66541 INFO tempest.lib.common.rest_client [req-7f4cac61-1c62-42da-aad2-1d636ee01e3b req-7f4cac61-1c62-42da-aad2-1d636ee01e3b ] Request (ListImageFiltersTestJSON:setUpClass): 201 POST http://10.180.1.21/image/v2/images 0.438s
2025-11-20 18:59:29.242 66515 INFO tempest.lib.common.rest_client [req-9dd5efc4-f08d-4f42-a509-daf4ec8d4276 req-9dd5efc4-f08d-4f42-a509-daf4ec8d4276 ] Request (AttachInterfacesTestJSON:_run_cleanups): 200 GET http://10.180.1.21/compute/v2.1/servers/20f595ce-6281-46b7-bcab-c88e800951ef 1.712s
2025-11-20 18:59:29.278 66509 INFO tempest.lib.common.rest_client [req-4ab6db19-bedb-4097-9051-b856522da73f req-4ab6db19-bedb-4097-9051-b856522da73f ] Request (ServerMetadataNegativeTestJSON:test_set_metadata_invalid_key): 400 PUT http://10.180.1.21/compute/v2.1/servers/d0557810-bacb-409b-8f89-682237255ffe/metadata/key 1.732s
2025-11-20 18:59:29.389 66526 INFO tempest.lib.common.rest_client [req-8fbab35c-9f3e-48f5-bb24-0eb9a771e685 req-8fbab35c-9f3e-48f5-bb24-0eb9a771e685 ] Request (DeleteServersTestJSON:test_delete_active_server): 200 GET http://10.180.1.21/compute/v2.1/servers/3c0405f5-f94e-48e2-b1e7-ac76fd248176 1.841s
2025-11-20 18:59:29.418 66505 INFO tempest.lib.common.rest_client [req-9fff49f0-bb79-4210-a59f-354d6c7767dd req-9fff49f0-bb79-4210-a59f-354d6c7767dd ] Request (ServersTestFqdnHostnames:test_create_server_with_fqdn_name): 202 POST http://10.180.1.21/compute/v2.1/servers 2.026s
2025-11-20 18:59:29.534 66497 INFO tempest.lib.common.rest_client [req-236d2648-1623-4841-9858-7f2a4b04b6b6 req-236d2648-1623-4841-9858-7f2a4b04b6b6 ] Request (ServersTestJSON:test_create_server_specify_multibyte_character_name): 200 GET http://10.180.1.21/compute/v2.1/servers/5a8396f7-5774-4b64-a64d-2fdcc14152cc 1.520s
2025-11-20 18:59:29.565 66511 INFO tempest.lib.common.rest_client [req-ae9ff6db-ba0b-4907-9fb2-e89cfe83252a req-ae9ff6db-ba0b-4907-9fb2-e89cfe83252a ] Request (InstanceActionsTestJSON:tearDownClass): 204 DELETE http://10.180.1.21/compute/v2.1/servers/69f5b405-7f73-43aa-8fef-25c049dbd074 1.961s
2025-11-20 18:59:29.643 66522 INFO tempest.lib.common.rest_client [req-5f56aec7-e66f-4b5b-b99f-c751ca632bca req-5f56aec7-e66f-4b5b-b99f-c751ca632bca ] Request (MultipleCreateTestJSON:test_multiple_create): 200 GET http://10.180.1.21/compute/v2.1/servers 1.412s
2025-11-20 18:59:29.659 66487 INFO tempest.lib.common.rest_client [req-2ca1ae06-98a8-4f54-845e-a84177524efb req-2ca1ae06-98a8-4f54-845e-a84177524efb ] Request (MigrationsAdminTest:test_resize_server_revert_deleted_flavor): 202 DELETE http://10.180.1.21/compute/v2.1/flavors/ef63b5cd-4f59-47f5-b9f0-0285d5b78bc9 1.309s
2025-11-20 18:59:29.681 66517 INFO tempest.lib.common.rest_client [req-c0f1dc0f-55bd-447d-ac92-63b58c2c2f11 req-c0f1dc0f-55bd-447d-ac92-63b58c2c2f11 ] Request (FlavorsAdminTestJSON:test_list_non_public_flavor): 200 GET http://10.180.1.21/compute/v2.1/flavors/detail 1.322s
2025-11-20 18:59:29.706 66519 INFO tempest.lib.common.rest_client [req-86b5260d-c302-4860-b122-1efb19cb3a54 req-86b5260d-c302-4860-b122-1efb19cb3a54 ] Request (ServersAdminNegativeTestJSON:_run_cleanups): 200 GET http://10.180.1.21/compute/v2.1/flavors/detail 1.332s
2025-11-20 18:59:29.785 66489 INFO tempest.lib.common.rest_client [req-d31fb1a8-1507-446b-b0d1-38bd0a3beda1 req-d31fb1a8-1507-446b-b0d1-38bd0a3beda1 ] Request (ServerTagsTestJSON:test_update_all_tags): 201 PUT http://10.180.1.21/compute/v2.1/servers/e5a79cdc-bec4-41da-9812-001532168126/tags/tempest-tag-2082845117 1.353s
2025-11-20 18:59:30.045 66493 INFO tempest.lib.common.rest_client [req-0785301c-1188-41db-aa99-b3fd52674069 req-0785301c-1188-41db-aa99-b3fd52674069 ] Request (ServerActionsTestOtherB:setUpClass): 202 POST http://10.180.1.21/compute/v2.1/servers 1.744s
2025-11-20 18:59:30.150 66501 INFO tempest.lib.common.rest_client [req-c7f99ebb-08c1-4e0a-be31-5381dd4e0260 req-c7f99ebb-08c1-4e0a-be31-5381dd4e0260 ] Request (ServersAdminTestJSON:test_list_servers_filter_by_exist_host): 200 GET http://10.180.1.21/compute/v2.1/servers?host=cpu-1&all_tenants=1 1.538s
2025-11-20 18:59:30.187 66527 INFO tempest.lib.common.rest_client [req-4a0e0d80-9003-4fc2-99da-d60a74f7754e req-4a0e0d80-9003-4fc2-99da-d60a74f7754e ] Request (ServerAddressesTestJSON:test_list_server_addresses_by_network): 200 GET http://10.180.1.21/compute/v2.1/servers/59d5d042-2111-465d-b26f-441efb23793e/ips/tempest-ServerAddressesTestJSON-563221892-network 1.309s
2025-11-20 18:59:30.201 66513 INFO tempest.lib.common.rest_client [req-bb44b013-057f-4497-87ca-66103ae79bd6 req-bb44b013-057f-4497-87ca-66103ae79bd6 ] Request (ServersNegativeTestJSON:setUpClass): 204 DELETE http://10.180.1.21/compute/v2.1/servers/59e9b4ff-4450-4934-ad98-83d66bbbc31f 1.354s
2025-11-20 18:59:30.244 66485 INFO tempest.lib.common.rest_client [req-8a62ccd3-7ff0-4e16-877d-18550d30f04f req-8a62ccd3-7ff0-4e16-877d-18550d30f04f ] Request (ServerMetadataTestJSON:test_delete_server_metadata_item): 200 GET http://10.180.1.21/compute/v2.1/servers/55bfae04-de63-40f2-8ac2-7ee7294b7be4/metadata 1.191s
2025-11-20 18:59:30.421 66533 INFO tempest.lib.common.rest_client [req-632eeac7-d952-4e1a-baf8-d37861ad0357 req-632eeac7-d952-4e1a-baf8-d37861ad0357 ] Request (AttachVolumeShelveTestJSON:test_attach_volume_shelved_or_offload_server): 202 POST http://10.180.1.21/compute/v2.1/servers/2a28de71-d4b0-4aa1-9f51-6eff7311edbc/action 1.335s
2025-11-20 18:59:30.432 66499 INFO tempest.lib.common.rest_client [req-fd4bd236-7e2a-4d38-99d3-a8d35dd2fe8e req-fd4bd236-7e2a-4d38-99d3-a8d35dd2fe8e ] Request (SecurityGroupsTestAdminJSON:_run_cleanups): 202 DELETE http://10.180.1.21/compute/v2.1/os-security-groups/2e64e837-1d01-4f54-b5cb-1f323774b7cb 1.428s
2025-11-20 18:59:30.452 66509 INFO tempest.lib.common.rest_client [req-d611b719-a21d-41ed-af6c-864dcca5b2b8 req-d611b719-a21d-41ed-af6c-864dcca5b2b8 ] Request (ServerMetadataNegativeTestJSON:test_set_metadata_non_existent_server): 404 PUT http://10.180.1.21/compute/v2.1/servers/5cf71c9d-cf17-4741-b289-6739e69f24ca/metadata 1.170s
2025-11-20 18:59:30.615 66505 INFO tempest.lib.common.rest_client [req-ff0b7693-6bc5-4519-86b1-b219354cb4ba req-ff0b7693-6bc5-4519-86b1-b219354cb4ba ] Request (ServersTestFqdnHostnames:test_create_server_with_fqdn_name): 200 GET http://10.180.1.21/compute/v2.1/servers/4371cda6-2b00-489f-bcb1-8a1873b79900 1.194s
2025-11-20 18:59:30.688 66507 INFO tempest.lib.common.rest_client [req-b780d95c-e681-45ec-9f91-c5cec78eff2c req-b780d95c-e681-45ec-9f91-c5cec78eff2c ] Request (ServerDiagnosticsNegativeTest:test_get_server_diagnostics_by_non_admin): 200 GET http://10.180.1.21/compute/v2.1/servers/3b768923-b3d7-43fa-9655-352daaf4a43a 1.464s
2025-11-20 18:59:30.758 66522 INFO tempest.lib.common.rest_client [req-e7bb525b-9aa2-4491-beed-2c95fa1273e5 req-e7bb525b-9aa2-4491-beed-2c95fa1273e5 ] Request (MultipleCreateTestJSON:test_multiple_create): 200 GET http://10.180.1.21/compute/v2.1/servers/9fdb26b9-9d19-42c8-b431-ff3a4f14333d 1.111s
2025-11-20 18:59:30.783 66487 INFO tempest.lib.common.rest_client [req-fe5b54a4-e89f-4b61-acc3-9918688a8f5a req-fe5b54a4-e89f-4b61-acc3-9918688a8f5a ] Request (MigrationsAdminTest:test_resize_server_revert_deleted_flavor): 200 GET http://10.180.1.21/compute/v2.1/flavors/detail 1.124s
2025-11-20 18:59:30.866 66511 INFO tempest.lib.common.rest_client [req-6cff9d30-5a3e-4f2f-b98a-7f46b9975a96 req-6cff9d30-5a3e-4f2f-b98a-7f46b9975a96 ] Request (InstanceActionsTestJSON:tearDownClass): 200 GET http://10.180.1.21/compute/v2.1/servers/69f5b405-7f73-43aa-8fef-25c049dbd074 1.300s
2025-11-20 18:59:30.891 66517 INFO tempest.lib.common.rest_client [req-2ba4c486-424e-44be-a839-c68ff31a8dcb req-2ba4c486-424e-44be-a839-c68ff31a8dcb ] Request (FlavorsAdminTestJSON:test_list_non_public_flavor): 200 GET http://10.180.1.21/compute/v2.1/flavors/detail 1.205s
2025-11-20 18:59:30.950 66483 INFO tempest.lib.common.rest_client [req-301b715e-d409-4cc3-b037-dad8db6152a0 req-301b715e-d409-4cc3-b037-dad8db6152a0 ] Request (ServerActionsTestOtherA:setUpClass): 200 GET http://10.180.1.21/compute/v2.1/servers/1b37c4ad-25eb-420c-90ca-848093a066d9 1.269s
2025-11-20 18:59:30.982 66519 INFO tempest.lib.common.rest_client [req-bd681b4b-7b88-4f7c-91c1-bc02ae4c65df req-bd681b4b-7b88-4f7c-91c1-bc02ae4c65df ] Request (ServersAdminNegativeTestJSON:test_resize_server_using_overlimit_vcpus): 200 GET http://10.180.1.21/compute/v2.1/os-quota-sets/8e87cd56c6e843f7b8f3265bac11cb7c 1.270s
2025-11-20 18:59:31.064 66489 INFO tempest.lib.common.rest_client [req-c23ceaa9-4879-4d9a-b1fd-d4bc73faca3d req-c23ceaa9-4879-4d9a-b1fd-d4bc73faca3d ] Request (ServerTagsTestJSON:test_update_all_tags): 201 PUT http://10.180.1.21/compute/v2.1/servers/e5a79cdc-bec4-41da-9812-001532168126/tags/tempest-tag-1486683353 1.277s
2025-11-20 18:59:31.080 66541 INFO tempest.lib.common.rest_client [req-7363e987-365b-4541-85e0-85f3108692ae req-7363e987-365b-4541-85e0-85f3108692ae ] Request (ListImageFiltersTestJSON:setUpClass): 204 PUT http://10.180.1.21/image/v2/images/ae7ef829-fa05-4b7f-960f-7df23d7de7ab/file 0.923s
2025-11-20 18:59:31.121 66523 INFO tempest.lib.common.rest_client [req-fe4b3c80-8500-43ad-a739-879cdcbfab7f req-fe4b3c80-8500-43ad-a739-879cdcbfab7f ] Request (ImagesOneServerNegativeTestJSON:_run_cleanups): 200 GET http://10.180.1.21/compute/v2.1/servers/4cbae877-7390-47c2-a8d3-bbfde911b1b9 1.363s
2025-11-20 18:59:31.136 66493 INFO tempest.lib.common.rest_client [req-16221c1d-c767-48ee-baf7-c9ccd1474e59 req-16221c1d-c767-48ee-baf7-c9ccd1474e59 ] Request (ServerActionsTestOtherB:setUpClass): 200 GET http://10.180.1.21/compute/v2.1/servers/8c579113-47f4-4f23-8107-8765768b19d7 1.089s
2025-11-20 18:59:31.176 66501 INFO tempest.lib.common.rest_client [req-398b09ea-47bd-4470-bba6-4231e3d07cae req-398b09ea-47bd-4470-bba6-4231e3d07cae ] Request (ServersAdminTestJSON:test_list_servers_filter_by_exist_host): 200 GET http://10.180.1.21/compute/v2.1/servers?host=nonexistent_host&all_tenants=1 1.022s
2025-11-20 18:59:31.209 66527 INFO tempest.lib.common.rest_client [req-2b7caa4a-b079-4798-9efa-d05131d6c518 req-2b7caa4a-b079-4798-9efa-d05131d6c518 ] Request (ServerAddressesTestJSON:tearDownClass): 204 DELETE http://10.180.1.21/compute/v2.1/servers/59d5d042-2111-465d-b26f-441efb23793e 1.020s
2025-11-20 18:59:31.297 66543 WARNING tempest.lib.common.ssh [-] Failed to establish authenticated ssh connection to cirros@10.180.180.161 ([Errno None] Unable to connect to port 22 on 10.180.180.161). Number attempts: 11. Retry after 12 seconds.: paramiko.ssh_exception.NoValidConnectionsError: [Errno None] Unable to connect to port 22 on 10.180.180.161
2025-11-20 18:59:31.346 66485 INFO tempest.lib.common.rest_client [req-672004fb-4f51-471d-94c1-58edcdbf4688 req-672004fb-4f51-471d-94c1-58edcdbf4688 ] Request (ServerMetadataTestJSON:setUp): 200 PUT http://10.180.1.21/compute/v2.1/servers/55bfae04-de63-40f2-8ac2-7ee7294b7be4/metadata 1.100s
2025-11-20 18:59:31.353 66513 INFO tempest.lib.common.rest_client [req-6b718897-1d2c-4a18-b7bb-92552bd296b9 req-6b718897-1d2c-4a18-b7bb-92552bd296b9 ] Request (ServersNegativeTestJSON:setUpClass): 200 GET http://10.180.1.21/compute/v2.1/servers/59e9b4ff-4450-4934-ad98-83d66bbbc31f 1.151s
2025-11-20 18:59:31.418 66515 INFO tempest.lib.common.rest_client [req-152d4cd8-cb15-4d9e-86c4-84f1626ed7c0 req-152d4cd8-cb15-4d9e-86c4-84f1626ed7c0 ] Request (AttachInterfacesTestJSON:_run_cleanups): 200 GET http://10.180.1.21/compute/v2.1/servers/20f595ce-6281-46b7-bcab-c88e800951ef 1.168s
2025-11-20 18:59:31.492 66526 INFO tempest.lib.common.rest_client [req-66336711-f8de-4949-a372-b90bc0ac8da1 req-66336711-f8de-4949-a372-b90bc0ac8da1 ] Request (DeleteServersTestJSON:test_delete_active_server): 200 GET http://10.180.1.21/compute/v2.1/servers/3c0405f5-f94e-48e2-b1e7-ac76fd248176 1.094s
2025-11-20 18:59:31.501 66526 INFO tempest.common.waiters [-] State transition "BUILD/spawning" ==> "ACTIVE/None" after 25 second wait
2025-11-20 18:59:31.586 66533 INFO tempest.lib.common.rest_client [req-e9b6086d-967f-4849-abad-03837088eabe req-e9b6086d-967f-4849-abad-03837088eabe ] Request (AttachVolumeShelveTestJSON:test_attach_volume_shelved_or_offload_server): 200 GET http://10.180.1.21/compute/v2.1/servers/2a28de71-d4b0-4aa1-9f51-6eff7311edbc 1.165s
2025-11-20 18:59:31.592 66509 INFO tempest.lib.common.rest_client [req-98ec2dca-2c3e-4644-a9fa-4ffe20979036 req-98ec2dca-2c3e-4644-a9fa-4ffe20979036 ] Request (ServerMetadataNegativeTestJSON:test_set_server_metadata_blank_key): 400 PUT http://10.180.1.21/compute/v2.1/servers/d0557810-bacb-409b-8f89-682237255ffe/metadata 1.138s
2025-11-20 18:59:31.662 66499 INFO tempest.lib.common.rest_client [req-680f629d-dd79-4545-9ad0-470ac9d52a3e req-680f629d-dd79-4545-9ad0-470ac9d52a3e ] Request (SecurityGroupsTestAdminJSON:_run_cleanups): 202 DELETE http://10.180.1.21/compute/v2.1/os-security-groups/27e725d0-f4fa-432b-a431-f236c47e8d70 1.229s
2025-11-20 18:59:31.679 66497 INFO tempest.lib.common.rest_client [req-ae3e4b0d-e02e-435a-bfb5-1f6a6089644f req-ae3e4b0d-e02e-435a-bfb5-1f6a6089644f ] Request (ServersTestJSON:test_create_server_specify_multibyte_character_name): 200 GET http://10.180.1.21/compute/v2.1/servers/5a8396f7-5774-4b64-a64d-2fdcc14152cc 1.134s
2025-11-20 18:59:31.698 66517 INFO tempest.lib.common.rest_client [req-1aa13dfd-78c5-4803-ae0e-b5dd35bbf71d req-1aa13dfd-78c5-4803-ae0e-b5dd35bbf71d ] Request (FlavorsAdminTestJSON:_run_cleanups): 202 DELETE http://10.180.1.21/compute/v2.1/flavors/538132390 0.800s
2025-11-20 18:59:31.715 66519 INFO tempest.lib.common.rest_client [req-9b9ace37-f2b8-47db-bc23-f3933e0efbff req-9b9ace37-f2b8-47db-bc23-f3933e0efbff ] Request (ServersAdminNegativeTestJSON:test_resize_server_using_overlimit_vcpus): 200 POST http://10.180.1.21/compute/v2.1/flavors 0.729s
2025-11-20 18:59:31.776 66489 INFO tempest.lib.common.rest_client [req-7eec6678-0d85-49cb-9f02-09d23f7a455e req-7eec6678-0d85-49cb-9f02-09d23f7a455e ] Request (ServerTagsTestJSON:test_update_all_tags): 200 PUT http://10.180.1.21/compute/v2.1/servers/e5a79cdc-bec4-41da-9812-001532168126/tags 0.712s
2025-11-20 18:59:31.812 66487 INFO tempest.lib.common.rest_client [req-77602147-5554-4db4-8ec3-2ffec433f119 req-77602147-5554-4db4-8ec3-2ffec433f119 ] Request (MigrationsAdminTest:test_resize_server_revert_deleted_flavor): 202 POST http://10.180.1.21/compute/v2.1/servers/218561c3-29b9-4341-abf6-99f4d65e38a6/action 1.023s
2025-11-20 18:59:31.819 66541 INFO tempest.lib.common.rest_client [req-5be9be7e-1763-404f-b176-b609667ab05a req-5be9be7e-1763-404f-b176-b609667ab05a ] Request (ListImageFiltersTestJSON:setUpClass): 200 GET http://10.180.1.21/compute/v2.1/images/ae7ef829-fa05-4b7f-960f-7df23d7de7ab 0.739s
2025-11-20 18:59:31.883 66501 INFO tempest.lib.common.rest_client [req-d72691d2-f598-4392-9c01-146f04c2a041 req-d72691d2-f598-4392-9c01-146f04c2a041 ] Request (ServersAdminTestJSON:test_rebuild_server_in_error_state): 202 POST http://10.180.1.21/compute/v2.1/servers/2a0a060f-fd12-4cc4-b4c5-7bb1d672dff7/action 0.703s
2025-11-20 18:59:31.914 66485 INFO tempest.lib.common.rest_client [req-a4cae524-d60e-4a30-af61-a202bea20492 req-a4cae524-d60e-4a30-af61-a202bea20492 ] Request (ServerMetadataTestJSON:test_get_server_metadata_item): 200 GET http://10.180.1.21/compute/v2.1/servers/55bfae04-de63-40f2-8ac2-7ee7294b7be4/metadata/key2 0.567s
2025-11-20 18:59:31.983 66527 INFO tempest.lib.common.rest_client [req-26a0898b-b6a4-43b9-abd1-497036b63ea8 req-26a0898b-b6a4-43b9-abd1-497036b63ea8 ] Request (ServerAddressesTestJSON:tearDownClass): 200 GET http://10.180.1.21/compute/v2.1/servers/59d5d042-2111-465d-b26f-441efb23793e 0.773s
2025-11-20 18:59:31.988 66509 INFO tempest.lib.common.rest_client [req-f2c57c5f-7c0b-4f6f-ae65-fd38192b35e5 req-f2c57c5f-7c0b-4f6f-ae65-fd38192b35e5 ] Request (ServerMetadataNegativeTestJSON:test_set_server_metadata_missing_metadata): 400 PUT http://10.180.1.21/compute/v2.1/servers/d0557810-bacb-409b-8f89-682237255ffe/metadata 0.395s
2025-11-20 18:59:32.023 66526 INFO tempest.lib.common.rest_client [req-d666d913-aecc-430a-af11-4db5ddc41e5a req-d666d913-aecc-430a-af11-4db5ddc41e5a ] Request (DeleteServersTestJSON:test_delete_active_server): 204 DELETE http://10.180.1.21/compute/v2.1/servers/3c0405f5-f94e-48e2-b1e7-ac76fd248176 0.520s
2025-11-20 18:59:32.074 66505 INFO tempest.lib.common.rest_client [req-2c945bfb-882e-4c45-bfe8-e8b93433777c req-2c945bfb-882e-4c45-bfe8-e8b93433777c ] Request (ServersTestFqdnHostnames:test_create_server_with_fqdn_name): 200 GET http://10.180.1.21/compute/v2.1/servers/4371cda6-2b00-489f-bcb1-8a1873b79900 0.450s
2025-11-20 18:59:32.085 66505 INFO tempest.common.waiters [-] State transition "BUILD/scheduling" ==> "BUILD/None" after 2 second wait
2025-11-20 18:59:32.160 66499 INFO tempest.lib.common.rest_client [req-1b01b779-055d-4c9a-80f6-00c8d1a606d8 req-1b01b779-055d-4c9a-80f6-00c8d1a606d8 ] Request (SecurityGroupsTestAdminJSON:_run_cleanups): 202 DELETE http://10.180.1.21/compute/v2.1/os-security-groups/c18f03cb-e09d-4c56-9d89-77f48d10ea34 0.497s
2025-11-20 18:59:32.183 66517 INFO tempest.lib.common.rest_client [req-8ec59624-20b0-4a3e-a815-a2ceff139dff req-8ec59624-20b0-4a3e-a815-a2ceff139dff ] Request (FlavorsAdminTestJSON:_run_cleanups): 200 GET http://10.180.1.21/compute/v2.1/flavors/detail 0.484s
2025-11-20 18:59:32.243 66507 INFO tempest.lib.common.rest_client [req-cb1a0341-26d8-466a-9889-372dc9dc19e8 req-cb1a0341-26d8-466a-9889-372dc9dc19e8 ] Request (ServerDiagnosticsNegativeTest:test_get_server_diagnostics_by_non_admin): 200 GET http://10.180.1.21/compute/v2.1/servers/3b768923-b3d7-43fa-9655-352daaf4a43a 0.545s
2025-11-20 18:59:32.252 66507 INFO tempest.common.waiters [-] State transition "BUILD/spawning" ==> "ACTIVE/None" after 23 second wait
2025-11-20 18:59:32.287 66519 INFO tempest.lib.common.rest_client [req-540c5a4b-b05e-48e0-a7c8-578e3a485f9e req-540c5a4b-b05e-48e0-a7c8-578e3a485f9e ] Request (ServersAdminNegativeTestJSON:test_resize_server_using_overlimit_vcpus): 403 POST http://10.180.1.21/compute/v2.1/servers/fe220116-09a9-4d41-924f-b76ba380c50d/action 0.568s
2025-11-20 18:59:32.301 66489 INFO tempest.lib.common.rest_client [req-7379e33a-27b3-4c8f-b941-1d45d8b26432 req-7379e33a-27b3-4c8f-b941-1d45d8b26432 ] Request (ServerTagsTestJSON:test_update_all_tags): 200 GET http://10.180.1.21/compute/v2.1/servers/e5a79cdc-bec4-41da-9812-001532168126/tags 0.523s
