2025-11-20 19:25:56.176 66154 INFO tempest.lib.common.rest_client [req-9a0c6a3a-356a-414a-bf83-eb846ad3870b req-9a0c6a3a-356a-414a-bf83-eb846ad3870b ] Request (AZAdminV2TestJSON:tearDownClass): 204 DELETE http://10.180.1.21/networking/v2.0/security-groups/8420aeb8-ed78-488a-8c2c-3f9ca4c2ed3c 0.379s
2025-11-20 19:25:56.196 66183 INFO tempest.lib.common.rest_client [req-993f74f3-22f7-44f7-8c8c-694a74e6f38c req-993f74f3-22f7-44f7-8c8c-694a74e6f38c ] Request (InstanceUsageAuditLogNegativeTestJSON:test_instance_usage_audit_logs_with_nonadmin_user): 403 GET http://10.180.1.21/compute/v2.1/os-instance_usage_audit_log 6.389s
2025-11-20 19:25:56.214 66150 INFO tempest.lib.common.rest_client [req-c593f049-dca8-4d62-bf3f-388afeadb08d req-c593f049-dca8-4d62-bf3f-388afeadb08d ] Request (ListServerFiltersTestJSON:setUpClass): 201 POST http://10.180.1.21/identity/v3/auth/tokens 0.041s
2025-11-20 19:25:56.215 66150 INFO tempest.lib.common.fixed_network [-] (ListServerFiltersTestJSON:setUpClass) Found network {'id': 'f95603d6-c997-48f3-8aa4-183e293a2df4', 'name': 'tempest-ListServerFiltersTestJSON-1304312824-network', 'tenant_id': '4e35bf878aa3445195a487de20ca5f67', 'project_id': '4e35bf878aa3445195a487de20ca5f67', 'admin_state_up': True, 'mtu': 8950, 'status': 'ACTIVE', 'subnets': [], 'shared': False, 'port_security_enabled': True, 'router:external': False, 'provider:network_type': 'vlan', 'provider:physical_network': 'default', 'provider:segmentation_id': 517, 'availability_zone_hints': [], 'availability_zones': [], 'ipv4_address_scope': None, 'ipv6_address_scope': None, 'description': '', 'tags': [], 'created_at': '2025-11-20T19:25:55Z', 'updated_at': '2025-11-20T19:25:55Z', 'revision_number': 1} available for tenant
2025-11-20 19:25:56.222 66176 INFO tempest.lib.common.rest_client [req-6680f443-a9fc-4598-bfd6-0566fc3bffa6 req-6680f443-a9fc-4598-bfd6-0566fc3bffa6 ] Request (FlavorsExtraSpecsTestJSON:test_flavor_non_admin_get_all_keys): 200 POST http://10.180.1.21/compute/v2.1/flavors/1795299391/os-extra_specs 6.297s
2025-11-20 19:25:56.254 66140 INFO tempest.lib.common.rest_client [req-64d97ed0-6dd1-4eb1-8dbf-47197da3d62c req-64d97ed0-6dd1-4eb1-8dbf-47197da3d62c ] Request (HypervisorAdminV253TestBase:test_list_show_detail_hypervisors): 200 GET http://10.180.1.21/compute/v2.1/os-hypervisors/e338f51d-05ab-4828-a677-475d6b9d92d4 6.276s
2025-11-20 19:25:56.257 66162 INFO tempest.lib.common.rest_client [req-a5af55be-1995-4453-bfee-df29d543aa64 req-a5af55be-1995-4453-bfee-df29d543aa64 ] Request (FlavorsExtraSpecsNegativeTestJSON:test_flavor_non_admin_unset_keys): 403 DELETE http://10.180.1.21/compute/v2.1/flavors/1773206316/os-extra_specs/hw:numa_nodes 6.264s
2025-11-20 19:25:56.285 66184 INFO tempest.lib.common.rest_client [req-4ced5304-d1ff-4b01-9617-2d8082511b24 req-4ced5304-d1ff-4b01-9617-2d8082511b24 ] Request (FlavorsV2NegativeTest:tearDownClass): 204 DELETE http://10.180.1.21/identity/v3/users/6293ea97234d426d8d4fc2fd01f48a92 0.119s
2025-11-20 19:25:56.286 66184 INFO tempest.lib.common.dynamic_creds [-] Deleting project and security group for project: 7fe528fec5024b4ea17805e2143025a4
2025-11-20 19:25:56.353 66154 INFO tempest.lib.common.rest_client [req-1133aaa5-ecc3-4a3b-b4fc-66bad9a7b7d5 req-1133aaa5-ecc3-4a3b-b4fc-66bad9a7b7d5 ] Request (AZAdminV2TestJSON:tearDownClass): 204 DELETE http://10.180.1.21/identity/v3/projects/d9a3670d607a4bc3874d0dd63dadac27 0.176s
2025-11-20 19:25:56.445 66172 INFO tempest.lib.common.rest_client [req-e0a713e5-6bf0-462a-8ff3-4c5962b0dec2 req-e0a713e5-6bf0-462a-8ff3-4c5962b0dec2 ] Request (HypervisorAdminNegativeUnderV252Test:test_search_hypervisor_with_non_admin_user): 403 GET http://10.180.1.21/compute/v2.1/os-hypervisors/domain-c8.fc996f14-c53b-4953-92e3-bdfa48f5cc28/search 6.375s
2025-11-20 19:25:56.466 66184 INFO tempest.lib.common.rest_client [req-76e52990-6450-4e17-93c2-e23f6860f8ef req-76e52990-6450-4e17-93c2-e23f6860f8ef ] Request (FlavorsV2NegativeTest:tearDownClass): 201 POST http://10.180.1.21/identity/v3/auth/tokens 0.180s
2025-11-20 19:25:56.474 66180 INFO tempest.lib.common.rest_client [req-4e7af86f-1840-440c-a40c-4c4789626aa5 req-4e7af86f-1840-440c-a40c-4c4789626aa5 ] Request (FlavorsAdminTestJSON:_run_cleanups): 202 DELETE http://10.180.1.21/compute/v2.1/flavors/987470855 6.307s
2025-11-20 19:25:56.495 66140 INFO tempest.lib.common.rest_client [req-36cd0486-f94e-4455-b8b5-8593f078b617 req-36cd0486-f94e-4455-b8b5-8593f078b617 ] Request (HypervisorAdminV253TestBase:tearDownClass): 204 DELETE http://10.180.1.21/identity/v3/users/eb48c05f970d445d98940214fdafead9 0.228s
2025-11-20 19:25:56.521 66154 INFO tempest.lib.common.rest_client [req-b3600be6-7704-437d-9d15-243a3875d618 req-b3600be6-7704-437d-9d15-243a3875d618 ] Request (AZAdminNegativeTestJSON:setUpClass): 201 POST http://10.180.1.21/identity/v3/auth/tokens 0.166s
2025-11-20 19:25:56.623 66190 INFO tempest.lib.common.rest_client [req-aae5982b-19f6-438d-ae88-401fdf92aa11 req-aae5982b-19f6-438d-ae88-401fdf92aa11 ] Request (FlavorsV255TestJSON:test_crud_flavor): 200 GET http://10.180.1.21/compute/v2.1/flavors/197784492 6.337s
2025-11-20 19:25:56.649 66148 INFO tempest.lib.common.rest_client [req-125f62e5-0014-40d2-ba5f-bafc93ed7106 req-125f62e5-0014-40d2-ba5f-bafc93ed7106 ] Request (HypervisorAdminUnderV252Test:test_search_hypervisor): 200 GET http://10.180.1.21/compute/v2.1/os-hypervisors 6.309s
2025-11-20 19:25:56.658 66154 INFO tempest.lib.common.rest_client [req-02ee85de-c41b-416b-902e-817a0871c95b req-02ee85de-c41b-416b-902e-817a0871c95b ] Request (AZAdminNegativeTestJSON:setUpClass): 201 POST http://10.180.1.21/identity/v3/auth/tokens 0.132s
2025-11-20 19:25:56.709 66174 INFO tempest.lib.common.rest_client [req-1579a969-6208-4981-92c2-40d667e702fb req-1579a969-6208-4981-92c2-40d667e702fb ] Request (VolumesAssistedSnapshotsTest:setUpClass): 200 PUT http://10.180.1.21/networking/v2.0/routers/f5112259-7950-4304-b945-aa8f0023bea2/add_router_interface 2.507s
2025-11-20 19:25:56.709 66174 INFO tempest.lib.common.dynamic_creds [-] Created isolated network resources for: credentials: Credentials: {'domain_id': 'default', 'domain_name': 'Default', 'username': 'tempest-VolumesAssistedSnapshotsTest-749556313-project-admin', 'project_domain_id': 'default', 'project_domain_name': 'Default', 'project_id': 'a684e9255077409496633b24bc8e0563', 'project_name': 'tempest-VolumesAssistedSnapshotsTest-749556313', 'tenant_id': 'a684e9255077409496633b24bc8e0563', 'tenant_name': 'tempest-VolumesAssistedSnapshotsTest-749556313', 'user_domain_id': 'default', 'user_domain_name': 'Default', 'user_id': '866a82ad0d5c442cb639589738bb4cf1', 'system': None}, Network: {'id': 'b9999a82-622b-4755-b965-69d0dadc7d4d', 'name': 'tempest-VolumesAssistedSnapshotsTest-1446872049-network', 'tenant_id': 'a684e9255077409496633b24bc8e0563', 'project_id': 'a684e9255077409496633b24bc8e0563', 'admin_state_up': True, 'mtu': 8950, 'status': 'ACTIVE', 'subnets': [], 'shared': False, 'port_security_enabled': True, 'router:external': False, 'provider:network_type': 'vlan', 'provider:physical_network': 'default', 'provider:segmentation_id': 420, 'availability_zone_hints': [], 'availability_zones': [], 'ipv4_address_scope': None, 'ipv6_address_scope': None, 'description': '', 'tags': [], 'created_at': '2025-11-20T19:25:51Z', 'updated_at': '2025-11-20T19:25:51Z', 'revision_number': 1}, Subnet: {'id': 'a51aba0c-f4ce-4d6f-bedc-360d436ff2ec', 'name': 'tempest-VolumesAssistedSnapshotsTest-1446872049-subnet', 'tenant_id': 'a684e9255077409496633b24bc8e0563', 'network_id': 'b9999a82-622b-4755-b965-69d0dadc7d4d', 'ip_version': 4, 'subnetpool_id': None, 'enable_dhcp': True, 'ipv6_ra_mode': None, 'ipv6_address_mode': None, 'gateway_ip': '192.168.128.1', 'cidr': '192.168.128.0/28', 'allocation_pools': [{'start': '192.168.128.2', 'end': '192.168.128.14'}], 'host_routes': [], 'dns_nameservers': [], 'description': '', 'router:external': False, 'service_types': [], 'tags': [], 'created_at': '2025-11-20T19:25:52Z', 'updated_at': '2025-11-20T19:25:52Z', 'revision_number': 0, 'project_id': 'a684e9255077409496633b24bc8e0563'}, Router: {'id': 'f5112259-7950-4304-b945-aa8f0023bea2', 'name': 'tempest-VolumesAssistedSnapshotsTest-1446872049-router', 'tenant_id': 'a684e9255077409496633b24bc8e0563', 'admin_state_up': True, 'status': 'ACTIVE', 'external_gateway_info': {'network_id': '1c49ab14-ef0a-47f6-864d-c3798546b01c', 'external_fixed_ips': [{'subnet_id': '5026b1af-25fa-4936-b457-cea17b2bb310', 'ip_address': '10.180.180.158'}], 'enable_snat': True}, 'description': '', 'availability_zones': [], 'distributed': False, 'ha': False, 'availability_zone_hints': [], 'routes': [], 'flavor_id': None, 'tags': [], 'created_at': '2025-11-20T19:25:53Z', 'updated_at': '2025-11-20T19:25:53Z', 'revision_number': 2, 'project_id': 'a684e9255077409496633b24bc8e0563'}
2025-11-20 19:25:56.713 66168 INFO tempest.lib.common.rest_client [req-8c328b41-d18f-4d85-a179-9df29db8cdf9 req-8c328b41-d18f-4d85-a179-9df29db8cdf9 ] Request (FlavorsV261TestJSON:test_crud_flavor): 200 GET http://10.180.1.21/compute/v2.1/flavors/724228627 6.238s
2025-11-20 19:25:56.721 66154 INFO tempest.lib.common.rest_client [req-73ff9af4-88f2-4330-a487-ed756800776d req-73ff9af4-88f2-4330-a487-ed756800776d ] Request (AZAdminNegativeTestJSON:setUpClass): 200 GET http://10.180.1.21/identity/v3/domains?name=Default 0.063s
2025-11-20 19:25:56.727 66196 INFO tempest.lib.common.rest_client [req-5ce0d30d-b3d8-4257-918f-26d21666b414 req-5ce0d30d-b3d8-4257-918f-26d21666b414 ] Request (InstanceUsageAuditLogTestJSON:test_list_instance_usage_audit_logs): 200 GET http://10.180.1.21/compute/v2.1/os-instance_usage_audit_log 6.072s
2025-11-20 19:25:56.739 66140 INFO tempest.lib.common.rest_client [req-225e27ee-965c-44d5-8fbb-31cd8d715d0d req-225e27ee-965c-44d5-8fbb-31cd8d715d0d ] Request (HypervisorAdminV253TestBase:tearDownClass): 204 DELETE http://10.180.1.21/identity/v3/users/f68a5dca57c34680bae46ec7fdc98915 0.244s
2025-11-20 19:25:56.740 66140 INFO tempest.lib.common.dynamic_creds [-] Deleting project and security group for project: e41ce72ad2f4488d9ed6c4262427631b
2025-11-20 19:25:56.758 66184 INFO tempest.lib.common.rest_client [req-422eabb2-053e-4c5d-b5ae-9a127d2caa55 req-422eabb2-053e-4c5d-b5ae-9a127d2caa55 ] Request (FlavorsV2NegativeTest:tearDownClass): 200 GET http://10.180.1.21/networking/v2.0/security-groups?tenant_id=7fe528fec5024b4ea17805e2143025a4&name=default 0.292s
2025-11-20 19:25:56.803 66174 INFO tempest.lib.common.rest_client [req-61b4a7bf-525a-48ee-a8de-1055afe8f892 req-61b4a7bf-525a-48ee-a8de-1055afe8f892 ] Request (VolumesAssistedSnapshotsTest:setUpClass): 201 POST http://10.180.1.21/identity/v3/auth/tokens 0.090s
2025-11-20 19:25:56.841 66184 INFO tempest.lib.common.rest_client [req-148e6598-435f-4e90-99bd-fd7b227cebc4 req-148e6598-435f-4e90-99bd-fd7b227cebc4 ] Request (FlavorsV2NegativeTest:tearDownClass): 204 DELETE http://10.180.1.21/networking/v2.0/security-groups/368c594c-6b94-4877-b51c-1df169a92dca 0.082s
2025-11-20 19:25:56.870 66154 INFO tempest.lib.common.rest_client [req-803af914-7788-4184-b95d-e118f1ab113b req-803af914-7788-4184-b95d-e118f1ab113b ] Request (AZAdminNegativeTestJSON:setUpClass): 201 POST http://10.180.1.21/identity/v3/projects 0.148s
2025-11-20 19:25:56.891 66196 INFO tempest.lib.common.rest_client [req-e213699c-e0bb-46f8-8c3b-479ca561b2fb req-e213699c-e0bb-46f8-8c3b-479ca561b2fb ] Request (InstanceUsageAuditLogTestJSON:tearDownClass): 204 DELETE http://10.180.1.21/identity/v3/users/eddb70911f4e4b3ca7215c65c08b9e3b 0.159s
2025-11-20 19:25:56.944 66140 INFO tempest.lib.common.rest_client [req-2d01ca00-f9b4-40f6-b4f7-1fbf2ba46135 req-2d01ca00-f9b4-40f6-b4f7-1fbf2ba46135 ] Request (HypervisorAdminV253TestBase:tearDownClass): 201 POST http://10.180.1.21/identity/v3/auth/tokens 0.204s
2025-11-20 19:25:56.977 66192 INFO tempest.lib.common.rest_client [req-21ef9449-f138-43ae-95a1-8512391668e1 req-21ef9449-f138-43ae-95a1-8512391668e1 ] Request (ServerAddressesNegativeTestJSON:setUpClass): 202 POST http://10.180.1.21/compute/v2.1/servers 7.417s
2025-11-20 19:25:56.979 66174 INFO tempest.lib.common.rest_client [req-8da80ab2-4b48-46b9-b57f-f806baeed8f3 req-8da80ab2-4b48-46b9-b57f-f806baeed8f3 ] Request (VolumesAssistedSnapshotsTest:setUpClass): 201 POST http://10.180.1.21/identity/v3/projects 0.176s
2025-11-20 19:25:57.001 66184 INFO tempest.lib.common.rest_client [req-41a5c9ae-0065-40ba-8ff8-2118b601b52f req-41a5c9ae-0065-40ba-8ff8-2118b601b52f ] Request (FlavorsV2NegativeTest:tearDownClass): 204 DELETE http://10.180.1.21/identity/v3/projects/7fe528fec5024b4ea17805e2143025a4 0.160s
2025-11-20 19:25:57.005 66198 INFO tempest.lib.common.rest_client [req-f0619439-3d52-4efe-975c-cd8fb0fbed06 req-f0619439-3d52-4efe-975c-cd8fb0fbed06 ] Request (KeyPairsV210TestJSON:test_admin_manage_keypairs_for_other_users): 201 POST http://10.180.1.21/compute/v2.1/os-keypairs 5.909s
2025-11-20 19:25:57.074 66154 INFO tempest.lib.common.rest_client [req-db3eeae1-d184-4a55-b63d-3778ee9fdc71 req-db3eeae1-d184-4a55-b63d-3778ee9fdc71 ] Request (AZAdminNegativeTestJSON:setUpClass): 201 POST http://10.180.1.21/identity/v3/users 0.203s
2025-11-20 19:25:57.114 66146 INFO tempest.lib.common.rest_client [req-4b13a189-fde2-4e81-9a2a-8c46f478348f req-4b13a189-fde2-4e81-9a2a-8c46f478348f ] Request (QuotasAdminTestV236:test_get_updated_quotas): 200 GET http://10.180.1.21/compute/v2.1/os-quota-sets/394116003f9141dcaebab5fe372ac2d6/detail 6.139s
2025-11-20 19:25:57.134 66160 INFO tempest.lib.common.rest_client [req-ab565081-bcad-4698-8e31-d350789625f4 req-ab565081-bcad-4698-8e31-d350789625f4 ] Request (ServersAdmin275Test:test_rebuild_update_server_275): 200 PUT http://10.180.1.21/compute/v2.1/servers/68a4ce0d-9b69-4070-bdbb-dd47b1b6648c 5.793s
2025-11-20 19:25:57.146 66196 INFO tempest.lib.common.rest_client [req-ae06fbd3-b128-499e-86b1-3fcb1632cce1 req-ae06fbd3-b128-499e-86b1-3fcb1632cce1 ] Request (InstanceUsageAuditLogTestJSON:tearDownClass): 204 DELETE http://10.180.1.21/identity/v3/users/f62a3071424643faa76ab40cc6231cce 0.254s
2025-11-20 19:25:57.146 66196 INFO tempest.lib.common.dynamic_creds [-] Deleting project and security group for project: a01f6fd984944396bb29e1d264607de4
2025-11-20 19:25:57.214 66174 INFO tempest.lib.common.rest_client [req-5b4e269f-3673-4021-a703-6d0100e8f648 req-5b4e269f-3673-4021-a703-6d0100e8f648 ] Request (VolumesAssistedSnapshotsTest:setUpClass): 201 POST http://10.180.1.21/identity/v3/users 0.235s
2025-11-20 19:25:57.244 66184 INFO tempest.lib.common.rest_client [req-2cc609b9-82c3-4c57-b2f2-f8d5fead77e5 req-2cc609b9-82c3-4c57-b2f2-f8d5fead77e5 ] Request (FloatingIPDetailsTestJSON:setUpClass): 201 POST http://10.180.1.21/identity/v3/auth/tokens 0.239s
2025-11-20 19:25:57.254 66154 INFO tempest.lib.common.rest_client [req-06977206-24d7-4eaa-b54d-929fdaf2f5a0 req-06977206-24d7-4eaa-b54d-929fdaf2f5a0 ] Request (AZAdminNegativeTestJSON:setUpClass): 200 GET http://10.180.1.21/identity/v3/roles 0.179s
2025-11-20 19:25:57.309 66146 INFO tempest.lib.common.rest_client [req-a73fab0a-2fcb-452f-b5dd-18785db7fd00 req-a73fab0a-2fcb-452f-b5dd-18785db7fd00 ] Request (QuotasAdminTestV236:test_get_updated_quotas): 200 GET http://10.180.1.21/identity/v3/domains?name=Default 0.187s
2025-11-20 19:25:57.334 66196 INFO tempest.lib.common.rest_client [req-bee36363-6100-47de-ab39-f37cd04c3d10 req-bee36363-6100-47de-ab39-f37cd04c3d10 ] Request (InstanceUsageAuditLogTestJSON:tearDownClass): 201 POST http://10.180.1.21/identity/v3/auth/tokens 0.188s
2025-11-20 19:25:57.353 66174 INFO tempest.lib.common.rest_client [req-d2ddecf6-556d-4d3b-b94c-c6a8dae9ab9f req-d2ddecf6-556d-4d3b-b94c-c6a8dae9ab9f ] Request (VolumesAssistedSnapshotsTest:setUpClass): 200 GET http://10.180.1.21/identity/v3/roles 0.138s
2025-11-20 19:25:57.377 66184 INFO tempest.lib.common.rest_client [req-27cb6887-cc22-48fb-a4dc-7fe4dc434107 req-27cb6887-cc22-48fb-a4dc-7fe4dc434107 ] Request (FloatingIPDetailsTestJSON:setUpClass): 201 POST http://10.180.1.21/identity/v3/auth/tokens 0.128s
2025-11-20 19:25:57.380 66140 INFO tempest.lib.common.rest_client [req-5f424b0e-d2dd-47f0-a6f2-4e55fe3dad8a req-5f424b0e-d2dd-47f0-a6f2-4e55fe3dad8a ] Request (HypervisorAdminV253TestBase:tearDownClass): 200 GET http://10.180.1.21/networking/v2.0/security-groups?tenant_id=e41ce72ad2f4488d9ed6c4262427631b&name=default 0.435s
2025-11-20 19:25:57.382 66154 INFO tempest.lib.common.rest_client [req-51bc588a-25b9-4ecb-b430-17ae44d0c711 req-51bc588a-25b9-4ecb-b430-17ae44d0c711 ] Request (AZAdminNegativeTestJSON:setUpClass): 204 PUT http://10.180.1.21/identity/v3/projects/a3b5b85a18764119beeb9f4c5b4b2deb/users/0f0ef10d4f8040ccaa38c191aa5aa7d5/roles/8930e2500a94494fa3e2290c4241e3a5 0.127s
2025-11-20 19:25:57.382 66154 INFO tempest.lib.common.dynamic_creds [-] Dynamic test user 0f0ef10d4f8040ccaa38c191aa5aa7d5 is created with scope project and roles: ['member']
2025-11-20 19:25:57.382 66154 INFO tempest.lib.common.dynamic_creds [-] Acquired dynamic creds: credentials: Credentials: {'domain_id': 'default', 'domain_name': 'Default', 'username': 'tempest-AZAdminNegativeTestJSON-1012402623-project-member', 'project_domain_id': 'default', 'project_domain_name': 'Default', 'project_id': 'a3b5b85a18764119beeb9f4c5b4b2deb', 'project_name': 'tempest-AZAdminNegativeTestJSON-1012402623', 'tenant_id': 'a3b5b85a18764119beeb9f4c5b4b2deb', 'tenant_name': 'tempest-AZAdminNegativeTestJSON-1012402623', 'user_domain_id': 'default', 'user_domain_name': 'Default', 'user_id': '0f0ef10d4f8040ccaa38c191aa5aa7d5', 'system': None}, Network: None, Subnet: None, Router: None
2025-11-20 19:25:57.382 66154 INFO tempest.lib.common.dynamic_creds [-] Created isolated network resources for: credentials: Credentials: {'domain_id': 'default', 'domain_name': 'Default', 'username': 'tempest-AZAdminNegativeTestJSON-1012402623-project-member', 'project_domain_id': 'default', 'project_domain_name': 'Default', 'project_id': 'a3b5b85a18764119beeb9f4c5b4b2deb', 'project_name': 'tempest-AZAdminNegativeTestJSON-1012402623', 'tenant_id': 'a3b5b85a18764119beeb9f4c5b4b2deb', 'tenant_name': 'tempest-AZAdminNegativeTestJSON-1012402623', 'user_domain_id': 'default', 'user_domain_name': 'Default', 'user_id': '0f0ef10d4f8040ccaa38c191aa5aa7d5', 'system': None}, Network: None, Subnet: None, Router: None
2025-11-20 19:25:57.442 66146 INFO tempest.lib.common.rest_client [req-e4b58e2f-5227-484f-bbff-4139d62cfca3 req-e4b58e2f-5227-484f-bbff-4139d62cfca3 ] Request (QuotasAdminTestV236:test_get_updated_quotas): 201 POST http://10.180.1.21/identity/v3/users 0.133s
2025-11-20 19:25:57.449 66174 INFO tempest.lib.common.rest_client [req-38ddd606-622d-421d-9e83-f864548bc59e req-38ddd606-622d-421d-9e83-f864548bc59e ] Request (VolumesAssistedSnapshotsTest:setUpClass): 204 PUT http://10.180.1.21/identity/v3/projects/185fee83c1b14df2b0eeb63c8630afef/users/6b3f40c453b246c897bf96fb3a9625a4/roles/a53a9594a0a44c1c9c77a44d6fee24de 0.095s
2025-11-20 19:25:57.453 66200 INFO tempest.lib.common.rest_client [req-f9e2d641-df45-449c-90d5-186ed9a041ec req-f9e2d641-df45-449c-90d5-186ed9a041ec ] Request (FloatingIPsNegativeTestJSON:setUpClass): 200 GET http://10.180.1.21/compute/v2.1/os-floating-ips 6.053s
2025-11-20 19:25:57.502 66184 INFO tempest.lib.common.rest_client [req-c2e8b8d0-785d-4692-9fae-2ae691679daa req-c2e8b8d0-785d-4692-9fae-2ae691679daa ] Request (FloatingIPDetailsTestJSON:setUpClass): 200 GET http://10.180.1.21/identity/v3/domains?name=Default 0.124s
2025-11-20 19:25:57.542 66140 INFO tempest.lib.common.rest_client [req-2a873c7c-40f4-4f9a-b291-e3c66c92b21b req-2a873c7c-40f4-4f9a-b291-e3c66c92b21b ] Request (HypervisorAdminV253TestBase:tearDownClass): 204 DELETE http://10.180.1.21/networking/v2.0/security-groups/00e71130-d0eb-4ab2-9c15-5b33d880c182 0.162s
2025-11-20 19:25:57.562 66146 INFO tempest.lib.common.rest_client [req-044deafe-9793-4c93-a3b8-c74ea19715b7 req-044deafe-9793-4c93-a3b8-c74ea19715b7 ] Request (QuotasAdminTestV236:test_get_updated_quotas): 200 GET http://10.180.1.21/identity/v3/domains?name=Default 0.119s
2025-11-20 19:25:57.566 66154 INFO tempest.lib.common.rest_client [req-89576ae4-abe4-43b4-8257-ed4ffd5c9ce7 req-89576ae4-abe4-43b4-8257-ed4ffd5c9ce7 ] Request (AZAdminNegativeTestJSON:setUpClass): 201 POST http://10.180.1.21/identity/v3/auth/tokens 0.181s
2025-11-20 19:25:57.581 66174 INFO tempest.lib.common.rest_client [req-49b7e0fe-a058-4d39-94c9-9cd655f3b37f req-49b7e0fe-a058-4d39-94c9-9cd655f3b37f ] Request (VolumesAssistedSnapshotsTest:setUpClass): 200 GET http://10.180.1.21/identity/v3/roles 0.132s
2025-11-20 19:25:57.597 66196 INFO tempest.lib.common.rest_client [req-80152d7d-e42c-4e7a-be8e-b0797f34e120 req-80152d7d-e42c-4e7a-be8e-b0797f34e120 ] Request (InstanceUsageAuditLogTestJSON:tearDownClass): 200 GET http://10.180.1.21/networking/v2.0/security-groups?tenant_id=a01f6fd984944396bb29e1d264607de4&name=default 0.263s
2025-11-20 19:25:57.634 66184 INFO tempest.lib.common.rest_client [req-a2002ab5-e3b2-4a96-845d-3a845693ffae req-a2002ab5-e3b2-4a96-845d-3a845693ffae ] Request (FloatingIPDetailsTestJSON:setUpClass): 201 POST http://10.180.1.21/identity/v3/projects 0.131s
2025-11-20 19:25:57.681 66196 INFO tempest.lib.common.rest_client [req-526535df-88ba-4660-9513-a9a81909a870 req-526535df-88ba-4660-9513-a9a81909a870 ] Request (InstanceUsageAuditLogTestJSON:tearDownClass): 204 DELETE http://10.180.1.21/networking/v2.0/security-groups/b45fc014-832e-42ce-9656-34ef6d7a4c4c 0.083s
2025-11-20 19:25:57.705 66154 INFO tempest.lib.common.rest_client [req-e688058f-bffb-4206-ad94-6f7f1f9f3491 req-e688058f-bffb-4206-ad94-6f7f1f9f3491 ] Request (AZAdminNegativeTestJSON:setUpClass): 201 POST http://10.180.1.21/identity/v3/projects 0.138s
2025-11-20 19:25:57.745 66140 INFO tempest.lib.common.rest_client [req-6d018600-2f48-4c80-bc1d-2ea8b8e9ba5b req-6d018600-2f48-4c80-bc1d-2ea8b8e9ba5b ] Request (HypervisorAdminV253TestBase:tearDownClass): 204 DELETE http://10.180.1.21/identity/v3/projects/e41ce72ad2f4488d9ed6c4262427631b 0.202s
2025-11-20 19:25:57.745 66140 INFO tempest.lib.common.dynamic_creds [-] Deleting project and security group for project: e3e681dbe1a34f7398607cab99c8d9ae
2025-11-20 19:25:57.770 66174 INFO tempest.lib.common.rest_client [req-245b2e9a-2271-4478-8f2e-c03851b59eae req-245b2e9a-2271-4478-8f2e-c03851b59eae ] Request (VolumesAssistedSnapshotsTest:setUpClass): 204 PUT http://10.180.1.21/identity/v3/projects/185fee83c1b14df2b0eeb63c8630afef/users/6b3f40c453b246c897bf96fb3a9625a4/roles/5c883ca5d25e452ba1df0ac7a3f849fd 0.187s
2025-11-20 19:25:57.770 66174 INFO tempest.lib.common.dynamic_creds [-] Dynamic test user 6b3f40c453b246c897bf96fb3a9625a4 is created with scope project and roles: ['admin', 'service']
2025-11-20 19:25:57.770 66174 INFO tempest.lib.common.dynamic_creds [-] Acquired dynamic creds: credentials: Credentials: {'domain_id': 'default', 'domain_name': 'Default', 'username': 'tempest-VolumesAssistedSnapshotsTest-778216251-project', 'project_domain_id': 'default', 'project_domain_name': 'Default', 'project_id': '185fee83c1b14df2b0eeb63c8630afef', 'project_name': 'tempest-VolumesAssistedSnapshotsTest-778216251', 'tenant_id': '185fee83c1b14df2b0eeb63c8630afef', 'tenant_name': 'tempest-VolumesAssistedSnapshotsTest-778216251', 'user_domain_id': 'default', 'user_domain_name': 'Default', 'user_id': '6b3f40c453b246c897bf96fb3a9625a4', 'system': None}, Network: None, Subnet: None, Router: None
2025-11-20 19:25:57.832 66184 INFO tempest.lib.common.rest_client [req-9fac15fd-b4f0-408c-88b5-d24a7abb3c7e req-9fac15fd-b4f0-408c-88b5-d24a7abb3c7e ] Request (FloatingIPDetailsTestJSON:setUpClass): 201 POST http://10.180.1.21/identity/v3/users 0.198s
2025-11-20 19:25:57.861 66140 INFO tempest.lib.common.rest_client [req-2711b2e9-2ed4-4716-8f2a-70e34d25984f req-2711b2e9-2ed4-4716-8f2a-70e34d25984f ] Request (HypervisorAdminV253TestBase:tearDownClass): 200 GET http://10.180.1.21/networking/v2.0/security-groups?tenant_id=e3e681dbe1a34f7398607cab99c8d9ae&name=default 0.115s
2025-11-20 19:25:57.863 66138 INFO tempest.lib.common.rest_client [req-be54cb30-7a87-41c3-982d-357063dd8c80 req-be54cb30-7a87-41c3-982d-357063dd8c80 ] Request (ServersTestFqdnHostnames:test_create_server_with_fqdn_name): 202 POST http://10.180.1.21/compute/v2.1/servers 6.312s
2025-11-20 19:25:57.893 66196 INFO tempest.lib.common.rest_client [req-2ee74c9f-b268-4281-aa09-f947d7456a88 req-2ee74c9f-b268-4281-aa09-f947d7456a88 ] Request (InstanceUsageAuditLogTestJSON:tearDownClass): 204 DELETE http://10.180.1.21/identity/v3/projects/a01f6fd984944396bb29e1d264607de4 0.212s
2025-11-20 19:25:57.894 66196 INFO tempest.lib.common.dynamic_creds [-] Deleting project and security group for project: bed2c76e7a1c440c9028616e676abbf7
2025-11-20 19:25:57.957 66184 INFO tempest.lib.common.rest_client [req-63d2ca06-a5fc-456c-8ab9-be8fb2febe7f req-63d2ca06-a5fc-456c-8ab9-be8fb2febe7f ] Request (FloatingIPDetailsTestJSON:setUpClass): 200 GET http://10.180.1.21/identity/v3/roles 0.125s
2025-11-20 19:25:57.974 66154 INFO tempest.lib.common.rest_client [req-6c9dbf67-909b-4991-84ca-54c5d353e99e req-6c9dbf67-909b-4991-84ca-54c5d353e99e ] Request (AZAdminNegativeTestJSON:setUpClass): 201 POST http://10.180.1.21/identity/v3/users 0.269s
2025-11-20 19:25:57.982 66140 INFO tempest.lib.common.rest_client [req-b39e4d7d-4fe0-41c8-9168-20e421ed133b req-b39e4d7d-4fe0-41c8-9168-20e421ed133b ] Request (HypervisorAdminV253TestBase:tearDownClass): 204 DELETE http://10.180.1.21/networking/v2.0/security-groups/f3de6fcf-88ca-463b-ac7c-661085c8c2e5 0.121s
2025-11-20 19:25:57.991 66184 INFO tempest.lib.common.rest_client [req-48f1ddc3-7f0f-4010-9f55-b0016f239df6 req-48f1ddc3-7f0f-4010-9f55-b0016f239df6 ] Request (FloatingIPDetailsTestJSON:setUpClass): 204 PUT http://10.180.1.21/identity/v3/projects/b3b3e316a24f4d6795e10bbb6159087e/users/edfed75e5f50425c909f53a06c424b78/roles/8930e2500a94494fa3e2290c4241e3a5 0.033s
2025-11-20 19:25:57.991 66184 INFO tempest.lib.common.dynamic_creds [-] Dynamic test user edfed75e5f50425c909f53a06c424b78 is created with scope project and roles: ['member']
2025-11-20 19:25:57.992 66184 INFO tempest.lib.common.dynamic_creds [-] Acquired dynamic creds: credentials: Credentials: {'domain_id': 'default', 'domain_name': 'Default', 'username': 'tempest-FloatingIPDetailsTestJSON-1829755136-project-member', 'project_domain_id': 'default', 'project_domain_name': 'Default', 'project_id': 'b3b3e316a24f4d6795e10bbb6159087e', 'project_name': 'tempest-FloatingIPDetailsTestJSON-1829755136', 'tenant_id': 'b3b3e316a24f4d6795e10bbb6159087e', 'tenant_name': 'tempest-FloatingIPDetailsTestJSON-1829755136', 'user_domain_id': 'default', 'user_domain_name': 'Default', 'user_id': 'edfed75e5f50425c909f53a06c424b78', 'system': None}, Network: None, Subnet: None, Router: None
2025-11-20 19:25:58.017 66174 INFO tempest.lib.common.rest_client [req-bb2e692d-0385-4982-8010-7997d28fce03 req-bb2e692d-0385-4982-8010-7997d28fce03 ] Request (VolumesAssistedSnapshotsTest:setUpClass): 201 POST http://10.180.1.21/networking/v2.0/networks 0.247s
2025-11-20 19:25:58.040 66154 INFO tempest.lib.common.rest_client [req-73ceca94-d25a-4b3b-a84a-bbe033b8f5e2 req-73ceca94-d25a-4b3b-a84a-bbe033b8f5e2 ] Request (AZAdminNegativeTestJSON:setUpClass): 200 GET http://10.180.1.21/identity/v3/roles 0.065s
2025-11-20 19:25:58.105 66140 INFO tempest.lib.common.rest_client [req-da3a0b61-349f-4875-a1b0-38ba49e86e47 req-da3a0b61-349f-4875-a1b0-38ba49e86e47 ] Request (HypervisorAdminV253TestBase:tearDownClass): 204 DELETE http://10.180.1.21/identity/v3/projects/e3e681dbe1a34f7398607cab99c8d9ae 0.123s
2025-11-20 19:25:58.130 66196 INFO tempest.lib.common.rest_client [req-687fe027-2a04-4a4a-8b52-2eed7a17ada2 req-687fe027-2a04-4a4a-8b52-2eed7a17ada2 ] Request (InstanceUsageAuditLogTestJSON:tearDownClass): 200 GET http://10.180.1.21/networking/v2.0/security-groups?tenant_id=bed2c76e7a1c440c9028616e676abbf7&name=default 0.236s
2025-11-20 19:25:58.139 66178 INFO tempest.lib.common.rest_client [req-03bb2086-b670-46bb-a764-4897d903a2ca req-03bb2086-b670-46bb-a764-4897d903a2ca ] Request (FlavorsAccessNegativeTestJSON:test_add_flavor_access_duplicate): 200 POST http://10.180.1.21/compute/v2.1/flavors/1815947658/action 6.445s
2025-11-20 19:25:58.169 66184 INFO tempest.lib.common.rest_client [req-5e8fb844-bfab-4429-aa2f-368cac1eb20f req-5e8fb844-bfab-4429-aa2f-368cac1eb20f ] Request (FloatingIPDetailsTestJSON:setUpClass): 201 POST http://10.180.1.21/identity/v3/auth/tokens 0.178s
2025-11-20 19:25:58.180 66154 INFO tempest.lib.common.rest_client [req-eac8c5b6-0caf-4129-8522-63f6b5e1615a req-eac8c5b6-0caf-4129-8522-63f6b5e1615a ] Request (AZAdminNegativeTestJSON:setUpClass): 204 PUT http://10.180.1.21/identity/v3/projects/32267697653c4fc4aa0f12bbbea64798/users/efc3fc168db14d909772e026d9d7a80f/roles/a53a9594a0a44c1c9c77a44d6fee24de 0.140s
2025-11-20 19:25:58.226 66140 INFO tempest.lib.common.rest_client [req-a64fde7d-184a-46a0-b7bc-b9b9f1c050b5 req-a64fde7d-184a-46a0-b7bc-b9b9f1c050b5 ] Request (HypervisorAdminNegativeTestJSON:setUpClass): 201 POST http://10.180.1.21/identity/v3/auth/tokens 0.119s
2025-11-20 19:25:58.234 66154 INFO tempest.lib.common.rest_client [req-efe13a86-3261-4eb0-8ba5-dee4f1c86aaf req-efe13a86-3261-4eb0-8ba5-dee4f1c86aaf ] Request (AZAdminNegativeTestJSON:setUpClass): 200 GET http://10.180.1.21/identity/v3/roles 0.054s
2025-11-20 19:25:58.256 66196 INFO tempest.lib.common.rest_client [req-370d4f46-369b-42f3-893f-9fdda71bd034 req-370d4f46-369b-42f3-893f-9fdda71bd034 ] Request (InstanceUsageAuditLogTestJSON:tearDownClass): 204 DELETE http://10.180.1.21/networking/v2.0/security-groups/1cbd530f-ffa9-46a5-93dc-c8831adc8be3 0.125s
2025-11-20 19:25:58.269 66154 INFO tempest.lib.common.rest_client [req-44348f80-8fe3-462d-ac1d-2270c757856b req-44348f80-8fe3-462d-ac1d-2270c757856b ] Request (AZAdminNegativeTestJSON:setUpClass): 204 PUT http://10.180.1.21/identity/v3/projects/32267697653c4fc4aa0f12bbbea64798/users/efc3fc168db14d909772e026d9d7a80f/roles/a53a9594a0a44c1c9c77a44d6fee24de 0.034s
2025-11-20 19:25:58.269 66154 INFO tempest.lib.common.dynamic_creds [-] Dynamic test user efc3fc168db14d909772e026d9d7a80f is created with scope project and roles: ['admin']
2025-11-20 19:25:58.269 66154 INFO tempest.lib.common.dynamic_creds [-] Acquired dynamic creds: credentials: Credentials: {'domain_id': 'default', 'domain_name': 'Default', 'username': 'tempest-AZAdminNegativeTestJSON-744361543-project-admin', 'project_domain_id': 'default', 'project_domain_name': 'Default', 'project_id': '32267697653c4fc4aa0f12bbbea64798', 'project_name': 'tempest-AZAdminNegativeTestJSON-744361543', 'tenant_id': '32267697653c4fc4aa0f12bbbea64798', 'tenant_name': 'tempest-AZAdminNegativeTestJSON-744361543', 'user_domain_id': 'default', 'user_domain_name': 'Default', 'user_id': 'efc3fc168db14d909772e026d9d7a80f', 'system': None}, Network: None, Subnet: None, Router: None
2025-11-20 19:25:58.270 66154 INFO tempest.lib.common.dynamic_creds [-] Created isolated network resources for: credentials: Credentials: {'domain_id': 'default', 'domain_name': 'Default', 'username': 'tempest-AZAdminNegativeTestJSON-744361543-project-admin', 'project_domain_id': 'default', 'project_domain_name': 'Default', 'project_id': '32267697653c4fc4aa0f12bbbea64798', 'project_name': 'tempest-AZAdminNegativeTestJSON-744361543', 'tenant_id': '32267697653c4fc4aa0f12bbbea64798', 'tenant_name': 'tempest-AZAdminNegativeTestJSON-744361543', 'user_domain_id': 'default', 'user_domain_name': 'Default', 'user_id': 'efc3fc168db14d909772e026d9d7a80f', 'system': None}, Network: None, Subnet: None, Router: None
2025-11-20 19:25:58.270 66174 INFO tempest.lib.common.rest_client [req-977bf192-ab22-4df0-837d-279290aea6a8 req-977bf192-ab22-4df0-837d-279290aea6a8 ] Request (VolumesAssistedSnapshotsTest:setUpClass): 201 POST http://10.180.1.21/networking/v2.0/subnets 0.252s
2025-11-20 19:25:58.331 66140 INFO tempest.lib.common.rest_client [req-67f58c47-794a-42f1-835e-2874e7f5ca2c req-67f58c47-794a-42f1-835e-2874e7f5ca2c ] Request (HypervisorAdminNegativeTestJSON:setUpClass): 201 POST http://10.180.1.21/identity/v3/auth/tokens 0.101s
2025-11-20 19:25:58.381 66156 INFO tempest.lib.common.rest_client [req-2969fcbb-8ccc-4546-bc9b-4c03a683e549 req-2969fcbb-8ccc-4546-bc9b-4c03a683e549 ] Request (MigrationsAdminTest:test_list_migrations_in_flavor_resize_situation): 202 POST http://10.180.1.21/compute/v2.1/servers 6.742s
2025-11-20 19:25:58.390 66164 INFO tempest.lib.common.rest_client [req-7ccf0ac1-9990-4676-bd78-e0747ca33c15 req-7ccf0ac1-9990-4676-bd78-e0747ca33c15 ] Request (AggregatesAdminNegativeTestJSON:_run_cleanups): 200 POST http://10.180.1.21/compute/v2.1/os-aggregates/1/action 6.638s
2025-11-20 19:25:58.423 66154 INFO tempest.lib.common.rest_client [req-022a1ffb-30ae-48b7-a81b-03d6bc8b07b8 req-022a1ffb-30ae-48b7-a81b-03d6bc8b07b8 ] Request (AZAdminNegativeTestJSON:setUpClass): 201 POST http://10.180.1.21/identity/v3/auth/tokens 0.150s
2025-11-20 19:25:58.428 66142 INFO tempest.lib.common.rest_client [req-b6dd679f-a18a-48a0-a264-78260fb875b9 req-b6dd679f-a18a-48a0-a264-78260fb875b9 ] Request (KeyPairsNegativeTestJSON:test_create_keypair_when_public_key_bits_exceeds_maximum): 400 POST http://10.180.1.21/compute/v2.1/os-keypairs 6.480s
2025-11-20 19:25:58.456 66196 INFO tempest.lib.common.rest_client [req-6bcf2129-29c2-4492-b0c8-ed7732009095 req-6bcf2129-29c2-4492-b0c8-ed7732009095 ] Request (InstanceUsageAuditLogTestJSON:tearDownClass): 204 DELETE http://10.180.1.21/identity/v3/projects/bed2c76e7a1c440c9028616e676abbf7 0.200s
2025-11-20 19:25:58.457 66196 INFO tempest.test [-] raised in LiveAutoBlockMigrationV225Test.setUpClass. Invoking tearDownClass.
2025-11-20 19:25:58.459 66196 INFO tempest.test [-] raised in LiveMigrationNegativeTest.setUpClass. Invoking tearDownClass.
2025-11-20 19:25:58.517 66140 INFO tempest.lib.common.rest_client [req-eeb63eff-14b3-492a-b2a3-c89d0a64af1d req-eeb63eff-14b3-492a-b2a3-c89d0a64af1d ] Request (HypervisorAdminNegativeTestJSON:setUpClass): 200 GET http://10.180.1.21/identity/v3/domains?name=Default 0.185s
2025-11-20 19:25:58.544 66196 INFO tempest.lib.common.rest_client [req-10afaedc-9b62-4969-b83d-de49198a4799 req-10afaedc-9b62-4969-b83d-de49198a4799 ] Request (ServerActionsTestOtherA:setUpClass): 201 POST http://10.180.1.21/identity/v3/auth/tokens 0.082s
2025-11-20 19:25:58.592 66140 INFO tempest.lib.common.rest_client [req-5f3c8d4f-e9bb-4dcb-8cc2-bd7d4b11a1c4 req-5f3c8d4f-e9bb-4dcb-8cc2-bd7d4b11a1c4 ] Request (HypervisorAdminNegativeTestJSON:setUpClass): 201 POST http://10.180.1.21/identity/v3/projects 0.075s
2025-11-20 19:25:58.660 66196 INFO tempest.lib.common.rest_client [req-91d89a8f-5c66-4bc7-a468-5493def8c3af req-91d89a8f-5c66-4bc7-a468-5493def8c3af ] Request (ServerActionsTestOtherA:setUpClass): 201 POST http://10.180.1.21/identity/v3/auth/tokens 0.111s
2025-11-20 19:25:58.676 66140 INFO tempest.lib.common.rest_client [req-5ff5418d-6a05-4b29-9954-c0e491c00754 req-5ff5418d-6a05-4b29-9954-c0e491c00754 ] Request (HypervisorAdminNegativeTestJSON:setUpClass): 201 POST http://10.180.1.21/identity/v3/users 0.083s
2025-11-20 19:25:58.690 66196 INFO tempest.lib.common.rest_client [req-a27837d9-b2d7-4da6-ad4c-bf7a56703f59 req-a27837d9-b2d7-4da6-ad4c-bf7a56703f59 ] Request (ServerActionsTestOtherA:setUpClass): 200 GET http://10.180.1.21/identity/v3/domains?name=Default 0.029s
2025-11-20 19:25:58.704 66140 INFO tempest.lib.common.rest_client [req-6671bade-8500-46f7-b3f4-a5ae2c192f5b req-6671bade-8500-46f7-b3f4-a5ae2c192f5b ] Request (HypervisorAdminNegativeTestJSON:setUpClass): 200 GET http://10.180.1.21/identity/v3/roles 0.028s
2025-11-20 19:25:58.737 66196 INFO tempest.lib.common.rest_client [req-5dfd884c-4b5c-4435-910f-765820bab7c4 req-5dfd884c-4b5c-4435-910f-765820bab7c4 ] Request (ServerActionsTestOtherA:setUpClass): 201 POST http://10.180.1.21/identity/v3/projects 0.046s
2025-11-20 19:25:58.743 66140 INFO tempest.lib.common.rest_client [req-fa839956-1924-45c9-b3fd-6fcbc4f36495 req-fa839956-1924-45c9-b3fd-6fcbc4f36495 ] Request (HypervisorAdminNegativeTestJSON:setUpClass): 204 PUT http://10.180.1.21/identity/v3/projects/86640823c5a64ff1bd6a9d5c4ea6457c/users/acf252f0efe84d71922dfd04b53c2168/roles/8930e2500a94494fa3e2290c4241e3a5 0.038s
2025-11-20 19:25:58.743 66140 INFO tempest.lib.common.dynamic_creds [-] Dynamic test user acf252f0efe84d71922dfd04b53c2168 is created with scope project and roles: ['member']
2025-11-20 19:25:58.744 66140 INFO tempest.lib.common.dynamic_creds [-] Acquired dynamic creds: credentials: Credentials: {'domain_id': 'default', 'domain_name': 'Default', 'username': 'tempest-HypervisorAdminNegativeTestJSON-1090962521-project-member', 'project_domain_id': 'default', 'project_domain_name': 'Default', 'project_id': '86640823c5a64ff1bd6a9d5c4ea6457c', 'project_name': 'tempest-HypervisorAdminNegativeTestJSON-1090962521', 'tenant_id': '86640823c5a64ff1bd6a9d5c4ea6457c', 'tenant_name': 'tempest-HypervisorAdminNegativeTestJSON-1090962521', 'user_domain_id': 'default', 'user_domain_name': 'Default', 'user_id': 'acf252f0efe84d71922dfd04b53c2168', 'system': None}, Network: None, Subnet: None, Router: None
2025-11-20 19:25:58.744 66140 INFO tempest.lib.common.dynamic_creds [-] Created isolated network resources for: credentials: Credentials: {'domain_id': 'default', 'domain_name': 'Default', 'username': 'tempest-HypervisorAdminNegativeTestJSON-1090962521-project-member', 'project_domain_id': 'default', 'project_domain_name': 'Default', 'project_id': '86640823c5a64ff1bd6a9d5c4ea6457c', 'project_name': 'tempest-HypervisorAdminNegativeTestJSON-1090962521', 'tenant_id': '86640823c5a64ff1bd6a9d5c4ea6457c', 'tenant_name': 'tempest-HypervisorAdminNegativeTestJSON-1090962521', 'user_domain_id': 'default', 'user_domain_name': 'Default', 'user_id': 'acf252f0efe84d71922dfd04b53c2168', 'system': None}, Network: None, Subnet: None, Router: None
2025-11-20 19:25:58.745 66184 INFO tempest.lib.common.rest_client [req-717cfb29-f7ce-4f90-89eb-ab0c799ddb0f req-717cfb29-f7ce-4f90-89eb-ab0c799ddb0f ] Request (FloatingIPDetailsTestJSON:setUpClass): 201 POST http://10.180.1.21/networking/v2.0/networks 0.575s
2025-11-20 19:25:58.816 66140 INFO tempest.lib.common.rest_client [req-a2788e0f-c63a-42e8-82a0-f023bc79a47d req-a2788e0f-c63a-42e8-82a0-f023bc79a47d ] Request (HypervisorAdminNegativeTestJSON:setUpClass): 201 POST http://10.180.1.21/identity/v3/auth/tokens 0.070s
2025-11-20 19:25:58.843 66196 INFO tempest.lib.common.rest_client [req-27cf45d6-928a-4a02-816a-936da5ee0b1d req-27cf45d6-928a-4a02-816a-936da5ee0b1d ] Request (ServerActionsTestOtherA:setUpClass): 201 POST http://10.180.1.21/identity/v3/users 0.106s
2025-11-20 19:25:58.865 66196 INFO tempest.lib.common.rest_client [req-348dc4bf-e260-4deb-a8eb-29bcbbabeb1a req-348dc4bf-e260-4deb-a8eb-29bcbbabeb1a ] Request (ServerActionsTestOtherA:setUpClass): 200 GET http://10.180.1.21/identity/v3/roles 0.022s
2025-11-20 19:25:58.880 66140 INFO tempest.lib.common.rest_client [req-28cf6302-b093-449e-87b5-64f5bc209100 req-28cf6302-b093-449e-87b5-64f5bc209100 ] Request (HypervisorAdminNegativeTestJSON:setUpClass): 201 POST http://10.180.1.21/identity/v3/projects 0.063s
2025-11-20 19:25:58.895 66196 INFO tempest.lib.common.rest_client [req-aad084de-423e-4670-bb44-cb00b78f6342 req-aad084de-423e-4670-bb44-cb00b78f6342 ] Request (ServerActionsTestOtherA:setUpClass): 204 PUT http://10.180.1.21/identity/v3/projects/7d9b45bac84c42029eb39e65db799a28/users/651393aaacc34c2d83d9f97508a57802/roles/8930e2500a94494fa3e2290c4241e3a5 0.029s
2025-11-20 19:25:58.895 66196 INFO tempest.lib.common.dynamic_creds [-] Dynamic test user 651393aaacc34c2d83d9f97508a57802 is created with scope project and roles: ['member']
2025-11-20 19:25:58.895 66196 INFO tempest.lib.common.dynamic_creds [-] Acquired dynamic creds: credentials: Credentials: {'domain_id': 'default', 'domain_name': 'Default', 'username': 'tempest-ServerActionsTestOtherA-1217593024-project-member', 'project_domain_id': 'default', 'project_domain_name': 'Default', 'project_id': '7d9b45bac84c42029eb39e65db799a28', 'project_name': 'tempest-ServerActionsTestOtherA-1217593024', 'tenant_id': '7d9b45bac84c42029eb39e65db799a28', 'tenant_name': 'tempest-ServerActionsTestOtherA-1217593024', 'user_domain_id': 'default', 'user_domain_name': 'Default', 'user_id': '651393aaacc34c2d83d9f97508a57802', 'system': None}, Network: None, Subnet: None, Router: None
2025-11-20 19:25:58.965 66196 INFO tempest.lib.common.rest_client [req-cd08a472-a056-4e80-9371-525e9b17aa3a req-cd08a472-a056-4e80-9371-525e9b17aa3a ] Request (ServerActionsTestOtherA:setUpClass): 201 POST http://10.180.1.21/identity/v3/auth/tokens 0.069s
2025-11-20 19:25:58.979 66140 INFO tempest.lib.common.rest_client [req-05377df2-b453-434a-ba2c-36e8d9fd5fa7 req-05377df2-b453-434a-ba2c-36e8d9fd5fa7 ] Request (HypervisorAdminNegativeTestJSON:setUpClass): 201 POST http://10.180.1.21/identity/v3/users 0.097s
2025-11-20 19:25:58.999 66140 INFO tempest.lib.common.rest_client [req-ad3dff0f-7256-4c59-afaa-cab7afef2dc6 req-ad3dff0f-7256-4c59-afaa-cab7afef2dc6 ] Request (HypervisorAdminNegativeTestJSON:setUpClass): 200 GET http://10.180.1.21/identity/v3/roles 0.020s
2025-11-20 19:25:59.033 66140 INFO tempest.lib.common.rest_client [req-8c32fcf6-2f1d-476a-841b-b7357338a23e req-8c32fcf6-2f1d-476a-841b-b7357338a23e ] Request (HypervisorAdminNegativeTestJSON:setUpClass): 204 PUT http://10.180.1.21/identity/v3/projects/91794040abf542d7981f61ea93a3ccb0/users/9024c61404c2473ea2d04b41d8c2e620/roles/a53a9594a0a44c1c9c77a44d6fee24de 0.034s
2025-11-20 19:25:59.096 66140 INFO tempest.lib.common.rest_client [req-17c675bc-8d09-4636-a901-0fbc45d77baa req-17c675bc-8d09-4636-a901-0fbc45d77baa ] Request (HypervisorAdminNegativeTestJSON:setUpClass): 200 GET http://10.180.1.21/identity/v3/roles 0.062s
2025-11-20 19:25:59.114 66140 INFO tempest.lib.common.rest_client [req-4d8cf384-4c68-432f-87e4-20f39dce5490 req-4d8cf384-4c68-432f-87e4-20f39dce5490 ] Request (HypervisorAdminNegativeTestJSON:setUpClass): 204 PUT http://10.180.1.21/identity/v3/projects/91794040abf542d7981f61ea93a3ccb0/users/9024c61404c2473ea2d04b41d8c2e620/roles/a53a9594a0a44c1c9c77a44d6fee24de 0.017s
2025-11-20 19:25:59.114 66140 INFO tempest.lib.common.dynamic_creds [-] Dynamic test user 9024c61404c2473ea2d04b41d8c2e620 is created with scope project and roles: ['admin']
2025-11-20 19:25:59.114 66140 INFO tempest.lib.common.dynamic_creds [-] Acquired dynamic creds: credentials: Credentials: {'domain_id': 'default', 'domain_name': 'Default', 'username': 'tempest-HypervisorAdminNegativeTestJSON-963061121-project-admin', 'project_domain_id': 'default', 'project_domain_name': 'Default', 'project_id': '91794040abf542d7981f61ea93a3ccb0', 'project_name': 'tempest-HypervisorAdminNegativeTestJSON-963061121', 'tenant_id': '91794040abf542d7981f61ea93a3ccb0', 'tenant_name': 'tempest-HypervisorAdminNegativeTestJSON-963061121', 'user_domain_id': 'default', 'user_domain_name': 'Default', 'user_id': '9024c61404c2473ea2d04b41d8c2e620', 'system': None}, Network: None, Subnet: None, Router: None
2025-11-20 19:25:59.115 66140 INFO tempest.lib.common.dynamic_creds [-] Created isolated network resources for: credentials: Credentials: {'domain_id': 'default', 'domain_name': 'Default', 'username': 'tempest-HypervisorAdminNegativeTestJSON-963061121-project-admin', 'project_domain_id': 'default', 'project_domain_name': 'Default', 'project_id': '91794040abf542d7981f61ea93a3ccb0', 'project_name': 'tempest-HypervisorAdminNegativeTestJSON-963061121', 'tenant_id': '91794040abf542d7981f61ea93a3ccb0', 'tenant_name': 'tempest-HypervisorAdminNegativeTestJSON-963061121', 'user_domain_id': 'default', 'user_domain_name': 'Default', 'user_id': '9024c61404c2473ea2d04b41d8c2e620', 'system': None}, Network: None, Subnet: None, Router: None
2025-11-20 19:25:59.117 66174 INFO tempest.lib.common.rest_client [req-d9a55f69-d894-48e7-ab6b-53a5afdc19de req-d9a55f69-d894-48e7-ab6b-53a5afdc19de ] Request (VolumesAssistedSnapshotsTest:setUpClass): 201 POST http://10.180.1.21/networking/v2.0/routers 0.846s
2025-11-20 19:25:59.196 66140 INFO tempest.lib.common.rest_client [req-a3f9e2e0-236b-4dc7-9253-1d71ae9b4daf req-a3f9e2e0-236b-4dc7-9253-1d71ae9b4daf ] Request (HypervisorAdminNegativeTestJSON:setUpClass): 201 POST http://10.180.1.21/identity/v3/auth/tokens 0.079s
2025-11-20 19:25:59.398 66184 INFO tempest.lib.common.rest_client [req-bafd91e6-e1a8-4153-b65c-8f303f06a554 req-bafd91e6-e1a8-4153-b65c-8f303f06a554 ] Request (FloatingIPDetailsTestJSON:setUpClass): 201 POST http://10.180.1.21/networking/v2.0/subnets 0.652s
2025-11-20 19:25:59.563 66196 INFO tempest.lib.common.rest_client [req-668e45a9-d232-4ae0-a7eb-8a228f0c2c7b req-668e45a9-d232-4ae0-a7eb-8a228f0c2c7b ] Request (ServerActionsTestOtherA:setUpClass): 201 POST http://10.180.1.21/networking/v2.0/networks 0.598s
2025-11-20 19:25:59.611 66144 INFO tempest.lib.common.rest_client [req-72a4a917-ed64-4660-b9c4-30f7336b05a6 req-72a4a917-ed64-4660-b9c4-30f7336b05a6 ] Request (DeleteServersAdminTestJSON:test_admin_delete_servers_of_others): 200 GET http://10.180.1.21/compute/v2.1/servers/98e0f5b1-ffc2-44cc-b8e4-8494a510632b 6.176s
2025-11-20 19:26:00.223 66174 INFO tempest.lib.common.rest_client [req-d1cd3453-edc3-4433-988f-24df097caaaf req-d1cd3453-edc3-4433-988f-24df097caaaf ] Request (VolumesAssistedSnapshotsTest:setUpClass): 200 PUT http://10.180.1.21/networking/v2.0/routers/b9e730c0-3872-4eda-bca0-6910d08aeadf/add_router_interface 1.106s
2025-11-20 19:26:00.223 66174 INFO tempest.lib.common.dynamic_creds [-] Created isolated network resources for: credentials: Credentials: {'domain_id': 'default', 'domain_name': 'Default', 'username': 'tempest-VolumesAssistedSnapshotsTest-778216251-project', 'project_domain_id': 'default', 'project_domain_name': 'Default', 'project_id': '185fee83c1b14df2b0eeb63c8630afef', 'project_name': 'tempest-VolumesAssistedSnapshotsTest-778216251', 'tenant_id': '185fee83c1b14df2b0eeb63c8630afef', 'tenant_name': 'tempest-VolumesAssistedSnapshotsTest-778216251', 'user_domain_id': 'default', 'user_domain_name': 'Default', 'user_id': '6b3f40c453b246c897bf96fb3a9625a4', 'system': None}, Network: {'id': '05365c71-0aab-4258-adc0-151894b6bbf7', 'name': 'tempest-VolumesAssistedSnapshotsTest-1849930736-network', 'tenant_id': '185fee83c1b14df2b0eeb63c8630afef', 'project_id': '185fee83c1b14df2b0eeb63c8630afef', 'admin_state_up': True, 'mtu': 8950, 'status': 'ACTIVE', 'subnets': [], 'shared': False, 'port_security_enabled': True, 'router:external': False, 'provider:network_type': 'vlan', 'provider:physical_network': 'default', 'provider:segmentation_id': 220, 'availability_zone_hints': [], 'availability_zones': [], 'ipv4_address_scope': None, 'ipv6_address_scope': None, 'description': '', 'tags': [], 'created_at': '2025-11-20T19:25:57Z', 'updated_at': '2025-11-20T19:25:57Z', 'revision_number': 1}, Subnet: {'id': 'edb79c03-c750-463a-9130-7fbc1591ed7a', 'name': 'tempest-VolumesAssistedSnapshotsTest-1849930736-subnet', 'tenant_id': '185fee83c1b14df2b0eeb63c8630afef', 'network_id': '05365c71-0aab-4258-adc0-151894b6bbf7', 'ip_version': 4, 'subnetpool_id': None, 'enable_dhcp': True, 'ipv6_ra_mode': None, 'ipv6_address_mode': None, 'gateway_ip': '192.168.128.1', 'cidr': '192.168.128.0/28', 'allocation_pools': [{'start': '192.168.128.2', 'end': '192.168.128.14'}], 'host_routes': [], 'dns_nameservers': [], 'description': '', 'router:external': False, 'service_types': [], 'tags': [], 'created_at': '2025-11-20T19:25:58Z', 'updated_at': '2025-11-20T19:25:58Z', 'revision_number': 0, 'project_id': '185fee83c1b14df2b0eeb63c8630afef'}, Router: {'id': 'b9e730c0-3872-4eda-bca0-6910d08aeadf', 'name': 'tempest-VolumesAssistedSnapshotsTest-1849930736-router', 'tenant_id': '185fee83c1b14df2b0eeb63c8630afef', 'admin_state_up': True, 'status': 'ACTIVE', 'external_gateway_info': {'network_id': '1c49ab14-ef0a-47f6-864d-c3798546b01c', 'external_fixed_ips': [{'subnet_id': '5026b1af-25fa-4936-b457-cea17b2bb310', 'ip_address': '10.180.180.207'}], 'enable_snat': True}, 'description': '', 'availability_zones': [], 'distributed': False, 'ha': False, 'availability_zone_hints': [], 'routes': [], 'flavor_id': None, 'tags': [], 'created_at': '2025-11-20T19:25:58Z', 'updated_at': '2025-11-20T19:25:58Z', 'revision_number': 2, 'project_id': '185fee83c1b14df2b0eeb63c8630afef'}
2025-11-20 19:26:00.345 66184 INFO tempest.lib.common.rest_client [req-0d89a88e-96b8-4c7b-9b20-38178c77a30c req-0d89a88e-96b8-4c7b-9b20-38178c77a30c ] Request (FloatingIPDetailsTestJSON:setUpClass): 201 POST http://10.180.1.21/networking/v2.0/routers 0.946s
2025-11-20 19:26:00.354 66174 INFO tempest.lib.common.rest_client [req-75b6c354-124c-4513-a1bb-c0086e6c3f9d req-75b6c354-124c-4513-a1bb-c0086e6c3f9d ] Request (VolumesAssistedSnapshotsTest:setUpClass): 201 POST http://10.180.1.21/identity/v3/auth/tokens 0.127s
2025-11-20 19:26:00.452 66196 INFO tempest.lib.common.rest_client [req-6707a511-8ea9-401c-a1bd-255c043b5827 req-6707a511-8ea9-401c-a1bd-255c043b5827 ] Request (ServerActionsTestOtherA:setUpClass): 201 POST http://10.180.1.21/networking/v2.0/subnets 0.888s
2025-11-20 19:26:00.483 66166 INFO tempest.lib.common.rest_client [req-d7bf49dd-73c0-4966-a76f-99ccfdb0128d req-d7bf49dd-73c0-4966-a76f-99ccfdb0128d ] Request (NetworksTest:test_list_all_networks): 200 GET http://10.180.1.21/compute/v2.1/os-networks 5.513s
2025-11-20 19:26:00.570 66166 INFO tempest.lib.common.rest_client [req-71064cc4-b3ee-4a9c-9241-3878df8a3d79 req-71064cc4-b3ee-4a9c-9241-3878df8a3d79 ] Request (NetworksTest:tearDownClass): 204 DELETE http://10.180.1.21/identity/v3/users/808324b5dbc8499fa274497647b38706 0.086s
2025-11-20 19:26:00.667 66166 INFO tempest.lib.common.rest_client [req-da920781-bac6-4f67-965c-0289ee967be9 req-da920781-bac6-4f67-965c-0289ee967be9 ] Request (NetworksTest:tearDownClass): 204 DELETE http://10.180.1.21/identity/v3/users/ccbdf7b207c34c7592188a290698af50 0.096s
