2025-11-20 19:28:05.870 66146 INFO tempest.lib.common.rest_client [req-dd7067a4-bd75-49a4-a194-e63f93d2fa22 req-dd7067a4-bd75-49a4-a194-e63f93d2fa22 ] Request (DeleteServersTestJSON:test_delete_active_server): 200 GET http://10.180.1.21/compute/v2.1/servers/06cb20f8-7327-4248-bf91-4c7dc6bbe3ac 2.219s
2025-11-20 19:28:05.964 66158 INFO tempest.lib.common.rest_client [req-38fc2cc3-c79c-454b-bede-5d30f29348de req-38fc2cc3-c79c-454b-bede-5d30f29348de ] Request (ServersWithSpecificFlavorTestJSON:test_verify_created_server_ephemeral_disk): 204 DELETE http://10.180.1.21/compute/v2.1/servers/b94e98b3-4130-461c-80db-e0d778f87297 2.245s
2025-11-20 19:28:06.050 66158 INFO tempest.lib.common.rest_client [req-cf7a5f4b-790e-42ca-8bd6-4fe5270a50e7 req-cf7a5f4b-790e-42ca-8bd6-4fe5270a50e7 ] Request (ServersWithSpecificFlavorTestJSON:test_verify_created_server_ephemeral_disk): 201 POST http://10.180.1.21/identity/v3/auth/tokens 0.082s
2025-11-20 19:28:06.050 66158 INFO tempest.lib.common.fixed_network [-] (ServersWithSpecificFlavorTestJSON:test_verify_created_server_ephemeral_disk) Found network {'id': '7aac198b-e8d4-4de7-8ce2-c88e6685e3fc', 'name': 'tempest-ServersWithSpecificFlavorTestJSON-854833653-network', 'tenant_id': '02fb31ef22664660a7dcf2661496d781', 'project_id': '02fb31ef22664660a7dcf2661496d781', 'admin_state_up': True, 'mtu': 8950, 'status': 'ACTIVE', 'subnets': [], 'shared': False, 'port_security_enabled': True, 'router:external': False, 'provider:network_type': 'vlan', 'provider:physical_network': 'default', 'provider:segmentation_id': 990, 'availability_zone_hints': [], 'availability_zones': [], 'ipv4_address_scope': None, 'ipv6_address_scope': None, 'description': '', 'tags': [], 'created_at': '2025-11-20T19:25:43Z', 'updated_at': '2025-11-20T19:25:43Z', 'revision_number': 1} available for tenant
2025-11-20 19:28:06.101 66180 INFO tempest.lib.common.rest_client [req-034241f6-d224-471b-8b67-e9e851557b61 req-034241f6-d224-471b-8b67-e9e851557b61 ] Request (FlavorMetadataValidation:tearDownClass): 200 GET http://10.180.1.21/networking/v2.0/security-groups?tenant_id=5f707bd639ad4df88a4183950377e901&name=default 0.396s
2025-11-20 19:28:06.187 66168 INFO tempest.lib.common.rest_client [req-5508e732-74d1-4982-957a-84f92058cbab req-5508e732-74d1-4982-957a-84f92058cbab ] Request (AttachInterfacesV270Test:test_create_get_list_interfaces): 200 GET http://10.180.1.21/compute/v2.1/servers/35cac359-8f34-4ebb-a59c-815ead7a2a73 2.481s
2025-11-20 19:28:06.191 66162 INFO tempest.lib.common.rest_client [req-bb05287d-ca60-4ea1-ae43-040e960b1031 req-bb05287d-ca60-4ea1-ae43-040e960b1031 ] Request (SecurityGroupsTestJSON:test_list_security_groups_by_server): 200 GET http://10.180.1.21/compute/v2.1/servers/390f8908-e3b7-420b-9b56-11a0e155f824 2.324s
2025-11-20 19:28:06.197 66168 INFO tempest.common.waiters [-] State transition "BUILD/None" ==> "BUILD/spawning" after 39 second wait
2025-11-20 19:28:06.236 66200 INFO tempest.lib.common.rest_client [req-bfb192aa-a107-4034-bc37-ba6ad51b3483 req-bfb192aa-a107-4034-bc37-ba6ad51b3483 ] Request (ServerTagsTestJSON:tearDownClass): 204 DELETE http://10.180.1.21/networking/v2.0/subnets/cbf794ae-3955-4fc2-b9c5-f8398393bb41 0.431s
2025-11-20 19:28:06.253 66183 INFO tempest.lib.common.rest_client [req-0fac1339-8028-4a04-acd9-4d6e70fed495 req-0fac1339-8028-4a04-acd9-4d6e70fed495 ] Request (KeyPairsV22TestJSON:test_keypairsv22_create_list_show): 201 POST http://10.180.1.21/compute/v2.1/os-keypairs 2.348s
2025-11-20 19:28:06.263 66180 INFO tempest.lib.common.rest_client [req-267c103c-3526-4fb9-9d9d-fe8952c9fb72 req-267c103c-3526-4fb9-9d9d-fe8952c9fb72 ] Request (FlavorMetadataValidation:tearDownClass): 204 DELETE http://10.180.1.21/networking/v2.0/security-groups/9d2c7a69-b885-46c7-a674-3e604461207d 0.161s
2025-11-20 19:28:06.345 66180 INFO tempest.lib.common.rest_client [req-71c49ba7-45eb-4d39-8680-3919b013cda0 req-71c49ba7-45eb-4d39-8680-3919b013cda0 ] Request (FlavorMetadataValidation:tearDownClass): 204 DELETE http://10.180.1.21/identity/v3/projects/5f707bd639ad4df88a4183950377e901 0.082s
2025-11-20 19:28:06.345 66180 INFO tempest.lib.common.dynamic_creds [-] Deleting project and security group for project: 672120f1d8ff47c281c380560a0c4b43
2025-11-20 19:28:06.351 66194 INFO tempest.lib.common.rest_client [req-777cef53-814d-481e-905a-14152b9a9744 req-777cef53-814d-481e-905a-14152b9a9744 ] Request (ServersAdminNegativeTestJSON:tearDownClass): 200 GET http://10.180.1.21/compute/v2.1/servers/72515fcf-ef69-4c74-879f-9ebddc878d8e 2.417s
2025-11-20 19:28:06.362 66194 INFO tempest.common.waiters [-] State transition "SUSPENDED/deleting" ==> "DELETED/None" after 5 second wait
2025-11-20 19:28:06.377 66140 INFO tempest.lib.common.rest_client [req-dc1cd3d7-6001-41b1-9f6a-e927d42008f4 req-dc1cd3d7-6001-41b1-9f6a-e927d42008f4 ] Request (ServerGroupTestJSON:test_create_server_with_scheduler_hint_group): 200 GET http://10.180.1.21/compute/v2.1/servers/3f09a2f7-ff48-43dd-8a74-56fef0aa2d8d 2.473s
2025-11-20 19:28:06.385 66140 INFO tempest.common.waiters [-] State transition "BUILD/spawning" ==> "ACTIVE/None" after 47 second wait
2025-11-20 19:28:06.547 66200 INFO tempest.lib.common.rest_client [req-7b5b6110-1e58-4679-a926-72db5357ae39 req-7b5b6110-1e58-4679-a926-72db5357ae39 ] Request (ServerTagsTestJSON:tearDownClass): 204 DELETE http://10.180.1.21/networking/v2.0/networks/e0015377-d4ac-4255-a2c7-a63e7588dfc7 0.311s
2025-11-20 19:28:06.571 66190 INFO tempest.lib.common.rest_client [req-a74721ed-a138-495c-bff9-b9a7267285d0 req-a74721ed-a138-495c-bff9-b9a7267285d0 ] Request (ServersTestJSON:test_create_server_specify_multibyte_character_name): 200 GET http://10.180.1.21/compute/v2.1/servers/6bcfbc45-310e-4e38-85e3-06cc72475da4 2.614s
2025-11-20 19:28:06.587 66172 INFO tempest.lib.common.rest_client [req-bf4bf768-11b3-4e3b-b440-ba51f417ef2a req-bf4bf768-11b3-4e3b-b440-ba51f417ef2a ] Request (ImagesTestJSON:test_create_image_from_stopped_server): 200 GET http://10.180.1.21/compute/v2.1/servers/fc92d1d2-1ef4-4486-9396-75601b0d1b63 2.553s
2025-11-20 19:28:06.610 66180 INFO tempest.lib.common.rest_client [req-81fceb5b-ee99-4c19-83d2-c8eb3be93956 req-81fceb5b-ee99-4c19-83d2-c8eb3be93956 ] Request (FlavorMetadataValidation:tearDownClass): 200 GET http://10.180.1.21/networking/v2.0/security-groups?tenant_id=672120f1d8ff47c281c380560a0c4b43&name=default 0.265s
2025-11-20 19:28:06.640 66150 INFO tempest.lib.common.rest_client [req-d1c0c88a-331c-40b2-8d42-eaf9bb9fb114 req-d1c0c88a-331c-40b2-8d42-eaf9bb9fb114 ] Request (ListServerFiltersTestJSON:test_list_servers_filtered_by_name_wildcard): 200 GET http://10.180.1.21/compute/v2.1/servers?name=-instance 2.563s
2025-11-20 19:28:06.700 66200 INFO tempest.lib.common.rest_client [req-e12aaa79-b2e5-480c-89f4-b87d7333ac6f req-e12aaa79-b2e5-480c-89f4-b87d7333ac6f ] Request (ServerTagsTestJSON:tearDownClass): 204 DELETE http://10.180.1.21/identity/v3/users/a37074ecc3b048058f6b3a794457c0ce 0.152s
2025-11-20 19:28:06.700 66200 INFO tempest.lib.common.dynamic_creds [-] Deleting project and security group for project: b5e97b9a4ff742d9bfe6544575c5f502
2025-11-20 19:28:06.761 66180 INFO tempest.lib.common.rest_client [req-257fbf57-05f7-4fac-910b-85c6b39e72c1 req-257fbf57-05f7-4fac-910b-85c6b39e72c1 ] Request (FlavorMetadataValidation:tearDownClass): 204 DELETE http://10.180.1.21/networking/v2.0/security-groups/7fb1ec7e-0e1d-49a6-bf26-1bde6c36d8b0 0.150s
2025-11-20 19:28:06.783 66160 INFO tempest.lib.common.rest_client [req-2f574751-92d5-4f2a-a14d-ef2703cdab40 req-2f574751-92d5-4f2a-a14d-ef2703cdab40 ] Request (AttachInterfacesUnderV243Test:test_add_remove_fixed_ip): 200 GET http://10.180.1.21/compute/v2.1/servers/59231fc2-ff80-49d0-8b59-de82fd0cf09b 2.699s
2025-11-20 19:28:06.802 66186 INFO tempest.lib.common.rest_client [req-d094ec04-cd08-483e-855a-ade4c084ee27 req-d094ec04-cd08-483e-855a-ade4c084ee27 ] Request (ServersAdminTestJSON:test_inject_network_info): 200 GET http://10.180.1.21/compute/v2.1/servers/a3705277-2e21-4b26-9736-4387b88a38ea 2.654s
2025-11-20 19:28:06.813 66200 INFO tempest.lib.common.rest_client [req-0c0eb057-46ba-4fd3-b371-38296917e065 req-0c0eb057-46ba-4fd3-b371-38296917e065 ] Request (ServerTagsTestJSON:tearDownClass): 200 GET http://10.180.1.21/networking/v2.0/security-groups?tenant_id=b5e97b9a4ff742d9bfe6544575c5f502&name=default 0.112s
2025-11-20 19:28:06.851 66148 INFO tempest.lib.common.rest_client [req-1d864457-eb57-4b46-adf3-d762b8bdc7ee req-1d864457-eb57-4b46-adf3-d762b8bdc7ee ] Request (ListImageFiltersTestJSON:setUpClass): 200 GET http://10.180.1.21/compute/v2.1/images/1a7be5a7-04e6-4797-a0a5-29aee226bfa4 2.639s
2025-11-20 19:28:06.881 66154 INFO tempest.lib.common.rest_client [req-60d6218d-c34c-43c7-90b7-c4319a5f963b req-60d6218d-c34c-43c7-90b7-c4319a5f963b ] Request (ServerAddressesTestJSON:tearDownClass): 200 GET http://10.180.1.21/compute/v2.1/servers/e6b4c251-5cd8-4674-8248-543cd2e49187 2.702s
2025-11-20 19:28:06.889 66180 INFO tempest.lib.common.rest_client [req-680cc79c-4e10-47b7-add7-8dfd7b93eb4a req-680cc79c-4e10-47b7-add7-8dfd7b93eb4a ] Request (FlavorMetadataValidation:tearDownClass): 204 DELETE http://10.180.1.21/identity/v3/projects/672120f1d8ff47c281c380560a0c4b43 0.127s
2025-11-20 19:28:06.890 66180 INFO tempest.test [-] raised in TestMultiAttachVolumeSwap.setUpClass. Invoking tearDownClass.
2025-11-20 19:28:06.948 66198 INFO tempest.lib.common.rest_client [req-4753afc3-6e49-47b3-9db8-9e704d637886 req-4753afc3-6e49-47b3-9db8-9e704d637886 ] Request (FloatingIPsAssociationTestJSON:_run_cleanups): 204 DELETE http://10.180.1.21/compute/v2.1/servers/493c91df-e90f-4946-9734-a2431c22c474 2.700s
2025-11-20 19:28:06.961 66200 INFO tempest.lib.common.rest_client [req-c426b42c-c184-4db0-b436-bb00f558f83b req-c426b42c-c184-4db0-b436-bb00f558f83b ] Request (ServerTagsTestJSON:tearDownClass): 204 DELETE http://10.180.1.21/networking/v2.0/security-groups/ea0720ac-9b5e-4ddb-8418-46302dfbfab0 0.147s
2025-11-20 19:28:06.966 66180 INFO tempest.lib.common.rest_client [req-d4d7be9e-eb92-4f32-a4af-8145ec7e675f req-d4d7be9e-eb92-4f32-a4af-8145ec7e675f ] Request (ImagesOneServerTestJSON:setUpClass): 201 POST http://10.180.1.21/identity/v3/auth/tokens 0.074s
2025-11-20 19:28:06.974 66174 INFO tempest.lib.common.rest_client [req-6c32094c-1b2d-4434-8efd-075f30b5e8eb req-6c32094c-1b2d-4434-8efd-075f30b5e8eb ] Request (VolumesAssistedSnapshotsTest:test_volume_assisted_snapshot_create_delete): 204 DELETE http://10.180.1.21/compute/v2.1/os-assisted-volume-snapshots/None?delete_info=%7B%22volume_id%22%3A+%22cd70e456-fca5-4f3e-8370-8c2683849099%22%7D 2.674s
2025-11-20 19:28:06.992 66176 INFO tempest.lib.common.rest_client [req-fbc8ad57-88d6-499e-b297-637804afc975 req-fbc8ad57-88d6-499e-b297-637804afc975 ] Request (ImagesNegativeTestJSON:test_create_image_from_deleted_server): 200 GET http://10.180.1.21/compute/v2.1/servers/dce439e6-5424-4f3e-9b93-37604a5cb6d7 2.718s
2025-11-20 19:28:07.006 66180 INFO tempest.lib.common.rest_client [req-7afcd1cc-52a4-47ec-99c1-e91392946686 req-7afcd1cc-52a4-47ec-99c1-e91392946686 ] Request (ImagesOneServerTestJSON:setUpClass): 201 POST http://10.180.1.21/identity/v3/auth/tokens 0.037s
2025-11-20 19:28:07.015 66174 INFO tempest.lib.common.rest_client [req-6f1e6576-2772-4340-a380-e86fe6534a4e req-6f1e6576-2772-4340-a380-e86fe6534a4e ] Request (VolumesAssistedSnapshotsTest:_run_cleanups): 200 GET http://10.180.1.21/volume/v3/volumes/cd70e456-fca5-4f3e-8370-8c2683849099 0.039s
2025-11-20 19:28:07.034 66152 INFO tempest.lib.common.rest_client [req-dd7e200e-31e0-4973-9b38-ab8c2b37c61e req-dd7e200e-31e0-4973-9b38-ab8c2b37c61e ] Request (VolumesSnapshotsTestJSON:_run_cleanups): 202 DELETE http://10.180.1.21/compute/v2.1/os-snapshots/a99ec566-de0a-4d47-a046-fc1de7467410 2.721s
2025-11-20 19:28:07.034 66180 INFO tempest.lib.common.rest_client [req-72ec33d2-486f-470d-b5db-7ab071033ef2 req-72ec33d2-486f-470d-b5db-7ab071033ef2 ] Request (ImagesOneServerTestJSON:setUpClass): 200 GET http://10.180.1.21/identity/v3/domains?name=Default 0.027s
2025-11-20 19:28:07.066 66200 INFO tempest.lib.common.rest_client [req-44829a1d-4159-4742-a128-be88d7a1970a req-44829a1d-4159-4742-a128-be88d7a1970a ] Request (ServerTagsTestJSON:tearDownClass): 204 DELETE http://10.180.1.21/identity/v3/projects/b5e97b9a4ff742d9bfe6544575c5f502 0.104s
2025-11-20 19:28:07.095 66178 INFO tempest.lib.common.rest_client [req-22a572c4-3d77-4541-a560-866333f23ba5 req-22a572c4-3d77-4541-a560-866333f23ba5 ] Request (VolumesAdminNegativeTest:test_update_attached_volume_with_nonexistent_volume_in_uri): 200 GET http://10.180.1.21/compute/v2.1/servers/aa88b58e-d8c3-4b9e-bc47-3f9a4c12170c 2.203s
2025-11-20 19:28:07.121 66164 INFO tempest.lib.common.rest_client [req-6ed16e22-6a1b-4fd2-a909-318e93e6ccae req-6ed16e22-6a1b-4fd2-a909-318e93e6ccae ] Request (FloatingIPsAssociationNegativeTestJSON:setUpClass): 200 GET http://10.180.1.21/compute/v2.1/servers/cab31844-6d2a-474a-9176-e61b3f1e4218 2.104s
2025-11-20 19:28:07.144 66180 INFO tempest.lib.common.rest_client [req-398979d6-05e3-4e7a-ab00-6aee43898253 req-398979d6-05e3-4e7a-ab00-6aee43898253 ] Request (ImagesOneServerTestJSON:setUpClass): 201 POST http://10.180.1.21/identity/v3/projects 0.109s
2025-11-20 19:28:07.207 66144 INFO tempest.lib.common.rest_client [req-b965f860-f61b-497f-9efe-a2d340ed1b40 req-b965f860-f61b-497f-9efe-a2d340ed1b40 ] Request (ServerDiagnosticsV248Test:test_get_server_diagnostics): 200 GET http://10.180.1.21/compute/v2.1/servers/c2a6eb02-6a4d-4530-8aaf-6c1259563d6f 1.743s
2025-11-20 19:28:07.228 66142 INFO tempest.lib.common.rest_client [req-a7b97188-add9-44ca-b72f-e77402047319 req-a7b97188-add9-44ca-b72f-e77402047319 ] Request (InstanceActionsTestJSON:tearDownClass): 200 GET http://10.180.1.21/compute/v2.1/servers/8a4aeadd-8ebb-4e64-9885-22807258786d 1.742s
2025-11-20 19:28:07.260 66180 INFO tempest.lib.common.rest_client [req-ea69c833-f297-42a6-a4b0-7504bcf129dd req-ea69c833-f297-42a6-a4b0-7504bcf129dd ] Request (ImagesOneServerTestJSON:setUpClass): 201 POST http://10.180.1.21/identity/v3/users 0.115s
2025-11-20 19:28:07.267 66188 WARNING tempest.lib.common.ssh [-] Failed to establish authenticated ssh connection to cirros@10.180.180.148 ([Errno None] Unable to connect to port 22 on 10.180.180.148). Number attempts: 5. Retry after 6 seconds.: paramiko.ssh_exception.NoValidConnectionsError: [Errno None] Unable to connect to port 22 on 10.180.180.148
2025-11-20 19:28:07.284 66180 INFO tempest.lib.common.rest_client [req-b13c9c0c-1769-4f53-9dd9-b61d3c7fed1c req-b13c9c0c-1769-4f53-9dd9-b61d3c7fed1c ] Request (ImagesOneServerTestJSON:setUpClass): 200 GET http://10.180.1.21/identity/v3/roles 0.024s
2025-11-20 19:28:07.320 66138 INFO tempest.lib.common.rest_client [req-9847e4d6-68c1-4fa0-8207-242bdd7f11c3 req-9847e4d6-68c1-4fa0-8207-242bdd7f11c3 ] Request (ServersTestFqdnHostnames:tearDownClass): 204 DELETE http://10.180.1.21/compute/v2.1/servers/7e63c0c9-6171-4ed8-a8a9-aa49af68644f 1.666s
2025-11-20 19:28:07.334 66180 INFO tempest.lib.common.rest_client [req-ee47df0f-05f3-4121-8944-d4524200c88f req-ee47df0f-05f3-4121-8944-d4524200c88f ] Request (ImagesOneServerTestJSON:setUpClass): 204 PUT http://10.180.1.21/identity/v3/projects/5e0d9a4df659495eb951199f3330f0dc/users/34366e01f974482b9b039f7e2158c35b/roles/8930e2500a94494fa3e2290c4241e3a5 0.049s
2025-11-20 19:28:07.334 66180 INFO tempest.lib.common.dynamic_creds [-] Dynamic test user 34366e01f974482b9b039f7e2158c35b is created with scope project and roles: ['member']
2025-11-20 19:28:07.335 66180 INFO tempest.lib.common.dynamic_creds [-] Acquired dynamic creds: credentials: Credentials: {'domain_id': 'default', 'domain_name': 'Default', 'username': 'tempest-ImagesOneServerTestJSON-1882269560-project-member', 'project_domain_id': 'default', 'project_domain_name': 'Default', 'project_id': '5e0d9a4df659495eb951199f3330f0dc', 'project_name': 'tempest-ImagesOneServerTestJSON-1882269560', 'tenant_id': '5e0d9a4df659495eb951199f3330f0dc', 'tenant_name': 'tempest-ImagesOneServerTestJSON-1882269560', 'user_domain_id': 'default', 'user_domain_name': 'Default', 'user_id': '34366e01f974482b9b039f7e2158c35b', 'system': None}, Network: None, Subnet: None, Router: None
2025-11-20 19:28:07.339 66183 INFO tempest.lib.common.rest_client [req-51e02d03-44b9-4cda-bb4b-dc3a25f8c58a req-51e02d03-44b9-4cda-bb4b-dc3a25f8c58a ] Request (KeyPairsV22TestJSON:test_keypairsv22_create_list_show): 200 GET http://10.180.1.21/compute/v2.1/os-keypairs/tempest-keypair-1601818520 1.084s
2025-11-20 19:28:07.422 66180 INFO tempest.lib.common.rest_client [req-24918811-d5df-42a8-bbbb-26506e158f6a req-24918811-d5df-42a8-bbbb-26506e158f6a ] Request (ImagesOneServerTestJSON:setUpClass): 201 POST http://10.180.1.21/identity/v3/auth/tokens 0.087s
2025-11-20 19:28:07.498 66166 INFO tempest.lib.common.rest_client [req-c6ec51d0-d9c2-42c9-846b-0ea63d296ec6 req-c6ec51d0-d9c2-42c9-846b-0ea63d296ec6 ] Request (ServersListShow296Test:test_list_show_update_rebuild_server_296): 200 GET http://10.180.1.21/compute/v2.1/servers/efa38176-5bd0-41cb-86ad-0a591e840dd9 1.210s
2025-11-20 19:28:07.767 66184 WARNING tempest.lib.common.ssh [-] Failed to establish authenticated ssh connection to cirros@10.180.180.220 ([Errno None] Unable to connect to port 22 on 10.180.180.220). Number attempts: 3. Retry after 4 seconds.: paramiko.ssh_exception.NoValidConnectionsError: [Errno None] Unable to connect to port 22 on 10.180.180.220
2025-11-20 19:28:07.780 66180 INFO tempest.lib.common.rest_client [req-96848dea-5588-4404-b94f-a396917d6d7c req-96848dea-5588-4404-b94f-a396917d6d7c ] Request (ImagesOneServerTestJSON:setUpClass): 201 POST http://10.180.1.21/networking/v2.0/networks 0.357s
2025-11-20 19:28:07.810 66156 INFO tempest.lib.common.rest_client [req-da0c0b6d-27e2-4afd-8d6c-83302312c1b9 req-da0c0b6d-27e2-4afd-8d6c-83302312c1b9 ] Request (MigrationsAdminTest:test_resize_server_revert_deleted_flavor): 200 GET http://10.180.1.21/compute/v2.1/servers/82ca0e02-36c1-42e9-a274-406e8071d1e3 1.511s
2025-11-20 19:28:07.818 66156 INFO tempest.common.waiters [-] State transition "BUILD/scheduling" ==> "BUILD/None" after 7 second wait
2025-11-20 19:28:07.848 66140 INFO tempest.lib.common.rest_client [req-23b73883-d4dd-4b7c-8ad2-61ab2015d3a6 req-23b73883-d4dd-4b7c-8ad2-61ab2015d3a6 ] Request (ServerGroupTestJSON:test_create_server_with_scheduler_hint_group): 200 GET http://10.180.1.21/compute/v2.1/os-server-groups/219e2317-7ae5-4590-9501-834379207479 1.462s
2025-11-20 19:28:07.906 66150 INFO tempest.lib.common.rest_client [req-a2a9e02b-6493-427a-a6bd-68d644562cf9 req-a2a9e02b-6493-427a-a6bd-68d644562cf9 ] Request (ListServerFiltersTestJSON:test_list_servers_filtered_by_name_wildcard): 200 GET http://10.180.1.21/compute/v2.1/servers?name=t-ListServerFiltersTestJSON-instance-176343540 1.263s
2025-11-20 19:28:08.066 66180 INFO tempest.lib.common.rest_client [req-4752799b-57ab-4e11-ac49-a2b039909849 req-4752799b-57ab-4e11-ac49-a2b039909849 ] Request (ImagesOneServerTestJSON:setUpClass): 201 POST http://10.180.1.21/networking/v2.0/subnets 0.286s
2025-11-20 19:28:08.225 66146 INFO tempest.lib.common.rest_client [req-faad889e-71ed-4096-9dfe-e805235f8b51 req-faad889e-71ed-4096-9dfe-e805235f8b51 ] Request (DeleteServersTestJSON:test_delete_active_server): 200 GET http://10.180.1.21/compute/v2.1/servers/06cb20f8-7327-4248-bf91-4c7dc6bbe3ac 1.343s
2025-11-20 19:28:08.979 66180 INFO tempest.lib.common.rest_client [req-c3666fae-8fd7-433d-8d4a-72caefc0bbae req-c3666fae-8fd7-433d-8d4a-72caefc0bbae ] Request (ImagesOneServerTestJSON:setUpClass): 201 POST http://10.180.1.21/networking/v2.0/routers 0.913s
2025-11-20 19:28:09.786 66158 INFO tempest.lib.common.rest_client [req-1d9092e6-3994-41f6-aa9b-820050a4c02c req-1d9092e6-3994-41f6-aa9b-820050a4c02c ] Request (ServersWithSpecificFlavorTestJSON:test_verify_created_server_ephemeral_disk): 202 POST http://10.180.1.21/compute/v2.1/servers 3.734s
2025-11-20 19:28:09.848 66196 WARNING tempest.lib.common.ssh [-] Failed to establish authenticated ssh connection to cirros@10.180.180.186 ([Errno None] Unable to connect to port 22 on 10.180.180.186). Number attempts: 9. Retry after 10 seconds.: paramiko.ssh_exception.NoValidConnectionsError: [Errno None] Unable to connect to port 22 on 10.180.180.186
2025-11-20 19:28:09.970 66174 INFO tempest.lib.common.rest_client [req-8c852b13-9e39-4843-b871-8e825b6b0e3b req-8c852b13-9e39-4843-b871-8e825b6b0e3b ] Request (VolumesAssistedSnapshotsTest:_run_cleanups): 202 DELETE http://10.180.1.21/compute/v2.1/servers/f7f6ad9b-f2f9-4c19-bc63-59a542c76b8a/os-volume_attachments/cd70e456-fca5-4f3e-8370-8c2683849099 2.944s
2025-11-20 19:28:10.003 66180 INFO tempest.lib.common.rest_client [req-d174a091-fe10-4dd7-8402-65edb7b6bf18 req-d174a091-fe10-4dd7-8402-65edb7b6bf18 ] Request (ImagesOneServerTestJSON:setUpClass): 200 PUT http://10.180.1.21/networking/v2.0/routers/2a0b1c7b-12a1-4075-aa0f-815740240fa0/add_router_interface 1.024s
2025-11-20 19:28:10.004 66180 INFO tempest.lib.common.dynamic_creds [-] Created isolated network resources for: credentials: Credentials: {'domain_id': 'default', 'domain_name': 'Default', 'username': 'tempest-ImagesOneServerTestJSON-1882269560-project-member', 'project_domain_id': 'default', 'project_domain_name': 'Default', 'project_id': '5e0d9a4df659495eb951199f3330f0dc', 'project_name': 'tempest-ImagesOneServerTestJSON-1882269560', 'tenant_id': '5e0d9a4df659495eb951199f3330f0dc', 'tenant_name': 'tempest-ImagesOneServerTestJSON-1882269560', 'user_domain_id': 'default', 'user_domain_name': 'Default', 'user_id': '34366e01f974482b9b039f7e2158c35b', 'system': None}, Network: {'id': '0a160d9e-f3df-4ace-bcea-d4b587fc0adc', 'name': 'tempest-ImagesOneServerTestJSON-1395602675-network', 'tenant_id': '5e0d9a4df659495eb951199f3330f0dc', 'project_id': '5e0d9a4df659495eb951199f3330f0dc', 'admin_state_up': True, 'mtu': 8950, 'status': 'ACTIVE', 'subnets': [], 'shared': False, 'port_security_enabled': True, 'router:external': False, 'provider:network_type': 'vlan', 'provider:physical_network': 'default', 'provider:segmentation_id': 331, 'availability_zone_hints': [], 'availability_zones': [], 'ipv4_address_scope': None, 'ipv6_address_scope': None, 'description': '', 'tags': [], 'created_at': '2025-11-20T19:28:07Z', 'updated_at': '2025-11-20T19:28:07Z', 'revision_number': 1}, Subnet: {'id': '9b20ad31-6f9b-4f4a-b19b-2fa611ba42c0', 'name': 'tempest-ImagesOneServerTestJSON-1395602675-subnet', 'tenant_id': '5e0d9a4df659495eb951199f3330f0dc', 'network_id': '0a160d9e-f3df-4ace-bcea-d4b587fc0adc', 'ip_version': 4, 'subnetpool_id': None, 'enable_dhcp': True, 'ipv6_ra_mode': None, 'ipv6_address_mode': None, 'gateway_ip': '192.168.128.1', 'cidr': '192.168.128.0/28', 'allocation_pools': [{'start': '192.168.128.2', 'end': '192.168.128.14'}], 'host_routes': [], 'dns_nameservers': [], 'description': '', 'router:external': False, 'service_types': [], 'tags': [], 'created_at': '2025-11-20T19:28:07Z', 'updated_at': '2025-11-20T19:28:07Z', 'revision_number': 0, 'project_id': '5e0d9a4df659495eb951199f3330f0dc'}, Router: {'id': '2a0b1c7b-12a1-4075-aa0f-815740240fa0', 'name': 'tempest-ImagesOneServerTestJSON-1395602675-router', 'tenant_id': '5e0d9a4df659495eb951199f3330f0dc', 'admin_state_up': True, 'status': 'ACTIVE', 'external_gateway_info': {'network_id': '1c49ab14-ef0a-47f6-864d-c3798546b01c', 'external_fixed_ips': [{'subnet_id': '5026b1af-25fa-4936-b457-cea17b2bb310', 'ip_address': '10.180.180.134'}], 'enable_snat': True}, 'description': '', 'availability_zones': [], 'distributed': False, 'ha': False, 'availability_zone_hints': [], 'routes': [], 'flavor_id': None, 'tags': [], 'created_at': '2025-11-20T19:28:08Z', 'updated_at': '2025-11-20T19:28:08Z', 'revision_number': 2, 'project_id': '5e0d9a4df659495eb951199f3330f0dc'}
2025-11-20 19:28:10.013 66152 INFO tempest.lib.common.rest_client [req-f640cd5e-7237-4e86-ad78-54a3b3e6296d req-f640cd5e-7237-4e86-ad78-54a3b3e6296d ] Request (VolumesSnapshotsTestJSON:_run_cleanups): 404 GET http://10.180.1.21/compute/v2.1/os-snapshots/a99ec566-de0a-4d47-a046-fc1de7467410 2.978s
2025-11-20 19:28:10.138 66180 INFO tempest.lib.common.rest_client [req-3f7cd1f0-b1bf-46d3-9c71-4688ff15fa9f req-3f7cd1f0-b1bf-46d3-9c71-4688ff15fa9f ] Request (ImagesOneServerTestJSON:setUpClass): 201 POST http://10.180.1.21/identity/v3/auth/tokens 0.131s
2025-11-20 19:28:10.182 66180 INFO tempest.lib.common.rest_client [req-b09d89c4-7a61-4ab3-8ecf-992b50b05035 req-b09d89c4-7a61-4ab3-8ecf-992b50b05035 ] Request (ImagesOneServerTestJSON:setUpClass): 201 POST http://10.180.1.21/identity/v3/auth/tokens 0.039s
2025-11-20 19:28:10.182 66180 INFO tempest.lib.common.fixed_network [-] (ImagesOneServerTestJSON:setUpClass) Found network {'id': '0a160d9e-f3df-4ace-bcea-d4b587fc0adc', 'name': 'tempest-ImagesOneServerTestJSON-1395602675-network', 'tenant_id': '5e0d9a4df659495eb951199f3330f0dc', 'project_id': '5e0d9a4df659495eb951199f3330f0dc', 'admin_state_up': True, 'mtu': 8950, 'status': 'ACTIVE', 'subnets': [], 'shared': False, 'port_security_enabled': True, 'router:external': False, 'provider:network_type': 'vlan', 'provider:physical_network': 'default', 'provider:segmentation_id': 331, 'availability_zone_hints': [], 'availability_zones': [], 'ipv4_address_scope': None, 'ipv6_address_scope': None, 'description': '', 'tags': [], 'created_at': '2025-11-20T19:28:07Z', 'updated_at': '2025-11-20T19:28:07Z', 'revision_number': 1} available for tenant
2025-11-20 19:28:11.241 66168 INFO tempest.lib.common.rest_client [req-52ac9715-c04b-4fd8-9196-b967117cce38 req-52ac9715-c04b-4fd8-9196-b967117cce38 ] Request (AttachInterfacesV270Test:test_create_get_list_interfaces): 200 GET http://10.180.1.21/compute/v2.1/servers/35cac359-8f34-4ebb-a59c-815ead7a2a73 4.043s
2025-11-20 19:28:11.483 66162 INFO tempest.lib.common.rest_client [req-2419bbe6-837a-48dc-bd4e-753620852f17 req-2419bbe6-837a-48dc-bd4e-753620852f17 ] Request (SecurityGroupsTestJSON:test_list_security_groups_by_server): 200 GET http://10.180.1.21/compute/v2.1/servers/390f8908-e3b7-420b-9b56-11a0e155f824 4.283s
2025-11-20 19:28:11.491 66162 INFO tempest.common.waiters [-] State transition "BUILD/None" ==> "BUILD/spawning" after 34 second wait
2025-11-20 19:28:11.616 66138 INFO tempest.lib.common.rest_client [req-a38df68a-49f4-4acd-b874-5a0f6f7dea98 req-a38df68a-49f4-4acd-b874-5a0f6f7dea98 ] Request (ServersTestFqdnHostnames:tearDownClass): 200 GET http://10.180.1.21/compute/v2.1/servers/7e63c0c9-6171-4ed8-a8a9-aa49af68644f 4.295s
2025-11-20 19:28:11.627 66183 INFO tempest.lib.common.rest_client [req-3eebd82c-e247-4d32-9e57-3c0d6f39cbc7 req-3eebd82c-e247-4d32-9e57-3c0d6f39cbc7 ] Request (KeyPairsV22TestJSON:test_keypairsv22_create_list_show): 200 GET http://10.180.1.21/compute/v2.1/os-keypairs 4.285s
2025-11-20 19:28:11.695 66198 INFO tempest.lib.common.rest_client [req-d17ae609-7663-4e38-9e73-f71ad5e6ff8c req-d17ae609-7663-4e38-9e73-f71ad5e6ff8c ] Request (FloatingIPsAssociationTestJSON:test_associate_disassociate_floating_ip): 202 POST http://10.180.1.21/compute/v2.1/servers/6fcd8038-8d4b-4ccc-a35b-8e0d64dc1afb/action 4.745s
2025-11-20 19:28:11.713 66194 INFO tempest.lib.common.rest_client [req-887344c6-f923-4c15-9776-3daa427e7da8 req-887344c6-f923-4c15-9776-3daa427e7da8 ] Request (ServersAdminNegativeTestJSON:tearDownClass): 200 GET http://10.180.1.21/compute/v2.1/servers/72515fcf-ef69-4c74-879f-9ebddc878d8e 4.349s
2025-11-20 19:28:11.756 66190 INFO tempest.lib.common.rest_client [req-fe27d289-8dcc-49e0-92d5-8596502819a4 req-fe27d289-8dcc-49e0-92d5-8596502819a4 ] Request (ServersTestJSON:test_create_server_specify_multibyte_character_name): 200 GET http://10.180.1.21/compute/v2.1/servers/6bcfbc45-310e-4e38-85e3-06cc72475da4 4.177s
2025-11-20 19:28:11.771 66172 INFO tempest.lib.common.rest_client [req-d5fbd407-0d5c-4430-9a1d-5d32c6ca7fe8 req-d5fbd407-0d5c-4430-9a1d-5d32c6ca7fe8 ] Request (ImagesTestJSON:test_create_image_from_stopped_server): 200 GET http://10.180.1.21/compute/v2.1/servers/fc92d1d2-1ef4-4486-9396-75601b0d1b63 4.170s
2025-11-20 19:28:11.814 66160 INFO tempest.lib.common.rest_client [req-79f4fef4-016a-4ec8-afbb-e73fb2bef5e3 req-79f4fef4-016a-4ec8-afbb-e73fb2bef5e3 ] Request (AttachInterfacesUnderV243Test:test_add_remove_fixed_ip): 200 GET http://10.180.1.21/compute/v2.1/servers/59231fc2-ff80-49d0-8b59-de82fd0cf09b 4.022s
2025-11-20 19:28:11.834 66186 INFO tempest.lib.common.rest_client [req-88fe8d9d-a057-4185-a3cc-b93c1ad81d43 req-88fe8d9d-a057-4185-a3cc-b93c1ad81d43 ] Request (ServersAdminTestJSON:test_inject_network_info): 200 GET http://10.180.1.21/compute/v2.1/servers/a3705277-2e21-4b26-9736-4387b88a38ea 4.025s
2025-11-20 19:28:11.883 66148 INFO tempest.lib.common.rest_client [req-08cc4a11-f1bb-428f-ad77-a6d56abc5b7a req-08cc4a11-f1bb-428f-ad77-a6d56abc5b7a ] Request (ListImageFiltersTestJSON:setUpClass): 200 GET http://10.180.1.21/compute/v2.1/images/1a7be5a7-04e6-4797-a0a5-29aee226bfa4 4.028s
2025-11-20 19:28:11.907 66140 INFO tempest.lib.common.rest_client [req-2be8407b-d0ba-4d70-b96b-cb5dbe42ed95 req-2be8407b-d0ba-4d70-b96b-cb5dbe42ed95 ] Request (ServerGroupTestJSON:_run_cleanups): 204 DELETE http://10.180.1.21/compute/v2.1/servers/3f09a2f7-ff48-43dd-8a74-56fef0aa2d8d 4.057s
2025-11-20 19:28:11.946 66154 INFO tempest.lib.common.rest_client [req-c4c9f265-489c-49ae-ab3b-888baa0448b7 req-c4c9f265-489c-49ae-ab3b-888baa0448b7 ] Request (ServerAddressesTestJSON:tearDownClass): 200 GET http://10.180.1.21/compute/v2.1/servers/e6b4c251-5cd8-4674-8248-543cd2e49187 4.052s
2025-11-20 19:28:11.955 66154 INFO tempest.common.waiters [-] State transition "ACTIVE/deleting" ==> "DELETED/None" after 5 second wait
2025-11-20 19:28:11.999 66150 INFO tempest.lib.common.rest_client [req-cbc9d137-20b9-4df0-995c-c113bd28f207 req-cbc9d137-20b9-4df0-995c-c113bd28f207 ] Request (ListServerFiltersTestJSON:tearDownClass): 204 DELETE http://10.180.1.21/compute/v2.1/servers/68e99c34-d428-41b9-9211-1b2e71067149 4.090s
2025-11-20 19:28:12.007 66176 INFO tempest.lib.common.rest_client [req-8b2a2084-35eb-4b35-9439-d9306f6077a3 req-8b2a2084-35eb-4b35-9439-d9306f6077a3 ] Request (ImagesNegativeTestJSON:test_create_image_from_deleted_server): 200 GET http://10.180.1.21/compute/v2.1/servers/dce439e6-5424-4f3e-9b93-37604a5cb6d7 4.002s
2025-11-20 19:28:12.061 66178 INFO tempest.lib.common.rest_client [req-82a93225-559a-4b47-82c4-a3d6fe012b49 req-82a93225-559a-4b47-82c4-a3d6fe012b49 ] Request (VolumesAdminNegativeTest:test_update_attached_volume_with_nonexistent_volume_in_uri): 200 GET http://10.180.1.21/compute/v2.1/servers/aa88b58e-d8c3-4b9e-bc47-3f9a4c12170c 3.955s
2025-11-20 19:28:12.147 66144 INFO tempest.lib.common.rest_client [req-f3cebcf5-9167-4b74-bb80-279baf7cc4d7 req-f3cebcf5-9167-4b74-bb80-279baf7cc4d7 ] Request (ServerDiagnosticsV248Test:test_get_server_diagnostics): 200 GET http://10.180.1.21/compute/v2.1/servers/c2a6eb02-6a4d-4530-8aaf-6c1259563d6f 3.923s
2025-11-20 19:28:12.183 66164 INFO tempest.lib.common.rest_client [req-1e5ec4c5-d813-40f1-9805-0916f0e7429a req-1e5ec4c5-d813-40f1-9805-0916f0e7429a ] Request (FloatingIPsAssociationNegativeTestJSON:setUpClass): 200 GET http://10.180.1.21/compute/v2.1/servers/cab31844-6d2a-474a-9176-e61b3f1e4218 4.050s
2025-11-20 19:28:12.190 66164 INFO tempest.common.waiters [-] State transition "BUILD/None" ==> "BUILD/spawning" after 30 second wait
2025-11-20 19:28:12.210 66142 INFO tempest.lib.common.rest_client [req-3cf1b172-2575-46d8-90ac-30a9bccd16e4 req-3cf1b172-2575-46d8-90ac-30a9bccd16e4 ] Request (InstanceActionsTestJSON:tearDownClass): 200 GET http://10.180.1.21/compute/v2.1/servers/8a4aeadd-8ebb-4e64-9885-22807258786d 3.968s
2025-11-20 19:28:12.250 66166 INFO tempest.lib.common.rest_client [req-0a8741b9-23b0-4926-b1a5-cc22f7b76c6b req-0a8741b9-23b0-4926-b1a5-cc22f7b76c6b ] Request (ServersListShow296Test:test_list_show_update_rebuild_server_296): 200 GET http://10.180.1.21/compute/v2.1/servers/efa38176-5bd0-41cb-86ad-0a591e840dd9 3.737s
2025-11-20 19:28:12.261 66156 INFO tempest.lib.common.rest_client [req-fbad0e7e-724c-4153-b8d2-40e0a1dd89f7 req-fbad0e7e-724c-4153-b8d2-40e0a1dd89f7 ] Request (MigrationsAdminTest:test_resize_server_revert_deleted_flavor): 200 GET http://10.180.1.21/compute/v2.1/servers/82ca0e02-36c1-42e9-a274-406e8071d1e3 3.441s
2025-11-20 19:28:12.274 66184 WARNING tempest.lib.common.ssh [-] Failed to establish authenticated ssh connection to cirros@10.180.180.220 ([Errno None] Unable to connect to port 22 on 10.180.180.220). Number attempts: 4. Retry after 5 seconds.: paramiko.ssh_exception.NoValidConnectionsError: [Errno None] Unable to connect to port 22 on 10.180.180.220
2025-11-20 19:28:12.333 66146 INFO tempest.lib.common.rest_client [req-889b67a3-3b82-43d6-96a7-4db9ce82171d req-889b67a3-3b82-43d6-96a7-4db9ce82171d ] Request (DeleteServersTestJSON:test_delete_active_server): 200 GET http://10.180.1.21/compute/v2.1/servers/06cb20f8-7327-4248-bf91-4c7dc6bbe3ac 3.096s
2025-11-20 19:28:12.359 66158 INFO tempest.lib.common.rest_client [req-1618d13b-f619-4999-9039-0852105c214e req-1618d13b-f619-4999-9039-0852105c214e ] Request (ServersWithSpecificFlavorTestJSON:test_verify_created_server_ephemeral_disk): 200 GET http://10.180.1.21/compute/v2.1/servers/116446be-10ba-4d31-a08d-56ab621bd997 2.570s
2025-11-20 19:28:12.398 66174 INFO tempest.lib.common.rest_client [req-2880fce7-3123-426f-8de2-48b311a8e799 req-2880fce7-3123-426f-8de2-48b311a8e799 ] Request (VolumesAssistedSnapshotsTest:_run_cleanups): 200 GET http://10.180.1.21/compute/v2.1/servers/f7f6ad9b-f2f9-4c19-bc63-59a542c76b8a/os-volume_attachments 2.427s
2025-11-20 19:28:12.427 66152 INFO tempest.lib.common.rest_client [req-8fcba56b-13de-486f-a485-a391aeb8cd29 req-8fcba56b-13de-486f-a485-a391aeb8cd29 ] Request (VolumesSnapshotsTestJSON:_run_cleanups): 202 DELETE http://10.180.1.21/compute/v2.1/os-volumes/ec1d93de-ae82-49f5-890c-35569edd88bd 2.413s
2025-11-20 19:28:12.445 66183 INFO tempest.lib.common.rest_client [req-c9a421fb-9248-47ba-b761-85a680398ecb req-c9a421fb-9248-47ba-b761-85a680398ecb ] Request (KeyPairsV22TestJSON:_run_cleanups): 204 DELETE http://10.180.1.21/compute/v2.1/os-keypairs/tempest-keypair-1601818520 0.816s
2025-11-20 19:28:12.938 66198 INFO tempest.lib.common.rest_client [req-11b2e874-772f-4a8b-bcb9-5230b43f3e6e req-11b2e874-772f-4a8b-bcb9-5230b43f3e6e ] Request (FloatingIPsAssociationTestJSON:test_associate_disassociate_floating_ip): 200 GET http://10.180.1.21/compute/v2.1/os-floating-ips/94c3450f-943a-43cc-9e90-00e46edc0704 1.242s
2025-11-20 19:28:13.252 66140 INFO tempest.lib.common.rest_client [req-a00a336f-bb5d-4768-a4f7-2f83a002534d req-a00a336f-bb5d-4768-a4f7-2f83a002534d ] Request (ServerGroupTestJSON:_run_cleanups): 200 GET http://10.180.1.21/compute/v2.1/servers/3f09a2f7-ff48-43dd-8a74-56fef0aa2d8d 1.344s
2025-11-20 19:28:13.441 66180 INFO tempest.lib.common.rest_client [req-cf9682d7-69f2-4692-9de0-d2dfea004558 req-cf9682d7-69f2-4692-9de0-d2dfea004558 ] Request (ImagesOneServerTestJSON:setUpClass): 202 POST http://10.180.1.21/compute/v2.1/servers 3.258s
2025-11-20 19:28:13.648 66150 INFO tempest.lib.common.rest_client [req-2d6fb877-b5bd-4c17-a1cd-1fc50eddc666 req-2d6fb877-b5bd-4c17-a1cd-1fc50eddc666 ] Request (ListServerFiltersTestJSON:tearDownClass): 200 GET http://10.180.1.21/compute/v2.1/servers/68e99c34-d428-41b9-9211-1b2e71067149 1.648s
2025-11-20 19:28:13.678 66152 INFO tempest.lib.common.rest_client [req-50fed517-4cf3-48e2-9f1b-e2b431873bc7 req-50fed517-4cf3-48e2-9f1b-e2b431873bc7 ] Request (VolumesSnapshotsTestJSON:_run_cleanups): 404 GET http://10.180.1.21/compute/v2.1/os-volumes/ec1d93de-ae82-49f5-890c-35569edd88bd 1.251s
2025-11-20 19:28:13.778 66188 INFO paramiko.transport [-] Connected (version 2.0, client dropbear_2020.81)
2025-11-20 19:28:13.834 66168 INFO tempest.lib.common.rest_client [req-f8944e3d-9021-49e5-8151-376f9e215c8b req-f8944e3d-9021-49e5-8151-376f9e215c8b ] Request (AttachInterfacesV270Test:test_create_get_list_interfaces): 200 GET http://10.180.1.21/compute/v2.1/servers/35cac359-8f34-4ebb-a59c-815ead7a2a73 1.581s
2025-11-20 19:28:13.888 66188 INFO paramiko.transport [-] Authentication (publickey) successful!
2025-11-20 19:28:13.888 66188 INFO tempest.lib.common.ssh [-] ssh connection to cirros@10.180.180.148 successfully created
2025-11-20 19:28:13.951 66183 INFO tempest.lib.common.rest_client [req-219c947b-47e0-4cd3-aa7d-2f188eb7e614 req-219c947b-47e0-4cd3-aa7d-2f188eb7e614 ] Request (KeyPairsV22TestJSON:test_keypairsv22_create_list_show_with_type): 201 POST http://10.180.1.21/compute/v2.1/os-keypairs 1.504s
2025-11-20 19:28:14.006 66162 INFO tempest.lib.common.rest_client [req-fc81397f-6eba-4369-bdab-9694c31a49b9 req-fc81397f-6eba-4369-bdab-9694c31a49b9 ] Request (SecurityGroupsTestJSON:test_list_security_groups_by_server): 200 GET http://10.180.1.21/compute/v2.1/servers/390f8908-e3b7-420b-9b56-11a0e155f824 1.514s
2025-11-20 19:28:14.050 66138 INFO tempest.lib.common.rest_client [req-c6e60890-4281-452d-8742-5e721c0a6708 req-c6e60890-4281-452d-8742-5e721c0a6708 ] Request (ServersTestFqdnHostnames:tearDownClass): 200 GET http://10.180.1.21/compute/v2.1/servers/7e63c0c9-6171-4ed8-a8a9-aa49af68644f 1.422s
2025-11-20 19:28:14.062 66138 INFO tempest.common.waiters [-] State transition "ACTIVE/deleting" ==> "DELETED/None" after 3 second wait
2025-11-20 19:28:14.104 66194 INFO tempest.lib.common.rest_client [req-c9e69f10-1cb7-474f-8eb7-fc05b72effe8 req-c9e69f10-1cb7-474f-8eb7-fc05b72effe8 ] Request (ServersAdminNegativeTestJSON:tearDownClass): 200 GET http://10.180.1.21/compute/v2.1/servers/72515fcf-ef69-4c74-879f-9ebddc878d8e 1.383s
2025-11-20 19:28:14.169 66190 INFO tempest.lib.common.rest_client [req-93ade6e4-fd8d-4e1b-ba9c-82a736d0174f req-93ade6e4-fd8d-4e1b-ba9c-82a736d0174f ] Request (ServersTestJSON:test_create_server_specify_multibyte_character_name): 200 GET http://10.180.1.21/compute/v2.1/servers/6bcfbc45-310e-4e38-85e3-06cc72475da4 1.404s
2025-11-20 19:28:14.182 66172 INFO tempest.lib.common.rest_client [req-03c5b2eb-3cc8-42f6-bd84-81fa357d8b1f req-03c5b2eb-3cc8-42f6-bd84-81fa357d8b1f ] Request (ImagesTestJSON:test_create_image_from_stopped_server): 200 GET http://10.180.1.21/compute/v2.1/servers/fc92d1d2-1ef4-4486-9396-75601b0d1b63 1.402s
2025-11-20 19:28:14.239 66160 INFO tempest.lib.common.rest_client [req-95026dfa-f245-428e-83bf-5514df1c01ee req-95026dfa-f245-428e-83bf-5514df1c01ee ] Request (AttachInterfacesUnderV243Test:test_add_remove_fixed_ip): 200 GET http://10.180.1.21/compute/v2.1/servers/59231fc2-ff80-49d0-8b59-de82fd0cf09b 1.413s
2025-11-20 19:28:14.293 66148 INFO tempest.lib.common.rest_client [req-2475fb90-e5c4-4b83-85df-20f7d6a41953 req-2475fb90-e5c4-4b83-85df-20f7d6a41953 ] Request (ListImageFiltersTestJSON:setUpClass): 200 GET http://10.180.1.21/compute/v2.1/images/1a7be5a7-04e6-4797-a0a5-29aee226bfa4 1.403s
2025-11-20 19:28:14.302 66186 INFO tempest.lib.common.rest_client [req-41a7bc94-ce21-44e8-a3a9-dd092248e2d4 req-41a7bc94-ce21-44e8-a3a9-dd092248e2d4 ] Request (ServersAdminTestJSON:test_inject_network_info): 200 GET http://10.180.1.21/compute/v2.1/servers/a3705277-2e21-4b26-9736-4387b88a38ea 1.456s
2025-11-20 19:28:14.310 66186 INFO tempest.common.waiters [-] State transition "BUILD/None" ==> "BUILD/spawning" after 31 second wait
2025-11-20 19:28:14.365 66154 INFO tempest.lib.common.rest_client [req-93e08f40-10ad-4e1a-a96e-4442953f9b80 req-93e08f40-10ad-4e1a-a96e-4442953f9b80 ] Request (ServerAddressesTestJSON:tearDownClass): 200 GET http://10.180.1.21/compute/v2.1/servers/e6b4c251-5cd8-4674-8248-543cd2e49187 1.409s
2025-11-20 19:28:14.438 66176 INFO tempest.lib.common.rest_client [req-4673b857-d416-4f21-89cf-77744d4b5191 req-4673b857-d416-4f21-89cf-77744d4b5191 ] Request (ImagesNegativeTestJSON:test_create_image_from_deleted_server): 200 GET http://10.180.1.21/compute/v2.1/servers/dce439e6-5424-4f3e-9b93-37604a5cb6d7 1.424s
2025-11-20 19:28:14.557 66178 INFO tempest.lib.common.rest_client [req-cbf9eaed-b414-41fd-8d3d-3e6ba5ed1bce req-cbf9eaed-b414-41fd-8d3d-3e6ba5ed1bce ] Request (VolumesAdminNegativeTest:test_update_attached_volume_with_nonexistent_volume_in_uri): 200 GET http://10.180.1.21/compute/v2.1/servers/aa88b58e-d8c3-4b9e-bc47-3f9a4c12170c 1.488s
2025-11-20 19:28:14.620 66144 INFO tempest.lib.common.rest_client [req-c76e5daf-5bb5-46a5-813d-3cc16dcb9914 req-c76e5daf-5bb5-46a5-813d-3cc16dcb9914 ] Request (ServerDiagnosticsV248Test:test_get_server_diagnostics): 200 GET http://10.180.1.21/compute/v2.1/servers/c2a6eb02-6a4d-4530-8aaf-6c1259563d6f 1.462s
2025-11-20 19:28:14.722 66164 INFO tempest.lib.common.rest_client [req-1ffff593-21b7-43ef-bcf4-2559afeb1022 req-1ffff593-21b7-43ef-bcf4-2559afeb1022 ] Request (FloatingIPsAssociationNegativeTestJSON:setUpClass): 200 GET http://10.180.1.21/compute/v2.1/servers/cab31844-6d2a-474a-9176-e61b3f1e4218 1.531s
2025-11-20 19:28:14.794 66142 INFO tempest.lib.common.rest_client [req-8d291733-e55c-4e3e-aca5-e9229992da1c req-8d291733-e55c-4e3e-aca5-e9229992da1c ] Request (InstanceActionsTestJSON:tearDownClass): 200 GET http://10.180.1.21/compute/v2.1/servers/8a4aeadd-8ebb-4e64-9885-22807258786d 1.571s
2025-11-20 19:28:14.865 66166 INFO tempest.lib.common.rest_client [req-5673dc0d-a77f-4059-bcd2-6b050cc36ea5 req-5673dc0d-a77f-4059-bcd2-6b050cc36ea5 ] Request (ServersListShow296Test:test_list_show_update_rebuild_server_296): 200 GET http://10.180.1.21/compute/v2.1/servers/efa38176-5bd0-41cb-86ad-0a591e840dd9 1.600s
2025-11-20 19:28:14.920 66156 INFO tempest.lib.common.rest_client [req-e6dcac53-5e96-48da-ab98-845181a81861 req-e6dcac53-5e96-48da-ab98-845181a81861 ] Request (MigrationsAdminTest:test_resize_server_revert_deleted_flavor): 200 GET http://10.180.1.21/compute/v2.1/servers/82ca0e02-36c1-42e9-a274-406e8071d1e3 1.651s
2025-11-20 19:28:15.002 66146 INFO tempest.lib.common.rest_client [req-d3469be6-6a43-412b-8595-ac7bf0426ff7 req-d3469be6-6a43-412b-8595-ac7bf0426ff7 ] Request (DeleteServersTestJSON:test_delete_active_server): 200 GET http://10.180.1.21/compute/v2.1/servers/06cb20f8-7327-4248-bf91-4c7dc6bbe3ac 1.658s
2025-11-20 19:28:15.063 66158 INFO tempest.lib.common.rest_client [req-1582768c-d2c6-4dd4-8cdd-cf0fd7155569 req-1582768c-d2c6-4dd4-8cdd-cf0fd7155569 ] Request (ServersWithSpecificFlavorTestJSON:test_verify_created_server_ephemeral_disk): 200 GET http://10.180.1.21/compute/v2.1/servers/116446be-10ba-4d31-a08d-56ab621bd997 1.695s
2025-11-20 19:28:15.099 66174 INFO tempest.lib.common.rest_client [req-c9910189-15cc-4f0e-b319-f400a1807793 req-c9910189-15cc-4f0e-b319-f400a1807793 ] Request (VolumesAssistedSnapshotsTest:_run_cleanups): 200 GET http://10.180.1.21/compute/v2.1/servers/f7f6ad9b-f2f9-4c19-bc63-59a542c76b8a/os-volume_attachments 1.698s
2025-11-20 19:28:15.134 66174 INFO tempest.lib.common.rest_client [req-5971c2e8-c2c5-4c00-932e-429819b26e4c req-5971c2e8-c2c5-4c00-932e-429819b26e4c ] Request (VolumesAssistedSnapshotsTest:_run_cleanups): 200 GET http://10.180.1.21/volume/v3/volumes/cd70e456-fca5-4f3e-8370-8c2683849099 0.034s
2025-11-20 19:28:15.141 66174 INFO tempest.common.waiters [-] volume cd70e456-fca5-4f3e-8370-8c2683849099 reached available after waiting for 0.141546 seconds
2025-11-20 19:28:15.154 66180 INFO tempest.lib.common.rest_client [req-a8ab280d-6989-403f-8f39-d4e56a0c0e52 req-a8ab280d-6989-403f-8f39-d4e56a0c0e52 ] Request (ImagesOneServerTestJSON:setUpClass): 200 GET http://10.180.1.21/compute/v2.1/servers/cf578ae6-a9ba-4445-b100-69bd290bae9b 1.710s
2025-11-20 19:28:15.182 66174 INFO tempest.lib.common.rest_client [req-ef7be52f-9e3e-4685-a665-86b21060491a req-ef7be52f-9e3e-4685-a665-86b21060491a ] Request (VolumesAssistedSnapshotsTest:_run_cleanups): 202 DELETE http://10.180.1.21/volume/v3/volumes/cd70e456-fca5-4f3e-8370-8c2683849099 0.040s
2025-11-20 19:28:15.182 66152 INFO tempest.lib.common.rest_client [req-b4b3d902-5185-4c32-b1ec-18b9193f1352 req-b4b3d902-5185-4c32-b1ec-18b9193f1352 ] Request (VolumesSnapshotsTestJSON:tearDownClass): 404 DELETE http://10.180.1.21/compute/v2.1/os-volumes/ec1d93de-ae82-49f5-890c-35569edd88bd 1.502s
2025-11-20 19:28:15.212 66174 INFO tempest.lib.common.rest_client [req-5ac21ad8-79be-45fc-8b2c-7959ff6b5322 req-5ac21ad8-79be-45fc-8b2c-7959ff6b5322 ] Request (VolumesAssistedSnapshotsTest:_run_cleanups): 200 GET http://10.180.1.21/volume/v3/volumes/cd70e456-fca5-4f3e-8370-8c2683849099 0.029s
2025-11-20 19:28:15.230 66198 INFO tempest.lib.common.rest_client [req-d7bbf29c-b74c-4302-99b8-8eb0b8585a19 req-d7bbf29c-b74c-4302-99b8-8eb0b8585a19 ] Request (FloatingIPsAssociationTestJSON:test_associate_disassociate_floating_ip): 202 POST http://10.180.1.21/compute/v2.1/servers/6fcd8038-8d4b-4ccc-a35b-8e0d64dc1afb/action 2.288s
2025-11-20 19:28:15.245 66183 INFO tempest.lib.common.rest_client [req-623432f3-6fdd-444f-aabe-2a8227a49ec9 req-623432f3-6fdd-444f-aabe-2a8227a49ec9 ] Request (KeyPairsV22TestJSON:test_keypairsv22_create_list_show_with_type): 200 GET http://10.180.1.21/compute/v2.1/os-keypairs/tempest-keypair-1058978194 1.291s
2025-11-20 19:28:15.263 66188 INFO tempest.lib.common.rest_client [req-dcfb4e5f-7f56-4bb1-96e1-d971c74258c3 req-dcfb4e5f-7f56-4bb1-96e1-d971c74258c3 ] Request (ServersTestJSON:test_list_servers): 200 GET http://10.180.1.21/compute/v2.1/servers 1.365s
2025-11-20 19:28:15.355 66148 INFO tempest.lib.common.rest_client [req-4c49d753-8465-4536-8bba-742b03f35e9a req-4c49d753-8465-4536-8bba-742b03f35e9a ] Request (ListImageFiltersTestJSON:setUpClass): 200 GET http://10.180.1.21/compute/v2.1/images/1a7be5a7-04e6-4797-a0a5-29aee226bfa4 1.058s
2025-11-20 19:28:15.379 66140 INFO tempest.lib.common.rest_client [req-c8650e0f-4b53-4761-b684-efb70020f2ac req-c8650e0f-4b53-4761-b684-efb70020f2ac ] Request (ServerGroupTestJSON:_run_cleanups): 200 GET http://10.180.1.21/compute/v2.1/servers/3f09a2f7-ff48-43dd-8a74-56fef0aa2d8d 1.118s
2025-11-20 19:28:15.511 66150 INFO tempest.lib.common.rest_client [req-2e8d7d0c-7d2e-4e6a-84f6-52f3fb733ad1 req-2e8d7d0c-7d2e-4e6a-84f6-52f3fb733ad1 ] Request (ListServerFiltersTestJSON:tearDownClass): 200 GET http://10.180.1.21/compute/v2.1/servers/68e99c34-d428-41b9-9211-1b2e71067149 0.854s
2025-11-20 19:28:15.549 66168 INFO tempest.lib.common.rest_client [req-67d21824-525b-40b8-955c-c32b7f443f90 req-67d21824-525b-40b8-955c-c32b7f443f90 ] Request (AttachInterfacesV270Test:test_create_get_list_interfaces): 200 GET http://10.180.1.21/compute/v2.1/servers/35cac359-8f34-4ebb-a59c-815ead7a2a73 0.696s
2025-11-20 19:28:15.560 66168 INFO tempest.common.waiters [-] State transition "BUILD/spawning" ==> "ACTIVE/None" after 48 second wait
2025-11-20 19:28:15.680 66138 INFO tempest.lib.common.rest_client [req-27e3a446-1d0f-424a-9307-bda99f1508e3 req-27e3a446-1d0f-424a-9307-bda99f1508e3 ] Request (ServersTestFqdnHostnames:tearDownClass): 200 GET http://10.180.1.21/compute/v2.1/servers/7e63c0c9-6171-4ed8-a8a9-aa49af68644f 0.615s
2025-11-20 19:28:15.715 66162 INFO tempest.lib.common.rest_client [req-12fe723b-3fee-4425-8218-7c8db7fff500 req-12fe723b-3fee-4425-8218-7c8db7fff500 ] Request (SecurityGroupsTestJSON:test_list_security_groups_by_server): 200 GET http://10.180.1.21/compute/v2.1/servers/390f8908-e3b7-420b-9b56-11a0e155f824 0.701s
2025-11-20 19:28:15.962 66194 INFO tempest.lib.common.rest_client [req-f45ecfd2-5a41-47fc-8706-31e4ed682ca1 req-f45ecfd2-5a41-47fc-8706-31e4ed682ca1 ] Request (ServersAdminNegativeTestJSON:tearDownClass): 200 GET http://10.180.1.21/compute/v2.1/servers/72515fcf-ef69-4c74-879f-9ebddc878d8e 0.846s
2025-11-20 19:28:15.975 66190 INFO tempest.lib.common.rest_client [req-9113a7e3-7b38-46fc-80cf-b8fc2201ae66 req-9113a7e3-7b38-46fc-80cf-b8fc2201ae66 ] Request (ServersTestJSON:test_create_server_specify_multibyte_character_name): 200 GET http://10.180.1.21/compute/v2.1/servers/6bcfbc45-310e-4e38-85e3-06cc72475da4 0.797s
2025-11-20 19:28:15.986 66152 INFO tempest.lib.common.rest_client [req-698eb676-0727-460b-9b10-586df7d144a5 req-698eb676-0727-460b-9b10-586df7d144a5 ] Request (VolumesSnapshotsTestJSON:tearDownClass): 404 GET http://10.180.1.21/compute/v2.1/os-volumes/ec1d93de-ae82-49f5-890c-35569edd88bd 0.804s
2025-11-20 19:28:16.073 66198 INFO tempest.lib.common.rest_client [req-99b4f8f0-1c5e-4943-b240-c9099f8a1354 req-99b4f8f0-1c5e-4943-b240-c9099f8a1354 ] Request (FloatingIPsAssociationTestJSON:tearDownClass): 204 DELETE http://10.180.1.21/compute/v2.1/servers/493c91df-e90f-4946-9734-a2431c22c474 0.841s
2025-11-20 19:28:16.087 66183 INFO tempest.lib.common.rest_client [req-e3a77ca4-c3ec-4adc-9076-5171093e4371 req-e3a77ca4-c3ec-4adc-9076-5171093e4371 ] Request (KeyPairsV22TestJSON:test_keypairsv22_create_list_show_with_type): 200 GET http://10.180.1.21/compute/v2.1/os-keypairs 0.840s
2025-11-20 19:28:16.091 66152 INFO tempest.lib.common.rest_client [req-50070078-8bdc-4b34-a5ba-12dd4158becf req-50070078-8bdc-4b34-a5ba-12dd4158becf ] Request (VolumesSnapshotsTestJSON:tearDownClass): 204 DELETE http://10.180.1.21/identity/v3/users/913f68dcac77458f9b48f85063fcf6f9 0.104s
2025-11-20 19:28:16.091 66152 INFO tempest.lib.common.dynamic_creds [-] Deleting project and security group for project: f9750f2ac71647e4b0c8f4c318495aa0
2025-11-20 19:28:16.152 66152 INFO tempest.lib.common.rest_client [req-9b40230d-24e4-4c0f-9205-4092dc8974b0 req-9b40230d-24e4-4c0f-9205-4092dc8974b0 ] Request (VolumesSnapshotsTestJSON:tearDownClass): 201 POST http://10.180.1.21/identity/v3/auth/tokens 0.060s
2025-11-20 19:28:16.249 66174 INFO tempest.lib.common.rest_client [req-0d69edb6-dafa-4c0c-9d0f-f1061fe98f1a req-0d69edb6-dafa-4c0c-9d0f-f1061fe98f1a ] Request (VolumesAssistedSnapshotsTest:_run_cleanups): 200 GET http://10.180.1.21/volume/v3/volumes/cd70e456-fca5-4f3e-8370-8c2683849099 0.028s
2025-11-20 19:28:16.454 66160 INFO tempest.lib.common.rest_client [req-20dd1a4f-80ad-433e-9d99-8f02b5ca06a6 req-20dd1a4f-80ad-433e-9d99-8f02b5ca06a6 ] Request (AttachInterfacesUnderV243Test:test_add_remove_fixed_ip): 200 GET http://10.180.1.21/compute/v2.1/servers/59231fc2-ff80-49d0-8b59-de82fd0cf09b 1.206s
