2025-11-20 19:29:34.646 66144 INFO tempest.lib.common.rest_client [req-a68cc9f5-d305-4625-a4ea-0af0483587ed req-a68cc9f5-d305-4625-a4ea-0af0483587ed ] Request (ServerDiagnosticsV248Test:tearDownClass): 200 GET http://10.180.1.21/networking/v2.0/security-groups?tenant_id=d36ea67730aa4d40ac431c8d0fbebf95&name=default 0.246s
2025-11-20 19:29:34.883 66144 INFO tempest.lib.common.rest_client [req-264778a1-706a-45c9-8707-e24059613389 req-264778a1-706a-45c9-8707-e24059613389 ] Request (ServerDiagnosticsV248Test:tearDownClass): 204 DELETE http://10.180.1.21/networking/v2.0/security-groups/ffb223a1-65e8-4ee7-bc6e-5e088caad732 0.236s
2025-11-20 19:29:34.927 66138 INFO tempest.lib.common.rest_client [req-5a826e96-468d-4916-8e84-e1346801b7c7 req-5a826e96-468d-4916-8e84-e1346801b7c7 ] Request (InstanceActionsNegativeTestJSON:setUpClass): 200 GET http://10.180.1.21/compute/v2.1/servers/4e53e116-91bf-47eb-9046-1046abeede65 2.095s
2025-11-20 19:29:35.001 66140 INFO tempest.lib.common.rest_client [req-1410ca61-ea07-4e6a-b29c-329dab6418a0 req-1410ca61-ea07-4e6a-b29c-329dab6418a0 ] Request (AttachVolumeNegativeTest:test_attach_attached_volume_to_different_server): 200 GET http://10.180.1.21/compute/v2.1/servers/e69d6e94-452d-4fe9-8c36-0d177708adb8 2.024s
2025-11-20 19:29:35.065 66144 INFO tempest.lib.common.rest_client [req-712507e4-feb2-43a6-a6b9-6bad9472eb35 req-712507e4-feb2-43a6-a6b9-6bad9472eb35 ] Request (ServerDiagnosticsV248Test:tearDownClass): 204 DELETE http://10.180.1.21/identity/v3/projects/d36ea67730aa4d40ac431c8d0fbebf95 0.179s
2025-11-20 19:29:35.129 66184 INFO tempest.lib.common.rest_client [req-a32009b6-ee80-439e-aa49-cb7305056b70 req-a32009b6-ee80-439e-aa49-cb7305056b70 ] Request (ServerMetadataTestJSON:setUpClass): 200 GET http://10.180.1.21/compute/v2.1/servers/47701a23-5ad5-4896-b519-b836549dcb3d 1.721s
2025-11-20 19:29:35.161 66144 INFO tempest.lib.common.rest_client [req-eeffcf23-5922-4fe7-8226-fcf78f3d9fb4 req-eeffcf23-5922-4fe7-8226-fcf78f3d9fb4 ] Request (ServicesAdminTestJSON:setUpClass): 201 POST http://10.180.1.21/identity/v3/auth/tokens 0.094s
2025-11-20 19:29:35.202 66144 INFO tempest.lib.common.rest_client [req-b4a17f50-defb-4baf-8a1c-28b989547da2 req-b4a17f50-defb-4baf-8a1c-28b989547da2 ] Request (ServicesAdminTestJSON:setUpClass): 201 POST http://10.180.1.21/identity/v3/auth/tokens 0.038s
2025-11-20 19:29:35.207 66168 INFO tempest.lib.common.rest_client [req-af9753a9-4477-4a35-901c-0cdd6cc38147 req-af9753a9-4477-4a35-901c-0cdd6cc38147 ] Request (ServersTestBootFromVolume:setUpClass): 202 POST http://10.180.1.21/compute/v2.1/servers 2.899s
2025-11-20 19:29:35.229 66172 INFO tempest.lib.common.rest_client [req-1e50f878-5aa5-4091-ae34-d437b7dc53fc req-1e50f878-5aa5-4091-ae34-d437b7dc53fc ] Request (ImagesTestJSON:test_create_image_from_suspended_server): 200 GET http://10.180.1.21/compute/v2.1/servers/9d659273-c32b-4740-9c52-7a0afe030651 1.690s
2025-11-20 19:29:35.242 66148 INFO tempest.lib.common.rest_client [req-8852d06e-8a08-4d7c-bf93-a7cf7ae80de6 req-8852d06e-8a08-4d7c-bf93-a7cf7ae80de6 ] Request (ListImageFiltersTestJSON:tearDownClass): 404 GET http://10.180.1.21/compute/v2.1/servers/18771278-2a70-4fe2-8600-a40e864632ca 1.316s
2025-11-20 19:29:35.244 66144 INFO tempest.lib.common.rest_client [req-1925aee4-e010-4a48-953f-646bbd738e16 req-1925aee4-e010-4a48-953f-646bbd738e16 ] Request (ServicesAdminTestJSON:setUpClass): 200 GET http://10.180.1.21/identity/v3/domains?name=Default 0.041s
2025-11-20 19:29:35.263 66180 INFO tempest.lib.common.rest_client [req-3a03b5bc-2893-43d9-b681-796b59939c87 req-3a03b5bc-2893-43d9-b681-796b59939c87 ] Request (ImagesOneServerTestJSON:test_create_delete_image): 404 GET http://10.180.1.21/compute/v2.1/images/cbe95907-1f2c-4d96-9cc2-e9be975f73b2 1.281s
2025-11-20 19:29:35.294 66144 INFO tempest.lib.common.rest_client [req-4f9bb314-9a00-453c-977c-8faa86bafb84 req-4f9bb314-9a00-453c-977c-8faa86bafb84 ] Request (ServicesAdminTestJSON:setUpClass): 201 POST http://10.180.1.21/identity/v3/projects 0.049s
2025-11-20 19:29:35.314 66194 INFO tempest.lib.common.rest_client [req-246e99a7-1b9b-421e-bba8-93f2044ffa12 req-246e99a7-1b9b-421e-bba8-93f2044ffa12 ] Request (InstanceActionsV221TestJSON:test_get_list_deleted_instance_actions): 200 GET http://10.180.1.21/compute/v2.1/servers/6c8ebfb5-027f-4b12-ba27-cf2a9ec28c22 1.378s
2025-11-20 19:29:35.350 66174 INFO tempest.lib.common.rest_client [req-08902408-cc96-4ada-b52e-61f9466362a7 req-08902408-cc96-4ada-b52e-61f9466362a7 ] Request (ServerDiagnosticsTest:test_get_server_diagnostics): 200 GET http://10.180.1.21/compute/v2.1/servers/cab9b216-e556-4570-b94d-a5b8b41feb2b 1.336s
2025-11-20 19:29:35.381 66144 INFO tempest.lib.common.rest_client [req-61323e23-30ba-416a-9bf6-e3fddce7ca60 req-61323e23-30ba-416a-9bf6-e3fddce7ca60 ] Request (ServicesAdminTestJSON:setUpClass): 201 POST http://10.180.1.21/identity/v3/users 0.087s
2025-11-20 19:29:35.397 66166 INFO tempest.lib.common.rest_client [req-26ad3d2d-a647-4b1b-908c-3c9e9fa9532b req-26ad3d2d-a647-4b1b-908c-3c9e9fa9532b ] Request (ServersListShow296Test:tearDownClass): 200 GET http://10.180.1.21/compute/v2.1/servers/efa38176-5bd0-41cb-86ad-0a591e840dd9 1.345s
2025-11-20 19:29:35.425 66144 INFO tempest.lib.common.rest_client [req-3457d457-460a-403c-874c-25e038582586 req-3457d457-460a-403c-874c-25e038582586 ] Request (ServicesAdminTestJSON:setUpClass): 200 GET http://10.180.1.21/identity/v3/roles 0.043s
2025-11-20 19:29:35.457 66144 INFO tempest.lib.common.rest_client [req-6fb78d83-cc54-4278-a47c-a64458dd3fef req-6fb78d83-cc54-4278-a47c-a64458dd3fef ] Request (ServicesAdminTestJSON:setUpClass): 204 PUT http://10.180.1.21/identity/v3/projects/f5f28fe55b4c43b2803f5e51a091db5e/users/a91bd12a34e34c7cabb2de99776538b4/roles/8930e2500a94494fa3e2290c4241e3a5 0.032s
2025-11-20 19:29:35.457 66144 INFO tempest.lib.common.dynamic_creds [-] Dynamic test user a91bd12a34e34c7cabb2de99776538b4 is created with scope project and roles: ['member']
2025-11-20 19:29:35.458 66144 INFO tempest.lib.common.dynamic_creds [-] Acquired dynamic creds: credentials: Credentials: {'domain_id': 'default', 'domain_name': 'Default', 'username': 'tempest-ServicesAdminTestJSON-1405572431-project-member', 'project_domain_id': 'default', 'project_domain_name': 'Default', 'project_id': 'f5f28fe55b4c43b2803f5e51a091db5e', 'project_name': 'tempest-ServicesAdminTestJSON-1405572431', 'tenant_id': 'f5f28fe55b4c43b2803f5e51a091db5e', 'tenant_name': 'tempest-ServicesAdminTestJSON-1405572431', 'user_domain_id': 'default', 'user_domain_name': 'Default', 'user_id': 'a91bd12a34e34c7cabb2de99776538b4', 'system': None}, Network: None, Subnet: None, Router: None
2025-11-20 19:29:35.458 66144 INFO tempest.lib.common.dynamic_creds [-] Created isolated network resources for: credentials: Credentials: {'domain_id': 'default', 'domain_name': 'Default', 'username': 'tempest-ServicesAdminTestJSON-1405572431-project-member', 'project_domain_id': 'default', 'project_domain_name': 'Default', 'project_id': 'f5f28fe55b4c43b2803f5e51a091db5e', 'project_name': 'tempest-ServicesAdminTestJSON-1405572431', 'tenant_id': 'f5f28fe55b4c43b2803f5e51a091db5e', 'tenant_name': 'tempest-ServicesAdminTestJSON-1405572431', 'user_domain_id': 'default', 'user_domain_name': 'Default', 'user_id': 'a91bd12a34e34c7cabb2de99776538b4', 'system': None}, Network: None, Subnet: None, Router: None
2025-11-20 19:29:35.481 66188 INFO tempest.lib.common.rest_client [req-43958a30-a3fb-47b7-85cc-158eab633437 req-43958a30-a3fb-47b7-85cc-158eab633437 ] Request (ServersListShow2100Test:test_list_show_rebuild_update_server_2100): 200 GET http://10.180.1.21/compute/v2.1/servers/daaaeb42-c66b-4c83-aa95-c60555cd04ba 1.317s
2025-11-20 19:29:35.515 66156 INFO tempest.lib.common.rest_client [req-c7ded4d8-d298-46ef-bf9f-8b7670d5c638 req-c7ded4d8-d298-46ef-bf9f-8b7670d5c638 ] Request (MigrationsAdminTest:test_resize_server_revert_deleted_flavor): 200 GET http://10.180.1.21/compute/v2.1/servers/82ca0e02-36c1-42e9-a274-406e8071d1e3 1.393s
2025-11-20 19:29:35.539 66198 INFO tempest.lib.common.rest_client [req-1e0ad05c-5001-4a75-bbb4-df483f55c156 req-1e0ad05c-5001-4a75-bbb4-df483f55c156 ] Request (AttachInterfacesTestJSON:test_create_list_show_delete_interfaces_by_fixed_ip): 200 GET http://10.180.1.21/compute/v2.1/servers/f152a0aa-5b37-41ef-9ba6-fd518186f746 1.350s
2025-11-20 19:29:35.552 66144 INFO tempest.lib.common.rest_client [req-367bcfb0-efc4-4246-841e-944d1c561885 req-367bcfb0-efc4-4246-841e-944d1c561885 ] Request (ServicesAdminTestJSON:setUpClass): 201 POST http://10.180.1.21/identity/v3/auth/tokens 0.090s
2025-11-20 19:29:35.588 66176 INFO tempest.lib.common.rest_client [req-2e138b22-beb5-446e-b23e-7ec242741dae req-2e138b22-beb5-446e-b23e-7ec242741dae ] Request (ServerActionsTestOtherB:setUpClass): 200 GET http://10.180.1.21/compute/v2.1/servers/523ef719-9d76-49f4-a1a5-c13003467b65 1.363s
2025-11-20 19:29:35.651 66186 INFO tempest.lib.common.rest_client [req-dadbb0d6-e85a-447c-b8e5-2df0bd685214 req-dadbb0d6-e85a-447c-b8e5-2df0bd685214 ] Request (ServersAdminTestJSON:tearDownClass): 200 GET http://10.180.1.21/compute/v2.1/servers/a3705277-2e21-4b26-9736-4387b88a38ea 1.198s
2025-11-20 19:29:35.675 66144 INFO tempest.lib.common.rest_client [req-0e4df556-c03a-4ace-9de5-dcf8db060f77 req-0e4df556-c03a-4ace-9de5-dcf8db060f77 ] Request (ServicesAdminTestJSON:setUpClass): 201 POST http://10.180.1.21/identity/v3/projects 0.123s
2025-11-20 19:29:35.769 66162 INFO tempest.lib.common.rest_client [req-2f57e6cf-bdd6-4697-af85-7cc8f1762f8b req-2f57e6cf-bdd6-4697-af85-7cc8f1762f8b ] Request (SecurityGroupsTestJSON:test_server_security_groups): 200 GET http://10.180.1.21/compute/v2.1/servers/b0ff2d2a-110c-4f8f-b61e-68fb6920e4e8 1.297s
2025-11-20 19:29:35.774 66144 INFO tempest.lib.common.rest_client [req-ce4c276d-9310-4d72-9e24-db2be7e54319 req-ce4c276d-9310-4d72-9e24-db2be7e54319 ] Request (ServicesAdminTestJSON:setUpClass): 201 POST http://10.180.1.21/identity/v3/users 0.098s
2025-11-20 19:29:35.801 66144 INFO tempest.lib.common.rest_client [req-27ab3887-fde4-4043-97d5-6765b2c288f0 req-27ab3887-fde4-4043-97d5-6765b2c288f0 ] Request (ServicesAdminTestJSON:setUpClass): 200 GET http://10.180.1.21/identity/v3/roles 0.026s
2025-11-20 19:29:35.836 66144 INFO tempest.lib.common.rest_client [req-50093bed-8594-461d-9233-a723798e593b req-50093bed-8594-461d-9233-a723798e593b ] Request (ServicesAdminTestJSON:setUpClass): 204 PUT http://10.180.1.21/identity/v3/projects/fda7b8729bc14ab79fe67183af252f30/users/023c8e6ec83d49f3bea174bf467a12e6/roles/a53a9594a0a44c1c9c77a44d6fee24de 0.034s
2025-11-20 19:29:35.853 66146 INFO tempest.lib.common.rest_client [req-ab086648-2d8b-4daf-a72c-dc8460e127f2 req-ab086648-2d8b-4daf-a72c-dc8460e127f2 ] Request (DeleteServersTestJSON:test_delete_server_while_in_attached_volume): 200 GET http://10.180.1.21/compute/v2.1/servers/37ba7071-4096-4593-af34-8ea2839cb69d 1.307s
2025-11-20 19:29:35.893 66144 INFO tempest.lib.common.rest_client [req-9abcf9e5-4268-475a-a6d9-c16293015b37 req-9abcf9e5-4268-475a-a6d9-c16293015b37 ] Request (ServicesAdminTestJSON:setUpClass): 200 GET http://10.180.1.21/identity/v3/roles 0.056s
2025-11-20 19:29:35.921 66144 INFO tempest.lib.common.rest_client [req-482a116d-1858-47f6-87de-f2f4a341beac req-482a116d-1858-47f6-87de-f2f4a341beac ] Request (ServicesAdminTestJSON:setUpClass): 204 PUT http://10.180.1.21/identity/v3/projects/fda7b8729bc14ab79fe67183af252f30/users/023c8e6ec83d49f3bea174bf467a12e6/roles/a53a9594a0a44c1c9c77a44d6fee24de 0.027s
2025-11-20 19:29:35.921 66144 INFO tempest.lib.common.dynamic_creds [-] Dynamic test user 023c8e6ec83d49f3bea174bf467a12e6 is created with scope project and roles: ['admin']
2025-11-20 19:29:35.921 66144 INFO tempest.lib.common.dynamic_creds [-] Acquired dynamic creds: credentials: Credentials: {'domain_id': 'default', 'domain_name': 'Default', 'username': 'tempest-ServicesAdminTestJSON-1448151719-project-admin', 'project_domain_id': 'default', 'project_domain_name': 'Default', 'project_id': 'fda7b8729bc14ab79fe67183af252f30', 'project_name': 'tempest-ServicesAdminTestJSON-1448151719', 'tenant_id': 'fda7b8729bc14ab79fe67183af252f30', 'tenant_name': 'tempest-ServicesAdminTestJSON-1448151719', 'user_domain_id': 'default', 'user_domain_name': 'Default', 'user_id': '023c8e6ec83d49f3bea174bf467a12e6', 'system': None}, Network: None, Subnet: None, Router: None
2025-11-20 19:29:35.921 66144 INFO tempest.lib.common.dynamic_creds [-] Created isolated network resources for: credentials: Credentials: {'domain_id': 'default', 'domain_name': 'Default', 'username': 'tempest-ServicesAdminTestJSON-1448151719-project-admin', 'project_domain_id': 'default', 'project_domain_name': 'Default', 'project_id': 'fda7b8729bc14ab79fe67183af252f30', 'project_name': 'tempest-ServicesAdminTestJSON-1448151719', 'tenant_id': 'fda7b8729bc14ab79fe67183af252f30', 'tenant_name': 'tempest-ServicesAdminTestJSON-1448151719', 'user_domain_id': 'default', 'user_domain_name': 'Default', 'user_id': '023c8e6ec83d49f3bea174bf467a12e6', 'system': None}, Network: None, Subnet: None, Router: None
2025-11-20 19:29:35.979 66196 INFO tempest.lib.common.rest_client [req-e6c831c0-7f37-4756-a150-ebf580a54115 req-e6c831c0-7f37-4756-a150-ebf580a54115 ] Request (ServerActionsTestOtherA:test_rebuild_server_in_stop_state): 200 GET http://10.180.1.21/compute/v2.1/servers/79dde3d5-3cb8-4c57-99a2-cacfc77e8395 1.153s
2025-11-20 19:29:35.989 66196 INFO tempest.common.waiters [-] State transition "REBUILD/rebuilding" ==> "REBUILD/rebuild_spawning" after 2 second wait
2025-11-20 19:29:36.035 66144 INFO tempest.lib.common.rest_client [req-b06080cb-a013-45b4-a257-023ecfe853bb req-b06080cb-a013-45b4-a257-023ecfe853bb ] Request (ServicesAdminTestJSON:setUpClass): 201 POST http://10.180.1.21/identity/v3/auth/tokens 0.111s
2025-11-20 19:29:36.064 66150 INFO tempest.lib.common.rest_client [req-cf93d23c-9976-4b17-bddc-dff2ded21cdf req-cf93d23c-9976-4b17-bddc-dff2ded21cdf ] Request (ListServerFiltersTestJSON:tearDownClass): 200 GET http://10.180.1.21/compute/v2.1/servers/222fc4cf-0c48-4a8a-99e2-1e88baf00367 1.206s
2025-11-20 19:29:36.139 66168 INFO tempest.lib.common.rest_client [req-3396a72a-6aca-4ec7-8cc8-1bb6fdbaf1e0 req-3396a72a-6aca-4ec7-8cc8-1bb6fdbaf1e0 ] Request (ServersTestBootFromVolume:setUpClass): 200 GET http://10.180.1.21/compute/v2.1/servers/81a922b6-cca7-4b74-8613-faa2378ec41d 0.929s
2025-11-20 19:29:36.203 66178 INFO tempest.lib.common.rest_client [req-24229ace-677e-4d84-9bd1-63296084ccba req-24229ace-677e-4d84-9bd1-63296084ccba ] Request (ServersTestMultiNic:test_verify_duplicate_network_nics): 200 GET http://10.180.1.21/compute/v2.1/servers/96d6af68-491b-4d3c-a79c-e719f4b99135 0.988s
2025-11-20 19:29:36.266 66164 INFO tempest.lib.common.rest_client [req-35b58479-18ec-4912-b5d8-66e519a83a4f req-35b58479-18ec-4912-b5d8-66e519a83a4f ] Request (ServerDiskConfigTestJSON:test_rebuild_server_with_auto_disk_config): 202 POST http://10.180.1.21/compute/v2.1/servers 1.768s
2025-11-20 19:29:36.315 66148 INFO tempest.lib.common.rest_client [req-f81cd756-f49b-461e-b94c-897a99df49ff req-f81cd756-f49b-461e-b94c-897a99df49ff ] Request (ListImageFiltersTestJSON:tearDownClass): 204 DELETE http://10.180.1.21/compute/v2.1/servers/d3201b86-3bed-465f-adac-01c93db33a50 1.072s
2025-11-20 19:29:36.387 66190 INFO tempest.lib.common.rest_client [req-a9a9a031-2a48-4f26-b333-140171ba2830 req-a9a9a031-2a48-4f26-b333-140171ba2830 ] Request (ServersTestJSON:_run_cleanups): 200 GET http://10.180.1.21/compute/v2.1/servers/527b85d9-c8b2-4f16-ac73-9ca33e7a344d 1.032s
2025-11-20 19:29:36.489 66138 INFO tempest.lib.common.rest_client [req-c8a1019d-be34-41ee-abd4-65faca24cb01 req-c8a1019d-be34-41ee-abd4-65faca24cb01 ] Request (InstanceActionsNegativeTestJSON:setUpClass): 200 GET http://10.180.1.21/compute/v2.1/servers/4e53e116-91bf-47eb-9046-1046abeede65 0.547s
2025-11-20 19:29:36.580 66140 INFO tempest.lib.common.rest_client [req-9cfe70f3-0d0f-4630-93c3-38e768497f16 req-9cfe70f3-0d0f-4630-93c3-38e768497f16 ] Request (AttachVolumeNegativeTest:test_attach_attached_volume_to_different_server): 200 GET http://10.180.1.21/compute/v2.1/servers/e69d6e94-452d-4fe9-8c36-0d177708adb8 0.565s
2025-11-20 19:29:36.701 66144 INFO tempest.lib.common.rest_client [req-3e3117e4-3daa-446b-b514-af0e044eefae req-3e3117e4-3daa-446b-b514-af0e044eefae ] Request (ServicesAdminTestJSON:test_get_service_by_host_name): 200 GET http://10.180.1.21/compute/v2.1/os-services 0.663s
2025-11-20 19:29:36.808 66184 INFO tempest.lib.common.rest_client [req-dea82c88-b0ce-41e2-9c38-a869a26861bf req-dea82c88-b0ce-41e2-9c38-a869a26861bf ] Request (ServerMetadataTestJSON:setUpClass): 200 GET http://10.180.1.21/compute/v2.1/servers/47701a23-5ad5-4896-b519-b836549dcb3d 0.668s
2025-11-20 19:29:36.849 66180 INFO tempest.lib.common.rest_client [req-7962fe83-5dc9-4906-9a4b-2cdf59e11ffd req-7962fe83-5dc9-4906-9a4b-2cdf59e11ffd ] Request (ImagesOneServerTestJSON:test_create_image_specify_multibyte_character_image_name): 202 POST http://10.180.1.21/compute/v2.1/servers/cf578ae6-a9ba-4445-b100-69bd290bae9b/action 1.584s
2025-11-20 19:29:36.871 66172 INFO tempest.lib.common.rest_client [req-19f2f6c8-aa11-4df3-924e-44bf5d00587c req-19f2f6c8-aa11-4df3-924e-44bf5d00587c ] Request (ImagesTestJSON:test_create_image_from_suspended_server): 200 GET http://10.180.1.21/compute/v2.1/servers/9d659273-c32b-4740-9c52-7a0afe030651 0.626s
2025-11-20 19:29:36.893 66164 INFO tempest.lib.common.rest_client [req-1a06f581-87ca-4ecf-ad86-64bf4ed7775b req-1a06f581-87ca-4ecf-ad86-64bf4ed7775b ] Request (ServerDiskConfigTestJSON:test_rebuild_server_with_auto_disk_config): 200 GET http://10.180.1.21/compute/v2.1/servers/87547440-fdbb-491e-b81e-a271baca2837 0.624s
2025-11-20 19:29:36.963 66194 INFO tempest.lib.common.rest_client [req-0269d7a2-3acc-424a-8d00-379bceb9044b req-0269d7a2-3acc-424a-8d00-379bceb9044b ] Request (InstanceActionsV221TestJSON:test_get_list_deleted_instance_actions): 200 GET http://10.180.1.21/compute/v2.1/servers/6c8ebfb5-027f-4b12-ba27-cf2a9ec28c22 0.640s
2025-11-20 19:29:36.981 66148 INFO tempest.lib.common.rest_client [req-506b9bcd-8556-4df9-a665-2f284b31860a req-506b9bcd-8556-4df9-a665-2f284b31860a ] Request (ListImageFiltersTestJSON:tearDownClass): 200 GET http://10.180.1.21/compute/v2.1/servers/d3201b86-3bed-465f-adac-01c93db33a50 0.666s
2025-11-20 19:29:37.012 66174 INFO tempest.lib.common.rest_client [req-353a6468-a6d0-4227-bce0-1fccbbf6f47b req-353a6468-a6d0-4227-bce0-1fccbbf6f47b ] Request (ServerDiagnosticsTest:test_get_server_diagnostics): 200 GET http://10.180.1.21/compute/v2.1/servers/cab9b216-e556-4570-b94d-a5b8b41feb2b 0.650s
2025-11-20 19:29:37.074 66166 INFO tempest.lib.common.rest_client [req-cca6c5d9-b725-4a1e-8758-074f87274dc5 req-cca6c5d9-b725-4a1e-8758-074f87274dc5 ] Request (ServersListShow296Test:tearDownClass): 200 GET http://10.180.1.21/compute/v2.1/servers/efa38176-5bd0-41cb-86ad-0a591e840dd9 0.656s
2025-11-20 19:29:37.074 66188 INFO tempest.lib.common.rest_client [req-e62e9fc9-c444-4261-98b7-c4a6077dca8e req-e62e9fc9-c444-4261-98b7-c4a6077dca8e ] Request (ServersListShow2100Test:test_list_show_rebuild_update_server_2100): 200 GET http://10.180.1.21/compute/v2.1/servers/daaaeb42-c66b-4c83-aa95-c60555cd04ba 0.579s
2025-11-20 19:29:37.124 66198 INFO tempest.lib.common.rest_client [req-a48e71d3-bca1-4c84-b235-d82ce7c277f3 req-a48e71d3-bca1-4c84-b235-d82ce7c277f3 ] Request (AttachInterfacesTestJSON:test_create_list_show_delete_interfaces_by_fixed_ip): 200 GET http://10.180.1.21/compute/v2.1/servers/f152a0aa-5b37-41ef-9ba6-fd518186f746 0.572s
2025-11-20 19:29:37.179 66176 INFO tempest.lib.common.rest_client [req-43d23b90-3a9b-43af-acb9-a37b3f267b08 req-43d23b90-3a9b-43af-acb9-a37b3f267b08 ] Request (ServerActionsTestOtherB:setUpClass): 200 GET http://10.180.1.21/compute/v2.1/servers/523ef719-9d76-49f4-a1a5-c13003467b65 0.581s
2025-11-20 19:29:37.204 66156 INFO tempest.lib.common.rest_client [req-40bd5efa-89ef-4281-add8-b3c2f3e42713 req-40bd5efa-89ef-4281-add8-b3c2f3e42713 ] Request (MigrationsAdminTest:test_resize_server_revert_deleted_flavor): 200 GET http://10.180.1.21/compute/v2.1/servers/82ca0e02-36c1-42e9-a274-406e8071d1e3 0.680s
2025-11-20 19:29:37.215 66156 INFO tempest.common.waiters [-] State transition "RESIZE/resize_migrated" ==> "RESIZE/resize_finish" after 50 second wait
2025-11-20 19:29:37.231 66144 INFO tempest.lib.common.rest_client [req-7b6c8c69-9a28-4e5e-b919-6073855330cc req-7b6c8c69-9a28-4e5e-b919-6073855330cc ] Request (ServicesAdminTestJSON:test_get_service_by_host_name): 200 GET http://10.180.1.21/compute/v2.1/os-services?host=devstack 0.527s
2025-11-20 19:29:37.252 66186 INFO tempest.lib.common.rest_client [req-54313bc1-e00b-473a-9a9c-06bafc5f39b9 req-54313bc1-e00b-473a-9a9c-06bafc5f39b9 ] Request (ServersAdminTestJSON:tearDownClass): 200 GET http://10.180.1.21/compute/v2.1/servers/a3705277-2e21-4b26-9736-4387b88a38ea 0.592s
2025-11-20 19:29:37.259 66186 INFO tempest.common.waiters [-] State transition "ACTIVE/deleting" ==> "DELETED/None" after 4 second wait
2025-11-20 19:29:37.291 66180 INFO tempest.lib.common.rest_client [req-20ad9033-33b3-420a-9044-588643738938 req-20ad9033-33b3-420a-9044-588643738938 ] Request (ImagesOneServerTestJSON:test_create_image_specify_multibyte_character_image_name): 200 GET http://10.180.1.21/compute/v2.1/images/23fbf02c-9c83-492e-b4c1-133728ef4550 0.441s
2025-11-20 19:29:37.344 66162 INFO tempest.lib.common.rest_client [req-ed59ed65-0ab6-4347-ad3d-e9e15f1eb422 req-ed59ed65-0ab6-4347-ad3d-e9e15f1eb422 ] Request (SecurityGroupsTestJSON:test_server_security_groups): 200 GET http://10.180.1.21/compute/v2.1/servers/b0ff2d2a-110c-4f8f-b61e-68fb6920e4e8 0.567s
2025-11-20 19:29:37.356 66162 INFO tempest.common.waiters [-] State transition "BUILD/spawning" ==> "ACTIVE/None" after 50 second wait
2025-11-20 19:29:37.362 66146 INFO tempest.lib.common.rest_client [req-bf8f6b83-17cf-47a6-b2ce-d0c7f151a432 req-bf8f6b83-17cf-47a6-b2ce-d0c7f151a432 ] Request (DeleteServersTestJSON:test_delete_server_while_in_attached_volume): 200 GET http://10.180.1.21/compute/v2.1/servers/37ba7071-4096-4593-af34-8ea2839cb69d 0.496s
2025-11-20 19:29:37.424 66150 INFO tempest.lib.common.rest_client [req-d2b67811-8bcc-4c2d-b29d-ce7a8eed68aa req-d2b67811-8bcc-4c2d-b29d-ce7a8eed68aa ] Request (ListServerFiltersTestJSON:tearDownClass): 200 GET http://10.180.1.21/compute/v2.1/servers/222fc4cf-0c48-4a8a-99e2-1e88baf00367 0.348s
2025-11-20 19:29:37.431 66150 INFO tempest.common.waiters [-] State transition "ACTIVE/deleting" ==> "DELETED/None" after 4 second wait
2025-11-20 19:29:37.485 66168 INFO tempest.lib.common.rest_client [req-09696b56-8022-4070-a6f6-5ecdac4f4ad9 req-09696b56-8022-4070-a6f6-5ecdac4f4ad9 ] Request (ServersTestBootFromVolume:setUpClass): 200 GET http://10.180.1.21/compute/v2.1/servers/81a922b6-cca7-4b74-8613-faa2378ec41d 0.334s
2025-11-20 19:29:37.489 66196 INFO tempest.lib.common.rest_client [req-e98506bd-35d3-4eb4-bbb9-f4abbe1d7ff2 req-e98506bd-35d3-4eb4-bbb9-f4abbe1d7ff2 ] Request (ServerActionsTestOtherA:test_rebuild_server_in_stop_state): 200 GET http://10.180.1.21/compute/v2.1/servers/79dde3d5-3cb8-4c57-99a2-cacfc77e8395 0.499s
2025-11-20 19:29:37.518 66144 INFO tempest.lib.common.rest_client [req-66c94568-f6af-4c55-b4ba-b016023a7921 req-66c94568-f6af-4c55-b4ba-b016023a7921 ] Request (ServicesAdminTestJSON:test_get_service_by_service_binary_name): 200 GET http://10.180.1.21/compute/v2.1/os-services?binary=nova-compute 0.282s
2025-11-20 19:29:37.550 66178 INFO tempest.lib.common.rest_client [req-763be4c6-6a33-45e3-891a-42eaf541707a req-763be4c6-6a33-45e3-891a-42eaf541707a ] Request (ServersTestMultiNic:test_verify_duplicate_network_nics): 200 GET http://10.180.1.21/compute/v2.1/servers/96d6af68-491b-4d3c-a79c-e719f4b99135 0.331s
2025-11-20 19:29:37.635 66190 INFO tempest.lib.common.rest_client [req-3ccc2292-3428-46ca-bb8c-27b179d18689 req-3ccc2292-3428-46ca-bb8c-27b179d18689 ] Request (ServersTestJSON:_run_cleanups): 200 GET http://10.180.1.21/compute/v2.1/servers/527b85d9-c8b2-4f16-ac73-9ca33e7a344d 0.236s
2025-11-20 19:29:37.782 66138 INFO tempest.lib.common.rest_client [req-6b905fe3-36c0-477d-9e77-05a48aef826f req-6b905fe3-36c0-477d-9e77-05a48aef826f ] Request (InstanceActionsNegativeTestJSON:setUpClass): 200 GET http://10.180.1.21/compute/v2.1/servers/4e53e116-91bf-47eb-9046-1046abeede65 0.278s
2025-11-20 19:29:37.794 66138 INFO tempest.common.waiters [-] State transition "BUILD/spawning" ==> "ACTIVE/None" after 49 second wait
2025-11-20 19:29:37.807 66144 INFO tempest.lib.common.rest_client [req-3c626ebb-148f-4ee3-a91b-9784226ca3d3 req-3c626ebb-148f-4ee3-a91b-9784226ca3d3 ] Request (ServicesAdminTestJSON:test_list_services): 200 GET http://10.180.1.21/compute/v2.1/os-services 0.284s
2025-11-20 19:29:37.861 66140 INFO tempest.lib.common.rest_client [req-4df3126d-4260-42a6-88b2-33c3f5380ea9 req-4df3126d-4260-42a6-88b2-33c3f5380ea9 ] Request (AttachVolumeNegativeTest:test_attach_attached_volume_to_different_server): 200 GET http://10.180.1.21/compute/v2.1/servers/e69d6e94-452d-4fe9-8c36-0d177708adb8 0.272s
2025-11-20 19:29:37.899 66138 INFO tempest.lib.common.rest_client [req-59df886b-16da-4481-b6d8-a03e43217fb9 req-59df886b-16da-4481-b6d8-a03e43217fb9 ] Request (InstanceActionsNegativeTestJSON:test_get_instance_action_invalid_request): 404 GET http://10.180.1.21/compute/v2.1/servers/4e53e116-91bf-47eb-9046-1046abeede65/os-instance-actions/999 0.104s
2025-11-20 19:29:37.935 66144 INFO tempest.lib.common.rest_client [req-fb2fec75-1e96-4ec4-a594-6d5b72e7d973 req-fb2fec75-1e96-4ec4-a594-6d5b72e7d973 ] Request (ServicesAdminTestJSON:tearDownClass): 204 DELETE http://10.180.1.21/identity/v3/users/a91bd12a34e34c7cabb2de99776538b4 0.123s
2025-11-20 19:29:37.965 66184 INFO tempest.lib.common.rest_client [req-79a73160-de1a-4dc6-8cdd-9885b4436a71 req-79a73160-de1a-4dc6-8cdd-9885b4436a71 ] Request (ServerMetadataTestJSON:setUpClass): 200 GET http://10.180.1.21/compute/v2.1/servers/47701a23-5ad5-4896-b519-b836549dcb3d 0.147s
2025-11-20 19:29:37.969 66162 INFO tempest.lib.common.rest_client [req-2fb92d7c-f156-403d-9d1a-f5a044562b65 req-2fb92d7c-f156-403d-9d1a-f5a044562b65 ] Request (SecurityGroupsTestJSON:test_server_security_groups): 202 POST http://10.180.1.21/compute/v2.1/servers/b0ff2d2a-110c-4f8f-b61e-68fb6920e4e8/action 0.612s
2025-11-20 19:29:37.988 66138 INFO tempest.lib.common.rest_client [req-73e1835a-0acd-4e69-9864-01ffe74b48aa req-73e1835a-0acd-4e69-9864-01ffe74b48aa ] Request (InstanceActionsNegativeTestJSON:test_list_instance_actions_non_existent_server): 404 GET http://10.180.1.21/compute/v2.1/servers/f2207b54-978c-48f9-9627-2f83d6ea6d91/os-instance-actions 0.087s
2025-11-20 19:29:38.035 66172 INFO tempest.lib.common.rest_client [req-e9619c6b-fb62-4bcb-93be-5730b140b131 req-e9619c6b-fb62-4bcb-93be-5730b140b131 ] Request (ImagesTestJSON:test_create_image_from_suspended_server): 200 GET http://10.180.1.21/compute/v2.1/servers/9d659273-c32b-4740-9c52-7a0afe030651 0.154s
2025-11-20 19:29:38.049 66164 INFO tempest.lib.common.rest_client [req-f1f60c60-c014-42b8-bbc0-96320c0050ef req-f1f60c60-c014-42b8-bbc0-96320c0050ef ] Request (ServerDiskConfigTestJSON:test_rebuild_server_with_auto_disk_config): 200 GET http://10.180.1.21/compute/v2.1/servers/87547440-fdbb-491e-b81e-a271baca2837 0.146s
2025-11-20 19:29:38.057 66144 INFO tempest.lib.common.rest_client [req-082e2120-e205-43cb-8777-e0d244b6ae04 req-082e2120-e205-43cb-8777-e0d244b6ae04 ] Request (ServicesAdminTestJSON:tearDownClass): 204 DELETE http://10.180.1.21/identity/v3/users/023c8e6ec83d49f3bea174bf467a12e6 0.121s
2025-11-20 19:29:38.057 66144 INFO tempest.lib.common.dynamic_creds [-] Deleting project and security group for project: f5f28fe55b4c43b2803f5e51a091db5e
2025-11-20 19:29:38.097 66162 INFO tempest.lib.common.rest_client [req-d093a3ae-f810-4435-a401-c930819716a7 req-d093a3ae-f810-4435-a401-c930819716a7 ] Request (SecurityGroupsTestJSON:test_server_security_groups): 400 DELETE http://10.180.1.21/compute/v2.1/os-security-groups/330f4f9a-51f9-4bfd-9b3a-5635086aa470 0.127s
2025-11-20 19:29:38.109 66194 INFO tempest.lib.common.rest_client [req-65cfc4e2-dd04-40fc-badc-1881cb513297 req-65cfc4e2-dd04-40fc-badc-1881cb513297 ] Request (InstanceActionsV221TestJSON:test_get_list_deleted_instance_actions): 200 GET http://10.180.1.21/compute/v2.1/servers/6c8ebfb5-027f-4b12-ba27-cf2a9ec28c22 0.137s
2025-11-20 19:29:38.122 66144 INFO tempest.lib.common.rest_client [req-4d9dc0f5-1149-4f84-bed3-15887ed4378c req-4d9dc0f5-1149-4f84-bed3-15887ed4378c ] Request (ServicesAdminTestJSON:tearDownClass): 201 POST http://10.180.1.21/identity/v3/auth/tokens 0.064s
2025-11-20 19:29:38.204 66138 INFO tempest.lib.common.rest_client [req-b03267bf-d1fc-475d-9541-713a5a69e90c req-b03267bf-d1fc-475d-9541-713a5a69e90c ] Request (InstanceActionsNegativeTestJSON:tearDownClass): 204 DELETE http://10.180.1.21/compute/v2.1/servers/4e53e116-91bf-47eb-9046-1046abeede65 0.214s
2025-11-20 19:29:38.213 66148 INFO tempest.lib.common.rest_client [req-38d9e6c6-ac7c-40a5-9094-cce1bd0b2c23 req-38d9e6c6-ac7c-40a5-9094-cce1bd0b2c23 ] Request (ListImageFiltersTestJSON:tearDownClass): 200 GET http://10.180.1.21/compute/v2.1/servers/d3201b86-3bed-465f-adac-01c93db33a50 0.224s
2025-11-20 19:29:38.256 66174 INFO tempest.lib.common.rest_client [req-b9110c55-8fcc-4754-a01d-d31d9e58b8ec req-b9110c55-8fcc-4754-a01d-d31d9e58b8ec ] Request (ServerDiagnosticsTest:test_get_server_diagnostics): 200 GET http://10.180.1.21/compute/v2.1/servers/cab9b216-e556-4570-b94d-a5b8b41feb2b 0.237s
2025-11-20 19:29:38.283 66166 INFO tempest.lib.common.rest_client [req-50e73660-24d7-4572-9e97-1f68ccbf57c9 req-50e73660-24d7-4572-9e97-1f68ccbf57c9 ] Request (ServersListShow296Test:tearDownClass): 200 GET http://10.180.1.21/compute/v2.1/servers/efa38176-5bd0-41cb-86ad-0a591e840dd9 0.197s
2025-11-20 19:29:38.294 66144 INFO tempest.lib.common.rest_client [req-b807c492-3842-4b2c-adb9-aa185e6207aa req-b807c492-3842-4b2c-adb9-aa185e6207aa ] Request (ServicesAdminTestJSON:tearDownClass): 200 GET http://10.180.1.21/networking/v2.0/security-groups?tenant_id=f5f28fe55b4c43b2803f5e51a091db5e&name=default 0.171s
2025-11-20 19:29:38.329 66188 INFO tempest.lib.common.rest_client [req-cde9cc55-186d-4d97-a052-32eaf787c104 req-cde9cc55-186d-4d97-a052-32eaf787c104 ] Request (ServersListShow2100Test:test_list_show_rebuild_update_server_2100): 200 GET http://10.180.1.21/compute/v2.1/servers/daaaeb42-c66b-4c83-aa95-c60555cd04ba 0.241s
2025-11-20 19:29:38.369 66162 INFO tempest.lib.common.rest_client [req-c73e1174-a4a1-4f8e-b0ce-b0d28fc57e92 req-c73e1174-a4a1-4f8e-b0ce-b0d28fc57e92 ] Request (SecurityGroupsTestJSON:test_server_security_groups): 202 POST http://10.180.1.21/compute/v2.1/servers/b0ff2d2a-110c-4f8f-b61e-68fb6920e4e8/action 0.271s
2025-11-20 19:29:38.384 66198 INFO tempest.lib.common.rest_client [req-cbe57d3b-a220-441c-8729-58ba83db5226 req-cbe57d3b-a220-441c-8729-58ba83db5226 ] Request (AttachInterfacesTestJSON:test_create_list_show_delete_interfaces_by_fixed_ip): 200 GET http://10.180.1.21/compute/v2.1/servers/f152a0aa-5b37-41ef-9ba6-fd518186f746 0.249s
2025-11-20 19:29:38.424 66144 INFO tempest.lib.common.rest_client [req-aafb19b7-2059-401a-8737-b483bc1b5b97 req-aafb19b7-2059-401a-8737-b483bc1b5b97 ] Request (ServicesAdminTestJSON:tearDownClass): 204 DELETE http://10.180.1.21/networking/v2.0/security-groups/d15b2c4b-bb35-4faf-a49c-495152701e7d 0.129s
2025-11-20 19:29:38.433 66176 INFO tempest.lib.common.rest_client [req-4650a782-4728-4069-9cb2-2160b62c61ad req-4650a782-4728-4069-9cb2-2160b62c61ad ] Request (ServerActionsTestOtherB:setUpClass): 200 GET http://10.180.1.21/compute/v2.1/servers/523ef719-9d76-49f4-a1a5-c13003467b65 0.245s
2025-11-20 19:29:38.505 66144 INFO tempest.lib.common.rest_client [req-a524998d-39ea-4ccc-81b4-5b97dfa4f601 req-a524998d-39ea-4ccc-81b4-5b97dfa4f601 ] Request (ServicesAdminTestJSON:tearDownClass): 204 DELETE http://10.180.1.21/identity/v3/projects/f5f28fe55b4c43b2803f5e51a091db5e 0.081s
2025-11-20 19:29:38.506 66144 INFO tempest.lib.common.dynamic_creds [-] Deleting project and security group for project: fda7b8729bc14ab79fe67183af252f30
2025-11-20 19:29:38.541 66138 INFO tempest.lib.common.rest_client [req-c4b9c0e2-d237-4a88-9fdb-8aefd56c17ae req-c4b9c0e2-d237-4a88-9fdb-8aefd56c17ae ] Request (InstanceActionsNegativeTestJSON:tearDownClass): 200 GET http://10.180.1.21/compute/v2.1/servers/4e53e116-91bf-47eb-9046-1046abeede65 0.337s
2025-11-20 19:29:38.655 66144 INFO tempest.lib.common.rest_client [req-75f1c2a5-e2ae-4744-8398-5a63e85b79ce req-75f1c2a5-e2ae-4744-8398-5a63e85b79ce ] Request (ServicesAdminTestJSON:tearDownClass): 200 GET http://10.180.1.21/networking/v2.0/security-groups?tenant_id=fda7b8729bc14ab79fe67183af252f30&name=default 0.149s
2025-11-20 19:29:38.703 66156 INFO tempest.lib.common.rest_client [req-afa72486-209a-4cf5-84f2-ffaf7fd473ea req-afa72486-209a-4cf5-84f2-ffaf7fd473ea ] Request (MigrationsAdminTest:test_resize_server_revert_deleted_flavor): 200 GET http://10.180.1.21/compute/v2.1/servers/82ca0e02-36c1-42e9-a274-406e8071d1e3 0.486s
2025-11-20 19:29:38.717 66186 INFO tempest.lib.common.rest_client [req-5f96e482-d6e0-45e5-acd4-b8c5b3ad04dc req-5f96e482-d6e0-45e5-acd4-b8c5b3ad04dc ] Request (ServersAdminTestJSON:tearDownClass): 200 GET http://10.180.1.21/compute/v2.1/servers/a3705277-2e21-4b26-9736-4387b88a38ea 0.456s
2025-11-20 19:29:38.758 66180 INFO tempest.lib.common.rest_client [req-a6da31f3-5927-41df-b627-6f9c5123fd93 req-a6da31f3-5927-41df-b627-6f9c5123fd93 ] Request (ImagesOneServerTestJSON:test_create_image_specify_multibyte_character_image_name): 200 GET http://10.180.1.21/compute/v2.1/images/23fbf02c-9c83-492e-b4c1-133728ef4550 0.456s
2025-11-20 19:29:38.829 66144 INFO tempest.lib.common.rest_client [req-d2c5f706-eae6-4554-92e5-38af6e6ac47a req-d2c5f706-eae6-4554-92e5-38af6e6ac47a ] Request (ServicesAdminTestJSON:tearDownClass): 204 DELETE http://10.180.1.21/networking/v2.0/security-groups/d305654d-f570-421c-9d8a-9638dfe9695b 0.173s
2025-11-20 19:29:38.869 66146 INFO tempest.lib.common.rest_client [req-b0e3f094-f58c-492f-a4ec-2069e3189fc2 req-b0e3f094-f58c-492f-a4ec-2069e3189fc2 ] Request (DeleteServersTestJSON:test_delete_server_while_in_attached_volume): 200 GET http://10.180.1.21/compute/v2.1/servers/37ba7071-4096-4593-af34-8ea2839cb69d 0.497s
2025-11-20 19:29:38.946 66150 INFO tempest.lib.common.rest_client [req-71e95e48-e365-40cd-a6d2-da620cb4ce6a req-71e95e48-e365-40cd-a6d2-da620cb4ce6a ] Request (ListServerFiltersTestJSON:tearDownClass): 200 GET http://10.180.1.21/compute/v2.1/servers/222fc4cf-0c48-4a8a-99e2-1e88baf00367 0.514s
2025-11-20 19:29:38.960 66162 INFO tempest.lib.common.rest_client [req-55315595-ef80-491d-8cf7-502250ead469 req-55315595-ef80-491d-8cf7-502250ead469 ] Request (SecurityGroupsTestJSON:test_server_security_groups): 200 GET http://10.180.1.21/compute/v2.1/servers/b0ff2d2a-110c-4f8f-b61e-68fb6920e4e8 0.591s
2025-11-20 19:29:38.997 66144 INFO tempest.lib.common.rest_client [req-9cd63fb4-bc88-4a37-b6e7-9c97408d9247 req-9cd63fb4-bc88-4a37-b6e7-9c97408d9247 ] Request (ServicesAdminTestJSON:tearDownClass): 204 DELETE http://10.180.1.21/identity/v3/projects/fda7b8729bc14ab79fe67183af252f30 0.167s
2025-11-20 19:29:39.023 66168 INFO tempest.lib.common.rest_client [req-86fce581-44e3-49ea-a48e-a9eca9d444a9 req-86fce581-44e3-49ea-a48e-a9eca9d444a9 ] Request (ServersTestBootFromVolume:setUpClass): 200 GET http://10.180.1.21/compute/v2.1/servers/81a922b6-cca7-4b74-8613-faa2378ec41d 0.521s
2025-11-20 19:29:39.030 66168 INFO tempest.common.waiters [-] State transition "BUILD/scheduling" ==> "BUILD/None" after 3 second wait
2025-11-20 19:29:39.073 66144 INFO tempest.lib.common.rest_client [req-6d70d22d-ea50-4a20-b00f-71a2fb525136 req-6d70d22d-ea50-4a20-b00f-71a2fb525136 ] Request (ImagesDeleteNegativeTestJSON:setUpClass): 201 POST http://10.180.1.21/identity/v3/auth/tokens 0.074s
2025-11-20 19:29:39.078 66178 INFO tempest.lib.common.rest_client [req-72a3dff0-c2c4-4127-ad48-ed2406ef9133 req-72a3dff0-c2c4-4127-ad48-ed2406ef9133 ] Request (ServersTestMultiNic:test_verify_duplicate_network_nics): 200 GET http://10.180.1.21/compute/v2.1/servers/96d6af68-491b-4d3c-a79c-e719f4b99135 0.519s
2025-11-20 19:29:39.085 66178 INFO tempest.common.waiters [-] State transition "BUILD/scheduling" ==> "BUILD/None" after 5 second wait
2025-11-20 19:29:39.103 66144 INFO tempest.lib.common.rest_client [req-3d78690c-0374-461e-8e4f-b1f9d9493a07 req-3d78690c-0374-461e-8e4f-b1f9d9493a07 ] Request (ImagesDeleteNegativeTestJSON:setUpClass): 201 POST http://10.180.1.21/identity/v3/auth/tokens 0.027s
2025-11-20 19:29:39.123 66196 INFO tempest.lib.common.rest_client [req-04d5bf40-3710-47db-ba11-8fe8c4ca3b85 req-04d5bf40-3710-47db-ba11-8fe8c4ca3b85 ] Request (ServerActionsTestOtherA:test_rebuild_server_in_stop_state): 200 GET http://10.180.1.21/compute/v2.1/servers/79dde3d5-3cb8-4c57-99a2-cacfc77e8395 0.622s
2025-11-20 19:29:39.132 66144 INFO tempest.lib.common.rest_client [req-36ab7607-6b13-4fe6-8a60-7afad055f70b req-36ab7607-6b13-4fe6-8a60-7afad055f70b ] Request (ImagesDeleteNegativeTestJSON:setUpClass): 200 GET http://10.180.1.21/identity/v3/domains?name=Default 0.028s
2025-11-20 19:29:39.137 66190 INFO tempest.lib.common.rest_client [req-27c06bf8-048a-46c5-b3f0-3ebb3a959ae7 req-27c06bf8-048a-46c5-b3f0-3ebb3a959ae7 ] Request (ServersTestJSON:_run_cleanups): 200 GET http://10.180.1.21/compute/v2.1/servers/527b85d9-c8b2-4f16-ac73-9ca33e7a344d 0.492s
2025-11-20 19:29:39.164 66144 INFO tempest.lib.common.rest_client [req-ba2be377-e450-4eba-83e0-707c5762f521 req-ba2be377-e450-4eba-83e0-707c5762f521 ] Request (ImagesDeleteNegativeTestJSON:setUpClass): 201 POST http://10.180.1.21/identity/v3/projects 0.031s
2025-11-20 19:29:39.195 66140 INFO tempest.lib.common.rest_client [req-bdfe2876-f326-4f79-9aa4-b4e298ecb705 req-bdfe2876-f326-4f79-9aa4-b4e298ecb705 ] Request (AttachVolumeNegativeTest:test_attach_attached_volume_to_different_server): 200 GET http://10.180.1.21/compute/v2.1/servers/e69d6e94-452d-4fe9-8c36-0d177708adb8 0.323s
2025-11-20 19:29:39.201 66184 INFO tempest.lib.common.rest_client [req-e9f86570-a668-4700-abbe-c4975e21bd10 req-e9f86570-a668-4700-abbe-c4975e21bd10 ] Request (ServerMetadataTestJSON:setUpClass): 200 GET http://10.180.1.21/compute/v2.1/servers/47701a23-5ad5-4896-b519-b836549dcb3d 0.224s
2025-11-20 19:29:39.210 66160 WARNING tempest.lib.common.ssh [-] Failed to establish authenticated ssh connection to cirros@10.180.180.206 ([Errno None] Unable to connect to port 22 on 10.180.180.206). Number attempts: 8. Retry after 9 seconds.: paramiko.ssh_exception.NoValidConnectionsError: [Errno None] Unable to connect to port 22 on 10.180.180.206
2025-11-20 19:29:39.235 66144 INFO tempest.lib.common.rest_client [req-57a68838-0753-4e4f-8b30-3cefea3b0809 req-57a68838-0753-4e4f-8b30-3cefea3b0809 ] Request (ImagesDeleteNegativeTestJSON:setUpClass): 201 POST http://10.180.1.21/identity/v3/users 0.070s
2025-11-20 19:29:39.257 66172 INFO tempest.lib.common.rest_client [req-eebbf3b0-5ada-4050-9b98-cf9dee43cd79 req-eebbf3b0-5ada-4050-9b98-cf9dee43cd79 ] Request (ImagesTestJSON:test_create_image_from_suspended_server): 200 GET http://10.180.1.21/compute/v2.1/servers/9d659273-c32b-4740-9c52-7a0afe030651 0.212s
2025-11-20 19:29:39.259 66164 INFO tempest.lib.common.rest_client [req-a7668e70-fa84-4bb8-9477-4f7b299c4ca0 req-a7668e70-fa84-4bb8-9477-4f7b299c4ca0 ] Request (ServerDiskConfigTestJSON:test_rebuild_server_with_auto_disk_config): 200 GET http://10.180.1.21/compute/v2.1/servers/87547440-fdbb-491e-b81e-a271baca2837 0.201s
2025-11-20 19:29:39.269 66144 INFO tempest.lib.common.rest_client [req-99e5b434-2afd-4ae3-b5a1-2de48cd90927 req-99e5b434-2afd-4ae3-b5a1-2de48cd90927 ] Request (ImagesDeleteNegativeTestJSON:setUpClass): 200 GET http://10.180.1.21/identity/v3/roles 0.034s
2025-11-20 19:29:39.298 66144 INFO tempest.lib.common.rest_client [req-1e2547b8-2b2a-4d89-872c-dd5d2de26b52 req-1e2547b8-2b2a-4d89-872c-dd5d2de26b52 ] Request (ImagesDeleteNegativeTestJSON:setUpClass): 204 PUT http://10.180.1.21/identity/v3/projects/bfbe5120350c44d79f3f98b5dff87df6/users/26c192aefeda46b4af02edc2f7b2f96a/roles/8930e2500a94494fa3e2290c4241e3a5 0.029s
2025-11-20 19:29:39.299 66144 INFO tempest.lib.common.dynamic_creds [-] Dynamic test user 26c192aefeda46b4af02edc2f7b2f96a is created with scope project and roles: ['member']
2025-11-20 19:29:39.299 66144 INFO tempest.lib.common.dynamic_creds [-] Acquired dynamic creds: credentials: Credentials: {'domain_id': 'default', 'domain_name': 'Default', 'username': 'tempest-ImagesDeleteNegativeTestJSON-7621568-project-member', 'project_domain_id': 'default', 'project_domain_name': 'Default', 'project_id': 'bfbe5120350c44d79f3f98b5dff87df6', 'project_name': 'tempest-ImagesDeleteNegativeTestJSON-7621568', 'tenant_id': 'bfbe5120350c44d79f3f98b5dff87df6', 'tenant_name': 'tempest-ImagesDeleteNegativeTestJSON-7621568', 'user_domain_id': 'default', 'user_domain_name': 'Default', 'user_id': '26c192aefeda46b4af02edc2f7b2f96a', 'system': None}, Network: None, Subnet: None, Router: None
2025-11-20 19:29:39.299 66144 INFO tempest.lib.common.dynamic_creds [-] Created isolated network resources for: credentials: Credentials: {'domain_id': 'default', 'domain_name': 'Default', 'username': 'tempest-ImagesDeleteNegativeTestJSON-7621568-project-member', 'project_domain_id': 'default', 'project_domain_name': 'Default', 'project_id': 'bfbe5120350c44d79f3f98b5dff87df6', 'project_name': 'tempest-ImagesDeleteNegativeTestJSON-7621568', 'tenant_id': 'bfbe5120350c44d79f3f98b5dff87df6', 'tenant_name': 'tempest-ImagesDeleteNegativeTestJSON-7621568', 'user_domain_id': 'default', 'user_domain_name': 'Default', 'user_id': '26c192aefeda46b4af02edc2f7b2f96a', 'system': None}, Network: None, Subnet: None, Router: None
2025-11-20 19:29:39.313 66194 INFO tempest.lib.common.rest_client [req-d6c6eea0-e35b-48bc-96f9-aa64940d98f2 req-d6c6eea0-e35b-48bc-96f9-aa64940d98f2 ] Request (InstanceActionsV221TestJSON:test_get_list_deleted_instance_actions): 200 GET http://10.180.1.21/compute/v2.1/servers/6c8ebfb5-027f-4b12-ba27-cf2a9ec28c22 0.193s
2025-11-20 19:29:39.319 66148 INFO tempest.lib.common.rest_client [req-6c4a4fed-3397-4132-96c7-a4c5a8ee0740 req-6c4a4fed-3397-4132-96c7-a4c5a8ee0740 ] Request (ListImageFiltersTestJSON:tearDownClass): 200 GET http://10.180.1.21/compute/v2.1/servers/d3201b86-3bed-465f-adac-01c93db33a50 0.098s
2025-11-20 19:29:39.365 66174 INFO tempest.lib.common.rest_client [req-a1df7612-ce7b-417f-a32a-539f6c584151 req-a1df7612-ce7b-417f-a32a-539f6c584151 ] Request (ServerDiagnosticsTest:test_get_server_diagnostics): 200 GET http://10.180.1.21/compute/v2.1/servers/cab9b216-e556-4570-b94d-a5b8b41feb2b 0.097s
2025-11-20 19:29:39.380 66144 INFO tempest.lib.common.rest_client [req-5412fc29-8f9a-4088-9889-a0c33da65d9c req-5412fc29-8f9a-4088-9889-a0c33da65d9c ] Request (ImagesDeleteNegativeTestJSON:setUpClass): 201 POST http://10.180.1.21/identity/v3/auth/tokens 0.078s
2025-11-20 19:29:39.395 66166 INFO tempest.lib.common.rest_client [req-af393ebc-3979-4d4a-837b-c0be02084f0c req-af393ebc-3979-4d4a-837b-c0be02084f0c ] Request (ServersListShow296Test:tearDownClass): 200 GET http://10.180.1.21/compute/v2.1/servers/efa38176-5bd0-41cb-86ad-0a591e840dd9 0.102s
2025-11-20 19:29:39.432 66188 INFO tempest.lib.common.rest_client [req-583a6e7b-121f-4edf-9db6-1f91920000a7 req-583a6e7b-121f-4edf-9db6-1f91920000a7 ] Request (ServersListShow2100Test:test_list_show_rebuild_update_server_2100): 200 GET http://10.180.1.21/compute/v2.1/servers/daaaeb42-c66b-4c83-aa95-c60555cd04ba 0.086s
2025-11-20 19:29:39.476 66144 INFO tempest.lib.common.rest_client [req-4f8d622f-cc57-485b-8e6a-268e82ae6460 req-4f8d622f-cc57-485b-8e6a-268e82ae6460 ] Request (ImagesDeleteNegativeTestJSON:test_delete_image_blank_id): 404 DELETE http://10.180.1.21/compute/v2.1/images/ 0.095s
2025-11-20 19:29:39.486 66198 INFO tempest.lib.common.rest_client [req-0c6b04af-4e5f-483f-a91a-0cf1c1fee1b9 req-0c6b04af-4e5f-483f-a91a-0cf1c1fee1b9 ] Request (AttachInterfacesTestJSON:test_create_list_show_delete_interfaces_by_fixed_ip): 200 GET http://10.180.1.21/compute/v2.1/servers/f152a0aa-5b37-41ef-9ba6-fd518186f746 0.090s
2025-11-20 19:29:39.506 66144 INFO tempest.lib.common.rest_client [req-acb8aa4c-4d17-4c64-9855-f826e5e0ce2b req-acb8aa4c-4d17-4c64-9855-f826e5e0ce2b ] Request (ImagesDeleteNegativeTestJSON:test_delete_image_negative_image_id): 404 DELETE http://10.180.1.21/compute/v2.1/images/-1 0.027s
2025-11-20 19:29:39.538 66144 INFO tempest.lib.common.rest_client [req-becdacbb-93b7-4223-8613-b327b8322187 req-becdacbb-93b7-4223-8613-b327b8322187 ] Request (ImagesDeleteNegativeTestJSON:test_delete_image_non_hex_string_id): 404 DELETE http://10.180.1.21/compute/v2.1/images/88793856-3211-4a0f-9103-c748f5de1dej 0.030s
2025-11-20 19:29:39.548 66176 INFO tempest.lib.common.rest_client [req-525dea42-412d-4f1d-b68c-dd680e379123 req-525dea42-412d-4f1d-b68c-dd680e379123 ] Request (ServerActionsTestOtherB:setUpClass): 200 GET http://10.180.1.21/compute/v2.1/servers/523ef719-9d76-49f4-a1a5-c13003467b65 0.103s
2025-11-20 19:29:39.563 66144 INFO tempest.lib.common.rest_client [req-595de1ea-60f2-4e7e-93f5-5e469c30dd98 req-595de1ea-60f2-4e7e-93f5-5e469c30dd98 ] Request (ImagesDeleteNegativeTestJSON:test_delete_image_with_id_over_character_limit): 404 DELETE http://10.180.1.21/compute/v2.1/images/3b3c056a-882c-4e0b-a790-cf45d95e64151 0.022s
2025-11-20 19:29:39.592 66144 INFO tempest.lib.common.rest_client [req-66e1cc30-86a5-4ce8-af20-dc77bf016ee4 req-66e1cc30-86a5-4ce8-af20-dc77bf016ee4 ] Request (ImagesDeleteNegativeTestJSON:test_delete_image_with_invalid_image_id): 404 DELETE http://10.180.1.21/compute/v2.1/images/tempest-invalid-221249847 0.027s
2025-11-20 19:29:39.617 66144 INFO tempest.lib.common.rest_client [req-af2e7a02-48c3-4393-9e20-7fc036a6ce6a req-af2e7a02-48c3-4393-9e20-7fc036a6ce6a ] Request (ImagesDeleteNegativeTestJSON:test_delete_non_existent_image): 404 DELETE http://10.180.1.21/compute/v2.1/images/4a962b62-6720-4c4b-93dd-8b88c0ad98eb 0.023s
2025-11-20 19:29:39.690 66138 INFO tempest.lib.common.rest_client [req-5048b0c2-48a8-4e06-848c-f0010cdf05d6 req-5048b0c2-48a8-4e06-848c-f0010cdf05d6 ] Request (InstanceActionsNegativeTestJSON:tearDownClass): 200 GET http://10.180.1.21/compute/v2.1/servers/4e53e116-91bf-47eb-9046-1046abeede65 0.142s
2025-11-20 19:29:39.732 66144 INFO tempest.lib.common.rest_client [req-87b347a9-4eb9-4d96-80f6-6ed93b2a6f81 req-87b347a9-4eb9-4d96-80f6-6ed93b2a6f81 ] Request (ImagesDeleteNegativeTestJSON:tearDownClass): 204 DELETE http://10.180.1.21/identity/v3/users/26c192aefeda46b4af02edc2f7b2f96a 0.114s
2025-11-20 19:29:39.732 66144 INFO tempest.lib.common.dynamic_creds [-] Deleting project and security group for project: bfbe5120350c44d79f3f98b5dff87df6
2025-11-20 19:29:39.800 66144 INFO tempest.lib.common.rest_client [req-58041e3b-091e-4879-8d80-17b6ad0447c7 req-58041e3b-091e-4879-8d80-17b6ad0447c7 ] Request (ImagesDeleteNegativeTestJSON:tearDownClass): 201 POST http://10.180.1.21/identity/v3/auth/tokens 0.068s
2025-11-20 19:29:39.815 66186 INFO tempest.lib.common.rest_client [req-093d263d-5d37-454b-b505-a645ed8cb69b req-093d263d-5d37-454b-b505-a645ed8cb69b ] Request (ServersAdminTestJSON:tearDownClass): 200 GET http://10.180.1.21/compute/v2.1/servers/a3705277-2e21-4b26-9736-4387b88a38ea 0.089s
2025-11-20 19:29:39.842 66156 INFO tempest.lib.common.rest_client [req-96c4dfad-2793-45a4-bcc1-b339fb735fc9 req-96c4dfad-2793-45a4-bcc1-b339fb735fc9 ] Request (MigrationsAdminTest:test_resize_server_revert_deleted_flavor): 200 GET http://10.180.1.21/compute/v2.1/servers/82ca0e02-36c1-42e9-a274-406e8071d1e3 0.128s
2025-11-20 19:29:39.849 66156 INFO tempest.common.waiters [-] State transition "RESIZE/resize_finish" ==> "VERIFY_RESIZE/None" after 52 second wait
2025-11-20 19:29:39.863 66180 INFO tempest.lib.common.rest_client [req-f62bc219-9bf3-485a-b846-1e1642f26fdf req-f62bc219-9bf3-485a-b846-1e1642f26fdf ] Request (ImagesOneServerTestJSON:test_create_image_specify_multibyte_character_image_name): 200 GET http://10.180.1.21/compute/v2.1/images/23fbf02c-9c83-492e-b4c1-133728ef4550 0.098s
2025-11-20 19:29:40.002 66156 INFO tempest.lib.common.rest_client [req-78c83548-b840-4605-b703-57ba00116581 req-78c83548-b840-4605-b703-57ba00116581 ] Request (MigrationsAdminTest:test_resize_server_revert_deleted_flavor): 202 POST http://10.180.1.21/compute/v2.1/servers/82ca0e02-36c1-42e9-a274-406e8071d1e3/action 0.152s
2025-11-20 19:29:40.050 66144 INFO tempest.lib.common.rest_client [req-2e70e62f-786a-40b5-8d92-e19245d03937 req-2e70e62f-786a-40b5-8d92-e19245d03937 ] Request (ImagesDeleteNegativeTestJSON:tearDownClass): 200 GET http://10.180.1.21/networking/v2.0/security-groups?tenant_id=bfbe5120350c44d79f3f98b5dff87df6&name=default 0.249s
2025-11-20 19:29:40.136 66146 INFO tempest.lib.common.rest_client [req-ef0b5cdc-6fca-4861-a7bf-e99e189f1343 req-ef0b5cdc-6fca-4861-a7bf-e99e189f1343 ] Request (DeleteServersTestJSON:test_delete_server_while_in_attached_volume): 200 GET http://10.180.1.21/compute/v2.1/servers/37ba7071-4096-4593-af34-8ea2839cb69d 0.260s
2025-11-20 19:29:40.156 66150 INFO tempest.lib.common.rest_client [req-73e88ad4-aa9f-4197-9531-252c93192411 req-73e88ad4-aa9f-4197-9531-252c93192411 ] Request (ListServerFiltersTestJSON:tearDownClass): 200 GET http://10.180.1.21/compute/v2.1/servers/222fc4cf-0c48-4a8a-99e2-1e88baf00367 0.197s
2025-11-20 19:29:40.243 66144 INFO tempest.lib.common.rest_client [req-e401086a-bdbc-4917-85e4-99d37d62b2f1 req-e401086a-bdbc-4917-85e4-99d37d62b2f1 ] Request (ImagesDeleteNegativeTestJSON:tearDownClass): 204 DELETE http://10.180.1.21/networking/v2.0/security-groups/4de297f3-e23d-4d95-9fa1-a0ee779d86ea 0.192s
